2019-08-04 09:21:51.677 22696 RALLYDEBUG rally.api [-] INFO logs from urllib3 and requests module are hide.
2019-08-04 09:21:51.677 22696 RALLYDEBUG rally.api [-] urllib3 insecure warnings are hidden.
2019-08-04 09:21:51.677 22696 RALLYDEBUG rally.api [-] ERROR log from boto module is hide.
2019-08-04 09:21:53.738 22698 RALLYDEBUG rally.api [-] INFO logs from urllib3 and requests module are hide.
2019-08-04 09:21:53.738 22698 RALLYDEBUG rally.api [-] urllib3 insecure warnings are hidden.
2019-08-04 09:21:53.738 22698 RALLYDEBUG rally.api [-] ERROR log from boto module is hide.
2019-08-04 09:21:55.064 22698 WARNING rally_openstack.platforms.existing [-] endpoint is deprecated and not used.
2019-08-04 09:21:56.019 22700 RALLYDEBUG rally.api [-] INFO logs from urllib3 and requests module are hide.
2019-08-04 09:21:56.019 22700 RALLYDEBUG rally.api [-] urllib3 insecure warnings are hidden.
2019-08-04 09:21:56.019 22700 RALLYDEBUG rally.api [-] ERROR log from boto module is hide.
2019-08-04 09:21:59.218 22703 RALLYDEBUG rally.api [-] INFO logs from urllib3 and requests module are hide.
2019-08-04 09:21:59.218 22703 RALLYDEBUG rally.api [-] urllib3 insecure warnings are hidden.
2019-08-04 09:21:59.218 22703 RALLYDEBUG rally.api [-] ERROR log from boto module is hide.
2019-08-04 09:22:01.035 22705 RALLYDEBUG rally.api [-] INFO logs from urllib3 and requests module are hide.
2019-08-04 09:22:01.035 22705 RALLYDEBUG rally.api [-] urllib3 insecure warnings are hidden.
2019-08-04 09:22:01.035 22705 RALLYDEBUG rally.api [-] ERROR log from boto module is hide.
2019-08-04 09:22:02.022 22705 INFO rally.common.plugin.discover [-] Loading plugins from directories /root/.rally/plugins/*
2019-08-04 09:22:02.023 22705 INFO rally.common.plugin.discover [-] Loaded module with plugins: /root/.rally/plugins/__init__.py
2019-08-04 09:22:02.025 22705 INFO rally.common.plugin.discover [-] Loaded module with plugins: /root/.rally/plugins/trunk_scenario.py
2019-08-04 09:22:02.166 22705 INFO rally.task.engine [-] Task cb7b0966-b91d-4d2b-9c8d-33b7e73db882 | Starting: Task validation.
2019-08-04 09:22:02.200 22705 INFO rally.task.engine [-] Task cb7b0966-b91d-4d2b-9c8d-33b7e73db882 | Starting: Task validation of syntax.
2019-08-04 09:22:02.398 22705 INFO rally.task.engine [-] Task cb7b0966-b91d-4d2b-9c8d-33b7e73db882 | Completed: Task validation of syntax.
2019-08-04 09:22:02.398 22705 INFO rally.task.engine [-] Task cb7b0966-b91d-4d2b-9c8d-33b7e73db882 | Starting: Task validation of required platforms.
2019-08-04 09:22:02.455 22705 INFO rally.task.engine [-] Task cb7b0966-b91d-4d2b-9c8d-33b7e73db882 | Completed: Task validation of required platforms.
2019-08-04 09:22:02.455 22705 INFO rally.task.engine [-] Task cb7b0966-b91d-4d2b-9c8d-33b7e73db882 | Starting: Task validation of semantic.
2019-08-04 09:22:02.455 22705 INFO rally.task.engine [-] Check health of the environment 'e9d93cb8-f615-4f48-ae7d-ec2b5b781f9d'.
2019-08-04 09:22:03.265 22705 INFO rally.task.engine [-] Platform existing@openstack (available: True): OK!
2019-08-04 09:22:03.286 22705 RALLYDEBUG rally_openstack.contexts.keystone.users [-] Creating 1 tenants using 20 threads
2019-08-04 09:22:05.010 22705 RALLYDEBUG rally_openstack.contexts.keystone.users [-] Creating 1 users using 20 threads
2019-08-04 09:22:07.689 22705 INFO rally.task.context [-] Task cb7b0966-b91d-4d2b-9c8d-33b7e73db882 | Context users@openstack setup() finished in 4.40 sec
2019-08-04 09:22:13.816 22705 INFO rally.task.context [-] Task cb7b0966-b91d-4d2b-9c8d-33b7e73db882 | Context users@openstack cleanup() started
2019-08-04 09:22:18.404 22705 INFO rally.task.context [-] Task cb7b0966-b91d-4d2b-9c8d-33b7e73db882 | Context users@openstack cleanup() finished in 4.59 sec
2019-08-04 09:22:18.405 22705 INFO rally.task.engine [-] Task cb7b0966-b91d-4d2b-9c8d-33b7e73db882 | Completed: Task validation of semantic.
2019-08-04 09:22:18.405 22705 INFO rally.task.engine [-] Task cb7b0966-b91d-4d2b-9c8d-33b7e73db882 | Completed: Task validation.
2019-08-04 09:22:18.405 22705 INFO rally.api [-] Task cb7b0966-b91d-4d2b-9c8d-33b7e73db882 input file is valid.
2019-08-04 09:22:18.406 22705 INFO rally.api [-] Run Task cb7b0966-b91d-4d2b-9c8d-33b7e73db882 against Deployment e9d93cb8-f615-4f48-ae7d-ec2b5b781f9d
2019-08-04 09:22:18.406 22705 INFO rally.task.engine [-] Task cb7b0966-b91d-4d2b-9c8d-33b7e73db882 | Starting: Running task.
2019-08-04 09:22:18.532 22705 INFO rally.task.engine [-] Running workload: position = 0 config = { "version": 2, "title": "A cropped version of a bigger task.", "description": "Auto-generated task from a single workload (uuid=f08bd289-cc7d-4bc7-a08c-ddd3d2346114)", "subtasks": [ { "title": "NeutronNetworks.create_and_list_networks", "description": "Check performance of list_networks action and ensure > network quotas are not exceeded", "scenario": { "NeutronNetworks.create_and_list_networks": {} }, "contexts": { "users": { "tenants": 1, "users_per_tenant": 1 }, "quotas": { "neutron": { "network": 119 } } }, "runner": { "constant": { "times": 100, "concurrency": 20 } }, "hooks": [], "sla": { "max_avg_duration_per_atomic": { "neutron.list_networks": 15 }, "failure_rate": { "max": 0 } } } ] }
2019-08-04 09:22:18.555 22705 RALLYDEBUG rally_openstack.contexts.keystone.users [-] Creating 1 tenants using 20 threads
2019-08-04 09:22:20.323 22705 RALLYDEBUG rally_openstack.contexts.keystone.users [-] Creating 1 users using 20 threads
2019-08-04 09:22:22.792 22705 INFO rally.task.context [-] Task cb7b0966-b91d-4d2b-9c8d-33b7e73db882 | Context users@openstack setup() finished in 4.24 sec
2019-08-04 09:22:23.515 22705 INFO rally.task.context [-] Task cb7b0966-b91d-4d2b-9c8d-33b7e73db882 | Context quotas@openstack setup() finished in 0.72 sec
2019-08-04 09:22:23.516 22705 INFO rally.task.context [-] Task cb7b0966-b91d-4d2b-9c8d-33b7e73db882 | Context cleanup@openstack setup() finished in 0.02 msec
2019-08-04 09:22:23.524 22705 RALLYDEBUG rally.task.runner [-] Starting the constant runner (task UUID: cb7b0966-b91d-4d2b-9c8d-33b7e73db882). timeout: 0 concurrency: 20 concurrency_per_worker: 1 times: 100 concurrency_overhead: 4 processes_to_start: 16 max_cpu_used: 16
2019-08-04 09:22:23.537 22829 RALLYDEBUG rally.task.runner [-] Starting a worker. concurrency: 2 args: {} times: 100 method_name: run timeout: 0 duration: None cls:
2019-08-04 09:22:23.540 22830 RALLYDEBUG rally.task.runner [-] Starting a worker. concurrency: 2 args: {} times: 100 method_name: run timeout: 0 duration: None cls:
2019-08-04 09:22:23.543 22831 RALLYDEBUG rally.task.runner [-] Starting a worker. concurrency: 2 args: {} times: 100 method_name: run timeout: 0 duration: None cls:
2019-08-04 09:22:23.545 22832 RALLYDEBUG rally.task.runner [-] Starting a worker. concurrency: 2 args: {} times: 100 method_name: run timeout: 0 duration: None cls:
2019-08-04 09:22:23.550 22829 INFO rally.task.runner [-] Task cb7b0966-b91d-4d2b-9c8d-33b7e73db882 | ITER: 1 START
2019-08-04 09:22:23.549 22834 RALLYDEBUG rally.task.runner [-] Starting a worker. concurrency: 1 args: {} times: 100 method_name: run timeout: 0 duration: None cls:
2019-08-04 09:22:23.551 22830 INFO rally.task.runner [-] Task cb7b0966-b91d-4d2b-9c8d-33b7e73db882 | ITER: 2 START
2019-08-04 09:22:23.553 22831 INFO rally.task.runner [-] Task cb7b0966-b91d-4d2b-9c8d-33b7e73db882 | ITER: 4 START
2019-08-04 09:22:23.553 22832 INFO rally.task.runner [-] Task cb7b0966-b91d-4d2b-9c8d-33b7e73db882 | ITER: 6 START
2019-08-04 09:22:23.553 22837 RALLYDEBUG rally.task.runner [-] Starting a worker. concurrency: 1 args: {} times: 100 method_name: run timeout: 0 duration: None cls:
2019-08-04 09:22:23.552 22830 INFO rally.task.runner [-] Task cb7b0966-b91d-4d2b-9c8d-33b7e73db882 | ITER: 5 START
2019-08-04 09:22:23.556 22834 INFO rally.task.runner [-] Task cb7b0966-b91d-4d2b-9c8d-33b7e73db882 | ITER: 9 START
2019-08-04 09:22:23.558 22843 RALLYDEBUG rally.task.runner [-] Starting a worker. concurrency: 1 args: {} times: 100 method_name: run timeout: 0 duration: None cls:
2019-08-04 09:22:23.561 22832 INFO rally.task.runner [-] Task cb7b0966-b91d-4d2b-9c8d-33b7e73db882 | ITER: 8 START
2019-08-04 09:22:23.562 22837 INFO rally.task.runner [-] Task cb7b0966-b91d-4d2b-9c8d-33b7e73db882 | ITER: 10 START
2019-08-04 09:22:23.562 22849 RALLYDEBUG rally.task.runner [-] Starting a worker. concurrency: 1 args: {} times: 100 method_name: run timeout: 0 duration: None cls:
2019-08-04 09:22:23.558 22829 INFO rally.task.runner [-] Task cb7b0966-b91d-4d2b-9c8d-33b7e73db882 | ITER: 3 START
2019-08-04 09:22:23.569 22831 INFO rally.task.runner [-] Task cb7b0966-b91d-4d2b-9c8d-33b7e73db882 | ITER: 7 START
2019-08-04 09:22:23.570 22849 INFO rally.task.runner [-] Task cb7b0966-b91d-4d2b-9c8d-33b7e73db882 | ITER: 12 START
2019-08-04 09:22:23.571 22843 INFO rally.task.runner [-] Task cb7b0966-b91d-4d2b-9c8d-33b7e73db882 | ITER: 11 START
2019-08-04 09:22:23.570 22852 RALLYDEBUG rally.task.runner [-] Starting a worker. concurrency: 1 args: {} times: 100 method_name: run timeout: 0 duration: None cls:
2019-08-04 09:22:23.576 22856 RALLYDEBUG rally.task.runner [-] Starting a worker. concurrency: 1 args: {} times: 100 method_name: run timeout: 0 duration: None cls:
2019-08-04 09:22:23.576 22859 RALLYDEBUG rally.task.runner [-] Starting a worker. concurrency: 1 args: {} times: 100 method_name: run timeout: 0 duration: None cls:
2019-08-04 09:22:23.579 22852 INFO rally.task.runner [-] Task cb7b0966-b91d-4d2b-9c8d-33b7e73db882 | ITER: 13 START
2019-08-04 09:22:23.584 22856 INFO rally.task.runner [-] Task cb7b0966-b91d-4d2b-9c8d-33b7e73db882 | ITER: 14 START
2019-08-04 09:22:23.585 22859 INFO rally.task.runner [-] Task cb7b0966-b91d-4d2b-9c8d-33b7e73db882 | ITER: 15 START
2019-08-04 09:22:23.589 22864 RALLYDEBUG rally.task.runner [-] Starting a worker. concurrency: 1 args: {} times: 100 method_name: run timeout: 0 duration: None cls:
2019-08-04 09:22:23.590 22861 RALLYDEBUG rally.task.runner [-] Starting a worker. concurrency: 1 args: {} times: 100 method_name: run timeout: 0 duration: None cls:
2019-08-04 09:22:23.596 22864 INFO rally.task.runner [-] Task cb7b0966-b91d-4d2b-9c8d-33b7e73db882 | ITER: 16 START
2019-08-04 09:22:23.597 22861 INFO rally.task.runner [-] Task cb7b0966-b91d-4d2b-9c8d-33b7e73db882 | ITER: 17 START
2019-08-04 09:22:23.605 22872 RALLYDEBUG rally.task.runner [-] Starting a worker. concurrency: 1 args: {} times: 100 method_name: run timeout: 0 duration: None cls:
2019-08-04 09:22:23.608 22873 RALLYDEBUG rally.task.runner [-] Starting a worker. concurrency: 1 args: {} times: 100 method_name: run timeout: 0 duration: None cls:
2019-08-04 09:22:23.610 22872 INFO rally.task.runner [-] Task cb7b0966-b91d-4d2b-9c8d-33b7e73db882 | ITER: 18 START
2019-08-04 09:22:23.610 22874 RALLYDEBUG rally.task.runner [-] Starting a worker. concurrency: 1 args: {} times: 100 method_name: run timeout: 0 duration: None cls:
2019-08-04 09:22:23.613 22873 INFO rally.task.runner [-] Task cb7b0966-b91d-4d2b-9c8d-33b7e73db882 | ITER: 19 START
2019-08-04 09:22:23.616 22874 INFO rally.task.runner [-] Task cb7b0966-b91d-4d2b-9c8d-33b7e73db882 | ITER: 20 START
2019-08-04 09:22:24.828 22852 INFO rally.task.runner [-] Task cb7b0966-b91d-4d2b-9c8d-33b7e73db882 | ITER: 13 END: OK
2019-08-04 09:22:24.833 22852 INFO rally.task.runner [-] Task cb7b0966-b91d-4d2b-9c8d-33b7e73db882 | ITER: 21 START
2019-08-04 09:22:25.347 22843 INFO rally.task.runner [-] Task cb7b0966-b91d-4d2b-9c8d-33b7e73db882 | ITER: 11 END: OK
2019-08-04 09:22:25.351 22843 INFO rally.task.runner [-] Task cb7b0966-b91d-4d2b-9c8d-33b7e73db882 | ITER: 22 START
2019-08-04 09:22:25.496 22856 INFO rally.task.runner [-] Task cb7b0966-b91d-4d2b-9c8d-33b7e73db882 | ITER: 14 END: OK
2019-08-04 09:22:25.500 22856 INFO rally.task.runner [-] Task cb7b0966-b91d-4d2b-9c8d-33b7e73db882 | ITER: 23 START
2019-08-04 09:22:25.549 22829 INFO rally.task.runner [-] Task cb7b0966-b91d-4d2b-9c8d-33b7e73db882 | ITER: 1 END: OK
2019-08-04 09:22:25.552 22829 INFO rally.task.runner [-] Task cb7b0966-b91d-4d2b-9c8d-33b7e73db882 | ITER: 24 START
2019-08-04 09:22:25.958 22829 INFO rally.task.runner [-] Task cb7b0966-b91d-4d2b-9c8d-33b7e73db882 | ITER: 3 END: OK
2019-08-04 09:22:25.961 22829 INFO rally.task.runner [-] Task cb7b0966-b91d-4d2b-9c8d-33b7e73db882 | ITER: 25 START
2019-08-04 09:22:26.096 22832 INFO rally.task.runner [-] Task cb7b0966-b91d-4d2b-9c8d-33b7e73db882 | ITER: 8 END: OK
2019-08-04 09:22:26.100 22832 INFO rally.task.runner [-] Task cb7b0966-b91d-4d2b-9c8d-33b7e73db882 | ITER: 26 START
2019-08-04 09:22:26.125 22831 INFO rally.task.runner [-] Task cb7b0966-b91d-4d2b-9c8d-33b7e73db882 | ITER: 4 END: OK
2019-08-04 09:22:26.128 22831 INFO rally.task.runner [-] Task cb7b0966-b91d-4d2b-9c8d-33b7e73db882 | ITER: 27 START
2019-08-04 09:22:26.174 22832 INFO rally.task.runner [-] Task cb7b0966-b91d-4d2b-9c8d-33b7e73db882 | ITER: 6 END: OK
2019-08-04 09:22:26.177 22832 INFO rally.task.runner [-] Task cb7b0966-b91d-4d2b-9c8d-33b7e73db882 | ITER: 28 START
2019-08-04 09:22:26.881 22837 INFO rally.task.runner [-] Task cb7b0966-b91d-4d2b-9c8d-33b7e73db882 | ITER: 10 END: OK
2019-08-04 09:22:26.884 22837 INFO rally.task.runner [-] Task cb7b0966-b91d-4d2b-9c8d-33b7e73db882 | ITER: 29 START
2019-08-04 09:22:27.025 22849 INFO rally.task.runner [-] Task cb7b0966-b91d-4d2b-9c8d-33b7e73db882 | ITER: 12 END: OK
2019-08-04 09:22:27.030 22849 INFO rally.task.runner [-] Task cb7b0966-b91d-4d2b-9c8d-33b7e73db882 | ITER: 30 START
2019-08-04 09:22:27.030 22830 INFO rally.task.runner [-] Task cb7b0966-b91d-4d2b-9c8d-33b7e73db882 | ITER: 5 END: OK
2019-08-04 09:22:27.035 22830 INFO rally.task.runner [-] Task cb7b0966-b91d-4d2b-9c8d-33b7e73db882 | ITER: 31 START
2019-08-04 09:22:27.086 22830 INFO rally.task.runner [-] Task cb7b0966-b91d-4d2b-9c8d-33b7e73db882 | ITER: 2 END: OK
2019-08-04 09:22:27.089 22830 INFO rally.task.runner [-] Task cb7b0966-b91d-4d2b-9c8d-33b7e73db882 | ITER: 32 START
2019-08-04 09:22:27.224 22831 INFO rally.task.runner [-] Task cb7b0966-b91d-4d2b-9c8d-33b7e73db882 | ITER: 7 END: OK
2019-08-04 09:22:27.227 22831 INFO rally.task.runner [-] Task cb7b0966-b91d-4d2b-9c8d-33b7e73db882 | ITER: 33 START
2019-08-04 09:22:27.318 22859 INFO rally.task.runner [-] Task cb7b0966-b91d-4d2b-9c8d-33b7e73db882 | ITER: 15 END: OK
2019-08-04 09:22:27.321 22859 INFO rally.task.runner [-] Task cb7b0966-b91d-4d2b-9c8d-33b7e73db882 | ITER: 34 START
2019-08-04 09:22:27.501 22834 INFO rally.task.runner [-] Task cb7b0966-b91d-4d2b-9c8d-33b7e73db882 | ITER: 9 END: OK
2019-08-04 09:22:27.505 22834 INFO rally.task.runner [-] Task cb7b0966-b91d-4d2b-9c8d-33b7e73db882 | ITER: 35 START
2019-08-04 09:22:27.699 22864 INFO rally.task.runner [-] Task cb7b0966-b91d-4d2b-9c8d-33b7e73db882 | ITER: 16 END: OK
2019-08-04 09:22:27.702 22864 INFO rally.task.runner [-] Task cb7b0966-b91d-4d2b-9c8d-33b7e73db882 | ITER: 36 START
2019-08-04 09:22:27.846 22861 INFO rally.task.runner [-] Task cb7b0966-b91d-4d2b-9c8d-33b7e73db882 | ITER: 17 END: OK
2019-08-04 09:22:27.849 22861 INFO rally.task.runner [-] Task cb7b0966-b91d-4d2b-9c8d-33b7e73db882 | ITER: 37 START
2019-08-04 09:22:28.350 22873 INFO rally.task.runner [-] Task cb7b0966-b91d-4d2b-9c8d-33b7e73db882 | ITER: 19 END: OK
2019-08-04 09:22:28.353 22873 INFO rally.task.runner [-] Task cb7b0966-b91d-4d2b-9c8d-33b7e73db882 | ITER: 38 START
2019-08-04 09:22:28.390 22872 INFO rally.task.runner [-] Task cb7b0966-b91d-4d2b-9c8d-33b7e73db882 | ITER: 18 END: OK
2019-08-04 09:22:28.394 22872 INFO rally.task.runner [-] Task cb7b0966-b91d-4d2b-9c8d-33b7e73db882 | ITER: 39 START
2019-08-04 09:22:28.422 22874 INFO rally.task.runner [-] Task cb7b0966-b91d-4d2b-9c8d-33b7e73db882 | ITER: 20 END: OK
2019-08-04 09:22:28.426 22874 INFO rally.task.runner [-] Task cb7b0966-b91d-4d2b-9c8d-33b7e73db882 | ITER: 40 START
2019-08-04 09:22:28.963 22852 INFO rally.task.runner [-] Task cb7b0966-b91d-4d2b-9c8d-33b7e73db882 | ITER: 21 END: OK
2019-08-04 09:22:28.967 22852 INFO rally.task.runner [-] Task cb7b0966-b91d-4d2b-9c8d-33b7e73db882 | ITER: 41 START
2019-08-04 09:22:29.228 22832 INFO rally.task.runner [-] Task cb7b0966-b91d-4d2b-9c8d-33b7e73db882 | ITER: 28 END: OK
2019-08-04 09:22:29.232 22832 INFO rally.task.runner [-] Task cb7b0966-b91d-4d2b-9c8d-33b7e73db882 | ITER: 42 START
2019-08-04 09:22:29.266 22843 INFO rally.task.runner [-] Task cb7b0966-b91d-4d2b-9c8d-33b7e73db882 | ITER: 22 END: OK
2019-08-04 09:22:29.269 22843 INFO rally.task.runner [-] Task cb7b0966-b91d-4d2b-9c8d-33b7e73db882 | ITER: 43 START
2019-08-04 09:22:29.591 22832 INFO rally.task.runner [-] Task cb7b0966-b91d-4d2b-9c8d-33b7e73db882 | ITER: 26 END: OK
2019-08-04 09:22:29.594 22832 INFO rally.task.runner [-] Task cb7b0966-b91d-4d2b-9c8d-33b7e73db882 | ITER: 44 START
2019-08-04 09:22:29.957 22837 INFO rally.task.runner [-] Task cb7b0966-b91d-4d2b-9c8d-33b7e73db882 | ITER: 29 END: OK
2019-08-04 09:22:29.960 22837 INFO rally.task.runner [-] Task cb7b0966-b91d-4d2b-9c8d-33b7e73db882 | ITER: 45 START
2019-08-04 09:22:30.213 22849 INFO rally.task.runner [-] Task cb7b0966-b91d-4d2b-9c8d-33b7e73db882 | ITER: 30 END: OK
2019-08-04 09:22:30.217 22849 INFO rally.task.runner [-] Task cb7b0966-b91d-4d2b-9c8d-33b7e73db882 | ITER: 46 START
2019-08-04 09:22:30.306 22830 INFO rally.task.runner [-] Task cb7b0966-b91d-4d2b-9c8d-33b7e73db882 | ITER: 31 END: OK
2019-08-04 09:22:30.309 22830 INFO rally.task.runner [-] Task cb7b0966-b91d-4d2b-9c8d-33b7e73db882 | ITER: 47 START
2019-08-04 09:22:30.353 22831 INFO rally.task.runner [-] Task cb7b0966-b91d-4d2b-9c8d-33b7e73db882 | ITER: 27 END: OK
2019-08-04 09:22:30.356 22831 INFO rally.task.runner [-] Task cb7b0966-b91d-4d2b-9c8d-33b7e73db882 | ITER: 48 START
2019-08-04 09:22:30.380 22859 INFO rally.task.runner [-] Task cb7b0966-b91d-4d2b-9c8d-33b7e73db882 | ITER: 34 END: OK
2019-08-04 09:22:30.383 22859 INFO rally.task.runner [-] Task cb7b0966-b91d-4d2b-9c8d-33b7e73db882 | ITER: 49 START
2019-08-04 09:22:30.391 22864 INFO rally.task.runner [-] Task cb7b0966-b91d-4d2b-9c8d-33b7e73db882 | ITER: 36 END: OK
2019-08-04 09:22:30.394 22864 INFO rally.task.runner [-] Task cb7b0966-b91d-4d2b-9c8d-33b7e73db882 | ITER: 50 START
2019-08-04 09:22:30.404 22830 INFO rally.task.runner [-] Task cb7b0966-b91d-4d2b-9c8d-33b7e73db882 | ITER: 32 END: OK
2019-08-04 09:22:30.407 22830 INFO rally.task.runner [-] Task cb7b0966-b91d-4d2b-9c8d-33b7e73db882 | ITER: 51 START
2019-08-04 09:22:30.416 22831 INFO rally.task.runner [-] Task cb7b0966-b91d-4d2b-9c8d-33b7e73db882 | ITER: 33 END: OK
2019-08-04 09:22:30.419 22831 INFO rally.task.runner [-] Task cb7b0966-b91d-4d2b-9c8d-33b7e73db882 | ITER: 52 START
2019-08-04 09:22:30.486 22829 INFO rally.task.runner [-] Task cb7b0966-b91d-4d2b-9c8d-33b7e73db882 | ITER: 24 END: OK
2019-08-04 09:22:30.489 22829 INFO rally.task.runner [-] Task cb7b0966-b91d-4d2b-9c8d-33b7e73db882 | ITER: 53 START
2019-08-04 09:22:30.659 22856 INFO rally.task.runner [-] Task cb7b0966-b91d-4d2b-9c8d-33b7e73db882 | ITER: 23 END: OK
2019-08-04 09:22:30.662 22856 INFO rally.task.runner [-] Task cb7b0966-b91d-4d2b-9c8d-33b7e73db882 | ITER: 54 START
2019-08-04 09:22:30.824 22829 INFO rally.task.runner [-] Task cb7b0966-b91d-4d2b-9c8d-33b7e73db882 | ITER: 25 END: OK
2019-08-04 09:22:30.827 22829 INFO rally.task.runner [-] Task cb7b0966-b91d-4d2b-9c8d-33b7e73db882 | ITER: 55 START
2019-08-04 09:22:30.897 22874 INFO rally.task.runner [-] Task cb7b0966-b91d-4d2b-9c8d-33b7e73db882 | ITER: 40 END: OK
2019-08-04 09:22:30.901 22874 INFO rally.task.runner [-] Task cb7b0966-b91d-4d2b-9c8d-33b7e73db882 | ITER: 56 START
2019-08-04 09:22:30.996 22832 INFO rally.task.runner [-] Task cb7b0966-b91d-4d2b-9c8d-33b7e73db882 | ITER: 42 END: OK
2019-08-04 09:22:30.999 22832 INFO rally.task.runner [-] Task cb7b0966-b91d-4d2b-9c8d-33b7e73db882 | ITER: 57 START
2019-08-04 09:22:31.006 22843 INFO rally.task.runner [-] Task cb7b0966-b91d-4d2b-9c8d-33b7e73db882 | ITER: 43 END: OK
2019-08-04 09:22:31.009 22843 INFO rally.task.runner [-] Task cb7b0966-b91d-4d2b-9c8d-33b7e73db882 | ITER: 58 START
2019-08-04 09:22:31.162 22873 INFO rally.task.runner [-] Task cb7b0966-b91d-4d2b-9c8d-33b7e73db882 | ITER: 38 END: OK
2019-08-04 09:22:31.165 22873 INFO rally.task.runner [-] Task cb7b0966-b91d-4d2b-9c8d-33b7e73db882 | ITER: 59 START
2019-08-04 09:22:31.345 22834 INFO rally.task.runner [-] Task cb7b0966-b91d-4d2b-9c8d-33b7e73db882 | ITER: 35 END: OK
2019-08-04 09:22:31.348 22834 INFO rally.task.runner [-] Task cb7b0966-b91d-4d2b-9c8d-33b7e73db882 | ITER: 60 START
2019-08-04 09:22:31.365 22872 INFO rally.task.runner [-] Task cb7b0966-b91d-4d2b-9c8d-33b7e73db882 | ITER: 39 END: OK
2019-08-04 09:22:31.368 22872 INFO rally.task.runner [-] Task cb7b0966-b91d-4d2b-9c8d-33b7e73db882 | ITER: 61 START
2019-08-04 09:22:31.731 22861 INFO rally.task.runner [-] Task cb7b0966-b91d-4d2b-9c8d-33b7e73db882 | ITER: 37 END: OK
2019-08-04 09:22:31.734 22861 INFO rally.task.runner [-] Task cb7b0966-b91d-4d2b-9c8d-33b7e73db882 | ITER: 62 START
2019-08-04 09:22:31.873 22852 INFO rally.task.runner [-] Task cb7b0966-b91d-4d2b-9c8d-33b7e73db882 | ITER: 41 END: OK
2019-08-04 09:22:31.877 22852 INFO rally.task.runner [-] Task cb7b0966-b91d-4d2b-9c8d-33b7e73db882 | ITER: 63 START
2019-08-04 09:22:32.030 22832 INFO rally.task.runner [-] Task cb7b0966-b91d-4d2b-9c8d-33b7e73db882 | ITER: 44 END: OK
2019-08-04 09:22:32.033 22832 INFO rally.task.runner [-] Task cb7b0966-b91d-4d2b-9c8d-33b7e73db882 | ITER: 64 START
2019-08-04 09:22:32.482 22849 INFO rally.task.runner [-] Task cb7b0966-b91d-4d2b-9c8d-33b7e73db882 | ITER: 46 END: OK
2019-08-04 09:22:32.485 22849 INFO rally.task.runner [-] Task cb7b0966-b91d-4d2b-9c8d-33b7e73db882 | ITER: 65 START
2019-08-04 09:22:32.629 22837 INFO rally.task.runner [-] Task cb7b0966-b91d-4d2b-9c8d-33b7e73db882 | ITER: 45 END: OK
2019-08-04 09:22:32.632 22837 INFO rally.task.runner [-] Task cb7b0966-b91d-4d2b-9c8d-33b7e73db882 | ITER: 66 START
2019-08-04 09:22:32.948 22830 INFO rally.task.runner [-] Task cb7b0966-b91d-4d2b-9c8d-33b7e73db882 | ITER: 47 END: OK
2019-08-04 09:22:32.952 22830 INFO rally.task.runner [-] Task cb7b0966-b91d-4d2b-9c8d-33b7e73db882 | ITER: 51 END: OK
2019-08-04 09:22:32.955 22830 INFO rally.task.runner [-] Task cb7b0966-b91d-4d2b-9c8d-33b7e73db882 | ITER: 67 START
2019-08-04 09:22:32.960 22830 INFO rally.task.runner [-] Task cb7b0966-b91d-4d2b-9c8d-33b7e73db882 | ITER: 68 START
2019-08-04 09:22:33.441 22831 INFO rally.task.runner [-] Task cb7b0966-b91d-4d2b-9c8d-33b7e73db882 | ITER: 52 END: OK
2019-08-04 09:22:33.444 22831 INFO rally.task.runner [-] Task cb7b0966-b91d-4d2b-9c8d-33b7e73db882 | ITER: 69 START
2019-08-04 09:22:33.449 22859 INFO rally.task.runner [-] Task cb7b0966-b91d-4d2b-9c8d-33b7e73db882 | ITER: 49 END: OK
2019-08-04 09:22:33.452 22859 INFO rally.task.runner [-] Task cb7b0966-b91d-4d2b-9c8d-33b7e73db882 | ITER: 70 START
2019-08-04 09:22:33.471 22829 INFO rally.task.runner [-] Task cb7b0966-b91d-4d2b-9c8d-33b7e73db882 | ITER: 53 END: OK
2019-08-04 09:22:33.474 22829 INFO rally.task.runner [-] Task cb7b0966-b91d-4d2b-9c8d-33b7e73db882 | ITER: 71 START
2019-08-04 09:22:33.504 22831 INFO rally.task.runner [-] Task cb7b0966-b91d-4d2b-9c8d-33b7e73db882 | ITER: 48 END: OK
2019-08-04 09:22:33.504 22843 INFO rally.task.runner [-] Task cb7b0966-b91d-4d2b-9c8d-33b7e73db882 | ITER: 58 END: OK
2019-08-04 09:22:33.507 22831 INFO rally.task.runner [-] Task cb7b0966-b91d-4d2b-9c8d-33b7e73db882 | ITER: 72 START
2019-08-04 09:22:33.507 22843 INFO rally.task.runner [-] Task cb7b0966-b91d-4d2b-9c8d-33b7e73db882 | ITER: 73 START
2019-08-04 09:22:33.509 22873 INFO rally.task.runner [-] Task cb7b0966-b91d-4d2b-9c8d-33b7e73db882 | ITER: 59 END: OK
2019-08-04 09:22:33.511 22873 INFO rally.task.runner [-] Task cb7b0966-b91d-4d2b-9c8d-33b7e73db882 | ITER: 74 START
2019-08-04 09:22:33.515 22856 INFO rally.task.runner [-] Task cb7b0966-b91d-4d2b-9c8d-33b7e73db882 | ITER: 54 END: OK
2019-08-04 09:22:33.518 22856 INFO rally.task.runner [-] Task cb7b0966-b91d-4d2b-9c8d-33b7e73db882 | ITER: 75 START
2019-08-04 09:22:33.541 22864 INFO rally.task.runner [-] Task cb7b0966-b91d-4d2b-9c8d-33b7e73db882 | ITER: 50 END: OK
2019-08-04 09:22:33.543 22864 INFO rally.task.runner [-] Task cb7b0966-b91d-4d2b-9c8d-33b7e73db882 | ITER: 76 START
2019-08-04 09:22:33.556 22829 INFO rally.task.runner [-] Task cb7b0966-b91d-4d2b-9c8d-33b7e73db882 | ITER: 55 END: OK
2019-08-04 09:22:33.559 22829 INFO rally.task.runner [-] Task cb7b0966-b91d-4d2b-9c8d-33b7e73db882 | ITER: 77 START
2019-08-04 09:22:33.562 22874 INFO rally.task.runner [-] Task cb7b0966-b91d-4d2b-9c8d-33b7e73db882 | ITER: 56 END: OK
2019-08-04 09:22:33.566 22874 INFO rally.task.runner [-] Task cb7b0966-b91d-4d2b-9c8d-33b7e73db882 | ITER: 78 START
2019-08-04 09:22:33.629 22832 INFO rally.task.runner [-] Task cb7b0966-b91d-4d2b-9c8d-33b7e73db882 | ITER: 57 END: OK
2019-08-04 09:22:33.632 22832 INFO rally.task.runner [-] Task cb7b0966-b91d-4d2b-9c8d-33b7e73db882 | ITER: 79 START
2019-08-04 09:22:33.835 22872 INFO rally.task.runner [-] Task cb7b0966-b91d-4d2b-9c8d-33b7e73db882 | ITER: 61 END: OK
2019-08-04 09:22:33.838 22872 INFO rally.task.runner [-] Task cb7b0966-b91d-4d2b-9c8d-33b7e73db882 | ITER: 80 START
2019-08-04 09:22:34.059 22861 INFO rally.task.runner [-] Task cb7b0966-b91d-4d2b-9c8d-33b7e73db882 | ITER: 62 END: OK
2019-08-04 09:22:34.063 22861 INFO rally.task.runner [-] Task cb7b0966-b91d-4d2b-9c8d-33b7e73db882 | ITER: 81 START
2019-08-04 09:22:34.140 22852 INFO rally.task.runner [-] Task cb7b0966-b91d-4d2b-9c8d-33b7e73db882 | ITER: 63 END: OK
2019-08-04 09:22:34.143 22852 INFO rally.task.runner [-] Task cb7b0966-b91d-4d2b-9c8d-33b7e73db882 | ITER: 82 START
2019-08-04 09:22:34.175 22832 INFO rally.task.runner [-] Task cb7b0966-b91d-4d2b-9c8d-33b7e73db882 | ITER: 64 END: OK
2019-08-04 09:22:34.178 22832 INFO rally.task.runner [-] Task cb7b0966-b91d-4d2b-9c8d-33b7e73db882 | ITER: 83 START
2019-08-04 09:22:34.335 22834 INFO rally.task.runner [-] Task cb7b0966-b91d-4d2b-9c8d-33b7e73db882 | ITER: 60 END: OK
2019-08-04 09:22:34.339 22834 INFO rally.task.runner [-] Task cb7b0966-b91d-4d2b-9c8d-33b7e73db882 | ITER: 84 START
2019-08-04 09:22:34.452 22849 INFO rally.task.runner [-] Task cb7b0966-b91d-4d2b-9c8d-33b7e73db882 | ITER: 65 END: OK
2019-08-04 09:22:34.455 22849 INFO rally.task.runner [-] Task cb7b0966-b91d-4d2b-9c8d-33b7e73db882 | ITER: 85 START
2019-08-04 09:22:34.708 22837 INFO rally.task.runner [-] Task cb7b0966-b91d-4d2b-9c8d-33b7e73db882 | ITER: 66 END: OK
2019-08-04 09:22:34.711 22837 INFO rally.task.runner [-] Task cb7b0966-b91d-4d2b-9c8d-33b7e73db882 | ITER: 86 START
2019-08-04 09:22:35.010 22830 INFO rally.task.runner [-] Task cb7b0966-b91d-4d2b-9c8d-33b7e73db882 | ITER: 67 END: OK
2019-08-04 09:22:35.013 22830 INFO rally.task.runner [-] Task cb7b0966-b91d-4d2b-9c8d-33b7e73db882 | ITER: 87 START
2019-08-04 09:22:36.284 22830 INFO rally.task.runner [-] Task cb7b0966-b91d-4d2b-9c8d-33b7e73db882 | ITER: 68 END: OK
2019-08-04 09:22:36.287 22830 INFO rally.task.runner [-] Task cb7b0966-b91d-4d2b-9c8d-33b7e73db882 | ITER: 88 START
2019-08-04 09:22:36.300 22831 INFO rally.task.runner [-] Task cb7b0966-b91d-4d2b-9c8d-33b7e73db882 | ITER: 72 END: OK
2019-08-04 09:22:36.307 22831 INFO rally.task.runner [-] Task cb7b0966-b91d-4d2b-9c8d-33b7e73db882 | ITER: 69 END: OK
2019-08-04 09:22:36.310 22831 INFO rally.task.runner [-] Task cb7b0966-b91d-4d2b-9c8d-33b7e73db882 | ITER: 89 START
2019-08-04 09:22:36.315 22831 INFO rally.task.runner [-] Task cb7b0966-b91d-4d2b-9c8d-33b7e73db882 | ITER: 90 START
2019-08-04 09:22:36.347 22856 INFO rally.task.runner [-] Task cb7b0966-b91d-4d2b-9c8d-33b7e73db882 | ITER: 75 END: OK
2019-08-04 09:22:36.350 22856 INFO rally.task.runner [-] Task cb7b0966-b91d-4d2b-9c8d-33b7e73db882 | ITER: 91 START
2019-08-04 09:22:36.355 22874 INFO rally.task.runner [-] Task cb7b0966-b91d-4d2b-9c8d-33b7e73db882 | ITER: 78 END: OK
2019-08-04 09:22:36.358 22874 INFO rally.task.runner [-] Task cb7b0966-b91d-4d2b-9c8d-33b7e73db882 | ITER: 92 START
2019-08-04 09:22:36.425 22843 INFO rally.task.runner [-] Task cb7b0966-b91d-4d2b-9c8d-33b7e73db882 | ITER: 73 END: OK
2019-08-04 09:22:36.428 22843 INFO rally.task.runner [-] Task cb7b0966-b91d-4d2b-9c8d-33b7e73db882 | ITER: 93 START
2019-08-04 09:22:36.628 22873 INFO rally.task.runner [-] Task cb7b0966-b91d-4d2b-9c8d-33b7e73db882 | ITER: 74 END: OK
2019-08-04 09:22:36.631 22873 INFO rally.task.runner [-] Task cb7b0966-b91d-4d2b-9c8d-33b7e73db882 | ITER: 94 START
2019-08-04 09:22:36.640 22829 INFO rally.task.runner [-] Task cb7b0966-b91d-4d2b-9c8d-33b7e73db882 | ITER: 71 END: OK
2019-08-04 09:22:36.642 22829 INFO rally.task.runner [-] Task cb7b0966-b91d-4d2b-9c8d-33b7e73db882 | ITER: 95 START
2019-08-04 09:22:36.649 22864 INFO rally.task.runner [-] Task cb7b0966-b91d-4d2b-9c8d-33b7e73db882 | ITER: 76 END: OK
2019-08-04 09:22:36.652 22864 INFO rally.task.runner [-] Task cb7b0966-b91d-4d2b-9c8d-33b7e73db882 | ITER: 96 START
2019-08-04 09:22:36.652 22859 INFO rally.task.runner [-] Task cb7b0966-b91d-4d2b-9c8d-33b7e73db882 | ITER: 70 END: OK
2019-08-04 09:22:36.656 22859 INFO rally.task.runner [-] Task cb7b0966-b91d-4d2b-9c8d-33b7e73db882 | ITER: 97 START
2019-08-04 09:22:36.660 22829 INFO rally.task.runner [-] Task cb7b0966-b91d-4d2b-9c8d-33b7e73db882 | ITER: 77 END: OK
2019-08-04 09:22:36.663 22829 INFO rally.task.runner [-] Task cb7b0966-b91d-4d2b-9c8d-33b7e73db882 | ITER: 98 START
2019-08-04 09:22:36.710 22832 INFO rally.task.runner [-] Task cb7b0966-b91d-4d2b-9c8d-33b7e73db882 | ITER: 83 END: OK
2019-08-04 09:22:36.712 22832 INFO rally.task.runner [-] Task cb7b0966-b91d-4d2b-9c8d-33b7e73db882 | ITER: 99 START
2019-08-04 09:22:36.978 22872 INFO rally.task.runner [-] Task cb7b0966-b91d-4d2b-9c8d-33b7e73db882 | ITER: 80 END: OK
2019-08-04 09:22:36.981 22872 INFO rally.task.runner [-] Task cb7b0966-b91d-4d2b-9c8d-33b7e73db882 | ITER: 100 START
2019-08-04 09:22:37.163 22861 INFO rally.task.runner [-] Task cb7b0966-b91d-4d2b-9c8d-33b7e73db882 | ITER: 81 END: OK
2019-08-04 09:22:37.211 22837 INFO rally.task.runner [-] Task cb7b0966-b91d-4d2b-9c8d-33b7e73db882 | ITER: 86 END: OK
2019-08-04 09:22:37.241 22849 INFO rally.task.runner [-] Task cb7b0966-b91d-4d2b-9c8d-33b7e73db882 | ITER: 85 END: OK
2019-08-04 09:22:37.277 22830 INFO rally.task.runner [-] Task cb7b0966-b91d-4d2b-9c8d-33b7e73db882 | ITER: 87 END: OK
2019-08-04 09:22:37.851 22832 INFO rally.task.runner [-] Task cb7b0966-b91d-4d2b-9c8d-33b7e73db882 | ITER: 79 END: OK
2019-08-04 09:22:38.060 22852 INFO rally.task.runner [-] Task cb7b0966-b91d-4d2b-9c8d-33b7e73db882 | ITER: 82 END: OK
2019-08-04 09:22:38.279 22831 INFO rally.task.runner [-] Task cb7b0966-b91d-4d2b-9c8d-33b7e73db882 | ITER: 90 END: OK
2019-08-04 09:22:38.601 22834 INFO rally.task.runner [-] Task cb7b0966-b91d-4d2b-9c8d-33b7e73db882 | ITER: 84 END: OK
2019-08-04 09:22:38.680 22829 INFO rally.task.runner [-] Task cb7b0966-b91d-4d2b-9c8d-33b7e73db882 | ITER: 95 END: OK
2019-08-04 09:22:38.684 22830 INFO rally.task.runner [-] Task cb7b0966-b91d-4d2b-9c8d-33b7e73db882 | ITER: 88 END: OK
2019-08-04 09:22:38.693 22832 INFO rally.task.runner [-] Task cb7b0966-b91d-4d2b-9c8d-33b7e73db882 | ITER: 99 END: OK
2019-08-04 09:22:38.810 22831 INFO rally.task.runner [-] Task cb7b0966-b91d-4d2b-9c8d-33b7e73db882 | ITER: 89 END: OK
2019-08-04 09:22:38.822 22856 INFO rally.task.runner [-] Task cb7b0966-b91d-4d2b-9c8d-33b7e73db882 | ITER: 91 END: OK
2019-08-04 09:22:38.828 22864 INFO rally.task.runner [-] Task cb7b0966-b91d-4d2b-9c8d-33b7e73db882 | ITER: 96 END: OK
2019-08-04 09:22:39.174 22843 INFO rally.task.runner [-] Task cb7b0966-b91d-4d2b-9c8d-33b7e73db882 | ITER: 93 END: OK
2019-08-04 09:22:39.286 22859 INFO rally.task.runner [-] Task cb7b0966-b91d-4d2b-9c8d-33b7e73db882 | ITER: 97 END: OK
2019-08-04 09:22:39.425 22873 INFO rally.task.runner [-] Task cb7b0966-b91d-4d2b-9c8d-33b7e73db882 | ITER: 94 END: OK
2019-08-04 09:22:39.507 22872 INFO rally.task.runner [-] Task cb7b0966-b91d-4d2b-9c8d-33b7e73db882 | ITER: 100 END: OK
2019-08-04 09:22:39.687 22829 INFO rally.task.runner [-] Task cb7b0966-b91d-4d2b-9c8d-33b7e73db882 | ITER: 98 END: OK
2019-08-04 09:22:39.726 22874 INFO rally.task.runner [-] Task cb7b0966-b91d-4d2b-9c8d-33b7e73db882 | ITER: 92 END: OK
2019-08-04 09:22:39.752 22705 INFO rally.task.context [-] Task cb7b0966-b91d-4d2b-9c8d-33b7e73db882 | Context cleanup@openstack cleanup() started
2019-08-04 09:22:39.755 22705 RALLYDEBUG rally_openstack.cleanup.manager [-] Cleaning up neutron vip objects
2019-08-04 09:22:40.408 22705 RALLYDEBUG rally_openstack.cleanup.manager [-] Cleaning up neutron health_monitor objects
2019-08-04 09:22:41.065 22705 RALLYDEBUG rally_openstack.cleanup.manager [-] Cleaning up neutron pool objects
2019-08-04 09:22:41.806 22705 RALLYDEBUG rally_openstack.cleanup.manager [-] Cleaning up neutron loadbalancer objects
2019-08-04 09:22:42.449 22705 RALLYDEBUG rally_openstack.cleanup.manager [-] Cleaning up neutron floatingip objects
2019-08-04 09:22:43.267 22705 RALLYDEBUG rally_openstack.cleanup.manager [-] Cleaning up neutron port objects
2019-08-04 09:22:43.969 22705 RALLYDEBUG rally_openstack.cleanup.manager [-] Cleaning up neutron subnet objects
2019-08-04 09:22:44.632 22705 RALLYDEBUG rally_openstack.cleanup.manager [-] Cleaning up neutron network objects
2019-08-04 09:22:45.723 22705 RALLYDEBUG rally_openstack.cleanup.manager [-] Deleting neutron.network object s_rally_f08bd289_Dk61IsAv (096b21d7-20d9-4e7a-9891-8ac1c3a4d934)
2019-08-04 09:22:45.725 22705 RALLYDEBUG rally_openstack.cleanup.manager [-] Deleting neutron.network object s_rally_f08bd289_rn4TU24E (100f48d3-f7c5-4ddc-9063-b4094010e4a6)
2019-08-04 09:22:45.728 22705 RALLYDEBUG rally_openstack.cleanup.manager [-] Deleting neutron.network object s_rally_f08bd289_NlCPv5Sl (1f1b2a6e-77fa-42df-81c1-7c56b2d4b1b4)
2019-08-04 09:22:45.729 22705 RALLYDEBUG rally_openstack.cleanup.manager [-] Deleting neutron.network object s_rally_f08bd289_SGIV88Ka (012a2c00-026c-4156-b879-c6e83931651d)
2019-08-04 09:22:45.729 22705 RALLYDEBUG rally_openstack.cleanup.manager [-] Deleting neutron.network object s_rally_f08bd289_RIKFDkhX (02dd4067-e5fa-4c3e-ac71-bc8c7a0b724b)
2019-08-04 09:22:45.733 22705 RALLYDEBUG rally_openstack.cleanup.manager [-] Deleting neutron.network object s_rally_f08bd289_OlPCVmkP (1eb7dfd1-ba8e-4181-a925-e9d67f962211)
2019-08-04 09:22:45.733 22705 RALLYDEBUG rally_openstack.cleanup.manager [-] Deleting neutron.network object s_rally_f08bd289_GLhiawKj (10e0c6c3-bccf-4fff-9ff4-b7a6e77b8b4b)
2019-08-04 09:22:45.741 22705 RALLYDEBUG rally_openstack.cleanup.manager [-] Deleting neutron.network object s_rally_f08bd289_OtEZuqQ0 (209a72de-07a5-4d91-b418-36893c0967c4)
2019-08-04 09:22:45.741 22705 RALLYDEBUG rally_openstack.cleanup.manager [-] Deleting neutron.network object s_rally_f08bd289_Xlkjcy9A (1a29717a-6188-4a95-9498-729981781e2e)
2019-08-04 09:22:45.745 22705 RALLYDEBUG rally_openstack.cleanup.manager [-] Deleting neutron.network object s_rally_f08bd289_afkEsi3L (00fcc82a-5540-4faf-a63e-2b80c5680f51)
2019-08-04 09:22:45.746 22705 RALLYDEBUG rally_openstack.cleanup.manager [-] Deleting neutron.network object s_rally_f08bd289_EUnwqNVR (0d7703a5-15d3-48d7-b8ad-26bab9bac870)
2019-08-04 09:22:45.746 22705 RALLYDEBUG rally_openstack.cleanup.manager [-] Deleting neutron.network object s_rally_f08bd289_XHR3sbBV (0710168f-55dc-460d-bb44-36f10109d0af)
2019-08-04 09:22:45.746 22705 RALLYDEBUG rally_openstack.cleanup.manager [-] Deleting neutron.network object s_rally_f08bd289_lwVJ69E1 (173e97e5-6b82-4811-be40-385532f5b684)
2019-08-04 09:22:45.749 22705 RALLYDEBUG rally_openstack.cleanup.manager [-] Deleting neutron.network object s_rally_f08bd289_T8N9w4bV (1b9ef4e7-3d63-45c0-bf96-e84a5be1576b)
2019-08-04 09:22:45.750 22705 RALLYDEBUG rally_openstack.cleanup.manager [-] Deleting neutron.network object s_rally_f08bd289_GT98GETD (1ca9189f-84be-421b-bb1c-dc4d8b02fe6c)
2019-08-04 09:22:45.760 22705 RALLYDEBUG rally_openstack.cleanup.manager [-] Deleting neutron.network object s_rally_f08bd289_PnQ8RutN (1959d848-435c-4af0-8ca3-e14aecc92032)
2019-08-04 09:22:45.757 22705 RALLYDEBUG rally_openstack.cleanup.manager [-] Deleting neutron.network object s_rally_f08bd289_4iiek6EE (250f110b-30d4-4b18-bbe6-a221da62f52a)
2019-08-04 09:22:45.761 22705 RALLYDEBUG rally_openstack.cleanup.manager [-] Deleting neutron.network object s_rally_f08bd289_ey1f9ECr (1558b622-1a89-41ad-9c17-f44f255b2fc6)
2019-08-04 09:22:45.762 22705 RALLYDEBUG rally_openstack.cleanup.manager [-] Deleting neutron.network object s_rally_f08bd289_f9iflNMM (2118ea86-aa97-4459-8642-77541444e52f)
2019-08-04 09:22:45.796 22705 RALLYDEBUG rally_openstack.cleanup.manager [-] Deleting neutron.network object s_rally_f08bd289_eMZWMOxZ (2663f9f9-34aa-41c7-8354-f577d9927e09)
2019-08-04 09:22:49.104 22705 RALLYDEBUG rally_openstack.cleanup.manager [-] Deleting neutron.network object s_rally_f08bd289_D96jZx9P (2856da70-7098-4833-bd74-f5ab174ffdbd)
2019-08-04 09:22:49.124 22705 RALLYDEBUG rally_openstack.cleanup.manager [-] Deleting neutron.network object s_rally_f08bd289_18sCNBWL (2a017125-6f71-4ee8-a3e5-926a13553055)
2019-08-04 09:22:49.890 22705 RALLYDEBUG rally_openstack.cleanup.manager [-] Deleting neutron.network object s_rally_f08bd289_WgEly6jc (2a472079-f191-4a91-8203-d101d0827ba8)
2019-08-04 09:22:50.117 22705 RALLYDEBUG rally_openstack.cleanup.manager [-] Deleting neutron.network object s_rally_f08bd289_tGgwr1iN (2ad45264-1dee-4aad-9c51-6389e93570a0)
2019-08-04 09:22:50.151 22705 RALLYDEBUG rally_openstack.cleanup.manager [-] Deleting neutron.network object s_rally_f08bd289_0bMAvuuW (2de925ca-56dd-4c9a-a4f4-bcbe1aba5e0a)
2019-08-04 09:22:50.158 22705 RALLYDEBUG rally_openstack.cleanup.manager [-] Deleting neutron.network object s_rally_f08bd289_EfjUNDAu (2f0f6313-d6d8-441f-93d2-52be7a8b9c1b)
2019-08-04 09:22:50.561 22705 RALLYDEBUG rally_openstack.cleanup.manager [-] Deleting neutron.network object s_rally_f08bd289_L0NhNnma (2f2ac2c4-41e6-4a5f-812d-34806b53ef64)
2019-08-04 09:22:50.589 22705 RALLYDEBUG rally_openstack.cleanup.manager [-] Deleting neutron.network object s_rally_f08bd289_KqGFQ7Xp (32749636-3533-45cc-aec3-9fa7420a9255)
2019-08-04 09:22:50.703 22705 RALLYDEBUG rally_openstack.cleanup.manager [-] Deleting neutron.network object s_rally_f08bd289_NUFLMYgZ (33332384-06dd-44a5-8d85-cb5fdc3830d7)
2019-08-04 09:22:50.708 22705 RALLYDEBUG rally_openstack.cleanup.manager [-] Deleting neutron.network object s_rally_f08bd289_ASmY2sYb (36124f42-3846-4e03-970d-2d81ef13e4fe)
2019-08-04 09:22:51.253 22705 RALLYDEBUG rally_openstack.cleanup.manager [-] Deleting neutron.network object s_rally_f08bd289_OudUmzt3 (36bf8849-8a6d-49a7-b8c2-afaaab37ecc5)
2019-08-04 09:22:51.260 22705 RALLYDEBUG rally_openstack.cleanup.manager [-] Deleting neutron.network object s_rally_f08bd289_jVIclUks (37ae2f6b-26f6-4d76-a0e1-10b392114d20)
2019-08-04 09:22:51.288 22705 RALLYDEBUG rally_openstack.cleanup.manager [-] Deleting neutron.network object s_rally_f08bd289_1ZamZZFk (384a1c9e-6d25-4417-99f8-babccbbfa8ca)
2019-08-04 09:22:51.337 22705 RALLYDEBUG rally_openstack.cleanup.manager [-] Deleting neutron.network object s_rally_f08bd289_3UJ0QMwD (3d4b0dcf-aad6-408e-a5ea-eb0fc790b6e1)
2019-08-04 09:22:51.368 22705 RALLYDEBUG rally_openstack.cleanup.manager [-] Deleting neutron.network object s_rally_f08bd289_e9yOIDAp (3f49775e-9090-4f57-b4d6-ece8bc4c7ff0)
2019-08-04 09:22:51.484 22705 RALLYDEBUG rally_openstack.cleanup.manager [-] Deleting neutron.network object s_rally_f08bd289_UEovl6qt (422d3fda-45a4-49d3-858c-ce4e4ad523de)
2019-08-04 09:22:51.846 22705 RALLYDEBUG rally_openstack.cleanup.manager [-] Deleting neutron.network object s_rally_f08bd289_w1kNZM2T (45b19070-6b39-4815-b3a2-b0f5a3be2749)
2019-08-04 09:22:51.858 22705 RALLYDEBUG rally_openstack.cleanup.manager [-] Deleting neutron.network object s_rally_f08bd289_ndQaW0cP (46ce826b-9aed-4a63-ac6e-e16a0b5a414e)
2019-08-04 09:22:51.879 22705 RALLYDEBUG rally_openstack.cleanup.manager [-] Deleting neutron.network object s_rally_f08bd289_UPvom1P5 (492fb413-8a0c-41fa-8b7b-63cbf0742e37)
2019-08-04 09:22:51.883 22705 RALLYDEBUG rally_openstack.cleanup.manager [-] Deleting neutron.network object s_rally_f08bd289_uEtVusSz (49eb483c-c199-4df8-b323-8312bf881573)
2019-08-04 09:22:52.663 22705 RALLYDEBUG rally_openstack.cleanup.manager [-] Deleting neutron.network object s_rally_f08bd289_ZTikFaAD (53a5dfa0-238d-462a-8136-f6ab46023e04)
2019-08-04 09:22:52.676 22705 RALLYDEBUG rally_openstack.cleanup.manager [-] Deleting neutron.network object s_rally_f08bd289_1x9Z8D1t (5690895c-cab0-4946-b385-8588dc1b42c9)
2019-08-04 09:22:52.721 22705 RALLYDEBUG rally_openstack.cleanup.manager [-] Deleting neutron.network object s_rally_f08bd289_6R9dGay5 (5a3eabfc-74f0-4b4e-b932-088b0ac2c185)
2019-08-04 09:22:53.193 22705 RALLYDEBUG rally_openstack.cleanup.manager [-] Deleting neutron.network object s_rally_f08bd289_yQKWnbac (658d40c0-1851-48df-8ad5-7c3ba5eeff4a)
2019-08-04 09:22:53.497 22705 RALLYDEBUG rally_openstack.cleanup.manager [-] Deleting neutron.network object s_rally_f08bd289_k9LHZmMI (6ab7f115-6953-4359-badb-b568df9ef708)
2019-08-04 09:22:53.890 22705 RALLYDEBUG rally_openstack.cleanup.manager [-] Deleting neutron.network object s_rally_f08bd289_OuVUBZAe (6cefefa8-aecf-4e04-9554-ce2353de183b)
2019-08-04 09:22:53.895 22705 RALLYDEBUG rally_openstack.cleanup.manager [-] Deleting neutron.network object s_rally_f08bd289_4ea6hntF (6ddd6b5e-7b53-4873-b5cd-352bd3049757)
2019-08-04 09:22:53.973 22705 RALLYDEBUG rally_openstack.cleanup.manager [-] Deleting neutron.network object s_rally_f08bd289_zM0NRK7U (6ff47848-bfcc-4ac4-8f76-f6a3e9f9d921)
2019-08-04 09:22:54.299 22705 RALLYDEBUG rally_openstack.cleanup.manager [-] Deleting neutron.network object s_rally_f08bd289_8bxpSbZs (72f9dc2a-6ad2-4884-b54a-1ed763e91860)
2019-08-04 09:22:54.637 22705 RALLYDEBUG rally_openstack.cleanup.manager [-] Deleting neutron.network object s_rally_f08bd289_hN1e4YmR (77865ea5-14e4-412c-98db-bc02cda054de)
2019-08-04 09:22:54.877 22705 RALLYDEBUG rally_openstack.cleanup.manager [-] Deleting neutron.network object s_rally_f08bd289_ecqw1Qpk (79b0f808-04df-4af8-89d1-e313f84468f8)
2019-08-04 09:22:55.082 22705 RALLYDEBUG rally_openstack.cleanup.manager [-] Deleting neutron.network object s_rally_f08bd289_hAPDdBey (80432f91-7120-4d00-8677-680031e3cc09)
2019-08-04 09:22:55.148 22705 RALLYDEBUG rally_openstack.cleanup.manager [-] Deleting neutron.network object s_rally_f08bd289_XdMR0I9h (8176d127-dd63-484e-ad1c-5519a4c5b093)
2019-08-04 09:22:55.231 22705 RALLYDEBUG rally_openstack.cleanup.manager [-] Deleting neutron.network object s_rally_f08bd289_6kijYbwY (818b52dd-6335-4b37-86e8-1f17fbcae0da)
2019-08-04 09:22:55.260 22705 RALLYDEBUG rally_openstack.cleanup.manager [-] Deleting neutron.network object s_rally_f08bd289_Bo5jS210 (81ae29f6-2298-46b3-b5d8-bfa9ed0e69d1)
2019-08-04 09:22:55.334 22705 RALLYDEBUG rally_openstack.cleanup.manager [-] Deleting neutron.network object s_rally_f08bd289_EM97PwrR (81ffe2a2-e5cd-46f7-a756-e6293e0dea46)
2019-08-04 09:22:55.452 22705 RALLYDEBUG rally_openstack.cleanup.manager [-] Deleting neutron.network object s_rally_f08bd289_qFxcxJib (823f166c-c5de-42f2-bd42-4f739c0602e1)
2019-08-04 09:22:55.789 22705 RALLYDEBUG rally_openstack.cleanup.manager [-] Deleting neutron.network object s_rally_f08bd289_7zbE7Frg (8572bb8e-97f7-4ae9-bf6d-82785eec21c0)
2019-08-04 09:22:56.075 22705 RALLYDEBUG rally_openstack.cleanup.manager [-] Deleting neutron.network object s_rally_f08bd289_n8LfxIdZ (86700340-d9d3-4b12-9d85-432add2c9404)
2019-08-04 09:22:56.264 22705 RALLYDEBUG rally_openstack.cleanup.manager [-] Deleting neutron.network object s_rally_f08bd289_jkOZAfCm (87ccc106-abe4-4df7-8f4f-7970ca1decca)
2019-08-04 09:22:56.309 22705 RALLYDEBUG rally_openstack.cleanup.manager [-] Deleting neutron.network object s_rally_f08bd289_Vk7TGD3H (87fcc6c7-2c5e-4c54-9eed-d33bedb9bfcc)
2019-08-04 09:22:56.316 22705 RALLYDEBUG rally_openstack.cleanup.manager [-] Deleting neutron.network object s_rally_f08bd289_L6toZAgo (8aafc072-1d1b-4e5f-8756-005299f8a974)
2019-08-04 09:22:56.740 22705 RALLYDEBUG rally_openstack.cleanup.manager [-] Deleting neutron.network object s_rally_f08bd289_uYWVOCu2 (8acc4d4e-5502-43d8-b081-f56541a82be9)
2019-08-04 09:22:56.948 22705 RALLYDEBUG rally_openstack.cleanup.manager [-] Deleting neutron.network object s_rally_f08bd289_0QAji255 (96541572-b9ff-4d72-8396-f2b1873ed91a)
2019-08-04 09:22:57.347 22705 RALLYDEBUG rally_openstack.cleanup.manager [-] Deleting neutron.network object s_rally_f08bd289_HiO9mIzB (9b08c633-7b00-47f1-b7f9-f1ddcb310b89)
2019-08-04 09:22:57.588 22705 RALLYDEBUG rally_openstack.cleanup.manager [-] Deleting neutron.network object s_rally_f08bd289_RPuuB8uZ (9c1e98bc-73c8-4da2-a7b5-36e798495265)
2019-08-04 09:22:57.669 22705 RALLYDEBUG rally_openstack.cleanup.manager [-] Deleting neutron.network object s_rally_f08bd289_RJZELqsz (9daa1aba-1626-4d28-91da-f25a90297a34)
2019-08-04 09:22:58.135 22705 RALLYDEBUG rally_openstack.cleanup.manager [-] Deleting neutron.network object s_rally_f08bd289_rAuoS18W (a1677b3c-8af1-4eda-a07b-04a44e953893)
2019-08-04 09:22:58.243 22705 RALLYDEBUG rally_openstack.cleanup.manager [-] Deleting neutron.network object s_rally_f08bd289_0t2atTfa (a2ec5b34-78f3-40e9-8a60-a9bdb65f6359)
2019-08-04 09:22:58.277 22705 RALLYDEBUG rally_openstack.cleanup.manager [-] Deleting neutron.network object s_rally_f08bd289_soNEPGUV (a36784a0-66eb-4a1c-8179-146db40c9b4c)
2019-08-04 09:22:58.491 22705 RALLYDEBUG rally_openstack.cleanup.manager [-] Deleting neutron.network object s_rally_f08bd289_hdUkcsMt (a54a2bcf-4a1e-4913-9fcf-5052571d075d)
2019-08-04 09:22:58.652 22705 RALLYDEBUG rally_openstack.cleanup.manager [-] Deleting neutron.network object s_rally_f08bd289_lbn5saHc (a7b62b8d-fb76-435a-90b1-3f9e016034fc)
2019-08-04 09:22:58.677 22705 RALLYDEBUG rally_openstack.cleanup.manager [-] Deleting neutron.network object s_rally_f08bd289_kJFaPQrW (afa391fe-5f27-4dfe-ab3c-8131b904655f)
2019-08-04 09:22:58.735 22705 RALLYDEBUG rally_openstack.cleanup.manager [-] Deleting neutron.network object s_rally_f08bd289_6HhT9Lt0 (b0777e38-38ca-470f-ad2b-48887cd2ac3e)
2019-08-04 09:22:58.770 22705 RALLYDEBUG rally_openstack.cleanup.manager [-] Deleting neutron.network object s_rally_f08bd289_qDAksWvX (b2b73e12-81fb-407a-982d-facb5cbdc92e)
2019-08-04 09:22:59.199 22705 RALLYDEBUG rally_openstack.cleanup.manager [-] Deleting neutron.network object s_rally_f08bd289_w4bSl52E (b338d93e-8408-4914-acff-443741f5ff1f)
2019-08-04 09:22:59.382 22705 RALLYDEBUG rally_openstack.cleanup.manager [-] Deleting neutron.network object s_rally_f08bd289_q0XYoL3M (bdb45be6-7941-46f7-83f3-284bef7717e9)
2019-08-04 09:22:59.512 22705 RALLYDEBUG rally_openstack.cleanup.manager [-] Deleting neutron.network object s_rally_f08bd289_wgYo2qqG (bddccdd3-e846-41e7-8b2c-a00227be6d68)
2019-08-04 09:22:59.528 22705 RALLYDEBUG rally_openstack.cleanup.manager [-] Deleting neutron.network object s_rally_f08bd289_cRVxJTL0 (c04ce2f1-b6bc-4cc4-9b33-e65a896a86c3)
2019-08-04 09:22:59.655 22705 RALLYDEBUG rally_openstack.cleanup.manager [-] Deleting neutron.network object s_rally_f08bd289_18ymEWKj (c67e93ab-1ddc-4588-9211-99fdb7b708a1)
2019-08-04 09:22:59.854 22705 RALLYDEBUG rally_openstack.cleanup.manager [-] Deleting neutron.network object s_rally_f08bd289_J2G1DVPE (c6fd3f93-8636-4e6b-b587-ddb0d80d277d)
2019-08-04 09:23:00.093 22705 RALLYDEBUG rally_openstack.cleanup.manager [-] Deleting neutron.network object s_rally_f08bd289_z8Pb8sGJ (ca4d7816-9225-4612-8082-1469593e2eff)
2019-08-04 09:23:00.627 22705 RALLYDEBUG rally_openstack.cleanup.manager [-] Deleting neutron.network object s_rally_f08bd289_phz3xO3V (cb98c29d-37c5-4386-adc5-534c1c715d91)
2019-08-04 09:23:00.705 22705 RALLYDEBUG rally_openstack.cleanup.manager [-] Deleting neutron.network object s_rally_f08bd289_2RRazQNh (cd2fe421-ec17-4d96-9ac9-17a39f002b63)
2019-08-04 09:23:00.727 22705 RALLYDEBUG rally_openstack.cleanup.manager [-] Deleting neutron.network object s_rally_f08bd289_C2oltFE1 (d3e39a26-1ed0-4bea-ba71-8cf330d7915a)
2019-08-04 09:23:00.742 22705 RALLYDEBUG rally_openstack.cleanup.manager [-] Deleting neutron.network object s_rally_f08bd289_siVYr9Al (dad8d2be-f8fd-47ee-acd0-95c8aa454728)
2019-08-04 09:23:00.895 22705 RALLYDEBUG rally_openstack.cleanup.manager [-] Deleting neutron.network object s_rally_f08bd289_o1A4ESS7 (dc3f388c-63fa-4aff-9d63-4aee12ba86cb)
2019-08-04 09:23:00.895 22705 RALLYDEBUG rally_openstack.cleanup.manager [-] Deleting neutron.network object s_rally_f08bd289_2Nh7mSzP (df9047b1-c964-4f15-a305-32900941aaf3)
2019-08-04 09:23:01.226 22705 RALLYDEBUG rally_openstack.cleanup.manager [-] Deleting neutron.network object s_rally_f08bd289_CJLdGGro (df95b028-6248-4e5c-8fd6-5b591f1a3391)
2019-08-04 09:23:01.907 22705 RALLYDEBUG rally_openstack.cleanup.manager [-] Deleting neutron.network object s_rally_f08bd289_gIXro30r (e07cfe7c-1076-4261-99a0-65f3e142cdea)
2019-08-04 09:23:01.956 22705 RALLYDEBUG rally_openstack.cleanup.manager [-] Deleting neutron.network object s_rally_f08bd289_M2Zol9bW (e75fe72c-263d-4058-8eae-0352dcf30569)
2019-08-04 09:23:01.962 22705 RALLYDEBUG rally_openstack.cleanup.manager [-] Deleting neutron.network object s_rally_f08bd289_vUmPbeC2 (e775d8ef-a455-4613-9df5-a44d6fce6c68)
2019-08-04 09:23:02.473 22705 RALLYDEBUG rally_openstack.cleanup.manager [-] Deleting neutron.network object s_rally_f08bd289_cNk4v0yq (e9e1fc0b-a167-4938-9cd7-cd5b300e92ba)
2019-08-04 09:23:02.473 22705 RALLYDEBUG rally_openstack.cleanup.manager [-] Deleting neutron.network object s_rally_f08bd289_4y7pJOhP (e8e94534-286f-4b25-a5ad-6ccea776aaaf)
2019-08-04 09:23:02.538 22705 RALLYDEBUG rally_openstack.cleanup.manager [-] Deleting neutron.network object s_rally_f08bd289_QDW9Q5E2 (f0518689-f098-40f7-ab41-bd0abfb8c8c0)
2019-08-04 09:23:02.550 22705 RALLYDEBUG rally_openstack.cleanup.manager [-] Deleting neutron.network object s_rally_f08bd289_rutsQ9T6 (f1302998-3306-49e4-b743-c92a3a7f6eda)
