2019-08-04 09:42:14.545 22705 RALLYDEBUG rally_openstack.cleanup.manager [-] Deleting neutron.port object s_rally_b4fab2e5_pj9t8EU4 (dee34604-5f0e-42cb-8d7f-1e9c2c04d11f)
2019-08-04 09:42:14.638 22705 RALLYDEBUG rally_openstack.cleanup.manager [-] Deleting neutron.port object s_rally_b4fab2e5_ebqZsaNf (df2f0d7b-aad7-46ab-9734-9cea7137aa24)
2019-08-04 09:42:14.917 22705 RALLYDEBUG rally_openstack.cleanup.manager [-] Deleting neutron.port object s_rally_b4fab2e5_73Q18jbq (df6d92e2-07e5-42c4-a09f-4e6a3dbc23c4)
2019-08-04 09:42:14.933 22705 RALLYDEBUG rally_openstack.cleanup.manager [-] Deleting neutron.port object s_rally_b4fab2e5_jagS3kMx (df93e482-26ff-4666-89de-dae722718c2b)
2019-08-04 09:42:15.662 22705 RALLYDEBUG rally_openstack.cleanup.manager [-] Deleting neutron.port object s_rally_b4fab2e5_FXF5KjuP (e07aecf9-12e5-46a8-bf9a-f46a1c38c4d0)
2019-08-04 09:42:15.668 22705 RALLYDEBUG rally_openstack.cleanup.manager [-] Deleting neutron.port object s_rally_b4fab2e5_7iUAYKyV (e0879433-c612-4997-93a6-9c917ba870a3)
2019-08-04 09:42:15.677 22705 RALLYDEBUG rally_openstack.cleanup.manager [-] Deleting neutron.port object s_rally_b4fab2e5_d4GXOkZJ (e0dbd1d4-f967-4d33-86f0-be60aef31e64)
2019-08-04 09:42:16.127 22705 RALLYDEBUG rally_openstack.cleanup.manager [-] Deleting neutron.port object s_rally_b4fab2e5_aWR4nN1M (e1cdbdc0-6e03-4e04-9d25-b70a399ebc50)
2019-08-04 09:42:16.131 22705 RALLYDEBUG rally_openstack.cleanup.manager [-] Deleting neutron.port object s_rally_b4fab2e5_Ye4XNrQZ (e3db940c-1b3e-4438-bf2e-f99fd334434b)
2019-08-04 09:42:16.224 22705 RALLYDEBUG rally_openstack.cleanup.manager [-] Deleting neutron.port object s_rally_b4fab2e5_h5N5tHMG (e5201ce1-9373-4d35-9a35-ddf19c8e81f9)
2019-08-04 09:42:16.319 22705 RALLYDEBUG rally_openstack.cleanup.manager [-] Deleting neutron.port object s_rally_b4fab2e5_pLD7yy2H (e6572520-7996-4b45-abb1-3098175e3811)
2019-08-04 09:42:16.338 22705 RALLYDEBUG rally_openstack.cleanup.manager [-] Deleting neutron.port object s_rally_b4fab2e5_r319cLlH (e69fa72a-8290-44d4-bf2a-b6762a74497c)
2019-08-04 09:42:16.380 22705 RALLYDEBUG rally_openstack.cleanup.manager [-] Deleting neutron.port object s_rally_b4fab2e5_JS434fl2 (e957237b-69c4-4549-9dd6-1d1678d64b89)
2019-08-04 09:42:16.433 22705 RALLYDEBUG rally_openstack.cleanup.manager [-] Deleting neutron.port object s_rally_b4fab2e5_HDFfuutB (e982b075-b56f-4329-bc6a-fd2e2c58946c)
2019-08-04 09:42:16.469 22705 RALLYDEBUG rally_openstack.cleanup.manager [-] Deleting neutron.port object s_rally_b4fab2e5_CyaLvXvG (eab074ce-e9ae-48d1-b177-ba97a24f3e1e)
2019-08-04 09:42:16.476 22705 RALLYDEBUG rally_openstack.cleanup.manager [-] Deleting neutron.port object s_rally_b4fab2e5_13gSdiPR (eac9d58c-55e8-4022-b757-73ac9625baa2)
2019-08-04 09:42:16.492 22705 RALLYDEBUG rally_openstack.cleanup.manager [-] Deleting neutron.port object s_rally_b4fab2e5_AoFpBGxc (eaea3445-6c58-42c9-9189-4c67ae333333)
2019-08-04 09:42:16.608 22705 RALLYDEBUG rally_openstack.cleanup.manager [-] Deleting neutron.port object s_rally_b4fab2e5_YHys3w8f (eb6a9c08-9cbd-4fc6-a25f-281731c87e92)
2019-08-04 09:42:16.808 22705 RALLYDEBUG rally_openstack.cleanup.manager [-] Deleting neutron.port object s_rally_b4fab2e5_lhVOlMOP (ec629d32-b61f-4888-90e1-01adc78c74c9)
2019-08-04 09:42:16.822 22705 RALLYDEBUG rally_openstack.cleanup.manager [-] Deleting neutron.port object s_rally_b4fab2e5_c8ImZRbY (ed9d6798-9579-4f5f-ad8c-10d3caf47c6f)
2019-08-04 09:42:17.319 22705 RALLYDEBUG rally_openstack.cleanup.manager [-] Deleting neutron.port object s_rally_b4fab2e5_4jMHngDy (edaf582d-ca36-4851-878b-8c0113a3bae2)
2019-08-04 09:42:17.506 22705 RALLYDEBUG rally_openstack.cleanup.manager [-] Deleting neutron.port object s_rally_b4fab2e5_g57A8GiK (ee1a81a3-abd7-45d9-9d24-73d1026564c9)
2019-08-04 09:42:17.834 22705 RALLYDEBUG rally_openstack.cleanup.manager [-] Deleting neutron.port object s_rally_b4fab2e5_huTwRGkf (ee6347bc-4c12-40ed-bb8d-5743da3257ff)
2019-08-04 09:42:17.858 22705 RALLYDEBUG rally_openstack.cleanup.manager [-] Deleting neutron.port object s_rally_b4fab2e5_yKBw2MSa (eef2c6c4-bf3e-4459-8d75-a0b888f0ee40)
2019-08-04 09:42:18.138 22705 RALLYDEBUG rally_openstack.cleanup.manager [-] Deleting neutron.port object s_rally_b4fab2e5_qQbUOKd0 (ef86a45e-87dd-469b-95b3-ecf540ad0b4e)
2019-08-04 09:42:18.461 22705 RALLYDEBUG rally_openstack.cleanup.manager [-] Deleting neutron.port object s_rally_b4fab2e5_Y60QnWlz (f0284ff5-e929-4c24-971e-3360a090f452)
2019-08-04 09:42:18.655 22705 RALLYDEBUG rally_openstack.cleanup.manager [-] Deleting neutron.port object s_rally_b4fab2e5_W9c5VB7c (f069bc21-f8dc-4cf1-82f1-da29e0639d73)
2019-08-04 09:42:19.099 22705 RALLYDEBUG rally_openstack.cleanup.manager [-] Deleting neutron.port object s_rally_b4fab2e5_wVaieTlg (f0fe9925-eec5-456e-8d95-067a61afc2d9)
2019-08-04 09:42:19.338 22705 RALLYDEBUG rally_openstack.cleanup.manager [-] Deleting neutron.port object s_rally_b4fab2e5_ryINCphK (f1073002-9e80-4ba7-bb99-602ba0269ac5)
2019-08-04 09:42:19.392 22705 RALLYDEBUG rally_openstack.cleanup.manager [-] Deleting neutron.port object s_rally_b4fab2e5_JYYhsk4E (f15dc9c6-3093-48a3-b372-720574b294d8)
2019-08-04 09:42:19.425 22705 RALLYDEBUG rally_openstack.cleanup.manager [-] Deleting neutron.port object s_rally_b4fab2e5_RrK2JHo1 (f17d4b1c-71ba-4271-b4a9-abac663ec493)
2019-08-04 09:42:19.546 22705 RALLYDEBUG rally_openstack.cleanup.manager [-] Deleting neutron.port object s_rally_b4fab2e5_L26OwuBD (f20ffcbc-2b23-407d-9215-e45be5b1da6b)
2019-08-04 09:42:19.683 22705 RALLYDEBUG rally_openstack.cleanup.manager [-] Deleting neutron.port object s_rally_b4fab2e5_qSRui6Gi (f2229f4c-bc06-47f8-bfdc-6f01c18488f1)
2019-08-04 09:42:19.728 22705 RALLYDEBUG rally_openstack.cleanup.manager [-] Deleting neutron.port object s_rally_b4fab2e5_kgtFUXot (f293631d-5b70-4a05-a889-7547f81b625c)
2019-08-04 09:42:20.235 22705 RALLYDEBUG rally_openstack.cleanup.manager [-] Deleting neutron.port object s_rally_b4fab2e5_FhdhjgSi (f3066da3-76b4-40ee-a10f-04704090e34a)
2019-08-04 09:42:20.295 22705 RALLYDEBUG rally_openstack.cleanup.manager [-] Deleting neutron.port object s_rally_b4fab2e5_mBKkF1uD (f39c3a61-68b2-4e3a-9932-0ddbcc32a0a1)
2019-08-04 09:42:20.338 22705 RALLYDEBUG rally_openstack.cleanup.manager [-] Deleting neutron.port object s_rally_b4fab2e5_RsA5Ckq6 (f3d4fba7-5e06-4f79-b268-ac84ea7d8163)
2019-08-04 09:42:20.344 22705 RALLYDEBUG rally_openstack.cleanup.manager [-] Deleting neutron.port object s_rally_b4fab2e5_cNTXN0Iv (f4030b3c-98b8-4d2f-a381-dc86edfa1a56)
2019-08-04 09:42:20.589 22705 RALLYDEBUG rally_openstack.cleanup.manager [-] Deleting neutron.port object s_rally_b4fab2e5_EVpFEzVE (f470a802-3239-434d-ba55-3ba373e5df57)
2019-08-04 09:42:20.670 22705 RALLYDEBUG rally_openstack.cleanup.manager [-] Deleting neutron.port object s_rally_b4fab2e5_KO6ueycn (f4f4fa51-e0ce-469b-b7c0-bf63245a7ea0)
2019-08-04 09:42:20.835 22705 RALLYDEBUG rally_openstack.cleanup.manager [-] Deleting neutron.port object s_rally_b4fab2e5_sUIeK1No (f53896b7-3f57-4713-a9f5-3a630fce1619)
2019-08-04 09:42:20.858 22705 RALLYDEBUG rally_openstack.cleanup.manager [-] Deleting neutron.port object s_rally_b4fab2e5_nrUUVgQP (f58c718b-bc06-4591-a5a8-350eff0afd64)
2019-08-04 09:42:20.866 22705 RALLYDEBUG rally_openstack.cleanup.manager [-] Deleting neutron.port object s_rally_b4fab2e5_W3K1wNQC (f7587eea-a8f8-4471-9532-9070a8d84be5)
2019-08-04 09:42:20.875 22705 RALLYDEBUG rally_openstack.cleanup.manager [-] Deleting neutron.port object s_rally_b4fab2e5_UmClpxon (f79b4a17-ad55-4631-847c-3dc85dcc9af6)
2019-08-04 09:42:21.153 22705 RALLYDEBUG rally_openstack.cleanup.manager [-] Deleting neutron.port object s_rally_b4fab2e5_DdFSKC0q (f886dda8-a4fc-4272-bf19-b334b19f03f1)
2019-08-04 09:42:21.249 22705 RALLYDEBUG rally_openstack.cleanup.manager [-] Deleting neutron.port object s_rally_b4fab2e5_viHWFjP7 (f8ed6213-c658-44af-bd89-4d36759b3c86)
2019-08-04 09:42:21.278 22705 RALLYDEBUG rally_openstack.cleanup.manager [-] Deleting neutron.port object s_rally_b4fab2e5_GrgJQ7Y8 (fa3c9dcd-af15-401e-9f08-75534d507699)
2019-08-04 09:42:21.452 22705 RALLYDEBUG rally_openstack.cleanup.manager [-] Deleting neutron.port object s_rally_b4fab2e5_zif8Zcap (fa5717a7-2804-46a1-9997-803b252ec1ad)
2019-08-04 09:42:21.769 22705 RALLYDEBUG rally_openstack.cleanup.manager [-] Deleting neutron.port object s_rally_b4fab2e5_cRbGYGc0 (faca7d3e-06a4-442b-802f-252235f4f41e)
2019-08-04 09:42:21.986 22705 RALLYDEBUG rally_openstack.cleanup.manager [-] Deleting neutron.port object s_rally_b4fab2e5_IHVywvZh (fb6d95e1-8e92-4f05-8287-c5c9eaf608ac)
2019-08-04 09:42:22.011 22705 RALLYDEBUG rally_openstack.cleanup.manager [-] Deleting neutron.port object s_rally_b4fab2e5_YroMYJj9 (fbae4ae9-010e-482b-a891-339e2941c3b7)
2019-08-04 09:42:22.194 22705 RALLYDEBUG rally_openstack.cleanup.manager [-] Deleting neutron.port object s_rally_b4fab2e5_KoXdOj9s (fbb2c162-4af4-435f-b813-a5a6f77b7219)
2019-08-04 09:42:22.433 22705 RALLYDEBUG rally_openstack.cleanup.manager [-] Deleting neutron.port object s_rally_b4fab2e5_3FGV7VhX (fd0e2554-ae83-4923-ac5c-a09cd88ed9bc)
2019-08-04 09:42:22.473 22705 RALLYDEBUG rally_openstack.cleanup.manager [-] Deleting neutron.port object s_rally_b4fab2e5_ZtnXgrfn (fd51d3b8-e49b-4121-bfa4-6b96870bac1f)
2019-08-04 09:42:22.594 22705 RALLYDEBUG rally_openstack.cleanup.manager [-] Deleting neutron.port object s_rally_b4fab2e5_FjlxydRa (fe01831f-23aa-4317-aba2-394841217074)
2019-08-04 09:42:22.875 22705 RALLYDEBUG rally_openstack.cleanup.manager [-] Deleting neutron.port object s_rally_b4fab2e5_kvmZhVBm (fe2cf032-1727-44d6-9406-06ce9b0cca5c)
2019-08-04 09:42:23.157 22705 RALLYDEBUG rally_openstack.cleanup.manager [-] Deleting neutron.port object s_rally_b4fab2e5_j9T7MtMt (fec20a90-bd43-442b-9d8d-ed666df3f91a)
2019-08-04 09:42:23.231 22705 RALLYDEBUG rally_openstack.cleanup.manager [-] Deleting neutron.port object s_rally_b4fab2e5_CNIJKcb8 (fefcd19b-72cb-49b6-9b55-c183a77ba2a3)
2019-08-04 09:42:23.300 22705 RALLYDEBUG rally_openstack.cleanup.manager [-] Deleting neutron.port object s_rally_b4fab2e5_lXKg89Yk (ff244425-5368-4de0-a6fa-16f0b3936795)
2019-08-04 09:42:23.413 22705 RALLYDEBUG rally_openstack.cleanup.manager [-] Deleting neutron.port object s_rally_b4fab2e5_uKYdejo4 (ff910935-ecdb-46d3-be5a-c0894f5e2b72)
2019-08-04 09:42:26.381 22705 RALLYDEBUG rally_openstack.cleanup.manager [-] Cleaning up neutron subnet objects
2019-08-04 09:42:27.024 22705 RALLYDEBUG rally_openstack.cleanup.manager [-] Cleaning up neutron network objects
2019-08-04 09:42:27.777 22705 RALLYDEBUG rally_openstack.cleanup.manager [-] Deleting neutron.network object s_rally_b4fab2e5_kue9Hy38 (1f0c84a4-ae7e-4a8f-9a31-5145da4bc0fb)
2019-08-04 09:42:27.785 22705 RALLYDEBUG rally_openstack.cleanup.manager [-] Deleting neutron.network object s_rally_b4fab2e5_MK1t9OhS (c478887f-2a5a-411e-90e9-aa62e152877b)
2019-08-04 09:42:27.794 22705 RALLYDEBUG rally_openstack.cleanup.manager [-] Deleting neutron.network object s_rally_b4fab2e5_G37rCkXB (cf6daef0-c9ea-4d59-b7d5-49935ae46627)
2019-08-04 09:42:27.794 22705 RALLYDEBUG rally_openstack.cleanup.manager [-] Deleting neutron.network object s_rally_b4fab2e5_Ff5NpE99 (c51b266c-d382-4718-bbf7-b15676c4aab1)
2019-08-04 09:42:27.797 22705 RALLYDEBUG rally_openstack.cleanup.manager [-] Deleting neutron.network object s_rally_b4fab2e5_QQ0joaAG (bec922f2-0637-4bb3-9a46-2c86e2f4b942)
2019-08-04 09:42:27.803 22705 RALLYDEBUG rally_openstack.cleanup.manager [-] Deleting neutron.network object s_rally_b4fab2e5_XfzHc2xF (e3bb28e8-f9a7-4f81-9c2a-78d1ed7764e9)
2019-08-04 09:42:27.806 22705 RALLYDEBUG rally_openstack.cleanup.manager [-] Deleting neutron.network object s_rally_b4fab2e5_sj5RzsCs (fb5791e8-c098-4c9f-ae1c-cdd4676ef126)
2019-08-04 09:42:27.812 22705 RALLYDEBUG rally_openstack.cleanup.manager [-] Deleting neutron.network object s_rally_b4fab2e5_5JCwR7wl (fc227025-d62f-4fdd-b23c-8190c0f70358)
2019-08-04 09:42:31.123 22705 RALLYDEBUG rally_openstack.cleanup.manager [-] Cleaning up neutron router objects
2019-08-04 09:42:31.808 22705 RALLYDEBUG rally_openstack.cleanup.manager [-] Cleaning up neutron security_group objects
2019-08-04 09:42:32.594 22705 INFO rally.task.context [-] Task cb7b0966-b91d-4d2b-9c8d-33b7e73db882 | Context cleanup@openstack cleanup() finished in 1.31 min
2019-08-04 09:42:32.594 22705 INFO rally.task.context [-] Task cb7b0966-b91d-4d2b-9c8d-33b7e73db882 | Context quotas@openstack cleanup() started
2019-08-04 09:42:32.823 22705 INFO rally.task.context [-] Task cb7b0966-b91d-4d2b-9c8d-33b7e73db882 | Context quotas@openstack cleanup() finished in 0.23 sec
2019-08-04 09:42:32.823 22705 INFO rally.task.context [-] Task cb7b0966-b91d-4d2b-9c8d-33b7e73db882 | Context users@openstack cleanup() started
2019-08-04 09:42:37.102 22705 INFO rally.task.context [-] Task cb7b0966-b91d-4d2b-9c8d-33b7e73db882 | Context users@openstack cleanup() finished in 4.28 sec
2019-08-04 09:42:37.279 22705 INFO rally.task.engine [-] Load duration is: 137.645275
2019-08-04 09:42:37.280 22705 INFO rally.task.engine [-] Full runner duration is: 137.691501
2019-08-04 09:42:37.280 22705 INFO rally.task.engine [-] Full duration is: 226.624664
2019-08-04 09:42:37.554 22705 INFO rally.task.engine [-] Running workload: position = 1 config = { "version": 2, "title": "A cropped version of a bigger task.", "description": "Auto-generated task from a single workload (uuid=0f33f9e9-4f35-408b-aad0-559b756c61cc)", "subtasks": [ { "title": "NeutronNetworks.create_and_update_ports", "description": "Create and update a given number of ports.", "scenario": { "NeutronNetworks.create_and_update_ports": { "network_create_args": {}, "port_create_args": {}, "ports_per_network": 5, "port_update_args": { "admin_state_up": false, "device_id": "dummy_id", "device_owner": "dummy_owner", "name": "_port_updated" } } }, "contexts": { "users": { "tenants": 1, "users_per_tenant": 1 }, "quotas": { "neutron": { "network": -1, "port": -1 } } }, "runner": { "constant": { "times": 40, "concurrency": 20 } }, "hooks": [], "sla": { "failure_rate": { "max": 0 } } } ] }
2019-08-04 09:42:37.577 22705 RALLYDEBUG rally_openstack.contexts.keystone.users [-] Creating 1 tenants using 20 threads
2019-08-04 09:42:39.448 22705 RALLYDEBUG rally_openstack.contexts.keystone.users [-] Creating 1 users using 20 threads
2019-08-04 09:42:42.003 22705 INFO rally.task.context [-] Task cb7b0966-b91d-4d2b-9c8d-33b7e73db882 | Context users@openstack setup() finished in 4.43 sec
2019-08-04 09:42:42.804 22705 INFO rally.task.context [-] Task cb7b0966-b91d-4d2b-9c8d-33b7e73db882 | Context quotas@openstack setup() finished in 0.80 sec
2019-08-04 09:42:42.804 22705 INFO rally.task.context [-] Task cb7b0966-b91d-4d2b-9c8d-33b7e73db882 | Context cleanup@openstack setup() finished in 0.01 msec
2019-08-04 09:42:42.812 22705 RALLYDEBUG rally.task.runner [-] Starting the constant runner (task UUID: cb7b0966-b91d-4d2b-9c8d-33b7e73db882). timeout: 0 concurrency: 20 concurrency_per_worker: 1 times: 40 concurrency_overhead: 4 processes_to_start: 16 max_cpu_used: 16
2019-08-04 09:42:42.825 26581 RALLYDEBUG rally.task.runner [-] Starting a worker. concurrency: 2 args: {"network_create_args": {}, "port_create_args": {}, "ports_per_network": 5, "port_update_args": {"admin_state_up": false, "device_id": "dummy_id", "device_owner": "dummy_owner", "name": "_port_updated"}} times: 40 method_name: run timeout: 0 duration: None cls:
2019-08-04 09:42:42.828 26582 RALLYDEBUG rally.task.runner [-] Starting a worker. concurrency: 2 args: {"network_create_args": {}, "port_create_args": {}, "ports_per_network": 5, "port_update_args": {"admin_state_up": false, "device_id": "dummy_id", "device_owner": "dummy_owner", "name": "_port_updated"}} times: 40 method_name: run timeout: 0 duration: None cls:
2019-08-04 09:42:42.830 26583 RALLYDEBUG rally.task.runner [-] Starting a worker. concurrency: 2 args: {"network_create_args": {}, "port_create_args": {}, "ports_per_network": 5, "port_update_args": {"admin_state_up": false, "device_id": "dummy_id", "device_owner": "dummy_owner", "name": "_port_updated"}} times: 40 method_name: run timeout: 0 duration: None cls:
2019-08-04 09:42:42.831 26581 INFO rally.task.runner [-] Task cb7b0966-b91d-4d2b-9c8d-33b7e73db882 | ITER: 1 START
2019-08-04 09:42:42.833 26584 RALLYDEBUG rally.task.runner [-] Starting a worker. concurrency: 2 args: {"network_create_args": {}, "port_create_args": {}, "ports_per_network": 5, "port_update_args": {"admin_state_up": false, "device_id": "dummy_id", "device_owner": "dummy_owner", "name": "_port_updated"}} times: 40 method_name: run timeout: 0 duration: None cls:
2019-08-04 09:42:42.836 26581 WARNING rally_openstack.scenarios.neutron.utils [-] Running this scenario without either the 'network' or 'existing_network' context is deprecated
2019-08-04 09:42:42.837 26586 RALLYDEBUG rally.task.runner [-] Starting a worker. concurrency: 1 args: {"network_create_args": {}, "port_create_args": {}, "ports_per_network": 5, "port_update_args": {"admin_state_up": false, "device_id": "dummy_id", "device_owner": "dummy_owner", "name": "_port_updated"}} times: 40 method_name: run timeout: 0 duration: None cls:
2019-08-04 09:42:42.837 26583 INFO rally.task.runner [-] Task cb7b0966-b91d-4d2b-9c8d-33b7e73db882 | ITER: 4 START
2019-08-04 09:42:42.837 26582 INFO rally.task.runner [-] Task cb7b0966-b91d-4d2b-9c8d-33b7e73db882 | ITER: 2 START
2019-08-04 09:42:42.840 26583 WARNING rally_openstack.scenarios.neutron.utils [-] Running this scenario without either the 'network' or 'existing_network' context is deprecated
2019-08-04 09:42:42.842 26582 INFO rally.task.runner [-] Task cb7b0966-b91d-4d2b-9c8d-33b7e73db882 | ITER: 5 START
2019-08-04 09:42:42.842 26582 WARNING rally_openstack.scenarios.neutron.utils [-] Running this scenario without either the 'network' or 'existing_network' context is deprecated
2019-08-04 09:42:42.842 26589 RALLYDEBUG rally.task.runner [-] Starting a worker. concurrency: 1 args: {"network_create_args": {}, "port_create_args": {}, "ports_per_network": 5, "port_update_args": {"admin_state_up": false, "device_id": "dummy_id", "device_owner": "dummy_owner", "name": "_port_updated"}} times: 40 method_name: run timeout: 0 duration: None cls:
2019-08-04 09:42:42.844 26586 INFO rally.task.runner [-] Task cb7b0966-b91d-4d2b-9c8d-33b7e73db882 | ITER: 8 START
2019-08-04 09:42:42.846 26586 WARNING rally_openstack.scenarios.neutron.utils [-] Running this scenario without either the 'network' or 'existing_network' context is deprecated
2019-08-04 09:42:42.845 26596 RALLYDEBUG rally.task.runner [-] Starting a worker. concurrency: 1 args: {"network_create_args": {}, "port_create_args": {}, "ports_per_network": 5, "port_update_args": {"admin_state_up": false, "device_id": "dummy_id", "device_owner": "dummy_owner", "name": "_port_updated"}} times: 40 method_name: run timeout: 0 duration: None cls:
2019-08-04 09:42:42.845 26584 INFO rally.task.runner [-] Task cb7b0966-b91d-4d2b-9c8d-33b7e73db882 | ITER: 7 START
2019-08-04 09:42:42.847 26595 RALLYDEBUG rally.task.runner [-] Starting a worker. concurrency: 1 args: {"network_create_args": {}, "port_create_args": {}, "ports_per_network": 5, "port_update_args": {"admin_state_up": false, "device_id": "dummy_id", "device_owner": "dummy_owner", "name": "_port_updated"}} times: 40 method_name: run timeout: 0 duration: None cls:
2019-08-04 09:42:42.849 26584 WARNING rally_openstack.scenarios.neutron.utils [-] Running this scenario without either the 'network' or 'existing_network' context is deprecated
2019-08-04 09:42:42.841 26581 INFO rally.task.runner [-] Task cb7b0966-b91d-4d2b-9c8d-33b7e73db882 | ITER: 3 START
2019-08-04 09:42:42.847 26584 INFO rally.task.runner [-] Task cb7b0966-b91d-4d2b-9c8d-33b7e73db882 | ITER: 9 START
2019-08-04 09:42:42.850 26582 WARNING rally_openstack.scenarios.neutron.utils [-] Running this scenario without either the 'network' or 'existing_network' context is deprecated
2019-08-04 09:42:42.851 26596 INFO rally.task.runner [-] Task cb7b0966-b91d-4d2b-9c8d-33b7e73db882 | ITER: 11 START
2019-08-04 09:42:42.851 26589 INFO rally.task.runner [-] Task cb7b0966-b91d-4d2b-9c8d-33b7e73db882 | ITER: 10 START
2019-08-04 09:42:42.851 26581 WARNING rally_openstack.scenarios.neutron.utils [-] Running this scenario without either the 'network' or 'existing_network' context is deprecated
2019-08-04 09:42:42.853 26596 WARNING rally_openstack.scenarios.neutron.utils [-] Running this scenario without either the 'network' or 'existing_network' context is deprecated
2019-08-04 09:42:42.853 26589 WARNING rally_openstack.scenarios.neutron.utils [-] Running this scenario without either the 'network' or 'existing_network' context is deprecated
2019-08-04 09:42:42.853 26600 RALLYDEBUG rally.task.runner [-] Starting a worker. concurrency: 1 args: {"network_create_args": {}, "port_create_args": {}, "ports_per_network": 5, "port_update_args": {"admin_state_up": false, "device_id": "dummy_id", "device_owner": "dummy_owner", "name": "_port_updated"}} times: 40 method_name: run timeout: 0 duration: None cls:
2019-08-04 09:42:42.853 26603 RALLYDEBUG rally.task.runner [-] Starting a worker. concurrency: 1 args: {"network_create_args": {}, "port_create_args": {}, "ports_per_network": 5, "port_update_args": {"admin_state_up": false, "device_id": "dummy_id", "device_owner": "dummy_owner", "name": "_port_updated"}} times: 40 method_name: run timeout: 0 duration: None cls:
2019-08-04 09:42:42.854 26583 INFO rally.task.runner [-] Task cb7b0966-b91d-4d2b-9c8d-33b7e73db882 | ITER: 6 START
2019-08-04 09:42:42.855 26583 WARNING rally_openstack.scenarios.neutron.utils [-] Running this scenario without either the 'network' or 'existing_network' context is deprecated
2019-08-04 09:42:42.855 26595 INFO rally.task.runner [-] Task cb7b0966-b91d-4d2b-9c8d-33b7e73db882 | ITER: 12 START
2019-08-04 09:42:42.856 26584 WARNING rally_openstack.scenarios.neutron.utils [-] Running this scenario without either the 'network' or 'existing_network' context is deprecated
2019-08-04 09:42:42.857 26595 WARNING rally_openstack.scenarios.neutron.utils [-] Running this scenario without either the 'network' or 'existing_network' context is deprecated
2019-08-04 09:42:42.859 26600 INFO rally.task.runner [-] Task cb7b0966-b91d-4d2b-9c8d-33b7e73db882 | ITER: 13 START
2019-08-04 09:42:42.860 26600 WARNING rally_openstack.scenarios.neutron.utils [-] Running this scenario without either the 'network' or 'existing_network' context is deprecated
2019-08-04 09:42:42.861 26609 RALLYDEBUG rally.task.runner [-] Starting a worker. concurrency: 1 args: {"network_create_args": {}, "port_create_args": {}, "ports_per_network": 5, "port_update_args": {"admin_state_up": false, "device_id": "dummy_id", "device_owner": "dummy_owner", "name": "_port_updated"}} times: 40 method_name: run timeout: 0 duration: None cls:
2019-08-04 09:42:42.865 26603 INFO rally.task.runner [-] Task cb7b0966-b91d-4d2b-9c8d-33b7e73db882 | ITER: 14 START
2019-08-04 09:42:42.866 26612 RALLYDEBUG rally.task.runner [-] Starting a worker. concurrency: 1 args: {"network_create_args": {}, "port_create_args": {}, "ports_per_network": 5, "port_update_args": {"admin_state_up": false, "device_id": "dummy_id", "device_owner": "dummy_owner", "name": "_port_updated"}} times: 40 method_name: run timeout: 0 duration: None cls:
2019-08-04 09:42:42.867 26603 WARNING rally_openstack.scenarios.neutron.utils [-] Running this scenario without either the 'network' or 'existing_network' context is deprecated
2019-08-04 09:42:42.867 26609 INFO rally.task.runner [-] Task cb7b0966-b91d-4d2b-9c8d-33b7e73db882 | ITER: 15 START
2019-08-04 09:42:42.870 26609 WARNING rally_openstack.scenarios.neutron.utils [-] Running this scenario without either the 'network' or 'existing_network' context is deprecated
2019-08-04 09:42:42.877 26612 INFO rally.task.runner [-] Task cb7b0966-b91d-4d2b-9c8d-33b7e73db882 | ITER: 16 START
2019-08-04 09:42:42.879 26612 WARNING rally_openstack.scenarios.neutron.utils [-] Running this scenario without either the 'network' or 'existing_network' context is deprecated
2019-08-04 09:42:42.879 26619 RALLYDEBUG rally.task.runner [-] Starting a worker. concurrency: 1 args: {"network_create_args": {}, "port_create_args": {}, "ports_per_network": 5, "port_update_args": {"admin_state_up": false, "device_id": "dummy_id", "device_owner": "dummy_owner", "name": "_port_updated"}} times: 40 method_name: run timeout: 0 duration: None cls:
2019-08-04 09:42:42.891 26619 INFO rally.task.runner [-] Task cb7b0966-b91d-4d2b-9c8d-33b7e73db882 | ITER: 17 START
2019-08-04 09:42:42.891 26622 RALLYDEBUG rally.task.runner [-] Starting a worker. concurrency: 1 args: {"network_create_args": {}, "port_create_args": {}, "ports_per_network": 5, "port_update_args": {"admin_state_up": false, "device_id": "dummy_id", "device_owner": "dummy_owner", "name": "_port_updated"}} times: 40 method_name: run timeout: 0 duration: None cls:
2019-08-04 09:42:42.893 26619 WARNING rally_openstack.scenarios.neutron.utils [-] Running this scenario without either the 'network' or 'existing_network' context is deprecated
2019-08-04 09:42:42.892 26625 RALLYDEBUG rally.task.runner [-] Starting a worker. concurrency: 1 args: {"network_create_args": {}, "port_create_args": {}, "ports_per_network": 5, "port_update_args": {"admin_state_up": false, "device_id": "dummy_id", "device_owner": "dummy_owner", "name": "_port_updated"}} times: 40 method_name: run timeout: 0 duration: None cls:
2019-08-04 09:42:42.895 26626 RALLYDEBUG rally.task.runner [-] Starting a worker. concurrency: 1 args: {"network_create_args": {}, "port_create_args": {}, "ports_per_network": 5, "port_update_args": {"admin_state_up": false, "device_id": "dummy_id", "device_owner": "dummy_owner", "name": "_port_updated"}} times: 40 method_name: run timeout: 0 duration: None cls:
2019-08-04 09:42:42.896 26625 INFO rally.task.runner [-] Task cb7b0966-b91d-4d2b-9c8d-33b7e73db882 | ITER: 19 START
2019-08-04 09:42:42.896 26622 INFO rally.task.runner [-] Task cb7b0966-b91d-4d2b-9c8d-33b7e73db882 | ITER: 18 START
2019-08-04 09:42:42.898 26625 WARNING rally_openstack.scenarios.neutron.utils [-] Running this scenario without either the 'network' or 'existing_network' context is deprecated
2019-08-04 09:42:42.898 26622 WARNING rally_openstack.scenarios.neutron.utils [-] Running this scenario without either the 'network' or 'existing_network' context is deprecated
2019-08-04 09:42:42.899 26626 INFO rally.task.runner [-] Task cb7b0966-b91d-4d2b-9c8d-33b7e73db882 | ITER: 20 START
2019-08-04 09:42:42.900 26626 WARNING rally_openstack.scenarios.neutron.utils [-] Running this scenario without either the 'network' or 'existing_network' context is deprecated
2019-08-04 09:42:53.119 26586 INFO rally.task.runner [-] Task cb7b0966-b91d-4d2b-9c8d-33b7e73db882 | ITER: 8 END: OK
2019-08-04 09:42:53.124 26586 INFO rally.task.runner [-] Task cb7b0966-b91d-4d2b-9c8d-33b7e73db882 | ITER: 21 START
2019-08-04 09:42:53.125 26586 WARNING rally_openstack.scenarios.neutron.utils [-] Running this scenario without either the 'network' or 'existing_network' context is deprecated
2019-08-04 09:42:53.341 26600 INFO rally.task.runner [-] Task cb7b0966-b91d-4d2b-9c8d-33b7e73db882 | ITER: 13 END: OK
2019-08-04 09:42:53.345 26600 INFO rally.task.runner [-] Task cb7b0966-b91d-4d2b-9c8d-33b7e73db882 | ITER: 22 START
2019-08-04 09:42:53.346 26600 WARNING rally_openstack.scenarios.neutron.utils [-] Running this scenario without either the 'network' or 'existing_network' context is deprecated
2019-08-04 09:42:53.718 26612 INFO rally.task.runner [-] Task cb7b0966-b91d-4d2b-9c8d-33b7e73db882 | ITER: 16 END: OK
2019-08-04 09:42:53.722 26612 INFO rally.task.runner [-] Task cb7b0966-b91d-4d2b-9c8d-33b7e73db882 | ITER: 23 START
2019-08-04 09:42:53.723 26612 WARNING rally_openstack.scenarios.neutron.utils [-] Running this scenario without either the 'network' or 'existing_network' context is deprecated
2019-08-04 09:42:53.774 26626 INFO rally.task.runner [-] Task cb7b0966-b91d-4d2b-9c8d-33b7e73db882 | ITER: 20 END: OK
2019-08-04 09:42:53.778 26626 INFO rally.task.runner [-] Task cb7b0966-b91d-4d2b-9c8d-33b7e73db882 | ITER: 24 START
2019-08-04 09:42:53.778 26626 WARNING rally_openstack.scenarios.neutron.utils [-] Running this scenario without either the 'network' or 'existing_network' context is deprecated
2019-08-04 09:42:53.810 26609 INFO rally.task.runner [-] Task cb7b0966-b91d-4d2b-9c8d-33b7e73db882 | ITER: 15 END: OK
2019-08-04 09:42:53.814 26609 INFO rally.task.runner [-] Task cb7b0966-b91d-4d2b-9c8d-33b7e73db882 | ITER: 25 START
2019-08-04 09:42:53.814 26609 WARNING rally_openstack.scenarios.neutron.utils [-] Running this scenario without either the 'network' or 'existing_network' context is deprecated
2019-08-04 09:42:58.277 26622 INFO rally.task.runner [-] Task cb7b0966-b91d-4d2b-9c8d-33b7e73db882 | ITER: 18 END: OK
2019-08-04 09:42:58.281 26622 INFO rally.task.runner [-] Task cb7b0966-b91d-4d2b-9c8d-33b7e73db882 | ITER: 26 START
2019-08-04 09:42:58.282 26622 WARNING rally_openstack.scenarios.neutron.utils [-] Running this scenario without either the 'network' or 'existing_network' context is deprecated
2019-08-04 09:42:58.458 26619 INFO rally.task.runner [-] Task cb7b0966-b91d-4d2b-9c8d-33b7e73db882 | ITER: 17 END: OK
2019-08-04 09:42:58.462 26619 INFO rally.task.runner [-] Task cb7b0966-b91d-4d2b-9c8d-33b7e73db882 | ITER: 27 START
2019-08-04 09:42:58.462 26619 WARNING rally_openstack.scenarios.neutron.utils [-] Running this scenario without either the 'network' or 'existing_network' context is deprecated
2019-08-04 09:43:00.457 26584 INFO rally.task.runner [-] Task cb7b0966-b91d-4d2b-9c8d-33b7e73db882 | ITER: 9 END: OK
2019-08-04 09:43:00.462 26584 INFO rally.task.runner [-] Task cb7b0966-b91d-4d2b-9c8d-33b7e73db882 | ITER: 28 START
2019-08-04 09:43:00.462 26584 WARNING rally_openstack.scenarios.neutron.utils [-] Running this scenario without either the 'network' or 'existing_network' context is deprecated
2019-08-04 09:43:01.221 26625 INFO rally.task.runner [-] Task cb7b0966-b91d-4d2b-9c8d-33b7e73db882 | ITER: 19 END: OK
2019-08-04 09:43:01.226 26625 INFO rally.task.runner [-] Task cb7b0966-b91d-4d2b-9c8d-33b7e73db882 | ITER: 29 START
2019-08-04 09:43:01.227 26625 WARNING rally_openstack.scenarios.neutron.utils [-] Running this scenario without either the 'network' or 'existing_network' context is deprecated
2019-08-04 09:43:02.912 26586 INFO rally.task.runner [-] Task cb7b0966-b91d-4d2b-9c8d-33b7e73db882 | ITER: 21 END: OK
2019-08-04 09:43:02.915 26586 INFO rally.task.runner [-] Task cb7b0966-b91d-4d2b-9c8d-33b7e73db882 | ITER: 30 START
2019-08-04 09:43:02.916 26586 WARNING rally_openstack.scenarios.neutron.utils [-] Running this scenario without either the 'network' or 'existing_network' context is deprecated
2019-08-04 09:43:03.042 26600 INFO rally.task.runner [-] Task cb7b0966-b91d-4d2b-9c8d-33b7e73db882 | ITER: 22 END: OK
2019-08-04 09:43:03.046 26600 INFO rally.task.runner [-] Task cb7b0966-b91d-4d2b-9c8d-33b7e73db882 | ITER: 31 START
2019-08-04 09:43:03.047 26600 WARNING rally_openstack.scenarios.neutron.utils [-] Running this scenario without either the 'network' or 'existing_network' context is deprecated
2019-08-04 09:43:05.252 26581 INFO rally.task.runner [-] Task cb7b0966-b91d-4d2b-9c8d-33b7e73db882 | ITER: 1 END: OK
2019-08-04 09:43:05.256 26581 INFO rally.task.runner [-] Task cb7b0966-b91d-4d2b-9c8d-33b7e73db882 | ITER: 32 START
2019-08-04 09:43:05.256 26581 WARNING rally_openstack.scenarios.neutron.utils [-] Running this scenario without either the 'network' or 'existing_network' context is deprecated
2019-08-04 09:43:05.384 26595 INFO rally.task.runner [-] Task cb7b0966-b91d-4d2b-9c8d-33b7e73db882 | ITER: 12 END: OK
2019-08-04 09:43:05.388 26595 INFO rally.task.runner [-] Task cb7b0966-b91d-4d2b-9c8d-33b7e73db882 | ITER: 33 START
2019-08-04 09:43:05.389 26595 WARNING rally_openstack.scenarios.neutron.utils [-] Running this scenario without either the 'network' or 'existing_network' context is deprecated
2019-08-04 09:43:05.411 26596 INFO rally.task.runner [-] Task cb7b0966-b91d-4d2b-9c8d-33b7e73db882 | ITER: 11 END: OK
2019-08-04 09:43:05.415 26596 INFO rally.task.runner [-] Task cb7b0966-b91d-4d2b-9c8d-33b7e73db882 | ITER: 34 START
2019-08-04 09:43:05.415 26596 WARNING rally_openstack.scenarios.neutron.utils [-] Running this scenario without either the 'network' or 'existing_network' context is deprecated
2019-08-04 09:43:06.460 26609 INFO rally.task.runner [-] Task cb7b0966-b91d-4d2b-9c8d-33b7e73db882 | ITER: 25 END: OK
2019-08-04 09:43:06.464 26609 INFO rally.task.runner [-] Task cb7b0966-b91d-4d2b-9c8d-33b7e73db882 | ITER: 35 START
2019-08-04 09:43:06.465 26609 WARNING rally_openstack.scenarios.neutron.utils [-] Running this scenario without either the 'network' or 'existing_network' context is deprecated
2019-08-04 09:43:07.890 26622 INFO rally.task.runner [-] Task cb7b0966-b91d-4d2b-9c8d-33b7e73db882 | ITER: 26 END: OK
2019-08-04 09:43:07.894 26622 INFO rally.task.runner [-] Task cb7b0966-b91d-4d2b-9c8d-33b7e73db882 | ITER: 36 START
2019-08-04 09:43:07.895 26622 WARNING rally_openstack.scenarios.neutron.utils [-] Running this scenario without either the 'network' or 'existing_network' context is deprecated
2019-08-04 09:43:08.495 26619 INFO rally.task.runner [-] Task cb7b0966-b91d-4d2b-9c8d-33b7e73db882 | ITER: 27 END: OK
2019-08-04 09:43:08.500 26619 INFO rally.task.runner [-] Task cb7b0966-b91d-4d2b-9c8d-33b7e73db882 | ITER: 37 START
2019-08-04 09:43:08.500 26619 WARNING rally_openstack.scenarios.neutron.utils [-] Running this scenario without either the 'network' or 'existing_network' context is deprecated
2019-08-04 09:43:10.607 26612 INFO rally.task.runner [-] Task cb7b0966-b91d-4d2b-9c8d-33b7e73db882 | ITER: 23 END: OK
2019-08-04 09:43:10.611 26612 INFO rally.task.runner [-] Task cb7b0966-b91d-4d2b-9c8d-33b7e73db882 | ITER: 38 START
2019-08-04 09:43:10.612 26612 WARNING rally_openstack.scenarios.neutron.utils [-] Running this scenario without either the 'network' or 'existing_network' context is deprecated
2019-08-04 09:43:11.390 26626 INFO rally.task.runner [-] Task cb7b0966-b91d-4d2b-9c8d-33b7e73db882 | ITER: 24 END: OK
2019-08-04 09:43:11.394 26626 INFO rally.task.runner [-] Task cb7b0966-b91d-4d2b-9c8d-33b7e73db882 | ITER: 39 START
2019-08-04 09:43:11.395 26626 WARNING rally_openstack.scenarios.neutron.utils [-] Running this scenario without either the 'network' or 'existing_network' context is deprecated
2019-08-04 09:43:12.704 26584 INFO rally.task.runner [-] Task cb7b0966-b91d-4d2b-9c8d-33b7e73db882 | ITER: 28 END: OK
2019-08-04 09:43:12.711 26584 INFO rally.task.runner [-] Task cb7b0966-b91d-4d2b-9c8d-33b7e73db882 | ITER: 40 START
2019-08-04 09:43:12.712 26584 WARNING rally_openstack.scenarios.neutron.utils [-] Running this scenario without either the 'network' or 'existing_network' context is deprecated
2019-08-04 09:43:14.347 26625 INFO rally.task.runner [-] Task cb7b0966-b91d-4d2b-9c8d-33b7e73db882 | ITER: 29 END: OK
2019-08-04 09:43:16.001 26609 INFO rally.task.runner [-] Task cb7b0966-b91d-4d2b-9c8d-33b7e73db882 | ITER: 35 END: OK
2019-08-04 09:43:16.253 26581 INFO rally.task.runner [-] Task cb7b0966-b91d-4d2b-9c8d-33b7e73db882 | ITER: 32 END: OK
2019-08-04 09:43:16.748 26622 INFO rally.task.runner [-] Task cb7b0966-b91d-4d2b-9c8d-33b7e73db882 | ITER: 36 END: OK
2019-08-04 09:43:16.875 26586 INFO rally.task.runner [-] Task cb7b0966-b91d-4d2b-9c8d-33b7e73db882 | ITER: 30 END: OK
2019-08-04 09:43:16.876 26600 INFO rally.task.runner [-] Task cb7b0966-b91d-4d2b-9c8d-33b7e73db882 | ITER: 31 END: OK
2019-08-04 09:43:17.935 26583 INFO rally.task.runner [-] Task cb7b0966-b91d-4d2b-9c8d-33b7e73db882 | ITER: 4 END: OK
2019-08-04 09:43:17.967 26589 INFO rally.task.runner [-] Task cb7b0966-b91d-4d2b-9c8d-33b7e73db882 | ITER: 10 END: OK
2019-08-04 09:43:17.987 26596 INFO rally.task.runner [-] Task cb7b0966-b91d-4d2b-9c8d-33b7e73db882 | ITER: 34 END: OK
2019-08-04 09:43:18.154 26582 INFO rally.task.runner [-] Task cb7b0966-b91d-4d2b-9c8d-33b7e73db882 | ITER: 5 END: OK
2019-08-04 09:43:18.160 26583 INFO rally.task.runner [-] Task cb7b0966-b91d-4d2b-9c8d-33b7e73db882 | ITER: 6 END: OK
2019-08-04 09:43:18.163 26584 INFO rally.task.runner [-] Task cb7b0966-b91d-4d2b-9c8d-33b7e73db882 | ITER: 7 END: OK
2019-08-04 09:43:18.212 26603 INFO rally.task.runner [-] Task cb7b0966-b91d-4d2b-9c8d-33b7e73db882 | ITER: 14 END: OK
2019-08-04 09:43:18.229 26581 INFO rally.task.runner [-] Task cb7b0966-b91d-4d2b-9c8d-33b7e73db882 | ITER: 3 END: OK
2019-08-04 09:43:18.239 26582 INFO rally.task.runner [-] Task cb7b0966-b91d-4d2b-9c8d-33b7e73db882 | ITER: 2 END: OK
2019-08-04 09:43:18.488 26595 INFO rally.task.runner [-] Task cb7b0966-b91d-4d2b-9c8d-33b7e73db882 | ITER: 33 END: OK
2019-08-04 09:43:21.413 26612 INFO rally.task.runner [-] Task cb7b0966-b91d-4d2b-9c8d-33b7e73db882 | ITER: 38 END: OK
2019-08-04 09:43:21.803 26584 INFO rally.task.runner [-] Task cb7b0966-b91d-4d2b-9c8d-33b7e73db882 | ITER: 40 END: OK
2019-08-04 09:43:21.910 26619 INFO rally.task.runner [-] Task cb7b0966-b91d-4d2b-9c8d-33b7e73db882 | ITER: 37 END: OK
2019-08-04 09:43:23.753 26626 INFO rally.task.runner [-] Task cb7b0966-b91d-4d2b-9c8d-33b7e73db882 | ITER: 39 END: OK
2019-08-04 09:43:23.783 22705 INFO rally.task.context [-] Task cb7b0966-b91d-4d2b-9c8d-33b7e73db882 | Context cleanup@openstack cleanup() started
2019-08-04 09:43:23.786 22705 RALLYDEBUG rally_openstack.cleanup.manager [-] Cleaning up neutron vip objects
2019-08-04 09:43:24.516 22705 RALLYDEBUG rally_openstack.cleanup.manager [-] Cleaning up neutron health_monitor objects
2019-08-04 09:43:25.139 22705 RALLYDEBUG rally_openstack.cleanup.manager [-] Cleaning up neutron pool objects
2019-08-04 09:43:25.902 22705 RALLYDEBUG rally_openstack.cleanup.manager [-] Cleaning up neutron loadbalancer objects
2019-08-04 09:43:26.607 22705 RALLYDEBUG rally_openstack.cleanup.manager [-] Cleaning up neutron floatingip objects
2019-08-04 09:43:27.372 22705 RALLYDEBUG rally_openstack.cleanup.manager [-] Cleaning up neutron port objects
2019-08-04 09:43:28.571 22705 RALLYDEBUG rally_openstack.cleanup.manager [-] Deleting neutron.port object s_rally_0f33f9e9_jxzr5vSH (01960658-7729-4175-a0e1-a904bb5de1c2)
2019-08-04 09:43:28.575 22705 RALLYDEBUG rally_openstack.cleanup.manager [-] Deleting neutron.port object s_rally_0f33f9e9_yZwEP0xG (077e6242-197b-46c9-95c0-89512c73ed96)
2019-08-04 09:43:28.576 22705 RALLYDEBUG rally_openstack.cleanup.manager [-] Deleting neutron.port object s_rally_0f33f9e9_W51dubjj (02314296-c837-4d33-99b1-ab8287f042ac)
2019-08-04 09:43:28.584 22705 RALLYDEBUG rally_openstack.cleanup.manager [-] Deleting neutron.port object s_rally_0f33f9e9_XtXAGwew (083b42ec-f4f5-47e5-9c44-5cbc9b6edf5c)
2019-08-04 09:43:28.586 22705 RALLYDEBUG rally_openstack.cleanup.manager [-] Deleting neutron.port object s_rally_0f33f9e9_qKVJE7vk (06c80794-9765-4157-acc1-95720ed9e8f2)
2019-08-04 09:43:28.586 22705 RALLYDEBUG rally_openstack.cleanup.manager [-] Deleting neutron.port object s_rally_0f33f9e9_XDJ7A4Iw (04cf969d-0548-4001-9f77-bdaeb88a4ddd)
2019-08-04 09:43:28.590 22705 RALLYDEBUG rally_openstack.cleanup.manager [-] Deleting neutron.port object s_rally_0f33f9e9_Qylzgrm4 (08d7e9f4-f1ca-47b5-9c24-768a634f20bc)
2019-08-04 09:43:28.591 22705 RALLYDEBUG rally_openstack.cleanup.manager [-] Deleting neutron.port object s_rally_0f33f9e9_lQ7mROdt (009a22c5-43c7-40c4-ab9a-171093ea75fc)
2019-08-04 09:43:28.595 22705 RALLYDEBUG rally_openstack.cleanup.manager [-] Deleting neutron.port object s_rally_0f33f9e9_BmBdqRfi (0508644d-a069-4ca0-8ce6-de4222151562)
2019-08-04 09:43:28.596 22705 RALLYDEBUG rally_openstack.cleanup.manager [-] Deleting neutron.port object s_rally_0f33f9e9_DUiN6ZG1 (09208a8d-3c1c-4850-81d1-8ed6cf207062)
2019-08-04 09:43:28.612 22705 RALLYDEBUG rally_openstack.cleanup.manager [-] Deleting neutron.port object s_rally_0f33f9e9_mNDwyCv0 (0a0658ad-1e5b-47cf-bc59-125fe5da714b)
2019-08-04 09:43:28.626 22705 RALLYDEBUG rally_openstack.cleanup.manager [-] Deleting neutron.port object s_rally_0f33f9e9_p9LoJavo (0a2402d7-a2d2-4bd4-b029-b9b6e7b64f68)
2019-08-04 09:43:28.633 22705 RALLYDEBUG rally_openstack.cleanup.manager [-] Deleting neutron.port object s_rally_0f33f9e9_GcsMmIxn (0b39c26a-547c-4e31-8272-dd02975bba82)
2019-08-04 09:43:28.642 22705 RALLYDEBUG rally_openstack.cleanup.manager [-] Deleting neutron.port object s_rally_0f33f9e9_04l7ycdc (0d9d2521-9ead-42a3-949f-5af97412b02b)
2019-08-04 09:43:28.652 22705 RALLYDEBUG rally_openstack.cleanup.manager [-] Deleting neutron.port object s_rally_0f33f9e9_NSZZ7mYE (0ebb8fdc-de07-4a73-8ea6-c2e58858dd18)
2019-08-04 09:43:28.666 22705 RALLYDEBUG rally_openstack.cleanup.manager [-] Deleting neutron.port object s_rally_0f33f9e9_Iar0v8Wt (0f28f342-f8cc-4c86-bc09-3d54fd4c7441)
2019-08-04 09:43:28.682 22705 RALLYDEBUG rally_openstack.cleanup.manager [-] Deleting neutron.port object s_rally_0f33f9e9_zKgCTPRr (10839cf7-ab27-4a21-9200-22d51c648448)
2019-08-04 09:43:28.687 22705 RALLYDEBUG rally_openstack.cleanup.manager [-] Deleting neutron.port object s_rally_0f33f9e9_u3Pe4iQQ (10d1cd57-6b09-4cfd-9181-4b858fca8090)
2019-08-04 09:43:28.698 22705 RALLYDEBUG rally_openstack.cleanup.manager [-] Deleting neutron.port object s_rally_0f33f9e9_vr0bqpyR (13aabef2-f3b7-4dd1-9a48-99a25efd6488)
2019-08-04 09:43:28.698 22705 RALLYDEBUG rally_openstack.cleanup.manager [-] Deleting neutron.port object s_rally_0f33f9e9_OoCuqdpE (132b5c24-3fa7-4999-a218-6f08d12dfeb9)
2019-08-04 09:43:31.145 22705 RALLYDEBUG rally_openstack.cleanup.manager [-] Deleting neutron.port object s_rally_0f33f9e9_VllR3NGM (1475f80c-2068-423f-9537-ba921b2d8add)
2019-08-04 09:43:31.176 22705 RALLYDEBUG rally_openstack.cleanup.manager [-] Deleting neutron.port object s_rally_0f33f9e9_oLKTh1Rc (174c3e0c-ecb0-4753-a35b-6847297aa911)
2019-08-04 09:43:31.404 22705 RALLYDEBUG rally_openstack.cleanup.manager [-] Deleting neutron.port object s_rally_0f33f9e9_yL4iqlxM (189ccbe6-33fb-4d8d-aa51-be22df726c25)
2019-08-04 09:43:31.516 22705 RALLYDEBUG rally_openstack.cleanup.manager [-] Deleting neutron.port object s_rally_0f33f9e9_gXaS4cy2 (1b36617f-c0bb-4e69-8348-883e815f9536)
2019-08-04 09:43:32.668 22705 RALLYDEBUG rally_openstack.cleanup.manager [-] Deleting neutron.port object s_rally_0f33f9e9_odrYacS6 (1ba483cd-bfa2-4ced-bb6a-56f88bcc6f11)
2019-08-04 09:43:32.674 22705 RALLYDEBUG rally_openstack.cleanup.manager [-] Deleting neutron.port object s_rally_0f33f9e9_ZObdQjDK (1ba9c611-4811-4865-aca9-83a83254dc91)
2019-08-04 09:43:32.925 22705 RALLYDEBUG rally_openstack.cleanup.manager [-] Deleting neutron.port object s_rally_0f33f9e9_mxwtBAK9 (1dca8975-ee4d-4bd8-af74-2780b052f3db)
2019-08-04 09:43:33.389 22705 RALLYDEBUG rally_openstack.cleanup.manager [-] Deleting neutron.port object s_rally_0f33f9e9_VluP0uTO (1df3d6cc-6e56-4d6e-905b-bed733d0d01c)
2019-08-04 09:43:33.602 22705 RALLYDEBUG rally_openstack.cleanup.manager [-] Deleting neutron.port object s_rally_0f33f9e9_hydCOnVp (1e5bf407-2ae0-4fe9-86ed-300438a457e6)
2019-08-04 09:43:33.709 22705 RALLYDEBUG rally_openstack.cleanup.manager [-] Deleting neutron.port object s_rally_0f33f9e9_R4LPihSU (1f7c35c8-9ae3-4aa4-9044-12a72c08857a)
2019-08-04 09:43:34.078 22705 RALLYDEBUG rally_openstack.cleanup.manager [-] Deleting neutron.port object s_rally_0f33f9e9_ILZ7JITF (21ab1823-d864-477b-9b66-06e381538c9f)
2019-08-04 09:43:34.264 22705 RALLYDEBUG rally_openstack.cleanup.manager [-] Deleting neutron.port object s_rally_0f33f9e9_vymNJsrc (27c5516a-f8a9-4bff-959e-27922f084053)
2019-08-04 09:43:34.409 22705 RALLYDEBUG rally_openstack.cleanup.manager [-] Deleting neutron.port object s_rally_0f33f9e9_vRlxprey (27e33173-d2e7-4791-bc49-e3ad6d87cd46)
2019-08-04 09:43:34.544 22705 RALLYDEBUG rally_openstack.cleanup.manager [-] Deleting neutron.port object s_rally_0f33f9e9_CWNmR7H4 (282426cc-b4b7-4083-aabe-b0cf339d9202)
2019-08-04 09:43:34.674 22705 RALLYDEBUG rally_openstack.cleanup.manager [-] Deleting neutron.port object s_rally_0f33f9e9_jUr3xRKJ (2830ca22-472c-4b3b-8ee0-aed86d1d7106)
2019-08-04 09:43:35.366 22705 RALLYDEBUG rally_openstack.cleanup.manager [-] Deleting neutron.port object s_rally_0f33f9e9_Kmy8w2cJ (2a66bd32-260c-4ca8-90c6-626d8a0d00ac)
2019-08-04 09:43:35.422 22705 RALLYDEBUG rally_openstack.cleanup.manager [-] Deleting neutron.port object s_rally_0f33f9e9_42dJR7JV (2bad8363-898b-4345-8a29-3521ba0928b0)
2019-08-04 09:43:35.432 22705 RALLYDEBUG rally_openstack.cleanup.manager [-] Deleting neutron.port object s_rally_0f33f9e9_6JnvnTF2 (2c765d2f-0ddc-4b35-ab06-1726e0779530)
2019-08-04 09:43:35.492 22705 RALLYDEBUG rally_openstack.cleanup.manager [-] Deleting neutron.port object s_rally_0f33f9e9_dFPqE9zK (2dc15ca2-bd8f-4361-8eb6-4496b41d59d0)
2019-08-04 09:43:35.657 22705 RALLYDEBUG rally_openstack.cleanup.manager [-] Deleting neutron.port object s_rally_0f33f9e9_ab9lTpqY (2ec14cf7-84ce-42f8-9947-3479ef3875eb)
2019-08-04 09:43:35.713 22705 RALLYDEBUG rally_openstack.cleanup.manager [-] Deleting neutron.port object s_rally_0f33f9e9_5Qg3Bnnh (2f5bace7-4cc7-4f37-a8b5-907294fca675)
2019-08-04 09:43:35.831 22705 RALLYDEBUG rally_openstack.cleanup.manager [-] Deleting neutron.port object s_rally_0f33f9e9_yHIGmWma (30a641e8-1668-4a9d-962d-dd5f26366848)
2019-08-04 09:43:35.838 22705 RALLYDEBUG rally_openstack.cleanup.manager [-] Deleting neutron.port object s_rally_0f33f9e9_oIY8DC8w (32fe56e1-4501-4a89-8ee4-cde0f2cea2eb)
2019-08-04 09:43:35.840 22705 RALLYDEBUG rally_openstack.cleanup.manager [-] Deleting neutron.port object s_rally_0f33f9e9_waLpj9OH (32524038-3337-4a3c-a7c6-049a3ab80a1e)
2019-08-04 09:43:35.900 22705 RALLYDEBUG rally_openstack.cleanup.manager [-] Deleting neutron.port object s_rally_0f33f9e9_r3alCINg (33b6bf28-07af-42a1-ac3c-8511e745f182)
2019-08-04 09:43:36.163 22705 RALLYDEBUG rally_openstack.cleanup.manager [-] Deleting neutron.port object s_rally_0f33f9e9_m80qOQeS (34941c1e-375a-4132-817c-910d22afa336)
2019-08-04 09:43:36.749 22705 RALLYDEBUG rally_openstack.cleanup.manager [-] Deleting neutron.port object s_rally_0f33f9e9_b35nCuw2 (36451029-86c8-40d7-bba6-7a634f210a7c)
2019-08-04 09:43:36.977 22705 RALLYDEBUG rally_openstack.cleanup.manager [-] Deleting neutron.port object s_rally_0f33f9e9_J6qUzH5m (38a7d3a5-23d6-4967-bf24-06feec17c02c)
2019-08-04 09:43:36.994 22705 RALLYDEBUG rally_openstack.cleanup.manager [-] Deleting neutron.port object s_rally_0f33f9e9_4eLTzaQq (38c44bcd-65a4-4683-bd6a-da8382bdff1c)
2019-08-04 09:43:37.017 22705 RALLYDEBUG rally_openstack.cleanup.manager [-] Deleting neutron.port object s_rally_0f33f9e9_GRYUnYEV (39002664-ffdd-486a-b6e4-d5dccd050319)
2019-08-04 09:43:37.339 22705 RALLYDEBUG rally_openstack.cleanup.manager [-] Deleting neutron.port object s_rally_0f33f9e9_Aj4gOHW5 (3a75abf5-81f6-426b-a8ac-46aa972010cb)
2019-08-04 09:43:37.807 22705 RALLYDEBUG rally_openstack.cleanup.manager [-] Deleting neutron.port object s_rally_0f33f9e9_ouu26bju (3c9b8000-f6a6-4a09-9993-45f9153bf206)
2019-08-04 09:43:37.866 22705 RALLYDEBUG rally_openstack.cleanup.manager [-] Deleting neutron.port object s_rally_0f33f9e9_FTX4WSGk (3d5a9dbb-4d26-436c-98ed-3f7d04681f1f)
2019-08-04 09:43:37.904 22705 RALLYDEBUG rally_openstack.cleanup.manager [-] Deleting neutron.port object s_rally_0f33f9e9_tePNhf2h (3f1d5ad7-3405-4ac9-85e3-bf0ac4f1fb19)
2019-08-04 09:43:37.923 22705 RALLYDEBUG rally_openstack.cleanup.manager [-] Deleting neutron.port object s_rally_0f33f9e9_qS9k5oy6 (3f806b95-fb80-4c05-b659-4549de126b8b)
2019-08-04 09:43:37.924 22705 RALLYDEBUG rally_openstack.cleanup.manager [-] Deleting neutron.port object s_rally_0f33f9e9_1nLeUFqa (4196124b-196e-4959-9e0f-fe6a5d9cd076)
2019-08-04 09:43:38.205 22705 RALLYDEBUG rally_openstack.cleanup.manager [-] Deleting neutron.port object s_rally_0f33f9e9_RLHYeHcz (41a2c98b-1c6a-4f56-a605-39a283ca4c35)
2019-08-04 09:43:38.571 22705 RALLYDEBUG rally_openstack.cleanup.manager [-] Deleting neutron.port object s_rally_0f33f9e9_2hgtqfj1 (441f8439-9e17-4b8b-93df-445d6b577e8a)
2019-08-04 09:43:38.621 22705 RALLYDEBUG rally_openstack.cleanup.manager [-] Deleting neutron.port object s_rally_0f33f9e9_AszP29fq (462f43bf-807a-48eb-892b-00c4744a9290)
2019-08-04 09:43:38.862 22705 RALLYDEBUG rally_openstack.cleanup.manager [-] Deleting neutron.port object s_rally_0f33f9e9_i7qttDwr (4933324e-be41-4dea-b343-4eda5276d794)
2019-08-04 09:43:38.891 22705 RALLYDEBUG rally_openstack.cleanup.manager [-] Deleting neutron.port object s_rally_0f33f9e9_TUdoUDbt (4aea4256-28a0-43a7-abce-a0c6b08141e8)
2019-08-04 09:43:38.971 22705 RALLYDEBUG rally_openstack.cleanup.manager [-] Deleting neutron.port object s_rally_0f33f9e9_6xE4Iw3c (4b6c1749-c946-48dd-a6a4-027cbd728e62)
2019-08-04 09:43:39.030 22705 RALLYDEBUG rally_openstack.cleanup.manager [-] Deleting neutron.port object s_rally_0f33f9e9_7IOUFmfJ (4ba99b81-eb7a-4531-ba7f-42a122935d21)
2019-08-04 09:43:39.058 22705 RALLYDEBUG rally_openstack.cleanup.manager [-] Deleting neutron.port object s_rally_0f33f9e9_yuZfutIM (4fccdbd9-1616-4c47-9e93-248d2d5cc266)
2019-08-04 09:43:39.295 22705 RALLYDEBUG rally_openstack.cleanup.manager [-] Deleting neutron.port object s_rally_0f33f9e9_dKKo5G3p (5022afb7-caf6-43f1-8d26-3878b907a4a7)
2019-08-04 09:43:39.366 22705 RALLYDEBUG rally_openstack.cleanup.manager [-] Deleting neutron.port object s_rally_0f33f9e9_C0UyCgwN (51a11287-afa6-4954-84e1-1116e2a90eb6)
2019-08-04 09:43:39.455 22705 RALLYDEBUG rally_openstack.cleanup.manager [-] Deleting neutron.port object s_rally_0f33f9e9_oonmgKYA (51c18bed-6a8e-4549-8e30-8b427feae6fa)
2019-08-04 09:43:39.470 22705 RALLYDEBUG rally_openstack.cleanup.manager [-] Deleting neutron.port object s_rally_0f33f9e9_HXOEa5Wt (52008409-c667-427b-b996-a3fdd1ae91d5)
2019-08-04 09:43:39.629 22705 RALLYDEBUG rally_openstack.cleanup.manager [-] Deleting neutron.port object s_rally_0f33f9e9_IBkz6Ajs (5205afac-ab7e-404e-bdf3-bd2225a4a320)
