2019-08-04 09:43:40.035 22705 RALLYDEBUG rally_openstack.cleanup.manager [-] Deleting neutron.port object s_rally_0f33f9e9_uBtLIBdG (52695722-6df8-44ea-a993-63b04f1472f3)
2019-08-04 09:43:40.036 22705 RALLYDEBUG rally_openstack.cleanup.manager [-] Deleting neutron.port object s_rally_0f33f9e9_6QjKdo0d (52cbe541-a7c7-4927-91af-400179ebb38c)
2019-08-04 09:43:40.102 22705 RALLYDEBUG rally_openstack.cleanup.manager [-] Deleting neutron.port object s_rally_0f33f9e9_RNtuotF3 (53be0c8f-5300-43d1-a0ff-67603cc80fb4)
2019-08-04 09:43:40.574 22705 RALLYDEBUG rally_openstack.cleanup.manager [-] Deleting neutron.port object s_rally_0f33f9e9_37uij0n6 (53d6b0e1-e9d9-4ac6-a3fa-b69cb7d86f67)
2019-08-04 09:43:40.714 22705 RALLYDEBUG rally_openstack.cleanup.manager [-] Deleting neutron.port object s_rally_0f33f9e9_hkYE3Y6A (556264bd-531e-4399-a901-f9aeededc557)
2019-08-04 09:43:40.798 22705 RALLYDEBUG rally_openstack.cleanup.manager [-] Deleting neutron.port object s_rally_0f33f9e9_lxRgmUCG (561b7dc8-d2e4-40b5-b869-0e194d558109)
2019-08-04 09:43:41.273 22705 RALLYDEBUG rally_openstack.cleanup.manager [-] Deleting neutron.port object s_rally_0f33f9e9_ZArHJLM0 (567fd3c2-812e-4559-967e-0343559296ec)
2019-08-04 09:43:41.280 22705 RALLYDEBUG rally_openstack.cleanup.manager [-] Deleting neutron.port object s_rally_0f33f9e9_WaoGLvQi (574bacd3-24c7-4906-87e8-3f1843a783d7)
2019-08-04 09:43:41.293 22705 RALLYDEBUG rally_openstack.cleanup.manager [-] Deleting neutron.port object s_rally_0f33f9e9_hCq0AshB (577b596c-faa8-40c3-822a-3474b2a1c855)
2019-08-04 09:43:41.379 22705 RALLYDEBUG rally_openstack.cleanup.manager [-] Deleting neutron.port object s_rally_0f33f9e9_l1Cz3drD (58183de8-6702-4dfb-9890-31934e1674a7)
2019-08-04 09:43:41.436 22705 RALLYDEBUG rally_openstack.cleanup.manager [-] Deleting neutron.port object s_rally_0f33f9e9_cuK0ntqB (5e4c36b0-cb7f-4909-916c-b9c5b96dd78c)
2019-08-04 09:43:41.724 22705 RALLYDEBUG rally_openstack.cleanup.manager [-] Deleting neutron.port object s_rally_0f33f9e9_8D1qEIQe (5f61748d-d835-4104-8eba-15baaa8fd8eb)
2019-08-04 09:43:42.040 22705 RALLYDEBUG rally_openstack.cleanup.manager [-] Deleting neutron.port object s_rally_0f33f9e9_ONB6QWGM (6174265f-7741-43d9-9336-402fb89eb795)
2019-08-04 09:43:42.183 22705 RALLYDEBUG rally_openstack.cleanup.manager [-] Deleting neutron.port object s_rally_0f33f9e9_9MYYSytX (6344c33d-c0d8-429c-ad5c-f839c6e3fd30)
2019-08-04 09:43:42.184 22705 RALLYDEBUG rally_openstack.cleanup.manager [-] Deleting neutron.port object s_rally_0f33f9e9_L0BjNwYd (62a64102-1695-4b93-904a-d3f0747e64ac)
2019-08-04 09:43:42.245 22705 RALLYDEBUG rally_openstack.cleanup.manager [-] Deleting neutron.port object s_rally_0f33f9e9_v6F2IOtn (6346b2f7-f290-4960-808a-ba013bf0b3cf)
2019-08-04 09:43:42.255 22705 RALLYDEBUG rally_openstack.cleanup.manager [-] Deleting neutron.port object s_rally_0f33f9e9_MqH94q8S (64dfd00d-fdda-4538-8c94-91c1b5a1efa6)
2019-08-04 09:43:42.657 22705 RALLYDEBUG rally_openstack.cleanup.manager [-] Deleting neutron.port object s_rally_0f33f9e9_Q34zGePa (655f8e67-f83b-4c25-9693-c7c02e624c38)
2019-08-04 09:43:42.836 22705 RALLYDEBUG rally_openstack.cleanup.manager [-] Deleting neutron.port object s_rally_0f33f9e9_JFe32aPS (65a43989-00b5-4d06-a85e-c35ba6bf46a5)
2019-08-04 09:43:42.994 22705 RALLYDEBUG rally_openstack.cleanup.manager [-] Deleting neutron.port object s_rally_0f33f9e9_JYa5TWnA (65dd0b67-7e0f-45d7-b7a1-fefeafb43086)
2019-08-04 09:43:43.049 22705 RALLYDEBUG rally_openstack.cleanup.manager [-] Deleting neutron.port object s_rally_0f33f9e9_sjhF673J (67fe55bd-de7e-43e0-9422-6f05b3575780)
2019-08-04 09:43:43.063 22705 RALLYDEBUG rally_openstack.cleanup.manager [-] Deleting neutron.port object s_rally_0f33f9e9_DbYIMsJF (68a4f508-d9f5-422a-b5b3-e2e4d74b7158)
2019-08-04 09:43:43.143 22705 RALLYDEBUG rally_openstack.cleanup.manager [-] Deleting neutron.port object s_rally_0f33f9e9_ZvJDwpSf (6a458b5d-c816-41ff-abb4-d04672aa6b18)
2019-08-04 09:43:43.167 22705 RALLYDEBUG rally_openstack.cleanup.manager [-] Deleting neutron.port object s_rally_0f33f9e9_q0n3lGcA (6b8b5682-eb09-47de-ba92-c033b6b1d9fb)
2019-08-04 09:43:43.262 22705 RALLYDEBUG rally_openstack.cleanup.manager [-] Deleting neutron.port object s_rally_0f33f9e9_6TbgAOXH (6d7af54d-3fb5-4cb8-b633-fab3848c9460)
2019-08-04 09:43:43.446 22705 RALLYDEBUG rally_openstack.cleanup.manager [-] Deleting neutron.port object s_rally_0f33f9e9_kCCZWgPQ (6f49f8c8-ff93-4e6b-beda-b71836039db1)
2019-08-04 09:43:43.603 22705 RALLYDEBUG rally_openstack.cleanup.manager [-] Deleting neutron.port object s_rally_0f33f9e9_Xclv1tG3 (79f61197-339c-47ec-96c1-df14e0e77673)
2019-08-04 09:43:43.643 22705 RALLYDEBUG rally_openstack.cleanup.manager [-] Deleting neutron.port object s_rally_0f33f9e9_bTnGFlLi (7a8a6589-a932-499f-9cc0-7b4f3dd2c2a6)
2019-08-04 09:43:43.714 22705 RALLYDEBUG rally_openstack.cleanup.manager [-] Deleting neutron.port object s_rally_0f33f9e9_sKt2R7cV (7b1cdbb8-fc75-4903-97f4-c8a421dc9638)
2019-08-04 09:43:43.854 22705 RALLYDEBUG rally_openstack.cleanup.manager [-] Deleting neutron.port object s_rally_0f33f9e9_deejkhMM (7d36768f-79c2-4bb6-8612-712dd043120b)
2019-08-04 09:43:43.917 22705 RALLYDEBUG rally_openstack.cleanup.manager [-] Deleting neutron.port object s_rally_0f33f9e9_eR4wLvVI (7f4d3514-3d8a-4e61-b0fe-19b445cfe4e3)
2019-08-04 09:43:44.143 22705 RALLYDEBUG rally_openstack.cleanup.manager [-] Deleting neutron.port object s_rally_0f33f9e9_HT5bwBpw (831b434b-77ba-4f3d-a4ee-ac1a06f79475)
2019-08-04 09:43:44.431 22705 RALLYDEBUG rally_openstack.cleanup.manager [-] Deleting neutron.port object s_rally_0f33f9e9_DBFJQzPw (849cd32a-c268-4a36-bfab-05899d3a4ebf)
2019-08-04 09:43:44.947 22705 RALLYDEBUG rally_openstack.cleanup.manager [-] Deleting neutron.port object s_rally_0f33f9e9_ETZtQCz9 (849e2342-9639-416c-ab77-5985a5e77f4d)
2019-08-04 09:43:44.988 22705 RALLYDEBUG rally_openstack.cleanup.manager [-] Deleting neutron.port object s_rally_0f33f9e9_KItwaPhk (864dca8c-ddcc-41dd-9498-22b0e3b8d37f)
2019-08-04 09:43:45.365 22705 RALLYDEBUG rally_openstack.cleanup.manager [-] Deleting neutron.port object s_rally_0f33f9e9_hbK9pP17 (86fb72f5-08f4-45f5-9d57-42315d642ab4)
2019-08-04 09:43:45.366 22705 RALLYDEBUG rally_openstack.cleanup.manager [-] Deleting neutron.port object s_rally_0f33f9e9_7Y3B6dmS (8759a692-b702-4765-9ddf-05186e776b0b)
2019-08-04 09:43:45.678 22705 RALLYDEBUG rally_openstack.cleanup.manager [-] Deleting neutron.port object s_rally_0f33f9e9_ehUa1RuT (882698de-e59d-4212-89f2-08e52beda47f)
2019-08-04 09:43:45.903 22705 RALLYDEBUG rally_openstack.cleanup.manager [-] Deleting neutron.port object s_rally_0f33f9e9_ziQT3U5i (896c5c09-0ea9-45ad-bf32-ec7b3b3798b4)
2019-08-04 09:43:45.993 22705 RALLYDEBUG rally_openstack.cleanup.manager [-] Deleting neutron.port object s_rally_0f33f9e9_Am1VuMbD (89fe3adf-8f27-4bfa-a326-1a8c74aec419)
2019-08-04 09:43:46.029 22705 RALLYDEBUG rally_openstack.cleanup.manager [-] Deleting neutron.port object s_rally_0f33f9e9_7yNCjRBO (8c820ca9-a005-4d07-9b50-accb4180a65b)
2019-08-04 09:43:46.088 22705 RALLYDEBUG rally_openstack.cleanup.manager [-] Deleting neutron.port object s_rally_0f33f9e9_Rbck3aXs (8cf3fcda-ad24-4f21-b6ac-52f95e97ad76)
2019-08-04 09:43:46.096 22705 RALLYDEBUG rally_openstack.cleanup.manager [-] Deleting neutron.port object s_rally_0f33f9e9_0qJWbe36 (8d291f12-9065-43b8-8620-6a3948b1065f)
2019-08-04 09:43:46.097 22705 RALLYDEBUG rally_openstack.cleanup.manager [-] Deleting neutron.port object s_rally_0f33f9e9_OWTi2kog (8cae3fcd-fd91-4e83-8e65-add91fe4bbd0)
2019-08-04 09:43:46.470 22705 RALLYDEBUG rally_openstack.cleanup.manager [-] Deleting neutron.port object s_rally_0f33f9e9_Zl4sG5Lw (8da932b5-4737-4b59-aafe-a6b2efb07e64)
2019-08-04 09:43:46.654 22705 RALLYDEBUG rally_openstack.cleanup.manager [-] Deleting neutron.port object s_rally_0f33f9e9_tZa7G9up (8e5bced3-d4be-4b87-a923-5fe9d55df4d4)
2019-08-04 09:43:46.666 22705 RALLYDEBUG rally_openstack.cleanup.manager [-] Deleting neutron.port object s_rally_0f33f9e9_2vMHsBuU (8f008b7a-d786-46c5-89a5-2c42118dc475)
2019-08-04 09:43:46.668 22705 RALLYDEBUG rally_openstack.cleanup.manager [-] Deleting neutron.port object s_rally_0f33f9e9_m5HH3ieK (8ed6b619-a87e-4eae-ad07-f358fd6e099d)
2019-08-04 09:43:46.690 22705 RALLYDEBUG rally_openstack.cleanup.manager [-] Deleting neutron.port object s_rally_0f33f9e9_43C4Jf9v (90a2029e-9239-496b-80fd-54404df0a212)
2019-08-04 09:43:46.765 22705 RALLYDEBUG rally_openstack.cleanup.manager [-] Deleting neutron.port object s_rally_0f33f9e9_nfSDsI55 (91b0d306-5bee-4167-b218-32f304f8af57)
2019-08-04 09:43:46.983 22705 RALLYDEBUG rally_openstack.cleanup.manager [-] Deleting neutron.port object s_rally_0f33f9e9_ATm13Sjv (928e0089-f75f-4f11-b64d-334aa5278bcb)
2019-08-04 09:43:47.119 22705 RALLYDEBUG rally_openstack.cleanup.manager [-] Deleting neutron.port object s_rally_0f33f9e9_GSr1jgR0 (952b3f2e-66dd-41b1-bed5-b691e5d2e2ef)
2019-08-04 09:43:47.122 22705 RALLYDEBUG rally_openstack.cleanup.manager [-] Deleting neutron.port object s_rally_0f33f9e9_ZwaUPORY (9544eb04-6da9-40f5-9635-6d239947df1e)
2019-08-04 09:43:47.233 22705 RALLYDEBUG rally_openstack.cleanup.manager [-] Deleting neutron.port object s_rally_0f33f9e9_WxlwZilV (960eefe3-6cd4-4b2d-8cec-0ce28e162518)
2019-08-04 09:43:47.609 22705 RALLYDEBUG rally_openstack.cleanup.manager [-] Deleting neutron.port object s_rally_0f33f9e9_HYsk6JiD (97fadf56-7356-4ec5-9e82-3c1235874e7a)
2019-08-04 09:43:47.631 22705 RALLYDEBUG rally_openstack.cleanup.manager [-] Deleting neutron.port object s_rally_0f33f9e9_Ci4i5NOD (9c93ea76-994d-4f11-933c-7d2d539bc730)
2019-08-04 09:43:48.045 22705 RALLYDEBUG rally_openstack.cleanup.manager [-] Deleting neutron.port object s_rally_0f33f9e9_FZmAk2vf (9cdcba05-8600-4d0b-9fe3-79a973a63465)
2019-08-04 09:43:48.391 22705 RALLYDEBUG rally_openstack.cleanup.manager [-] Deleting neutron.port object s_rally_0f33f9e9_4gxiMx4E (9ceafa85-3361-415c-b71f-94416e8d8777)
2019-08-04 09:43:48.947 22705 RALLYDEBUG rally_openstack.cleanup.manager [-] Deleting neutron.port object s_rally_0f33f9e9_ral1H4Ar (9fea75c5-ec66-4245-8195-402cf60351c3)
2019-08-04 09:43:48.954 22705 RALLYDEBUG rally_openstack.cleanup.manager [-] Deleting neutron.port object s_rally_0f33f9e9_WFefdfKY (a0ce337f-47cd-47de-bd35-66dd380306bf)
2019-08-04 09:43:49.537 22705 RALLYDEBUG rally_openstack.cleanup.manager [-] Deleting neutron.port object s_rally_0f33f9e9_9rAi1LpB (a18c403b-3de3-4d2d-a355-21cf915378ec)
2019-08-04 09:43:49.571 22705 RALLYDEBUG rally_openstack.cleanup.manager [-] Deleting neutron.port object s_rally_0f33f9e9_0Oyhy3kV (a568dce9-5ab3-4299-998d-fb05c2c846f6)
2019-08-04 09:43:49.661 22705 RALLYDEBUG rally_openstack.cleanup.manager [-] Deleting neutron.port object s_rally_0f33f9e9_mGxvFTls (a642272c-5c85-4f4e-97f1-7ad03aa8e057)
2019-08-04 09:43:49.677 22705 RALLYDEBUG rally_openstack.cleanup.manager [-] Deleting neutron.port object s_rally_0f33f9e9_uSxTIgpC (a6b61482-bf90-4105-9e2e-4bc74d8a5fc1)
2019-08-04 09:43:49.827 22705 RALLYDEBUG rally_openstack.cleanup.manager [-] Deleting neutron.port object s_rally_0f33f9e9_SfJlMtcM (a895f242-03d5-43ef-a62f-d87d22270f90)
2019-08-04 09:43:49.839 22705 RALLYDEBUG rally_openstack.cleanup.manager [-] Deleting neutron.port object s_rally_0f33f9e9_ZFe1vKon (a8d342d1-d325-4ff8-8baf-f0aa0e4f744a)
2019-08-04 09:43:49.914 22705 RALLYDEBUG rally_openstack.cleanup.manager [-] Deleting neutron.port object s_rally_0f33f9e9_cmXEwjEi (a9808b6b-afdf-456b-b36e-83b02d0da5af)
2019-08-04 09:43:49.924 22705 RALLYDEBUG rally_openstack.cleanup.manager [-] Deleting neutron.port object s_rally_0f33f9e9_z3kDQ17i (a9a47157-9421-4dc0-a037-25877ccfec0e)
2019-08-04 09:43:50.502 22705 RALLYDEBUG rally_openstack.cleanup.manager [-] Deleting neutron.port object s_rally_0f33f9e9_tiwXL0RT (ad27ca91-c354-4aff-95e3-da8e58dc99f4)
2019-08-04 09:43:50.516 22705 RALLYDEBUG rally_openstack.cleanup.manager [-] Deleting neutron.port object s_rally_0f33f9e9_hRpDcAAM (ad9dd8ec-5816-4772-aba0-c5943559a3bf)
2019-08-04 09:43:50.517 22705 RALLYDEBUG rally_openstack.cleanup.manager [-] Deleting neutron.port object s_rally_0f33f9e9_kuqaAsLN (ad2e831b-ce1b-40af-a162-b4992752c824)
2019-08-04 09:43:50.571 22705 RALLYDEBUG rally_openstack.cleanup.manager [-] Deleting neutron.port object s_rally_0f33f9e9_zaQ3lih5 (ae604f1e-0232-4e95-a34a-dfa5da09c3a7)
2019-08-04 09:43:50.577 22705 RALLYDEBUG rally_openstack.cleanup.manager [-] Deleting neutron.port object s_rally_0f33f9e9_eDHcDGVZ (aec7e16a-2b84-404c-9fa0-ca59ace6e0e9)
2019-08-04 09:43:50.677 22705 RALLYDEBUG rally_openstack.cleanup.manager [-] Deleting neutron.port object s_rally_0f33f9e9_KPJ5QqKn (b2c32537-2378-4113-9c76-024a2d85db1f)
2019-08-04 09:43:50.680 22705 RALLYDEBUG rally_openstack.cleanup.manager [-] Deleting neutron.port object s_rally_0f33f9e9_stxJrJlw (b0ec6e21-cb13-48a3-bbc5-b3cb33cc6346)
2019-08-04 09:43:50.693 22705 RALLYDEBUG rally_openstack.cleanup.manager [-] Deleting neutron.port object s_rally_0f33f9e9_CAZNtR5V (b370610e-e5aa-4b59-9fe5-ff03e7259c25)
2019-08-04 09:43:50.696 22705 RALLYDEBUG rally_openstack.cleanup.manager [-] Deleting neutron.port object s_rally_0f33f9e9_gEagRiRW (b4e26476-9c17-4170-9108-c248f32357ce)
2019-08-04 09:43:50.700 22705 RALLYDEBUG rally_openstack.cleanup.manager [-] Deleting neutron.port object s_rally_0f33f9e9_OdoOfj22 (b5ff5f1a-a268-4dcc-9c2d-acd3a5a98a23)
2019-08-04 09:43:51.126 22705 RALLYDEBUG rally_openstack.cleanup.manager [-] Deleting neutron.port object s_rally_0f33f9e9_ZIQXAfOc (b65c9af9-a4a2-489e-b676-3a40a0e4af2d)
2019-08-04 09:43:51.181 22705 RALLYDEBUG rally_openstack.cleanup.manager [-] Deleting neutron.port object s_rally_0f33f9e9_6r7jXqfc (b66e7107-853a-4c7e-9a43-70e274e934e1)
2019-08-04 09:43:51.950 22705 RALLYDEBUG rally_openstack.cleanup.manager [-] Deleting neutron.port object s_rally_0f33f9e9_seiyY7q9 (b90b8bcb-7076-4803-9d64-b58c65cf3513)
2019-08-04 09:43:52.298 22705 RALLYDEBUG rally_openstack.cleanup.manager [-] Deleting neutron.port object s_rally_0f33f9e9_dlrV4ALi (baedf864-3c2d-4284-8a92-d6e8b0be2266)
2019-08-04 09:43:52.754 22705 RALLYDEBUG rally_openstack.cleanup.manager [-] Deleting neutron.port object s_rally_0f33f9e9_heKRuRQT (bd5547a6-73e9-48ee-9448-e22ecc9e3e02)
2019-08-04 09:43:53.041 22705 RALLYDEBUG rally_openstack.cleanup.manager [-] Deleting neutron.port object s_rally_0f33f9e9_76rtLpFW (bde107e7-bd8d-4292-927d-da9dfec21fe5)
2019-08-04 09:43:53.102 22705 RALLYDEBUG rally_openstack.cleanup.manager [-] Deleting neutron.port object s_rally_0f33f9e9_PdekVXWd (c0176616-9a05-4e84-912f-dce690aa6260)
2019-08-04 09:43:53.162 22705 RALLYDEBUG rally_openstack.cleanup.manager [-] Deleting neutron.port object s_rally_0f33f9e9_UfxujJod (c1d31e42-8104-49e1-abec-865889c3d713)
2019-08-04 09:43:53.162 22705 RALLYDEBUG rally_openstack.cleanup.manager [-] Deleting neutron.port object s_rally_0f33f9e9_xaGcXuVG (c1e3c843-f25c-4f39-9fb0-3f82c085f23a)
2019-08-04 09:43:53.426 22705 RALLYDEBUG rally_openstack.cleanup.manager [-] Deleting neutron.port object s_rally_0f33f9e9_mJeYPBas (c24c5501-adad-467f-acc7-ab1ca697c61a)
2019-08-04 09:43:53.772 22705 RALLYDEBUG rally_openstack.cleanup.manager [-] Deleting neutron.port object s_rally_0f33f9e9_JXxghYtY (c77c4d35-bfa4-41c2-9944-aca2c52e720e)
2019-08-04 09:43:53.973 22705 RALLYDEBUG rally_openstack.cleanup.manager [-] Deleting neutron.port object s_rally_0f33f9e9_PrKRGGGR (c89fc063-c2dd-4316-9c6a-1b4a0561badf)
2019-08-04 09:43:53.974 22705 RALLYDEBUG rally_openstack.cleanup.manager [-] Deleting neutron.port object s_rally_0f33f9e9_9fRMECSC (c7a4e158-7314-4a61-b74a-e8939e2471f1)
2019-08-04 09:43:53.985 22705 RALLYDEBUG rally_openstack.cleanup.manager [-] Deleting neutron.port object s_rally_0f33f9e9_z7PkaIHf (c903d60d-2c8b-4f55-ab34-eeb0f98cc9de)
2019-08-04 09:43:54.362 22705 RALLYDEBUG rally_openstack.cleanup.manager [-] Deleting neutron.port object s_rally_0f33f9e9_jMO1azpv (c98c9754-43cc-4799-806d-1a9e33dc32f0)
2019-08-04 09:43:54.446 22705 RALLYDEBUG rally_openstack.cleanup.manager [-] Deleting neutron.port object s_rally_0f33f9e9_afhyHWuI (cbdffb12-b8fd-433c-9ae6-07c3920630cc)
2019-08-04 09:43:54.983 22705 RALLYDEBUG rally_openstack.cleanup.manager [-] Deleting neutron.port object s_rally_0f33f9e9_MEqStLBS (cd9bffb9-29af-4248-bbc1-47dcfda38ee3)
2019-08-04 09:43:54.989 22705 RALLYDEBUG rally_openstack.cleanup.manager [-] Deleting neutron.port object s_rally_0f33f9e9_TmcEF3wM (cde743ce-ad3a-4f76-8108-7537fd61b31a)
2019-08-04 09:43:55.102 22705 RALLYDEBUG rally_openstack.cleanup.manager [-] Deleting neutron.port object s_rally_0f33f9e9_DCL9sz3p (ce3db1a0-7605-4d30-b07e-6bf8e4b218ca)
2019-08-04 09:43:55.107 22705 RALLYDEBUG rally_openstack.cleanup.manager [-] Deleting neutron.port object s_rally_0f33f9e9_UzqpUn0u (ce452ddf-4ba2-4c22-a10d-1286d842793d)
2019-08-04 09:43:55.125 22705 RALLYDEBUG rally_openstack.cleanup.manager [-] Deleting neutron.port object s_rally_0f33f9e9_t88FQNJO (ce918a41-5b4d-475c-ab8f-e94b2cf368b9)
2019-08-04 09:43:55.132 22705 RALLYDEBUG rally_openstack.cleanup.manager [-] Deleting neutron.port object s_rally_0f33f9e9_57qqnbn3 (cf2be66d-53c9-45c5-8b0d-cd842cb6e7b0)
2019-08-04 09:43:55.282 22705 RALLYDEBUG rally_openstack.cleanup.manager [-] Deleting neutron.port object s_rally_0f33f9e9_O74jBc5c (d097825d-372c-455b-b3de-966db601bbcd)
2019-08-04 09:43:55.351 22705 RALLYDEBUG rally_openstack.cleanup.manager [-] Deleting neutron.port object s_rally_0f33f9e9_rE6pyxdc (d363ea0b-f551-4a0d-8e30-6e7044828abf)
2019-08-04 09:43:55.364 22705 RALLYDEBUG rally_openstack.cleanup.manager [-] Deleting neutron.port object s_rally_0f33f9e9_NjNz753H (d4b8d1a0-46e9-4374-a80f-ee03597de3a6)
2019-08-04 09:43:55.371 22705 RALLYDEBUG rally_openstack.cleanup.manager [-] Deleting neutron.port object s_rally_0f33f9e9_ChLQdbpI (d8b5ef06-989e-4cb5-a3fd-cb4d9fc9bd99)
2019-08-04 09:43:55.688 22705 RALLYDEBUG rally_openstack.cleanup.manager [-] Deleting neutron.port object s_rally_0f33f9e9_3QTF12Or (d8cdefa7-1cf3-49e8-ab53-711b8671ba49)
2019-08-04 09:43:55.852 22705 RALLYDEBUG rally_openstack.cleanup.manager [-] Deleting neutron.port object s_rally_0f33f9e9_5cFi4I61 (dbac12d7-a57e-4200-83c2-180b0137de7c)
2019-08-04 09:43:56.099 22705 RALLYDEBUG rally_openstack.cleanup.manager [-] Deleting neutron.port object s_rally_0f33f9e9_FiruVnce (dce4625f-e8bb-4592-b5d2-2446b15c62c3)
2019-08-04 09:43:56.104 22705 RALLYDEBUG rally_openstack.cleanup.manager [-] Deleting neutron.port object s_rally_0f33f9e9_U7l30D2N (e040432a-3c39-4879-919e-96083efeaf2b)
2019-08-04 09:43:56.282 22705 RALLYDEBUG rally_openstack.cleanup.manager [-] Deleting neutron.port object s_rally_0f33f9e9_g1bvHRXP (e270f6b8-b5d6-46a4-ab10-9f8b2d1d4b8c)
2019-08-04 09:43:56.297 22705 RALLYDEBUG rally_openstack.cleanup.manager [-] Deleting neutron.port object s_rally_0f33f9e9_pWcvGbDJ (e3fe4a0c-0f87-4ca2-8156-7b81ed41065d)
2019-08-04 09:43:56.459 22705 RALLYDEBUG rally_openstack.cleanup.manager [-] Deleting neutron.port object s_rally_0f33f9e9_rL8Q7x13 (e629bf90-e3a2-468d-9880-fe9268ca1baa)
2019-08-04 09:43:56.469 22705 RALLYDEBUG rally_openstack.cleanup.manager [-] Deleting neutron.port object s_rally_0f33f9e9_ajJGy1lr (e69bbae8-588b-4766-b158-273611b18410)
2019-08-04 09:43:57.470 22705 RALLYDEBUG rally_openstack.cleanup.manager [-] Deleting neutron.port object s_rally_0f33f9e9_haMWetrg (e75f8f25-cd63-451b-9986-44e2b2de5671)
2019-08-04 09:43:57.470 22705 RALLYDEBUG rally_openstack.cleanup.manager [-] Deleting neutron.port object s_rally_0f33f9e9_LABgOjZm (e6c983fa-ab96-429e-b685-ffd3655db330)
2019-08-04 09:43:57.780 22705 RALLYDEBUG rally_openstack.cleanup.manager [-] Deleting neutron.port object s_rally_0f33f9e9_K9OuM5r3 (e8928152-0acc-47d5-accb-75684b195911)
2019-08-04 09:43:57.902 22705 RALLYDEBUG rally_openstack.cleanup.manager [-] Deleting neutron.port object s_rally_0f33f9e9_z3jmco1K (e966b3bd-f7c4-40ac-ae89-ff014727c741)
2019-08-04 09:43:58.218 22705 RALLYDEBUG rally_openstack.cleanup.manager [-] Deleting neutron.port object s_rally_0f33f9e9_Udckm8jO (ea7c2cc9-3c78-4976-bf5f-a1073925da40)
2019-08-04 09:43:58.335 22705 RALLYDEBUG rally_openstack.cleanup.manager [-] Deleting neutron.port object s_rally_0f33f9e9_JEEhZGVG (ebf50ce0-d241-4e64-a17b-3a1fa432c45c)
2019-08-04 09:43:58.341 22705 RALLYDEBUG rally_openstack.cleanup.manager [-] Deleting neutron.port object s_rally_0f33f9e9_egVBWz0h (f14d2f5d-4cd8-492d-9e27-9161e9fdbd4a)
2019-08-04 09:43:58.626 22705 RALLYDEBUG rally_openstack.cleanup.manager [-] Deleting neutron.port object s_rally_0f33f9e9_QONunNdF (f1554b54-3f41-4624-b707-af3b811ccd72)
2019-08-04 09:43:58.840 22705 RALLYDEBUG rally_openstack.cleanup.manager [-] Deleting neutron.port object s_rally_0f33f9e9_4OON6jQT (f215e159-12c3-49de-b208-30280e045d58)
2019-08-04 09:43:59.066 22705 RALLYDEBUG rally_openstack.cleanup.manager [-] Deleting neutron.port object s_rally_0f33f9e9_nzEXZZLE (f2c97252-bed0-4cb0-9be2-a77cea2eddae)
2019-08-04 09:43:59.290 22705 RALLYDEBUG rally_openstack.cleanup.manager [-] Deleting neutron.port object s_rally_0f33f9e9_qdnROlJx (f3e3c858-4e59-489a-9859-be4ac664821d)
2019-08-04 09:43:59.291 22705 RALLYDEBUG rally_openstack.cleanup.manager [-] Deleting neutron.port object s_rally_0f33f9e9_zTe8y2Bk (f2fe26ef-c6db-4a05-ba02-007bb08ec2ce)
2019-08-04 09:43:59.412 22705 RALLYDEBUG rally_openstack.cleanup.manager [-] Deleting neutron.port object s_rally_0f33f9e9_c77IUtxZ (f461cb98-98b6-4361-93b8-5170b9262bae)
2019-08-04 09:43:59.647 22705 RALLYDEBUG rally_openstack.cleanup.manager [-] Deleting neutron.port object s_rally_0f33f9e9_iugjC5O7 (f4c5bc57-1de2-411c-94ca-3d83e19969bc)
2019-08-04 09:43:59.826 22705 RALLYDEBUG rally_openstack.cleanup.manager [-] Deleting neutron.port object s_rally_0f33f9e9_dUCPZPxT (f5565701-910a-4ac3-ab28-5fd87f8eacd7)
2019-08-04 09:43:59.831 22705 RALLYDEBUG rally_openstack.cleanup.manager [-] Deleting neutron.port object s_rally_0f33f9e9_qePLCRdW (f57772cd-7007-426f-a3b4-af364cd78eae)
2019-08-04 09:43:59.843 22705 RALLYDEBUG rally_openstack.cleanup.manager [-] Deleting neutron.port object s_rally_0f33f9e9_WoSK9eXj (f6543f06-af26-4d6c-9d84-7ed85f2cf4d1)
2019-08-04 09:43:59.855 22705 RALLYDEBUG rally_openstack.cleanup.manager [-] Deleting neutron.port object s_rally_0f33f9e9_KMpmGlP5 (fb1b4519-c78b-4db4-a99e-c56a579de968)
2019-08-04 09:44:00.060 22705 RALLYDEBUG rally_openstack.cleanup.manager [-] Deleting neutron.port object s_rally_0f33f9e9_HRWPMk1t (fd8cf9fb-4a7d-4cf1-8f3d-4c6ec270a419)
2019-08-04 09:44:03.072 22705 RALLYDEBUG rally_openstack.cleanup.manager [-] Cleaning up neutron subnet objects
2019-08-04 09:44:03.809 22705 RALLYDEBUG rally_openstack.cleanup.manager [-] Cleaning up neutron network objects
2019-08-04 09:44:04.695 22705 RALLYDEBUG rally_openstack.cleanup.manager [-] Deleting neutron.network object s_rally_0f33f9e9_FbZ1OZfP (058bd014-b0b7-452c-b5e2-fc4912cd1b58)
2019-08-04 09:44:04.701 22705 RALLYDEBUG rally_openstack.cleanup.manager [-] Deleting neutron.network object s_rally_0f33f9e9_d8bKTAQK (06100047-1056-439c-b302-8d0f87bce592)
2019-08-04 09:44:04.709 22705 RALLYDEBUG rally_openstack.cleanup.manager [-] Deleting neutron.network object s_rally_0f33f9e9_YN8qMogG (090d4225-1162-486c-8760-460a640a58e9)
2019-08-04 09:44:04.717 22705 RALLYDEBUG rally_openstack.cleanup.manager [-] Deleting neutron.network object s_rally_0f33f9e9_nDolteXA (114db11f-2c67-4130-be12-551edc8555af)
2019-08-04 09:44:04.727 22705 RALLYDEBUG rally_openstack.cleanup.manager [-] Deleting neutron.network object s_rally_0f33f9e9_AKlq00ks (1450e89d-e59d-47c3-a4cc-b5a3c6bca1e2)
2019-08-04 09:44:04.737 22705 RALLYDEBUG rally_openstack.cleanup.manager [-] Deleting neutron.network object s_rally_0f33f9e9_4eUpzFuK (19631d93-86c8-4d05-b4f4-37f4c8c90d43)
2019-08-04 09:44:04.743 22705 RALLYDEBUG rally_openstack.cleanup.manager [-] Deleting neutron.network object s_rally_0f33f9e9_qtU1zw1E (1aa99cf7-1be9-4db3-bf1f-ba78122da9a1)
2019-08-04 09:44:04.767 22705 RALLYDEBUG rally_openstack.cleanup.manager [-] Deleting neutron.network object s_rally_0f33f9e9_e4PrL34O (27dfb707-20d3-4734-b360-6b0c34b3878a)
2019-08-04 09:44:04.772 22705 RALLYDEBUG rally_openstack.cleanup.manager [-] Deleting neutron.network object s_rally_0f33f9e9_VmAr0Fhg (28ddeeb8-fb47-43bc-83eb-e0b854fa598e)
2019-08-04 09:44:04.909 22705 RALLYDEBUG rally_openstack.cleanup.manager [-] Deleting neutron.network object s_rally_0f33f9e9_Z4twAYBJ (1e3dfe28-f814-4b73-81c3-27a3c70bb682)
2019-08-04 09:44:04.912 22705 RALLYDEBUG rally_openstack.cleanup.manager [-] Deleting neutron.network object s_rally_0f33f9e9_L9AiQy5N (32ee6a2d-2808-4a25-bf95-3f73de06541b)
2019-08-04 09:44:04.916 22705 RALLYDEBUG rally_openstack.cleanup.manager [-] Deleting neutron.network object s_rally_0f33f9e9_64vKqdzE (2c8cde28-a70a-4d46-b285-6cedfd34dd2b)
2019-08-04 09:44:04.928 22705 RALLYDEBUG rally_openstack.cleanup.manager [-] Deleting neutron.network object s_rally_0f33f9e9_tenw2wPK (3fe30fac-4369-494d-8f8d-0db0560cc923)
2019-08-04 09:44:04.947 22705 RALLYDEBUG rally_openstack.cleanup.manager [-] Deleting neutron.network object s_rally_0f33f9e9_0Ca3ITFZ (42661148-655d-4b91-af94-8244362cd454)
2019-08-04 09:44:04.954 22705 RALLYDEBUG rally_openstack.cleanup.manager [-] Deleting neutron.network object s_rally_0f33f9e9_VhZTGXeq (4506f746-13f6-4399-9612-878817038227)
2019-08-04 09:44:04.963 22705 RALLYDEBUG rally_openstack.cleanup.manager [-] Deleting neutron.network object s_rally_0f33f9e9_eF0czHeb (5a0364ab-4c01-4931-9344-84cc8818eb5d)
2019-08-04 09:44:04.975 22705 RALLYDEBUG rally_openstack.cleanup.manager [-] Deleting neutron.network object s_rally_0f33f9e9_cHieRfgU (6202f3e7-a4ca-4838-a699-0717be74a3ed)
2019-08-04 09:44:04.979 22705 RALLYDEBUG rally_openstack.cleanup.manager [-] Deleting neutron.network object s_rally_0f33f9e9_1PnF5YwL (6b107c75-fc87-4794-a447-c2639a476d0d)
2019-08-04 09:44:04.997 22705 RALLYDEBUG rally_openstack.cleanup.manager [-] Deleting neutron.network object s_rally_0f33f9e9_NRyJSPqJ (71f098f4-67f5-41ca-ab5f-e3be84a3051c)
2019-08-04 09:44:04.998 22705 RALLYDEBUG rally_openstack.cleanup.manager [-] Deleting neutron.network object s_rally_0f33f9e9_owJX3LEQ (707917c9-702e-4366-a4cd-bec1fda032ba)
2019-08-04 09:44:08.549 22705 RALLYDEBUG rally_openstack.cleanup.manager [-] Deleting neutron.network object s_rally_0f33f9e9_X3QEv1xW (745e22f4-5710-43c7-b0d0-97728cce7c33)
2019-08-04 09:44:08.571 22705 RALLYDEBUG rally_openstack.cleanup.manager [-] Deleting neutron.network object s_rally_0f33f9e9_tt8GzRYS (7529cae1-1e34-4814-904f-902f4cfae7fb)
2019-08-04 09:44:08.625 22705 RALLYDEBUG rally_openstack.cleanup.manager [-] Deleting neutron.network object s_rally_0f33f9e9_Rn6GPPHh (7b857869-bd3a-4e13-a9ea-931e5e3e855f)
2019-08-04 09:44:09.028 22705 RALLYDEBUG rally_openstack.cleanup.manager [-] Deleting neutron.network object s_rally_0f33f9e9_TyENUET3 (7dd88d0f-25e5-4938-a5f5-ca63cff4be6d)
2019-08-04 09:44:09.040 22705 RALLYDEBUG rally_openstack.cleanup.manager [-] Deleting neutron.network object s_rally_0f33f9e9_jolSfoZX (7ec591b5-461b-4780-ab62-d3ba4eaa8cce)
2019-08-04 09:44:09.121 22705 RALLYDEBUG rally_openstack.cleanup.manager [-] Deleting neutron.network object s_rally_0f33f9e9_sKMnljln (8818367c-01c9-4625-933c-24aaa58a840a)
2019-08-04 09:44:09.154 22705 RALLYDEBUG rally_openstack.cleanup.manager [-] Deleting neutron.network object s_rally_0f33f9e9_XKyHLEVd (909fffcd-fe41-408d-871b-c3940e587036)
2019-08-04 09:44:09.205 22705 RALLYDEBUG rally_openstack.cleanup.manager [-] Deleting neutron.network object s_rally_0f33f9e9_6f9Yijkq (9a1c360e-079a-47ef-b5c1-a8edf37179bc)
2019-08-04 09:44:09.218 22705 RALLYDEBUG rally_openstack.cleanup.manager [-] Deleting neutron.network object s_rally_0f33f9e9_gdCihtlP (a184e735-a478-478d-9a1e-00f8770997c2)
2019-08-04 09:44:09.420 22705 RALLYDEBUG rally_openstack.cleanup.manager [-] Deleting neutron.network object s_rally_0f33f9e9_S5NqN0lv (ba56532d-a8bd-4814-a758-4f8c9e4cb970)
2019-08-04 09:44:09.463 22705 RALLYDEBUG rally_openstack.cleanup.manager [-] Deleting neutron.network object s_rally_0f33f9e9_wFYsyu91 (c275eb74-638e-4ad3-9061-1eac48e2ad01)
2019-08-04 09:44:09.513 22705 RALLYDEBUG rally_openstack.cleanup.manager [-] Deleting neutron.network object s_rally_0f33f9e9_U0izDiey (c959be0b-0a60-4b5e-939e-8ec1048046a3)
2019-08-04 09:44:09.554 22705 RALLYDEBUG rally_openstack.cleanup.manager [-] Deleting neutron.network object s_rally_0f33f9e9_It2wDdY1 (cbabf007-d476-4fc8-b51f-68388c0ccd4b)
2019-08-04 09:44:09.698 22705 RALLYDEBUG rally_openstack.cleanup.manager [-] Deleting neutron.network object s_rally_0f33f9e9_AIZC1H7Q (cca2259b-8456-4c3d-af21-61b2f9143312)
2019-08-04 09:44:09.780 22705 RALLYDEBUG rally_openstack.cleanup.manager [-] Deleting neutron.network object s_rally_0f33f9e9_8vGZ1B83 (cede45a7-31c1-4a59-8d67-ad8abf78a276)
2019-08-04 09:44:09.786 22705 RALLYDEBUG rally_openstack.cleanup.manager [-] Deleting neutron.network object s_rally_0f33f9e9_o9b0jrR9 (d52c8d30-682a-4005-afdf-3d838dbf4dc9)
2019-08-04 09:44:10.298 22705 RALLYDEBUG rally_openstack.cleanup.manager [-] Deleting neutron.network object s_rally_0f33f9e9_7ojGQVUk (dc105c47-3239-49f6-b6aa-aee6af6676cf)
2019-08-04 09:44:10.846 22705 RALLYDEBUG rally_openstack.cleanup.manager [-] Deleting neutron.network object s_rally_0f33f9e9_oVrwwYN8 (e9e3273e-0eb2-4935-8b65-5c0cbd519800)
2019-08-04 09:44:10.866 22705 RALLYDEBUG rally_openstack.cleanup.manager [-] Deleting neutron.network object s_rally_0f33f9e9_FfecuuAZ (f6d5153a-0ef6-4466-8482-7c38ef8ec948)
2019-08-04 09:44:11.038 22705 RALLYDEBUG rally_openstack.cleanup.manager [-] Deleting neutron.network object s_rally_0f33f9e9_F3gGZBwp (fcb6aab8-f09d-4116-87f8-ea42aee58665)
2019-08-04 09:44:14.221 22705 RALLYDEBUG rally_openstack.cleanup.manager [-] Cleaning up neutron router objects
2019-08-04 09:44:14.913 22705 RALLYDEBUG rally_openstack.cleanup.manager [-] Cleaning up neutron security_group objects
2019-08-04 09:44:15.554 22705 INFO rally.task.context [-] Task cb7b0966-b91d-4d2b-9c8d-33b7e73db882 | Context cleanup@openstack cleanup() finished in 51.77 sec
2019-08-04 09:44:15.555 22705 INFO rally.task.context [-] Task cb7b0966-b91d-4d2b-9c8d-33b7e73db882 | Context quotas@openstack cleanup() started
2019-08-04 09:44:15.790 22705 INFO rally.task.context [-] Task cb7b0966-b91d-4d2b-9c8d-33b7e73db882 | Context quotas@openstack cleanup() finished in 0.24 sec
2019-08-04 09:44:15.790 22705 INFO rally.task.context [-] Task cb7b0966-b91d-4d2b-9c8d-33b7e73db882 | Context users@openstack cleanup() started
2019-08-04 09:44:20.482 22705 INFO rally.task.context [-] Task cb7b0966-b91d-4d2b-9c8d-33b7e73db882 | Context users@openstack cleanup() finished in 4.69 sec
2019-08-04 09:44:21.980 22705 INFO rally.task.engine [-] Load duration is: 40.917426
2019-08-04 09:44:21.980 22705 INFO rally.task.engine [-] Full runner duration is: 40.971672
2019-08-04 09:44:21.981 22705 INFO rally.task.engine [-] Full duration is: 102.908421
2019-08-04 09:44:22.168 22705 INFO rally.task.engine [-] Running workload: position = 2 config = { "version": 2, "title": "A cropped version of a bigger task.", "description": "Auto-generated task from a single workload (uuid=baeebfdd-abdc-4d40-a5b3-f31e325feb31)", "subtasks": [ { "title": "NeutronNetworks.create_and_delete_ports", "description": "Create and delete a port.", "scenario": { "NeutronNetworks.create_and_delete_ports": { "network_create_args": {}, "port_create_args": {}, "ports_per_network": 5 } }, "contexts": { "users": { "tenants": 1, "users_per_tenant": 1 }, "quotas": { "neutron": { "network": -1, "port": -1 } } }, "runner": { "constant": { "times": 40, "concurrency": 20 } }, "hooks": [], "sla": { "failure_rate": { "max": 0 } } } ] }
2019-08-04 09:44:22.190 22705 RALLYDEBUG rally_openstack.contexts.keystone.users [-] Creating 1 tenants using 20 threads
2019-08-04 09:44:24.089 22705 RALLYDEBUG rally_openstack.contexts.keystone.users [-] Creating 1 users using 20 threads
2019-08-04 09:44:26.658 22705 INFO rally.task.context [-] Task cb7b0966-b91d-4d2b-9c8d-33b7e73db882 | Context users@openstack setup() finished in 4.47 sec
2019-08-04 09:44:27.426 22705 INFO rally.task.context [-] Task cb7b0966-b91d-4d2b-9c8d-33b7e73db882 | Context quotas@openstack setup() finished in 0.77 sec
2019-08-04 09:44:27.426 22705 INFO rally.task.context [-] Task cb7b0966-b91d-4d2b-9c8d-33b7e73db882 | Context cleanup@openstack setup() finished in 0.01 msec
2019-08-04 09:44:27.434 22705 RALLYDEBUG rally.task.runner [-] Starting the constant runner (task UUID: cb7b0966-b91d-4d2b-9c8d-33b7e73db882). timeout: 0 concurrency: 20 concurrency_per_worker: 1 times: 40 concurrency_overhead: 4 processes_to_start: 16 max_cpu_used: 16
2019-08-04 09:44:27.447 26951 RALLYDEBUG rally.task.runner [-] Starting a worker. concurrency: 2 args: {"network_create_args": {}, "port_create_args": {}, "ports_per_network": 5} times: 40 method_name: run timeout: 0 duration: None cls:
2019-08-04 09:44:27.450 26952 RALLYDEBUG rally.task.runner [-] Starting a worker. concurrency: 2 args: {"network_create_args": {}, "port_create_args": {}, "ports_per_network": 5} times: 40 method_name: run timeout: 0 duration: None cls:
2019-08-04 09:44:27.454 26953 RALLYDEBUG rally.task.runner [-] Starting a worker. concurrency: 2 args: {"network_create_args": {}, "port_create_args": {}, "ports_per_network": 5} times: 40 method_name: run timeout: 0 duration: None cls:
2019-08-04 09:44:27.456 26954 RALLYDEBUG rally.task.runner [-] Starting a worker. concurrency: 2 args: {"network_create_args": {}, "port_create_args": {}, "ports_per_network": 5} times: 40 method_name: run timeout: 0 duration: None cls:
2019-08-04 09:44:27.456 26951 INFO rally.task.runner [-] Task cb7b0966-b91d-4d2b-9c8d-33b7e73db882 | ITER: 1 START
2019-08-04 09:44:27.458 26952 INFO rally.task.runner [-] Task cb7b0966-b91d-4d2b-9c8d-33b7e73db882 | ITER: 2 START
2019-08-04 09:44:27.458 26951 WARNING rally_openstack.scenarios.neutron.utils [-] Running this scenario without either the 'network' or 'existing_network' context is deprecated
2019-08-04 09:44:27.459 26956 RALLYDEBUG rally.task.runner [-] Starting a worker. concurrency: 1 args: {"network_create_args": {}, "port_create_args": {}, "ports_per_network": 5} times: 40 method_name: run timeout: 0 duration: None cls:
2019-08-04 09:44:27.461 26952 WARNING rally_openstack.scenarios.neutron.utils [-] Running this scenario without either the 'network' or 'existing_network' context is deprecated
2019-08-04 09:44:27.461 26952 INFO rally.task.runner [-] Task cb7b0966-b91d-4d2b-9c8d-33b7e73db882 | ITER: 4 START
2019-08-04 09:44:27.463 26954 INFO rally.task.runner [-] Task cb7b0966-b91d-4d2b-9c8d-33b7e73db882 | ITER: 6 START
2019-08-04 09:44:27.463 26952 WARNING rally_openstack.scenarios.neutron.utils [-] Running this scenario without either the 'network' or 'existing_network' context is deprecated
2019-08-04 09:44:27.462 26953 INFO rally.task.runner [-] Task cb7b0966-b91d-4d2b-9c8d-33b7e73db882 | ITER: 5 START
2019-08-04 09:44:27.464 26960 RALLYDEBUG rally.task.runner [-] Starting a worker. concurrency: 1 args: {"network_create_args": {}, "port_create_args": {}, "ports_per_network": 5} times: 40 method_name: run timeout: 0 duration: None cls:
2019-08-04 09:44:27.465 26956 INFO rally.task.runner [-] Task cb7b0966-b91d-4d2b-9c8d-33b7e73db882 | ITER: 8 START
2019-08-04 09:44:27.463 26953 INFO rally.task.runner [-] Task cb7b0966-b91d-4d2b-9c8d-33b7e73db882 | ITER: 7 START
2019-08-04 09:44:27.465 26953 WARNING rally_openstack.scenarios.neutron.utils [-] Running this scenario without either the 'network' or 'existing_network' context is deprecated
2019-08-04 09:44:27.465 26954 WARNING rally_openstack.scenarios.neutron.utils [-] Running this scenario without either the 'network' or 'existing_network' context is deprecated
2019-08-04 09:44:27.467 26956 WARNING rally_openstack.scenarios.neutron.utils [-] Running this scenario without either the 'network' or 'existing_network' context is deprecated
2019-08-04 09:44:27.459 26951 INFO rally.task.runner [-] Task cb7b0966-b91d-4d2b-9c8d-33b7e73db882 | ITER: 3 START
2019-08-04 09:44:27.469 26967 RALLYDEBUG rally.task.runner [-] Starting a worker. concurrency: 1 args: {"network_create_args": {}, "port_create_args": {}, "ports_per_network": 5} times: 40 method_name: run timeout: 0 duration: None cls:
2019-08-04 09:44:27.466 26953 WARNING rally_openstack.scenarios.neutron.utils [-] Running this scenario without either the 'network' or 'existing_network' context is deprecated
2019-08-04 09:44:27.471 26951 WARNING rally_openstack.scenarios.neutron.utils [-] Running this scenario without either the 'network' or 'existing_network' context is deprecated
2019-08-04 09:44:27.472 26971 RALLYDEBUG rally.task.runner [-] Starting a worker. concurrency: 1 args: {"network_create_args": {}, "port_create_args": {}, "ports_per_network": 5} times: 40 method_name: run timeout: 0 duration: None cls:
2019-08-04 09:44:27.473 26960 INFO rally.task.runner [-] Task cb7b0966-b91d-4d2b-9c8d-33b7e73db882 | ITER: 10 START
2019-08-04 09:44:27.475 26960 WARNING rally_openstack.scenarios.neutron.utils [-] Running this scenario without either the 'network' or 'existing_network' context is deprecated
2019-08-04 09:44:27.475 26954 INFO rally.task.runner [-] Task cb7b0966-b91d-4d2b-9c8d-33b7e73db882 | ITER: 9 START
2019-08-04 09:44:27.477 26967 INFO rally.task.runner [-] Task cb7b0966-b91d-4d2b-9c8d-33b7e73db882 | ITER: 11 START
2019-08-04 09:44:27.478 26973 RALLYDEBUG rally.task.runner [-] Starting a worker. concurrency: 1 args: {"network_create_args": {}, "port_create_args": {}, "ports_per_network": 5} times: 40 method_name: run timeout: 0 duration: None cls:
2019-08-04 09:44:27.480 26967 WARNING rally_openstack.scenarios.neutron.utils [-] Running this scenario without either the 'network' or 'existing_network' context is deprecated
2019-08-04 09:44:27.476 26954 WARNING rally_openstack.scenarios.neutron.utils [-] Running this scenario without either the 'network' or 'existing_network' context is deprecated
2019-08-04 09:44:27.481 26971 INFO rally.task.runner [-] Task cb7b0966-b91d-4d2b-9c8d-33b7e73db882 | ITER: 12 START
2019-08-04 09:44:27.482 26971 WARNING rally_openstack.scenarios.neutron.utils [-] Running this scenario without either the 'network' or 'existing_network' context is deprecated
2019-08-04 09:44:27.482 26976 RALLYDEBUG rally.task.runner [-] Starting a worker. concurrency: 1 args: {"network_create_args": {}, "port_create_args": {}, "ports_per_network": 5} times: 40 method_name: run timeout: 0 duration: None cls:
2019-08-04 09:44:27.483 26973 INFO rally.task.runner [-] Task cb7b0966-b91d-4d2b-9c8d-33b7e73db882 | ITER: 13 START
2019-08-04 09:44:27.484 26979 RALLYDEBUG rally.task.runner [-] Starting a worker. concurrency: 1 args: {"network_create_args": {}, "port_create_args": {}, "ports_per_network": 5} times: 40 method_name: run timeout: 0 duration: None cls:
2019-08-04 09:44:27.485 26973 WARNING rally_openstack.scenarios.neutron.utils [-] Running this scenario without either the 'network' or 'existing_network' context is deprecated
2019-08-04 09:44:27.488 26976 INFO rally.task.runner [-] Task cb7b0966-b91d-4d2b-9c8d-33b7e73db882 | ITER: 14 START
2019-08-04 09:44:27.489 26976 WARNING rally_openstack.scenarios.neutron.utils [-] Running this scenario without either the 'network' or 'existing_network' context is deprecated
2019-08-04 09:44:27.489 26982 RALLYDEBUG rally.task.runner [-] Starting a worker. concurrency: 1 args: {"network_create_args": {}, "port_create_args": {}, "ports_per_network": 5} times: 40 method_name: run timeout: 0 duration: None cls:
2019-08-04 09:44:27.491 26979 INFO rally.task.runner [-] Task cb7b0966-b91d-4d2b-9c8d-33b7e73db882 | ITER: 15 START
2019-08-04 09:44:27.493 26979 WARNING rally_openstack.scenarios.neutron.utils [-] Running this scenario without either the 'network' or 'existing_network' context is deprecated
2019-08-04 09:44:27.496 26982 INFO rally.task.runner [-] Task cb7b0966-b91d-4d2b-9c8d-33b7e73db882 | ITER: 16 START
2019-08-04 09:44:27.497 26982 WARNING rally_openstack.scenarios.neutron.utils [-] Running this scenario without either the 'network' or 'existing_network' context is deprecated
2019-08-04 09:44:27.501 26989 RALLYDEBUG rally.task.runner [-] Starting a worker. concurrency: 1 args: {"network_create_args": {}, "port_create_args": {}, "ports_per_network": 5} times: 40 method_name: run timeout: 0 duration: None cls:
2019-08-04 09:44:27.508 26992 RALLYDEBUG rally.task.runner [-] Starting a worker. concurrency: 1 args: {"network_create_args": {}, "port_create_args": {}, "ports_per_network": 5} times: 40 method_name: run timeout: 0 duration: None cls:
2019-08-04 09:44:27.509 26989 INFO rally.task.runner [-] Task cb7b0966-b91d-4d2b-9c8d-33b7e73db882 | ITER: 17 START
2019-08-04 09:44:27.512 26989 WARNING rally_openstack.scenarios.neutron.utils [-] Running this scenario without either the 'network' or 'existing_network' context is deprecated
2019-08-04 09:44:27.515 26992 INFO rally.task.runner [-] Task cb7b0966-b91d-4d2b-9c8d-33b7e73db882 | ITER: 18 START
2019-08-04 09:44:27.516 26992 WARNING rally_openstack.scenarios.neutron.utils [-] Running this scenario without either the 'network' or 'existing_network' context is deprecated
2019-08-04 09:44:27.518 26995 RALLYDEBUG rally.task.runner [-] Starting a worker. concurrency: 1 args: {"network_create_args": {}, "port_create_args": {}, "ports_per_network": 5} times: 40 method_name: run timeout: 0 duration: None cls:
2019-08-04 09:44:27.522 26998 RALLYDEBUG rally.task.runner [-] Starting a worker. concurrency: 1 args: {"network_create_args": {}, "port_create_args": {}, "ports_per_network": 5} times: 40 method_name: run timeout: 0 duration: None cls:
2019-08-04 09:44:27.523 26995 INFO rally.task.runner [-] Task cb7b0966-b91d-4d2b-9c8d-33b7e73db882 | ITER: 19 START
2019-08-04 09:44:27.524 26995 WARNING rally_openstack.scenarios.neutron.utils [-] Running this scenario without either the 'network' or 'existing_network' context is deprecated
2019-08-04 09:44:27.527 26998 INFO rally.task.runner [-] Task cb7b0966-b91d-4d2b-9c8d-33b7e73db882 | ITER: 20 START
2019-08-04 09:44:27.528 26998 WARNING rally_openstack.scenarios.neutron.utils [-] Running this scenario without either the 'network' or 'existing_network' context is deprecated
2019-08-04 09:44:37.260 26989 INFO rally.task.runner [-] Task cb7b0966-b91d-4d2b-9c8d-33b7e73db882 | ITER: 17 END: OK
2019-08-04 09:44:37.264 26989 INFO rally.task.runner [-] Task cb7b0966-b91d-4d2b-9c8d-33b7e73db882 | ITER: 21 START
2019-08-04 09:44:37.265 26989 WARNING rally_openstack.scenarios.neutron.utils [-] Running this scenario without either the 'network' or 'existing_network' context is deprecated
2019-08-04 09:44:38.001 26952 INFO rally.task.runner [-] Task cb7b0966-b91d-4d2b-9c8d-33b7e73db882 | ITER: 2 END: OK
2019-08-04 09:44:38.006 26952 INFO rally.task.runner [-] Task cb7b0966-b91d-4d2b-9c8d-33b7e73db882 | ITER: 22 START
2019-08-04 09:44:38.007 26952 WARNING rally_openstack.scenarios.neutron.utils [-] Running this scenario without either the 'network' or 'existing_network' context is deprecated
2019-08-04 09:44:38.290 26992 INFO rally.task.runner [-] Task cb7b0966-b91d-4d2b-9c8d-33b7e73db882 | ITER: 18 END: OK
2019-08-04 09:44:38.294 26992 INFO rally.task.runner [-] Task cb7b0966-b91d-4d2b-9c8d-33b7e73db882 | ITER: 23 START
2019-08-04 09:44:38.294 26992 WARNING rally_openstack.scenarios.neutron.utils [-] Running this scenario without either the 'network' or 'existing_network' context is deprecated
2019-08-04 09:44:38.302 26979 INFO rally.task.runner [-] Task cb7b0966-b91d-4d2b-9c8d-33b7e73db882 | ITER: 15 END: OK
2019-08-04 09:44:38.307 26979 INFO rally.task.runner [-] Task cb7b0966-b91d-4d2b-9c8d-33b7e73db882 | ITER: 24 START
2019-08-04 09:44:38.307 26979 WARNING rally_openstack.scenarios.neutron.utils [-] Running this scenario without either the 'network' or 'existing_network' context is deprecated
2019-08-04 09:44:45.085 26989 INFO rally.task.runner [-] Task cb7b0966-b91d-4d2b-9c8d-33b7e73db882 | ITER: 21 END: OK
2019-08-04 09:44:45.090 26989 INFO rally.task.runner [-] Task cb7b0966-b91d-4d2b-9c8d-33b7e73db882 | ITER: 25 START
2019-08-04 09:44:45.091 26989 WARNING rally_openstack.scenarios.neutron.utils [-] Running this scenario without either the 'network' or 'existing_network' context is deprecated
2019-08-04 09:44:47.749 26979 INFO rally.task.runner [-] Task cb7b0966-b91d-4d2b-9c8d-33b7e73db882 | ITER: 24 END: OK
2019-08-04 09:44:47.753 26979 INFO rally.task.runner [-] Task cb7b0966-b91d-4d2b-9c8d-33b7e73db882 | ITER: 26 START
2019-08-04 09:44:47.754 26979 WARNING rally_openstack.scenarios.neutron.utils [-] Running this scenario without either the 'network' or 'existing_network' context is deprecated
2019-08-04 09:44:52.259 26989 INFO rally.task.runner [-] Task cb7b0966-b91d-4d2b-9c8d-33b7e73db882 | ITER: 25 END: OK
2019-08-04 09:44:52.263 26989 INFO rally.task.runner [-] Task cb7b0966-b91d-4d2b-9c8d-33b7e73db882 | ITER: 27 START
2019-08-04 09:44:52.264 26989 WARNING rally_openstack.scenarios.neutron.utils [-] Running this scenario without either the 'network' or 'existing_network' context is deprecated
2019-08-04 09:44:52.555 26953 INFO rally.task.runner [-] Task cb7b0966-b91d-4d2b-9c8d-33b7e73db882 | ITER: 7 END: OK
2019-08-04 09:44:52.560 26976 INFO rally.task.runner [-] Task cb7b0966-b91d-4d2b-9c8d-33b7e73db882 | ITER: 14 END: OK
2019-08-04 09:44:52.560 26953 INFO rally.task.runner [-] Task cb7b0966-b91d-4d2b-9c8d-33b7e73db882 | ITER: 28 START
2019-08-04 09:44:52.561 26953 WARNING rally_openstack.scenarios.neutron.utils [-] Running this scenario without either the 'network' or 'existing_network' context is deprecated
2019-08-04 09:44:52.564 26976 INFO rally.task.runner [-] Task cb7b0966-b91d-4d2b-9c8d-33b7e73db882 | ITER: 29 START
2019-08-04 09:44:52.565 26976 WARNING rally_openstack.scenarios.neutron.utils [-] Running this scenario without either the 'network' or 'existing_network' context is deprecated
2019-08-04 09:44:52.919 26971 INFO rally.task.runner [-] Task cb7b0966-b91d-4d2b-9c8d-33b7e73db882 | ITER: 12 END: OK
2019-08-04 09:44:52.923 26971 INFO rally.task.runner [-] Task cb7b0966-b91d-4d2b-9c8d-33b7e73db882 | ITER: 30 START
2019-08-04 09:44:52.924 26971 WARNING rally_openstack.scenarios.neutron.utils [-] Running this scenario without either the 'network' or 'existing_network' context is deprecated
2019-08-04 09:44:54.590 26952 INFO rally.task.runner [-] Task cb7b0966-b91d-4d2b-9c8d-33b7e73db882 | ITER: 22 END: OK
2019-08-04 09:44:54.595 26952 INFO rally.task.runner [-] Task cb7b0966-b91d-4d2b-9c8d-33b7e73db882 | ITER: 31 START
2019-08-04 09:44:54.595 26952 WARNING rally_openstack.scenarios.neutron.utils [-] Running this scenario without either the 'network' or 'existing_network' context is deprecated
2019-08-04 09:44:54.817 26992 INFO rally.task.runner [-] Task cb7b0966-b91d-4d2b-9c8d-33b7e73db882 | ITER: 23 END: OK
2019-08-04 09:44:54.820 26992 INFO rally.task.runner [-] Task cb7b0966-b91d-4d2b-9c8d-33b7e73db882 | ITER: 32 START
2019-08-04 09:44:54.821 26992 WARNING rally_openstack.scenarios.neutron.utils [-] Running this scenario without either the 'network' or 'existing_network' context is deprecated
2019-08-04 09:44:55.878 26979 INFO rally.task.runner [-] Task cb7b0966-b91d-4d2b-9c8d-33b7e73db882 | ITER: 26 END: OK
2019-08-04 09:44:55.882 26979 INFO rally.task.runner [-] Task cb7b0966-b91d-4d2b-9c8d-33b7e73db882 | ITER: 33 START
2019-08-04 09:44:55.883 26979 WARNING rally_openstack.scenarios.neutron.utils [-] Running this scenario without either the 'network' or 'existing_network' context is deprecated
2019-08-04 09:45:00.894 26954 INFO rally.task.runner [-] Task cb7b0966-b91d-4d2b-9c8d-33b7e73db882 | ITER: 9 END: OK
2019-08-04 09:45:00.901 26954 INFO rally.task.runner [-] Task cb7b0966-b91d-4d2b-9c8d-33b7e73db882 | ITER: 34 START
2019-08-04 09:45:00.902 26954 WARNING rally_openstack.scenarios.neutron.utils [-] Running this scenario without either the 'network' or 'existing_network' context is deprecated
2019-08-04 09:45:01.224 26951 INFO rally.task.runner [-] Task cb7b0966-b91d-4d2b-9c8d-33b7e73db882 | ITER: 3 END: OK
2019-08-04 09:45:01.231 26951 INFO rally.task.runner [-] Task cb7b0966-b91d-4d2b-9c8d-33b7e73db882 | ITER: 35 START
2019-08-04 09:45:01.233 26951 WARNING rally_openstack.scenarios.neutron.utils [-] Running this scenario without either the 'network' or 'existing_network' context is deprecated
2019-08-04 09:45:01.318 26989 INFO rally.task.runner [-] Task cb7b0966-b91d-4d2b-9c8d-33b7e73db882 | ITER: 27 END: OK
2019-08-04 09:45:01.324 26989 INFO rally.task.runner [-] Task cb7b0966-b91d-4d2b-9c8d-33b7e73db882 | ITER: 36 START
2019-08-04 09:45:01.325 26989 WARNING rally_openstack.scenarios.neutron.utils [-] Running this scenario without either the 'network' or 'existing_network' context is deprecated
2019-08-04 09:45:01.389 26953 INFO rally.task.runner [-] Task cb7b0966-b91d-4d2b-9c8d-33b7e73db882 | ITER: 5 END: OK
2019-08-04 09:45:01.390 26956 INFO rally.task.runner [-] Task cb7b0966-b91d-4d2b-9c8d-33b7e73db882 | ITER: 8 END: OK
2019-08-04 09:45:01.395 26953 INFO rally.task.runner [-] Task cb7b0966-b91d-4d2b-9c8d-33b7e73db882 | ITER: 37 START
2019-08-04 09:45:01.395 26956 INFO rally.task.runner [-] Task cb7b0966-b91d-4d2b-9c8d-33b7e73db882 | ITER: 38 START
2019-08-04 09:45:01.396 26953 WARNING rally_openstack.scenarios.neutron.utils [-] Running this scenario without either the 'network' or 'existing_network' context is deprecated
2019-08-04 09:45:01.396 26956 WARNING rally_openstack.scenarios.neutron.utils [-] Running this scenario without either the 'network' or 'existing_network' context is deprecated
2019-08-04 09:45:01.597 26952 INFO rally.task.runner [-] Task cb7b0966-b91d-4d2b-9c8d-33b7e73db882 | ITER: 4 END: OK
2019-08-04 09:45:01.604 26952 INFO rally.task.runner [-] Task cb7b0966-b91d-4d2b-9c8d-33b7e73db882 | ITER: 39 START
