2019-08-04 09:28:15.059 24799 WARNING rally_openstack.scenarios.neutron.utils [-] Running this scenario without either the 'network' or 'existing_network' context is deprecated
2019-08-04 09:28:15.059 24813 RALLYDEBUG rally.task.runner [-] Starting a worker. concurrency: 1 args: {"network_create_args": {}, "subnet_create_args": {}, "subnet_cidr_start": "1.1.0.0/30", "subnets_per_network": 2} times: 40 method_name: run timeout: 0 duration: None cls:
2019-08-04 09:28:15.060 24801 WARNING rally_openstack.scenarios.neutron.utils [-] Running this scenario without either the 'network' or 'existing_network' context is deprecated
2019-08-04 09:28:15.059 24802 WARNING rally_openstack.scenarios.neutron.utils [-] Running this scenario without either the 'network' or 'existing_network' context is deprecated
2019-08-04 09:28:15.061 24819 RALLYDEBUG rally.task.runner [-] Starting a worker. concurrency: 1 args: {"network_create_args": {}, "subnet_create_args": {}, "subnet_cidr_start": "1.1.0.0/30", "subnets_per_network": 2} times: 40 method_name: run timeout: 0 duration: None cls:
2019-08-04 09:28:15.065 24813 INFO rally.task.runner [-] Task cb7b0966-b91d-4d2b-9c8d-33b7e73db882 | ITER: 10 START
2019-08-04 09:28:15.067 24813 WARNING rally_openstack.scenarios.neutron.utils [-] Running this scenario without either the 'network' or 'existing_network' context is deprecated
2019-08-04 09:28:15.067 24819 INFO rally.task.runner [-] Task cb7b0966-b91d-4d2b-9c8d-33b7e73db882 | ITER: 11 START
2019-08-04 09:28:15.069 24819 WARNING rally_openstack.scenarios.neutron.utils [-] Running this scenario without either the 'network' or 'existing_network' context is deprecated
2019-08-04 09:28:15.069 24820 RALLYDEBUG rally.task.runner [-] Starting a worker. concurrency: 1 args: {"network_create_args": {}, "subnet_create_args": {}, "subnet_cidr_start": "1.1.0.0/30", "subnets_per_network": 2} times: 40 method_name: run timeout: 0 duration: None cls:
2019-08-04 09:28:15.077 24820 INFO rally.task.runner [-] Task cb7b0966-b91d-4d2b-9c8d-33b7e73db882 | ITER: 12 START
2019-08-04 09:28:15.077 24825 RALLYDEBUG rally.task.runner [-] Starting a worker. concurrency: 1 args: {"network_create_args": {}, "subnet_create_args": {}, "subnet_cidr_start": "1.1.0.0/30", "subnets_per_network": 2} times: 40 method_name: run timeout: 0 duration: None cls:
2019-08-04 09:28:15.078 24820 WARNING rally_openstack.scenarios.neutron.utils [-] Running this scenario without either the 'network' or 'existing_network' context is deprecated
2019-08-04 09:28:15.081 24826 RALLYDEBUG rally.task.runner [-] Starting a worker. concurrency: 1 args: {"network_create_args": {}, "subnet_create_args": {}, "subnet_cidr_start": "1.1.0.0/30", "subnets_per_network": 2} times: 40 method_name: run timeout: 0 duration: None cls:
2019-08-04 09:28:15.086 24825 INFO rally.task.runner [-] Task cb7b0966-b91d-4d2b-9c8d-33b7e73db882 | ITER: 13 START
2019-08-04 09:28:15.087 24826 INFO rally.task.runner [-] Task cb7b0966-b91d-4d2b-9c8d-33b7e73db882 | ITER: 14 START
2019-08-04 09:28:15.088 24825 WARNING rally_openstack.scenarios.neutron.utils [-] Running this scenario without either the 'network' or 'existing_network' context is deprecated
2019-08-04 09:28:15.089 24826 WARNING rally_openstack.scenarios.neutron.utils [-] Running this scenario without either the 'network' or 'existing_network' context is deprecated
2019-08-04 09:28:15.089 24829 RALLYDEBUG rally.task.runner [-] Starting a worker. concurrency: 1 args: {"network_create_args": {}, "subnet_create_args": {}, "subnet_cidr_start": "1.1.0.0/30", "subnets_per_network": 2} times: 40 method_name: run timeout: 0 duration: None cls:
2019-08-04 09:28:15.095 24829 INFO rally.task.runner [-] Task cb7b0966-b91d-4d2b-9c8d-33b7e73db882 | ITER: 15 START
2019-08-04 09:28:15.096 24829 WARNING rally_openstack.scenarios.neutron.utils [-] Running this scenario without either the 'network' or 'existing_network' context is deprecated
2019-08-04 09:28:15.101 24834 RALLYDEBUG rally.task.runner [-] Starting a worker. concurrency: 1 args: {"network_create_args": {}, "subnet_create_args": {}, "subnet_cidr_start": "1.1.0.0/30", "subnets_per_network": 2} times: 40 method_name: run timeout: 0 duration: None cls:
2019-08-04 09:28:15.102 24837 RALLYDEBUG rally.task.runner [-] Starting a worker. concurrency: 1 args: {"network_create_args": {}, "subnet_create_args": {}, "subnet_cidr_start": "1.1.0.0/30", "subnets_per_network": 2} times: 40 method_name: run timeout: 0 duration: None cls:
2019-08-04 09:28:15.107 24834 INFO rally.task.runner [-] Task cb7b0966-b91d-4d2b-9c8d-33b7e73db882 | ITER: 16 START
2019-08-04 09:28:15.108 24837 INFO rally.task.runner [-] Task cb7b0966-b91d-4d2b-9c8d-33b7e73db882 | ITER: 17 START
2019-08-04 09:28:15.108 24834 WARNING rally_openstack.scenarios.neutron.utils [-] Running this scenario without either the 'network' or 'existing_network' context is deprecated
2019-08-04 09:28:15.109 24837 WARNING rally_openstack.scenarios.neutron.utils [-] Running this scenario without either the 'network' or 'existing_network' context is deprecated
2019-08-04 09:28:15.111 24838 RALLYDEBUG rally.task.runner [-] Starting a worker. concurrency: 1 args: {"network_create_args": {}, "subnet_create_args": {}, "subnet_cidr_start": "1.1.0.0/30", "subnets_per_network": 2} times: 40 method_name: run timeout: 0 duration: None cls:
2019-08-04 09:28:15.117 24838 INFO rally.task.runner [-] Task cb7b0966-b91d-4d2b-9c8d-33b7e73db882 | ITER: 18 START
2019-08-04 09:28:15.118 24838 WARNING rally_openstack.scenarios.neutron.utils [-] Running this scenario without either the 'network' or 'existing_network' context is deprecated
2019-08-04 09:28:15.117 24843 RALLYDEBUG rally.task.runner [-] Starting a worker. concurrency: 1 args: {"network_create_args": {}, "subnet_create_args": {}, "subnet_cidr_start": "1.1.0.0/30", "subnets_per_network": 2} times: 40 method_name: run timeout: 0 duration: None cls:
2019-08-04 09:28:15.122 24843 INFO rally.task.runner [-] Task cb7b0966-b91d-4d2b-9c8d-33b7e73db882 | ITER: 19 START
2019-08-04 09:28:15.122 24846 RALLYDEBUG rally.task.runner [-] Starting a worker. concurrency: 1 args: {"network_create_args": {}, "subnet_create_args": {}, "subnet_cidr_start": "1.1.0.0/30", "subnets_per_network": 2} times: 40 method_name: run timeout: 0 duration: None cls:
2019-08-04 09:28:15.123 24843 WARNING rally_openstack.scenarios.neutron.utils [-] Running this scenario without either the 'network' or 'existing_network' context is deprecated
2019-08-04 09:28:15.127 24846 INFO rally.task.runner [-] Task cb7b0966-b91d-4d2b-9c8d-33b7e73db882 | ITER: 20 START
2019-08-04 09:28:15.128 24846 WARNING rally_openstack.scenarios.neutron.utils [-] Running this scenario without either the 'network' or 'existing_network' context is deprecated
2019-08-04 09:28:16.837 24799 RALLYDEBUG rally_openstack.wrappers.network [-] CIDR generated: 1.1.4.96/30
2019-08-04 09:28:16.878 24800 RALLYDEBUG rally_openstack.wrappers.network [-] CIDR generated: 1.1.4.100/30
2019-08-04 09:28:16.947 24802 RALLYDEBUG rally_openstack.wrappers.network [-] CIDR generated: 1.1.4.104/30
2019-08-04 09:28:17.010 24799 RALLYDEBUG rally_openstack.wrappers.network [-] CIDR generated: 1.1.4.108/30
2019-08-04 09:28:17.022 24801 RALLYDEBUG rally_openstack.wrappers.network [-] CIDR generated: 1.1.4.112/30
2019-08-04 09:28:17.198 24800 RALLYDEBUG rally_openstack.wrappers.network [-] CIDR generated: 1.1.4.116/30
2019-08-04 09:28:17.205 24805 RALLYDEBUG rally_openstack.wrappers.network [-] CIDR generated: 1.1.4.120/30
2019-08-04 09:28:17.227 24819 RALLYDEBUG rally_openstack.wrappers.network [-] CIDR generated: 1.1.4.124/30
2019-08-04 09:28:17.234 24802 RALLYDEBUG rally_openstack.wrappers.network [-] CIDR generated: 1.1.4.128/30
2019-08-04 09:28:17.237 24813 RALLYDEBUG rally_openstack.wrappers.network [-] CIDR generated: 1.1.4.132/30
2019-08-04 09:28:17.243 24837 RALLYDEBUG rally_openstack.wrappers.network [-] CIDR generated: 1.1.4.136/30
2019-08-04 09:28:17.305 24829 RALLYDEBUG rally_openstack.wrappers.network [-] CIDR generated: 1.1.4.140/30
2019-08-04 09:28:17.306 24820 RALLYDEBUG rally_openstack.wrappers.network [-] CIDR generated: 1.1.4.144/30
2019-08-04 09:28:17.371 24801 RALLYDEBUG rally_openstack.wrappers.network [-] CIDR generated: 1.1.4.148/30
2019-08-04 09:28:17.698 24843 RALLYDEBUG rally_openstack.wrappers.network [-] CIDR generated: 1.1.4.152/30
2019-08-04 09:28:17.907 24799 RALLYDEBUG rally_openstack.wrappers.network [-] CIDR generated: 1.1.4.156/30
2019-08-04 09:28:18.168 24834 RALLYDEBUG rally_openstack.wrappers.network [-] CIDR generated: 1.1.4.160/30
2019-08-04 09:28:18.263 24825 RALLYDEBUG rally_openstack.wrappers.network [-] CIDR generated: 1.1.4.164/30
2019-08-04 09:28:18.291 24800 RALLYDEBUG rally_openstack.wrappers.network [-] CIDR generated: 1.1.4.168/30
2019-08-04 09:28:18.392 24802 RALLYDEBUG rally_openstack.wrappers.network [-] CIDR generated: 1.1.4.172/30
2019-08-04 09:28:18.459 24837 RALLYDEBUG rally_openstack.wrappers.network [-] CIDR generated: 1.1.4.176/30
2019-08-04 09:28:18.868 24846 RALLYDEBUG rally_openstack.wrappers.network [-] CIDR generated: 1.1.4.180/30
2019-08-04 09:28:18.881 24838 RALLYDEBUG rally_openstack.wrappers.network [-] CIDR generated: 1.1.4.184/30
2019-08-04 09:28:19.177 24826 RALLYDEBUG rally_openstack.wrappers.network [-] CIDR generated: 1.1.4.188/30
2019-08-04 09:28:19.656 24829 RALLYDEBUG rally_openstack.wrappers.network [-] CIDR generated: 1.1.4.192/30
2019-08-04 09:28:20.073 24843 RALLYDEBUG rally_openstack.wrappers.network [-] CIDR generated: 1.1.4.196/30
2019-08-04 09:28:21.339 24820 RALLYDEBUG rally_openstack.wrappers.network [-] CIDR generated: 1.1.4.200/30
2019-08-04 09:28:23.508 24813 RALLYDEBUG rally_openstack.wrappers.network [-] CIDR generated: 1.1.4.204/30
2019-08-04 09:28:23.510 24802 RALLYDEBUG rally_openstack.wrappers.network [-] CIDR generated: 1.1.4.208/30
2019-08-04 09:28:23.513 24801 RALLYDEBUG rally_openstack.wrappers.network [-] CIDR generated: 1.1.4.212/30
2019-08-04 09:28:23.660 24799 INFO rally.task.runner [-] Task cb7b0966-b91d-4d2b-9c8d-33b7e73db882 | ITER: 3 END: OK
2019-08-04 09:28:23.664 24799 INFO rally.task.runner [-] Task cb7b0966-b91d-4d2b-9c8d-33b7e73db882 | ITER: 21 START
2019-08-04 09:28:23.664 24799 WARNING rally_openstack.scenarios.neutron.utils [-] Running this scenario without either the 'network' or 'existing_network' context is deprecated
2019-08-04 09:28:24.347 24799 RALLYDEBUG rally_openstack.wrappers.network [-] CIDR generated: 1.1.4.216/30
2019-08-04 09:28:24.354 24825 RALLYDEBUG rally_openstack.wrappers.network [-] CIDR generated: 1.1.4.220/30
2019-08-04 09:28:24.355 24834 RALLYDEBUG rally_openstack.wrappers.network [-] CIDR generated: 1.1.4.224/30
2019-08-04 09:28:24.376 24819 RALLYDEBUG rally_openstack.wrappers.network [-] CIDR generated: 1.1.4.228/30
2019-08-04 09:28:24.382 24800 INFO rally.task.runner [-] Task cb7b0966-b91d-4d2b-9c8d-33b7e73db882 | ITER: 2 END: OK
2019-08-04 09:28:24.386 24800 INFO rally.task.runner [-] Task cb7b0966-b91d-4d2b-9c8d-33b7e73db882 | ITER: 22 START
2019-08-04 09:28:24.387 24800 WARNING rally_openstack.scenarios.neutron.utils [-] Running this scenario without either the 'network' or 'existing_network' context is deprecated
2019-08-04 09:28:24.394 24802 INFO rally.task.runner [-] Task cb7b0966-b91d-4d2b-9c8d-33b7e73db882 | ITER: 6 END: OK
2019-08-04 09:28:24.398 24802 INFO rally.task.runner [-] Task cb7b0966-b91d-4d2b-9c8d-33b7e73db882 | ITER: 23 START
2019-08-04 09:28:24.398 24802 WARNING rally_openstack.scenarios.neutron.utils [-] Running this scenario without either the 'network' or 'existing_network' context is deprecated
2019-08-04 09:28:24.429 24846 RALLYDEBUG rally_openstack.wrappers.network [-] CIDR generated: 1.1.4.232/30
2019-08-04 09:28:24.474 24826 RALLYDEBUG rally_openstack.wrappers.network [-] CIDR generated: 1.1.4.236/30
2019-08-04 09:28:24.539 24801 RALLYDEBUG rally_openstack.wrappers.network [-] CIDR generated: 1.1.4.240/30
2019-08-04 09:28:24.731 24799 RALLYDEBUG rally_openstack.wrappers.network [-] CIDR generated: 1.1.4.244/30
2019-08-04 09:28:24.778 24837 INFO rally.task.runner [-] Task cb7b0966-b91d-4d2b-9c8d-33b7e73db882 | ITER: 17 END: OK
2019-08-04 09:28:24.781 24837 INFO rally.task.runner [-] Task cb7b0966-b91d-4d2b-9c8d-33b7e73db882 | ITER: 24 START
2019-08-04 09:28:24.782 24837 WARNING rally_openstack.scenarios.neutron.utils [-] Running this scenario without either the 'network' or 'existing_network' context is deprecated
2019-08-04 09:28:24.824 24838 RALLYDEBUG rally_openstack.wrappers.network [-] CIDR generated: 1.1.4.248/30
2019-08-04 09:28:24.957 24805 RALLYDEBUG rally_openstack.wrappers.network [-] CIDR generated: 1.1.4.252/30
2019-08-04 09:28:24.958 24800 RALLYDEBUG rally_openstack.wrappers.network [-] CIDR generated: 1.1.5.0/30
2019-08-04 09:28:25.515 24802 RALLYDEBUG rally_openstack.wrappers.network [-] CIDR generated: 1.1.5.4/30
2019-08-04 09:28:25.615 24800 RALLYDEBUG rally_openstack.wrappers.network [-] CIDR generated: 1.1.5.8/30
2019-08-04 09:28:26.017 24837 RALLYDEBUG rally_openstack.wrappers.network [-] CIDR generated: 1.1.5.12/30
2019-08-04 09:28:26.945 24802 RALLYDEBUG rally_openstack.wrappers.network [-] CIDR generated: 1.1.5.16/30
2019-08-04 09:28:27.003 24799 RALLYDEBUG rally_openstack.wrappers.network [-] CIDR generated: 1.1.5.20/30
2019-08-04 09:28:27.429 24837 RALLYDEBUG rally_openstack.wrappers.network [-] CIDR generated: 1.1.5.24/30
2019-08-04 09:28:27.882 24800 RALLYDEBUG rally_openstack.wrappers.network [-] CIDR generated: 1.1.5.28/30
2019-08-04 09:28:28.491 24843 INFO rally.task.runner [-] Task cb7b0966-b91d-4d2b-9c8d-33b7e73db882 | ITER: 19 END: OK
2019-08-04 09:28:28.495 24843 INFO rally.task.runner [-] Task cb7b0966-b91d-4d2b-9c8d-33b7e73db882 | ITER: 25 START
2019-08-04 09:28:28.496 24843 WARNING rally_openstack.scenarios.neutron.utils [-] Running this scenario without either the 'network' or 'existing_network' context is deprecated
2019-08-04 09:28:28.528 24829 INFO rally.task.runner [-] Task cb7b0966-b91d-4d2b-9c8d-33b7e73db882 | ITER: 15 END: OK
2019-08-04 09:28:28.532 24829 INFO rally.task.runner [-] Task cb7b0966-b91d-4d2b-9c8d-33b7e73db882 | ITER: 26 START
2019-08-04 09:28:28.533 24829 WARNING rally_openstack.scenarios.neutron.utils [-] Running this scenario without either the 'network' or 'existing_network' context is deprecated
2019-08-04 09:28:29.715 24802 INFO rally.task.runner [-] Task cb7b0966-b91d-4d2b-9c8d-33b7e73db882 | ITER: 23 END: OK
2019-08-04 09:28:29.718 24802 INFO rally.task.runner [-] Task cb7b0966-b91d-4d2b-9c8d-33b7e73db882 | ITER: 27 START
2019-08-04 09:28:29.719 24802 WARNING rally_openstack.scenarios.neutron.utils [-] Running this scenario without either the 'network' or 'existing_network' context is deprecated
2019-08-04 09:28:29.772 24843 RALLYDEBUG rally_openstack.wrappers.network [-] CIDR generated: 1.1.5.32/30
2019-08-04 09:28:29.830 24829 RALLYDEBUG rally_openstack.wrappers.network [-] CIDR generated: 1.1.5.36/30
2019-08-04 09:28:29.894 24837 INFO rally.task.runner [-] Task cb7b0966-b91d-4d2b-9c8d-33b7e73db882 | ITER: 24 END: OK
2019-08-04 09:28:29.897 24837 INFO rally.task.runner [-] Task cb7b0966-b91d-4d2b-9c8d-33b7e73db882 | ITER: 28 START
2019-08-04 09:28:29.898 24837 WARNING rally_openstack.scenarios.neutron.utils [-] Running this scenario without either the 'network' or 'existing_network' context is deprecated
2019-08-04 09:28:31.114 24843 RALLYDEBUG rally_openstack.wrappers.network [-] CIDR generated: 1.1.5.40/30
2019-08-04 09:28:31.135 24829 RALLYDEBUG rally_openstack.wrappers.network [-] CIDR generated: 1.1.5.44/30
2019-08-04 09:28:31.378 24802 RALLYDEBUG rally_openstack.wrappers.network [-] CIDR generated: 1.1.5.48/30
2019-08-04 09:28:31.716 24837 RALLYDEBUG rally_openstack.wrappers.network [-] CIDR generated: 1.1.5.52/30
2019-08-04 09:28:32.042 24799 INFO rally.task.runner [-] Task cb7b0966-b91d-4d2b-9c8d-33b7e73db882 | ITER: 21 END: OK
2019-08-04 09:28:32.047 24799 INFO rally.task.runner [-] Task cb7b0966-b91d-4d2b-9c8d-33b7e73db882 | ITER: 29 START
2019-08-04 09:28:32.047 24799 WARNING rally_openstack.scenarios.neutron.utils [-] Running this scenario without either the 'network' or 'existing_network' context is deprecated
2019-08-04 09:28:33.084 24800 INFO rally.task.runner [-] Task cb7b0966-b91d-4d2b-9c8d-33b7e73db882 | ITER: 22 END: OK
2019-08-04 09:28:33.088 24800 INFO rally.task.runner [-] Task cb7b0966-b91d-4d2b-9c8d-33b7e73db882 | ITER: 30 START
2019-08-04 09:28:33.089 24800 WARNING rally_openstack.scenarios.neutron.utils [-] Running this scenario without either the 'network' or 'existing_network' context is deprecated
2019-08-04 09:28:33.561 24799 RALLYDEBUG rally_openstack.wrappers.network [-] CIDR generated: 1.1.5.56/30
2019-08-04 09:28:34.043 24802 RALLYDEBUG rally_openstack.wrappers.network [-] CIDR generated: 1.1.5.60/30
2019-08-04 09:28:34.334 24843 INFO rally.task.runner [-] Task cb7b0966-b91d-4d2b-9c8d-33b7e73db882 | ITER: 25 END: OK
2019-08-04 09:28:34.338 24843 INFO rally.task.runner [-] Task cb7b0966-b91d-4d2b-9c8d-33b7e73db882 | ITER: 31 START
2019-08-04 09:28:34.339 24843 WARNING rally_openstack.scenarios.neutron.utils [-] Running this scenario without either the 'network' or 'existing_network' context is deprecated
2019-08-04 09:28:34.346 24837 RALLYDEBUG rally_openstack.wrappers.network [-] CIDR generated: 1.1.5.64/30
2019-08-04 09:28:34.398 24829 INFO rally.task.runner [-] Task cb7b0966-b91d-4d2b-9c8d-33b7e73db882 | ITER: 26 END: OK
2019-08-04 09:28:34.403 24829 INFO rally.task.runner [-] Task cb7b0966-b91d-4d2b-9c8d-33b7e73db882 | ITER: 32 START
2019-08-04 09:28:34.403 24829 WARNING rally_openstack.scenarios.neutron.utils [-] Running this scenario without either the 'network' or 'existing_network' context is deprecated
2019-08-04 09:28:34.507 24800 RALLYDEBUG rally_openstack.wrappers.network [-] CIDR generated: 1.1.5.68/30
2019-08-04 09:28:35.374 24799 RALLYDEBUG rally_openstack.wrappers.network [-] CIDR generated: 1.1.5.72/30
2019-08-04 09:28:35.700 24843 RALLYDEBUG rally_openstack.wrappers.network [-] CIDR generated: 1.1.5.76/30
2019-08-04 09:28:35.728 24829 RALLYDEBUG rally_openstack.wrappers.network [-] CIDR generated: 1.1.5.80/30
2019-08-04 09:28:35.862 24802 INFO rally.task.runner [-] Task cb7b0966-b91d-4d2b-9c8d-33b7e73db882 | ITER: 8 END: OK
2019-08-04 09:28:35.867 24802 INFO rally.task.runner [-] Task cb7b0966-b91d-4d2b-9c8d-33b7e73db882 | ITER: 33 START
2019-08-04 09:28:35.867 24802 WARNING rally_openstack.scenarios.neutron.utils [-] Running this scenario without either the 'network' or 'existing_network' context is deprecated
2019-08-04 09:28:36.202 24800 RALLYDEBUG rally_openstack.wrappers.network [-] CIDR generated: 1.1.5.84/30
2019-08-04 09:28:36.634 24820 INFO rally.task.runner [-] Task cb7b0966-b91d-4d2b-9c8d-33b7e73db882 | ITER: 12 END: OK
2019-08-04 09:28:36.639 24820 INFO rally.task.runner [-] Task cb7b0966-b91d-4d2b-9c8d-33b7e73db882 | ITER: 34 START
2019-08-04 09:28:36.639 24820 WARNING rally_openstack.scenarios.neutron.utils [-] Running this scenario without either the 'network' or 'existing_network' context is deprecated
2019-08-04 09:28:36.730 24801 INFO rally.task.runner [-] Task cb7b0966-b91d-4d2b-9c8d-33b7e73db882 | ITER: 7 END: OK
2019-08-04 09:28:36.734 24801 INFO rally.task.runner [-] Task cb7b0966-b91d-4d2b-9c8d-33b7e73db882 | ITER: 35 START
2019-08-04 09:28:36.734 24801 WARNING rally_openstack.scenarios.neutron.utils [-] Running this scenario without either the 'network' or 'existing_network' context is deprecated
2019-08-04 09:28:37.105 24829 RALLYDEBUG rally_openstack.wrappers.network [-] CIDR generated: 1.1.5.88/30
2019-08-04 09:28:37.140 24843 RALLYDEBUG rally_openstack.wrappers.network [-] CIDR generated: 1.1.5.92/30
2019-08-04 09:28:37.601 24813 INFO rally.task.runner [-] Task cb7b0966-b91d-4d2b-9c8d-33b7e73db882 | ITER: 10 END: OK
2019-08-04 09:28:37.605 24813 INFO rally.task.runner [-] Task cb7b0966-b91d-4d2b-9c8d-33b7e73db882 | ITER: 36 START
2019-08-04 09:28:37.606 24813 WARNING rally_openstack.scenarios.neutron.utils [-] Running this scenario without either the 'network' or 'existing_network' context is deprecated
2019-08-04 09:28:37.908 24802 RALLYDEBUG rally_openstack.wrappers.network [-] CIDR generated: 1.1.5.96/30
2019-08-04 09:28:38.326 24801 RALLYDEBUG rally_openstack.wrappers.network [-] CIDR generated: 1.1.5.100/30
2019-08-04 09:28:38.696 24820 RALLYDEBUG rally_openstack.wrappers.network [-] CIDR generated: 1.1.5.104/30
2019-08-04 09:28:38.772 24846 INFO rally.task.runner [-] Task cb7b0966-b91d-4d2b-9c8d-33b7e73db882 | ITER: 20 END: OK
2019-08-04 09:28:38.776 24846 INFO rally.task.runner [-] Task cb7b0966-b91d-4d2b-9c8d-33b7e73db882 | ITER: 37 START
2019-08-04 09:28:38.777 24846 WARNING rally_openstack.scenarios.neutron.utils [-] Running this scenario without either the 'network' or 'existing_network' context is deprecated
2019-08-04 09:28:38.884 24819 INFO rally.task.runner [-] Task cb7b0966-b91d-4d2b-9c8d-33b7e73db882 | ITER: 11 END: OK
2019-08-04 09:28:38.888 24819 INFO rally.task.runner [-] Task cb7b0966-b91d-4d2b-9c8d-33b7e73db882 | ITER: 38 START
2019-08-04 09:28:38.889 24819 WARNING rally_openstack.scenarios.neutron.utils [-] Running this scenario without either the 'network' or 'existing_network' context is deprecated
2019-08-04 09:28:39.050 24799 INFO rally.task.runner [-] Task cb7b0966-b91d-4d2b-9c8d-33b7e73db882 | ITER: 29 END: OK
2019-08-04 09:28:39.054 24799 INFO rally.task.runner [-] Task cb7b0966-b91d-4d2b-9c8d-33b7e73db882 | ITER: 39 START
2019-08-04 09:28:39.055 24799 WARNING rally_openstack.scenarios.neutron.utils [-] Running this scenario without either the 'network' or 'existing_network' context is deprecated
2019-08-04 09:28:39.106 24826 INFO rally.task.runner [-] Task cb7b0966-b91d-4d2b-9c8d-33b7e73db882 | ITER: 14 END: OK
2019-08-04 09:28:39.111 24826 INFO rally.task.runner [-] Task cb7b0966-b91d-4d2b-9c8d-33b7e73db882 | ITER: 40 START
2019-08-04 09:28:39.111 24826 WARNING rally_openstack.scenarios.neutron.utils [-] Running this scenario without either the 'network' or 'existing_network' context is deprecated
2019-08-04 09:28:39.161 24801 INFO rally.task.runner [-] Task cb7b0966-b91d-4d2b-9c8d-33b7e73db882 | ITER: 4 END: OK
2019-08-04 09:28:39.351 24813 RALLYDEBUG rally_openstack.wrappers.network [-] CIDR generated: 1.1.5.108/30
2019-08-04 09:28:39.413 24800 INFO rally.task.runner [-] Task cb7b0966-b91d-4d2b-9c8d-33b7e73db882 | ITER: 5 END: OK
2019-08-04 09:28:39.413 24805 INFO rally.task.runner [-] Task cb7b0966-b91d-4d2b-9c8d-33b7e73db882 | ITER: 9 END: OK
2019-08-04 09:28:39.465 24834 INFO rally.task.runner [-] Task cb7b0966-b91d-4d2b-9c8d-33b7e73db882 | ITER: 16 END: OK
2019-08-04 09:28:39.594 24838 INFO rally.task.runner [-] Task cb7b0966-b91d-4d2b-9c8d-33b7e73db882 | ITER: 18 END: OK
2019-08-04 09:28:39.873 24802 INFO rally.task.runner [-] Task cb7b0966-b91d-4d2b-9c8d-33b7e73db882 | ITER: 27 END: OK
2019-08-04 09:28:40.151 24837 INFO rally.task.runner [-] Task cb7b0966-b91d-4d2b-9c8d-33b7e73db882 | ITER: 28 END: OK
2019-08-04 09:28:40.510 24846 RALLYDEBUG rally_openstack.wrappers.network [-] CIDR generated: 1.1.5.112/30
2019-08-04 09:28:40.671 24825 INFO rally.task.runner [-] Task cb7b0966-b91d-4d2b-9c8d-33b7e73db882 | ITER: 13 END: OK
2019-08-04 09:28:40.689 24801 RALLYDEBUG rally_openstack.wrappers.network [-] CIDR generated: 1.1.5.116/30
2019-08-04 09:28:40.900 24802 RALLYDEBUG rally_openstack.wrappers.network [-] CIDR generated: 1.1.5.120/30
2019-08-04 09:28:40.919 24800 INFO rally.task.runner [-] Task cb7b0966-b91d-4d2b-9c8d-33b7e73db882 | ITER: 30 END: OK
2019-08-04 09:28:41.067 24829 INFO rally.task.runner [-] Task cb7b0966-b91d-4d2b-9c8d-33b7e73db882 | ITER: 32 END: OK
2019-08-04 09:28:41.127 24826 RALLYDEBUG rally_openstack.wrappers.network [-] CIDR generated: 1.1.5.124/30
2019-08-04 09:28:41.200 24820 RALLYDEBUG rally_openstack.wrappers.network [-] CIDR generated: 1.1.5.128/30
2019-08-04 09:28:41.257 24799 RALLYDEBUG rally_openstack.wrappers.network [-] CIDR generated: 1.1.5.132/30
2019-08-04 09:28:41.310 24819 RALLYDEBUG rally_openstack.wrappers.network [-] CIDR generated: 1.1.5.136/30
2019-08-04 09:28:41.327 24813 RALLYDEBUG rally_openstack.wrappers.network [-] CIDR generated: 1.1.5.140/30
2019-08-04 09:28:42.077 24799 INFO rally.task.runner [-] Task cb7b0966-b91d-4d2b-9c8d-33b7e73db882 | ITER: 1 END: OK
2019-08-04 09:28:42.333 24826 RALLYDEBUG rally_openstack.wrappers.network [-] CIDR generated: 1.1.5.144/30
2019-08-04 09:28:42.500 24799 RALLYDEBUG rally_openstack.wrappers.network [-] CIDR generated: 1.1.5.148/30
2019-08-04 09:28:44.195 24846 RALLYDEBUG rally_openstack.wrappers.network [-] CIDR generated: 1.1.5.152/30
2019-08-04 09:28:44.937 24819 RALLYDEBUG rally_openstack.wrappers.network [-] CIDR generated: 1.1.5.156/30
2019-08-04 09:28:45.269 24843 INFO rally.task.runner [-] Task cb7b0966-b91d-4d2b-9c8d-33b7e73db882 | ITER: 31 END: OK
2019-08-04 09:28:45.307 24820 INFO rally.task.runner [-] Task cb7b0966-b91d-4d2b-9c8d-33b7e73db882 | ITER: 34 END: OK
2019-08-04 09:28:45.377 24813 INFO rally.task.runner [-] Task cb7b0966-b91d-4d2b-9c8d-33b7e73db882 | ITER: 36 END: OK
2019-08-04 09:28:45.621 24799 INFO rally.task.runner [-] Task cb7b0966-b91d-4d2b-9c8d-33b7e73db882 | ITER: 39 END: OK
2019-08-04 09:28:46.243 24802 INFO rally.task.runner [-] Task cb7b0966-b91d-4d2b-9c8d-33b7e73db882 | ITER: 33 END: OK
2019-08-04 09:28:46.383 24826 INFO rally.task.runner [-] Task cb7b0966-b91d-4d2b-9c8d-33b7e73db882 | ITER: 40 END: OK
2019-08-04 09:28:48.769 24801 INFO rally.task.runner [-] Task cb7b0966-b91d-4d2b-9c8d-33b7e73db882 | ITER: 35 END: OK
2019-08-04 09:28:51.208 24846 INFO rally.task.runner [-] Task cb7b0966-b91d-4d2b-9c8d-33b7e73db882 | ITER: 37 END: OK
2019-08-04 09:28:51.410 24819 INFO rally.task.runner [-] Task cb7b0966-b91d-4d2b-9c8d-33b7e73db882 | ITER: 38 END: OK
2019-08-04 09:28:51.437 22705 INFO rally.task.context [-] Task cb7b0966-b91d-4d2b-9c8d-33b7e73db882 | Context cleanup@openstack cleanup() started
2019-08-04 09:28:51.440 22705 RALLYDEBUG rally_openstack.cleanup.manager [-] Cleaning up neutron vip objects
2019-08-04 09:28:52.097 22705 RALLYDEBUG rally_openstack.cleanup.manager [-] Cleaning up neutron health_monitor objects
2019-08-04 09:28:52.730 22705 RALLYDEBUG rally_openstack.cleanup.manager [-] Cleaning up neutron pool objects
2019-08-04 09:28:53.478 22705 RALLYDEBUG rally_openstack.cleanup.manager [-] Cleaning up neutron loadbalancer objects
2019-08-04 09:28:54.212 22705 RALLYDEBUG rally_openstack.cleanup.manager [-] Cleaning up neutron floatingip objects
2019-08-04 09:28:54.983 22705 RALLYDEBUG rally_openstack.cleanup.manager [-] Cleaning up neutron port objects
2019-08-04 09:28:55.679 22705 RALLYDEBUG rally_openstack.cleanup.manager [-] Cleaning up neutron subnet objects
2019-08-04 09:28:56.377 22705 RALLYDEBUG rally_openstack.cleanup.manager [-] Cleaning up neutron network objects
2019-08-04 09:28:57.499 22705 RALLYDEBUG rally_openstack.cleanup.manager [-] Deleting neutron.network object s_rally_dc9ea1d2_UZmHGzWP (048d75df-3be2-45b1-8465-85c569032614)
2019-08-04 09:28:57.503 22705 RALLYDEBUG rally_openstack.cleanup.manager [-] Deleting neutron.network object s_rally_dc9ea1d2_nV2h9bhB (052d1d88-6cc4-4759-ac61-bb2d6a9e7579)
2019-08-04 09:28:57.512 22705 RALLYDEBUG rally_openstack.cleanup.manager [-] Deleting neutron.network object s_rally_dc9ea1d2_0WRIKy6G (0b04cd4b-def3-4bd8-8731-c06eb8e0e21f)
2019-08-04 09:28:57.522 22705 RALLYDEBUG rally_openstack.cleanup.manager [-] Deleting neutron.network object s_rally_dc9ea1d2_1lzaRVOd (103ace09-fd21-46cf-95bb-e96968364625)
2019-08-04 09:28:57.526 22705 RALLYDEBUG rally_openstack.cleanup.manager [-] Deleting neutron.network object s_rally_dc9ea1d2_zNVYQIBn (17d5434d-0237-435d-94e5-53ab7892e231)
2019-08-04 09:28:57.534 22705 RALLYDEBUG rally_openstack.cleanup.manager [-] Deleting neutron.network object s_rally_dc9ea1d2_vPxHHke3 (1a78ef2d-71e4-4ca5-9a89-d1c9c78dc906)
2019-08-04 09:28:57.539 22705 RALLYDEBUG rally_openstack.cleanup.manager [-] Deleting neutron.network object s_rally_dc9ea1d2_fl4Me8P5 (26c8cf5b-37e8-482d-ac4e-e85249d2665c)
2019-08-04 09:28:57.550 22705 RALLYDEBUG rally_openstack.cleanup.manager [-] Deleting neutron.network object s_rally_dc9ea1d2_E4HlRFyr (281d91e3-b2fa-41ba-a1f2-182c9bb72028)
2019-08-04 09:28:57.565 22705 RALLYDEBUG rally_openstack.cleanup.manager [-] Deleting neutron.network object s_rally_dc9ea1d2_8U14YuBE (2af9fa5e-e481-40c8-b7b1-f851d1da2b2f)
2019-08-04 09:28:57.577 22705 RALLYDEBUG rally_openstack.cleanup.manager [-] Deleting neutron.network object s_rally_dc9ea1d2_6qLK40X8 (2c6d8812-44fc-4eb5-8812-8f618e38f847)
2019-08-04 09:28:57.590 22705 RALLYDEBUG rally_openstack.cleanup.manager [-] Deleting neutron.network object s_rally_dc9ea1d2_kAPzT1O3 (32b78f9c-c9b0-4dfb-9415-005fdaee9d19)
2019-08-04 09:28:57.606 22705 RALLYDEBUG rally_openstack.cleanup.manager [-] Deleting neutron.network object s_rally_dc9ea1d2_jIBxKih8 (38d34f86-8eef-45bc-a64a-348905499968)
2019-08-04 09:28:57.625 22705 RALLYDEBUG rally_openstack.cleanup.manager [-] Deleting neutron.network object s_rally_dc9ea1d2_isiOcmzp (3dca0ce5-65ad-4a0b-bf92-6193293515e3)
2019-08-04 09:28:57.633 22705 RALLYDEBUG rally_openstack.cleanup.manager [-] Deleting neutron.network object s_rally_dc9ea1d2_3uoSGxQe (42029558-f33c-417e-ae8f-b685c9168eec)
2019-08-04 09:28:57.645 22705 RALLYDEBUG rally_openstack.cleanup.manager [-] Deleting neutron.network object s_rally_dc9ea1d2_kpH8ovpN (45cca5b4-4351-42c9-b5ec-9fa12546b45e)
2019-08-04 09:28:57.679 22705 RALLYDEBUG rally_openstack.cleanup.manager [-] Deleting neutron.network object s_rally_dc9ea1d2_ttpBjfAN (63371265-3cd2-4c19-bd97-f5b95d2ce612)
2019-08-04 09:28:57.682 22705 RALLYDEBUG rally_openstack.cleanup.manager [-] Deleting neutron.network object s_rally_dc9ea1d2_xCUKpAdg (611dcf70-7c11-45d5-861d-1f77e3b5b4af)
2019-08-04 09:28:57.686 22705 RALLYDEBUG rally_openstack.cleanup.manager [-] Deleting neutron.network object s_rally_dc9ea1d2_YTvMI3Jr (7acdfcd8-cada-458b-a9b8-77b31800420f)
2019-08-04 09:28:57.701 22705 RALLYDEBUG rally_openstack.cleanup.manager [-] Deleting neutron.network object s_rally_dc9ea1d2_xWKzSdzn (85209174-f8b9-41e6-9cb9-3304abbef3c6)
2019-08-04 09:28:57.708 22705 RALLYDEBUG rally_openstack.cleanup.manager [-] Deleting neutron.network object s_rally_dc9ea1d2_VddSkxp6 (87956355-6aaa-4a4f-8141-f1a33ecb4658)
2019-08-04 09:29:00.259 22705 RALLYDEBUG rally_openstack.cleanup.manager [-] Deleting neutron.network object s_rally_dc9ea1d2_U335OYai (98a52e5a-cb4b-4220-961b-a62f63082b0d)
2019-08-04 09:29:00.503 22705 RALLYDEBUG rally_openstack.cleanup.manager [-] Deleting neutron.network object s_rally_dc9ea1d2_1D0w05cN (9b721a38-3fc3-4020-83e3-bae9ae28d9fb)
2019-08-04 09:29:00.521 22705 RALLYDEBUG rally_openstack.cleanup.manager [-] Deleting neutron.network object s_rally_dc9ea1d2_4exxALu8 (9ba5983e-3c65-4dd1-9636-187176f8e31d)
2019-08-04 09:29:01.040 22705 RALLYDEBUG rally_openstack.cleanup.manager [-] Deleting neutron.network object s_rally_dc9ea1d2_vlBFrapm (9e3a1a43-f803-4f47-aebf-0b9fa832c727)
2019-08-04 09:29:01.512 22705 RALLYDEBUG rally_openstack.cleanup.manager [-] Deleting neutron.network object s_rally_dc9ea1d2_K9GN4MXQ (a7e5528e-9dce-44af-9730-927c48b0cdf7)
2019-08-04 09:29:01.723 22705 RALLYDEBUG rally_openstack.cleanup.manager [-] Deleting neutron.network object s_rally_dc9ea1d2_5LhqEiMx (b55dae20-2505-475b-8fb8-951efd6717e6)
2019-08-04 09:29:03.167 22705 RALLYDEBUG rally_openstack.cleanup.manager [-] Deleting neutron.network object s_rally_dc9ea1d2_VHRLXXYl (b9918a0b-7189-48f4-ad68-b6ceee8c6f03)
2019-08-04 09:29:03.246 22705 RALLYDEBUG rally_openstack.cleanup.manager [-] Deleting neutron.network object s_rally_dc9ea1d2_De9YKxs9 (bcac0bd0-56e4-4bd3-ab15-1df394bba0a7)
2019-08-04 09:29:03.510 22705 RALLYDEBUG rally_openstack.cleanup.manager [-] Deleting neutron.network object s_rally_dc9ea1d2_KiFB91ry (bcf2b58b-e894-4c7f-b594-15db7c3464b4)
2019-08-04 09:29:03.564 22705 RALLYDEBUG rally_openstack.cleanup.manager [-] Deleting neutron.network object s_rally_dc9ea1d2_NtvTucg4 (be7b3166-c7bc-48f5-8c1d-18b8873ab55d)
2019-08-04 09:29:04.334 22705 RALLYDEBUG rally_openstack.cleanup.manager [-] Deleting neutron.network object s_rally_dc9ea1d2_ufiqx2nf (c50cc66f-9fcf-408a-b754-977cc7bfe3d8)
2019-08-04 09:29:04.365 22705 RALLYDEBUG rally_openstack.cleanup.manager [-] Deleting neutron.network object s_rally_dc9ea1d2_2EWc7FwN (c55f2033-6180-459f-804b-e1fc3f1a6837)
2019-08-04 09:29:04.380 22705 RALLYDEBUG rally_openstack.cleanup.manager [-] Deleting neutron.network object s_rally_dc9ea1d2_AywJaFPe (c88b6a2d-93e6-4637-87bb-01dedb8fdceb)
2019-08-04 09:29:04.475 22705 RALLYDEBUG rally_openstack.cleanup.manager [-] Deleting neutron.network object s_rally_dc9ea1d2_eJqj83WV (c8be898a-966d-4247-a65e-7017cf436f3a)
2019-08-04 09:29:04.659 22705 RALLYDEBUG rally_openstack.cleanup.manager [-] Deleting neutron.network object s_rally_dc9ea1d2_gTZsybpk (d5b0aa7e-0ddf-4722-8423-7a9bafaad393)
2019-08-04 09:29:04.666 22705 RALLYDEBUG rally_openstack.cleanup.manager [-] Deleting neutron.network object s_rally_dc9ea1d2_Y40UgWJ9 (d957d934-fd82-47fa-a4f5-20c26de37bfe)
2019-08-04 09:29:04.672 22705 RALLYDEBUG rally_openstack.cleanup.manager [-] Deleting neutron.network object s_rally_dc9ea1d2_fDzyDvE1 (db0879fc-8219-4a95-b330-3c998b930b0a)
2019-08-04 09:29:04.747 22705 RALLYDEBUG rally_openstack.cleanup.manager [-] Deleting neutron.network object s_rally_dc9ea1d2_xiqLoxBa (dfcd2d7d-d1bf-4f73-998c-fcfa5ba6f709)
2019-08-04 09:29:04.956 22705 RALLYDEBUG rally_openstack.cleanup.manager [-] Deleting neutron.network object s_rally_dc9ea1d2_vhf3ARPs (e9cae0d5-0ee0-475d-8576-4b50501b5fdf)
2019-08-04 09:29:05.159 22705 RALLYDEBUG rally_openstack.cleanup.manager [-] Deleting neutron.network object s_rally_dc9ea1d2_QaaLerUn (f504bad9-e45c-431b-ad5c-49548c579131)
2019-08-04 09:29:08.887 22705 RALLYDEBUG rally_openstack.cleanup.manager [-] Cleaning up neutron router objects
2019-08-04 09:29:09.582 22705 RALLYDEBUG rally_openstack.cleanup.manager [-] Cleaning up neutron security_group objects
2019-08-04 09:29:10.241 22705 INFO rally.task.context [-] Task cb7b0966-b91d-4d2b-9c8d-33b7e73db882 | Context cleanup@openstack cleanup() finished in 18.80 sec
2019-08-04 09:29:10.242 22705 INFO rally.task.context [-] Task cb7b0966-b91d-4d2b-9c8d-33b7e73db882 | Context quotas@openstack cleanup() started
2019-08-04 09:29:10.457 22705 INFO rally.task.context [-] Task cb7b0966-b91d-4d2b-9c8d-33b7e73db882 | Context quotas@openstack cleanup() finished in 0.22 sec
2019-08-04 09:29:10.458 22705 INFO rally.task.context [-] Task cb7b0966-b91d-4d2b-9c8d-33b7e73db882 | Context users@openstack cleanup() started
2019-08-04 09:29:14.879 22705 INFO rally.task.context [-] Task cb7b0966-b91d-4d2b-9c8d-33b7e73db882 | Context users@openstack cleanup() finished in 4.42 sec
2019-08-04 09:29:15.425 22705 INFO rally.task.engine [-] Load duration is: 36.367544
2019-08-04 09:29:15.426 22705 INFO rally.task.engine [-] Full runner duration is: 36.416751
2019-08-04 09:29:15.426 22705 INFO rally.task.engine [-] Full duration is: 65.712946
2019-08-04 09:29:15.685 22705 INFO rally.task.engine [-] Running workload: position = 0 config = { "version": 2, "title": "A cropped version of a bigger task.", "description": "Auto-generated task from a single workload (uuid=8daca001-0233-48de-a830-3e3524651d20)", "subtasks": [ { "title": "NeutronNetworks.create_and_list_routers", "description": "Create and a given number of routers and list all routers.", "scenario": { "NeutronNetworks.create_and_list_routers": { "network_create_args": null, "subnet_create_args": null, "subnet_cidr_start": "1.1.0.0/30", "subnets_per_network": 2, "router_create_args": null } }, "contexts": { "users": { "tenants": 1, "users_per_tenant": 1 }, "quotas": { "neutron": { "network": -1, "subnet": -1, "router": -1 } } }, "runner": { "constant": { "times": 40, "concurrency": 20 } }, "hooks": [], "sla": { "failure_rate": { "max": 0 } } } ] }
2019-08-04 09:29:15.708 22705 RALLYDEBUG rally_openstack.contexts.keystone.users [-] Creating 1 tenants using 20 threads
2019-08-04 09:29:17.642 22705 RALLYDEBUG rally_openstack.contexts.keystone.users [-] Creating 1 users using 20 threads
2019-08-04 09:29:20.125 22705 INFO rally.task.context [-] Task cb7b0966-b91d-4d2b-9c8d-33b7e73db882 | Context users@openstack setup() finished in 4.42 sec
2019-08-04 09:29:20.905 22705 INFO rally.task.context [-] Task cb7b0966-b91d-4d2b-9c8d-33b7e73db882 | Context quotas@openstack setup() finished in 0.78 sec
2019-08-04 09:29:20.905 22705 INFO rally.task.context [-] Task cb7b0966-b91d-4d2b-9c8d-33b7e73db882 | Context cleanup@openstack setup() finished in 0.00 msec
2019-08-04 09:29:20.912 22705 RALLYDEBUG rally.task.runner [-] Starting the constant runner (task UUID: cb7b0966-b91d-4d2b-9c8d-33b7e73db882). timeout: 0 concurrency: 20 concurrency_per_worker: 1 times: 40 concurrency_overhead: 4 processes_to_start: 16 max_cpu_used: 16
2019-08-04 09:29:20.925 25169 RALLYDEBUG rally.task.runner [-] Starting a worker. concurrency: 2 args: {"network_create_args": null, "subnet_create_args": null, "subnet_cidr_start": "1.1.0.0/30", "subnets_per_network": 2, "router_create_args": null} times: 40 method_name: run timeout: 0 duration: None cls:
2019-08-04 09:29:20.927 25171 RALLYDEBUG rally.task.runner [-] Starting a worker. concurrency: 2 args: {"network_create_args": null, "subnet_create_args": null, "subnet_cidr_start": "1.1.0.0/30", "subnets_per_network": 2, "router_create_args": null} times: 40 method_name: run timeout: 0 duration: None cls:
2019-08-04 09:29:20.928 25170 RALLYDEBUG rally.task.runner [-] Starting a worker. concurrency: 2 args: {"network_create_args": null, "subnet_create_args": null, "subnet_cidr_start": "1.1.0.0/30", "subnets_per_network": 2, "router_create_args": null} times: 40 method_name: run timeout: 0 duration: None cls:
2019-08-04 09:29:20.931 25171 INFO rally.task.runner [-] Task cb7b0966-b91d-4d2b-9c8d-33b7e73db882 | ITER: 2 START
2019-08-04 09:29:20.932 25169 INFO rally.task.runner [-] Task cb7b0966-b91d-4d2b-9c8d-33b7e73db882 | ITER: 1 START
2019-08-04 09:29:20.933 25169 INFO rally.task.runner [-] Task cb7b0966-b91d-4d2b-9c8d-33b7e73db882 | ITER: 5 START
2019-08-04 09:29:20.934 25172 RALLYDEBUG rally.task.runner [-] Starting a worker. concurrency: 2 args: {"network_create_args": null, "subnet_create_args": null, "subnet_cidr_start": "1.1.0.0/30", "subnets_per_network": 2, "router_create_args": null} times: 40 method_name: run timeout: 0 duration: None cls:
2019-08-04 09:29:20.937 25170 INFO rally.task.runner [-] Task cb7b0966-b91d-4d2b-9c8d-33b7e73db882 | ITER: 3 START
2019-08-04 09:29:20.937 25176 RALLYDEBUG rally.task.runner [-] Starting a worker. concurrency: 1 args: {"network_create_args": null, "subnet_create_args": null, "subnet_cidr_start": "1.1.0.0/30", "subnets_per_network": 2, "router_create_args": null} times: 40 method_name: run timeout: 0 duration: None cls:
2019-08-04 09:29:20.941 25181 RALLYDEBUG rally.task.runner [-] Starting a worker. concurrency: 1 args: {"network_create_args": null, "subnet_create_args": null, "subnet_cidr_start": "1.1.0.0/30", "subnets_per_network": 2, "router_create_args": null} times: 40 method_name: run timeout: 0 duration: None cls:
2019-08-04 09:29:20.941 25184 RALLYDEBUG rally.task.runner [-] Starting a worker. concurrency: 1 args: {"network_create_args": null, "subnet_create_args": null, "subnet_cidr_start": "1.1.0.0/30", "subnets_per_network": 2, "router_create_args": null} times: 40 method_name: run timeout: 0 duration: None cls:
2019-08-04 09:29:20.942 25172 INFO rally.task.runner [-] Task cb7b0966-b91d-4d2b-9c8d-33b7e73db882 | ITER: 7 START
2019-08-04 09:29:20.943 25176 INFO rally.task.runner [-] Task cb7b0966-b91d-4d2b-9c8d-33b7e73db882 | ITER: 8 START
2019-08-04 09:29:20.941 25171 INFO rally.task.runner [-] Task cb7b0966-b91d-4d2b-9c8d-33b7e73db882 | ITER: 4 START
2019-08-04 09:29:20.946 25181 INFO rally.task.runner [-] Task cb7b0966-b91d-4d2b-9c8d-33b7e73db882 | ITER: 9 START
2019-08-04 09:29:20.945 25184 INFO rally.task.runner [-] Task cb7b0966-b91d-4d2b-9c8d-33b7e73db882 | ITER: 10 START
2019-08-04 09:29:20.941 25170 INFO rally.task.runner [-] Task cb7b0966-b91d-4d2b-9c8d-33b7e73db882 | ITER: 6 START
2019-08-04 09:29:20.947 25189 RALLYDEBUG rally.task.runner [-] Starting a worker. concurrency: 1 args: {"network_create_args": null, "subnet_create_args": null, "subnet_cidr_start": "1.1.0.0/30", "subnets_per_network": 2, "router_create_args": null} times: 40 method_name: run timeout: 0 duration: None cls:
2019-08-04 09:29:20.952 25172 INFO rally.task.runner [-] Task cb7b0966-b91d-4d2b-9c8d-33b7e73db882 | ITER: 11 START
2019-08-04 09:29:20.955 25189 INFO rally.task.runner [-] Task cb7b0966-b91d-4d2b-9c8d-33b7e73db882 | ITER: 12 START
2019-08-04 09:29:20.961 25195 RALLYDEBUG rally.task.runner [-] Starting a worker. concurrency: 1 args: {"network_create_args": null, "subnet_create_args": null, "subnet_cidr_start": "1.1.0.0/30", "subnets_per_network": 2, "router_create_args": null} times: 40 method_name: run timeout: 0 duration: None cls:
2019-08-04 09:29:20.966 25198 RALLYDEBUG rally.task.runner [-] Starting a worker. concurrency: 1 args: {"network_create_args": null, "subnet_create_args": null, "subnet_cidr_start": "1.1.0.0/30", "subnets_per_network": 2, "router_create_args": null} times: 40 method_name: run timeout: 0 duration: None cls:
2019-08-04 09:29:20.970 25195 INFO rally.task.runner [-] Task cb7b0966-b91d-4d2b-9c8d-33b7e73db882 | ITER: 13 START
2019-08-04 09:29:20.972 25198 INFO rally.task.runner [-] Task cb7b0966-b91d-4d2b-9c8d-33b7e73db882 | ITER: 14 START
2019-08-04 09:29:20.977 25199 RALLYDEBUG rally.task.runner [-] Starting a worker. concurrency: 1 args: {"network_create_args": null, "subnet_create_args": null, "subnet_cidr_start": "1.1.0.0/30", "subnets_per_network": 2, "router_create_args": null} times: 40 method_name: run timeout: 0 duration: None cls:
2019-08-04 09:29:20.981 25205 RALLYDEBUG rally.task.runner [-] Starting a worker. concurrency: 1 args: {"network_create_args": null, "subnet_create_args": null, "subnet_cidr_start": "1.1.0.0/30", "subnets_per_network": 2, "router_create_args": null} times: 40 method_name: run timeout: 0 duration: None cls:
2019-08-04 09:29:20.982 25199 INFO rally.task.runner [-] Task cb7b0966-b91d-4d2b-9c8d-33b7e73db882 | ITER: 15 START
2019-08-04 09:29:20.983 25202 RALLYDEBUG rally.task.runner [-] Starting a worker. concurrency: 1 args: {"network_create_args": null, "subnet_create_args": null, "subnet_cidr_start": "1.1.0.0/30", "subnets_per_network": 2, "router_create_args": null} times: 40 method_name: run timeout: 0 duration: None cls:
2019-08-04 09:29:20.984 25205 INFO rally.task.runner [-] Task cb7b0966-b91d-4d2b-9c8d-33b7e73db882 | ITER: 16 START
2019-08-04 09:29:20.988 25202 INFO rally.task.runner [-] Task cb7b0966-b91d-4d2b-9c8d-33b7e73db882 | ITER: 17 START
2019-08-04 09:29:20.992 25210 RALLYDEBUG rally.task.runner [-] Starting a worker. concurrency: 1 args: {"network_create_args": null, "subnet_create_args": null, "subnet_cidr_start": "1.1.0.0/30", "subnets_per_network": 2, "router_create_args": null} times: 40 method_name: run timeout: 0 duration: None cls:
2019-08-04 09:29:20.994 25213 RALLYDEBUG rally.task.runner [-] Starting a worker. concurrency: 1 args: {"network_create_args": null, "subnet_create_args": null, "subnet_cidr_start": "1.1.0.0/30", "subnets_per_network": 2, "router_create_args": null} times: 40 method_name: run timeout: 0 duration: None cls:
2019-08-04 09:29:20.996 25213 INFO rally.task.runner [-] Task cb7b0966-b91d-4d2b-9c8d-33b7e73db882 | ITER: 19 START
2019-08-04 09:29:20.996 25210 INFO rally.task.runner [-] Task cb7b0966-b91d-4d2b-9c8d-33b7e73db882 | ITER: 18 START
2019-08-04 09:29:20.997 25214 RALLYDEBUG rally.task.runner [-] Starting a worker. concurrency: 1 args: {"network_create_args": null, "subnet_create_args": null, "subnet_cidr_start": "1.1.0.0/30", "subnets_per_network": 2, "router_create_args": null} times: 40 method_name: run timeout: 0 duration: None cls:
2019-08-04 09:29:21.001 25214 INFO rally.task.runner [-] Task cb7b0966-b91d-4d2b-9c8d-33b7e73db882 | ITER: 20 START
2019-08-04 09:29:22.706 25189 RALLYDEBUG rally_openstack.wrappers.network [-] CIDR generated: 1.1.5.160/30
2019-08-04 09:29:22.731 25170 RALLYDEBUG rally_openstack.wrappers.network [-] CIDR generated: 1.1.5.164/30
2019-08-04 09:29:22.827 25181 RALLYDEBUG rally_openstack.wrappers.network [-] CIDR generated: 1.1.5.168/30
2019-08-04 09:29:22.936 25199 RALLYDEBUG rally_openstack.wrappers.network [-] CIDR generated: 1.1.5.172/30
2019-08-04 09:29:22.997 25172 RALLYDEBUG rally_openstack.wrappers.network [-] CIDR generated: 1.1.5.176/30
2019-08-04 09:29:22.998 25171 RALLYDEBUG rally_openstack.wrappers.network [-] CIDR generated: 1.1.5.180/30
2019-08-04 09:29:23.067 25176 RALLYDEBUG rally_openstack.wrappers.network [-] CIDR generated: 1.1.5.184/30
2019-08-04 09:29:23.109 25171 RALLYDEBUG rally_openstack.wrappers.network [-] CIDR generated: 1.1.5.188/30
2019-08-04 09:29:23.111 25214 RALLYDEBUG rally_openstack.wrappers.network [-] CIDR generated: 1.1.5.192/30
2019-08-04 09:29:23.286 25184 RALLYDEBUG rally_openstack.wrappers.network [-] CIDR generated: 1.1.5.196/30
2019-08-04 09:29:23.517 25205 RALLYDEBUG rally_openstack.wrappers.network [-] CIDR generated: 1.1.5.200/30
2019-08-04 09:29:23.517 25213 RALLYDEBUG rally_openstack.wrappers.network [-] CIDR generated: 1.1.5.204/30
2019-08-04 09:29:23.529 25169 RALLYDEBUG rally_openstack.wrappers.network [-] CIDR generated: 1.1.5.208/30
2019-08-04 09:29:23.654 25172 RALLYDEBUG rally_openstack.wrappers.network [-] CIDR generated: 1.1.5.212/30
2019-08-04 09:29:23.847 25170 RALLYDEBUG rally_openstack.wrappers.network [-] CIDR generated: 1.1.5.216/30
2019-08-04 09:29:23.920 25210 RALLYDEBUG rally_openstack.wrappers.network [-] CIDR generated: 1.1.5.220/30
2019-08-04 09:29:23.948 25181 RALLYDEBUG rally_openstack.wrappers.network [-] CIDR generated: 1.1.5.224/30
2019-08-04 09:29:24.404 25198 RALLYDEBUG rally_openstack.wrappers.network [-] CIDR generated: 1.1.5.228/30
2019-08-04 09:29:24.448 25195 RALLYDEBUG rally_openstack.wrappers.network [-] CIDR generated: 1.1.5.232/30
2019-08-04 09:29:24.776 25169 RALLYDEBUG rally_openstack.wrappers.network [-] CIDR generated: 1.1.5.236/30
2019-08-04 09:29:24.927 25189 RALLYDEBUG rally_openstack.wrappers.network [-] CIDR generated: 1.1.5.240/30
2019-08-04 09:29:24.936 25170 RALLYDEBUG rally_openstack.wrappers.network [-] CIDR generated: 1.1.5.244/30
2019-08-04 09:29:25.009 25199 RALLYDEBUG rally_openstack.wrappers.network [-] CIDR generated: 1.1.5.248/30
2019-08-04 09:29:25.282 25214 RALLYDEBUG rally_openstack.wrappers.network [-] CIDR generated: 1.1.5.252/30
2019-08-04 09:29:25.304 25202 RALLYDEBUG rally_openstack.wrappers.network [-] CIDR generated: 1.1.6.0/30
2019-08-04 09:29:25.631 25171 RALLYDEBUG rally_openstack.wrappers.network [-] CIDR generated: 1.1.6.4/30
2019-08-04 09:29:26.121 25213 RALLYDEBUG rally_openstack.wrappers.network [-] CIDR generated: 1.1.6.8/30
2019-08-04 09:29:26.146 25170 RALLYDEBUG rally_openstack.wrappers.network [-] CIDR generated: 1.1.6.12/30
2019-08-04 09:29:26.201 25169 RALLYDEBUG rally_openstack.wrappers.network [-] CIDR generated: 1.1.6.16/30
2019-08-04 09:29:26.505 25205 RALLYDEBUG rally_openstack.wrappers.network [-] CIDR generated: 1.1.6.20/30
2019-08-04 09:29:26.642 25176 RALLYDEBUG rally_openstack.wrappers.network [-] CIDR generated: 1.1.6.24/30
2019-08-04 09:29:27.438 25172 RALLYDEBUG rally_openstack.wrappers.network [-] CIDR generated: 1.1.6.28/30
2019-08-04 09:29:27.471 25210 RALLYDEBUG rally_openstack.wrappers.network [-] CIDR generated: 1.1.6.32/30
2019-08-04 09:29:31.723 25172 RALLYDEBUG rally_openstack.wrappers.network [-] CIDR generated: 1.1.6.36/30
2019-08-04 09:29:31.840 25171 RALLYDEBUG rally_openstack.wrappers.network [-] CIDR generated: 1.1.6.40/30
2019-08-04 09:29:31.930 25184 RALLYDEBUG rally_openstack.wrappers.network [-] CIDR generated: 1.1.6.44/30
2019-08-04 09:29:32.663 25198 RALLYDEBUG rally_openstack.wrappers.network [-] CIDR generated: 1.1.6.48/30
2019-08-04 09:29:33.192 25195 RALLYDEBUG rally_openstack.wrappers.network [-] CIDR generated: 1.1.6.52/30
2019-08-04 09:29:33.472 25181 INFO rally.task.runner [-] Task cb7b0966-b91d-4d2b-9c8d-33b7e73db882 | ITER: 9 END: OK
2019-08-04 09:29:33.477 25181 INFO rally.task.runner [-] Task cb7b0966-b91d-4d2b-9c8d-33b7e73db882 | ITER: 21 START
2019-08-04 09:29:33.599 25169 RALLYDEBUG rally_openstack.wrappers.network [-] CIDR generated: 1.1.6.56/30
2019-08-04 09:29:33.970 25202 RALLYDEBUG rally_openstack.wrappers.network [-] CIDR generated: 1.1.6.60/30
2019-08-04 09:29:34.807 25181 RALLYDEBUG rally_openstack.wrappers.network [-] CIDR generated: 1.1.6.64/30
2019-08-04 09:29:36.404 25181 RALLYDEBUG rally_openstack.wrappers.network [-] CIDR generated: 1.1.6.68/30
2019-08-04 09:29:43.765 25170 INFO rally.task.runner [-] Task cb7b0966-b91d-4d2b-9c8d-33b7e73db882 | ITER: 3 END: OK
2019-08-04 09:29:43.769 25170 INFO rally.task.runner [-] Task cb7b0966-b91d-4d2b-9c8d-33b7e73db882 | ITER: 22 START
2019-08-04 09:29:43.967 25199 INFO rally.task.runner [-] Task cb7b0966-b91d-4d2b-9c8d-33b7e73db882 | ITER: 15 END: OK
2019-08-04 09:29:43.971 25199 INFO rally.task.runner [-] Task cb7b0966-b91d-4d2b-9c8d-33b7e73db882 | ITER: 23 START
2019-08-04 09:29:44.043 25189 INFO rally.task.runner [-] Task cb7b0966-b91d-4d2b-9c8d-33b7e73db882 | ITER: 12 END: OK
2019-08-04 09:29:44.047 25189 INFO rally.task.runner [-] Task cb7b0966-b91d-4d2b-9c8d-33b7e73db882 | ITER: 24 START
2019-08-04 09:29:44.055 25214 INFO rally.task.runner [-] Task cb7b0966-b91d-4d2b-9c8d-33b7e73db882 | ITER: 20 END: OK
2019-08-04 09:29:44.060 25214 INFO rally.task.runner [-] Task cb7b0966-b91d-4d2b-9c8d-33b7e73db882 | ITER: 25 START
