2019-08-04 09:45:01.605 26952 WARNING rally_openstack.scenarios.neutron.utils [-] Running this scenario without either the 'network' or 'existing_network' context is deprecated
2019-08-04 09:45:01.686 26954 INFO rally.task.runner [-] Task cb7b0966-b91d-4d2b-9c8d-33b7e73db882 | ITER: 6 END: OK
2019-08-04 09:45:01.689 26954 INFO rally.task.runner [-] Task cb7b0966-b91d-4d2b-9c8d-33b7e73db882 | ITER: 40 START
2019-08-04 09:45:01.690 26954 WARNING rally_openstack.scenarios.neutron.utils [-] Running this scenario without either the 'network' or 'existing_network' context is deprecated
2019-08-04 09:45:01.767 26960 INFO rally.task.runner [-] Task cb7b0966-b91d-4d2b-9c8d-33b7e73db882 | ITER: 10 END: OK
2019-08-04 09:45:02.646 26967 INFO rally.task.runner [-] Task cb7b0966-b91d-4d2b-9c8d-33b7e73db882 | ITER: 11 END: OK
2019-08-04 09:45:02.750 26953 INFO rally.task.runner [-] Task cb7b0966-b91d-4d2b-9c8d-33b7e73db882 | ITER: 28 END: OK
2019-08-04 09:45:08.256 26979 INFO rally.task.runner [-] Task cb7b0966-b91d-4d2b-9c8d-33b7e73db882 | ITER: 33 END: OK
2019-08-04 09:45:08.701 26952 INFO rally.task.runner [-] Task cb7b0966-b91d-4d2b-9c8d-33b7e73db882 | ITER: 31 END: OK
2019-08-04 09:45:08.827 26992 INFO rally.task.runner [-] Task cb7b0966-b91d-4d2b-9c8d-33b7e73db882 | ITER: 32 END: OK
2019-08-04 09:45:09.312 26976 INFO rally.task.runner [-] Task cb7b0966-b91d-4d2b-9c8d-33b7e73db882 | ITER: 29 END: OK
2019-08-04 09:45:10.027 26971 INFO rally.task.runner [-] Task cb7b0966-b91d-4d2b-9c8d-33b7e73db882 | ITER: 30 END: OK
2019-08-04 09:45:10.200 26951 INFO rally.task.runner [-] Task cb7b0966-b91d-4d2b-9c8d-33b7e73db882 | ITER: 1 END: OK
2019-08-04 09:45:10.296 26973 INFO rally.task.runner [-] Task cb7b0966-b91d-4d2b-9c8d-33b7e73db882 | ITER: 13 END: OK
2019-08-04 09:45:10.299 26982 INFO rally.task.runner [-] Task cb7b0966-b91d-4d2b-9c8d-33b7e73db882 | ITER: 16 END: OK
2019-08-04 09:45:10.968 26952 INFO rally.task.runner [-] Task cb7b0966-b91d-4d2b-9c8d-33b7e73db882 | ITER: 39 END: OK
2019-08-04 09:45:11.196 26998 INFO rally.task.runner [-] Task cb7b0966-b91d-4d2b-9c8d-33b7e73db882 | ITER: 20 END: OK
2019-08-04 09:45:11.197 26995 INFO rally.task.runner [-] Task cb7b0966-b91d-4d2b-9c8d-33b7e73db882 | ITER: 19 END: OK
2019-08-04 09:45:13.192 26953 INFO rally.task.runner [-] Task cb7b0966-b91d-4d2b-9c8d-33b7e73db882 | ITER: 37 END: OK
2019-08-04 09:45:15.217 26954 INFO rally.task.runner [-] Task cb7b0966-b91d-4d2b-9c8d-33b7e73db882 | ITER: 34 END: OK
2019-08-04 09:45:15.690 26951 INFO rally.task.runner [-] Task cb7b0966-b91d-4d2b-9c8d-33b7e73db882 | ITER: 35 END: OK
2019-08-04 09:45:21.953 26956 INFO rally.task.runner [-] Task cb7b0966-b91d-4d2b-9c8d-33b7e73db882 | ITER: 38 END: OK
2019-08-04 09:45:22.126 26954 INFO rally.task.runner [-] Task cb7b0966-b91d-4d2b-9c8d-33b7e73db882 | ITER: 40 END: OK
2019-08-04 09:45:22.135 26989 INFO rally.task.runner [-] Task cb7b0966-b91d-4d2b-9c8d-33b7e73db882 | ITER: 36 END: OK
2019-08-04 09:45:22.162 22705 INFO rally.task.context [-] Task cb7b0966-b91d-4d2b-9c8d-33b7e73db882 | Context cleanup@openstack cleanup() started
2019-08-04 09:45:22.165 22705 RALLYDEBUG rally_openstack.cleanup.manager [-] Cleaning up neutron vip objects
2019-08-04 09:45:22.882 22705 RALLYDEBUG rally_openstack.cleanup.manager [-] Cleaning up neutron health_monitor objects
2019-08-04 09:45:23.508 22705 RALLYDEBUG rally_openstack.cleanup.manager [-] Cleaning up neutron pool objects
2019-08-04 09:45:24.224 22705 RALLYDEBUG rally_openstack.cleanup.manager [-] Cleaning up neutron loadbalancer objects
2019-08-04 09:45:24.858 22705 RALLYDEBUG rally_openstack.cleanup.manager [-] Cleaning up neutron floatingip objects
2019-08-04 09:45:25.564 22705 RALLYDEBUG rally_openstack.cleanup.manager [-] Cleaning up neutron port objects
2019-08-04 09:45:26.330 22705 RALLYDEBUG rally_openstack.cleanup.manager [-] Cleaning up neutron subnet objects
2019-08-04 09:45:27.058 22705 RALLYDEBUG rally_openstack.cleanup.manager [-] Cleaning up neutron network objects
2019-08-04 09:45:28.049 22705 RALLYDEBUG rally_openstack.cleanup.manager [-] Deleting neutron.network object s_rally_baeebfdd_Eq8MZALd (0436934f-4fce-47f7-ac4d-fa493b21cfcd)
2019-08-04 09:45:28.049 22705 RALLYDEBUG rally_openstack.cleanup.manager [-] Deleting neutron.network object s_rally_baeebfdd_5jSnufkR (040598c9-1700-4789-9821-3196d5ceb3c1)
2019-08-04 09:45:28.055 22705 RALLYDEBUG rally_openstack.cleanup.manager [-] Deleting neutron.network object s_rally_baeebfdd_3drzrRx9 (14b117ab-1f06-444d-91ab-e796dd9e2054)
2019-08-04 09:45:28.056 22705 RALLYDEBUG rally_openstack.cleanup.manager [-] Deleting neutron.network object s_rally_baeebfdd_SD4lBytR (3c8c3e81-9adb-45ad-a81f-1b1ee7203e1f)
2019-08-04 09:45:28.063 22705 RALLYDEBUG rally_openstack.cleanup.manager [-] Deleting neutron.network object s_rally_baeebfdd_jXNSys9I (21ee2141-4a1a-4c09-a8f9-22efa4e408d5)
2019-08-04 09:45:28.065 22705 RALLYDEBUG rally_openstack.cleanup.manager [-] Deleting neutron.network object s_rally_baeebfdd_fmnDnpqk (10cb9ad1-a0df-4b4d-9286-d9cad209e9dc)
2019-08-04 09:45:28.071 22705 RALLYDEBUG rally_openstack.cleanup.manager [-] Deleting neutron.network object s_rally_baeebfdd_8UycdC4z (1c7b9c04-e3ee-4cce-9349-b6993ba75086)
2019-08-04 09:45:28.076 22705 RALLYDEBUG rally_openstack.cleanup.manager [-] Deleting neutron.network object s_rally_baeebfdd_TFrrjGmP (43d30bb6-75ce-45e5-a5c1-1f0682f29d41)
2019-08-04 09:45:28.080 22705 RALLYDEBUG rally_openstack.cleanup.manager [-] Deleting neutron.network object s_rally_baeebfdd_KOmwzgID (0623c35e-5700-4158-9d82-16c7fd1f80c0)
2019-08-04 09:45:28.081 22705 RALLYDEBUG rally_openstack.cleanup.manager [-] Deleting neutron.network object s_rally_baeebfdd_yyavy5A7 (036070dd-fe00-4644-9886-bf5f0ca9c3c4)
2019-08-04 09:45:28.086 22705 RALLYDEBUG rally_openstack.cleanup.manager [-] Deleting neutron.network object s_rally_baeebfdd_LvjDdOot (5c719e69-0ab2-4f9e-9821-a40d9af1e081)
2019-08-04 09:45:28.089 22705 RALLYDEBUG rally_openstack.cleanup.manager [-] Deleting neutron.network object s_rally_baeebfdd_tvO7Tg3x (58de4cd4-6eb8-4cbe-a763-89153698c292)
2019-08-04 09:45:28.089 22705 RALLYDEBUG rally_openstack.cleanup.manager [-] Deleting neutron.network object s_rally_baeebfdd_l64DUhIh (2949a7a9-cecb-4f0d-873f-8914ddf28173)
2019-08-04 09:45:28.095 22705 RALLYDEBUG rally_openstack.cleanup.manager [-] Deleting neutron.network object s_rally_baeebfdd_QLaKnFRS (143dffef-d85f-4288-bcfa-b426f5b835b1)
2019-08-04 09:45:28.097 22705 RALLYDEBUG rally_openstack.cleanup.manager [-] Deleting neutron.network object s_rally_baeebfdd_Nw3FZaxn (5c980ca0-0474-46fa-bc99-47856ab74e91)
2019-08-04 09:45:28.098 22705 RALLYDEBUG rally_openstack.cleanup.manager [-] Deleting neutron.network object s_rally_baeebfdd_8swUkccB (5bf18919-b471-4038-969a-77ffc21ad066)
2019-08-04 09:45:28.111 22705 RALLYDEBUG rally_openstack.cleanup.manager [-] Deleting neutron.network object s_rally_baeebfdd_qdIAjh0B (5f0fb028-a56e-433a-bd5d-b9091b2787ae)
2019-08-04 09:45:28.119 22705 RALLYDEBUG rally_openstack.cleanup.manager [-] Deleting neutron.network object s_rally_baeebfdd_PWtsxniO (3144cc21-5a9f-4717-ae8d-6f80ca4412f3)
2019-08-04 09:45:28.127 22705 RALLYDEBUG rally_openstack.cleanup.manager [-] Deleting neutron.network object s_rally_baeebfdd_YinUlUX9 (602595cc-7d35-4a1a-8553-78fed08bf278)
2019-08-04 09:45:28.148 22705 RALLYDEBUG rally_openstack.cleanup.manager [-] Deleting neutron.network object s_rally_baeebfdd_xjI3RM5P (670dee1f-91f9-4a8f-bfb8-f54398594f1a)
2019-08-04 09:45:30.696 22705 RALLYDEBUG rally_openstack.cleanup.manager [-] Deleting neutron.network object s_rally_baeebfdd_7JYJt2of (6b0af4a4-c0e5-4ae1-a12c-b10f0426d3aa)
2019-08-04 09:45:30.743 22705 RALLYDEBUG rally_openstack.cleanup.manager [-] Deleting neutron.network object s_rally_baeebfdd_RVYJ0mtH (73dc31b1-3360-480a-b1ab-fb1a2351df86)
2019-08-04 09:45:31.069 22705 RALLYDEBUG rally_openstack.cleanup.manager [-] Deleting neutron.network object s_rally_baeebfdd_uoo4mxNE (852ab42c-fe43-4e40-9592-7c0edad1def2)
2019-08-04 09:45:32.781 22705 RALLYDEBUG rally_openstack.cleanup.manager [-] Deleting neutron.network object s_rally_baeebfdd_1AasVY0d (99ff64ad-29a9-4137-b51c-6b3e03759584)
2019-08-04 09:45:32.934 22705 RALLYDEBUG rally_openstack.cleanup.manager [-] Deleting neutron.network object s_rally_baeebfdd_oPpZUh5o (9b736f5a-b08d-4505-9414-5b4129a53d11)
2019-08-04 09:45:32.969 22705 RALLYDEBUG rally_openstack.cleanup.manager [-] Deleting neutron.network object s_rally_baeebfdd_TwQHHhX2 (a670ba9a-0acc-437d-a42b-45cad3bc135b)
2019-08-04 09:45:33.213 22705 RALLYDEBUG rally_openstack.cleanup.manager [-] Deleting neutron.network object s_rally_baeebfdd_KxjEEByB (a799097c-63c0-4bbe-9a8d-da020c8d4c36)
2019-08-04 09:45:33.713 22705 RALLYDEBUG rally_openstack.cleanup.manager [-] Deleting neutron.network object s_rally_baeebfdd_1lP8TXPA (a7ec75f5-f9ee-48c6-b584-ad6d358a3b36)
2019-08-04 09:45:33.977 22705 RALLYDEBUG rally_openstack.cleanup.manager [-] Deleting neutron.network object s_rally_baeebfdd_lc6pej7g (a980413c-a36c-436c-b338-fe97f949f836)
2019-08-04 09:45:34.258 22705 RALLYDEBUG rally_openstack.cleanup.manager [-] Deleting neutron.network object s_rally_baeebfdd_HFK42kgB (ab64b918-facc-42fa-9aff-967f830d95e6)
2019-08-04 09:45:34.472 22705 RALLYDEBUG rally_openstack.cleanup.manager [-] Deleting neutron.network object s_rally_baeebfdd_C5nEHWiK (bccb4c0b-9ada-4f36-a9bc-b9507b17f20f)
2019-08-04 09:45:34.498 22705 RALLYDEBUG rally_openstack.cleanup.manager [-] Deleting neutron.network object s_rally_baeebfdd_zzftNblG (cd65a54c-a2d4-4e94-a83e-c2ca129de3f1)
2019-08-04 09:45:35.155 22705 RALLYDEBUG rally_openstack.cleanup.manager [-] Deleting neutron.network object s_rally_baeebfdd_Cy7UkVeA (d289b59c-cb83-4f78-820e-8a4d1301c9da)
2019-08-04 09:45:35.287 22705 RALLYDEBUG rally_openstack.cleanup.manager [-] Deleting neutron.network object s_rally_baeebfdd_NSBeF8nl (d443521b-3f70-4834-8129-bea49cd1f97f)
2019-08-04 09:45:35.363 22705 RALLYDEBUG rally_openstack.cleanup.manager [-] Deleting neutron.network object s_rally_baeebfdd_yrZdRLaW (d5ae1c47-1dc8-4997-9e46-551f64d30cc1)
2019-08-04 09:45:35.369 22705 RALLYDEBUG rally_openstack.cleanup.manager [-] Deleting neutron.network object s_rally_baeebfdd_Zruq231o (d9c0c985-78ca-46b9-900b-407bf765dd01)
2019-08-04 09:45:35.459 22705 RALLYDEBUG rally_openstack.cleanup.manager [-] Deleting neutron.network object s_rally_baeebfdd_Ejft0EjX (e16dc1ee-75c3-472f-9131-0b1b6b918bd0)
2019-08-04 09:45:35.651 22705 RALLYDEBUG rally_openstack.cleanup.manager [-] Deleting neutron.network object s_rally_baeebfdd_UcuDgdv5 (e294d5ef-f194-4ee4-8cb7-8ed82ab79edd)
2019-08-04 09:45:35.848 22705 RALLYDEBUG rally_openstack.cleanup.manager [-] Deleting neutron.network object s_rally_baeebfdd_DckmZQbX (f96522cd-fa2a-415c-8d66-a6e5a9521bb5)
2019-08-04 09:45:35.969 22705 RALLYDEBUG rally_openstack.cleanup.manager [-] Deleting neutron.network object s_rally_baeebfdd_zf7d7Osw (fc072c41-b5b8-4748-9621-2d46b41680fe)
2019-08-04 09:45:39.167 22705 RALLYDEBUG rally_openstack.cleanup.manager [-] Cleaning up neutron router objects
2019-08-04 09:45:39.849 22705 RALLYDEBUG rally_openstack.cleanup.manager [-] Cleaning up neutron security_group objects
2019-08-04 09:45:40.508 22705 INFO rally.task.context [-] Task cb7b0966-b91d-4d2b-9c8d-33b7e73db882 | Context cleanup@openstack cleanup() finished in 18.35 sec
2019-08-04 09:45:40.508 22705 INFO rally.task.context [-] Task cb7b0966-b91d-4d2b-9c8d-33b7e73db882 | Context quotas@openstack cleanup() started
2019-08-04 09:45:40.538 22705 INFO rally.task.context [-] Task cb7b0966-b91d-4d2b-9c8d-33b7e73db882 | Context quotas@openstack cleanup() finished in 29.58 msec
2019-08-04 09:45:40.538 22705 INFO rally.task.context [-] Task cb7b0966-b91d-4d2b-9c8d-33b7e73db882 | Context users@openstack cleanup() started
2019-08-04 09:45:45.092 22705 INFO rally.task.context [-] Task cb7b0966-b91d-4d2b-9c8d-33b7e73db882 | Context users@openstack cleanup() finished in 4.55 sec
2019-08-04 09:45:46.491 22705 INFO rally.task.engine [-] Load duration is: 54.677113
2019-08-04 09:45:46.491 22705 INFO rally.task.engine [-] Full runner duration is: 54.728673
2019-08-04 09:45:46.492 22705 INFO rally.task.engine [-] Full duration is: 82.903329
2019-08-04 09:45:46.719 22705 INFO rally.task.engine [-] Running workload: position = 0 config = { "version": 2, "title": "A cropped version of a bigger task.", "description": "Auto-generated task from a single workload (uuid=3116a2dc-9e23-449d-b90f-f1e77855efbc)", "subtasks": [ { "title": "Quotas.neutron_update", "description": "Update quotas for neutron.", "scenario": { "Quotas.neutron_update": { "max_quota": 1024 } }, "contexts": { "users": { "tenants": 20, "users_per_tenant": 1 } }, "runner": { "constant": { "times": 40, "concurrency": 20 } }, "hooks": [], "sla": { "failure_rate": { "max": 0 } } } ] }
2019-08-04 09:45:46.735 22705 RALLYDEBUG rally_openstack.contexts.keystone.users [-] Creating 20 tenants using 20 threads
2019-08-04 09:45:51.847 22705 RALLYDEBUG rally_openstack.contexts.keystone.users [-] Creating 20 users using 20 threads
2019-08-04 09:45:57.453 22705 INFO rally.task.context [-] Task cb7b0966-b91d-4d2b-9c8d-33b7e73db882 | Context users@openstack setup() finished in 10.72 sec
2019-08-04 09:45:57.453 22705 INFO rally.task.context [-] Task cb7b0966-b91d-4d2b-9c8d-33b7e73db882 | Context admin_cleanup@openstack setup() finished in 0.00 msec
2019-08-04 09:45:57.462 22705 RALLYDEBUG rally.task.runner [-] Starting the constant runner (task UUID: cb7b0966-b91d-4d2b-9c8d-33b7e73db882). timeout: 0 concurrency: 20 concurrency_per_worker: 1 times: 40 concurrency_overhead: 4 processes_to_start: 16 max_cpu_used: 16
2019-08-04 09:45:57.472 27321 RALLYDEBUG rally.task.runner [-] Starting a worker. concurrency: 2 args: {"max_quota": 1024} times: 40 method_name: run timeout: 0 duration: None cls:
2019-08-04 09:45:57.479 27321 INFO rally.task.runner [-] Task cb7b0966-b91d-4d2b-9c8d-33b7e73db882 | ITER: 1 START
2019-08-04 09:45:57.479 27322 RALLYDEBUG rally.task.runner [-] Starting a worker. concurrency: 2 args: {"max_quota": 1024} times: 40 method_name: run timeout: 0 duration: None cls:
2019-08-04 09:45:57.481 27323 RALLYDEBUG rally.task.runner [-] Starting a worker. concurrency: 2 args: {"max_quota": 1024} times: 40 method_name: run timeout: 0 duration: None cls:
2019-08-04 09:45:57.487 27324 RALLYDEBUG rally.task.runner [-] Starting a worker. concurrency: 2 args: {"max_quota": 1024} times: 40 method_name: run timeout: 0 duration: None cls:
2019-08-04 09:45:57.489 27327 RALLYDEBUG rally.task.runner [-] Starting a worker. concurrency: 1 args: {"max_quota": 1024} times: 40 method_name: run timeout: 0 duration: None cls:
2019-08-04 09:45:57.488 27322 INFO rally.task.runner [-] Task cb7b0966-b91d-4d2b-9c8d-33b7e73db882 | ITER: 3 START
2019-08-04 09:45:57.494 27328 RALLYDEBUG rally.task.runner [-] Starting a worker. concurrency: 1 args: {"max_quota": 1024} times: 40 method_name: run timeout: 0 duration: None cls:
2019-08-04 09:45:57.497 27323 INFO rally.task.runner [-] Task cb7b0966-b91d-4d2b-9c8d-33b7e73db882 | ITER: 4 START
2019-08-04 09:45:57.497 27321 INFO rally.task.runner [-] Task cb7b0966-b91d-4d2b-9c8d-33b7e73db882 | ITER: 2 START
2019-08-04 09:45:57.500 27327 INFO rally.task.runner [-] Task cb7b0966-b91d-4d2b-9c8d-33b7e73db882 | ITER: 7 START
2019-08-04 09:45:57.499 27331 RALLYDEBUG rally.task.runner [-] Starting a worker. concurrency: 1 args: {"max_quota": 1024} times: 40 method_name: run timeout: 0 duration: None cls:
2019-08-04 09:45:57.501 27322 INFO rally.task.runner [-] Task cb7b0966-b91d-4d2b-9c8d-33b7e73db882 | ITER: 5 START
2019-08-04 09:45:57.502 27335 RALLYDEBUG rally.task.runner [-] Starting a worker. concurrency: 1 args: {"max_quota": 1024} times: 40 method_name: run timeout: 0 duration: None cls:
2019-08-04 09:45:57.503 27334 RALLYDEBUG rally.task.runner [-] Starting a worker. concurrency: 1 args: {"max_quota": 1024} times: 40 method_name: run timeout: 0 duration: None cls:
2019-08-04 09:45:57.506 27324 INFO rally.task.runner [-] Task cb7b0966-b91d-4d2b-9c8d-33b7e73db882 | ITER: 6 START
2019-08-04 09:45:57.508 27328 INFO rally.task.runner [-] Task cb7b0966-b91d-4d2b-9c8d-33b7e73db882 | ITER: 9 START
2019-08-04 09:45:57.509 27335 INFO rally.task.runner [-] Task cb7b0966-b91d-4d2b-9c8d-33b7e73db882 | ITER: 12 START
2019-08-04 09:45:57.509 27323 INFO rally.task.runner [-] Task cb7b0966-b91d-4d2b-9c8d-33b7e73db882 | ITER: 8 START
2019-08-04 09:45:57.510 27331 INFO rally.task.runner [-] Task cb7b0966-b91d-4d2b-9c8d-33b7e73db882 | ITER: 11 START
2019-08-04 09:45:57.511 27339 RALLYDEBUG rally.task.runner [-] Starting a worker. concurrency: 1 args: {"max_quota": 1024} times: 40 method_name: run timeout: 0 duration: None cls:
2019-08-04 09:45:57.517 27334 INFO rally.task.runner [-] Task cb7b0966-b91d-4d2b-9c8d-33b7e73db882 | ITER: 13 START
2019-08-04 09:45:57.517 27343 RALLYDEBUG rally.task.runner [-] Starting a worker. concurrency: 1 args: {"max_quota": 1024} times: 40 method_name: run timeout: 0 duration: None cls:
2019-08-04 09:45:57.519 27324 INFO rally.task.runner [-] Task cb7b0966-b91d-4d2b-9c8d-33b7e73db882 | ITER: 10 START
2019-08-04 09:45:57.524 27339 INFO rally.task.runner [-] Task cb7b0966-b91d-4d2b-9c8d-33b7e73db882 | ITER: 14 START
2019-08-04 09:45:57.523 27351 RALLYDEBUG rally.task.runner [-] Starting a worker. concurrency: 1 args: {"max_quota": 1024} times: 40 method_name: run timeout: 0 duration: None cls:
2019-08-04 09:45:57.530 27355 RALLYDEBUG rally.task.runner [-] Starting a worker. concurrency: 1 args: {"max_quota": 1024} times: 40 method_name: run timeout: 0 duration: None cls:
2019-08-04 09:45:57.532 27343 INFO rally.task.runner [-] Task cb7b0966-b91d-4d2b-9c8d-33b7e73db882 | ITER: 15 START
2019-08-04 09:45:57.534 27351 INFO rally.task.runner [-] Task cb7b0966-b91d-4d2b-9c8d-33b7e73db882 | ITER: 16 START
2019-08-04 09:45:57.537 27355 INFO rally.task.runner [-] Task cb7b0966-b91d-4d2b-9c8d-33b7e73db882 | ITER: 17 START
2019-08-04 09:45:57.540 27359 RALLYDEBUG rally.task.runner [-] Starting a worker. concurrency: 1 args: {"max_quota": 1024} times: 40 method_name: run timeout: 0 duration: None cls:
2019-08-04 09:45:57.549 27359 INFO rally.task.runner [-] Task cb7b0966-b91d-4d2b-9c8d-33b7e73db882 | ITER: 18 START
2019-08-04 09:45:57.550 27363 RALLYDEBUG rally.task.runner [-] Starting a worker. concurrency: 1 args: {"max_quota": 1024} times: 40 method_name: run timeout: 0 duration: None cls:
2019-08-04 09:45:57.551 27366 RALLYDEBUG rally.task.runner [-] Starting a worker. concurrency: 1 args: {"max_quota": 1024} times: 40 method_name: run timeout: 0 duration: None cls:
2019-08-04 09:45:57.558 27366 INFO rally.task.runner [-] Task cb7b0966-b91d-4d2b-9c8d-33b7e73db882 | ITER: 20 START
2019-08-04 09:45:57.558 27363 INFO rally.task.runner [-] Task cb7b0966-b91d-4d2b-9c8d-33b7e73db882 | ITER: 19 START
2019-08-04 09:45:58.971 27327 INFO rally.task.runner [-] Task cb7b0966-b91d-4d2b-9c8d-33b7e73db882 | ITER: 7 END: OK
2019-08-04 09:45:58.979 27327 INFO rally.task.runner [-] Task cb7b0966-b91d-4d2b-9c8d-33b7e73db882 | ITER: 21 START
2019-08-04 09:45:58.988 27323 INFO rally.task.runner [-] Task cb7b0966-b91d-4d2b-9c8d-33b7e73db882 | ITER: 4 END: OK
2019-08-04 09:45:58.994 27323 INFO rally.task.runner [-] Task cb7b0966-b91d-4d2b-9c8d-33b7e73db882 | ITER: 22 START
2019-08-04 09:45:59.017 27321 INFO rally.task.runner [-] Task cb7b0966-b91d-4d2b-9c8d-33b7e73db882 | ITER: 2 END: OK
2019-08-04 09:45:59.024 27321 INFO rally.task.runner [-] Task cb7b0966-b91d-4d2b-9c8d-33b7e73db882 | ITER: 23 START
2019-08-04 09:45:59.047 27322 INFO rally.task.runner [-] Task cb7b0966-b91d-4d2b-9c8d-33b7e73db882 | ITER: 5 END: OK
2019-08-04 09:45:59.054 27322 INFO rally.task.runner [-] Task cb7b0966-b91d-4d2b-9c8d-33b7e73db882 | ITER: 24 START
2019-08-04 09:45:59.074 27322 INFO rally.task.runner [-] Task cb7b0966-b91d-4d2b-9c8d-33b7e73db882 | ITER: 3 END: OK
2019-08-04 09:45:59.082 27322 INFO rally.task.runner [-] Task cb7b0966-b91d-4d2b-9c8d-33b7e73db882 | ITER: 25 START
2019-08-04 09:45:59.116 27335 INFO rally.task.runner [-] Task cb7b0966-b91d-4d2b-9c8d-33b7e73db882 | ITER: 12 END: OK
2019-08-04 09:45:59.121 27321 INFO rally.task.runner [-] Task cb7b0966-b91d-4d2b-9c8d-33b7e73db882 | ITER: 1 END: OK
2019-08-04 09:45:59.122 27335 INFO rally.task.runner [-] Task cb7b0966-b91d-4d2b-9c8d-33b7e73db882 | ITER: 26 START
2019-08-04 09:45:59.124 27331 INFO rally.task.runner [-] Task cb7b0966-b91d-4d2b-9c8d-33b7e73db882 | ITER: 11 END: OK
2019-08-04 09:45:59.127 27321 INFO rally.task.runner [-] Task cb7b0966-b91d-4d2b-9c8d-33b7e73db882 | ITER: 27 START
2019-08-04 09:45:59.129 27334 INFO rally.task.runner [-] Task cb7b0966-b91d-4d2b-9c8d-33b7e73db882 | ITER: 13 END: OK
2019-08-04 09:45:59.129 27331 INFO rally.task.runner [-] Task cb7b0966-b91d-4d2b-9c8d-33b7e73db882 | ITER: 28 START
2019-08-04 09:45:59.136 27334 INFO rally.task.runner [-] Task cb7b0966-b91d-4d2b-9c8d-33b7e73db882 | ITER: 29 START
2019-08-04 09:45:59.138 27328 INFO rally.task.runner [-] Task cb7b0966-b91d-4d2b-9c8d-33b7e73db882 | ITER: 9 END: OK
2019-08-04 09:45:59.143 27328 INFO rally.task.runner [-] Task cb7b0966-b91d-4d2b-9c8d-33b7e73db882 | ITER: 30 START
2019-08-04 09:45:59.149 27324 INFO rally.task.runner [-] Task cb7b0966-b91d-4d2b-9c8d-33b7e73db882 | ITER: 6 END: OK
2019-08-04 09:45:59.155 27324 INFO rally.task.runner [-] Task cb7b0966-b91d-4d2b-9c8d-33b7e73db882 | ITER: 31 START
2019-08-04 09:45:59.163 27323 INFO rally.task.runner [-] Task cb7b0966-b91d-4d2b-9c8d-33b7e73db882 | ITER: 8 END: OK
2019-08-04 09:45:59.168 27323 INFO rally.task.runner [-] Task cb7b0966-b91d-4d2b-9c8d-33b7e73db882 | ITER: 32 START
2019-08-04 09:45:59.347 27343 INFO rally.task.runner [-] Task cb7b0966-b91d-4d2b-9c8d-33b7e73db882 | ITER: 15 END: OK
2019-08-04 09:45:59.353 27343 INFO rally.task.runner [-] Task cb7b0966-b91d-4d2b-9c8d-33b7e73db882 | ITER: 33 START
2019-08-04 09:45:59.393 27355 INFO rally.task.runner [-] Task cb7b0966-b91d-4d2b-9c8d-33b7e73db882 | ITER: 17 END: OK
2019-08-04 09:45:59.399 27355 INFO rally.task.runner [-] Task cb7b0966-b91d-4d2b-9c8d-33b7e73db882 | ITER: 34 START
2019-08-04 09:45:59.400 27339 INFO rally.task.runner [-] Task cb7b0966-b91d-4d2b-9c8d-33b7e73db882 | ITER: 14 END: OK
2019-08-04 09:45:59.406 27339 INFO rally.task.runner [-] Task cb7b0966-b91d-4d2b-9c8d-33b7e73db882 | ITER: 35 START
2019-08-04 09:45:59.410 27351 INFO rally.task.runner [-] Task cb7b0966-b91d-4d2b-9c8d-33b7e73db882 | ITER: 16 END: OK
2019-08-04 09:45:59.417 27351 INFO rally.task.runner [-] Task cb7b0966-b91d-4d2b-9c8d-33b7e73db882 | ITER: 36 START
2019-08-04 09:45:59.459 27359 INFO rally.task.runner [-] Task cb7b0966-b91d-4d2b-9c8d-33b7e73db882 | ITER: 18 END: OK
2019-08-04 09:45:59.466 27359 INFO rally.task.runner [-] Task cb7b0966-b91d-4d2b-9c8d-33b7e73db882 | ITER: 37 START
2019-08-04 09:45:59.468 27366 INFO rally.task.runner [-] Task cb7b0966-b91d-4d2b-9c8d-33b7e73db882 | ITER: 20 END: OK
2019-08-04 09:45:59.474 27366 INFO rally.task.runner [-] Task cb7b0966-b91d-4d2b-9c8d-33b7e73db882 | ITER: 38 START
2019-08-04 09:45:59.489 27363 INFO rally.task.runner [-] Task cb7b0966-b91d-4d2b-9c8d-33b7e73db882 | ITER: 19 END: OK
2019-08-04 09:45:59.493 27363 INFO rally.task.runner [-] Task cb7b0966-b91d-4d2b-9c8d-33b7e73db882 | ITER: 39 START
2019-08-04 09:45:59.571 27324 INFO rally.task.runner [-] Task cb7b0966-b91d-4d2b-9c8d-33b7e73db882 | ITER: 10 END: OK
2019-08-04 09:45:59.576 27324 INFO rally.task.runner [-] Task cb7b0966-b91d-4d2b-9c8d-33b7e73db882 | ITER: 40 START
2019-08-04 09:46:00.450 27323 INFO rally.task.runner [-] Task cb7b0966-b91d-4d2b-9c8d-33b7e73db882 | ITER: 22 END: OK
2019-08-04 09:46:00.496 27322 INFO rally.task.runner [-] Task cb7b0966-b91d-4d2b-9c8d-33b7e73db882 | ITER: 25 END: OK
2019-08-04 09:46:00.514 27327 INFO rally.task.runner [-] Task cb7b0966-b91d-4d2b-9c8d-33b7e73db882 | ITER: 21 END: OK
2019-08-04 09:46:00.530 27331 INFO rally.task.runner [-] Task cb7b0966-b91d-4d2b-9c8d-33b7e73db882 | ITER: 28 END: OK
2019-08-04 09:46:00.552 27335 INFO rally.task.runner [-] Task cb7b0966-b91d-4d2b-9c8d-33b7e73db882 | ITER: 26 END: OK
2019-08-04 09:46:00.609 27334 INFO rally.task.runner [-] Task cb7b0966-b91d-4d2b-9c8d-33b7e73db882 | ITER: 29 END: OK
2019-08-04 09:46:00.612 27321 INFO rally.task.runner [-] Task cb7b0966-b91d-4d2b-9c8d-33b7e73db882 | ITER: 23 END: OK
2019-08-04 09:46:00.674 27321 INFO rally.task.runner [-] Task cb7b0966-b91d-4d2b-9c8d-33b7e73db882 | ITER: 27 END: OK
2019-08-04 09:46:00.704 27323 INFO rally.task.runner [-] Task cb7b0966-b91d-4d2b-9c8d-33b7e73db882 | ITER: 32 END: OK
2019-08-04 09:46:00.789 27324 INFO rally.task.runner [-] Task cb7b0966-b91d-4d2b-9c8d-33b7e73db882 | ITER: 31 END: OK
2019-08-04 09:46:00.795 27339 INFO rally.task.runner [-] Task cb7b0966-b91d-4d2b-9c8d-33b7e73db882 | ITER: 35 END: OK
2019-08-04 09:46:00.802 27343 INFO rally.task.runner [-] Task cb7b0966-b91d-4d2b-9c8d-33b7e73db882 | ITER: 33 END: OK
2019-08-04 09:46:00.824 27355 INFO rally.task.runner [-] Task cb7b0966-b91d-4d2b-9c8d-33b7e73db882 | ITER: 34 END: OK
2019-08-04 09:46:00.904 27351 INFO rally.task.runner [-] Task cb7b0966-b91d-4d2b-9c8d-33b7e73db882 | ITER: 36 END: OK
2019-08-04 09:46:00.920 27366 INFO rally.task.runner [-] Task cb7b0966-b91d-4d2b-9c8d-33b7e73db882 | ITER: 38 END: OK
2019-08-04 09:46:00.930 27324 INFO rally.task.runner [-] Task cb7b0966-b91d-4d2b-9c8d-33b7e73db882 | ITER: 40 END: OK
2019-08-04 09:46:00.952 27322 INFO rally.task.runner [-] Task cb7b0966-b91d-4d2b-9c8d-33b7e73db882 | ITER: 24 END: OK
2019-08-04 09:46:00.955 27363 INFO rally.task.runner [-] Task cb7b0966-b91d-4d2b-9c8d-33b7e73db882 | ITER: 39 END: OK
2019-08-04 09:46:00.984 27328 INFO rally.task.runner [-] Task cb7b0966-b91d-4d2b-9c8d-33b7e73db882 | ITER: 30 END: OK
2019-08-04 09:46:01.027 27359 INFO rally.task.runner [-] Task cb7b0966-b91d-4d2b-9c8d-33b7e73db882 | ITER: 37 END: OK
2019-08-04 09:46:01.049 22705 INFO rally.task.context [-] Task cb7b0966-b91d-4d2b-9c8d-33b7e73db882 | Context admin_cleanup@openstack cleanup() started
2019-08-04 09:46:01.051 22705 RALLYDEBUG rally_openstack.cleanup.manager [-] Cleaning up neutron quota objects
2019-08-04 09:46:04.753 22705 INFO rally.task.context [-] Task cb7b0966-b91d-4d2b-9c8d-33b7e73db882 | Context admin_cleanup@openstack cleanup() finished in 3.70 sec
2019-08-04 09:46:04.753 22705 INFO rally.task.context [-] Task cb7b0966-b91d-4d2b-9c8d-33b7e73db882 | Context users@openstack cleanup() started
2019-08-04 09:46:33.462 22705 INFO rally.task.context [-] Task cb7b0966-b91d-4d2b-9c8d-33b7e73db882 | Context users@openstack cleanup() finished in 28.71 sec
2019-08-04 09:46:34.935 22705 INFO rally.task.engine [-] Load duration is: 3.546088
2019-08-04 09:46:34.935 22705 INFO rally.task.engine [-] Full runner duration is: 3.588091
2019-08-04 09:46:34.936 22705 INFO rally.task.engine [-] Full duration is: 46.729059
2019-08-04 09:46:35.146 22705 INFO rally.task.engine [-] Running workload: position = 0 config = { "version": 2, "title": "A cropped version of a bigger task.", "description": "Auto-generated task from a single workload (uuid=7af0d462-f157-4819-8628-9df251698556)", "subtasks": [ { "title": "NeutronTrunks.create_and_list_trunk_subports", "description": "", "scenario": { "NeutronTrunks.create_and_list_trunk_subports": { "subport_count": 125 } }, "contexts": { "users": { "tenants": 1, "users_per_tenant": 1 }, "quotas": { "neutron": { "network": -1, "port": 1000 } } }, "runner": { "constant": { "times": 4, "concurrency": 4 } }, "hooks": [], "sla": { "failure_rate": { "max": 0 } } } ] }
2019-08-04 09:46:35.170 22705 RALLYDEBUG rally_openstack.contexts.keystone.users [-] Creating 1 tenants using 20 threads
2019-08-04 09:46:36.809 22705 RALLYDEBUG rally_openstack.contexts.keystone.users [-] Creating 1 users using 20 threads
2019-08-04 09:46:39.141 22705 INFO rally.task.context [-] Task cb7b0966-b91d-4d2b-9c8d-33b7e73db882 | Context users@openstack setup() finished in 3.97 sec
2019-08-04 09:46:39.940 22705 INFO rally.task.context [-] Task cb7b0966-b91d-4d2b-9c8d-33b7e73db882 | Context quotas@openstack setup() finished in 0.80 sec
2019-08-04 09:46:39.940 22705 INFO rally.task.context [-] Task cb7b0966-b91d-4d2b-9c8d-33b7e73db882 | Context cleanup@openstack setup() finished in 0.01 msec
2019-08-04 09:46:39.949 22705 RALLYDEBUG rally.task.runner [-] Starting the constant runner (task UUID: cb7b0966-b91d-4d2b-9c8d-33b7e73db882). timeout: 0 concurrency: 4 concurrency_per_worker: 1 times: 4 concurrency_overhead: 0 processes_to_start: 4 max_cpu_used: 16
2019-08-04 09:46:39.964 27511 RALLYDEBUG rally.task.runner [-] Starting a worker. concurrency: 1 args: {"subport_count": 125} times: 4 method_name: run timeout: 0 duration: None cls:
2019-08-04 09:46:39.965 27512 RALLYDEBUG rally.task.runner [-] Starting a worker. concurrency: 1 args: {"subport_count": 125} times: 4 method_name: run timeout: 0 duration: None cls:
2019-08-04 09:46:39.969 27511 INFO rally.task.runner [-] Task cb7b0966-b91d-4d2b-9c8d-33b7e73db882 | ITER: 1 START
2019-08-04 09:46:39.969 27513 RALLYDEBUG rally.task.runner [-] Starting a worker. concurrency: 1 args: {"subport_count": 125} times: 4 method_name: run timeout: 0 duration: None cls:
2019-08-04 09:46:39.971 27512 INFO rally.task.runner [-] Task cb7b0966-b91d-4d2b-9c8d-33b7e73db882 | ITER: 2 START
2019-08-04 09:46:39.972 27514 RALLYDEBUG rally.task.runner [-] Starting a worker. concurrency: 1 args: {"subport_count": 125} times: 4 method_name: run timeout: 0 duration: None cls:
2019-08-04 09:46:39.974 27513 INFO rally.task.runner [-] Task cb7b0966-b91d-4d2b-9c8d-33b7e73db882 | ITER: 3 START
2019-08-04 09:46:39.977 27514 INFO rally.task.runner [-] Task cb7b0966-b91d-4d2b-9c8d-33b7e73db882 | ITER: 4 START
2019-08-04 09:50:47.232 27514 WARNING rally.task.atomic [-] 'optional_action_timer' is deprecated since rally v0.10.0.Please use action_timer instead, we have improved atomic actions, now do not need to explicitly close original action.
2019-08-04 09:50:47.285 27514 WARNING rally.task.atomic [-] 'optional_action_timer' is deprecated since rally v0.10.0.Please use action_timer instead, we have improved atomic actions, now do not need to explicitly close original action.
2019-08-04 09:50:47.378 27512 WARNING rally.task.atomic [-] 'optional_action_timer' is deprecated since rally v0.10.0.Please use action_timer instead, we have improved atomic actions, now do not need to explicitly close original action.
2019-08-04 09:50:47.462 27512 WARNING rally.task.atomic [-] 'optional_action_timer' is deprecated since rally v0.10.0.Please use action_timer instead, we have improved atomic actions, now do not need to explicitly close original action.
2019-08-04 09:50:48.955 27514 INFO rally.task.runner [-] Task cb7b0966-b91d-4d2b-9c8d-33b7e73db882 | ITER: 4 END: OK
2019-08-04 09:50:48.959 27512 INFO rally.task.runner [-] Task cb7b0966-b91d-4d2b-9c8d-33b7e73db882 | ITER: 2 END: OK
2019-08-04 09:50:49.040 27511 WARNING rally.task.atomic [-] 'optional_action_timer' is deprecated since rally v0.10.0.Please use action_timer instead, we have improved atomic actions, now do not need to explicitly close original action.
2019-08-04 09:50:49.124 27511 WARNING rally.task.atomic [-] 'optional_action_timer' is deprecated since rally v0.10.0.Please use action_timer instead, we have improved atomic actions, now do not need to explicitly close original action.
2019-08-04 09:50:50.335 27513 WARNING rally.task.atomic [-] 'optional_action_timer' is deprecated since rally v0.10.0.Please use action_timer instead, we have improved atomic actions, now do not need to explicitly close original action.
2019-08-04 09:50:50.360 27511 INFO rally.task.runner [-] Task cb7b0966-b91d-4d2b-9c8d-33b7e73db882 | ITER: 1 END: OK
2019-08-04 09:50:50.379 27513 WARNING rally.task.atomic [-] 'optional_action_timer' is deprecated since rally v0.10.0.Please use action_timer instead, we have improved atomic actions, now do not need to explicitly close original action.
2019-08-04 09:50:50.903 27513 INFO rally.task.runner [-] Task cb7b0966-b91d-4d2b-9c8d-33b7e73db882 | ITER: 3 END: OK
2019-08-04 09:50:50.926 22705 INFO rally.task.context [-] Task cb7b0966-b91d-4d2b-9c8d-33b7e73db882 | Context cleanup@openstack cleanup() started
2019-08-04 09:50:50.930 22705 RALLYDEBUG rally_openstack.cleanup.manager [-] Cleaning up neutron vip objects
2019-08-04 09:50:51.654 22705 RALLYDEBUG rally_openstack.cleanup.manager [-] Cleaning up neutron health_monitor objects
2019-08-04 09:50:52.372 22705 RALLYDEBUG rally_openstack.cleanup.manager [-] Cleaning up neutron pool objects
2019-08-04 09:50:53.082 22705 RALLYDEBUG rally_openstack.cleanup.manager [-] Cleaning up neutron loadbalancer objects
2019-08-04 09:50:53.789 22705 RALLYDEBUG rally_openstack.cleanup.manager [-] Cleaning up neutron floatingip objects
2019-08-04 09:50:54.781 22705 RALLYDEBUG rally_openstack.cleanup.manager [-] Cleaning up neutron port objects
2019-08-04 09:50:56.867 22705 RALLYDEBUG rally_openstack.cleanup.manager [-] Deleting neutron.port object s_rally_7af0d462_Y7KJBGtu (010b7882-89c6-43f7-84b4-1542ef9eadfb)
2019-08-04 09:50:56.868 22705 RALLYDEBUG rally_openstack.cleanup.manager [-] Deleting neutron.port object s_rally_7af0d462_u5IsXu8u (0135b5c6-d716-49cf-a720-ddebc90cc9e7)
2019-08-04 09:50:56.878 22705 RALLYDEBUG rally_openstack.cleanup.manager [-] Deleting neutron.port object s_rally_7af0d462_rPdrNiel (01e086c2-2ea4-4af8-8aa9-356b6a0609ac)
2019-08-04 09:50:56.880 22705 RALLYDEBUG rally_openstack.cleanup.manager [-] Deleting neutron.port object s_rally_7af0d462_tqDcobKG (01bf2116-fa39-49b9-93e5-3caed23a0e50)
2019-08-04 09:50:56.893 22705 RALLYDEBUG rally_openstack.cleanup.manager [-] Deleting neutron.port object s_rally_7af0d462_Uyll7Azk (01068ca6-6d29-43e8-bc46-3f031d11986c)
2019-08-04 09:50:56.893 22705 RALLYDEBUG rally_openstack.cleanup.manager [-] Deleting neutron.port object s_rally_7af0d462_8NxYCNPZ (021deaf0-581f-4a08-88ff-27ee2e335e17)
2019-08-04 09:50:56.896 22705 RALLYDEBUG rally_openstack.cleanup.manager [-] Deleting neutron.port object s_rally_7af0d462_cUxrdIhJ (01cd58e3-9d68-41e5-baac-88aac7f7136d)
2019-08-04 09:50:56.900 22705 RALLYDEBUG rally_openstack.cleanup.manager [-] Deleting neutron.port object s_rally_7af0d462_0el5T7Re (01ff6fbd-c9db-44b2-b7c7-a9673e157fa8)
2019-08-04 09:50:56.902 22705 RALLYDEBUG rally_openstack.cleanup.manager [-] Deleting neutron.port object s_rally_7af0d462_rxhQHymD (00e5c88d-1563-4816-a355-5814d7a47dbd)
2019-08-04 09:50:56.906 22705 RALLYDEBUG rally_openstack.cleanup.manager [-] Deleting neutron.port object s_rally_7af0d462_f5BlEXcl (02fbeffc-d06f-4b5b-9cf0-3039fad91a90)
2019-08-04 09:50:56.912 22705 RALLYDEBUG rally_openstack.cleanup.manager [-] Deleting neutron.port object s_rally_7af0d462_B3eActQn (005bf63c-0063-4979-a023-5e488ea94770)
2019-08-04 09:50:56.928 22705 RALLYDEBUG rally_openstack.cleanup.manager [-] Deleting neutron.port object s_rally_7af0d462_EITDNV2P (030c95b9-ab54-4596-a29d-02c31a9eb6f0)
2019-08-04 09:50:56.933 22705 RALLYDEBUG rally_openstack.cleanup.manager [-] Deleting neutron.port object s_rally_7af0d462_IlcAaWTF (03bed848-fe2c-45cb-9c22-09c2a723be87)
2019-08-04 09:50:56.944 22705 RALLYDEBUG rally_openstack.cleanup.manager [-] Deleting neutron.port object s_rally_7af0d462_QP3nMKVO (03d78f6c-533e-483d-8bcd-1cf3c97181b6)
2019-08-04 09:50:56.955 22705 RALLYDEBUG rally_openstack.cleanup.manager [-] Deleting neutron.port object s_rally_7af0d462_im7OkcwZ (03d855d9-a922-4c6d-b00f-cc610f3db486)
2019-08-04 09:50:56.957 22705 RALLYDEBUG rally_openstack.cleanup.manager [-] Deleting neutron.port object s_rally_7af0d462_qiG6Weh5 (0402c7fc-9823-4545-8965-d9ff06839a4e)
2019-08-04 09:50:56.979 22705 RALLYDEBUG rally_openstack.cleanup.manager [-] Deleting neutron.port object s_rally_7af0d462_W1iE4lti (079c7d35-8421-44cc-87ca-b420694c811b)
2019-08-04 09:50:56.995 22705 RALLYDEBUG rally_openstack.cleanup.manager [-] Deleting neutron.port object s_rally_7af0d462_3snDK6lo (03ff6e08-9923-4980-8392-bf5981c69986)
2019-08-04 09:50:56.996 22705 RALLYDEBUG rally_openstack.cleanup.manager [-] Deleting neutron.port object s_rally_7af0d462_DRcHGYi1 (071e10fb-8a75-466f-ae4e-d69768c360f1)
2019-08-04 09:50:57.005 22705 RALLYDEBUG rally_openstack.cleanup.manager [-] Deleting neutron.port object s_rally_7af0d462_mGN9sL9E (07dbc7d4-f74f-4298-b44b-2997a80c67d3)
2019-08-04 09:50:59.943 22705 RALLYDEBUG rally_openstack.cleanup.manager [-] Deleting neutron.port object s_rally_7af0d462_8vIhmGhS (08184499-1703-4762-8524-083a7f8795c2)
2019-08-04 09:51:01.915 22705 RALLYDEBUG rally_openstack.cleanup.manager [-] Deleting neutron.port object s_rally_7af0d462_mQA756ng (087a754d-2370-41c5-a627-ad10d5484c18)
2019-08-04 09:51:02.110 22705 RALLYDEBUG rally_openstack.cleanup.manager [-] Deleting neutron.port object s_rally_7af0d462_aIunSnA2 (089b9b8e-ebdd-4796-9ecc-610274b6d0c0)
2019-08-04 09:51:02.238 22705 RALLYDEBUG rally_openstack.cleanup.manager [-] Deleting neutron.port object s_rally_7af0d462_WjkazmyZ (08f74b08-47f9-4342-9dd1-4128fbb4a6e4)
2019-08-04 09:51:02.722 22705 RALLYDEBUG rally_openstack.cleanup.manager [-] Deleting neutron.port object s_rally_7af0d462_AEH9HFee (09c65cc1-bd38-4096-9b57-1f0945459b58)
2019-08-04 09:51:03.795 22705 RALLYDEBUG rally_openstack.cleanup.manager [-] Deleting neutron.port object s_rally_7af0d462_qUJ7lUoL (0a372779-c5f2-4632-9730-c4163301cb52)
2019-08-04 09:51:03.817 22705 RALLYDEBUG rally_openstack.cleanup.manager [-] Deleting neutron.port object s_rally_7af0d462_IpWL1zAS (0a3cd5d8-a5d1-4522-bfdb-5ea82fa603cb)
2019-08-04 09:51:03.828 22705 RALLYDEBUG rally_openstack.cleanup.manager [-] Deleting neutron.port object s_rally_7af0d462_9lcF3gqU (0bb3c592-9460-4509-bac7-c68f5c8b8b9b)
2019-08-04 09:51:03.837 22705 RALLYDEBUG rally_openstack.cleanup.manager [-] Deleting neutron.port object s_rally_7af0d462_SSUrLxRX (0c088499-f124-4267-9e6c-214a334b2c8b)
2019-08-04 09:51:04.490 22705 RALLYDEBUG rally_openstack.cleanup.manager [-] Deleting neutron.port object s_rally_7af0d462_MVLMM4nC (0cb93d02-e7de-46de-8840-77eec3592af7)
2019-08-04 09:51:04.502 22705 RALLYDEBUG rally_openstack.cleanup.manager [-] Deleting neutron.port object s_rally_7af0d462_8wZkkmO4 (0ccb72c5-faad-43db-ae79-9ffb06a82763)
2019-08-04 09:51:05.178 22705 RALLYDEBUG rally_openstack.cleanup.manager [-] Deleting neutron.port object s_rally_7af0d462_fzhNJCtO (0d383b36-1388-4a66-8ac6-6661fa3ada94)
2019-08-04 09:51:05.243 22705 RALLYDEBUG rally_openstack.cleanup.manager [-] Deleting neutron.port object s_rally_7af0d462_ohK2yZkz (0d786d70-23d4-43bb-be38-f75a376b50c5)
2019-08-04 09:51:05.362 22705 RALLYDEBUG rally_openstack.cleanup.manager [-] Deleting neutron.port object s_rally_7af0d462_bHWJ6lR9 (0ea4d79c-dffa-4bd1-adb1-ef7f6da1ba6d)
2019-08-04 09:51:05.412 22705 RALLYDEBUG rally_openstack.cleanup.manager [-] Deleting neutron.port object s_rally_7af0d462_ETNtWEny (0ecd5a1c-ff38-4463-86e5-7e4c77752e71)
2019-08-04 09:51:05.418 22705 RALLYDEBUG rally_openstack.cleanup.manager [-] Deleting neutron.port object s_rally_7af0d462_oHKIpzIq (0fbd1dfd-eaba-4ce7-9b09-f2ccf7e6fff3)
2019-08-04 09:51:05.424 22705 RALLYDEBUG rally_openstack.cleanup.manager [-] Deleting neutron.port object s_rally_7af0d462_eMGg6nOP (1029b216-4b13-4c7f-a18c-cf97b58cddbc)
2019-08-04 09:51:05.511 22705 RALLYDEBUG rally_openstack.cleanup.manager [-] Deleting neutron.port object s_rally_7af0d462_Q01RaABI (1053f9cd-4b34-427b-8313-04155ca7c59d)
2019-08-04 09:51:05.517 22705 RALLYDEBUG rally_openstack.cleanup.manager [-] Deleting neutron.port object s_rally_7af0d462_Mwv3MaTD (1084e1af-559f-453e-8b53-4396710f0a4f)
2019-08-04 09:51:05.530 22705 RALLYDEBUG rally_openstack.cleanup.manager [-] Deleting neutron.port object s_rally_7af0d462_SivesyEV (10c3d559-b1de-4205-9512-da93ef38ea0c)
2019-08-04 09:51:06.108 22705 RALLYDEBUG rally_openstack.cleanup.manager [-] Deleting neutron.port object s_rally_7af0d462_7lrWUeTO (12295215-fd66-4130-bcf8-ac578c1a8b43)
2019-08-04 09:51:06.289 22705 RALLYDEBUG rally_openstack.cleanup.manager [-] Deleting neutron.port object s_rally_7af0d462_XCBpWz6k (13cd05b4-59ad-4927-bfd1-abd5ecdecb21)
2019-08-04 09:51:06.297 22705 RALLYDEBUG rally_openstack.cleanup.manager [-] Deleting neutron.port object s_rally_7af0d462_40plsipD (140058e0-1218-4063-8f23-6cd9bf4b14f5)
2019-08-04 09:51:06.338 22705 RALLYDEBUG rally_openstack.cleanup.manager [-] Deleting neutron.port object s_rally_7af0d462_HmJ8RlyT (153f72b0-48fe-43dc-aa00-02602e196100)
2019-08-04 09:51:06.346 22705 RALLYDEBUG rally_openstack.cleanup.manager [-] Deleting neutron.port object s_rally_7af0d462_fGYpIKHW (1587cb37-e396-4fa2-abeb-5048d3c3e551)
2019-08-04 09:51:06.362 22705 RALLYDEBUG rally_openstack.cleanup.manager [-] Deleting neutron.port object s_rally_7af0d462_yTO6ovLb (1719078d-f4dc-45ae-848f-f0c934b8ed5c)
2019-08-04 09:51:06.379 22705 RALLYDEBUG rally_openstack.cleanup.manager [-] Deleting neutron.port object s_rally_7af0d462_gwEGSEpr (17b76d12-b212-43a1-8192-fba1daa4517b)
2019-08-04 09:51:06.380 22705 RALLYDEBUG rally_openstack.cleanup.manager [-] Deleting neutron.port object s_rally_7af0d462_6KFGlTWe (173cf719-71fb-4eb9-9db7-8371f4535775)
2019-08-04 09:51:07.084 22705 RALLYDEBUG rally_openstack.cleanup.manager [-] Deleting neutron.port object s_rally_7af0d462_cJWD1aXK (17e3cd1e-0afa-4fdb-9204-a8e30fc93a12)
2019-08-04 09:51:07.362 22705 RALLYDEBUG rally_openstack.cleanup.manager [-] Deleting neutron.port object s_rally_7af0d462_WX5yinTL (184b8f93-5630-4568-9930-f9db28541f62)
2019-08-04 09:51:07.461 22705 RALLYDEBUG rally_openstack.cleanup.manager [-] Deleting neutron.port object s_rally_7af0d462_aw9oo6zl (1982efa2-4fed-41ab-a871-c761c8007f22)
2019-08-04 09:51:08.355 22705 RALLYDEBUG rally_openstack.cleanup.manager [-] Deleting neutron.port object s_rally_7af0d462_is0nxfQQ (1a12f189-e4ef-4664-8c07-a81b81df2e48)
2019-08-04 09:51:08.779 22705 RALLYDEBUG rally_openstack.cleanup.manager [-] Deleting neutron.port object s_rally_7af0d462_HTdKXfhO (1ae4f7e7-6c03-4fcb-91e1-d1cb856feb2b)
2019-08-04 09:51:08.931 22705 RALLYDEBUG rally_openstack.cleanup.manager [-] Deleting neutron.port object s_rally_7af0d462_OoBm0Sia (1b81c4aa-e284-42a6-9e4d-15711b9182ed)
2019-08-04 09:51:08.937 22705 RALLYDEBUG rally_openstack.cleanup.manager [-] Deleting neutron.port object s_rally_7af0d462_NbvmC3eQ (1c85ffd1-a30c-4cc1-9cfa-e7a13a663d7f)
2019-08-04 09:51:09.093 22705 RALLYDEBUG rally_openstack.cleanup.manager [-] Deleting neutron.port object s_rally_7af0d462_DIpSo5IG (1e61b513-a5fa-418f-ad11-77474cc7ac30)
2019-08-04 09:51:09.152 22705 RALLYDEBUG rally_openstack.cleanup.manager [-] Deleting neutron.port object s_rally_7af0d462_f6ftSJ3D (1ef676eb-f714-4bb5-a4a8-72d50c25f393)
2019-08-04 09:51:09.233 22705 RALLYDEBUG rally_openstack.cleanup.manager [-] Deleting neutron.port object s_rally_7af0d462_acZiaBgj (1f35944d-ad31-4e3c-860c-83f49a6d2047)
2019-08-04 09:51:09.547 22705 RALLYDEBUG rally_openstack.cleanup.manager [-] Deleting neutron.port object s_rally_7af0d462_qRENv7W5 (1f71752e-1512-4968-99cd-43e1ea189953)
2019-08-04 09:51:10.218 22705 RALLYDEBUG rally_openstack.cleanup.manager [-] Deleting neutron.port object s_rally_7af0d462_AcGxJtJw (1fb2bd9a-398d-48f9-ac64-e506c855a036)
2019-08-04 09:51:10.304 22705 RALLYDEBUG rally_openstack.cleanup.manager [-] Deleting neutron.port object s_rally_7af0d462_C4cwUrKe (2002e670-4883-4904-a6f6-c4ab987bc634)
2019-08-04 09:51:10.459 22705 RALLYDEBUG rally_openstack.cleanup.manager [-] Deleting neutron.port object s_rally_7af0d462_o6thMk6y (20d3dda7-3d4c-4f75-bd71-1830515b011b)
2019-08-04 09:51:10.610 22705 RALLYDEBUG rally_openstack.cleanup.manager [-] Deleting neutron.port object s_rally_7af0d462_KA150sSZ (20fb2235-a1d6-4325-b86c-4a8a148789df)
2019-08-04 09:51:10.817 22705 RALLYDEBUG rally_openstack.cleanup.manager [-] Deleting neutron.port object s_rally_7af0d462_Zw1xjA48 (217eda03-802a-4f09-bda2-7ec3605bd493)
2019-08-04 09:51:10.828 22705 RALLYDEBUG rally_openstack.cleanup.manager [-] Deleting neutron.port object s_rally_7af0d462_1G9WRtgU (2199060d-c277-44ba-b3c6-494ad9ffec8a)
2019-08-04 09:51:10.876 22705 RALLYDEBUG rally_openstack.cleanup.manager [-] Deleting neutron.port object s_rally_7af0d462_6QGXwM6T (222ee7b1-cbe7-4fbc-943f-24575585500f)
2019-08-04 09:51:10.958 22705 RALLYDEBUG rally_openstack.cleanup.manager [-] Deleting neutron.port object s_rally_7af0d462_jf6Joaoj (2252d250-92a3-4af2-9b63-b26ae5ca20a2)
2019-08-04 09:51:10.964 22705 RALLYDEBUG rally_openstack.cleanup.manager [-] Deleting neutron.port object s_rally_7af0d462_i8EgRr29 (22baf211-5245-4a49-bee6-be58da77763d)
2019-08-04 09:51:11.031 22705 RALLYDEBUG rally_openstack.cleanup.manager [-] Deleting neutron.port object s_rally_7af0d462_TgSUGSAR (23903370-948d-4123-b624-e7f983d980ae)
2019-08-04 09:51:11.070 22705 RALLYDEBUG rally_openstack.cleanup.manager [-] Deleting neutron.port object s_rally_7af0d462_FVD6nkWL (23ca724c-f936-4f8e-9878-a4dd2e29e8e8)
2019-08-04 09:51:11.088 22705 RALLYDEBUG rally_openstack.cleanup.manager [-] Deleting neutron.port object s_rally_7af0d462_RsxN0tpE (23e195fc-62fb-4c64-bd19-914f8bdf8ea8)
2019-08-04 09:51:11.100 22705 RALLYDEBUG rally_openstack.cleanup.manager [-] Deleting neutron.port object s_rally_7af0d462_78zjnp1Z (2403cae3-0308-4f9d-9ea9-06e58637e172)
2019-08-04 09:51:11.855 22705 RALLYDEBUG rally_openstack.cleanup.manager [-] Deleting neutron.port object s_rally_7af0d462_vKhxcz4o (24486301-54f4-4aaa-babc-8ab80d0f3ea0)
2019-08-04 09:51:11.954 22705 RALLYDEBUG rally_openstack.cleanup.manager [-] Deleting neutron.port object s_rally_7af0d462_0nm9bPyp (24ce3605-c217-4b0c-822f-0e11305de675)
2019-08-04 09:51:12.201 22705 RALLYDEBUG rally_openstack.cleanup.manager [-] Deleting neutron.port object s_rally_7af0d462_dFrOgVup (2521ff14-27d0-41c0-be0b-2d51353748b9)
2019-08-04 09:51:12.717 22705 RALLYDEBUG rally_openstack.cleanup.manager [-] Deleting neutron.port object s_rally_7af0d462_FKaoq5MA (25a87057-a940-4016-bb42-00fde4948f13)
2019-08-04 09:51:12.718 22705 RALLYDEBUG rally_openstack.cleanup.manager [-] Deleting neutron.port object s_rally_7af0d462_UkGl6OmD (274d3f81-473f-4f3b-b9fc-406ab5ba8362)
2019-08-04 09:51:12.921 22705 RALLYDEBUG rally_openstack.cleanup.manager [-] Deleting neutron.port object s_rally_7af0d462_EoesYwjC (28b976ce-5315-4c1e-8aa3-2caa114aa765)
2019-08-04 09:51:13.017 22705 RALLYDEBUG rally_openstack.cleanup.manager [-] Deleting neutron.port object s_rally_7af0d462_LkMwPGQx (29113b7b-d70a-49c2-bfcf-32b1478d699a)
2019-08-04 09:51:13.728 22705 RALLYDEBUG rally_openstack.cleanup.manager [-] Deleting neutron.port object s_rally_7af0d462_Vod3grLX (2930a888-c744-4cb4-98e7-b4219ddfcd8a)
2019-08-04 09:51:13.877 22705 RALLYDEBUG rally_openstack.cleanup.manager [-] Deleting neutron.port object s_rally_7af0d462_l6FN7Q3a (297e081c-0237-464c-8497-5a0674d1ebe5)
2019-08-04 09:51:13.969 22705 RALLYDEBUG rally_openstack.cleanup.manager [-] Deleting neutron.port object s_rally_7af0d462_6oKfdKfU (2a0ca62f-6de5-48ee-8fc2-71447f75ec79)
2019-08-04 09:51:14.219 22705 RALLYDEBUG rally_openstack.cleanup.manager [-] Deleting neutron.port object s_rally_7af0d462_W8VEtZe3 (2a76ad17-ae77-459c-9187-edd886189369)
2019-08-04 09:51:14.380 22705 RALLYDEBUG rally_openstack.cleanup.manager [-] Deleting neutron.port object s_rally_7af0d462_uxdr8898 (2a86cb1d-2b7f-47aa-8a0b-f26dc365c813)
2019-08-04 09:51:14.889 22705 RALLYDEBUG rally_openstack.cleanup.manager [-] Deleting neutron.port object s_rally_7af0d462_PpG4t8Xx (2aa5c923-5462-427c-a466-f04132b9b118)
2019-08-04 09:51:14.990 22705 RALLYDEBUG rally_openstack.cleanup.manager [-] Deleting neutron.port object s_rally_7af0d462_IdwkyFze (2ae12d1d-aada-4a95-b5ea-a670e4d000cf)
2019-08-04 09:51:15.026 22705 RALLYDEBUG rally_openstack.cleanup.manager [-] Deleting neutron.port object s_rally_7af0d462_9iibLMAz (2b42419f-0a05-4bea-a3dc-f1963f985534)
2019-08-04 09:51:15.028 22705 RALLYDEBUG rally_openstack.cleanup.manager [-] Deleting neutron.port object s_rally_7af0d462_1luK91Th (2b5377e9-c7a5-41c5-b601-a38ca96cd32d)
2019-08-04 09:51:15.135 22705 RALLYDEBUG rally_openstack.cleanup.manager [-] Deleting neutron.port object s_rally_7af0d462_TlLOPJKH (2c7f5538-a980-420c-be3f-17be959e804f)
2019-08-04 09:51:15.189 22705 RALLYDEBUG rally_openstack.cleanup.manager [-] Deleting neutron.port object s_rally_7af0d462_GQa5QySM (2c92e125-2631-4944-ac4e-f3d999bb0cf3)
2019-08-04 09:51:15.658 22705 RALLYDEBUG rally_openstack.cleanup.manager [-] Deleting neutron.port object s_rally_7af0d462_TyTdDaKx (2cb57187-ee6c-4a5a-8f45-5e38b7eed0eb)
2019-08-04 09:51:15.673 22705 RALLYDEBUG rally_openstack.cleanup.manager [-] Deleting neutron.port object s_rally_7af0d462_Bvb0HVHk (2d153b8e-7308-4f1e-8654-9dd70f598335)
2019-08-04 09:51:15.785 22705 RALLYDEBUG rally_openstack.cleanup.manager [-] Deleting neutron.port object s_rally_7af0d462_Sz3iAC7f (2d244d73-1e73-40d0-aef2-cce46f51460c)
2019-08-04 09:51:15.792 22705 RALLYDEBUG rally_openstack.cleanup.manager [-] Deleting neutron.port object s_rally_7af0d462_DJQNhtuz (2d5c53fe-c012-48b7-ad62-ee9e925fd7e7)
2019-08-04 09:51:15.798 22705 RALLYDEBUG rally_openstack.cleanup.manager [-] Deleting neutron.port object s_rally_7af0d462_O4IMPwHY (2db54bc1-aae8-4698-be7d-a1490b785667)
2019-08-04 09:51:15.864 22705 RALLYDEBUG rally_openstack.cleanup.manager [-] Deleting neutron.port object s_rally_7af0d462_gjaSbwJ3 (2e0341be-5058-4caf-825f-e11e3aad8645)
2019-08-04 09:51:15.901 22705 RALLYDEBUG rally_openstack.cleanup.manager [-] Deleting neutron.port object s_rally_7af0d462_lLENj1fO (2e720a62-d2fd-40a2-884e-5f96aefb8b7e)
2019-08-04 09:51:15.907 22705 RALLYDEBUG rally_openstack.cleanup.manager [-] Deleting neutron.port object s_rally_7af0d462_TauEZcyd (2ec674f3-35e2-4f65-99da-13663be1ec62)
2019-08-04 09:51:15.913 22705 RALLYDEBUG rally_openstack.cleanup.manager [-] Deleting neutron.port object s_rally_7af0d462_DNK82qKM (2ed52895-be88-4ac9-90d2-3ff383292315)
