2019-08-04 07:44:49.435 1842 DEBUG novaclient.v2.client [-] GET call to compute for http://172.30.9.34:8774/v2.1/os-server-groups used request id req-5157845c-d86f-47a2-af2f-7c0b5f5ba423 request /usr/lib/python2.7/site-packages/keystoneauth1/session.py:844
2019-08-04 07:44:49.871 1842 DEBUG novaclient.v2.client [-] REQ: curl -g -i -X GET http://172.30.9.34:8774/v2.1/os-server-groups -H "Accept: application/json" -H "User-Agent: python-novaclient" -H "X-Auth-Token: {SHA1}df8ae865d1b54a62fe2bc7b86e26faebffa3568d" _http_log_request /usr/lib/python2.7/site-packages/keystoneauth1/session.py:448
2019-08-04 07:44:50.173 1842 DEBUG novaclient.v2.client [-] RESP: [200] Content-Length: 21 Content-Type: application/json Date: Sun, 04 Aug 2019 07:44:49 GMT OpenStack-API-Version: compute 2.1 Server: Apache Vary: OpenStack-API-Version,X-OpenStack-Nova-API-Version X-OpenStack-Nova-API-Version: 2.1 x-compute-request-id: req-470a69c9-9b13-4f48-9410-fbd327f51eda x-openstack-request-id: req-470a69c9-9b13-4f48-9410-fbd327f51eda _http_log_response /usr/lib/python2.7/site-packages/keystoneauth1/session.py:479
2019-08-04 07:44:50.173 1842 DEBUG novaclient.v2.client [-] RESP BODY: {"server_groups": []} _http_log_response /usr/lib/python2.7/site-packages/keystoneauth1/session.py:511
2019-08-04 07:44:50.174 1842 DEBUG novaclient.v2.client [-] GET call to compute for http://172.30.9.34:8774/v2.1/os-server-groups used request id req-470a69c9-9b13-4f48-9410-fbd327f51eda request /usr/lib/python2.7/site-packages/keystoneauth1/session.py:844
2019-08-04 07:44:50.180 1842 RALLYDEBUG rally_openstack.cleanup.manager [-] Cleaning up nova keypairs objects
2019-08-04 07:44:50.593 1842 DEBUG novaclient.v2.client [-] REQ: curl -g -i -X GET http://172.30.9.34:8774/v2.1/os-keypairs -H "Accept: application/json" -H "User-Agent: python-novaclient" -H "X-Auth-Token: {SHA1}b02b84d01b9b47976946bbadd60e57629f96d7a1" _http_log_request /usr/lib/python2.7/site-packages/keystoneauth1/session.py:448
2019-08-04 07:44:50.797 1842 DEBUG novaclient.v2.client [-] RESP: [200] Content-Length: 16 Content-Type: application/json Date: Sun, 04 Aug 2019 07:44:50 GMT OpenStack-API-Version: compute 2.1 Server: Apache Vary: OpenStack-API-Version,X-OpenStack-Nova-API-Version X-OpenStack-Nova-API-Version: 2.1 x-compute-request-id: req-8d91c8a0-fdfd-48af-998b-1d54407d935d x-openstack-request-id: req-8d91c8a0-fdfd-48af-998b-1d54407d935d _http_log_response /usr/lib/python2.7/site-packages/keystoneauth1/session.py:479
2019-08-04 07:44:50.798 1842 DEBUG novaclient.v2.client [-] RESP BODY: {"keypairs": []} _http_log_response /usr/lib/python2.7/site-packages/keystoneauth1/session.py:511
2019-08-04 07:44:50.798 1842 DEBUG novaclient.v2.client [-] GET call to compute for http://172.30.9.34:8774/v2.1/os-keypairs used request id req-8d91c8a0-fdfd-48af-998b-1d54407d935d request /usr/lib/python2.7/site-packages/keystoneauth1/session.py:844
2019-08-04 07:44:51.311 1842 DEBUG novaclient.v2.client [-] REQ: curl -g -i -X GET http://172.30.9.34:8774/v2.1/os-keypairs -H "Accept: application/json" -H "User-Agent: python-novaclient" -H "X-Auth-Token: {SHA1}5e10c9fca1808cc3c60300bfc02e1b7b263a9c69" _http_log_request /usr/lib/python2.7/site-packages/keystoneauth1/session.py:448
2019-08-04 07:44:51.509 1842 DEBUG novaclient.v2.client [-] RESP: [200] Content-Length: 16 Content-Type: application/json Date: Sun, 04 Aug 2019 07:44:51 GMT OpenStack-API-Version: compute 2.1 Server: Apache Vary: OpenStack-API-Version,X-OpenStack-Nova-API-Version X-OpenStack-Nova-API-Version: 2.1 x-compute-request-id: req-07bc540f-9fd0-4771-956b-711d511e9b7d x-openstack-request-id: req-07bc540f-9fd0-4771-956b-711d511e9b7d _http_log_response /usr/lib/python2.7/site-packages/keystoneauth1/session.py:479
2019-08-04 07:44:51.510 1842 DEBUG novaclient.v2.client [-] RESP BODY: {"keypairs": []} _http_log_response /usr/lib/python2.7/site-packages/keystoneauth1/session.py:511
2019-08-04 07:44:51.510 1842 DEBUG novaclient.v2.client [-] GET call to compute for http://172.30.9.34:8774/v2.1/os-keypairs used request id req-07bc540f-9fd0-4771-956b-711d511e9b7d request /usr/lib/python2.7/site-packages/keystoneauth1/session.py:844
2019-08-04 07:44:51.931 1842 DEBUG novaclient.v2.client [-] REQ: curl -g -i -X GET http://172.30.9.34:8774/v2.1/os-keypairs -H "Accept: application/json" -H "User-Agent: python-novaclient" -H "X-Auth-Token: {SHA1}f5ea92c2ee5a9b2ea2d95e70fdca9142f88fbe04" _http_log_request /usr/lib/python2.7/site-packages/keystoneauth1/session.py:448
2019-08-04 07:44:52.221 1842 DEBUG novaclient.v2.client [-] RESP: [200] Content-Length: 16 Content-Type: application/json Date: Sun, 04 Aug 2019 07:44:51 GMT OpenStack-API-Version: compute 2.1 Server: Apache Vary: OpenStack-API-Version,X-OpenStack-Nova-API-Version X-OpenStack-Nova-API-Version: 2.1 x-compute-request-id: req-75aca2fb-8322-4f2b-93e6-7e140c575593 x-openstack-request-id: req-75aca2fb-8322-4f2b-93e6-7e140c575593 _http_log_response /usr/lib/python2.7/site-packages/keystoneauth1/session.py:479
2019-08-04 07:44:52.221 1842 DEBUG novaclient.v2.client [-] RESP BODY: {"keypairs": []} _http_log_response /usr/lib/python2.7/site-packages/keystoneauth1/session.py:511
2019-08-04 07:44:52.221 1842 DEBUG novaclient.v2.client [-] GET call to compute for http://172.30.9.34:8774/v2.1/os-keypairs used request id req-75aca2fb-8322-4f2b-93e6-7e140c575593 request /usr/lib/python2.7/site-packages/keystoneauth1/session.py:844
2019-08-04 07:44:52.640 1842 DEBUG novaclient.v2.client [-] REQ: curl -g -i -X GET http://172.30.9.34:8774/v2.1/os-keypairs -H "Accept: application/json" -H "User-Agent: python-novaclient" -H "X-Auth-Token: {SHA1}857875657a051a72857ea8c468a56ca7bf2714e1" _http_log_request /usr/lib/python2.7/site-packages/keystoneauth1/session.py:448
2019-08-04 07:44:52.849 1842 DEBUG novaclient.v2.client [-] RESP: [200] Content-Length: 16 Content-Type: application/json Date: Sun, 04 Aug 2019 07:44:52 GMT OpenStack-API-Version: compute 2.1 Server: Apache Vary: OpenStack-API-Version,X-OpenStack-Nova-API-Version X-OpenStack-Nova-API-Version: 2.1 x-compute-request-id: req-c91d4947-b9e6-4e6d-b065-6d616b292a13 x-openstack-request-id: req-c91d4947-b9e6-4e6d-b065-6d616b292a13 _http_log_response /usr/lib/python2.7/site-packages/keystoneauth1/session.py:479
2019-08-04 07:44:52.849 1842 DEBUG novaclient.v2.client [-] RESP BODY: {"keypairs": []} _http_log_response /usr/lib/python2.7/site-packages/keystoneauth1/session.py:511
2019-08-04 07:44:52.849 1842 DEBUG novaclient.v2.client [-] GET call to compute for http://172.30.9.34:8774/v2.1/os-keypairs used request id req-c91d4947-b9e6-4e6d-b065-6d616b292a13 request /usr/lib/python2.7/site-packages/keystoneauth1/session.py:844
2019-08-04 07:44:53.275 1842 DEBUG novaclient.v2.client [-] REQ: curl -g -i -X GET http://172.30.9.34:8774/v2.1/os-keypairs -H "Accept: application/json" -H "User-Agent: python-novaclient" -H "X-Auth-Token: {SHA1}6ccf445cda775262ed89be371868fd7315fa6ba0" _http_log_request /usr/lib/python2.7/site-packages/keystoneauth1/session.py:448
2019-08-04 07:44:53.479 1842 DEBUG novaclient.v2.client [-] RESP: [200] Content-Length: 16 Content-Type: application/json Date: Sun, 04 Aug 2019 07:44:53 GMT OpenStack-API-Version: compute 2.1 Server: Apache Vary: OpenStack-API-Version,X-OpenStack-Nova-API-Version X-OpenStack-Nova-API-Version: 2.1 x-compute-request-id: req-bd375a95-2280-4a06-ba20-5bf375decce6 x-openstack-request-id: req-bd375a95-2280-4a06-ba20-5bf375decce6 _http_log_response /usr/lib/python2.7/site-packages/keystoneauth1/session.py:479
2019-08-04 07:44:53.479 1842 DEBUG novaclient.v2.client [-] RESP BODY: {"keypairs": []} _http_log_response /usr/lib/python2.7/site-packages/keystoneauth1/session.py:511
2019-08-04 07:44:53.479 1842 DEBUG novaclient.v2.client [-] GET call to compute for http://172.30.9.34:8774/v2.1/os-keypairs used request id req-bd375a95-2280-4a06-ba20-5bf375decce6 request /usr/lib/python2.7/site-packages/keystoneauth1/session.py:844
2019-08-04 07:44:53.915 1842 DEBUG novaclient.v2.client [-] REQ: curl -g -i -X GET http://172.30.9.34:8774/v2.1/os-keypairs -H "Accept: application/json" -H "User-Agent: python-novaclient" -H "X-Auth-Token: {SHA1}a7bd33f449a51a50420838af76f976830b7bbb20" _http_log_request /usr/lib/python2.7/site-packages/keystoneauth1/session.py:448
2019-08-04 07:44:54.123 1842 DEBUG novaclient.v2.client [-] RESP: [200] Content-Length: 16 Content-Type: application/json Date: Sun, 04 Aug 2019 07:44:53 GMT OpenStack-API-Version: compute 2.1 Server: Apache Vary: OpenStack-API-Version,X-OpenStack-Nova-API-Version X-OpenStack-Nova-API-Version: 2.1 x-compute-request-id: req-579997db-b7f3-4fdf-bcb1-f58aa3c160c9 x-openstack-request-id: req-579997db-b7f3-4fdf-bcb1-f58aa3c160c9 _http_log_response /usr/lib/python2.7/site-packages/keystoneauth1/session.py:479
2019-08-04 07:44:54.123 1842 DEBUG novaclient.v2.client [-] RESP BODY: {"keypairs": []} _http_log_response /usr/lib/python2.7/site-packages/keystoneauth1/session.py:511
2019-08-04 07:44:54.124 1842 DEBUG novaclient.v2.client [-] GET call to compute for http://172.30.9.34:8774/v2.1/os-keypairs used request id req-579997db-b7f3-4fdf-bcb1-f58aa3c160c9 request /usr/lib/python2.7/site-packages/keystoneauth1/session.py:844
2019-08-04 07:44:54.131 1842 RALLYDEBUG rally_openstack.cleanup.manager [-] Cleaning up cinder backups objects
2019-08-04 07:44:56.258 1842 RALLYDEBUG rally_openstack.cleanup.manager [-] Cleaning up cinder volume_snapshots objects
2019-08-04 07:44:58.276 1842 RALLYDEBUG rally_openstack.cleanup.manager [-] Cleaning up cinder transfers objects
2019-08-04 07:45:00.270 1842 RALLYDEBUG rally_openstack.cleanup.manager [-] Cleaning up cinder volumes objects
2019-08-04 07:45:02.395 1842 INFO rally.task.context [-] Task fc6651a0-264c-41c3-b07c-3850a46e9990 | Context cleanup@openstack cleanup() finished in 16.37 sec
2019-08-04 07:45:02.396 1842 INFO rally.task.context [-] Task fc6651a0-264c-41c3-b07c-3850a46e9990 | Context quotas@openstack cleanup() started
2019-08-04 07:45:02.904 1842 INFO rally.task.context [-] Task fc6651a0-264c-41c3-b07c-3850a46e9990 | Context quotas@openstack cleanup() finished in 0.51 sec
2019-08-04 07:45:02.904 1842 INFO rally.task.context [-] Task fc6651a0-264c-41c3-b07c-3850a46e9990 | Context api_versions@openstack cleanup() started
2019-08-04 07:45:02.905 1842 INFO rally.task.context [-] Task fc6651a0-264c-41c3-b07c-3850a46e9990 | Context api_versions@openstack cleanup() finished in 0.31 msec
2019-08-04 07:45:02.905 1842 INFO rally.task.context [-] Task fc6651a0-264c-41c3-b07c-3850a46e9990 | Context users@openstack cleanup() started
2019-08-04 07:45:09.607 1842 INFO rally.task.context [-] Task fc6651a0-264c-41c3-b07c-3850a46e9990 | Context users@openstack cleanup() finished in 6.70 sec
2019-08-04 07:45:11.445 1842 INFO rally.task.engine [-] Load duration is: 81.66029
2019-08-04 07:45:11.446 1842 INFO rally.task.engine [-] Full runner duration is: 82.723661
2019-08-04 07:45:11.447 1842 INFO rally.task.engine [-] Full duration is: 114.803624
2019-08-04 07:45:11.665 1842 INFO rally.task.engine [-] Running workload: position = 0 config = { "version": 2, "title": "A cropped version of a bigger task.", "description": "Auto-generated task from a single workload (uuid=75f0bd20-72c1-47dc-b3be-42cf9f3ee760)", "subtasks": [ { "title": "CinderVolumes.create_and_list_snapshots", "description": "Create and then list a volume-snapshot.", "scenario": { "CinderVolumes.create_and_list_snapshots": { "detailed": true, "force": false } }, "contexts": { "users": { "tenants": 3, "users_per_tenant": 2 }, "quotas": { "cinder": { "gigabytes": -1, "snapshots": -1, "volumes": -1 } }, "api_versions": { "cinder": { "version": 3, "service_type": "volumev3" } }, "volumes": { "size": 1, "volumes_per_tenant": 1 } }, "runner": { "constant": { "concurrency": 4, "times": 10 } }, "hooks": [], "sla": { "failure_rate": { "max": 0 } } } ] }
2019-08-04 07:45:11.692 1842 RALLYDEBUG rally_openstack.contexts.keystone.users [-] Creating 3 tenants using 20 threads
2019-08-04 07:45:13.571 1842 RALLYDEBUG rally_openstack.contexts.keystone.users [-] Creating 6 users using 20 threads
2019-08-04 07:45:16.344 1842 INFO rally.task.context [-] Task fc6651a0-264c-41c3-b07c-3850a46e9990 | Context users@openstack setup() finished in 4.65 sec
2019-08-04 07:45:16.777 1842 INFO rally.task.context [-] Task fc6651a0-264c-41c3-b07c-3850a46e9990 | Context api_versions@openstack setup() finished in 0.43 sec
2019-08-04 07:45:18.395 1842 INFO rally.task.context [-] Task fc6651a0-264c-41c3-b07c-3850a46e9990 | Context quotas@openstack setup() finished in 1.62 sec
2019-08-04 07:45:28.882 1842 INFO rally.task.context [-] Task fc6651a0-264c-41c3-b07c-3850a46e9990 | Context volumes@openstack setup() finished in 10.49 sec
2019-08-04 07:45:28.882 1842 INFO rally.task.context [-] Task fc6651a0-264c-41c3-b07c-3850a46e9990 | Context cleanup@openstack setup() finished in 0.02 msec
2019-08-04 07:45:28.892 1842 RALLYDEBUG rally.task.runner [-] Starting the constant runner (task UUID: fc6651a0-264c-41c3-b07c-3850a46e9990). timeout: 0 concurrency: 4 concurrency_per_worker: 1 times: 10 concurrency_overhead: 0 processes_to_start: 4 max_cpu_used: 16
2019-08-04 07:45:28.901 2210 RALLYDEBUG rally.task.runner [-] Starting a worker. concurrency: 1 args: {"detailed": true, "force": false} times: 10 method_name: run timeout: 0 duration: None cls:
2019-08-04 07:45:28.907 2211 RALLYDEBUG rally.task.runner [-] Starting a worker. concurrency: 1 args: {"detailed": true, "force": false} times: 10 method_name: run timeout: 0 duration: None cls:
2019-08-04 07:45:28.909 2210 INFO rally.task.runner [-] Task fc6651a0-264c-41c3-b07c-3850a46e9990 | ITER: 1 START
2019-08-04 07:45:28.910 2212 RALLYDEBUG rally.task.runner [-] Starting a worker. concurrency: 1 args: {"detailed": true, "force": false} times: 10 method_name: run timeout: 0 duration: None cls:
2019-08-04 07:45:28.913 2213 RALLYDEBUG rally.task.runner [-] Starting a worker. concurrency: 1 args: {"detailed": true, "force": false} times: 10 method_name: run timeout: 0 duration: None cls:
2019-08-04 07:45:28.916 2211 INFO rally.task.runner [-] Task fc6651a0-264c-41c3-b07c-3850a46e9990 | ITER: 2 START
2019-08-04 07:45:28.921 2212 INFO rally.task.runner [-] Task fc6651a0-264c-41c3-b07c-3850a46e9990 | ITER: 3 START
2019-08-04 07:45:28.923 2213 INFO rally.task.runner [-] Task fc6651a0-264c-41c3-b07c-3850a46e9990 | ITER: 4 START
2019-08-04 07:45:32.584 2212 INFO rally.task.runner [-] Task fc6651a0-264c-41c3-b07c-3850a46e9990 | ITER: 3 END: OK
2019-08-04 07:45:32.589 2212 INFO rally.task.runner [-] Task fc6651a0-264c-41c3-b07c-3850a46e9990 | ITER: 5 START
2019-08-04 07:45:32.660 2210 INFO rally.task.runner [-] Task fc6651a0-264c-41c3-b07c-3850a46e9990 | ITER: 1 END: OK
2019-08-04 07:45:32.664 2210 INFO rally.task.runner [-] Task fc6651a0-264c-41c3-b07c-3850a46e9990 | ITER: 6 START
2019-08-04 07:45:32.700 2213 INFO rally.task.runner [-] Task fc6651a0-264c-41c3-b07c-3850a46e9990 | ITER: 4 END: OK
2019-08-04 07:45:32.705 2213 INFO rally.task.runner [-] Task fc6651a0-264c-41c3-b07c-3850a46e9990 | ITER: 7 START
2019-08-04 07:45:32.708 2211 INFO rally.task.runner [-] Task fc6651a0-264c-41c3-b07c-3850a46e9990 | ITER: 2 END: OK
2019-08-04 07:45:32.713 2211 INFO rally.task.runner [-] Task fc6651a0-264c-41c3-b07c-3850a46e9990 | ITER: 8 START
2019-08-04 07:45:36.036 2211 INFO rally.task.runner [-] Task fc6651a0-264c-41c3-b07c-3850a46e9990 | ITER: 8 END: OK
2019-08-04 07:45:36.041 2211 INFO rally.task.runner [-] Task fc6651a0-264c-41c3-b07c-3850a46e9990 | ITER: 9 START
2019-08-04 07:45:36.180 2213 INFO rally.task.runner [-] Task fc6651a0-264c-41c3-b07c-3850a46e9990 | ITER: 7 END: OK
2019-08-04 07:45:36.185 2213 INFO rally.task.runner [-] Task fc6651a0-264c-41c3-b07c-3850a46e9990 | ITER: 10 START
2019-08-04 07:45:36.228 2212 INFO rally.task.runner [-] Task fc6651a0-264c-41c3-b07c-3850a46e9990 | ITER: 5 END: OK
2019-08-04 07:45:36.351 2210 INFO rally.task.runner [-] Task fc6651a0-264c-41c3-b07c-3850a46e9990 | ITER: 6 END: OK
2019-08-04 07:45:39.330 2211 INFO rally.task.runner [-] Task fc6651a0-264c-41c3-b07c-3850a46e9990 | ITER: 9 END: OK
2019-08-04 07:45:39.754 2213 INFO rally.task.runner [-] Task fc6651a0-264c-41c3-b07c-3850a46e9990 | ITER: 10 END: OK
2019-08-04 07:45:39.781 1842 INFO rally.task.context [-] Task fc6651a0-264c-41c3-b07c-3850a46e9990 | Context cleanup@openstack cleanup() started
2019-08-04 07:45:39.783 1842 RALLYDEBUG rally_openstack.cleanup.manager [-] Cleaning up cinder backups objects
2019-08-04 07:45:41.927 1842 RALLYDEBUG rally_openstack.cleanup.manager [-] Cleaning up cinder volume_snapshots objects
2019-08-04 07:45:43.976 1842 RALLYDEBUG rally_openstack.cleanup.manager [-] Deleting cinder.volume_snapshots object s_rally_75f0bd20_v6cSsGh9 (66b241a1-be76-45fd-9b3f-701e45e2291a)
2019-08-04 07:45:43.979 1842 RALLYDEBUG rally_openstack.cleanup.manager [-] Deleting cinder.volume_snapshots object s_rally_75f0bd20_aVQ5sZwC (135e4b90-f246-411e-a344-ca4f8007aac5)
2019-08-04 07:45:43.981 1842 RALLYDEBUG rally_openstack.cleanup.manager [-] Deleting cinder.volume_snapshots object s_rally_75f0bd20_6Tr0i857 (1dc0f564-9cc0-41c2-9d97-8fb6673b7759)
2019-08-04 07:45:43.984 1842 RALLYDEBUG rally_openstack.cleanup.manager [-] Deleting cinder.volume_snapshots object s_rally_75f0bd20_FZHyzJ9I (3d90c5cd-1e97-480c-87f6-2185f75c78f2)
2019-08-04 07:45:43.984 1842 RALLYDEBUG rally_openstack.cleanup.manager [-] Deleting cinder.volume_snapshots object s_rally_75f0bd20_aMOc1vmQ (f167f715-8d94-468f-8536-3087da3998c2)
2019-08-04 07:45:43.996 1842 RALLYDEBUG rally_openstack.cleanup.manager [-] Deleting cinder.volume_snapshots object s_rally_75f0bd20_Pnqmtyu4 (a4af78d4-7532-4dce-b460-cdd051e3cb1d)
2019-08-04 07:45:44.007 1842 RALLYDEBUG rally_openstack.cleanup.manager [-] Deleting cinder.volume_snapshots object s_rally_75f0bd20_fwAi4Ekk (79aab831-c769-40dd-ae32-1c0f13467743)
2019-08-04 07:45:44.013 1842 RALLYDEBUG rally_openstack.cleanup.manager [-] Deleting cinder.volume_snapshots object s_rally_75f0bd20_DCpyShM8 (22fc61b9-bed9-47a1-b95b-6e4eab54aef1)
2019-08-04 07:45:44.018 1842 RALLYDEBUG rally_openstack.cleanup.manager [-] Deleting cinder.volume_snapshots object s_rally_75f0bd20_LPMMWPcI (b3412e74-c7e5-4b9d-bf19-8ee6372a834f)
2019-08-04 07:45:44.029 1842 RALLYDEBUG rally_openstack.cleanup.manager [-] Deleting cinder.volume_snapshots object s_rally_75f0bd20_mgVRp0FQ (1eae837c-d7f3-407b-a203-8535ae7bc36a)
2019-08-04 07:45:49.003 1842 RALLYDEBUG rally_openstack.cleanup.manager [-] Cleaning up cinder transfers objects
2019-08-04 07:45:50.958 1842 RALLYDEBUG rally_openstack.cleanup.manager [-] Cleaning up cinder volumes objects
2019-08-04 07:45:53.018 1842 INFO rally.task.context [-] Task fc6651a0-264c-41c3-b07c-3850a46e9990 | Context cleanup@openstack cleanup() finished in 13.24 sec
2019-08-04 07:45:53.019 1842 INFO rally.task.context [-] Task fc6651a0-264c-41c3-b07c-3850a46e9990 | Context volumes@openstack cleanup() started
2019-08-04 07:45:53.019 1842 RALLYDEBUG rally_openstack.cleanup.manager [-] Cleaning up cinder volumes objects
2019-08-04 07:45:55.080 1842 RALLYDEBUG rally_openstack.cleanup.manager [-] Deleting cinder.volumes object c_rally_75f0bd20_W0jXZDge (7cb5367e-0868-4b5e-a369-da83d3091fa1)
2019-08-04 07:45:55.080 1842 RALLYDEBUG rally_openstack.cleanup.manager [-] Deleting cinder.volumes object c_rally_75f0bd20_fDIpAMjk (d6ee0c2e-83bf-4066-bbe6-7885da6116a8)
2019-08-04 07:45:55.083 1842 RALLYDEBUG rally_openstack.cleanup.manager [-] Deleting cinder.volumes object c_rally_75f0bd20_9fpZuli8 (ec0ca6b4-5baa-4e6a-a166-c88cea0196a1)
2019-08-04 07:45:58.534 1842 INFO rally.task.context [-] Task fc6651a0-264c-41c3-b07c-3850a46e9990 | Context volumes@openstack cleanup() finished in 5.52 sec
2019-08-04 07:45:58.534 1842 INFO rally.task.context [-] Task fc6651a0-264c-41c3-b07c-3850a46e9990 | Context quotas@openstack cleanup() started
2019-08-04 07:45:58.821 1842 INFO rally.task.context [-] Task fc6651a0-264c-41c3-b07c-3850a46e9990 | Context quotas@openstack cleanup() finished in 0.29 sec
2019-08-04 07:45:58.821 1842 INFO rally.task.context [-] Task fc6651a0-264c-41c3-b07c-3850a46e9990 | Context api_versions@openstack cleanup() started
2019-08-04 07:45:58.822 1842 INFO rally.task.context [-] Task fc6651a0-264c-41c3-b07c-3850a46e9990 | Context api_versions@openstack cleanup() finished in 0.29 msec
2019-08-04 07:45:58.822 1842 INFO rally.task.context [-] Task fc6651a0-264c-41c3-b07c-3850a46e9990 | Context users@openstack cleanup() started
2019-08-04 07:46:05.956 1842 INFO rally.task.context [-] Task fc6651a0-264c-41c3-b07c-3850a46e9990 | Context users@openstack cleanup() finished in 7.13 sec
2019-08-04 07:46:07.902 1842 INFO rally.task.engine [-] Load duration is: 10.842793
2019-08-04 07:46:07.903 1842 INFO rally.task.engine [-] Full runner duration is: 10.89098
2019-08-04 07:46:07.903 1842 INFO rally.task.engine [-] Full duration is: 54.267367
2019-08-04 07:46:08.113 1842 INFO rally.task.engine [-] Running workload: position = 0 config = { "version": 2, "title": "A cropped version of a bigger task.", "description": "Auto-generated task from a single workload (uuid=b3b50cea-f8d4-4c33-82f2-8ca9c8b2ef39)", "subtasks": [ { "title": "CinderVolumes.create_and_list_volume", "description": "Create a volume and list all volumes.", "scenario": { "CinderVolumes.create_and_list_volume": { "detailed": true, "image": { "name": "rally_full-img_e3ca0a46-561a-4ce7-b653-ca6a5d641f65" }, "size": 1 } }, "contexts": { "users": { "tenants": 3, "users_per_tenant": 2 }, "quotas": { "cinder": { "gigabytes": -1, "snapshots": -1, "volumes": -1 } }, "api_versions": { "cinder": { "version": 3, "service_type": "volumev3" } } }, "runner": { "constant": { "concurrency": 4, "times": 10 } }, "hooks": [], "sla": { "failure_rate": { "max": 0 } } } ] }
2019-08-04 07:46:08.133 1842 RALLYDEBUG rally_openstack.contexts.keystone.users [-] Creating 3 tenants using 20 threads
2019-08-04 07:46:09.974 1842 RALLYDEBUG rally_openstack.contexts.keystone.users [-] Creating 6 users using 20 threads
2019-08-04 07:46:12.711 1842 INFO rally.task.context [-] Task fc6651a0-264c-41c3-b07c-3850a46e9990 | Context users@openstack setup() finished in 4.58 sec
2019-08-04 07:46:13.129 1842 INFO rally.task.context [-] Task fc6651a0-264c-41c3-b07c-3850a46e9990 | Context api_versions@openstack setup() finished in 0.42 sec
2019-08-04 07:46:14.697 1842 INFO rally.task.context [-] Task fc6651a0-264c-41c3-b07c-3850a46e9990 | Context quotas@openstack setup() finished in 1.57 sec
2019-08-04 07:46:14.698 1842 INFO rally.task.context [-] Task fc6651a0-264c-41c3-b07c-3850a46e9990 | Context cleanup@openstack setup() finished in 0.00 msec
2019-08-04 07:46:15.559 1842 RALLYDEBUG rally.task.runner [-] Starting the constant runner (task UUID: fc6651a0-264c-41c3-b07c-3850a46e9990). timeout: 0 concurrency: 4 concurrency_per_worker: 1 times: 10 concurrency_overhead: 0 processes_to_start: 4 max_cpu_used: 16
2019-08-04 07:46:15.569 2414 RALLYDEBUG rally.task.runner [-] Starting a worker. concurrency: 1 args: {"detailed": true, "image": "d15ec874-845f-490f-be82-9bc34c4babc6", "size": 1} times: 10 method_name: run timeout: 0 duration: None cls:
2019-08-04 07:46:15.574 2415 RALLYDEBUG rally.task.runner [-] Starting a worker. concurrency: 1 args: {"detailed": true, "image": "d15ec874-845f-490f-be82-9bc34c4babc6", "size": 1} times: 10 method_name: run timeout: 0 duration: None cls:
2019-08-04 07:46:15.576 2414 INFO rally.task.runner [-] Task fc6651a0-264c-41c3-b07c-3850a46e9990 | ITER: 1 START
2019-08-04 07:46:15.577 2416 RALLYDEBUG rally.task.runner [-] Starting a worker. concurrency: 1 args: {"detailed": true, "image": "d15ec874-845f-490f-be82-9bc34c4babc6", "size": 1} times: 10 method_name: run timeout: 0 duration: None cls:
2019-08-04 07:46:15.578 2417 RALLYDEBUG rally.task.runner [-] Starting a worker. concurrency: 1 args: {"detailed": true, "image": "d15ec874-845f-490f-be82-9bc34c4babc6", "size": 1} times: 10 method_name: run timeout: 0 duration: None cls:
2019-08-04 07:46:15.582 2415 INFO rally.task.runner [-] Task fc6651a0-264c-41c3-b07c-3850a46e9990 | ITER: 2 START
2019-08-04 07:46:15.584 2417 INFO rally.task.runner [-] Task fc6651a0-264c-41c3-b07c-3850a46e9990 | ITER: 4 START
2019-08-04 07:46:15.584 2416 INFO rally.task.runner [-] Task fc6651a0-264c-41c3-b07c-3850a46e9990 | ITER: 3 START
2019-08-04 07:46:20.465 2415 RALLYDEBUG rally.task.utils [-] Waiting for resource s_rally_b3b50cea_Qa4MTOwk. Status changed: CREATING => DOWNLOADING in 1.49155402184
2019-08-04 07:46:21.455 2417 RALLYDEBUG rally.task.utils [-] Waiting for resource s_rally_b3b50cea_AP56sFbd. Status changed: CREATING => DOWNLOADING in 2.5219039917
2019-08-04 07:46:21.908 2416 RALLYDEBUG rally.task.utils [-] Waiting for resource s_rally_b3b50cea_lrUiP8fo. Status changed: DOWNLOADING => AVAILABLE in 2.94970083237
2019-08-04 07:46:21.984 2416 INFO rally.task.runner [-] Task fc6651a0-264c-41c3-b07c-3850a46e9990 | ITER: 3 END: OK
2019-08-04 07:46:21.988 2416 INFO rally.task.runner [-] Task fc6651a0-264c-41c3-b07c-3850a46e9990 | ITER: 5 START
2019-08-04 07:46:22.579 2414 RALLYDEBUG rally.task.utils [-] Waiting for resource s_rally_b3b50cea_WU2dxSCM. Status changed: DOWNLOADING => AVAILABLE in 3.57129311562
2019-08-04 07:46:22.991 2414 INFO rally.task.runner [-] Task fc6651a0-264c-41c3-b07c-3850a46e9990 | ITER: 1 END: OK
2019-08-04 07:46:22.996 2414 INFO rally.task.runner [-] Task fc6651a0-264c-41c3-b07c-3850a46e9990 | ITER: 6 START
2019-08-04 07:46:23.698 2417 RALLYDEBUG rally.task.utils [-] Waiting for resource s_rally_b3b50cea_AP56sFbd. Status changed: DOWNLOADING => AVAILABLE in 2.24342703819
2019-08-04 07:46:24.094 2417 INFO rally.task.runner [-] Task fc6651a0-264c-41c3-b07c-3850a46e9990 | ITER: 4 END: OK
2019-08-04 07:46:24.099 2417 INFO rally.task.runner [-] Task fc6651a0-264c-41c3-b07c-3850a46e9990 | ITER: 7 START
2019-08-04 07:46:25.098 2415 RALLYDEBUG rally.task.utils [-] Waiting for resource s_rally_b3b50cea_Qa4MTOwk. Status changed: DOWNLOADING => AVAILABLE in 4.63247704506
2019-08-04 07:46:25.363 2415 INFO rally.task.runner [-] Task fc6651a0-264c-41c3-b07c-3850a46e9990 | ITER: 2 END: OK
2019-08-04 07:46:25.369 2415 INFO rally.task.runner [-] Task fc6651a0-264c-41c3-b07c-3850a46e9990 | ITER: 8 START
2019-08-04 07:46:28.243 2416 RALLYDEBUG rally.task.utils [-] Waiting for resource s_rally_b3b50cea_i1lsKZYF. Status changed: DOWNLOADING => AVAILABLE in 3.06099486351
2019-08-04 07:46:28.521 2416 INFO rally.task.runner [-] Task fc6651a0-264c-41c3-b07c-3850a46e9990 | ITER: 5 END: OK
2019-08-04 07:46:28.526 2416 INFO rally.task.runner [-] Task fc6651a0-264c-41c3-b07c-3850a46e9990 | ITER: 9 START
2019-08-04 07:46:29.310 2414 RALLYDEBUG rally.task.utils [-] Waiting for resource s_rally_b3b50cea_Va0cVrLi. Status changed: DOWNLOADING => AVAILABLE in 3.01296305656
2019-08-04 07:46:29.573 2414 INFO rally.task.runner [-] Task fc6651a0-264c-41c3-b07c-3850a46e9990 | ITER: 6 END: OK
2019-08-04 07:46:29.578 2414 INFO rally.task.runner [-] Task fc6651a0-264c-41c3-b07c-3850a46e9990 | ITER: 10 START
2019-08-04 07:46:30.272 2417 RALLYDEBUG rally.task.utils [-] Waiting for resource s_rally_b3b50cea_VZEnfVc7. Status changed: DOWNLOADING => AVAILABLE in 2.87813210487
2019-08-04 07:46:30.354 2417 INFO rally.task.runner [-] Task fc6651a0-264c-41c3-b07c-3850a46e9990 | ITER: 7 END: OK
2019-08-04 07:46:31.696 2415 RALLYDEBUG rally.task.utils [-] Waiting for resource s_rally_b3b50cea_FF8tW4Ez. Status changed: DOWNLOADING => AVAILABLE in 3.08592200279
2019-08-04 07:46:31.969 2415 INFO rally.task.runner [-] Task fc6651a0-264c-41c3-b07c-3850a46e9990 | ITER: 8 END: OK
2019-08-04 07:46:34.550 2416 RALLYDEBUG rally.task.utils [-] Waiting for resource s_rally_b3b50cea_0WoMGjXa. Status changed: DOWNLOADING => AVAILABLE in 2.63301205635
2019-08-04 07:46:34.833 2416 INFO rally.task.runner [-] Task fc6651a0-264c-41c3-b07c-3850a46e9990 | ITER: 9 END: OK
2019-08-04 07:46:35.381 2414 RALLYDEBUG rally.task.utils [-] Waiting for resource s_rally_b3b50cea_ozfy8G4B. Status changed: DOWNLOADING => AVAILABLE in 2.54400014877
2019-08-04 07:46:35.711 2414 INFO rally.task.runner [-] Task fc6651a0-264c-41c3-b07c-3850a46e9990 | ITER: 10 END: OK
2019-08-04 07:46:35.735 1842 INFO rally.task.context [-] Task fc6651a0-264c-41c3-b07c-3850a46e9990 | Context cleanup@openstack cleanup() started
2019-08-04 07:46:35.738 1842 RALLYDEBUG rally_openstack.cleanup.manager [-] Cleaning up cinder backups objects
2019-08-04 07:46:37.827 1842 RALLYDEBUG rally_openstack.cleanup.manager [-] Cleaning up cinder volume_snapshots objects
2019-08-04 07:46:39.842 1842 RALLYDEBUG rally_openstack.cleanup.manager [-] Cleaning up cinder transfers objects
2019-08-04 07:46:41.684 1842 RALLYDEBUG rally_openstack.cleanup.manager [-] Cleaning up cinder volumes objects
2019-08-04 07:46:43.792 1842 RALLYDEBUG rally_openstack.cleanup.manager [-] Deleting cinder.volumes object s_rally_b3b50cea_VZEnfVc7 (06d53da7-e34c-4f0a-8589-f3fdc8aa1cf4)
2019-08-04 07:46:43.793 1842 RALLYDEBUG rally_openstack.cleanup.manager [-] Deleting cinder.volumes object s_rally_b3b50cea_Qa4MTOwk (dcba6c9b-6bc1-4399-b681-c8c635d7805f)
2019-08-04 07:46:43.798 1842 RALLYDEBUG rally_openstack.cleanup.manager [-] Deleting cinder.volumes object s_rally_b3b50cea_WU2dxSCM (3e901e49-cfa1-49ff-bbd8-d1e970f47847)
2019-08-04 07:46:43.798 1842 RALLYDEBUG rally_openstack.cleanup.manager [-] Deleting cinder.volumes object s_rally_b3b50cea_0WoMGjXa (30472e95-ff9f-40cf-a752-afef0a90e275)
2019-08-04 07:46:43.799 1842 RALLYDEBUG rally_openstack.cleanup.manager [-] Deleting cinder.volumes object s_rally_b3b50cea_AP56sFbd (18e4bfe5-7bf9-437b-8178-82b748ed272f)
2019-08-04 07:46:43.799 1842 RALLYDEBUG rally_openstack.cleanup.manager [-] Deleting cinder.volumes object s_rally_b3b50cea_i1lsKZYF (ad175d19-ac31-4790-8b5a-29ed51f9046c)
2019-08-04 07:46:43.800 1842 RALLYDEBUG rally_openstack.cleanup.manager [-] Deleting cinder.volumes object s_rally_b3b50cea_FF8tW4Ez (73dff43e-d51c-44c0-bbde-2b6d06cbb35e)
2019-08-04 07:46:43.803 1842 RALLYDEBUG rally_openstack.cleanup.manager [-] Deleting cinder.volumes object s_rally_b3b50cea_ozfy8G4B (8ea082b0-22ee-4bb5-a3dc-5c1c8912607b)
2019-08-04 07:46:43.804 1842 RALLYDEBUG rally_openstack.cleanup.manager [-] Deleting cinder.volumes object s_rally_b3b50cea_lrUiP8fo (2943b0db-a0c8-4939-8b3d-0cdeb50db64b)
2019-08-04 07:46:43.829 1842 RALLYDEBUG rally_openstack.cleanup.manager [-] Deleting cinder.volumes object s_rally_b3b50cea_Va0cVrLi (c5fe83b0-c45e-4dd4-b07a-64133f261ae3)
2019-08-04 07:46:48.942 1842 INFO rally.task.context [-] Task fc6651a0-264c-41c3-b07c-3850a46e9990 | Context cleanup@openstack cleanup() finished in 13.21 sec
2019-08-04 07:46:48.942 1842 INFO rally.task.context [-] Task fc6651a0-264c-41c3-b07c-3850a46e9990 | Context quotas@openstack cleanup() started
2019-08-04 07:46:49.605 1842 INFO rally.task.context [-] Task fc6651a0-264c-41c3-b07c-3850a46e9990 | Context quotas@openstack cleanup() finished in 0.66 sec
2019-08-04 07:46:49.606 1842 INFO rally.task.context [-] Task fc6651a0-264c-41c3-b07c-3850a46e9990 | Context api_versions@openstack cleanup() started
2019-08-04 07:46:49.606 1842 INFO rally.task.context [-] Task fc6651a0-264c-41c3-b07c-3850a46e9990 | Context api_versions@openstack cleanup() finished in 0.34 msec
2019-08-04 07:46:49.607 1842 INFO rally.task.context [-] Task fc6651a0-264c-41c3-b07c-3850a46e9990 | Context users@openstack cleanup() started
2019-08-04 07:46:56.944 1842 INFO rally.task.context [-] Task fc6651a0-264c-41c3-b07c-3850a46e9990 | Context users@openstack cleanup() finished in 7.34 sec
2019-08-04 07:46:58.333 1842 INFO rally.task.engine [-] Load duration is: 20.131024
2019-08-04 07:46:58.333 1842 INFO rally.task.engine [-] Full runner duration is: 20.176885
2019-08-04 07:46:58.333 1842 INFO rally.task.engine [-] Full duration is: 48.814836
2019-08-04 07:46:58.500 1842 INFO rally.task.engine [-] Running workload: position = 1 config = { "version": 2, "title": "A cropped version of a bigger task.", "description": "Auto-generated task from a single workload (uuid=8d56cd5b-1994-4d81-a04a-5a3f6b9aa55d)", "subtasks": [ { "title": "CinderVolumes.create_and_list_volume", "description": "Create a volume and list all volumes.", "scenario": { "CinderVolumes.create_and_list_volume": { "detailed": true, "size": 1 } }, "contexts": { "users": { "tenants": 3, "users_per_tenant": 2 }, "quotas": { "cinder": { "gigabytes": -1, "snapshots": -1, "volumes": -1 } }, "api_versions": { "cinder": { "version": 3, "service_type": "volumev3" } } }, "runner": { "constant": { "concurrency": 4, "times": 10 } }, "hooks": [], "sla": { "failure_rate": { "max": 0 } } } ] }
2019-08-04 07:46:58.522 1842 RALLYDEBUG rally_openstack.contexts.keystone.users [-] Creating 3 tenants using 20 threads
2019-08-04 07:47:00.340 1842 RALLYDEBUG rally_openstack.contexts.keystone.users [-] Creating 6 users using 20 threads
2019-08-04 07:47:03.169 1842 INFO rally.task.context [-] Task fc6651a0-264c-41c3-b07c-3850a46e9990 | Context users@openstack setup() finished in 4.65 sec
2019-08-04 07:47:03.594 1842 INFO rally.task.context [-] Task fc6651a0-264c-41c3-b07c-3850a46e9990 | Context api_versions@openstack setup() finished in 0.42 sec
2019-08-04 07:47:05.482 1842 INFO rally.task.context [-] Task fc6651a0-264c-41c3-b07c-3850a46e9990 | Context quotas@openstack setup() finished in 1.89 sec
2019-08-04 07:47:05.483 1842 INFO rally.task.context [-] Task fc6651a0-264c-41c3-b07c-3850a46e9990 | Context cleanup@openstack setup() finished in 0.01 msec
2019-08-04 07:47:05.490 1842 RALLYDEBUG rally.task.runner [-] Starting the constant runner (task UUID: fc6651a0-264c-41c3-b07c-3850a46e9990). timeout: 0 concurrency: 4 concurrency_per_worker: 1 times: 10 concurrency_overhead: 0 processes_to_start: 4 max_cpu_used: 16
2019-08-04 07:47:05.501 2599 RALLYDEBUG rally.task.runner [-] Starting a worker. concurrency: 1 args: {"detailed": true, "size": 1} times: 10 method_name: run timeout: 0 duration: None cls:
2019-08-04 07:47:05.502 2598 RALLYDEBUG rally.task.runner [-] Starting a worker. concurrency: 1 args: {"detailed": true, "size": 1} times: 10 method_name: run timeout: 0 duration: None cls:
2019-08-04 07:47:05.506 2599 INFO rally.task.runner [-] Task fc6651a0-264c-41c3-b07c-3850a46e9990 | ITER: 1 START
2019-08-04 07:47:05.507 2600 RALLYDEBUG rally.task.runner [-] Starting a worker. concurrency: 1 args: {"detailed": true, "size": 1} times: 10 method_name: run timeout: 0 duration: None cls:
2019-08-04 07:47:05.509 2598 INFO rally.task.runner [-] Task fc6651a0-264c-41c3-b07c-3850a46e9990 | ITER: 2 START
2019-08-04 07:47:05.509 2601 RALLYDEBUG rally.task.runner [-] Starting a worker. concurrency: 1 args: {"detailed": true, "size": 1} times: 10 method_name: run timeout: 0 duration: None cls:
2019-08-04 07:47:05.514 2600 INFO rally.task.runner [-] Task fc6651a0-264c-41c3-b07c-3850a46e9990 | ITER: 3 START
2019-08-04 07:47:05.516 2601 INFO rally.task.runner [-] Task fc6651a0-264c-41c3-b07c-3850a46e9990 | ITER: 4 START
2019-08-04 07:47:09.155 2600 INFO rally.task.runner [-] Task fc6651a0-264c-41c3-b07c-3850a46e9990 | ITER: 3 END: OK
2019-08-04 07:47:09.161 2600 INFO rally.task.runner [-] Task fc6651a0-264c-41c3-b07c-3850a46e9990 | ITER: 5 START
2019-08-04 07:47:09.168 2601 INFO rally.task.runner [-] Task fc6651a0-264c-41c3-b07c-3850a46e9990 | ITER: 4 END: OK
2019-08-04 07:47:09.171 2601 INFO rally.task.runner [-] Task fc6651a0-264c-41c3-b07c-3850a46e9990 | ITER: 6 START
2019-08-04 07:47:09.208 2598 INFO rally.task.runner [-] Task fc6651a0-264c-41c3-b07c-3850a46e9990 | ITER: 2 END: OK
2019-08-04 07:47:09.212 2598 INFO rally.task.runner [-] Task fc6651a0-264c-41c3-b07c-3850a46e9990 | ITER: 7 START
2019-08-04 07:47:09.243 2599 INFO rally.task.runner [-] Task fc6651a0-264c-41c3-b07c-3850a46e9990 | ITER: 1 END: OK
2019-08-04 07:47:09.249 2599 INFO rally.task.runner [-] Task fc6651a0-264c-41c3-b07c-3850a46e9990 | ITER: 8 START
2019-08-04 07:47:12.918 2599 INFO rally.task.runner [-] Task fc6651a0-264c-41c3-b07c-3850a46e9990 | ITER: 8 END: OK
2019-08-04 07:47:12.922 2599 INFO rally.task.runner [-] Task fc6651a0-264c-41c3-b07c-3850a46e9990 | ITER: 9 START
2019-08-04 07:47:13.027 2600 INFO rally.task.runner [-] Task fc6651a0-264c-41c3-b07c-3850a46e9990 | ITER: 5 END: OK
2019-08-04 07:47:13.032 2600 INFO rally.task.runner [-] Task fc6651a0-264c-41c3-b07c-3850a46e9990 | ITER: 10 START
2019-08-04 07:47:13.049 2598 INFO rally.task.runner [-] Task fc6651a0-264c-41c3-b07c-3850a46e9990 | ITER: 7 END: OK
2019-08-04 07:47:13.092 2601 INFO rally.task.runner [-] Task fc6651a0-264c-41c3-b07c-3850a46e9990 | ITER: 6 END: OK
2019-08-04 07:47:16.678 2599 INFO rally.task.runner [-] Task fc6651a0-264c-41c3-b07c-3850a46e9990 | ITER: 9 END: OK
2019-08-04 07:47:16.772 2600 INFO rally.task.runner [-] Task fc6651a0-264c-41c3-b07c-3850a46e9990 | ITER: 10 END: OK
2019-08-04 07:47:16.801 1842 INFO rally.task.context [-] Task fc6651a0-264c-41c3-b07c-3850a46e9990 | Context cleanup@openstack cleanup() started
2019-08-04 07:47:16.805 1842 RALLYDEBUG rally_openstack.cleanup.manager [-] Cleaning up cinder backups objects
2019-08-04 07:47:18.807 1842 RALLYDEBUG rally_openstack.cleanup.manager [-] Cleaning up cinder volume_snapshots objects
2019-08-04 07:47:20.827 1842 RALLYDEBUG rally_openstack.cleanup.manager [-] Cleaning up cinder transfers objects
2019-08-04 07:47:22.830 1842 RALLYDEBUG rally_openstack.cleanup.manager [-] Cleaning up cinder volumes objects
2019-08-04 07:47:25.058 1842 RALLYDEBUG rally_openstack.cleanup.manager [-] Deleting cinder.volumes object s_rally_8d56cd5b_78GBcwlk (8097a46c-f7c7-494a-905d-3e0a6e60bd7a)
2019-08-04 07:47:25.064 1842 RALLYDEBUG rally_openstack.cleanup.manager [-] Deleting cinder.volumes object s_rally_8d56cd5b_ocDtbWqV (77e55c3a-5c71-47b4-8927-abdcbee87c57)
2019-08-04 07:47:25.065 1842 RALLYDEBUG rally_openstack.cleanup.manager [-] Deleting cinder.volumes object s_rally_8d56cd5b_Cfspc1kt (878ed4a5-b3aa-49a7-8e5b-c4809c3d0487)
2019-08-04 07:47:25.067 1842 RALLYDEBUG rally_openstack.cleanup.manager [-] Deleting cinder.volumes object s_rally_8d56cd5b_J6SpQ17c (0a83281b-8fb5-470a-bc75-c5279cf0c84b)
2019-08-04 07:47:25.072 1842 RALLYDEBUG rally_openstack.cleanup.manager [-] Deleting cinder.volumes object s_rally_8d56cd5b_ejmCf6Mp (6d215454-d454-464c-b22c-3ef192b3a0ad)
2019-08-04 07:47:25.082 1842 RALLYDEBUG rally_openstack.cleanup.manager [-] Deleting cinder.volumes object s_rally_8d56cd5b_rTDX0pJv (45be0516-5b64-4ccc-9fcb-caf24dc55e93)
2019-08-04 07:47:25.083 1842 RALLYDEBUG rally_openstack.cleanup.manager [-] Deleting cinder.volumes object s_rally_8d56cd5b_80GLmr5p (8c8bb9a1-dcad-403b-becb-360b80a367d1)
2019-08-04 07:47:25.084 1842 RALLYDEBUG rally_openstack.cleanup.manager [-] Deleting cinder.volumes object s_rally_8d56cd5b_r9fxCdnR (feb6c17a-fe79-4232-8cd2-9b78067d896b)
2019-08-04 07:47:25.087 1842 RALLYDEBUG rally_openstack.cleanup.manager [-] Deleting cinder.volumes object s_rally_8d56cd5b_w1VcbA7J (0c060601-c118-4ed7-9b46-b40ba876fdd8)
2019-08-04 07:47:25.089 1842 RALLYDEBUG rally_openstack.cleanup.manager [-] Deleting cinder.volumes object s_rally_8d56cd5b_xe3DQAVq (318bd088-448d-4fe6-8b0d-8c3b9277ea31)
2019-08-04 07:47:28.885 1842 INFO rally.task.context [-] Task fc6651a0-264c-41c3-b07c-3850a46e9990 | Context cleanup@openstack cleanup() finished in 12.08 sec
2019-08-04 07:47:28.885 1842 INFO rally.task.context [-] Task fc6651a0-264c-41c3-b07c-3850a46e9990 | Context quotas@openstack cleanup() started
2019-08-04 07:47:29.552 1842 INFO rally.task.context [-] Task fc6651a0-264c-41c3-b07c-3850a46e9990 | Context quotas@openstack cleanup() finished in 0.67 sec
2019-08-04 07:47:29.553 1842 INFO rally.task.context [-] Task fc6651a0-264c-41c3-b07c-3850a46e9990 | Context api_versions@openstack cleanup() started
2019-08-04 07:47:29.553 1842 INFO rally.task.context [-] Task fc6651a0-264c-41c3-b07c-3850a46e9990 | Context api_versions@openstack cleanup() finished in 0.48 msec
2019-08-04 07:47:29.554 1842 INFO rally.task.context [-] Task fc6651a0-264c-41c3-b07c-3850a46e9990 | Context users@openstack cleanup() started
2019-08-04 07:47:37.148 1842 INFO rally.task.context [-] Task fc6651a0-264c-41c3-b07c-3850a46e9990 | Context users@openstack cleanup() finished in 7.59 sec
2019-08-04 07:47:38.693 1842 INFO rally.task.engine [-] Load duration is: 11.263764
2019-08-04 07:47:38.693 1842 INFO rally.task.engine [-] Full runner duration is: 11.311183
2019-08-04 07:47:38.694 1842 INFO rally.task.engine [-] Full duration is: 38.630286
2019-08-04 07:47:38.917 1842 INFO rally.task.engine [-] Running workload: position = 0 config = { "version": 2, "title": "A cropped version of a bigger task.", "description": "Auto-generated task from a single workload (uuid=20036f8e-fd65-4b88-8a3d-bdeab03f6cdc)", "subtasks": [ { "title": "CinderVolumes.create_and_upload_volume_to_image", "description": "Create and upload a volume to image.", "scenario": { "CinderVolumes.create_and_upload_volume_to_image": { "container_format": "bare", "disk_format": "raw", "do_delete": true, "force": false, "size": 1 } }, "contexts": { "users": { "tenants": 3, "users_per_tenant": 2 }, "quotas": { "cinder": { "gigabytes": -1, "snapshots": -1, "volumes": -1 } }, "api_versions": { "cinder": { "version": 3, "service_type": "volumev3" } } }, "runner": { "constant": { "concurrency": 4, "times": 10 } }, "hooks": [], "sla": { "failure_rate": { "max": 0 } } } ] }
2019-08-04 07:47:38.943 1842 RALLYDEBUG rally_openstack.contexts.keystone.users [-] Creating 3 tenants using 20 threads
2019-08-04 07:47:40.742 1842 RALLYDEBUG rally_openstack.contexts.keystone.users [-] Creating 6 users using 20 threads
2019-08-04 07:47:43.431 1842 INFO rally.task.context [-] Task fc6651a0-264c-41c3-b07c-3850a46e9990 | Context users@openstack setup() finished in 4.49 sec
2019-08-04 07:47:43.858 1842 INFO rally.task.context [-] Task fc6651a0-264c-41c3-b07c-3850a46e9990 | Context api_versions@openstack setup() finished in 0.43 sec
2019-08-04 07:47:45.555 1842 INFO rally.task.context [-] Task fc6651a0-264c-41c3-b07c-3850a46e9990 | Context quotas@openstack setup() finished in 1.70 sec
2019-08-04 07:47:45.556 1842 INFO rally.task.context [-] Task fc6651a0-264c-41c3-b07c-3850a46e9990 | Context cleanup@openstack setup() finished in 0.01 msec
2019-08-04 07:47:45.564 1842 RALLYDEBUG rally.task.runner [-] Starting the constant runner (task UUID: fc6651a0-264c-41c3-b07c-3850a46e9990). timeout: 0 concurrency: 4 concurrency_per_worker: 1 times: 10 concurrency_overhead: 0 processes_to_start: 4 max_cpu_used: 16
2019-08-04 07:47:45.578 2783 RALLYDEBUG rally.task.runner [-] Starting a worker. concurrency: 1 args: {"container_format": "bare", "disk_format": "raw", "do_delete": true, "force": false, "size": 1} times: 10 method_name: run timeout: 0 duration: None cls:
2019-08-04 07:47:45.578 2782 RALLYDEBUG rally.task.runner [-] Starting a worker. concurrency: 1 args: {"container_format": "bare", "disk_format": "raw", "do_delete": true, "force": false, "size": 1} times: 10 method_name: run timeout: 0 duration: None cls:
2019-08-04 07:47:45.583 2783 INFO rally.task.runner [-] Task fc6651a0-264c-41c3-b07c-3850a46e9990 | ITER: 1 START
2019-08-04 07:47:45.583 2784 RALLYDEBUG rally.task.runner [-] Starting a worker. concurrency: 1 args: {"container_format": "bare", "disk_format": "raw", "do_delete": true, "force": false, "size": 1} times: 10 method_name: run timeout: 0 duration: None cls:
2019-08-04 07:47:45.585 2782 INFO rally.task.runner [-] Task fc6651a0-264c-41c3-b07c-3850a46e9990 | ITER: 2 START
2019-08-04 07:47:45.586 2785 RALLYDEBUG rally.task.runner [-] Starting a worker. concurrency: 1 args: {"container_format": "bare", "disk_format": "raw", "do_delete": true, "force": false, "size": 1} times: 10 method_name: run timeout: 0 duration: None cls:
2019-08-04 07:47:45.591 2784 INFO rally.task.runner [-] Task fc6651a0-264c-41c3-b07c-3850a46e9990 | ITER: 3 START
2019-08-04 07:47:45.596 2785 INFO rally.task.runner [-] Task fc6651a0-264c-41c3-b07c-3850a46e9990 | ITER: 4 START
2019-08-04 07:47:50.605 2783 RALLYDEBUG rally.task.utils [-] Waiting for resource s_rally_20036f8e_YcfhcVl5. Status changed: AVAILABLE => UPLOADING in 0.340546131134
2019-08-04 07:47:50.668 2782 RALLYDEBUG rally.task.utils [-] Waiting for resource s_rally_20036f8e_CMnDLw0y. Status changed: AVAILABLE => UPLOADING in 0.31384396553
2019-08-04 07:47:50.788 2785 RALLYDEBUG rally.task.utils [-] Waiting for resource s_rally_20036f8e_o26oyhGC. Status changed: AVAILABLE => UPLOADING in 0.362977027893
2019-08-04 07:47:50.889 2784 RALLYDEBUG rally.task.utils [-] Waiting for resource s_rally_20036f8e_3vcE51CT. Status changed: AVAILABLE => UPLOADING in 0.286740064621
2019-08-04 07:48:29.330 2782 RALLYDEBUG rally.task.utils [-] Waiting for resource s_rally_20036f8e_CMnDLw0y. Status changed: UPLOADING => AVAILABLE in 38.6618170738
2019-08-04 07:48:29.809 2785 RALLYDEBUG rally.task.utils [-] Waiting for resource s_rally_20036f8e_o26oyhGC. Status changed: UPLOADING => AVAILABLE in 39.0210750103
2019-08-04 07:48:30.103 2782 RALLYDEBUG rally.task.utils [-] Waiting for resource s_rally_20036f8e_CMnDLw0y. Status changed: AVAILABLE => DELETING in 0.056765794754
2019-08-04 07:48:30.450 2785 RALLYDEBUG rally.task.utils [-] Waiting for resource s_rally_20036f8e_o26oyhGC. Status changed: AVAILABLE => DELETING in 0.0561561584473
2019-08-04 07:48:32.801 2782 INFO rally.task.runner [-] Task fc6651a0-264c-41c3-b07c-3850a46e9990 | ITER: 2 END: OK
2019-08-04 07:48:32.807 2782 INFO rally.task.runner [-] Task fc6651a0-264c-41c3-b07c-3850a46e9990 | ITER: 5 START
2019-08-04 07:48:33.909 2785 INFO rally.task.runner [-] Task fc6651a0-264c-41c3-b07c-3850a46e9990 | ITER: 4 END: OK
2019-08-04 07:48:33.916 2785 INFO rally.task.runner [-] Task fc6651a0-264c-41c3-b07c-3850a46e9990 | ITER: 6 START
2019-08-04 07:48:38.338 2782 RALLYDEBUG rally.task.utils [-] Waiting for resource s_rally_20036f8e_c54Pc8tn. Status changed: AVAILABLE => UPLOADING in 0.266563892365
2019-08-04 07:48:38.584 2785 RALLYDEBUG rally.task.utils [-] Waiting for resource s_rally_20036f8e_Hba8pFPL. Status changed: AVAILABLE => UPLOADING in 0.273131847382
2019-08-04 07:48:56.270 2783 RALLYDEBUG rally.task.utils [-] Waiting for resource s_rally_20036f8e_YcfhcVl5. Status changed: UPLOADING => AVAILABLE in 65.6642889977
2019-08-04 07:48:56.456 2783 RALLYDEBUG rally.task.utils [-] Waiting for resource s_rally_20036f8e_YcfhcVl5. Status changed: AVAILABLE => DELETING in 0.0585100650787
2019-08-04 07:48:56.598 2784 RALLYDEBUG rally.task.utils [-] Waiting for resource s_rally_20036f8e_3vcE51CT. Status changed: UPLOADING => AVAILABLE in 65.7081968784
2019-08-04 07:48:56.779 2784 RALLYDEBUG rally.task.utils [-] Waiting for resource s_rally_20036f8e_3vcE51CT. Status changed: AVAILABLE => DELETING in 0.0524890422821
2019-08-04 07:49:02.069 2783 INFO rally.task.runner [-] Task fc6651a0-264c-41c3-b07c-3850a46e9990 | ITER: 1 END: OK
2019-08-04 07:49:02.077 2783 INFO rally.task.runner [-] Task fc6651a0-264c-41c3-b07c-3850a46e9990 | ITER: 7 START
2019-08-04 07:49:02.078 2784 INFO rally.task.runner [-] Task fc6651a0-264c-41c3-b07c-3850a46e9990 | ITER: 3 END: OK
2019-08-04 07:49:02.082 2784 INFO rally.task.runner [-] Task fc6651a0-264c-41c3-b07c-3850a46e9990 | ITER: 8 START
2019-08-04 07:49:06.829 2784 RALLYDEBUG rally.task.utils [-] Waiting for resource s_rally_20036f8e_5nXxRmdy. Status changed: AVAILABLE => UPLOADING in 0.0589280128479
2019-08-04 07:49:07.155 2783 RALLYDEBUG rally.task.utils [-] Waiting for resource s_rally_20036f8e_6HtQxkD5. Status changed: AVAILABLE => UPLOADING in 0.270999908447
2019-08-04 07:49:17.064 2782 RALLYDEBUG rally.task.utils [-] Waiting for resource s_rally_20036f8e_c54Pc8tn. Status changed: UPLOADING => AVAILABLE in 38.7266249657
2019-08-04 07:49:17.413 2785 RALLYDEBUG rally.task.utils [-] Waiting for resource s_rally_20036f8e_Hba8pFPL. Status changed: UPLOADING => AVAILABLE in 38.8284111023
2019-08-04 07:49:17.513 2782 RALLYDEBUG rally.task.utils [-] Waiting for resource s_rally_20036f8e_c54Pc8tn. Status changed: AVAILABLE => DELETING in 0.0540449619293
2019-08-04 07:49:17.593 2785 RALLYDEBUG rally.task.utils [-] Waiting for resource s_rally_20036f8e_Hba8pFPL. Status changed: AVAILABLE => DELETING in 0.0556170940399
2019-08-04 07:49:23.225 2782 INFO rally.task.runner [-] Task fc6651a0-264c-41c3-b07c-3850a46e9990 | ITER: 5 END: OK
2019-08-04 07:49:23.230 2785 INFO rally.task.runner [-] Task fc6651a0-264c-41c3-b07c-3850a46e9990 | ITER: 6 END: OK
2019-08-04 07:49:23.231 2782 INFO rally.task.runner [-] Task fc6651a0-264c-41c3-b07c-3850a46e9990 | ITER: 9 START
2019-08-04 07:49:23.234 2785 INFO rally.task.runner [-] Task fc6651a0-264c-41c3-b07c-3850a46e9990 | ITER: 10 START
2019-08-04 07:49:28.231 2785 RALLYDEBUG rally.task.utils [-] Waiting for resource s_rally_20036f8e_l7AEM3Bx. Status changed: AVAILABLE => UPLOADING in 0.363122940063
2019-08-04 07:49:28.259 2782 RALLYDEBUG rally.task.utils [-] Waiting for resource s_rally_20036f8e_lTl9zQ69. Status changed: AVAILABLE => UPLOADING in 0.40792298317
2019-08-04 07:49:49.897 2784 RALLYDEBUG rally.task.utils [-] Waiting for resource s_rally_20036f8e_5nXxRmdy. Status changed: UPLOADING => AVAILABLE in 43.0672988892
2019-08-04 07:49:50.399 2783 RALLYDEBUG rally.task.utils [-] Waiting for resource s_rally_20036f8e_6HtQxkD5. Status changed: UPLOADING => AVAILABLE in 43.244066
2019-08-04 07:49:50.564 2784 RALLYDEBUG rally.task.utils [-] Waiting for resource s_rally_20036f8e_5nXxRmdy. Status changed: AVAILABLE => DELETING in 0.0550379753113
2019-08-04 07:49:50.877 2783 RALLYDEBUG rally.task.utils [-] Waiting for resource s_rally_20036f8e_6HtQxkD5. Status changed: AVAILABLE => DELETING in 0.0550138950348
2019-08-04 07:49:54.126 2784 INFO rally.task.runner [-] Task fc6651a0-264c-41c3-b07c-3850a46e9990 | ITER: 8 END: OK
2019-08-04 07:49:54.965 2783 INFO rally.task.runner [-] Task fc6651a0-264c-41c3-b07c-3850a46e9990 | ITER: 7 END: OK
