2019-08-04 07:34:39.414 7 RALLYDEBUG rally.api [-] INFO logs from urllib3 and requests module are hide.
2019-08-04 07:34:39.414 7 RALLYDEBUG rally.api [-] urllib3 insecure warnings are hidden.
2019-08-04 07:34:39.414 7 RALLYDEBUG rally.api [-] ERROR log from boto module is hide.
2019-08-04 07:34:40.606 7 ERROR rally.cli.cliutils [-] Unexpected exception in CLI: DBRecordNotFound: Record for uuid or name is opnfv-rally not found in table envs
2019-08-04 07:34:40.606 7 ERROR rally.cli.cliutils
Traceback (most recent call last):
2019-08-04 07:34:40.606 7 ERROR rally.cli.cliutils
File "/usr/lib/python2.7/site-packages/rally/cli/cliutils.py", line 674, in run
2019-08-04 07:34:40.606 7 ERROR rally.cli.cliutils ret = fn(*fn_args, **fn_kwargs)
2019-08-04 07:34:40.606 7 ERROR rally.cli.cliutils File "", line 2, in destroy
2019-08-04 07:34:40.606 7 ERROR rally.cli.cliutils
File "/usr/lib/python2.7/site-packages/rally/cli/envutils.py", line 69, in default_from_global
2019-08-04 07:34:40.606 7 ERROR rally.cli.cliutils return f(*args, **kwargs)
2019-08-04 07:34:40.606 7 ERROR rally.cli.cliutils File "", line 2, in destroy
2019-08-04 07:34:40.606 7 ERROR rally.cli.cliutils
File "/usr/lib/python2.7/site-packages/rally/plugins/__init__.py", line 51, in ensure_plugins_are_loaded
2019-08-04 07:34:40.606 7 ERROR rally.cli.cliutils return f(*args, **kwargs)
2019-08-04 07:34:40.606 7 ERROR rally.cli.cliutils
File "/usr/lib/python2.7/site-packages/rally/cli/commands/deployment.py", line 140, in destroy
2019-08-04 07:34:40.606 7 ERROR rally.cli.cliutils api.deployment.destroy(deployment=deployment)
2019-08-04 07:34:40.606 7 ERROR rally.cli.cliutils
File "/usr/lib/python2.7/site-packages/rally/api.py", line 115, in destroy
2019-08-04 07:34:40.606 7 ERROR rally.cli.cliutils deploy = objects.Deployment.get(deployment)
2019-08-04 07:34:40.606 7 ERROR rally.cli.cliutils
File "/usr/lib/python2.7/site-packages/rally/common/objects/deploy.py", line 124, in get
2019-08-04 07:34:40.606 7 ERROR rally.cli.cliutils return Deployment(env_mgr.EnvManager.get(deploy))
2019-08-04 07:34:40.606 7 ERROR rally.cli.cliutils
File "/usr/lib/python2.7/site-packages/rally/env/env_mgr.py", line 212, in get
2019-08-04 07:34:40.606 7 ERROR rally.cli.cliutils return cls(db.env_get(uuid_or_name))
2019-08-04 07:34:40.606 7 ERROR rally.cli.cliutils
File "/usr/lib/python2.7/site-packages/rally/common/db/api.py", line 135, in wrapper
2019-08-04 07:34:40.606 7 ERROR rally.cli.cliutils result = f(session, *args, **kwargs)
2019-08-04 07:34:40.606 7 ERROR rally.cli.cliutils
File "/usr/lib/python2.7/site-packages/rally/common/db/api.py", line 521, in env_get
2019-08-04 07:34:40.606 7 ERROR rally.cli.cliutils criteria="uuid or name is %s" % uuid_or_name, table="envs")
2019-08-04 07:34:40.606 7 ERROR rally.cli.cliutils DBRecordNotFound: Record for uuid or name is opnfv-rally not found in table envs
2019-08-04 07:34:40.606 7 ERROR rally.cli.cliutils
2019-08-04 07:34:41.346 9 RALLYDEBUG rally.api [-] INFO logs from urllib3 and requests module are hide.
2019-08-04 07:34:41.346 9 RALLYDEBUG rally.api [-] urllib3 insecure warnings are hidden.
2019-08-04 07:34:41.346 9 RALLYDEBUG rally.api [-] ERROR log from boto module is hide.
2019-08-04 07:34:42.633 9 WARNING rally_openstack.platforms.existing [-] endpoint is deprecated and not used.
2019-08-04 07:34:43.586 11 RALLYDEBUG rally.api [-] INFO logs from urllib3 and requests module are hide.
2019-08-04 07:34:43.586 11 RALLYDEBUG rally.api [-] urllib3 insecure warnings are hidden.
2019-08-04 07:34:43.586 11 RALLYDEBUG rally.api [-] ERROR log from boto module is hide.
2019-08-04 07:34:46.943 14 RALLYDEBUG rally.api [-] INFO logs from urllib3 and requests module are hide.
2019-08-04 07:34:46.943 14 RALLYDEBUG rally.api [-] urllib3 insecure warnings are hidden.
2019-08-04 07:34:46.943 14 RALLYDEBUG rally.api [-] ERROR log from boto module is hide.
2019-08-04 07:34:48.277 16 RALLYDEBUG rally.api [-] INFO logs from urllib3 and requests module are hide.
2019-08-04 07:34:48.277 16 RALLYDEBUG rally.api [-] urllib3 insecure warnings are hidden.
2019-08-04 07:34:48.278 16 RALLYDEBUG rally.api [-] ERROR log from boto module is hide.
2019-08-04 07:34:49.681 16 INFO rally.task.engine [-] Task ec0c0c9a-c786-4142-a12b-1034491ea447 | Starting: Task validation.
2019-08-04 07:34:49.721 16 INFO rally.task.engine [-] Task ec0c0c9a-c786-4142-a12b-1034491ea447 | Starting: Task validation of syntax.
2019-08-04 07:34:49.797 16 INFO rally.task.engine [-] Task ec0c0c9a-c786-4142-a12b-1034491ea447 | Completed: Task validation of syntax.
2019-08-04 07:34:49.798 16 INFO rally.task.engine [-] Task ec0c0c9a-c786-4142-a12b-1034491ea447 | Starting: Task validation of required platforms.
2019-08-04 07:34:49.833 16 INFO rally.task.engine [-] Task ec0c0c9a-c786-4142-a12b-1034491ea447 | Completed: Task validation of required platforms.
2019-08-04 07:34:49.834 16 INFO rally.task.engine [-] Task ec0c0c9a-c786-4142-a12b-1034491ea447 | Starting: Task validation of semantic.
2019-08-04 07:34:49.834 16 INFO rally.task.engine [-] Check health of the environment '504dc93a-df09-4909-8459-739bb41b3624'.
2019-08-04 07:34:50.665 16 INFO rally.task.engine [-] Platform existing@openstack (available: True): OK!
2019-08-04 07:34:50.683 16 RALLYDEBUG rally_openstack.contexts.keystone.users [-] Creating 1 tenants using 20 threads
2019-08-04 07:34:52.476 16 RALLYDEBUG rally_openstack.contexts.keystone.users [-] Creating 1 users using 20 threads
2019-08-04 07:34:54.747 16 INFO rally.task.context [-] Task ec0c0c9a-c786-4142-a12b-1034491ea447 | Context users@openstack setup() finished in 4.06 sec
2019-08-04 07:34:54.796 16 INFO rally.task.context [-] Task ec0c0c9a-c786-4142-a12b-1034491ea447 | Context users@openstack cleanup() started
2019-08-04 07:34:59.278 16 INFO rally.task.context [-] Task ec0c0c9a-c786-4142-a12b-1034491ea447 | Context users@openstack cleanup() finished in 4.48 sec
2019-08-04 07:34:59.279 16 INFO rally.task.engine [-] Task ec0c0c9a-c786-4142-a12b-1034491ea447 | Completed: Task validation of semantic.
2019-08-04 07:34:59.279 16 INFO rally.task.engine [-] Task ec0c0c9a-c786-4142-a12b-1034491ea447 | Completed: Task validation.
2019-08-04 07:34:59.279 16 INFO rally.api [-] Task ec0c0c9a-c786-4142-a12b-1034491ea447 input file is valid.
2019-08-04 07:34:59.280 16 INFO rally.api [-] Run Task ec0c0c9a-c786-4142-a12b-1034491ea447 against Deployment 504dc93a-df09-4909-8459-739bb41b3624
2019-08-04 07:34:59.280 16 INFO rally.task.engine [-] Task ec0c0c9a-c786-4142-a12b-1034491ea447 | Starting: Running task.
2019-08-04 07:34:59.415 16 INFO rally.task.engine [-] Running workload: position = 0 config = { "version": 2, "title": "A cropped version of a bigger task.", "description": "Auto-generated task from a single workload (uuid=66bb68ad-7238-46be-afd7-47b1ff753b71)", "subtasks": [ { "title": "Authenticate.keystone", "description": "Check Keystone Client.", "scenario": { "Authenticate.keystone": {} }, "contexts": { "users": { "tenants": 3, "users_per_tenant": 2 } }, "runner": { "constant": { "concurrency": 4, "times": 10 } }, "hooks": [], "sla": { "failure_rate": { "max": 0 } } } ] }
2019-08-04 07:34:59.434 16 RALLYDEBUG rally_openstack.contexts.keystone.users [-] Creating 3 tenants using 20 threads
2019-08-04 07:35:01.207 16 RALLYDEBUG rally_openstack.contexts.keystone.users [-] Creating 6 users using 20 threads
2019-08-04 07:35:04.688 16 INFO rally.task.context [-] Task ec0c0c9a-c786-4142-a12b-1034491ea447 | Context users@openstack setup() finished in 5.25 sec
2019-08-04 07:35:04.695 16 RALLYDEBUG rally.task.runner [-] Starting the constant runner (task UUID: ec0c0c9a-c786-4142-a12b-1034491ea447). timeout: 0 concurrency: 4 concurrency_per_worker: 1 times: 10 concurrency_overhead: 0 processes_to_start: 4 max_cpu_used: 16
2019-08-04 07:35:04.707 140 RALLYDEBUG rally.task.runner [-] Starting a worker. concurrency: 1 args: {} times: 10 method_name: run timeout: 0 duration: None cls:
2019-08-04 07:35:04.711 140 INFO rally.task.runner [-] Task ec0c0c9a-c786-4142-a12b-1034491ea447 | ITER: 1 START
2019-08-04 07:35:04.711 142 RALLYDEBUG rally.task.runner [-] Starting a worker. concurrency: 1 args: {} times: 10 method_name: run timeout: 0 duration: None cls:
2019-08-04 07:35:04.711 141 RALLYDEBUG rally.task.runner [-] Starting a worker. concurrency: 1 args: {} times: 10 method_name: run timeout: 0 duration: None cls:
2019-08-04 07:35:04.714 142 INFO rally.task.runner [-] Task ec0c0c9a-c786-4142-a12b-1034491ea447 | ITER: 2 START
2019-08-04 07:35:04.717 141 INFO rally.task.runner [-] Task ec0c0c9a-c786-4142-a12b-1034491ea447 | ITER: 3 START
2019-08-04 07:35:04.717 145 RALLYDEBUG rally.task.runner [-] Starting a worker. concurrency: 1 args: {} times: 10 method_name: run timeout: 0 duration: None cls:
2019-08-04 07:35:04.723 145 INFO rally.task.runner [-] Task ec0c0c9a-c786-4142-a12b-1034491ea447 | ITER: 4 START
2019-08-04 07:35:05.323 140 INFO rally.task.runner [-] Task ec0c0c9a-c786-4142-a12b-1034491ea447 | ITER: 1 END: OK
2019-08-04 07:35:05.327 140 INFO rally.task.runner [-] Task ec0c0c9a-c786-4142-a12b-1034491ea447 | ITER: 5 START
2019-08-04 07:35:05.328 142 INFO rally.task.runner [-] Task ec0c0c9a-c786-4142-a12b-1034491ea447 | ITER: 2 END: OK
2019-08-04 07:35:05.333 142 INFO rally.task.runner [-] Task ec0c0c9a-c786-4142-a12b-1034491ea447 | ITER: 6 START
2019-08-04 07:35:05.340 141 INFO rally.task.runner [-] Task ec0c0c9a-c786-4142-a12b-1034491ea447 | ITER: 3 END: OK
2019-08-04 07:35:05.343 141 INFO rally.task.runner [-] Task ec0c0c9a-c786-4142-a12b-1034491ea447 | ITER: 7 START
2019-08-04 07:35:05.432 145 INFO rally.task.runner [-] Task ec0c0c9a-c786-4142-a12b-1034491ea447 | ITER: 4 END: OK
2019-08-04 07:35:05.437 145 INFO rally.task.runner [-] Task ec0c0c9a-c786-4142-a12b-1034491ea447 | ITER: 8 START
2019-08-04 07:35:05.846 142 INFO rally.task.runner [-] Task ec0c0c9a-c786-4142-a12b-1034491ea447 | ITER: 6 END: OK
2019-08-04 07:35:05.849 142 INFO rally.task.runner [-] Task ec0c0c9a-c786-4142-a12b-1034491ea447 | ITER: 9 START
2019-08-04 07:35:05.928 140 INFO rally.task.runner [-] Task ec0c0c9a-c786-4142-a12b-1034491ea447 | ITER: 5 END: OK
2019-08-04 07:35:05.931 140 INFO rally.task.runner [-] Task ec0c0c9a-c786-4142-a12b-1034491ea447 | ITER: 10 START
2019-08-04 07:35:05.974 141 INFO rally.task.runner [-] Task ec0c0c9a-c786-4142-a12b-1034491ea447 | ITER: 7 END: OK
2019-08-04 07:35:06.135 145 INFO rally.task.runner [-] Task ec0c0c9a-c786-4142-a12b-1034491ea447 | ITER: 8 END: OK
2019-08-04 07:35:06.376 142 INFO rally.task.runner [-] Task ec0c0c9a-c786-4142-a12b-1034491ea447 | ITER: 9 END: OK
2019-08-04 07:35:06.493 140 INFO rally.task.runner [-] Task ec0c0c9a-c786-4142-a12b-1034491ea447 | ITER: 10 END: OK
2019-08-04 07:35:06.520 16 INFO rally.task.context [-] Task ec0c0c9a-c786-4142-a12b-1034491ea447 | Context users@openstack cleanup() started
2019-08-04 07:35:13.795 16 INFO rally.task.context [-] Task ec0c0c9a-c786-4142-a12b-1034491ea447 | Context users@openstack cleanup() finished in 7.27 sec
2019-08-04 07:35:15.523 16 INFO rally.task.engine [-] Load duration is: 1.780793
2019-08-04 07:35:15.523 16 INFO rally.task.engine [-] Full runner duration is: 1.824586
2019-08-04 07:35:15.524 16 INFO rally.task.engine [-] Full duration is: 14.362128
2019-08-04 07:35:15.745 16 INFO rally.task.engine [-] Running workload: position = 0 config = { "version": 2, "title": "A cropped version of a bigger task.", "description": "Auto-generated task from a single workload (uuid=df667050-af9f-4b89-a6b8-40e23be3272a)", "subtasks": [ { "title": "Authenticate.validate_cinder", "description": "Check Cinder Client to ensure validation of token.", "scenario": { "Authenticate.validate_cinder": { "repetitions": 2 } }, "contexts": { "users": { "tenants": 3, "users_per_tenant": 2 } }, "runner": { "constant": { "concurrency": 4, "times": 10 } }, "hooks": [], "sla": { "failure_rate": { "max": 0 } } } ] }
2019-08-04 07:35:15.767 16 RALLYDEBUG rally_openstack.contexts.keystone.users [-] Creating 3 tenants using 20 threads
2019-08-04 07:35:17.574 16 RALLYDEBUG rally_openstack.contexts.keystone.users [-] Creating 6 users using 20 threads
2019-08-04 07:35:20.412 16 INFO rally.task.context [-] Task ec0c0c9a-c786-4142-a12b-1034491ea447 | Context users@openstack setup() finished in 4.64 sec
2019-08-04 07:35:20.415 16 RALLYDEBUG rally.task.runner [-] Starting the constant runner (task UUID: ec0c0c9a-c786-4142-a12b-1034491ea447). timeout: 0 concurrency: 4 concurrency_per_worker: 1 times: 10 concurrency_overhead: 0 processes_to_start: 4 max_cpu_used: 16
2019-08-04 07:35:20.425 246 RALLYDEBUG rally.task.runner [-] Starting a worker. concurrency: 1 args: {"repetitions": 2} times: 10 method_name: run timeout: 0 duration: None cls:
2019-08-04 07:35:20.425 244 RALLYDEBUG rally.task.runner [-] Starting a worker. concurrency: 1 args: {"repetitions": 2} times: 10 method_name: run timeout: 0 duration: None cls:
2019-08-04 07:35:20.427 245 RALLYDEBUG rally.task.runner [-] Starting a worker. concurrency: 1 args: {"repetitions": 2} times: 10 method_name: run timeout: 0 duration: None cls:
2019-08-04 07:35:20.428 246 INFO rally.task.runner [-] Task ec0c0c9a-c786-4142-a12b-1034491ea447 | ITER: 1 START
2019-08-04 07:35:20.429 247 RALLYDEBUG rally.task.runner [-] Starting a worker. concurrency: 1 args: {"repetitions": 2} times: 10 method_name: run timeout: 0 duration: None cls:
2019-08-04 07:35:20.431 244 INFO rally.task.runner [-] Task ec0c0c9a-c786-4142-a12b-1034491ea447 | ITER: 2 START
2019-08-04 07:35:20.432 245 INFO rally.task.runner [-] Task ec0c0c9a-c786-4142-a12b-1034491ea447 | ITER: 3 START
2019-08-04 07:35:20.434 247 INFO rally.task.runner [-] Task ec0c0c9a-c786-4142-a12b-1034491ea447 | ITER: 4 START
2019-08-04 07:35:22.351 245 INFO rally.task.runner [-] Task ec0c0c9a-c786-4142-a12b-1034491ea447 | ITER: 3 END: OK
2019-08-04 07:35:22.355 245 INFO rally.task.runner [-] Task ec0c0c9a-c786-4142-a12b-1034491ea447 | ITER: 5 START
2019-08-04 07:35:22.388 247 INFO rally.task.runner [-] Task ec0c0c9a-c786-4142-a12b-1034491ea447 | ITER: 4 END: OK
2019-08-04 07:35:22.391 247 INFO rally.task.runner [-] Task ec0c0c9a-c786-4142-a12b-1034491ea447 | ITER: 6 START
2019-08-04 07:35:22.416 246 INFO rally.task.runner [-] Task ec0c0c9a-c786-4142-a12b-1034491ea447 | ITER: 1 END: OK
2019-08-04 07:35:22.420 246 INFO rally.task.runner [-] Task ec0c0c9a-c786-4142-a12b-1034491ea447 | ITER: 7 START
2019-08-04 07:35:22.502 244 INFO rally.task.runner [-] Task ec0c0c9a-c786-4142-a12b-1034491ea447 | ITER: 2 END: OK
2019-08-04 07:35:22.506 244 INFO rally.task.runner [-] Task ec0c0c9a-c786-4142-a12b-1034491ea447 | ITER: 8 START
2019-08-04 07:35:23.493 244 INFO rally.task.runner [-] Task ec0c0c9a-c786-4142-a12b-1034491ea447 | ITER: 8 END: OK
2019-08-04 07:35:23.497 244 INFO rally.task.runner [-] Task ec0c0c9a-c786-4142-a12b-1034491ea447 | ITER: 9 START
2019-08-04 07:35:24.381 246 INFO rally.task.runner [-] Task ec0c0c9a-c786-4142-a12b-1034491ea447 | ITER: 7 END: OK
2019-08-04 07:35:24.384 246 INFO rally.task.runner [-] Task ec0c0c9a-c786-4142-a12b-1034491ea447 | ITER: 10 START
2019-08-04 07:35:24.388 245 INFO rally.task.runner [-] Task ec0c0c9a-c786-4142-a12b-1034491ea447 | ITER: 5 END: OK
2019-08-04 07:35:24.782 247 INFO rally.task.runner [-] Task ec0c0c9a-c786-4142-a12b-1034491ea447 | ITER: 6 END: OK
2019-08-04 07:35:25.086 244 INFO rally.task.runner [-] Task ec0c0c9a-c786-4142-a12b-1034491ea447 | ITER: 9 END: OK
2019-08-04 07:35:25.327 246 INFO rally.task.runner [-] Task ec0c0c9a-c786-4142-a12b-1034491ea447 | ITER: 10 END: OK
2019-08-04 07:35:25.348 16 INFO rally.task.context [-] Task ec0c0c9a-c786-4142-a12b-1034491ea447 | Context users@openstack cleanup() started
2019-08-04 07:35:33.720 16 INFO rally.task.context [-] Task ec0c0c9a-c786-4142-a12b-1034491ea447 | Context users@openstack cleanup() finished in 8.37 sec
2019-08-04 07:35:33.850 16 INFO rally.task.engine [-] Load duration is: 4.898802
2019-08-04 07:35:33.850 16 INFO rally.task.engine [-] Full runner duration is: 4.93272
2019-08-04 07:35:33.851 16 INFO rally.task.engine [-] Full duration is: 17.95502
2019-08-04 07:35:34.110 16 INFO rally.task.engine [-] Running workload: position = 0 config = { "version": 2, "title": "A cropped version of a bigger task.", "description": "Auto-generated task from a single workload (uuid=5e015ada-39e6-41ae-93fd-6ccfd951c15c)", "subtasks": [ { "title": "Authenticate.validate_glance", "description": "Check Glance Client to ensure validation of token.", "scenario": { "Authenticate.validate_glance": { "repetitions": 2 } }, "contexts": { "users": { "tenants": 3, "users_per_tenant": 2 } }, "runner": { "constant": { "concurrency": 4, "times": 10 } }, "hooks": [], "sla": { "failure_rate": { "max": 0 } } } ] }
2019-08-04 07:35:34.137 16 RALLYDEBUG rally_openstack.contexts.keystone.users [-] Creating 3 tenants using 20 threads
2019-08-04 07:35:35.989 16 RALLYDEBUG rally_openstack.contexts.keystone.users [-] Creating 6 users using 20 threads
2019-08-04 07:35:38.721 16 INFO rally.task.context [-] Task ec0c0c9a-c786-4142-a12b-1034491ea447 | Context users@openstack setup() finished in 4.58 sec
2019-08-04 07:35:38.728 16 RALLYDEBUG rally.task.runner [-] Starting the constant runner (task UUID: ec0c0c9a-c786-4142-a12b-1034491ea447). timeout: 0 concurrency: 4 concurrency_per_worker: 1 times: 10 concurrency_overhead: 0 processes_to_start: 4 max_cpu_used: 16
2019-08-04 07:35:38.740 348 RALLYDEBUG rally.task.runner [-] Starting a worker. concurrency: 1 args: {"repetitions": 2} times: 10 method_name: run timeout: 0 duration: None cls:
2019-08-04 07:35:38.743 349 RALLYDEBUG rally.task.runner [-] Starting a worker. concurrency: 1 args: {"repetitions": 2} times: 10 method_name: run timeout: 0 duration: None cls:
2019-08-04 07:35:38.746 348 INFO rally.task.runner [-] Task ec0c0c9a-c786-4142-a12b-1034491ea447 | ITER: 1 START
2019-08-04 07:35:38.746 350 RALLYDEBUG rally.task.runner [-] Starting a worker. concurrency: 1 args: {"repetitions": 2} times: 10 method_name: run timeout: 0 duration: None cls:
2019-08-04 07:35:38.749 349 INFO rally.task.runner [-] Task ec0c0c9a-c786-4142-a12b-1034491ea447 | ITER: 2 START
2019-08-04 07:35:38.750 351 RALLYDEBUG rally.task.runner [-] Starting a worker. concurrency: 1 args: {"repetitions": 2} times: 10 method_name: run timeout: 0 duration: None cls:
2019-08-04 07:35:38.751 350 INFO rally.task.runner [-] Task ec0c0c9a-c786-4142-a12b-1034491ea447 | ITER: 3 START
2019-08-04 07:35:38.755 351 INFO rally.task.runner [-] Task ec0c0c9a-c786-4142-a12b-1034491ea447 | ITER: 4 START
2019-08-04 07:35:39.555 348 INFO rally.task.runner [-] Task ec0c0c9a-c786-4142-a12b-1034491ea447 | ITER: 1 END: OK
2019-08-04 07:35:39.559 348 INFO rally.task.runner [-] Task ec0c0c9a-c786-4142-a12b-1034491ea447 | ITER: 5 START
2019-08-04 07:35:39.983 349 INFO rally.task.runner [-] Task ec0c0c9a-c786-4142-a12b-1034491ea447 | ITER: 2 END: OK
2019-08-04 07:35:39.987 349 INFO rally.task.runner [-] Task ec0c0c9a-c786-4142-a12b-1034491ea447 | ITER: 6 START
2019-08-04 07:35:40.005 351 INFO rally.task.runner [-] Task ec0c0c9a-c786-4142-a12b-1034491ea447 | ITER: 4 END: OK
2019-08-04 07:35:40.008 350 INFO rally.task.runner [-] Task ec0c0c9a-c786-4142-a12b-1034491ea447 | ITER: 3 END: OK
2019-08-04 07:35:40.010 351 INFO rally.task.runner [-] Task ec0c0c9a-c786-4142-a12b-1034491ea447 | ITER: 7 START
2019-08-04 07:35:40.012 350 INFO rally.task.runner [-] Task ec0c0c9a-c786-4142-a12b-1034491ea447 | ITER: 8 START
2019-08-04 07:35:40.328 348 INFO rally.task.runner [-] Task ec0c0c9a-c786-4142-a12b-1034491ea447 | ITER: 5 END: OK
2019-08-04 07:35:40.332 348 INFO rally.task.runner [-] Task ec0c0c9a-c786-4142-a12b-1034491ea447 | ITER: 9 START
2019-08-04 07:35:40.762 349 INFO rally.task.runner [-] Task ec0c0c9a-c786-4142-a12b-1034491ea447 | ITER: 6 END: OK
2019-08-04 07:35:40.767 349 INFO rally.task.runner [-] Task ec0c0c9a-c786-4142-a12b-1034491ea447 | ITER: 10 START
2019-08-04 07:35:40.835 351 INFO rally.task.runner [-] Task ec0c0c9a-c786-4142-a12b-1034491ea447 | ITER: 7 END: OK
2019-08-04 07:35:40.836 350 INFO rally.task.runner [-] Task ec0c0c9a-c786-4142-a12b-1034491ea447 | ITER: 8 END: OK
2019-08-04 07:35:41.109 348 INFO rally.task.runner [-] Task ec0c0c9a-c786-4142-a12b-1034491ea447 | ITER: 9 END: OK
2019-08-04 07:35:41.470 349 INFO rally.task.runner [-] Task ec0c0c9a-c786-4142-a12b-1034491ea447 | ITER: 10 END: OK
2019-08-04 07:35:41.495 16 INFO rally.task.context [-] Task ec0c0c9a-c786-4142-a12b-1034491ea447 | Context users@openstack cleanup() started
2019-08-04 07:35:48.415 16 INFO rally.task.context [-] Task ec0c0c9a-c786-4142-a12b-1034491ea447 | Context users@openstack cleanup() finished in 6.92 sec
2019-08-04 07:35:50.229 16 INFO rally.task.engine [-] Load duration is: 2.722772
2019-08-04 07:35:50.230 16 INFO rally.task.engine [-] Full runner duration is: 2.766453
2019-08-04 07:35:50.230 16 INFO rally.task.engine [-] Full duration is: 14.279669
2019-08-04 07:35:50.434 16 INFO rally.task.engine [-] Running workload: position = 0 config = { "version": 2, "title": "A cropped version of a bigger task.", "description": "Auto-generated task from a single workload (uuid=1c2ba482-4465-46bc-b32c-970fb9489a07)", "subtasks": [ { "title": "Authenticate.validate_heat", "description": "Check Heat Client to ensure validation of token.", "scenario": { "Authenticate.validate_heat": { "repetitions": 2 } }, "contexts": { "users": { "tenants": 3, "users_per_tenant": 2 } }, "runner": { "constant": { "concurrency": 4, "times": 10 } }, "hooks": [], "sla": { "failure_rate": { "max": 0 } } } ] }
2019-08-04 07:35:50.454 16 RALLYDEBUG rally_openstack.contexts.keystone.users [-] Creating 3 tenants using 20 threads
2019-08-04 07:35:52.338 16 RALLYDEBUG rally_openstack.contexts.keystone.users [-] Creating 6 users using 20 threads
2019-08-04 07:35:55.051 16 INFO rally.task.context [-] Task ec0c0c9a-c786-4142-a12b-1034491ea447 | Context users@openstack setup() finished in 4.60 sec
2019-08-04 07:35:55.059 16 RALLYDEBUG rally.task.runner [-] Starting the constant runner (task UUID: ec0c0c9a-c786-4142-a12b-1034491ea447). timeout: 0 concurrency: 4 concurrency_per_worker: 1 times: 10 concurrency_overhead: 0 processes_to_start: 4 max_cpu_used: 16
2019-08-04 07:35:55.068 452 RALLYDEBUG rally.task.runner [-] Starting a worker. concurrency: 1 args: {"repetitions": 2} times: 10 method_name: run timeout: 0 duration: None cls:
2019-08-04 07:35:55.072 452 INFO rally.task.runner [-] Task ec0c0c9a-c786-4142-a12b-1034491ea447 | ITER: 1 START
2019-08-04 07:35:55.073 454 RALLYDEBUG rally.task.runner [-] Starting a worker. concurrency: 1 args: {"repetitions": 2} times: 10 method_name: run timeout: 0 duration: None cls:
2019-08-04 07:35:55.073 453 RALLYDEBUG rally.task.runner [-] Starting a worker. concurrency: 1 args: {"repetitions": 2} times: 10 method_name: run timeout: 0 duration: None cls:
2019-08-04 07:35:55.076 454 INFO rally.task.runner [-] Task ec0c0c9a-c786-4142-a12b-1034491ea447 | ITER: 2 START
2019-08-04 07:35:55.078 453 INFO rally.task.runner [-] Task ec0c0c9a-c786-4142-a12b-1034491ea447 | ITER: 3 START
2019-08-04 07:35:55.079 457 RALLYDEBUG rally.task.runner [-] Starting a worker. concurrency: 1 args: {"repetitions": 2} times: 10 method_name: run timeout: 0 duration: None cls:
2019-08-04 07:35:55.084 457 INFO rally.task.runner [-] Task ec0c0c9a-c786-4142-a12b-1034491ea447 | ITER: 4 START
2019-08-04 07:35:56.973 454 INFO rally.task.runner [-] Task ec0c0c9a-c786-4142-a12b-1034491ea447 | ITER: 2 END: OK
2019-08-04 07:35:56.979 454 INFO rally.task.runner [-] Task ec0c0c9a-c786-4142-a12b-1034491ea447 | ITER: 5 START
2019-08-04 07:35:57.011 452 INFO rally.task.runner [-] Task ec0c0c9a-c786-4142-a12b-1034491ea447 | ITER: 1 END: OK
2019-08-04 07:35:57.016 452 INFO rally.task.runner [-] Task ec0c0c9a-c786-4142-a12b-1034491ea447 | ITER: 6 START
2019-08-04 07:35:57.016 453 INFO rally.task.runner [-] Task ec0c0c9a-c786-4142-a12b-1034491ea447 | ITER: 3 END: OK
2019-08-04 07:35:57.019 453 INFO rally.task.runner [-] Task ec0c0c9a-c786-4142-a12b-1034491ea447 | ITER: 7 START
2019-08-04 07:35:57.153 457 INFO rally.task.runner [-] Task ec0c0c9a-c786-4142-a12b-1034491ea447 | ITER: 4 END: OK
2019-08-04 07:35:57.156 457 INFO rally.task.runner [-] Task ec0c0c9a-c786-4142-a12b-1034491ea447 | ITER: 8 START
2019-08-04 07:35:57.895 454 INFO rally.task.runner [-] Task ec0c0c9a-c786-4142-a12b-1034491ea447 | ITER: 5 END: OK
2019-08-04 07:35:57.898 454 INFO rally.task.runner [-] Task ec0c0c9a-c786-4142-a12b-1034491ea447 | ITER: 9 START
2019-08-04 07:35:58.041 453 INFO rally.task.runner [-] Task ec0c0c9a-c786-4142-a12b-1034491ea447 | ITER: 7 END: OK
2019-08-04 07:35:58.045 453 INFO rally.task.runner [-] Task ec0c0c9a-c786-4142-a12b-1034491ea447 | ITER: 10 START
2019-08-04 07:35:58.137 457 INFO rally.task.runner [-] Task ec0c0c9a-c786-4142-a12b-1034491ea447 | ITER: 8 END: OK
2019-08-04 07:35:58.741 452 INFO rally.task.runner [-] Task ec0c0c9a-c786-4142-a12b-1034491ea447 | ITER: 6 END: OK
2019-08-04 07:35:58.894 453 INFO rally.task.runner [-] Task ec0c0c9a-c786-4142-a12b-1034491ea447 | ITER: 10 END: OK
2019-08-04 07:35:59.198 454 INFO rally.task.runner [-] Task ec0c0c9a-c786-4142-a12b-1034491ea447 | ITER: 9 END: OK
2019-08-04 07:35:59.220 16 INFO rally.task.context [-] Task ec0c0c9a-c786-4142-a12b-1034491ea447 | Context users@openstack cleanup() started
2019-08-04 07:36:05.819 16 INFO rally.task.context [-] Task ec0c0c9a-c786-4142-a12b-1034491ea447 | Context users@openstack cleanup() finished in 6.60 sec
2019-08-04 07:36:06.532 16 INFO rally.task.engine [-] Load duration is: 4.124523
2019-08-04 07:36:06.532 16 INFO rally.task.engine [-] Full runner duration is: 4.161554
2019-08-04 07:36:06.532 16 INFO rally.task.engine [-] Full duration is: 15.365886
2019-08-04 07:36:06.751 16 INFO rally.task.engine [-] Running workload: position = 0 config = { "version": 2, "title": "A cropped version of a bigger task.", "description": "Auto-generated task from a single workload (uuid=7daf4b5f-e066-40be-b923-cbb39e2e4f46)", "subtasks": [ { "title": "Authenticate.validate_neutron", "description": "Check Neutron Client to ensure validation of token.", "scenario": { "Authenticate.validate_neutron": { "repetitions": 2 } }, "contexts": { "users": { "tenants": 3, "users_per_tenant": 2 } }, "runner": { "constant": { "concurrency": 4, "times": 10 } }, "hooks": [], "sla": { "failure_rate": { "max": 0 } } } ] }
2019-08-04 07:36:06.772 16 RALLYDEBUG rally_openstack.contexts.keystone.users [-] Creating 3 tenants using 20 threads
2019-08-04 07:36:08.549 16 RALLYDEBUG rally_openstack.contexts.keystone.users [-] Creating 6 users using 20 threads
2019-08-04 07:36:11.311 16 INFO rally.task.context [-] Task ec0c0c9a-c786-4142-a12b-1034491ea447 | Context users@openstack setup() finished in 4.54 sec
2019-08-04 07:36:11.315 16 RALLYDEBUG rally.task.runner [-] Starting the constant runner (task UUID: ec0c0c9a-c786-4142-a12b-1034491ea447). timeout: 0 concurrency: 4 concurrency_per_worker: 1 times: 10 concurrency_overhead: 0 processes_to_start: 4 max_cpu_used: 16
2019-08-04 07:36:11.325 556 RALLYDEBUG rally.task.runner [-] Starting a worker. concurrency: 1 args: {"repetitions": 2} times: 10 method_name: run timeout: 0 duration: None cls:
2019-08-04 07:36:11.327 557 RALLYDEBUG rally.task.runner [-] Starting a worker. concurrency: 1 args: {"repetitions": 2} times: 10 method_name: run timeout: 0 duration: None cls:
2019-08-04 07:36:11.330 558 RALLYDEBUG rally.task.runner [-] Starting a worker. concurrency: 1 args: {"repetitions": 2} times: 10 method_name: run timeout: 0 duration: None cls:
2019-08-04 07:36:11.330 559 RALLYDEBUG rally.task.runner [-] Starting a worker. concurrency: 1 args: {"repetitions": 2} times: 10 method_name: run timeout: 0 duration: None cls:
2019-08-04 07:36:11.331 556 INFO rally.task.runner [-] Task ec0c0c9a-c786-4142-a12b-1034491ea447 | ITER: 1 START
2019-08-04 07:36:11.334 557 INFO rally.task.runner [-] Task ec0c0c9a-c786-4142-a12b-1034491ea447 | ITER: 2 START
2019-08-04 07:36:11.336 558 INFO rally.task.runner [-] Task ec0c0c9a-c786-4142-a12b-1034491ea447 | ITER: 3 START
2019-08-04 07:36:11.336 559 INFO rally.task.runner [-] Task ec0c0c9a-c786-4142-a12b-1034491ea447 | ITER: 4 START
2019-08-04 07:36:12.320 557 INFO rally.task.runner [-] Task ec0c0c9a-c786-4142-a12b-1034491ea447 | ITER: 2 END: OK
2019-08-04 07:36:12.324 557 INFO rally.task.runner [-] Task ec0c0c9a-c786-4142-a12b-1034491ea447 | ITER: 5 START
2019-08-04 07:36:12.416 556 INFO rally.task.runner [-] Task ec0c0c9a-c786-4142-a12b-1034491ea447 | ITER: 1 END: OK
2019-08-04 07:36:12.420 558 INFO rally.task.runner [-] Task ec0c0c9a-c786-4142-a12b-1034491ea447 | ITER: 3 END: OK
2019-08-04 07:36:12.420 556 INFO rally.task.runner [-] Task ec0c0c9a-c786-4142-a12b-1034491ea447 | ITER: 6 START
2019-08-04 07:36:12.424 558 INFO rally.task.runner [-] Task ec0c0c9a-c786-4142-a12b-1034491ea447 | ITER: 7 START
2019-08-04 07:36:12.804 559 INFO rally.task.runner [-] Task ec0c0c9a-c786-4142-a12b-1034491ea447 | ITER: 4 END: OK
2019-08-04 07:36:12.808 559 INFO rally.task.runner [-] Task ec0c0c9a-c786-4142-a12b-1034491ea447 | ITER: 8 START
2019-08-04 07:36:13.358 557 INFO rally.task.runner [-] Task ec0c0c9a-c786-4142-a12b-1034491ea447 | ITER: 5 END: OK
2019-08-04 07:36:13.362 557 INFO rally.task.runner [-] Task ec0c0c9a-c786-4142-a12b-1034491ea447 | ITER: 9 START
2019-08-04 07:36:13.597 556 INFO rally.task.runner [-] Task ec0c0c9a-c786-4142-a12b-1034491ea447 | ITER: 6 END: OK
2019-08-04 07:36:13.601 556 INFO rally.task.runner [-] Task ec0c0c9a-c786-4142-a12b-1034491ea447 | ITER: 10 START
2019-08-04 07:36:13.605 558 INFO rally.task.runner [-] Task ec0c0c9a-c786-4142-a12b-1034491ea447 | ITER: 7 END: OK
2019-08-04 07:36:13.739 559 INFO rally.task.runner [-] Task ec0c0c9a-c786-4142-a12b-1034491ea447 | ITER: 8 END: OK
2019-08-04 07:36:14.251 557 INFO rally.task.runner [-] Task ec0c0c9a-c786-4142-a12b-1034491ea447 | ITER: 9 END: OK
2019-08-04 07:36:14.494 556 INFO rally.task.runner [-] Task ec0c0c9a-c786-4142-a12b-1034491ea447 | ITER: 10 END: OK
2019-08-04 07:36:14.524 16 INFO rally.task.context [-] Task ec0c0c9a-c786-4142-a12b-1034491ea447 | Context users@openstack cleanup() started
2019-08-04 07:36:21.474 16 INFO rally.task.context [-] Task ec0c0c9a-c786-4142-a12b-1034491ea447 | Context users@openstack cleanup() finished in 6.95 sec
2019-08-04 07:36:22.854 16 INFO rally.task.engine [-] Load duration is: 3.161543
2019-08-04 07:36:22.855 16 INFO rally.task.engine [-] Full runner duration is: 3.209888
2019-08-04 07:36:22.855 16 INFO rally.task.engine [-] Full duration is: 14.702994
2019-08-04 07:36:23.070 16 INFO rally.task.engine [-] Running workload: position = 0 config = { "version": 2, "title": "A cropped version of a bigger task.", "description": "Auto-generated task from a single workload (uuid=7fe2b924-6af6-4345-a338-ebbfc3e2f7ef)", "subtasks": [ { "title": "Authenticate.validate_nova", "description": "Check Nova Client to ensure validation of token.", "scenario": { "Authenticate.validate_nova": { "repetitions": 2 } }, "contexts": { "users": { "tenants": 3, "users_per_tenant": 2 } }, "runner": { "constant": { "concurrency": 4, "times": 10 } }, "hooks": [], "sla": { "failure_rate": { "max": 0 } } } ] }
2019-08-04 07:36:23.091 16 RALLYDEBUG rally_openstack.contexts.keystone.users [-] Creating 3 tenants using 20 threads
2019-08-04 07:36:24.953 16 RALLYDEBUG rally_openstack.contexts.keystone.users [-] Creating 6 users using 20 threads
2019-08-04 07:36:27.649 16 INFO rally.task.context [-] Task ec0c0c9a-c786-4142-a12b-1034491ea447 | Context users@openstack setup() finished in 4.56 sec
2019-08-04 07:36:27.656 16 RALLYDEBUG rally.task.runner [-] Starting the constant runner (task UUID: ec0c0c9a-c786-4142-a12b-1034491ea447). timeout: 0 concurrency: 4 concurrency_per_worker: 1 times: 10 concurrency_overhead: 0 processes_to_start: 4 max_cpu_used: 16
2019-08-04 07:36:27.664 660 RALLYDEBUG rally.task.runner [-] Starting a worker. concurrency: 1 args: {"repetitions": 2} times: 10 method_name: run timeout: 0 duration: None cls:
2019-08-04 07:36:27.668 660 INFO rally.task.runner [-] Task ec0c0c9a-c786-4142-a12b-1034491ea447 | ITER: 1 START
2019-08-04 07:36:27.669 662 RALLYDEBUG rally.task.runner [-] Starting a worker. concurrency: 1 args: {"repetitions": 2} times: 10 method_name: run timeout: 0 duration: None cls:
2019-08-04 07:36:27.669 661 RALLYDEBUG rally.task.runner [-] Starting a worker. concurrency: 1 args: {"repetitions": 2} times: 10 method_name: run timeout: 0 duration: None cls:
2019-08-04 07:36:27.672 665 RALLYDEBUG rally.task.runner [-] Starting a worker. concurrency: 1 args: {"repetitions": 2} times: 10 method_name: run timeout: 0 duration: None cls:
2019-08-04 07:36:27.673 662 INFO rally.task.runner [-] Task ec0c0c9a-c786-4142-a12b-1034491ea447 | ITER: 2 START
2019-08-04 07:36:27.675 661 INFO rally.task.runner [-] Task ec0c0c9a-c786-4142-a12b-1034491ea447 | ITER: 3 START
2019-08-04 07:36:27.677 665 INFO rally.task.runner [-] Task ec0c0c9a-c786-4142-a12b-1034491ea447 | ITER: 4 START
2019-08-04 07:36:28.163 661 DEBUG novaclient.v2.client [-] REQ: curl -g -i -X GET http://172.30.9.34:8774/v2.1/flavors/detail -H "Accept: application/json" -H "User-Agent: python-novaclient" -H "X-Auth-Token: {SHA1}afc8c4950240bb6ef6c3c41ad4b29d5ebdb632f2" _http_log_request /usr/lib/python2.7/site-packages/keystoneauth1/session.py:448
2019-08-04 07:36:28.163 660 DEBUG novaclient.v2.client [-] REQ: curl -g -i -X GET http://172.30.9.34:8774/v2.1/flavors/detail -H "Accept: application/json" -H "User-Agent: python-novaclient" -H "X-Auth-Token: {SHA1}360029ac1fc72d45cd34887c239242fe1992c34e" _http_log_request /usr/lib/python2.7/site-packages/keystoneauth1/session.py:448
2019-08-04 07:36:28.164 665 DEBUG novaclient.v2.client [-] REQ: curl -g -i -X GET http://172.30.9.34:8774/v2.1/flavors/detail -H "Accept: application/json" -H "User-Agent: python-novaclient" -H "X-Auth-Token: {SHA1}cd9f90f9f05c67a166813ae072258cf4543fecb7" _http_log_request /usr/lib/python2.7/site-packages/keystoneauth1/session.py:448
2019-08-04 07:36:28.175 662 DEBUG novaclient.v2.client [-] REQ: curl -g -i -X GET http://172.30.9.34:8774/v2.1/flavors/detail -H "Accept: application/json" -H "User-Agent: python-novaclient" -H "X-Auth-Token: {SHA1}32e2e6b8d374cf7b3023e2039396eb2d2ca7066d" _http_log_request /usr/lib/python2.7/site-packages/keystoneauth1/session.py:448
2019-08-04 07:36:28.472 660 DEBUG novaclient.v2.client [-] RESP: [200] Content-Encoding: gzip Content-Length: 365 Content-Type: application/json Date: Sun, 04 Aug 2019 07:36:28 GMT OpenStack-API-Version: compute 2.1 Server: Apache Vary: OpenStack-API-Version,X-OpenStack-Nova-API-Version,Accept-Encoding X-OpenStack-Nova-API-Version: 2.1 x-compute-request-id: req-fe8fd401-872a-48ac-ab2a-2bb7a6654d17 x-openstack-request-id: req-fe8fd401-872a-48ac-ab2a-2bb7a6654d17 _http_log_response /usr/lib/python2.7/site-packages/keystoneauth1/session.py:479
2019-08-04 07:36:28.473 660 DEBUG novaclient.v2.client [-] RESP BODY: {"flavors": [{"name": "rally_full-flavor_alt_e3ca0a46-561a-4ce7-b653-ca6a5d641f65", "links": [{"href": "http://172.30.9.34:8774/v2.1/flavors/8b46537c-12ca-4664-92ee-6dbc05fbe85d", "rel": "self"}, {"href": "http://172.30.9.34:8774/flavors/8b46537c-12ca-4664-92ee-6dbc05fbe85d", "rel": "bookmark"}], "ram": 1024, "OS-FLV-DISABLED:disabled": false, "vcpus": 1, "swap": "", "os-flavor-access:is_public": true, "rxtx_factor": 1.0, "OS-FLV-EXT-DATA:ephemeral": 0, "disk": 1, "id": "8b46537c-12ca-4664-92ee-6dbc05fbe85d"}, {"name": "rally_full-flavor_e3ca0a46-561a-4ce7-b653-ca6a5d641f65", "links": [{"href": "http://172.30.9.34:8774/v2.1/flavors/a40da151-94fe-4616-ac92-6795573127a0", "rel": "self"}, {"href": "http://172.30.9.34:8774/flavors/a40da151-94fe-4616-ac92-6795573127a0", "rel": "bookmark"}], "ram": 512, "OS-FLV-DISABLED:disabled": false, "vcpus": 1, "swap": "", "os-flavor-access:is_public": true, "rxtx_factor": 1.0, "OS-FLV-EXT-DATA:ephemeral": 0, "disk": 1, "id": "a40da151-94fe-4616-ac92-6795573127a0"}]} _http_log_response /usr/lib/python2.7/site-packages/keystoneauth1/session.py:511
2019-08-04 07:36:28.473 660 DEBUG novaclient.v2.client [-] GET call to compute for http://172.30.9.34:8774/v2.1/flavors/detail used request id req-fe8fd401-872a-48ac-ab2a-2bb7a6654d17 request /usr/lib/python2.7/site-packages/keystoneauth1/session.py:844
2019-08-04 07:36:28.475 660 DEBUG novaclient.v2.client [-] REQ: curl -g -i -X GET http://172.30.9.34:8774/v2.1/flavors/detail -H "Accept: application/json" -H "User-Agent: python-novaclient" -H "X-Auth-Token: {SHA1}360029ac1fc72d45cd34887c239242fe1992c34e" _http_log_request /usr/lib/python2.7/site-packages/keystoneauth1/session.py:448
2019-08-04 07:36:28.479 661 DEBUG novaclient.v2.client [-] RESP: [200] Content-Encoding: gzip Content-Length: 365 Content-Type: application/json Date: Sun, 04 Aug 2019 07:36:28 GMT OpenStack-API-Version: compute 2.1 Server: Apache Vary: OpenStack-API-Version,X-OpenStack-Nova-API-Version,Accept-Encoding X-OpenStack-Nova-API-Version: 2.1 x-compute-request-id: req-6b04ffb6-c82a-4943-ad0e-8d25a5eb05d6 x-openstack-request-id: req-6b04ffb6-c82a-4943-ad0e-8d25a5eb05d6 _http_log_response /usr/lib/python2.7/site-packages/keystoneauth1/session.py:479
2019-08-04 07:36:28.480 661 DEBUG novaclient.v2.client [-] RESP BODY: {"flavors": [{"name": "rally_full-flavor_alt_e3ca0a46-561a-4ce7-b653-ca6a5d641f65", "links": [{"href": "http://172.30.9.34:8774/v2.1/flavors/8b46537c-12ca-4664-92ee-6dbc05fbe85d", "rel": "self"}, {"href": "http://172.30.9.34:8774/flavors/8b46537c-12ca-4664-92ee-6dbc05fbe85d", "rel": "bookmark"}], "ram": 1024, "OS-FLV-DISABLED:disabled": false, "vcpus": 1, "swap": "", "os-flavor-access:is_public": true, "rxtx_factor": 1.0, "OS-FLV-EXT-DATA:ephemeral": 0, "disk": 1, "id": "8b46537c-12ca-4664-92ee-6dbc05fbe85d"}, {"name": "rally_full-flavor_e3ca0a46-561a-4ce7-b653-ca6a5d641f65", "links": [{"href": "http://172.30.9.34:8774/v2.1/flavors/a40da151-94fe-4616-ac92-6795573127a0", "rel": "self"}, {"href": "http://172.30.9.34:8774/flavors/a40da151-94fe-4616-ac92-6795573127a0", "rel": "bookmark"}], "ram": 512, "OS-FLV-DISABLED:disabled": false, "vcpus": 1, "swap": "", "os-flavor-access:is_public": true, "rxtx_factor": 1.0, "OS-FLV-EXT-DATA:ephemeral": 0, "disk": 1, "id": "a40da151-94fe-4616-ac92-6795573127a0"}]} _http_log_response /usr/lib/python2.7/site-packages/keystoneauth1/session.py:511
2019-08-04 07:36:28.480 661 DEBUG novaclient.v2.client [-] GET call to compute for http://172.30.9.34:8774/v2.1/flavors/detail used request id req-6b04ffb6-c82a-4943-ad0e-8d25a5eb05d6 request /usr/lib/python2.7/site-packages/keystoneauth1/session.py:844
2019-08-04 07:36:28.482 661 DEBUG novaclient.v2.client [-] REQ: curl -g -i -X GET http://172.30.9.34:8774/v2.1/flavors/detail -H "Accept: application/json" -H "User-Agent: python-novaclient" -H "X-Auth-Token: {SHA1}afc8c4950240bb6ef6c3c41ad4b29d5ebdb632f2" _http_log_request /usr/lib/python2.7/site-packages/keystoneauth1/session.py:448
2019-08-04 07:36:28.496 660 DEBUG novaclient.v2.client [-] RESP: [200] Content-Encoding: gzip Content-Length: 365 Content-Type: application/json Date: Sun, 04 Aug 2019 07:36:28 GMT OpenStack-API-Version: compute 2.1 Server: Apache Vary: OpenStack-API-Version,X-OpenStack-Nova-API-Version,Accept-Encoding X-OpenStack-Nova-API-Version: 2.1 x-compute-request-id: req-4a41c22a-29c6-4b41-a861-9946069bee57 x-openstack-request-id: req-4a41c22a-29c6-4b41-a861-9946069bee57 _http_log_response /usr/lib/python2.7/site-packages/keystoneauth1/session.py:479
2019-08-04 07:36:28.496 665 DEBUG novaclient.v2.client [-] RESP: [200] Content-Encoding: gzip Content-Length: 365 Content-Type: application/json Date: Sun, 04 Aug 2019 07:36:28 GMT OpenStack-API-Version: compute 2.1 Server: Apache Vary: OpenStack-API-Version,X-OpenStack-Nova-API-Version,Accept-Encoding X-OpenStack-Nova-API-Version: 2.1 x-compute-request-id: req-91a59174-c8b7-451c-a04e-a27aef40db98 x-openstack-request-id: req-91a59174-c8b7-451c-a04e-a27aef40db98 _http_log_response /usr/lib/python2.7/site-packages/keystoneauth1/session.py:479
2019-08-04 07:36:28.497 660 DEBUG novaclient.v2.client [-] RESP BODY: {"flavors": [{"name": "rally_full-flavor_alt_e3ca0a46-561a-4ce7-b653-ca6a5d641f65", "links": [{"href": "http://172.30.9.34:8774/v2.1/flavors/8b46537c-12ca-4664-92ee-6dbc05fbe85d", "rel": "self"}, {"href": "http://172.30.9.34:8774/flavors/8b46537c-12ca-4664-92ee-6dbc05fbe85d", "rel": "bookmark"}], "ram": 1024, "OS-FLV-DISABLED:disabled": false, "vcpus": 1, "swap": "", "os-flavor-access:is_public": true, "rxtx_factor": 1.0, "OS-FLV-EXT-DATA:ephemeral": 0, "disk": 1, "id": "8b46537c-12ca-4664-92ee-6dbc05fbe85d"}, {"name": "rally_full-flavor_e3ca0a46-561a-4ce7-b653-ca6a5d641f65", "links": [{"href": "http://172.30.9.34:8774/v2.1/flavors/a40da151-94fe-4616-ac92-6795573127a0", "rel": "self"}, {"href": "http://172.30.9.34:8774/flavors/a40da151-94fe-4616-ac92-6795573127a0", "rel": "bookmark"}], "ram": 512, "OS-FLV-DISABLED:disabled": false, "vcpus": 1, "swap": "", "os-flavor-access:is_public": true, "rxtx_factor": 1.0, "OS-FLV-EXT-DATA:ephemeral": 0, "disk": 1, "id": "a40da151-94fe-4616-ac92-6795573127a0"}]} _http_log_response /usr/lib/python2.7/site-packages/keystoneauth1/session.py:511
2019-08-04 07:36:28.497 665 DEBUG novaclient.v2.client [-] RESP BODY: {"flavors": [{"name": "rally_full-flavor_alt_e3ca0a46-561a-4ce7-b653-ca6a5d641f65", "links": [{"href": "http://172.30.9.34:8774/v2.1/flavors/8b46537c-12ca-4664-92ee-6dbc05fbe85d", "rel": "self"}, {"href": "http://172.30.9.34:8774/flavors/8b46537c-12ca-4664-92ee-6dbc05fbe85d", "rel": "bookmark"}], "ram": 1024, "OS-FLV-DISABLED:disabled": false, "vcpus": 1, "swap": "", "os-flavor-access:is_public": true, "rxtx_factor": 1.0, "OS-FLV-EXT-DATA:ephemeral": 0, "disk": 1, "id": "8b46537c-12ca-4664-92ee-6dbc05fbe85d"}, {"name": "rally_full-flavor_e3ca0a46-561a-4ce7-b653-ca6a5d641f65", "links": [{"href": "http://172.30.9.34:8774/v2.1/flavors/a40da151-94fe-4616-ac92-6795573127a0", "rel": "self"}, {"href": "http://172.30.9.34:8774/flavors/a40da151-94fe-4616-ac92-6795573127a0", "rel": "bookmark"}], "ram": 512, "OS-FLV-DISABLED:disabled": false, "vcpus": 1, "swap": "", "os-flavor-access:is_public": true, "rxtx_factor": 1.0, "OS-FLV-EXT-DATA:ephemeral": 0, "disk": 1, "id": "a40da151-94fe-4616-ac92-6795573127a0"}]} _http_log_response /usr/lib/python2.7/site-packages/keystoneauth1/session.py:511
2019-08-04 07:36:28.497 660 DEBUG novaclient.v2.client [-] GET call to compute for http://172.30.9.34:8774/v2.1/flavors/detail used request id req-4a41c22a-29c6-4b41-a861-9946069bee57 request /usr/lib/python2.7/site-packages/keystoneauth1/session.py:844
2019-08-04 07:36:28.497 665 DEBUG novaclient.v2.client [-] GET call to compute for http://172.30.9.34:8774/v2.1/flavors/detail used request id req-91a59174-c8b7-451c-a04e-a27aef40db98 request /usr/lib/python2.7/site-packages/keystoneauth1/session.py:844
2019-08-04 07:36:28.498 660 INFO rally.task.runner [-] Task ec0c0c9a-c786-4142-a12b-1034491ea447 | ITER: 1 END: OK
2019-08-04 07:36:28.499 665 DEBUG novaclient.v2.client [-] REQ: curl -g -i -X GET http://172.30.9.34:8774/v2.1/flavors/detail -H "Accept: application/json" -H "User-Agent: python-novaclient" -H "X-Auth-Token: {SHA1}cd9f90f9f05c67a166813ae072258cf4543fecb7" _http_log_request /usr/lib/python2.7/site-packages/keystoneauth1/session.py:448
2019-08-04 07:36:28.502 661 DEBUG novaclient.v2.client [-] RESP: [200] Content-Encoding: gzip Content-Length: 365 Content-Type: application/json Date: Sun, 04 Aug 2019 07:36:28 GMT OpenStack-API-Version: compute 2.1 Server: Apache Vary: OpenStack-API-Version,X-OpenStack-Nova-API-Version,Accept-Encoding X-OpenStack-Nova-API-Version: 2.1 x-compute-request-id: req-eb1fd720-cfba-4297-a9f3-6904cce62e51 x-openstack-request-id: req-eb1fd720-cfba-4297-a9f3-6904cce62e51 _http_log_response /usr/lib/python2.7/site-packages/keystoneauth1/session.py:479
2019-08-04 07:36:28.503 661 DEBUG novaclient.v2.client [-] RESP BODY: {"flavors": [{"name": "rally_full-flavor_alt_e3ca0a46-561a-4ce7-b653-ca6a5d641f65", "links": [{"href": "http://172.30.9.34:8774/v2.1/flavors/8b46537c-12ca-4664-92ee-6dbc05fbe85d", "rel": "self"}, {"href": "http://172.30.9.34:8774/flavors/8b46537c-12ca-4664-92ee-6dbc05fbe85d", "rel": "bookmark"}], "ram": 1024, "OS-FLV-DISABLED:disabled": false, "vcpus": 1, "swap": "", "os-flavor-access:is_public": true, "rxtx_factor": 1.0, "OS-FLV-EXT-DATA:ephemeral": 0, "disk": 1, "id": "8b46537c-12ca-4664-92ee-6dbc05fbe85d"}, {"name": "rally_full-flavor_e3ca0a46-561a-4ce7-b653-ca6a5d641f65", "links": [{"href": "http://172.30.9.34:8774/v2.1/flavors/a40da151-94fe-4616-ac92-6795573127a0", "rel": "self"}, {"href": "http://172.30.9.34:8774/flavors/a40da151-94fe-4616-ac92-6795573127a0", "rel": "bookmark"}], "ram": 512, "OS-FLV-DISABLED:disabled": false, "vcpus": 1, "swap": "", "os-flavor-access:is_public": true, "rxtx_factor": 1.0, "OS-FLV-EXT-DATA:ephemeral": 0, "disk": 1, "id": "a40da151-94fe-4616-ac92-6795573127a0"}]} _http_log_response /usr/lib/python2.7/site-packages/keystoneauth1/session.py:511
2019-08-04 07:36:28.503 660 INFO rally.task.runner [-] Task ec0c0c9a-c786-4142-a12b-1034491ea447 | ITER: 5 START
2019-08-04 07:36:28.503 661 DEBUG novaclient.v2.client [-] GET call to compute for http://172.30.9.34:8774/v2.1/flavors/detail used request id req-eb1fd720-cfba-4297-a9f3-6904cce62e51 request /usr/lib/python2.7/site-packages/keystoneauth1/session.py:844
2019-08-04 07:36:28.504 661 INFO rally.task.runner [-] Task ec0c0c9a-c786-4142-a12b-1034491ea447 | ITER: 3 END: OK
2019-08-04 07:36:28.507 661 INFO rally.task.runner [-] Task ec0c0c9a-c786-4142-a12b-1034491ea447 | ITER: 6 START
2019-08-04 07:36:28.526 665 DEBUG novaclient.v2.client [-] RESP: [200] Content-Encoding: gzip Content-Length: 365 Content-Type: application/json Date: Sun, 04 Aug 2019 07:36:28 GMT OpenStack-API-Version: compute 2.1 Server: Apache Vary: OpenStack-API-Version,X-OpenStack-Nova-API-Version,Accept-Encoding X-OpenStack-Nova-API-Version: 2.1 x-compute-request-id: req-fcc302bf-f179-4e4c-a5b1-6b927d68e547 x-openstack-request-id: req-fcc302bf-f179-4e4c-a5b1-6b927d68e547 _http_log_response /usr/lib/python2.7/site-packages/keystoneauth1/session.py:479
2019-08-04 07:36:28.527 665 DEBUG novaclient.v2.client [-] RESP BODY: {"flavors": [{"name": "rally_full-flavor_alt_e3ca0a46-561a-4ce7-b653-ca6a5d641f65", "links": [{"href": "http://172.30.9.34:8774/v2.1/flavors/8b46537c-12ca-4664-92ee-6dbc05fbe85d", "rel": "self"}, {"href": "http://172.30.9.34:8774/flavors/8b46537c-12ca-4664-92ee-6dbc05fbe85d", "rel": "bookmark"}], "ram": 1024, "OS-FLV-DISABLED:disabled": false, "vcpus": 1, "swap": "", "os-flavor-access:is_public": true, "rxtx_factor": 1.0, "OS-FLV-EXT-DATA:ephemeral": 0, "disk": 1, "id": "8b46537c-12ca-4664-92ee-6dbc05fbe85d"}, {"name": "rally_full-flavor_e3ca0a46-561a-4ce7-b653-ca6a5d641f65", "links": [{"href": "http://172.30.9.34:8774/v2.1/flavors/a40da151-94fe-4616-ac92-6795573127a0", "rel": "self"}, {"href": "http://172.30.9.34:8774/flavors/a40da151-94fe-4616-ac92-6795573127a0", "rel": "bookmark"}], "ram": 512, "OS-FLV-DISABLED:disabled": false, "vcpus": 1, "swap": "", "os-flavor-access:is_public": true, "rxtx_factor": 1.0, "OS-FLV-EXT-DATA:ephemeral": 0, "disk": 1, "id": "a40da151-94fe-4616-ac92-6795573127a0"}]} _http_log_response /usr/lib/python2.7/site-packages/keystoneauth1/session.py:511
2019-08-04 07:36:28.527 665 DEBUG novaclient.v2.client [-] GET call to compute for http://172.30.9.34:8774/v2.1/flavors/detail used request id req-fcc302bf-f179-4e4c-a5b1-6b927d68e547 request /usr/lib/python2.7/site-packages/keystoneauth1/session.py:844
2019-08-04 07:36:28.528 665 INFO rally.task.runner [-] Task ec0c0c9a-c786-4142-a12b-1034491ea447 | ITER: 4 END: OK
2019-08-04 07:36:28.532 665 INFO rally.task.runner [-] Task ec0c0c9a-c786-4142-a12b-1034491ea447 | ITER: 7 START
2019-08-04 07:36:28.543 662 DEBUG novaclient.v2.client [-] RESP: [200] Content-Encoding: gzip Content-Length: 365 Content-Type: application/json Date: Sun, 04 Aug 2019 07:36:28 GMT OpenStack-API-Version: compute 2.1 Server: Apache Vary: OpenStack-API-Version,X-OpenStack-Nova-API-Version,Accept-Encoding X-OpenStack-Nova-API-Version: 2.1 x-compute-request-id: req-d62a4020-bb90-46e5-8766-17aed632fef4 x-openstack-request-id: req-d62a4020-bb90-46e5-8766-17aed632fef4 _http_log_response /usr/lib/python2.7/site-packages/keystoneauth1/session.py:479
2019-08-04 07:36:28.544 662 DEBUG novaclient.v2.client [-] RESP BODY: {"flavors": [{"name": "rally_full-flavor_alt_e3ca0a46-561a-4ce7-b653-ca6a5d641f65", "links": [{"href": "http://172.30.9.34:8774/v2.1/flavors/8b46537c-12ca-4664-92ee-6dbc05fbe85d", "rel": "self"}, {"href": "http://172.30.9.34:8774/flavors/8b46537c-12ca-4664-92ee-6dbc05fbe85d", "rel": "bookmark"}], "ram": 1024, "OS-FLV-DISABLED:disabled": false, "vcpus": 1, "swap": "", "os-flavor-access:is_public": true, "rxtx_factor": 1.0, "OS-FLV-EXT-DATA:ephemeral": 0, "disk": 1, "id": "8b46537c-12ca-4664-92ee-6dbc05fbe85d"}, {"name": "rally_full-flavor_e3ca0a46-561a-4ce7-b653-ca6a5d641f65", "links": [{"href": "http://172.30.9.34:8774/v2.1/flavors/a40da151-94fe-4616-ac92-6795573127a0", "rel": "self"}, {"href": "http://172.30.9.34:8774/flavors/a40da151-94fe-4616-ac92-6795573127a0", "rel": "bookmark"}], "ram": 512, "OS-FLV-DISABLED:disabled": false, "vcpus": 1, "swap": "", "os-flavor-access:is_public": true, "rxtx_factor": 1.0, "OS-FLV-EXT-DATA:ephemeral": 0, "disk": 1, "id": "a40da151-94fe-4616-ac92-6795573127a0"}]} _http_log_response /usr/lib/python2.7/site-packages/keystoneauth1/session.py:511
2019-08-04 07:36:28.545 662 DEBUG novaclient.v2.client [-] GET call to compute for http://172.30.9.34:8774/v2.1/flavors/detail used request id req-d62a4020-bb90-46e5-8766-17aed632fef4 request /usr/lib/python2.7/site-packages/keystoneauth1/session.py:844
