2019-08-04 07:54:40.453 1842 DEBUG novaclient.v2.client [-] GET call to compute for http://172.30.9.34:8774/v2.1/servers/detail used request id req-67d88d82-091a-4232-90a3-de581d7a162f request /usr/lib/python2.7/site-packages/keystoneauth1/session.py:844
2019-08-04 07:54:40.866 1842 DEBUG novaclient.v2.client [-] REQ: curl -g -i -X GET http://172.30.9.34:8774/v2.1/servers/detail -H "Accept: application/json" -H "User-Agent: python-novaclient" -H "X-Auth-Token: {SHA1}c1cef23454906e712e2e4922e62d3b655843d988" _http_log_request /usr/lib/python2.7/site-packages/keystoneauth1/session.py:448
2019-08-04 07:54:41.208 1842 DEBUG novaclient.v2.client [-] RESP: [200] Content-Length: 15 Content-Type: application/json Date: Sun, 04 Aug 2019 07:54:40 GMT OpenStack-API-Version: compute 2.1 Server: Apache Vary: OpenStack-API-Version,X-OpenStack-Nova-API-Version X-OpenStack-Nova-API-Version: 2.1 x-compute-request-id: req-d86fc803-31a9-4236-bf6f-c5f749b4f1b4 x-openstack-request-id: req-d86fc803-31a9-4236-bf6f-c5f749b4f1b4 _http_log_response /usr/lib/python2.7/site-packages/keystoneauth1/session.py:479
2019-08-04 07:54:41.208 1842 DEBUG novaclient.v2.client [-] RESP BODY: {"servers": []} _http_log_response /usr/lib/python2.7/site-packages/keystoneauth1/session.py:511
2019-08-04 07:54:41.209 1842 DEBUG novaclient.v2.client [-] GET call to compute for http://172.30.9.34:8774/v2.1/servers/detail used request id req-d86fc803-31a9-4236-bf6f-c5f749b4f1b4 request /usr/lib/python2.7/site-packages/keystoneauth1/session.py:844
2019-08-04 07:54:41.625 1842 DEBUG novaclient.v2.client [-] REQ: curl -g -i -X GET http://172.30.9.34:8774/v2.1/servers/detail -H "Accept: application/json" -H "User-Agent: python-novaclient" -H "X-Auth-Token: {SHA1}ab5f7ac9676f6561baa7423d19029939568fa2c6" _http_log_request /usr/lib/python2.7/site-packages/keystoneauth1/session.py:448
2019-08-04 07:54:41.955 1842 DEBUG novaclient.v2.client [-] RESP: [200] Content-Length: 15 Content-Type: application/json Date: Sun, 04 Aug 2019 07:54:41 GMT OpenStack-API-Version: compute 2.1 Server: Apache Vary: OpenStack-API-Version,X-OpenStack-Nova-API-Version X-OpenStack-Nova-API-Version: 2.1 x-compute-request-id: req-01e9d396-77cb-48cf-81b8-c8e88ec9ba23 x-openstack-request-id: req-01e9d396-77cb-48cf-81b8-c8e88ec9ba23 _http_log_response /usr/lib/python2.7/site-packages/keystoneauth1/session.py:479
2019-08-04 07:54:41.956 1842 DEBUG novaclient.v2.client [-] RESP BODY: {"servers": []} _http_log_response /usr/lib/python2.7/site-packages/keystoneauth1/session.py:511
2019-08-04 07:54:41.956 1842 DEBUG novaclient.v2.client [-] GET call to compute for http://172.30.9.34:8774/v2.1/servers/detail used request id req-01e9d396-77cb-48cf-81b8-c8e88ec9ba23 request /usr/lib/python2.7/site-packages/keystoneauth1/session.py:844
2019-08-04 07:54:41.963 1842 RALLYDEBUG rally_openstack.cleanup.manager [-] Cleaning up nova server_groups objects
2019-08-04 07:54:42.383 1842 DEBUG novaclient.v2.client [-] REQ: curl -g -i -X GET http://172.30.9.34:8774/v2.1/os-server-groups -H "Accept: application/json" -H "User-Agent: python-novaclient" -H "X-Auth-Token: {SHA1}4d22b8c97e4f6738cd043ac1fa432046bdfc7982" _http_log_request /usr/lib/python2.7/site-packages/keystoneauth1/session.py:448
2019-08-04 07:54:42.651 1842 DEBUG novaclient.v2.client [-] RESP: [200] Content-Length: 21 Content-Type: application/json Date: Sun, 04 Aug 2019 07:54:42 GMT OpenStack-API-Version: compute 2.1 Server: Apache Vary: OpenStack-API-Version,X-OpenStack-Nova-API-Version X-OpenStack-Nova-API-Version: 2.1 x-compute-request-id: req-55190000-7cf5-418b-b407-f23022ac64e2 x-openstack-request-id: req-55190000-7cf5-418b-b407-f23022ac64e2 _http_log_response /usr/lib/python2.7/site-packages/keystoneauth1/session.py:479
2019-08-04 07:54:42.652 1842 DEBUG novaclient.v2.client [-] RESP BODY: {"server_groups": []} _http_log_response /usr/lib/python2.7/site-packages/keystoneauth1/session.py:511
2019-08-04 07:54:42.652 1842 DEBUG novaclient.v2.client [-] GET call to compute for http://172.30.9.34:8774/v2.1/os-server-groups used request id req-55190000-7cf5-418b-b407-f23022ac64e2 request /usr/lib/python2.7/site-packages/keystoneauth1/session.py:844
2019-08-04 07:54:43.084 1842 DEBUG novaclient.v2.client [-] REQ: curl -g -i -X GET http://172.30.9.34:8774/v2.1/os-server-groups -H "Accept: application/json" -H "User-Agent: python-novaclient" -H "X-Auth-Token: {SHA1}19e8d481956f5d7ca1f34acf1b861ea50d558538" _http_log_request /usr/lib/python2.7/site-packages/keystoneauth1/session.py:448
2019-08-04 07:54:43.366 1842 DEBUG novaclient.v2.client [-] RESP: [200] Content-Length: 21 Content-Type: application/json Date: Sun, 04 Aug 2019 07:54:43 GMT OpenStack-API-Version: compute 2.1 Server: Apache Vary: OpenStack-API-Version,X-OpenStack-Nova-API-Version X-OpenStack-Nova-API-Version: 2.1 x-compute-request-id: req-8cc15b27-1b67-4914-a8b4-fec5f58105b4 x-openstack-request-id: req-8cc15b27-1b67-4914-a8b4-fec5f58105b4 _http_log_response /usr/lib/python2.7/site-packages/keystoneauth1/session.py:479
2019-08-04 07:54:43.366 1842 DEBUG novaclient.v2.client [-] RESP BODY: {"server_groups": []} _http_log_response /usr/lib/python2.7/site-packages/keystoneauth1/session.py:511
2019-08-04 07:54:43.366 1842 DEBUG novaclient.v2.client [-] GET call to compute for http://172.30.9.34:8774/v2.1/os-server-groups used request id req-8cc15b27-1b67-4914-a8b4-fec5f58105b4 request /usr/lib/python2.7/site-packages/keystoneauth1/session.py:844
2019-08-04 07:54:43.788 1842 DEBUG novaclient.v2.client [-] REQ: curl -g -i -X GET http://172.30.9.34:8774/v2.1/os-server-groups -H "Accept: application/json" -H "User-Agent: python-novaclient" -H "X-Auth-Token: {SHA1}b586040e57bb92a141dee5cef4df3dffdbbd2bf8" _http_log_request /usr/lib/python2.7/site-packages/keystoneauth1/session.py:448
2019-08-04 07:54:44.005 1842 DEBUG novaclient.v2.client [-] RESP: [200] Content-Length: 21 Content-Type: application/json Date: Sun, 04 Aug 2019 07:54:43 GMT OpenStack-API-Version: compute 2.1 Server: Apache Vary: OpenStack-API-Version,X-OpenStack-Nova-API-Version X-OpenStack-Nova-API-Version: 2.1 x-compute-request-id: req-119cf24c-5b4d-4e4f-8c21-f6504aceb5ad x-openstack-request-id: req-119cf24c-5b4d-4e4f-8c21-f6504aceb5ad _http_log_response /usr/lib/python2.7/site-packages/keystoneauth1/session.py:479
2019-08-04 07:54:44.006 1842 DEBUG novaclient.v2.client [-] RESP BODY: {"server_groups": []} _http_log_response /usr/lib/python2.7/site-packages/keystoneauth1/session.py:511
2019-08-04 07:54:44.006 1842 DEBUG novaclient.v2.client [-] GET call to compute for http://172.30.9.34:8774/v2.1/os-server-groups used request id req-119cf24c-5b4d-4e4f-8c21-f6504aceb5ad request /usr/lib/python2.7/site-packages/keystoneauth1/session.py:844
2019-08-04 07:54:44.011 1842 RALLYDEBUG rally_openstack.cleanup.manager [-] Cleaning up nova keypairs objects
2019-08-04 07:54:44.429 1842 DEBUG novaclient.v2.client [-] REQ: curl -g -i -X GET http://172.30.9.34:8774/v2.1/os-keypairs -H "Accept: application/json" -H "User-Agent: python-novaclient" -H "X-Auth-Token: {SHA1}e2b422406f5d1af07cb511eca8d9f6312dfb6683" _http_log_request /usr/lib/python2.7/site-packages/keystoneauth1/session.py:448
2019-08-04 07:54:44.724 1842 DEBUG novaclient.v2.client [-] RESP: [200] Content-Length: 16 Content-Type: application/json Date: Sun, 04 Aug 2019 07:54:44 GMT OpenStack-API-Version: compute 2.1 Server: Apache Vary: OpenStack-API-Version,X-OpenStack-Nova-API-Version X-OpenStack-Nova-API-Version: 2.1 x-compute-request-id: req-2749892c-2e57-4042-b49c-1d1e869cb714 x-openstack-request-id: req-2749892c-2e57-4042-b49c-1d1e869cb714 _http_log_response /usr/lib/python2.7/site-packages/keystoneauth1/session.py:479
2019-08-04 07:54:44.725 1842 DEBUG novaclient.v2.client [-] RESP BODY: {"keypairs": []} _http_log_response /usr/lib/python2.7/site-packages/keystoneauth1/session.py:511
2019-08-04 07:54:44.725 1842 DEBUG novaclient.v2.client [-] GET call to compute for http://172.30.9.34:8774/v2.1/os-keypairs used request id req-2749892c-2e57-4042-b49c-1d1e869cb714 request /usr/lib/python2.7/site-packages/keystoneauth1/session.py:844
2019-08-04 07:54:45.149 1842 DEBUG novaclient.v2.client [-] REQ: curl -g -i -X GET http://172.30.9.34:8774/v2.1/os-keypairs -H "Accept: application/json" -H "User-Agent: python-novaclient" -H "X-Auth-Token: {SHA1}525b4114caa21cc2e84dee1dc8dcc4603c871251" _http_log_request /usr/lib/python2.7/site-packages/keystoneauth1/session.py:448
2019-08-04 07:54:45.454 1842 DEBUG novaclient.v2.client [-] RESP: [200] Content-Length: 16 Content-Type: application/json Date: Sun, 04 Aug 2019 07:54:45 GMT OpenStack-API-Version: compute 2.1 Server: Apache Vary: OpenStack-API-Version,X-OpenStack-Nova-API-Version X-OpenStack-Nova-API-Version: 2.1 x-compute-request-id: req-1bf59dbc-9411-4149-b48f-9f4682c41d95 x-openstack-request-id: req-1bf59dbc-9411-4149-b48f-9f4682c41d95 _http_log_response /usr/lib/python2.7/site-packages/keystoneauth1/session.py:479
2019-08-04 07:54:45.455 1842 DEBUG novaclient.v2.client [-] RESP BODY: {"keypairs": []} _http_log_response /usr/lib/python2.7/site-packages/keystoneauth1/session.py:511
2019-08-04 07:54:45.455 1842 DEBUG novaclient.v2.client [-] GET call to compute for http://172.30.9.34:8774/v2.1/os-keypairs used request id req-1bf59dbc-9411-4149-b48f-9f4682c41d95 request /usr/lib/python2.7/site-packages/keystoneauth1/session.py:844
2019-08-04 07:54:45.878 1842 DEBUG novaclient.v2.client [-] REQ: curl -g -i -X GET http://172.30.9.34:8774/v2.1/os-keypairs -H "Accept: application/json" -H "User-Agent: python-novaclient" -H "X-Auth-Token: {SHA1}f9db5806ab32a1d9546bdcfb22955e7829d7a395" _http_log_request /usr/lib/python2.7/site-packages/keystoneauth1/session.py:448
2019-08-04 07:54:46.087 1842 DEBUG novaclient.v2.client [-] RESP: [200] Content-Length: 16 Content-Type: application/json Date: Sun, 04 Aug 2019 07:54:45 GMT OpenStack-API-Version: compute 2.1 Server: Apache Vary: OpenStack-API-Version,X-OpenStack-Nova-API-Version X-OpenStack-Nova-API-Version: 2.1 x-compute-request-id: req-79b3bf33-98c9-4d4b-a306-6a5ca59ba827 x-openstack-request-id: req-79b3bf33-98c9-4d4b-a306-6a5ca59ba827 _http_log_response /usr/lib/python2.7/site-packages/keystoneauth1/session.py:479
2019-08-04 07:54:46.088 1842 DEBUG novaclient.v2.client [-] RESP BODY: {"keypairs": []} _http_log_response /usr/lib/python2.7/site-packages/keystoneauth1/session.py:511
2019-08-04 07:54:46.088 1842 DEBUG novaclient.v2.client [-] GET call to compute for http://172.30.9.34:8774/v2.1/os-keypairs used request id req-79b3bf33-98c9-4d4b-a306-6a5ca59ba827 request /usr/lib/python2.7/site-packages/keystoneauth1/session.py:844
2019-08-04 07:54:46.527 1842 DEBUG novaclient.v2.client [-] REQ: curl -g -i -X GET http://172.30.9.34:8774/v2.1/os-keypairs -H "Accept: application/json" -H "User-Agent: python-novaclient" -H "X-Auth-Token: {SHA1}67499e013f5c19e5e359b075815474c68d14073b" _http_log_request /usr/lib/python2.7/site-packages/keystoneauth1/session.py:448
2019-08-04 07:54:46.726 1842 DEBUG novaclient.v2.client [-] RESP: [200] Content-Length: 16 Content-Type: application/json Date: Sun, 04 Aug 2019 07:54:46 GMT OpenStack-API-Version: compute 2.1 Server: Apache Vary: OpenStack-API-Version,X-OpenStack-Nova-API-Version X-OpenStack-Nova-API-Version: 2.1 x-compute-request-id: req-71f24e5f-8454-45ea-9645-2cf0317cbb5d x-openstack-request-id: req-71f24e5f-8454-45ea-9645-2cf0317cbb5d _http_log_response /usr/lib/python2.7/site-packages/keystoneauth1/session.py:479
2019-08-04 07:54:46.726 1842 DEBUG novaclient.v2.client [-] RESP BODY: {"keypairs": []} _http_log_response /usr/lib/python2.7/site-packages/keystoneauth1/session.py:511
2019-08-04 07:54:46.726 1842 DEBUG novaclient.v2.client [-] GET call to compute for http://172.30.9.34:8774/v2.1/os-keypairs used request id req-71f24e5f-8454-45ea-9645-2cf0317cbb5d request /usr/lib/python2.7/site-packages/keystoneauth1/session.py:844
2019-08-04 07:54:47.134 1842 DEBUG novaclient.v2.client [-] REQ: curl -g -i -X GET http://172.30.9.34:8774/v2.1/os-keypairs -H "Accept: application/json" -H "User-Agent: python-novaclient" -H "X-Auth-Token: {SHA1}a4636f1b9e20c818bc99dab0b75ec64c73341f68" _http_log_request /usr/lib/python2.7/site-packages/keystoneauth1/session.py:448
2019-08-04 07:54:47.436 1842 DEBUG novaclient.v2.client [-] RESP: [200] Content-Length: 16 Content-Type: application/json Date: Sun, 04 Aug 2019 07:54:47 GMT OpenStack-API-Version: compute 2.1 Server: Apache Vary: OpenStack-API-Version,X-OpenStack-Nova-API-Version X-OpenStack-Nova-API-Version: 2.1 x-compute-request-id: req-97ec8b7d-4d40-4ef9-9e76-7fcfa0cfe01c x-openstack-request-id: req-97ec8b7d-4d40-4ef9-9e76-7fcfa0cfe01c _http_log_response /usr/lib/python2.7/site-packages/keystoneauth1/session.py:479
2019-08-04 07:54:47.437 1842 DEBUG novaclient.v2.client [-] RESP BODY: {"keypairs": []} _http_log_response /usr/lib/python2.7/site-packages/keystoneauth1/session.py:511
2019-08-04 07:54:47.437 1842 DEBUG novaclient.v2.client [-] GET call to compute for http://172.30.9.34:8774/v2.1/os-keypairs used request id req-97ec8b7d-4d40-4ef9-9e76-7fcfa0cfe01c request /usr/lib/python2.7/site-packages/keystoneauth1/session.py:844
2019-08-04 07:54:47.858 1842 DEBUG novaclient.v2.client [-] REQ: curl -g -i -X GET http://172.30.9.34:8774/v2.1/os-keypairs -H "Accept: application/json" -H "User-Agent: python-novaclient" -H "X-Auth-Token: {SHA1}9cdcac782e9d82baf365fd65492bf1a681efbeab" _http_log_request /usr/lib/python2.7/site-packages/keystoneauth1/session.py:448
2019-08-04 07:54:48.059 1842 DEBUG novaclient.v2.client [-] RESP: [200] Content-Length: 16 Content-Type: application/json Date: Sun, 04 Aug 2019 07:54:47 GMT OpenStack-API-Version: compute 2.1 Server: Apache Vary: OpenStack-API-Version,X-OpenStack-Nova-API-Version X-OpenStack-Nova-API-Version: 2.1 x-compute-request-id: req-ee1d55b8-e4fe-4272-aff4-79eb0fa0a4f0 x-openstack-request-id: req-ee1d55b8-e4fe-4272-aff4-79eb0fa0a4f0 _http_log_response /usr/lib/python2.7/site-packages/keystoneauth1/session.py:479
2019-08-04 07:54:48.060 1842 DEBUG novaclient.v2.client [-] RESP BODY: {"keypairs": []} _http_log_response /usr/lib/python2.7/site-packages/keystoneauth1/session.py:511
2019-08-04 07:54:48.060 1842 DEBUG novaclient.v2.client [-] GET call to compute for http://172.30.9.34:8774/v2.1/os-keypairs used request id req-ee1d55b8-e4fe-4272-aff4-79eb0fa0a4f0 request /usr/lib/python2.7/site-packages/keystoneauth1/session.py:844
2019-08-04 07:54:48.067 1842 RALLYDEBUG rally_openstack.cleanup.manager [-] Cleaning up cinder backups objects
2019-08-04 07:54:50.212 1842 RALLYDEBUG rally_openstack.cleanup.manager [-] Cleaning up cinder volume_snapshots objects
2019-08-04 07:54:52.319 1842 RALLYDEBUG rally_openstack.cleanup.manager [-] Cleaning up cinder transfers objects
2019-08-04 07:54:54.337 1842 RALLYDEBUG rally_openstack.cleanup.manager [-] Cleaning up cinder volumes objects
2019-08-04 07:54:56.364 1842 INFO rally.task.context [-] Task fc6651a0-264c-41c3-b07c-3850a46e9990 | Context cleanup@openstack cleanup() finished in 16.60 sec
2019-08-04 07:54:56.364 1842 INFO rally.task.context [-] Task fc6651a0-264c-41c3-b07c-3850a46e9990 | Context quotas@openstack cleanup() started
2019-08-04 07:54:56.821 1842 INFO rally.task.context [-] Task fc6651a0-264c-41c3-b07c-3850a46e9990 | Context quotas@openstack cleanup() finished in 0.46 sec
2019-08-04 07:54:56.821 1842 INFO rally.task.context [-] Task fc6651a0-264c-41c3-b07c-3850a46e9990 | Context api_versions@openstack cleanup() started
2019-08-04 07:54:56.822 1842 INFO rally.task.context [-] Task fc6651a0-264c-41c3-b07c-3850a46e9990 | Context api_versions@openstack cleanup() finished in 0.34 msec
2019-08-04 07:54:56.822 1842 INFO rally.task.context [-] Task fc6651a0-264c-41c3-b07c-3850a46e9990 | Context users@openstack cleanup() started
2019-08-04 07:55:03.596 1842 INFO rally.task.context [-] Task fc6651a0-264c-41c3-b07c-3850a46e9990 | Context users@openstack cleanup() finished in 6.77 sec
2019-08-04 07:55:05.099 1842 INFO rally.task.engine [-] Load duration is: 100.119424
2019-08-04 07:55:05.099 1842 INFO rally.task.engine [-] Full runner duration is: 101.171659
2019-08-04 07:55:05.100 1842 INFO rally.task.engine [-] Full duration is: 133.002467
2019-08-04 07:55:05.358 1842 INFO rally.task.engine [-] Running workload: position = 0 config = { "version": 2, "title": "A cropped version of a bigger task.", "description": "Auto-generated task from a single workload (uuid=7040477b-0438-4bb3-ba04-a6f6068705e4)", "subtasks": [ { "title": "CinderVolumes.create_volume", "description": "Create a volume.", "scenario": { "CinderVolumes.create_volume": { "size": 1 } }, "contexts": { "users": { "tenants": 3, "users_per_tenant": 2 }, "api_versions": { "cinder": { "version": 3, "service_type": "volumev3" } } }, "runner": { "constant": { "concurrency": 4, "times": 10 } }, "hooks": [], "sla": { "failure_rate": { "max": 0 } } } ] }
2019-08-04 07:55:05.384 1842 RALLYDEBUG rally_openstack.contexts.keystone.users [-] Creating 3 tenants using 20 threads
2019-08-04 07:55:07.165 1842 RALLYDEBUG rally_openstack.contexts.keystone.users [-] Creating 6 users using 20 threads
2019-08-04 07:55:10.023 1842 INFO rally.task.context [-] Task fc6651a0-264c-41c3-b07c-3850a46e9990 | Context users@openstack setup() finished in 4.64 sec
2019-08-04 07:55:10.434 1842 INFO rally.task.context [-] Task fc6651a0-264c-41c3-b07c-3850a46e9990 | Context api_versions@openstack setup() finished in 0.41 sec
2019-08-04 07:55:10.435 1842 INFO rally.task.context [-] Task fc6651a0-264c-41c3-b07c-3850a46e9990 | Context cleanup@openstack setup() finished in 0.02 msec
2019-08-04 07:55:10.442 1842 RALLYDEBUG rally.task.runner [-] Starting the constant runner (task UUID: fc6651a0-264c-41c3-b07c-3850a46e9990). timeout: 0 concurrency: 4 concurrency_per_worker: 1 times: 10 concurrency_overhead: 0 processes_to_start: 4 max_cpu_used: 16
2019-08-04 07:55:10.454 3474 RALLYDEBUG rally.task.runner [-] Starting a worker. concurrency: 1 args: {"size": 1} times: 10 method_name: run timeout: 0 duration: None cls:
2019-08-04 07:55:10.457 3475 RALLYDEBUG rally.task.runner [-] Starting a worker. concurrency: 1 args: {"size": 1} times: 10 method_name: run timeout: 0 duration: None cls:
2019-08-04 07:55:10.458 3476 RALLYDEBUG rally.task.runner [-] Starting a worker. concurrency: 1 args: {"size": 1} times: 10 method_name: run timeout: 0 duration: None cls:
2019-08-04 07:55:10.459 3477 RALLYDEBUG rally.task.runner [-] Starting a worker. concurrency: 1 args: {"size": 1} times: 10 method_name: run timeout: 0 duration: None cls:
2019-08-04 07:55:10.461 3474 INFO rally.task.runner [-] Task fc6651a0-264c-41c3-b07c-3850a46e9990 | ITER: 1 START
2019-08-04 07:55:10.463 3476 INFO rally.task.runner [-] Task fc6651a0-264c-41c3-b07c-3850a46e9990 | ITER: 3 START
2019-08-04 07:55:10.464 3475 INFO rally.task.runner [-] Task fc6651a0-264c-41c3-b07c-3850a46e9990 | ITER: 2 START
2019-08-04 07:55:10.465 3477 INFO rally.task.runner [-] Task fc6651a0-264c-41c3-b07c-3850a46e9990 | ITER: 4 START
2019-08-04 07:55:13.975 3475 INFO rally.task.runner [-] Task fc6651a0-264c-41c3-b07c-3850a46e9990 | ITER: 2 END: OK
2019-08-04 07:55:13.981 3475 INFO rally.task.runner [-] Task fc6651a0-264c-41c3-b07c-3850a46e9990 | ITER: 5 START
2019-08-04 07:55:13.990 3476 INFO rally.task.runner [-] Task fc6651a0-264c-41c3-b07c-3850a46e9990 | ITER: 3 END: OK
2019-08-04 07:55:13.995 3476 INFO rally.task.runner [-] Task fc6651a0-264c-41c3-b07c-3850a46e9990 | ITER: 6 START
2019-08-04 07:55:14.222 3477 INFO rally.task.runner [-] Task fc6651a0-264c-41c3-b07c-3850a46e9990 | ITER: 4 END: OK
2019-08-04 07:55:14.227 3477 INFO rally.task.runner [-] Task fc6651a0-264c-41c3-b07c-3850a46e9990 | ITER: 7 START
2019-08-04 07:55:14.309 3474 INFO rally.task.runner [-] Task fc6651a0-264c-41c3-b07c-3850a46e9990 | ITER: 1 END: OK
2019-08-04 07:55:14.314 3474 INFO rally.task.runner [-] Task fc6651a0-264c-41c3-b07c-3850a46e9990 | ITER: 8 START
2019-08-04 07:55:17.295 3475 INFO rally.task.runner [-] Task fc6651a0-264c-41c3-b07c-3850a46e9990 | ITER: 5 END: OK
2019-08-04 07:55:17.299 3475 INFO rally.task.runner [-] Task fc6651a0-264c-41c3-b07c-3850a46e9990 | ITER: 9 START
2019-08-04 07:55:17.528 3476 INFO rally.task.runner [-] Task fc6651a0-264c-41c3-b07c-3850a46e9990 | ITER: 6 END: OK
2019-08-04 07:55:17.533 3476 INFO rally.task.runner [-] Task fc6651a0-264c-41c3-b07c-3850a46e9990 | ITER: 10 START
2019-08-04 07:55:17.613 3477 INFO rally.task.runner [-] Task fc6651a0-264c-41c3-b07c-3850a46e9990 | ITER: 7 END: OK
2019-08-04 07:55:18.066 3474 INFO rally.task.runner [-] Task fc6651a0-264c-41c3-b07c-3850a46e9990 | ITER: 8 END: OK
2019-08-04 07:55:20.805 3475 INFO rally.task.runner [-] Task fc6651a0-264c-41c3-b07c-3850a46e9990 | ITER: 9 END: OK
2019-08-04 07:55:20.883 3476 INFO rally.task.runner [-] Task fc6651a0-264c-41c3-b07c-3850a46e9990 | ITER: 10 END: OK
2019-08-04 07:55:20.908 1842 INFO rally.task.context [-] Task fc6651a0-264c-41c3-b07c-3850a46e9990 | Context cleanup@openstack cleanup() started
2019-08-04 07:55:20.911 1842 RALLYDEBUG rally_openstack.cleanup.manager [-] Cleaning up cinder backups objects
2019-08-04 07:55:22.939 1842 RALLYDEBUG rally_openstack.cleanup.manager [-] Cleaning up cinder volume_snapshots objects
2019-08-04 07:55:24.942 1842 RALLYDEBUG rally_openstack.cleanup.manager [-] Cleaning up cinder transfers objects
2019-08-04 07:55:26.816 1842 RALLYDEBUG rally_openstack.cleanup.manager [-] Cleaning up cinder volumes objects
2019-08-04 07:55:29.003 1842 RALLYDEBUG rally_openstack.cleanup.manager [-] Deleting cinder.volumes object s_rally_7040477b_a8oyJ3gA (7d9f6252-1e2a-40b4-a2c9-bf71e99776ce)
2019-08-04 07:55:29.004 1842 RALLYDEBUG rally_openstack.cleanup.manager [-] Deleting cinder.volumes object s_rally_7040477b_uy5GXBjj (de215e35-27b8-48db-bb55-143797fbc0cb)
2019-08-04 07:55:29.009 1842 RALLYDEBUG rally_openstack.cleanup.manager [-] Deleting cinder.volumes object s_rally_7040477b_ubPnoeoe (c90871c8-8744-4d38-a592-7a91ec8466ee)
2019-08-04 07:55:29.014 1842 RALLYDEBUG rally_openstack.cleanup.manager [-] Deleting cinder.volumes object s_rally_7040477b_gIGyIABO (1833152c-11fd-4669-af1a-fdaa9413f6a5)
2019-08-04 07:55:29.015 1842 RALLYDEBUG rally_openstack.cleanup.manager [-] Deleting cinder.volumes object s_rally_7040477b_ja6foCo1 (dced27a7-ff29-4cf2-9fbf-3e5b1c74b7ee)
2019-08-04 07:55:29.027 1842 RALLYDEBUG rally_openstack.cleanup.manager [-] Deleting cinder.volumes object s_rally_7040477b_fMPa43dr (c12b58e2-efa1-4aca-aa33-8a90363fc990)
2019-08-04 07:55:29.029 1842 RALLYDEBUG rally_openstack.cleanup.manager [-] Deleting cinder.volumes object s_rally_7040477b_NkllQXBI (b7d81917-33de-44e9-b903-98da9256d5ff)
2019-08-04 07:55:29.031 1842 RALLYDEBUG rally_openstack.cleanup.manager [-] Deleting cinder.volumes object s_rally_7040477b_cLFoiAzn (117650f9-b67a-48c6-a8cf-8f6b97806e8d)
2019-08-04 07:55:29.041 1842 RALLYDEBUG rally_openstack.cleanup.manager [-] Deleting cinder.volumes object s_rally_7040477b_0QyBXCAC (0ef28d79-e972-4ea4-bf82-c59c76ff79a6)
2019-08-04 07:55:29.041 1842 RALLYDEBUG rally_openstack.cleanup.manager [-] Deleting cinder.volumes object s_rally_7040477b_odTPprVg (b1f6e704-9e6e-48ea-be4c-55416c70389b)
2019-08-04 07:55:33.026 1842 INFO rally.task.context [-] Task fc6651a0-264c-41c3-b07c-3850a46e9990 | Context cleanup@openstack cleanup() finished in 12.12 sec
2019-08-04 07:55:33.026 1842 INFO rally.task.context [-] Task fc6651a0-264c-41c3-b07c-3850a46e9990 | Context api_versions@openstack cleanup() started
2019-08-04 07:55:33.026 1842 INFO rally.task.context [-] Task fc6651a0-264c-41c3-b07c-3850a46e9990 | Context api_versions@openstack cleanup() finished in 0.33 msec
2019-08-04 07:55:33.027 1842 INFO rally.task.context [-] Task fc6651a0-264c-41c3-b07c-3850a46e9990 | Context users@openstack cleanup() started
2019-08-04 07:55:40.565 1842 INFO rally.task.context [-] Task fc6651a0-264c-41c3-b07c-3850a46e9990 | Context users@openstack cleanup() finished in 7.54 sec
2019-08-04 07:55:41.538 1842 INFO rally.task.engine [-] Load duration is: 10.419208
2019-08-04 07:55:41.538 1842 INFO rally.task.engine [-] Full runner duration is: 10.466273
2019-08-04 07:55:41.538 1842 INFO rally.task.engine [-] Full duration is: 35.183822
2019-08-04 07:55:41.684 1842 INFO rally.task.engine [-] Running workload: position = 1 config = { "version": 2, "title": "A cropped version of a bigger task.", "description": "Auto-generated task from a single workload (uuid=8cdce5ea-4acc-47a4-b106-143c12efa516)", "subtasks": [ { "title": "CinderVolumes.create_volume", "description": "Create a volume.", "scenario": { "CinderVolumes.create_volume": { "size": { "min": 1, "max": 1 } } }, "contexts": { "users": { "tenants": 3, "users_per_tenant": 2 }, "quotas": { "cinder": { "gigabytes": -1, "snapshots": -1, "volumes": -1 } }, "api_versions": { "cinder": { "version": 3, "service_type": "volumev3" } } }, "runner": { "constant": { "concurrency": 4, "times": 10 } }, "hooks": [], "sla": { "failure_rate": { "max": 0 } } } ] }
2019-08-04 07:55:41.711 1842 RALLYDEBUG rally_openstack.contexts.keystone.users [-] Creating 3 tenants using 20 threads
2019-08-04 07:55:43.506 1842 RALLYDEBUG rally_openstack.contexts.keystone.users [-] Creating 6 users using 20 threads
2019-08-04 07:55:46.413 1842 INFO rally.task.context [-] Task fc6651a0-264c-41c3-b07c-3850a46e9990 | Context users@openstack setup() finished in 4.70 sec
2019-08-04 07:55:46.840 1842 INFO rally.task.context [-] Task fc6651a0-264c-41c3-b07c-3850a46e9990 | Context api_versions@openstack setup() finished in 0.43 sec
2019-08-04 07:55:48.392 1842 INFO rally.task.context [-] Task fc6651a0-264c-41c3-b07c-3850a46e9990 | Context quotas@openstack setup() finished in 1.55 sec
2019-08-04 07:55:48.392 1842 INFO rally.task.context [-] Task fc6651a0-264c-41c3-b07c-3850a46e9990 | Context cleanup@openstack setup() finished in 0.01 msec
2019-08-04 07:55:48.401 1842 RALLYDEBUG rally.task.runner [-] Starting the constant runner (task UUID: fc6651a0-264c-41c3-b07c-3850a46e9990). timeout: 0 concurrency: 4 concurrency_per_worker: 1 times: 10 concurrency_overhead: 0 processes_to_start: 4 max_cpu_used: 16
2019-08-04 07:55:48.413 3658 RALLYDEBUG rally.task.runner [-] Starting a worker. concurrency: 1 args: {"size": {"min": 1, "max": 1}} times: 10 method_name: run timeout: 0 duration: None cls:
2019-08-04 07:55:48.416 3659 RALLYDEBUG rally.task.runner [-] Starting a worker. concurrency: 1 args: {"size": {"min": 1, "max": 1}} times: 10 method_name: run timeout: 0 duration: None cls:
2019-08-04 07:55:48.418 3660 RALLYDEBUG rally.task.runner [-] Starting a worker. concurrency: 1 args: {"size": {"min": 1, "max": 1}} times: 10 method_name: run timeout: 0 duration: None cls:
2019-08-04 07:55:48.420 3661 RALLYDEBUG rally.task.runner [-] Starting a worker. concurrency: 1 args: {"size": {"min": 1, "max": 1}} times: 10 method_name: run timeout: 0 duration: None cls:
2019-08-04 07:55:48.423 3658 INFO rally.task.runner [-] Task fc6651a0-264c-41c3-b07c-3850a46e9990 | ITER: 1 START
2019-08-04 07:55:48.424 3659 INFO rally.task.runner [-] Task fc6651a0-264c-41c3-b07c-3850a46e9990 | ITER: 2 START
2019-08-04 07:55:48.424 3661 INFO rally.task.runner [-] Task fc6651a0-264c-41c3-b07c-3850a46e9990 | ITER: 4 START
2019-08-04 07:55:48.425 3660 INFO rally.task.runner [-] Task fc6651a0-264c-41c3-b07c-3850a46e9990 | ITER: 3 START
2019-08-04 07:55:51.969 3659 INFO rally.task.runner [-] Task fc6651a0-264c-41c3-b07c-3850a46e9990 | ITER: 2 END: OK
2019-08-04 07:55:51.975 3659 INFO rally.task.runner [-] Task fc6651a0-264c-41c3-b07c-3850a46e9990 | ITER: 5 START
2019-08-04 07:55:52.074 3658 INFO rally.task.runner [-] Task fc6651a0-264c-41c3-b07c-3850a46e9990 | ITER: 1 END: OK
2019-08-04 07:55:52.080 3658 INFO rally.task.runner [-] Task fc6651a0-264c-41c3-b07c-3850a46e9990 | ITER: 6 START
2019-08-04 07:55:52.082 3660 INFO rally.task.runner [-] Task fc6651a0-264c-41c3-b07c-3850a46e9990 | ITER: 3 END: OK
2019-08-04 07:55:52.087 3660 INFO rally.task.runner [-] Task fc6651a0-264c-41c3-b07c-3850a46e9990 | ITER: 7 START
2019-08-04 07:55:52.114 3661 INFO rally.task.runner [-] Task fc6651a0-264c-41c3-b07c-3850a46e9990 | ITER: 4 END: OK
2019-08-04 07:55:52.120 3661 INFO rally.task.runner [-] Task fc6651a0-264c-41c3-b07c-3850a46e9990 | ITER: 8 START
2019-08-04 07:55:55.588 3659 INFO rally.task.runner [-] Task fc6651a0-264c-41c3-b07c-3850a46e9990 | ITER: 5 END: OK
2019-08-04 07:55:55.593 3659 INFO rally.task.runner [-] Task fc6651a0-264c-41c3-b07c-3850a46e9990 | ITER: 9 START
2019-08-04 07:55:55.643 3658 INFO rally.task.runner [-] Task fc6651a0-264c-41c3-b07c-3850a46e9990 | ITER: 6 END: OK
2019-08-04 07:55:55.647 3658 INFO rally.task.runner [-] Task fc6651a0-264c-41c3-b07c-3850a46e9990 | ITER: 10 START
2019-08-04 07:55:55.706 3660 INFO rally.task.runner [-] Task fc6651a0-264c-41c3-b07c-3850a46e9990 | ITER: 7 END: OK
2019-08-04 07:55:55.710 3661 INFO rally.task.runner [-] Task fc6651a0-264c-41c3-b07c-3850a46e9990 | ITER: 8 END: OK
2019-08-04 07:55:59.079 3659 INFO rally.task.runner [-] Task fc6651a0-264c-41c3-b07c-3850a46e9990 | ITER: 9 END: OK
2019-08-04 07:55:59.083 3658 INFO rally.task.runner [-] Task fc6651a0-264c-41c3-b07c-3850a46e9990 | ITER: 10 END: OK
2019-08-04 07:55:59.107 1842 INFO rally.task.context [-] Task fc6651a0-264c-41c3-b07c-3850a46e9990 | Context cleanup@openstack cleanup() started
2019-08-04 07:55:59.109 1842 RALLYDEBUG rally_openstack.cleanup.manager [-] Cleaning up cinder backups objects
2019-08-04 07:56:01.132 1842 RALLYDEBUG rally_openstack.cleanup.manager [-] Cleaning up cinder volume_snapshots objects
2019-08-04 07:56:03.003 1842 RALLYDEBUG rally_openstack.cleanup.manager [-] Cleaning up cinder transfers objects
2019-08-04 07:56:04.950 1842 RALLYDEBUG rally_openstack.cleanup.manager [-] Cleaning up cinder volumes objects
2019-08-04 07:56:07.024 1842 RALLYDEBUG rally_openstack.cleanup.manager [-] Deleting cinder.volumes object s_rally_8cdce5ea_Zy2tH4kN (7df0fa24-8a22-40f4-9bc6-74ce63f0e658)
2019-08-04 07:56:07.027 1842 RALLYDEBUG rally_openstack.cleanup.manager [-] Deleting cinder.volumes object s_rally_8cdce5ea_epuREDf8 (8d3e35dd-396a-4769-81d7-c8a0e88cdceb)
2019-08-04 07:56:07.032 1842 RALLYDEBUG rally_openstack.cleanup.manager [-] Deleting cinder.volumes object s_rally_8cdce5ea_qBEE0yqh (09efc2fa-7d7f-4932-84f7-f4d45fbb2f9d)
2019-08-04 07:56:07.036 1842 RALLYDEBUG rally_openstack.cleanup.manager [-] Deleting cinder.volumes object s_rally_8cdce5ea_w03By8mg (d17c6415-4f19-41b8-bf87-338afbd1aeb6)
2019-08-04 07:56:07.038 1842 RALLYDEBUG rally_openstack.cleanup.manager [-] Deleting cinder.volumes object s_rally_8cdce5ea_sleP2b1J (91e733b1-1493-4b43-813a-79acd34f7c66)
2019-08-04 07:56:07.049 1842 RALLYDEBUG rally_openstack.cleanup.manager [-] Deleting cinder.volumes object s_rally_8cdce5ea_kL15ruoo (a722df32-5432-442c-9714-37bf2e203495)
2019-08-04 07:56:07.051 1842 RALLYDEBUG rally_openstack.cleanup.manager [-] Deleting cinder.volumes object s_rally_8cdce5ea_HaD9Iynv (c7216416-716f-4b66-8c4e-606b9ae9f43c)
2019-08-04 07:56:07.052 1842 RALLYDEBUG rally_openstack.cleanup.manager [-] Deleting cinder.volumes object s_rally_8cdce5ea_cfQsxzuH (86349894-30eb-4579-b433-fe4c15dbe3cf)
2019-08-04 07:56:07.060 1842 RALLYDEBUG rally_openstack.cleanup.manager [-] Deleting cinder.volumes object s_rally_8cdce5ea_wgGDdzqy (3a48af93-abba-4799-be56-b9db68fed82c)
2019-08-04 07:56:07.070 1842 RALLYDEBUG rally_openstack.cleanup.manager [-] Deleting cinder.volumes object s_rally_8cdce5ea_RqLx2jhq (0f04ba72-3b78-41d4-bb24-1d177a55fff3)
2019-08-04 07:56:12.187 1842 INFO rally.task.context [-] Task fc6651a0-264c-41c3-b07c-3850a46e9990 | Context cleanup@openstack cleanup() finished in 13.08 sec
2019-08-04 07:56:12.187 1842 INFO rally.task.context [-] Task fc6651a0-264c-41c3-b07c-3850a46e9990 | Context quotas@openstack cleanup() started
2019-08-04 07:56:12.694 1842 INFO rally.task.context [-] Task fc6651a0-264c-41c3-b07c-3850a46e9990 | Context quotas@openstack cleanup() finished in 0.51 sec
2019-08-04 07:56:12.694 1842 INFO rally.task.context [-] Task fc6651a0-264c-41c3-b07c-3850a46e9990 | Context api_versions@openstack cleanup() started
2019-08-04 07:56:12.694 1842 INFO rally.task.context [-] Task fc6651a0-264c-41c3-b07c-3850a46e9990 | Context api_versions@openstack cleanup() finished in 0.32 msec
2019-08-04 07:56:12.695 1842 INFO rally.task.context [-] Task fc6651a0-264c-41c3-b07c-3850a46e9990 | Context users@openstack cleanup() started
2019-08-04 07:56:19.649 1842 INFO rally.task.context [-] Task fc6651a0-264c-41c3-b07c-3850a46e9990 | Context users@openstack cleanup() finished in 6.95 sec
2019-08-04 07:56:19.881 1842 INFO rally.task.engine [-] Load duration is: 10.656366
2019-08-04 07:56:19.882 1842 INFO rally.task.engine [-] Full runner duration is: 10.707348
2019-08-04 07:56:19.882 1842 INFO rally.task.engine [-] Full duration is: 37.940742
2019-08-04 07:56:20.083 1842 INFO rally.task.engine [-] Running workload: position = 0 config = { "version": 2, "title": "A cropped version of a bigger task.", "description": "Auto-generated task from a single workload (uuid=a74fe950-8561-4954-8e40-a95ca76d2079)", "subtasks": [ { "title": "CinderVolumes.list_volumes", "description": "List all volumes.", "scenario": { "CinderVolumes.list_volumes": { "detailed": true } }, "contexts": { "users": { "tenants": 3, "users_per_tenant": 2 }, "quotas": { "cinder": { "gigabytes": -1, "snapshots": -1, "volumes": -1 } }, "api_versions": { "cinder": { "version": 3, "service_type": "volumev3" } }, "volumes": { "size": 1, "volumes_per_tenant": 4 } }, "runner": { "constant": { "concurrency": 4, "times": 10 } }, "hooks": [], "sla": { "failure_rate": { "max": 0 } } } ] }
2019-08-04 07:56:20.106 1842 RALLYDEBUG rally_openstack.contexts.keystone.users [-] Creating 3 tenants using 20 threads
2019-08-04 07:56:22.020 1842 RALLYDEBUG rally_openstack.contexts.keystone.users [-] Creating 6 users using 20 threads
2019-08-04 07:56:24.648 1842 INFO rally.task.context [-] Task fc6651a0-264c-41c3-b07c-3850a46e9990 | Context users@openstack setup() finished in 4.54 sec
2019-08-04 07:56:25.055 1842 INFO rally.task.context [-] Task fc6651a0-264c-41c3-b07c-3850a46e9990 | Context api_versions@openstack setup() finished in 0.41 sec
2019-08-04 07:56:26.730 1842 INFO rally.task.context [-] Task fc6651a0-264c-41c3-b07c-3850a46e9990 | Context quotas@openstack setup() finished in 1.67 sec
2019-08-04 07:57:02.405 1842 INFO rally.task.context [-] Task fc6651a0-264c-41c3-b07c-3850a46e9990 | Context volumes@openstack setup() finished in 35.67 sec
2019-08-04 07:57:02.413 1842 RALLYDEBUG rally.task.runner [-] Starting the constant runner (task UUID: fc6651a0-264c-41c3-b07c-3850a46e9990). timeout: 0 concurrency: 4 concurrency_per_worker: 1 times: 10 concurrency_overhead: 0 processes_to_start: 4 max_cpu_used: 16
2019-08-04 07:57:02.426 3842 RALLYDEBUG rally.task.runner [-] Starting a worker. concurrency: 1 args: {"detailed": true} times: 10 method_name: run timeout: 0 duration: None cls:
2019-08-04 07:57:02.430 3843 RALLYDEBUG rally.task.runner [-] Starting a worker. concurrency: 1 args: {"detailed": true} times: 10 method_name: run timeout: 0 duration: None cls:
2019-08-04 07:57:02.433 3844 RALLYDEBUG rally.task.runner [-] Starting a worker. concurrency: 1 args: {"detailed": true} times: 10 method_name: run timeout: 0 duration: None cls:
2019-08-04 07:57:02.435 3842 INFO rally.task.runner [-] Task fc6651a0-264c-41c3-b07c-3850a46e9990 | ITER: 1 START
2019-08-04 07:57:02.436 3845 RALLYDEBUG rally.task.runner [-] Starting a worker. concurrency: 1 args: {"detailed": true} times: 10 method_name: run timeout: 0 duration: None cls:
2019-08-04 07:57:02.439 3843 INFO rally.task.runner [-] Task fc6651a0-264c-41c3-b07c-3850a46e9990 | ITER: 2 START
2019-08-04 07:57:02.441 3844 INFO rally.task.runner [-] Task fc6651a0-264c-41c3-b07c-3850a46e9990 | ITER: 3 START
2019-08-04 07:57:02.444 3845 INFO rally.task.runner [-] Task fc6651a0-264c-41c3-b07c-3850a46e9990 | ITER: 4 START
2019-08-04 07:57:03.157 3843 INFO rally.task.runner [-] Task fc6651a0-264c-41c3-b07c-3850a46e9990 | ITER: 2 END: OK
2019-08-04 07:57:03.162 3843 INFO rally.task.runner [-] Task fc6651a0-264c-41c3-b07c-3850a46e9990 | ITER: 5 START
2019-08-04 07:57:03.288 3844 INFO rally.task.runner [-] Task fc6651a0-264c-41c3-b07c-3850a46e9990 | ITER: 3 END: OK
2019-08-04 07:57:03.292 3842 INFO rally.task.runner [-] Task fc6651a0-264c-41c3-b07c-3850a46e9990 | ITER: 1 END: OK
2019-08-04 07:57:03.294 3844 INFO rally.task.runner [-] Task fc6651a0-264c-41c3-b07c-3850a46e9990 | ITER: 6 START
2019-08-04 07:57:03.298 3842 INFO rally.task.runner [-] Task fc6651a0-264c-41c3-b07c-3850a46e9990 | ITER: 7 START
2019-08-04 07:57:03.426 3845 INFO rally.task.runner [-] Task fc6651a0-264c-41c3-b07c-3850a46e9990 | ITER: 4 END: OK
2019-08-04 07:57:03.432 3845 INFO rally.task.runner [-] Task fc6651a0-264c-41c3-b07c-3850a46e9990 | ITER: 8 START
2019-08-04 07:57:03.850 3843 INFO rally.task.runner [-] Task fc6651a0-264c-41c3-b07c-3850a46e9990 | ITER: 5 END: OK
2019-08-04 07:57:03.854 3843 INFO rally.task.runner [-] Task fc6651a0-264c-41c3-b07c-3850a46e9990 | ITER: 9 START
2019-08-04 07:57:04.117 3844 INFO rally.task.runner [-] Task fc6651a0-264c-41c3-b07c-3850a46e9990 | ITER: 6 END: OK
2019-08-04 07:57:04.122 3844 INFO rally.task.runner [-] Task fc6651a0-264c-41c3-b07c-3850a46e9990 | ITER: 10 START
2019-08-04 07:57:04.137 3842 INFO rally.task.runner [-] Task fc6651a0-264c-41c3-b07c-3850a46e9990 | ITER: 7 END: OK
2019-08-04 07:57:04.165 3845 INFO rally.task.runner [-] Task fc6651a0-264c-41c3-b07c-3850a46e9990 | ITER: 8 END: OK
2019-08-04 07:57:04.612 3843 INFO rally.task.runner [-] Task fc6651a0-264c-41c3-b07c-3850a46e9990 | ITER: 9 END: OK
2019-08-04 07:57:04.818 3844 INFO rally.task.runner [-] Task fc6651a0-264c-41c3-b07c-3850a46e9990 | ITER: 10 END: OK
2019-08-04 07:57:04.845 1842 INFO rally.task.context [-] Task fc6651a0-264c-41c3-b07c-3850a46e9990 | Context volumes@openstack cleanup() started
2019-08-04 07:57:04.846 1842 RALLYDEBUG rally_openstack.cleanup.manager [-] Cleaning up cinder volumes objects
2019-08-04 07:57:06.983 1842 RALLYDEBUG rally_openstack.cleanup.manager [-] Deleting cinder.volumes object c_rally_a74fe950_HYFZK4LX (ffaeff96-b1fb-45e3-b665-c2305c7a2f23)
2019-08-04 07:57:06.986 1842 RALLYDEBUG rally_openstack.cleanup.manager [-] Deleting cinder.volumes object c_rally_a74fe950_tcVvlgTL (4393f1c9-7fb2-4deb-a032-94172ade1de0)
2019-08-04 07:57:06.990 1842 RALLYDEBUG rally_openstack.cleanup.manager [-] Deleting cinder.volumes object c_rally_a74fe950_14xezUmX (582829e4-07ab-4194-90dc-b14866c88c13)
2019-08-04 07:57:06.996 1842 RALLYDEBUG rally_openstack.cleanup.manager [-] Deleting cinder.volumes object c_rally_a74fe950_rx4D2iUP (482224e3-f62c-49a4-887f-1a441f37cb37)
2019-08-04 07:57:07.001 1842 RALLYDEBUG rally_openstack.cleanup.manager [-] Deleting cinder.volumes object c_rally_a74fe950_g0PT4kiZ (d1048511-1ca2-4ea7-90b4-78b232db9a00)
2019-08-04 07:57:07.005 1842 RALLYDEBUG rally_openstack.cleanup.manager [-] Deleting cinder.volumes object c_rally_a74fe950_SoFnumYy (420ded60-9114-490a-8e0e-a912b5910f3e)
2019-08-04 07:57:07.005 1842 RALLYDEBUG rally_openstack.cleanup.manager [-] Deleting cinder.volumes object c_rally_a74fe950_wcoWa3mz (7d148e9d-7a2a-48c2-945b-4493e46d805a)
2019-08-04 07:57:07.010 1842 RALLYDEBUG rally_openstack.cleanup.manager [-] Deleting cinder.volumes object c_rally_a74fe950_37nzslxF (a966857f-c480-4a95-b893-e805b17821f8)
2019-08-04 07:57:07.022 1842 RALLYDEBUG rally_openstack.cleanup.manager [-] Deleting cinder.volumes object c_rally_a74fe950_6MumKGh1 (7f8ad4e3-3a91-438e-899b-8ca7825ea01b)
2019-08-04 07:57:07.027 1842 RALLYDEBUG rally_openstack.cleanup.manager [-] Deleting cinder.volumes object c_rally_a74fe950_dOjxPQwr (5dcf208a-7a1d-4f30-a7ad-a617c55b2c96)
2019-08-04 07:57:07.035 1842 RALLYDEBUG rally_openstack.cleanup.manager [-] Deleting cinder.volumes object c_rally_a74fe950_vG2a8kva (90ee8e90-38a1-4a89-9797-eaa30ba9bce1)
2019-08-04 07:57:07.046 1842 RALLYDEBUG rally_openstack.cleanup.manager [-] Deleting cinder.volumes object c_rally_a74fe950_Tj6l05Q5 (87da4217-f6c5-438e-9daf-40ef6e79401e)
2019-08-04 07:57:12.984 1842 INFO rally.task.context [-] Task fc6651a0-264c-41c3-b07c-3850a46e9990 | Context volumes@openstack cleanup() finished in 8.14 sec
2019-08-04 07:57:12.985 1842 INFO rally.task.context [-] Task fc6651a0-264c-41c3-b07c-3850a46e9990 | Context quotas@openstack cleanup() started
2019-08-04 07:57:13.445 1842 INFO rally.task.context [-] Task fc6651a0-264c-41c3-b07c-3850a46e9990 | Context quotas@openstack cleanup() finished in 0.46 sec
2019-08-04 07:57:13.445 1842 INFO rally.task.context [-] Task fc6651a0-264c-41c3-b07c-3850a46e9990 | Context api_versions@openstack cleanup() started
2019-08-04 07:57:13.445 1842 INFO rally.task.context [-] Task fc6651a0-264c-41c3-b07c-3850a46e9990 | Context api_versions@openstack cleanup() finished in 0.32 msec
2019-08-04 07:57:13.446 1842 INFO rally.task.context [-] Task fc6651a0-264c-41c3-b07c-3850a46e9990 | Context users@openstack cleanup() started
2019-08-04 07:57:20.564 1842 INFO rally.task.context [-] Task fc6651a0-264c-41c3-b07c-3850a46e9990 | Context users@openstack cleanup() finished in 7.12 sec
2019-08-04 07:57:22.352 1842 INFO rally.task.engine [-] Load duration is: 2.379596
2019-08-04 07:57:22.352 1842 INFO rally.task.engine [-] Full runner duration is: 2.433604
2019-08-04 07:57:22.353 1842 INFO rally.task.engine [-] Full duration is: 60.461353
2019-08-04 07:57:22.580 1842 INFO rally.task.engine [-] Running workload: position = 0 config = { "version": 2, "title": "A cropped version of a bigger task.", "description": "Auto-generated task from a single workload (uuid=8cbf0f1f-6474-4d75-a848-00bd521a6379)", "subtasks": [ { "title": "CinderVolumes.create_and_delete_snapshot", "description": "Create and then delete a volume-snapshot.", "scenario": { "CinderVolumes.create_and_delete_snapshot": { "force": false } }, "contexts": { "users": { "tenants": 3, "users_per_tenant": 2 }, "quotas": { "cinder": { "gigabytes": -1, "snapshots": -1, "volumes": -1 } }, "api_versions": { "cinder": { "version": 3, "service_type": "volumev3" } }, "volumes": { "size": 1, "volumes_per_tenant": 1 } }, "runner": { "constant": { "concurrency": 4, "times": 10 } }, "hooks": [], "sla": { "failure_rate": { "max": 0 } } } ] }
2019-08-04 07:57:22.605 1842 RALLYDEBUG rally_openstack.contexts.keystone.users [-] Creating 3 tenants using 20 threads
2019-08-04 07:57:24.447 1842 RALLYDEBUG rally_openstack.contexts.keystone.users [-] Creating 6 users using 20 threads
2019-08-04 07:57:27.058 1842 INFO rally.task.context [-] Task fc6651a0-264c-41c3-b07c-3850a46e9990 | Context users@openstack setup() finished in 4.45 sec
2019-08-04 07:57:27.475 1842 INFO rally.task.context [-] Task fc6651a0-264c-41c3-b07c-3850a46e9990 | Context api_versions@openstack setup() finished in 0.42 sec
2019-08-04 07:57:29.114 1842 INFO rally.task.context [-] Task fc6651a0-264c-41c3-b07c-3850a46e9990 | Context quotas@openstack setup() finished in 1.64 sec
2019-08-04 07:57:39.890 1842 INFO rally.task.context [-] Task fc6651a0-264c-41c3-b07c-3850a46e9990 | Context volumes@openstack setup() finished in 10.78 sec
2019-08-04 07:57:39.890 1842 INFO rally.task.context [-] Task fc6651a0-264c-41c3-b07c-3850a46e9990 | Context cleanup@openstack setup() finished in 0.01 msec
2019-08-04 07:57:39.898 1842 RALLYDEBUG rally.task.runner [-] Starting the constant runner (task UUID: fc6651a0-264c-41c3-b07c-3850a46e9990). timeout: 0 concurrency: 4 concurrency_per_worker: 1 times: 10 concurrency_overhead: 0 processes_to_start: 4 max_cpu_used: 16
2019-08-04 07:57:39.909 3966 RALLYDEBUG rally.task.runner [-] Starting a worker. concurrency: 1 args: {"force": false} times: 10 method_name: run timeout: 0 duration: None cls:
2019-08-04 07:57:39.913 3967 RALLYDEBUG rally.task.runner [-] Starting a worker. concurrency: 1 args: {"force": false} times: 10 method_name: run timeout: 0 duration: None cls:
2019-08-04 07:57:39.915 3968 RALLYDEBUG rally.task.runner [-] Starting a worker. concurrency: 1 args: {"force": false} times: 10 method_name: run timeout: 0 duration: None cls:
2019-08-04 07:57:39.918 3966 INFO rally.task.runner [-] Task fc6651a0-264c-41c3-b07c-3850a46e9990 | ITER: 1 START
2019-08-04 07:57:39.923 3967 INFO rally.task.runner [-] Task fc6651a0-264c-41c3-b07c-3850a46e9990 | ITER: 2 START
2019-08-04 07:57:39.923 3968 INFO rally.task.runner [-] Task fc6651a0-264c-41c3-b07c-3850a46e9990 | ITER: 3 START
2019-08-04 07:57:39.923 3969 RALLYDEBUG rally.task.runner [-] Starting a worker. concurrency: 1 args: {"force": false} times: 10 method_name: run timeout: 0 duration: None cls:
2019-08-04 07:57:39.934 3969 INFO rally.task.runner [-] Task fc6651a0-264c-41c3-b07c-3850a46e9990 | ITER: 4 START
2019-08-04 07:57:43.768 3968 RALLYDEBUG rally.task.utils [-] Waiting for resource s_rally_8cbf0f1f_LBvO5yXQ. Status changed: AVAILABLE => DELETING in 0.261973142624
2019-08-04 07:57:43.798 3967 RALLYDEBUG rally.task.utils [-] Waiting for resource s_rally_8cbf0f1f_za2dPlgy. Status changed: AVAILABLE => DELETING in 0.261375188828
2019-08-04 07:57:43.809 3966 RALLYDEBUG rally.task.utils [-] Waiting for resource s_rally_8cbf0f1f_sISiC9gM. Status changed: AVAILABLE => DELETING in 0.260443925858
2019-08-04 07:57:43.975 3969 RALLYDEBUG rally.task.utils [-] Waiting for resource s_rally_8cbf0f1f_xzQUfcH3. Status changed: AVAILABLE => DELETING in 0.026594877243
2019-08-04 07:57:45.987 3968 INFO rally.task.runner [-] Task fc6651a0-264c-41c3-b07c-3850a46e9990 | ITER: 3 END: OK
2019-08-04 07:57:45.993 3968 INFO rally.task.runner [-] Task fc6651a0-264c-41c3-b07c-3850a46e9990 | ITER: 5 START
2019-08-04 07:57:46.020 3967 INFO rally.task.runner [-] Task fc6651a0-264c-41c3-b07c-3850a46e9990 | ITER: 2 END: OK
2019-08-04 07:57:46.024 3966 INFO rally.task.runner [-] Task fc6651a0-264c-41c3-b07c-3850a46e9990 | ITER: 1 END: OK
2019-08-04 07:57:46.025 3967 INFO rally.task.runner [-] Task fc6651a0-264c-41c3-b07c-3850a46e9990 | ITER: 6 START
2019-08-04 07:57:46.029 3966 INFO rally.task.runner [-] Task fc6651a0-264c-41c3-b07c-3850a46e9990 | ITER: 7 START
2019-08-04 07:57:46.192 3969 INFO rally.task.runner [-] Task fc6651a0-264c-41c3-b07c-3850a46e9990 | ITER: 4 END: OK
2019-08-04 07:57:46.196 3969 INFO rally.task.runner [-] Task fc6651a0-264c-41c3-b07c-3850a46e9990 | ITER: 8 START
2019-08-04 07:57:49.572 3967 RALLYDEBUG rally.task.utils [-] Waiting for resource s_rally_8cbf0f1f_Ebfd5pCv. Status changed: AVAILABLE => DELETING in 0.0246610641479
2019-08-04 07:57:49.883 3968 RALLYDEBUG rally.task.utils [-] Waiting for resource s_rally_8cbf0f1f_APxtrZrx. Status changed: AVAILABLE => DELETING in 0.245459079742
2019-08-04 07:57:49.912 3969 RALLYDEBUG rally.task.utils [-] Waiting for resource s_rally_8cbf0f1f_v5jnfvYF. Status changed: AVAILABLE => DELETING in 0.239483833313
2019-08-04 07:57:49.924 3966 RALLYDEBUG rally.task.utils [-] Waiting for resource s_rally_8cbf0f1f_E8xsOEpP. Status changed: AVAILABLE => DELETING in 0.0241649150848
2019-08-04 07:57:51.797 3967 INFO rally.task.runner [-] Task fc6651a0-264c-41c3-b07c-3850a46e9990 | ITER: 6 END: OK
2019-08-04 07:57:51.802 3967 INFO rally.task.runner [-] Task fc6651a0-264c-41c3-b07c-3850a46e9990 | ITER: 9 START
2019-08-04 07:57:51.941 3969 INFO rally.task.runner [-] Task fc6651a0-264c-41c3-b07c-3850a46e9990 | ITER: 8 END: OK
2019-08-04 07:57:51.946 3969 INFO rally.task.runner [-] Task fc6651a0-264c-41c3-b07c-3850a46e9990 | ITER: 10 START
2019-08-04 07:57:52.123 3968 INFO rally.task.runner [-] Task fc6651a0-264c-41c3-b07c-3850a46e9990 | ITER: 5 END: OK
2019-08-04 07:57:52.146 3966 INFO rally.task.runner [-] Task fc6651a0-264c-41c3-b07c-3850a46e9990 | ITER: 7 END: OK
2019-08-04 07:57:55.453 3967 RALLYDEBUG rally.task.utils [-] Waiting for resource s_rally_8cbf0f1f_VQYp6BWQ. Status changed: AVAILABLE => DELETING in 0.306799888611
2019-08-04 07:57:55.581 3969 RALLYDEBUG rally.task.utils [-] Waiting for resource s_rally_8cbf0f1f_E1mtEnax. Status changed: AVAILABLE => DELETING in 0.0271248817444
2019-08-04 07:57:57.616 3969 INFO rally.task.runner [-] Task fc6651a0-264c-41c3-b07c-3850a46e9990 | ITER: 10 END: OK
2019-08-04 07:57:57.687 3967 INFO rally.task.runner [-] Task fc6651a0-264c-41c3-b07c-3850a46e9990 | ITER: 9 END: OK
2019-08-04 07:57:57.714 1842 INFO rally.task.context [-] Task fc6651a0-264c-41c3-b07c-3850a46e9990 | Context cleanup@openstack cleanup() started
2019-08-04 07:57:57.716 1842 RALLYDEBUG rally_openstack.cleanup.manager [-] Cleaning up cinder backups objects
2019-08-04 07:57:59.687 1842 RALLYDEBUG rally_openstack.cleanup.manager [-] Cleaning up cinder volume_snapshots objects
2019-08-04 07:58:01.771 1842 RALLYDEBUG rally_openstack.cleanup.manager [-] Cleaning up cinder transfers objects
2019-08-04 07:58:03.693 1842 RALLYDEBUG rally_openstack.cleanup.manager [-] Cleaning up cinder volumes objects
2019-08-04 07:58:05.918 1842 INFO rally.task.context [-] Task fc6651a0-264c-41c3-b07c-3850a46e9990 | Context cleanup@openstack cleanup() finished in 8.20 sec
2019-08-04 07:58:05.918 1842 INFO rally.task.context [-] Task fc6651a0-264c-41c3-b07c-3850a46e9990 | Context volumes@openstack cleanup() started
2019-08-04 07:58:05.919 1842 RALLYDEBUG rally_openstack.cleanup.manager [-] Cleaning up cinder volumes objects
2019-08-04 07:58:07.969 1842 RALLYDEBUG rally_openstack.cleanup.manager [-] Deleting cinder.volumes object c_rally_8cbf0f1f_pycZHSvi (2e36b1ed-d0bd-4e7d-b329-2a1f7fe906b8)
2019-08-04 07:58:07.974 1842 RALLYDEBUG rally_openstack.cleanup.manager [-] Deleting cinder.volumes object c_rally_8cbf0f1f_9u2OLDaS (b18a1dd6-2ff9-45d9-bca9-2bc78783fa50)
2019-08-04 07:58:07.980 1842 RALLYDEBUG rally_openstack.cleanup.manager [-] Deleting cinder.volumes object c_rally_8cbf0f1f_SEsdUvVr (0426885c-20ef-42df-8aab-96758e189a49)
2019-08-04 07:58:11.438 1842 INFO rally.task.context [-] Task fc6651a0-264c-41c3-b07c-3850a46e9990 | Context volumes@openstack cleanup() finished in 5.52 sec
