2019-08-04 08:02:22.171 5113 RALLYDEBUG rally.task.runner [-] Starting a worker. concurrency: 1 args: {"consumer": "both", "write_iops_sec": "10", "read_iops_sec": "1000"} times: 10 method_name: run timeout: 0 duration: None cls:
2019-08-04 08:02:22.176 5112 INFO rally.task.runner [-] Task fc6651a0-264c-41c3-b07c-3850a46e9990 | ITER: 3 START
2019-08-04 08:02:22.177 5113 INFO rally.task.runner [-] Task fc6651a0-264c-41c3-b07c-3850a46e9990 | ITER: 4 START
2019-08-04 08:02:23.251 5111 INFO rally.task.runner [-] Task fc6651a0-264c-41c3-b07c-3850a46e9990 | ITER: 2 END: OK
2019-08-04 08:02:23.256 5111 INFO rally.task.runner [-] Task fc6651a0-264c-41c3-b07c-3850a46e9990 | ITER: 5 START
2019-08-04 08:02:23.282 5113 INFO rally.task.runner [-] Task fc6651a0-264c-41c3-b07c-3850a46e9990 | ITER: 4 END: OK
2019-08-04 08:02:23.286 5113 INFO rally.task.runner [-] Task fc6651a0-264c-41c3-b07c-3850a46e9990 | ITER: 6 START
2019-08-04 08:02:23.318 5112 INFO rally.task.runner [-] Task fc6651a0-264c-41c3-b07c-3850a46e9990 | ITER: 3 END: OK
2019-08-04 08:02:23.320 5110 INFO rally.task.runner [-] Task fc6651a0-264c-41c3-b07c-3850a46e9990 | ITER: 1 END: OK
2019-08-04 08:02:23.322 5112 INFO rally.task.runner [-] Task fc6651a0-264c-41c3-b07c-3850a46e9990 | ITER: 7 START
2019-08-04 08:02:23.326 5110 INFO rally.task.runner [-] Task fc6651a0-264c-41c3-b07c-3850a46e9990 | ITER: 8 START
2019-08-04 08:02:24.270 5111 INFO rally.task.runner [-] Task fc6651a0-264c-41c3-b07c-3850a46e9990 | ITER: 5 END: OK
2019-08-04 08:02:24.275 5111 INFO rally.task.runner [-] Task fc6651a0-264c-41c3-b07c-3850a46e9990 | ITER: 9 START
2019-08-04 08:02:24.316 5113 INFO rally.task.runner [-] Task fc6651a0-264c-41c3-b07c-3850a46e9990 | ITER: 6 END: OK
2019-08-04 08:02:24.319 5113 INFO rally.task.runner [-] Task fc6651a0-264c-41c3-b07c-3850a46e9990 | ITER: 10 START
2019-08-04 08:02:24.348 5110 INFO rally.task.runner [-] Task fc6651a0-264c-41c3-b07c-3850a46e9990 | ITER: 8 END: OK
2019-08-04 08:02:24.355 5112 INFO rally.task.runner [-] Task fc6651a0-264c-41c3-b07c-3850a46e9990 | ITER: 7 END: OK
2019-08-04 08:02:25.338 5111 INFO rally.task.runner [-] Task fc6651a0-264c-41c3-b07c-3850a46e9990 | ITER: 9 END: OK
2019-08-04 08:02:25.358 5113 INFO rally.task.runner [-] Task fc6651a0-264c-41c3-b07c-3850a46e9990 | ITER: 10 END: OK
2019-08-04 08:02:25.384 1842 INFO rally.task.context [-] Task fc6651a0-264c-41c3-b07c-3850a46e9990 | Context admin_cleanup@openstack cleanup() started
2019-08-04 08:02:25.386 1842 RALLYDEBUG rally_openstack.cleanup.manager [-] Cleaning up cinder volume_types objects
2019-08-04 08:02:26.032 1842 RALLYDEBUG rally_openstack.cleanup.manager [-] Cleaning up cinder image_volumes_cache objects
2019-08-04 08:02:26.985 1842 RALLYDEBUG rally_openstack.cleanup.manager [-] Cleaning up cinder quotas objects
2019-08-04 08:02:28.640 1842 RALLYDEBUG rally_openstack.cleanup.manager [-] Cleaning up cinder qos_specs objects
2019-08-04 08:02:29.353 1842 RALLYDEBUG rally_openstack.cleanup.manager [-] Deleting cinder.qos_specs object s_rally_3ddef0ca_2F2DusC5 (4fbbe75a-1455-4529-adca-4e3563201d7b)
2019-08-04 08:02:29.360 1842 RALLYDEBUG rally_openstack.cleanup.manager [-] Deleting cinder.qos_specs object s_rally_3ddef0ca_tIkhawax (cd6d603c-4136-417c-a6ad-5e3bd7d9e06d)
2019-08-04 08:02:29.365 1842 RALLYDEBUG rally_openstack.cleanup.manager [-] Deleting cinder.qos_specs object s_rally_3ddef0ca_uoHDxBaT (48c8b3ae-dea3-47aa-b0a1-f9258bb43916)
2019-08-04 08:02:29.368 1842 RALLYDEBUG rally_openstack.cleanup.manager [-] Deleting cinder.qos_specs object s_rally_3ddef0ca_BbBBGbNe (b2ae9942-8e2b-4460-beaa-71602ace749d)
2019-08-04 08:02:29.374 1842 RALLYDEBUG rally_openstack.cleanup.manager [-] Deleting cinder.qos_specs object s_rally_3ddef0ca_9yNro5Bu (022eebc3-4c60-4692-8618-9d52c46713d4)
2019-08-04 08:02:29.389 1842 RALLYDEBUG rally_openstack.cleanup.manager [-] Deleting cinder.qos_specs object s_rally_3ddef0ca_fCIykBv6 (f319b176-d54f-43f8-b07a-2a37b35f61fe)
2019-08-04 08:02:29.389 1842 RALLYDEBUG rally_openstack.cleanup.manager [-] Deleting cinder.qos_specs object s_rally_3ddef0ca_esIUtG4H (4aed23f7-41ca-48d8-9021-db62ebc98e40)
2019-08-04 08:02:29.393 1842 RALLYDEBUG rally_openstack.cleanup.manager [-] Deleting cinder.qos_specs object s_rally_3ddef0ca_ncYw5TCg (81d11c33-a509-43f0-a074-be8be18343c6)
2019-08-04 08:02:29.414 1842 RALLYDEBUG rally_openstack.cleanup.manager [-] Deleting cinder.qos_specs object s_rally_3ddef0ca_SI5zsyo2 (72b7f3e6-4bce-4fca-b6a2-8f24f9600901)
2019-08-04 08:02:29.440 1842 RALLYDEBUG rally_openstack.cleanup.manager [-] Deleting cinder.qos_specs object s_rally_3ddef0ca_6IJiWmNr (5d353cc6-3dbd-4487-954f-8e30a197c5cc)
2019-08-04 08:02:31.750 1842 INFO rally.task.context [-] Task fc6651a0-264c-41c3-b07c-3850a46e9990 | Context admin_cleanup@openstack cleanup() finished in 6.37 sec
2019-08-04 08:02:31.750 1842 INFO rally.task.context [-] Task fc6651a0-264c-41c3-b07c-3850a46e9990 | Context api_versions@openstack cleanup() started
2019-08-04 08:02:31.751 1842 INFO rally.task.context [-] Task fc6651a0-264c-41c3-b07c-3850a46e9990 | Context api_versions@openstack cleanup() finished in 0.32 msec
2019-08-04 08:02:31.751 1842 INFO rally.task.context [-] Task fc6651a0-264c-41c3-b07c-3850a46e9990 | Context users@openstack cleanup() started
2019-08-04 08:02:38.533 1842 INFO rally.task.context [-] Task fc6651a0-264c-41c3-b07c-3850a46e9990 | Context users@openstack cleanup() finished in 6.78 sec
2019-08-04 08:02:39.343 1842 INFO rally.task.engine [-] Load duration is: 3.183373
2019-08-04 08:02:39.344 1842 INFO rally.task.engine [-] Full runner duration is: 3.234105
2019-08-04 08:02:39.344 1842 INFO rally.task.engine [-] Full duration is: 21.336739
2019-08-04 08:02:39.571 1842 INFO rally.task.engine [-] Running workload: position = 0 config = { "version": 2, "title": "A cropped version of a bigger task.", "description": "Auto-generated task from a single workload (uuid=512d72fb-92c7-4ac4-b915-784b21532766)", "subtasks": [ { "title": "CinderQos.create_and_list_qos", "description": "Create a qos, then list all qos.", "scenario": { "CinderQos.create_and_list_qos": { "consumer": "both", "write_iops_sec": "10", "read_iops_sec": "1000" } }, "contexts": { "users": { "tenants": 3, "users_per_tenant": 2 }, "api_versions": { "cinder": { "version": 3, "service_type": "volumev3" } } }, "runner": { "constant": { "concurrency": 4, "times": 10 } }, "hooks": [], "sla": { "failure_rate": { "max": 0 } } } ] }
2019-08-04 08:02:39.594 1842 RALLYDEBUG rally_openstack.contexts.keystone.users [-] Creating 3 tenants using 20 threads
2019-08-04 08:02:41.314 1842 RALLYDEBUG rally_openstack.contexts.keystone.users [-] Creating 6 users using 20 threads
2019-08-04 08:02:44.048 1842 INFO rally.task.context [-] Task fc6651a0-264c-41c3-b07c-3850a46e9990 | Context users@openstack setup() finished in 4.45 sec
2019-08-04 08:02:44.468 1842 INFO rally.task.context [-] Task fc6651a0-264c-41c3-b07c-3850a46e9990 | Context api_versions@openstack setup() finished in 0.42 sec
2019-08-04 08:02:44.469 1842 INFO rally.task.context [-] Task fc6651a0-264c-41c3-b07c-3850a46e9990 | Context admin_cleanup@openstack setup() finished in 0.01 msec
2019-08-04 08:02:44.477 1842 RALLYDEBUG rally.task.runner [-] Starting the constant runner (task UUID: fc6651a0-264c-41c3-b07c-3850a46e9990). timeout: 0 concurrency: 4 concurrency_per_worker: 1 times: 10 concurrency_overhead: 0 processes_to_start: 4 max_cpu_used: 16
2019-08-04 08:02:44.490 5294 RALLYDEBUG rally.task.runner [-] Starting a worker. concurrency: 1 args: {"consumer": "both", "write_iops_sec": "10", "read_iops_sec": "1000"} times: 10 method_name: run timeout: 0 duration: None cls:
2019-08-04 08:02:44.492 5295 RALLYDEBUG rally.task.runner [-] Starting a worker. concurrency: 1 args: {"consumer": "both", "write_iops_sec": "10", "read_iops_sec": "1000"} times: 10 method_name: run timeout: 0 duration: None cls:
2019-08-04 08:02:44.496 5296 RALLYDEBUG rally.task.runner [-] Starting a worker. concurrency: 1 args: {"consumer": "both", "write_iops_sec": "10", "read_iops_sec": "1000"} times: 10 method_name: run timeout: 0 duration: None cls:
2019-08-04 08:02:44.497 5294 INFO rally.task.runner [-] Task fc6651a0-264c-41c3-b07c-3850a46e9990 | ITER: 1 START
2019-08-04 08:02:44.498 5295 INFO rally.task.runner [-] Task fc6651a0-264c-41c3-b07c-3850a46e9990 | ITER: 2 START
2019-08-04 08:02:44.497 5297 RALLYDEBUG rally.task.runner [-] Starting a worker. concurrency: 1 args: {"consumer": "both", "write_iops_sec": "10", "read_iops_sec": "1000"} times: 10 method_name: run timeout: 0 duration: None cls:
2019-08-04 08:02:44.503 5297 INFO rally.task.runner [-] Task fc6651a0-264c-41c3-b07c-3850a46e9990 | ITER: 4 START
2019-08-04 08:02:44.503 5296 INFO rally.task.runner [-] Task fc6651a0-264c-41c3-b07c-3850a46e9990 | ITER: 3 START
2019-08-04 08:02:45.575 5297 INFO rally.task.runner [-] Task fc6651a0-264c-41c3-b07c-3850a46e9990 | ITER: 4 END: OK
2019-08-04 08:02:45.576 5295 INFO rally.task.runner [-] Task fc6651a0-264c-41c3-b07c-3850a46e9990 | ITER: 2 END: OK
2019-08-04 08:02:45.579 5297 INFO rally.task.runner [-] Task fc6651a0-264c-41c3-b07c-3850a46e9990 | ITER: 5 START
2019-08-04 08:02:45.581 5295 INFO rally.task.runner [-] Task fc6651a0-264c-41c3-b07c-3850a46e9990 | ITER: 6 START
2019-08-04 08:02:45.582 5294 INFO rally.task.runner [-] Task fc6651a0-264c-41c3-b07c-3850a46e9990 | ITER: 1 END: OK
2019-08-04 08:02:45.587 5294 INFO rally.task.runner [-] Task fc6651a0-264c-41c3-b07c-3850a46e9990 | ITER: 7 START
2019-08-04 08:02:45.602 5296 INFO rally.task.runner [-] Task fc6651a0-264c-41c3-b07c-3850a46e9990 | ITER: 3 END: OK
2019-08-04 08:02:45.607 5296 INFO rally.task.runner [-] Task fc6651a0-264c-41c3-b07c-3850a46e9990 | ITER: 8 START
2019-08-04 08:02:46.547 5295 INFO rally.task.runner [-] Task fc6651a0-264c-41c3-b07c-3850a46e9990 | ITER: 6 END: OK
2019-08-04 08:02:46.552 5295 INFO rally.task.runner [-] Task fc6651a0-264c-41c3-b07c-3850a46e9990 | ITER: 9 START
2019-08-04 08:02:46.565 5294 INFO rally.task.runner [-] Task fc6651a0-264c-41c3-b07c-3850a46e9990 | ITER: 7 END: OK
2019-08-04 08:02:46.570 5294 INFO rally.task.runner [-] Task fc6651a0-264c-41c3-b07c-3850a46e9990 | ITER: 10 START
2019-08-04 08:02:46.615 5297 INFO rally.task.runner [-] Task fc6651a0-264c-41c3-b07c-3850a46e9990 | ITER: 5 END: OK
2019-08-04 08:02:46.812 5296 INFO rally.task.runner [-] Task fc6651a0-264c-41c3-b07c-3850a46e9990 | ITER: 8 END: OK
2019-08-04 08:02:47.549 5295 INFO rally.task.runner [-] Task fc6651a0-264c-41c3-b07c-3850a46e9990 | ITER: 9 END: OK
2019-08-04 08:02:47.634 5294 INFO rally.task.runner [-] Task fc6651a0-264c-41c3-b07c-3850a46e9990 | ITER: 10 END: OK
2019-08-04 08:02:47.664 1842 INFO rally.task.context [-] Task fc6651a0-264c-41c3-b07c-3850a46e9990 | Context admin_cleanup@openstack cleanup() started
2019-08-04 08:02:47.666 1842 RALLYDEBUG rally_openstack.cleanup.manager [-] Cleaning up cinder volume_types objects
2019-08-04 08:02:48.317 1842 RALLYDEBUG rally_openstack.cleanup.manager [-] Cleaning up cinder image_volumes_cache objects
2019-08-04 08:02:49.267 1842 RALLYDEBUG rally_openstack.cleanup.manager [-] Cleaning up cinder quotas objects
2019-08-04 08:02:50.889 1842 RALLYDEBUG rally_openstack.cleanup.manager [-] Cleaning up cinder qos_specs objects
2019-08-04 08:02:51.529 1842 RALLYDEBUG rally_openstack.cleanup.manager [-] Deleting cinder.qos_specs object s_rally_512d72fb_5ktU32PN (8f238524-3f93-4399-af3f-6ac570195caf)
2019-08-04 08:02:51.534 1842 RALLYDEBUG rally_openstack.cleanup.manager [-] Deleting cinder.qos_specs object s_rally_512d72fb_jGhvXhKS (4174b619-984b-4f85-a2e9-791f335a83f7)
2019-08-04 08:02:51.538 1842 RALLYDEBUG rally_openstack.cleanup.manager [-] Deleting cinder.qos_specs object s_rally_512d72fb_avMwfGy3 (b08dbad1-47e5-418d-9b50-f94fc467a92f)
2019-08-04 08:02:51.549 1842 RALLYDEBUG rally_openstack.cleanup.manager [-] Deleting cinder.qos_specs object s_rally_512d72fb_LXIdNo9l (0390bf6a-6d06-49b7-bfe6-a50d527a1fbc)
2019-08-04 08:02:51.549 1842 RALLYDEBUG rally_openstack.cleanup.manager [-] Deleting cinder.qos_specs object s_rally_512d72fb_mzMV1QRF (2df58cce-14fd-4325-85bb-3c12df20b67f)
2019-08-04 08:02:51.551 1842 RALLYDEBUG rally_openstack.cleanup.manager [-] Deleting cinder.qos_specs object s_rally_512d72fb_5jCeBPLU (016ddb67-c249-41a2-94b9-026f7ababdaf)
2019-08-04 08:02:51.559 1842 RALLYDEBUG rally_openstack.cleanup.manager [-] Deleting cinder.qos_specs object s_rally_512d72fb_nf9ekSNt (c5b1a7a8-2f6b-4e7a-bf76-3ad08392591a)
2019-08-04 08:02:51.563 1842 RALLYDEBUG rally_openstack.cleanup.manager [-] Deleting cinder.qos_specs object s_rally_512d72fb_cjtxNg4T (90749250-695f-4944-aeea-1b9d7ff47f5a)
2019-08-04 08:02:51.571 1842 RALLYDEBUG rally_openstack.cleanup.manager [-] Deleting cinder.qos_specs object s_rally_512d72fb_uEwaec6a (209aa8b6-6bab-4a64-a0dc-552bae20a1eb)
2019-08-04 08:02:51.595 1842 RALLYDEBUG rally_openstack.cleanup.manager [-] Deleting cinder.qos_specs object s_rally_512d72fb_L29Yl97m (06526ad0-2f20-4b28-a707-efeb52a4f798)
2019-08-04 08:02:53.953 1842 INFO rally.task.context [-] Task fc6651a0-264c-41c3-b07c-3850a46e9990 | Context admin_cleanup@openstack cleanup() finished in 6.29 sec
2019-08-04 08:02:53.954 1842 INFO rally.task.context [-] Task fc6651a0-264c-41c3-b07c-3850a46e9990 | Context api_versions@openstack cleanup() started
2019-08-04 08:02:53.954 1842 INFO rally.task.context [-] Task fc6651a0-264c-41c3-b07c-3850a46e9990 | Context api_versions@openstack cleanup() finished in 0.33 msec
2019-08-04 08:02:53.954 1842 INFO rally.task.context [-] Task fc6651a0-264c-41c3-b07c-3850a46e9990 | Context users@openstack cleanup() started
2019-08-04 08:03:02.640 1842 INFO rally.task.context [-] Task fc6651a0-264c-41c3-b07c-3850a46e9990 | Context users@openstack cleanup() finished in 8.69 sec
2019-08-04 08:03:03.724 1842 INFO rally.task.engine [-] Load duration is: 3.132556
2019-08-04 08:03:03.724 1842 INFO rally.task.engine [-] Full runner duration is: 3.187879
2019-08-04 08:03:03.724 1842 INFO rally.task.engine [-] Full duration is: 23.049061
2019-08-04 08:03:03.950 1842 INFO rally.task.engine [-] Running workload: position = 0 config = { "version": 2, "title": "A cropped version of a bigger task.", "description": "Auto-generated task from a single workload (uuid=0873e0f3-0273-4b85-8aaa-5d9bff1626f0)", "subtasks": [ { "title": "CinderQos.create_and_set_qos", "description": "Create a qos, then Add/Update keys in qos specs.", "scenario": { "CinderQos.create_and_set_qos": { "consumer": "back-end", "write_iops_sec": "10", "read_iops_sec": "1000", "set_consumer": "both", "set_write_iops_sec": "11", "set_read_iops_sec": "1001" } }, "contexts": { "users": { "tenants": 3, "users_per_tenant": 2 }, "api_versions": { "cinder": { "version": 3, "service_type": "volumev3" } } }, "runner": { "constant": { "concurrency": 4, "times": 10 } }, "hooks": [], "sla": { "failure_rate": { "max": 0 } } } ] }
2019-08-04 08:03:03.972 1842 RALLYDEBUG rally_openstack.contexts.keystone.users [-] Creating 3 tenants using 20 threads
2019-08-04 08:03:05.837 1842 RALLYDEBUG rally_openstack.contexts.keystone.users [-] Creating 6 users using 20 threads
2019-08-04 08:03:08.690 1842 INFO rally.task.context [-] Task fc6651a0-264c-41c3-b07c-3850a46e9990 | Context users@openstack setup() finished in 4.72 sec
2019-08-04 08:03:09.106 1842 INFO rally.task.context [-] Task fc6651a0-264c-41c3-b07c-3850a46e9990 | Context api_versions@openstack setup() finished in 0.41 sec
2019-08-04 08:03:09.106 1842 INFO rally.task.context [-] Task fc6651a0-264c-41c3-b07c-3850a46e9990 | Context admin_cleanup@openstack setup() finished in 0.01 msec
2019-08-04 08:03:09.113 1842 RALLYDEBUG rally.task.runner [-] Starting the constant runner (task UUID: fc6651a0-264c-41c3-b07c-3850a46e9990). timeout: 0 concurrency: 4 concurrency_per_worker: 1 times: 10 concurrency_overhead: 0 processes_to_start: 4 max_cpu_used: 16
2019-08-04 08:03:09.125 5478 RALLYDEBUG rally.task.runner [-] Starting a worker. concurrency: 1 args: {"consumer": "back-end", "write_iops_sec": "10", "read_iops_sec": "1000", "set_consumer": "both", "set_write_iops_sec": "11", "set_read_iops_sec": "1001"} times: 10 method_name: run timeout: 0 duration: None cls:
2019-08-04 08:03:09.129 5479 RALLYDEBUG rally.task.runner [-] Starting a worker. concurrency: 1 args: {"consumer": "back-end", "write_iops_sec": "10", "read_iops_sec": "1000", "set_consumer": "both", "set_write_iops_sec": "11", "set_read_iops_sec": "1001"} times: 10 method_name: run timeout: 0 duration: None cls:
2019-08-04 08:03:09.130 5480 RALLYDEBUG rally.task.runner [-] Starting a worker. concurrency: 1 args: {"consumer": "back-end", "write_iops_sec": "10", "read_iops_sec": "1000", "set_consumer": "both", "set_write_iops_sec": "11", "set_read_iops_sec": "1001"} times: 10 method_name: run timeout: 0 duration: None cls:
2019-08-04 08:03:09.132 5478 INFO rally.task.runner [-] Task fc6651a0-264c-41c3-b07c-3850a46e9990 | ITER: 1 START
2019-08-04 08:03:09.133 5481 RALLYDEBUG rally.task.runner [-] Starting a worker. concurrency: 1 args: {"consumer": "back-end", "write_iops_sec": "10", "read_iops_sec": "1000", "set_consumer": "both", "set_write_iops_sec": "11", "set_read_iops_sec": "1001"} times: 10 method_name: run timeout: 0 duration: None cls:
2019-08-04 08:03:09.136 5480 INFO rally.task.runner [-] Task fc6651a0-264c-41c3-b07c-3850a46e9990 | ITER: 3 START
2019-08-04 08:03:09.136 5479 INFO rally.task.runner [-] Task fc6651a0-264c-41c3-b07c-3850a46e9990 | ITER: 2 START
2019-08-04 08:03:09.139 5481 INFO rally.task.runner [-] Task fc6651a0-264c-41c3-b07c-3850a46e9990 | ITER: 4 START
2019-08-04 08:03:10.165 5478 INFO rally.task.runner [-] Task fc6651a0-264c-41c3-b07c-3850a46e9990 | ITER: 1 END: OK
2019-08-04 08:03:10.171 5478 INFO rally.task.runner [-] Task fc6651a0-264c-41c3-b07c-3850a46e9990 | ITER: 5 START
2019-08-04 08:03:10.207 5479 INFO rally.task.runner [-] Task fc6651a0-264c-41c3-b07c-3850a46e9990 | ITER: 2 END: OK
2019-08-04 08:03:10.213 5479 INFO rally.task.runner [-] Task fc6651a0-264c-41c3-b07c-3850a46e9990 | ITER: 6 START
2019-08-04 08:03:10.237 5481 INFO rally.task.runner [-] Task fc6651a0-264c-41c3-b07c-3850a46e9990 | ITER: 4 END: OK
2019-08-04 08:03:10.242 5481 INFO rally.task.runner [-] Task fc6651a0-264c-41c3-b07c-3850a46e9990 | ITER: 7 START
2019-08-04 08:03:10.243 5480 INFO rally.task.runner [-] Task fc6651a0-264c-41c3-b07c-3850a46e9990 | ITER: 3 END: OK
2019-08-04 08:03:10.248 5480 INFO rally.task.runner [-] Task fc6651a0-264c-41c3-b07c-3850a46e9990 | ITER: 8 START
2019-08-04 08:03:11.093 5478 INFO rally.task.runner [-] Task fc6651a0-264c-41c3-b07c-3850a46e9990 | ITER: 5 END: OK
2019-08-04 08:03:11.097 5478 INFO rally.task.runner [-] Task fc6651a0-264c-41c3-b07c-3850a46e9990 | ITER: 9 START
2019-08-04 08:03:11.212 5479 INFO rally.task.runner [-] Task fc6651a0-264c-41c3-b07c-3850a46e9990 | ITER: 6 END: OK
2019-08-04 08:03:11.216 5479 INFO rally.task.runner [-] Task fc6651a0-264c-41c3-b07c-3850a46e9990 | ITER: 10 START
2019-08-04 08:03:11.247 5480 INFO rally.task.runner [-] Task fc6651a0-264c-41c3-b07c-3850a46e9990 | ITER: 8 END: OK
2019-08-04 08:03:11.310 5481 INFO rally.task.runner [-] Task fc6651a0-264c-41c3-b07c-3850a46e9990 | ITER: 7 END: OK
2019-08-04 08:03:11.997 5478 INFO rally.task.runner [-] Task fc6651a0-264c-41c3-b07c-3850a46e9990 | ITER: 9 END: OK
2019-08-04 08:03:12.297 5479 INFO rally.task.runner [-] Task fc6651a0-264c-41c3-b07c-3850a46e9990 | ITER: 10 END: OK
2019-08-04 08:03:12.322 1842 INFO rally.task.context [-] Task fc6651a0-264c-41c3-b07c-3850a46e9990 | Context admin_cleanup@openstack cleanup() started
2019-08-04 08:03:12.324 1842 RALLYDEBUG rally_openstack.cleanup.manager [-] Cleaning up cinder volume_types objects
2019-08-04 08:03:13.062 1842 RALLYDEBUG rally_openstack.cleanup.manager [-] Cleaning up cinder image_volumes_cache objects
2019-08-04 08:03:14.053 1842 RALLYDEBUG rally_openstack.cleanup.manager [-] Cleaning up cinder quotas objects
2019-08-04 08:03:15.528 1842 RALLYDEBUG rally_openstack.cleanup.manager [-] Cleaning up cinder qos_specs objects
2019-08-04 08:03:16.149 1842 RALLYDEBUG rally_openstack.cleanup.manager [-] Deleting cinder.qos_specs object s_rally_0873e0f3_fIUF5BKc (4f6b89e8-7b1b-4d9b-98ae-0b3658b8cff5)
2019-08-04 08:03:16.153 1842 RALLYDEBUG rally_openstack.cleanup.manager [-] Deleting cinder.qos_specs object s_rally_0873e0f3_AW93IJXL (ab35d3ee-614a-4150-9cbb-496e74aab429)
2019-08-04 08:03:16.163 1842 RALLYDEBUG rally_openstack.cleanup.manager [-] Deleting cinder.qos_specs object s_rally_0873e0f3_Y92K3vdi (ce9328e6-1811-4935-8598-09f1f12cfebc)
2019-08-04 08:03:16.172 1842 RALLYDEBUG rally_openstack.cleanup.manager [-] Deleting cinder.qos_specs object s_rally_0873e0f3_9fzDtiOx (abf85ea7-c4de-40c3-8c2a-8c18179fcd01)
2019-08-04 08:03:16.184 1842 RALLYDEBUG rally_openstack.cleanup.manager [-] Deleting cinder.qos_specs object s_rally_0873e0f3_j1sRFS7Y (5427462b-5cb9-4eb3-b174-4af6f74538fa)
2019-08-04 08:03:16.187 1842 RALLYDEBUG rally_openstack.cleanup.manager [-] Deleting cinder.qos_specs object s_rally_0873e0f3_ROgbaTBA (27d39da9-23e0-430b-8619-4b2bf304ef77)
2019-08-04 08:03:16.191 1842 RALLYDEBUG rally_openstack.cleanup.manager [-] Deleting cinder.qos_specs object s_rally_0873e0f3_uMNqHlHi (bab2ea36-a1a4-472a-b920-44988942204a)
2019-08-04 08:03:16.201 1842 RALLYDEBUG rally_openstack.cleanup.manager [-] Deleting cinder.qos_specs object s_rally_0873e0f3_3LUJhl6D (7b71079c-16a5-48ae-8bbb-333872a3a7e7)
2019-08-04 08:03:16.210 1842 RALLYDEBUG rally_openstack.cleanup.manager [-] Deleting cinder.qos_specs object s_rally_0873e0f3_0WpvabSG (48254b8d-6bee-4077-ac58-703d8dab6793)
2019-08-04 08:03:16.220 1842 RALLYDEBUG rally_openstack.cleanup.manager [-] Deleting cinder.qos_specs object s_rally_0873e0f3_oGk4PJ25 (1243b148-9f62-49c9-a863-4762dfca1658)
2019-08-04 08:03:18.521 1842 INFO rally.task.context [-] Task fc6651a0-264c-41c3-b07c-3850a46e9990 | Context admin_cleanup@openstack cleanup() finished in 6.20 sec
2019-08-04 08:03:18.522 1842 INFO rally.task.context [-] Task fc6651a0-264c-41c3-b07c-3850a46e9990 | Context api_versions@openstack cleanup() started
2019-08-04 08:03:18.522 1842 INFO rally.task.context [-] Task fc6651a0-264c-41c3-b07c-3850a46e9990 | Context api_versions@openstack cleanup() finished in 0.33 msec
2019-08-04 08:03:18.522 1842 INFO rally.task.context [-] Task fc6651a0-264c-41c3-b07c-3850a46e9990 | Context users@openstack cleanup() started
2019-08-04 08:03:25.561 1842 INFO rally.task.context [-] Task fc6651a0-264c-41c3-b07c-3850a46e9990 | Context users@openstack cleanup() finished in 7.04 sec
2019-08-04 08:03:26.103 1842 INFO rally.task.engine [-] Load duration is: 3.161656
2019-08-04 08:03:26.103 1842 INFO rally.task.engine [-] Full runner duration is: 3.208901
2019-08-04 08:03:26.103 1842 INFO rally.task.engine [-] Full duration is: 21.590997
2019-08-04 08:03:26.319 1842 INFO rally.task.engine [-] Running workload: position = 0 config = { "version": 2, "title": "A cropped version of a bigger task.", "description": "Auto-generated task from a single workload (uuid=4d0c6b15-7ad9-44fa-a70f-34918ecc4214)", "subtasks": [ { "title": "CinderVolumeTypes.create_and_get_volume_type", "description": "Create a volume Type, then get the details of the type.", "scenario": { "CinderVolumeTypes.create_and_get_volume_type": { "description": "rally tests creating types" } }, "contexts": { "users": { "tenants": 3, "users_per_tenant": 2 }, "api_versions": { "cinder": { "version": 3, "service_type": "volumev3" } } }, "runner": { "constant": { "concurrency": 4, "times": 10 } }, "hooks": [], "sla": { "failure_rate": { "max": 0 } } } ] }
2019-08-04 08:03:26.340 1842 RALLYDEBUG rally_openstack.contexts.keystone.users [-] Creating 3 tenants using 20 threads
2019-08-04 08:03:28.149 1842 RALLYDEBUG rally_openstack.contexts.keystone.users [-] Creating 6 users using 20 threads
2019-08-04 08:03:30.908 1842 INFO rally.task.context [-] Task fc6651a0-264c-41c3-b07c-3850a46e9990 | Context users@openstack setup() finished in 4.57 sec
2019-08-04 08:03:31.331 1842 INFO rally.task.context [-] Task fc6651a0-264c-41c3-b07c-3850a46e9990 | Context api_versions@openstack setup() finished in 0.42 sec
2019-08-04 08:03:31.331 1842 INFO rally.task.context [-] Task fc6651a0-264c-41c3-b07c-3850a46e9990 | Context admin_cleanup@openstack setup() finished in 0.00 msec
2019-08-04 08:03:31.338 1842 RALLYDEBUG rally.task.runner [-] Starting the constant runner (task UUID: fc6651a0-264c-41c3-b07c-3850a46e9990). timeout: 0 concurrency: 4 concurrency_per_worker: 1 times: 10 concurrency_overhead: 0 processes_to_start: 4 max_cpu_used: 16
2019-08-04 08:03:31.351 5663 RALLYDEBUG rally.task.runner [-] Starting a worker. concurrency: 1 args: {"description": "rally tests creating types"} times: 10 method_name: run timeout: 0 duration: None cls:
2019-08-04 08:03:31.351 5662 RALLYDEBUG rally.task.runner [-] Starting a worker. concurrency: 1 args: {"description": "rally tests creating types"} times: 10 method_name: run timeout: 0 duration: None cls:
2019-08-04 08:03:31.357 5663 INFO rally.task.runner [-] Task fc6651a0-264c-41c3-b07c-3850a46e9990 | ITER: 1 START
2019-08-04 08:03:31.357 5664 RALLYDEBUG rally.task.runner [-] Starting a worker. concurrency: 1 args: {"description": "rally tests creating types"} times: 10 method_name: run timeout: 0 duration: None cls:
2019-08-04 08:03:31.358 5662 INFO rally.task.runner [-] Task fc6651a0-264c-41c3-b07c-3850a46e9990 | ITER: 2 START
2019-08-04 08:03:31.360 5665 RALLYDEBUG rally.task.runner [-] Starting a worker. concurrency: 1 args: {"description": "rally tests creating types"} times: 10 method_name: run timeout: 0 duration: None cls:
2019-08-04 08:03:31.364 5664 INFO rally.task.runner [-] Task fc6651a0-264c-41c3-b07c-3850a46e9990 | ITER: 3 START
2019-08-04 08:03:31.368 5665 INFO rally.task.runner [-] Task fc6651a0-264c-41c3-b07c-3850a46e9990 | ITER: 4 START
2019-08-04 08:03:32.441 5665 INFO rally.task.runner [-] Task fc6651a0-264c-41c3-b07c-3850a46e9990 | ITER: 4 END: OK
2019-08-04 08:03:32.446 5665 INFO rally.task.runner [-] Task fc6651a0-264c-41c3-b07c-3850a46e9990 | ITER: 5 START
2019-08-04 08:03:32.456 5664 INFO rally.task.runner [-] Task fc6651a0-264c-41c3-b07c-3850a46e9990 | ITER: 3 END: OK
2019-08-04 08:03:32.462 5664 INFO rally.task.runner [-] Task fc6651a0-264c-41c3-b07c-3850a46e9990 | ITER: 6 START
2019-08-04 08:03:32.464 5662 INFO rally.task.runner [-] Task fc6651a0-264c-41c3-b07c-3850a46e9990 | ITER: 2 END: OK
2019-08-04 08:03:32.469 5662 INFO rally.task.runner [-] Task fc6651a0-264c-41c3-b07c-3850a46e9990 | ITER: 7 START
2019-08-04 08:03:32.504 5663 INFO rally.task.runner [-] Task fc6651a0-264c-41c3-b07c-3850a46e9990 | ITER: 1 END: OK
2019-08-04 08:03:32.509 5663 INFO rally.task.runner [-] Task fc6651a0-264c-41c3-b07c-3850a46e9990 | ITER: 8 START
2019-08-04 08:03:33.424 5664 INFO rally.task.runner [-] Task fc6651a0-264c-41c3-b07c-3850a46e9990 | ITER: 6 END: OK
2019-08-04 08:03:33.428 5664 INFO rally.task.runner [-] Task fc6651a0-264c-41c3-b07c-3850a46e9990 | ITER: 9 START
2019-08-04 08:03:33.462 5663 INFO rally.task.runner [-] Task fc6651a0-264c-41c3-b07c-3850a46e9990 | ITER: 8 END: OK
2019-08-04 08:03:33.464 5665 INFO rally.task.runner [-] Task fc6651a0-264c-41c3-b07c-3850a46e9990 | ITER: 5 END: OK
2019-08-04 08:03:33.467 5663 INFO rally.task.runner [-] Task fc6651a0-264c-41c3-b07c-3850a46e9990 | ITER: 10 START
2019-08-04 08:03:33.528 5662 INFO rally.task.runner [-] Task fc6651a0-264c-41c3-b07c-3850a46e9990 | ITER: 7 END: OK
2019-08-04 08:03:34.320 5664 INFO rally.task.runner [-] Task fc6651a0-264c-41c3-b07c-3850a46e9990 | ITER: 9 END: OK
2019-08-04 08:03:34.418 5663 INFO rally.task.runner [-] Task fc6651a0-264c-41c3-b07c-3850a46e9990 | ITER: 10 END: OK
2019-08-04 08:03:34.443 1842 INFO rally.task.context [-] Task fc6651a0-264c-41c3-b07c-3850a46e9990 | Context admin_cleanup@openstack cleanup() started
2019-08-04 08:03:34.445 1842 RALLYDEBUG rally_openstack.cleanup.manager [-] Cleaning up cinder volume_types objects
2019-08-04 08:03:35.083 1842 RALLYDEBUG rally_openstack.cleanup.manager [-] Deleting cinder.volume_types object s_rally_4d0c6b15_xV4j6ws3 (de566ab6-ce39-4337-908e-a7feb05a25fb)
2019-08-04 08:03:35.090 1842 RALLYDEBUG rally_openstack.cleanup.manager [-] Deleting cinder.volume_types object s_rally_4d0c6b15_YS5sICYB (9f704437-05b7-4fd8-9d64-9c5012aaf8e6)
2019-08-04 08:03:35.100 1842 RALLYDEBUG rally_openstack.cleanup.manager [-] Deleting cinder.volume_types object s_rally_4d0c6b15_dqVWqKRd (57ac5dc0-5d43-413e-b984-87eba390c8e9)
2019-08-04 08:03:35.100 1842 RALLYDEBUG rally_openstack.cleanup.manager [-] Deleting cinder.volume_types object s_rally_4d0c6b15_araoklqS (7f3307df-f1ff-488b-8da5-739e0c897ac4)
2019-08-04 08:03:35.101 1842 RALLYDEBUG rally_openstack.cleanup.manager [-] Deleting cinder.volume_types object s_rally_4d0c6b15_YfC1B51k (c0e91e09-1a3e-40de-89e5-61c0565b4b14)
2019-08-04 08:03:35.110 1842 RALLYDEBUG rally_openstack.cleanup.manager [-] Deleting cinder.volume_types object s_rally_4d0c6b15_PAfOfMln (56fec76c-a186-463c-9f02-75ad4ca75294)
2019-08-04 08:03:35.116 1842 RALLYDEBUG rally_openstack.cleanup.manager [-] Deleting cinder.volume_types object s_rally_4d0c6b15_naVgWD08 (c04de4dc-f17f-4191-9621-50abdd40975d)
2019-08-04 08:03:35.127 1842 RALLYDEBUG rally_openstack.cleanup.manager [-] Deleting cinder.volume_types object s_rally_4d0c6b15_QoRJdl3I (fae89abe-b0c8-4c89-9982-65a34163df2e)
2019-08-04 08:03:35.128 1842 RALLYDEBUG rally_openstack.cleanup.manager [-] Deleting cinder.volume_types object s_rally_4d0c6b15_N0zaGyYN (9b4332dd-0cf8-4632-9e7f-e496fcb63da8)
2019-08-04 08:03:35.146 1842 RALLYDEBUG rally_openstack.cleanup.manager [-] Deleting cinder.volume_types object s_rally_4d0c6b15_65K9ttkT (5b62c9f9-0667-4e09-b191-4c8346701b4a)
2019-08-04 08:03:37.437 1842 RALLYDEBUG rally_openstack.cleanup.manager [-] Cleaning up cinder image_volumes_cache objects
2019-08-04 08:03:38.410 1842 RALLYDEBUG rally_openstack.cleanup.manager [-] Cleaning up cinder quotas objects
2019-08-04 08:03:40.021 1842 RALLYDEBUG rally_openstack.cleanup.manager [-] Cleaning up cinder qos_specs objects
2019-08-04 08:03:40.737 1842 INFO rally.task.context [-] Task fc6651a0-264c-41c3-b07c-3850a46e9990 | Context admin_cleanup@openstack cleanup() finished in 6.29 sec
2019-08-04 08:03:40.738 1842 INFO rally.task.context [-] Task fc6651a0-264c-41c3-b07c-3850a46e9990 | Context api_versions@openstack cleanup() started
2019-08-04 08:03:40.738 1842 INFO rally.task.context [-] Task fc6651a0-264c-41c3-b07c-3850a46e9990 | Context api_versions@openstack cleanup() finished in 0.33 msec
2019-08-04 08:03:40.738 1842 INFO rally.task.context [-] Task fc6651a0-264c-41c3-b07c-3850a46e9990 | Context users@openstack cleanup() started
2019-08-04 08:03:47.647 1842 INFO rally.task.context [-] Task fc6651a0-264c-41c3-b07c-3850a46e9990 | Context users@openstack cleanup() finished in 6.91 sec
2019-08-04 08:03:48.461 1842 INFO rally.task.engine [-] Load duration is: 3.058866
2019-08-04 08:03:48.462 1842 INFO rally.task.engine [-] Full runner duration is: 3.104409
2019-08-04 08:03:48.462 1842 INFO rally.task.engine [-] Full duration is: 21.309663
2019-08-04 08:03:48.659 1842 INFO rally.task.engine [-] Running workload: position = 0 config = { "version": 2, "title": "A cropped version of a bigger task.", "description": "Auto-generated task from a single workload (uuid=987c956b-85b6-48e2-a0e0-9c41a6ba9d4f)", "subtasks": [ { "title": "CinderVolumeTypes.create_and_list_volume_types", "description": "Create a volume Type, then list all types.", "scenario": { "CinderVolumeTypes.create_and_list_volume_types": { "description": "rally tests creating types" } }, "contexts": { "users": { "tenants": 3, "users_per_tenant": 2 }, "api_versions": { "cinder": { "version": 3, "service_type": "volumev3" } } }, "runner": { "constant": { "concurrency": 4, "times": 10 } }, "hooks": [], "sla": { "failure_rate": { "max": 0 } } } ] }
2019-08-04 08:03:48.675 1842 RALLYDEBUG rally_openstack.contexts.keystone.users [-] Creating 3 tenants using 20 threads
2019-08-04 08:03:50.522 1842 RALLYDEBUG rally_openstack.contexts.keystone.users [-] Creating 6 users using 20 threads
2019-08-04 08:03:53.358 1842 INFO rally.task.context [-] Task fc6651a0-264c-41c3-b07c-3850a46e9990 | Context users@openstack setup() finished in 4.68 sec
2019-08-04 08:03:53.798 1842 INFO rally.task.context [-] Task fc6651a0-264c-41c3-b07c-3850a46e9990 | Context api_versions@openstack setup() finished in 0.44 sec
2019-08-04 08:03:53.799 1842 INFO rally.task.context [-] Task fc6651a0-264c-41c3-b07c-3850a46e9990 | Context admin_cleanup@openstack setup() finished in 0.01 msec
2019-08-04 08:03:53.806 1842 RALLYDEBUG rally.task.runner [-] Starting the constant runner (task UUID: fc6651a0-264c-41c3-b07c-3850a46e9990). timeout: 0 concurrency: 4 concurrency_per_worker: 1 times: 10 concurrency_overhead: 0 processes_to_start: 4 max_cpu_used: 16
2019-08-04 08:03:53.819 5846 RALLYDEBUG rally.task.runner [-] Starting a worker. concurrency: 1 args: {"description": "rally tests creating types"} times: 10 method_name: run timeout: 0 duration: None cls:
2019-08-04 08:03:53.822 5847 RALLYDEBUG rally.task.runner [-] Starting a worker. concurrency: 1 args: {"description": "rally tests creating types"} times: 10 method_name: run timeout: 0 duration: None cls:
2019-08-04 08:03:53.824 5848 RALLYDEBUG rally.task.runner [-] Starting a worker. concurrency: 1 args: {"description": "rally tests creating types"} times: 10 method_name: run timeout: 0 duration: None cls:
2019-08-04 08:03:53.827 5846 INFO rally.task.runner [-] Task fc6651a0-264c-41c3-b07c-3850a46e9990 | ITER: 1 START
2019-08-04 08:03:53.827 5849 RALLYDEBUG rally.task.runner [-] Starting a worker. concurrency: 1 args: {"description": "rally tests creating types"} times: 10 method_name: run timeout: 0 duration: None cls:
2019-08-04 08:03:53.830 5847 INFO rally.task.runner [-] Task fc6651a0-264c-41c3-b07c-3850a46e9990 | ITER: 2 START
2019-08-04 08:03:53.832 5848 INFO rally.task.runner [-] Task fc6651a0-264c-41c3-b07c-3850a46e9990 | ITER: 3 START
2019-08-04 08:03:53.835 5849 INFO rally.task.runner [-] Task fc6651a0-264c-41c3-b07c-3850a46e9990 | ITER: 4 START
2019-08-04 08:03:54.902 5849 INFO rally.task.runner [-] Task fc6651a0-264c-41c3-b07c-3850a46e9990 | ITER: 4 END: OK
2019-08-04 08:03:54.907 5849 INFO rally.task.runner [-] Task fc6651a0-264c-41c3-b07c-3850a46e9990 | ITER: 5 START
2019-08-04 08:03:54.916 5846 INFO rally.task.runner [-] Task fc6651a0-264c-41c3-b07c-3850a46e9990 | ITER: 1 END: OK
2019-08-04 08:03:54.921 5846 INFO rally.task.runner [-] Task fc6651a0-264c-41c3-b07c-3850a46e9990 | ITER: 6 START
2019-08-04 08:03:54.927 5848 INFO rally.task.runner [-] Task fc6651a0-264c-41c3-b07c-3850a46e9990 | ITER: 3 END: OK
2019-08-04 08:03:54.931 5848 INFO rally.task.runner [-] Task fc6651a0-264c-41c3-b07c-3850a46e9990 | ITER: 7 START
2019-08-04 08:03:54.935 5847 INFO rally.task.runner [-] Task fc6651a0-264c-41c3-b07c-3850a46e9990 | ITER: 2 END: OK
2019-08-04 08:03:54.939 5847 INFO rally.task.runner [-] Task fc6651a0-264c-41c3-b07c-3850a46e9990 | ITER: 8 START
2019-08-04 08:03:55.916 5848 INFO rally.task.runner [-] Task fc6651a0-264c-41c3-b07c-3850a46e9990 | ITER: 7 END: OK
2019-08-04 08:03:55.919 5849 INFO rally.task.runner [-] Task fc6651a0-264c-41c3-b07c-3850a46e9990 | ITER: 5 END: OK
2019-08-04 08:03:55.919 5848 INFO rally.task.runner [-] Task fc6651a0-264c-41c3-b07c-3850a46e9990 | ITER: 9 START
2019-08-04 08:03:55.923 5849 INFO rally.task.runner [-] Task fc6651a0-264c-41c3-b07c-3850a46e9990 | ITER: 10 START
2019-08-04 08:03:55.926 5846 INFO rally.task.runner [-] Task fc6651a0-264c-41c3-b07c-3850a46e9990 | ITER: 6 END: OK
2019-08-04 08:03:55.948 5847 INFO rally.task.runner [-] Task fc6651a0-264c-41c3-b07c-3850a46e9990 | ITER: 8 END: OK
2019-08-04 08:03:56.852 5849 INFO rally.task.runner [-] Task fc6651a0-264c-41c3-b07c-3850a46e9990 | ITER: 10 END: OK
2019-08-04 08:03:56.880 5848 INFO rally.task.runner [-] Task fc6651a0-264c-41c3-b07c-3850a46e9990 | ITER: 9 END: OK
2019-08-04 08:03:56.909 1842 INFO rally.task.context [-] Task fc6651a0-264c-41c3-b07c-3850a46e9990 | Context admin_cleanup@openstack cleanup() started
2019-08-04 08:03:56.912 1842 RALLYDEBUG rally_openstack.cleanup.manager [-] Cleaning up cinder volume_types objects
2019-08-04 08:03:57.597 1842 RALLYDEBUG rally_openstack.cleanup.manager [-] Deleting cinder.volume_types object s_rally_987c956b_il2yPbX4 (bbad47b3-dda7-4e0b-bdf0-9221d27dc57c)
2019-08-04 08:03:57.600 1842 RALLYDEBUG rally_openstack.cleanup.manager [-] Deleting cinder.volume_types object s_rally_987c956b_zkv640qr (9107c947-9042-4178-9f06-2e14f50e020b)
2019-08-04 08:03:57.606 1842 RALLYDEBUG rally_openstack.cleanup.manager [-] Deleting cinder.volume_types object s_rally_987c956b_a0WTD7rN (5ee3b98a-5e53-47ca-9988-eabb6fc83113)
2019-08-04 08:03:57.609 1842 RALLYDEBUG rally_openstack.cleanup.manager [-] Deleting cinder.volume_types object s_rally_987c956b_6JdSbm6T (1bbb1ef2-390d-47c0-9090-fa3934e1ec39)
2019-08-04 08:03:57.613 1842 RALLYDEBUG rally_openstack.cleanup.manager [-] Deleting cinder.volume_types object s_rally_987c956b_LDhTTns5 (e8ee6c78-41bc-4cbe-8a53-9913dceed34d)
2019-08-04 08:03:57.616 1842 RALLYDEBUG rally_openstack.cleanup.manager [-] Deleting cinder.volume_types object s_rally_987c956b_AJaqRdw4 (1a77b288-430b-4ba4-97e2-3a193888c2d2)
2019-08-04 08:03:57.617 1842 RALLYDEBUG rally_openstack.cleanup.manager [-] Deleting cinder.volume_types object s_rally_987c956b_e6EG3skr (d28d9276-26d6-430e-b2e0-d31017546336)
2019-08-04 08:03:57.618 1842 RALLYDEBUG rally_openstack.cleanup.manager [-] Deleting cinder.volume_types object s_rally_987c956b_0xhRPayS (e5e62731-b53d-472d-82ad-8c8a8113377b)
2019-08-04 08:03:57.622 1842 RALLYDEBUG rally_openstack.cleanup.manager [-] Deleting cinder.volume_types object s_rally_987c956b_z52xu9Y7 (51bf4838-0d74-4b9a-82e5-d720ac76c821)
2019-08-04 08:03:57.624 1842 RALLYDEBUG rally_openstack.cleanup.manager [-] Deleting cinder.volume_types object s_rally_987c956b_4N9xPtoh (7cba140a-77ce-4465-9985-3c11145a912e)
2019-08-04 08:04:00.007 1842 RALLYDEBUG rally_openstack.cleanup.manager [-] Cleaning up cinder image_volumes_cache objects
2019-08-04 08:04:01.089 1842 RALLYDEBUG rally_openstack.cleanup.manager [-] Cleaning up cinder quotas objects
2019-08-04 08:04:02.577 1842 RALLYDEBUG rally_openstack.cleanup.manager [-] Cleaning up cinder qos_specs objects
2019-08-04 08:04:03.306 1842 INFO rally.task.context [-] Task fc6651a0-264c-41c3-b07c-3850a46e9990 | Context admin_cleanup@openstack cleanup() finished in 6.40 sec
2019-08-04 08:04:03.306 1842 INFO rally.task.context [-] Task fc6651a0-264c-41c3-b07c-3850a46e9990 | Context api_versions@openstack cleanup() started
2019-08-04 08:04:03.307 1842 INFO rally.task.context [-] Task fc6651a0-264c-41c3-b07c-3850a46e9990 | Context api_versions@openstack cleanup() finished in 0.29 msec
2019-08-04 08:04:03.307 1842 INFO rally.task.context [-] Task fc6651a0-264c-41c3-b07c-3850a46e9990 | Context users@openstack cleanup() started
2019-08-04 08:04:10.435 1842 INFO rally.task.context [-] Task fc6651a0-264c-41c3-b07c-3850a46e9990 | Context users@openstack cleanup() finished in 7.13 sec
2019-08-04 08:04:10.776 1842 INFO rally.task.engine [-] Load duration is: 3.050522
2019-08-04 08:04:10.777 1842 INFO rally.task.engine [-] Full runner duration is: 3.103867
2019-08-04 08:04:10.777 1842 INFO rally.task.engine [-] Full duration is: 21.765198
2019-08-04 08:04:11.025 1842 INFO rally.task.engine [-] Running workload: position = 0 config = { "version": 2, "title": "A cropped version of a bigger task.", "description": "Auto-generated task from a single workload (uuid=1887ee6e-e8e6-40c1-ba47-310eb7e297c6)", "subtasks": [ { "title": "CinderVolumeTypes.create_and_update_volume_type", "description": "create a volume type, then update the type.", "scenario": { "CinderVolumeTypes.create_and_update_volume_type": { "description": "test", "update_description": "test update" } }, "contexts": { "users": { "tenants": 3, "users_per_tenant": 2 }, "api_versions": { "cinder": { "version": 3, "service_type": "volumev3" } } }, "runner": { "constant": { "concurrency": 4, "times": 10 } }, "hooks": [], "sla": { "failure_rate": { "max": 0 } } } ] }
2019-08-04 08:04:11.046 1842 RALLYDEBUG rally_openstack.contexts.keystone.users [-] Creating 3 tenants using 20 threads
2019-08-04 08:04:12.860 1842 RALLYDEBUG rally_openstack.contexts.keystone.users [-] Creating 6 users using 20 threads
2019-08-04 08:04:15.525 1842 INFO rally.task.context [-] Task fc6651a0-264c-41c3-b07c-3850a46e9990 | Context users@openstack setup() finished in 4.48 sec
2019-08-04 08:04:15.949 1842 INFO rally.task.context [-] Task fc6651a0-264c-41c3-b07c-3850a46e9990 | Context api_versions@openstack setup() finished in 0.42 sec
2019-08-04 08:04:15.949 1842 INFO rally.task.context [-] Task fc6651a0-264c-41c3-b07c-3850a46e9990 | Context admin_cleanup@openstack setup() finished in 0.01 msec
2019-08-04 08:04:15.957 1842 RALLYDEBUG rally.task.runner [-] Starting the constant runner (task UUID: fc6651a0-264c-41c3-b07c-3850a46e9990). timeout: 0 concurrency: 4 concurrency_per_worker: 1 times: 10 concurrency_overhead: 0 processes_to_start: 4 max_cpu_used: 16
2019-08-04 08:04:15.967 6030 RALLYDEBUG rally.task.runner [-] Starting a worker. concurrency: 1 args: {"description": "test", "update_description": "test update"} times: 10 method_name: run timeout: 0 duration: None cls:
2019-08-04 08:04:15.971 6030 INFO rally.task.runner [-] Task fc6651a0-264c-41c3-b07c-3850a46e9990 | ITER: 1 START
2019-08-04 08:04:15.972 6031 RALLYDEBUG rally.task.runner [-] Starting a worker. concurrency: 1 args: {"description": "test", "update_description": "test update"} times: 10 method_name: run timeout: 0 duration: None cls:
2019-08-04 08:04:15.975 6032 RALLYDEBUG rally.task.runner [-] Starting a worker. concurrency: 1 args: {"description": "test", "update_description": "test update"} times: 10 method_name: run timeout: 0 duration: None cls:
2019-08-04 08:04:15.979 6031 INFO rally.task.runner [-] Task fc6651a0-264c-41c3-b07c-3850a46e9990 | ITER: 2 START
2019-08-04 08:04:15.979 6035 RALLYDEBUG rally.task.runner [-] Starting a worker. concurrency: 1 args: {"description": "test", "update_description": "test update"} times: 10 method_name: run timeout: 0 duration: None cls:
2019-08-04 08:04:15.982 6032 INFO rally.task.runner [-] Task fc6651a0-264c-41c3-b07c-3850a46e9990 | ITER: 3 START
2019-08-04 08:04:15.986 6035 INFO rally.task.runner [-] Task fc6651a0-264c-41c3-b07c-3850a46e9990 | ITER: 4 START
2019-08-04 08:04:16.411 6030 DEBUG cinderclient.v2.client [-] REQ: curl -g -i -X POST http://172.30.9.34:8776/v3/18e0e5a65c7349bb82e31bce200bcae5/types -H "Accept: application/json" -H "Content-Type: application/json" -H "User-Agent: python-cinderclient" -H "X-Auth-Token: {SHA1}9baa12537bd85a34eaf1218a86a4cb4f861c4013" -d '{"volume_type": {"os-volume-type-access:is_public": true, "name": "s_rally_1887ee6e_gsB6eYxH", "description": "test"}}' _http_log_request /usr/lib/python2.7/site-packages/keystoneauth1/session.py:448
2019-08-04 08:04:16.411 6031 DEBUG cinderclient.v2.client [-] REQ: curl -g -i -X POST http://172.30.9.34:8776/v3/18e0e5a65c7349bb82e31bce200bcae5/types -H "Accept: application/json" -H "Content-Type: application/json" -H "User-Agent: python-cinderclient" -H "X-Auth-Token: {SHA1}bf3bfe4750844d2449b37299eb44f7e1004fee3d" -d '{"volume_type": {"os-volume-type-access:is_public": true, "name": "s_rally_1887ee6e_OBrujlP8", "description": "test"}}' _http_log_request /usr/lib/python2.7/site-packages/keystoneauth1/session.py:448
2019-08-04 08:04:16.440 6032 DEBUG cinderclient.v2.client [-] REQ: curl -g -i -X POST http://172.30.9.34:8776/v3/18e0e5a65c7349bb82e31bce200bcae5/types -H "Accept: application/json" -H "Content-Type: application/json" -H "User-Agent: python-cinderclient" -H "X-Auth-Token: {SHA1}89d57a664ae57598b94af7592f2ec897c9daeec6" -d '{"volume_type": {"os-volume-type-access:is_public": true, "name": "s_rally_1887ee6e_SWT3sqEV", "description": "test"}}' _http_log_request /usr/lib/python2.7/site-packages/keystoneauth1/session.py:448
2019-08-04 08:04:16.443 6035 DEBUG cinderclient.v2.client [-] REQ: curl -g -i -X POST http://172.30.9.34:8776/v3/18e0e5a65c7349bb82e31bce200bcae5/types -H "Accept: application/json" -H "Content-Type: application/json" -H "User-Agent: python-cinderclient" -H "X-Auth-Token: {SHA1}1963b38f1f9d6b9c4c73711b77ff134caa51db8b" -d '{"volume_type": {"os-volume-type-access:is_public": true, "name": "s_rally_1887ee6e_cI0b1K9k", "description": "test"}}' _http_log_request /usr/lib/python2.7/site-packages/keystoneauth1/session.py:448
2019-08-04 08:04:16.730 6031 DEBUG cinderclient.v2.client [-] RESP: [200] Content-Encoding: gzip Content-Length: 169 Content-Type: application/json Date: Sun, 04 Aug 2019 08:04:16 GMT OpenStack-API-Version: volume 3.0 Server: Apache Vary: OpenStack-API-Version,Accept-Encoding x-compute-request-id: req-30fa7f33-7821-44c4-88d3-7d86d6f11e02 x-openstack-request-id: req-30fa7f33-7821-44c4-88d3-7d86d6f11e02 _http_log_response /usr/lib/python2.7/site-packages/keystoneauth1/session.py:479
2019-08-04 08:04:16.731 6031 DEBUG cinderclient.v2.client [-] RESP BODY: {"volume_type": {"name": "s_rally_1887ee6e_OBrujlP8", "extra_specs": {}, "os-volume-type-access:is_public": true, "is_public": true, "id": "1da7fc50-85a0-45fa-9026-835a1cd4d24e", "description": "test"}} _http_log_response /usr/lib/python2.7/site-packages/keystoneauth1/session.py:511
2019-08-04 08:04:16.731 6031 DEBUG cinderclient.v2.client [-] POST call to volumev2 for http://172.30.9.34:8776/v3/18e0e5a65c7349bb82e31bce200bcae5/types used request id req-30fa7f33-7821-44c4-88d3-7d86d6f11e02 request /usr/lib/python2.7/site-packages/keystoneauth1/session.py:844
2019-08-04 08:04:16.733 6031 DEBUG cinderclient.v2.client [-] REQ: curl -g -i -X PUT http://172.30.9.34:8776/v3/18e0e5a65c7349bb82e31bce200bcae5/types/1da7fc50-85a0-45fa-9026-835a1cd4d24e -H "Accept: application/json" -H "Content-Type: application/json" -H "User-Agent: python-cinderclient" -H "X-Auth-Token: {SHA1}bf3bfe4750844d2449b37299eb44f7e1004fee3d" -H "X-OpenStack-Request-ID: req-30fa7f33-7821-44c4-88d3-7d86d6f11e02" -d '{"volume_type": {"name": "s_rally_1887ee6e_OBrujlP8", "description": "test update"}}' _http_log_request /usr/lib/python2.7/site-packages/keystoneauth1/session.py:448
2019-08-04 08:04:16.739 6030 DEBUG cinderclient.v2.client [-] RESP: [200] Content-Encoding: gzip Content-Length: 167 Content-Type: application/json Date: Sun, 04 Aug 2019 08:04:16 GMT OpenStack-API-Version: volume 3.0 Server: Apache Vary: OpenStack-API-Version,Accept-Encoding x-compute-request-id: req-97a01098-6116-40c7-ab10-8a5af2329205 x-openstack-request-id: req-97a01098-6116-40c7-ab10-8a5af2329205 _http_log_response /usr/lib/python2.7/site-packages/keystoneauth1/session.py:479
2019-08-04 08:04:16.740 6030 DEBUG cinderclient.v2.client [-] RESP BODY: {"volume_type": {"name": "s_rally_1887ee6e_gsB6eYxH", "extra_specs": {}, "os-volume-type-access:is_public": true, "is_public": true, "id": "534b74e8-69eb-4444-8b4e-dfa043aad844", "description": "test"}} _http_log_response /usr/lib/python2.7/site-packages/keystoneauth1/session.py:511
2019-08-04 08:04:16.740 6030 DEBUG cinderclient.v2.client [-] POST call to volumev2 for http://172.30.9.34:8776/v3/18e0e5a65c7349bb82e31bce200bcae5/types used request id req-97a01098-6116-40c7-ab10-8a5af2329205 request /usr/lib/python2.7/site-packages/keystoneauth1/session.py:844
2019-08-04 08:04:16.742 6030 DEBUG cinderclient.v2.client [-] REQ: curl -g -i -X PUT http://172.30.9.34:8776/v3/18e0e5a65c7349bb82e31bce200bcae5/types/534b74e8-69eb-4444-8b4e-dfa043aad844 -H "Accept: application/json" -H "Content-Type: application/json" -H "User-Agent: python-cinderclient" -H "X-Auth-Token: {SHA1}9baa12537bd85a34eaf1218a86a4cb4f861c4013" -H "X-OpenStack-Request-ID: req-97a01098-6116-40c7-ab10-8a5af2329205" -d '{"volume_type": {"name": "s_rally_1887ee6e_gsB6eYxH", "description": "test update"}}' _http_log_request /usr/lib/python2.7/site-packages/keystoneauth1/session.py:448
2019-08-04 08:04:16.806 6035 DEBUG cinderclient.v2.client [-] RESP: [200] Content-Encoding: gzip Content-Length: 166 Content-Type: application/json Date: Sun, 04 Aug 2019 08:04:16 GMT OpenStack-API-Version: volume 3.0 Server: Apache Vary: OpenStack-API-Version,Accept-Encoding x-compute-request-id: req-a268f10b-29cb-4bc7-8345-d6100652718f x-openstack-request-id: req-a268f10b-29cb-4bc7-8345-d6100652718f _http_log_response /usr/lib/python2.7/site-packages/keystoneauth1/session.py:479
2019-08-04 08:04:16.807 6035 DEBUG cinderclient.v2.client [-] RESP BODY: {"volume_type": {"name": "s_rally_1887ee6e_cI0b1K9k", "extra_specs": {}, "os-volume-type-access:is_public": true, "is_public": true, "id": "545a7aa0-68c5-4cff-80ea-3a8ecaf1d406", "description": "test"}} _http_log_response /usr/lib/python2.7/site-packages/keystoneauth1/session.py:511
2019-08-04 08:04:16.807 6035 DEBUG cinderclient.v2.client [-] POST call to volumev2 for http://172.30.9.34:8776/v3/18e0e5a65c7349bb82e31bce200bcae5/types used request id req-a268f10b-29cb-4bc7-8345-d6100652718f request /usr/lib/python2.7/site-packages/keystoneauth1/session.py:844
2019-08-04 08:04:16.809 6035 DEBUG cinderclient.v2.client [-] REQ: curl -g -i -X PUT http://172.30.9.34:8776/v3/18e0e5a65c7349bb82e31bce200bcae5/types/545a7aa0-68c5-4cff-80ea-3a8ecaf1d406 -H "Accept: application/json" -H "Content-Type: application/json" -H "User-Agent: python-cinderclient" -H "X-Auth-Token: {SHA1}1963b38f1f9d6b9c4c73711b77ff134caa51db8b" -H "X-OpenStack-Request-ID: req-a268f10b-29cb-4bc7-8345-d6100652718f" -d '{"volume_type": {"name": "s_rally_1887ee6e_cI0b1K9k", "description": "test update"}}' _http_log_request /usr/lib/python2.7/site-packages/keystoneauth1/session.py:448
