2019-08-04 07:58:11.439 1842 INFO rally.task.context [-] Task fc6651a0-264c-41c3-b07c-3850a46e9990 | Context quotas@openstack cleanup() started
2019-08-04 07:58:12.182 1842 INFO rally.task.context [-] Task fc6651a0-264c-41c3-b07c-3850a46e9990 | Context quotas@openstack cleanup() finished in 0.74 sec
2019-08-04 07:58:12.182 1842 INFO rally.task.context [-] Task fc6651a0-264c-41c3-b07c-3850a46e9990 | Context api_versions@openstack cleanup() started
2019-08-04 07:58:12.183 1842 INFO rally.task.context [-] Task fc6651a0-264c-41c3-b07c-3850a46e9990 | Context api_versions@openstack cleanup() finished in 0.43 msec
2019-08-04 07:58:12.183 1842 INFO rally.task.context [-] Task fc6651a0-264c-41c3-b07c-3850a46e9990 | Context users@openstack cleanup() started
2019-08-04 07:58:19.177 1842 INFO rally.task.context [-] Task fc6651a0-264c-41c3-b07c-3850a46e9990 | Context users@openstack cleanup() finished in 6.99 sec
2019-08-04 07:58:20.840 1842 INFO rally.task.engine [-] Load duration is: 17.765279
2019-08-04 07:58:20.840 1842 INFO rally.task.engine [-] Full runner duration is: 17.816405
2019-08-04 07:58:20.841 1842 INFO rally.task.engine [-] Full duration is: 56.577165
2019-08-04 07:58:21.078 1842 INFO rally.task.engine [-] Running workload: position = 0 config = { "version": 2, "title": "A cropped version of a bigger task.", "description": "Auto-generated task from a single workload (uuid=2b17cfad-b976-44e7-ab67-ea226ef94add)", "subtasks": [ { "title": "CinderVolumes.create_and_delete_volume", "description": "Create and then delete a volume.", "scenario": { "CinderVolumes.create_and_delete_volume": { "size": { "max": 1, "min": 1 } } }, "contexts": { "users": { "tenants": 3, "users_per_tenant": 2 }, "quotas": { "cinder": { "gigabytes": -1, "snapshots": -1, "volumes": -1 } }, "api_versions": { "cinder": { "version": 3, "service_type": "volumev3" } } }, "runner": { "constant": { "concurrency": 4, "times": 10 } }, "hooks": [], "sla": { "failure_rate": { "max": 0 } } } ] }
2019-08-04 07:58:21.101 1842 RALLYDEBUG rally_openstack.contexts.keystone.users [-] Creating 3 tenants using 20 threads
2019-08-04 07:58:22.910 1842 RALLYDEBUG rally_openstack.contexts.keystone.users [-] Creating 6 users using 20 threads
2019-08-04 07:58:25.536 1842 INFO rally.task.context [-] Task fc6651a0-264c-41c3-b07c-3850a46e9990 | Context users@openstack setup() finished in 4.44 sec
2019-08-04 07:58:25.953 1842 INFO rally.task.context [-] Task fc6651a0-264c-41c3-b07c-3850a46e9990 | Context api_versions@openstack setup() finished in 0.42 sec
2019-08-04 07:58:27.546 1842 INFO rally.task.context [-] Task fc6651a0-264c-41c3-b07c-3850a46e9990 | Context quotas@openstack setup() finished in 1.59 sec
2019-08-04 07:58:27.546 1842 INFO rally.task.context [-] Task fc6651a0-264c-41c3-b07c-3850a46e9990 | Context cleanup@openstack setup() finished in 0.01 msec
2019-08-04 07:58:27.555 1842 RALLYDEBUG rally.task.runner [-] Starting the constant runner (task UUID: fc6651a0-264c-41c3-b07c-3850a46e9990). timeout: 0 concurrency: 4 concurrency_per_worker: 1 times: 10 concurrency_overhead: 0 processes_to_start: 4 max_cpu_used: 16
2019-08-04 07:58:27.565 4170 RALLYDEBUG rally.task.runner [-] Starting a worker. concurrency: 1 args: {"size": {"max": 1, "min": 1}} times: 10 method_name: run timeout: 0 duration: None cls:
2019-08-04 07:58:27.570 4170 INFO rally.task.runner [-] Task fc6651a0-264c-41c3-b07c-3850a46e9990 | ITER: 1 START
2019-08-04 07:58:27.571 4171 RALLYDEBUG rally.task.runner [-] Starting a worker. concurrency: 1 args: {"size": {"max": 1, "min": 1}} times: 10 method_name: run timeout: 0 duration: None cls:
2019-08-04 07:58:27.574 4172 RALLYDEBUG rally.task.runner [-] Starting a worker. concurrency: 1 args: {"size": {"max": 1, "min": 1}} times: 10 method_name: run timeout: 0 duration: None cls:
2019-08-04 07:58:27.575 4175 RALLYDEBUG rally.task.runner [-] Starting a worker. concurrency: 1 args: {"size": {"max": 1, "min": 1}} times: 10 method_name: run timeout: 0 duration: None cls:
2019-08-04 07:58:27.578 4171 INFO rally.task.runner [-] Task fc6651a0-264c-41c3-b07c-3850a46e9990 | ITER: 2 START
2019-08-04 07:58:27.581 4175 INFO rally.task.runner [-] Task fc6651a0-264c-41c3-b07c-3850a46e9990 | ITER: 4 START
2019-08-04 07:58:27.582 4172 INFO rally.task.runner [-] Task fc6651a0-264c-41c3-b07c-3850a46e9990 | ITER: 3 START
2019-08-04 07:58:31.470 4171 RALLYDEBUG rally.task.utils [-] Waiting for resource s_rally_2b17cfad_GbCwuJCg. Status changed: AVAILABLE => DELETING in 0.0607089996338
2019-08-04 07:58:31.694 4172 RALLYDEBUG rally.task.utils [-] Waiting for resource s_rally_2b17cfad_01tY7yXs. Status changed: AVAILABLE => DELETING in 0.2903881073
2019-08-04 07:58:31.823 4175 RALLYDEBUG rally.task.utils [-] Waiting for resource s_rally_2b17cfad_lF6ILU31. Status changed: AVAILABLE => DELETING in 0.258893013
2019-08-04 07:58:31.910 4170 RALLYDEBUG rally.task.utils [-] Waiting for resource s_rally_2b17cfad_q8gVAlXF. Status changed: AVAILABLE => DELETING in 0.32230591774
2019-08-04 07:58:33.715 4171 INFO rally.task.runner [-] Task fc6651a0-264c-41c3-b07c-3850a46e9990 | ITER: 2 END: OK
2019-08-04 07:58:33.719 4171 INFO rally.task.runner [-] Task fc6651a0-264c-41c3-b07c-3850a46e9990 | ITER: 5 START
2019-08-04 07:58:33.732 4172 INFO rally.task.runner [-] Task fc6651a0-264c-41c3-b07c-3850a46e9990 | ITER: 3 END: OK
2019-08-04 07:58:33.737 4172 INFO rally.task.runner [-] Task fc6651a0-264c-41c3-b07c-3850a46e9990 | ITER: 6 START
2019-08-04 07:58:34.111 4175 INFO rally.task.runner [-] Task fc6651a0-264c-41c3-b07c-3850a46e9990 | ITER: 4 END: OK
2019-08-04 07:58:34.116 4175 INFO rally.task.runner [-] Task fc6651a0-264c-41c3-b07c-3850a46e9990 | ITER: 7 START
2019-08-04 07:58:34.160 4170 INFO rally.task.runner [-] Task fc6651a0-264c-41c3-b07c-3850a46e9990 | ITER: 1 END: OK
2019-08-04 07:58:34.164 4170 INFO rally.task.runner [-] Task fc6651a0-264c-41c3-b07c-3850a46e9990 | ITER: 8 START
2019-08-04 07:58:37.700 4171 INFO rally.task.runner [-] Task fc6651a0-264c-41c3-b07c-3850a46e9990 | ITER: 5 END: OK
2019-08-04 07:58:37.705 4171 INFO rally.task.runner [-] Task fc6651a0-264c-41c3-b07c-3850a46e9990 | ITER: 9 START
2019-08-04 07:58:38.016 4175 RALLYDEBUG rally.task.utils [-] Waiting for resource s_rally_2b17cfad_SgEKYGkk. Status changed: AVAILABLE => DELETING in 0.263460874557
2019-08-04 07:58:38.096 4172 RALLYDEBUG rally.task.utils [-] Waiting for resource s_rally_2b17cfad_nyLauj6Z. Status changed: AVAILABLE => DELETING in 0.279886007309
2019-08-04 07:58:38.130 4170 RALLYDEBUG rally.task.utils [-] Waiting for resource s_rally_2b17cfad_A5ZZ0vbm. Status changed: AVAILABLE => DELETING in 0.271024942398
2019-08-04 07:58:40.178 4170 INFO rally.task.runner [-] Task fc6651a0-264c-41c3-b07c-3850a46e9990 | ITER: 8 END: OK
2019-08-04 07:58:40.184 4170 INFO rally.task.runner [-] Task fc6651a0-264c-41c3-b07c-3850a46e9990 | ITER: 10 START
2019-08-04 07:58:40.274 4175 INFO rally.task.runner [-] Task fc6651a0-264c-41c3-b07c-3850a46e9990 | ITER: 7 END: OK
2019-08-04 07:58:40.329 4172 INFO rally.task.runner [-] Task fc6651a0-264c-41c3-b07c-3850a46e9990 | ITER: 6 END: OK
2019-08-04 07:58:41.611 4171 INFO rally.task.runner [-] Task fc6651a0-264c-41c3-b07c-3850a46e9990 | ITER: 9 END: OK
2019-08-04 07:58:44.220 4170 INFO rally.task.runner [-] Task fc6651a0-264c-41c3-b07c-3850a46e9990 | ITER: 10 END: OK
2019-08-04 07:58:44.243 1842 INFO rally.task.context [-] Task fc6651a0-264c-41c3-b07c-3850a46e9990 | Context cleanup@openstack cleanup() started
2019-08-04 07:58:44.245 1842 RALLYDEBUG rally_openstack.cleanup.manager [-] Cleaning up cinder backups objects
2019-08-04 07:58:46.246 1842 RALLYDEBUG rally_openstack.cleanup.manager [-] Cleaning up cinder volume_snapshots objects
2019-08-04 07:58:48.205 1842 RALLYDEBUG rally_openstack.cleanup.manager [-] Cleaning up cinder transfers objects
2019-08-04 07:58:50.177 1842 RALLYDEBUG rally_openstack.cleanup.manager [-] Cleaning up cinder volumes objects
2019-08-04 07:58:52.206 1842 INFO rally.task.context [-] Task fc6651a0-264c-41c3-b07c-3850a46e9990 | Context cleanup@openstack cleanup() finished in 7.96 sec
2019-08-04 07:58:52.207 1842 INFO rally.task.context [-] Task fc6651a0-264c-41c3-b07c-3850a46e9990 | Context quotas@openstack cleanup() started
2019-08-04 07:58:52.667 1842 INFO rally.task.context [-] Task fc6651a0-264c-41c3-b07c-3850a46e9990 | Context quotas@openstack cleanup() finished in 0.46 sec
2019-08-04 07:58:52.667 1842 INFO rally.task.context [-] Task fc6651a0-264c-41c3-b07c-3850a46e9990 | Context api_versions@openstack cleanup() started
2019-08-04 07:58:52.668 1842 INFO rally.task.context [-] Task fc6651a0-264c-41c3-b07c-3850a46e9990 | Context api_versions@openstack cleanup() finished in 0.32 msec
2019-08-04 07:58:52.668 1842 INFO rally.task.context [-] Task fc6651a0-264c-41c3-b07c-3850a46e9990 | Context users@openstack cleanup() started
2019-08-04 07:58:59.592 1842 INFO rally.task.context [-] Task fc6651a0-264c-41c3-b07c-3850a46e9990 | Context users@openstack cleanup() finished in 6.92 sec
2019-08-04 07:59:01.260 1842 INFO rally.task.engine [-] Load duration is: 16.646804
2019-08-04 07:59:01.260 1842 INFO rally.task.engine [-] Full runner duration is: 16.689142
2019-08-04 07:59:01.261 1842 INFO rally.task.engine [-] Full duration is: 38.493534
2019-08-04 07:59:01.423 1842 INFO rally.task.engine [-] Running workload: position = 1 config = { "version": 2, "title": "A cropped version of a bigger task.", "description": "Auto-generated task from a single workload (uuid=682f26fa-3521-451e-b171-811fa2a03b29)", "subtasks": [ { "title": "CinderVolumes.create_and_delete_volume", "description": "Create and then delete a volume.", "scenario": { "CinderVolumes.create_and_delete_volume": { "image": { "name": "rally_full-img_e3ca0a46-561a-4ce7-b653-ca6a5d641f65" }, "size": 1 } }, "contexts": { "users": { "tenants": 3, "users_per_tenant": 2 }, "quotas": { "cinder": { "gigabytes": -1, "snapshots": -1, "volumes": -1 } }, "api_versions": { "cinder": { "version": 3, "service_type": "volumev3" } } }, "runner": { "constant": { "concurrency": 4, "times": 10 } }, "hooks": [], "sla": { "failure_rate": { "max": 0 } } } ] }
2019-08-04 07:59:01.448 1842 RALLYDEBUG rally_openstack.contexts.keystone.users [-] Creating 3 tenants using 20 threads
2019-08-04 07:59:03.219 1842 RALLYDEBUG rally_openstack.contexts.keystone.users [-] Creating 6 users using 20 threads
2019-08-04 07:59:05.914 1842 INFO rally.task.context [-] Task fc6651a0-264c-41c3-b07c-3850a46e9990 | Context users@openstack setup() finished in 4.47 sec
2019-08-04 07:59:06.342 1842 INFO rally.task.context [-] Task fc6651a0-264c-41c3-b07c-3850a46e9990 | Context api_versions@openstack setup() finished in 0.43 sec
2019-08-04 07:59:07.996 1842 INFO rally.task.context [-] Task fc6651a0-264c-41c3-b07c-3850a46e9990 | Context quotas@openstack setup() finished in 1.65 sec
2019-08-04 07:59:07.997 1842 INFO rally.task.context [-] Task fc6651a0-264c-41c3-b07c-3850a46e9990 | Context cleanup@openstack setup() finished in 0.01 msec
2019-08-04 07:59:08.741 1842 RALLYDEBUG rally.task.runner [-] Starting the constant runner (task UUID: fc6651a0-264c-41c3-b07c-3850a46e9990). timeout: 0 concurrency: 4 concurrency_per_worker: 1 times: 10 concurrency_overhead: 0 processes_to_start: 4 max_cpu_used: 16
2019-08-04 07:59:08.754 4355 RALLYDEBUG rally.task.runner [-] Starting a worker. concurrency: 1 args: {"image": "d15ec874-845f-490f-be82-9bc34c4babc6", "size": 1} times: 10 method_name: run timeout: 0 duration: None cls:
2019-08-04 07:59:08.754 4354 RALLYDEBUG rally.task.runner [-] Starting a worker. concurrency: 1 args: {"image": "d15ec874-845f-490f-be82-9bc34c4babc6", "size": 1} times: 10 method_name: run timeout: 0 duration: None cls:
2019-08-04 07:59:08.759 4355 INFO rally.task.runner [-] Task fc6651a0-264c-41c3-b07c-3850a46e9990 | ITER: 1 START
2019-08-04 07:59:08.758 4356 RALLYDEBUG rally.task.runner [-] Starting a worker. concurrency: 1 args: {"image": "d15ec874-845f-490f-be82-9bc34c4babc6", "size": 1} times: 10 method_name: run timeout: 0 duration: None cls:
2019-08-04 07:59:08.761 4357 RALLYDEBUG rally.task.runner [-] Starting a worker. concurrency: 1 args: {"image": "d15ec874-845f-490f-be82-9bc34c4babc6", "size": 1} times: 10 method_name: run timeout: 0 duration: None cls:
2019-08-04 07:59:08.762 4354 INFO rally.task.runner [-] Task fc6651a0-264c-41c3-b07c-3850a46e9990 | ITER: 2 START
2019-08-04 07:59:08.766 4356 INFO rally.task.runner [-] Task fc6651a0-264c-41c3-b07c-3850a46e9990 | ITER: 3 START
2019-08-04 07:59:08.767 4357 INFO rally.task.runner [-] Task fc6651a0-264c-41c3-b07c-3850a46e9990 | ITER: 4 START
2019-08-04 07:59:12.984 4357 RALLYDEBUG rally.task.utils [-] Waiting for resource s_rally_682f26fa_BVYHhd16. Status changed: CREATING => DOWNLOADING in 0.90092420578
2019-08-04 07:59:15.272 4355 RALLYDEBUG rally.task.utils [-] Waiting for resource s_rally_682f26fa_6FO9NRFb. Status changed: DOWNLOADING => AVAILABLE in 3.01592803001
2019-08-04 07:59:15.354 4354 RALLYDEBUG rally.task.utils [-] Waiting for resource s_rally_682f26fa_biTrKjVm. Status changed: DOWNLOADING => AVAILABLE in 2.99599504471
2019-08-04 07:59:15.399 4356 RALLYDEBUG rally.task.utils [-] Waiting for resource s_rally_682f26fa_IktwqE6j. Status changed: DOWNLOADING => AVAILABLE in 3.1091029644
2019-08-04 07:59:15.683 4355 RALLYDEBUG rally.task.utils [-] Waiting for resource s_rally_682f26fa_6FO9NRFb. Status changed: AVAILABLE => DELETING in 0.0573320388794
2019-08-04 07:59:15.771 4354 INFO rally.task.runner [-] Task fc6651a0-264c-41c3-b07c-3850a46e9990 | ITER: 2 END: OK
2019-08-04 07:59:15.774 4354 INFO rally.task.runner [-] Task fc6651a0-264c-41c3-b07c-3850a46e9990 | ITER: 5 START
2019-08-04 07:59:15.819 4356 RALLYDEBUG rally.task.utils [-] Waiting for resource s_rally_682f26fa_IktwqE6j. Status changed: AVAILABLE => DELETING in 0.0730891227722
2019-08-04 07:59:17.347 4357 RALLYDEBUG rally.task.utils [-] Waiting for resource s_rally_682f26fa_BVYHhd16. Status changed: DOWNLOADING => AVAILABLE in 4.36348986626
2019-08-04 07:59:17.662 4357 RALLYDEBUG rally.task.utils [-] Waiting for resource s_rally_682f26fa_BVYHhd16. Status changed: AVAILABLE => DELETING in 0.0523519515991
2019-08-04 07:59:17.721 4355 INFO rally.task.runner [-] Task fc6651a0-264c-41c3-b07c-3850a46e9990 | ITER: 1 END: OK
2019-08-04 07:59:17.726 4355 INFO rally.task.runner [-] Task fc6651a0-264c-41c3-b07c-3850a46e9990 | ITER: 6 START
2019-08-04 07:59:18.126 4356 INFO rally.task.runner [-] Task fc6651a0-264c-41c3-b07c-3850a46e9990 | ITER: 3 END: OK
2019-08-04 07:59:18.131 4356 INFO rally.task.runner [-] Task fc6651a0-264c-41c3-b07c-3850a46e9990 | ITER: 7 START
2019-08-04 07:59:19.710 4357 INFO rally.task.runner [-] Task fc6651a0-264c-41c3-b07c-3850a46e9990 | ITER: 4 END: OK
2019-08-04 07:59:19.715 4357 INFO rally.task.runner [-] Task fc6651a0-264c-41c3-b07c-3850a46e9990 | ITER: 8 START
2019-08-04 07:59:21.932 4354 RALLYDEBUG rally.task.utils [-] Waiting for resource s_rally_682f26fa_MhrIdJz0. Status changed: DOWNLOADING => AVAILABLE in 2.97901296616
2019-08-04 07:59:22.318 4354 RALLYDEBUG rally.task.utils [-] Waiting for resource s_rally_682f26fa_MhrIdJz0. Status changed: AVAILABLE => DELETING in 0.301513195038
2019-08-04 07:59:23.894 4355 RALLYDEBUG rally.task.utils [-] Waiting for resource s_rally_682f26fa_T4MfB394. Status changed: DOWNLOADING => AVAILABLE in 2.91429018974
2019-08-04 07:59:24.485 4355 RALLYDEBUG rally.task.utils [-] Waiting for resource s_rally_682f26fa_T4MfB394. Status changed: AVAILABLE => DELETING in 0.329289913177
2019-08-04 07:59:24.515 4356 RALLYDEBUG rally.task.utils [-] Waiting for resource s_rally_682f26fa_nFNcjwKW. Status changed: DOWNLOADING => AVAILABLE in 3.03050112724
2019-08-04 07:59:24.570 4354 INFO rally.task.runner [-] Task fc6651a0-264c-41c3-b07c-3850a46e9990 | ITER: 5 END: OK
2019-08-04 07:59:24.574 4354 INFO rally.task.runner [-] Task fc6651a0-264c-41c3-b07c-3850a46e9990 | ITER: 9 START
2019-08-04 07:59:25.104 4356 RALLYDEBUG rally.task.utils [-] Waiting for resource s_rally_682f26fa_nFNcjwKW. Status changed: AVAILABLE => DELETING in 0.243510007858
2019-08-04 07:59:25.672 4357 RALLYDEBUG rally.task.utils [-] Waiting for resource s_rally_682f26fa_RedqaSd1. Status changed: DOWNLOADING => AVAILABLE in 2.74063801765
2019-08-04 07:59:25.995 4357 INFO rally.task.runner [-] Task fc6651a0-264c-41c3-b07c-3850a46e9990 | ITER: 8 END: OK
2019-08-04 07:59:25.999 4357 INFO rally.task.runner [-] Task fc6651a0-264c-41c3-b07c-3850a46e9990 | ITER: 10 START
2019-08-04 07:59:26.744 4355 INFO rally.task.runner [-] Task fc6651a0-264c-41c3-b07c-3850a46e9990 | ITER: 6 END: OK
2019-08-04 07:59:27.342 4356 INFO rally.task.runner [-] Task fc6651a0-264c-41c3-b07c-3850a46e9990 | ITER: 7 END: OK
2019-08-04 07:59:30.471 4354 RALLYDEBUG rally.task.utils [-] Waiting for resource s_rally_682f26fa_u5CieFqe. Status changed: DOWNLOADING => AVAILABLE in 2.56366801262
2019-08-04 07:59:30.777 4354 INFO rally.task.runner [-] Task fc6651a0-264c-41c3-b07c-3850a46e9990 | ITER: 9 END: OK
2019-08-04 07:59:32.040 4357 RALLYDEBUG rally.task.utils [-] Waiting for resource s_rally_682f26fa_RLgXMwqU. Status changed: DOWNLOADING => AVAILABLE in 2.79496216774
2019-08-04 07:59:32.523 4357 INFO rally.task.runner [-] Task fc6651a0-264c-41c3-b07c-3850a46e9990 | ITER: 10 END: OK
2019-08-04 07:59:32.550 1842 INFO rally.task.context [-] Task fc6651a0-264c-41c3-b07c-3850a46e9990 | Context cleanup@openstack cleanup() started
2019-08-04 07:59:32.553 1842 RALLYDEBUG rally_openstack.cleanup.manager [-] Cleaning up cinder backups objects
2019-08-04 07:59:34.494 1842 RALLYDEBUG rally_openstack.cleanup.manager [-] Cleaning up cinder volume_snapshots objects
2019-08-04 07:59:36.448 1842 RALLYDEBUG rally_openstack.cleanup.manager [-] Cleaning up cinder transfers objects
2019-08-04 07:59:38.309 1842 RALLYDEBUG rally_openstack.cleanup.manager [-] Cleaning up cinder volumes objects
2019-08-04 07:59:40.324 1842 INFO rally.task.context [-] Task fc6651a0-264c-41c3-b07c-3850a46e9990 | Context cleanup@openstack cleanup() finished in 7.77 sec
2019-08-04 07:59:40.324 1842 INFO rally.task.context [-] Task fc6651a0-264c-41c3-b07c-3850a46e9990 | Context quotas@openstack cleanup() started
2019-08-04 07:59:40.956 1842 INFO rally.task.context [-] Task fc6651a0-264c-41c3-b07c-3850a46e9990 | Context quotas@openstack cleanup() finished in 0.63 sec
2019-08-04 07:59:40.957 1842 INFO rally.task.context [-] Task fc6651a0-264c-41c3-b07c-3850a46e9990 | Context api_versions@openstack cleanup() started
2019-08-04 07:59:40.957 1842 INFO rally.task.context [-] Task fc6651a0-264c-41c3-b07c-3850a46e9990 | Context api_versions@openstack cleanup() finished in 0.33 msec
2019-08-04 07:59:40.957 1842 INFO rally.task.context [-] Task fc6651a0-264c-41c3-b07c-3850a46e9990 | Context users@openstack cleanup() started
2019-08-04 07:59:48.713 1842 INFO rally.task.context [-] Task fc6651a0-264c-41c3-b07c-3850a46e9990 | Context users@openstack cleanup() finished in 7.76 sec
2019-08-04 07:59:49.637 1842 INFO rally.task.engine [-] Load duration is: 23.761531
2019-08-04 07:59:49.638 1842 INFO rally.task.engine [-] Full runner duration is: 23.809279
2019-08-04 07:59:49.638 1842 INFO rally.task.engine [-] Full duration is: 47.26989
2019-08-04 07:59:49.791 1842 INFO rally.task.engine [-] Running workload: position = 2 config = { "version": 2, "title": "A cropped version of a bigger task.", "description": "Auto-generated task from a single workload (uuid=d6e463bf-725b-4bfe-b81e-c44d15f60454)", "subtasks": [ { "title": "CinderVolumes.create_and_delete_volume", "description": "Create and then delete a volume.", "scenario": { "CinderVolumes.create_and_delete_volume": { "size": 1 } }, "contexts": { "users": { "tenants": 3, "users_per_tenant": 2 }, "quotas": { "cinder": { "gigabytes": -1, "snapshots": -1, "volumes": -1 } }, "api_versions": { "cinder": { "version": 3, "service_type": "volumev3" } } }, "runner": { "constant": { "concurrency": 4, "times": 10 } }, "hooks": [], "sla": { "failure_rate": { "max": 0 } } } ] }
2019-08-04 07:59:49.814 1842 RALLYDEBUG rally_openstack.contexts.keystone.users [-] Creating 3 tenants using 20 threads
2019-08-04 07:59:51.667 1842 RALLYDEBUG rally_openstack.contexts.keystone.users [-] Creating 6 users using 20 threads
2019-08-04 07:59:54.376 1842 INFO rally.task.context [-] Task fc6651a0-264c-41c3-b07c-3850a46e9990 | Context users@openstack setup() finished in 4.56 sec
2019-08-04 07:59:54.790 1842 INFO rally.task.context [-] Task fc6651a0-264c-41c3-b07c-3850a46e9990 | Context api_versions@openstack setup() finished in 0.41 sec
2019-08-04 07:59:56.314 1842 INFO rally.task.context [-] Task fc6651a0-264c-41c3-b07c-3850a46e9990 | Context quotas@openstack setup() finished in 1.52 sec
2019-08-04 07:59:56.315 1842 INFO rally.task.context [-] Task fc6651a0-264c-41c3-b07c-3850a46e9990 | Context cleanup@openstack setup() finished in 0.01 msec
2019-08-04 07:59:56.322 1842 RALLYDEBUG rally.task.runner [-] Starting the constant runner (task UUID: fc6651a0-264c-41c3-b07c-3850a46e9990). timeout: 0 concurrency: 4 concurrency_per_worker: 1 times: 10 concurrency_overhead: 0 processes_to_start: 4 max_cpu_used: 16
2019-08-04 07:59:56.333 4539 RALLYDEBUG rally.task.runner [-] Starting a worker. concurrency: 1 args: {"size": 1} times: 10 method_name: run timeout: 0 duration: None cls:
2019-08-04 07:59:56.333 4538 RALLYDEBUG rally.task.runner [-] Starting a worker. concurrency: 1 args: {"size": 1} times: 10 method_name: run timeout: 0 duration: None cls:
2019-08-04 07:59:56.336 4539 INFO rally.task.runner [-] Task fc6651a0-264c-41c3-b07c-3850a46e9990 | ITER: 1 START
2019-08-04 07:59:56.337 4540 RALLYDEBUG rally.task.runner [-] Starting a worker. concurrency: 1 args: {"size": 1} times: 10 method_name: run timeout: 0 duration: None cls:
2019-08-04 07:59:56.340 4538 INFO rally.task.runner [-] Task fc6651a0-264c-41c3-b07c-3850a46e9990 | ITER: 2 START
2019-08-04 07:59:56.342 4541 RALLYDEBUG rally.task.runner [-] Starting a worker. concurrency: 1 args: {"size": 1} times: 10 method_name: run timeout: 0 duration: None cls:
2019-08-04 07:59:56.343 4540 INFO rally.task.runner [-] Task fc6651a0-264c-41c3-b07c-3850a46e9990 | ITER: 3 START
2019-08-04 07:59:56.349 4541 INFO rally.task.runner [-] Task fc6651a0-264c-41c3-b07c-3850a46e9990 | ITER: 4 START
2019-08-04 08:00:00.318 4539 RALLYDEBUG rally.task.utils [-] Waiting for resource s_rally_d6e463bf_e60eL4J4. Status changed: AVAILABLE => DELETING in 0.32502913475
2019-08-04 08:00:00.324 4541 INFO rally.task.runner [-] Task fc6651a0-264c-41c3-b07c-3850a46e9990 | ITER: 4 END: OK
2019-08-04 08:00:00.327 4541 INFO rally.task.runner [-] Task fc6651a0-264c-41c3-b07c-3850a46e9990 | ITER: 5 START
2019-08-04 08:00:00.405 4540 RALLYDEBUG rally.task.utils [-] Waiting for resource s_rally_d6e463bf_7Zh3LVyO. Status changed: AVAILABLE => DELETING in 0.0593750476837
2019-08-04 08:00:00.456 4538 RALLYDEBUG rally.task.utils [-] Waiting for resource s_rally_d6e463bf_DPH8XBUb. Status changed: AVAILABLE => DELETING in 0.0563969612122
2019-08-04 08:00:02.441 4540 INFO rally.task.runner [-] Task fc6651a0-264c-41c3-b07c-3850a46e9990 | ITER: 3 END: OK
2019-08-04 08:00:02.447 4540 INFO rally.task.runner [-] Task fc6651a0-264c-41c3-b07c-3850a46e9990 | ITER: 6 START
2019-08-04 08:00:02.579 4539 INFO rally.task.runner [-] Task fc6651a0-264c-41c3-b07c-3850a46e9990 | ITER: 1 END: OK
2019-08-04 08:00:02.584 4539 INFO rally.task.runner [-] Task fc6651a0-264c-41c3-b07c-3850a46e9990 | ITER: 7 START
2019-08-04 08:00:02.789 4538 INFO rally.task.runner [-] Task fc6651a0-264c-41c3-b07c-3850a46e9990 | ITER: 2 END: OK
2019-08-04 08:00:02.794 4538 INFO rally.task.runner [-] Task fc6651a0-264c-41c3-b07c-3850a46e9990 | ITER: 8 START
2019-08-04 08:00:04.170 4541 RALLYDEBUG rally.task.utils [-] Waiting for resource s_rally_d6e463bf_RgyR4BQM. Status changed: AVAILABLE => DELETING in 0.0562310218811
2019-08-04 08:00:06.198 4540 INFO rally.task.runner [-] Task fc6651a0-264c-41c3-b07c-3850a46e9990 | ITER: 6 END: OK
2019-08-04 08:00:06.203 4540 INFO rally.task.runner [-] Task fc6651a0-264c-41c3-b07c-3850a46e9990 | ITER: 9 START
2019-08-04 08:00:06.227 4541 INFO rally.task.runner [-] Task fc6651a0-264c-41c3-b07c-3850a46e9990 | ITER: 5 END: OK
2019-08-04 08:00:06.231 4541 INFO rally.task.runner [-] Task fc6651a0-264c-41c3-b07c-3850a46e9990 | ITER: 10 START
2019-08-04 08:00:06.560 4538 RALLYDEBUG rally.task.utils [-] Waiting for resource s_rally_d6e463bf_qGmKGG1m. Status changed: AVAILABLE => DELETING in 0.0573229789734
2019-08-04 08:00:06.809 4539 RALLYDEBUG rally.task.utils [-] Waiting for resource s_rally_d6e463bf_HfTMiCd4. Status changed: AVAILABLE => DELETING in 0.378988027573
2019-08-04 08:00:08.597 4538 INFO rally.task.runner [-] Task fc6651a0-264c-41c3-b07c-3850a46e9990 | ITER: 8 END: OK
2019-08-04 08:00:09.140 4539 INFO rally.task.runner [-] Task fc6651a0-264c-41c3-b07c-3850a46e9990 | ITER: 7 END: OK
2019-08-04 08:00:10.184 4541 INFO rally.task.runner [-] Task fc6651a0-264c-41c3-b07c-3850a46e9990 | ITER: 10 END: OK
2019-08-04 08:00:10.204 4540 RALLYDEBUG rally.task.utils [-] Waiting for resource s_rally_d6e463bf_LxS5p9uf. Status changed: AVAILABLE => DELETING in 0.266488075256
2019-08-04 08:00:12.248 4540 INFO rally.task.runner [-] Task fc6651a0-264c-41c3-b07c-3850a46e9990 | ITER: 9 END: OK
2019-08-04 08:00:12.276 1842 INFO rally.task.context [-] Task fc6651a0-264c-41c3-b07c-3850a46e9990 | Context cleanup@openstack cleanup() started
2019-08-04 08:00:12.278 1842 RALLYDEBUG rally_openstack.cleanup.manager [-] Cleaning up cinder backups objects
2019-08-04 08:00:14.275 1842 RALLYDEBUG rally_openstack.cleanup.manager [-] Cleaning up cinder volume_snapshots objects
2019-08-04 08:00:16.356 1842 RALLYDEBUG rally_openstack.cleanup.manager [-] Cleaning up cinder transfers objects
2019-08-04 08:00:18.302 1842 RALLYDEBUG rally_openstack.cleanup.manager [-] Cleaning up cinder volumes objects
2019-08-04 08:00:20.334 1842 INFO rally.task.context [-] Task fc6651a0-264c-41c3-b07c-3850a46e9990 | Context cleanup@openstack cleanup() finished in 8.06 sec
2019-08-04 08:00:20.334 1842 INFO rally.task.context [-] Task fc6651a0-264c-41c3-b07c-3850a46e9990 | Context quotas@openstack cleanup() started
2019-08-04 08:00:20.971 1842 INFO rally.task.context [-] Task fc6651a0-264c-41c3-b07c-3850a46e9990 | Context quotas@openstack cleanup() finished in 0.64 sec
2019-08-04 08:00:20.972 1842 INFO rally.task.context [-] Task fc6651a0-264c-41c3-b07c-3850a46e9990 | Context api_versions@openstack cleanup() started
2019-08-04 08:00:20.972 1842 INFO rally.task.context [-] Task fc6651a0-264c-41c3-b07c-3850a46e9990 | Context api_versions@openstack cleanup() finished in 0.29 msec
2019-08-04 08:00:20.973 1842 INFO rally.task.context [-] Task fc6651a0-264c-41c3-b07c-3850a46e9990 | Context users@openstack cleanup() started
2019-08-04 08:00:27.766 1842 INFO rally.task.context [-] Task fc6651a0-264c-41c3-b07c-3850a46e9990 | Context users@openstack cleanup() finished in 6.79 sec
2019-08-04 08:00:27.975 1842 INFO rally.task.engine [-] Load duration is: 15.907967
2019-08-04 08:00:27.975 1842 INFO rally.task.engine [-] Full runner duration is: 15.954754
2019-08-04 08:00:27.976 1842 INFO rally.task.engine [-] Full duration is: 37.956166
2019-08-04 08:00:28.163 1842 INFO rally.task.engine [-] Running workload: position = 0 config = { "version": 2, "title": "A cropped version of a bigger task.", "description": "Auto-generated task from a single workload (uuid=1ca27fc4-401d-467e-b60a-9df36cd1c09e)", "subtasks": [ { "title": "CinderVolumes.create_and_extend_volume", "description": "Create and extend a volume and then delete it.", "scenario": { "CinderVolumes.create_and_extend_volume": { "new_size": 2, "size": 1 } }, "contexts": { "users": { "tenants": 3, "users_per_tenant": 2 }, "quotas": { "cinder": { "gigabytes": -1, "snapshots": -1, "volumes": -1 } }, "api_versions": { "cinder": { "version": 3, "service_type": "volumev3" } } }, "runner": { "constant": { "concurrency": 4, "times": 10 } }, "hooks": [], "sla": { "failure_rate": { "max": 0 } } } ] }
2019-08-04 08:00:28.183 1842 RALLYDEBUG rally_openstack.contexts.keystone.users [-] Creating 3 tenants using 20 threads
2019-08-04 08:00:30.048 1842 RALLYDEBUG rally_openstack.contexts.keystone.users [-] Creating 6 users using 20 threads
2019-08-04 08:00:32.767 1842 INFO rally.task.context [-] Task fc6651a0-264c-41c3-b07c-3850a46e9990 | Context users@openstack setup() finished in 4.58 sec
2019-08-04 08:00:33.182 1842 INFO rally.task.context [-] Task fc6651a0-264c-41c3-b07c-3850a46e9990 | Context api_versions@openstack setup() finished in 0.41 sec
2019-08-04 08:00:34.752 1842 INFO rally.task.context [-] Task fc6651a0-264c-41c3-b07c-3850a46e9990 | Context quotas@openstack setup() finished in 1.57 sec
2019-08-04 08:00:34.753 1842 INFO rally.task.context [-] Task fc6651a0-264c-41c3-b07c-3850a46e9990 | Context cleanup@openstack setup() finished in 0.01 msec
2019-08-04 08:00:34.760 1842 RALLYDEBUG rally.task.runner [-] Starting the constant runner (task UUID: fc6651a0-264c-41c3-b07c-3850a46e9990). timeout: 0 concurrency: 4 concurrency_per_worker: 1 times: 10 concurrency_overhead: 0 processes_to_start: 4 max_cpu_used: 16
2019-08-04 08:00:34.771 4722 RALLYDEBUG rally.task.runner [-] Starting a worker. concurrency: 1 args: {"new_size": 2, "size": 1} times: 10 method_name: run timeout: 0 duration: None cls:
2019-08-04 08:00:34.774 4723 RALLYDEBUG rally.task.runner [-] Starting a worker. concurrency: 1 args: {"new_size": 2, "size": 1} times: 10 method_name: run timeout: 0 duration: None cls:
2019-08-04 08:00:34.776 4724 RALLYDEBUG rally.task.runner [-] Starting a worker. concurrency: 1 args: {"new_size": 2, "size": 1} times: 10 method_name: run timeout: 0 duration: None cls:
2019-08-04 08:00:34.778 4722 INFO rally.task.runner [-] Task fc6651a0-264c-41c3-b07c-3850a46e9990 | ITER: 1 START
2019-08-04 08:00:34.779 4725 RALLYDEBUG rally.task.runner [-] Starting a worker. concurrency: 1 args: {"new_size": 2, "size": 1} times: 10 method_name: run timeout: 0 duration: None cls:
2019-08-04 08:00:34.781 4723 INFO rally.task.runner [-] Task fc6651a0-264c-41c3-b07c-3850a46e9990 | ITER: 2 START
2019-08-04 08:00:34.783 4724 INFO rally.task.runner [-] Task fc6651a0-264c-41c3-b07c-3850a46e9990 | ITER: 3 START
2019-08-04 08:00:34.785 4725 INFO rally.task.runner [-] Task fc6651a0-264c-41c3-b07c-3850a46e9990 | ITER: 4 START
2019-08-04 08:00:38.962 4724 RALLYDEBUG rally.task.utils [-] Waiting for resource s_rally_1ca27fc4_r53NQ0t6. Status changed: AVAILABLE => EXTENDING in 0.0709040164948
2019-08-04 08:00:39.303 4725 INFO rally.task.runner [-] Task fc6651a0-264c-41c3-b07c-3850a46e9990 | ITER: 4 END: OK
2019-08-04 08:00:39.307 4725 INFO rally.task.runner [-] Task fc6651a0-264c-41c3-b07c-3850a46e9990 | ITER: 5 START
2019-08-04 08:00:39.643 4722 RALLYDEBUG rally.task.utils [-] Waiting for resource s_rally_1ca27fc4_7UeSlU3k. Status changed: AVAILABLE => DELETING in 0.249966859818
2019-08-04 08:00:39.686 4723 RALLYDEBUG rally.task.utils [-] Waiting for resource s_rally_1ca27fc4_awqrYaY2. Status changed: AVAILABLE => DELETING in 0.257798910141
2019-08-04 08:00:41.204 4724 RALLYDEBUG rally.task.utils [-] Waiting for resource s_rally_1ca27fc4_r53NQ0t6. Status changed: EXTENDING => AVAILABLE in 2.24179506302
2019-08-04 08:00:41.532 4724 RALLYDEBUG rally.task.utils [-] Waiting for resource s_rally_1ca27fc4_r53NQ0t6. Status changed: AVAILABLE => DELETING in 0.0572428703308
2019-08-04 08:00:41.678 4722 INFO rally.task.runner [-] Task fc6651a0-264c-41c3-b07c-3850a46e9990 | ITER: 1 END: OK
2019-08-04 08:00:41.683 4722 INFO rally.task.runner [-] Task fc6651a0-264c-41c3-b07c-3850a46e9990 | ITER: 6 START
2019-08-04 08:00:41.916 4723 INFO rally.task.runner [-] Task fc6651a0-264c-41c3-b07c-3850a46e9990 | ITER: 2 END: OK
2019-08-04 08:00:41.921 4723 INFO rally.task.runner [-] Task fc6651a0-264c-41c3-b07c-3850a46e9990 | ITER: 7 START
2019-08-04 08:00:43.029 4725 RALLYDEBUG rally.task.utils [-] Waiting for resource s_rally_1ca27fc4_XY1aa4g7. Status changed: AVAILABLE => EXTENDING in 0.238018035889
2019-08-04 08:00:43.572 4724 INFO rally.task.runner [-] Task fc6651a0-264c-41c3-b07c-3850a46e9990 | ITER: 3 END: OK
2019-08-04 08:00:43.577 4724 INFO rally.task.runner [-] Task fc6651a0-264c-41c3-b07c-3850a46e9990 | ITER: 8 START
2019-08-04 08:00:45.417 4725 RALLYDEBUG rally.task.utils [-] Waiting for resource s_rally_1ca27fc4_XY1aa4g7. Status changed: EXTENDING => AVAILABLE in 2.38854980469
2019-08-04 08:00:45.428 4722 RALLYDEBUG rally.task.utils [-] Waiting for resource s_rally_1ca27fc4_wSsa2N9R. Status changed: AVAILABLE => EXTENDING in 0.269701957703
2019-08-04 08:00:45.685 4723 RALLYDEBUG rally.task.utils [-] Waiting for resource s_rally_1ca27fc4_SOdqAXxI. Status changed: AVAILABLE => EXTENDING in 0.0630609989166
2019-08-04 08:00:45.770 4725 RALLYDEBUG rally.task.utils [-] Waiting for resource s_rally_1ca27fc4_XY1aa4g7. Status changed: AVAILABLE => DELETING in 0.245292901993
2019-08-04 08:00:47.743 4723 RALLYDEBUG rally.task.utils [-] Waiting for resource s_rally_1ca27fc4_SOdqAXxI. Status changed: EXTENDING => AVAILABLE in 2.05745387077
2019-08-04 08:00:47.788 4722 RALLYDEBUG rally.task.utils [-] Waiting for resource s_rally_1ca27fc4_wSsa2N9R. Status changed: EXTENDING => AVAILABLE in 2.35982394218
2019-08-04 08:00:47.832 4725 INFO rally.task.runner [-] Task fc6651a0-264c-41c3-b07c-3850a46e9990 | ITER: 5 END: OK
2019-08-04 08:00:47.838 4725 INFO rally.task.runner [-] Task fc6651a0-264c-41c3-b07c-3850a46e9990 | ITER: 9 START
2019-08-04 08:00:48.101 4723 RALLYDEBUG rally.task.utils [-] Waiting for resource s_rally_1ca27fc4_SOdqAXxI. Status changed: AVAILABLE => DELETING in 0.0545449256897
2019-08-04 08:00:48.378 4724 RALLYDEBUG rally.task.utils [-] Waiting for resource s_rally_1ca27fc4_edkz3eiW. Status changed: AVAILABLE => DELETING in 0.288200855255
2019-08-04 08:00:48.384 4722 RALLYDEBUG rally.task.utils [-] Waiting for resource s_rally_1ca27fc4_wSsa2N9R. Status changed: AVAILABLE => DELETING in 0.288466215134
2019-08-04 08:00:50.336 4723 INFO rally.task.runner [-] Task fc6651a0-264c-41c3-b07c-3850a46e9990 | ITER: 7 END: OK
2019-08-04 08:00:50.342 4723 INFO rally.task.runner [-] Task fc6651a0-264c-41c3-b07c-3850a46e9990 | ITER: 10 START
2019-08-04 08:00:50.418 4724 INFO rally.task.runner [-] Task fc6651a0-264c-41c3-b07c-3850a46e9990 | ITER: 8 END: OK
2019-08-04 08:00:50.435 4722 INFO rally.task.runner [-] Task fc6651a0-264c-41c3-b07c-3850a46e9990 | ITER: 6 END: OK
2019-08-04 08:00:52.197 4725 RALLYDEBUG rally.task.utils [-] Waiting for resource s_rally_1ca27fc4_9BhEMyd0. Status changed: AVAILABLE => DELETING in 0.0544888973236
2019-08-04 08:00:54.434 4725 INFO rally.task.runner [-] Task fc6651a0-264c-41c3-b07c-3850a46e9990 | ITER: 9 END: OK
2019-08-04 08:00:54.749 4723 INFO rally.task.runner [-] Task fc6651a0-264c-41c3-b07c-3850a46e9990 | ITER: 10 END: OK
2019-08-04 08:00:54.778 1842 INFO rally.task.context [-] Task fc6651a0-264c-41c3-b07c-3850a46e9990 | Context cleanup@openstack cleanup() started
2019-08-04 08:00:54.780 1842 RALLYDEBUG rally_openstack.cleanup.manager [-] Cleaning up cinder backups objects
2019-08-04 08:00:56.764 1842 RALLYDEBUG rally_openstack.cleanup.manager [-] Cleaning up cinder volume_snapshots objects
2019-08-04 08:00:58.748 1842 RALLYDEBUG rally_openstack.cleanup.manager [-] Cleaning up cinder transfers objects
2019-08-04 08:01:00.621 1842 RALLYDEBUG rally_openstack.cleanup.manager [-] Cleaning up cinder volumes objects
2019-08-04 08:01:02.855 1842 INFO rally.task.context [-] Task fc6651a0-264c-41c3-b07c-3850a46e9990 | Context cleanup@openstack cleanup() finished in 8.08 sec
2019-08-04 08:01:02.856 1842 INFO rally.task.context [-] Task fc6651a0-264c-41c3-b07c-3850a46e9990 | Context quotas@openstack cleanup() started
2019-08-04 08:01:03.440 1842 INFO rally.task.context [-] Task fc6651a0-264c-41c3-b07c-3850a46e9990 | Context quotas@openstack cleanup() finished in 0.58 sec
2019-08-04 08:01:03.441 1842 INFO rally.task.context [-] Task fc6651a0-264c-41c3-b07c-3850a46e9990 | Context api_versions@openstack cleanup() started
2019-08-04 08:01:03.441 1842 INFO rally.task.context [-] Task fc6651a0-264c-41c3-b07c-3850a46e9990 | Context api_versions@openstack cleanup() finished in 0.33 msec
2019-08-04 08:01:03.441 1842 INFO rally.task.context [-] Task fc6651a0-264c-41c3-b07c-3850a46e9990 | Context users@openstack cleanup() started
2019-08-04 08:01:10.689 1842 INFO rally.task.context [-] Task fc6651a0-264c-41c3-b07c-3850a46e9990 | Context users@openstack cleanup() finished in 7.25 sec
2019-08-04 08:01:12.370 1842 INFO rally.task.engine [-] Load duration is: 19.967344
2019-08-04 08:01:12.370 1842 INFO rally.task.engine [-] Full runner duration is: 20.018372
2019-08-04 08:01:12.370 1842 INFO rally.task.engine [-] Full duration is: 42.509544
2019-08-04 08:01:12.604 1842 INFO rally.task.engine [-] Running workload: position = 0 config = { "version": 2, "title": "A cropped version of a bigger task.", "description": "Auto-generated task from a single workload (uuid=22de0191-e505-43af-bff8-950187ab4245)", "subtasks": [ { "title": "CinderVolumes.create_from_volume_and_delete_volume", "description": "Create volume from volume and then delete it.", "scenario": { "CinderVolumes.create_from_volume_and_delete_volume": { "size": 1 } }, "contexts": { "users": { "tenants": 3, "users_per_tenant": 2 }, "quotas": { "cinder": { "gigabytes": -1, "snapshots": -1, "volumes": -1 } }, "api_versions": { "cinder": { "version": 3, "service_type": "volumev3" } }, "volumes": { "size": 1, "volumes_per_tenant": 1 } }, "runner": { "constant": { "concurrency": 4, "times": 10 } }, "hooks": [], "sla": { "failure_rate": { "max": 0 } } } ] }
2019-08-04 08:01:12.630 1842 RALLYDEBUG rally_openstack.contexts.keystone.users [-] Creating 3 tenants using 20 threads
2019-08-04 08:01:14.606 1842 RALLYDEBUG rally_openstack.contexts.keystone.users [-] Creating 6 users using 20 threads
2019-08-04 08:01:17.298 1842 INFO rally.task.context [-] Task fc6651a0-264c-41c3-b07c-3850a46e9990 | Context users@openstack setup() finished in 4.67 sec
2019-08-04 08:01:17.720 1842 INFO rally.task.context [-] Task fc6651a0-264c-41c3-b07c-3850a46e9990 | Context api_versions@openstack setup() finished in 0.42 sec
2019-08-04 08:01:19.418 1842 INFO rally.task.context [-] Task fc6651a0-264c-41c3-b07c-3850a46e9990 | Context quotas@openstack setup() finished in 1.70 sec
2019-08-04 08:01:29.954 1842 INFO rally.task.context [-] Task fc6651a0-264c-41c3-b07c-3850a46e9990 | Context volumes@openstack setup() finished in 10.54 sec
2019-08-04 08:01:29.955 1842 INFO rally.task.context [-] Task fc6651a0-264c-41c3-b07c-3850a46e9990 | Context cleanup@openstack setup() finished in 0.01 msec
2019-08-04 08:01:29.962 1842 RALLYDEBUG rally.task.runner [-] Starting the constant runner (task UUID: fc6651a0-264c-41c3-b07c-3850a46e9990). timeout: 0 concurrency: 4 concurrency_per_worker: 1 times: 10 concurrency_overhead: 0 processes_to_start: 4 max_cpu_used: 16
2019-08-04 08:01:29.973 4906 RALLYDEBUG rally.task.runner [-] Starting a worker. concurrency: 1 args: {"size": 1} times: 10 method_name: run timeout: 0 duration: None cls:
2019-08-04 08:01:29.978 4907 RALLYDEBUG rally.task.runner [-] Starting a worker. concurrency: 1 args: {"size": 1} times: 10 method_name: run timeout: 0 duration: None cls:
2019-08-04 08:01:29.980 4908 RALLYDEBUG rally.task.runner [-] Starting a worker. concurrency: 1 args: {"size": 1} times: 10 method_name: run timeout: 0 duration: None cls:
2019-08-04 08:01:29.982 4906 INFO rally.task.runner [-] Task fc6651a0-264c-41c3-b07c-3850a46e9990 | ITER: 1 START
2019-08-04 08:01:29.983 4909 RALLYDEBUG rally.task.runner [-] Starting a worker. concurrency: 1 args: {"size": 1} times: 10 method_name: run timeout: 0 duration: None cls:
2019-08-04 08:01:29.990 4907 INFO rally.task.runner [-] Task fc6651a0-264c-41c3-b07c-3850a46e9990 | ITER: 2 START
2019-08-04 08:01:29.991 4908 INFO rally.task.runner [-] Task fc6651a0-264c-41c3-b07c-3850a46e9990 | ITER: 3 START
2019-08-04 08:01:29.993 4909 INFO rally.task.runner [-] Task fc6651a0-264c-41c3-b07c-3850a46e9990 | ITER: 4 START
2019-08-04 08:01:33.735 4906 RALLYDEBUG rally.task.utils [-] Waiting for resource s_rally_22de0191_kyhReotR. Status changed: CREATING => AVAILABLE in 0.762753009796
2019-08-04 08:01:33.895 4906 RALLYDEBUG rally.task.utils [-] Waiting for resource s_rally_22de0191_kyhReotR. Status changed: AVAILABLE => DELETING in 0.0544908046722
2019-08-04 08:01:33.978 4909 RALLYDEBUG rally.task.utils [-] Waiting for resource s_rally_22de0191_KZwL3KoD. Status changed: AVAILABLE => DELETING in 0.0536620616913
2019-08-04 08:01:35.814 4908 RALLYDEBUG rally.task.utils [-] Waiting for resource s_rally_22de0191_jfLDYqEZ. Status changed: CREATING => AVAILABLE in 2.73135185242
2019-08-04 08:01:36.044 4907 RALLYDEBUG rally.task.utils [-] Waiting for resource s_rally_22de0191_8oTMPUbS. Status changed: CREATING => AVAILABLE in 3.06698107719
2019-08-04 08:01:36.140 4908 RALLYDEBUG rally.task.utils [-] Waiting for resource s_rally_22de0191_jfLDYqEZ. Status changed: AVAILABLE => DELETING in 0.249171972275
2019-08-04 08:01:36.666 4907 RALLYDEBUG rally.task.utils [-] Waiting for resource s_rally_22de0191_8oTMPUbS. Status changed: AVAILABLE => DELETING in 0.242697000504
2019-08-04 08:01:38.991 4907 INFO rally.task.runner [-] Task fc6651a0-264c-41c3-b07c-3850a46e9990 | ITER: 2 END: OK
2019-08-04 08:01:38.996 4907 INFO rally.task.runner [-] Task fc6651a0-264c-41c3-b07c-3850a46e9990 | ITER: 5 START
2019-08-04 08:01:40.242 4908 INFO rally.task.runner [-] Task fc6651a0-264c-41c3-b07c-3850a46e9990 | ITER: 3 END: OK
2019-08-04 08:01:40.247 4908 INFO rally.task.runner [-] Task fc6651a0-264c-41c3-b07c-3850a46e9990 | ITER: 6 START
2019-08-04 08:01:40.465 4906 INFO rally.task.runner [-] Task fc6651a0-264c-41c3-b07c-3850a46e9990 | ITER: 1 END: OK
2019-08-04 08:01:40.471 4906 INFO rally.task.runner [-] Task fc6651a0-264c-41c3-b07c-3850a46e9990 | ITER: 7 START
2019-08-04 08:01:40.600 4909 INFO rally.task.runner [-] Task fc6651a0-264c-41c3-b07c-3850a46e9990 | ITER: 4 END: OK
2019-08-04 08:01:40.605 4909 INFO rally.task.runner [-] Task fc6651a0-264c-41c3-b07c-3850a46e9990 | ITER: 8 START
2019-08-04 08:01:43.109 4907 RALLYDEBUG rally.task.utils [-] Waiting for resource s_rally_22de0191_yvHhULWf. Status changed: AVAILABLE => DELETING in 0.25904083252
2019-08-04 08:01:44.407 4908 RALLYDEBUG rally.task.utils [-] Waiting for resource s_rally_22de0191_MZpgpH7Y. Status changed: AVAILABLE => DELETING in 0.280293941498
2019-08-04 08:01:44.411 4906 RALLYDEBUG rally.task.utils [-] Waiting for resource s_rally_22de0191_6wkkU5P9. Status changed: AVAILABLE => DELETING in 0.051470041275
2019-08-04 08:01:45.348 4907 INFO rally.task.runner [-] Task fc6651a0-264c-41c3-b07c-3850a46e9990 | ITER: 5 END: OK
2019-08-04 08:01:45.353 4907 INFO rally.task.runner [-] Task fc6651a0-264c-41c3-b07c-3850a46e9990 | ITER: 9 START
2019-08-04 08:01:46.299 4909 RALLYDEBUG rally.task.utils [-] Waiting for resource s_rally_22de0191_dv0tsBye. Status changed: CREATING => AVAILABLE in 2.67808103561
2019-08-04 08:01:46.634 4909 RALLYDEBUG rally.task.utils [-] Waiting for resource s_rally_22de0191_dv0tsBye. Status changed: AVAILABLE => DELETING in 0.254720926285
2019-08-04 08:01:48.694 4906 INFO rally.task.runner [-] Task fc6651a0-264c-41c3-b07c-3850a46e9990 | ITER: 7 END: OK
2019-08-04 08:01:48.698 4906 INFO rally.task.runner [-] Task fc6651a0-264c-41c3-b07c-3850a46e9990 | ITER: 10 START
2019-08-04 08:01:48.775 4908 INFO rally.task.runner [-] Task fc6651a0-264c-41c3-b07c-3850a46e9990 | ITER: 6 END: OK
2019-08-04 08:01:50.857 4907 RALLYDEBUG rally.task.utils [-] Waiting for resource s_rally_22de0191_STh6d67W. Status changed: CREATING => AVAILABLE in 2.59275317192
2019-08-04 08:01:51.022 4909 INFO rally.task.runner [-] Task fc6651a0-264c-41c3-b07c-3850a46e9990 | ITER: 8 END: OK
2019-08-04 08:01:51.351 4907 RALLYDEBUG rally.task.utils [-] Waiting for resource s_rally_22de0191_STh6d67W. Status changed: AVAILABLE => DELETING in 0.240964889526
2019-08-04 08:01:52.721 4906 RALLYDEBUG rally.task.utils [-] Waiting for resource s_rally_22de0191_nfKWBXKE. Status changed: AVAILABLE => DELETING in 0.238733053207
2019-08-04 08:01:53.391 4907 INFO rally.task.runner [-] Task fc6651a0-264c-41c3-b07c-3850a46e9990 | ITER: 9 END: OK
2019-08-04 08:01:54.954 4906 INFO rally.task.runner [-] Task fc6651a0-264c-41c3-b07c-3850a46e9990 | ITER: 10 END: OK
2019-08-04 08:01:54.978 1842 INFO rally.task.context [-] Task fc6651a0-264c-41c3-b07c-3850a46e9990 | Context cleanup@openstack cleanup() started
2019-08-04 08:01:54.981 1842 RALLYDEBUG rally_openstack.cleanup.manager [-] Cleaning up cinder backups objects
2019-08-04 08:01:56.988 1842 RALLYDEBUG rally_openstack.cleanup.manager [-] Cleaning up cinder volume_snapshots objects
2019-08-04 08:01:58.870 1842 RALLYDEBUG rally_openstack.cleanup.manager [-] Cleaning up cinder transfers objects
2019-08-04 08:02:00.940 1842 RALLYDEBUG rally_openstack.cleanup.manager [-] Cleaning up cinder volumes objects
2019-08-04 08:02:03.003 1842 INFO rally.task.context [-] Task fc6651a0-264c-41c3-b07c-3850a46e9990 | Context cleanup@openstack cleanup() finished in 8.03 sec
2019-08-04 08:02:03.004 1842 INFO rally.task.context [-] Task fc6651a0-264c-41c3-b07c-3850a46e9990 | Context volumes@openstack cleanup() started
2019-08-04 08:02:03.005 1842 RALLYDEBUG rally_openstack.cleanup.manager [-] Cleaning up cinder volumes objects
2019-08-04 08:02:05.012 1842 RALLYDEBUG rally_openstack.cleanup.manager [-] Deleting cinder.volumes object c_rally_22de0191_pl6aptXC (e3068c67-0abc-4875-9c98-ca997a967b16)
2019-08-04 08:02:05.018 1842 RALLYDEBUG rally_openstack.cleanup.manager [-] Deleting cinder.volumes object c_rally_22de0191_ta6U0aRY (1a0d76ff-4fd1-4648-adcc-8eab0372db8a)
2019-08-04 08:02:05.023 1842 RALLYDEBUG rally_openstack.cleanup.manager [-] Deleting cinder.volumes object c_rally_22de0191_YQbZ3xzj (d8e05915-b006-4e9f-acea-706a6ca8b90b)
2019-08-04 08:02:08.343 1842 INFO rally.task.context [-] Task fc6651a0-264c-41c3-b07c-3850a46e9990 | Context volumes@openstack cleanup() finished in 5.34 sec
2019-08-04 08:02:08.344 1842 INFO rally.task.context [-] Task fc6651a0-264c-41c3-b07c-3850a46e9990 | Context quotas@openstack cleanup() started
2019-08-04 08:02:09.091 1842 INFO rally.task.context [-] Task fc6651a0-264c-41c3-b07c-3850a46e9990 | Context quotas@openstack cleanup() finished in 0.75 sec
2019-08-04 08:02:09.091 1842 INFO rally.task.context [-] Task fc6651a0-264c-41c3-b07c-3850a46e9990 | Context api_versions@openstack cleanup() started
2019-08-04 08:02:09.092 1842 INFO rally.task.context [-] Task fc6651a0-264c-41c3-b07c-3850a46e9990 | Context api_versions@openstack cleanup() finished in 0.33 msec
2019-08-04 08:02:09.092 1842 INFO rally.task.context [-] Task fc6651a0-264c-41c3-b07c-3850a46e9990 | Context users@openstack cleanup() started
2019-08-04 08:02:16.238 1842 INFO rally.task.context [-] Task fc6651a0-264c-41c3-b07c-3850a46e9990 | Context users@openstack cleanup() finished in 7.15 sec
2019-08-04 08:02:16.930 1842 INFO rally.task.engine [-] Load duration is: 24.968937
2019-08-04 08:02:16.931 1842 INFO rally.task.engine [-] Full runner duration is: 25.016233
2019-08-04 08:02:16.931 1842 INFO rally.task.engine [-] Full duration is: 63.611558
2019-08-04 08:02:17.176 1842 INFO rally.task.engine [-] Running workload: position = 0 config = { "version": 2, "title": "A cropped version of a bigger task.", "description": "Auto-generated task from a single workload (uuid=3ddef0ca-55a4-46f9-9d35-0487219b079b)", "subtasks": [ { "title": "CinderQos.create_and_get_qos", "description": "Create a qos, then get details of the qos.", "scenario": { "CinderQos.create_and_get_qos": { "consumer": "both", "write_iops_sec": "10", "read_iops_sec": "1000" } }, "contexts": { "users": { "tenants": 3, "users_per_tenant": 2 }, "api_versions": { "cinder": { "version": 3, "service_type": "volumev3" } } }, "runner": { "constant": { "concurrency": 4, "times": 10 } }, "hooks": [], "sla": { "failure_rate": { "max": 0 } } } ] }
2019-08-04 08:02:17.200 1842 RALLYDEBUG rally_openstack.contexts.keystone.users [-] Creating 3 tenants using 20 threads
2019-08-04 08:02:19.065 1842 RALLYDEBUG rally_openstack.contexts.keystone.users [-] Creating 6 users using 20 threads
2019-08-04 08:02:21.723 1842 INFO rally.task.context [-] Task fc6651a0-264c-41c3-b07c-3850a46e9990 | Context users@openstack setup() finished in 4.52 sec
2019-08-04 08:02:22.142 1842 INFO rally.task.context [-] Task fc6651a0-264c-41c3-b07c-3850a46e9990 | Context api_versions@openstack setup() finished in 0.42 sec
2019-08-04 08:02:22.143 1842 INFO rally.task.context [-] Task fc6651a0-264c-41c3-b07c-3850a46e9990 | Context admin_cleanup@openstack setup() finished in 0.01 msec
2019-08-04 08:02:22.150 1842 RALLYDEBUG rally.task.runner [-] Starting the constant runner (task UUID: fc6651a0-264c-41c3-b07c-3850a46e9990). timeout: 0 concurrency: 4 concurrency_per_worker: 1 times: 10 concurrency_overhead: 0 processes_to_start: 4 max_cpu_used: 16
2019-08-04 08:02:22.163 5110 RALLYDEBUG rally.task.runner [-] Starting a worker. concurrency: 1 args: {"consumer": "both", "write_iops_sec": "10", "read_iops_sec": "1000"} times: 10 method_name: run timeout: 0 duration: None cls:
2019-08-04 08:02:22.165 5111 RALLYDEBUG rally.task.runner [-] Starting a worker. concurrency: 1 args: {"consumer": "both", "write_iops_sec": "10", "read_iops_sec": "1000"} times: 10 method_name: run timeout: 0 duration: None cls:
2019-08-04 08:02:22.169 5112 RALLYDEBUG rally.task.runner [-] Starting a worker. concurrency: 1 args: {"consumer": "both", "write_iops_sec": "10", "read_iops_sec": "1000"} times: 10 method_name: run timeout: 0 duration: None cls:
2019-08-04 08:02:22.170 5110 INFO rally.task.runner [-] Task fc6651a0-264c-41c3-b07c-3850a46e9990 | ITER: 1 START
2019-08-04 08:02:22.171 5111 INFO rally.task.runner [-] Task fc6651a0-264c-41c3-b07c-3850a46e9990 | ITER: 2 START
