2019-08-02 21:52:15.864 24805 WARNING rally_openstack.scenarios.neutron.utils [-] Running this scenario without either the 'network' or 'existing_network' context is deprecated
2019-08-02 21:52:15.864 24800 WARNING rally_openstack.scenarios.neutron.utils [-] Running this scenario without either the 'network' or 'existing_network' context is deprecated
2019-08-02 21:52:15.861 24799 INFO rally.task.runner [-] Task 8e73b8f7-0b41-4038-a1b2-96b1fbadc36c | ITER: 3 START
2019-08-02 21:52:15.865 24799 WARNING rally_openstack.scenarios.neutron.utils [-] Running this scenario without either the 'network' or 'existing_network' context is deprecated
2019-08-02 21:52:15.867 24811 INFO rally.task.runner [-] Task 8e73b8f7-0b41-4038-a1b2-96b1fbadc36c | ITER: 11 START
2019-08-02 21:52:15.866 24815 RALLYDEBUG rally.task.runner [-] Starting a worker. concurrency: 1 args: {"network_create_args": {}, "subnet_create_args": {}, "subnet_cidr_start": "1.1.0.0/30", "subnets_per_network": 2} times: 40 method_name: run timeout: 0 duration: None cls:
2019-08-02 21:52:15.867 24818 RALLYDEBUG rally.task.runner [-] Starting a worker. concurrency: 1 args: {"network_create_args": {}, "subnet_create_args": {}, "subnet_cidr_start": "1.1.0.0/30", "subnets_per_network": 2} times: 40 method_name: run timeout: 0 duration: None cls:
2019-08-02 21:52:15.869 24811 WARNING rally_openstack.scenarios.neutron.utils [-] Running this scenario without either the 'network' or 'existing_network' context is deprecated
2019-08-02 21:52:15.870 24808 INFO rally.task.runner [-] Task 8e73b8f7-0b41-4038-a1b2-96b1fbadc36c | ITER: 10 START
2019-08-02 21:52:15.871 24808 WARNING rally_openstack.scenarios.neutron.utils [-] Running this scenario without either the 'network' or 'existing_network' context is deprecated
2019-08-02 21:52:15.873 24801 INFO rally.task.runner [-] Task 8e73b8f7-0b41-4038-a1b2-96b1fbadc36c | ITER: 7 START
2019-08-02 21:52:15.873 24801 WARNING rally_openstack.scenarios.neutron.utils [-] Running this scenario without either the 'network' or 'existing_network' context is deprecated
2019-08-02 21:52:15.874 24815 INFO rally.task.runner [-] Task 8e73b8f7-0b41-4038-a1b2-96b1fbadc36c | ITER: 12 START
2019-08-02 21:52:15.876 24815 WARNING rally_openstack.scenarios.neutron.utils [-] Running this scenario without either the 'network' or 'existing_network' context is deprecated
2019-08-02 21:52:15.875 24824 RALLYDEBUG rally.task.runner [-] Starting a worker. concurrency: 1 args: {"network_create_args": {}, "subnet_create_args": {}, "subnet_cidr_start": "1.1.0.0/30", "subnets_per_network": 2} times: 40 method_name: run timeout: 0 duration: None cls:
2019-08-02 21:52:15.878 24818 INFO rally.task.runner [-] Task 8e73b8f7-0b41-4038-a1b2-96b1fbadc36c | ITER: 13 START
2019-08-02 21:52:15.879 24818 WARNING rally_openstack.scenarios.neutron.utils [-] Running this scenario without either the 'network' or 'existing_network' context is deprecated
2019-08-02 21:52:15.880 24802 INFO rally.task.runner [-] Task 8e73b8f7-0b41-4038-a1b2-96b1fbadc36c | ITER: 8 START
2019-08-02 21:52:15.881 24802 WARNING rally_openstack.scenarios.neutron.utils [-] Running this scenario without either the 'network' or 'existing_network' context is deprecated
2019-08-02 21:52:15.882 24829 RALLYDEBUG rally.task.runner [-] Starting a worker. concurrency: 1 args: {"network_create_args": {}, "subnet_create_args": {}, "subnet_cidr_start": "1.1.0.0/30", "subnets_per_network": 2} times: 40 method_name: run timeout: 0 duration: None cls:
2019-08-02 21:52:15.885 24824 INFO rally.task.runner [-] Task 8e73b8f7-0b41-4038-a1b2-96b1fbadc36c | ITER: 14 START
2019-08-02 21:52:15.887 24829 INFO rally.task.runner [-] Task 8e73b8f7-0b41-4038-a1b2-96b1fbadc36c | ITER: 15 START
2019-08-02 21:52:15.887 24824 WARNING rally_openstack.scenarios.neutron.utils [-] Running this scenario without either the 'network' or 'existing_network' context is deprecated
2019-08-02 21:52:15.889 24829 WARNING rally_openstack.scenarios.neutron.utils [-] Running this scenario without either the 'network' or 'existing_network' context is deprecated
2019-08-02 21:52:15.894 24832 RALLYDEBUG rally.task.runner [-] Starting a worker. concurrency: 1 args: {"network_create_args": {}, "subnet_create_args": {}, "subnet_cidr_start": "1.1.0.0/30", "subnets_per_network": 2} times: 40 method_name: run timeout: 0 duration: None cls:
2019-08-02 21:52:15.902 24832 INFO rally.task.runner [-] Task 8e73b8f7-0b41-4038-a1b2-96b1fbadc36c | ITER: 16 START
2019-08-02 21:52:15.903 24832 WARNING rally_openstack.scenarios.neutron.utils [-] Running this scenario without either the 'network' or 'existing_network' context is deprecated
2019-08-02 21:52:15.903 24837 RALLYDEBUG rally.task.runner [-] Starting a worker. concurrency: 1 args: {"network_create_args": {}, "subnet_create_args": {}, "subnet_cidr_start": "1.1.0.0/30", "subnets_per_network": 2} times: 40 method_name: run timeout: 0 duration: None cls:
2019-08-02 21:52:15.904 24838 RALLYDEBUG rally.task.runner [-] Starting a worker. concurrency: 1 args: {"network_create_args": {}, "subnet_create_args": {}, "subnet_cidr_start": "1.1.0.0/30", "subnets_per_network": 2} times: 40 method_name: run timeout: 0 duration: None cls:
2019-08-02 21:52:15.909 24837 INFO rally.task.runner [-] Task 8e73b8f7-0b41-4038-a1b2-96b1fbadc36c | ITER: 17 START
2019-08-02 21:52:15.910 24837 WARNING rally_openstack.scenarios.neutron.utils [-] Running this scenario without either the 'network' or 'existing_network' context is deprecated
2019-08-02 21:52:15.910 24838 INFO rally.task.runner [-] Task 8e73b8f7-0b41-4038-a1b2-96b1fbadc36c | ITER: 18 START
2019-08-02 21:52:15.910 24841 RALLYDEBUG rally.task.runner [-] Starting a worker. concurrency: 1 args: {"network_create_args": {}, "subnet_create_args": {}, "subnet_cidr_start": "1.1.0.0/30", "subnets_per_network": 2} times: 40 method_name: run timeout: 0 duration: None cls:
2019-08-02 21:52:15.912 24838 WARNING rally_openstack.scenarios.neutron.utils [-] Running this scenario without either the 'network' or 'existing_network' context is deprecated
2019-08-02 21:52:15.915 24841 INFO rally.task.runner [-] Task 8e73b8f7-0b41-4038-a1b2-96b1fbadc36c | ITER: 19 START
2019-08-02 21:52:15.915 24842 RALLYDEBUG rally.task.runner [-] Starting a worker. concurrency: 1 args: {"network_create_args": {}, "subnet_create_args": {}, "subnet_cidr_start": "1.1.0.0/30", "subnets_per_network": 2} times: 40 method_name: run timeout: 0 duration: None cls:
2019-08-02 21:52:15.916 24841 WARNING rally_openstack.scenarios.neutron.utils [-] Running this scenario without either the 'network' or 'existing_network' context is deprecated
2019-08-02 21:52:15.919 24842 INFO rally.task.runner [-] Task 8e73b8f7-0b41-4038-a1b2-96b1fbadc36c | ITER: 20 START
2019-08-02 21:52:15.920 24842 WARNING rally_openstack.scenarios.neutron.utils [-] Running this scenario without either the 'network' or 'existing_network' context is deprecated
2019-08-02 21:52:17.454 24800 RALLYDEBUG rally_openstack.wrappers.network [-] CIDR generated: 1.1.4.96/30
2019-08-02 21:52:17.474 24838 RALLYDEBUG rally_openstack.wrappers.network [-] CIDR generated: 1.1.4.100/30
2019-08-02 21:52:17.538 24799 RALLYDEBUG rally_openstack.wrappers.network [-] CIDR generated: 1.1.4.104/30
2019-08-02 21:52:17.548 24800 RALLYDEBUG rally_openstack.wrappers.network [-] CIDR generated: 1.1.4.108/30
2019-08-02 21:52:17.606 24802 RALLYDEBUG rally_openstack.wrappers.network [-] CIDR generated: 1.1.4.112/30
2019-08-02 21:52:17.657 24801 RALLYDEBUG rally_openstack.wrappers.network [-] CIDR generated: 1.1.4.116/30
2019-08-02 21:52:17.744 24805 RALLYDEBUG rally_openstack.wrappers.network [-] CIDR generated: 1.1.4.120/30
2019-08-02 21:52:17.780 24837 RALLYDEBUG rally_openstack.wrappers.network [-] CIDR generated: 1.1.4.124/30
2019-08-02 21:52:17.805 24811 RALLYDEBUG rally_openstack.wrappers.network [-] CIDR generated: 1.1.4.128/30
2019-08-02 21:52:17.831 24829 RALLYDEBUG rally_openstack.wrappers.network [-] CIDR generated: 1.1.4.132/30
2019-08-02 21:52:17.895 24799 RALLYDEBUG rally_openstack.wrappers.network [-] CIDR generated: 1.1.4.136/30
2019-08-02 21:52:17.995 24824 RALLYDEBUG rally_openstack.wrappers.network [-] CIDR generated: 1.1.4.140/30
2019-08-02 21:52:18.089 24841 RALLYDEBUG rally_openstack.wrappers.network [-] CIDR generated: 1.1.4.144/30
2019-08-02 21:52:18.113 24801 RALLYDEBUG rally_openstack.wrappers.network [-] CIDR generated: 1.1.4.148/30
2019-08-02 21:52:18.151 24832 RALLYDEBUG rally_openstack.wrappers.network [-] CIDR generated: 1.1.4.152/30
2019-08-02 21:52:18.157 24815 RALLYDEBUG rally_openstack.wrappers.network [-] CIDR generated: 1.1.4.156/30
2019-08-02 21:52:18.222 24808 RALLYDEBUG rally_openstack.wrappers.network [-] CIDR generated: 1.1.4.160/30
2019-08-02 21:52:18.228 24802 RALLYDEBUG rally_openstack.wrappers.network [-] CIDR generated: 1.1.4.164/30
2019-08-02 21:52:18.278 24818 RALLYDEBUG rally_openstack.wrappers.network [-] CIDR generated: 1.1.4.168/30
2019-08-02 21:52:18.353 24842 RALLYDEBUG rally_openstack.wrappers.network [-] CIDR generated: 1.1.4.172/30
2019-08-02 21:52:19.075 24800 RALLYDEBUG rally_openstack.wrappers.network [-] CIDR generated: 1.1.4.176/30
2019-08-02 21:52:19.112 24801 RALLYDEBUG rally_openstack.wrappers.network [-] CIDR generated: 1.1.4.180/30
2019-08-02 21:52:19.460 24799 RALLYDEBUG rally_openstack.wrappers.network [-] CIDR generated: 1.1.4.184/30
2019-08-02 21:52:19.613 24805 RALLYDEBUG rally_openstack.wrappers.network [-] CIDR generated: 1.1.4.188/30
2019-08-02 21:52:19.633 24802 RALLYDEBUG rally_openstack.wrappers.network [-] CIDR generated: 1.1.4.192/30
2019-08-02 21:52:19.657 24811 RALLYDEBUG rally_openstack.wrappers.network [-] CIDR generated: 1.1.4.196/30
2019-08-02 21:52:19.784 24800 RALLYDEBUG rally_openstack.wrappers.network [-] CIDR generated: 1.1.4.200/30
2019-08-02 21:52:20.132 24842 RALLYDEBUG rally_openstack.wrappers.network [-] CIDR generated: 1.1.4.204/30
2019-08-02 21:52:20.348 24838 RALLYDEBUG rally_openstack.wrappers.network [-] CIDR generated: 1.1.4.208/30
2019-08-02 21:52:20.364 24801 RALLYDEBUG rally_openstack.wrappers.network [-] CIDR generated: 1.1.4.212/30
2019-08-02 21:52:21.280 24841 RALLYDEBUG rally_openstack.wrappers.network [-] CIDR generated: 1.1.4.216/30
2019-08-02 21:52:21.399 24829 RALLYDEBUG rally_openstack.wrappers.network [-] CIDR generated: 1.1.4.220/30
2019-08-02 21:52:21.920 24808 RALLYDEBUG rally_openstack.wrappers.network [-] CIDR generated: 1.1.4.224/30
2019-08-02 21:52:22.175 24815 RALLYDEBUG rally_openstack.wrappers.network [-] CIDR generated: 1.1.4.228/30
2019-08-02 21:52:22.176 24837 RALLYDEBUG rally_openstack.wrappers.network [-] CIDR generated: 1.1.4.232/30
2019-08-02 21:52:22.203 24802 RALLYDEBUG rally_openstack.wrappers.network [-] CIDR generated: 1.1.4.236/30
2019-08-02 21:52:22.239 24824 RALLYDEBUG rally_openstack.wrappers.network [-] CIDR generated: 1.1.4.240/30
2019-08-02 21:52:22.340 24818 RALLYDEBUG rally_openstack.wrappers.network [-] CIDR generated: 1.1.4.244/30
2019-08-02 21:52:22.483 24799 RALLYDEBUG rally_openstack.wrappers.network [-] CIDR generated: 1.1.4.248/30
2019-08-02 21:52:22.497 24832 RALLYDEBUG rally_openstack.wrappers.network [-] CIDR generated: 1.1.4.252/30
2019-08-02 21:52:24.649 24801 INFO rally.task.runner [-] Task 8e73b8f7-0b41-4038-a1b2-96b1fbadc36c | ITER: 4 END: OK
2019-08-02 21:52:24.654 24801 INFO rally.task.runner [-] Task 8e73b8f7-0b41-4038-a1b2-96b1fbadc36c | ITER: 21 START
2019-08-02 21:52:24.655 24801 WARNING rally_openstack.scenarios.neutron.utils [-] Running this scenario without either the 'network' or 'existing_network' context is deprecated
2019-08-02 21:52:25.515 24800 INFO rally.task.runner [-] Task 8e73b8f7-0b41-4038-a1b2-96b1fbadc36c | ITER: 2 END: OK
2019-08-02 21:52:25.520 24800 INFO rally.task.runner [-] Task 8e73b8f7-0b41-4038-a1b2-96b1fbadc36c | ITER: 22 START
2019-08-02 21:52:25.521 24800 WARNING rally_openstack.scenarios.neutron.utils [-] Running this scenario without either the 'network' or 'existing_network' context is deprecated
2019-08-02 21:52:25.742 24799 INFO rally.task.runner [-] Task 8e73b8f7-0b41-4038-a1b2-96b1fbadc36c | ITER: 1 END: OK
2019-08-02 21:52:25.747 24799 INFO rally.task.runner [-] Task 8e73b8f7-0b41-4038-a1b2-96b1fbadc36c | ITER: 23 START
2019-08-02 21:52:25.747 24799 WARNING rally_openstack.scenarios.neutron.utils [-] Running this scenario without either the 'network' or 'existing_network' context is deprecated
2019-08-02 21:52:25.884 24802 INFO rally.task.runner [-] Task 8e73b8f7-0b41-4038-a1b2-96b1fbadc36c | ITER: 8 END: OK
2019-08-02 21:52:25.888 24802 INFO rally.task.runner [-] Task 8e73b8f7-0b41-4038-a1b2-96b1fbadc36c | ITER: 24 START
2019-08-02 21:52:25.889 24802 WARNING rally_openstack.scenarios.neutron.utils [-] Running this scenario without either the 'network' or 'existing_network' context is deprecated
2019-08-02 21:52:26.840 24801 INFO rally.task.runner [-] Task 8e73b8f7-0b41-4038-a1b2-96b1fbadc36c | ITER: 7 END: OK
2019-08-02 21:52:26.844 24801 INFO rally.task.runner [-] Task 8e73b8f7-0b41-4038-a1b2-96b1fbadc36c | ITER: 25 START
2019-08-02 21:52:26.845 24801 WARNING rally_openstack.scenarios.neutron.utils [-] Running this scenario without either the 'network' or 'existing_network' context is deprecated
2019-08-02 21:52:27.583 24842 INFO rally.task.runner [-] Task 8e73b8f7-0b41-4038-a1b2-96b1fbadc36c | ITER: 20 END: OK
2019-08-02 21:52:27.587 24842 INFO rally.task.runner [-] Task 8e73b8f7-0b41-4038-a1b2-96b1fbadc36c | ITER: 26 START
2019-08-02 21:52:27.588 24842 WARNING rally_openstack.scenarios.neutron.utils [-] Running this scenario without either the 'network' or 'existing_network' context is deprecated
2019-08-02 21:52:27.828 24805 INFO rally.task.runner [-] Task 8e73b8f7-0b41-4038-a1b2-96b1fbadc36c | ITER: 9 END: OK
2019-08-02 21:52:27.831 24805 INFO rally.task.runner [-] Task 8e73b8f7-0b41-4038-a1b2-96b1fbadc36c | ITER: 27 START
2019-08-02 21:52:27.832 24805 WARNING rally_openstack.scenarios.neutron.utils [-] Running this scenario without either the 'network' or 'existing_network' context is deprecated
2019-08-02 21:52:28.665 24829 INFO rally.task.runner [-] Task 8e73b8f7-0b41-4038-a1b2-96b1fbadc36c | ITER: 15 END: OK
2019-08-02 21:52:28.669 24829 INFO rally.task.runner [-] Task 8e73b8f7-0b41-4038-a1b2-96b1fbadc36c | ITER: 28 START
2019-08-02 21:52:28.670 24829 WARNING rally_openstack.scenarios.neutron.utils [-] Running this scenario without either the 'network' or 'existing_network' context is deprecated
2019-08-02 21:52:28.862 24811 INFO rally.task.runner [-] Task 8e73b8f7-0b41-4038-a1b2-96b1fbadc36c | ITER: 11 END: OK
2019-08-02 21:52:28.867 24811 INFO rally.task.runner [-] Task 8e73b8f7-0b41-4038-a1b2-96b1fbadc36c | ITER: 29 START
2019-08-02 21:52:28.868 24811 WARNING rally_openstack.scenarios.neutron.utils [-] Running this scenario without either the 'network' or 'existing_network' context is deprecated
2019-08-02 21:52:28.974 24799 RALLYDEBUG rally_openstack.wrappers.network [-] CIDR generated: 1.1.5.0/30
2019-08-02 21:52:29.061 24800 INFO rally.task.runner [-] Task 8e73b8f7-0b41-4038-a1b2-96b1fbadc36c | ITER: 5 END: OK
2019-08-02 21:52:29.066 24800 INFO rally.task.runner [-] Task 8e73b8f7-0b41-4038-a1b2-96b1fbadc36c | ITER: 30 START
2019-08-02 21:52:29.066 24800 WARNING rally_openstack.scenarios.neutron.utils [-] Running this scenario without either the 'network' or 'existing_network' context is deprecated
2019-08-02 21:52:29.090 24801 RALLYDEBUG rally_openstack.wrappers.network [-] CIDR generated: 1.1.5.4/30
2019-08-02 21:52:29.095 24801 RALLYDEBUG rally_openstack.wrappers.network [-] CIDR generated: 1.1.5.8/30
2019-08-02 21:52:29.120 24800 RALLYDEBUG rally_openstack.wrappers.network [-] CIDR generated: 1.1.5.12/30
2019-08-02 21:52:29.152 24824 INFO rally.task.runner [-] Task 8e73b8f7-0b41-4038-a1b2-96b1fbadc36c | ITER: 14 END: OK
2019-08-02 21:52:29.156 24824 INFO rally.task.runner [-] Task 8e73b8f7-0b41-4038-a1b2-96b1fbadc36c | ITER: 31 START
2019-08-02 21:52:29.156 24824 WARNING rally_openstack.scenarios.neutron.utils [-] Running this scenario without either the 'network' or 'existing_network' context is deprecated
2019-08-02 21:52:29.227 24842 RALLYDEBUG rally_openstack.wrappers.network [-] CIDR generated: 1.1.5.16/30
2019-08-02 21:52:29.255 24838 INFO rally.task.runner [-] Task 8e73b8f7-0b41-4038-a1b2-96b1fbadc36c | ITER: 18 END: OK
2019-08-02 21:52:29.259 24838 INFO rally.task.runner [-] Task 8e73b8f7-0b41-4038-a1b2-96b1fbadc36c | ITER: 32 START
2019-08-02 21:52:29.260 24838 WARNING rally_openstack.scenarios.neutron.utils [-] Running this scenario without either the 'network' or 'existing_network' context is deprecated
2019-08-02 21:52:29.370 24802 RALLYDEBUG rally_openstack.wrappers.network [-] CIDR generated: 1.1.5.20/30
2019-08-02 21:52:29.552 24815 INFO rally.task.runner [-] Task 8e73b8f7-0b41-4038-a1b2-96b1fbadc36c | ITER: 12 END: OK
2019-08-02 21:52:29.556 24815 INFO rally.task.runner [-] Task 8e73b8f7-0b41-4038-a1b2-96b1fbadc36c | ITER: 33 START
2019-08-02 21:52:29.557 24815 WARNING rally_openstack.scenarios.neutron.utils [-] Running this scenario without either the 'network' or 'existing_network' context is deprecated
2019-08-02 21:52:29.574 24805 RALLYDEBUG rally_openstack.wrappers.network [-] CIDR generated: 1.1.5.24/30
2019-08-02 21:52:29.635 24837 INFO rally.task.runner [-] Task 8e73b8f7-0b41-4038-a1b2-96b1fbadc36c | ITER: 17 END: OK
2019-08-02 21:52:29.640 24837 INFO rally.task.runner [-] Task 8e73b8f7-0b41-4038-a1b2-96b1fbadc36c | ITER: 34 START
2019-08-02 21:52:29.640 24837 WARNING rally_openstack.scenarios.neutron.utils [-] Running this scenario without either the 'network' or 'existing_network' context is deprecated
2019-08-02 21:52:29.663 24818 INFO rally.task.runner [-] Task 8e73b8f7-0b41-4038-a1b2-96b1fbadc36c | ITER: 13 END: OK
2019-08-02 21:52:29.667 24818 INFO rally.task.runner [-] Task 8e73b8f7-0b41-4038-a1b2-96b1fbadc36c | ITER: 35 START
2019-08-02 21:52:29.668 24818 WARNING rally_openstack.scenarios.neutron.utils [-] Running this scenario without either the 'network' or 'existing_network' context is deprecated
2019-08-02 21:52:29.985 24841 INFO rally.task.runner [-] Task 8e73b8f7-0b41-4038-a1b2-96b1fbadc36c | ITER: 19 END: OK
2019-08-02 21:52:29.989 24841 INFO rally.task.runner [-] Task 8e73b8f7-0b41-4038-a1b2-96b1fbadc36c | ITER: 36 START
2019-08-02 21:52:29.990 24841 WARNING rally_openstack.scenarios.neutron.utils [-] Running this scenario without either the 'network' or 'existing_network' context is deprecated
2019-08-02 21:52:30.144 24832 INFO rally.task.runner [-] Task 8e73b8f7-0b41-4038-a1b2-96b1fbadc36c | ITER: 16 END: OK
2019-08-02 21:52:30.148 24832 INFO rally.task.runner [-] Task 8e73b8f7-0b41-4038-a1b2-96b1fbadc36c | ITER: 37 START
2019-08-02 21:52:30.148 24832 WARNING rally_openstack.scenarios.neutron.utils [-] Running this scenario without either the 'network' or 'existing_network' context is deprecated
2019-08-02 21:52:30.195 24808 INFO rally.task.runner [-] Task 8e73b8f7-0b41-4038-a1b2-96b1fbadc36c | ITER: 10 END: OK
2019-08-02 21:52:30.200 24808 INFO rally.task.runner [-] Task 8e73b8f7-0b41-4038-a1b2-96b1fbadc36c | ITER: 38 START
2019-08-02 21:52:30.201 24808 WARNING rally_openstack.scenarios.neutron.utils [-] Running this scenario without either the 'network' or 'existing_network' context is deprecated
2019-08-02 21:52:30.274 24829 RALLYDEBUG rally_openstack.wrappers.network [-] CIDR generated: 1.1.5.28/30
2019-08-02 21:52:30.519 24800 RALLYDEBUG rally_openstack.wrappers.network [-] CIDR generated: 1.1.5.32/30
2019-08-02 21:52:30.735 24811 RALLYDEBUG rally_openstack.wrappers.network [-] CIDR generated: 1.1.5.36/30
2019-08-02 21:52:30.772 24799 INFO rally.task.runner [-] Task 8e73b8f7-0b41-4038-a1b2-96b1fbadc36c | ITER: 3 END: OK
2019-08-02 21:52:30.777 24799 INFO rally.task.runner [-] Task 8e73b8f7-0b41-4038-a1b2-96b1fbadc36c | ITER: 39 START
2019-08-02 21:52:30.777 24799 WARNING rally_openstack.scenarios.neutron.utils [-] Running this scenario without either the 'network' or 'existing_network' context is deprecated
2019-08-02 21:52:30.827 24824 RALLYDEBUG rally_openstack.wrappers.network [-] CIDR generated: 1.1.5.40/30
2019-08-02 21:52:31.353 24838 RALLYDEBUG rally_openstack.wrappers.network [-] CIDR generated: 1.1.5.44/30
2019-08-02 21:52:31.377 24815 RALLYDEBUG rally_openstack.wrappers.network [-] CIDR generated: 1.1.5.48/30
2019-08-02 21:52:31.400 24801 RALLYDEBUG rally_openstack.wrappers.network [-] CIDR generated: 1.1.5.52/30
2019-08-02 21:52:31.636 24800 RALLYDEBUG rally_openstack.wrappers.network [-] CIDR generated: 1.1.5.56/30
2019-08-02 21:52:31.648 24837 RALLYDEBUG rally_openstack.wrappers.network [-] CIDR generated: 1.1.5.60/30
2019-08-02 21:52:31.675 24802 RALLYDEBUG rally_openstack.wrappers.network [-] CIDR generated: 1.1.5.64/30
2019-08-02 21:52:31.692 24818 RALLYDEBUG rally_openstack.wrappers.network [-] CIDR generated: 1.1.5.68/30
2019-08-02 21:52:31.906 24799 RALLYDEBUG rally_openstack.wrappers.network [-] CIDR generated: 1.1.5.72/30
2019-08-02 21:52:32.037 24841 RALLYDEBUG rally_openstack.wrappers.network [-] CIDR generated: 1.1.5.76/30
2019-08-02 21:52:32.362 24832 RALLYDEBUG rally_openstack.wrappers.network [-] CIDR generated: 1.1.5.80/30
2019-08-02 21:52:32.729 24808 RALLYDEBUG rally_openstack.wrappers.network [-] CIDR generated: 1.1.5.84/30
2019-08-02 21:52:32.772 24802 INFO rally.task.runner [-] Task 8e73b8f7-0b41-4038-a1b2-96b1fbadc36c | ITER: 6 END: OK
2019-08-02 21:52:32.775 24802 INFO rally.task.runner [-] Task 8e73b8f7-0b41-4038-a1b2-96b1fbadc36c | ITER: 40 START
2019-08-02 21:52:32.776 24802 WARNING rally_openstack.scenarios.neutron.utils [-] Running this scenario without either the 'network' or 'existing_network' context is deprecated
2019-08-02 21:52:33.102 24842 RALLYDEBUG rally_openstack.wrappers.network [-] CIDR generated: 1.1.5.88/30
2019-08-02 21:52:33.331 24799 RALLYDEBUG rally_openstack.wrappers.network [-] CIDR generated: 1.1.5.92/30
2019-08-02 21:52:33.718 24801 RALLYDEBUG rally_openstack.wrappers.network [-] CIDR generated: 1.1.5.96/30
2019-08-02 21:52:34.058 24829 RALLYDEBUG rally_openstack.wrappers.network [-] CIDR generated: 1.1.5.100/30
2019-08-02 21:52:34.489 24805 RALLYDEBUG rally_openstack.wrappers.network [-] CIDR generated: 1.1.5.104/30
2019-08-02 21:52:34.801 24802 RALLYDEBUG rally_openstack.wrappers.network [-] CIDR generated: 1.1.5.108/30
2019-08-02 21:52:34.984 24800 RALLYDEBUG rally_openstack.wrappers.network [-] CIDR generated: 1.1.5.112/30
2019-08-02 21:52:35.091 24824 RALLYDEBUG rally_openstack.wrappers.network [-] CIDR generated: 1.1.5.116/30
2019-08-02 21:52:35.483 24837 RALLYDEBUG rally_openstack.wrappers.network [-] CIDR generated: 1.1.5.120/30
2019-08-02 21:52:35.795 24811 RALLYDEBUG rally_openstack.wrappers.network [-] CIDR generated: 1.1.5.124/30
2019-08-02 21:52:36.115 24815 RALLYDEBUG rally_openstack.wrappers.network [-] CIDR generated: 1.1.5.128/30
2019-08-02 21:52:36.223 24832 RALLYDEBUG rally_openstack.wrappers.network [-] CIDR generated: 1.1.5.132/30
2019-08-02 21:52:36.417 24841 RALLYDEBUG rally_openstack.wrappers.network [-] CIDR generated: 1.1.5.136/30
2019-08-02 21:52:36.502 24838 RALLYDEBUG rally_openstack.wrappers.network [-] CIDR generated: 1.1.5.140/30
2019-08-02 21:52:36.701 24808 RALLYDEBUG rally_openstack.wrappers.network [-] CIDR generated: 1.1.5.144/30
2019-08-02 21:52:36.861 24799 RALLYDEBUG rally_openstack.wrappers.network [-] CIDR generated: 1.1.5.148/30
2019-08-02 21:52:36.962 24818 RALLYDEBUG rally_openstack.wrappers.network [-] CIDR generated: 1.1.5.152/30
2019-08-02 21:52:37.777 24800 INFO rally.task.runner [-] Task 8e73b8f7-0b41-4038-a1b2-96b1fbadc36c | ITER: 22 END: OK
2019-08-02 21:52:38.252 24802 INFO rally.task.runner [-] Task 8e73b8f7-0b41-4038-a1b2-96b1fbadc36c | ITER: 24 END: OK
2019-08-02 21:52:38.858 24802 RALLYDEBUG rally_openstack.wrappers.network [-] CIDR generated: 1.1.5.156/30
2019-08-02 21:52:39.180 24801 INFO rally.task.runner [-] Task 8e73b8f7-0b41-4038-a1b2-96b1fbadc36c | ITER: 25 END: OK
2019-08-02 21:52:39.401 24842 INFO rally.task.runner [-] Task 8e73b8f7-0b41-4038-a1b2-96b1fbadc36c | ITER: 26 END: OK
2019-08-02 21:52:39.418 24801 INFO rally.task.runner [-] Task 8e73b8f7-0b41-4038-a1b2-96b1fbadc36c | ITER: 21 END: OK
2019-08-02 21:52:40.720 24799 INFO rally.task.runner [-] Task 8e73b8f7-0b41-4038-a1b2-96b1fbadc36c | ITER: 23 END: OK
2019-08-02 21:52:40.907 24829 INFO rally.task.runner [-] Task 8e73b8f7-0b41-4038-a1b2-96b1fbadc36c | ITER: 28 END: OK
2019-08-02 21:52:41.023 24805 INFO rally.task.runner [-] Task 8e73b8f7-0b41-4038-a1b2-96b1fbadc36c | ITER: 27 END: OK
2019-08-02 21:52:42.131 24838 INFO rally.task.runner [-] Task 8e73b8f7-0b41-4038-a1b2-96b1fbadc36c | ITER: 32 END: OK
2019-08-02 21:52:42.358 24811 INFO rally.task.runner [-] Task 8e73b8f7-0b41-4038-a1b2-96b1fbadc36c | ITER: 29 END: OK
2019-08-02 21:52:42.458 24824 INFO rally.task.runner [-] Task 8e73b8f7-0b41-4038-a1b2-96b1fbadc36c | ITER: 31 END: OK
2019-08-02 21:52:42.918 24799 INFO rally.task.runner [-] Task 8e73b8f7-0b41-4038-a1b2-96b1fbadc36c | ITER: 39 END: OK
2019-08-02 21:52:43.006 24832 INFO rally.task.runner [-] Task 8e73b8f7-0b41-4038-a1b2-96b1fbadc36c | ITER: 37 END: OK
2019-08-02 21:52:43.331 24800 INFO rally.task.runner [-] Task 8e73b8f7-0b41-4038-a1b2-96b1fbadc36c | ITER: 30 END: OK
2019-08-02 21:52:43.362 24808 INFO rally.task.runner [-] Task 8e73b8f7-0b41-4038-a1b2-96b1fbadc36c | ITER: 38 END: OK
2019-08-02 21:52:43.502 24841 INFO rally.task.runner [-] Task 8e73b8f7-0b41-4038-a1b2-96b1fbadc36c | ITER: 36 END: OK
2019-08-02 21:52:43.594 24837 INFO rally.task.runner [-] Task 8e73b8f7-0b41-4038-a1b2-96b1fbadc36c | ITER: 34 END: OK
2019-08-02 21:52:44.112 24802 INFO rally.task.runner [-] Task 8e73b8f7-0b41-4038-a1b2-96b1fbadc36c | ITER: 40 END: OK
2019-08-02 21:52:44.185 24815 INFO rally.task.runner [-] Task 8e73b8f7-0b41-4038-a1b2-96b1fbadc36c | ITER: 33 END: OK
2019-08-02 21:52:45.226 24818 INFO rally.task.runner [-] Task 8e73b8f7-0b41-4038-a1b2-96b1fbadc36c | ITER: 35 END: OK
2019-08-02 21:52:45.251 22705 INFO rally.task.context [-] Task 8e73b8f7-0b41-4038-a1b2-96b1fbadc36c | Context cleanup@openstack cleanup() started
2019-08-02 21:52:45.253 22705 RALLYDEBUG rally_openstack.cleanup.manager [-] Cleaning up neutron vip objects
2019-08-02 21:52:45.990 22705 RALLYDEBUG rally_openstack.cleanup.manager [-] Cleaning up neutron health_monitor objects
2019-08-02 21:52:46.785 22705 RALLYDEBUG rally_openstack.cleanup.manager [-] Cleaning up neutron pool objects
2019-08-02 21:52:47.541 22705 RALLYDEBUG rally_openstack.cleanup.manager [-] Cleaning up neutron loadbalancer objects
2019-08-02 21:52:48.272 22705 RALLYDEBUG rally_openstack.cleanup.manager [-] Cleaning up neutron floatingip objects
2019-08-02 21:52:49.071 22705 RALLYDEBUG rally_openstack.cleanup.manager [-] Cleaning up neutron port objects
2019-08-02 21:52:49.896 22705 RALLYDEBUG rally_openstack.cleanup.manager [-] Cleaning up neutron subnet objects
2019-08-02 21:52:50.693 22705 RALLYDEBUG rally_openstack.cleanup.manager [-] Cleaning up neutron network objects
2019-08-02 21:52:51.536 22705 RALLYDEBUG rally_openstack.cleanup.manager [-] Deleting neutron.network object s_rally_0d91a677_RtbxT4mW (00687379-67b9-40aa-8e80-64e1029eb012)
2019-08-02 21:52:51.544 22705 RALLYDEBUG rally_openstack.cleanup.manager [-] Deleting neutron.network object s_rally_0d91a677_7A3v7BXl (0852b26d-c465-441f-8a93-b7e90a35d760)
2019-08-02 21:52:51.548 22705 RALLYDEBUG rally_openstack.cleanup.manager [-] Deleting neutron.network object s_rally_0d91a677_NNKYppb1 (0b28a716-3bff-4e6a-9527-d8a219230df6)
2019-08-02 21:52:51.559 22705 RALLYDEBUG rally_openstack.cleanup.manager [-] Deleting neutron.network object s_rally_0d91a677_0ev8i2FT (0d969ee2-ec64-4966-8274-b61221271d51)
2019-08-02 21:52:51.566 22705 RALLYDEBUG rally_openstack.cleanup.manager [-] Deleting neutron.network object s_rally_0d91a677_t2lzwgca (117ca9e1-39ff-4ad0-9c6d-ad21466136fe)
2019-08-02 21:52:51.578 22705 RALLYDEBUG rally_openstack.cleanup.manager [-] Deleting neutron.network object s_rally_0d91a677_3ra3CEQO (17bbd276-2681-4f01-abf1-13b7a05b7fb8)
2019-08-02 21:52:51.586 22705 RALLYDEBUG rally_openstack.cleanup.manager [-] Deleting neutron.network object s_rally_0d91a677_ojfecnbx (1bc1b055-0766-4081-a4b5-1f458c86a464)
2019-08-02 21:52:51.603 22705 RALLYDEBUG rally_openstack.cleanup.manager [-] Deleting neutron.network object s_rally_0d91a677_5eVV8TYl (1ca2bfc9-23b5-4f6a-a366-6a73b46013a1)
2019-08-02 21:52:51.617 22705 RALLYDEBUG rally_openstack.cleanup.manager [-] Deleting neutron.network object s_rally_0d91a677_A6Or08U3 (237274ae-27bd-4511-b8a4-6dad4200a320)
2019-08-02 21:52:51.632 22705 RALLYDEBUG rally_openstack.cleanup.manager [-] Deleting neutron.network object s_rally_0d91a677_sksilVpS (37426b9a-dd35-4848-adbe-3ec113e0666b)
2019-08-02 21:52:51.633 22705 RALLYDEBUG rally_openstack.cleanup.manager [-] Deleting neutron.network object s_rally_0d91a677_5oFkmQXf (2ff66c90-f737-4672-89ad-9c0e20a9af23)
2019-08-02 21:52:51.650 22705 RALLYDEBUG rally_openstack.cleanup.manager [-] Deleting neutron.network object s_rally_0d91a677_dKtWfXSH (3b850e11-0394-4814-a7d4-1d67cda926d5)
2019-08-02 21:52:51.652 22705 RALLYDEBUG rally_openstack.cleanup.manager [-] Deleting neutron.network object s_rally_0d91a677_s1CxEHsf (3a794c59-d1c7-4599-857d-ac67a10b28ab)
2019-08-02 21:52:51.672 22705 RALLYDEBUG rally_openstack.cleanup.manager [-] Deleting neutron.network object s_rally_0d91a677_0yIcG0d9 (3b8fd875-3b11-450e-a394-1c00d16ba4c6)
2019-08-02 21:52:51.690 22705 RALLYDEBUG rally_openstack.cleanup.manager [-] Deleting neutron.network object s_rally_0d91a677_KtnThjoi (3be2e9a1-f126-461f-84e4-f84e7f9743f4)
2019-08-02 21:52:51.691 22705 RALLYDEBUG rally_openstack.cleanup.manager [-] Deleting neutron.network object s_rally_0d91a677_5u4u7Gxg (3f49c351-b643-409f-a7b5-c160b4182e75)
2019-08-02 21:52:51.696 22705 RALLYDEBUG rally_openstack.cleanup.manager [-] Deleting neutron.network object s_rally_0d91a677_eGDmGCUW (49dbf488-d9b7-4166-98cb-03fd7875a6f4)
2019-08-02 21:52:51.712 22705 RALLYDEBUG rally_openstack.cleanup.manager [-] Deleting neutron.network object s_rally_0d91a677_lyIG02RS (4fd40599-f77c-416e-826d-41791c2d2c8c)
2019-08-02 21:52:51.721 22705 RALLYDEBUG rally_openstack.cleanup.manager [-] Deleting neutron.network object s_rally_0d91a677_CcrnhHut (542dc207-4ab4-448b-9b33-ee0120d2cb10)
2019-08-02 21:52:51.731 22705 RALLYDEBUG rally_openstack.cleanup.manager [-] Deleting neutron.network object s_rally_0d91a677_PfBFcBnR (5e6bcdd7-e509-4fe4-84f2-7f8bf4acd1cf)
2019-08-02 21:52:54.260 22705 RALLYDEBUG rally_openstack.cleanup.manager [-] Deleting neutron.network object s_rally_0d91a677_63xuYJmi (609e4b73-d61d-4942-beba-10b2a7734af0)
2019-08-02 21:52:54.309 22705 RALLYDEBUG rally_openstack.cleanup.manager [-] Deleting neutron.network object s_rally_0d91a677_UEhS95Ac (66fe2f8c-168c-4ced-9eab-1146914f4be0)
2019-08-02 21:52:54.430 22705 RALLYDEBUG rally_openstack.cleanup.manager [-] Deleting neutron.network object s_rally_0d91a677_CBNk4bcM (68b6afe3-c93c-4223-859b-2b4c2e6a4b82)
2019-08-02 21:52:54.540 22705 RALLYDEBUG rally_openstack.cleanup.manager [-] Deleting neutron.network object s_rally_0d91a677_kMKfDIuI (6ead425c-f885-4108-9471-7ec8af3694cb)
2019-08-02 21:52:54.591 22705 RALLYDEBUG rally_openstack.cleanup.manager [-] Deleting neutron.network object s_rally_0d91a677_7olw9kCi (752e5ae1-93b8-4be2-af5c-a0865dc1cadb)
2019-08-02 21:52:55.051 22705 RALLYDEBUG rally_openstack.cleanup.manager [-] Deleting neutron.network object s_rally_0d91a677_wxUZt372 (7a9c4a87-a679-46d7-9609-060f7edbc29f)
2019-08-02 21:52:55.069 22705 RALLYDEBUG rally_openstack.cleanup.manager [-] Deleting neutron.network object s_rally_0d91a677_aDTqwmuP (7f240c21-4884-4a7e-b540-72df0eda0bfb)
2019-08-02 21:52:55.099 22705 RALLYDEBUG rally_openstack.cleanup.manager [-] Deleting neutron.network object s_rally_0d91a677_td9KpihP (89b0c55a-d2d8-404d-8ea9-02707c34fd09)
2019-08-02 21:52:55.160 22705 RALLYDEBUG rally_openstack.cleanup.manager [-] Deleting neutron.network object s_rally_0d91a677_YO7CzvVS (8b8f14fe-0662-4ca2-aed6-2a8415feec4a)
2019-08-02 21:52:55.216 22705 RALLYDEBUG rally_openstack.cleanup.manager [-] Deleting neutron.network object s_rally_0d91a677_bsKTG0aD (9c32192d-b5b4-4ae4-8278-ec33f6a7a51a)
2019-08-02 21:52:55.666 22705 RALLYDEBUG rally_openstack.cleanup.manager [-] Deleting neutron.network object s_rally_0d91a677_atkQFyB3 (b0fb0cd2-c64c-40fe-9a21-92ee60a244cd)
2019-08-02 21:52:55.666 22705 RALLYDEBUG rally_openstack.cleanup.manager [-] Deleting neutron.network object s_rally_0d91a677_D4NrXbdS (afe855e6-4e86-44e3-8aac-425a7f90c2fe)
2019-08-02 21:52:55.912 22705 RALLYDEBUG rally_openstack.cleanup.manager [-] Deleting neutron.network object s_rally_0d91a677_LLJ0bUIc (b2463b7c-d418-4e16-8934-39bfd67f86de)
2019-08-02 21:52:56.050 22705 RALLYDEBUG rally_openstack.cleanup.manager [-] Deleting neutron.network object s_rally_0d91a677_lTtLo9Ns (ca55519c-9f6e-4bc8-8dff-2a308338eafc)
2019-08-02 21:52:56.057 22705 RALLYDEBUG rally_openstack.cleanup.manager [-] Deleting neutron.network object s_rally_0d91a677_rl0c6Uxa (d07b8568-0d3f-4853-b3bf-2a13ef2dc600)
2019-08-02 21:52:56.122 22705 RALLYDEBUG rally_openstack.cleanup.manager [-] Deleting neutron.network object s_rally_0d91a677_6kTpXXSE (d84ae443-91e9-4ee0-a371-0c91fc71f640)
2019-08-02 21:52:56.631 22705 RALLYDEBUG rally_openstack.cleanup.manager [-] Deleting neutron.network object s_rally_0d91a677_LtlDxaXd (d930ed1b-5875-4b3f-bc68-99341c6b97c0)
2019-08-02 21:52:56.637 22705 RALLYDEBUG rally_openstack.cleanup.manager [-] Deleting neutron.network object s_rally_0d91a677_fZkmOrFz (d9d82860-c97b-4c72-8940-9112981c9f0d)
2019-08-02 21:52:56.961 22705 RALLYDEBUG rally_openstack.cleanup.manager [-] Deleting neutron.network object s_rally_0d91a677_xfcrvR8O (e757f30e-4a0e-4290-97f6-402ec24fe2de)
2019-08-02 21:52:57.147 22705 RALLYDEBUG rally_openstack.cleanup.manager [-] Deleting neutron.network object s_rally_0d91a677_eUnNQsL1 (e9ec6c3b-e6a5-42ec-a6be-f5e91dff5cf9)
2019-08-02 21:53:00.778 22705 RALLYDEBUG rally_openstack.cleanup.manager [-] Cleaning up neutron router objects
2019-08-02 21:53:01.638 22705 RALLYDEBUG rally_openstack.cleanup.manager [-] Cleaning up neutron security_group objects
2019-08-02 21:53:02.410 22705 INFO rally.task.context [-] Task 8e73b8f7-0b41-4038-a1b2-96b1fbadc36c | Context cleanup@openstack cleanup() finished in 17.16 sec
2019-08-02 21:53:02.411 22705 INFO rally.task.context [-] Task 8e73b8f7-0b41-4038-a1b2-96b1fbadc36c | Context quotas@openstack cleanup() started
2019-08-02 21:53:02.740 22705 INFO rally.task.context [-] Task 8e73b8f7-0b41-4038-a1b2-96b1fbadc36c | Context quotas@openstack cleanup() finished in 0.33 sec
2019-08-02 21:53:02.740 22705 INFO rally.task.context [-] Task 8e73b8f7-0b41-4038-a1b2-96b1fbadc36c | Context users@openstack cleanup() started
2019-08-02 21:53:08.107 22705 INFO rally.task.context [-] Task 8e73b8f7-0b41-4038-a1b2-96b1fbadc36c | Context users@openstack cleanup() finished in 5.37 sec
2019-08-02 21:53:09.073 22705 INFO rally.task.engine [-] Load duration is: 29.372736
2019-08-02 21:53:09.073 22705 INFO rally.task.engine [-] Full runner duration is: 29.42166
2019-08-02 21:53:09.074 22705 INFO rally.task.engine [-] Full duration is: 59.25978
2019-08-02 21:53:09.307 22705 INFO rally.task.engine [-] Running workload: position = 0 config = { "version": 2, "title": "A cropped version of a bigger task.", "description": "Auto-generated task from a single workload (uuid=9ddc09a4-d270-40d6-8e2a-30d24a8cdf71)", "subtasks": [ { "title": "NeutronNetworks.create_and_list_routers", "description": "Create and a given number of routers and list all routers.", "scenario": { "NeutronNetworks.create_and_list_routers": { "network_create_args": null, "subnet_create_args": null, "subnet_cidr_start": "1.1.0.0/30", "subnets_per_network": 2, "router_create_args": null } }, "contexts": { "users": { "tenants": 1, "users_per_tenant": 1 }, "quotas": { "neutron": { "network": -1, "subnet": -1, "router": -1 } } }, "runner": { "constant": { "times": 40, "concurrency": 20 } }, "hooks": [], "sla": { "failure_rate": { "max": 0 } } } ] }
2019-08-02 21:53:09.329 22705 RALLYDEBUG rally_openstack.contexts.keystone.users [-] Creating 1 tenants using 20 threads
2019-08-02 21:53:11.204 22705 RALLYDEBUG rally_openstack.contexts.keystone.users [-] Creating 1 users using 20 threads
2019-08-02 21:53:14.082 22705 INFO rally.task.context [-] Task 8e73b8f7-0b41-4038-a1b2-96b1fbadc36c | Context users@openstack setup() finished in 4.75 sec
2019-08-02 21:53:14.895 22705 INFO rally.task.context [-] Task 8e73b8f7-0b41-4038-a1b2-96b1fbadc36c | Context quotas@openstack setup() finished in 0.81 sec
2019-08-02 21:53:14.895 22705 INFO rally.task.context [-] Task 8e73b8f7-0b41-4038-a1b2-96b1fbadc36c | Context cleanup@openstack setup() finished in 0.01 msec
2019-08-02 21:53:14.903 22705 RALLYDEBUG rally.task.runner [-] Starting the constant runner (task UUID: 8e73b8f7-0b41-4038-a1b2-96b1fbadc36c). timeout: 0 concurrency: 20 concurrency_per_worker: 1 times: 40 concurrency_overhead: 4 processes_to_start: 16 max_cpu_used: 16
2019-08-02 21:53:14.916 25169 RALLYDEBUG rally.task.runner [-] Starting a worker. concurrency: 2 args: {"network_create_args": null, "subnet_create_args": null, "subnet_cidr_start": "1.1.0.0/30", "subnets_per_network": 2, "router_create_args": null} times: 40 method_name: run timeout: 0 duration: None cls:
2019-08-02 21:53:14.919 25170 RALLYDEBUG rally.task.runner [-] Starting a worker. concurrency: 2 args: {"network_create_args": null, "subnet_create_args": null, "subnet_cidr_start": "1.1.0.0/30", "subnets_per_network": 2, "router_create_args": null} times: 40 method_name: run timeout: 0 duration: None cls:
2019-08-02 21:53:14.922 25171 RALLYDEBUG rally.task.runner [-] Starting a worker. concurrency: 2 args: {"network_create_args": null, "subnet_create_args": null, "subnet_cidr_start": "1.1.0.0/30", "subnets_per_network": 2, "router_create_args": null} times: 40 method_name: run timeout: 0 duration: None cls:
2019-08-02 21:53:14.924 25169 INFO rally.task.runner [-] Task 8e73b8f7-0b41-4038-a1b2-96b1fbadc36c | ITER: 1 START
2019-08-02 21:53:14.924 25172 RALLYDEBUG rally.task.runner [-] Starting a worker. concurrency: 2 args: {"network_create_args": null, "subnet_create_args": null, "subnet_cidr_start": "1.1.0.0/30", "subnets_per_network": 2, "router_create_args": null} times: 40 method_name: run timeout: 0 duration: None cls:
2019-08-02 21:53:14.927 25174 RALLYDEBUG rally.task.runner [-] Starting a worker. concurrency: 1 args: {"network_create_args": null, "subnet_create_args": null, "subnet_cidr_start": "1.1.0.0/30", "subnets_per_network": 2, "router_create_args": null} times: 40 method_name: run timeout: 0 duration: None cls:
2019-08-02 21:53:14.928 25170 INFO rally.task.runner [-] Task 8e73b8f7-0b41-4038-a1b2-96b1fbadc36c | ITER: 5 START
2019-08-02 21:53:14.928 25171 INFO rally.task.runner [-] Task 8e73b8f7-0b41-4038-a1b2-96b1fbadc36c | ITER: 4 START
2019-08-02 21:53:14.930 25177 RALLYDEBUG rally.task.runner [-] Starting a worker. concurrency: 1 args: {"network_create_args": null, "subnet_create_args": null, "subnet_cidr_start": "1.1.0.0/30", "subnets_per_network": 2, "router_create_args": null} times: 40 method_name: run timeout: 0 duration: None cls:
2019-08-02 21:53:14.931 25172 INFO rally.task.runner [-] Task 8e73b8f7-0b41-4038-a1b2-96b1fbadc36c | ITER: 6 START
2019-08-02 21:53:14.934 25169 INFO rally.task.runner [-] Task 8e73b8f7-0b41-4038-a1b2-96b1fbadc36c | ITER: 2 START
2019-08-02 21:53:14.935 25183 RALLYDEBUG rally.task.runner [-] Starting a worker. concurrency: 1 args: {"network_create_args": null, "subnet_create_args": null, "subnet_cidr_start": "1.1.0.0/30", "subnets_per_network": 2, "router_create_args": null} times: 40 method_name: run timeout: 0 duration: None cls:
2019-08-02 21:53:14.936 25174 INFO rally.task.runner [-] Task 8e73b8f7-0b41-4038-a1b2-96b1fbadc36c | ITER: 8 START
2019-08-02 21:53:14.938 25177 INFO rally.task.runner [-] Task 8e73b8f7-0b41-4038-a1b2-96b1fbadc36c | ITER: 10 START
2019-08-02 21:53:14.928 25170 INFO rally.task.runner [-] Task 8e73b8f7-0b41-4038-a1b2-96b1fbadc36c | ITER: 3 START
2019-08-02 21:53:14.940 25186 RALLYDEBUG rally.task.runner [-] Starting a worker. concurrency: 1 args: {"network_create_args": null, "subnet_create_args": null, "subnet_cidr_start": "1.1.0.0/30", "subnets_per_network": 2, "router_create_args": null} times: 40 method_name: run timeout: 0 duration: None cls:
2019-08-02 21:53:14.941 25183 INFO rally.task.runner [-] Task 8e73b8f7-0b41-4038-a1b2-96b1fbadc36c | ITER: 11 START
2019-08-02 21:53:14.943 25194 RALLYDEBUG rally.task.runner [-] Starting a worker. concurrency: 1 args: {"network_create_args": null, "subnet_create_args": null, "subnet_cidr_start": "1.1.0.0/30", "subnets_per_network": 2, "router_create_args": null} times: 40 method_name: run timeout: 0 duration: None cls:
2019-08-02 21:53:14.944 25172 INFO rally.task.runner [-] Task 8e73b8f7-0b41-4038-a1b2-96b1fbadc36c | ITER: 9 START
2019-08-02 21:53:14.944 25189 RALLYDEBUG rally.task.runner [-] Starting a worker. concurrency: 1 args: {"network_create_args": null, "subnet_create_args": null, "subnet_cidr_start": "1.1.0.0/30", "subnets_per_network": 2, "router_create_args": null} times: 40 method_name: run timeout: 0 duration: None cls:
2019-08-02 21:53:14.947 25186 INFO rally.task.runner [-] Task 8e73b8f7-0b41-4038-a1b2-96b1fbadc36c | ITER: 12 START
2019-08-02 21:53:14.948 25194 INFO rally.task.runner [-] Task 8e73b8f7-0b41-4038-a1b2-96b1fbadc36c | ITER: 13 START
2019-08-02 21:53:14.947 25171 INFO rally.task.runner [-] Task 8e73b8f7-0b41-4038-a1b2-96b1fbadc36c | ITER: 7 START
2019-08-02 21:53:14.948 25196 RALLYDEBUG rally.task.runner [-] Starting a worker. concurrency: 1 args: {"network_create_args": null, "subnet_create_args": null, "subnet_cidr_start": "1.1.0.0/30", "subnets_per_network": 2, "router_create_args": null} times: 40 method_name: run timeout: 0 duration: None cls:
2019-08-02 21:53:14.950 25189 INFO rally.task.runner [-] Task 8e73b8f7-0b41-4038-a1b2-96b1fbadc36c | ITER: 14 START
2019-08-02 21:53:14.954 25202 RALLYDEBUG rally.task.runner [-] Starting a worker. concurrency: 1 args: {"network_create_args": null, "subnet_create_args": null, "subnet_cidr_start": "1.1.0.0/30", "subnets_per_network": 2, "router_create_args": null} times: 40 method_name: run timeout: 0 duration: None cls:
2019-08-02 21:53:14.959 25202 INFO rally.task.runner [-] Task 8e73b8f7-0b41-4038-a1b2-96b1fbadc36c | ITER: 16 START
2019-08-02 21:53:14.961 25196 INFO rally.task.runner [-] Task 8e73b8f7-0b41-4038-a1b2-96b1fbadc36c | ITER: 15 START
2019-08-02 21:53:14.965 25208 RALLYDEBUG rally.task.runner [-] Starting a worker. concurrency: 1 args: {"network_create_args": null, "subnet_create_args": null, "subnet_cidr_start": "1.1.0.0/30", "subnets_per_network": 2, "router_create_args": null} times: 40 method_name: run timeout: 0 duration: None cls:
2019-08-02 21:53:14.970 25208 INFO rally.task.runner [-] Task 8e73b8f7-0b41-4038-a1b2-96b1fbadc36c | ITER: 17 START
2019-08-02 21:53:14.980 25212 RALLYDEBUG rally.task.runner [-] Starting a worker. concurrency: 1 args: {"network_create_args": null, "subnet_create_args": null, "subnet_cidr_start": "1.1.0.0/30", "subnets_per_network": 2, "router_create_args": null} times: 40 method_name: run timeout: 0 duration: None cls:
2019-08-02 21:53:14.985 25212 INFO rally.task.runner [-] Task 8e73b8f7-0b41-4038-a1b2-96b1fbadc36c | ITER: 18 START
2019-08-02 21:53:14.985 25213 RALLYDEBUG rally.task.runner [-] Starting a worker. concurrency: 1 args: {"network_create_args": null, "subnet_create_args": null, "subnet_cidr_start": "1.1.0.0/30", "subnets_per_network": 2, "router_create_args": null} times: 40 method_name: run timeout: 0 duration: None cls:
2019-08-02 21:53:14.988 25214 RALLYDEBUG rally.task.runner [-] Starting a worker. concurrency: 1 args: {"network_create_args": null, "subnet_create_args": null, "subnet_cidr_start": "1.1.0.0/30", "subnets_per_network": 2, "router_create_args": null} times: 40 method_name: run timeout: 0 duration: None cls:
2019-08-02 21:53:14.990 25213 INFO rally.task.runner [-] Task 8e73b8f7-0b41-4038-a1b2-96b1fbadc36c | ITER: 19 START
2019-08-02 21:53:14.992 25214 INFO rally.task.runner [-] Task 8e73b8f7-0b41-4038-a1b2-96b1fbadc36c | ITER: 20 START
2019-08-02 21:53:16.376 25170 RALLYDEBUG rally_openstack.wrappers.network [-] CIDR generated: 1.1.5.160/30
2019-08-02 21:53:16.508 25174 RALLYDEBUG rally_openstack.wrappers.network [-] CIDR generated: 1.1.5.164/30
2019-08-02 21:53:16.531 25172 RALLYDEBUG rally_openstack.wrappers.network [-] CIDR generated: 1.1.5.168/30
2019-08-02 21:53:16.646 25194 RALLYDEBUG rally_openstack.wrappers.network [-] CIDR generated: 1.1.5.172/30
2019-08-02 21:53:16.723 25202 RALLYDEBUG rally_openstack.wrappers.network [-] CIDR generated: 1.1.5.176/30
2019-08-02 21:53:16.766 25169 RALLYDEBUG rally_openstack.wrappers.network [-] CIDR generated: 1.1.5.180/30
2019-08-02 21:53:16.790 25212 RALLYDEBUG rally_openstack.wrappers.network [-] CIDR generated: 1.1.5.184/30
2019-08-02 21:53:16.801 25171 RALLYDEBUG rally_openstack.wrappers.network [-] CIDR generated: 1.1.5.188/30
2019-08-02 21:53:16.806 25171 RALLYDEBUG rally_openstack.wrappers.network [-] CIDR generated: 1.1.5.192/30
2019-08-02 21:53:16.899 25183 RALLYDEBUG rally_openstack.wrappers.network [-] CIDR generated: 1.1.5.196/30
2019-08-02 21:53:16.909 25196 RALLYDEBUG rally_openstack.wrappers.network [-] CIDR generated: 1.1.5.200/30
2019-08-02 21:53:16.935 25177 RALLYDEBUG rally_openstack.wrappers.network [-] CIDR generated: 1.1.5.204/30
2019-08-02 21:53:16.944 25186 RALLYDEBUG rally_openstack.wrappers.network [-] CIDR generated: 1.1.5.208/30
2019-08-02 21:53:16.993 25189 RALLYDEBUG rally_openstack.wrappers.network [-] CIDR generated: 1.1.5.212/30
2019-08-02 21:53:17.004 25169 RALLYDEBUG rally_openstack.wrappers.network [-] CIDR generated: 1.1.5.216/30
2019-08-02 21:53:17.037 25208 RALLYDEBUG rally_openstack.wrappers.network [-] CIDR generated: 1.1.5.220/30
2019-08-02 21:53:17.046 25170 RALLYDEBUG rally_openstack.wrappers.network [-] CIDR generated: 1.1.5.224/30
2019-08-02 21:53:17.069 25214 RALLYDEBUG rally_openstack.wrappers.network [-] CIDR generated: 1.1.5.228/30
2019-08-02 21:53:17.082 25172 RALLYDEBUG rally_openstack.wrappers.network [-] CIDR generated: 1.1.5.232/30
2019-08-02 21:53:17.364 25213 RALLYDEBUG rally_openstack.wrappers.network [-] CIDR generated: 1.1.5.236/30
2019-08-02 21:53:18.029 25171 RALLYDEBUG rally_openstack.wrappers.network [-] CIDR generated: 1.1.5.240/30
2019-08-02 21:53:18.526 25202 RALLYDEBUG rally_openstack.wrappers.network [-] CIDR generated: 1.1.5.244/30
2019-08-02 21:53:18.656 25189 RALLYDEBUG rally_openstack.wrappers.network [-] CIDR generated: 1.1.5.248/30
2019-08-02 21:53:18.760 25212 RALLYDEBUG rally_openstack.wrappers.network [-] CIDR generated: 1.1.5.252/30
2019-08-02 21:53:18.807 25186 RALLYDEBUG rally_openstack.wrappers.network [-] CIDR generated: 1.1.6.0/30
2019-08-02 21:53:18.909 25183 RALLYDEBUG rally_openstack.wrappers.network [-] CIDR generated: 1.1.6.4/30
2019-08-02 21:53:18.982 25172 RALLYDEBUG rally_openstack.wrappers.network [-] CIDR generated: 1.1.6.8/30
2019-08-02 21:53:19.112 25196 RALLYDEBUG rally_openstack.wrappers.network [-] CIDR generated: 1.1.6.12/30
2019-08-02 21:53:19.467 25177 RALLYDEBUG rally_openstack.wrappers.network [-] CIDR generated: 1.1.6.16/30
2019-08-02 21:53:20.483 25169 RALLYDEBUG rally_openstack.wrappers.network [-] CIDR generated: 1.1.6.20/30
2019-08-02 21:53:20.717 25170 RALLYDEBUG rally_openstack.wrappers.network [-] CIDR generated: 1.1.6.24/30
2019-08-02 21:53:20.777 25213 RALLYDEBUG rally_openstack.wrappers.network [-] CIDR generated: 1.1.6.28/30
2019-08-02 21:53:20.845 25208 RALLYDEBUG rally_openstack.wrappers.network [-] CIDR generated: 1.1.6.32/30
2019-08-02 21:53:20.902 25172 RALLYDEBUG rally_openstack.wrappers.network [-] CIDR generated: 1.1.6.36/30
2019-08-02 21:53:20.940 25214 RALLYDEBUG rally_openstack.wrappers.network [-] CIDR generated: 1.1.6.40/30
2019-08-02 21:53:20.957 25169 RALLYDEBUG rally_openstack.wrappers.network [-] CIDR generated: 1.1.6.44/30
2019-08-02 21:53:21.058 25171 RALLYDEBUG rally_openstack.wrappers.network [-] CIDR generated: 1.1.6.48/30
2019-08-02 21:53:21.215 25174 RALLYDEBUG rally_openstack.wrappers.network [-] CIDR generated: 1.1.6.52/30
2019-08-02 21:53:21.467 25170 RALLYDEBUG rally_openstack.wrappers.network [-] CIDR generated: 1.1.6.56/30
2019-08-02 21:53:21.504 25194 RALLYDEBUG rally_openstack.wrappers.network [-] CIDR generated: 1.1.6.60/30
2019-08-02 21:53:50.444 25202 INFO rally.task.runner [-] Task 8e73b8f7-0b41-4038-a1b2-96b1fbadc36c | ITER: 16 END: OK
2019-08-02 21:53:50.449 25202 INFO rally.task.runner [-] Task 8e73b8f7-0b41-4038-a1b2-96b1fbadc36c | ITER: 21 START
2019-08-02 21:53:50.784 25189 INFO rally.task.runner [-] Task 8e73b8f7-0b41-4038-a1b2-96b1fbadc36c | ITER: 14 END: OK
2019-08-02 21:53:50.790 25189 INFO rally.task.runner [-] Task 8e73b8f7-0b41-4038-a1b2-96b1fbadc36c | ITER: 22 START
2019-08-02 21:53:50.993 25177 INFO rally.task.runner [-] Task 8e73b8f7-0b41-4038-a1b2-96b1fbadc36c | ITER: 10 END: OK
2019-08-02 21:53:50.998 25177 INFO rally.task.runner [-] Task 8e73b8f7-0b41-4038-a1b2-96b1fbadc36c | ITER: 23 START
2019-08-02 21:53:51.479 25212 INFO rally.task.runner [-] Task 8e73b8f7-0b41-4038-a1b2-96b1fbadc36c | ITER: 18 END: OK
2019-08-02 21:53:51.484 25212 INFO rally.task.runner [-] Task 8e73b8f7-0b41-4038-a1b2-96b1fbadc36c | ITER: 24 START
2019-08-02 21:53:51.648 25172 INFO rally.task.runner [-] Task 8e73b8f7-0b41-4038-a1b2-96b1fbadc36c | ITER: 6 END: OK
2019-08-02 21:53:51.654 25172 INFO rally.task.runner [-] Task 8e73b8f7-0b41-4038-a1b2-96b1fbadc36c | ITER: 25 START
2019-08-02 21:53:52.190 25202 RALLYDEBUG rally_openstack.wrappers.network [-] CIDR generated: 1.1.6.64/30
