2019-08-02 22:07:37.223 26985 WARNING rally_openstack.scenarios.neutron.utils [-] Running this scenario without either the 'network' or 'existing_network' context is deprecated
2019-08-02 22:07:37.803 26963 INFO rally.task.runner [-] Task 8e73b8f7-0b41-4038-a1b2-96b1fbadc36c | ITER: 11 END: OK
2019-08-02 22:07:37.807 26963 INFO rally.task.runner [-] Task 8e73b8f7-0b41-4038-a1b2-96b1fbadc36c | ITER: 40 START
2019-08-02 22:07:37.808 26963 WARNING rally_openstack.scenarios.neutron.utils [-] Running this scenario without either the 'network' or 'existing_network' context is deprecated
2019-08-02 22:07:46.055 26970 INFO rally.task.runner [-] Task 8e73b8f7-0b41-4038-a1b2-96b1fbadc36c | ITER: 21 END: OK
2019-08-02 22:07:46.913 26956 INFO rally.task.runner [-] Task 8e73b8f7-0b41-4038-a1b2-96b1fbadc36c | ITER: 22 END: OK
2019-08-02 22:07:47.280 26952 INFO rally.task.runner [-] Task 8e73b8f7-0b41-4038-a1b2-96b1fbadc36c | ITER: 24 END: OK
2019-08-02 22:07:47.548 26954 INFO rally.task.runner [-] Task 8e73b8f7-0b41-4038-a1b2-96b1fbadc36c | ITER: 26 END: OK
2019-08-02 22:07:47.786 26978 INFO rally.task.runner [-] Task 8e73b8f7-0b41-4038-a1b2-96b1fbadc36c | ITER: 23 END: OK
2019-08-02 22:07:47.979 26969 INFO rally.task.runner [-] Task 8e73b8f7-0b41-4038-a1b2-96b1fbadc36c | ITER: 25 END: OK
2019-08-02 22:07:48.459 26997 INFO rally.task.runner [-] Task 8e73b8f7-0b41-4038-a1b2-96b1fbadc36c | ITER: 27 END: OK
2019-08-02 22:07:49.292 26953 INFO rally.task.runner [-] Task 8e73b8f7-0b41-4038-a1b2-96b1fbadc36c | ITER: 33 END: OK
2019-08-02 22:07:49.548 26952 INFO rally.task.runner [-] Task 8e73b8f7-0b41-4038-a1b2-96b1fbadc36c | ITER: 31 END: OK
2019-08-02 22:07:49.585 26960 INFO rally.task.runner [-] Task 8e73b8f7-0b41-4038-a1b2-96b1fbadc36c | ITER: 32 END: OK
2019-08-02 22:07:49.680 26992 INFO rally.task.runner [-] Task 8e73b8f7-0b41-4038-a1b2-96b1fbadc36c | ITER: 30 END: OK
2019-08-02 22:07:49.929 26953 INFO rally.task.runner [-] Task 8e73b8f7-0b41-4038-a1b2-96b1fbadc36c | ITER: 28 END: OK
2019-08-02 22:07:50.129 26973 INFO rally.task.runner [-] Task 8e73b8f7-0b41-4038-a1b2-96b1fbadc36c | ITER: 38 END: OK
2019-08-02 22:07:50.252 26985 INFO rally.task.runner [-] Task 8e73b8f7-0b41-4038-a1b2-96b1fbadc36c | ITER: 39 END: OK
2019-08-02 22:07:50.265 26951 INFO rally.task.runner [-] Task 8e73b8f7-0b41-4038-a1b2-96b1fbadc36c | ITER: 36 END: OK
2019-08-02 22:07:50.473 26954 INFO rally.task.runner [-] Task 8e73b8f7-0b41-4038-a1b2-96b1fbadc36c | ITER: 34 END: OK
2019-08-02 22:07:50.926 26981 INFO rally.task.runner [-] Task 8e73b8f7-0b41-4038-a1b2-96b1fbadc36c | ITER: 35 END: OK
2019-08-02 22:07:51.143 26951 INFO rally.task.runner [-] Task 8e73b8f7-0b41-4038-a1b2-96b1fbadc36c | ITER: 29 END: OK
2019-08-02 22:07:51.181 26977 INFO rally.task.runner [-] Task 8e73b8f7-0b41-4038-a1b2-96b1fbadc36c | ITER: 37 END: OK
2019-08-02 22:07:51.514 26963 INFO rally.task.runner [-] Task 8e73b8f7-0b41-4038-a1b2-96b1fbadc36c | ITER: 40 END: OK
2019-08-02 22:07:51.547 22705 INFO rally.task.context [-] Task 8e73b8f7-0b41-4038-a1b2-96b1fbadc36c | Context cleanup@openstack cleanup() started
2019-08-02 22:07:51.549 22705 RALLYDEBUG rally_openstack.cleanup.manager [-] Cleaning up neutron vip objects
2019-08-02 22:07:52.294 22705 RALLYDEBUG rally_openstack.cleanup.manager [-] Cleaning up neutron health_monitor objects
2019-08-02 22:07:53.035 22705 RALLYDEBUG rally_openstack.cleanup.manager [-] Cleaning up neutron pool objects
2019-08-02 22:07:53.683 22705 RALLYDEBUG rally_openstack.cleanup.manager [-] Cleaning up neutron loadbalancer objects
2019-08-02 22:07:54.416 22705 RALLYDEBUG rally_openstack.cleanup.manager [-] Cleaning up neutron floatingip objects
2019-08-02 22:07:55.205 22705 RALLYDEBUG rally_openstack.cleanup.manager [-] Cleaning up neutron port objects
2019-08-02 22:07:55.997 22705 RALLYDEBUG rally_openstack.cleanup.manager [-] Cleaning up neutron subnet objects
2019-08-02 22:07:56.745 22705 RALLYDEBUG rally_openstack.cleanup.manager [-] Cleaning up neutron network objects
2019-08-02 22:07:57.681 22705 RALLYDEBUG rally_openstack.cleanup.manager [-] Deleting neutron.network object s_rally_5ed28512_nFucPIhR (0a302151-3a19-4356-8f06-d6b5e3ecb45f)
2019-08-02 22:07:57.682 22705 RALLYDEBUG rally_openstack.cleanup.manager [-] Deleting neutron.network object s_rally_5ed28512_Nyt7bNu8 (1c0771dc-3217-4b04-be07-b6ed8d706fd0)
2019-08-02 22:07:57.683 22705 RALLYDEBUG rally_openstack.cleanup.manager [-] Deleting neutron.network object s_rally_5ed28512_Wfhb2OIf (1c6e5f2c-0601-48fe-a203-8ec74fc6d636)
2019-08-02 22:07:57.683 22705 RALLYDEBUG rally_openstack.cleanup.manager [-] Deleting neutron.network object s_rally_5ed28512_BJDj6nqR (0caad238-fbef-4b79-b940-1c3cfd779aa3)
2019-08-02 22:07:57.689 22705 RALLYDEBUG rally_openstack.cleanup.manager [-] Deleting neutron.network object s_rally_5ed28512_YC91PWRz (0b4aed5c-5293-4915-a759-98cd8feb7856)
2019-08-02 22:07:57.690 22705 RALLYDEBUG rally_openstack.cleanup.manager [-] Deleting neutron.network object s_rally_5ed28512_EcTcSHM9 (21cddf11-6262-4378-b484-57e101d2068c)
2019-08-02 22:07:57.709 22705 RALLYDEBUG rally_openstack.cleanup.manager [-] Deleting neutron.network object s_rally_5ed28512_R21YTU5X (24193e8a-b8c9-416c-be22-2468586bd5cf)
2019-08-02 22:07:57.720 22705 RALLYDEBUG rally_openstack.cleanup.manager [-] Deleting neutron.network object s_rally_5ed28512_d33ILlRm (2ba7455f-f26d-45f3-8b91-de93f7cfbf85)
2019-08-02 22:07:57.735 22705 RALLYDEBUG rally_openstack.cleanup.manager [-] Deleting neutron.network object s_rally_5ed28512_CoNV1YsU (2dfd912c-271a-420c-a603-a383cb0d5478)
2019-08-02 22:07:57.734 22705 RALLYDEBUG rally_openstack.cleanup.manager [-] Deleting neutron.network object s_rally_5ed28512_sNB5Y29V (1f24b389-dfcc-4ab1-8c07-976ed85eb025)
2019-08-02 22:07:57.750 22705 RALLYDEBUG rally_openstack.cleanup.manager [-] Deleting neutron.network object s_rally_5ed28512_LxzDPffd (31330b33-169a-4e6b-ab7f-62f5f8c32d0e)
2019-08-02 22:07:57.753 22705 RALLYDEBUG rally_openstack.cleanup.manager [-] Deleting neutron.network object s_rally_5ed28512_hKAfszWg (42cf6c6c-0144-4dce-8a0e-d88678bffbae)
2019-08-02 22:07:57.758 22705 RALLYDEBUG rally_openstack.cleanup.manager [-] Deleting neutron.network object s_rally_5ed28512_IIva0c1y (4a4a6bd4-c376-48c3-9ef0-a60de39b957a)
2019-08-02 22:07:57.777 22705 RALLYDEBUG rally_openstack.cleanup.manager [-] Deleting neutron.network object s_rally_5ed28512_nPHqDEPp (5cdaeb1d-c23b-42d7-92bd-da4061c6aea9)
2019-08-02 22:07:57.778 22705 RALLYDEBUG rally_openstack.cleanup.manager [-] Deleting neutron.network object s_rally_5ed28512_GzAWHFJD (20aad933-9301-4b97-bcc4-d58b64afb75c)
2019-08-02 22:07:57.790 22705 RALLYDEBUG rally_openstack.cleanup.manager [-] Deleting neutron.network object s_rally_5ed28512_0kF7yttN (5d106ee3-75d8-4cdc-8804-21b3787edadb)
2019-08-02 22:07:57.804 22705 RALLYDEBUG rally_openstack.cleanup.manager [-] Deleting neutron.network object s_rally_5ed28512_sPxObPFL (5d48756c-c87c-48eb-8ca4-13f893ff44ed)
2019-08-02 22:07:57.823 22705 RALLYDEBUG rally_openstack.cleanup.manager [-] Deleting neutron.network object s_rally_5ed28512_jDaKvkkM (6786fa41-2589-4105-8ea1-29add750b470)
2019-08-02 22:07:57.824 22705 RALLYDEBUG rally_openstack.cleanup.manager [-] Deleting neutron.network object s_rally_5ed28512_ptiZYRMf (6e799b24-bf2a-4111-991e-263a57d84f24)
2019-08-02 22:07:57.837 22705 RALLYDEBUG rally_openstack.cleanup.manager [-] Deleting neutron.network object s_rally_5ed28512_83skbExQ (785c5c7c-dd22-438b-bf5d-29530e5e505e)
2019-08-02 22:08:00.343 22705 RALLYDEBUG rally_openstack.cleanup.manager [-] Deleting neutron.network object s_rally_5ed28512_FbWTUjjt (813764c3-f9ee-42fc-9423-d7bbaf337d98)
2019-08-02 22:08:00.557 22705 RALLYDEBUG rally_openstack.cleanup.manager [-] Deleting neutron.network object s_rally_5ed28512_9Xn9CjYS (89913554-20f3-4f6a-b168-1c245b8282b5)
2019-08-02 22:08:00.627 22705 RALLYDEBUG rally_openstack.cleanup.manager [-] Deleting neutron.network object s_rally_5ed28512_2v5nYuXp (8d2598ce-3be7-4455-b74b-a235be04d49b)
2019-08-02 22:08:00.719 22705 RALLYDEBUG rally_openstack.cleanup.manager [-] Deleting neutron.network object s_rally_5ed28512_m3vjXTQu (8fb1a9bf-1592-4436-9387-265ab5b95671)
2019-08-02 22:08:00.832 22705 RALLYDEBUG rally_openstack.cleanup.manager [-] Deleting neutron.network object s_rally_5ed28512_63LeD13b (9ddda8ea-257b-4388-a2b2-78a9dec313b1)
2019-08-02 22:08:00.850 22705 RALLYDEBUG rally_openstack.cleanup.manager [-] Deleting neutron.network object s_rally_5ed28512_gaJgunqF (a3d5a5d2-734e-4c6d-b091-407211b6d484)
2019-08-02 22:08:00.872 22705 RALLYDEBUG rally_openstack.cleanup.manager [-] Deleting neutron.network object s_rally_5ed28512_lV4BCZls (a4e318ef-06ac-4097-bf7f-5d03577f212d)
2019-08-02 22:08:00.904 22705 RALLYDEBUG rally_openstack.cleanup.manager [-] Deleting neutron.network object s_rally_5ed28512_iAJHfU8w (ae80f1b6-ba7b-457b-8ee7-fccf90da46c3)
2019-08-02 22:08:00.909 22705 RALLYDEBUG rally_openstack.cleanup.manager [-] Deleting neutron.network object s_rally_5ed28512_pZeiLf3K (b06cd920-d23a-42cf-bc92-3ae470597d34)
2019-08-02 22:08:00.997 22705 RALLYDEBUG rally_openstack.cleanup.manager [-] Deleting neutron.network object s_rally_5ed28512_WcGqgZea (b20fabf6-c5cb-4146-a32e-1a3d9d4724b5)
2019-08-02 22:08:01.043 22705 RALLYDEBUG rally_openstack.cleanup.manager [-] Deleting neutron.network object s_rally_5ed28512_moZe1yv6 (ba36dfa2-3233-4e75-a1cf-226b0b6b52e5)
2019-08-02 22:08:01.070 22705 RALLYDEBUG rally_openstack.cleanup.manager [-] Deleting neutron.network object s_rally_5ed28512_Nwx69OJA (c187c920-a43e-4446-9036-8c0ccb78ef9b)
2019-08-02 22:08:01.081 22705 RALLYDEBUG rally_openstack.cleanup.manager [-] Deleting neutron.network object s_rally_5ed28512_4ajSNAMG (dc2515a5-faa0-4b90-aca3-3390ad2b64d6)
2019-08-02 22:08:01.086 22705 RALLYDEBUG rally_openstack.cleanup.manager [-] Deleting neutron.network object s_rally_5ed28512_YvbtBcMU (dd57df1e-0f71-4bd8-b027-7e2a6ff7f7b3)
2019-08-02 22:08:01.134 22705 RALLYDEBUG rally_openstack.cleanup.manager [-] Deleting neutron.network object s_rally_5ed28512_WHbkHnvl (e7225620-00bb-4dfe-bd1a-4d49f9095dd3)
2019-08-02 22:08:01.283 22705 RALLYDEBUG rally_openstack.cleanup.manager [-] Deleting neutron.network object s_rally_5ed28512_AgHBaRYi (ea036042-1b18-46f3-9f71-aa36eb6ef418)
2019-08-02 22:08:01.392 22705 RALLYDEBUG rally_openstack.cleanup.manager [-] Deleting neutron.network object s_rally_5ed28512_BahKREW0 (f14b9cf8-fd75-4a5b-994c-177ecc0fe216)
2019-08-02 22:08:01.432 22705 RALLYDEBUG rally_openstack.cleanup.manager [-] Deleting neutron.network object s_rally_5ed28512_7itjDa4x (f5af500c-252b-4d17-b060-644135f811ff)
2019-08-02 22:08:02.016 22705 RALLYDEBUG rally_openstack.cleanup.manager [-] Deleting neutron.network object s_rally_5ed28512_NkwABmJM (f6f984f8-6381-4a99-8836-9c36eef653e0)
2019-08-02 22:08:02.028 22705 RALLYDEBUG rally_openstack.cleanup.manager [-] Deleting neutron.network object s_rally_5ed28512_qo1k4qA2 (f713cb5a-9287-40b2-8d83-1e9d23764faa)
2019-08-02 22:08:04.862 22705 RALLYDEBUG rally_openstack.cleanup.manager [-] Cleaning up neutron router objects
2019-08-02 22:08:05.576 22705 RALLYDEBUG rally_openstack.cleanup.manager [-] Cleaning up neutron security_group objects
2019-08-02 22:08:06.250 22705 INFO rally.task.context [-] Task 8e73b8f7-0b41-4038-a1b2-96b1fbadc36c | Context cleanup@openstack cleanup() finished in 14.70 sec
2019-08-02 22:08:06.250 22705 INFO rally.task.context [-] Task 8e73b8f7-0b41-4038-a1b2-96b1fbadc36c | Context quotas@openstack cleanup() started
2019-08-02 22:08:06.589 22705 INFO rally.task.context [-] Task 8e73b8f7-0b41-4038-a1b2-96b1fbadc36c | Context quotas@openstack cleanup() finished in 0.34 sec
2019-08-02 22:08:06.589 22705 INFO rally.task.context [-] Task 8e73b8f7-0b41-4038-a1b2-96b1fbadc36c | Context users@openstack cleanup() started
2019-08-02 22:08:11.640 22705 INFO rally.task.context [-] Task 8e73b8f7-0b41-4038-a1b2-96b1fbadc36c | Context users@openstack cleanup() finished in 5.05 sec
2019-08-02 22:08:11.986 22705 INFO rally.task.engine [-] Load duration is: 32.114325
2019-08-02 22:08:11.987 22705 INFO rally.task.engine [-] Full runner duration is: 32.171154
2019-08-02 22:08:11.987 22705 INFO rally.task.engine [-] Full duration is: 57.866588
2019-08-02 22:08:12.247 22705 INFO rally.task.engine [-] Running workload: position = 0 config = { "version": 2, "title": "A cropped version of a bigger task.", "description": "Auto-generated task from a single workload (uuid=7cb23ef7-59ba-460d-9f37-ce391655424d)", "subtasks": [ { "title": "Quotas.neutron_update", "description": "Update quotas for neutron.", "scenario": { "Quotas.neutron_update": { "max_quota": 1024 } }, "contexts": { "users": { "tenants": 20, "users_per_tenant": 1 } }, "runner": { "constant": { "times": 40, "concurrency": 20 } }, "hooks": [], "sla": { "failure_rate": { "max": 0 } } } ] }
2019-08-02 22:08:12.269 22705 RALLYDEBUG rally_openstack.contexts.keystone.users [-] Creating 20 tenants using 20 threads
2019-08-02 22:08:14.789 22705 RALLYDEBUG rally_openstack.contexts.keystone.users [-] Creating 20 users using 20 threads
2019-08-02 22:08:18.388 22705 INFO rally.task.context [-] Task 8e73b8f7-0b41-4038-a1b2-96b1fbadc36c | Context users@openstack setup() finished in 6.12 sec
2019-08-02 22:08:18.388 22705 INFO rally.task.context [-] Task 8e73b8f7-0b41-4038-a1b2-96b1fbadc36c | Context admin_cleanup@openstack setup() finished in 0.00 msec
2019-08-02 22:08:18.395 22705 RALLYDEBUG rally.task.runner [-] Starting the constant runner (task UUID: 8e73b8f7-0b41-4038-a1b2-96b1fbadc36c). timeout: 0 concurrency: 20 concurrency_per_worker: 1 times: 40 concurrency_overhead: 4 processes_to_start: 16 max_cpu_used: 16
2019-08-02 22:08:18.407 27321 RALLYDEBUG rally.task.runner [-] Starting a worker. concurrency: 2 args: {"max_quota": 1024} times: 40 method_name: run timeout: 0 duration: None cls:
2019-08-02 22:08:18.412 27322 RALLYDEBUG rally.task.runner [-] Starting a worker. concurrency: 2 args: {"max_quota": 1024} times: 40 method_name: run timeout: 0 duration: None cls:
2019-08-02 22:08:18.413 27323 RALLYDEBUG rally.task.runner [-] Starting a worker. concurrency: 2 args: {"max_quota": 1024} times: 40 method_name: run timeout: 0 duration: None cls:
2019-08-02 22:08:18.417 27324 RALLYDEBUG rally.task.runner [-] Starting a worker. concurrency: 2 args: {"max_quota": 1024} times: 40 method_name: run timeout: 0 duration: None cls:
2019-08-02 22:08:18.422 27325 RALLYDEBUG rally.task.runner [-] Starting a worker. concurrency: 1 args: {"max_quota": 1024} times: 40 method_name: run timeout: 0 duration: None cls:
2019-08-02 22:08:18.425 27321 INFO rally.task.runner [-] Task 8e73b8f7-0b41-4038-a1b2-96b1fbadc36c | ITER: 1 START
2019-08-02 22:08:18.428 27323 INFO rally.task.runner [-] Task 8e73b8f7-0b41-4038-a1b2-96b1fbadc36c | ITER: 3 START
2019-08-02 22:08:18.426 27321 INFO rally.task.runner [-] Task 8e73b8f7-0b41-4038-a1b2-96b1fbadc36c | ITER: 4 START
2019-08-02 22:08:18.430 27322 INFO rally.task.runner [-] Task 8e73b8f7-0b41-4038-a1b2-96b1fbadc36c | ITER: 2 START
2019-08-02 22:08:18.430 27324 INFO rally.task.runner [-] Task 8e73b8f7-0b41-4038-a1b2-96b1fbadc36c | ITER: 5 START
2019-08-02 22:08:18.431 27329 RALLYDEBUG rally.task.runner [-] Starting a worker. concurrency: 1 args: {"max_quota": 1024} times: 40 method_name: run timeout: 0 duration: None cls:
2019-08-02 22:08:18.435 27337 RALLYDEBUG rally.task.runner [-] Starting a worker. concurrency: 1 args: {"max_quota": 1024} times: 40 method_name: run timeout: 0 duration: None cls:
2019-08-02 22:08:18.437 27322 INFO rally.task.runner [-] Task 8e73b8f7-0b41-4038-a1b2-96b1fbadc36c | ITER: 6 START
2019-08-02 22:08:18.437 27325 INFO rally.task.runner [-] Task 8e73b8f7-0b41-4038-a1b2-96b1fbadc36c | ITER: 8 START
2019-08-02 22:08:18.437 27323 INFO rally.task.runner [-] Task 8e73b8f7-0b41-4038-a1b2-96b1fbadc36c | ITER: 7 START
2019-08-02 22:08:18.444 27337 INFO rally.task.runner [-] Task 8e73b8f7-0b41-4038-a1b2-96b1fbadc36c | ITER: 11 START
2019-08-02 22:08:18.443 27341 RALLYDEBUG rally.task.runner [-] Starting a worker. concurrency: 1 args: {"max_quota": 1024} times: 40 method_name: run timeout: 0 duration: None cls:
2019-08-02 22:08:18.445 27329 INFO rally.task.runner [-] Task 8e73b8f7-0b41-4038-a1b2-96b1fbadc36c | ITER: 10 START
2019-08-02 22:08:18.449 27324 INFO rally.task.runner [-] Task 8e73b8f7-0b41-4038-a1b2-96b1fbadc36c | ITER: 9 START
2019-08-02 22:08:18.452 27342 RALLYDEBUG rally.task.runner [-] Starting a worker. concurrency: 1 args: {"max_quota": 1024} times: 40 method_name: run timeout: 0 duration: None cls:
2019-08-02 22:08:18.459 27342 INFO rally.task.runner [-] Task 8e73b8f7-0b41-4038-a1b2-96b1fbadc36c | ITER: 13 START
2019-08-02 22:08:18.462 27349 RALLYDEBUG rally.task.runner [-] Starting a worker. concurrency: 1 args: {"max_quota": 1024} times: 40 method_name: run timeout: 0 duration: None cls:
2019-08-02 22:08:18.465 27341 INFO rally.task.runner [-] Task 8e73b8f7-0b41-4038-a1b2-96b1fbadc36c | ITER: 12 START
2019-08-02 22:08:18.464 27352 RALLYDEBUG rally.task.runner [-] Starting a worker. concurrency: 1 args: {"max_quota": 1024} times: 40 method_name: run timeout: 0 duration: None cls:
2019-08-02 22:08:18.465 27344 RALLYDEBUG rally.task.runner [-] Starting a worker. concurrency: 1 args: {"max_quota": 1024} times: 40 method_name: run timeout: 0 duration: None cls:
2019-08-02 22:08:18.471 27355 RALLYDEBUG rally.task.runner [-] Starting a worker. concurrency: 1 args: {"max_quota": 1024} times: 40 method_name: run timeout: 0 duration: None cls:
2019-08-02 22:08:18.472 27349 INFO rally.task.runner [-] Task 8e73b8f7-0b41-4038-a1b2-96b1fbadc36c | ITER: 14 START
2019-08-02 22:08:18.474 27352 INFO rally.task.runner [-] Task 8e73b8f7-0b41-4038-a1b2-96b1fbadc36c | ITER: 15 START
2019-08-02 22:08:18.475 27356 RALLYDEBUG rally.task.runner [-] Starting a worker. concurrency: 1 args: {"max_quota": 1024} times: 40 method_name: run timeout: 0 duration: None cls:
2019-08-02 22:08:18.482 27356 INFO rally.task.runner [-] Task 8e73b8f7-0b41-4038-a1b2-96b1fbadc36c | ITER: 18 START
2019-08-02 22:08:18.482 27344 INFO rally.task.runner [-] Task 8e73b8f7-0b41-4038-a1b2-96b1fbadc36c | ITER: 16 START
2019-08-02 22:08:18.482 27361 RALLYDEBUG rally.task.runner [-] Starting a worker. concurrency: 1 args: {"max_quota": 1024} times: 40 method_name: run timeout: 0 duration: None cls:
2019-08-02 22:08:18.487 27355 INFO rally.task.runner [-] Task 8e73b8f7-0b41-4038-a1b2-96b1fbadc36c | ITER: 17 START
2019-08-02 22:08:18.488 27365 RALLYDEBUG rally.task.runner [-] Starting a worker. concurrency: 1 args: {"max_quota": 1024} times: 40 method_name: run timeout: 0 duration: None cls:
2019-08-02 22:08:18.490 27361 INFO rally.task.runner [-] Task 8e73b8f7-0b41-4038-a1b2-96b1fbadc36c | ITER: 19 START
2019-08-02 22:08:18.497 27365 INFO rally.task.runner [-] Task 8e73b8f7-0b41-4038-a1b2-96b1fbadc36c | ITER: 20 START
2019-08-02 22:08:20.493 27325 INFO rally.task.runner [-] Task 8e73b8f7-0b41-4038-a1b2-96b1fbadc36c | ITER: 8 END: OK
2019-08-02 22:08:20.500 27325 INFO rally.task.runner [-] Task 8e73b8f7-0b41-4038-a1b2-96b1fbadc36c | ITER: 21 START
2019-08-02 22:08:20.553 27337 INFO rally.task.runner [-] Task 8e73b8f7-0b41-4038-a1b2-96b1fbadc36c | ITER: 11 END: OK
2019-08-02 22:08:20.559 27337 INFO rally.task.runner [-] Task 8e73b8f7-0b41-4038-a1b2-96b1fbadc36c | ITER: 22 START
2019-08-02 22:08:20.643 27324 INFO rally.task.runner [-] Task 8e73b8f7-0b41-4038-a1b2-96b1fbadc36c | ITER: 9 END: OK
2019-08-02 22:08:20.650 27324 INFO rally.task.runner [-] Task 8e73b8f7-0b41-4038-a1b2-96b1fbadc36c | ITER: 23 START
2019-08-02 22:08:20.716 27322 INFO rally.task.runner [-] Task 8e73b8f7-0b41-4038-a1b2-96b1fbadc36c | ITER: 6 END: OK
2019-08-02 22:08:20.722 27322 INFO rally.task.runner [-] Task 8e73b8f7-0b41-4038-a1b2-96b1fbadc36c | ITER: 24 START
2019-08-02 22:08:20.830 27361 INFO rally.task.runner [-] Task 8e73b8f7-0b41-4038-a1b2-96b1fbadc36c | ITER: 19 END: OK
2019-08-02 22:08:20.836 27361 INFO rally.task.runner [-] Task 8e73b8f7-0b41-4038-a1b2-96b1fbadc36c | ITER: 25 START
2019-08-02 22:08:20.856 27323 INFO rally.task.runner [-] Task 8e73b8f7-0b41-4038-a1b2-96b1fbadc36c | ITER: 7 END: OK
2019-08-02 22:08:20.863 27323 INFO rally.task.runner [-] Task 8e73b8f7-0b41-4038-a1b2-96b1fbadc36c | ITER: 26 START
2019-08-02 22:08:20.925 27344 INFO rally.task.runner [-] Task 8e73b8f7-0b41-4038-a1b2-96b1fbadc36c | ITER: 16 END: OK
2019-08-02 22:08:20.931 27344 INFO rally.task.runner [-] Task 8e73b8f7-0b41-4038-a1b2-96b1fbadc36c | ITER: 27 START
2019-08-02 22:08:20.986 27342 INFO rally.task.runner [-] Task 8e73b8f7-0b41-4038-a1b2-96b1fbadc36c | ITER: 13 END: OK
2019-08-02 22:08:20.993 27342 INFO rally.task.runner [-] Task 8e73b8f7-0b41-4038-a1b2-96b1fbadc36c | ITER: 28 START
2019-08-02 22:08:21.001 27349 INFO rally.task.runner [-] Task 8e73b8f7-0b41-4038-a1b2-96b1fbadc36c | ITER: 14 END: OK
2019-08-02 22:08:21.008 27349 INFO rally.task.runner [-] Task 8e73b8f7-0b41-4038-a1b2-96b1fbadc36c | ITER: 29 START
2019-08-02 22:08:21.011 27352 INFO rally.task.runner [-] Task 8e73b8f7-0b41-4038-a1b2-96b1fbadc36c | ITER: 15 END: OK
2019-08-02 22:08:21.017 27352 INFO rally.task.runner [-] Task 8e73b8f7-0b41-4038-a1b2-96b1fbadc36c | ITER: 30 START
2019-08-02 22:08:21.020 27321 INFO rally.task.runner [-] Task 8e73b8f7-0b41-4038-a1b2-96b1fbadc36c | ITER: 4 END: OK
2019-08-02 22:08:21.027 27321 INFO rally.task.runner [-] Task 8e73b8f7-0b41-4038-a1b2-96b1fbadc36c | ITER: 31 START
2019-08-02 22:08:21.033 27341 INFO rally.task.runner [-] Task 8e73b8f7-0b41-4038-a1b2-96b1fbadc36c | ITER: 12 END: OK
2019-08-02 22:08:21.040 27341 INFO rally.task.runner [-] Task 8e73b8f7-0b41-4038-a1b2-96b1fbadc36c | ITER: 32 START
2019-08-02 22:08:21.045 27321 INFO rally.task.runner [-] Task 8e73b8f7-0b41-4038-a1b2-96b1fbadc36c | ITER: 1 END: OK
2019-08-02 22:08:21.050 27321 INFO rally.task.runner [-] Task 8e73b8f7-0b41-4038-a1b2-96b1fbadc36c | ITER: 33 START
2019-08-02 22:08:21.058 27355 INFO rally.task.runner [-] Task 8e73b8f7-0b41-4038-a1b2-96b1fbadc36c | ITER: 17 END: OK
2019-08-02 22:08:21.064 27355 INFO rally.task.runner [-] Task 8e73b8f7-0b41-4038-a1b2-96b1fbadc36c | ITER: 34 START
2019-08-02 22:08:21.068 27356 INFO rally.task.runner [-] Task 8e73b8f7-0b41-4038-a1b2-96b1fbadc36c | ITER: 18 END: OK
2019-08-02 22:08:21.073 27356 INFO rally.task.runner [-] Task 8e73b8f7-0b41-4038-a1b2-96b1fbadc36c | ITER: 35 START
2019-08-02 22:08:21.082 27324 INFO rally.task.runner [-] Task 8e73b8f7-0b41-4038-a1b2-96b1fbadc36c | ITER: 5 END: OK
2019-08-02 22:08:21.087 27324 INFO rally.task.runner [-] Task 8e73b8f7-0b41-4038-a1b2-96b1fbadc36c | ITER: 36 START
2019-08-02 22:08:21.108 27365 INFO rally.task.runner [-] Task 8e73b8f7-0b41-4038-a1b2-96b1fbadc36c | ITER: 20 END: OK
2019-08-02 22:08:21.115 27365 INFO rally.task.runner [-] Task 8e73b8f7-0b41-4038-a1b2-96b1fbadc36c | ITER: 37 START
2019-08-02 22:08:21.131 27322 INFO rally.task.runner [-] Task 8e73b8f7-0b41-4038-a1b2-96b1fbadc36c | ITER: 2 END: OK
2019-08-02 22:08:21.137 27322 INFO rally.task.runner [-] Task 8e73b8f7-0b41-4038-a1b2-96b1fbadc36c | ITER: 38 START
2019-08-02 22:08:21.153 27323 INFO rally.task.runner [-] Task 8e73b8f7-0b41-4038-a1b2-96b1fbadc36c | ITER: 3 END: OK
2019-08-02 22:08:21.159 27323 INFO rally.task.runner [-] Task 8e73b8f7-0b41-4038-a1b2-96b1fbadc36c | ITER: 39 START
2019-08-02 22:08:21.169 27329 INFO rally.task.runner [-] Task 8e73b8f7-0b41-4038-a1b2-96b1fbadc36c | ITER: 10 END: OK
2019-08-02 22:08:21.175 27329 INFO rally.task.runner [-] Task 8e73b8f7-0b41-4038-a1b2-96b1fbadc36c | ITER: 40 START
2019-08-02 22:08:21.431 27337 INFO rally.task.runner [-] Task 8e73b8f7-0b41-4038-a1b2-96b1fbadc36c | ITER: 22 END: OK
2019-08-02 22:08:21.494 27325 INFO rally.task.runner [-] Task 8e73b8f7-0b41-4038-a1b2-96b1fbadc36c | ITER: 21 END: OK
2019-08-02 22:08:21.659 27324 INFO rally.task.runner [-] Task 8e73b8f7-0b41-4038-a1b2-96b1fbadc36c | ITER: 23 END: OK
2019-08-02 22:08:21.864 27361 INFO rally.task.runner [-] Task 8e73b8f7-0b41-4038-a1b2-96b1fbadc36c | ITER: 25 END: OK
2019-08-02 22:08:22.189 27323 INFO rally.task.runner [-] Task 8e73b8f7-0b41-4038-a1b2-96b1fbadc36c | ITER: 26 END: OK
2019-08-02 22:08:22.344 27322 INFO rally.task.runner [-] Task 8e73b8f7-0b41-4038-a1b2-96b1fbadc36c | ITER: 24 END: OK
2019-08-02 22:08:22.697 27321 INFO rally.task.runner [-] Task 8e73b8f7-0b41-4038-a1b2-96b1fbadc36c | ITER: 31 END: OK
2019-08-02 22:08:22.819 27352 INFO rally.task.runner [-] Task 8e73b8f7-0b41-4038-a1b2-96b1fbadc36c | ITER: 30 END: OK
2019-08-02 22:08:22.878 27344 INFO rally.task.runner [-] Task 8e73b8f7-0b41-4038-a1b2-96b1fbadc36c | ITER: 27 END: OK
2019-08-02 22:08:22.943 27349 INFO rally.task.runner [-] Task 8e73b8f7-0b41-4038-a1b2-96b1fbadc36c | ITER: 29 END: OK
2019-08-02 22:08:22.951 27342 INFO rally.task.runner [-] Task 8e73b8f7-0b41-4038-a1b2-96b1fbadc36c | ITER: 28 END: OK
2019-08-02 22:08:23.026 27321 INFO rally.task.runner [-] Task 8e73b8f7-0b41-4038-a1b2-96b1fbadc36c | ITER: 33 END: OK
2019-08-02 22:08:23.057 27322 INFO rally.task.runner [-] Task 8e73b8f7-0b41-4038-a1b2-96b1fbadc36c | ITER: 38 END: OK
2019-08-02 22:08:23.095 27341 INFO rally.task.runner [-] Task 8e73b8f7-0b41-4038-a1b2-96b1fbadc36c | ITER: 32 END: OK
2019-08-02 22:08:23.122 27356 INFO rally.task.runner [-] Task 8e73b8f7-0b41-4038-a1b2-96b1fbadc36c | ITER: 35 END: OK
2019-08-02 22:08:23.139 27323 INFO rally.task.runner [-] Task 8e73b8f7-0b41-4038-a1b2-96b1fbadc36c | ITER: 39 END: OK
2019-08-02 22:08:23.160 27365 INFO rally.task.runner [-] Task 8e73b8f7-0b41-4038-a1b2-96b1fbadc36c | ITER: 37 END: OK
2019-08-02 22:08:23.193 27355 INFO rally.task.runner [-] Task 8e73b8f7-0b41-4038-a1b2-96b1fbadc36c | ITER: 34 END: OK
2019-08-02 22:08:23.196 27329 INFO rally.task.runner [-] Task 8e73b8f7-0b41-4038-a1b2-96b1fbadc36c | ITER: 40 END: OK
2019-08-02 22:08:23.231 27324 INFO rally.task.runner [-] Task 8e73b8f7-0b41-4038-a1b2-96b1fbadc36c | ITER: 36 END: OK
2019-08-02 22:08:23.258 22705 INFO rally.task.context [-] Task 8e73b8f7-0b41-4038-a1b2-96b1fbadc36c | Context admin_cleanup@openstack cleanup() started
2019-08-02 22:08:23.261 22705 RALLYDEBUG rally_openstack.cleanup.manager [-] Cleaning up neutron quota objects
2019-08-02 22:08:27.506 22705 INFO rally.task.context [-] Task 8e73b8f7-0b41-4038-a1b2-96b1fbadc36c | Context admin_cleanup@openstack cleanup() finished in 4.25 sec
2019-08-02 22:08:27.507 22705 INFO rally.task.context [-] Task 8e73b8f7-0b41-4038-a1b2-96b1fbadc36c | Context users@openstack cleanup() started
2019-08-02 22:08:58.851 22705 INFO rally.task.context [-] Task 8e73b8f7-0b41-4038-a1b2-96b1fbadc36c | Context users@openstack cleanup() finished in 31.34 sec
2019-08-02 22:09:00.506 22705 INFO rally.task.engine [-] Load duration is: 4.80279
2019-08-02 22:09:00.507 22705 INFO rally.task.engine [-] Full runner duration is: 4.863577
2019-08-02 22:09:00.507 22705 INFO rally.task.engine [-] Full duration is: 46.583622
2019-08-02 22:09:00.787 22705 INFO rally.task.engine [-] Running workload: position = 0 config = { "version": 2, "title": "A cropped version of a bigger task.", "description": "Auto-generated task from a single workload (uuid=923f38c4-7a77-4bf6-abbe-0b6f8ac4ca1d)", "subtasks": [ { "title": "NeutronTrunks.create_and_list_trunk_subports", "description": "", "scenario": { "NeutronTrunks.create_and_list_trunk_subports": { "subport_count": 125 } }, "contexts": { "users": { "tenants": 1, "users_per_tenant": 1 }, "quotas": { "neutron": { "network": -1, "port": 1000 } } }, "runner": { "constant": { "times": 4, "concurrency": 4 } }, "hooks": [], "sla": { "failure_rate": { "max": 0 } } } ] }
2019-08-02 22:09:00.808 22705 RALLYDEBUG rally_openstack.contexts.keystone.users [-] Creating 1 tenants using 20 threads
2019-08-02 22:09:02.683 22705 RALLYDEBUG rally_openstack.contexts.keystone.users [-] Creating 1 users using 20 threads
2019-08-02 22:09:05.497 22705 INFO rally.task.context [-] Task 8e73b8f7-0b41-4038-a1b2-96b1fbadc36c | Context users@openstack setup() finished in 4.69 sec
2019-08-02 22:09:06.313 22705 INFO rally.task.context [-] Task 8e73b8f7-0b41-4038-a1b2-96b1fbadc36c | Context quotas@openstack setup() finished in 0.82 sec
2019-08-02 22:09:06.314 22705 INFO rally.task.context [-] Task 8e73b8f7-0b41-4038-a1b2-96b1fbadc36c | Context cleanup@openstack setup() finished in 0.00 msec
2019-08-02 22:09:06.322 22705 RALLYDEBUG rally.task.runner [-] Starting the constant runner (task UUID: 8e73b8f7-0b41-4038-a1b2-96b1fbadc36c). timeout: 0 concurrency: 4 concurrency_per_worker: 1 times: 4 concurrency_overhead: 0 processes_to_start: 4 max_cpu_used: 16
2019-08-02 22:09:06.334 27511 RALLYDEBUG rally.task.runner [-] Starting a worker. concurrency: 1 args: {"subport_count": 125} times: 4 method_name: run timeout: 0 duration: None cls:
2019-08-02 22:09:06.338 27513 RALLYDEBUG rally.task.runner [-] Starting a worker. concurrency: 1 args: {"subport_count": 125} times: 4 method_name: run timeout: 0 duration: None cls:
2019-08-02 22:09:06.339 27511 INFO rally.task.runner [-] Task 8e73b8f7-0b41-4038-a1b2-96b1fbadc36c | ITER: 1 START
2019-08-02 22:09:06.339 27512 RALLYDEBUG rally.task.runner [-] Starting a worker. concurrency: 1 args: {"subport_count": 125} times: 4 method_name: run timeout: 0 duration: None cls:
2019-08-02 22:09:06.342 27514 RALLYDEBUG rally.task.runner [-] Starting a worker. concurrency: 1 args: {"subport_count": 125} times: 4 method_name: run timeout: 0 duration: None cls:
2019-08-02 22:09:06.342 27513 INFO rally.task.runner [-] Task 8e73b8f7-0b41-4038-a1b2-96b1fbadc36c | ITER: 2 START
2019-08-02 22:09:06.345 27512 INFO rally.task.runner [-] Task 8e73b8f7-0b41-4038-a1b2-96b1fbadc36c | ITER: 3 START
2019-08-02 22:09:06.345 27514 INFO rally.task.runner [-] Task 8e73b8f7-0b41-4038-a1b2-96b1fbadc36c | ITER: 4 START
2019-08-02 22:11:57.431 27511 WARNING rally.task.atomic [-] 'optional_action_timer' is deprecated since rally v0.10.0.Please use action_timer instead, we have improved atomic actions, now do not need to explicitly close original action.
2019-08-02 22:11:57.470 27511 WARNING rally.task.atomic [-] 'optional_action_timer' is deprecated since rally v0.10.0.Please use action_timer instead, we have improved atomic actions, now do not need to explicitly close original action.
2019-08-02 22:11:57.714 27514 WARNING rally.task.atomic [-] 'optional_action_timer' is deprecated since rally v0.10.0.Please use action_timer instead, we have improved atomic actions, now do not need to explicitly close original action.
2019-08-02 22:11:57.767 27514 WARNING rally.task.atomic [-] 'optional_action_timer' is deprecated since rally v0.10.0.Please use action_timer instead, we have improved atomic actions, now do not need to explicitly close original action.
2019-08-02 22:11:58.352 27512 WARNING rally.task.atomic [-] 'optional_action_timer' is deprecated since rally v0.10.0.Please use action_timer instead, we have improved atomic actions, now do not need to explicitly close original action.
2019-08-02 22:11:58.390 27512 WARNING rally.task.atomic [-] 'optional_action_timer' is deprecated since rally v0.10.0.Please use action_timer instead, we have improved atomic actions, now do not need to explicitly close original action.
2019-08-02 22:11:58.504 27511 INFO rally.task.runner [-] Task 8e73b8f7-0b41-4038-a1b2-96b1fbadc36c | ITER: 1 END: OK
2019-08-02 22:11:58.962 27514 INFO rally.task.runner [-] Task 8e73b8f7-0b41-4038-a1b2-96b1fbadc36c | ITER: 4 END: OK
2019-08-02 22:11:59.241 27512 INFO rally.task.runner [-] Task 8e73b8f7-0b41-4038-a1b2-96b1fbadc36c | ITER: 3 END: OK
2019-08-02 22:11:59.717 27513 WARNING rally.task.atomic [-] 'optional_action_timer' is deprecated since rally v0.10.0.Please use action_timer instead, we have improved atomic actions, now do not need to explicitly close original action.
2019-08-02 22:11:59.763 27513 WARNING rally.task.atomic [-] 'optional_action_timer' is deprecated since rally v0.10.0.Please use action_timer instead, we have improved atomic actions, now do not need to explicitly close original action.
2019-08-02 22:12:00.562 27513 INFO rally.task.runner [-] Task 8e73b8f7-0b41-4038-a1b2-96b1fbadc36c | ITER: 2 END: OK
2019-08-02 22:12:00.584 22705 INFO rally.task.context [-] Task 8e73b8f7-0b41-4038-a1b2-96b1fbadc36c | Context cleanup@openstack cleanup() started
2019-08-02 22:12:00.587 22705 RALLYDEBUG rally_openstack.cleanup.manager [-] Cleaning up neutron vip objects
2019-08-02 22:12:01.452 22705 RALLYDEBUG rally_openstack.cleanup.manager [-] Cleaning up neutron health_monitor objects
2019-08-02 22:12:02.185 22705 RALLYDEBUG rally_openstack.cleanup.manager [-] Cleaning up neutron pool objects
2019-08-02 22:12:02.910 22705 RALLYDEBUG rally_openstack.cleanup.manager [-] Cleaning up neutron loadbalancer objects
2019-08-02 22:12:04.062 22705 RALLYDEBUG rally_openstack.cleanup.manager [-] Cleaning up neutron floatingip objects
2019-08-02 22:12:05.095 22705 RALLYDEBUG rally_openstack.cleanup.manager [-] Cleaning up neutron port objects
2019-08-02 22:12:07.141 22705 RALLYDEBUG rally_openstack.cleanup.manager [-] Deleting neutron.port object s_rally_923f38c4_k9MuZKqO (00a7a1da-2a4a-49b3-ad7f-01bd22db3502)
2019-08-02 22:12:07.145 22705 RALLYDEBUG rally_openstack.cleanup.manager [-] Deleting neutron.port object s_rally_923f38c4_0yGMh0nI (00282a58-a172-4561-a200-90447e3486ee)
2019-08-02 22:12:07.146 22705 RALLYDEBUG rally_openstack.cleanup.manager [-] Deleting neutron.port object s_rally_923f38c4_oJyRDoJt (01850183-4b2c-4773-8332-d54d406c5fd0)
2019-08-02 22:12:07.147 22705 RALLYDEBUG rally_openstack.cleanup.manager [-] Deleting neutron.port object s_rally_923f38c4_QekCCyEC (053e7fb9-65b9-44bc-8930-02eee83aa19f)
2019-08-02 22:12:07.148 22705 RALLYDEBUG rally_openstack.cleanup.manager [-] Deleting neutron.port object s_rally_923f38c4_K52Y73Xl (0713b9ce-44ae-4d85-a1a5-595f35de7900)
2019-08-02 22:12:07.153 22705 RALLYDEBUG rally_openstack.cleanup.manager [-] Deleting neutron.port object s_rally_923f38c4_jP6FSWt6 (06e845a6-6d11-407a-a3f6-ddc081f99169)
2019-08-02 22:12:07.153 22705 RALLYDEBUG rally_openstack.cleanup.manager [-] Deleting neutron.port object s_rally_923f38c4_ibQZrxZn (02480714-90c5-4e75-94df-9ee2c4260d55)
2019-08-02 22:12:07.156 22705 RALLYDEBUG rally_openstack.cleanup.manager [-] Deleting neutron.port object s_rally_923f38c4_GWkg131j (00d16878-c30d-422c-9e92-ef62335f0014)
2019-08-02 22:12:07.157 22705 RALLYDEBUG rally_openstack.cleanup.manager [-] Deleting neutron.port object s_rally_923f38c4_rKZgCal2 (002ffa5c-d7e1-4f8d-9bdd-a395c205c038)
2019-08-02 22:12:07.162 22705 RALLYDEBUG rally_openstack.cleanup.manager [-] Deleting neutron.port object s_rally_923f38c4_JpVtC0Kh (01a0d546-7703-46fe-9326-523b20b2d078)
2019-08-02 22:12:07.163 22705 RALLYDEBUG rally_openstack.cleanup.manager [-] Deleting neutron.port object s_rally_923f38c4_EuJlMyrQ (026cec42-26d8-4f63-8faa-55698fd81cf9)
2019-08-02 22:12:07.182 22705 RALLYDEBUG rally_openstack.cleanup.manager [-] Deleting neutron.port object s_rally_923f38c4_U1TPBMrN (054d525b-7fa1-4b21-981d-7d6ac0134299)
2019-08-02 22:12:07.180 22705 RALLYDEBUG rally_openstack.cleanup.manager [-] Deleting neutron.port object s_rally_923f38c4_qB4nHBzI (030b118a-ea6b-4598-9382-a2aa96a2da2e)
2019-08-02 22:12:07.182 22705 RALLYDEBUG rally_openstack.cleanup.manager [-] Deleting neutron.port object s_rally_923f38c4_0F3fH9L3 (0700cb5b-bb5a-45a1-9107-7736f1a74c34)
2019-08-02 22:12:07.184 22705 RALLYDEBUG rally_openstack.cleanup.manager [-] Deleting neutron.port object s_rally_923f38c4_Sw7VEZhs (07ee0277-d9da-48cb-b642-d28f75acc65b)
2019-08-02 22:12:07.204 22705 RALLYDEBUG rally_openstack.cleanup.manager [-] Deleting neutron.port object s_rally_923f38c4_sWYVlh6A (080d3d4e-f03f-4d0c-8319-6be64934cc5c)
2019-08-02 22:12:07.205 22705 RALLYDEBUG rally_openstack.cleanup.manager [-] Deleting neutron.port object s_rally_923f38c4_XCoHRGbM (08bb3dd7-309b-4b38-aaa3-7724a323cd4e)
2019-08-02 22:12:07.206 22705 RALLYDEBUG rally_openstack.cleanup.manager [-] Deleting neutron.port object s_rally_923f38c4_5JKQw2oW (07c96936-e406-4c31-a267-9ffbffcbeb64)
2019-08-02 22:12:07.219 22705 RALLYDEBUG rally_openstack.cleanup.manager [-] Deleting neutron.port object s_rally_923f38c4_A4uSxtvs (0b923abb-44fa-450a-a222-996eb168b2b2)
2019-08-02 22:12:07.233 22705 RALLYDEBUG rally_openstack.cleanup.manager [-] Deleting neutron.port object s_rally_923f38c4_PqjbdLRX (09c1cc61-9580-4ca1-830f-e352774e1373)
2019-08-02 22:12:09.983 22705 RALLYDEBUG rally_openstack.cleanup.manager [-] Deleting neutron.port object s_rally_923f38c4_g7GL1PXZ (0c3072b6-c187-4ec7-97c9-0e8cbca47a6d)
2019-08-02 22:12:10.052 22705 RALLYDEBUG rally_openstack.cleanup.manager [-] Deleting neutron.port object s_rally_923f38c4_L8cKyQII (0c59ed67-1792-426e-90ab-02b6b116e2af)
2019-08-02 22:12:10.071 22705 RALLYDEBUG rally_openstack.cleanup.manager [-] Deleting neutron.port object s_rally_923f38c4_2JniU1fG (0ebcb1f4-b560-4680-95df-3fbe0ca54fab)
2019-08-02 22:12:10.072 22705 RALLYDEBUG rally_openstack.cleanup.manager [-] Deleting neutron.port object s_rally_923f38c4_CxOG72u9 (0cc156a1-74d7-40d9-bd4d-cf3181461eeb)
2019-08-02 22:12:10.117 22705 RALLYDEBUG rally_openstack.cleanup.manager [-] Deleting neutron.port object s_rally_923f38c4_8yFpCQnA (117658db-5254-4232-928a-2705417f9c75)
2019-08-02 22:12:10.127 22705 RALLYDEBUG rally_openstack.cleanup.manager [-] Deleting neutron.port object s_rally_923f38c4_Jo5oquMc (11da6ced-aa84-4b4e-a62f-49c91b4beb16)
2019-08-02 22:12:10.147 22705 RALLYDEBUG rally_openstack.cleanup.manager [-] Deleting neutron.port object s_rally_923f38c4_70hzL2FW (1205ae89-e402-4140-8a6a-a4ce2b75bdd3)
2019-08-02 22:12:10.239 22705 RALLYDEBUG rally_openstack.cleanup.manager [-] Deleting neutron.port object s_rally_923f38c4_BvPnKq1z (123c2a5c-132d-4cb0-b1e4-0c7783762c66)
2019-08-02 22:12:10.251 22705 RALLYDEBUG rally_openstack.cleanup.manager [-] Deleting neutron.port object s_rally_923f38c4_i0g33EZZ (129e2b3d-1e63-44f8-b63e-23625bb7f89c)
2019-08-02 22:12:10.264 22705 RALLYDEBUG rally_openstack.cleanup.manager [-] Deleting neutron.port object s_rally_923f38c4_8zr7kjBC (14b94631-967b-4027-91d1-19f392d203a7)
2019-08-02 22:12:10.273 22705 RALLYDEBUG rally_openstack.cleanup.manager [-] Deleting neutron.port object s_rally_923f38c4_HBL7P1LX (14fe5e31-3a71-44eb-a85f-cf7d6749e662)
2019-08-02 22:12:10.746 22705 RALLYDEBUG rally_openstack.cleanup.manager [-] Deleting neutron.port object s_rally_923f38c4_Qqw6ElWB (160ea247-b8ed-4be4-937f-4c21a07b9311)
2019-08-02 22:12:10.781 22705 RALLYDEBUG rally_openstack.cleanup.manager [-] Deleting neutron.port object s_rally_923f38c4_dtX36Qjk (164aa7ca-e325-4e57-9739-a91c86d1e663)
2019-08-02 22:12:10.792 22705 RALLYDEBUG rally_openstack.cleanup.manager [-] Deleting neutron.port object s_rally_923f38c4_11nE1M9D (1667edf5-529d-4949-8db9-fe32cf46f290)
2019-08-02 22:12:10.796 22705 RALLYDEBUG rally_openstack.cleanup.manager [-] Deleting neutron.port object s_rally_923f38c4_H88NX04I (17f95b15-ba95-41e4-99a9-8687debcd466)
2019-08-02 22:12:10.820 22705 RALLYDEBUG rally_openstack.cleanup.manager [-] Deleting neutron.port object s_rally_923f38c4_JHEhVxMB (18b301ff-6042-4d2a-a22f-22a23f109ced)
2019-08-02 22:12:10.821 22705 RALLYDEBUG rally_openstack.cleanup.manager [-] Deleting neutron.port object s_rally_923f38c4_zqdNxSLC (18683a2d-d6ae-4b5d-8977-d10f49c29d5c)
2019-08-02 22:12:11.737 22705 RALLYDEBUG rally_openstack.cleanup.manager [-] Deleting neutron.port object s_rally_923f38c4_CvbqczAh (18c2644c-e689-4906-a959-ffa0f7cf24a3)
2019-08-02 22:12:11.738 22705 RALLYDEBUG rally_openstack.cleanup.manager [-] Deleting neutron.port object s_rally_923f38c4_PcSaoBiN (199ca643-8e5e-4b7d-bff7-3e19379378c0)
2019-08-02 22:12:11.760 22705 RALLYDEBUG rally_openstack.cleanup.manager [-] Deleting neutron.port object s_rally_923f38c4_HVvWwOuV (19dfa24a-0133-4ec4-bf8e-7cb958f880db)
2019-08-02 22:12:12.635 22705 RALLYDEBUG rally_openstack.cleanup.manager [-] Deleting neutron.port object s_rally_923f38c4_5aAwFsXg (19eae75f-467a-472c-974d-380dc8aa7566)
2019-08-02 22:12:12.790 22705 RALLYDEBUG rally_openstack.cleanup.manager [-] Deleting neutron.port object s_rally_923f38c4_X05GkzTt (1a198f4f-f9a4-46d5-81ab-da7085803fff)
2019-08-02 22:12:13.121 22705 RALLYDEBUG rally_openstack.cleanup.manager [-] Deleting neutron.port object s_rally_923f38c4_wzgAXuZ4 (1a37ecf2-da97-4bab-94e8-54d43be2f784)
2019-08-02 22:12:13.218 22705 RALLYDEBUG rally_openstack.cleanup.manager [-] Deleting neutron.port object s_rally_923f38c4_B41ficvI (1a6af7e8-9c15-43a1-a9d9-26f4d91c5bfa)
2019-08-02 22:12:13.253 22705 RALLYDEBUG rally_openstack.cleanup.manager [-] Deleting neutron.port object s_rally_923f38c4_du9Z7Khk (1ac6b5e0-ddf2-497d-bdf8-9034fa3769d5)
2019-08-02 22:12:13.359 22705 RALLYDEBUG rally_openstack.cleanup.manager [-] Deleting neutron.port object s_rally_923f38c4_O0k0ScI6 (1c0d6361-d6c2-42f2-949c-fd36b05f72e4)
2019-08-02 22:12:13.360 22705 RALLYDEBUG rally_openstack.cleanup.manager [-] Deleting neutron.port object s_rally_923f38c4_WhGaaer7 (1c1350be-268e-4af3-9958-54cdfafd368d)
2019-08-02 22:12:13.382 22705 RALLYDEBUG rally_openstack.cleanup.manager [-] Deleting neutron.port object s_rally_923f38c4_dqDKnYnW (1c4b8d6d-6044-409e-b452-cb3712b786ab)
2019-08-02 22:12:13.412 22705 RALLYDEBUG rally_openstack.cleanup.manager [-] Deleting neutron.port object s_rally_923f38c4_mvYVEcGv (1c611bfb-3942-4ac9-baed-94b73b96d449)
2019-08-02 22:12:13.463 22705 RALLYDEBUG rally_openstack.cleanup.manager [-] Deleting neutron.port object s_rally_923f38c4_Po32Pqg9 (1d00aeff-b925-45a9-8f60-a436d4f93080)
2019-08-02 22:12:13.484 22705 RALLYDEBUG rally_openstack.cleanup.manager [-] Deleting neutron.port object s_rally_923f38c4_o52phXzZ (1d200873-43d3-4200-a69f-f5ca019e7bb3)
2019-08-02 22:12:13.563 22705 RALLYDEBUG rally_openstack.cleanup.manager [-] Deleting neutron.port object s_rally_923f38c4_l7FY9BgT (1d604851-0ecf-4021-924a-b0d214e2aa79)
2019-08-02 22:12:13.652 22705 RALLYDEBUG rally_openstack.cleanup.manager [-] Deleting neutron.port object s_rally_923f38c4_uGwLbWEK (1d6650a1-4bf9-4bff-a3cb-c6e42e785337)
2019-08-02 22:12:13.667 22705 RALLYDEBUG rally_openstack.cleanup.manager [-] Deleting neutron.port object s_rally_923f38c4_pFGnzdbJ (1ddf4f51-7e51-4dd4-9b08-a49d182fa0e8)
2019-08-02 22:12:14.127 22705 RALLYDEBUG rally_openstack.cleanup.manager [-] Deleting neutron.port object s_rally_923f38c4_0wty8KML (1ed3b226-c938-4ca1-90fd-c80fc0766771)
2019-08-02 22:12:14.138 22705 RALLYDEBUG rally_openstack.cleanup.manager [-] Deleting neutron.port object s_rally_923f38c4_qgOUyXlr (1f3c12fe-4a09-4e10-8c98-08a2949d984e)
2019-08-02 22:12:14.205 22705 RALLYDEBUG rally_openstack.cleanup.manager [-] Deleting neutron.port object s_rally_923f38c4_j2drmz8o (2008beee-7fca-4a6e-ba9c-2511543e8f12)
2019-08-02 22:12:14.225 22705 RALLYDEBUG rally_openstack.cleanup.manager [-] Deleting neutron.port object s_rally_923f38c4_CXgyvoFI (2038d161-1c78-43c1-b858-06a8db6b2ae8)
2019-08-02 22:12:14.391 22705 RALLYDEBUG rally_openstack.cleanup.manager [-] Deleting neutron.port object s_rally_923f38c4_MxSEDYyt (203cd6dc-76c3-49a1-ad93-8be89d24358d)
2019-08-02 22:12:14.479 22705 RALLYDEBUG rally_openstack.cleanup.manager [-] Deleting neutron.port object s_rally_923f38c4_HwtzAJs7 (20e6c1b0-68ac-48e1-8c8d-e9babbf74c0c)
2019-08-02 22:12:15.044 22705 RALLYDEBUG rally_openstack.cleanup.manager [-] Deleting neutron.port object s_rally_923f38c4_zu6yyDA6 (21f436e0-efb9-42be-9cd2-bc6ef0c76a13)
2019-08-02 22:12:15.326 22705 RALLYDEBUG rally_openstack.cleanup.manager [-] Deleting neutron.port object s_rally_923f38c4_czynEkME (2227eac7-bf38-4e32-b48f-e740651d4213)
2019-08-02 22:12:15.642 22705 RALLYDEBUG rally_openstack.cleanup.manager [-] Deleting neutron.port object s_rally_923f38c4_IyJ37r17 (23336a6b-f7e7-4dd3-9a39-a177ea97b64d)
2019-08-02 22:12:15.660 22705 RALLYDEBUG rally_openstack.cleanup.manager [-] Deleting neutron.port object s_rally_923f38c4_UaWoHb8K (23b3163c-0813-41c0-b5eb-d1a08a31c406)
2019-08-02 22:12:15.785 22705 RALLYDEBUG rally_openstack.cleanup.manager [-] Deleting neutron.port object s_rally_923f38c4_DRjOzO6s (242901fc-d250-4954-93d1-753fdc7381a9)
2019-08-02 22:12:15.989 22705 RALLYDEBUG rally_openstack.cleanup.manager [-] Deleting neutron.port object s_rally_923f38c4_z5nrkfhH (2430fe37-0c00-4eb7-b38c-31f8ad775c71)
2019-08-02 22:12:16.060 22705 RALLYDEBUG rally_openstack.cleanup.manager [-] Deleting neutron.port object s_rally_923f38c4_N5bmkcr6 (245bc01e-0138-44b1-ac43-38d1bb7fb992)
2019-08-02 22:12:16.254 22705 RALLYDEBUG rally_openstack.cleanup.manager [-] Deleting neutron.port object s_rally_923f38c4_BsPqSDFV (25391150-f8f3-4eec-a22e-733b606539ab)
2019-08-02 22:12:16.299 22705 RALLYDEBUG rally_openstack.cleanup.manager [-] Deleting neutron.port object s_rally_923f38c4_UCMOrzas (256fb932-9e39-44d6-ba65-db974ef8704f)
2019-08-02 22:12:16.360 22705 RALLYDEBUG rally_openstack.cleanup.manager [-] Deleting neutron.port object s_rally_923f38c4_swVj22gD (257b55e6-516c-4c74-a862-2ec410bbb63d)
2019-08-02 22:12:16.512 22705 RALLYDEBUG rally_openstack.cleanup.manager [-] Deleting neutron.port object s_rally_923f38c4_mAY5OQOe (257b619f-62ef-4edf-bdea-055f06689b4a)
2019-08-02 22:12:16.718 22705 RALLYDEBUG rally_openstack.cleanup.manager [-] Deleting neutron.port object s_rally_923f38c4_7FCV1vpA (26fe3ca7-8065-440d-acda-db62687128cf)
2019-08-02 22:12:16.718 22705 RALLYDEBUG rally_openstack.cleanup.manager [-] Deleting neutron.port object s_rally_923f38c4_v4KWBSmI (26f37936-7437-42c5-9b5d-ca8b2d5c34f0)
2019-08-02 22:12:16.768 22705 RALLYDEBUG rally_openstack.cleanup.manager [-] Deleting neutron.port object s_rally_923f38c4_LNq3IMBp (27147676-858d-4bee-9736-42fc5043e47f)
2019-08-02 22:12:16.909 22705 RALLYDEBUG rally_openstack.cleanup.manager [-] Deleting neutron.port object s_rally_923f38c4_lYg5PZlq (281d708e-b034-47ba-93e7-8c7ff6b9f989)
2019-08-02 22:12:17.026 22705 RALLYDEBUG rally_openstack.cleanup.manager [-] Deleting neutron.port object s_rally_923f38c4_4pSt2Fqo (283505f8-63cd-49af-a8c3-04a0a0c5480a)
2019-08-02 22:12:17.077 22705 RALLYDEBUG rally_openstack.cleanup.manager [-] Deleting neutron.port object s_rally_923f38c4_6BgWqQYG (28d1fbdb-7c91-41b7-a4be-e3cdf5da75b7)
2019-08-02 22:12:17.091 22705 RALLYDEBUG rally_openstack.cleanup.manager [-] Deleting neutron.port object s_rally_923f38c4_GCJ53xAV (29dc3af1-d8ad-4b26-a6e1-8d51c5322fae)
2019-08-02 22:12:17.423 22705 RALLYDEBUG rally_openstack.cleanup.manager [-] Deleting neutron.port object s_rally_923f38c4_qmHqp8Do (2a542bd8-7e61-4bc6-bd9d-721cdcd99bf4)
2019-08-02 22:12:17.450 22705 RALLYDEBUG rally_openstack.cleanup.manager [-] Deleting neutron.port object s_rally_923f38c4_CVNQMM0u (2a6f85d5-9ddd-42dd-bb59-cffd55c6311d)
2019-08-02 22:12:17.563 22705 RALLYDEBUG rally_openstack.cleanup.manager [-] Deleting neutron.port object s_rally_923f38c4_fzJd4nXO (2b40d9a7-9323-49e5-a6ad-e70a1a8b7b00)
2019-08-02 22:12:17.755 22705 RALLYDEBUG rally_openstack.cleanup.manager [-] Deleting neutron.port object s_rally_923f38c4_hil56KBP (2ba38875-eb5f-47bd-9de5-8e73e31918ab)
2019-08-02 22:12:18.201 22705 RALLYDEBUG rally_openstack.cleanup.manager [-] Deleting neutron.port object s_rally_923f38c4_xhcqXdUa (2bc1162c-a057-451a-a420-fc39dba8fd5b)
2019-08-02 22:12:18.406 22705 RALLYDEBUG rally_openstack.cleanup.manager [-] Deleting neutron.port object s_rally_923f38c4_92e3o20y (2c78bd83-f527-4ab7-b0f4-835c9a06e76b)
2019-08-02 22:12:18.494 22705 RALLYDEBUG rally_openstack.cleanup.manager [-] Deleting neutron.port object s_rally_923f38c4_vFC4n4ZE (2ca309d8-f43b-49d3-a20c-413ff042690b)
2019-08-02 22:12:18.904 22705 RALLYDEBUG rally_openstack.cleanup.manager [-] Deleting neutron.port object s_rally_923f38c4_1dPI3AXj (2ca9daea-d2af-4965-830a-1ea9a211a8ab)
2019-08-02 22:12:19.003 22705 RALLYDEBUG rally_openstack.cleanup.manager [-] Deleting neutron.port object s_rally_923f38c4_Yaw8Wc1U (2d034a75-c9bb-48d7-a7c0-ea1c25abb3be)
2019-08-02 22:12:19.104 22705 RALLYDEBUG rally_openstack.cleanup.manager [-] Deleting neutron.port object s_rally_923f38c4_7qA22GkJ (2d95d402-6f7d-4dc3-9a08-c2ba2926b4af)
2019-08-02 22:12:19.209 22705 RALLYDEBUG rally_openstack.cleanup.manager [-] Deleting neutron.port object s_rally_923f38c4_yDuvZoYh (2da45f22-00c3-455d-a91c-babbd675502c)
2019-08-02 22:12:19.212 22705 RALLYDEBUG rally_openstack.cleanup.manager [-] Deleting neutron.port object s_rally_923f38c4_v7r9SaQv (2e28c062-11f6-45fd-ad2c-8b86d7ff126c)
2019-08-02 22:12:19.603 22705 RALLYDEBUG rally_openstack.cleanup.manager [-] Deleting neutron.port object s_rally_923f38c4_nmP4PYCU (2e3e4d27-79b2-4374-8ac7-68e960a27792)
2019-08-02 22:12:19.809 22705 RALLYDEBUG rally_openstack.cleanup.manager [-] Deleting neutron.port object s_rally_923f38c4_iipk3kIC (2ecb77d2-f250-4ef9-9b11-4b22335d0cf3)
2019-08-02 22:12:19.848 22705 RALLYDEBUG rally_openstack.cleanup.manager [-] Deleting neutron.port object s_rally_923f38c4_mAN08Iff (2ecda68a-12d6-4e1f-b10a-8af37bb5520d)
2019-08-02 22:12:19.854 22705 RALLYDEBUG rally_openstack.cleanup.manager [-] Deleting neutron.port object s_rally_923f38c4_ncznH8cc (2f210315-7d77-44d4-af96-d3a463e16828)
2019-08-02 22:12:19.884 22705 RALLYDEBUG rally_openstack.cleanup.manager [-] Deleting neutron.port object s_rally_923f38c4_OK7uzFon (2f605285-a44c-4def-935a-d09114906cd4)
2019-08-02 22:12:19.912 22705 RALLYDEBUG rally_openstack.cleanup.manager [-] Deleting neutron.port object s_rally_923f38c4_KbjwYlGe (2fd6294d-564b-495b-9143-2fb8c1d4f343)
2019-08-02 22:12:20.046 22705 RALLYDEBUG rally_openstack.cleanup.manager [-] Deleting neutron.port object s_rally_923f38c4_44jG59Vl (2ff6e6f7-9edf-4214-bf67-9a81ae294da1)
2019-08-02 22:12:20.049 22705 RALLYDEBUG rally_openstack.cleanup.manager [-] Deleting neutron.port object s_rally_923f38c4_Sdz12EqG (2fe18680-4146-4671-a4a4-fb78abc1a112)
2019-08-02 22:12:20.342 22705 RALLYDEBUG rally_openstack.cleanup.manager [-] Deleting neutron.port object s_rally_923f38c4_ykj06l8G (3103dde7-5c6c-4bf7-a9ba-ffacd147ad86)
