2019-08-02 21:46:23.092 22696 RALLYDEBUG rally.api [-] INFO logs from urllib3 and requests module are hide.
2019-08-02 21:46:23.093 22696 RALLYDEBUG rally.api [-] urllib3 insecure warnings are hidden.
2019-08-02 21:46:23.093 22696 RALLYDEBUG rally.api [-] ERROR log from boto module is hide.
2019-08-02 21:46:25.295 22698 RALLYDEBUG rally.api [-] INFO logs from urllib3 and requests module are hide.
2019-08-02 21:46:25.295 22698 RALLYDEBUG rally.api [-] urllib3 insecure warnings are hidden.
2019-08-02 21:46:25.295 22698 RALLYDEBUG rally.api [-] ERROR log from boto module is hide.
2019-08-02 21:46:26.588 22698 WARNING rally_openstack.platforms.existing [-] endpoint is deprecated and not used.
2019-08-02 21:46:27.602 22700 RALLYDEBUG rally.api [-] INFO logs from urllib3 and requests module are hide.
2019-08-02 21:46:27.603 22700 RALLYDEBUG rally.api [-] urllib3 insecure warnings are hidden.
2019-08-02 21:46:27.603 22700 RALLYDEBUG rally.api [-] ERROR log from boto module is hide.
2019-08-02 21:46:31.036 22703 RALLYDEBUG rally.api [-] INFO logs from urllib3 and requests module are hide.
2019-08-02 21:46:31.037 22703 RALLYDEBUG rally.api [-] urllib3 insecure warnings are hidden.
2019-08-02 21:46:31.037 22703 RALLYDEBUG rally.api [-] ERROR log from boto module is hide.
2019-08-02 21:46:32.941 22705 RALLYDEBUG rally.api [-] INFO logs from urllib3 and requests module are hide.
2019-08-02 21:46:32.941 22705 RALLYDEBUG rally.api [-] urllib3 insecure warnings are hidden.
2019-08-02 21:46:32.941 22705 RALLYDEBUG rally.api [-] ERROR log from boto module is hide.
2019-08-02 21:46:34.141 22705 INFO rally.common.plugin.discover [-] Loading plugins from directories /root/.rally/plugins/*
2019-08-02 21:46:34.141 22705 INFO rally.common.plugin.discover [-] Loaded module with plugins: /root/.rally/plugins/__init__.py
2019-08-02 21:46:34.143 22705 INFO rally.common.plugin.discover [-] Loaded module with plugins: /root/.rally/plugins/trunk_scenario.py
2019-08-02 21:46:34.357 22705 INFO rally.task.engine [-] Task 8e73b8f7-0b41-4038-a1b2-96b1fbadc36c | Starting: Task validation.
2019-08-02 21:46:34.414 22705 INFO rally.task.engine [-] Task 8e73b8f7-0b41-4038-a1b2-96b1fbadc36c | Starting: Task validation of syntax.
2019-08-02 21:46:34.621 22705 INFO rally.task.engine [-] Task 8e73b8f7-0b41-4038-a1b2-96b1fbadc36c | Completed: Task validation of syntax.
2019-08-02 21:46:34.621 22705 INFO rally.task.engine [-] Task 8e73b8f7-0b41-4038-a1b2-96b1fbadc36c | Starting: Task validation of required platforms.
2019-08-02 21:46:34.679 22705 INFO rally.task.engine [-] Task 8e73b8f7-0b41-4038-a1b2-96b1fbadc36c | Completed: Task validation of required platforms.
2019-08-02 21:46:34.679 22705 INFO rally.task.engine [-] Task 8e73b8f7-0b41-4038-a1b2-96b1fbadc36c | Starting: Task validation of semantic.
2019-08-02 21:46:34.679 22705 INFO rally.task.engine [-] Check health of the environment 'cbbd93ee-596d-4bf3-8169-11e9b52d1ee4'.
2019-08-02 21:46:35.509 22705 INFO rally.task.engine [-] Platform existing@openstack (available: True): OK!
2019-08-02 21:46:35.528 22705 RALLYDEBUG rally_openstack.contexts.keystone.users [-] Creating 1 tenants using 20 threads
2019-08-02 21:46:37.364 22705 RALLYDEBUG rally_openstack.contexts.keystone.users [-] Creating 1 users using 20 threads
2019-08-02 21:46:40.217 22705 INFO rally.task.context [-] Task 8e73b8f7-0b41-4038-a1b2-96b1fbadc36c | Context users@openstack setup() finished in 4.69 sec
2019-08-02 21:46:46.644 22705 INFO rally.task.context [-] Task 8e73b8f7-0b41-4038-a1b2-96b1fbadc36c | Context users@openstack cleanup() started
2019-08-02 21:46:51.778 22705 INFO rally.task.context [-] Task 8e73b8f7-0b41-4038-a1b2-96b1fbadc36c | Context users@openstack cleanup() finished in 5.13 sec
2019-08-02 21:46:51.778 22705 INFO rally.task.engine [-] Task 8e73b8f7-0b41-4038-a1b2-96b1fbadc36c | Completed: Task validation of semantic.
2019-08-02 21:46:51.779 22705 INFO rally.task.engine [-] Task 8e73b8f7-0b41-4038-a1b2-96b1fbadc36c | Completed: Task validation.
2019-08-02 21:46:51.779 22705 INFO rally.api [-] Task 8e73b8f7-0b41-4038-a1b2-96b1fbadc36c input file is valid.
2019-08-02 21:46:51.779 22705 INFO rally.api [-] Run Task 8e73b8f7-0b41-4038-a1b2-96b1fbadc36c against Deployment cbbd93ee-596d-4bf3-8169-11e9b52d1ee4
2019-08-02 21:46:51.780 22705 INFO rally.task.engine [-] Task 8e73b8f7-0b41-4038-a1b2-96b1fbadc36c | Starting: Running task.
2019-08-02 21:46:51.946 22705 INFO rally.task.engine [-] Running workload: position = 0 config = { "version": 2, "title": "A cropped version of a bigger task.", "description": "Auto-generated task from a single workload (uuid=b9395de7-0165-496b-9e71-fbd1815fdeb9)", "subtasks": [ { "title": "NeutronNetworks.create_and_list_networks", "description": "Check performance of list_networks action and ensure > network quotas are not exceeded", "scenario": { "NeutronNetworks.create_and_list_networks": {} }, "contexts": { "users": { "tenants": 1, "users_per_tenant": 1 }, "quotas": { "neutron": { "network": 119 } } }, "runner": { "constant": { "times": 100, "concurrency": 20 } }, "hooks": [], "sla": { "max_avg_duration_per_atomic": { "neutron.list_networks": 15 }, "failure_rate": { "max": 0 } } } ] }
2019-08-02 21:46:51.968 22705 RALLYDEBUG rally_openstack.contexts.keystone.users [-] Creating 1 tenants using 20 threads
2019-08-02 21:46:53.916 22705 RALLYDEBUG rally_openstack.contexts.keystone.users [-] Creating 1 users using 20 threads
2019-08-02 21:46:56.853 22705 INFO rally.task.context [-] Task 8e73b8f7-0b41-4038-a1b2-96b1fbadc36c | Context users@openstack setup() finished in 4.88 sec
2019-08-02 21:46:57.625 22705 INFO rally.task.context [-] Task 8e73b8f7-0b41-4038-a1b2-96b1fbadc36c | Context quotas@openstack setup() finished in 0.77 sec
2019-08-02 21:46:57.626 22705 INFO rally.task.context [-] Task 8e73b8f7-0b41-4038-a1b2-96b1fbadc36c | Context cleanup@openstack setup() finished in 0.03 msec
2019-08-02 21:46:57.633 22705 RALLYDEBUG rally.task.runner [-] Starting the constant runner (task UUID: 8e73b8f7-0b41-4038-a1b2-96b1fbadc36c). timeout: 0 concurrency: 20 concurrency_per_worker: 1 times: 100 concurrency_overhead: 4 processes_to_start: 16 max_cpu_used: 16
2019-08-02 21:46:57.645 22829 RALLYDEBUG rally.task.runner [-] Starting a worker. concurrency: 2 args: {} times: 100 method_name: run timeout: 0 duration: None cls:
2019-08-02 21:46:57.648 22830 RALLYDEBUG rally.task.runner [-] Starting a worker. concurrency: 2 args: {} times: 100 method_name: run timeout: 0 duration: None cls:
2019-08-02 21:46:57.650 22831 RALLYDEBUG rally.task.runner [-] Starting a worker. concurrency: 2 args: {} times: 100 method_name: run timeout: 0 duration: None cls:
2019-08-02 21:46:57.653 22832 RALLYDEBUG rally.task.runner [-] Starting a worker. concurrency: 2 args: {} times: 100 method_name: run timeout: 0 duration: None cls:
2019-08-02 21:46:57.654 22829 INFO rally.task.runner [-] Task 8e73b8f7-0b41-4038-a1b2-96b1fbadc36c | ITER: 1 START
2019-08-02 21:46:57.655 22834 RALLYDEBUG rally.task.runner [-] Starting a worker. concurrency: 1 args: {} times: 100 method_name: run timeout: 0 duration: None cls:
2019-08-02 21:46:57.654 22830 INFO rally.task.runner [-] Task 8e73b8f7-0b41-4038-a1b2-96b1fbadc36c | ITER: 2 START
2019-08-02 21:46:57.659 22834 INFO rally.task.runner [-] Task 8e73b8f7-0b41-4038-a1b2-96b1fbadc36c | ITER: 8 START
2019-08-02 21:46:57.656 22831 INFO rally.task.runner [-] Task 8e73b8f7-0b41-4038-a1b2-96b1fbadc36c | ITER: 4 START
2019-08-02 21:46:57.659 22838 RALLYDEBUG rally.task.runner [-] Starting a worker. concurrency: 1 args: {} times: 100 method_name: run timeout: 0 duration: None cls:
2019-08-02 21:46:57.655 22829 INFO rally.task.runner [-] Task 8e73b8f7-0b41-4038-a1b2-96b1fbadc36c | ITER: 3 START
2019-08-02 21:46:57.661 22830 INFO rally.task.runner [-] Task 8e73b8f7-0b41-4038-a1b2-96b1fbadc36c | ITER: 5 START
2019-08-02 21:46:57.664 22832 INFO rally.task.runner [-] Task 8e73b8f7-0b41-4038-a1b2-96b1fbadc36c | ITER: 7 START
2019-08-02 21:46:57.664 22842 RALLYDEBUG rally.task.runner [-] Starting a worker. concurrency: 1 args: {} times: 100 method_name: run timeout: 0 duration: None cls:
2019-08-02 21:46:57.666 22846 RALLYDEBUG rally.task.runner [-] Starting a worker. concurrency: 1 args: {} times: 100 method_name: run timeout: 0 duration: None cls:
2019-08-02 21:46:57.665 22831 INFO rally.task.runner [-] Task 8e73b8f7-0b41-4038-a1b2-96b1fbadc36c | ITER: 6 START
2019-08-02 21:46:57.667 22849 RALLYDEBUG rally.task.runner [-] Starting a worker. concurrency: 1 args: {} times: 100 method_name: run timeout: 0 duration: None cls:
2019-08-02 21:46:57.671 22832 INFO rally.task.runner [-] Task 8e73b8f7-0b41-4038-a1b2-96b1fbadc36c | ITER: 9 START
2019-08-02 21:46:57.673 22846 INFO rally.task.runner [-] Task 8e73b8f7-0b41-4038-a1b2-96b1fbadc36c | ITER: 12 START
2019-08-02 21:46:57.671 22838 INFO rally.task.runner [-] Task 8e73b8f7-0b41-4038-a1b2-96b1fbadc36c | ITER: 10 START
2019-08-02 21:46:57.673 22849 INFO rally.task.runner [-] Task 8e73b8f7-0b41-4038-a1b2-96b1fbadc36c | ITER: 13 START
2019-08-02 21:46:57.671 22842 INFO rally.task.runner [-] Task 8e73b8f7-0b41-4038-a1b2-96b1fbadc36c | ITER: 11 START
2019-08-02 21:46:57.674 22855 RALLYDEBUG rally.task.runner [-] Starting a worker. concurrency: 1 args: {} times: 100 method_name: run timeout: 0 duration: None cls:
2019-08-02 21:46:57.677 22853 RALLYDEBUG rally.task.runner [-] Starting a worker. concurrency: 1 args: {} times: 100 method_name: run timeout: 0 duration: None cls:
2019-08-02 21:46:57.678 22860 RALLYDEBUG rally.task.runner [-] Starting a worker. concurrency: 1 args: {} times: 100 method_name: run timeout: 0 duration: None cls:
2019-08-02 21:46:57.682 22855 INFO rally.task.runner [-] Task 8e73b8f7-0b41-4038-a1b2-96b1fbadc36c | ITER: 14 START
2019-08-02 21:46:57.682 22863 RALLYDEBUG rally.task.runner [-] Starting a worker. concurrency: 1 args: {} times: 100 method_name: run timeout: 0 duration: None cls:
2019-08-02 21:46:57.685 22860 INFO rally.task.runner [-] Task 8e73b8f7-0b41-4038-a1b2-96b1fbadc36c | ITER: 16 START
2019-08-02 21:46:57.685 22853 INFO rally.task.runner [-] Task 8e73b8f7-0b41-4038-a1b2-96b1fbadc36c | ITER: 15 START
2019-08-02 21:46:57.688 22863 INFO rally.task.runner [-] Task 8e73b8f7-0b41-4038-a1b2-96b1fbadc36c | ITER: 17 START
2019-08-02 21:46:57.698 22872 RALLYDEBUG rally.task.runner [-] Starting a worker. concurrency: 1 args: {} times: 100 method_name: run timeout: 0 duration: None cls:
2019-08-02 21:46:57.705 22872 INFO rally.task.runner [-] Task 8e73b8f7-0b41-4038-a1b2-96b1fbadc36c | ITER: 18 START
2019-08-02 21:46:57.705 22873 RALLYDEBUG rally.task.runner [-] Starting a worker. concurrency: 1 args: {} times: 100 method_name: run timeout: 0 duration: None cls:
2019-08-02 21:46:57.710 22873 INFO rally.task.runner [-] Task 8e73b8f7-0b41-4038-a1b2-96b1fbadc36c | ITER: 19 START
2019-08-02 21:46:57.712 22876 RALLYDEBUG rally.task.runner [-] Starting a worker. concurrency: 1 args: {} times: 100 method_name: run timeout: 0 duration: None cls:
2019-08-02 21:46:57.717 22876 INFO rally.task.runner [-] Task 8e73b8f7-0b41-4038-a1b2-96b1fbadc36c | ITER: 20 START
2019-08-02 21:46:59.922 22829 INFO rally.task.runner [-] Task 8e73b8f7-0b41-4038-a1b2-96b1fbadc36c | ITER: 3 END: OK
2019-08-02 21:46:59.926 22829 INFO rally.task.runner [-] Task 8e73b8f7-0b41-4038-a1b2-96b1fbadc36c | ITER: 21 START
2019-08-02 21:47:00.014 22872 INFO rally.task.runner [-] Task 8e73b8f7-0b41-4038-a1b2-96b1fbadc36c | ITER: 18 END: OK
2019-08-02 21:47:00.018 22872 INFO rally.task.runner [-] Task 8e73b8f7-0b41-4038-a1b2-96b1fbadc36c | ITER: 22 START
2019-08-02 21:47:00.042 22853 INFO rally.task.runner [-] Task 8e73b8f7-0b41-4038-a1b2-96b1fbadc36c | ITER: 15 END: OK
2019-08-02 21:47:00.045 22853 INFO rally.task.runner [-] Task 8e73b8f7-0b41-4038-a1b2-96b1fbadc36c | ITER: 23 START
2019-08-02 21:47:00.060 22831 INFO rally.task.runner [-] Task 8e73b8f7-0b41-4038-a1b2-96b1fbadc36c | ITER: 6 END: OK
2019-08-02 21:47:00.060 22849 INFO rally.task.runner [-] Task 8e73b8f7-0b41-4038-a1b2-96b1fbadc36c | ITER: 13 END: OK
2019-08-02 21:47:00.064 22849 INFO rally.task.runner [-] Task 8e73b8f7-0b41-4038-a1b2-96b1fbadc36c | ITER: 24 START
2019-08-02 21:47:00.064 22831 INFO rally.task.runner [-] Task 8e73b8f7-0b41-4038-a1b2-96b1fbadc36c | ITER: 25 START
2019-08-02 21:47:00.077 22829 INFO rally.task.runner [-] Task 8e73b8f7-0b41-4038-a1b2-96b1fbadc36c | ITER: 1 END: OK
2019-08-02 21:47:00.080 22829 INFO rally.task.runner [-] Task 8e73b8f7-0b41-4038-a1b2-96b1fbadc36c | ITER: 26 START
2019-08-02 21:47:00.097 22832 INFO rally.task.runner [-] Task 8e73b8f7-0b41-4038-a1b2-96b1fbadc36c | ITER: 7 END: OK
2019-08-02 21:47:00.100 22832 INFO rally.task.runner [-] Task 8e73b8f7-0b41-4038-a1b2-96b1fbadc36c | ITER: 27 START
2019-08-02 21:47:00.109 22832 INFO rally.task.runner [-] Task 8e73b8f7-0b41-4038-a1b2-96b1fbadc36c | ITER: 9 END: OK
2019-08-02 21:47:00.116 22832 INFO rally.task.runner [-] Task 8e73b8f7-0b41-4038-a1b2-96b1fbadc36c | ITER: 28 START
2019-08-02 21:47:00.134 22830 INFO rally.task.runner [-] Task 8e73b8f7-0b41-4038-a1b2-96b1fbadc36c | ITER: 2 END: OK
2019-08-02 21:47:00.137 22830 INFO rally.task.runner [-] Task 8e73b8f7-0b41-4038-a1b2-96b1fbadc36c | ITER: 29 START
2019-08-02 21:47:00.249 22876 INFO rally.task.runner [-] Task 8e73b8f7-0b41-4038-a1b2-96b1fbadc36c | ITER: 20 END: OK
2019-08-02 21:47:00.252 22876 INFO rally.task.runner [-] Task 8e73b8f7-0b41-4038-a1b2-96b1fbadc36c | ITER: 30 START
2019-08-02 21:47:00.263 22873 INFO rally.task.runner [-] Task 8e73b8f7-0b41-4038-a1b2-96b1fbadc36c | ITER: 19 END: OK
2019-08-02 21:47:00.266 22873 INFO rally.task.runner [-] Task 8e73b8f7-0b41-4038-a1b2-96b1fbadc36c | ITER: 31 START
2019-08-02 21:47:00.346 22863 INFO rally.task.runner [-] Task 8e73b8f7-0b41-4038-a1b2-96b1fbadc36c | ITER: 17 END: OK
2019-08-02 21:47:00.349 22863 INFO rally.task.runner [-] Task 8e73b8f7-0b41-4038-a1b2-96b1fbadc36c | ITER: 32 START
2019-08-02 21:47:00.390 22830 INFO rally.task.runner [-] Task 8e73b8f7-0b41-4038-a1b2-96b1fbadc36c | ITER: 5 END: OK
2019-08-02 21:47:00.394 22830 INFO rally.task.runner [-] Task 8e73b8f7-0b41-4038-a1b2-96b1fbadc36c | ITER: 33 START
2019-08-02 21:47:00.417 22855 INFO rally.task.runner [-] Task 8e73b8f7-0b41-4038-a1b2-96b1fbadc36c | ITER: 14 END: OK
2019-08-02 21:47:00.420 22855 INFO rally.task.runner [-] Task 8e73b8f7-0b41-4038-a1b2-96b1fbadc36c | ITER: 34 START
2019-08-02 21:47:00.423 22846 INFO rally.task.runner [-] Task 8e73b8f7-0b41-4038-a1b2-96b1fbadc36c | ITER: 12 END: OK
2019-08-02 21:47:00.427 22846 INFO rally.task.runner [-] Task 8e73b8f7-0b41-4038-a1b2-96b1fbadc36c | ITER: 35 START
2019-08-02 21:47:00.477 22842 INFO rally.task.runner [-] Task 8e73b8f7-0b41-4038-a1b2-96b1fbadc36c | ITER: 11 END: OK
2019-08-02 21:47:00.481 22842 INFO rally.task.runner [-] Task 8e73b8f7-0b41-4038-a1b2-96b1fbadc36c | ITER: 36 START
2019-08-02 21:47:00.528 22860 INFO rally.task.runner [-] Task 8e73b8f7-0b41-4038-a1b2-96b1fbadc36c | ITER: 16 END: OK
2019-08-02 21:47:00.532 22860 INFO rally.task.runner [-] Task 8e73b8f7-0b41-4038-a1b2-96b1fbadc36c | ITER: 37 START
2019-08-02 21:47:00.597 22838 INFO rally.task.runner [-] Task 8e73b8f7-0b41-4038-a1b2-96b1fbadc36c | ITER: 10 END: OK
2019-08-02 21:47:00.601 22838 INFO rally.task.runner [-] Task 8e73b8f7-0b41-4038-a1b2-96b1fbadc36c | ITER: 38 START
2019-08-02 21:47:00.698 22831 INFO rally.task.runner [-] Task 8e73b8f7-0b41-4038-a1b2-96b1fbadc36c | ITER: 4 END: OK
2019-08-02 21:47:00.701 22831 INFO rally.task.runner [-] Task 8e73b8f7-0b41-4038-a1b2-96b1fbadc36c | ITER: 39 START
2019-08-02 21:47:00.846 22834 INFO rally.task.runner [-] Task 8e73b8f7-0b41-4038-a1b2-96b1fbadc36c | ITER: 8 END: OK
2019-08-02 21:47:00.849 22834 INFO rally.task.runner [-] Task 8e73b8f7-0b41-4038-a1b2-96b1fbadc36c | ITER: 40 START
2019-08-02 21:47:01.394 22829 INFO rally.task.runner [-] Task 8e73b8f7-0b41-4038-a1b2-96b1fbadc36c | ITER: 21 END: OK
2019-08-02 21:47:01.398 22829 INFO rally.task.runner [-] Task 8e73b8f7-0b41-4038-a1b2-96b1fbadc36c | ITER: 41 START
2019-08-02 21:47:01.582 22853 INFO rally.task.runner [-] Task 8e73b8f7-0b41-4038-a1b2-96b1fbadc36c | ITER: 23 END: OK
2019-08-02 21:47:01.585 22853 INFO rally.task.runner [-] Task 8e73b8f7-0b41-4038-a1b2-96b1fbadc36c | ITER: 42 START
2019-08-02 21:47:01.944 22832 INFO rally.task.runner [-] Task 8e73b8f7-0b41-4038-a1b2-96b1fbadc36c | ITER: 27 END: OK
2019-08-02 21:47:01.947 22832 INFO rally.task.runner [-] Task 8e73b8f7-0b41-4038-a1b2-96b1fbadc36c | ITER: 43 START
2019-08-02 21:47:02.110 22830 INFO rally.task.runner [-] Task 8e73b8f7-0b41-4038-a1b2-96b1fbadc36c | ITER: 29 END: OK
2019-08-02 21:47:02.113 22830 INFO rally.task.runner [-] Task 8e73b8f7-0b41-4038-a1b2-96b1fbadc36c | ITER: 44 START
2019-08-02 21:47:02.138 22872 INFO rally.task.runner [-] Task 8e73b8f7-0b41-4038-a1b2-96b1fbadc36c | ITER: 22 END: OK
2019-08-02 21:47:02.142 22872 INFO rally.task.runner [-] Task 8e73b8f7-0b41-4038-a1b2-96b1fbadc36c | ITER: 45 START
2019-08-02 21:47:02.211 22849 INFO rally.task.runner [-] Task 8e73b8f7-0b41-4038-a1b2-96b1fbadc36c | ITER: 24 END: OK
2019-08-02 21:47:02.214 22849 INFO rally.task.runner [-] Task 8e73b8f7-0b41-4038-a1b2-96b1fbadc36c | ITER: 46 START
2019-08-02 21:47:02.283 22831 INFO rally.task.runner [-] Task 8e73b8f7-0b41-4038-a1b2-96b1fbadc36c | ITER: 25 END: OK
2019-08-02 21:47:02.284 22832 INFO rally.task.runner [-] Task 8e73b8f7-0b41-4038-a1b2-96b1fbadc36c | ITER: 28 END: OK
2019-08-02 21:47:02.287 22832 INFO rally.task.runner [-] Task 8e73b8f7-0b41-4038-a1b2-96b1fbadc36c | ITER: 48 START
2019-08-02 21:47:02.287 22831 INFO rally.task.runner [-] Task 8e73b8f7-0b41-4038-a1b2-96b1fbadc36c | ITER: 47 START
2019-08-02 21:47:02.289 22829 INFO rally.task.runner [-] Task 8e73b8f7-0b41-4038-a1b2-96b1fbadc36c | ITER: 26 END: OK
2019-08-02 21:47:02.292 22829 INFO rally.task.runner [-] Task 8e73b8f7-0b41-4038-a1b2-96b1fbadc36c | ITER: 49 START
2019-08-02 21:47:02.314 22876 INFO rally.task.runner [-] Task 8e73b8f7-0b41-4038-a1b2-96b1fbadc36c | ITER: 30 END: OK
2019-08-02 21:47:02.317 22876 INFO rally.task.runner [-] Task 8e73b8f7-0b41-4038-a1b2-96b1fbadc36c | ITER: 50 START
2019-08-02 21:47:02.565 22830 INFO rally.task.runner [-] Task 8e73b8f7-0b41-4038-a1b2-96b1fbadc36c | ITER: 33 END: OK
2019-08-02 21:47:02.568 22830 INFO rally.task.runner [-] Task 8e73b8f7-0b41-4038-a1b2-96b1fbadc36c | ITER: 51 START
2019-08-02 21:47:02.602 22846 INFO rally.task.runner [-] Task 8e73b8f7-0b41-4038-a1b2-96b1fbadc36c | ITER: 35 END: OK
2019-08-02 21:47:02.605 22846 INFO rally.task.runner [-] Task 8e73b8f7-0b41-4038-a1b2-96b1fbadc36c | ITER: 52 START
2019-08-02 21:47:02.641 22873 INFO rally.task.runner [-] Task 8e73b8f7-0b41-4038-a1b2-96b1fbadc36c | ITER: 31 END: OK
2019-08-02 21:47:02.644 22873 INFO rally.task.runner [-] Task 8e73b8f7-0b41-4038-a1b2-96b1fbadc36c | ITER: 53 START
2019-08-02 21:47:02.788 22863 INFO rally.task.runner [-] Task 8e73b8f7-0b41-4038-a1b2-96b1fbadc36c | ITER: 32 END: OK
2019-08-02 21:47:02.792 22863 INFO rally.task.runner [-] Task 8e73b8f7-0b41-4038-a1b2-96b1fbadc36c | ITER: 54 START
2019-08-02 21:47:02.896 22838 INFO rally.task.runner [-] Task 8e73b8f7-0b41-4038-a1b2-96b1fbadc36c | ITER: 38 END: OK
2019-08-02 21:47:02.900 22838 INFO rally.task.runner [-] Task 8e73b8f7-0b41-4038-a1b2-96b1fbadc36c | ITER: 55 START
2019-08-02 21:47:02.961 22834 INFO rally.task.runner [-] Task 8e73b8f7-0b41-4038-a1b2-96b1fbadc36c | ITER: 40 END: OK
2019-08-02 21:47:02.964 22834 INFO rally.task.runner [-] Task 8e73b8f7-0b41-4038-a1b2-96b1fbadc36c | ITER: 56 START
2019-08-02 21:47:03.195 22842 INFO rally.task.runner [-] Task 8e73b8f7-0b41-4038-a1b2-96b1fbadc36c | ITER: 36 END: OK
2019-08-02 21:47:03.199 22842 INFO rally.task.runner [-] Task 8e73b8f7-0b41-4038-a1b2-96b1fbadc36c | ITER: 57 START
2019-08-02 21:47:03.252 22855 INFO rally.task.runner [-] Task 8e73b8f7-0b41-4038-a1b2-96b1fbadc36c | ITER: 34 END: OK
2019-08-02 21:47:03.255 22855 INFO rally.task.runner [-] Task 8e73b8f7-0b41-4038-a1b2-96b1fbadc36c | ITER: 58 START
2019-08-02 21:47:03.265 22860 INFO rally.task.runner [-] Task 8e73b8f7-0b41-4038-a1b2-96b1fbadc36c | ITER: 37 END: OK
2019-08-02 21:47:03.268 22860 INFO rally.task.runner [-] Task 8e73b8f7-0b41-4038-a1b2-96b1fbadc36c | ITER: 59 START
2019-08-02 21:47:03.371 22853 INFO rally.task.runner [-] Task 8e73b8f7-0b41-4038-a1b2-96b1fbadc36c | ITER: 42 END: OK
2019-08-02 21:47:03.374 22853 INFO rally.task.runner [-] Task 8e73b8f7-0b41-4038-a1b2-96b1fbadc36c | ITER: 60 START
2019-08-02 21:47:03.445 22831 INFO rally.task.runner [-] Task 8e73b8f7-0b41-4038-a1b2-96b1fbadc36c | ITER: 39 END: OK
2019-08-02 21:47:03.448 22831 INFO rally.task.runner [-] Task 8e73b8f7-0b41-4038-a1b2-96b1fbadc36c | ITER: 61 START
2019-08-02 21:47:03.891 22849 INFO rally.task.runner [-] Task 8e73b8f7-0b41-4038-a1b2-96b1fbadc36c | ITER: 46 END: OK
2019-08-02 21:47:03.893 22830 INFO rally.task.runner [-] Task 8e73b8f7-0b41-4038-a1b2-96b1fbadc36c | ITER: 44 END: OK
2019-08-02 21:47:03.894 22849 INFO rally.task.runner [-] Task 8e73b8f7-0b41-4038-a1b2-96b1fbadc36c | ITER: 62 START
2019-08-02 21:47:03.896 22830 INFO rally.task.runner [-] Task 8e73b8f7-0b41-4038-a1b2-96b1fbadc36c | ITER: 63 START
2019-08-02 21:47:03.898 22832 INFO rally.task.runner [-] Task 8e73b8f7-0b41-4038-a1b2-96b1fbadc36c | ITER: 43 END: OK
2019-08-02 21:47:03.902 22832 INFO rally.task.runner [-] Task 8e73b8f7-0b41-4038-a1b2-96b1fbadc36c | ITER: 64 START
2019-08-02 21:47:03.945 22829 INFO rally.task.runner [-] Task 8e73b8f7-0b41-4038-a1b2-96b1fbadc36c | ITER: 41 END: OK
2019-08-02 21:47:03.949 22829 INFO rally.task.runner [-] Task 8e73b8f7-0b41-4038-a1b2-96b1fbadc36c | ITER: 65 START
2019-08-02 21:47:03.990 22829 INFO rally.task.runner [-] Task 8e73b8f7-0b41-4038-a1b2-96b1fbadc36c | ITER: 49 END: OK
2019-08-02 21:47:03.993 22829 INFO rally.task.runner [-] Task 8e73b8f7-0b41-4038-a1b2-96b1fbadc36c | ITER: 66 START
2019-08-02 21:47:04.031 22832 INFO rally.task.runner [-] Task 8e73b8f7-0b41-4038-a1b2-96b1fbadc36c | ITER: 48 END: OK
2019-08-02 21:47:04.034 22832 INFO rally.task.runner [-] Task 8e73b8f7-0b41-4038-a1b2-96b1fbadc36c | ITER: 67 START
2019-08-02 21:47:04.081 22831 INFO rally.task.runner [-] Task 8e73b8f7-0b41-4038-a1b2-96b1fbadc36c | ITER: 47 END: OK
2019-08-02 21:47:04.084 22831 INFO rally.task.runner [-] Task 8e73b8f7-0b41-4038-a1b2-96b1fbadc36c | ITER: 68 START
2019-08-02 21:47:04.093 22876 INFO rally.task.runner [-] Task 8e73b8f7-0b41-4038-a1b2-96b1fbadc36c | ITER: 50 END: OK
2019-08-02 21:47:04.094 22872 INFO rally.task.runner [-] Task 8e73b8f7-0b41-4038-a1b2-96b1fbadc36c | ITER: 45 END: OK
2019-08-02 21:47:04.097 22876 INFO rally.task.runner [-] Task 8e73b8f7-0b41-4038-a1b2-96b1fbadc36c | ITER: 69 START
2019-08-02 21:47:04.097 22872 INFO rally.task.runner [-] Task 8e73b8f7-0b41-4038-a1b2-96b1fbadc36c | ITER: 70 START
2019-08-02 21:47:04.209 22830 INFO rally.task.runner [-] Task 8e73b8f7-0b41-4038-a1b2-96b1fbadc36c | ITER: 51 END: OK
2019-08-02 21:47:04.212 22830 INFO rally.task.runner [-] Task 8e73b8f7-0b41-4038-a1b2-96b1fbadc36c | ITER: 71 START
2019-08-02 21:47:04.306 22873 INFO rally.task.runner [-] Task 8e73b8f7-0b41-4038-a1b2-96b1fbadc36c | ITER: 53 END: OK
2019-08-02 21:47:04.309 22873 INFO rally.task.runner [-] Task 8e73b8f7-0b41-4038-a1b2-96b1fbadc36c | ITER: 72 START
2019-08-02 21:47:04.493 22846 INFO rally.task.runner [-] Task 8e73b8f7-0b41-4038-a1b2-96b1fbadc36c | ITER: 52 END: OK
2019-08-02 21:47:04.496 22846 INFO rally.task.runner [-] Task 8e73b8f7-0b41-4038-a1b2-96b1fbadc36c | ITER: 73 START
2019-08-02 21:47:04.699 22863 INFO rally.task.runner [-] Task 8e73b8f7-0b41-4038-a1b2-96b1fbadc36c | ITER: 54 END: OK
2019-08-02 21:47:04.702 22863 INFO rally.task.runner [-] Task 8e73b8f7-0b41-4038-a1b2-96b1fbadc36c | ITER: 74 START
2019-08-02 21:47:04.760 22834 INFO rally.task.runner [-] Task 8e73b8f7-0b41-4038-a1b2-96b1fbadc36c | ITER: 56 END: OK
2019-08-02 21:47:04.764 22834 INFO rally.task.runner [-] Task 8e73b8f7-0b41-4038-a1b2-96b1fbadc36c | ITER: 75 START
2019-08-02 21:47:04.853 22838 INFO rally.task.runner [-] Task 8e73b8f7-0b41-4038-a1b2-96b1fbadc36c | ITER: 55 END: OK
2019-08-02 21:47:04.856 22838 INFO rally.task.runner [-] Task 8e73b8f7-0b41-4038-a1b2-96b1fbadc36c | ITER: 76 START
2019-08-02 21:47:05.075 22860 INFO rally.task.runner [-] Task 8e73b8f7-0b41-4038-a1b2-96b1fbadc36c | ITER: 59 END: OK
2019-08-02 21:47:05.079 22860 INFO rally.task.runner [-] Task 8e73b8f7-0b41-4038-a1b2-96b1fbadc36c | ITER: 77 START
2019-08-02 21:47:05.097 22842 INFO rally.task.runner [-] Task 8e73b8f7-0b41-4038-a1b2-96b1fbadc36c | ITER: 57 END: OK
2019-08-02 21:47:05.100 22842 INFO rally.task.runner [-] Task 8e73b8f7-0b41-4038-a1b2-96b1fbadc36c | ITER: 78 START
2019-08-02 21:47:05.205 22831 INFO rally.task.runner [-] Task 8e73b8f7-0b41-4038-a1b2-96b1fbadc36c | ITER: 61 END: OK
2019-08-02 21:47:05.208 22831 INFO rally.task.runner [-] Task 8e73b8f7-0b41-4038-a1b2-96b1fbadc36c | ITER: 79 START
2019-08-02 21:47:05.345 22853 INFO rally.task.runner [-] Task 8e73b8f7-0b41-4038-a1b2-96b1fbadc36c | ITER: 60 END: OK
2019-08-02 21:47:05.348 22853 INFO rally.task.runner [-] Task 8e73b8f7-0b41-4038-a1b2-96b1fbadc36c | ITER: 80 START
2019-08-02 21:47:05.485 22849 INFO rally.task.runner [-] Task 8e73b8f7-0b41-4038-a1b2-96b1fbadc36c | ITER: 62 END: OK
2019-08-02 21:47:05.488 22849 INFO rally.task.runner [-] Task 8e73b8f7-0b41-4038-a1b2-96b1fbadc36c | ITER: 81 START
2019-08-02 21:47:05.501 22855 INFO rally.task.runner [-] Task 8e73b8f7-0b41-4038-a1b2-96b1fbadc36c | ITER: 58 END: OK
2019-08-02 21:47:05.505 22855 INFO rally.task.runner [-] Task 8e73b8f7-0b41-4038-a1b2-96b1fbadc36c | ITER: 82 START
2019-08-02 21:47:05.679 22829 INFO rally.task.runner [-] Task 8e73b8f7-0b41-4038-a1b2-96b1fbadc36c | ITER: 66 END: OK
2019-08-02 21:47:05.682 22829 INFO rally.task.runner [-] Task 8e73b8f7-0b41-4038-a1b2-96b1fbadc36c | ITER: 83 START
2019-08-02 21:47:05.687 22832 INFO rally.task.runner [-] Task 8e73b8f7-0b41-4038-a1b2-96b1fbadc36c | ITER: 64 END: OK
2019-08-02 21:47:05.690 22832 INFO rally.task.runner [-] Task 8e73b8f7-0b41-4038-a1b2-96b1fbadc36c | ITER: 84 START
2019-08-02 21:47:05.808 22872 INFO rally.task.runner [-] Task 8e73b8f7-0b41-4038-a1b2-96b1fbadc36c | ITER: 70 END: OK
2019-08-02 21:47:05.811 22872 INFO rally.task.runner [-] Task 8e73b8f7-0b41-4038-a1b2-96b1fbadc36c | ITER: 85 START
2019-08-02 21:47:05.821 22832 INFO rally.task.runner [-] Task 8e73b8f7-0b41-4038-a1b2-96b1fbadc36c | ITER: 67 END: OK
2019-08-02 21:47:05.824 22832 INFO rally.task.runner [-] Task 8e73b8f7-0b41-4038-a1b2-96b1fbadc36c | ITER: 86 START
2019-08-02 21:47:05.887 22830 INFO rally.task.runner [-] Task 8e73b8f7-0b41-4038-a1b2-96b1fbadc36c | ITER: 63 END: OK
2019-08-02 21:47:05.890 22830 INFO rally.task.runner [-] Task 8e73b8f7-0b41-4038-a1b2-96b1fbadc36c | ITER: 87 START
2019-08-02 21:47:06.066 22831 INFO rally.task.runner [-] Task 8e73b8f7-0b41-4038-a1b2-96b1fbadc36c | ITER: 68 END: OK
2019-08-02 21:47:06.068 22831 INFO rally.task.runner [-] Task 8e73b8f7-0b41-4038-a1b2-96b1fbadc36c | ITER: 88 START
2019-08-02 21:47:06.241 22829 INFO rally.task.runner [-] Task 8e73b8f7-0b41-4038-a1b2-96b1fbadc36c | ITER: 65 END: OK
2019-08-02 21:47:06.244 22829 INFO rally.task.runner [-] Task 8e73b8f7-0b41-4038-a1b2-96b1fbadc36c | ITER: 89 START
2019-08-02 21:47:06.319 22830 INFO rally.task.runner [-] Task 8e73b8f7-0b41-4038-a1b2-96b1fbadc36c | ITER: 71 END: OK
2019-08-02 21:47:06.322 22830 INFO rally.task.runner [-] Task 8e73b8f7-0b41-4038-a1b2-96b1fbadc36c | ITER: 90 START
2019-08-02 21:47:06.361 22873 INFO rally.task.runner [-] Task 8e73b8f7-0b41-4038-a1b2-96b1fbadc36c | ITER: 72 END: OK
2019-08-02 21:47:06.364 22873 INFO rally.task.runner [-] Task 8e73b8f7-0b41-4038-a1b2-96b1fbadc36c | ITER: 91 START
2019-08-02 21:47:06.552 22876 INFO rally.task.runner [-] Task 8e73b8f7-0b41-4038-a1b2-96b1fbadc36c | ITER: 69 END: OK
2019-08-02 21:47:06.554 22834 INFO rally.task.runner [-] Task 8e73b8f7-0b41-4038-a1b2-96b1fbadc36c | ITER: 75 END: OK
2019-08-02 21:47:06.555 22876 INFO rally.task.runner [-] Task 8e73b8f7-0b41-4038-a1b2-96b1fbadc36c | ITER: 92 START
2019-08-02 21:47:06.557 22834 INFO rally.task.runner [-] Task 8e73b8f7-0b41-4038-a1b2-96b1fbadc36c | ITER: 93 START
2019-08-02 21:47:06.558 22842 INFO rally.task.runner [-] Task 8e73b8f7-0b41-4038-a1b2-96b1fbadc36c | ITER: 78 END: OK
2019-08-02 21:47:06.561 22842 INFO rally.task.runner [-] Task 8e73b8f7-0b41-4038-a1b2-96b1fbadc36c | ITER: 94 START
2019-08-02 21:47:06.695 22846 INFO rally.task.runner [-] Task 8e73b8f7-0b41-4038-a1b2-96b1fbadc36c | ITER: 73 END: OK
2019-08-02 21:47:06.698 22846 INFO rally.task.runner [-] Task 8e73b8f7-0b41-4038-a1b2-96b1fbadc36c | ITER: 95 START
2019-08-02 21:47:06.939 22838 INFO rally.task.runner [-] Task 8e73b8f7-0b41-4038-a1b2-96b1fbadc36c | ITER: 76 END: OK
2019-08-02 21:47:06.942 22838 INFO rally.task.runner [-] Task 8e73b8f7-0b41-4038-a1b2-96b1fbadc36c | ITER: 96 START
2019-08-02 21:47:07.094 22863 INFO rally.task.runner [-] Task 8e73b8f7-0b41-4038-a1b2-96b1fbadc36c | ITER: 74 END: OK
2019-08-02 21:47:07.097 22863 INFO rally.task.runner [-] Task 8e73b8f7-0b41-4038-a1b2-96b1fbadc36c | ITER: 97 START
2019-08-02 21:47:07.165 22860 INFO rally.task.runner [-] Task 8e73b8f7-0b41-4038-a1b2-96b1fbadc36c | ITER: 77 END: OK
2019-08-02 21:47:07.168 22860 INFO rally.task.runner [-] Task 8e73b8f7-0b41-4038-a1b2-96b1fbadc36c | ITER: 98 START
2019-08-02 21:47:07.542 22849 INFO rally.task.runner [-] Task 8e73b8f7-0b41-4038-a1b2-96b1fbadc36c | ITER: 81 END: OK
2019-08-02 21:47:07.546 22849 INFO rally.task.runner [-] Task 8e73b8f7-0b41-4038-a1b2-96b1fbadc36c | ITER: 99 START
2019-08-02 21:47:07.662 22832 INFO rally.task.runner [-] Task 8e73b8f7-0b41-4038-a1b2-96b1fbadc36c | ITER: 84 END: OK
2019-08-02 21:47:07.665 22832 INFO rally.task.runner [-] Task 8e73b8f7-0b41-4038-a1b2-96b1fbadc36c | ITER: 100 START
2019-08-02 21:47:07.707 22831 INFO rally.task.runner [-] Task 8e73b8f7-0b41-4038-a1b2-96b1fbadc36c | ITER: 79 END: OK
2019-08-02 21:47:07.823 22853 INFO rally.task.runner [-] Task 8e73b8f7-0b41-4038-a1b2-96b1fbadc36c | ITER: 80 END: OK
2019-08-02 21:47:07.843 22855 INFO rally.task.runner [-] Task 8e73b8f7-0b41-4038-a1b2-96b1fbadc36c | ITER: 82 END: OK
2019-08-02 21:47:07.893 22829 INFO rally.task.runner [-] Task 8e73b8f7-0b41-4038-a1b2-96b1fbadc36c | ITER: 83 END: OK
2019-08-02 21:47:08.035 22831 INFO rally.task.runner [-] Task 8e73b8f7-0b41-4038-a1b2-96b1fbadc36c | ITER: 88 END: OK
2019-08-02 21:47:08.035 22872 INFO rally.task.runner [-] Task 8e73b8f7-0b41-4038-a1b2-96b1fbadc36c | ITER: 85 END: OK
2019-08-02 21:47:08.202 22829 INFO rally.task.runner [-] Task 8e73b8f7-0b41-4038-a1b2-96b1fbadc36c | ITER: 89 END: OK
2019-08-02 21:47:08.632 22873 INFO rally.task.runner [-] Task 8e73b8f7-0b41-4038-a1b2-96b1fbadc36c | ITER: 91 END: OK
2019-08-02 21:47:08.647 22832 INFO rally.task.runner [-] Task 8e73b8f7-0b41-4038-a1b2-96b1fbadc36c | ITER: 86 END: OK
2019-08-02 21:47:08.834 22842 INFO rally.task.runner [-] Task 8e73b8f7-0b41-4038-a1b2-96b1fbadc36c | ITER: 94 END: OK
2019-08-02 21:47:08.926 22846 INFO rally.task.runner [-] Task 8e73b8f7-0b41-4038-a1b2-96b1fbadc36c | ITER: 95 END: OK
2019-08-02 21:47:08.953 22830 INFO rally.task.runner [-] Task 8e73b8f7-0b41-4038-a1b2-96b1fbadc36c | ITER: 87 END: OK
2019-08-02 21:47:08.961 22830 INFO rally.task.runner [-] Task 8e73b8f7-0b41-4038-a1b2-96b1fbadc36c | ITER: 90 END: OK
2019-08-02 21:47:09.064 22876 INFO rally.task.runner [-] Task 8e73b8f7-0b41-4038-a1b2-96b1fbadc36c | ITER: 92 END: OK
2019-08-02 21:47:09.095 22838 INFO rally.task.runner [-] Task 8e73b8f7-0b41-4038-a1b2-96b1fbadc36c | ITER: 96 END: OK
2019-08-02 21:47:09.192 22860 INFO rally.task.runner [-] Task 8e73b8f7-0b41-4038-a1b2-96b1fbadc36c | ITER: 98 END: OK
2019-08-02 21:47:09.204 22834 INFO rally.task.runner [-] Task 8e73b8f7-0b41-4038-a1b2-96b1fbadc36c | ITER: 93 END: OK
2019-08-02 21:47:09.271 22863 INFO rally.task.runner [-] Task 8e73b8f7-0b41-4038-a1b2-96b1fbadc36c | ITER: 97 END: OK
2019-08-02 21:47:09.365 22832 INFO rally.task.runner [-] Task 8e73b8f7-0b41-4038-a1b2-96b1fbadc36c | ITER: 100 END: OK
2019-08-02 21:47:09.457 22849 INFO rally.task.runner [-] Task 8e73b8f7-0b41-4038-a1b2-96b1fbadc36c | ITER: 99 END: OK
2019-08-02 21:47:09.479 22705 INFO rally.task.context [-] Task 8e73b8f7-0b41-4038-a1b2-96b1fbadc36c | Context cleanup@openstack cleanup() started
2019-08-02 21:47:09.481 22705 RALLYDEBUG rally_openstack.cleanup.manager [-] Cleaning up neutron vip objects
2019-08-02 21:47:10.127 22705 RALLYDEBUG rally_openstack.cleanup.manager [-] Cleaning up neutron health_monitor objects
2019-08-02 21:47:10.860 22705 RALLYDEBUG rally_openstack.cleanup.manager [-] Cleaning up neutron pool objects
2019-08-02 21:47:11.500 22705 RALLYDEBUG rally_openstack.cleanup.manager [-] Cleaning up neutron loadbalancer objects
2019-08-02 21:47:12.241 22705 RALLYDEBUG rally_openstack.cleanup.manager [-] Cleaning up neutron floatingip objects
2019-08-02 21:47:13.020 22705 RALLYDEBUG rally_openstack.cleanup.manager [-] Cleaning up neutron port objects
2019-08-02 21:47:13.783 22705 RALLYDEBUG rally_openstack.cleanup.manager [-] Cleaning up neutron subnet objects
2019-08-02 21:47:14.451 22705 RALLYDEBUG rally_openstack.cleanup.manager [-] Cleaning up neutron network objects
2019-08-02 21:47:15.689 22705 RALLYDEBUG rally_openstack.cleanup.manager [-] Deleting neutron.network object s_rally_b9395de7_H2jusvCz (0289ab38-f382-4545-ae9a-f70c9be787df)
2019-08-02 21:47:15.691 22705 RALLYDEBUG rally_openstack.cleanup.manager [-] Deleting neutron.network object s_rally_b9395de7_bk6CJGEf (135e60ca-82d9-4514-bd59-09bf03c62ba6)
2019-08-02 21:47:15.700 22705 RALLYDEBUG rally_openstack.cleanup.manager [-] Deleting neutron.network object s_rally_b9395de7_3OSSvA1P (0449fec7-97b4-4dcf-9157-6ed67c751af6)
2019-08-02 21:47:15.705 22705 RALLYDEBUG rally_openstack.cleanup.manager [-] Deleting neutron.network object s_rally_b9395de7_vvZrzI33 (04aa26f3-2e91-47cf-b48a-b5a493b9eb06)
2019-08-02 21:47:15.708 22705 RALLYDEBUG rally_openstack.cleanup.manager [-] Deleting neutron.network object s_rally_b9395de7_DJCvNazq (14f85102-61e6-4002-9ddf-2748165585b6)
2019-08-02 21:47:15.708 22705 RALLYDEBUG rally_openstack.cleanup.manager [-] Deleting neutron.network object s_rally_b9395de7_ekzhl4Jn (012f33a6-5740-488f-8dc0-6dc05fd95760)
2019-08-02 21:47:15.716 22705 RALLYDEBUG rally_openstack.cleanup.manager [-] Deleting neutron.network object s_rally_b9395de7_2XvWFvyc (171e2db4-0c22-4f49-85d3-3fc188cfae1b)
2019-08-02 21:47:15.723 22705 RALLYDEBUG rally_openstack.cleanup.manager [-] Deleting neutron.network object s_rally_b9395de7_i1gc0ykd (0a49cb56-d672-4a2d-915a-c1fc689d2f57)
2019-08-02 21:47:15.723 22705 RALLYDEBUG rally_openstack.cleanup.manager [-] Deleting neutron.network object s_rally_b9395de7_aH30WdLT (18953acb-fcd5-4e34-b90d-00d2726f93c6)
2019-08-02 21:47:15.729 22705 RALLYDEBUG rally_openstack.cleanup.manager [-] Deleting neutron.network object s_rally_b9395de7_GHgSWCWD (1a0b6dae-f844-4822-9442-dd6cf8908b13)
2019-08-02 21:47:15.752 22705 RALLYDEBUG rally_openstack.cleanup.manager [-] Deleting neutron.network object s_rally_b9395de7_xhlEbqC4 (1d7aaa31-4aa2-4655-ae46-f67a88729097)
2019-08-02 21:47:15.767 22705 RALLYDEBUG rally_openstack.cleanup.manager [-] Deleting neutron.network object s_rally_b9395de7_PqPKuxBZ (1dd24a55-4f7c-4369-82a3-abfbe4d26667)
2019-08-02 21:47:15.780 22705 RALLYDEBUG rally_openstack.cleanup.manager [-] Deleting neutron.network object s_rally_b9395de7_83HF8gNf (20b251b0-4d95-45f5-9df3-4a55bae8cc09)
2019-08-02 21:47:15.804 22705 RALLYDEBUG rally_openstack.cleanup.manager [-] Deleting neutron.network object s_rally_b9395de7_wR38XMBt (236e8813-64ad-4bc7-a21f-5ce8c9e96a4b)
2019-08-02 21:47:15.804 22705 RALLYDEBUG rally_openstack.cleanup.manager [-] Deleting neutron.network object s_rally_b9395de7_XwBxlCbX (240d2868-4ce2-4458-ad81-d51f0e8367ef)
2019-08-02 21:47:15.804 22705 RALLYDEBUG rally_openstack.cleanup.manager [-] Deleting neutron.network object s_rally_b9395de7_cDos5UXG (20b3cd2d-9ef3-4aff-9331-f16e8e9b610d)
2019-08-02 21:47:15.814 22705 RALLYDEBUG rally_openstack.cleanup.manager [-] Deleting neutron.network object s_rally_b9395de7_vkjD9gpI (26119083-ec26-4932-abb8-5e98eb3783d2)
2019-08-02 21:47:15.817 22705 RALLYDEBUG rally_openstack.cleanup.manager [-] Deleting neutron.network object s_rally_b9395de7_WlPTaJhh (2c470f6b-4750-401f-abd4-e74e8bb7f15e)
2019-08-02 21:47:15.824 22705 RALLYDEBUG rally_openstack.cleanup.manager [-] Deleting neutron.network object s_rally_b9395de7_JHQscJS5 (31b1763a-c9bc-47e4-98a3-198693eb2d67)
2019-08-02 21:47:15.834 22705 RALLYDEBUG rally_openstack.cleanup.manager [-] Deleting neutron.network object s_rally_b9395de7_KnVQW3Or (32bd4fb4-c30c-4d27-88de-3fd73aa63a30)
2019-08-02 21:47:18.272 22705 RALLYDEBUG rally_openstack.cleanup.manager [-] Deleting neutron.network object s_rally_b9395de7_aFuTIjgG (32e98a4b-980f-42e3-a3d4-a72798fe46b7)
2019-08-02 21:47:18.506 22705 RALLYDEBUG rally_openstack.cleanup.manager [-] Deleting neutron.network object s_rally_b9395de7_h9mbLa4N (330d62c2-6ab1-4a51-bb1f-fd74e2e0be63)
2019-08-02 21:47:18.604 22705 RALLYDEBUG rally_openstack.cleanup.manager [-] Deleting neutron.network object s_rally_b9395de7_UKQLlMJe (35190e5f-01ad-4ef8-ac8c-c067408a70ce)
2019-08-02 21:47:18.627 22705 RALLYDEBUG rally_openstack.cleanup.manager [-] Deleting neutron.network object s_rally_b9395de7_L2a4M8Gp (35f3c413-2d25-4789-80f4-1f68d63a4a69)
2019-08-02 21:47:18.758 22705 RALLYDEBUG rally_openstack.cleanup.manager [-] Deleting neutron.network object s_rally_b9395de7_JCc4yG7N (3ce7a4a3-c84b-4a4f-bbaf-4dc79c9a2f8f)
2019-08-02 21:47:18.784 22705 RALLYDEBUG rally_openstack.cleanup.manager [-] Deleting neutron.network object s_rally_b9395de7_MI0LOlzf (3e2bc762-45f2-4e01-b6c9-d63f70ea08be)
2019-08-02 21:47:18.817 22705 RALLYDEBUG rally_openstack.cleanup.manager [-] Deleting neutron.network object s_rally_b9395de7_6aZFeZuE (4559de66-890c-4c9b-9a2f-3ce398320c27)
2019-08-02 21:47:19.036 22705 RALLYDEBUG rally_openstack.cleanup.manager [-] Deleting neutron.network object s_rally_b9395de7_NFqOSoIn (460b3678-19ec-4f9d-b3cf-22840fac63ac)
2019-08-02 21:47:19.093 22705 RALLYDEBUG rally_openstack.cleanup.manager [-] Deleting neutron.network object s_rally_b9395de7_jpryP3BY (487f8bfe-02c2-45b2-86ff-67728693b844)
2019-08-02 21:47:19.336 22705 RALLYDEBUG rally_openstack.cleanup.manager [-] Deleting neutron.network object s_rally_b9395de7_yryjAOWJ (4acaa2b5-2ce4-49b9-a2f1-5c4c5bbebe42)
2019-08-02 21:47:19.393 22705 RALLYDEBUG rally_openstack.cleanup.manager [-] Deleting neutron.network object s_rally_b9395de7_D7ohqStf (4cd6358c-0aad-45b1-8c90-e7b708e59b83)
2019-08-02 21:47:19.394 22705 RALLYDEBUG rally_openstack.cleanup.manager [-] Deleting neutron.network object s_rally_b9395de7_CAqpw8Oi (4e9178c0-d852-4006-8c45-ce5433222d23)
2019-08-02 21:47:19.648 22705 RALLYDEBUG rally_openstack.cleanup.manager [-] Deleting neutron.network object s_rally_b9395de7_J1Ot44vZ (50c940a9-7005-41f3-88d1-dbd6833785eb)
2019-08-02 21:47:19.712 22705 RALLYDEBUG rally_openstack.cleanup.manager [-] Deleting neutron.network object s_rally_b9395de7_4cpjDd8T (51b77286-aaa2-4f32-9c82-8b593f822f4a)
2019-08-02 21:47:19.734 22705 RALLYDEBUG rally_openstack.cleanup.manager [-] Deleting neutron.network object s_rally_b9395de7_mN37tBRZ (5304dc04-1b82-45dc-90d9-3242628ef3ca)
2019-08-02 21:47:19.741 22705 RALLYDEBUG rally_openstack.cleanup.manager [-] Deleting neutron.network object s_rally_b9395de7_lPDX6Zz8 (53bf719c-0ee4-4ace-a4d4-092a8fe3ad3d)
2019-08-02 21:47:19.967 22705 RALLYDEBUG rally_openstack.cleanup.manager [-] Deleting neutron.network object s_rally_b9395de7_uRQOkdtj (556fc29c-8313-4d4f-8c76-0ad72df29255)
2019-08-02 21:47:19.968 22705 RALLYDEBUG rally_openstack.cleanup.manager [-] Deleting neutron.network object s_rally_b9395de7_e7AF9c79 (55253fd0-d695-460d-8ade-20b0e7b75232)
2019-08-02 21:47:20.154 22705 RALLYDEBUG rally_openstack.cleanup.manager [-] Deleting neutron.network object s_rally_b9395de7_0iB2rfIs (5e87a9c3-6aaa-40fd-b2a1-e754121ce70f)
2019-08-02 21:47:20.180 22705 RALLYDEBUG rally_openstack.cleanup.manager [-] Deleting neutron.network object s_rally_b9395de7_QUx09V26 (5f2cd3a7-d33f-48e7-addc-ce665b0a4410)
2019-08-02 21:47:20.955 22705 RALLYDEBUG rally_openstack.cleanup.manager [-] Deleting neutron.network object s_rally_b9395de7_WAooBsA8 (5fc5be3e-c9bc-4308-bc9f-bab2a68d4d69)
2019-08-02 21:47:20.975 22705 RALLYDEBUG rally_openstack.cleanup.manager [-] Deleting neutron.network object s_rally_b9395de7_WElSFjPA (610ccc02-c97a-473e-853b-0f00fd9aba0c)
2019-08-02 21:47:21.104 22705 RALLYDEBUG rally_openstack.cleanup.manager [-] Deleting neutron.network object s_rally_b9395de7_uEsDlX5w (646279d0-9c81-4b7e-bb56-bac33606a246)
2019-08-02 21:47:21.222 22705 RALLYDEBUG rally_openstack.cleanup.manager [-] Deleting neutron.network object s_rally_b9395de7_nluUFU4U (6498b1b2-217c-4798-ab0e-2d8a4c0ec7eb)
2019-08-02 21:47:21.477 22705 RALLYDEBUG rally_openstack.cleanup.manager [-] Deleting neutron.network object s_rally_b9395de7_mxuGPWt3 (64b4cbb0-263e-41d5-9e65-efb1d6a622c6)
2019-08-02 21:47:21.518 22705 RALLYDEBUG rally_openstack.cleanup.manager [-] Deleting neutron.network object s_rally_b9395de7_zUbF4VcT (660ca6b9-c2b4-4a0d-bd00-6f0dbfdf69a4)
2019-08-02 21:47:21.768 22705 RALLYDEBUG rally_openstack.cleanup.manager [-] Deleting neutron.network object s_rally_b9395de7_hDiEUm4Q (6c5d6a6b-85cd-4646-a5dd-8a85987affd6)
2019-08-02 21:47:21.861 22705 RALLYDEBUG rally_openstack.cleanup.manager [-] Deleting neutron.network object s_rally_b9395de7_XxpyfvZH (6cb4f3f5-4b23-4443-aea9-4a316e6d85dd)
2019-08-02 21:47:21.864 22705 RALLYDEBUG rally_openstack.cleanup.manager [-] Deleting neutron.network object s_rally_b9395de7_RyinHepn (6ff32a9f-b54f-4695-b736-0e1833aa2088)
2019-08-02 21:47:22.064 22705 RALLYDEBUG rally_openstack.cleanup.manager [-] Deleting neutron.network object s_rally_b9395de7_NLRXpIP3 (71732d80-4a00-4eed-a98d-8b3383e28553)
2019-08-02 21:47:22.075 22705 RALLYDEBUG rally_openstack.cleanup.manager [-] Deleting neutron.network object s_rally_b9395de7_7qnF6PkD (736c6eb9-943f-4480-ad1f-d9502ea38702)
2019-08-02 21:47:22.098 22705 RALLYDEBUG rally_openstack.cleanup.manager [-] Deleting neutron.network object s_rally_b9395de7_bvtmZ4sx (73eb7a52-9830-4be1-a1d1-8544f55a565b)
2019-08-02 21:47:22.118 22705 RALLYDEBUG rally_openstack.cleanup.manager [-] Deleting neutron.network object s_rally_b9395de7_fgxa60GJ (7a681917-4d12-4bf6-b97a-4c092e811715)
2019-08-02 21:47:22.189 22705 RALLYDEBUG rally_openstack.cleanup.manager [-] Deleting neutron.network object s_rally_b9395de7_iEQz6cgh (7a71d6c6-52a3-4249-b0f9-e68899ae4437)
2019-08-02 21:47:22.202 22705 RALLYDEBUG rally_openstack.cleanup.manager [-] Deleting neutron.network object s_rally_b9395de7_fsQ67H2k (7d64ca9a-de0f-40c7-9bc6-b6cfc18f76f7)
2019-08-02 21:47:22.450 22705 RALLYDEBUG rally_openstack.cleanup.manager [-] Deleting neutron.network object s_rally_b9395de7_xYpdhlm2 (7f9d8bea-5fe7-4e36-acda-ce05f7b90a83)
2019-08-02 21:47:22.458 22705 RALLYDEBUG rally_openstack.cleanup.manager [-] Deleting neutron.network object s_rally_b9395de7_sAjrCCKr (7fd945b1-ddc7-48ae-9a85-12a539138fe0)
2019-08-02 21:47:22.527 22705 RALLYDEBUG rally_openstack.cleanup.manager [-] Deleting neutron.network object s_rally_b9395de7_OMLKrBZg (859bfac6-077c-40c2-a4c3-c80544f87599)
2019-08-02 21:47:22.893 22705 RALLYDEBUG rally_openstack.cleanup.manager [-] Deleting neutron.network object s_rally_b9395de7_brai8UpA (86d231cd-1f75-409b-be3c-8c9d45501a6e)
2019-08-02 21:47:22.920 22705 RALLYDEBUG rally_openstack.cleanup.manager [-] Deleting neutron.network object s_rally_b9395de7_IUoc0LIL (8735f5ba-4b70-469b-a088-9ac50c7fd6f9)
2019-08-02 21:47:23.297 22705 RALLYDEBUG rally_openstack.cleanup.manager [-] Deleting neutron.network object s_rally_b9395de7_SfLbooeq (875029ca-d4f7-44a9-9765-b4d27695710c)
2019-08-02 21:47:23.747 22705 RALLYDEBUG rally_openstack.cleanup.manager [-] Deleting neutron.network object s_rally_b9395de7_I3uUnLa1 (87d98ae8-a1a7-47f6-8d1e-1b6ec7c89c13)
2019-08-02 21:47:23.827 22705 RALLYDEBUG rally_openstack.cleanup.manager [-] Deleting neutron.network object s_rally_b9395de7_BgL94Crz (87f07835-dc3f-40f7-9a4b-e65b413e2856)
2019-08-02 21:47:23.852 22705 RALLYDEBUG rally_openstack.cleanup.manager [-] Deleting neutron.network object s_rally_b9395de7_GrvN4fHT (8e099f22-8970-4624-a7f2-454fc72fbb13)
2019-08-02 21:47:24.007 22705 RALLYDEBUG rally_openstack.cleanup.manager [-] Deleting neutron.network object s_rally_b9395de7_192u6Bqs (91e6f89e-bcd1-4049-abcb-e21c59b77781)
2019-08-02 21:47:24.166 22705 RALLYDEBUG rally_openstack.cleanup.manager [-] Deleting neutron.network object s_rally_b9395de7_64fUILlQ (94cdb510-7159-40c3-bdb9-be4f2474ff78)
2019-08-02 21:47:24.447 22705 RALLYDEBUG rally_openstack.cleanup.manager [-] Deleting neutron.network object s_rally_b9395de7_UhMkAIt8 (9508e15e-7754-455f-9ca9-cad7bb611f21)
2019-08-02 21:47:24.663 22705 RALLYDEBUG rally_openstack.cleanup.manager [-] Deleting neutron.network object s_rally_b9395de7_lbhRYvAP (9c6426d0-82b1-4338-821c-cbe7556a0407)
2019-08-02 21:47:24.768 22705 RALLYDEBUG rally_openstack.cleanup.manager [-] Deleting neutron.network object s_rally_b9395de7_CJFFd7JC (9cc7f6f5-143b-4486-a26f-2f4c681ce8f7)
2019-08-02 21:47:24.807 22705 RALLYDEBUG rally_openstack.cleanup.manager [-] Deleting neutron.network object s_rally_b9395de7_9DQ78bzS (9cd72179-d0ea-4cb8-a23e-c926e5110267)
2019-08-02 21:47:24.941 22705 RALLYDEBUG rally_openstack.cleanup.manager [-] Deleting neutron.network object s_rally_b9395de7_SNK8FjB5 (a01f38af-6403-4a1d-ac1c-771a62af41eb)
2019-08-02 21:47:24.998 22705 RALLYDEBUG rally_openstack.cleanup.manager [-] Deleting neutron.network object s_rally_b9395de7_AQgUR9Pu (a0725068-ec13-4347-99ac-cf33d9bba2ec)
2019-08-02 21:47:25.040 22705 RALLYDEBUG rally_openstack.cleanup.manager [-] Deleting neutron.network object s_rally_b9395de7_5Uy4DR37 (a337699a-e2d1-4bf2-839e-543a82edccf2)
2019-08-02 21:47:25.055 22705 RALLYDEBUG rally_openstack.cleanup.manager [-] Deleting neutron.network object s_rally_b9395de7_uYH2tFlD (a4591fb9-60e7-47e7-9dfa-6cd950509d4b)
2019-08-02 21:47:25.096 22705 RALLYDEBUG rally_openstack.cleanup.manager [-] Deleting neutron.network object s_rally_b9395de7_ZXp81SEa (a5a6f847-bd54-4ba7-b3be-9b313b9ee49d)
2019-08-02 21:47:25.116 22705 RALLYDEBUG rally_openstack.cleanup.manager [-] Deleting neutron.network object s_rally_b9395de7_vldnpUcQ (a6e6744a-0a3a-44fb-9b21-e482092c7d77)
2019-08-02 21:47:25.142 22705 RALLYDEBUG rally_openstack.cleanup.manager [-] Deleting neutron.network object s_rally_b9395de7_UlxpSCkD (a6e737c8-dde7-45d1-83d0-16252a5641a9)
2019-08-02 21:47:25.207 22705 RALLYDEBUG rally_openstack.cleanup.manager [-] Deleting neutron.network object s_rally_b9395de7_EFPjsIUl (af0cdfa1-8a81-4ad0-b280-a9533361da41)
2019-08-02 21:47:25.352 22705 RALLYDEBUG rally_openstack.cleanup.manager [-] Deleting neutron.network object s_rally_b9395de7_8z7itOmF (b61c1626-2a33-46a2-bd95-bf1d4f243989)
2019-08-02 21:47:25.609 22705 RALLYDEBUG rally_openstack.cleanup.manager [-] Deleting neutron.network object s_rally_b9395de7_Nss2OWVK (b750bf95-663a-4e47-8b39-2eefba0b977d)
2019-08-02 21:47:25.628 22705 RALLYDEBUG rally_openstack.cleanup.manager [-] Deleting neutron.network object s_rally_b9395de7_r70WKDDl (b9a6ccd1-d318-4eef-8859-9475b72613c0)
2019-08-02 21:47:26.175 22705 RALLYDEBUG rally_openstack.cleanup.manager [-] Deleting neutron.network object s_rally_b9395de7_WqZModyF (bac2ae80-15bc-45f3-9a94-023147844d21)
2019-08-02 21:47:26.293 22705 RALLYDEBUG rally_openstack.cleanup.manager [-] Deleting neutron.network object s_rally_b9395de7_mXDq34St (bb38626e-5637-4ac8-b095-3b378343df3f)
2019-08-02 21:47:26.435 22705 RALLYDEBUG rally_openstack.cleanup.manager [-] Deleting neutron.network object s_rally_b9395de7_hnQQXRIh (bb7cf683-a49d-4e32-8223-42eb384ea6d8)
2019-08-02 21:47:26.568 22705 RALLYDEBUG rally_openstack.cleanup.manager [-] Deleting neutron.network object s_rally_b9395de7_ScYtXSNJ (c43e42e7-a6fa-4a0a-abfc-c32638c02d7c)
2019-08-02 21:47:26.735 22705 RALLYDEBUG rally_openstack.cleanup.manager [-] Deleting neutron.network object s_rally_b9395de7_fzAGfsxe (c4c0321a-c38b-4915-ac7f-0920c5cf2e3f)
2019-08-02 21:47:27.095 22705 RALLYDEBUG rally_openstack.cleanup.manager [-] Deleting neutron.network object s_rally_b9395de7_UYR5RJXJ (c97a5f83-c983-477c-a92b-07a540a24fe9)
2019-08-02 21:47:27.430 22705 RALLYDEBUG rally_openstack.cleanup.manager [-] Deleting neutron.network object s_rally_b9395de7_SIiSYzWy (ca946d85-7239-45ce-967b-14662901734d)
2019-08-02 21:47:27.608 22705 RALLYDEBUG rally_openstack.cleanup.manager [-] Deleting neutron.network object s_rally_b9395de7_yoDmi1nO (d499c389-369b-4e34-9c5b-f6f15098ae7a)
2019-08-02 21:47:27.622 22705 RALLYDEBUG rally_openstack.cleanup.manager [-] Deleting neutron.network object s_rally_b9395de7_xWs2N7pK (d52dfc8c-243c-4336-a887-1f0712479a10)
2019-08-02 21:47:27.765 22705 RALLYDEBUG rally_openstack.cleanup.manager [-] Deleting neutron.network object s_rally_b9395de7_n7Ycqu7D (d8000cf2-a987-4d0c-84a0-7047797e343a)
2019-08-02 21:47:27.859 22705 RALLYDEBUG rally_openstack.cleanup.manager [-] Deleting neutron.network object s_rally_b9395de7_HBxpcb5c (de5ad799-0fdc-4620-878a-8f46afcd7bd2)
2019-08-02 21:47:27.884 22705 RALLYDEBUG rally_openstack.cleanup.manager [-] Deleting neutron.network object s_rally_b9395de7_qs1hTRHm (df1fcdaa-8f68-407f-9b8b-43aa1468ad04)
2019-08-02 21:47:27.912 22705 RALLYDEBUG rally_openstack.cleanup.manager [-] Deleting neutron.network object s_rally_b9395de7_vt2OlI4X (e410f373-db36-413b-86e3-07d31c61159a)
2019-08-02 21:47:28.117 22705 RALLYDEBUG rally_openstack.cleanup.manager [-] Deleting neutron.network object s_rally_b9395de7_h9HoXdgE (e56b232b-3796-4276-b7ed-9f10b7f607bf)
2019-08-02 21:47:28.140 22705 RALLYDEBUG rally_openstack.cleanup.manager [-] Deleting neutron.network object s_rally_b9395de7_KGzm8DsZ (ef022d26-2667-4130-b552-7590211216d3)
