2019-08-02 22:06:38.311 22705 RALLYDEBUG rally_openstack.cleanup.manager [-] Deleting neutron.port object s_rally_5d368230_qYvffcja (548e27dd-9f8d-40dd-927e-892bc69c9a0e)
2019-08-02 22:06:38.446 22705 RALLYDEBUG rally_openstack.cleanup.manager [-] Deleting neutron.port object s_rally_5d368230_rgV8gTcH (54e1580b-3517-4e2a-8d86-071b845c0230)
2019-08-02 22:06:38.459 22705 RALLYDEBUG rally_openstack.cleanup.manager [-] Deleting neutron.port object s_rally_5d368230_oPjLECdc (5bb85592-aa9b-430a-a92f-b33c9773e719)
2019-08-02 22:06:38.460 22705 RALLYDEBUG rally_openstack.cleanup.manager [-] Deleting neutron.port object s_rally_5d368230_U4dEmkM5 (54eaadaf-76d9-4ba7-a8c8-6cc6d0dc6b45)
2019-08-02 22:06:38.572 22705 RALLYDEBUG rally_openstack.cleanup.manager [-] Deleting neutron.port object s_rally_5d368230_nI29th52 (5be03e51-5152-4a42-a4c3-b1271439958f)
2019-08-02 22:06:38.618 22705 RALLYDEBUG rally_openstack.cleanup.manager [-] Deleting neutron.port object s_rally_5d368230_lmkp8eJ7 (5eac23e7-a21c-4b10-bc29-76bde78cc947)
2019-08-02 22:06:38.637 22705 RALLYDEBUG rally_openstack.cleanup.manager [-] Deleting neutron.port object s_rally_5d368230_4qYZrhCb (5f804da2-91db-4283-ab17-c6c911113f67)
2019-08-02 22:06:38.643 22705 RALLYDEBUG rally_openstack.cleanup.manager [-] Deleting neutron.port object s_rally_5d368230_9PP6gscB (5f9f400b-ef95-4550-aaca-057e6b750f2b)
2019-08-02 22:06:38.784 22705 RALLYDEBUG rally_openstack.cleanup.manager [-] Deleting neutron.port object s_rally_5d368230_Mrs4tHUU (5fef7b3d-b95a-4590-bb63-e4998a7d545f)
2019-08-02 22:06:38.815 22705 RALLYDEBUG rally_openstack.cleanup.manager [-] Deleting neutron.port object s_rally_5d368230_D1cKF6Lk (609cd6e1-6192-4841-b57f-25f85d05a9cf)
2019-08-02 22:06:39.087 22705 RALLYDEBUG rally_openstack.cleanup.manager [-] Deleting neutron.port object s_rally_5d368230_mkV8FPmw (60d82911-b809-4b68-a415-4943c788b813)
2019-08-02 22:06:39.252 22705 RALLYDEBUG rally_openstack.cleanup.manager [-] Deleting neutron.port object s_rally_5d368230_fBRrqxDA (634ee185-c6da-4c43-85f5-f11af6151bcd)
2019-08-02 22:06:40.149 22705 RALLYDEBUG rally_openstack.cleanup.manager [-] Deleting neutron.port object s_rally_5d368230_pvweUH04 (66d72f5a-6899-4791-8bf6-057d2f01d48c)
2019-08-02 22:06:40.269 22705 RALLYDEBUG rally_openstack.cleanup.manager [-] Deleting neutron.port object s_rally_5d368230_3Q6Sabj0 (6902f26a-f398-45e9-89ec-84a41434b4d5)
2019-08-02 22:06:40.343 22705 RALLYDEBUG rally_openstack.cleanup.manager [-] Deleting neutron.port object s_rally_5d368230_7zH90Frk (698132de-bcb5-4e66-b20b-3ed89eb6194c)
2019-08-02 22:06:40.690 22705 RALLYDEBUG rally_openstack.cleanup.manager [-] Deleting neutron.port object s_rally_5d368230_L2FQbaz5 (6998c183-45eb-4b33-b2b4-3babf8e3a085)
2019-08-02 22:06:40.756 22705 RALLYDEBUG rally_openstack.cleanup.manager [-] Deleting neutron.port object s_rally_5d368230_yovFzAzt (6a19263a-35c6-4317-b9c7-9612ef5195c7)
2019-08-02 22:06:40.782 22705 RALLYDEBUG rally_openstack.cleanup.manager [-] Deleting neutron.port object s_rally_5d368230_6loWj1n2 (6a3420b5-dc92-4d89-b3c8-f57049a523ac)
2019-08-02 22:06:40.791 22705 RALLYDEBUG rally_openstack.cleanup.manager [-] Deleting neutron.port object s_rally_5d368230_xOXB4096 (6ab58f9d-eb6b-446e-a7ff-35e595d4d127)
2019-08-02 22:06:40.820 22705 RALLYDEBUG rally_openstack.cleanup.manager [-] Deleting neutron.port object s_rally_5d368230_IIYAAXmh (6ae03d01-8100-4396-bb4b-f75b6fd3753a)
2019-08-02 22:06:40.904 22705 RALLYDEBUG rally_openstack.cleanup.manager [-] Deleting neutron.port object s_rally_5d368230_Ny7FQme4 (6c8b5f12-7356-48cd-a8b7-15a87357924d)
2019-08-02 22:06:40.939 22705 RALLYDEBUG rally_openstack.cleanup.manager [-] Deleting neutron.port object s_rally_5d368230_tbsR7utH (6ddd810e-b754-4fcf-8239-9e370ce03fe0)
2019-08-02 22:06:40.952 22705 RALLYDEBUG rally_openstack.cleanup.manager [-] Deleting neutron.port object s_rally_5d368230_XRYxu2Mh (6e7da687-a1c7-4867-aa66-ce5a5fed7706)
2019-08-02 22:06:41.052 22705 RALLYDEBUG rally_openstack.cleanup.manager [-] Deleting neutron.port object s_rally_5d368230_YcXa2TpO (6e8d45de-5a9a-4991-a14c-a12dc9c4f8a7)
2019-08-02 22:06:41.244 22705 RALLYDEBUG rally_openstack.cleanup.manager [-] Deleting neutron.port object s_rally_5d368230_shFGe8FX (6e99de26-e149-4ef8-908a-5e115382fe24)
2019-08-02 22:06:41.295 22705 RALLYDEBUG rally_openstack.cleanup.manager [-] Deleting neutron.port object s_rally_5d368230_bgKdk8aY (6f6d6e52-6d92-4b45-8857-889e7c89f53b)
2019-08-02 22:06:41.338 22705 RALLYDEBUG rally_openstack.cleanup.manager [-] Deleting neutron.port object s_rally_5d368230_FaYQnovV (6f752a5a-ce29-4707-9677-7eb1396ae194)
2019-08-02 22:06:41.404 22705 RALLYDEBUG rally_openstack.cleanup.manager [-] Deleting neutron.port object s_rally_5d368230_ti1OLXV0 (6f91aa48-b917-458f-b050-195abdbeb714)
2019-08-02 22:06:41.437 22705 RALLYDEBUG rally_openstack.cleanup.manager [-] Deleting neutron.port object s_rally_5d368230_n0CttR0v (6fe46028-f8c9-48cb-b3b0-59887d688e23)
2019-08-02 22:06:41.558 22705 RALLYDEBUG rally_openstack.cleanup.manager [-] Deleting neutron.port object s_rally_5d368230_xw8ai9vQ (70fe2224-d3da-4f31-a220-18b071404710)
2019-08-02 22:06:41.575 22705 RALLYDEBUG rally_openstack.cleanup.manager [-] Deleting neutron.port object s_rally_5d368230_nwOe9zfD (71b419e7-72c5-4807-a1f7-ccd1b4bfd5bf)
2019-08-02 22:06:41.584 22705 RALLYDEBUG rally_openstack.cleanup.manager [-] Deleting neutron.port object s_rally_5d368230_07hUjNhB (721e85d7-dfbf-44c5-8e40-93eb1d713d00)
2019-08-02 22:06:42.595 22705 RALLYDEBUG rally_openstack.cleanup.manager [-] Deleting neutron.port object s_rally_5d368230_XqeQRAY8 (79b9e7bd-8bcb-4173-874a-b84f156bba58)
2019-08-02 22:06:42.722 22705 RALLYDEBUG rally_openstack.cleanup.manager [-] Deleting neutron.port object s_rally_5d368230_dvrZjWqu (7a6ff67c-de9a-4068-bec2-53b129da585e)
2019-08-02 22:06:42.958 22705 RALLYDEBUG rally_openstack.cleanup.manager [-] Deleting neutron.port object s_rally_5d368230_hx4oC8P5 (7bc25c49-9f2a-4082-9e40-8644eef9fa1e)
2019-08-02 22:06:43.072 22705 RALLYDEBUG rally_openstack.cleanup.manager [-] Deleting neutron.port object s_rally_5d368230_qwQLK40j (7cf8028a-63df-4001-bc9e-c6c7fb92375d)
2019-08-02 22:06:43.081 22705 RALLYDEBUG rally_openstack.cleanup.manager [-] Deleting neutron.port object s_rally_5d368230_mXdWgTJY (7fbb7ad8-6e73-440f-9955-d4756bddba70)
2019-08-02 22:06:43.207 22705 RALLYDEBUG rally_openstack.cleanup.manager [-] Deleting neutron.port object s_rally_5d368230_SKeWSUK2 (8126a895-4c53-43ab-82e4-cd1a74087cc7)
2019-08-02 22:06:43.255 22705 RALLYDEBUG rally_openstack.cleanup.manager [-] Deleting neutron.port object s_rally_5d368230_1L0bLDBq (81426fcb-a280-4765-9a9f-bf234a8bb1e9)
2019-08-02 22:06:43.317 22705 RALLYDEBUG rally_openstack.cleanup.manager [-] Deleting neutron.port object s_rally_5d368230_I8fj8hbX (83a0c925-39bd-4b12-84b1-192d6a779c1d)
2019-08-02 22:06:43.414 22705 RALLYDEBUG rally_openstack.cleanup.manager [-] Deleting neutron.port object s_rally_5d368230_AgjdYySC (8402a112-adda-4d9f-a0b3-b44234eff463)
2019-08-02 22:06:43.462 22705 RALLYDEBUG rally_openstack.cleanup.manager [-] Deleting neutron.port object s_rally_5d368230_M7D5PMZT (849a14d1-07f6-410d-852f-b719019606ad)
2019-08-02 22:06:43.522 22705 RALLYDEBUG rally_openstack.cleanup.manager [-] Deleting neutron.port object s_rally_5d368230_J7E0eInq (8678ac5f-144b-4a15-b754-6004e3f58897)
2019-08-02 22:06:43.636 22705 RALLYDEBUG rally_openstack.cleanup.manager [-] Deleting neutron.port object s_rally_5d368230_GTAhMOSJ (86f8be9a-3dc4-4991-b3e3-71e327912a16)
2019-08-02 22:06:43.672 22705 RALLYDEBUG rally_openstack.cleanup.manager [-] Deleting neutron.port object s_rally_5d368230_0Kne9yRF (8760b2fa-7204-4679-992d-a2ca6dafda78)
2019-08-02 22:06:43.767 22705 RALLYDEBUG rally_openstack.cleanup.manager [-] Deleting neutron.port object s_rally_5d368230_jXQ8Updb (8b6c3cef-5c71-496e-baa1-887a9fd716ee)
2019-08-02 22:06:44.014 22705 RALLYDEBUG rally_openstack.cleanup.manager [-] Deleting neutron.port object s_rally_5d368230_pUbDTZqG (8db3fd3f-622d-4e72-b866-6c14e1e45271)
2019-08-02 22:06:44.040 22705 RALLYDEBUG rally_openstack.cleanup.manager [-] Deleting neutron.port object s_rally_5d368230_4aKZ2Ouz (8e52ee5a-8ebd-463d-8d3c-01eeaa996e8c)
2019-08-02 22:06:44.150 22705 RALLYDEBUG rally_openstack.cleanup.manager [-] Deleting neutron.port object s_rally_5d368230_d2A90nlY (907261ff-86ab-4c13-b237-38792589b87e)
2019-08-02 22:06:44.169 22705 RALLYDEBUG rally_openstack.cleanup.manager [-] Deleting neutron.port object s_rally_5d368230_zsFEzTgf (90a1d6cd-3b3d-4a8e-bb8c-6e38085e1e5c)
2019-08-02 22:06:44.311 22705 RALLYDEBUG rally_openstack.cleanup.manager [-] Deleting neutron.port object s_rally_5d368230_u82nlD9a (91300bf6-ebd5-4fc3-a38e-34bf2cbe1659)
2019-08-02 22:06:44.442 22705 RALLYDEBUG rally_openstack.cleanup.manager [-] Deleting neutron.port object s_rally_5d368230_aan0G4W0 (9142d2da-e81f-4bef-8535-4275ba21db98)
2019-08-02 22:06:44.718 22705 RALLYDEBUG rally_openstack.cleanup.manager [-] Deleting neutron.port object s_rally_5d368230_QayqZfoJ (92b8e614-74cb-4a04-933c-3358c3735936)
2019-08-02 22:06:45.172 22705 RALLYDEBUG rally_openstack.cleanup.manager [-] Deleting neutron.port object s_rally_5d368230_PlejIhlO (92f18a9d-7cd8-4a27-9dad-028819b8db40)
2019-08-02 22:06:45.196 22705 RALLYDEBUG rally_openstack.cleanup.manager [-] Deleting neutron.port object s_rally_5d368230_1qgbUJfe (9574602b-260b-4833-81cc-c694ca741153)
2019-08-02 22:06:45.221 22705 RALLYDEBUG rally_openstack.cleanup.manager [-] Deleting neutron.port object s_rally_5d368230_5ZGCsnUs (96c5b5ea-07f2-49b6-ac85-f989d1a12709)
2019-08-02 22:06:45.358 22705 RALLYDEBUG rally_openstack.cleanup.manager [-] Deleting neutron.port object s_rally_5d368230_SaMkhOGF (9817bd3e-d7af-460a-90e3-87c516ac816d)
2019-08-02 22:06:45.532 22705 RALLYDEBUG rally_openstack.cleanup.manager [-] Deleting neutron.port object s_rally_5d368230_o2uiFjsq (98ea7e60-85ff-4bad-bda4-57acf3bf7c54)
2019-08-02 22:06:45.621 22705 RALLYDEBUG rally_openstack.cleanup.manager [-] Deleting neutron.port object s_rally_5d368230_wXdA551R (9bd80590-fb94-4a3f-81e7-ed4034f92a3f)
2019-08-02 22:06:45.640 22705 RALLYDEBUG rally_openstack.cleanup.manager [-] Deleting neutron.port object s_rally_5d368230_XuV3zL8Y (9c0ac75c-0917-48d1-ab29-bfd0774a8c85)
2019-08-02 22:06:45.860 22705 RALLYDEBUG rally_openstack.cleanup.manager [-] Deleting neutron.port object s_rally_5d368230_KZYBjtU9 (9d1e5f03-6c12-4ab3-8ad6-9a031b139173)
2019-08-02 22:06:45.954 22705 RALLYDEBUG rally_openstack.cleanup.manager [-] Deleting neutron.port object s_rally_5d368230_IjOmAdLX (9de1a9df-7a4e-42f4-8845-67c5633fe9e4)
2019-08-02 22:06:46.063 22705 RALLYDEBUG rally_openstack.cleanup.manager [-] Deleting neutron.port object s_rally_5d368230_buGDIdlq (9f6541c7-d9be-4e46-b5ce-1473746503df)
2019-08-02 22:06:46.084 22705 RALLYDEBUG rally_openstack.cleanup.manager [-] Deleting neutron.port object s_rally_5d368230_0xZXVKDr (a15afb02-542f-44a7-9340-1e4664987916)
2019-08-02 22:06:46.129 22705 RALLYDEBUG rally_openstack.cleanup.manager [-] Deleting neutron.port object s_rally_5d368230_xuHjbIhJ (a215e25d-795b-467e-95a5-26baabf956fb)
2019-08-02 22:06:46.282 22705 RALLYDEBUG rally_openstack.cleanup.manager [-] Deleting neutron.port object s_rally_5d368230_SGQIpPV9 (a454d396-e71b-422e-b5ab-17d4b2b6bc4c)
2019-08-02 22:06:46.338 22705 RALLYDEBUG rally_openstack.cleanup.manager [-] Deleting neutron.port object s_rally_5d368230_uJNFP1dT (a7cf5299-31a8-4898-a0cf-6ffa4a155a65)
2019-08-02 22:06:46.401 22705 RALLYDEBUG rally_openstack.cleanup.manager [-] Deleting neutron.port object s_rally_5d368230_9n3Z6daW (a8d9d0ea-949b-4923-8b2c-20973dbc8479)
2019-08-02 22:06:46.459 22705 RALLYDEBUG rally_openstack.cleanup.manager [-] Deleting neutron.port object s_rally_5d368230_Wj6lpht3 (a8f3f330-2297-404b-a403-3adae03ea277)
2019-08-02 22:06:46.604 22705 RALLYDEBUG rally_openstack.cleanup.manager [-] Deleting neutron.port object s_rally_5d368230_o5vDyQ6A (acb0f42c-ec26-476d-94c2-88ab04dd2adf)
2019-08-02 22:06:46.651 22705 RALLYDEBUG rally_openstack.cleanup.manager [-] Deleting neutron.port object s_rally_5d368230_N5sqBAxn (ad0dd059-16be-4676-88c0-0333bc33e8e1)
2019-08-02 22:06:47.005 22705 RALLYDEBUG rally_openstack.cleanup.manager [-] Deleting neutron.port object s_rally_5d368230_Uq4VWMwM (ad2b571e-fae0-45fe-b63a-a6df122dfca2)
2019-08-02 22:06:47.014 22705 RALLYDEBUG rally_openstack.cleanup.manager [-] Deleting neutron.port object s_rally_5d368230_Wwpb1NIr (afaeaea3-fa31-4d62-9d24-3236424ad76a)
2019-08-02 22:06:47.381 22705 RALLYDEBUG rally_openstack.cleanup.manager [-] Deleting neutron.port object s_rally_5d368230_w22616Z7 (b1fd5092-91b3-463d-bc18-e94ea5a36c9f)
2019-08-02 22:06:47.470 22705 RALLYDEBUG rally_openstack.cleanup.manager [-] Deleting neutron.port object s_rally_5d368230_QkK5mnat (b3cf3cd6-afa5-48ad-85b8-063c5f8b204a)
2019-08-02 22:06:47.759 22705 RALLYDEBUG rally_openstack.cleanup.manager [-] Deleting neutron.port object s_rally_5d368230_jP5o4tjs (b4416af6-19a6-48be-a0f3-cee1a682c5f9)
2019-08-02 22:06:47.776 22705 RALLYDEBUG rally_openstack.cleanup.manager [-] Deleting neutron.port object s_rally_5d368230_QX9AAlT0 (b4662e9f-aa9d-4fb2-a706-d69963fa3b6b)
2019-08-02 22:06:48.067 22705 RALLYDEBUG rally_openstack.cleanup.manager [-] Deleting neutron.port object s_rally_5d368230_3BFq89Mw (b5386130-f3ac-47d2-8acc-60ec39e7aeb8)
2019-08-02 22:06:48.091 22705 RALLYDEBUG rally_openstack.cleanup.manager [-] Deleting neutron.port object s_rally_5d368230_4MCOP76e (b5bd58b8-fcdb-4d9f-bfb9-82aba82e3ef6)
2019-08-02 22:06:48.228 22705 RALLYDEBUG rally_openstack.cleanup.manager [-] Deleting neutron.port object s_rally_5d368230_ZFVZYRmC (b6d16cf2-82a2-4c50-a265-9e4b03979226)
2019-08-02 22:06:48.279 22705 RALLYDEBUG rally_openstack.cleanup.manager [-] Deleting neutron.port object s_rally_5d368230_qmk6lPTH (b770649a-5c76-47b8-a7be-19bd06f6b94a)
2019-08-02 22:06:48.346 22705 RALLYDEBUG rally_openstack.cleanup.manager [-] Deleting neutron.port object s_rally_5d368230_BDLehNzX (b94c6f13-fa38-43ac-8422-004b03503565)
2019-08-02 22:06:48.368 22705 RALLYDEBUG rally_openstack.cleanup.manager [-] Deleting neutron.port object s_rally_5d368230_u08INvGr (bcc22a3f-2921-4b53-8233-b85be5f0ede3)
2019-08-02 22:06:48.536 22705 RALLYDEBUG rally_openstack.cleanup.manager [-] Deleting neutron.port object s_rally_5d368230_N2zy6fF8 (bd950f0a-8c4f-4a98-9924-a21a615c0db0)
2019-08-02 22:06:48.614 22705 RALLYDEBUG rally_openstack.cleanup.manager [-] Deleting neutron.port object s_rally_5d368230_4pyqUyqI (c0beb5e3-351d-4cae-a8a4-f580d25e65d4)
2019-08-02 22:06:48.681 22705 RALLYDEBUG rally_openstack.cleanup.manager [-] Deleting neutron.port object s_rally_5d368230_hvavECMW (c27bf68a-c983-414e-9a27-3c5960fd90aa)
2019-08-02 22:06:48.711 22705 RALLYDEBUG rally_openstack.cleanup.manager [-] Deleting neutron.port object s_rally_5d368230_tgyLrrer (c28e21e1-8f4b-43df-884f-f4ec536fdd6b)
2019-08-02 22:06:48.807 22705 RALLYDEBUG rally_openstack.cleanup.manager [-] Deleting neutron.port object s_rally_5d368230_sJXrzkdG (c292669d-53a7-4aba-9742-99da325cc033)
2019-08-02 22:06:48.913 22705 RALLYDEBUG rally_openstack.cleanup.manager [-] Deleting neutron.port object s_rally_5d368230_52oKqUKh (c4b39dc8-f49f-42cc-b111-d10e8c615393)
2019-08-02 22:06:49.167 22705 RALLYDEBUG rally_openstack.cleanup.manager [-] Deleting neutron.port object s_rally_5d368230_RuFwgWI8 (c5a4f8dc-f5e8-4d15-b34a-bd4c43666d2d)
2019-08-02 22:06:49.177 22705 RALLYDEBUG rally_openstack.cleanup.manager [-] Deleting neutron.port object s_rally_5d368230_GYm6ZLW5 (c69f6fad-d5b5-46a9-9dc9-bc1a6bf046ff)
2019-08-02 22:06:49.338 22705 RALLYDEBUG rally_openstack.cleanup.manager [-] Deleting neutron.port object s_rally_5d368230_t2UgovIw (c6aa95b8-f393-4131-af1a-15880ba3a51f)
2019-08-02 22:06:49.457 22705 RALLYDEBUG rally_openstack.cleanup.manager [-] Deleting neutron.port object s_rally_5d368230_kqg5aVaO (c75cbd29-4e16-4691-8e67-95ae718894d6)
2019-08-02 22:06:49.595 22705 RALLYDEBUG rally_openstack.cleanup.manager [-] Deleting neutron.port object s_rally_5d368230_iwV2Wu2x (c8236158-0f8f-4f6e-b212-acac85c5eeb9)
2019-08-02 22:06:49.811 22705 RALLYDEBUG rally_openstack.cleanup.manager [-] Deleting neutron.port object s_rally_5d368230_XLejzSCo (ca5dfa2a-c9dd-4c90-8aab-a6e7a932b779)
2019-08-02 22:06:50.065 22705 RALLYDEBUG rally_openstack.cleanup.manager [-] Deleting neutron.port object s_rally_5d368230_A3D8Wnqt (cb582396-d202-447e-80bf-d393de126c53)
2019-08-02 22:06:50.253 22705 RALLYDEBUG rally_openstack.cleanup.manager [-] Deleting neutron.port object s_rally_5d368230_UaGcO2Lx (cde3d7db-6c25-41ff-b675-bc895990e582)
2019-08-02 22:06:50.264 22705 RALLYDEBUG rally_openstack.cleanup.manager [-] Deleting neutron.port object s_rally_5d368230_ocjPOnkt (d107390b-f5e9-47ad-91ce-a1f1fd980e44)
2019-08-02 22:06:50.527 22705 RALLYDEBUG rally_openstack.cleanup.manager [-] Deleting neutron.port object s_rally_5d368230_2DBFwNQE (d15fd2e4-0e75-46e8-ac91-8e4788f2ac50)
2019-08-02 22:06:50.557 22705 RALLYDEBUG rally_openstack.cleanup.manager [-] Deleting neutron.port object s_rally_5d368230_EC5ZZVa5 (d2e42449-ad87-45c4-83b4-de45f3488d08)
2019-08-02 22:06:50.660 22705 RALLYDEBUG rally_openstack.cleanup.manager [-] Deleting neutron.port object s_rally_5d368230_jbsJGBfe (d3186080-dbcb-4e9a-8bab-69e7652a25d9)
2019-08-02 22:06:50.786 22705 RALLYDEBUG rally_openstack.cleanup.manager [-] Deleting neutron.port object s_rally_5d368230_7AMSTCB7 (d44ff82a-9255-42e4-9699-238bd86ee766)
2019-08-02 22:06:50.790 22705 RALLYDEBUG rally_openstack.cleanup.manager [-] Deleting neutron.port object s_rally_5d368230_4rLnjdqX (d5af8783-837e-49fc-b2f4-640cc9b05a5f)
2019-08-02 22:06:51.057 22705 RALLYDEBUG rally_openstack.cleanup.manager [-] Deleting neutron.port object s_rally_5d368230_sPFIVDHP (d5d246af-8919-4f61-8130-94189169fac9)
2019-08-02 22:06:51.315 22705 RALLYDEBUG rally_openstack.cleanup.manager [-] Deleting neutron.port object s_rally_5d368230_kKbElRHM (d698be2f-b246-4b08-905d-569109d9464a)
2019-08-02 22:06:51.319 22705 RALLYDEBUG rally_openstack.cleanup.manager [-] Deleting neutron.port object s_rally_5d368230_JnZwntma (d706e5fc-1385-4c8e-998e-dc91d1bbc5e5)
2019-08-02 22:06:51.510 22705 RALLYDEBUG rally_openstack.cleanup.manager [-] Deleting neutron.port object s_rally_5d368230_jqQO8Pp0 (d7236e4a-afc6-46d0-bdfe-68f2b9248626)
2019-08-02 22:06:51.539 22705 RALLYDEBUG rally_openstack.cleanup.manager [-] Deleting neutron.port object s_rally_5d368230_osxUVMPN (d89752d2-0f8d-4c95-a715-35d64e29638d)
2019-08-02 22:06:51.554 22705 RALLYDEBUG rally_openstack.cleanup.manager [-] Deleting neutron.port object s_rally_5d368230_FS3el0jO (d8b316ee-d57a-4e21-a5dd-90893e67c026)
2019-08-02 22:06:51.560 22705 RALLYDEBUG rally_openstack.cleanup.manager [-] Deleting neutron.port object s_rally_5d368230_2pSKTceq (dc000ec0-c6d9-4849-8326-876bb23faf23)
2019-08-02 22:06:51.565 22705 RALLYDEBUG rally_openstack.cleanup.manager [-] Deleting neutron.port object s_rally_5d368230_RTIZcMth (dde85a00-c7b5-44db-90a4-38fba1803f21)
2019-08-02 22:06:51.634 22705 RALLYDEBUG rally_openstack.cleanup.manager [-] Deleting neutron.port object s_rally_5d368230_OWKVDy0C (def6f991-04da-42e0-8c3b-46fd3d276222)
2019-08-02 22:06:51.745 22705 RALLYDEBUG rally_openstack.cleanup.manager [-] Deleting neutron.port object s_rally_5d368230_TbJClVNu (df63351e-1178-43b1-910b-3cfcc0cf3d70)
2019-08-02 22:06:51.750 22705 RALLYDEBUG rally_openstack.cleanup.manager [-] Deleting neutron.port object s_rally_5d368230_1mL75bzj (dfe84358-0ac3-4c92-999c-5ed9d94ed3a5)
2019-08-02 22:06:52.069 22705 RALLYDEBUG rally_openstack.cleanup.manager [-] Deleting neutron.port object s_rally_5d368230_uQ1wQqw6 (e15aead9-b598-4f49-ab83-b0979716b103)
2019-08-02 22:06:52.231 22705 RALLYDEBUG rally_openstack.cleanup.manager [-] Deleting neutron.port object s_rally_5d368230_9KZsbubX (e2cba649-3df8-4257-a6cc-234d5080daf1)
2019-08-02 22:06:52.435 22705 RALLYDEBUG rally_openstack.cleanup.manager [-] Deleting neutron.port object s_rally_5d368230_woUZ2iJh (e41fec7c-e6d7-4b06-bb96-f3befe692daa)
2019-08-02 22:06:52.486 22705 RALLYDEBUG rally_openstack.cleanup.manager [-] Deleting neutron.port object s_rally_5d368230_WZ9TNzgp (e4428461-b1de-400b-9bbc-2fc231846e3b)
2019-08-02 22:06:52.815 22705 RALLYDEBUG rally_openstack.cleanup.manager [-] Deleting neutron.port object s_rally_5d368230_tiTaBjSD (e88dc804-98ea-4d1c-acde-9cd1673030c4)
2019-08-02 22:06:52.995 22705 RALLYDEBUG rally_openstack.cleanup.manager [-] Deleting neutron.port object s_rally_5d368230_7e85mZoE (e99f32d1-9ee5-45a7-8cf3-6aa192016ff4)
2019-08-02 22:06:53.004 22705 RALLYDEBUG rally_openstack.cleanup.manager [-] Deleting neutron.port object s_rally_5d368230_zs9l5qwr (eabd66f4-160d-4b44-8b3b-da9059559cd9)
2019-08-02 22:06:53.011 22705 RALLYDEBUG rally_openstack.cleanup.manager [-] Deleting neutron.port object s_rally_5d368230_CVEBnDJQ (ebbeb2de-f8bb-4892-8be0-3b4066336149)
2019-08-02 22:06:53.094 22705 RALLYDEBUG rally_openstack.cleanup.manager [-] Deleting neutron.port object s_rally_5d368230_I8ZWlloK (edc42c74-b668-4a2c-ab76-d06056083df2)
2019-08-02 22:06:53.485 22705 RALLYDEBUG rally_openstack.cleanup.manager [-] Deleting neutron.port object s_rally_5d368230_IThaj77J (ede534f1-c9ce-4155-8f84-22a048567bd7)
2019-08-02 22:06:53.549 22705 RALLYDEBUG rally_openstack.cleanup.manager [-] Deleting neutron.port object s_rally_5d368230_JNajBOke (f14a610e-34f3-4d92-b202-ef6ab58e9b74)
2019-08-02 22:06:53.647 22705 RALLYDEBUG rally_openstack.cleanup.manager [-] Deleting neutron.port object s_rally_5d368230_dXX9Ux3o (f4c2168a-6241-4f71-9d13-e4e5c1b76ebc)
2019-08-02 22:06:53.795 22705 RALLYDEBUG rally_openstack.cleanup.manager [-] Deleting neutron.port object s_rally_5d368230_srjkFwTR (f7b8d39a-f862-4329-aaf3-36ba60fb2ce9)
2019-08-02 22:06:53.988 22705 RALLYDEBUG rally_openstack.cleanup.manager [-] Deleting neutron.port object s_rally_5d368230_f7oUo6Vw (facbf914-9df7-4aba-afba-7e621c05ad60)
2019-08-02 22:06:54.012 22705 RALLYDEBUG rally_openstack.cleanup.manager [-] Deleting neutron.port object s_rally_5d368230_vXnAbdZ0 (fb99507a-8791-43f7-8f28-b50379808a25)
2019-08-02 22:06:54.129 22705 RALLYDEBUG rally_openstack.cleanup.manager [-] Deleting neutron.port object s_rally_5d368230_kQ2hhrSB (fdcbe82f-fdf5-4413-87f3-21d519ade9dc)
2019-08-02 22:06:54.147 22705 RALLYDEBUG rally_openstack.cleanup.manager [-] Deleting neutron.port object s_rally_5d368230_ybk3SQxJ (ffa2a115-9b1b-47ee-aca1-9bd7021726fd)
2019-08-02 22:06:56.385 22705 RALLYDEBUG rally_openstack.cleanup.manager [-] Cleaning up neutron subnet objects
2019-08-02 22:06:57.134 22705 RALLYDEBUG rally_openstack.cleanup.manager [-] Cleaning up neutron network objects
2019-08-02 22:06:57.984 22705 RALLYDEBUG rally_openstack.cleanup.manager [-] Deleting neutron.network object s_rally_5d368230_ATRrLn8K (07e86677-c063-4e41-b5cd-6b5232299e23)
2019-08-02 22:06:57.984 22705 RALLYDEBUG rally_openstack.cleanup.manager [-] Deleting neutron.network object s_rally_5d368230_gzOifzKL (083101cb-b0dd-4fe6-8854-90e79e95258f)
2019-08-02 22:06:57.992 22705 RALLYDEBUG rally_openstack.cleanup.manager [-] Deleting neutron.network object s_rally_5d368230_gHH0Vsq7 (106c1b0b-867c-42a6-a53c-76e0d84ffb2a)
2019-08-02 22:06:57.999 22705 RALLYDEBUG rally_openstack.cleanup.manager [-] Deleting neutron.network object s_rally_5d368230_IhElydoY (165fc3fb-e5e4-4b0a-b83f-c6ec5f49e2a8)
2019-08-02 22:06:58.010 22705 RALLYDEBUG rally_openstack.cleanup.manager [-] Deleting neutron.network object s_rally_5d368230_7lWIofDv (1c620885-a7c9-4bd7-bd2e-cbaa494c8dde)
2019-08-02 22:06:58.021 22705 RALLYDEBUG rally_openstack.cleanup.manager [-] Deleting neutron.network object s_rally_5d368230_1foDaXIk (2c546f35-dd4b-438d-bc3b-6118540198d3)
2019-08-02 22:06:58.034 22705 RALLYDEBUG rally_openstack.cleanup.manager [-] Deleting neutron.network object s_rally_5d368230_FzYnTC8x (3510ac99-6ec9-4c13-ab72-1fae5d6b726c)
2019-08-02 22:06:58.039 22705 RALLYDEBUG rally_openstack.cleanup.manager [-] Deleting neutron.network object s_rally_5d368230_9EXgmz3x (333f593e-2b56-49d1-bc65-9167acf56964)
2019-08-02 22:06:58.058 22705 RALLYDEBUG rally_openstack.cleanup.manager [-] Deleting neutron.network object s_rally_5d368230_UzW1Jqw0 (35c131d5-d9bc-4602-bea5-96b292c34db6)
2019-08-02 22:06:58.067 22705 RALLYDEBUG rally_openstack.cleanup.manager [-] Deleting neutron.network object s_rally_5d368230_PJXMedkK (57a5ad98-1b4f-43e3-a954-af7ed3632257)
2019-08-02 22:06:58.074 22705 RALLYDEBUG rally_openstack.cleanup.manager [-] Deleting neutron.network object s_rally_5d368230_ctxJr35j (596e01c1-0f5b-4806-b541-c2d3614a54e2)
2019-08-02 22:06:58.086 22705 RALLYDEBUG rally_openstack.cleanup.manager [-] Deleting neutron.network object s_rally_5d368230_D6c3cTfb (5f1556ab-e2c8-4e9e-985d-7dad6e028611)
2019-08-02 22:06:58.092 22705 RALLYDEBUG rally_openstack.cleanup.manager [-] Deleting neutron.network object s_rally_5d368230_H7rMnKdx (6352253c-04ff-4baa-8ba8-8280bbc1ac9a)
2019-08-02 22:06:58.111 22705 RALLYDEBUG rally_openstack.cleanup.manager [-] Deleting neutron.network object s_rally_5d368230_jSe6mp4G (63e86e9f-cdf4-4967-8c9e-c981e4199bc6)
2019-08-02 22:06:58.127 22705 RALLYDEBUG rally_openstack.cleanup.manager [-] Deleting neutron.network object s_rally_5d368230_ULakuqMv (67c90be2-e718-4012-94e1-d830156b49fe)
2019-08-02 22:06:58.130 22705 RALLYDEBUG rally_openstack.cleanup.manager [-] Deleting neutron.network object s_rally_5d368230_VqxhXO0T (6b6e03d9-97d2-4633-b152-0d4bbf647616)
2019-08-02 22:06:58.138 22705 RALLYDEBUG rally_openstack.cleanup.manager [-] Deleting neutron.network object s_rally_5d368230_WGF1QlAw (6bf8033b-a5e3-4a7f-8b0d-72e805190597)
2019-08-02 22:06:58.157 22705 RALLYDEBUG rally_openstack.cleanup.manager [-] Deleting neutron.network object s_rally_5d368230_isg2JujT (6fc35c69-ed6c-4d1f-894b-2f364500b6cd)
2019-08-02 22:06:58.170 22705 RALLYDEBUG rally_openstack.cleanup.manager [-] Deleting neutron.network object s_rally_5d368230_QcT2h73j (77baa57a-7ad8-4d96-adee-7d0315c010aa)
2019-08-02 22:06:58.180 22705 RALLYDEBUG rally_openstack.cleanup.manager [-] Deleting neutron.network object s_rally_5d368230_Ryt3sWba (7c7480e4-4664-4501-87c3-1be802724db8)
2019-08-02 22:07:00.955 22705 RALLYDEBUG rally_openstack.cleanup.manager [-] Deleting neutron.network object s_rally_5d368230_DDWo4MiU (7d621fe3-632d-47cf-b9f0-cd61072f5a0e)
2019-08-02 22:07:01.130 22705 RALLYDEBUG rally_openstack.cleanup.manager [-] Deleting neutron.network object s_rally_5d368230_37SKDWc6 (83a9563f-8ec3-426b-8e02-33b6bb456406)
2019-08-02 22:07:01.138 22705 RALLYDEBUG rally_openstack.cleanup.manager [-] Deleting neutron.network object s_rally_5d368230_rT5eBqXc (8829feed-2042-483a-b47c-369575dca1c9)
2019-08-02 22:07:01.209 22705 RALLYDEBUG rally_openstack.cleanup.manager [-] Deleting neutron.network object s_rally_5d368230_rkvDTceO (8d5f80e7-d9a7-4366-9580-13b8a7744b7f)
2019-08-02 22:07:01.343 22705 RALLYDEBUG rally_openstack.cleanup.manager [-] Deleting neutron.network object s_rally_5d368230_RlgVdhi9 (8e33d613-bd9f-4b05-82fb-d2b0b2e15de9)
2019-08-02 22:07:01.360 22705 RALLYDEBUG rally_openstack.cleanup.manager [-] Deleting neutron.network object s_rally_5d368230_rNpMaE3C (90cf5b33-9f9a-462f-af7e-5c40514d1347)
2019-08-02 22:07:01.371 22705 RALLYDEBUG rally_openstack.cleanup.manager [-] Deleting neutron.network object s_rally_5d368230_v9YiW0vp (93424e16-fd0a-473c-933d-8721c68d3e38)
2019-08-02 22:07:01.401 22705 RALLYDEBUG rally_openstack.cleanup.manager [-] Deleting neutron.network object s_rally_5d368230_jAR3bkH8 (9920f114-1482-40a4-83c7-9e2bbae363cf)
2019-08-02 22:07:01.409 22705 RALLYDEBUG rally_openstack.cleanup.manager [-] Deleting neutron.network object s_rally_5d368230_ISy3IzAI (9c410cf2-205d-4e20-b934-471b45929fa9)
2019-08-02 22:07:01.422 22705 RALLYDEBUG rally_openstack.cleanup.manager [-] Deleting neutron.network object s_rally_5d368230_ZUXhz7vV (9e00699d-95f7-4afe-85fc-9db0190e73aa)
2019-08-02 22:07:01.428 22705 RALLYDEBUG rally_openstack.cleanup.manager [-] Deleting neutron.network object s_rally_5d368230_82mnRzT8 (a1eb0313-91f8-451d-8864-fa93b8aa3958)
2019-08-02 22:07:01.539 22705 RALLYDEBUG rally_openstack.cleanup.manager [-] Deleting neutron.network object s_rally_5d368230_W0grkdxn (a386851a-1976-4e96-b8fa-2a098bc3df25)
2019-08-02 22:07:01.563 22705 RALLYDEBUG rally_openstack.cleanup.manager [-] Deleting neutron.network object s_rally_5d368230_ytTTyT2k (aedd642a-3c4a-4f4e-bd81-b3c51deb4aa3)
2019-08-02 22:07:01.639 22705 RALLYDEBUG rally_openstack.cleanup.manager [-] Deleting neutron.network object s_rally_5d368230_KSLbvH06 (b46c90fc-c187-4d7a-93ae-4e2d5f513a2e)
2019-08-02 22:07:01.719 22705 RALLYDEBUG rally_openstack.cleanup.manager [-] Deleting neutron.network object s_rally_5d368230_SBq6U5QO (b619d93d-0275-4d61-b75d-b8a1ccacb318)
2019-08-02 22:07:01.735 22705 RALLYDEBUG rally_openstack.cleanup.manager [-] Deleting neutron.network object s_rally_5d368230_m0uAA7bJ (d176acc8-eef2-4231-a05a-dcaf64da772a)
2019-08-02 22:07:01.742 22705 RALLYDEBUG rally_openstack.cleanup.manager [-] Deleting neutron.network object s_rally_5d368230_FiOZvrp4 (d5efe1d0-a357-43f6-9987-a7f94232dc2e)
2019-08-02 22:07:01.931 22705 RALLYDEBUG rally_openstack.cleanup.manager [-] Deleting neutron.network object s_rally_5d368230_0e67yE2S (f46806d3-ea38-4b0e-bc91-09c988e58552)
2019-08-02 22:07:02.548 22705 RALLYDEBUG rally_openstack.cleanup.manager [-] Deleting neutron.network object s_rally_5d368230_iJnG5wWX (f8ebdfb1-edc2-41c0-818a-9b924c621562)
2019-08-02 22:07:02.554 22705 RALLYDEBUG rally_openstack.cleanup.manager [-] Deleting neutron.network object s_rally_5d368230_nrK6lIeS (fc69f401-1c1f-4702-b2be-84f0c94b21ad)
2019-08-02 22:07:06.174 22705 RALLYDEBUG rally_openstack.cleanup.manager [-] Cleaning up neutron router objects
2019-08-02 22:07:06.868 22705 RALLYDEBUG rally_openstack.cleanup.manager [-] Cleaning up neutron security_group objects
2019-08-02 22:07:07.674 22705 INFO rally.task.context [-] Task 8e73b8f7-0b41-4038-a1b2-96b1fbadc36c | Context cleanup@openstack cleanup() finished in 42.55 sec
2019-08-02 22:07:07.674 22705 INFO rally.task.context [-] Task 8e73b8f7-0b41-4038-a1b2-96b1fbadc36c | Context quotas@openstack cleanup() started
2019-08-02 22:07:08.002 22705 INFO rally.task.context [-] Task 8e73b8f7-0b41-4038-a1b2-96b1fbadc36c | Context quotas@openstack cleanup() finished in 0.33 sec
2019-08-02 22:07:08.003 22705 INFO rally.task.context [-] Task 8e73b8f7-0b41-4038-a1b2-96b1fbadc36c | Context users@openstack cleanup() started
2019-08-02 22:07:12.987 22705 INFO rally.task.context [-] Task 8e73b8f7-0b41-4038-a1b2-96b1fbadc36c | Context users@openstack cleanup() finished in 4.98 sec
2019-08-02 22:07:13.588 22705 INFO rally.task.engine [-] Load duration is: 32.312709
2019-08-02 22:07:13.589 22705 INFO rally.task.engine [-] Full runner duration is: 32.360677
2019-08-02 22:07:13.589 22705 INFO rally.task.engine [-] Full duration is: 85.744697
2019-08-02 22:07:13.761 22705 INFO rally.task.engine [-] Running workload: position = 2 config = { "version": 2, "title": "A cropped version of a bigger task.", "description": "Auto-generated task from a single workload (uuid=5ed28512-bfe3-46c6-83c9-117af40c387f)", "subtasks": [ { "title": "NeutronNetworks.create_and_delete_ports", "description": "Create and delete a port.", "scenario": { "NeutronNetworks.create_and_delete_ports": { "network_create_args": {}, "port_create_args": {}, "ports_per_network": 5 } }, "contexts": { "users": { "tenants": 1, "users_per_tenant": 1 }, "quotas": { "neutron": { "network": -1, "port": -1 } } }, "runner": { "constant": { "times": 40, "concurrency": 20 } }, "hooks": [], "sla": { "failure_rate": { "max": 0 } } } ] }
2019-08-02 22:07:13.779 22705 RALLYDEBUG rally_openstack.contexts.keystone.users [-] Creating 1 tenants using 20 threads
2019-08-02 22:07:15.737 22705 RALLYDEBUG rally_openstack.contexts.keystone.users [-] Creating 1 users using 20 threads
2019-08-02 22:07:18.575 22705 INFO rally.task.context [-] Task 8e73b8f7-0b41-4038-a1b2-96b1fbadc36c | Context users@openstack setup() finished in 4.80 sec
2019-08-02 22:07:19.368 22705 INFO rally.task.context [-] Task 8e73b8f7-0b41-4038-a1b2-96b1fbadc36c | Context quotas@openstack setup() finished in 0.79 sec
2019-08-02 22:07:19.368 22705 INFO rally.task.context [-] Task 8e73b8f7-0b41-4038-a1b2-96b1fbadc36c | Context cleanup@openstack setup() finished in 0.01 msec
2019-08-02 22:07:19.376 22705 RALLYDEBUG rally.task.runner [-] Starting the constant runner (task UUID: 8e73b8f7-0b41-4038-a1b2-96b1fbadc36c). timeout: 0 concurrency: 20 concurrency_per_worker: 1 times: 40 concurrency_overhead: 4 processes_to_start: 16 max_cpu_used: 16
2019-08-02 22:07:19.390 26951 RALLYDEBUG rally.task.runner [-] Starting a worker. concurrency: 2 args: {"network_create_args": {}, "port_create_args": {}, "ports_per_network": 5} times: 40 method_name: run timeout: 0 duration: None cls:
2019-08-02 22:07:19.392 26952 RALLYDEBUG rally.task.runner [-] Starting a worker. concurrency: 2 args: {"network_create_args": {}, "port_create_args": {}, "ports_per_network": 5} times: 40 method_name: run timeout: 0 duration: None cls:
2019-08-02 22:07:19.395 26953 RALLYDEBUG rally.task.runner [-] Starting a worker. concurrency: 2 args: {"network_create_args": {}, "port_create_args": {}, "ports_per_network": 5} times: 40 method_name: run timeout: 0 duration: None cls:
2019-08-02 22:07:19.398 26951 INFO rally.task.runner [-] Task 8e73b8f7-0b41-4038-a1b2-96b1fbadc36c | ITER: 1 START
2019-08-02 22:07:19.398 26954 RALLYDEBUG rally.task.runner [-] Starting a worker. concurrency: 2 args: {"network_create_args": {}, "port_create_args": {}, "ports_per_network": 5} times: 40 method_name: run timeout: 0 duration: None cls:
2019-08-02 22:07:19.400 26951 WARNING rally_openstack.scenarios.neutron.utils [-] Running this scenario without either the 'network' or 'existing_network' context is deprecated
2019-08-02 22:07:19.402 26956 RALLYDEBUG rally.task.runner [-] Starting a worker. concurrency: 1 args: {"network_create_args": {}, "port_create_args": {}, "ports_per_network": 5} times: 40 method_name: run timeout: 0 duration: None cls:
2019-08-02 22:07:19.402 26952 INFO rally.task.runner [-] Task 8e73b8f7-0b41-4038-a1b2-96b1fbadc36c | ITER: 2 START
2019-08-02 22:07:19.405 26953 INFO rally.task.runner [-] Task 8e73b8f7-0b41-4038-a1b2-96b1fbadc36c | ITER: 4 START
2019-08-02 22:07:19.406 26954 INFO rally.task.runner [-] Task 8e73b8f7-0b41-4038-a1b2-96b1fbadc36c | ITER: 6 START
2019-08-02 22:07:19.406 26960 RALLYDEBUG rally.task.runner [-] Starting a worker. concurrency: 1 args: {"network_create_args": {}, "port_create_args": {}, "ports_per_network": 5} times: 40 method_name: run timeout: 0 duration: None cls:
2019-08-02 22:07:19.405 26951 INFO rally.task.runner [-] Task 8e73b8f7-0b41-4038-a1b2-96b1fbadc36c | ITER: 3 START
2019-08-02 22:07:19.407 26953 WARNING rally_openstack.scenarios.neutron.utils [-] Running this scenario without either the 'network' or 'existing_network' context is deprecated
2019-08-02 22:07:19.408 26954 WARNING rally_openstack.scenarios.neutron.utils [-] Running this scenario without either the 'network' or 'existing_network' context is deprecated
2019-08-02 22:07:19.404 26952 INFO rally.task.runner [-] Task 8e73b8f7-0b41-4038-a1b2-96b1fbadc36c | ITER: 5 START
2019-08-02 22:07:19.408 26951 WARNING rally_openstack.scenarios.neutron.utils [-] Running this scenario without either the 'network' or 'existing_network' context is deprecated
2019-08-02 22:07:19.409 26952 WARNING rally_openstack.scenarios.neutron.utils [-] Running this scenario without either the 'network' or 'existing_network' context is deprecated
2019-08-02 22:07:19.409 26953 INFO rally.task.runner [-] Task 8e73b8f7-0b41-4038-a1b2-96b1fbadc36c | ITER: 7 START
2019-08-02 22:07:19.411 26963 RALLYDEBUG rally.task.runner [-] Starting a worker. concurrency: 1 args: {"network_create_args": {}, "port_create_args": {}, "ports_per_network": 5} times: 40 method_name: run timeout: 0 duration: None cls:
2019-08-02 22:07:19.412 26956 INFO rally.task.runner [-] Task 8e73b8f7-0b41-4038-a1b2-96b1fbadc36c | ITER: 9 START
2019-08-02 22:07:19.412 26953 WARNING rally_openstack.scenarios.neutron.utils [-] Running this scenario without either the 'network' or 'existing_network' context is deprecated
2019-08-02 22:07:19.413 26969 RALLYDEBUG rally.task.runner [-] Starting a worker. concurrency: 1 args: {"network_create_args": {}, "port_create_args": {}, "ports_per_network": 5} times: 40 method_name: run timeout: 0 duration: None cls:
2019-08-02 22:07:19.414 26956 WARNING rally_openstack.scenarios.neutron.utils [-] Running this scenario without either the 'network' or 'existing_network' context is deprecated
2019-08-02 22:07:19.406 26952 WARNING rally_openstack.scenarios.neutron.utils [-] Running this scenario without either the 'network' or 'existing_network' context is deprecated
2019-08-02 22:07:19.418 26970 RALLYDEBUG rally.task.runner [-] Starting a worker. concurrency: 1 args: {"network_create_args": {}, "port_create_args": {}, "ports_per_network": 5} times: 40 method_name: run timeout: 0 duration: None cls:
2019-08-02 22:07:19.420 26960 INFO rally.task.runner [-] Task 8e73b8f7-0b41-4038-a1b2-96b1fbadc36c | ITER: 10 START
2019-08-02 22:07:19.421 26954 INFO rally.task.runner [-] Task 8e73b8f7-0b41-4038-a1b2-96b1fbadc36c | ITER: 8 START
2019-08-02 22:07:19.422 26960 WARNING rally_openstack.scenarios.neutron.utils [-] Running this scenario without either the 'network' or 'existing_network' context is deprecated
2019-08-02 22:07:19.422 26969 INFO rally.task.runner [-] Task 8e73b8f7-0b41-4038-a1b2-96b1fbadc36c | ITER: 12 START
2019-08-02 22:07:19.422 26954 WARNING rally_openstack.scenarios.neutron.utils [-] Running this scenario without either the 'network' or 'existing_network' context is deprecated
2019-08-02 22:07:19.423 26969 WARNING rally_openstack.scenarios.neutron.utils [-] Running this scenario without either the 'network' or 'existing_network' context is deprecated
2019-08-02 22:07:19.423 26977 RALLYDEBUG rally.task.runner [-] Starting a worker. concurrency: 1 args: {"network_create_args": {}, "port_create_args": {}, "ports_per_network": 5} times: 40 method_name: run timeout: 0 duration: None cls:
2019-08-02 22:07:19.424 26963 INFO rally.task.runner [-] Task 8e73b8f7-0b41-4038-a1b2-96b1fbadc36c | ITER: 11 START
2019-08-02 22:07:19.426 26973 RALLYDEBUG rally.task.runner [-] Starting a worker. concurrency: 1 args: {"network_create_args": {}, "port_create_args": {}, "ports_per_network": 5} times: 40 method_name: run timeout: 0 duration: None cls:
2019-08-02 22:07:19.426 26963 WARNING rally_openstack.scenarios.neutron.utils [-] Running this scenario without either the 'network' or 'existing_network' context is deprecated
2019-08-02 22:07:19.427 26970 INFO rally.task.runner [-] Task 8e73b8f7-0b41-4038-a1b2-96b1fbadc36c | ITER: 13 START
2019-08-02 22:07:19.427 26981 RALLYDEBUG rally.task.runner [-] Starting a worker. concurrency: 1 args: {"network_create_args": {}, "port_create_args": {}, "ports_per_network": 5} times: 40 method_name: run timeout: 0 duration: None cls:
2019-08-02 22:07:19.428 26970 WARNING rally_openstack.scenarios.neutron.utils [-] Running this scenario without either the 'network' or 'existing_network' context is deprecated
2019-08-02 22:07:19.432 26977 INFO rally.task.runner [-] Task 8e73b8f7-0b41-4038-a1b2-96b1fbadc36c | ITER: 14 START
2019-08-02 22:07:19.432 26973 INFO rally.task.runner [-] Task 8e73b8f7-0b41-4038-a1b2-96b1fbadc36c | ITER: 15 START
2019-08-02 22:07:19.433 26977 WARNING rally_openstack.scenarios.neutron.utils [-] Running this scenario without either the 'network' or 'existing_network' context is deprecated
2019-08-02 22:07:19.434 26973 WARNING rally_openstack.scenarios.neutron.utils [-] Running this scenario without either the 'network' or 'existing_network' context is deprecated
2019-08-02 22:07:19.434 26978 RALLYDEBUG rally.task.runner [-] Starting a worker. concurrency: 1 args: {"network_create_args": {}, "port_create_args": {}, "ports_per_network": 5} times: 40 method_name: run timeout: 0 duration: None cls:
2019-08-02 22:07:19.438 26985 RALLYDEBUG rally.task.runner [-] Starting a worker. concurrency: 1 args: {"network_create_args": {}, "port_create_args": {}, "ports_per_network": 5} times: 40 method_name: run timeout: 0 duration: None cls:
2019-08-02 22:07:19.443 26978 INFO rally.task.runner [-] Task 8e73b8f7-0b41-4038-a1b2-96b1fbadc36c | ITER: 17 START
2019-08-02 22:07:19.444 26978 WARNING rally_openstack.scenarios.neutron.utils [-] Running this scenario without either the 'network' or 'existing_network' context is deprecated
2019-08-02 22:07:19.445 26985 INFO rally.task.runner [-] Task 8e73b8f7-0b41-4038-a1b2-96b1fbadc36c | ITER: 18 START
2019-08-02 22:07:19.446 26985 WARNING rally_openstack.scenarios.neutron.utils [-] Running this scenario without either the 'network' or 'existing_network' context is deprecated
2019-08-02 22:07:19.452 26981 INFO rally.task.runner [-] Task 8e73b8f7-0b41-4038-a1b2-96b1fbadc36c | ITER: 16 START
2019-08-02 22:07:19.454 26981 WARNING rally_openstack.scenarios.neutron.utils [-] Running this scenario without either the 'network' or 'existing_network' context is deprecated
2019-08-02 22:07:19.456 26992 RALLYDEBUG rally.task.runner [-] Starting a worker. concurrency: 1 args: {"network_create_args": {}, "port_create_args": {}, "ports_per_network": 5} times: 40 method_name: run timeout: 0 duration: None cls:
2019-08-02 22:07:19.457 26997 RALLYDEBUG rally.task.runner [-] Starting a worker. concurrency: 1 args: {"network_create_args": {}, "port_create_args": {}, "ports_per_network": 5} times: 40 method_name: run timeout: 0 duration: None cls:
2019-08-02 22:07:19.462 26992 INFO rally.task.runner [-] Task 8e73b8f7-0b41-4038-a1b2-96b1fbadc36c | ITER: 19 START
2019-08-02 22:07:19.463 26997 INFO rally.task.runner [-] Task 8e73b8f7-0b41-4038-a1b2-96b1fbadc36c | ITER: 20 START
2019-08-02 22:07:19.463 26992 WARNING rally_openstack.scenarios.neutron.utils [-] Running this scenario without either the 'network' or 'existing_network' context is deprecated
2019-08-02 22:07:19.464 26997 WARNING rally_openstack.scenarios.neutron.utils [-] Running this scenario without either the 'network' or 'existing_network' context is deprecated
2019-08-02 22:07:33.034 26970 INFO rally.task.runner [-] Task 8e73b8f7-0b41-4038-a1b2-96b1fbadc36c | ITER: 13 END: OK
2019-08-02 22:07:33.039 26970 INFO rally.task.runner [-] Task 8e73b8f7-0b41-4038-a1b2-96b1fbadc36c | ITER: 21 START
2019-08-02 22:07:33.040 26970 WARNING rally_openstack.scenarios.neutron.utils [-] Running this scenario without either the 'network' or 'existing_network' context is deprecated
2019-08-02 22:07:33.330 26956 INFO rally.task.runner [-] Task 8e73b8f7-0b41-4038-a1b2-96b1fbadc36c | ITER: 9 END: OK
2019-08-02 22:07:33.334 26956 INFO rally.task.runner [-] Task 8e73b8f7-0b41-4038-a1b2-96b1fbadc36c | ITER: 22 START
2019-08-02 22:07:33.335 26956 WARNING rally_openstack.scenarios.neutron.utils [-] Running this scenario without either the 'network' or 'existing_network' context is deprecated
2019-08-02 22:07:33.412 26978 INFO rally.task.runner [-] Task 8e73b8f7-0b41-4038-a1b2-96b1fbadc36c | ITER: 17 END: OK
2019-08-02 22:07:33.416 26978 INFO rally.task.runner [-] Task 8e73b8f7-0b41-4038-a1b2-96b1fbadc36c | ITER: 23 START
2019-08-02 22:07:33.417 26978 WARNING rally_openstack.scenarios.neutron.utils [-] Running this scenario without either the 'network' or 'existing_network' context is deprecated
2019-08-02 22:07:33.621 26952 INFO rally.task.runner [-] Task 8e73b8f7-0b41-4038-a1b2-96b1fbadc36c | ITER: 2 END: OK
2019-08-02 22:07:33.625 26952 INFO rally.task.runner [-] Task 8e73b8f7-0b41-4038-a1b2-96b1fbadc36c | ITER: 24 START
2019-08-02 22:07:33.625 26952 WARNING rally_openstack.scenarios.neutron.utils [-] Running this scenario without either the 'network' or 'existing_network' context is deprecated
2019-08-02 22:07:34.031 26969 INFO rally.task.runner [-] Task 8e73b8f7-0b41-4038-a1b2-96b1fbadc36c | ITER: 12 END: OK
2019-08-02 22:07:34.036 26969 INFO rally.task.runner [-] Task 8e73b8f7-0b41-4038-a1b2-96b1fbadc36c | ITER: 25 START
2019-08-02 22:07:34.036 26969 WARNING rally_openstack.scenarios.neutron.utils [-] Running this scenario without either the 'network' or 'existing_network' context is deprecated
2019-08-02 22:07:34.253 26954 INFO rally.task.runner [-] Task 8e73b8f7-0b41-4038-a1b2-96b1fbadc36c | ITER: 6 END: OK
2019-08-02 22:07:34.257 26954 INFO rally.task.runner [-] Task 8e73b8f7-0b41-4038-a1b2-96b1fbadc36c | ITER: 26 START
2019-08-02 22:07:34.258 26954 WARNING rally_openstack.scenarios.neutron.utils [-] Running this scenario without either the 'network' or 'existing_network' context is deprecated
2019-08-02 22:07:34.455 26997 INFO rally.task.runner [-] Task 8e73b8f7-0b41-4038-a1b2-96b1fbadc36c | ITER: 20 END: OK
2019-08-02 22:07:34.459 26997 INFO rally.task.runner [-] Task 8e73b8f7-0b41-4038-a1b2-96b1fbadc36c | ITER: 27 START
2019-08-02 22:07:34.460 26997 WARNING rally_openstack.scenarios.neutron.utils [-] Running this scenario without either the 'network' or 'existing_network' context is deprecated
2019-08-02 22:07:34.845 26953 INFO rally.task.runner [-] Task 8e73b8f7-0b41-4038-a1b2-96b1fbadc36c | ITER: 4 END: OK
2019-08-02 22:07:34.849 26953 INFO rally.task.runner [-] Task 8e73b8f7-0b41-4038-a1b2-96b1fbadc36c | ITER: 28 START
2019-08-02 22:07:34.850 26953 WARNING rally_openstack.scenarios.neutron.utils [-] Running this scenario without either the 'network' or 'existing_network' context is deprecated
2019-08-02 22:07:34.999 26951 INFO rally.task.runner [-] Task 8e73b8f7-0b41-4038-a1b2-96b1fbadc36c | ITER: 1 END: OK
2019-08-02 22:07:35.003 26951 INFO rally.task.runner [-] Task 8e73b8f7-0b41-4038-a1b2-96b1fbadc36c | ITER: 29 START
2019-08-02 22:07:35.004 26951 WARNING rally_openstack.scenarios.neutron.utils [-] Running this scenario without either the 'network' or 'existing_network' context is deprecated
2019-08-02 22:07:35.056 26992 INFO rally.task.runner [-] Task 8e73b8f7-0b41-4038-a1b2-96b1fbadc36c | ITER: 19 END: OK
2019-08-02 22:07:35.060 26992 INFO rally.task.runner [-] Task 8e73b8f7-0b41-4038-a1b2-96b1fbadc36c | ITER: 30 START
2019-08-02 22:07:35.061 26992 WARNING rally_openstack.scenarios.neutron.utils [-] Running this scenario without either the 'network' or 'existing_network' context is deprecated
2019-08-02 22:07:35.199 26952 INFO rally.task.runner [-] Task 8e73b8f7-0b41-4038-a1b2-96b1fbadc36c | ITER: 5 END: OK
2019-08-02 22:07:35.203 26952 INFO rally.task.runner [-] Task 8e73b8f7-0b41-4038-a1b2-96b1fbadc36c | ITER: 31 START
2019-08-02 22:07:35.204 26952 WARNING rally_openstack.scenarios.neutron.utils [-] Running this scenario without either the 'network' or 'existing_network' context is deprecated
2019-08-02 22:07:35.691 26960 INFO rally.task.runner [-] Task 8e73b8f7-0b41-4038-a1b2-96b1fbadc36c | ITER: 10 END: OK
2019-08-02 22:07:35.695 26960 INFO rally.task.runner [-] Task 8e73b8f7-0b41-4038-a1b2-96b1fbadc36c | ITER: 32 START
2019-08-02 22:07:35.696 26960 WARNING rally_openstack.scenarios.neutron.utils [-] Running this scenario without either the 'network' or 'existing_network' context is deprecated
2019-08-02 22:07:36.046 26953 INFO rally.task.runner [-] Task 8e73b8f7-0b41-4038-a1b2-96b1fbadc36c | ITER: 7 END: OK
2019-08-02 22:07:36.050 26953 INFO rally.task.runner [-] Task 8e73b8f7-0b41-4038-a1b2-96b1fbadc36c | ITER: 33 START
2019-08-02 22:07:36.050 26953 WARNING rally_openstack.scenarios.neutron.utils [-] Running this scenario without either the 'network' or 'existing_network' context is deprecated
2019-08-02 22:07:36.122 26954 INFO rally.task.runner [-] Task 8e73b8f7-0b41-4038-a1b2-96b1fbadc36c | ITER: 8 END: OK
2019-08-02 22:07:36.126 26954 INFO rally.task.runner [-] Task 8e73b8f7-0b41-4038-a1b2-96b1fbadc36c | ITER: 34 START
2019-08-02 22:07:36.126 26954 WARNING rally_openstack.scenarios.neutron.utils [-] Running this scenario without either the 'network' or 'existing_network' context is deprecated
2019-08-02 22:07:36.151 26981 INFO rally.task.runner [-] Task 8e73b8f7-0b41-4038-a1b2-96b1fbadc36c | ITER: 16 END: OK
2019-08-02 22:07:36.154 26981 INFO rally.task.runner [-] Task 8e73b8f7-0b41-4038-a1b2-96b1fbadc36c | ITER: 35 START
2019-08-02 22:07:36.155 26981 WARNING rally_openstack.scenarios.neutron.utils [-] Running this scenario without either the 'network' or 'existing_network' context is deprecated
2019-08-02 22:07:36.302 26951 INFO rally.task.runner [-] Task 8e73b8f7-0b41-4038-a1b2-96b1fbadc36c | ITER: 3 END: OK
2019-08-02 22:07:36.305 26951 INFO rally.task.runner [-] Task 8e73b8f7-0b41-4038-a1b2-96b1fbadc36c | ITER: 36 START
2019-08-02 22:07:36.306 26951 WARNING rally_openstack.scenarios.neutron.utils [-] Running this scenario without either the 'network' or 'existing_network' context is deprecated
2019-08-02 22:07:36.740 26977 INFO rally.task.runner [-] Task 8e73b8f7-0b41-4038-a1b2-96b1fbadc36c | ITER: 14 END: OK
2019-08-02 22:07:36.745 26977 INFO rally.task.runner [-] Task 8e73b8f7-0b41-4038-a1b2-96b1fbadc36c | ITER: 37 START
2019-08-02 22:07:36.746 26977 WARNING rally_openstack.scenarios.neutron.utils [-] Running this scenario without either the 'network' or 'existing_network' context is deprecated
2019-08-02 22:07:37.058 26973 INFO rally.task.runner [-] Task 8e73b8f7-0b41-4038-a1b2-96b1fbadc36c | ITER: 15 END: OK
2019-08-02 22:07:37.063 26973 INFO rally.task.runner [-] Task 8e73b8f7-0b41-4038-a1b2-96b1fbadc36c | ITER: 38 START
2019-08-02 22:07:37.064 26973 WARNING rally_openstack.scenarios.neutron.utils [-] Running this scenario without either the 'network' or 'existing_network' context is deprecated
2019-08-02 22:07:37.218 26985 INFO rally.task.runner [-] Task 8e73b8f7-0b41-4038-a1b2-96b1fbadc36c | ITER: 18 END: OK
2019-08-02 22:07:37.222 26985 INFO rally.task.runner [-] Task 8e73b8f7-0b41-4038-a1b2-96b1fbadc36c | ITER: 39 START
