2019-08-02 22:05:24.079 22705 RALLYDEBUG rally_openstack.cleanup.manager [-] Deleting neutron.port object s_rally_718bbfad_Y6WbiSPn (db059227-b18d-411a-b26f-1e81f421cf2a)
2019-08-02 22:05:24.146 22705 RALLYDEBUG rally_openstack.cleanup.manager [-] Deleting neutron.port object s_rally_718bbfad_TUuKMuQb (dbb7ae62-0012-4276-b014-f302dfbfb3b0)
2019-08-02 22:05:24.270 22705 RALLYDEBUG rally_openstack.cleanup.manager [-] Deleting neutron.port object s_rally_718bbfad_lPS2J8qs (dbca836c-5721-4373-b4f7-22e6c3e3f077)
2019-08-02 22:05:24.430 22705 RALLYDEBUG rally_openstack.cleanup.manager [-] Deleting neutron.port object s_rally_718bbfad_fQlQOFud (dc4129d7-6ab3-4359-ab21-ed774ea4b35e)
2019-08-02 22:05:24.431 22705 RALLYDEBUG rally_openstack.cleanup.manager [-] Deleting neutron.port object s_rally_718bbfad_tBZEts7L (dd537b8b-15cf-41d2-9cb6-e93673edbf6a)
2019-08-02 22:05:24.447 22705 RALLYDEBUG rally_openstack.cleanup.manager [-] Deleting neutron.port object s_rally_718bbfad_ey30gkCX (dd713e76-b5ef-4c40-9d36-ebdca998c384)
2019-08-02 22:05:24.541 22705 RALLYDEBUG rally_openstack.cleanup.manager [-] Deleting neutron.port object s_rally_718bbfad_qlnwuN3E (df654eb6-4a92-409b-8558-84fff054258d)
2019-08-02 22:05:24.704 22705 RALLYDEBUG rally_openstack.cleanup.manager [-] Deleting neutron.port object s_rally_718bbfad_AWlsXTa6 (df77709c-d3aa-45f4-be25-ecacdb763469)
2019-08-02 22:05:25.044 22705 RALLYDEBUG rally_openstack.cleanup.manager [-] Deleting neutron.port object s_rally_718bbfad_yIttrEtk (e0080891-a485-4d26-a8d5-2c539b67363c)
2019-08-02 22:05:25.064 22705 RALLYDEBUG rally_openstack.cleanup.manager [-] Deleting neutron.port object s_rally_718bbfad_zix4yhvZ (e0312447-a121-40ce-b463-7ea604f7db64)
2019-08-02 22:05:25.199 22705 RALLYDEBUG rally_openstack.cleanup.manager [-] Deleting neutron.port object s_rally_718bbfad_61Yjq9vS (e0698011-ceb7-4ad9-ba62-fdc5c6770d51)
2019-08-02 22:05:25.245 22705 RALLYDEBUG rally_openstack.cleanup.manager [-] Deleting neutron.port object s_rally_718bbfad_Gio6HHr5 (e0794ce4-015a-43b5-b48f-36936dcd9c6e)
2019-08-02 22:05:25.471 22705 RALLYDEBUG rally_openstack.cleanup.manager [-] Deleting neutron.port object s_rally_718bbfad_i6fEXFtv (e2552517-f4be-477c-870a-2389877436ad)
2019-08-02 22:05:25.699 22705 RALLYDEBUG rally_openstack.cleanup.manager [-] Deleting neutron.port object s_rally_718bbfad_dwfKHeWr (e2f9ed76-afac-4fd3-860f-ba8d5f853513)
2019-08-02 22:05:25.876 22705 RALLYDEBUG rally_openstack.cleanup.manager [-] Deleting neutron.port object s_rally_718bbfad_JXbSt9M5 (e2fa8808-e3de-4085-aefb-691140f151d3)
2019-08-02 22:05:25.963 22705 RALLYDEBUG rally_openstack.cleanup.manager [-] Deleting neutron.port object s_rally_718bbfad_EN9cUK4O (e30a3d0c-1901-4943-8cae-14dba0fe4b18)
2019-08-02 22:05:26.306 22705 RALLYDEBUG rally_openstack.cleanup.manager [-] Deleting neutron.port object s_rally_718bbfad_6UnjRKz5 (e3fdb086-87aa-45a9-bd3c-4c9b6e7eed40)
2019-08-02 22:05:26.436 22705 RALLYDEBUG rally_openstack.cleanup.manager [-] Deleting neutron.port object s_rally_718bbfad_F2tumKbL (e53edbe8-8e69-4e82-ae51-c9d2a446296b)
2019-08-02 22:05:26.456 22705 RALLYDEBUG rally_openstack.cleanup.manager [-] Deleting neutron.port object s_rally_718bbfad_2Hzh97jO (e5f54e5a-cd01-426f-9d6a-b059e3dd70de)
2019-08-02 22:05:26.680 22705 RALLYDEBUG rally_openstack.cleanup.manager [-] Deleting neutron.port object s_rally_718bbfad_b8PVIOno (e602e687-819f-4cf5-bebe-aa28f8163b8f)
2019-08-02 22:05:26.727 22705 RALLYDEBUG rally_openstack.cleanup.manager [-] Deleting neutron.port object s_rally_718bbfad_sAAh6qfD (e64fee58-27cf-4f82-b85e-0b5dc75fcaa1)
2019-08-02 22:05:26.741 22705 RALLYDEBUG rally_openstack.cleanup.manager [-] Deleting neutron.port object s_rally_718bbfad_48Jd6RTK (e7ddc0c9-4e3f-4f13-a6f0-1d56aab2df74)
2019-08-02 22:05:26.870 22705 RALLYDEBUG rally_openstack.cleanup.manager [-] Deleting neutron.port object s_rally_718bbfad_6OU8K7TK (e7de3769-014c-49fc-9a0f-314dad373400)
2019-08-02 22:05:26.919 22705 RALLYDEBUG rally_openstack.cleanup.manager [-] Deleting neutron.port object s_rally_718bbfad_dNMGzVOw (e9ec5283-9f07-4518-818c-fa7f462111d6)
2019-08-02 22:05:26.923 22705 RALLYDEBUG rally_openstack.cleanup.manager [-] Deleting neutron.port object s_rally_718bbfad_E92tfQSe (e9025761-eb83-4678-bd24-d76c956181d6)
2019-08-02 22:05:26.927 22705 RALLYDEBUG rally_openstack.cleanup.manager [-] Deleting neutron.port object s_rally_718bbfad_agdOmGSO (ea56d708-494e-4607-bbba-d7f7b310c30f)
2019-08-02 22:05:26.934 22705 RALLYDEBUG rally_openstack.cleanup.manager [-] Deleting neutron.port object s_rally_718bbfad_Vt2X61hw (eb9362aa-5a95-4106-ad4d-6f3a5c6fce62)
2019-08-02 22:05:27.020 22705 RALLYDEBUG rally_openstack.cleanup.manager [-] Deleting neutron.port object s_rally_718bbfad_ZAAHVh5R (ec882938-0028-44c3-8f00-d35cca137660)
2019-08-02 22:05:27.438 22705 RALLYDEBUG rally_openstack.cleanup.manager [-] Deleting neutron.port object s_rally_718bbfad_JIc0WKxX (ecd4ef66-74d1-4384-b912-2a26114b3bc3)
2019-08-02 22:05:27.542 22705 RALLYDEBUG rally_openstack.cleanup.manager [-] Deleting neutron.port object s_rally_718bbfad_kbdUztQc (ed7ae047-d14c-44ce-b397-d3fa8b0deb35)
2019-08-02 22:05:27.644 22705 RALLYDEBUG rally_openstack.cleanup.manager [-] Deleting neutron.port object s_rally_718bbfad_duMgKUzX (ed8182a5-e0e1-4ae3-95b1-9e62979f8e56)
2019-08-02 22:05:27.866 22705 RALLYDEBUG rally_openstack.cleanup.manager [-] Deleting neutron.port object s_rally_718bbfad_pTVbkav3 (ee308daf-ff21-4ec0-9f9e-059f5b335adc)
2019-08-02 22:05:27.950 22705 RALLYDEBUG rally_openstack.cleanup.manager [-] Deleting neutron.port object s_rally_718bbfad_Y4JxD2AW (ee309fcc-f46c-4f9e-b374-6877c32e39c4)
2019-08-02 22:05:28.005 22705 RALLYDEBUG rally_openstack.cleanup.manager [-] Deleting neutron.port object s_rally_718bbfad_xzzzQ5UQ (ee36c87b-a20c-4521-9860-bf5cf24618bf)
2019-08-02 22:05:28.203 22705 RALLYDEBUG rally_openstack.cleanup.manager [-] Deleting neutron.port object s_rally_718bbfad_mRQOZ2fg (eee9fc3a-51b0-4df2-8184-a61a17c859b9)
2019-08-02 22:05:28.240 22705 RALLYDEBUG rally_openstack.cleanup.manager [-] Deleting neutron.port object s_rally_718bbfad_UkfNKYj0 (ef66c924-cddf-4bb3-abc2-6895f20ba434)
2019-08-02 22:05:28.431 22705 RALLYDEBUG rally_openstack.cleanup.manager [-] Deleting neutron.port object s_rally_718bbfad_9EXG4QHT (ef8513dc-26b5-467c-8c58-4f7d501c77ee)
2019-08-02 22:05:28.772 22705 RALLYDEBUG rally_openstack.cleanup.manager [-] Deleting neutron.port object s_rally_718bbfad_fvhWQnKt (f09517b6-9e06-4157-9dd3-e6c29946c2da)
2019-08-02 22:05:28.854 22705 RALLYDEBUG rally_openstack.cleanup.manager [-] Deleting neutron.port object s_rally_718bbfad_WU4n5lRR (f0de4d2e-a03a-4a48-aeb2-8fb0bab89718)
2019-08-02 22:05:28.896 22705 RALLYDEBUG rally_openstack.cleanup.manager [-] Deleting neutron.port object s_rally_718bbfad_UvV2nuwk (f0f0c7af-55ab-4430-8c7c-beba6052eaee)
2019-08-02 22:05:29.204 22705 RALLYDEBUG rally_openstack.cleanup.manager [-] Deleting neutron.port object s_rally_718bbfad_lInGHJHy (f16c7e5d-07d7-4772-bf24-1a89a0ece9a4)
2019-08-02 22:05:29.250 22705 RALLYDEBUG rally_openstack.cleanup.manager [-] Deleting neutron.port object s_rally_718bbfad_7xYxEZe2 (f278bd11-cfdb-426b-aa10-955ea0c8bb94)
2019-08-02 22:05:29.270 22705 RALLYDEBUG rally_openstack.cleanup.manager [-] Deleting neutron.port object s_rally_718bbfad_2E88gAYV (f31897b1-8567-400b-b9d0-11ba251a5708)
2019-08-02 22:05:29.281 22705 RALLYDEBUG rally_openstack.cleanup.manager [-] Deleting neutron.port object s_rally_718bbfad_H7wSj8Zw (f31ea31b-acfd-415c-82ed-d3229d786481)
2019-08-02 22:05:29.336 22705 RALLYDEBUG rally_openstack.cleanup.manager [-] Deleting neutron.port object s_rally_718bbfad_IgpQFyJ7 (f46f5191-e345-4ba9-b6f6-ca70d80a7fe7)
2019-08-02 22:05:29.372 22705 RALLYDEBUG rally_openstack.cleanup.manager [-] Deleting neutron.port object s_rally_718bbfad_OXyM2KFq (f6731925-281c-4472-80b5-642a0fe3f445)
2019-08-02 22:05:29.540 22705 RALLYDEBUG rally_openstack.cleanup.manager [-] Deleting neutron.port object s_rally_718bbfad_y2w4dEnl (f8864795-70a8-42fb-a7c3-df700ad19487)
2019-08-02 22:05:29.730 22705 RALLYDEBUG rally_openstack.cleanup.manager [-] Deleting neutron.port object s_rally_718bbfad_7n8ejggG (f91fb881-7e0a-455e-bf48-822787b37478)
2019-08-02 22:05:29.842 22705 RALLYDEBUG rally_openstack.cleanup.manager [-] Deleting neutron.port object s_rally_718bbfad_LnrvrrqR (fa73e277-4d97-4019-892d-ea2aef29e1de)
2019-08-02 22:05:29.912 22705 RALLYDEBUG rally_openstack.cleanup.manager [-] Deleting neutron.port object s_rally_718bbfad_pME9yOQo (fb7ab768-1b12-4af4-ab42-5f0061a93f7d)
2019-08-02 22:05:29.913 22705 RALLYDEBUG rally_openstack.cleanup.manager [-] Deleting neutron.port object s_rally_718bbfad_LshGt5SR (fc03f19b-fbe9-4605-99bb-6620651e166e)
2019-08-02 22:05:30.087 22705 RALLYDEBUG rally_openstack.cleanup.manager [-] Deleting neutron.port object s_rally_718bbfad_mP3POI5H (fc2c7dcb-e33c-472c-9396-beeaae46912f)
2019-08-02 22:05:30.390 22705 RALLYDEBUG rally_openstack.cleanup.manager [-] Deleting neutron.port object s_rally_718bbfad_DfngHmyD (fca270d9-3d02-4234-bb26-bb944170c036)
2019-08-02 22:05:30.449 22705 RALLYDEBUG rally_openstack.cleanup.manager [-] Deleting neutron.port object s_rally_718bbfad_q3xq6Zmf (fcd0d382-1d00-4fd4-ae4c-cd1c2f4671a4)
2019-08-02 22:05:30.512 22705 RALLYDEBUG rally_openstack.cleanup.manager [-] Deleting neutron.port object s_rally_718bbfad_XlhXLmfF (fd212388-86f2-4859-995a-248620e2443c)
2019-08-02 22:05:30.566 22705 RALLYDEBUG rally_openstack.cleanup.manager [-] Deleting neutron.port object s_rally_718bbfad_M0iHcqls (fe66bc92-9e44-420c-a842-02ac3f63a6d0)
2019-08-02 22:05:30.651 22705 RALLYDEBUG rally_openstack.cleanup.manager [-] Deleting neutron.port object s_rally_718bbfad_bgmyWbno (feb9200b-b467-4493-b1a3-93e160d22fb0)
2019-08-02 22:05:31.063 22705 RALLYDEBUG rally_openstack.cleanup.manager [-] Deleting neutron.port object s_rally_718bbfad_DJw00K4o (ff9a0603-0484-481a-b9c3-428632b285ea)
2019-08-02 22:05:31.100 22705 RALLYDEBUG rally_openstack.cleanup.manager [-] Deleting neutron.port object s_rally_718bbfad_qvP55jnC (ffdba7c2-2821-49c6-ad1c-851fe2eaae7d)
2019-08-02 22:05:31.225 22705 RALLYDEBUG rally_openstack.cleanup.manager [-] Deleting neutron.port object s_rally_718bbfad_vobeLGZg (fff80224-d251-409c-a879-b02e977c46cc)
2019-08-02 22:05:33.490 22705 RALLYDEBUG rally_openstack.cleanup.manager [-] Cleaning up neutron subnet objects
2019-08-02 22:05:34.306 22705 RALLYDEBUG rally_openstack.cleanup.manager [-] Cleaning up neutron network objects
2019-08-02 22:05:35.033 22705 RALLYDEBUG rally_openstack.cleanup.manager [-] Deleting neutron.network object s_rally_718bbfad_mbkgfKSU (0491977c-0aa7-47ee-a1d2-f737af5767a2)
2019-08-02 22:05:35.033 22705 RALLYDEBUG rally_openstack.cleanup.manager [-] Deleting neutron.network object s_rally_718bbfad_1eyrFb1g (2022f71d-db73-4127-b68c-070b9face604)
2019-08-02 22:05:35.042 22705 RALLYDEBUG rally_openstack.cleanup.manager [-] Deleting neutron.network object s_rally_718bbfad_YYDXyrEC (3bd15feb-7ca8-44cc-932e-754bf1b1a635)
2019-08-02 22:05:35.051 22705 RALLYDEBUG rally_openstack.cleanup.manager [-] Deleting neutron.network object s_rally_718bbfad_MOUkA4de (7afecfa0-3d34-4000-9164-f72ee667f4e6)
2019-08-02 22:05:35.061 22705 RALLYDEBUG rally_openstack.cleanup.manager [-] Deleting neutron.network object s_rally_718bbfad_t7Kz0EMg (8329c546-05a5-47a4-ab77-85470467d3ac)
2019-08-02 22:05:35.070 22705 RALLYDEBUG rally_openstack.cleanup.manager [-] Deleting neutron.network object s_rally_718bbfad_q11AkcGo (9962afb9-fb4a-4467-8542-09d784efb35c)
2019-08-02 22:05:35.079 22705 RALLYDEBUG rally_openstack.cleanup.manager [-] Deleting neutron.network object s_rally_718bbfad_9nkLr2tL (b1a1d1f4-c2cc-4b76-9e0f-91e93f3a2d1e)
2019-08-02 22:05:35.088 22705 RALLYDEBUG rally_openstack.cleanup.manager [-] Deleting neutron.network object s_rally_718bbfad_82YUQXDj (cd7d2a3a-e6c5-4fb7-82ac-e06e31dca5e7)
2019-08-02 22:05:38.524 22705 RALLYDEBUG rally_openstack.cleanup.manager [-] Cleaning up neutron router objects
2019-08-02 22:05:39.227 22705 RALLYDEBUG rally_openstack.cleanup.manager [-] Cleaning up neutron security_group objects
2019-08-02 22:05:39.989 22705 INFO rally.task.context [-] Task 8e73b8f7-0b41-4038-a1b2-96b1fbadc36c | Context cleanup@openstack cleanup() finished in 1.04 min
2019-08-02 22:05:39.990 22705 INFO rally.task.context [-] Task 8e73b8f7-0b41-4038-a1b2-96b1fbadc36c | Context quotas@openstack cleanup() started
2019-08-02 22:05:40.212 22705 INFO rally.task.context [-] Task 8e73b8f7-0b41-4038-a1b2-96b1fbadc36c | Context quotas@openstack cleanup() finished in 0.22 sec
2019-08-02 22:05:40.213 22705 INFO rally.task.context [-] Task 8e73b8f7-0b41-4038-a1b2-96b1fbadc36c | Context users@openstack cleanup() started
2019-08-02 22:05:45.299 22705 INFO rally.task.context [-] Task 8e73b8f7-0b41-4038-a1b2-96b1fbadc36c | Context users@openstack cleanup() finished in 5.09 sec
2019-08-02 22:05:46.996 22705 INFO rally.task.engine [-] Load duration is: 95.642125
2019-08-02 22:05:46.996 22705 INFO rally.task.engine [-] Full runner duration is: 95.685196
2019-08-02 22:05:46.996 22705 INFO rally.task.engine [-] Full duration is: 168.96172
2019-08-02 22:05:47.223 22705 INFO rally.task.engine [-] Running workload: position = 1 config = { "version": 2, "title": "A cropped version of a bigger task.", "description": "Auto-generated task from a single workload (uuid=5d368230-6ef2-4b00-bc83-460542cbd9d4)", "subtasks": [ { "title": "NeutronNetworks.create_and_update_ports", "description": "Create and update a given number of ports.", "scenario": { "NeutronNetworks.create_and_update_ports": { "network_create_args": {}, "port_create_args": {}, "ports_per_network": 5, "port_update_args": { "admin_state_up": false, "device_id": "dummy_id", "device_owner": "dummy_owner", "name": "_port_updated" } } }, "contexts": { "users": { "tenants": 1, "users_per_tenant": 1 }, "quotas": { "neutron": { "network": -1, "port": -1 } } }, "runner": { "constant": { "times": 40, "concurrency": 20 } }, "hooks": [], "sla": { "failure_rate": { "max": 0 } } } ] }
2019-08-02 22:05:47.246 22705 RALLYDEBUG rally_openstack.contexts.keystone.users [-] Creating 1 tenants using 20 threads
2019-08-02 22:05:49.173 22705 RALLYDEBUG rally_openstack.contexts.keystone.users [-] Creating 1 users using 20 threads
2019-08-02 22:05:51.969 22705 INFO rally.task.context [-] Task 8e73b8f7-0b41-4038-a1b2-96b1fbadc36c | Context users@openstack setup() finished in 4.72 sec
2019-08-02 22:05:52.756 22705 INFO rally.task.context [-] Task 8e73b8f7-0b41-4038-a1b2-96b1fbadc36c | Context quotas@openstack setup() finished in 0.79 sec
2019-08-02 22:05:52.756 22705 INFO rally.task.context [-] Task 8e73b8f7-0b41-4038-a1b2-96b1fbadc36c | Context cleanup@openstack setup() finished in 0.01 msec
2019-08-02 22:05:52.764 22705 RALLYDEBUG rally.task.runner [-] Starting the constant runner (task UUID: 8e73b8f7-0b41-4038-a1b2-96b1fbadc36c). timeout: 0 concurrency: 20 concurrency_per_worker: 1 times: 40 concurrency_overhead: 4 processes_to_start: 16 max_cpu_used: 16
2019-08-02 22:05:52.777 26581 RALLYDEBUG rally.task.runner [-] Starting a worker. concurrency: 2 args: {"network_create_args": {}, "port_create_args": {}, "ports_per_network": 5, "port_update_args": {"admin_state_up": false, "device_id": "dummy_id", "device_owner": "dummy_owner", "name": "_port_updated"}} times: 40 method_name: run timeout: 0 duration: None cls:
2019-08-02 22:05:52.780 26582 RALLYDEBUG rally.task.runner [-] Starting a worker. concurrency: 2 args: {"network_create_args": {}, "port_create_args": {}, "ports_per_network": 5, "port_update_args": {"admin_state_up": false, "device_id": "dummy_id", "device_owner": "dummy_owner", "name": "_port_updated"}} times: 40 method_name: run timeout: 0 duration: None cls:
2019-08-02 22:05:52.782 26583 RALLYDEBUG rally.task.runner [-] Starting a worker. concurrency: 2 args: {"network_create_args": {}, "port_create_args": {}, "ports_per_network": 5, "port_update_args": {"admin_state_up": false, "device_id": "dummy_id", "device_owner": "dummy_owner", "name": "_port_updated"}} times: 40 method_name: run timeout: 0 duration: None cls:
2019-08-02 22:05:52.786 26581 INFO rally.task.runner [-] Task 8e73b8f7-0b41-4038-a1b2-96b1fbadc36c | ITER: 1 START
2019-08-02 22:05:52.787 26584 RALLYDEBUG rally.task.runner [-] Starting a worker. concurrency: 2 args: {"network_create_args": {}, "port_create_args": {}, "ports_per_network": 5, "port_update_args": {"admin_state_up": false, "device_id": "dummy_id", "device_owner": "dummy_owner", "name": "_port_updated"}} times: 40 method_name: run timeout: 0 duration: None cls:
2019-08-02 22:05:52.788 26581 WARNING rally_openstack.scenarios.neutron.utils [-] Running this scenario without either the 'network' or 'existing_network' context is deprecated
2019-08-02 22:05:52.789 26581 INFO rally.task.runner [-] Task 8e73b8f7-0b41-4038-a1b2-96b1fbadc36c | ITER: 3 START
2019-08-02 22:05:52.790 26582 INFO rally.task.runner [-] Task 8e73b8f7-0b41-4038-a1b2-96b1fbadc36c | ITER: 2 START
2019-08-02 22:05:52.789 26586 RALLYDEBUG rally.task.runner [-] Starting a worker. concurrency: 1 args: {"network_create_args": {}, "port_create_args": {}, "ports_per_network": 5, "port_update_args": {"admin_state_up": false, "device_id": "dummy_id", "device_owner": "dummy_owner", "name": "_port_updated"}} times: 40 method_name: run timeout: 0 duration: None cls:
2019-08-02 22:05:52.790 26583 INFO rally.task.runner [-] Task 8e73b8f7-0b41-4038-a1b2-96b1fbadc36c | ITER: 4 START
2019-08-02 22:05:52.792 26582 WARNING rally_openstack.scenarios.neutron.utils [-] Running this scenario without either the 'network' or 'existing_network' context is deprecated
2019-08-02 22:05:52.791 26581 WARNING rally_openstack.scenarios.neutron.utils [-] Running this scenario without either the 'network' or 'existing_network' context is deprecated
2019-08-02 22:05:52.794 26583 WARNING rally_openstack.scenarios.neutron.utils [-] Running this scenario without either the 'network' or 'existing_network' context is deprecated
2019-08-02 22:05:52.796 26586 INFO rally.task.runner [-] Task 8e73b8f7-0b41-4038-a1b2-96b1fbadc36c | ITER: 8 START
2019-08-02 22:05:52.797 26584 INFO rally.task.runner [-] Task 8e73b8f7-0b41-4038-a1b2-96b1fbadc36c | ITER: 7 START
2019-08-02 22:05:52.796 26591 RALLYDEBUG rally.task.runner [-] Starting a worker. concurrency: 1 args: {"network_create_args": {}, "port_create_args": {}, "ports_per_network": 5, "port_update_args": {"admin_state_up": false, "device_id": "dummy_id", "device_owner": "dummy_owner", "name": "_port_updated"}} times: 40 method_name: run timeout: 0 duration: None cls:
2019-08-02 22:05:52.798 26586 WARNING rally_openstack.scenarios.neutron.utils [-] Running this scenario without either the 'network' or 'existing_network' context is deprecated
2019-08-02 22:05:52.798 26584 WARNING rally_openstack.scenarios.neutron.utils [-] Running this scenario without either the 'network' or 'existing_network' context is deprecated
2019-08-02 22:05:52.798 26595 RALLYDEBUG rally.task.runner [-] Starting a worker. concurrency: 1 args: {"network_create_args": {}, "port_create_args": {}, "ports_per_network": 5, "port_update_args": {"admin_state_up": false, "device_id": "dummy_id", "device_owner": "dummy_owner", "name": "_port_updated"}} times: 40 method_name: run timeout: 0 duration: None cls:
2019-08-02 22:05:52.803 26602 RALLYDEBUG rally.task.runner [-] Starting a worker. concurrency: 1 args: {"network_create_args": {}, "port_create_args": {}, "ports_per_network": 5, "port_update_args": {"admin_state_up": false, "device_id": "dummy_id", "device_owner": "dummy_owner", "name": "_port_updated"}} times: 40 method_name: run timeout: 0 duration: None cls:
2019-08-02 22:05:52.803 26591 INFO rally.task.runner [-] Task 8e73b8f7-0b41-4038-a1b2-96b1fbadc36c | ITER: 10 START
2019-08-02 22:05:52.805 26595 INFO rally.task.runner [-] Task 8e73b8f7-0b41-4038-a1b2-96b1fbadc36c | ITER: 11 START
2019-08-02 22:05:52.805 26591 WARNING rally_openstack.scenarios.neutron.utils [-] Running this scenario without either the 'network' or 'existing_network' context is deprecated
2019-08-02 22:05:52.807 26595 WARNING rally_openstack.scenarios.neutron.utils [-] Running this scenario without either the 'network' or 'existing_network' context is deprecated
2019-08-02 22:05:52.808 26584 INFO rally.task.runner [-] Task 8e73b8f7-0b41-4038-a1b2-96b1fbadc36c | ITER: 9 START
2019-08-02 22:05:52.808 26583 INFO rally.task.runner [-] Task 8e73b8f7-0b41-4038-a1b2-96b1fbadc36c | ITER: 6 START
2019-08-02 22:05:52.809 26582 INFO rally.task.runner [-] Task 8e73b8f7-0b41-4038-a1b2-96b1fbadc36c | ITER: 5 START
2019-08-02 22:05:52.810 26602 INFO rally.task.runner [-] Task 8e73b8f7-0b41-4038-a1b2-96b1fbadc36c | ITER: 12 START
2019-08-02 22:05:52.810 26582 WARNING rally_openstack.scenarios.neutron.utils [-] Running this scenario without either the 'network' or 'existing_network' context is deprecated
2019-08-02 22:05:52.811 26583 WARNING rally_openstack.scenarios.neutron.utils [-] Running this scenario without either the 'network' or 'existing_network' context is deprecated
2019-08-02 22:05:52.811 26602 WARNING rally_openstack.scenarios.neutron.utils [-] Running this scenario without either the 'network' or 'existing_network' context is deprecated
2019-08-02 22:05:52.809 26584 WARNING rally_openstack.scenarios.neutron.utils [-] Running this scenario without either the 'network' or 'existing_network' context is deprecated
2019-08-02 22:05:52.812 26606 RALLYDEBUG rally.task.runner [-] Starting a worker. concurrency: 1 args: {"network_create_args": {}, "port_create_args": {}, "ports_per_network": 5, "port_update_args": {"admin_state_up": false, "device_id": "dummy_id", "device_owner": "dummy_owner", "name": "_port_updated"}} times: 40 method_name: run timeout: 0 duration: None cls:
2019-08-02 22:05:52.819 26606 INFO rally.task.runner [-] Task 8e73b8f7-0b41-4038-a1b2-96b1fbadc36c | ITER: 13 START
2019-08-02 22:05:52.819 26611 RALLYDEBUG rally.task.runner [-] Starting a worker. concurrency: 1 args: {"network_create_args": {}, "port_create_args": {}, "ports_per_network": 5, "port_update_args": {"admin_state_up": false, "device_id": "dummy_id", "device_owner": "dummy_owner", "name": "_port_updated"}} times: 40 method_name: run timeout: 0 duration: None cls:
2019-08-02 22:05:52.820 26609 RALLYDEBUG rally.task.runner [-] Starting a worker. concurrency: 1 args: {"network_create_args": {}, "port_create_args": {}, "ports_per_network": 5, "port_update_args": {"admin_state_up": false, "device_id": "dummy_id", "device_owner": "dummy_owner", "name": "_port_updated"}} times: 40 method_name: run timeout: 0 duration: None cls:
2019-08-02 22:05:52.821 26606 WARNING rally_openstack.scenarios.neutron.utils [-] Running this scenario without either the 'network' or 'existing_network' context is deprecated
2019-08-02 22:05:52.828 26609 INFO rally.task.runner [-] Task 8e73b8f7-0b41-4038-a1b2-96b1fbadc36c | ITER: 15 START
2019-08-02 22:05:52.827 26611 INFO rally.task.runner [-] Task 8e73b8f7-0b41-4038-a1b2-96b1fbadc36c | ITER: 14 START
2019-08-02 22:05:52.831 26609 WARNING rally_openstack.scenarios.neutron.utils [-] Running this scenario without either the 'network' or 'existing_network' context is deprecated
2019-08-02 22:05:52.830 26611 WARNING rally_openstack.scenarios.neutron.utils [-] Running this scenario without either the 'network' or 'existing_network' context is deprecated
2019-08-02 22:05:52.831 26614 RALLYDEBUG rally.task.runner [-] Starting a worker. concurrency: 1 args: {"network_create_args": {}, "port_create_args": {}, "ports_per_network": 5, "port_update_args": {"admin_state_up": false, "device_id": "dummy_id", "device_owner": "dummy_owner", "name": "_port_updated"}} times: 40 method_name: run timeout: 0 duration: None cls:
2019-08-02 22:05:52.840 26614 INFO rally.task.runner [-] Task 8e73b8f7-0b41-4038-a1b2-96b1fbadc36c | ITER: 16 START
2019-08-02 22:05:52.841 26614 WARNING rally_openstack.scenarios.neutron.utils [-] Running this scenario without either the 'network' or 'existing_network' context is deprecated
2019-08-02 22:05:52.841 26619 RALLYDEBUG rally.task.runner [-] Starting a worker. concurrency: 1 args: {"network_create_args": {}, "port_create_args": {}, "ports_per_network": 5, "port_update_args": {"admin_state_up": false, "device_id": "dummy_id", "device_owner": "dummy_owner", "name": "_port_updated"}} times: 40 method_name: run timeout: 0 duration: None cls:
2019-08-02 22:05:52.847 26619 INFO rally.task.runner [-] Task 8e73b8f7-0b41-4038-a1b2-96b1fbadc36c | ITER: 17 START
2019-08-02 22:05:52.849 26619 WARNING rally_openstack.scenarios.neutron.utils [-] Running this scenario without either the 'network' or 'existing_network' context is deprecated
2019-08-02 22:05:52.851 26622 RALLYDEBUG rally.task.runner [-] Starting a worker. concurrency: 1 args: {"network_create_args": {}, "port_create_args": {}, "ports_per_network": 5, "port_update_args": {"admin_state_up": false, "device_id": "dummy_id", "device_owner": "dummy_owner", "name": "_port_updated"}} times: 40 method_name: run timeout: 0 duration: None cls:
2019-08-02 22:05:52.856 26622 INFO rally.task.runner [-] Task 8e73b8f7-0b41-4038-a1b2-96b1fbadc36c | ITER: 18 START
2019-08-02 22:05:52.857 26622 WARNING rally_openstack.scenarios.neutron.utils [-] Running this scenario without either the 'network' or 'existing_network' context is deprecated
2019-08-02 22:05:52.858 26625 RALLYDEBUG rally.task.runner [-] Starting a worker. concurrency: 1 args: {"network_create_args": {}, "port_create_args": {}, "ports_per_network": 5, "port_update_args": {"admin_state_up": false, "device_id": "dummy_id", "device_owner": "dummy_owner", "name": "_port_updated"}} times: 40 method_name: run timeout: 0 duration: None cls:
2019-08-02 22:05:52.863 26625 INFO rally.task.runner [-] Task 8e73b8f7-0b41-4038-a1b2-96b1fbadc36c | ITER: 19 START
2019-08-02 22:05:52.864 26625 WARNING rally_openstack.scenarios.neutron.utils [-] Running this scenario without either the 'network' or 'existing_network' context is deprecated
2019-08-02 22:05:52.863 26628 RALLYDEBUG rally.task.runner [-] Starting a worker. concurrency: 1 args: {"network_create_args": {}, "port_create_args": {}, "ports_per_network": 5, "port_update_args": {"admin_state_up": false, "device_id": "dummy_id", "device_owner": "dummy_owner", "name": "_port_updated"}} times: 40 method_name: run timeout: 0 duration: None cls:
2019-08-02 22:05:52.868 26628 INFO rally.task.runner [-] Task 8e73b8f7-0b41-4038-a1b2-96b1fbadc36c | ITER: 20 START
2019-08-02 22:05:52.869 26628 WARNING rally_openstack.scenarios.neutron.utils [-] Running this scenario without either the 'network' or 'existing_network' context is deprecated
2019-08-02 22:06:06.968 26581 INFO rally.task.runner [-] Task 8e73b8f7-0b41-4038-a1b2-96b1fbadc36c | ITER: 3 END: OK
2019-08-02 22:06:06.971 26581 INFO rally.task.runner [-] Task 8e73b8f7-0b41-4038-a1b2-96b1fbadc36c | ITER: 21 START
2019-08-02 22:06:06.972 26581 WARNING rally_openstack.scenarios.neutron.utils [-] Running this scenario without either the 'network' or 'existing_network' context is deprecated
2019-08-02 22:06:07.168 26619 INFO rally.task.runner [-] Task 8e73b8f7-0b41-4038-a1b2-96b1fbadc36c | ITER: 17 END: OK
2019-08-02 22:06:07.172 26619 INFO rally.task.runner [-] Task 8e73b8f7-0b41-4038-a1b2-96b1fbadc36c | ITER: 22 START
2019-08-02 22:06:07.173 26619 WARNING rally_openstack.scenarios.neutron.utils [-] Running this scenario without either the 'network' or 'existing_network' context is deprecated
2019-08-02 22:06:07.770 26595 INFO rally.task.runner [-] Task 8e73b8f7-0b41-4038-a1b2-96b1fbadc36c | ITER: 11 END: OK
2019-08-02 22:06:07.774 26595 INFO rally.task.runner [-] Task 8e73b8f7-0b41-4038-a1b2-96b1fbadc36c | ITER: 23 START
2019-08-02 22:06:07.775 26595 WARNING rally_openstack.scenarios.neutron.utils [-] Running this scenario without either the 'network' or 'existing_network' context is deprecated
2019-08-02 22:06:08.181 26628 INFO rally.task.runner [-] Task 8e73b8f7-0b41-4038-a1b2-96b1fbadc36c | ITER: 20 END: OK
2019-08-02 22:06:08.185 26628 INFO rally.task.runner [-] Task 8e73b8f7-0b41-4038-a1b2-96b1fbadc36c | ITER: 24 START
2019-08-02 22:06:08.186 26628 WARNING rally_openstack.scenarios.neutron.utils [-] Running this scenario without either the 'network' or 'existing_network' context is deprecated
2019-08-02 22:06:08.240 26584 INFO rally.task.runner [-] Task 8e73b8f7-0b41-4038-a1b2-96b1fbadc36c | ITER: 7 END: OK
2019-08-02 22:06:08.244 26584 INFO rally.task.runner [-] Task 8e73b8f7-0b41-4038-a1b2-96b1fbadc36c | ITER: 25 START
2019-08-02 22:06:08.244 26584 WARNING rally_openstack.scenarios.neutron.utils [-] Running this scenario without either the 'network' or 'existing_network' context is deprecated
2019-08-02 22:06:08.464 26582 INFO rally.task.runner [-] Task 8e73b8f7-0b41-4038-a1b2-96b1fbadc36c | ITER: 2 END: OK
2019-08-02 22:06:08.467 26582 INFO rally.task.runner [-] Task 8e73b8f7-0b41-4038-a1b2-96b1fbadc36c | ITER: 26 START
2019-08-02 22:06:08.468 26582 WARNING rally_openstack.scenarios.neutron.utils [-] Running this scenario without either the 'network' or 'existing_network' context is deprecated
2019-08-02 22:06:08.534 26591 INFO rally.task.runner [-] Task 8e73b8f7-0b41-4038-a1b2-96b1fbadc36c | ITER: 10 END: OK
2019-08-02 22:06:08.538 26591 INFO rally.task.runner [-] Task 8e73b8f7-0b41-4038-a1b2-96b1fbadc36c | ITER: 27 START
2019-08-02 22:06:08.539 26591 WARNING rally_openstack.scenarios.neutron.utils [-] Running this scenario without either the 'network' or 'existing_network' context is deprecated
2019-08-02 22:06:08.587 26622 INFO rally.task.runner [-] Task 8e73b8f7-0b41-4038-a1b2-96b1fbadc36c | ITER: 18 END: OK
2019-08-02 22:06:08.590 26622 INFO rally.task.runner [-] Task 8e73b8f7-0b41-4038-a1b2-96b1fbadc36c | ITER: 28 START
2019-08-02 22:06:08.590 26622 WARNING rally_openstack.scenarios.neutron.utils [-] Running this scenario without either the 'network' or 'existing_network' context is deprecated
2019-08-02 22:06:08.847 26583 INFO rally.task.runner [-] Task 8e73b8f7-0b41-4038-a1b2-96b1fbadc36c | ITER: 6 END: OK
2019-08-02 22:06:08.850 26583 INFO rally.task.runner [-] Task 8e73b8f7-0b41-4038-a1b2-96b1fbadc36c | ITER: 29 START
2019-08-02 22:06:08.851 26583 WARNING rally_openstack.scenarios.neutron.utils [-] Running this scenario without either the 'network' or 'existing_network' context is deprecated
2019-08-02 22:06:08.992 26582 INFO rally.task.runner [-] Task 8e73b8f7-0b41-4038-a1b2-96b1fbadc36c | ITER: 5 END: OK
2019-08-02 22:06:08.996 26582 INFO rally.task.runner [-] Task 8e73b8f7-0b41-4038-a1b2-96b1fbadc36c | ITER: 30 START
2019-08-02 22:06:08.996 26582 WARNING rally_openstack.scenarios.neutron.utils [-] Running this scenario without either the 'network' or 'existing_network' context is deprecated
2019-08-02 22:06:09.024 26581 INFO rally.task.runner [-] Task 8e73b8f7-0b41-4038-a1b2-96b1fbadc36c | ITER: 1 END: OK
2019-08-02 22:06:09.028 26581 INFO rally.task.runner [-] Task 8e73b8f7-0b41-4038-a1b2-96b1fbadc36c | ITER: 31 START
2019-08-02 22:06:09.029 26581 WARNING rally_openstack.scenarios.neutron.utils [-] Running this scenario without either the 'network' or 'existing_network' context is deprecated
2019-08-02 22:06:09.317 26625 INFO rally.task.runner [-] Task 8e73b8f7-0b41-4038-a1b2-96b1fbadc36c | ITER: 19 END: OK
2019-08-02 22:06:09.321 26625 INFO rally.task.runner [-] Task 8e73b8f7-0b41-4038-a1b2-96b1fbadc36c | ITER: 32 START
2019-08-02 22:06:09.322 26625 WARNING rally_openstack.scenarios.neutron.utils [-] Running this scenario without either the 'network' or 'existing_network' context is deprecated
2019-08-02 22:06:09.436 26606 INFO rally.task.runner [-] Task 8e73b8f7-0b41-4038-a1b2-96b1fbadc36c | ITER: 13 END: OK
2019-08-02 22:06:09.440 26606 INFO rally.task.runner [-] Task 8e73b8f7-0b41-4038-a1b2-96b1fbadc36c | ITER: 33 START
2019-08-02 22:06:09.441 26606 WARNING rally_openstack.scenarios.neutron.utils [-] Running this scenario without either the 'network' or 'existing_network' context is deprecated
2019-08-02 22:06:09.550 26609 INFO rally.task.runner [-] Task 8e73b8f7-0b41-4038-a1b2-96b1fbadc36c | ITER: 15 END: OK
2019-08-02 22:06:09.553 26609 INFO rally.task.runner [-] Task 8e73b8f7-0b41-4038-a1b2-96b1fbadc36c | ITER: 34 START
2019-08-02 22:06:09.554 26609 WARNING rally_openstack.scenarios.neutron.utils [-] Running this scenario without either the 'network' or 'existing_network' context is deprecated
2019-08-02 22:06:09.905 26586 INFO rally.task.runner [-] Task 8e73b8f7-0b41-4038-a1b2-96b1fbadc36c | ITER: 8 END: OK
2019-08-02 22:06:09.909 26586 INFO rally.task.runner [-] Task 8e73b8f7-0b41-4038-a1b2-96b1fbadc36c | ITER: 35 START
2019-08-02 22:06:09.910 26586 WARNING rally_openstack.scenarios.neutron.utils [-] Running this scenario without either the 'network' or 'existing_network' context is deprecated
2019-08-02 22:06:10.183 26611 INFO rally.task.runner [-] Task 8e73b8f7-0b41-4038-a1b2-96b1fbadc36c | ITER: 14 END: OK
2019-08-02 22:06:10.188 26611 INFO rally.task.runner [-] Task 8e73b8f7-0b41-4038-a1b2-96b1fbadc36c | ITER: 36 START
2019-08-02 22:06:10.189 26611 WARNING rally_openstack.scenarios.neutron.utils [-] Running this scenario without either the 'network' or 'existing_network' context is deprecated
2019-08-02 22:06:10.348 26614 INFO rally.task.runner [-] Task 8e73b8f7-0b41-4038-a1b2-96b1fbadc36c | ITER: 16 END: OK
2019-08-02 22:06:10.353 26614 INFO rally.task.runner [-] Task 8e73b8f7-0b41-4038-a1b2-96b1fbadc36c | ITER: 37 START
2019-08-02 22:06:10.353 26614 WARNING rally_openstack.scenarios.neutron.utils [-] Running this scenario without either the 'network' or 'existing_network' context is deprecated
2019-08-02 22:06:10.445 26602 INFO rally.task.runner [-] Task 8e73b8f7-0b41-4038-a1b2-96b1fbadc36c | ITER: 12 END: OK
2019-08-02 22:06:10.450 26602 INFO rally.task.runner [-] Task 8e73b8f7-0b41-4038-a1b2-96b1fbadc36c | ITER: 38 START
2019-08-02 22:06:10.451 26602 WARNING rally_openstack.scenarios.neutron.utils [-] Running this scenario without either the 'network' or 'existing_network' context is deprecated
2019-08-02 22:06:10.801 26583 INFO rally.task.runner [-] Task 8e73b8f7-0b41-4038-a1b2-96b1fbadc36c | ITER: 4 END: OK
2019-08-02 22:06:10.805 26583 INFO rally.task.runner [-] Task 8e73b8f7-0b41-4038-a1b2-96b1fbadc36c | ITER: 39 START
2019-08-02 22:06:10.806 26583 WARNING rally_openstack.scenarios.neutron.utils [-] Running this scenario without either the 'network' or 'existing_network' context is deprecated
2019-08-02 22:06:11.042 26584 INFO rally.task.runner [-] Task 8e73b8f7-0b41-4038-a1b2-96b1fbadc36c | ITER: 9 END: OK
2019-08-02 22:06:11.046 26584 INFO rally.task.runner [-] Task 8e73b8f7-0b41-4038-a1b2-96b1fbadc36c | ITER: 40 START
2019-08-02 22:06:11.046 26584 WARNING rally_openstack.scenarios.neutron.utils [-] Running this scenario without either the 'network' or 'existing_network' context is deprecated
2019-08-02 22:06:18.468 26619 INFO rally.task.runner [-] Task 8e73b8f7-0b41-4038-a1b2-96b1fbadc36c | ITER: 22 END: OK
2019-08-02 22:06:19.757 26581 INFO rally.task.runner [-] Task 8e73b8f7-0b41-4038-a1b2-96b1fbadc36c | ITER: 21 END: OK
2019-08-02 22:06:21.095 26582 INFO rally.task.runner [-] Task 8e73b8f7-0b41-4038-a1b2-96b1fbadc36c | ITER: 26 END: OK
2019-08-02 22:06:21.737 26595 INFO rally.task.runner [-] Task 8e73b8f7-0b41-4038-a1b2-96b1fbadc36c | ITER: 23 END: OK
2019-08-02 22:06:22.544 26583 INFO rally.task.runner [-] Task 8e73b8f7-0b41-4038-a1b2-96b1fbadc36c | ITER: 29 END: OK
2019-08-02 22:06:22.726 26628 INFO rally.task.runner [-] Task 8e73b8f7-0b41-4038-a1b2-96b1fbadc36c | ITER: 24 END: OK
2019-08-02 22:06:23.215 26584 INFO rally.task.runner [-] Task 8e73b8f7-0b41-4038-a1b2-96b1fbadc36c | ITER: 25 END: OK
2019-08-02 22:06:23.305 26622 INFO rally.task.runner [-] Task 8e73b8f7-0b41-4038-a1b2-96b1fbadc36c | ITER: 28 END: OK
2019-08-02 22:06:23.403 26581 INFO rally.task.runner [-] Task 8e73b8f7-0b41-4038-a1b2-96b1fbadc36c | ITER: 31 END: OK
2019-08-02 22:06:23.972 26625 INFO rally.task.runner [-] Task 8e73b8f7-0b41-4038-a1b2-96b1fbadc36c | ITER: 32 END: OK
2019-08-02 22:06:23.987 26609 INFO rally.task.runner [-] Task 8e73b8f7-0b41-4038-a1b2-96b1fbadc36c | ITER: 34 END: OK
2019-08-02 22:06:23.996 26582 INFO rally.task.runner [-] Task 8e73b8f7-0b41-4038-a1b2-96b1fbadc36c | ITER: 30 END: OK
2019-08-02 22:06:24.066 26586 INFO rally.task.runner [-] Task 8e73b8f7-0b41-4038-a1b2-96b1fbadc36c | ITER: 35 END: OK
2019-08-02 22:06:24.162 26606 INFO rally.task.runner [-] Task 8e73b8f7-0b41-4038-a1b2-96b1fbadc36c | ITER: 33 END: OK
2019-08-02 22:06:24.534 26602 INFO rally.task.runner [-] Task 8e73b8f7-0b41-4038-a1b2-96b1fbadc36c | ITER: 38 END: OK
2019-08-02 22:06:24.578 26583 INFO rally.task.runner [-] Task 8e73b8f7-0b41-4038-a1b2-96b1fbadc36c | ITER: 39 END: OK
2019-08-02 22:06:24.620 26591 INFO rally.task.runner [-] Task 8e73b8f7-0b41-4038-a1b2-96b1fbadc36c | ITER: 27 END: OK
2019-08-02 22:06:24.792 26584 INFO rally.task.runner [-] Task 8e73b8f7-0b41-4038-a1b2-96b1fbadc36c | ITER: 40 END: OK
2019-08-02 22:06:25.008 26614 INFO rally.task.runner [-] Task 8e73b8f7-0b41-4038-a1b2-96b1fbadc36c | ITER: 37 END: OK
2019-08-02 22:06:25.100 26611 INFO rally.task.runner [-] Task 8e73b8f7-0b41-4038-a1b2-96b1fbadc36c | ITER: 36 END: OK
2019-08-02 22:06:25.124 22705 INFO rally.task.context [-] Task 8e73b8f7-0b41-4038-a1b2-96b1fbadc36c | Context cleanup@openstack cleanup() started
2019-08-02 22:06:25.126 22705 RALLYDEBUG rally_openstack.cleanup.manager [-] Cleaning up neutron vip objects
2019-08-02 22:06:25.760 22705 RALLYDEBUG rally_openstack.cleanup.manager [-] Cleaning up neutron health_monitor objects
2019-08-02 22:06:26.488 22705 RALLYDEBUG rally_openstack.cleanup.manager [-] Cleaning up neutron pool objects
2019-08-02 22:06:27.143 22705 RALLYDEBUG rally_openstack.cleanup.manager [-] Cleaning up neutron loadbalancer objects
2019-08-02 22:06:27.803 22705 RALLYDEBUG rally_openstack.cleanup.manager [-] Cleaning up neutron floatingip objects
2019-08-02 22:06:28.511 22705 RALLYDEBUG rally_openstack.cleanup.manager [-] Cleaning up neutron port objects
2019-08-02 22:06:29.951 22705 RALLYDEBUG rally_openstack.cleanup.manager [-] Deleting neutron.port object s_rally_5d368230_YSLODmAM (008a2d1f-6673-4901-90ae-afabe3b1a092)
2019-08-02 22:06:29.954 22705 RALLYDEBUG rally_openstack.cleanup.manager [-] Deleting neutron.port object s_rally_5d368230_cE5hFoS4 (0d511ba6-3938-412e-9b59-7615ed2b28df)
2019-08-02 22:06:29.965 22705 RALLYDEBUG rally_openstack.cleanup.manager [-] Deleting neutron.port object s_rally_5d368230_ZjpwAkT1 (0f358e7b-34e5-47fc-88fe-416268e290f6)
2019-08-02 22:06:29.969 22705 RALLYDEBUG rally_openstack.cleanup.manager [-] Deleting neutron.port object s_rally_5d368230_hNxXI48d (02cd354c-fd18-4d5c-a9bd-a43e835df3df)
2019-08-02 22:06:29.972 22705 RALLYDEBUG rally_openstack.cleanup.manager [-] Deleting neutron.port object s_rally_5d368230_oOtTj6Cy (0af21486-faf7-4ab8-b3a7-2fc901eba010)
2019-08-02 22:06:29.973 22705 RALLYDEBUG rally_openstack.cleanup.manager [-] Deleting neutron.port object s_rally_5d368230_Nr6IixBP (0f1436a6-f107-480a-9d11-6db3fa35d765)
2019-08-02 22:06:29.980 22705 RALLYDEBUG rally_openstack.cleanup.manager [-] Deleting neutron.port object s_rally_5d368230_CoGHIEh3 (0e617fa7-d7f2-4290-835e-e42d52b453d2)
2019-08-02 22:06:29.995 22705 RALLYDEBUG rally_openstack.cleanup.manager [-] Deleting neutron.port object s_rally_5d368230_QiHz4swV (0f53db4b-7ebe-4e67-967d-dbb99f1ed163)
2019-08-02 22:06:29.998 22705 RALLYDEBUG rally_openstack.cleanup.manager [-] Deleting neutron.port object s_rally_5d368230_PPLThdhO (048de8e7-57d3-46c6-b1c6-d5a395f747d9)
2019-08-02 22:06:29.998 22705 RALLYDEBUG rally_openstack.cleanup.manager [-] Deleting neutron.port object s_rally_5d368230_19JrC6NQ (086aa09e-4ad5-485d-9153-283bc26e2c9c)
2019-08-02 22:06:30.000 22705 RALLYDEBUG rally_openstack.cleanup.manager [-] Deleting neutron.port object s_rally_5d368230_Ocexe3vn (0cc40b9c-6aed-4120-ac05-3661764da665)
2019-08-02 22:06:30.001 22705 RALLYDEBUG rally_openstack.cleanup.manager [-] Deleting neutron.port object s_rally_5d368230_9kY4l8d9 (13a97f98-4b09-40cc-9da0-e458af5af387)
2019-08-02 22:06:30.002 22705 RALLYDEBUG rally_openstack.cleanup.manager [-] Deleting neutron.port object s_rally_5d368230_WkTS8kTp (046acac4-75f5-4eca-adc4-f2aec76a541f)
2019-08-02 22:06:30.002 22705 RALLYDEBUG rally_openstack.cleanup.manager [-] Deleting neutron.port object s_rally_5d368230_u5Xftmrl (0a6c347a-a27b-4d08-90e0-aadd5909d832)
2019-08-02 22:06:30.011 22705 RALLYDEBUG rally_openstack.cleanup.manager [-] Deleting neutron.port object s_rally_5d368230_MEplgROW (14aaeee8-3f89-4420-9f2d-76ebbdbd66a3)
2019-08-02 22:06:30.021 22705 RALLYDEBUG rally_openstack.cleanup.manager [-] Deleting neutron.port object s_rally_5d368230_YQp1OLhx (1517809a-47a1-4684-9384-387d3ffbf4d4)
2019-08-02 22:06:30.023 22705 RALLYDEBUG rally_openstack.cleanup.manager [-] Deleting neutron.port object s_rally_5d368230_8wZBzaKY (15dcb587-5f6d-4879-926a-6bf01c09295f)
2019-08-02 22:06:30.038 22705 RALLYDEBUG rally_openstack.cleanup.manager [-] Deleting neutron.port object s_rally_5d368230_3aAhhsLl (15ebdd50-a549-499a-b95f-c073cf86c3df)
2019-08-02 22:06:30.053 22705 RALLYDEBUG rally_openstack.cleanup.manager [-] Deleting neutron.port object s_rally_5d368230_umm2gTEQ (176aef9b-eb14-4129-ae38-77d1e922e6b8)
2019-08-02 22:06:30.079 22705 RALLYDEBUG rally_openstack.cleanup.manager [-] Deleting neutron.port object s_rally_5d368230_4obO7jEW (180634ba-1cf8-42e5-bafa-69f02889328b)
2019-08-02 22:06:32.492 22705 RALLYDEBUG rally_openstack.cleanup.manager [-] Deleting neutron.port object s_rally_5d368230_CbJcjZlg (18a24de9-5afc-4b5d-9ded-bde8b6e1fa09)
2019-08-02 22:06:32.521 22705 RALLYDEBUG rally_openstack.cleanup.manager [-] Deleting neutron.port object s_rally_5d368230_cUQhbnkO (18d16ec2-d84d-475a-9216-f5f7e6ea2b0e)
2019-08-02 22:06:32.524 22705 RALLYDEBUG rally_openstack.cleanup.manager [-] Deleting neutron.port object s_rally_5d368230_Yl0XJpU2 (194defeb-a6fa-416c-8836-a8ebd7b9d952)
2019-08-02 22:06:32.634 22705 RALLYDEBUG rally_openstack.cleanup.manager [-] Deleting neutron.port object s_rally_5d368230_KsqLH4Ob (1b12d1dc-3058-464f-ba34-cf5cdefa6834)
2019-08-02 22:06:32.744 22705 RALLYDEBUG rally_openstack.cleanup.manager [-] Deleting neutron.port object s_rally_5d368230_lwBRdJ9Y (1d16f864-8b3c-4e08-abe6-5718e0dda174)
2019-08-02 22:06:32.745 22705 RALLYDEBUG rally_openstack.cleanup.manager [-] Deleting neutron.port object s_rally_5d368230_pLjlUMNQ (1cf45e98-c070-4694-89e3-201035172a5d)
2019-08-02 22:06:32.786 22705 RALLYDEBUG rally_openstack.cleanup.manager [-] Deleting neutron.port object s_rally_5d368230_a3kWigF9 (1d3a13b5-9150-4491-b301-8b2f448da7d6)
2019-08-02 22:06:32.815 22705 RALLYDEBUG rally_openstack.cleanup.manager [-] Deleting neutron.port object s_rally_5d368230_7BNh795V (1d435e89-ec67-4687-9b7e-f7992883ef74)
2019-08-02 22:06:32.866 22705 RALLYDEBUG rally_openstack.cleanup.manager [-] Deleting neutron.port object s_rally_5d368230_Swp9MBJk (1fd2cfcb-61ac-4cb9-9db9-b08033c0e05d)
2019-08-02 22:06:32.883 22705 RALLYDEBUG rally_openstack.cleanup.manager [-] Deleting neutron.port object s_rally_5d368230_SdmPZCe4 (200a9cea-2bb1-403c-aa37-83e61ba7fb3f)
2019-08-02 22:06:32.914 22705 RALLYDEBUG rally_openstack.cleanup.manager [-] Deleting neutron.port object s_rally_5d368230_0DaLoiZh (21e91034-aa5e-4d4e-b095-5eb075a090d0)
2019-08-02 22:06:32.925 22705 RALLYDEBUG rally_openstack.cleanup.manager [-] Deleting neutron.port object s_rally_5d368230_Jr06vFdi (221882c0-3fa1-472c-8fbf-e3ff900d7107)
2019-08-02 22:06:32.956 22705 RALLYDEBUG rally_openstack.cleanup.manager [-] Deleting neutron.port object s_rally_5d368230_fxgglrnx (2296c842-c93f-4f37-8639-86b0593a3f9d)
2019-08-02 22:06:32.965 22705 RALLYDEBUG rally_openstack.cleanup.manager [-] Deleting neutron.port object s_rally_5d368230_jpFfQ2VX (263bdd3f-3c4b-40b8-9451-03f9c85800e5)
2019-08-02 22:06:32.998 22705 RALLYDEBUG rally_openstack.cleanup.manager [-] Deleting neutron.port object s_rally_5d368230_TiKTiSNq (267a37af-3f3c-440a-9337-57e9d4cbbc70)
2019-08-02 22:06:33.033 22705 RALLYDEBUG rally_openstack.cleanup.manager [-] Deleting neutron.port object s_rally_5d368230_ml6IQl5Z (26d7b901-8f78-435e-ae2c-1c6388ce14ac)
2019-08-02 22:06:33.053 22705 RALLYDEBUG rally_openstack.cleanup.manager [-] Deleting neutron.port object s_rally_5d368230_7us6OEod (29711d8a-42bf-4daa-b9c6-9cc044454f78)
2019-08-02 22:06:33.061 22705 RALLYDEBUG rally_openstack.cleanup.manager [-] Deleting neutron.port object s_rally_5d368230_uSMoRcUa (2a7901a7-6ae6-42d0-9d78-f67f798d11a0)
2019-08-02 22:06:33.068 22705 RALLYDEBUG rally_openstack.cleanup.manager [-] Deleting neutron.port object s_rally_5d368230_bhPJyPDM (2d6ffa37-bcb3-47e6-a98a-1a856244603b)
2019-08-02 22:06:33.182 22705 RALLYDEBUG rally_openstack.cleanup.manager [-] Deleting neutron.port object s_rally_5d368230_qMow4mte (2dc6ca63-e768-4ea7-b3ed-5b930e3a2cf1)
2019-08-02 22:06:34.845 22705 RALLYDEBUG rally_openstack.cleanup.manager [-] Deleting neutron.port object s_rally_5d368230_bLRKuWtR (3389ccb6-9b66-482d-bb4f-21180cd7e837)
2019-08-02 22:06:35.158 22705 RALLYDEBUG rally_openstack.cleanup.manager [-] Deleting neutron.port object s_rally_5d368230_Y0cxjact (33de64a9-3c64-4e22-8c80-a558ad0442cd)
2019-08-02 22:06:35.330 22705 RALLYDEBUG rally_openstack.cleanup.manager [-] Deleting neutron.port object s_rally_5d368230_j3CYcT7S (341a3c8c-bf4c-4012-856b-e929aae8ece3)
2019-08-02 22:06:35.386 22705 RALLYDEBUG rally_openstack.cleanup.manager [-] Deleting neutron.port object s_rally_5d368230_WQNgBEYt (351437a7-dab5-4cef-b6a4-18f2b93ffa1a)
2019-08-02 22:06:35.416 22705 RALLYDEBUG rally_openstack.cleanup.manager [-] Deleting neutron.port object s_rally_5d368230_tnKL5kLF (36f7ed93-ccd4-437c-b04e-51a1ae36d0a5)
2019-08-02 22:06:35.423 22705 RALLYDEBUG rally_openstack.cleanup.manager [-] Deleting neutron.port object s_rally_5d368230_Gij5y9aE (38cfb1ba-8c04-4b65-90a0-e18530a23360)
2019-08-02 22:06:35.470 22705 RALLYDEBUG rally_openstack.cleanup.manager [-] Deleting neutron.port object s_rally_5d368230_gr1kWeCk (39674f4a-6ea1-4e39-9d74-8ec4eb08a260)
2019-08-02 22:06:35.482 22705 RALLYDEBUG rally_openstack.cleanup.manager [-] Deleting neutron.port object s_rally_5d368230_krpyl7fb (39b8d6bf-2557-42a6-92a6-0049122e1dbe)
2019-08-02 22:06:35.490 22705 RALLYDEBUG rally_openstack.cleanup.manager [-] Deleting neutron.port object s_rally_5d368230_2Wp5pKzZ (39c95b43-f075-4a02-94ad-ac312ce71587)
2019-08-02 22:06:35.501 22705 RALLYDEBUG rally_openstack.cleanup.manager [-] Deleting neutron.port object s_rally_5d368230_TlD87CSl (3b2c1421-2abf-4b20-b070-09e0614403f1)
2019-08-02 22:06:35.543 22705 RALLYDEBUG rally_openstack.cleanup.manager [-] Deleting neutron.port object s_rally_5d368230_44yQlWyv (3ccf8d5f-efe6-46d4-b517-c48b8fbabcc9)
2019-08-02 22:06:35.581 22705 RALLYDEBUG rally_openstack.cleanup.manager [-] Deleting neutron.port object s_rally_5d368230_KhDADUfQ (3d4265a2-4a24-477f-9aa2-3a69bc7d9fd2)
2019-08-02 22:06:35.682 22705 RALLYDEBUG rally_openstack.cleanup.manager [-] Deleting neutron.port object s_rally_5d368230_P2J5LW3Z (3dfe8acd-9ad9-4317-8e2d-0f11bc55a0cd)
2019-08-02 22:06:35.686 22705 RALLYDEBUG rally_openstack.cleanup.manager [-] Deleting neutron.port object s_rally_5d368230_8anQQt6i (3f74dfd7-afde-4420-92ab-9192c8dff0f7)
2019-08-02 22:06:35.712 22705 RALLYDEBUG rally_openstack.cleanup.manager [-] Deleting neutron.port object s_rally_5d368230_eHAq21ww (3f93a9c2-50a3-4ec2-8512-743133e655a8)
2019-08-02 22:06:35.736 22705 RALLYDEBUG rally_openstack.cleanup.manager [-] Deleting neutron.port object s_rally_5d368230_stzkPhUs (40c1ad6e-8411-420a-869b-b6a5bf447b85)
2019-08-02 22:06:35.838 22705 RALLYDEBUG rally_openstack.cleanup.manager [-] Deleting neutron.port object s_rally_5d368230_0MfAk3IB (41db413f-2313-4bbd-961a-57535a5f36ef)
2019-08-02 22:06:36.464 22705 RALLYDEBUG rally_openstack.cleanup.manager [-] Deleting neutron.port object s_rally_5d368230_KuJVzlTx (42d8f03b-0357-4f2b-8d04-c10d3392787c)
2019-08-02 22:06:36.466 22705 RALLYDEBUG rally_openstack.cleanup.manager [-] Deleting neutron.port object s_rally_5d368230_Pmc9Holc (451fad21-33bc-4514-b81e-3480e298e776)
2019-08-02 22:06:36.477 22705 RALLYDEBUG rally_openstack.cleanup.manager [-] Deleting neutron.port object s_rally_5d368230_fDJB2uOx (47990f9c-4a65-4b3b-8cd5-ccd96540bc1f)
2019-08-02 22:06:37.099 22705 RALLYDEBUG rally_openstack.cleanup.manager [-] Deleting neutron.port object s_rally_5d368230_19hDgDzK (49c4c44a-1206-4913-8477-bbd0645c1503)
2019-08-02 22:06:37.957 22705 RALLYDEBUG rally_openstack.cleanup.manager [-] Deleting neutron.port object s_rally_5d368230_mthpfidh (4a7f1745-15f9-45db-95ce-c9625a240abe)
2019-08-02 22:06:37.978 22705 RALLYDEBUG rally_openstack.cleanup.manager [-] Deleting neutron.port object s_rally_5d368230_G8aXsCrJ (4b8ee0a4-9162-4bcb-b6c3-44a84697443a)
2019-08-02 22:06:37.995 22705 RALLYDEBUG rally_openstack.cleanup.manager [-] Deleting neutron.port object s_rally_5d368230_ehQwyF2X (4ce06a86-294e-4f80-9486-46b211ba65f7)
2019-08-02 22:06:38.032 22705 RALLYDEBUG rally_openstack.cleanup.manager [-] Deleting neutron.port object s_rally_5d368230_2a8BqAw2 (4f29798c-5c76-4ba9-a9e5-7abc7fc5e2c4)
2019-08-02 22:06:38.151 22705 RALLYDEBUG rally_openstack.cleanup.manager [-] Deleting neutron.port object s_rally_5d368230_3SKw4Rek (4f88fa71-0573-49d8-a895-b557197e113c)
2019-08-02 22:06:38.158 22705 RALLYDEBUG rally_openstack.cleanup.manager [-] Deleting neutron.port object s_rally_5d368230_kbxaHktd (4fe30e00-5e4f-4030-addb-d8ac94d7b02c)
2019-08-02 22:06:38.263 22705 RALLYDEBUG rally_openstack.cleanup.manager [-] Deleting neutron.port object s_rally_5d368230_mIHwaQGr (51af89ba-fa86-4346-ba9b-26890a9055c5)
2019-08-02 22:06:38.290 22705 RALLYDEBUG rally_openstack.cleanup.manager [-] Deleting neutron.port object s_rally_5d368230_UO2SiLEO (535ab462-2d3f-4b1c-9be3-854d614d0130)
