2019-08-02 19:45:26.404 1759 RALLYDEBUG rally.task.utils [-] Waiting for resource u'56da4e1d-6077-47de-82cd-fe0da6125c15'. Status changed: NONE => QUEUED in 0.361510038376
2019-08-02 19:45:27.354 1760 RALLYDEBUG rally.task.utils [-] Waiting for resource s_rally_1adb5c4b_xbdSqQBC. Status changed: QUEUED => ACTIVE in 0.0214049816132
2019-08-02 19:45:27.392 1758 RALLYDEBUG rally.task.utils [-] Waiting for resource s_rally_1adb5c4b_w411XRyh. Status changed: QUEUED => ACTIVE in 0.0198729038239
2019-08-02 19:45:27.689 1757 RALLYDEBUG rally.task.utils [-] Waiting for resource s_rally_1adb5c4b_UEyvtBqg. Status changed: QUEUED => ACTIVE in 0.325264930725
2019-08-02 19:45:27.689 1759 RALLYDEBUG rally.task.utils [-] Waiting for resource s_rally_1adb5c4b_vjqEqPpR. Status changed: QUEUED => ACTIVE in 0.323795795441
2019-08-02 19:45:28.046 1758 INFO rally.task.runner [-] Task d1a70357-d90a-4615-bf28-1154371806e0 | ITER: 2 END: OK
2019-08-02 19:45:28.050 1758 INFO rally.task.runner [-] Task d1a70357-d90a-4615-bf28-1154371806e0 | ITER: 5 START
2019-08-02 19:45:28.140 1757 INFO rally.task.runner [-] Task d1a70357-d90a-4615-bf28-1154371806e0 | ITER: 1 END: OK
2019-08-02 19:45:28.144 1757 INFO rally.task.runner [-] Task d1a70357-d90a-4615-bf28-1154371806e0 | ITER: 6 START
2019-08-02 19:45:28.271 1759 INFO rally.task.runner [-] Task d1a70357-d90a-4615-bf28-1154371806e0 | ITER: 3 END: OK
2019-08-02 19:45:28.275 1759 INFO rally.task.runner [-] Task d1a70357-d90a-4615-bf28-1154371806e0 | ITER: 7 START
2019-08-02 19:45:28.442 1760 INFO rally.task.runner [-] Task d1a70357-d90a-4615-bf28-1154371806e0 | ITER: 4 END: OK
2019-08-02 19:45:28.446 1760 INFO rally.task.runner [-] Task d1a70357-d90a-4615-bf28-1154371806e0 | ITER: 8 START
2019-08-02 19:45:31.601 1758 RALLYDEBUG rally.task.utils [-] Waiting for resource u'4b307c6f-1eb2-46aa-86bb-eb764f20a6e9'. Status changed: NONE => QUEUED in 0.291349887848
2019-08-02 19:45:31.915 1757 RALLYDEBUG rally.task.utils [-] Waiting for resource u'7f5d7b4d-7c37-4ded-af4a-afca0f68f210'. Status changed: NONE => QUEUED in 0.299968957901
2019-08-02 19:45:31.937 1759 RALLYDEBUG rally.task.utils [-] Waiting for resource u'61e9b54e-5d9c-4e11-acd4-669055edc58a'. Status changed: NONE => QUEUED in 0.305124998093
2019-08-02 19:45:31.995 1760 RALLYDEBUG rally.task.utils [-] Waiting for resource u'8161767e-d17b-4a6c-9fe4-b2f378ee0cd5'. Status changed: NONE => QUEUED in 0.289950847626
2019-08-02 19:45:32.338 1758 RALLYDEBUG rally.task.utils [-] Waiting for resource s_rally_1adb5c4b_aPwCt85w. Status changed: QUEUED => ACTIVE in 0.0185348987579
2019-08-02 19:45:33.041 1758 INFO rally.task.runner [-] Task d1a70357-d90a-4615-bf28-1154371806e0 | ITER: 5 END: OK
2019-08-02 19:45:33.045 1758 INFO rally.task.runner [-] Task d1a70357-d90a-4615-bf28-1154371806e0 | ITER: 9 START
2019-08-02 19:45:33.391 1759 RALLYDEBUG rally.task.utils [-] Waiting for resource s_rally_1adb5c4b_4GLaYMvn. Status changed: QUEUED => ACTIVE in 0.0202400684357
2019-08-02 19:45:33.394 1757 RALLYDEBUG rally.task.utils [-] Waiting for resource s_rally_1adb5c4b_dYJ5DkVs. Status changed: QUEUED => ACTIVE in 0.0185298919678
2019-08-02 19:45:33.721 1760 RALLYDEBUG rally.task.utils [-] Waiting for resource s_rally_1adb5c4b_l8wzJ2Tf. Status changed: QUEUED => ACTIVE in 0.32986497879
2019-08-02 19:45:33.740 1757 INFO rally.task.runner [-] Task d1a70357-d90a-4615-bf28-1154371806e0 | ITER: 6 END: OK
2019-08-02 19:45:33.745 1757 INFO rally.task.runner [-] Task d1a70357-d90a-4615-bf28-1154371806e0 | ITER: 10 START
2019-08-02 19:45:33.838 1759 INFO rally.task.runner [-] Task d1a70357-d90a-4615-bf28-1154371806e0 | ITER: 7 END: OK
2019-08-02 19:45:34.429 1760 INFO rally.task.runner [-] Task d1a70357-d90a-4615-bf28-1154371806e0 | ITER: 8 END: OK
2019-08-02 19:45:36.880 1758 RALLYDEBUG rally.task.utils [-] Waiting for resource u'64209883-5f23-49c2-bdbd-c3726594ee4f'. Status changed: NONE => QUEUED in 0.313241958618
2019-08-02 19:45:37.863 1758 RALLYDEBUG rally.task.utils [-] Waiting for resource s_rally_1adb5c4b_oQCNTnXQ. Status changed: QUEUED => ACTIVE in 0.32875084877
2019-08-02 19:45:37.866 1757 RALLYDEBUG rally.task.utils [-] Waiting for resource u'95c986d5-241e-460b-9c86-7bdfbea334fe'. Status changed: NONE => QUEUED in 0.631097078323
2019-08-02 19:45:38.723 1757 RALLYDEBUG rally.task.utils [-] Waiting for resource s_rally_1adb5c4b_0JHK9YFd. Status changed: QUEUED => ACTIVE in 0.01935505867
2019-08-02 19:45:38.839 1758 INFO rally.task.runner [-] Task d1a70357-d90a-4615-bf28-1154371806e0 | ITER: 9 END: OK
2019-08-02 19:45:39.638 1757 INFO rally.task.runner [-] Task d1a70357-d90a-4615-bf28-1154371806e0 | ITER: 10 END: OK
2019-08-02 19:45:39.666 725 INFO rally.task.context [-] Task d1a70357-d90a-4615-bf28-1154371806e0 | Context cleanup@openstack cleanup() started
2019-08-02 19:45:39.669 725 RALLYDEBUG rally_openstack.cleanup.manager [-] Cleaning up glance images objects
2019-08-02 19:45:43.414 725 RALLYDEBUG rally_openstack.cleanup.manager [-] Deleting glance.images object s_rally_1adb5c4b_nAZVNnR9 (64209883-5f23-49c2-bdbd-c3726594ee4f)
2019-08-02 19:45:43.417 725 RALLYDEBUG rally_openstack.cleanup.manager [-] Deleting glance.images object s_rally_1adb5c4b_ge5SirTZ (45beaf19-62cc-4502-8436-319e31f7eaef)
2019-08-02 19:45:43.421 725 RALLYDEBUG rally_openstack.cleanup.manager [-] Deleting glance.images object s_rally_1adb5c4b_QQEAWAcP (6e6914a8-9135-4ea4-ab1c-22243b0b7d1f)
2019-08-02 19:45:43.421 725 RALLYDEBUG rally_openstack.cleanup.manager [-] Deleting glance.images object s_rally_1adb5c4b_ezveCPru (56da4e1d-6077-47de-82cd-fe0da6125c15)
2019-08-02 19:45:43.426 725 RALLYDEBUG rally_openstack.cleanup.manager [-] Deleting glance.images object s_rally_1adb5c4b_2W7wpImo (7f5d7b4d-7c37-4ded-af4a-afca0f68f210)
2019-08-02 19:45:43.430 725 RALLYDEBUG rally_openstack.cleanup.manager [-] Deleting glance.images object s_rally_1adb5c4b_kED3fSKH (8161767e-d17b-4a6c-9fe4-b2f378ee0cd5)
2019-08-02 19:45:43.437 725 RALLYDEBUG rally_openstack.cleanup.manager [-] Deleting glance.images object s_rally_1adb5c4b_vlj77Nwe (95c986d5-241e-460b-9c86-7bdfbea334fe)
2019-08-02 19:45:43.446 725 RALLYDEBUG rally_openstack.cleanup.manager [-] Deleting glance.images object s_rally_1adb5c4b_MKj5c6gI (61e9b54e-5d9c-4e11-acd4-669055edc58a)
2019-08-02 19:45:43.456 725 RALLYDEBUG rally_openstack.cleanup.manager [-] Deleting glance.images object s_rally_1adb5c4b_ZvaV1PJI (d5f923a2-6639-4087-91d0-370acbbd3aa8)
2019-08-02 19:45:43.456 725 RALLYDEBUG rally_openstack.cleanup.manager [-] Deleting glance.images object s_rally_1adb5c4b_NZx9onZy (4b307c6f-1eb2-46aa-86bb-eb764f20a6e9)
2019-08-02 19:45:45.504 725 DEBUG glanceclient.common.http [-] Request returned failure status 404. _handle_response /usr/lib/python2.7/site-packages/glanceclient/common/http.py:125
2019-08-02 19:45:45.741 725 DEBUG glanceclient.common.http [-] Request returned failure status 404. _handle_response /usr/lib/python2.7/site-packages/glanceclient/common/http.py:125
2019-08-02 19:45:45.752 725 DEBUG glanceclient.common.http [-] Request returned failure status 404. _handle_response /usr/lib/python2.7/site-packages/glanceclient/common/http.py:125
2019-08-02 19:45:45.777 725 DEBUG glanceclient.common.http [-] Request returned failure status 404. _handle_response /usr/lib/python2.7/site-packages/glanceclient/common/http.py:125
2019-08-02 19:45:45.798 725 DEBUG glanceclient.common.http [-] Request returned failure status 404. _handle_response /usr/lib/python2.7/site-packages/glanceclient/common/http.py:125
2019-08-02 19:45:45.810 725 DEBUG glanceclient.common.http [-] Request returned failure status 404. _handle_response /usr/lib/python2.7/site-packages/glanceclient/common/http.py:125
2019-08-02 19:45:45.849 725 DEBUG glanceclient.common.http [-] Request returned failure status 404. _handle_response /usr/lib/python2.7/site-packages/glanceclient/common/http.py:125
2019-08-02 19:45:45.852 725 DEBUG glanceclient.common.http [-] Request returned failure status 404. _handle_response /usr/lib/python2.7/site-packages/glanceclient/common/http.py:125
2019-08-02 19:45:45.868 725 DEBUG glanceclient.common.http [-] Request returned failure status 404. _handle_response /usr/lib/python2.7/site-packages/glanceclient/common/http.py:125
2019-08-02 19:45:45.976 725 DEBUG glanceclient.common.http [-] Request returned failure status 404. _handle_response /usr/lib/python2.7/site-packages/glanceclient/common/http.py:125
2019-08-02 19:45:46.116 725 DEBUG glanceclient.common.http [-] Request returned failure status 404. _handle_response /usr/lib/python2.7/site-packages/glanceclient/common/http.py:125
2019-08-02 19:45:46.171 725 DEBUG glanceclient.common.http [-] Request returned failure status 404. _handle_response /usr/lib/python2.7/site-packages/glanceclient/common/http.py:125
2019-08-02 19:45:46.523 725 DEBUG glanceclient.common.http [-] Request returned failure status 404. _handle_response /usr/lib/python2.7/site-packages/glanceclient/common/http.py:125
2019-08-02 19:45:46.704 725 DEBUG glanceclient.common.http [-] Request returned failure status 404. _handle_response /usr/lib/python2.7/site-packages/glanceclient/common/http.py:125
2019-08-02 19:45:46.739 725 DEBUG glanceclient.common.http [-] Request returned failure status 404. _handle_response /usr/lib/python2.7/site-packages/glanceclient/common/http.py:125
2019-08-02 19:45:46.835 725 DEBUG glanceclient.common.http [-] Request returned failure status 404. _handle_response /usr/lib/python2.7/site-packages/glanceclient/common/http.py:125
2019-08-02 19:45:46.841 725 DEBUG glanceclient.common.http [-] Request returned failure status 404. _handle_response /usr/lib/python2.7/site-packages/glanceclient/common/http.py:125
2019-08-02 19:45:46.860 725 DEBUG glanceclient.common.http [-] Request returned failure status 404. _handle_response /usr/lib/python2.7/site-packages/glanceclient/common/http.py:125
2019-08-02 19:45:46.923 725 DEBUG glanceclient.common.http [-] Request returned failure status 404. _handle_response /usr/lib/python2.7/site-packages/glanceclient/common/http.py:125
2019-08-02 19:45:47.150 725 DEBUG glanceclient.common.http [-] Request returned failure status 404. _handle_response /usr/lib/python2.7/site-packages/glanceclient/common/http.py:125
2019-08-02 19:45:48.153 725 INFO rally.task.context [-] Task d1a70357-d90a-4615-bf28-1154371806e0 | Context cleanup@openstack cleanup() finished in 8.49 sec
2019-08-02 19:45:48.153 725 INFO rally.task.context [-] Task d1a70357-d90a-4615-bf28-1154371806e0 | Context users@openstack cleanup() started
2019-08-02 19:45:56.510 725 INFO rally.task.context [-] Task d1a70357-d90a-4615-bf28-1154371806e0 | Context users@openstack cleanup() finished in 8.36 sec
2019-08-02 19:45:57.715 725 INFO rally.task.engine [-] Load duration is: 16.452803
2019-08-02 19:45:57.715 725 INFO rally.task.engine [-] Full runner duration is: 17.364672
2019-08-02 19:45:57.716 725 INFO rally.task.engine [-] Full duration is: 38.991454
2019-08-02 19:45:57.925 725 INFO rally.task.engine [-] Task d1a70357-d90a-4615-bf28-1154371806e0 | Completed: Running task.
2019-08-02 19:45:58.763 1839 RALLYDEBUG rally.api [-] INFO logs from urllib3 and requests module are hide.
2019-08-02 19:45:58.764 1839 RALLYDEBUG rally.api [-] urllib3 insecure warnings are hidden.
2019-08-02 19:45:58.764 1839 RALLYDEBUG rally.api [-] ERROR log from boto module is hide.
2019-08-02 19:45:59.479 1840 RALLYDEBUG rally.api [-] INFO logs from urllib3 and requests module are hide.
2019-08-02 19:45:59.479 1840 RALLYDEBUG rally.api [-] urllib3 insecure warnings are hidden.
2019-08-02 19:45:59.480 1840 RALLYDEBUG rally.api [-] ERROR log from boto module is hide.
2019-08-02 19:46:00.697 1840 INFO rally.api [-] Building 'json' report for the following task(s): 'd1a70357-d90a-4615-bf28-1154371806e0'.
2019-08-02 19:46:00.715 1840 INFO rally.api [-] The report has been successfully built.
2019-08-02 19:46:01.511 1842 RALLYDEBUG rally.api [-] INFO logs from urllib3 and requests module are hide.
2019-08-02 19:46:01.511 1842 RALLYDEBUG rally.api [-] urllib3 insecure warnings are hidden.
2019-08-02 19:46:01.511 1842 RALLYDEBUG rally.api [-] ERROR log from boto module is hide.
2019-08-02 19:46:03.011 1842 INFO rally.task.engine [-] Task 95be3dba-c0fc-4ff9-9165-2aee1918522e | Starting: Task validation.
2019-08-02 19:46:03.056 1842 INFO rally.task.engine [-] Task 95be3dba-c0fc-4ff9-9165-2aee1918522e | Starting: Task validation of syntax.
2019-08-02 19:46:03.380 1842 INFO rally.task.engine [-] Task 95be3dba-c0fc-4ff9-9165-2aee1918522e | Completed: Task validation of syntax.
2019-08-02 19:46:03.380 1842 INFO rally.task.engine [-] Task 95be3dba-c0fc-4ff9-9165-2aee1918522e | Starting: Task validation of required platforms.
2019-08-02 19:46:03.482 1842 INFO rally.task.engine [-] Task 95be3dba-c0fc-4ff9-9165-2aee1918522e | Completed: Task validation of required platforms.
2019-08-02 19:46:03.482 1842 INFO rally.task.engine [-] Task 95be3dba-c0fc-4ff9-9165-2aee1918522e | Starting: Task validation of semantic.
2019-08-02 19:46:03.482 1842 INFO rally.task.engine [-] Check health of the environment '27617b63-1d46-442d-98f6-90a8dea5ed4c'.
2019-08-02 19:46:04.300 1842 INFO rally.task.engine [-] Platform existing@openstack (available: True): OK!
2019-08-02 19:46:04.317 1842 RALLYDEBUG rally_openstack.contexts.keystone.users [-] Creating 1 tenants using 20 threads
2019-08-02 19:46:06.403 1842 RALLYDEBUG rally_openstack.contexts.keystone.users [-] Creating 1 users using 20 threads
2019-08-02 19:46:09.281 1842 INFO rally.task.context [-] Task 95be3dba-c0fc-4ff9-9165-2aee1918522e | Context users@openstack setup() finished in 4.96 sec
2019-08-02 19:46:10.187 1842 DEBUG novaclient.v2.client [-] REQ: curl -g -i -X GET http://172.30.9.23:8774/v2.1/flavors/detail -H "Accept: application/json" -H "User-Agent: python-novaclient" -H "X-Auth-Token: {SHA1}c23d71314b421f7352a3d141f1f8cbea48219b62" _http_log_request /usr/lib/python2.7/site-packages/keystoneauth1/session.py:448
2019-08-02 19:46:10.486 1842 DEBUG novaclient.v2.client [-] RESP: [200] Content-Encoding: gzip Content-Length: 364 Content-Type: application/json Date: Fri, 02 Aug 2019 19:46:10 GMT OpenStack-API-Version: compute 2.1 Server: Apache Vary: OpenStack-API-Version,X-OpenStack-Nova-API-Version,Accept-Encoding X-OpenStack-Nova-API-Version: 2.1 x-compute-request-id: req-b4767571-106d-49f0-81dd-f9b0b3b999d5 x-openstack-request-id: req-b4767571-106d-49f0-81dd-f9b0b3b999d5 _http_log_response /usr/lib/python2.7/site-packages/keystoneauth1/session.py:479
2019-08-02 19:46:10.487 1842 DEBUG novaclient.v2.client [-] RESP BODY: {"flavors": [{"name": "rally_full-flavor_7a9f8236-17d0-4d1f-9484-666948d8755a", "links": [{"href": "http://172.30.9.23:8774/v2.1/flavors/38761bd9-7af6-4837-87f3-8fc157441b54", "rel": "self"}, {"href": "http://172.30.9.23:8774/flavors/38761bd9-7af6-4837-87f3-8fc157441b54", "rel": "bookmark"}], "ram": 512, "OS-FLV-DISABLED:disabled": false, "vcpus": 1, "swap": "", "os-flavor-access:is_public": true, "rxtx_factor": 1.0, "OS-FLV-EXT-DATA:ephemeral": 0, "disk": 1, "id": "38761bd9-7af6-4837-87f3-8fc157441b54"}, {"name": "rally_full-flavor_alt_7a9f8236-17d0-4d1f-9484-666948d8755a", "links": [{"href": "http://172.30.9.23:8774/v2.1/flavors/97bfa54d-c39e-4ec6-994f-5897c9e0a98a", "rel": "self"}, {"href": "http://172.30.9.23:8774/flavors/97bfa54d-c39e-4ec6-994f-5897c9e0a98a", "rel": "bookmark"}], "ram": 1024, "OS-FLV-DISABLED:disabled": false, "vcpus": 1, "swap": "", "os-flavor-access:is_public": true, "rxtx_factor": 1.0, "OS-FLV-EXT-DATA:ephemeral": 0, "disk": 1, "id": "97bfa54d-c39e-4ec6-994f-5897c9e0a98a"}]} _http_log_response /usr/lib/python2.7/site-packages/keystoneauth1/session.py:511
2019-08-02 19:46:10.487 1842 DEBUG novaclient.v2.client [-] GET call to compute for http://172.30.9.23:8774/v2.1/flavors/detail used request id req-b4767571-106d-49f0-81dd-f9b0b3b999d5 request /usr/lib/python2.7/site-packages/keystoneauth1/session.py:844
2019-08-02 19:46:10.906 1842 DEBUG novaclient.v2.client [-] REQ: curl -g -i -X GET http://172.30.9.23:8774/v2.1/flavors/38761bd9-7af6-4837-87f3-8fc157441b54 -H "Accept: application/json" -H "User-Agent: python-novaclient" -H "X-Auth-Token: {SHA1}8f100c6506fcf1ae1e5dbcc10eda12e52276ec62" _http_log_request /usr/lib/python2.7/site-packages/keystoneauth1/session.py:448
2019-08-02 19:46:11.193 1842 DEBUG novaclient.v2.client [-] RESP: [200] Content-Encoding: gzip Content-Length: 312 Content-Type: application/json Date: Fri, 02 Aug 2019 19:46:10 GMT OpenStack-API-Version: compute 2.1 Server: Apache Vary: OpenStack-API-Version,X-OpenStack-Nova-API-Version,Accept-Encoding X-OpenStack-Nova-API-Version: 2.1 x-compute-request-id: req-25f6febc-aba5-42c6-9778-b3c2eb663eba x-openstack-request-id: req-25f6febc-aba5-42c6-9778-b3c2eb663eba _http_log_response /usr/lib/python2.7/site-packages/keystoneauth1/session.py:479
2019-08-02 19:46:11.194 1842 DEBUG novaclient.v2.client [-] RESP BODY: {"flavor": {"name": "rally_full-flavor_7a9f8236-17d0-4d1f-9484-666948d8755a", "links": [{"href": "http://172.30.9.23:8774/v2.1/flavors/38761bd9-7af6-4837-87f3-8fc157441b54", "rel": "self"}, {"href": "http://172.30.9.23:8774/flavors/38761bd9-7af6-4837-87f3-8fc157441b54", "rel": "bookmark"}], "ram": 512, "OS-FLV-DISABLED:disabled": false, "vcpus": 1, "swap": "", "os-flavor-access:is_public": true, "rxtx_factor": 1.0, "OS-FLV-EXT-DATA:ephemeral": 0, "disk": 1, "id": "38761bd9-7af6-4837-87f3-8fc157441b54"}} _http_log_response /usr/lib/python2.7/site-packages/keystoneauth1/session.py:511
2019-08-02 19:46:11.194 1842 DEBUG novaclient.v2.client [-] GET call to compute for http://172.30.9.23:8774/v2.1/flavors/38761bd9-7af6-4837-87f3-8fc157441b54 used request id req-25f6febc-aba5-42c6-9778-b3c2eb663eba request /usr/lib/python2.7/site-packages/keystoneauth1/session.py:844
2019-08-02 19:46:17.603 1842 DEBUG novaclient.v2.client [-] REQ: curl -g -i -X GET http://172.30.9.23:8774/v2.1/flavors/detail -H "Accept: application/json" -H "User-Agent: python-novaclient" -H "X-Auth-Token: {SHA1}ff1ebc3758a104779a5ed51ce083d88f926a5494" _http_log_request /usr/lib/python2.7/site-packages/keystoneauth1/session.py:448
2019-08-02 19:46:17.919 1842 DEBUG novaclient.v2.client [-] RESP: [200] Content-Encoding: gzip Content-Length: 364 Content-Type: application/json Date: Fri, 02 Aug 2019 19:46:17 GMT OpenStack-API-Version: compute 2.1 Server: Apache Vary: OpenStack-API-Version,X-OpenStack-Nova-API-Version,Accept-Encoding X-OpenStack-Nova-API-Version: 2.1 x-compute-request-id: req-4b2a1af5-abac-4b94-a900-928562f41b58 x-openstack-request-id: req-4b2a1af5-abac-4b94-a900-928562f41b58 _http_log_response /usr/lib/python2.7/site-packages/keystoneauth1/session.py:479
2019-08-02 19:46:17.920 1842 DEBUG novaclient.v2.client [-] RESP BODY: {"flavors": [{"name": "rally_full-flavor_7a9f8236-17d0-4d1f-9484-666948d8755a", "links": [{"href": "http://172.30.9.23:8774/v2.1/flavors/38761bd9-7af6-4837-87f3-8fc157441b54", "rel": "self"}, {"href": "http://172.30.9.23:8774/flavors/38761bd9-7af6-4837-87f3-8fc157441b54", "rel": "bookmark"}], "ram": 512, "OS-FLV-DISABLED:disabled": false, "vcpus": 1, "swap": "", "os-flavor-access:is_public": true, "rxtx_factor": 1.0, "OS-FLV-EXT-DATA:ephemeral": 0, "disk": 1, "id": "38761bd9-7af6-4837-87f3-8fc157441b54"}, {"name": "rally_full-flavor_alt_7a9f8236-17d0-4d1f-9484-666948d8755a", "links": [{"href": "http://172.30.9.23:8774/v2.1/flavors/97bfa54d-c39e-4ec6-994f-5897c9e0a98a", "rel": "self"}, {"href": "http://172.30.9.23:8774/flavors/97bfa54d-c39e-4ec6-994f-5897c9e0a98a", "rel": "bookmark"}], "ram": 1024, "OS-FLV-DISABLED:disabled": false, "vcpus": 1, "swap": "", "os-flavor-access:is_public": true, "rxtx_factor": 1.0, "OS-FLV-EXT-DATA:ephemeral": 0, "disk": 1, "id": "97bfa54d-c39e-4ec6-994f-5897c9e0a98a"}]} _http_log_response /usr/lib/python2.7/site-packages/keystoneauth1/session.py:511
2019-08-02 19:46:17.920 1842 DEBUG novaclient.v2.client [-] GET call to compute for http://172.30.9.23:8774/v2.1/flavors/detail used request id req-4b2a1af5-abac-4b94-a900-928562f41b58 request /usr/lib/python2.7/site-packages/keystoneauth1/session.py:844
2019-08-02 19:46:18.344 1842 DEBUG novaclient.v2.client [-] REQ: curl -g -i -X GET http://172.30.9.23:8774/v2.1/flavors/38761bd9-7af6-4837-87f3-8fc157441b54 -H "Accept: application/json" -H "User-Agent: python-novaclient" -H "X-Auth-Token: {SHA1}4fd84e64e30d44d956b396128600e3526efdf253" _http_log_request /usr/lib/python2.7/site-packages/keystoneauth1/session.py:448
2019-08-02 19:46:18.625 1842 DEBUG novaclient.v2.client [-] RESP: [200] Content-Encoding: gzip Content-Length: 312 Content-Type: application/json Date: Fri, 02 Aug 2019 19:46:18 GMT OpenStack-API-Version: compute 2.1 Server: Apache Vary: OpenStack-API-Version,X-OpenStack-Nova-API-Version,Accept-Encoding X-OpenStack-Nova-API-Version: 2.1 x-compute-request-id: req-d5ca80e0-4cee-4a14-85e0-08493bc58075 x-openstack-request-id: req-d5ca80e0-4cee-4a14-85e0-08493bc58075 _http_log_response /usr/lib/python2.7/site-packages/keystoneauth1/session.py:479
2019-08-02 19:46:18.626 1842 DEBUG novaclient.v2.client [-] RESP BODY: {"flavor": {"name": "rally_full-flavor_7a9f8236-17d0-4d1f-9484-666948d8755a", "links": [{"href": "http://172.30.9.23:8774/v2.1/flavors/38761bd9-7af6-4837-87f3-8fc157441b54", "rel": "self"}, {"href": "http://172.30.9.23:8774/flavors/38761bd9-7af6-4837-87f3-8fc157441b54", "rel": "bookmark"}], "ram": 512, "OS-FLV-DISABLED:disabled": false, "vcpus": 1, "swap": "", "os-flavor-access:is_public": true, "rxtx_factor": 1.0, "OS-FLV-EXT-DATA:ephemeral": 0, "disk": 1, "id": "38761bd9-7af6-4837-87f3-8fc157441b54"}} _http_log_response /usr/lib/python2.7/site-packages/keystoneauth1/session.py:511
2019-08-02 19:46:18.626 1842 DEBUG novaclient.v2.client [-] GET call to compute for http://172.30.9.23:8774/v2.1/flavors/38761bd9-7af6-4837-87f3-8fc157441b54 used request id req-d5ca80e0-4cee-4a14-85e0-08493bc58075 request /usr/lib/python2.7/site-packages/keystoneauth1/session.py:844
2019-08-02 19:46:21.180 1842 DEBUG novaclient.v2.client [-] REQ: curl -g -i -X GET http://172.30.9.23:8774/v2.1/flavors/detail -H "Accept: application/json" -H "User-Agent: python-novaclient" -H "X-Auth-Token: {SHA1}af4500ebf7d6c33bcd4ce21d7185f711103750a3" _http_log_request /usr/lib/python2.7/site-packages/keystoneauth1/session.py:448
2019-08-02 19:46:21.483 1842 DEBUG novaclient.v2.client [-] RESP: [200] Content-Encoding: gzip Content-Length: 364 Content-Type: application/json Date: Fri, 02 Aug 2019 19:46:21 GMT OpenStack-API-Version: compute 2.1 Server: Apache Vary: OpenStack-API-Version,X-OpenStack-Nova-API-Version,Accept-Encoding X-OpenStack-Nova-API-Version: 2.1 x-compute-request-id: req-f3478e07-928c-4a4b-ae59-acf9e4472593 x-openstack-request-id: req-f3478e07-928c-4a4b-ae59-acf9e4472593 _http_log_response /usr/lib/python2.7/site-packages/keystoneauth1/session.py:479
2019-08-02 19:46:21.484 1842 DEBUG novaclient.v2.client [-] RESP BODY: {"flavors": [{"name": "rally_full-flavor_7a9f8236-17d0-4d1f-9484-666948d8755a", "links": [{"href": "http://172.30.9.23:8774/v2.1/flavors/38761bd9-7af6-4837-87f3-8fc157441b54", "rel": "self"}, {"href": "http://172.30.9.23:8774/flavors/38761bd9-7af6-4837-87f3-8fc157441b54", "rel": "bookmark"}], "ram": 512, "OS-FLV-DISABLED:disabled": false, "vcpus": 1, "swap": "", "os-flavor-access:is_public": true, "rxtx_factor": 1.0, "OS-FLV-EXT-DATA:ephemeral": 0, "disk": 1, "id": "38761bd9-7af6-4837-87f3-8fc157441b54"}, {"name": "rally_full-flavor_alt_7a9f8236-17d0-4d1f-9484-666948d8755a", "links": [{"href": "http://172.30.9.23:8774/v2.1/flavors/97bfa54d-c39e-4ec6-994f-5897c9e0a98a", "rel": "self"}, {"href": "http://172.30.9.23:8774/flavors/97bfa54d-c39e-4ec6-994f-5897c9e0a98a", "rel": "bookmark"}], "ram": 1024, "OS-FLV-DISABLED:disabled": false, "vcpus": 1, "swap": "", "os-flavor-access:is_public": true, "rxtx_factor": 1.0, "OS-FLV-EXT-DATA:ephemeral": 0, "disk": 1, "id": "97bfa54d-c39e-4ec6-994f-5897c9e0a98a"}]} _http_log_response /usr/lib/python2.7/site-packages/keystoneauth1/session.py:511
2019-08-02 19:46:21.484 1842 DEBUG novaclient.v2.client [-] GET call to compute for http://172.30.9.23:8774/v2.1/flavors/detail used request id req-f3478e07-928c-4a4b-ae59-acf9e4472593 request /usr/lib/python2.7/site-packages/keystoneauth1/session.py:844
2019-08-02 19:46:21.912 1842 DEBUG novaclient.v2.client [-] REQ: curl -g -i -X GET http://172.30.9.23:8774/v2.1/flavors/38761bd9-7af6-4837-87f3-8fc157441b54 -H "Accept: application/json" -H "User-Agent: python-novaclient" -H "X-Auth-Token: {SHA1}ac625aa4a522f0b8596cffe1f5e53bfa7fa8f4ff" _http_log_request /usr/lib/python2.7/site-packages/keystoneauth1/session.py:448
2019-08-02 19:46:22.129 1842 DEBUG novaclient.v2.client [-] RESP: [200] Content-Encoding: gzip Content-Length: 312 Content-Type: application/json Date: Fri, 02 Aug 2019 19:46:21 GMT OpenStack-API-Version: compute 2.1 Server: Apache Vary: OpenStack-API-Version,X-OpenStack-Nova-API-Version,Accept-Encoding X-OpenStack-Nova-API-Version: 2.1 x-compute-request-id: req-c429f662-1931-4b16-a7e0-9e6c68052608 x-openstack-request-id: req-c429f662-1931-4b16-a7e0-9e6c68052608 _http_log_response /usr/lib/python2.7/site-packages/keystoneauth1/session.py:479
2019-08-02 19:46:22.129 1842 DEBUG novaclient.v2.client [-] RESP BODY: {"flavor": {"name": "rally_full-flavor_7a9f8236-17d0-4d1f-9484-666948d8755a", "links": [{"href": "http://172.30.9.23:8774/v2.1/flavors/38761bd9-7af6-4837-87f3-8fc157441b54", "rel": "self"}, {"href": "http://172.30.9.23:8774/flavors/38761bd9-7af6-4837-87f3-8fc157441b54", "rel": "bookmark"}], "ram": 512, "OS-FLV-DISABLED:disabled": false, "vcpus": 1, "swap": "", "os-flavor-access:is_public": true, "rxtx_factor": 1.0, "OS-FLV-EXT-DATA:ephemeral": 0, "disk": 1, "id": "38761bd9-7af6-4837-87f3-8fc157441b54"}} _http_log_response /usr/lib/python2.7/site-packages/keystoneauth1/session.py:511
2019-08-02 19:46:22.130 1842 DEBUG novaclient.v2.client [-] GET call to compute for http://172.30.9.23:8774/v2.1/flavors/38761bd9-7af6-4837-87f3-8fc157441b54 used request id req-c429f662-1931-4b16-a7e0-9e6c68052608 request /usr/lib/python2.7/site-packages/keystoneauth1/session.py:844
2019-08-02 19:46:33.362 1842 INFO rally.task.context [-] Task 95be3dba-c0fc-4ff9-9165-2aee1918522e | Context users@openstack cleanup() started
2019-08-02 19:46:38.564 1842 INFO rally.task.context [-] Task 95be3dba-c0fc-4ff9-9165-2aee1918522e | Context users@openstack cleanup() finished in 5.20 sec
2019-08-02 19:46:38.564 1842 INFO rally.task.engine [-] Task 95be3dba-c0fc-4ff9-9165-2aee1918522e | Completed: Task validation of semantic.
2019-08-02 19:46:38.565 1842 INFO rally.task.engine [-] Task 95be3dba-c0fc-4ff9-9165-2aee1918522e | Completed: Task validation.
2019-08-02 19:46:38.565 1842 INFO rally.api [-] Task 95be3dba-c0fc-4ff9-9165-2aee1918522e input file is valid.
2019-08-02 19:46:38.565 1842 INFO rally.api [-] Run Task 95be3dba-c0fc-4ff9-9165-2aee1918522e against Deployment 27617b63-1d46-442d-98f6-90a8dea5ed4c
2019-08-02 19:46:38.565 1842 INFO rally.task.engine [-] Task 95be3dba-c0fc-4ff9-9165-2aee1918522e | Starting: Running task.
2019-08-02 19:46:38.735 1842 INFO rally.task.engine [-] Running workload: position = 0 config = { "version": 2, "title": "A cropped version of a bigger task.", "description": "Auto-generated task from a single workload (uuid=f18671eb-4e25-4d6b-9acf-48a23450d851)", "subtasks": [ { "title": "CinderVolumes.create_and_attach_volume", "description": "Create a VM and attach a volume to it.", "scenario": { "CinderVolumes.create_and_attach_volume": { "flavor": { "name": "rally_full-flavor_7a9f8236-17d0-4d1f-9484-666948d8755a" }, "image": { "name": "rally_full-img_7a9f8236-17d0-4d1f-9484-666948d8755a" }, "size": 1, "nics": [ { "net-id": "1afd5a8b-5dc0-4035-a145-cb410a479047" } ] } }, "contexts": { "users": { "tenants": 3, "users_per_tenant": 2 }, "quotas": { "cinder": { "gigabytes": -1, "snapshots": -1, "volumes": -1 } }, "api_versions": { "cinder": { "version": 3, "service_type": "volumev3" } } }, "runner": { "constant": { "concurrency": 4, "times": 10 } }, "hooks": [], "sla": { "failure_rate": { "max": 0 } } } ] }
2019-08-02 19:46:38.759 1842 RALLYDEBUG rally_openstack.contexts.keystone.users [-] Creating 3 tenants using 20 threads
2019-08-02 19:46:40.660 1842 RALLYDEBUG rally_openstack.contexts.keystone.users [-] Creating 6 users using 20 threads
2019-08-02 19:46:43.553 1842 INFO rally.task.context [-] Task 95be3dba-c0fc-4ff9-9165-2aee1918522e | Context users@openstack setup() finished in 4.79 sec
2019-08-02 19:46:43.988 1842 INFO rally.task.context [-] Task 95be3dba-c0fc-4ff9-9165-2aee1918522e | Context api_versions@openstack setup() finished in 0.43 sec
2019-08-02 19:46:46.861 1842 INFO rally.task.context [-] Task 95be3dba-c0fc-4ff9-9165-2aee1918522e | Context quotas@openstack setup() finished in 2.87 sec
2019-08-02 19:46:46.861 1842 INFO rally.task.context [-] Task 95be3dba-c0fc-4ff9-9165-2aee1918522e | Context cleanup@openstack setup() finished in 0.01 msec
2019-08-02 19:46:48.446 1842 DEBUG novaclient.v2.client [-] REQ: curl -g -i -X GET http://172.30.9.23:8774/v2.1/flavors/detail -H "Accept: application/json" -H "User-Agent: python-novaclient" -H "X-Auth-Token: {SHA1}c289127b3203d66fc68bcee41784ac7703fd6d51" _http_log_request /usr/lib/python2.7/site-packages/keystoneauth1/session.py:448
2019-08-02 19:46:48.757 1842 DEBUG novaclient.v2.client [-] RESP: [200] Content-Encoding: gzip Content-Length: 364 Content-Type: application/json Date: Fri, 02 Aug 2019 19:46:48 GMT OpenStack-API-Version: compute 2.1 Server: Apache Vary: OpenStack-API-Version,X-OpenStack-Nova-API-Version,Accept-Encoding X-OpenStack-Nova-API-Version: 2.1 x-compute-request-id: req-c15ba8a8-c9d2-4d81-90ed-85da25ec3068 x-openstack-request-id: req-c15ba8a8-c9d2-4d81-90ed-85da25ec3068 _http_log_response /usr/lib/python2.7/site-packages/keystoneauth1/session.py:479
2019-08-02 19:46:48.757 1842 DEBUG novaclient.v2.client [-] RESP BODY: {"flavors": [{"name": "rally_full-flavor_7a9f8236-17d0-4d1f-9484-666948d8755a", "links": [{"href": "http://172.30.9.23:8774/v2.1/flavors/38761bd9-7af6-4837-87f3-8fc157441b54", "rel": "self"}, {"href": "http://172.30.9.23:8774/flavors/38761bd9-7af6-4837-87f3-8fc157441b54", "rel": "bookmark"}], "ram": 512, "OS-FLV-DISABLED:disabled": false, "vcpus": 1, "swap": "", "os-flavor-access:is_public": true, "rxtx_factor": 1.0, "OS-FLV-EXT-DATA:ephemeral": 0, "disk": 1, "id": "38761bd9-7af6-4837-87f3-8fc157441b54"}, {"name": "rally_full-flavor_alt_7a9f8236-17d0-4d1f-9484-666948d8755a", "links": [{"href": "http://172.30.9.23:8774/v2.1/flavors/97bfa54d-c39e-4ec6-994f-5897c9e0a98a", "rel": "self"}, {"href": "http://172.30.9.23:8774/flavors/97bfa54d-c39e-4ec6-994f-5897c9e0a98a", "rel": "bookmark"}], "ram": 1024, "OS-FLV-DISABLED:disabled": false, "vcpus": 1, "swap": "", "os-flavor-access:is_public": true, "rxtx_factor": 1.0, "OS-FLV-EXT-DATA:ephemeral": 0, "disk": 1, "id": "97bfa54d-c39e-4ec6-994f-5897c9e0a98a"}]} _http_log_response /usr/lib/python2.7/site-packages/keystoneauth1/session.py:511
2019-08-02 19:46:48.758 1842 DEBUG novaclient.v2.client [-] GET call to compute for http://172.30.9.23:8774/v2.1/flavors/detail used request id req-c15ba8a8-c9d2-4d81-90ed-85da25ec3068 request /usr/lib/python2.7/site-packages/keystoneauth1/session.py:844
2019-08-02 19:46:48.760 1842 RALLYDEBUG rally.task.runner [-] Starting the constant runner (task UUID: 95be3dba-c0fc-4ff9-9165-2aee1918522e). timeout: 0 concurrency: 4 concurrency_per_worker: 1 times: 10 concurrency_overhead: 0 processes_to_start: 4 max_cpu_used: 16
2019-08-02 19:46:48.773 1966 RALLYDEBUG rally.task.runner [-] Starting a worker. concurrency: 1 args: {"flavor": "38761bd9-7af6-4837-87f3-8fc157441b54", "image": "d5226ac2-27c5-4502-9f05-238de18fa2e3", "size": 1, "nics": [{"net-id": "1afd5a8b-5dc0-4035-a145-cb410a479047"}]} times: 10 method_name: run timeout: 0 duration: None cls:
2019-08-02 19:46:48.776 1967 RALLYDEBUG rally.task.runner [-] Starting a worker. concurrency: 1 args: {"flavor": "38761bd9-7af6-4837-87f3-8fc157441b54", "image": "d5226ac2-27c5-4502-9f05-238de18fa2e3", "size": 1, "nics": [{"net-id": "1afd5a8b-5dc0-4035-a145-cb410a479047"}]} times: 10 method_name: run timeout: 0 duration: None cls:
2019-08-02 19:46:48.779 1968 RALLYDEBUG rally.task.runner [-] Starting a worker. concurrency: 1 args: {"flavor": "38761bd9-7af6-4837-87f3-8fc157441b54", "image": "d5226ac2-27c5-4502-9f05-238de18fa2e3", "size": 1, "nics": [{"net-id": "1afd5a8b-5dc0-4035-a145-cb410a479047"}]} times: 10 method_name: run timeout: 0 duration: None cls:
2019-08-02 19:46:48.781 1966 INFO rally.task.runner [-] Task 95be3dba-c0fc-4ff9-9165-2aee1918522e | ITER: 1 START
2019-08-02 19:46:48.782 1969 RALLYDEBUG rally.task.runner [-] Starting a worker. concurrency: 1 args: {"flavor": "38761bd9-7af6-4837-87f3-8fc157441b54", "image": "d5226ac2-27c5-4502-9f05-238de18fa2e3", "size": 1, "nics": [{"net-id": "1afd5a8b-5dc0-4035-a145-cb410a479047"}]} times: 10 method_name: run timeout: 0 duration: None cls:
2019-08-02 19:46:48.784 1967 INFO rally.task.runner [-] Task 95be3dba-c0fc-4ff9-9165-2aee1918522e | ITER: 2 START
2019-08-02 19:46:48.787 1968 INFO rally.task.runner [-] Task 95be3dba-c0fc-4ff9-9165-2aee1918522e | ITER: 3 START
2019-08-02 19:46:48.790 1969 INFO rally.task.runner [-] Task 95be3dba-c0fc-4ff9-9165-2aee1918522e | ITER: 4 START
2019-08-02 19:46:49.229 1967 DEBUG novaclient.v2.client [-] REQ: curl -g -i -X POST http://172.30.9.23:8774/v2.1/servers -H "Accept: application/json" -H "Content-Type: application/json" -H "User-Agent: python-novaclient" -H "X-Auth-Token: {SHA1}244bb2174abc26cf91fce9b18d90fc2f84880aca" -d '{"server": {"name": "s_rally_f18671eb_ehHpcE49", "imageRef": "d5226ac2-27c5-4502-9f05-238de18fa2e3", "flavorRef": "38761bd9-7af6-4837-87f3-8fc157441b54", "max_count": 1, "min_count": 1, "networks": [{"uuid": "1afd5a8b-5dc0-4035-a145-cb410a479047"}]}}' _http_log_request /usr/lib/python2.7/site-packages/keystoneauth1/session.py:448
2019-08-02 19:46:49.239 1966 DEBUG novaclient.v2.client [-] REQ: curl -g -i -X POST http://172.30.9.23:8774/v2.1/servers -H "Accept: application/json" -H "Content-Type: application/json" -H "User-Agent: python-novaclient" -H "X-Auth-Token: {SHA1}eae95abcf8a7ab9c2c4ad2a4add34d312b35b744" -d '{"server": {"name": "s_rally_f18671eb_kk2KJlx7", "imageRef": "d5226ac2-27c5-4502-9f05-238de18fa2e3", "flavorRef": "38761bd9-7af6-4837-87f3-8fc157441b54", "max_count": 1, "min_count": 1, "networks": [{"uuid": "1afd5a8b-5dc0-4035-a145-cb410a479047"}]}}' _http_log_request /usr/lib/python2.7/site-packages/keystoneauth1/session.py:448
2019-08-02 19:46:49.240 1968 DEBUG novaclient.v2.client [-] REQ: curl -g -i -X POST http://172.30.9.23:8774/v2.1/servers -H "Accept: application/json" -H "Content-Type: application/json" -H "User-Agent: python-novaclient" -H "X-Auth-Token: {SHA1}76277f5d650710900421ebae3ae382b1a6e9fbfd" -d '{"server": {"name": "s_rally_f18671eb_WQo23F94", "imageRef": "d5226ac2-27c5-4502-9f05-238de18fa2e3", "flavorRef": "38761bd9-7af6-4837-87f3-8fc157441b54", "max_count": 1, "min_count": 1, "networks": [{"uuid": "1afd5a8b-5dc0-4035-a145-cb410a479047"}]}}' _http_log_request /usr/lib/python2.7/site-packages/keystoneauth1/session.py:448
2019-08-02 19:46:49.252 1969 DEBUG novaclient.v2.client [-] REQ: curl -g -i -X POST http://172.30.9.23:8774/v2.1/servers -H "Accept: application/json" -H "Content-Type: application/json" -H "User-Agent: python-novaclient" -H "X-Auth-Token: {SHA1}7611dc91655561d5dd7d016dc413ba411d37f158" -d '{"server": {"name": "s_rally_f18671eb_khSapBI8", "imageRef": "d5226ac2-27c5-4502-9f05-238de18fa2e3", "flavorRef": "38761bd9-7af6-4837-87f3-8fc157441b54", "max_count": 1, "min_count": 1, "networks": [{"uuid": "1afd5a8b-5dc0-4035-a145-cb410a479047"}]}}' _http_log_request /usr/lib/python2.7/site-packages/keystoneauth1/session.py:448
2019-08-02 19:46:52.374 1966 DEBUG novaclient.v2.client [-] RESP: [202] Content-Length: 374 Content-Type: application/json Date: Fri, 02 Aug 2019 19:46:49 GMT OpenStack-API-Version: compute 2.1 Server: Apache Vary: OpenStack-API-Version,X-OpenStack-Nova-API-Version X-OpenStack-Nova-API-Version: 2.1 location: http://172.30.9.23:8774/v2.1/servers/d73f7cd1-8ab8-4fbd-9c39-146c29433543 x-compute-request-id: req-7eb814bf-1d89-423e-a588-f77a068cc31b x-openstack-request-id: req-7eb814bf-1d89-423e-a588-f77a068cc31b _http_log_response /usr/lib/python2.7/site-packages/keystoneauth1/session.py:479
2019-08-02 19:46:52.375 1966 DEBUG novaclient.v2.client [-] RESP BODY: {"server": {"security_groups": [{"name": "default"}], "OS-DCF:diskConfig": "MANUAL", "id": "d73f7cd1-8ab8-4fbd-9c39-146c29433543", "links": [{"href": "http://172.30.9.23:8774/v2.1/servers/d73f7cd1-8ab8-4fbd-9c39-146c29433543", "rel": "self"}, {"href": "http://172.30.9.23:8774/servers/d73f7cd1-8ab8-4fbd-9c39-146c29433543", "rel": "bookmark"}], "adminPass": "2ZaAZ9hZJiFn"}} _http_log_response /usr/lib/python2.7/site-packages/keystoneauth1/session.py:511
2019-08-02 19:46:52.376 1966 DEBUG novaclient.v2.client [-] POST call to compute for http://172.30.9.23:8774/v2.1/servers used request id req-7eb814bf-1d89-423e-a588-f77a068cc31b request /usr/lib/python2.7/site-packages/keystoneauth1/session.py:844
2019-08-02 19:46:52.434 1969 DEBUG novaclient.v2.client [-] RESP: [202] Content-Length: 374 Content-Type: application/json Date: Fri, 02 Aug 2019 19:46:49 GMT OpenStack-API-Version: compute 2.1 Server: Apache Vary: OpenStack-API-Version,X-OpenStack-Nova-API-Version X-OpenStack-Nova-API-Version: 2.1 location: http://172.30.9.23:8774/v2.1/servers/77f38fa4-42d7-4cae-a7d2-235b6133603a x-compute-request-id: req-f03d094d-c33c-4790-9a06-767fa7e770b9 x-openstack-request-id: req-f03d094d-c33c-4790-9a06-767fa7e770b9 _http_log_response /usr/lib/python2.7/site-packages/keystoneauth1/session.py:479
2019-08-02 19:46:52.435 1969 DEBUG novaclient.v2.client [-] RESP BODY: {"server": {"security_groups": [{"name": "default"}], "OS-DCF:diskConfig": "MANUAL", "id": "77f38fa4-42d7-4cae-a7d2-235b6133603a", "links": [{"href": "http://172.30.9.23:8774/v2.1/servers/77f38fa4-42d7-4cae-a7d2-235b6133603a", "rel": "self"}, {"href": "http://172.30.9.23:8774/servers/77f38fa4-42d7-4cae-a7d2-235b6133603a", "rel": "bookmark"}], "adminPass": "2mKQogSX23Aj"}} _http_log_response /usr/lib/python2.7/site-packages/keystoneauth1/session.py:511
2019-08-02 19:46:52.435 1969 DEBUG novaclient.v2.client [-] POST call to compute for http://172.30.9.23:8774/v2.1/servers used request id req-f03d094d-c33c-4790-9a06-767fa7e770b9 request /usr/lib/python2.7/site-packages/keystoneauth1/session.py:844
2019-08-02 19:46:53.026 1967 DEBUG novaclient.v2.client [-] RESP: [202] Content-Length: 374 Content-Type: application/json Date: Fri, 02 Aug 2019 19:46:49 GMT OpenStack-API-Version: compute 2.1 Server: Apache Vary: OpenStack-API-Version,X-OpenStack-Nova-API-Version X-OpenStack-Nova-API-Version: 2.1 location: http://172.30.9.23:8774/v2.1/servers/50881f5e-e677-45cc-942b-b3002c463fcb x-compute-request-id: req-b3b91b54-70f8-4155-ac6a-d80cb9d15ba0 x-openstack-request-id: req-b3b91b54-70f8-4155-ac6a-d80cb9d15ba0 _http_log_response /usr/lib/python2.7/site-packages/keystoneauth1/session.py:479
2019-08-02 19:46:53.027 1967 DEBUG novaclient.v2.client [-] RESP BODY: {"server": {"security_groups": [{"name": "default"}], "OS-DCF:diskConfig": "MANUAL", "id": "50881f5e-e677-45cc-942b-b3002c463fcb", "links": [{"href": "http://172.30.9.23:8774/v2.1/servers/50881f5e-e677-45cc-942b-b3002c463fcb", "rel": "self"}, {"href": "http://172.30.9.23:8774/servers/50881f5e-e677-45cc-942b-b3002c463fcb", "rel": "bookmark"}], "adminPass": "metAPh7LUyEo"}} _http_log_response /usr/lib/python2.7/site-packages/keystoneauth1/session.py:511
2019-08-02 19:46:53.027 1967 DEBUG novaclient.v2.client [-] POST call to compute for http://172.30.9.23:8774/v2.1/servers used request id req-b3b91b54-70f8-4155-ac6a-d80cb9d15ba0 request /usr/lib/python2.7/site-packages/keystoneauth1/session.py:844
2019-08-02 19:46:53.380 1966 DEBUG novaclient.v2.client [-] REQ: curl -g -i -X GET http://172.30.9.23:8774/v2.1/servers/d73f7cd1-8ab8-4fbd-9c39-146c29433543 -H "Accept: application/json" -H "User-Agent: python-novaclient" -H "X-Auth-Token: {SHA1}eae95abcf8a7ab9c2c4ad2a4add34d312b35b744" _http_log_request /usr/lib/python2.7/site-packages/keystoneauth1/session.py:448
2019-08-02 19:46:53.439 1969 DEBUG novaclient.v2.client [-] REQ: curl -g -i -X GET http://172.30.9.23:8774/v2.1/servers/77f38fa4-42d7-4cae-a7d2-235b6133603a -H "Accept: application/json" -H "User-Agent: python-novaclient" -H "X-Auth-Token: {SHA1}7611dc91655561d5dd7d016dc413ba411d37f158" _http_log_request /usr/lib/python2.7/site-packages/keystoneauth1/session.py:448
2019-08-02 19:46:53.667 1968 DEBUG novaclient.v2.client [-] RESP: [202] Content-Length: 374 Content-Type: application/json Date: Fri, 02 Aug 2019 19:46:49 GMT OpenStack-API-Version: compute 2.1 Server: Apache Vary: OpenStack-API-Version,X-OpenStack-Nova-API-Version X-OpenStack-Nova-API-Version: 2.1 location: http://172.30.9.23:8774/v2.1/servers/198bfacf-caf5-45bf-8f4b-851f870342c0 x-compute-request-id: req-4d9e409f-1137-4707-97ce-c88a88d9db5c x-openstack-request-id: req-4d9e409f-1137-4707-97ce-c88a88d9db5c _http_log_response /usr/lib/python2.7/site-packages/keystoneauth1/session.py:479
2019-08-02 19:46:53.668 1968 DEBUG novaclient.v2.client [-] RESP BODY: {"server": {"security_groups": [{"name": "default"}], "OS-DCF:diskConfig": "MANUAL", "id": "198bfacf-caf5-45bf-8f4b-851f870342c0", "links": [{"href": "http://172.30.9.23:8774/v2.1/servers/198bfacf-caf5-45bf-8f4b-851f870342c0", "rel": "self"}, {"href": "http://172.30.9.23:8774/servers/198bfacf-caf5-45bf-8f4b-851f870342c0", "rel": "bookmark"}], "adminPass": "eDfj5t75VNuG"}} _http_log_response /usr/lib/python2.7/site-packages/keystoneauth1/session.py:511
2019-08-02 19:46:53.668 1968 DEBUG novaclient.v2.client [-] POST call to compute for http://172.30.9.23:8774/v2.1/servers used request id req-4d9e409f-1137-4707-97ce-c88a88d9db5c request /usr/lib/python2.7/site-packages/keystoneauth1/session.py:844
2019-08-02 19:46:53.816 1969 DEBUG novaclient.v2.client [-] RESP: [200] Content-Encoding: gzip Content-Length: 589 Content-Type: application/json Date: Fri, 02 Aug 2019 19:46:53 GMT OpenStack-API-Version: compute 2.1 Server: Apache Vary: OpenStack-API-Version,X-OpenStack-Nova-API-Version,Accept-Encoding X-OpenStack-Nova-API-Version: 2.1 x-compute-request-id: req-a5e26a63-c2d3-44d6-a2da-4e8fca2ee3d6 x-openstack-request-id: req-a5e26a63-c2d3-44d6-a2da-4e8fca2ee3d6 _http_log_response /usr/lib/python2.7/site-packages/keystoneauth1/session.py:479
2019-08-02 19:46:53.816 1969 DEBUG novaclient.v2.client [-] RESP BODY: {"server": {"OS-EXT-STS:task_state": "scheduling", "addresses": {}, "links": [{"href": "http://172.30.9.23:8774/v2.1/servers/77f38fa4-42d7-4cae-a7d2-235b6133603a", "rel": "self"}, {"href": "http://172.30.9.23:8774/servers/77f38fa4-42d7-4cae-a7d2-235b6133603a", "rel": "bookmark"}], "image": {"id": "d5226ac2-27c5-4502-9f05-238de18fa2e3", "links": [{"href": "http://172.30.9.23:8774/images/d5226ac2-27c5-4502-9f05-238de18fa2e3", "rel": "bookmark"}]}, "OS-EXT-STS:vm_state": "building", "OS-SRV-USG:launched_at": null, "flavor": {"id": "38761bd9-7af6-4837-87f3-8fc157441b54", "links": [{"href": "http://172.30.9.23:8774/flavors/38761bd9-7af6-4837-87f3-8fc157441b54", "rel": "bookmark"}]}, "id": "77f38fa4-42d7-4cae-a7d2-235b6133603a", "user_id": "ced60af059344cd6981c1d76f2623c9f", "OS-DCF:diskConfig": "MANUAL", "accessIPv4": "", "accessIPv6": "", "progress": 0, "OS-EXT-STS:power_state": 0, "OS-EXT-AZ:availability_zone": "", "config_drive": "", "status": "BUILD", "updated": "2019-08-02T19:46:53Z", "hostId": "", "OS-SRV-USG:terminated_at": null, "key_name": null, "name": "s_rally_f18671eb_khSapBI8", "created": "2019-08-02T19:46:52Z", "tenant_id": "f05394464fbe4235a326690c6c5b5b35", "os-extended-volumes:volumes_attached": [], "metadata": {}}} _http_log_response /usr/lib/python2.7/site-packages/keystoneauth1/session.py:511
2019-08-02 19:46:53.817 1969 DEBUG novaclient.v2.client [-] GET call to compute for http://172.30.9.23:8774/v2.1/servers/77f38fa4-42d7-4cae-a7d2-235b6133603a used request id req-a5e26a63-c2d3-44d6-a2da-4e8fca2ee3d6 request /usr/lib/python2.7/site-packages/keystoneauth1/session.py:844
2019-08-02 19:46:53.818 1969 DEBUG novaclient.v2.client [-] REQ: curl -g -i -X GET http://172.30.9.23:8774/v2.1/servers/77f38fa4-42d7-4cae-a7d2-235b6133603a -H "Accept: application/json" -H "User-Agent: python-novaclient" -H "X-Auth-Token: {SHA1}7611dc91655561d5dd7d016dc413ba411d37f158" _http_log_request /usr/lib/python2.7/site-packages/keystoneauth1/session.py:448
2019-08-02 19:46:54.031 1967 DEBUG novaclient.v2.client [-] REQ: curl -g -i -X GET http://172.30.9.23:8774/v2.1/servers/50881f5e-e677-45cc-942b-b3002c463fcb -H "Accept: application/json" -H "User-Agent: python-novaclient" -H "X-Auth-Token: {SHA1}244bb2174abc26cf91fce9b18d90fc2f84880aca" _http_log_request /usr/lib/python2.7/site-packages/keystoneauth1/session.py:448
2019-08-02 19:46:54.053 1966 DEBUG novaclient.v2.client [-] RESP: [200] Content-Encoding: gzip Content-Length: 591 Content-Type: application/json Date: Fri, 02 Aug 2019 19:46:53 GMT OpenStack-API-Version: compute 2.1 Server: Apache Vary: OpenStack-API-Version,X-OpenStack-Nova-API-Version,Accept-Encoding X-OpenStack-Nova-API-Version: 2.1 x-compute-request-id: req-a6bd1ae0-107c-4919-8bf8-114fc46c46b3 x-openstack-request-id: req-a6bd1ae0-107c-4919-8bf8-114fc46c46b3 _http_log_response /usr/lib/python2.7/site-packages/keystoneauth1/session.py:479
2019-08-02 19:46:54.053 1966 DEBUG novaclient.v2.client [-] RESP BODY: {"server": {"OS-EXT-STS:task_state": "scheduling", "addresses": {}, "links": [{"href": "http://172.30.9.23:8774/v2.1/servers/d73f7cd1-8ab8-4fbd-9c39-146c29433543", "rel": "self"}, {"href": "http://172.30.9.23:8774/servers/d73f7cd1-8ab8-4fbd-9c39-146c29433543", "rel": "bookmark"}], "image": {"id": "d5226ac2-27c5-4502-9f05-238de18fa2e3", "links": [{"href": "http://172.30.9.23:8774/images/d5226ac2-27c5-4502-9f05-238de18fa2e3", "rel": "bookmark"}]}, "OS-EXT-STS:vm_state": "building", "OS-SRV-USG:launched_at": null, "flavor": {"id": "38761bd9-7af6-4837-87f3-8fc157441b54", "links": [{"href": "http://172.30.9.23:8774/flavors/38761bd9-7af6-4837-87f3-8fc157441b54", "rel": "bookmark"}]}, "id": "d73f7cd1-8ab8-4fbd-9c39-146c29433543", "user_id": "cd2c10147aa84da59c75d11084906265", "OS-DCF:diskConfig": "MANUAL", "accessIPv4": "", "accessIPv6": "", "progress": 0, "OS-EXT-STS:power_state": 0, "OS-EXT-AZ:availability_zone": "", "config_drive": "", "status": "BUILD", "updated": "2019-08-02T19:46:53Z", "hostId": "", "OS-SRV-USG:terminated_at": null, "key_name": null, "name": "s_rally_f18671eb_kk2KJlx7", "created": "2019-08-02T19:46:52Z", "tenant_id": "8644288da0ff4cf0885bdfccb51b2772", "os-extended-volumes:volumes_attached": [], "metadata": {}}} _http_log_response /usr/lib/python2.7/site-packages/keystoneauth1/session.py:511
2019-08-02 19:46:54.054 1966 DEBUG novaclient.v2.client [-] GET call to compute for http://172.30.9.23:8774/v2.1/servers/d73f7cd1-8ab8-4fbd-9c39-146c29433543 used request id req-a6bd1ae0-107c-4919-8bf8-114fc46c46b3 request /usr/lib/python2.7/site-packages/keystoneauth1/session.py:844
2019-08-02 19:46:54.055 1966 DEBUG novaclient.v2.client [-] REQ: curl -g -i -X GET http://172.30.9.23:8774/v2.1/servers/d73f7cd1-8ab8-4fbd-9c39-146c29433543 -H "Accept: application/json" -H "User-Agent: python-novaclient" -H "X-Auth-Token: {SHA1}eae95abcf8a7ab9c2c4ad2a4add34d312b35b744" _http_log_request /usr/lib/python2.7/site-packages/keystoneauth1/session.py:448
2019-08-02 19:46:54.516 1969 DEBUG novaclient.v2.client [-] RESP: [200] Content-Encoding: gzip Content-Length: 589 Content-Type: application/json Date: Fri, 02 Aug 2019 19:46:53 GMT OpenStack-API-Version: compute 2.1 Server: Apache Vary: OpenStack-API-Version,X-OpenStack-Nova-API-Version,Accept-Encoding X-OpenStack-Nova-API-Version: 2.1 x-compute-request-id: req-079abaa4-8cbf-416a-8487-8e7b0096529f x-openstack-request-id: req-079abaa4-8cbf-416a-8487-8e7b0096529f _http_log_response /usr/lib/python2.7/site-packages/keystoneauth1/session.py:479
2019-08-02 19:46:54.517 1969 DEBUG novaclient.v2.client [-] RESP BODY: {"server": {"OS-EXT-STS:task_state": "scheduling", "addresses": {}, "links": [{"href": "http://172.30.9.23:8774/v2.1/servers/77f38fa4-42d7-4cae-a7d2-235b6133603a", "rel": "self"}, {"href": "http://172.30.9.23:8774/servers/77f38fa4-42d7-4cae-a7d2-235b6133603a", "rel": "bookmark"}], "image": {"id": "d5226ac2-27c5-4502-9f05-238de18fa2e3", "links": [{"href": "http://172.30.9.23:8774/images/d5226ac2-27c5-4502-9f05-238de18fa2e3", "rel": "bookmark"}]}, "OS-EXT-STS:vm_state": "building", "OS-SRV-USG:launched_at": null, "flavor": {"id": "38761bd9-7af6-4837-87f3-8fc157441b54", "links": [{"href": "http://172.30.9.23:8774/flavors/38761bd9-7af6-4837-87f3-8fc157441b54", "rel": "bookmark"}]}, "id": "77f38fa4-42d7-4cae-a7d2-235b6133603a", "user_id": "ced60af059344cd6981c1d76f2623c9f", "OS-DCF:diskConfig": "MANUAL", "accessIPv4": "", "accessIPv6": "", "progress": 0, "OS-EXT-STS:power_state": 0, "OS-EXT-AZ:availability_zone": "", "config_drive": "", "status": "BUILD", "updated": "2019-08-02T19:46:53Z", "hostId": "", "OS-SRV-USG:terminated_at": null, "key_name": null, "name": "s_rally_f18671eb_khSapBI8", "created": "2019-08-02T19:46:52Z", "tenant_id": "f05394464fbe4235a326690c6c5b5b35", "os-extended-volumes:volumes_attached": [], "metadata": {}}} _http_log_response /usr/lib/python2.7/site-packages/keystoneauth1/session.py:511
2019-08-02 19:46:54.517 1969 DEBUG novaclient.v2.client [-] GET call to compute for http://172.30.9.23:8774/v2.1/servers/77f38fa4-42d7-4cae-a7d2-235b6133603a used request id req-079abaa4-8cbf-416a-8487-8e7b0096529f request /usr/lib/python2.7/site-packages/keystoneauth1/session.py:844
