2019-08-02 20:00:01.777 1842 DEBUG novaclient.v2.client [-] RESP: [200] Content-Length: 15 Content-Type: application/json Date: Fri, 02 Aug 2019 20:00:01 GMT OpenStack-API-Version: compute 2.1 Server: Apache Vary: OpenStack-API-Version,X-OpenStack-Nova-API-Version X-OpenStack-Nova-API-Version: 2.1 x-compute-request-id: req-d32557ca-ce1e-4d84-ac72-fd293a7500c9 x-openstack-request-id: req-d32557ca-ce1e-4d84-ac72-fd293a7500c9 _http_log_response /usr/lib/python2.7/site-packages/keystoneauth1/session.py:479
2019-08-02 20:00:01.777 1842 DEBUG novaclient.v2.client [-] RESP BODY: {"servers": []} _http_log_response /usr/lib/python2.7/site-packages/keystoneauth1/session.py:511
2019-08-02 20:00:01.778 1842 DEBUG novaclient.v2.client [-] GET call to compute for http://172.30.9.23:8774/v2.1/servers/detail used request id req-d32557ca-ce1e-4d84-ac72-fd293a7500c9 request /usr/lib/python2.7/site-packages/keystoneauth1/session.py:844
2019-08-02 20:00:01.785 1842 RALLYDEBUG rally_openstack.cleanup.manager [-] Cleaning up nova server_groups objects
2019-08-02 20:00:02.219 1842 DEBUG novaclient.v2.client [-] REQ: curl -g -i -X GET http://172.30.9.23:8774/v2.1/os-server-groups -H "Accept: application/json" -H "User-Agent: python-novaclient" -H "X-Auth-Token: {SHA1}d1c6aef473a38f9e932e9caa6e5ac999a2079f6a" _http_log_request /usr/lib/python2.7/site-packages/keystoneauth1/session.py:448
2019-08-02 20:00:02.509 1842 DEBUG novaclient.v2.client [-] RESP: [200] Content-Length: 21 Content-Type: application/json Date: Fri, 02 Aug 2019 20:00:02 GMT OpenStack-API-Version: compute 2.1 Server: Apache Vary: OpenStack-API-Version,X-OpenStack-Nova-API-Version X-OpenStack-Nova-API-Version: 2.1 x-compute-request-id: req-b6fd33b7-be53-46b5-8ae9-0194dce431c1 x-openstack-request-id: req-b6fd33b7-be53-46b5-8ae9-0194dce431c1 _http_log_response /usr/lib/python2.7/site-packages/keystoneauth1/session.py:479
2019-08-02 20:00:02.509 1842 DEBUG novaclient.v2.client [-] RESP BODY: {"server_groups": []} _http_log_response /usr/lib/python2.7/site-packages/keystoneauth1/session.py:511
2019-08-02 20:00:02.510 1842 DEBUG novaclient.v2.client [-] GET call to compute for http://172.30.9.23:8774/v2.1/os-server-groups used request id req-b6fd33b7-be53-46b5-8ae9-0194dce431c1 request /usr/lib/python2.7/site-packages/keystoneauth1/session.py:844
2019-08-02 20:00:02.944 1842 DEBUG novaclient.v2.client [-] REQ: curl -g -i -X GET http://172.30.9.23:8774/v2.1/os-server-groups -H "Accept: application/json" -H "User-Agent: python-novaclient" -H "X-Auth-Token: {SHA1}efc01ddf47dcff3daa7853e2f1a83a457fcb2d89" _http_log_request /usr/lib/python2.7/site-packages/keystoneauth1/session.py:448
2019-08-02 20:00:03.244 1842 DEBUG novaclient.v2.client [-] RESP: [200] Content-Length: 21 Content-Type: application/json Date: Fri, 02 Aug 2019 20:00:02 GMT OpenStack-API-Version: compute 2.1 Server: Apache Vary: OpenStack-API-Version,X-OpenStack-Nova-API-Version X-OpenStack-Nova-API-Version: 2.1 x-compute-request-id: req-2ccab457-dd29-4e49-a61f-0c7a737fae94 x-openstack-request-id: req-2ccab457-dd29-4e49-a61f-0c7a737fae94 _http_log_response /usr/lib/python2.7/site-packages/keystoneauth1/session.py:479
2019-08-02 20:00:03.244 1842 DEBUG novaclient.v2.client [-] RESP BODY: {"server_groups": []} _http_log_response /usr/lib/python2.7/site-packages/keystoneauth1/session.py:511
2019-08-02 20:00:03.245 1842 DEBUG novaclient.v2.client [-] GET call to compute for http://172.30.9.23:8774/v2.1/os-server-groups used request id req-2ccab457-dd29-4e49-a61f-0c7a737fae94 request /usr/lib/python2.7/site-packages/keystoneauth1/session.py:844
2019-08-02 20:00:03.682 1842 DEBUG novaclient.v2.client [-] REQ: curl -g -i -X GET http://172.30.9.23:8774/v2.1/os-server-groups -H "Accept: application/json" -H "User-Agent: python-novaclient" -H "X-Auth-Token: {SHA1}ada5c46502b17dc721a28a92c5d9936c48daa5e4" _http_log_request /usr/lib/python2.7/site-packages/keystoneauth1/session.py:448
2019-08-02 20:00:03.979 1842 DEBUG novaclient.v2.client [-] RESP: [200] Content-Length: 21 Content-Type: application/json Date: Fri, 02 Aug 2019 20:00:03 GMT OpenStack-API-Version: compute 2.1 Server: Apache Vary: OpenStack-API-Version,X-OpenStack-Nova-API-Version X-OpenStack-Nova-API-Version: 2.1 x-compute-request-id: req-933fe1b7-a39b-4d7b-95e8-cb4ae57e729e x-openstack-request-id: req-933fe1b7-a39b-4d7b-95e8-cb4ae57e729e _http_log_response /usr/lib/python2.7/site-packages/keystoneauth1/session.py:479
2019-08-02 20:00:03.980 1842 DEBUG novaclient.v2.client [-] RESP BODY: {"server_groups": []} _http_log_response /usr/lib/python2.7/site-packages/keystoneauth1/session.py:511
2019-08-02 20:00:03.980 1842 DEBUG novaclient.v2.client [-] GET call to compute for http://172.30.9.23:8774/v2.1/os-server-groups used request id req-933fe1b7-a39b-4d7b-95e8-cb4ae57e729e request /usr/lib/python2.7/site-packages/keystoneauth1/session.py:844
2019-08-02 20:00:03.987 1842 RALLYDEBUG rally_openstack.cleanup.manager [-] Cleaning up nova keypairs objects
2019-08-02 20:00:04.417 1842 DEBUG novaclient.v2.client [-] REQ: curl -g -i -X GET http://172.30.9.23:8774/v2.1/os-keypairs -H "Accept: application/json" -H "User-Agent: python-novaclient" -H "X-Auth-Token: {SHA1}2394860d4d8d6d780fa92994a58f6cdd974b7bff" _http_log_request /usr/lib/python2.7/site-packages/keystoneauth1/session.py:448
2019-08-02 20:00:04.708 1842 DEBUG novaclient.v2.client [-] RESP: [200] Content-Length: 16 Content-Type: application/json Date: Fri, 02 Aug 2019 20:00:04 GMT OpenStack-API-Version: compute 2.1 Server: Apache Vary: OpenStack-API-Version,X-OpenStack-Nova-API-Version X-OpenStack-Nova-API-Version: 2.1 x-compute-request-id: req-dff73ea6-8b07-4fe1-a1ab-24eae8c723cc x-openstack-request-id: req-dff73ea6-8b07-4fe1-a1ab-24eae8c723cc _http_log_response /usr/lib/python2.7/site-packages/keystoneauth1/session.py:479
2019-08-02 20:00:04.709 1842 DEBUG novaclient.v2.client [-] RESP BODY: {"keypairs": []} _http_log_response /usr/lib/python2.7/site-packages/keystoneauth1/session.py:511
2019-08-02 20:00:04.709 1842 DEBUG novaclient.v2.client [-] GET call to compute for http://172.30.9.23:8774/v2.1/os-keypairs used request id req-dff73ea6-8b07-4fe1-a1ab-24eae8c723cc request /usr/lib/python2.7/site-packages/keystoneauth1/session.py:844
2019-08-02 20:00:05.138 1842 DEBUG novaclient.v2.client [-] REQ: curl -g -i -X GET http://172.30.9.23:8774/v2.1/os-keypairs -H "Accept: application/json" -H "User-Agent: python-novaclient" -H "X-Auth-Token: {SHA1}73ea22df6c9d4c2508a1b24e0098b3088a746313" _http_log_request /usr/lib/python2.7/site-packages/keystoneauth1/session.py:448
2019-08-02 20:00:05.445 1842 DEBUG novaclient.v2.client [-] RESP: [200] Content-Length: 16 Content-Type: application/json Date: Fri, 02 Aug 2019 20:00:05 GMT OpenStack-API-Version: compute 2.1 Server: Apache Vary: OpenStack-API-Version,X-OpenStack-Nova-API-Version X-OpenStack-Nova-API-Version: 2.1 x-compute-request-id: req-e51db8c1-5ee4-4635-9b68-f884572c175b x-openstack-request-id: req-e51db8c1-5ee4-4635-9b68-f884572c175b _http_log_response /usr/lib/python2.7/site-packages/keystoneauth1/session.py:479
2019-08-02 20:00:05.446 1842 DEBUG novaclient.v2.client [-] RESP BODY: {"keypairs": []} _http_log_response /usr/lib/python2.7/site-packages/keystoneauth1/session.py:511
2019-08-02 20:00:05.446 1842 DEBUG novaclient.v2.client [-] GET call to compute for http://172.30.9.23:8774/v2.1/os-keypairs used request id req-e51db8c1-5ee4-4635-9b68-f884572c175b request /usr/lib/python2.7/site-packages/keystoneauth1/session.py:844
2019-08-02 20:00:05.880 1842 DEBUG novaclient.v2.client [-] REQ: curl -g -i -X GET http://172.30.9.23:8774/v2.1/os-keypairs -H "Accept: application/json" -H "User-Agent: python-novaclient" -H "X-Auth-Token: {SHA1}273b47ae15d6594b72e366a98a3ae17d08fd669d" _http_log_request /usr/lib/python2.7/site-packages/keystoneauth1/session.py:448
2019-08-02 20:00:06.183 1842 DEBUG novaclient.v2.client [-] RESP: [200] Content-Length: 16 Content-Type: application/json Date: Fri, 02 Aug 2019 20:00:05 GMT OpenStack-API-Version: compute 2.1 Server: Apache Vary: OpenStack-API-Version,X-OpenStack-Nova-API-Version X-OpenStack-Nova-API-Version: 2.1 x-compute-request-id: req-7a1bbb7a-c48f-4a86-8c50-1f6072a37d08 x-openstack-request-id: req-7a1bbb7a-c48f-4a86-8c50-1f6072a37d08 _http_log_response /usr/lib/python2.7/site-packages/keystoneauth1/session.py:479
2019-08-02 20:00:06.184 1842 DEBUG novaclient.v2.client [-] RESP BODY: {"keypairs": []} _http_log_response /usr/lib/python2.7/site-packages/keystoneauth1/session.py:511
2019-08-02 20:00:06.184 1842 DEBUG novaclient.v2.client [-] GET call to compute for http://172.30.9.23:8774/v2.1/os-keypairs used request id req-7a1bbb7a-c48f-4a86-8c50-1f6072a37d08 request /usr/lib/python2.7/site-packages/keystoneauth1/session.py:844
2019-08-02 20:00:06.614 1842 DEBUG novaclient.v2.client [-] REQ: curl -g -i -X GET http://172.30.9.23:8774/v2.1/os-keypairs -H "Accept: application/json" -H "User-Agent: python-novaclient" -H "X-Auth-Token: {SHA1}e40d87ce0927debc5dfe84faa056e718f38b05cd" _http_log_request /usr/lib/python2.7/site-packages/keystoneauth1/session.py:448
2019-08-02 20:00:06.884 1842 DEBUG novaclient.v2.client [-] RESP: [200] Content-Length: 16 Content-Type: application/json Date: Fri, 02 Aug 2019 20:00:06 GMT OpenStack-API-Version: compute 2.1 Server: Apache Vary: OpenStack-API-Version,X-OpenStack-Nova-API-Version X-OpenStack-Nova-API-Version: 2.1 x-compute-request-id: req-37c8c2e1-0ddf-4d69-8e46-b829bda22275 x-openstack-request-id: req-37c8c2e1-0ddf-4d69-8e46-b829bda22275 _http_log_response /usr/lib/python2.7/site-packages/keystoneauth1/session.py:479
2019-08-02 20:00:06.885 1842 DEBUG novaclient.v2.client [-] RESP BODY: {"keypairs": []} _http_log_response /usr/lib/python2.7/site-packages/keystoneauth1/session.py:511
2019-08-02 20:00:06.885 1842 DEBUG novaclient.v2.client [-] GET call to compute for http://172.30.9.23:8774/v2.1/os-keypairs used request id req-37c8c2e1-0ddf-4d69-8e46-b829bda22275 request /usr/lib/python2.7/site-packages/keystoneauth1/session.py:844
2019-08-02 20:00:07.319 1842 DEBUG novaclient.v2.client [-] REQ: curl -g -i -X GET http://172.30.9.23:8774/v2.1/os-keypairs -H "Accept: application/json" -H "User-Agent: python-novaclient" -H "X-Auth-Token: {SHA1}168325c3eb930fca7639da5cfdaa6cc405443311" _http_log_request /usr/lib/python2.7/site-packages/keystoneauth1/session.py:448
2019-08-02 20:00:07.627 1842 DEBUG novaclient.v2.client [-] RESP: [200] Content-Length: 16 Content-Type: application/json Date: Fri, 02 Aug 2019 20:00:07 GMT OpenStack-API-Version: compute 2.1 Server: Apache Vary: OpenStack-API-Version,X-OpenStack-Nova-API-Version X-OpenStack-Nova-API-Version: 2.1 x-compute-request-id: req-a4d35543-f57e-4e22-b807-cfcf7dc05595 x-openstack-request-id: req-a4d35543-f57e-4e22-b807-cfcf7dc05595 _http_log_response /usr/lib/python2.7/site-packages/keystoneauth1/session.py:479
2019-08-02 20:00:07.628 1842 DEBUG novaclient.v2.client [-] RESP BODY: {"keypairs": []} _http_log_response /usr/lib/python2.7/site-packages/keystoneauth1/session.py:511
2019-08-02 20:00:07.628 1842 DEBUG novaclient.v2.client [-] GET call to compute for http://172.30.9.23:8774/v2.1/os-keypairs used request id req-a4d35543-f57e-4e22-b807-cfcf7dc05595 request /usr/lib/python2.7/site-packages/keystoneauth1/session.py:844
2019-08-02 20:00:08.067 1842 DEBUG novaclient.v2.client [-] REQ: curl -g -i -X GET http://172.30.9.23:8774/v2.1/os-keypairs -H "Accept: application/json" -H "User-Agent: python-novaclient" -H "X-Auth-Token: {SHA1}4936c51b3cf3362a017d1e467d4f446bed4a8b31" _http_log_request /usr/lib/python2.7/site-packages/keystoneauth1/session.py:448
2019-08-02 20:00:08.374 1842 DEBUG novaclient.v2.client [-] RESP: [200] Content-Length: 16 Content-Type: application/json Date: Fri, 02 Aug 2019 20:00:08 GMT OpenStack-API-Version: compute 2.1 Server: Apache Vary: OpenStack-API-Version,X-OpenStack-Nova-API-Version X-OpenStack-Nova-API-Version: 2.1 x-compute-request-id: req-79da0b1e-cc5d-45c0-8f19-1f8e6a9ecaf1 x-openstack-request-id: req-79da0b1e-cc5d-45c0-8f19-1f8e6a9ecaf1 _http_log_response /usr/lib/python2.7/site-packages/keystoneauth1/session.py:479
2019-08-02 20:00:08.374 1842 DEBUG novaclient.v2.client [-] RESP BODY: {"keypairs": []} _http_log_response /usr/lib/python2.7/site-packages/keystoneauth1/session.py:511
2019-08-02 20:00:08.375 1842 DEBUG novaclient.v2.client [-] GET call to compute for http://172.30.9.23:8774/v2.1/os-keypairs used request id req-79da0b1e-cc5d-45c0-8f19-1f8e6a9ecaf1 request /usr/lib/python2.7/site-packages/keystoneauth1/session.py:844
2019-08-02 20:00:08.382 1842 RALLYDEBUG rally_openstack.cleanup.manager [-] Cleaning up cinder backups objects
2019-08-02 20:00:10.580 1842 RALLYDEBUG rally_openstack.cleanup.manager [-] Cleaning up cinder volume_snapshots objects
2019-08-02 20:00:12.823 1842 RALLYDEBUG rally_openstack.cleanup.manager [-] Cleaning up cinder transfers objects
2019-08-02 20:00:14.839 1842 RALLYDEBUG rally_openstack.cleanup.manager [-] Cleaning up cinder volumes objects
2019-08-02 20:00:17.159 1842 INFO rally.task.context [-] Task 95be3dba-c0fc-4ff9-9165-2aee1918522e | Context cleanup@openstack cleanup() finished in 17.87 sec
2019-08-02 20:00:17.159 1842 INFO rally.task.context [-] Task 95be3dba-c0fc-4ff9-9165-2aee1918522e | Context quotas@openstack cleanup() started
2019-08-02 20:00:18.096 1842 INFO rally.task.context [-] Task 95be3dba-c0fc-4ff9-9165-2aee1918522e | Context quotas@openstack cleanup() finished in 0.94 sec
2019-08-02 20:00:18.096 1842 INFO rally.task.context [-] Task 95be3dba-c0fc-4ff9-9165-2aee1918522e | Context api_versions@openstack cleanup() started
2019-08-02 20:00:18.097 1842 INFO rally.task.context [-] Task 95be3dba-c0fc-4ff9-9165-2aee1918522e | Context api_versions@openstack cleanup() finished in 0.32 msec
2019-08-02 20:00:18.097 1842 INFO rally.task.context [-] Task 95be3dba-c0fc-4ff9-9165-2aee1918522e | Context users@openstack cleanup() started
2019-08-02 20:00:26.048 1842 INFO rally.task.context [-] Task 95be3dba-c0fc-4ff9-9165-2aee1918522e | Context users@openstack cleanup() finished in 7.95 sec
2019-08-02 20:00:27.590 1842 INFO rally.task.engine [-] Load duration is: 116.428839
2019-08-02 20:00:27.590 1842 INFO rally.task.engine [-] Full runner duration is: 117.482245
2019-08-02 20:00:27.590 1842 INFO rally.task.engine [-] Full duration is: 153.042565
2019-08-02 20:00:27.812 1842 INFO rally.task.engine [-] Running workload: position = 0 config = { "version": 2, "title": "A cropped version of a bigger task.", "description": "Auto-generated task from a single workload (uuid=ed08a2ff-d379-47f3-ae9a-61d01bb29712)", "subtasks": [ { "title": "CinderVolumes.create_volume", "description": "Create a volume.", "scenario": { "CinderVolumes.create_volume": { "size": 1 } }, "contexts": { "users": { "tenants": 3, "users_per_tenant": 2 }, "api_versions": { "cinder": { "version": 3, "service_type": "volumev3" } } }, "runner": { "constant": { "concurrency": 4, "times": 10 } }, "hooks": [], "sla": { "failure_rate": { "max": 0 } } } ] }
2019-08-02 20:00:27.839 1842 RALLYDEBUG rally_openstack.contexts.keystone.users [-] Creating 3 tenants using 20 threads
2019-08-02 20:00:29.810 1842 RALLYDEBUG rally_openstack.contexts.keystone.users [-] Creating 6 users using 20 threads
2019-08-02 20:00:32.623 1842 INFO rally.task.context [-] Task 95be3dba-c0fc-4ff9-9165-2aee1918522e | Context users@openstack setup() finished in 4.78 sec
2019-08-02 20:00:33.054 1842 INFO rally.task.context [-] Task 95be3dba-c0fc-4ff9-9165-2aee1918522e | Context api_versions@openstack setup() finished in 0.43 sec
2019-08-02 20:00:33.055 1842 INFO rally.task.context [-] Task 95be3dba-c0fc-4ff9-9165-2aee1918522e | Context cleanup@openstack setup() finished in 0.02 msec
2019-08-02 20:00:33.062 1842 RALLYDEBUG rally.task.runner [-] Starting the constant runner (task UUID: 95be3dba-c0fc-4ff9-9165-2aee1918522e). timeout: 0 concurrency: 4 concurrency_per_worker: 1 times: 10 concurrency_overhead: 0 processes_to_start: 4 max_cpu_used: 16
2019-08-02 20:00:33.075 3474 RALLYDEBUG rally.task.runner [-] Starting a worker. concurrency: 1 args: {"size": 1} times: 10 method_name: run timeout: 0 duration: None cls:
2019-08-02 20:00:33.078 3475 RALLYDEBUG rally.task.runner [-] Starting a worker. concurrency: 1 args: {"size": 1} times: 10 method_name: run timeout: 0 duration: None cls:
2019-08-02 20:00:33.081 3476 RALLYDEBUG rally.task.runner [-] Starting a worker. concurrency: 1 args: {"size": 1} times: 10 method_name: run timeout: 0 duration: None cls:
2019-08-02 20:00:33.083 3474 INFO rally.task.runner [-] Task 95be3dba-c0fc-4ff9-9165-2aee1918522e | ITER: 1 START
2019-08-02 20:00:33.083 3477 RALLYDEBUG rally.task.runner [-] Starting a worker. concurrency: 1 args: {"size": 1} times: 10 method_name: run timeout: 0 duration: None cls:
2019-08-02 20:00:33.085 3475 INFO rally.task.runner [-] Task 95be3dba-c0fc-4ff9-9165-2aee1918522e | ITER: 2 START
2019-08-02 20:00:33.088 3476 INFO rally.task.runner [-] Task 95be3dba-c0fc-4ff9-9165-2aee1918522e | ITER: 3 START
2019-08-02 20:00:33.091 3477 INFO rally.task.runner [-] Task 95be3dba-c0fc-4ff9-9165-2aee1918522e | ITER: 4 START
2019-08-02 20:00:36.723 3476 INFO rally.task.runner [-] Task 95be3dba-c0fc-4ff9-9165-2aee1918522e | ITER: 3 END: OK
2019-08-02 20:00:36.725 3477 INFO rally.task.runner [-] Task 95be3dba-c0fc-4ff9-9165-2aee1918522e | ITER: 4 END: OK
2019-08-02 20:00:36.728 3477 INFO rally.task.runner [-] Task 95be3dba-c0fc-4ff9-9165-2aee1918522e | ITER: 6 START
2019-08-02 20:00:36.729 3476 INFO rally.task.runner [-] Task 95be3dba-c0fc-4ff9-9165-2aee1918522e | ITER: 5 START
2019-08-02 20:00:36.783 3474 INFO rally.task.runner [-] Task 95be3dba-c0fc-4ff9-9165-2aee1918522e | ITER: 1 END: OK
2019-08-02 20:00:36.788 3474 INFO rally.task.runner [-] Task 95be3dba-c0fc-4ff9-9165-2aee1918522e | ITER: 7 START
2019-08-02 20:00:36.936 3475 INFO rally.task.runner [-] Task 95be3dba-c0fc-4ff9-9165-2aee1918522e | ITER: 2 END: OK
2019-08-02 20:00:36.941 3475 INFO rally.task.runner [-] Task 95be3dba-c0fc-4ff9-9165-2aee1918522e | ITER: 8 START
2019-08-02 20:00:40.205 3477 INFO rally.task.runner [-] Task 95be3dba-c0fc-4ff9-9165-2aee1918522e | ITER: 6 END: OK
2019-08-02 20:00:40.209 3477 INFO rally.task.runner [-] Task 95be3dba-c0fc-4ff9-9165-2aee1918522e | ITER: 9 START
2019-08-02 20:00:40.345 3474 INFO rally.task.runner [-] Task 95be3dba-c0fc-4ff9-9165-2aee1918522e | ITER: 7 END: OK
2019-08-02 20:00:40.349 3474 INFO rally.task.runner [-] Task 95be3dba-c0fc-4ff9-9165-2aee1918522e | ITER: 10 START
2019-08-02 20:00:40.432 3476 INFO rally.task.runner [-] Task 95be3dba-c0fc-4ff9-9165-2aee1918522e | ITER: 5 END: OK
2019-08-02 20:00:40.571 3475 INFO rally.task.runner [-] Task 95be3dba-c0fc-4ff9-9165-2aee1918522e | ITER: 8 END: OK
2019-08-02 20:00:43.842 3477 INFO rally.task.runner [-] Task 95be3dba-c0fc-4ff9-9165-2aee1918522e | ITER: 9 END: OK
2019-08-02 20:00:44.017 3474 INFO rally.task.runner [-] Task 95be3dba-c0fc-4ff9-9165-2aee1918522e | ITER: 10 END: OK
2019-08-02 20:00:44.042 1842 INFO rally.task.context [-] Task 95be3dba-c0fc-4ff9-9165-2aee1918522e | Context cleanup@openstack cleanup() started
2019-08-02 20:00:44.045 1842 RALLYDEBUG rally_openstack.cleanup.manager [-] Cleaning up cinder backups objects
2019-08-02 20:00:46.300 1842 RALLYDEBUG rally_openstack.cleanup.manager [-] Cleaning up cinder volume_snapshots objects
2019-08-02 20:00:48.574 1842 RALLYDEBUG rally_openstack.cleanup.manager [-] Cleaning up cinder transfers objects
2019-08-02 20:00:50.939 1842 RALLYDEBUG rally_openstack.cleanup.manager [-] Cleaning up cinder volumes objects
2019-08-02 20:00:53.318 1842 RALLYDEBUG rally_openstack.cleanup.manager [-] Deleting cinder.volumes object s_rally_ed08a2ff_CW8xT1Af (29bd7a96-5665-45e8-b629-71639507bf12)
2019-08-02 20:00:53.322 1842 RALLYDEBUG rally_openstack.cleanup.manager [-] Deleting cinder.volumes object s_rally_ed08a2ff_hLo6OOBL (95a51c7b-6a87-44e4-90ab-4fadd5a0b1bb)
2019-08-02 20:00:53.323 1842 RALLYDEBUG rally_openstack.cleanup.manager [-] Deleting cinder.volumes object s_rally_ed08a2ff_LCoZTYTv (8ac6fe07-7526-4ee1-8053-5d0fc26335de)
2019-08-02 20:00:53.336 1842 RALLYDEBUG rally_openstack.cleanup.manager [-] Deleting cinder.volumes object s_rally_ed08a2ff_RN0fts8B (916e3458-d735-474e-83e5-a0d97fa696cf)
2019-08-02 20:00:53.340 1842 RALLYDEBUG rally_openstack.cleanup.manager [-] Deleting cinder.volumes object s_rally_ed08a2ff_cWbxbImz (6528a265-b36e-49fa-a9da-d8b9dcc15456)
2019-08-02 20:00:53.346 1842 RALLYDEBUG rally_openstack.cleanup.manager [-] Deleting cinder.volumes object s_rally_ed08a2ff_gQOjhGJe (c8596ecb-bc08-43a4-bdc6-b16c44bd9d15)
2019-08-02 20:00:53.357 1842 RALLYDEBUG rally_openstack.cleanup.manager [-] Deleting cinder.volumes object s_rally_ed08a2ff_82nNx0S6 (e4f71941-0b2f-4c94-b109-8b1ede373651)
2019-08-02 20:00:53.358 1842 RALLYDEBUG rally_openstack.cleanup.manager [-] Deleting cinder.volumes object s_rally_ed08a2ff_nFWexCbD (1b71bef2-4a81-4af7-a2d2-963c7aecda47)
2019-08-02 20:00:53.359 1842 RALLYDEBUG rally_openstack.cleanup.manager [-] Deleting cinder.volumes object s_rally_ed08a2ff_nKENY2T7 (080adac1-2b3f-4f18-a9b2-7aa3caa5d006)
2019-08-02 20:00:53.363 1842 RALLYDEBUG rally_openstack.cleanup.manager [-] Deleting cinder.volumes object s_rally_ed08a2ff_FYuHiQ69 (4edb0144-7417-461b-a609-34690c52a02a)
2019-08-02 20:00:58.495 1842 INFO rally.task.context [-] Task 95be3dba-c0fc-4ff9-9165-2aee1918522e | Context cleanup@openstack cleanup() finished in 14.45 sec
2019-08-02 20:00:58.496 1842 INFO rally.task.context [-] Task 95be3dba-c0fc-4ff9-9165-2aee1918522e | Context api_versions@openstack cleanup() started
2019-08-02 20:00:58.496 1842 INFO rally.task.context [-] Task 95be3dba-c0fc-4ff9-9165-2aee1918522e | Context api_versions@openstack cleanup() finished in 0.24 msec
2019-08-02 20:00:58.496 1842 INFO rally.task.context [-] Task 95be3dba-c0fc-4ff9-9165-2aee1918522e | Context users@openstack cleanup() started
2019-08-02 20:01:06.763 1842 INFO rally.task.context [-] Task 95be3dba-c0fc-4ff9-9165-2aee1918522e | Context users@openstack cleanup() finished in 8.27 sec
2019-08-02 20:01:08.023 1842 INFO rally.task.engine [-] Load duration is: 10.929818
2019-08-02 20:01:08.023 1842 INFO rally.task.engine [-] Full runner duration is: 10.980642
2019-08-02 20:01:08.024 1842 INFO rally.task.engine [-] Full duration is: 38.928672
2019-08-02 20:01:08.220 1842 INFO rally.task.engine [-] Running workload: position = 1 config = { "version": 2, "title": "A cropped version of a bigger task.", "description": "Auto-generated task from a single workload (uuid=07871d13-7230-43be-a9a9-e96a1de43b7e)", "subtasks": [ { "title": "CinderVolumes.create_volume", "description": "Create a volume.", "scenario": { "CinderVolumes.create_volume": { "size": { "min": 1, "max": 1 } } }, "contexts": { "users": { "tenants": 3, "users_per_tenant": 2 }, "quotas": { "cinder": { "gigabytes": -1, "snapshots": -1, "volumes": -1 } }, "api_versions": { "cinder": { "version": 3, "service_type": "volumev3" } } }, "runner": { "constant": { "concurrency": 4, "times": 10 } }, "hooks": [], "sla": { "failure_rate": { "max": 0 } } } ] }
2019-08-02 20:01:08.240 1842 RALLYDEBUG rally_openstack.contexts.keystone.users [-] Creating 3 tenants using 20 threads
2019-08-02 20:01:10.212 1842 RALLYDEBUG rally_openstack.contexts.keystone.users [-] Creating 6 users using 20 threads
2019-08-02 20:01:12.953 1842 INFO rally.task.context [-] Task 95be3dba-c0fc-4ff9-9165-2aee1918522e | Context users@openstack setup() finished in 4.71 sec
2019-08-02 20:01:13.387 1842 INFO rally.task.context [-] Task 95be3dba-c0fc-4ff9-9165-2aee1918522e | Context api_versions@openstack setup() finished in 0.43 sec
2019-08-02 20:01:15.155 1842 INFO rally.task.context [-] Task 95be3dba-c0fc-4ff9-9165-2aee1918522e | Context quotas@openstack setup() finished in 1.77 sec
2019-08-02 20:01:15.156 1842 INFO rally.task.context [-] Task 95be3dba-c0fc-4ff9-9165-2aee1918522e | Context cleanup@openstack setup() finished in 0.01 msec
2019-08-02 20:01:15.163 1842 RALLYDEBUG rally.task.runner [-] Starting the constant runner (task UUID: 95be3dba-c0fc-4ff9-9165-2aee1918522e). timeout: 0 concurrency: 4 concurrency_per_worker: 1 times: 10 concurrency_overhead: 0 processes_to_start: 4 max_cpu_used: 16
2019-08-02 20:01:15.176 3658 RALLYDEBUG rally.task.runner [-] Starting a worker. concurrency: 1 args: {"size": {"min": 1, "max": 1}} times: 10 method_name: run timeout: 0 duration: None cls:
2019-08-02 20:01:15.179 3659 RALLYDEBUG rally.task.runner [-] Starting a worker. concurrency: 1 args: {"size": {"min": 1, "max": 1}} times: 10 method_name: run timeout: 0 duration: None cls:
2019-08-02 20:01:15.182 3660 RALLYDEBUG rally.task.runner [-] Starting a worker. concurrency: 1 args: {"size": {"min": 1, "max": 1}} times: 10 method_name: run timeout: 0 duration: None cls:
2019-08-02 20:01:15.184 3658 INFO rally.task.runner [-] Task 95be3dba-c0fc-4ff9-9165-2aee1918522e | ITER: 1 START
2019-08-02 20:01:15.185 3661 RALLYDEBUG rally.task.runner [-] Starting a worker. concurrency: 1 args: {"size": {"min": 1, "max": 1}} times: 10 method_name: run timeout: 0 duration: None cls:
2019-08-02 20:01:15.187 3659 INFO rally.task.runner [-] Task 95be3dba-c0fc-4ff9-9165-2aee1918522e | ITER: 2 START
2019-08-02 20:01:15.190 3660 INFO rally.task.runner [-] Task 95be3dba-c0fc-4ff9-9165-2aee1918522e | ITER: 3 START
2019-08-02 20:01:15.194 3661 INFO rally.task.runner [-] Task 95be3dba-c0fc-4ff9-9165-2aee1918522e | ITER: 4 START
2019-08-02 20:01:18.806 3660 INFO rally.task.runner [-] Task 95be3dba-c0fc-4ff9-9165-2aee1918522e | ITER: 3 END: OK
2019-08-02 20:01:18.812 3660 INFO rally.task.runner [-] Task 95be3dba-c0fc-4ff9-9165-2aee1918522e | ITER: 5 START
2019-08-02 20:01:19.007 3659 INFO rally.task.runner [-] Task 95be3dba-c0fc-4ff9-9165-2aee1918522e | ITER: 2 END: OK
2019-08-02 20:01:19.009 3658 INFO rally.task.runner [-] Task 95be3dba-c0fc-4ff9-9165-2aee1918522e | ITER: 1 END: OK
2019-08-02 20:01:19.014 3659 INFO rally.task.runner [-] Task 95be3dba-c0fc-4ff9-9165-2aee1918522e | ITER: 6 START
2019-08-02 20:01:19.015 3658 INFO rally.task.runner [-] Task 95be3dba-c0fc-4ff9-9165-2aee1918522e | ITER: 7 START
2019-08-02 20:01:19.031 3661 INFO rally.task.runner [-] Task 95be3dba-c0fc-4ff9-9165-2aee1918522e | ITER: 4 END: OK
2019-08-02 20:01:19.037 3661 INFO rally.task.runner [-] Task 95be3dba-c0fc-4ff9-9165-2aee1918522e | ITER: 8 START
2019-08-02 20:01:22.303 3660 INFO rally.task.runner [-] Task 95be3dba-c0fc-4ff9-9165-2aee1918522e | ITER: 5 END: OK
2019-08-02 20:01:22.309 3660 INFO rally.task.runner [-] Task 95be3dba-c0fc-4ff9-9165-2aee1918522e | ITER: 9 START
2019-08-02 20:01:22.602 3658 INFO rally.task.runner [-] Task 95be3dba-c0fc-4ff9-9165-2aee1918522e | ITER: 7 END: OK
2019-08-02 20:01:22.606 3658 INFO rally.task.runner [-] Task 95be3dba-c0fc-4ff9-9165-2aee1918522e | ITER: 10 START
2019-08-02 20:01:22.733 3659 INFO rally.task.runner [-] Task 95be3dba-c0fc-4ff9-9165-2aee1918522e | ITER: 6 END: OK
2019-08-02 20:01:22.952 3661 INFO rally.task.runner [-] Task 95be3dba-c0fc-4ff9-9165-2aee1918522e | ITER: 8 END: OK
2019-08-02 20:01:25.924 3660 INFO rally.task.runner [-] Task 95be3dba-c0fc-4ff9-9165-2aee1918522e | ITER: 9 END: OK
2019-08-02 20:01:26.201 3658 INFO rally.task.runner [-] Task 95be3dba-c0fc-4ff9-9165-2aee1918522e | ITER: 10 END: OK
2019-08-02 20:01:26.222 1842 INFO rally.task.context [-] Task 95be3dba-c0fc-4ff9-9165-2aee1918522e | Context cleanup@openstack cleanup() started
2019-08-02 20:01:26.224 1842 RALLYDEBUG rally_openstack.cleanup.manager [-] Cleaning up cinder backups objects
2019-08-02 20:01:28.372 1842 RALLYDEBUG rally_openstack.cleanup.manager [-] Cleaning up cinder volume_snapshots objects
2019-08-02 20:01:30.585 1842 RALLYDEBUG rally_openstack.cleanup.manager [-] Cleaning up cinder transfers objects
2019-08-02 20:01:32.676 1842 RALLYDEBUG rally_openstack.cleanup.manager [-] Cleaning up cinder volumes objects
2019-08-02 20:01:34.957 1842 RALLYDEBUG rally_openstack.cleanup.manager [-] Deleting cinder.volumes object s_rally_07871d13_aLwiXM5b (d5acfbc4-524d-49c3-a349-978fa39fa2da)
2019-08-02 20:01:34.958 1842 RALLYDEBUG rally_openstack.cleanup.manager [-] Deleting cinder.volumes object s_rally_07871d13_QCLyiEju (ee75c28a-8356-46e7-81eb-3c088e3bca5a)
2019-08-02 20:01:34.965 1842 RALLYDEBUG rally_openstack.cleanup.manager [-] Deleting cinder.volumes object s_rally_07871d13_GaZeuGMN (92f7d91a-472e-4812-af18-787c1fb56b72)
2019-08-02 20:01:34.968 1842 RALLYDEBUG rally_openstack.cleanup.manager [-] Deleting cinder.volumes object s_rally_07871d13_jzzwd7Ao (f3456e80-c3f8-4f70-a8ac-a5eb699c24aa)
2019-08-02 20:01:34.968 1842 RALLYDEBUG rally_openstack.cleanup.manager [-] Deleting cinder.volumes object s_rally_07871d13_xNbecvbC (0aa6cc36-384c-4f9b-9e8e-951afaa857bf)
2019-08-02 20:01:34.969 1842 RALLYDEBUG rally_openstack.cleanup.manager [-] Deleting cinder.volumes object s_rally_07871d13_59kDsdFR (e25a87ac-6316-429f-9e2b-e37af339fc4d)
2019-08-02 20:01:34.974 1842 RALLYDEBUG rally_openstack.cleanup.manager [-] Deleting cinder.volumes object s_rally_07871d13_hWrhgNCx (6a3fb562-35a7-4da0-9ff8-beb183928ce3)
2019-08-02 20:01:34.974 1842 RALLYDEBUG rally_openstack.cleanup.manager [-] Deleting cinder.volumes object s_rally_07871d13_a1m1S74D (93371542-6969-44f3-98a3-7d0ead3b26e9)
2019-08-02 20:01:34.976 1842 RALLYDEBUG rally_openstack.cleanup.manager [-] Deleting cinder.volumes object s_rally_07871d13_kkR1zAP4 (628ba2fb-9372-439f-bbb3-1b9ecef630ec)
2019-08-02 20:01:34.989 1842 RALLYDEBUG rally_openstack.cleanup.manager [-] Deleting cinder.volumes object s_rally_07871d13_Nw3o2Ez7 (8d35dd54-ec81-4c9c-abbc-a5c632bb7f6e)
2019-08-02 20:01:40.107 1842 INFO rally.task.context [-] Task 95be3dba-c0fc-4ff9-9165-2aee1918522e | Context cleanup@openstack cleanup() finished in 13.89 sec
2019-08-02 20:01:40.108 1842 INFO rally.task.context [-] Task 95be3dba-c0fc-4ff9-9165-2aee1918522e | Context quotas@openstack cleanup() started
2019-08-02 20:01:40.982 1842 INFO rally.task.context [-] Task 95be3dba-c0fc-4ff9-9165-2aee1918522e | Context quotas@openstack cleanup() finished in 0.87 sec
2019-08-02 20:01:40.983 1842 INFO rally.task.context [-] Task 95be3dba-c0fc-4ff9-9165-2aee1918522e | Context api_versions@openstack cleanup() started
2019-08-02 20:01:40.983 1842 INFO rally.task.context [-] Task 95be3dba-c0fc-4ff9-9165-2aee1918522e | Context api_versions@openstack cleanup() finished in 0.32 msec
2019-08-02 20:01:40.983 1842 INFO rally.task.context [-] Task 95be3dba-c0fc-4ff9-9165-2aee1918522e | Context users@openstack cleanup() started
2019-08-02 20:01:49.090 1842 INFO rally.task.context [-] Task 95be3dba-c0fc-4ff9-9165-2aee1918522e | Context users@openstack cleanup() finished in 8.11 sec
2019-08-02 20:01:50.446 1842 INFO rally.task.engine [-] Load duration is: 11.011075
2019-08-02 20:01:50.446 1842 INFO rally.task.engine [-] Full runner duration is: 11.059288
2019-08-02 20:01:50.446 1842 INFO rally.task.engine [-] Full duration is: 40.852682
2019-08-02 20:01:50.735 1842 INFO rally.task.engine [-] Running workload: position = 0 config = { "version": 2, "title": "A cropped version of a bigger task.", "description": "Auto-generated task from a single workload (uuid=2514d523-c668-4ba9-982d-7d733630a982)", "subtasks": [ { "title": "CinderVolumes.list_volumes", "description": "List all volumes.", "scenario": { "CinderVolumes.list_volumes": { "detailed": true } }, "contexts": { "users": { "tenants": 3, "users_per_tenant": 2 }, "quotas": { "cinder": { "gigabytes": -1, "snapshots": -1, "volumes": -1 } }, "api_versions": { "cinder": { "version": 3, "service_type": "volumev3" } }, "volumes": { "size": 1, "volumes_per_tenant": 4 } }, "runner": { "constant": { "concurrency": 4, "times": 10 } }, "hooks": [], "sla": { "failure_rate": { "max": 0 } } } ] }
2019-08-02 20:01:50.761 1842 RALLYDEBUG rally_openstack.contexts.keystone.users [-] Creating 3 tenants using 20 threads
2019-08-02 20:01:52.671 1842 RALLYDEBUG rally_openstack.contexts.keystone.users [-] Creating 6 users using 20 threads
2019-08-02 20:01:55.599 1842 INFO rally.task.context [-] Task 95be3dba-c0fc-4ff9-9165-2aee1918522e | Context users@openstack setup() finished in 4.84 sec
2019-08-02 20:01:56.032 1842 INFO rally.task.context [-] Task 95be3dba-c0fc-4ff9-9165-2aee1918522e | Context api_versions@openstack setup() finished in 0.43 sec
2019-08-02 20:01:57.744 1842 INFO rally.task.context [-] Task 95be3dba-c0fc-4ff9-9165-2aee1918522e | Context quotas@openstack setup() finished in 1.71 sec
2019-08-02 20:02:37.018 1842 INFO rally.task.context [-] Task 95be3dba-c0fc-4ff9-9165-2aee1918522e | Context volumes@openstack setup() finished in 39.27 sec
2019-08-02 20:02:37.025 1842 RALLYDEBUG rally.task.runner [-] Starting the constant runner (task UUID: 95be3dba-c0fc-4ff9-9165-2aee1918522e). timeout: 0 concurrency: 4 concurrency_per_worker: 1 times: 10 concurrency_overhead: 0 processes_to_start: 4 max_cpu_used: 16
2019-08-02 20:02:37.038 3842 RALLYDEBUG rally.task.runner [-] Starting a worker. concurrency: 1 args: {"detailed": true} times: 10 method_name: run timeout: 0 duration: None cls:
2019-08-02 20:02:37.041 3843 RALLYDEBUG rally.task.runner [-] Starting a worker. concurrency: 1 args: {"detailed": true} times: 10 method_name: run timeout: 0 duration: None cls:
2019-08-02 20:02:37.044 3844 RALLYDEBUG rally.task.runner [-] Starting a worker. concurrency: 1 args: {"detailed": true} times: 10 method_name: run timeout: 0 duration: None cls:
2019-08-02 20:02:37.048 3842 INFO rally.task.runner [-] Task 95be3dba-c0fc-4ff9-9165-2aee1918522e | ITER: 1 START
2019-08-02 20:02:37.047 3845 RALLYDEBUG rally.task.runner [-] Starting a worker. concurrency: 1 args: {"detailed": true} times: 10 method_name: run timeout: 0 duration: None cls:
2019-08-02 20:02:37.050 3843 INFO rally.task.runner [-] Task 95be3dba-c0fc-4ff9-9165-2aee1918522e | ITER: 2 START
2019-08-02 20:02:37.052 3844 INFO rally.task.runner [-] Task 95be3dba-c0fc-4ff9-9165-2aee1918522e | ITER: 3 START
2019-08-02 20:02:37.056 3845 INFO rally.task.runner [-] Task 95be3dba-c0fc-4ff9-9165-2aee1918522e | ITER: 4 START
2019-08-02 20:02:37.770 3843 INFO rally.task.runner [-] Task 95be3dba-c0fc-4ff9-9165-2aee1918522e | ITER: 2 END: OK
2019-08-02 20:02:37.777 3843 INFO rally.task.runner [-] Task 95be3dba-c0fc-4ff9-9165-2aee1918522e | ITER: 5 START
2019-08-02 20:02:37.809 3845 INFO rally.task.runner [-] Task 95be3dba-c0fc-4ff9-9165-2aee1918522e | ITER: 4 END: OK
2019-08-02 20:02:37.814 3845 INFO rally.task.runner [-] Task 95be3dba-c0fc-4ff9-9165-2aee1918522e | ITER: 6 START
2019-08-02 20:02:37.877 3842 INFO rally.task.runner [-] Task 95be3dba-c0fc-4ff9-9165-2aee1918522e | ITER: 1 END: OK
2019-08-02 20:02:37.882 3842 INFO rally.task.runner [-] Task 95be3dba-c0fc-4ff9-9165-2aee1918522e | ITER: 7 START
2019-08-02 20:02:38.132 3844 INFO rally.task.runner [-] Task 95be3dba-c0fc-4ff9-9165-2aee1918522e | ITER: 3 END: OK
2019-08-02 20:02:38.138 3844 INFO rally.task.runner [-] Task 95be3dba-c0fc-4ff9-9165-2aee1918522e | ITER: 8 START
2019-08-02 20:02:38.508 3843 INFO rally.task.runner [-] Task 95be3dba-c0fc-4ff9-9165-2aee1918522e | ITER: 5 END: OK
2019-08-02 20:02:38.515 3843 INFO rally.task.runner [-] Task 95be3dba-c0fc-4ff9-9165-2aee1918522e | ITER: 9 START
2019-08-02 20:02:38.662 3845 INFO rally.task.runner [-] Task 95be3dba-c0fc-4ff9-9165-2aee1918522e | ITER: 6 END: OK
2019-08-02 20:02:38.668 3845 INFO rally.task.runner [-] Task 95be3dba-c0fc-4ff9-9165-2aee1918522e | ITER: 10 START
2019-08-02 20:02:38.723 3842 INFO rally.task.runner [-] Task 95be3dba-c0fc-4ff9-9165-2aee1918522e | ITER: 7 END: OK
2019-08-02 20:02:38.935 3844 INFO rally.task.runner [-] Task 95be3dba-c0fc-4ff9-9165-2aee1918522e | ITER: 8 END: OK
2019-08-02 20:02:39.237 3843 INFO rally.task.runner [-] Task 95be3dba-c0fc-4ff9-9165-2aee1918522e | ITER: 9 END: OK
2019-08-02 20:02:39.378 3845 INFO rally.task.runner [-] Task 95be3dba-c0fc-4ff9-9165-2aee1918522e | ITER: 10 END: OK
2019-08-02 20:02:39.402 1842 INFO rally.task.context [-] Task 95be3dba-c0fc-4ff9-9165-2aee1918522e | Context volumes@openstack cleanup() started
2019-08-02 20:02:39.403 1842 RALLYDEBUG rally_openstack.cleanup.manager [-] Cleaning up cinder volumes objects
2019-08-02 20:02:41.888 1842 RALLYDEBUG rally_openstack.cleanup.manager [-] Deleting cinder.volumes object c_rally_2514d523_UWsbQQDS (5b19d73b-4ca1-4680-bf3f-219e6b3cc727)
2019-08-02 20:02:41.891 1842 RALLYDEBUG rally_openstack.cleanup.manager [-] Deleting cinder.volumes object c_rally_2514d523_0NXA4k7B (7d802bdc-bd37-42a5-94a4-3d5c41e3ec13)
2019-08-02 20:02:41.892 1842 RALLYDEBUG rally_openstack.cleanup.manager [-] Deleting cinder.volumes object c_rally_2514d523_rYeAa19t (ed1a221c-b04f-4001-988c-fa92d3830784)
2019-08-02 20:02:41.894 1842 RALLYDEBUG rally_openstack.cleanup.manager [-] Deleting cinder.volumes object c_rally_2514d523_pmqif3NI (bd32a4bc-c761-48e4-a3e6-d20cc4d96b87)
2019-08-02 20:02:41.902 1842 RALLYDEBUG rally_openstack.cleanup.manager [-] Deleting cinder.volumes object c_rally_2514d523_NtrIi09O (feab12c9-b9ac-4f51-a3a0-24c20ee785d4)
2019-08-02 20:02:41.904 1842 RALLYDEBUG rally_openstack.cleanup.manager [-] Deleting cinder.volumes object c_rally_2514d523_IISfkfIJ (ff1dd89b-cad8-484c-805e-23b4fa9e2392)
2019-08-02 20:02:41.912 1842 RALLYDEBUG rally_openstack.cleanup.manager [-] Deleting cinder.volumes object c_rally_2514d523_N4SRmf5u (7343bc90-126d-4ee7-a296-fa4071ae048b)
2019-08-02 20:02:41.916 1842 RALLYDEBUG rally_openstack.cleanup.manager [-] Deleting cinder.volumes object c_rally_2514d523_4iDBIpSU (3b6b9d53-194f-4c87-8515-a1b2b4c1182a)
2019-08-02 20:02:41.926 1842 RALLYDEBUG rally_openstack.cleanup.manager [-] Deleting cinder.volumes object c_rally_2514d523_Q2qlvWcJ (5cfc1f0b-1153-4a46-b8ef-6b63be73f255)
2019-08-02 20:02:41.930 1842 RALLYDEBUG rally_openstack.cleanup.manager [-] Deleting cinder.volumes object c_rally_2514d523_9Z3NKNYC (a39cd2be-16db-4210-b00e-8eb0dc907d51)
2019-08-02 20:02:41.946 1842 RALLYDEBUG rally_openstack.cleanup.manager [-] Deleting cinder.volumes object c_rally_2514d523_u0hQApjf (802dc4a7-e7a7-4d03-9372-b88ceb90b285)
2019-08-02 20:02:41.961 1842 RALLYDEBUG rally_openstack.cleanup.manager [-] Deleting cinder.volumes object c_rally_2514d523_BxFrCzGT (892f77d9-39a1-4f0a-ab18-62bee800caa2)
2019-08-02 20:02:46.739 1842 INFO rally.task.context [-] Task 95be3dba-c0fc-4ff9-9165-2aee1918522e | Context volumes@openstack cleanup() finished in 7.34 sec
2019-08-02 20:02:46.740 1842 INFO rally.task.context [-] Task 95be3dba-c0fc-4ff9-9165-2aee1918522e | Context quotas@openstack cleanup() started
2019-08-02 20:02:47.501 1842 INFO rally.task.context [-] Task 95be3dba-c0fc-4ff9-9165-2aee1918522e | Context quotas@openstack cleanup() finished in 0.76 sec
2019-08-02 20:02:47.501 1842 INFO rally.task.context [-] Task 95be3dba-c0fc-4ff9-9165-2aee1918522e | Context api_versions@openstack cleanup() started
2019-08-02 20:02:47.501 1842 INFO rally.task.context [-] Task 95be3dba-c0fc-4ff9-9165-2aee1918522e | Context api_versions@openstack cleanup() finished in 0.28 msec
2019-08-02 20:02:47.502 1842 INFO rally.task.context [-] Task 95be3dba-c0fc-4ff9-9165-2aee1918522e | Context users@openstack cleanup() started
2019-08-02 20:02:55.947 1842 INFO rally.task.context [-] Task 95be3dba-c0fc-4ff9-9165-2aee1918522e | Context users@openstack cleanup() finished in 8.44 sec
2019-08-02 20:02:57.057 1842 INFO rally.task.engine [-] Load duration is: 2.326662
2019-08-02 20:02:57.058 1842 INFO rally.task.engine [-] Full runner duration is: 2.377576
2019-08-02 20:02:57.058 1842 INFO rally.task.engine [-] Full duration is: 65.191323
2019-08-02 20:02:57.282 1842 INFO rally.task.engine [-] Running workload: position = 0 config = { "version": 2, "title": "A cropped version of a bigger task.", "description": "Auto-generated task from a single workload (uuid=b93ffda1-1a27-4f9a-aac3-59d1099f1c9a)", "subtasks": [ { "title": "CinderVolumes.create_and_delete_snapshot", "description": "Create and then delete a volume-snapshot.", "scenario": { "CinderVolumes.create_and_delete_snapshot": { "force": false } }, "contexts": { "users": { "tenants": 3, "users_per_tenant": 2 }, "quotas": { "cinder": { "gigabytes": -1, "snapshots": -1, "volumes": -1 } }, "api_versions": { "cinder": { "version": 3, "service_type": "volumev3" } }, "volumes": { "size": 1, "volumes_per_tenant": 1 } }, "runner": { "constant": { "concurrency": 4, "times": 10 } }, "hooks": [], "sla": { "failure_rate": { "max": 0 } } } ] }
2019-08-02 20:02:57.302 1842 RALLYDEBUG rally_openstack.contexts.keystone.users [-] Creating 3 tenants using 20 threads
2019-08-02 20:02:59.210 1842 RALLYDEBUG rally_openstack.contexts.keystone.users [-] Creating 6 users using 20 threads
2019-08-02 20:03:02.101 1842 INFO rally.task.context [-] Task 95be3dba-c0fc-4ff9-9165-2aee1918522e | Context users@openstack setup() finished in 4.80 sec
2019-08-02 20:03:02.536 1842 INFO rally.task.context [-] Task 95be3dba-c0fc-4ff9-9165-2aee1918522e | Context api_versions@openstack setup() finished in 0.43 sec
2019-08-02 20:03:04.231 1842 INFO rally.task.context [-] Task 95be3dba-c0fc-4ff9-9165-2aee1918522e | Context quotas@openstack setup() finished in 1.69 sec
2019-08-02 20:03:15.269 1842 INFO rally.task.context [-] Task 95be3dba-c0fc-4ff9-9165-2aee1918522e | Context volumes@openstack setup() finished in 11.04 sec
2019-08-02 20:03:15.269 1842 INFO rally.task.context [-] Task 95be3dba-c0fc-4ff9-9165-2aee1918522e | Context cleanup@openstack setup() finished in 0.01 msec
2019-08-02 20:03:15.276 1842 RALLYDEBUG rally.task.runner [-] Starting the constant runner (task UUID: 95be3dba-c0fc-4ff9-9165-2aee1918522e). timeout: 0 concurrency: 4 concurrency_per_worker: 1 times: 10 concurrency_overhead: 0 processes_to_start: 4 max_cpu_used: 16
2019-08-02 20:03:15.289 3966 RALLYDEBUG rally.task.runner [-] Starting a worker. concurrency: 1 args: {"force": false} times: 10 method_name: run timeout: 0 duration: None cls:
2019-08-02 20:03:15.290 3967 RALLYDEBUG rally.task.runner [-] Starting a worker. concurrency: 1 args: {"force": false} times: 10 method_name: run timeout: 0 duration: None cls:
2019-08-02 20:03:15.292 3968 RALLYDEBUG rally.task.runner [-] Starting a worker. concurrency: 1 args: {"force": false} times: 10 method_name: run timeout: 0 duration: None cls:
2019-08-02 20:03:15.296 3969 RALLYDEBUG rally.task.runner [-] Starting a worker. concurrency: 1 args: {"force": false} times: 10 method_name: run timeout: 0 duration: None cls:
2019-08-02 20:03:15.297 3966 INFO rally.task.runner [-] Task 95be3dba-c0fc-4ff9-9165-2aee1918522e | ITER: 1 START
2019-08-02 20:03:15.298 3967 INFO rally.task.runner [-] Task 95be3dba-c0fc-4ff9-9165-2aee1918522e | ITER: 2 START
2019-08-02 20:03:15.298 3968 INFO rally.task.runner [-] Task 95be3dba-c0fc-4ff9-9165-2aee1918522e | ITER: 3 START
2019-08-02 20:03:15.304 3969 INFO rally.task.runner [-] Task 95be3dba-c0fc-4ff9-9165-2aee1918522e | ITER: 4 START
2019-08-02 20:03:19.323 3968 RALLYDEBUG rally.task.utils [-] Waiting for resource s_rally_b93ffda1_UTBx4REZ. Status changed: AVAILABLE => DELETING in 0.326264858246
2019-08-02 20:03:19.329 3966 RALLYDEBUG rally.task.utils [-] Waiting for resource s_rally_b93ffda1_j2RnjnNC. Status changed: AVAILABLE => DELETING in 0.213276147842
2019-08-02 20:03:19.523 3969 RALLYDEBUG rally.task.utils [-] Waiting for resource s_rally_b93ffda1_YfncYVSr. Status changed: AVAILABLE => DELETING in 0.232567071915
2019-08-02 20:03:19.570 3967 RALLYDEBUG rally.task.utils [-] Waiting for resource s_rally_b93ffda1_jVLM6gou. Status changed: AVAILABLE => DELETING in 0.259427070618
2019-08-02 20:03:21.547 3968 INFO rally.task.runner [-] Task 95be3dba-c0fc-4ff9-9165-2aee1918522e | ITER: 3 END: OK
2019-08-02 20:03:21.553 3968 INFO rally.task.runner [-] Task 95be3dba-c0fc-4ff9-9165-2aee1918522e | ITER: 5 START
2019-08-02 20:03:21.612 3966 INFO rally.task.runner [-] Task 95be3dba-c0fc-4ff9-9165-2aee1918522e | ITER: 1 END: OK
2019-08-02 20:03:21.618 3966 INFO rally.task.runner [-] Task 95be3dba-c0fc-4ff9-9165-2aee1918522e | ITER: 6 START
2019-08-02 20:03:21.748 3969 INFO rally.task.runner [-] Task 95be3dba-c0fc-4ff9-9165-2aee1918522e | ITER: 4 END: OK
2019-08-02 20:03:21.753 3969 INFO rally.task.runner [-] Task 95be3dba-c0fc-4ff9-9165-2aee1918522e | ITER: 7 START
2019-08-02 20:03:21.897 3967 INFO rally.task.runner [-] Task 95be3dba-c0fc-4ff9-9165-2aee1918522e | ITER: 2 END: OK
2019-08-02 20:03:21.902 3967 INFO rally.task.runner [-] Task 95be3dba-c0fc-4ff9-9165-2aee1918522e | ITER: 8 START
2019-08-02 20:03:25.497 3966 RALLYDEBUG rally.task.utils [-] Waiting for resource s_rally_b93ffda1_IN190RIN. Status changed: AVAILABLE => DELETING in 0.0275139808655
2019-08-02 20:03:25.836 3968 RALLYDEBUG rally.task.utils [-] Waiting for resource s_rally_b93ffda1_VP3PxHDz. Status changed: AVAILABLE => DELETING in 0.319295167923
2019-08-02 20:03:25.986 3969 RALLYDEBUG rally.task.utils [-] Waiting for resource s_rally_b93ffda1_dye4sU3G. Status changed: AVAILABLE => DELETING in 0.341012954712
2019-08-02 20:03:26.069 3967 RALLYDEBUG rally.task.utils [-] Waiting for resource s_rally_b93ffda1_8nfN9CI9. Status changed: AVAILABLE => DELETING in 0.223011016846
2019-08-02 20:03:27.716 3966 INFO rally.task.runner [-] Task 95be3dba-c0fc-4ff9-9165-2aee1918522e | ITER: 6 END: OK
2019-08-02 20:03:27.721 3966 INFO rally.task.runner [-] Task 95be3dba-c0fc-4ff9-9165-2aee1918522e | ITER: 9 START
2019-08-02 20:03:28.057 3968 INFO rally.task.runner [-] Task 95be3dba-c0fc-4ff9-9165-2aee1918522e | ITER: 5 END: OK
2019-08-02 20:03:28.063 3968 INFO rally.task.runner [-] Task 95be3dba-c0fc-4ff9-9165-2aee1918522e | ITER: 10 START
2019-08-02 20:03:28.270 3969 INFO rally.task.runner [-] Task 95be3dba-c0fc-4ff9-9165-2aee1918522e | ITER: 7 END: OK
2019-08-02 20:03:28.281 3967 INFO rally.task.runner [-] Task 95be3dba-c0fc-4ff9-9165-2aee1918522e | ITER: 8 END: OK
2019-08-02 20:03:31.719 3966 RALLYDEBUG rally.task.utils [-] Waiting for resource s_rally_b93ffda1_4CjFreUs. Status changed: AVAILABLE => DELETING in 0.2293009758
2019-08-02 20:03:31.816 3968 RALLYDEBUG rally.task.utils [-] Waiting for resource s_rally_b93ffda1_LVRWB8d7. Status changed: AVAILABLE => DELETING in 0.215666055679
2019-08-02 20:03:34.021 3966 INFO rally.task.runner [-] Task 95be3dba-c0fc-4ff9-9165-2aee1918522e | ITER: 9 END: OK
2019-08-02 20:03:34.115 3968 INFO rally.task.runner [-] Task 95be3dba-c0fc-4ff9-9165-2aee1918522e | ITER: 10 END: OK
2019-08-02 20:03:34.138 1842 INFO rally.task.context [-] Task 95be3dba-c0fc-4ff9-9165-2aee1918522e | Context cleanup@openstack cleanup() started
2019-08-02 20:03:34.141 1842 RALLYDEBUG rally_openstack.cleanup.manager [-] Cleaning up cinder backups objects
2019-08-02 20:03:36.321 1842 RALLYDEBUG rally_openstack.cleanup.manager [-] Cleaning up cinder volume_snapshots objects
2019-08-02 20:03:38.573 1842 RALLYDEBUG rally_openstack.cleanup.manager [-] Cleaning up cinder transfers objects
2019-08-02 20:03:40.696 1842 RALLYDEBUG rally_openstack.cleanup.manager [-] Cleaning up cinder volumes objects
2019-08-02 20:03:42.917 1842 INFO rally.task.context [-] Task 95be3dba-c0fc-4ff9-9165-2aee1918522e | Context cleanup@openstack cleanup() finished in 8.78 sec
2019-08-02 20:03:42.918 1842 INFO rally.task.context [-] Task 95be3dba-c0fc-4ff9-9165-2aee1918522e | Context volumes@openstack cleanup() started
2019-08-02 20:03:42.918 1842 RALLYDEBUG rally_openstack.cleanup.manager [-] Cleaning up cinder volumes objects
2019-08-02 20:03:45.240 1842 RALLYDEBUG rally_openstack.cleanup.manager [-] Deleting cinder.volumes object c_rally_b93ffda1_EiZfAPkJ (f44dc61e-fec7-4576-bb05-f9b2d6496d33)
2019-08-02 20:03:45.241 1842 RALLYDEBUG rally_openstack.cleanup.manager [-] Deleting cinder.volumes object c_rally_b93ffda1_lwpO12jH (9623110e-58b6-4527-b002-356bcf4a9270)
2019-08-02 20:03:45.249 1842 RALLYDEBUG rally_openstack.cleanup.manager [-] Deleting cinder.volumes object c_rally_b93ffda1_jqzntS8h (f60e977c-bb6b-4134-962d-867107a03924)
2019-08-02 20:03:48.781 1842 INFO rally.task.context [-] Task 95be3dba-c0fc-4ff9-9165-2aee1918522e | Context volumes@openstack cleanup() finished in 5.86 sec
2019-08-02 20:03:48.782 1842 INFO rally.task.context [-] Task 95be3dba-c0fc-4ff9-9165-2aee1918522e | Context quotas@openstack cleanup() started
2019-08-02 20:03:49.686 1842 INFO rally.task.context [-] Task 95be3dba-c0fc-4ff9-9165-2aee1918522e | Context quotas@openstack cleanup() finished in 0.90 sec
2019-08-02 20:03:49.687 1842 INFO rally.task.context [-] Task 95be3dba-c0fc-4ff9-9165-2aee1918522e | Context api_versions@openstack cleanup() started
2019-08-02 20:03:49.687 1842 INFO rally.task.context [-] Task 95be3dba-c0fc-4ff9-9165-2aee1918522e | Context api_versions@openstack cleanup() finished in 0.34 msec
2019-08-02 20:03:49.688 1842 INFO rally.task.context [-] Task 95be3dba-c0fc-4ff9-9165-2aee1918522e | Context users@openstack cleanup() started
2019-08-02 20:03:57.916 1842 INFO rally.task.context [-] Task 95be3dba-c0fc-4ff9-9165-2aee1918522e | Context users@openstack cleanup() finished in 8.23 sec
2019-08-02 20:03:59.540 1842 INFO rally.task.engine [-] Load duration is: 18.813506
2019-08-02 20:03:59.541 1842 INFO rally.task.engine [-] Full runner duration is: 18.862988
2019-08-02 20:03:59.541 1842 INFO rally.task.engine [-] Full duration is: 60.616989
