2019-08-02 20:03:59.765 1842 INFO rally.task.engine [-] Running workload: position = 0 config = { "version": 2, "title": "A cropped version of a bigger task.", "description": "Auto-generated task from a single workload (uuid=b5203cb6-addf-4bc5-95a3-4c06f9e1269d)", "subtasks": [ { "title": "CinderVolumes.create_and_delete_volume", "description": "Create and then delete a volume.", "scenario": { "CinderVolumes.create_and_delete_volume": { "size": { "max": 1, "min": 1 } } }, "contexts": { "users": { "tenants": 3, "users_per_tenant": 2 }, "quotas": { "cinder": { "gigabytes": -1, "snapshots": -1, "volumes": -1 } }, "api_versions": { "cinder": { "version": 3, "service_type": "volumev3" } } }, "runner": { "constant": { "concurrency": 4, "times": 10 } }, "hooks": [], "sla": { "failure_rate": { "max": 0 } } } ] }
2019-08-02 20:03:59.791 1842 RALLYDEBUG rally_openstack.contexts.keystone.users [-] Creating 3 tenants using 20 threads
2019-08-02 20:04:01.883 1842 RALLYDEBUG rally_openstack.contexts.keystone.users [-] Creating 6 users using 20 threads
2019-08-02 20:04:04.703 1842 INFO rally.task.context [-] Task 95be3dba-c0fc-4ff9-9165-2aee1918522e | Context users@openstack setup() finished in 4.91 sec
2019-08-02 20:04:05.141 1842 INFO rally.task.context [-] Task 95be3dba-c0fc-4ff9-9165-2aee1918522e | Context api_versions@openstack setup() finished in 0.44 sec
2019-08-02 20:04:06.839 1842 INFO rally.task.context [-] Task 95be3dba-c0fc-4ff9-9165-2aee1918522e | Context quotas@openstack setup() finished in 1.70 sec
2019-08-02 20:04:06.840 1842 INFO rally.task.context [-] Task 95be3dba-c0fc-4ff9-9165-2aee1918522e | Context cleanup@openstack setup() finished in 0.01 msec
2019-08-02 20:04:06.848 1842 RALLYDEBUG rally.task.runner [-] Starting the constant runner (task UUID: 95be3dba-c0fc-4ff9-9165-2aee1918522e). timeout: 0 concurrency: 4 concurrency_per_worker: 1 times: 10 concurrency_overhead: 0 processes_to_start: 4 max_cpu_used: 16
2019-08-02 20:04:06.862 4170 RALLYDEBUG rally.task.runner [-] Starting a worker. concurrency: 1 args: {"size": {"max": 1, "min": 1}} times: 10 method_name: run timeout: 0 duration: None cls:
2019-08-02 20:04:06.864 4171 RALLYDEBUG rally.task.runner [-] Starting a worker. concurrency: 1 args: {"size": {"max": 1, "min": 1}} times: 10 method_name: run timeout: 0 duration: None cls:
2019-08-02 20:04:06.867 4172 RALLYDEBUG rally.task.runner [-] Starting a worker. concurrency: 1 args: {"size": {"max": 1, "min": 1}} times: 10 method_name: run timeout: 0 duration: None cls:
2019-08-02 20:04:06.870 4173 RALLYDEBUG rally.task.runner [-] Starting a worker. concurrency: 1 args: {"size": {"max": 1, "min": 1}} times: 10 method_name: run timeout: 0 duration: None cls:
2019-08-02 20:04:06.871 4170 INFO rally.task.runner [-] Task 95be3dba-c0fc-4ff9-9165-2aee1918522e | ITER: 1 START
2019-08-02 20:04:06.872 4171 INFO rally.task.runner [-] Task 95be3dba-c0fc-4ff9-9165-2aee1918522e | ITER: 2 START
2019-08-02 20:04:06.875 4172 INFO rally.task.runner [-] Task 95be3dba-c0fc-4ff9-9165-2aee1918522e | ITER: 3 START
2019-08-02 20:04:06.878 4173 INFO rally.task.runner [-] Task 95be3dba-c0fc-4ff9-9165-2aee1918522e | ITER: 4 START
2019-08-02 20:04:11.255 4172 RALLYDEBUG rally.task.utils [-] Waiting for resource s_rally_b5203cb6_lHifA7ez. Status changed: AVAILABLE => DELETING in 0.33424115181
2019-08-02 20:04:11.299 4170 RALLYDEBUG rally.task.utils [-] Waiting for resource s_rally_b5203cb6_QXJ0Td6E. Status changed: AVAILABLE => DELETING in 0.273865938187
2019-08-02 20:04:11.306 4173 RALLYDEBUG rally.task.utils [-] Waiting for resource s_rally_b5203cb6_dp7d6Zs7. Status changed: AVAILABLE => DELETING in 0.376618862152
2019-08-02 20:04:11.355 4171 RALLYDEBUG rally.task.utils [-] Waiting for resource s_rally_b5203cb6_5WQBYwzZ. Status changed: AVAILABLE => DELETING in 0.351717948914
2019-08-02 20:04:13.494 4172 INFO rally.task.runner [-] Task 95be3dba-c0fc-4ff9-9165-2aee1918522e | ITER: 3 END: OK
2019-08-02 20:04:13.500 4172 INFO rally.task.runner [-] Task 95be3dba-c0fc-4ff9-9165-2aee1918522e | ITER: 5 START
2019-08-02 20:04:13.533 4170 INFO rally.task.runner [-] Task 95be3dba-c0fc-4ff9-9165-2aee1918522e | ITER: 1 END: OK
2019-08-02 20:04:13.539 4170 INFO rally.task.runner [-] Task 95be3dba-c0fc-4ff9-9165-2aee1918522e | ITER: 6 START
2019-08-02 20:04:13.628 4173 INFO rally.task.runner [-] Task 95be3dba-c0fc-4ff9-9165-2aee1918522e | ITER: 4 END: OK
2019-08-02 20:04:13.633 4173 INFO rally.task.runner [-] Task 95be3dba-c0fc-4ff9-9165-2aee1918522e | ITER: 7 START
2019-08-02 20:04:13.687 4171 INFO rally.task.runner [-] Task 95be3dba-c0fc-4ff9-9165-2aee1918522e | ITER: 2 END: OK
2019-08-02 20:04:13.692 4171 INFO rally.task.runner [-] Task 95be3dba-c0fc-4ff9-9165-2aee1918522e | ITER: 8 START
2019-08-02 20:04:17.727 4172 RALLYDEBUG rally.task.utils [-] Waiting for resource s_rally_b5203cb6_lzkB9aSk. Status changed: AVAILABLE => DELETING in 0.352828979492
2019-08-02 20:04:17.752 4170 RALLYDEBUG rally.task.utils [-] Waiting for resource s_rally_b5203cb6_oEzMHOaD. Status changed: AVAILABLE => DELETING in 0.343244075775
2019-08-02 20:04:17.941 4173 RALLYDEBUG rally.task.utils [-] Waiting for resource s_rally_b5203cb6_7TM9QMif. Status changed: AVAILABLE => DELETING in 0.353600978851
2019-08-02 20:04:18.228 4171 RALLYDEBUG rally.task.utils [-] Waiting for resource s_rally_b5203cb6_cRVY52GP. Status changed: AVAILABLE => DELETING in 0.344125032425
2019-08-02 20:04:19.965 4172 INFO rally.task.runner [-] Task 95be3dba-c0fc-4ff9-9165-2aee1918522e | ITER: 5 END: OK
2019-08-02 20:04:19.970 4172 INFO rally.task.runner [-] Task 95be3dba-c0fc-4ff9-9165-2aee1918522e | ITER: 9 START
2019-08-02 20:04:19.981 4170 INFO rally.task.runner [-] Task 95be3dba-c0fc-4ff9-9165-2aee1918522e | ITER: 6 END: OK
2019-08-02 20:04:19.986 4170 INFO rally.task.runner [-] Task 95be3dba-c0fc-4ff9-9165-2aee1918522e | ITER: 10 START
2019-08-02 20:04:20.268 4171 INFO rally.task.runner [-] Task 95be3dba-c0fc-4ff9-9165-2aee1918522e | ITER: 8 END: OK
2019-08-02 20:04:20.269 4173 INFO rally.task.runner [-] Task 95be3dba-c0fc-4ff9-9165-2aee1918522e | ITER: 7 END: OK
2019-08-02 20:04:24.129 4172 INFO rally.task.runner [-] Task 95be3dba-c0fc-4ff9-9165-2aee1918522e | ITER: 9 END: OK
2019-08-02 20:04:24.310 4170 INFO rally.task.runner [-] Task 95be3dba-c0fc-4ff9-9165-2aee1918522e | ITER: 10 END: OK
2019-08-02 20:04:24.335 1842 INFO rally.task.context [-] Task 95be3dba-c0fc-4ff9-9165-2aee1918522e | Context cleanup@openstack cleanup() started
2019-08-02 20:04:24.338 1842 RALLYDEBUG rally_openstack.cleanup.manager [-] Cleaning up cinder backups objects
2019-08-02 20:04:26.609 1842 RALLYDEBUG rally_openstack.cleanup.manager [-] Cleaning up cinder volume_snapshots objects
2019-08-02 20:04:28.642 1842 RALLYDEBUG rally_openstack.cleanup.manager [-] Cleaning up cinder transfers objects
2019-08-02 20:04:30.782 1842 RALLYDEBUG rally_openstack.cleanup.manager [-] Cleaning up cinder volumes objects
2019-08-02 20:04:32.912 1842 INFO rally.task.context [-] Task 95be3dba-c0fc-4ff9-9165-2aee1918522e | Context cleanup@openstack cleanup() finished in 8.58 sec
2019-08-02 20:04:32.913 1842 INFO rally.task.context [-] Task 95be3dba-c0fc-4ff9-9165-2aee1918522e | Context quotas@openstack cleanup() started
2019-08-02 20:04:33.788 1842 INFO rally.task.context [-] Task 95be3dba-c0fc-4ff9-9165-2aee1918522e | Context quotas@openstack cleanup() finished in 0.88 sec
2019-08-02 20:04:33.789 1842 INFO rally.task.context [-] Task 95be3dba-c0fc-4ff9-9165-2aee1918522e | Context api_versions@openstack cleanup() started
2019-08-02 20:04:33.789 1842 INFO rally.task.context [-] Task 95be3dba-c0fc-4ff9-9165-2aee1918522e | Context api_versions@openstack cleanup() finished in 0.31 msec
2019-08-02 20:04:33.789 1842 INFO rally.task.context [-] Task 95be3dba-c0fc-4ff9-9165-2aee1918522e | Context users@openstack cleanup() started
2019-08-02 20:04:41.847 1842 INFO rally.task.context [-] Task 95be3dba-c0fc-4ff9-9165-2aee1918522e | Context users@openstack cleanup() finished in 8.06 sec
2019-08-02 20:04:41.963 1842 INFO rally.task.engine [-] Load duration is: 17.434787
2019-08-02 20:04:41.964 1842 INFO rally.task.engine [-] Full runner duration is: 17.488121
2019-08-02 20:04:41.964 1842 INFO rally.task.engine [-] Full duration is: 42.059133
2019-08-02 20:04:42.147 1842 INFO rally.task.engine [-] Running workload: position = 1 config = { "version": 2, "title": "A cropped version of a bigger task.", "description": "Auto-generated task from a single workload (uuid=3eada136-feef-4873-8da2-2c0e3ee22495)", "subtasks": [ { "title": "CinderVolumes.create_and_delete_volume", "description": "Create and then delete a volume.", "scenario": { "CinderVolumes.create_and_delete_volume": { "image": { "name": "rally_full-img_7a9f8236-17d0-4d1f-9484-666948d8755a" }, "size": 1 } }, "contexts": { "users": { "tenants": 3, "users_per_tenant": 2 }, "quotas": { "cinder": { "gigabytes": -1, "snapshots": -1, "volumes": -1 } }, "api_versions": { "cinder": { "version": 3, "service_type": "volumev3" } } }, "runner": { "constant": { "concurrency": 4, "times": 10 } }, "hooks": [], "sla": { "failure_rate": { "max": 0 } } } ] }
2019-08-02 20:04:42.169 1842 RALLYDEBUG rally_openstack.contexts.keystone.users [-] Creating 3 tenants using 20 threads
2019-08-02 20:04:44.018 1842 RALLYDEBUG rally_openstack.contexts.keystone.users [-] Creating 6 users using 20 threads
2019-08-02 20:04:46.884 1842 INFO rally.task.context [-] Task 95be3dba-c0fc-4ff9-9165-2aee1918522e | Context users@openstack setup() finished in 4.71 sec
2019-08-02 20:04:47.311 1842 INFO rally.task.context [-] Task 95be3dba-c0fc-4ff9-9165-2aee1918522e | Context api_versions@openstack setup() finished in 0.43 sec
2019-08-02 20:04:49.063 1842 INFO rally.task.context [-] Task 95be3dba-c0fc-4ff9-9165-2aee1918522e | Context quotas@openstack setup() finished in 1.75 sec
2019-08-02 20:04:49.064 1842 INFO rally.task.context [-] Task 95be3dba-c0fc-4ff9-9165-2aee1918522e | Context cleanup@openstack setup() finished in 0.01 msec
2019-08-02 20:04:50.109 1842 RALLYDEBUG rally.task.runner [-] Starting the constant runner (task UUID: 95be3dba-c0fc-4ff9-9165-2aee1918522e). timeout: 0 concurrency: 4 concurrency_per_worker: 1 times: 10 concurrency_overhead: 0 processes_to_start: 4 max_cpu_used: 16
2019-08-02 20:04:50.122 4354 RALLYDEBUG rally.task.runner [-] Starting a worker. concurrency: 1 args: {"image": "d5226ac2-27c5-4502-9f05-238de18fa2e3", "size": 1} times: 10 method_name: run timeout: 0 duration: None cls:
2019-08-02 20:04:50.124 4355 RALLYDEBUG rally.task.runner [-] Starting a worker. concurrency: 1 args: {"image": "d5226ac2-27c5-4502-9f05-238de18fa2e3", "size": 1} times: 10 method_name: run timeout: 0 duration: None cls:
2019-08-02 20:04:50.128 4356 RALLYDEBUG rally.task.runner [-] Starting a worker. concurrency: 1 args: {"image": "d5226ac2-27c5-4502-9f05-238de18fa2e3", "size": 1} times: 10 method_name: run timeout: 0 duration: None cls:
2019-08-02 20:04:50.129 4357 RALLYDEBUG rally.task.runner [-] Starting a worker. concurrency: 1 args: {"image": "d5226ac2-27c5-4502-9f05-238de18fa2e3", "size": 1} times: 10 method_name: run timeout: 0 duration: None cls:
2019-08-02 20:04:50.130 4354 INFO rally.task.runner [-] Task 95be3dba-c0fc-4ff9-9165-2aee1918522e | ITER: 1 START
2019-08-02 20:04:50.132 4355 INFO rally.task.runner [-] Task 95be3dba-c0fc-4ff9-9165-2aee1918522e | ITER: 2 START
2019-08-02 20:04:50.136 4357 INFO rally.task.runner [-] Task 95be3dba-c0fc-4ff9-9165-2aee1918522e | ITER: 4 START
2019-08-02 20:04:50.136 4356 INFO rally.task.runner [-] Task 95be3dba-c0fc-4ff9-9165-2aee1918522e | ITER: 3 START
2019-08-02 20:04:57.694 4354 RALLYDEBUG rally.task.utils [-] Waiting for resource s_rally_3eada136_31OSGTXs. Status changed: CREATING => DOWNLOADING in 2.94143986702
2019-08-02 20:04:59.846 4355 RALLYDEBUG rally.task.utils [-] Waiting for resource s_rally_3eada136_IzmBlsVS. Status changed: CREATING => DOWNLOADING in 5.32507610321
2019-08-02 20:05:02.992 4356 RALLYDEBUG rally.task.utils [-] Waiting for resource s_rally_3eada136_dW63Z6b0. Status changed: CREATING => DOWNLOADING in 7.70639705658
2019-08-02 20:05:04.622 4357 RALLYDEBUG rally.task.utils [-] Waiting for resource s_rally_3eada136_WXuX5rNX. Status changed: CREATING => DOWNLOADING in 9.91965889931
2019-08-02 20:05:08.963 4354 RALLYDEBUG rally.task.utils [-] Waiting for resource s_rally_3eada136_31OSGTXs. Status changed: DOWNLOADING => AVAILABLE in 11.2695860863
2019-08-02 20:05:09.169 4355 RALLYDEBUG rally.task.utils [-] Waiting for resource s_rally_3eada136_IzmBlsVS. Status changed: DOWNLOADING => AVAILABLE in 9.32228684425
2019-08-02 20:05:09.305 4357 RALLYDEBUG rally.task.utils [-] Waiting for resource s_rally_3eada136_WXuX5rNX. Status changed: DOWNLOADING => AVAILABLE in 4.68320798874
2019-08-02 20:05:09.657 4354 INFO rally.task.runner [-] Task 95be3dba-c0fc-4ff9-9165-2aee1918522e | ITER: 1 END: OK
2019-08-02 20:05:09.662 4354 INFO rally.task.runner [-] Task 95be3dba-c0fc-4ff9-9165-2aee1918522e | ITER: 5 START
2019-08-02 20:05:09.738 4357 RALLYDEBUG rally.task.utils [-] Waiting for resource s_rally_3eada136_WXuX5rNX. Status changed: AVAILABLE => DELETING in 0.0646939277649
2019-08-02 20:05:09.898 4355 RALLYDEBUG rally.task.utils [-] Waiting for resource s_rally_3eada136_IzmBlsVS. Status changed: AVAILABLE => DELETING in 0.350646972656
2019-08-02 20:05:10.188 4356 RALLYDEBUG rally.task.utils [-] Waiting for resource s_rally_3eada136_dW63Z6b0. Status changed: DOWNLOADING => AVAILABLE in 7.19671297073
2019-08-02 20:05:10.604 4356 INFO rally.task.runner [-] Task 95be3dba-c0fc-4ff9-9165-2aee1918522e | ITER: 3 END: OK
2019-08-02 20:05:10.609 4356 INFO rally.task.runner [-] Task 95be3dba-c0fc-4ff9-9165-2aee1918522e | ITER: 6 START
2019-08-02 20:05:11.968 4357 INFO rally.task.runner [-] Task 95be3dba-c0fc-4ff9-9165-2aee1918522e | ITER: 4 END: OK
2019-08-02 20:05:11.972 4357 INFO rally.task.runner [-] Task 95be3dba-c0fc-4ff9-9165-2aee1918522e | ITER: 7 START
2019-08-02 20:05:12.226 4355 INFO rally.task.runner [-] Task 95be3dba-c0fc-4ff9-9165-2aee1918522e | ITER: 2 END: OK
2019-08-02 20:05:12.231 4355 INFO rally.task.runner [-] Task 95be3dba-c0fc-4ff9-9165-2aee1918522e | ITER: 8 START
2019-08-02 20:05:18.103 4354 RALLYDEBUG rally.task.utils [-] Waiting for resource s_rally_3eada136_836qIiHL. Status changed: CREATING => DOWNLOADING in 3.21733999252
2019-08-02 20:05:18.724 4356 RALLYDEBUG rally.task.utils [-] Waiting for resource s_rally_3eada136_vbrp1qQD. Status changed: CREATING => DOWNLOADING in 2.98120522499
2019-08-02 20:05:24.209 4355 RALLYDEBUG rally.task.utils [-] Waiting for resource s_rally_3eada136_zt0GNedR. Status changed: CREATING => DOWNLOADING in 7.71311092377
2019-08-02 20:05:24.949 4354 RALLYDEBUG rally.task.utils [-] Waiting for resource s_rally_3eada136_836qIiHL. Status changed: DOWNLOADING => AVAILABLE in 6.84609389305
2019-08-02 20:05:25.087 4354 RALLYDEBUG rally.task.utils [-] Waiting for resource s_rally_3eada136_836qIiHL. Status changed: AVAILABLE => DELETING in 0.0562751293182
2019-08-02 20:05:25.804 4356 RALLYDEBUG rally.task.utils [-] Waiting for resource s_rally_3eada136_vbrp1qQD. Status changed: DOWNLOADING => AVAILABLE in 7.079641819
2019-08-02 20:05:26.517 4356 RALLYDEBUG rally.task.utils [-] Waiting for resource s_rally_3eada136_vbrp1qQD. Status changed: AVAILABLE => DELETING in 0.335450172424
2019-08-02 20:05:28.566 4356 INFO rally.task.runner [-] Task 95be3dba-c0fc-4ff9-9165-2aee1918522e | ITER: 6 END: OK
2019-08-02 20:05:28.572 4356 INFO rally.task.runner [-] Task 95be3dba-c0fc-4ff9-9165-2aee1918522e | ITER: 9 START
2019-08-02 20:05:28.826 4355 RALLYDEBUG rally.task.utils [-] Waiting for resource s_rally_3eada136_zt0GNedR. Status changed: DOWNLOADING => AVAILABLE in 4.61720085144
2019-08-02 20:05:28.969 4357 RALLYDEBUG rally.task.utils [-] Waiting for resource s_rally_3eada136_z7vC5UHt. Status changed: CREATING => DOWNLOADING in 11.9008660316
2019-08-02 20:05:29.483 4355 RALLYDEBUG rally.task.utils [-] Waiting for resource s_rally_3eada136_zt0GNedR. Status changed: AVAILABLE => DELETING in 0.271424055099
2019-08-02 20:05:29.859 4354 INFO rally.task.runner [-] Task 95be3dba-c0fc-4ff9-9165-2aee1918522e | ITER: 5 END: OK
2019-08-02 20:05:29.868 4354 INFO rally.task.runner [-] Task 95be3dba-c0fc-4ff9-9165-2aee1918522e | ITER: 10 START
2019-08-02 20:05:31.410 4357 RALLYDEBUG rally.task.utils [-] Waiting for resource s_rally_3eada136_z7vC5UHt. Status changed: DOWNLOADING => AVAILABLE in 2.44104099274
2019-08-02 20:05:31.707 4355 INFO rally.task.runner [-] Task 95be3dba-c0fc-4ff9-9165-2aee1918522e | ITER: 8 END: OK
2019-08-02 20:05:32.076 4357 INFO rally.task.runner [-] Task 95be3dba-c0fc-4ff9-9165-2aee1918522e | ITER: 7 END: OK
2019-08-02 20:05:36.100 4356 RALLYDEBUG rally.task.utils [-] Waiting for resource s_rally_3eada136_Jap5gj0A. Status changed: CREATING => DOWNLOADING in 3.02535009384
2019-08-02 20:05:38.367 4356 RALLYDEBUG rally.task.utils [-] Waiting for resource s_rally_3eada136_Jap5gj0A. Status changed: DOWNLOADING => AVAILABLE in 2.26757192612
2019-08-02 20:05:38.774 4356 RALLYDEBUG rally.task.utils [-] Waiting for resource s_rally_3eada136_Jap5gj0A. Status changed: AVAILABLE => DELETING in 0.329228162766
2019-08-02 20:05:40.359 4354 RALLYDEBUG rally.task.utils [-] Waiting for resource s_rally_3eada136_VZs0KTZo. Status changed: CREATING => DOWNLOADING in 5.26274204254
2019-08-02 20:05:41.007 4356 INFO rally.task.runner [-] Task 95be3dba-c0fc-4ff9-9165-2aee1918522e | ITER: 9 END: OK
2019-08-02 20:05:42.725 4354 RALLYDEBUG rally.task.utils [-] Waiting for resource s_rally_3eada136_VZs0KTZo. Status changed: DOWNLOADING => AVAILABLE in 2.36567497253
2019-08-02 20:05:43.445 4354 INFO rally.task.runner [-] Task 95be3dba-c0fc-4ff9-9165-2aee1918522e | ITER: 10 END: OK
2019-08-02 20:05:43.468 1842 INFO rally.task.context [-] Task 95be3dba-c0fc-4ff9-9165-2aee1918522e | Context cleanup@openstack cleanup() started
2019-08-02 20:05:43.470 1842 RALLYDEBUG rally_openstack.cleanup.manager [-] Cleaning up cinder backups objects
2019-08-02 20:05:45.647 1842 RALLYDEBUG rally_openstack.cleanup.manager [-] Cleaning up cinder volume_snapshots objects
2019-08-02 20:05:47.828 1842 RALLYDEBUG rally_openstack.cleanup.manager [-] Cleaning up cinder transfers objects
2019-08-02 20:05:49.945 1842 RALLYDEBUG rally_openstack.cleanup.manager [-] Cleaning up cinder volumes objects
2019-08-02 20:05:51.994 1842 INFO rally.task.context [-] Task 95be3dba-c0fc-4ff9-9165-2aee1918522e | Context cleanup@openstack cleanup() finished in 8.53 sec
2019-08-02 20:05:51.995 1842 INFO rally.task.context [-] Task 95be3dba-c0fc-4ff9-9165-2aee1918522e | Context quotas@openstack cleanup() started
2019-08-02 20:05:52.402 1842 INFO rally.task.context [-] Task 95be3dba-c0fc-4ff9-9165-2aee1918522e | Context quotas@openstack cleanup() finished in 0.41 sec
2019-08-02 20:05:52.402 1842 INFO rally.task.context [-] Task 95be3dba-c0fc-4ff9-9165-2aee1918522e | Context api_versions@openstack cleanup() started
2019-08-02 20:05:52.402 1842 INFO rally.task.context [-] Task 95be3dba-c0fc-4ff9-9165-2aee1918522e | Context api_versions@openstack cleanup() finished in 0.32 msec
2019-08-02 20:05:52.403 1842 INFO rally.task.context [-] Task 95be3dba-c0fc-4ff9-9165-2aee1918522e | Context users@openstack cleanup() started
2019-08-02 20:06:00.533 1842 INFO rally.task.context [-] Task 95be3dba-c0fc-4ff9-9165-2aee1918522e | Context users@openstack cleanup() finished in 8.13 sec
2019-08-02 20:06:02.507 1842 INFO rally.task.engine [-] Load duration is: 53.309455
2019-08-02 20:06:02.508 1842 INFO rally.task.engine [-] Full runner duration is: 53.35978
2019-08-02 20:06:02.508 1842 INFO rally.task.engine [-] Full duration is: 78.367195
2019-08-02 20:06:02.676 1842 INFO rally.task.engine [-] Running workload: position = 2 config = { "version": 2, "title": "A cropped version of a bigger task.", "description": "Auto-generated task from a single workload (uuid=5381cd8e-9ae7-44aa-b097-aa1ae9d701bc)", "subtasks": [ { "title": "CinderVolumes.create_and_delete_volume", "description": "Create and then delete a volume.", "scenario": { "CinderVolumes.create_and_delete_volume": { "size": 1 } }, "contexts": { "users": { "tenants": 3, "users_per_tenant": 2 }, "quotas": { "cinder": { "gigabytes": -1, "snapshots": -1, "volumes": -1 } }, "api_versions": { "cinder": { "version": 3, "service_type": "volumev3" } } }, "runner": { "constant": { "concurrency": 4, "times": 10 } }, "hooks": [], "sla": { "failure_rate": { "max": 0 } } } ] }
2019-08-02 20:06:02.702 1842 RALLYDEBUG rally_openstack.contexts.keystone.users [-] Creating 3 tenants using 20 threads
2019-08-02 20:06:04.677 1842 RALLYDEBUG rally_openstack.contexts.keystone.users [-] Creating 6 users using 20 threads
2019-08-02 20:06:07.476 1842 INFO rally.task.context [-] Task 95be3dba-c0fc-4ff9-9165-2aee1918522e | Context users@openstack setup() finished in 4.77 sec
2019-08-02 20:06:07.917 1842 INFO rally.task.context [-] Task 95be3dba-c0fc-4ff9-9165-2aee1918522e | Context api_versions@openstack setup() finished in 0.44 sec
2019-08-02 20:06:09.559 1842 INFO rally.task.context [-] Task 95be3dba-c0fc-4ff9-9165-2aee1918522e | Context quotas@openstack setup() finished in 1.64 sec
2019-08-02 20:06:09.559 1842 INFO rally.task.context [-] Task 95be3dba-c0fc-4ff9-9165-2aee1918522e | Context cleanup@openstack setup() finished in 0.01 msec
2019-08-02 20:06:09.567 1842 RALLYDEBUG rally.task.runner [-] Starting the constant runner (task UUID: 95be3dba-c0fc-4ff9-9165-2aee1918522e). timeout: 0 concurrency: 4 concurrency_per_worker: 1 times: 10 concurrency_overhead: 0 processes_to_start: 4 max_cpu_used: 16
2019-08-02 20:06:09.580 4538 RALLYDEBUG rally.task.runner [-] Starting a worker. concurrency: 1 args: {"size": 1} times: 10 method_name: run timeout: 0 duration: None cls:
2019-08-02 20:06:09.583 4539 RALLYDEBUG rally.task.runner [-] Starting a worker. concurrency: 1 args: {"size": 1} times: 10 method_name: run timeout: 0 duration: None cls:
2019-08-02 20:06:09.587 4540 RALLYDEBUG rally.task.runner [-] Starting a worker. concurrency: 1 args: {"size": 1} times: 10 method_name: run timeout: 0 duration: None cls:
2019-08-02 20:06:09.589 4538 INFO rally.task.runner [-] Task 95be3dba-c0fc-4ff9-9165-2aee1918522e | ITER: 1 START
2019-08-02 20:06:09.588 4541 RALLYDEBUG rally.task.runner [-] Starting a worker. concurrency: 1 args: {"size": 1} times: 10 method_name: run timeout: 0 duration: None cls:
2019-08-02 20:06:09.591 4539 INFO rally.task.runner [-] Task 95be3dba-c0fc-4ff9-9165-2aee1918522e | ITER: 2 START
2019-08-02 20:06:09.596 4541 INFO rally.task.runner [-] Task 95be3dba-c0fc-4ff9-9165-2aee1918522e | ITER: 4 START
2019-08-02 20:06:09.597 4540 INFO rally.task.runner [-] Task 95be3dba-c0fc-4ff9-9165-2aee1918522e | ITER: 3 START
2019-08-02 20:06:13.865 4538 RALLYDEBUG rally.task.utils [-] Waiting for resource s_rally_5381cd8e_ms86HciL. Status changed: AVAILABLE => DELETING in 0.264755964279
2019-08-02 20:06:13.926 4539 RALLYDEBUG rally.task.utils [-] Waiting for resource s_rally_5381cd8e_ZPCzYJpE. Status changed: AVAILABLE => DELETING in 0.240929841995
2019-08-02 20:06:14.014 4540 RALLYDEBUG rally.task.utils [-] Waiting for resource s_rally_5381cd8e_qnyH30gZ. Status changed: AVAILABLE => DELETING in 0.318545103073
2019-08-02 20:06:14.111 4541 RALLYDEBUG rally.task.utils [-] Waiting for resource s_rally_5381cd8e_qkodydCe. Status changed: AVAILABLE => DELETING in 0.370796203613
2019-08-02 20:06:16.098 4538 INFO rally.task.runner [-] Task 95be3dba-c0fc-4ff9-9165-2aee1918522e | ITER: 1 END: OK
2019-08-02 20:06:16.102 4538 INFO rally.task.runner [-] Task 95be3dba-c0fc-4ff9-9165-2aee1918522e | ITER: 5 START
2019-08-02 20:06:16.160 4539 INFO rally.task.runner [-] Task 95be3dba-c0fc-4ff9-9165-2aee1918522e | ITER: 2 END: OK
2019-08-02 20:06:16.165 4539 INFO rally.task.runner [-] Task 95be3dba-c0fc-4ff9-9165-2aee1918522e | ITER: 6 START
2019-08-02 20:06:16.342 4541 INFO rally.task.runner [-] Task 95be3dba-c0fc-4ff9-9165-2aee1918522e | ITER: 4 END: OK
2019-08-02 20:06:16.347 4541 INFO rally.task.runner [-] Task 95be3dba-c0fc-4ff9-9165-2aee1918522e | ITER: 7 START
2019-08-02 20:06:16.358 4540 INFO rally.task.runner [-] Task 95be3dba-c0fc-4ff9-9165-2aee1918522e | ITER: 3 END: OK
2019-08-02 20:06:16.362 4540 INFO rally.task.runner [-] Task 95be3dba-c0fc-4ff9-9165-2aee1918522e | ITER: 8 START
2019-08-02 20:06:20.199 4538 INFO rally.task.runner [-] Task 95be3dba-c0fc-4ff9-9165-2aee1918522e | ITER: 5 END: OK
2019-08-02 20:06:20.205 4538 INFO rally.task.runner [-] Task 95be3dba-c0fc-4ff9-9165-2aee1918522e | ITER: 9 START
2019-08-02 20:06:20.272 4539 RALLYDEBUG rally.task.utils [-] Waiting for resource s_rally_5381cd8e_In2HADtX. Status changed: AVAILABLE => DELETING in 0.331288099289
2019-08-02 20:06:20.819 4541 RALLYDEBUG rally.task.utils [-] Waiting for resource s_rally_5381cd8e_1Zc6KOGf. Status changed: AVAILABLE => DELETING in 0.335572004318
2019-08-02 20:06:20.967 4540 INFO rally.task.runner [-] Task 95be3dba-c0fc-4ff9-9165-2aee1918522e | ITER: 8 END: OK
2019-08-02 20:06:20.971 4540 INFO rally.task.runner [-] Task 95be3dba-c0fc-4ff9-9165-2aee1918522e | ITER: 10 START
2019-08-02 20:06:22.494 4539 INFO rally.task.runner [-] Task 95be3dba-c0fc-4ff9-9165-2aee1918522e | ITER: 6 END: OK
2019-08-02 20:06:23.210 4541 INFO rally.task.runner [-] Task 95be3dba-c0fc-4ff9-9165-2aee1918522e | ITER: 7 END: OK
2019-08-02 20:06:24.491 4538 INFO rally.task.runner [-] Task 95be3dba-c0fc-4ff9-9165-2aee1918522e | ITER: 9 END: OK
2019-08-02 20:06:24.740 4540 INFO rally.task.runner [-] Task 95be3dba-c0fc-4ff9-9165-2aee1918522e | ITER: 10 END: OK
2019-08-02 20:06:24.768 1842 INFO rally.task.context [-] Task 95be3dba-c0fc-4ff9-9165-2aee1918522e | Context cleanup@openstack cleanup() started
2019-08-02 20:06:24.770 1842 RALLYDEBUG rally_openstack.cleanup.manager [-] Cleaning up cinder backups objects
2019-08-02 20:06:26.939 1842 RALLYDEBUG rally_openstack.cleanup.manager [-] Cleaning up cinder volume_snapshots objects
2019-08-02 20:06:29.097 1842 RALLYDEBUG rally_openstack.cleanup.manager [-] Cleaning up cinder transfers objects
2019-08-02 20:06:31.228 1842 RALLYDEBUG rally_openstack.cleanup.manager [-] Cleaning up cinder volumes objects
2019-08-02 20:06:33.413 1842 INFO rally.task.context [-] Task 95be3dba-c0fc-4ff9-9165-2aee1918522e | Context cleanup@openstack cleanup() finished in 8.65 sec
2019-08-02 20:06:33.414 1842 INFO rally.task.context [-] Task 95be3dba-c0fc-4ff9-9165-2aee1918522e | Context quotas@openstack cleanup() started
2019-08-02 20:06:34.345 1842 INFO rally.task.context [-] Task 95be3dba-c0fc-4ff9-9165-2aee1918522e | Context quotas@openstack cleanup() finished in 0.93 sec
2019-08-02 20:06:34.345 1842 INFO rally.task.context [-] Task 95be3dba-c0fc-4ff9-9165-2aee1918522e | Context api_versions@openstack cleanup() started
2019-08-02 20:06:34.346 1842 INFO rally.task.context [-] Task 95be3dba-c0fc-4ff9-9165-2aee1918522e | Context api_versions@openstack cleanup() finished in 0.31 msec
2019-08-02 20:06:34.346 1842 INFO rally.task.context [-] Task 95be3dba-c0fc-4ff9-9165-2aee1918522e | Context users@openstack cleanup() started
2019-08-02 20:06:42.302 1842 INFO rally.task.context [-] Task 95be3dba-c0fc-4ff9-9165-2aee1918522e | Context users@openstack cleanup() finished in 7.96 sec
2019-08-02 20:06:42.890 1842 INFO rally.task.engine [-] Load duration is: 15.146923
2019-08-02 20:06:42.890 1842 INFO rally.task.engine [-] Full runner duration is: 15.200939
2019-08-02 20:06:42.891 1842 INFO rally.task.engine [-] Full duration is: 39.603991
2019-08-02 20:06:43.126 1842 INFO rally.task.engine [-] Running workload: position = 0 config = { "version": 2, "title": "A cropped version of a bigger task.", "description": "Auto-generated task from a single workload (uuid=c04bb34c-e460-422b-a883-4bf190428208)", "subtasks": [ { "title": "CinderVolumes.create_and_extend_volume", "description": "Create and extend a volume and then delete it.", "scenario": { "CinderVolumes.create_and_extend_volume": { "new_size": 2, "size": 1 } }, "contexts": { "users": { "tenants": 3, "users_per_tenant": 2 }, "quotas": { "cinder": { "gigabytes": -1, "snapshots": -1, "volumes": -1 } }, "api_versions": { "cinder": { "version": 3, "service_type": "volumev3" } } }, "runner": { "constant": { "concurrency": 4, "times": 10 } }, "hooks": [], "sla": { "failure_rate": { "max": 0 } } } ] }
2019-08-02 20:06:43.150 1842 RALLYDEBUG rally_openstack.contexts.keystone.users [-] Creating 3 tenants using 20 threads
2019-08-02 20:06:45.012 1842 RALLYDEBUG rally_openstack.contexts.keystone.users [-] Creating 6 users using 20 threads
2019-08-02 20:06:47.844 1842 INFO rally.task.context [-] Task 95be3dba-c0fc-4ff9-9165-2aee1918522e | Context users@openstack setup() finished in 4.69 sec
2019-08-02 20:06:48.281 1842 INFO rally.task.context [-] Task 95be3dba-c0fc-4ff9-9165-2aee1918522e | Context api_versions@openstack setup() finished in 0.44 sec
2019-08-02 20:06:49.943 1842 INFO rally.task.context [-] Task 95be3dba-c0fc-4ff9-9165-2aee1918522e | Context quotas@openstack setup() finished in 1.66 sec
2019-08-02 20:06:49.944 1842 INFO rally.task.context [-] Task 95be3dba-c0fc-4ff9-9165-2aee1918522e | Context cleanup@openstack setup() finished in 0.01 msec
2019-08-02 20:06:49.951 1842 RALLYDEBUG rally.task.runner [-] Starting the constant runner (task UUID: 95be3dba-c0fc-4ff9-9165-2aee1918522e). timeout: 0 concurrency: 4 concurrency_per_worker: 1 times: 10 concurrency_overhead: 0 processes_to_start: 4 max_cpu_used: 16
2019-08-02 20:06:49.963 4722 RALLYDEBUG rally.task.runner [-] Starting a worker. concurrency: 1 args: {"new_size": 2, "size": 1} times: 10 method_name: run timeout: 0 duration: None cls:
2019-08-02 20:06:49.966 4723 RALLYDEBUG rally.task.runner [-] Starting a worker. concurrency: 1 args: {"new_size": 2, "size": 1} times: 10 method_name: run timeout: 0 duration: None cls:
2019-08-02 20:06:49.970 4724 RALLYDEBUG rally.task.runner [-] Starting a worker. concurrency: 1 args: {"new_size": 2, "size": 1} times: 10 method_name: run timeout: 0 duration: None cls:
2019-08-02 20:06:49.970 4722 INFO rally.task.runner [-] Task 95be3dba-c0fc-4ff9-9165-2aee1918522e | ITER: 1 START
2019-08-02 20:06:49.974 4723 INFO rally.task.runner [-] Task 95be3dba-c0fc-4ff9-9165-2aee1918522e | ITER: 2 START
2019-08-02 20:06:49.973 4725 RALLYDEBUG rally.task.runner [-] Starting a worker. concurrency: 1 args: {"new_size": 2, "size": 1} times: 10 method_name: run timeout: 0 duration: None cls:
2019-08-02 20:06:49.977 4724 INFO rally.task.runner [-] Task 95be3dba-c0fc-4ff9-9165-2aee1918522e | ITER: 3 START
2019-08-02 20:06:49.982 4725 INFO rally.task.runner [-] Task 95be3dba-c0fc-4ff9-9165-2aee1918522e | ITER: 4 START
2019-08-02 20:06:54.134 4724 RALLYDEBUG rally.task.utils [-] Waiting for resource s_rally_c04bb34c_iGncciee. Status changed: AVAILABLE => EXTENDING in 0.0606739521027
2019-08-02 20:06:54.895 4722 INFO rally.task.runner [-] Task 95be3dba-c0fc-4ff9-9165-2aee1918522e | ITER: 1 END: OK
2019-08-02 20:06:54.900 4722 INFO rally.task.runner [-] Task 95be3dba-c0fc-4ff9-9165-2aee1918522e | ITER: 5 START
2019-08-02 20:06:55.044 4725 RALLYDEBUG rally.task.utils [-] Waiting for resource s_rally_c04bb34c_lAZ82S0X. Status changed: AVAILABLE => DELETING in 0.0526502132416
2019-08-02 20:06:55.085 4723 RALLYDEBUG rally.task.utils [-] Waiting for resource s_rally_c04bb34c_S6CO26da. Status changed: AVAILABLE => DELETING in 0.257490158081
2019-08-02 20:06:56.402 4724 RALLYDEBUG rally.task.utils [-] Waiting for resource s_rally_c04bb34c_iGncciee. Status changed: EXTENDING => AVAILABLE in 2.26751208305
2019-08-02 20:06:57.002 4724 INFO rally.task.runner [-] Task 95be3dba-c0fc-4ff9-9165-2aee1918522e | ITER: 3 END: OK
2019-08-02 20:06:57.008 4724 INFO rally.task.runner [-] Task 95be3dba-c0fc-4ff9-9165-2aee1918522e | ITER: 6 START
2019-08-02 20:06:57.092 4725 INFO rally.task.runner [-] Task 95be3dba-c0fc-4ff9-9165-2aee1918522e | ITER: 4 END: OK
2019-08-02 20:06:57.097 4725 INFO rally.task.runner [-] Task 95be3dba-c0fc-4ff9-9165-2aee1918522e | ITER: 7 START
2019-08-02 20:06:57.456 4723 INFO rally.task.runner [-] Task 95be3dba-c0fc-4ff9-9165-2aee1918522e | ITER: 2 END: OK
2019-08-02 20:06:57.461 4723 INFO rally.task.runner [-] Task 95be3dba-c0fc-4ff9-9165-2aee1918522e | ITER: 8 START
2019-08-02 20:07:00.050 4722 INFO rally.task.runner [-] Task 95be3dba-c0fc-4ff9-9165-2aee1918522e | ITER: 5 END: OK
2019-08-02 20:07:00.055 4722 INFO rally.task.runner [-] Task 95be3dba-c0fc-4ff9-9165-2aee1918522e | ITER: 9 START
2019-08-02 20:07:01.342 4724 INFO rally.task.runner [-] Task 95be3dba-c0fc-4ff9-9165-2aee1918522e | ITER: 6 END: OK
2019-08-02 20:07:01.347 4724 INFO rally.task.runner [-] Task 95be3dba-c0fc-4ff9-9165-2aee1918522e | ITER: 10 START
2019-08-02 20:07:01.544 4725 RALLYDEBUG rally.task.utils [-] Waiting for resource s_rally_c04bb34c_hNzzyFrx. Status changed: AVAILABLE => EXTENDING in 0.273506164551
2019-08-02 20:07:02.546 4723 RALLYDEBUG rally.task.utils [-] Waiting for resource s_rally_c04bb34c_r8c2Tcjc. Status changed: AVAILABLE => DELETING in 0.245898962021
2019-08-02 20:07:03.891 4725 RALLYDEBUG rally.task.utils [-] Waiting for resource s_rally_c04bb34c_hNzzyFrx. Status changed: EXTENDING => AVAILABLE in 2.34637904167
2019-08-02 20:07:04.694 4725 INFO rally.task.runner [-] Task 95be3dba-c0fc-4ff9-9165-2aee1918522e | ITER: 7 END: OK
2019-08-02 20:07:04.786 4723 INFO rally.task.runner [-] Task 95be3dba-c0fc-4ff9-9165-2aee1918522e | ITER: 8 END: OK
2019-08-02 20:07:05.018 4722 INFO rally.task.runner [-] Task 95be3dba-c0fc-4ff9-9165-2aee1918522e | ITER: 9 END: OK
2019-08-02 20:07:05.410 4724 RALLYDEBUG rally.task.utils [-] Waiting for resource s_rally_c04bb34c_namYUlhd. Status changed: AVAILABLE => EXTENDING in 0.0541131496429
2019-08-02 20:07:07.677 4724 RALLYDEBUG rally.task.utils [-] Waiting for resource s_rally_c04bb34c_namYUlhd. Status changed: EXTENDING => AVAILABLE in 2.26691699028
2019-08-02 20:07:08.123 4724 INFO rally.task.runner [-] Task 95be3dba-c0fc-4ff9-9165-2aee1918522e | ITER: 10 END: OK
2019-08-02 20:07:08.144 1842 INFO rally.task.context [-] Task 95be3dba-c0fc-4ff9-9165-2aee1918522e | Context cleanup@openstack cleanup() started
2019-08-02 20:07:08.146 1842 RALLYDEBUG rally_openstack.cleanup.manager [-] Cleaning up cinder backups objects
2019-08-02 20:07:10.228 1842 RALLYDEBUG rally_openstack.cleanup.manager [-] Cleaning up cinder volume_snapshots objects
2019-08-02 20:07:12.381 1842 RALLYDEBUG rally_openstack.cleanup.manager [-] Cleaning up cinder transfers objects
2019-08-02 20:07:14.605 1842 RALLYDEBUG rally_openstack.cleanup.manager [-] Cleaning up cinder volumes objects
2019-08-02 20:07:16.810 1842 INFO rally.task.context [-] Task 95be3dba-c0fc-4ff9-9165-2aee1918522e | Context cleanup@openstack cleanup() finished in 8.67 sec
2019-08-02 20:07:16.810 1842 INFO rally.task.context [-] Task 95be3dba-c0fc-4ff9-9165-2aee1918522e | Context quotas@openstack cleanup() started
2019-08-02 20:07:17.779 1842 INFO rally.task.context [-] Task 95be3dba-c0fc-4ff9-9165-2aee1918522e | Context quotas@openstack cleanup() finished in 0.97 sec
2019-08-02 20:07:17.779 1842 INFO rally.task.context [-] Task 95be3dba-c0fc-4ff9-9165-2aee1918522e | Context api_versions@openstack cleanup() started
2019-08-02 20:07:17.779 1842 INFO rally.task.context [-] Task 95be3dba-c0fc-4ff9-9165-2aee1918522e | Context api_versions@openstack cleanup() finished in 0.32 msec
2019-08-02 20:07:17.780 1842 INFO rally.task.context [-] Task 95be3dba-c0fc-4ff9-9165-2aee1918522e | Context users@openstack cleanup() started
2019-08-02 20:07:25.943 1842 INFO rally.task.context [-] Task 95be3dba-c0fc-4ff9-9165-2aee1918522e | Context users@openstack cleanup() finished in 8.16 sec
2019-08-02 20:07:27.334 1842 INFO rally.task.engine [-] Load duration is: 18.149248
2019-08-02 20:07:27.335 1842 INFO rally.task.engine [-] Full runner duration is: 18.193426
2019-08-02 20:07:27.335 1842 INFO rally.task.engine [-] Full duration is: 42.796492
2019-08-02 20:07:27.571 1842 INFO rally.task.engine [-] Running workload: position = 0 config = { "version": 2, "title": "A cropped version of a bigger task.", "description": "Auto-generated task from a single workload (uuid=bb820e37-28fb-48a6-ac63-de3105402507)", "subtasks": [ { "title": "CinderVolumes.create_from_volume_and_delete_volume", "description": "Create volume from volume and then delete it.", "scenario": { "CinderVolumes.create_from_volume_and_delete_volume": { "size": 1 } }, "contexts": { "users": { "tenants": 3, "users_per_tenant": 2 }, "quotas": { "cinder": { "gigabytes": -1, "snapshots": -1, "volumes": -1 } }, "api_versions": { "cinder": { "version": 3, "service_type": "volumev3" } }, "volumes": { "size": 1, "volumes_per_tenant": 1 } }, "runner": { "constant": { "concurrency": 4, "times": 10 } }, "hooks": [], "sla": { "failure_rate": { "max": 0 } } } ] }
2019-08-02 20:07:27.598 1842 RALLYDEBUG rally_openstack.contexts.keystone.users [-] Creating 3 tenants using 20 threads
2019-08-02 20:07:29.515 1842 RALLYDEBUG rally_openstack.contexts.keystone.users [-] Creating 6 users using 20 threads
2019-08-02 20:07:32.289 1842 INFO rally.task.context [-] Task 95be3dba-c0fc-4ff9-9165-2aee1918522e | Context users@openstack setup() finished in 4.69 sec
2019-08-02 20:07:32.722 1842 INFO rally.task.context [-] Task 95be3dba-c0fc-4ff9-9165-2aee1918522e | Context api_versions@openstack setup() finished in 0.43 sec
2019-08-02 20:07:34.488 1842 INFO rally.task.context [-] Task 95be3dba-c0fc-4ff9-9165-2aee1918522e | Context quotas@openstack setup() finished in 1.77 sec
2019-08-02 20:07:45.578 1842 INFO rally.task.context [-] Task 95be3dba-c0fc-4ff9-9165-2aee1918522e | Context volumes@openstack setup() finished in 11.09 sec
2019-08-02 20:07:45.578 1842 INFO rally.task.context [-] Task 95be3dba-c0fc-4ff9-9165-2aee1918522e | Context cleanup@openstack setup() finished in 0.01 msec
2019-08-02 20:07:45.585 1842 RALLYDEBUG rally.task.runner [-] Starting the constant runner (task UUID: 95be3dba-c0fc-4ff9-9165-2aee1918522e). timeout: 0 concurrency: 4 concurrency_per_worker: 1 times: 10 concurrency_overhead: 0 processes_to_start: 4 max_cpu_used: 16
2019-08-02 20:07:45.598 4906 RALLYDEBUG rally.task.runner [-] Starting a worker. concurrency: 1 args: {"size": 1} times: 10 method_name: run timeout: 0 duration: None cls:
2019-08-02 20:07:45.600 4907 RALLYDEBUG rally.task.runner [-] Starting a worker. concurrency: 1 args: {"size": 1} times: 10 method_name: run timeout: 0 duration: None cls:
2019-08-02 20:07:45.604 4908 RALLYDEBUG rally.task.runner [-] Starting a worker. concurrency: 1 args: {"size": 1} times: 10 method_name: run timeout: 0 duration: None cls:
2019-08-02 20:07:45.609 4906 INFO rally.task.runner [-] Task 95be3dba-c0fc-4ff9-9165-2aee1918522e | ITER: 1 START
2019-08-02 20:07:45.611 4907 INFO rally.task.runner [-] Task 95be3dba-c0fc-4ff9-9165-2aee1918522e | ITER: 2 START
2019-08-02 20:07:45.612 4909 RALLYDEBUG rally.task.runner [-] Starting a worker. concurrency: 1 args: {"size": 1} times: 10 method_name: run timeout: 0 duration: None cls:
2019-08-02 20:07:45.615 4908 INFO rally.task.runner [-] Task 95be3dba-c0fc-4ff9-9165-2aee1918522e | ITER: 3 START
2019-08-02 20:07:45.619 4909 INFO rally.task.runner [-] Task 95be3dba-c0fc-4ff9-9165-2aee1918522e | ITER: 4 START
2019-08-02 20:07:50.089 4908 RALLYDEBUG rally.task.utils [-] Waiting for resource s_rally_bb820e37_a4LTNLp3. Status changed: AVAILABLE => DELETING in 0.333091974258
2019-08-02 20:07:50.106 4907 RALLYDEBUG rally.task.utils [-] Waiting for resource s_rally_bb820e37_67qC2XkD. Status changed: AVAILABLE => DELETING in 0.341006994247
2019-08-02 20:07:51.681 4906 RALLYDEBUG rally.task.utils [-] Waiting for resource s_rally_bb820e37_vFodTHMY. Status changed: CREATING => AVAILABLE in 2.98899793625
2019-08-02 20:07:51.973 4909 RALLYDEBUG rally.task.utils [-] Waiting for resource s_rally_bb820e37_ZLu0pasA. Status changed: CREATING => AVAILABLE in 3.03289794922
2019-08-02 20:07:52.196 4906 RALLYDEBUG rally.task.utils [-] Waiting for resource s_rally_bb820e37_vFodTHMY. Status changed: AVAILABLE => DELETING in 0.241812944412
2019-08-02 20:07:52.534 4909 RALLYDEBUG rally.task.utils [-] Waiting for resource s_rally_bb820e37_ZLu0pasA. Status changed: AVAILABLE => DELETING in 0.249987125397
2019-08-02 20:07:56.538 4908 INFO rally.task.runner [-] Task 95be3dba-c0fc-4ff9-9165-2aee1918522e | ITER: 3 END: OK
2019-08-02 20:07:56.543 4908 INFO rally.task.runner [-] Task 95be3dba-c0fc-4ff9-9165-2aee1918522e | ITER: 5 START
2019-08-02 20:07:56.685 4906 INFO rally.task.runner [-] Task 95be3dba-c0fc-4ff9-9165-2aee1918522e | ITER: 1 END: OK
2019-08-02 20:07:56.691 4906 INFO rally.task.runner [-] Task 95be3dba-c0fc-4ff9-9165-2aee1918522e | ITER: 6 START
2019-08-02 20:07:57.103 4907 INFO rally.task.runner [-] Task 95be3dba-c0fc-4ff9-9165-2aee1918522e | ITER: 2 END: OK
2019-08-02 20:07:57.108 4907 INFO rally.task.runner [-] Task 95be3dba-c0fc-4ff9-9165-2aee1918522e | ITER: 7 START
2019-08-02 20:07:57.109 4909 INFO rally.task.runner [-] Task 95be3dba-c0fc-4ff9-9165-2aee1918522e | ITER: 4 END: OK
2019-08-02 20:07:57.115 4909 INFO rally.task.runner [-] Task 95be3dba-c0fc-4ff9-9165-2aee1918522e | ITER: 8 START
2019-08-02 20:08:00.741 4908 RALLYDEBUG rally.task.utils [-] Waiting for resource s_rally_bb820e37_AVok1Fid. Status changed: AVAILABLE => DELETING in 0.266573905945
2019-08-02 20:08:02.725 4906 RALLYDEBUG rally.task.utils [-] Waiting for resource s_rally_bb820e37_toIWuagO. Status changed: CREATING => AVAILABLE in 2.97856688499
2019-08-02 20:08:03.065 4908 INFO rally.task.runner [-] Task 95be3dba-c0fc-4ff9-9165-2aee1918522e | ITER: 5 END: OK
2019-08-02 20:08:03.070 4908 INFO rally.task.runner [-] Task 95be3dba-c0fc-4ff9-9165-2aee1918522e | ITER: 9 START
2019-08-02 20:08:03.292 4907 RALLYDEBUG rally.task.utils [-] Waiting for resource s_rally_bb820e37_sGuzWI3z. Status changed: CREATING => AVAILABLE in 2.98219609261
2019-08-02 20:08:03.373 4906 RALLYDEBUG rally.task.utils [-] Waiting for resource s_rally_bb820e37_toIWuagO. Status changed: AVAILABLE => DELETING in 0.366164207458
2019-08-02 20:08:03.737 4907 RALLYDEBUG rally.task.utils [-] Waiting for resource s_rally_bb820e37_sGuzWI3z. Status changed: AVAILABLE => DELETING in 0.263367176056
2019-08-02 20:08:05.100 4909 RALLYDEBUG rally.task.utils [-] Waiting for resource s_rally_bb820e37_SQlPHoau. Status changed: CREATING => AVAILABLE in 4.8915169239
2019-08-02 20:08:05.695 4906 INFO rally.task.runner [-] Task 95be3dba-c0fc-4ff9-9165-2aee1918522e | ITER: 6 END: OK
2019-08-02 20:08:05.700 4906 INFO rally.task.runner [-] Task 95be3dba-c0fc-4ff9-9165-2aee1918522e | ITER: 10 START
2019-08-02 20:08:05.843 4909 RALLYDEBUG rally.task.utils [-] Waiting for resource s_rally_bb820e37_SQlPHoau. Status changed: AVAILABLE => DELETING in 0.450434923172
2019-08-02 20:08:06.046 4907 INFO rally.task.runner [-] Task 95be3dba-c0fc-4ff9-9165-2aee1918522e | ITER: 7 END: OK
2019-08-02 20:08:08.424 4908 RALLYDEBUG rally.task.utils [-] Waiting for resource s_rally_bb820e37_DmrWcDpG. Status changed: AVAILABLE => DELETING in 0.249712944031
2019-08-02 20:08:09.830 4906 RALLYDEBUG rally.task.utils [-] Waiting for resource s_rally_bb820e37_QwRcKgVK. Status changed: AVAILABLE => DELETING in 0.0560810565948
2019-08-02 20:08:10.466 4908 INFO rally.task.runner [-] Task 95be3dba-c0fc-4ff9-9165-2aee1918522e | ITER: 9 END: OK
2019-08-02 20:08:10.527 4909 INFO rally.task.runner [-] Task 95be3dba-c0fc-4ff9-9165-2aee1918522e | ITER: 8 END: OK
2019-08-02 20:08:12.159 4906 INFO rally.task.runner [-] Task 95be3dba-c0fc-4ff9-9165-2aee1918522e | ITER: 10 END: OK
2019-08-02 20:08:12.181 1842 INFO rally.task.context [-] Task 95be3dba-c0fc-4ff9-9165-2aee1918522e | Context cleanup@openstack cleanup() started
2019-08-02 20:08:12.183 1842 RALLYDEBUG rally_openstack.cleanup.manager [-] Cleaning up cinder backups objects
2019-08-02 20:08:14.319 1842 RALLYDEBUG rally_openstack.cleanup.manager [-] Cleaning up cinder volume_snapshots objects
2019-08-02 20:08:16.644 1842 RALLYDEBUG rally_openstack.cleanup.manager [-] Cleaning up cinder transfers objects
2019-08-02 20:08:18.879 1842 RALLYDEBUG rally_openstack.cleanup.manager [-] Cleaning up cinder volumes objects
2019-08-02 20:08:21.267 1842 INFO rally.task.context [-] Task 95be3dba-c0fc-4ff9-9165-2aee1918522e | Context cleanup@openstack cleanup() finished in 9.09 sec
2019-08-02 20:08:21.268 1842 INFO rally.task.context [-] Task 95be3dba-c0fc-4ff9-9165-2aee1918522e | Context volumes@openstack cleanup() started
2019-08-02 20:08:21.268 1842 RALLYDEBUG rally_openstack.cleanup.manager [-] Cleaning up cinder volumes objects
2019-08-02 20:08:23.602 1842 RALLYDEBUG rally_openstack.cleanup.manager [-] Deleting cinder.volumes object c_rally_bb820e37_qh7i2onj (f81438eb-2c50-4da9-8333-5c54323810cb)
2019-08-02 20:08:23.609 1842 RALLYDEBUG rally_openstack.cleanup.manager [-] Deleting cinder.volumes object c_rally_bb820e37_8KSpyN2V (0e971147-e3e0-4034-865a-a2361f401d7f)
2019-08-02 20:08:23.618 1842 RALLYDEBUG rally_openstack.cleanup.manager [-] Deleting cinder.volumes object c_rally_bb820e37_SWYqJ3QL (23614e5e-40ad-468d-aace-2b2db4cdf84d)
2019-08-02 20:08:27.328 1842 INFO rally.task.context [-] Task 95be3dba-c0fc-4ff9-9165-2aee1918522e | Context volumes@openstack cleanup() finished in 6.06 sec
2019-08-02 20:08:27.328 1842 INFO rally.task.context [-] Task 95be3dba-c0fc-4ff9-9165-2aee1918522e | Context quotas@openstack cleanup() started
2019-08-02 20:08:28.111 1842 INFO rally.task.context [-] Task 95be3dba-c0fc-4ff9-9165-2aee1918522e | Context quotas@openstack cleanup() finished in 0.78 sec
2019-08-02 20:08:28.112 1842 INFO rally.task.context [-] Task 95be3dba-c0fc-4ff9-9165-2aee1918522e | Context api_versions@openstack cleanup() started
2019-08-02 20:08:28.112 1842 INFO rally.task.context [-] Task 95be3dba-c0fc-4ff9-9165-2aee1918522e | Context api_versions@openstack cleanup() finished in 0.32 msec
2019-08-02 20:08:28.112 1842 INFO rally.task.context [-] Task 95be3dba-c0fc-4ff9-9165-2aee1918522e | Context users@openstack cleanup() started
2019-08-02 20:08:36.329 1842 INFO rally.task.context [-] Task 95be3dba-c0fc-4ff9-9165-2aee1918522e | Context users@openstack cleanup() finished in 8.22 sec
2019-08-02 20:08:37.883 1842 INFO rally.task.engine [-] Load duration is: 26.546034
2019-08-02 20:08:37.883 1842 INFO rally.task.engine [-] Full runner duration is: 26.595362
2019-08-02 20:08:37.883 1842 INFO rally.task.engine [-] Full duration is: 68.736484
2019-08-02 20:08:38.138 1842 INFO rally.task.engine [-] Running workload: position = 0 config = { "version": 2, "title": "A cropped version of a bigger task.", "description": "Auto-generated task from a single workload (uuid=ac22f4d7-870a-45d6-a26c-94ed3733f436)", "subtasks": [ { "title": "CinderQos.create_and_get_qos", "description": "Create a qos, then get details of the qos.", "scenario": { "CinderQos.create_and_get_qos": { "consumer": "both", "write_iops_sec": "10", "read_iops_sec": "1000" } }, "contexts": { "users": { "tenants": 3, "users_per_tenant": 2 }, "api_versions": { "cinder": { "version": 3, "service_type": "volumev3" } } }, "runner": { "constant": { "concurrency": 4, "times": 10 } }, "hooks": [], "sla": { "failure_rate": { "max": 0 } } } ] }
2019-08-02 20:08:38.169 1842 RALLYDEBUG rally_openstack.contexts.keystone.users [-] Creating 3 tenants using 20 threads
2019-08-02 20:08:40.024 1842 RALLYDEBUG rally_openstack.contexts.keystone.users [-] Creating 6 users using 20 threads
2019-08-02 20:08:42.972 1842 INFO rally.task.context [-] Task 95be3dba-c0fc-4ff9-9165-2aee1918522e | Context users@openstack setup() finished in 4.80 sec
2019-08-02 20:08:43.416 1842 INFO rally.task.context [-] Task 95be3dba-c0fc-4ff9-9165-2aee1918522e | Context api_versions@openstack setup() finished in 0.44 sec
2019-08-02 20:08:43.417 1842 INFO rally.task.context [-] Task 95be3dba-c0fc-4ff9-9165-2aee1918522e | Context admin_cleanup@openstack setup() finished in 0.01 msec
2019-08-02 20:08:43.424 1842 RALLYDEBUG rally.task.runner [-] Starting the constant runner (task UUID: 95be3dba-c0fc-4ff9-9165-2aee1918522e). timeout: 0 concurrency: 4 concurrency_per_worker: 1 times: 10 concurrency_overhead: 0 processes_to_start: 4 max_cpu_used: 16
2019-08-02 20:08:43.438 5110 RALLYDEBUG rally.task.runner [-] Starting a worker. concurrency: 1 args: {"consumer": "both", "write_iops_sec": "10", "read_iops_sec": "1000"} times: 10 method_name: run timeout: 0 duration: None cls:
2019-08-02 20:08:43.442 5111 RALLYDEBUG rally.task.runner [-] Starting a worker. concurrency: 1 args: {"consumer": "both", "write_iops_sec": "10", "read_iops_sec": "1000"} times: 10 method_name: run timeout: 0 duration: None cls:
2019-08-02 20:08:43.445 5112 RALLYDEBUG rally.task.runner [-] Starting a worker. concurrency: 1 args: {"consumer": "both", "write_iops_sec": "10", "read_iops_sec": "1000"} times: 10 method_name: run timeout: 0 duration: None cls:
2019-08-02 20:08:43.446 5110 INFO rally.task.runner [-] Task 95be3dba-c0fc-4ff9-9165-2aee1918522e | ITER: 1 START
2019-08-02 20:08:43.447 5113 RALLYDEBUG rally.task.runner [-] Starting a worker. concurrency: 1 args: {"consumer": "both", "write_iops_sec": "10", "read_iops_sec": "1000"} times: 10 method_name: run timeout: 0 duration: None cls:
2019-08-02 20:08:43.450 5111 INFO rally.task.runner [-] Task 95be3dba-c0fc-4ff9-9165-2aee1918522e | ITER: 2 START
2019-08-02 20:08:43.453 5112 INFO rally.task.runner [-] Task 95be3dba-c0fc-4ff9-9165-2aee1918522e | ITER: 3 START
2019-08-02 20:08:43.454 5113 INFO rally.task.runner [-] Task 95be3dba-c0fc-4ff9-9165-2aee1918522e | ITER: 4 START
2019-08-02 20:08:44.519 5110 INFO rally.task.runner [-] Task 95be3dba-c0fc-4ff9-9165-2aee1918522e | ITER: 1 END: OK
2019-08-02 20:08:44.525 5110 INFO rally.task.runner [-] Task 95be3dba-c0fc-4ff9-9165-2aee1918522e | ITER: 5 START
2019-08-02 20:08:44.546 5111 INFO rally.task.runner [-] Task 95be3dba-c0fc-4ff9-9165-2aee1918522e | ITER: 2 END: OK
