2019-08-02 19:43:08.167 725 DEBUG novaclient.v2.client [-] DELETE call to compute for http://172.30.9.23:8774/v2.1/os-quota-sets/0766236b268745a7a2fc96442a87f2bc used request id req-26536cff-5c55-48fa-856b-de14f1e6b4a3 request /usr/lib/python2.7/site-packages/keystoneauth1/session.py:844
2019-08-02 19:43:08.168 725 DEBUG novaclient.v2.client [-] REQ: curl -g -i -X DELETE http://172.30.9.23:8774/v2.1/os-quota-sets/12e72855733343d4be73971451b8800a -H "Accept: application/json" -H "User-Agent: python-novaclient" -H "X-Auth-Token: {SHA1}66562f9eb3181d4aa32bb8e59250fcf4a1e54d63" _http_log_request /usr/lib/python2.7/site-packages/keystoneauth1/session.py:448
2019-08-02 19:43:08.191 725 DEBUG novaclient.v2.client [-] RESP: [202] Content-Length: 0 Content-Type: application/json Date: Fri, 02 Aug 2019 19:43:08 GMT OpenStack-API-Version: compute 2.1 Server: Apache Vary: OpenStack-API-Version,X-OpenStack-Nova-API-Version X-OpenStack-Nova-API-Version: 2.1 x-compute-request-id: req-f3f567ea-2ec9-422b-ba24-dd9be718bac4 x-openstack-request-id: req-f3f567ea-2ec9-422b-ba24-dd9be718bac4 _http_log_response /usr/lib/python2.7/site-packages/keystoneauth1/session.py:479
2019-08-02 19:43:08.191 725 DEBUG novaclient.v2.client [-] DELETE call to compute for http://172.30.9.23:8774/v2.1/os-quota-sets/12e72855733343d4be73971451b8800a used request id req-f3f567ea-2ec9-422b-ba24-dd9be718bac4 request /usr/lib/python2.7/site-packages/keystoneauth1/session.py:844
2019-08-02 19:43:08.192 725 INFO rally.task.context [-] Task d1a70357-d90a-4615-bf28-1154371806e0 | Context quotas@openstack cleanup() finished in 80.37 msec
2019-08-02 19:43:08.192 725 INFO rally.task.context [-] Task d1a70357-d90a-4615-bf28-1154371806e0 | Context users@openstack cleanup() started
2019-08-02 19:43:15.947 725 INFO rally.task.context [-] Task d1a70357-d90a-4615-bf28-1154371806e0 | Context users@openstack cleanup() finished in 7.76 sec
2019-08-02 19:43:17.793 725 INFO rally.task.engine [-] Load duration is: 90.681659
2019-08-02 19:43:17.794 725 INFO rally.task.engine [-] Full runner duration is: 92.59443
2019-08-02 19:43:17.794 725 INFO rally.task.engine [-] Full duration is: 142.704087
2019-08-02 19:43:18.036 725 INFO rally.task.engine [-] Running workload: position = 0 config = { "version": 2, "title": "A cropped version of a bigger task.", "description": "Auto-generated task from a single workload (uuid=3fd34445-480c-4e2a-b531-6b9aac1ec8ea)", "subtasks": [ { "title": "GlanceImages.create_and_deactivate_image", "description": "Create an image, then deactivate it.", "scenario": { "GlanceImages.create_and_deactivate_image": { "container_format": "bare", "disk_format": "qcow2", "image_location": "/home/opnfv/functest/images/cirros-0.4.0-x86_64-disk.img" } }, "contexts": { "users": { "tenants": 3, "users_per_tenant": 2 } }, "runner": { "constant": { "concurrency": 4, "times": 10 } }, "hooks": [], "sla": { "failure_rate": { "max": 0 } } } ] }
2019-08-02 19:43:18.055 725 RALLYDEBUG rally_openstack.contexts.keystone.users [-] Creating 3 tenants using 20 threads
2019-08-02 19:43:19.967 725 RALLYDEBUG rally_openstack.contexts.keystone.users [-] Creating 6 users using 20 threads
2019-08-02 19:43:22.717 725 INFO rally.task.context [-] Task d1a70357-d90a-4615-bf28-1154371806e0 | Context users@openstack setup() finished in 4.66 sec
2019-08-02 19:43:22.718 725 INFO rally.task.context [-] Task d1a70357-d90a-4615-bf28-1154371806e0 | Context cleanup@openstack setup() finished in 0.01 msec
2019-08-02 19:43:22.724 725 RALLYDEBUG rally.task.runner [-] Starting the constant runner (task UUID: d1a70357-d90a-4615-bf28-1154371806e0). timeout: 0 concurrency: 4 concurrency_per_worker: 1 times: 10 concurrency_overhead: 0 processes_to_start: 4 max_cpu_used: 16
2019-08-02 19:43:22.737 1385 RALLYDEBUG rally.task.runner [-] Starting a worker. concurrency: 1 args: {"container_format": "bare", "disk_format": "qcow2", "image_location": "/home/opnfv/functest/images/cirros-0.4.0-x86_64-disk.img"} times: 10 method_name: run timeout: 0 duration: None cls:
2019-08-02 19:43:22.739 1386 RALLYDEBUG rally.task.runner [-] Starting a worker. concurrency: 1 args: {"container_format": "bare", "disk_format": "qcow2", "image_location": "/home/opnfv/functest/images/cirros-0.4.0-x86_64-disk.img"} times: 10 method_name: run timeout: 0 duration: None cls:
2019-08-02 19:43:22.742 1387 RALLYDEBUG rally.task.runner [-] Starting a worker. concurrency: 1 args: {"container_format": "bare", "disk_format": "qcow2", "image_location": "/home/opnfv/functest/images/cirros-0.4.0-x86_64-disk.img"} times: 10 method_name: run timeout: 0 duration: None cls:
2019-08-02 19:43:22.744 1388 RALLYDEBUG rally.task.runner [-] Starting a worker. concurrency: 1 args: {"container_format": "bare", "disk_format": "qcow2", "image_location": "/home/opnfv/functest/images/cirros-0.4.0-x86_64-disk.img"} times: 10 method_name: run timeout: 0 duration: None cls:
2019-08-02 19:43:22.745 1386 INFO rally.task.runner [-] Task d1a70357-d90a-4615-bf28-1154371806e0 | ITER: 2 START
2019-08-02 19:43:22.746 1385 INFO rally.task.runner [-] Task d1a70357-d90a-4615-bf28-1154371806e0 | ITER: 1 START
2019-08-02 19:43:22.748 1387 INFO rally.task.runner [-] Task d1a70357-d90a-4615-bf28-1154371806e0 | ITER: 3 START
2019-08-02 19:43:22.750 1388 INFO rally.task.runner [-] Task d1a70357-d90a-4615-bf28-1154371806e0 | ITER: 4 START
2019-08-02 19:43:26.351 1385 RALLYDEBUG rally.task.utils [-] Waiting for resource u'72c9da87-2aa3-4189-8c1b-4e822b4f014f'. Status changed: NONE => QUEUED in 0.029247045517
2019-08-02 19:43:26.370 1387 RALLYDEBUG rally.task.utils [-] Waiting for resource u'9b0b1a95-1bb2-45d1-9d2d-a1e5c92c3609'. Status changed: NONE => QUEUED in 0.0265738964081
2019-08-02 19:43:26.680 1386 RALLYDEBUG rally.task.utils [-] Waiting for resource u'45661fcd-38f1-4b36-aac0-7499e71f990f'. Status changed: NONE => QUEUED in 0.311163187027
2019-08-02 19:43:26.949 1388 RALLYDEBUG rally.task.utils [-] Waiting for resource u'e034717f-a427-41bf-bf89-7a27e0c6d120'. Status changed: NONE => QUEUED in 0.600186824799
2019-08-02 19:43:27.720 1387 RALLYDEBUG rally.task.utils [-] Waiting for resource s_rally_3fd34445_WyOiMvdY. Status changed: QUEUED => ACTIVE in 0.0189800262451
2019-08-02 19:43:27.869 1387 INFO rally.task.runner [-] Task d1a70357-d90a-4615-bf28-1154371806e0 | ITER: 3 END: OK
2019-08-02 19:43:27.873 1387 INFO rally.task.runner [-] Task d1a70357-d90a-4615-bf28-1154371806e0 | ITER: 5 START
2019-08-02 19:43:28.033 1385 RALLYDEBUG rally.task.utils [-] Waiting for resource s_rally_3fd34445_gq6yHrMM. Status changed: QUEUED => ACTIVE in 0.307690858841
2019-08-02 19:43:28.115 1385 INFO rally.task.runner [-] Task d1a70357-d90a-4615-bf28-1154371806e0 | ITER: 1 END: OK
2019-08-02 19:43:28.118 1385 INFO rally.task.runner [-] Task d1a70357-d90a-4615-bf28-1154371806e0 | ITER: 6 START
2019-08-02 19:43:28.308 1386 RALLYDEBUG rally.task.utils [-] Waiting for resource s_rally_3fd34445_xccv1RVv. Status changed: QUEUED => ACTIVE in 0.020210981369
2019-08-02 19:43:28.597 1386 INFO rally.task.runner [-] Task d1a70357-d90a-4615-bf28-1154371806e0 | ITER: 2 END: OK
2019-08-02 19:43:28.601 1386 INFO rally.task.runner [-] Task d1a70357-d90a-4615-bf28-1154371806e0 | ITER: 7 START
2019-08-02 19:43:28.619 1388 RALLYDEBUG rally.task.utils [-] Waiting for resource s_rally_3fd34445_tnEDJlIu. Status changed: QUEUED => ACTIVE in 0.29257106781
2019-08-02 19:43:28.900 1388 INFO rally.task.runner [-] Task d1a70357-d90a-4615-bf28-1154371806e0 | ITER: 4 END: OK
2019-08-02 19:43:28.904 1388 INFO rally.task.runner [-] Task d1a70357-d90a-4615-bf28-1154371806e0 | ITER: 8 START
2019-08-02 19:43:31.723 1387 RALLYDEBUG rally.task.utils [-] Waiting for resource u'a20c3512-b415-4b75-8cad-2a936f864c23'. Status changed: NONE => QUEUED in 0.298482179642
2019-08-02 19:43:32.304 1385 RALLYDEBUG rally.task.utils [-] Waiting for resource u'0690b6d0-4ce3-4e42-a96c-3930f0923e2b'. Status changed: NONE => QUEUED in 0.603307008743
2019-08-02 19:43:32.703 1388 RALLYDEBUG rally.task.utils [-] Waiting for resource u'b572d4f3-0a9e-4ece-90b6-163a31e1697e'. Status changed: NONE => QUEUED in 0.21963596344
2019-08-02 19:43:32.758 1386 RALLYDEBUG rally.task.utils [-] Waiting for resource u'f494aa13-b1d7-4ab4-b24f-9d406b04c73c'. Status changed: NONE => QUEUED in 0.601328134537
2019-08-02 19:43:33.256 1387 RALLYDEBUG rally.task.utils [-] Waiting for resource s_rally_3fd34445_HEtkyLng. Status changed: QUEUED => ACTIVE in 0.0162439346313
2019-08-02 19:43:33.566 1385 RALLYDEBUG rally.task.utils [-] Waiting for resource s_rally_3fd34445_pYi3rxyH. Status changed: QUEUED => ACTIVE in 0.313260793686
2019-08-02 19:43:33.566 1387 INFO rally.task.runner [-] Task d1a70357-d90a-4615-bf28-1154371806e0 | ITER: 5 END: OK
2019-08-02 19:43:33.569 1387 INFO rally.task.runner [-] Task d1a70357-d90a-4615-bf28-1154371806e0 | ITER: 9 START
2019-08-02 19:43:33.875 1385 INFO rally.task.runner [-] Task d1a70357-d90a-4615-bf28-1154371806e0 | ITER: 6 END: OK
2019-08-02 19:43:33.878 1385 INFO rally.task.runner [-] Task d1a70357-d90a-4615-bf28-1154371806e0 | ITER: 10 START
2019-08-02 19:43:34.274 1388 RALLYDEBUG rally.task.utils [-] Waiting for resource s_rally_3fd34445_WqCzhgfS. Status changed: QUEUED => ACTIVE in 0.0164141654968
2019-08-02 19:43:34.495 1386 RALLYDEBUG rally.task.utils [-] Waiting for resource s_rally_3fd34445_pAs5nirr. Status changed: QUEUED => ACTIVE in 0.219732999802
2019-08-02 19:43:34.560 1388 INFO rally.task.runner [-] Task d1a70357-d90a-4615-bf28-1154371806e0 | ITER: 8 END: OK
2019-08-02 19:43:34.581 1386 INFO rally.task.runner [-] Task d1a70357-d90a-4615-bf28-1154371806e0 | ITER: 7 END: OK
2019-08-02 19:43:37.275 1387 RALLYDEBUG rally.task.utils [-] Waiting for resource u'623e6a68-bd1d-4d43-9a2c-400053d9a3dc'. Status changed: NONE => QUEUED in 0.229075193405
2019-08-02 19:43:37.841 1385 RALLYDEBUG rally.task.utils [-] Waiting for resource u'328f10a3-7491-4210-a959-0bedc85488e6'. Status changed: NONE => QUEUED in 0.418696165085
2019-08-02 19:43:38.306 1387 RALLYDEBUG rally.task.utils [-] Waiting for resource s_rally_3fd34445_I5vDQJ3x. Status changed: QUEUED => ACTIVE in 0.292526960373
2019-08-02 19:43:38.672 1387 INFO rally.task.runner [-] Task d1a70357-d90a-4615-bf28-1154371806e0 | ITER: 9 END: OK
2019-08-02 19:43:39.103 1385 RALLYDEBUG rally.task.utils [-] Waiting for resource s_rally_3fd34445_4olhtTaa. Status changed: QUEUED => ACTIVE in 0.0180580615997
2019-08-02 19:43:39.457 1385 INFO rally.task.runner [-] Task d1a70357-d90a-4615-bf28-1154371806e0 | ITER: 10 END: OK
2019-08-02 19:43:39.477 725 INFO rally.task.context [-] Task d1a70357-d90a-4615-bf28-1154371806e0 | Context cleanup@openstack cleanup() started
2019-08-02 19:43:39.479 725 RALLYDEBUG rally_openstack.cleanup.manager [-] Cleaning up glance images objects
2019-08-02 19:43:43.363 725 RALLYDEBUG rally_openstack.cleanup.manager [-] Deleting glance.images object s_rally_3fd34445_WyOiMvdY (9b0b1a95-1bb2-45d1-9d2d-a1e5c92c3609)
2019-08-02 19:43:43.365 725 RALLYDEBUG rally_openstack.cleanup.manager [-] Deleting glance.images object s_rally_3fd34445_WqCzhgfS (b572d4f3-0a9e-4ece-90b6-163a31e1697e)
2019-08-02 19:43:43.366 725 RALLYDEBUG rally_openstack.cleanup.manager [-] Deleting glance.images object s_rally_3fd34445_I5vDQJ3x (623e6a68-bd1d-4d43-9a2c-400053d9a3dc)
2019-08-02 19:43:43.366 725 RALLYDEBUG rally_openstack.cleanup.manager [-] Deleting glance.images object s_rally_3fd34445_pYi3rxyH (0690b6d0-4ce3-4e42-a96c-3930f0923e2b)
2019-08-02 19:43:43.372 725 RALLYDEBUG rally_openstack.cleanup.manager [-] Deleting glance.images object s_rally_3fd34445_gq6yHrMM (72c9da87-2aa3-4189-8c1b-4e822b4f014f)
2019-08-02 19:43:43.372 725 RALLYDEBUG rally_openstack.cleanup.manager [-] Deleting glance.images object s_rally_3fd34445_xccv1RVv (45661fcd-38f1-4b36-aac0-7499e71f990f)
2019-08-02 19:43:43.374 725 RALLYDEBUG rally_openstack.cleanup.manager [-] Deleting glance.images object s_rally_3fd34445_4olhtTaa (328f10a3-7491-4210-a959-0bedc85488e6)
2019-08-02 19:43:43.377 725 RALLYDEBUG rally_openstack.cleanup.manager [-] Deleting glance.images object s_rally_3fd34445_tnEDJlIu (e034717f-a427-41bf-bf89-7a27e0c6d120)
2019-08-02 19:43:43.393 725 RALLYDEBUG rally_openstack.cleanup.manager [-] Deleting glance.images object s_rally_3fd34445_HEtkyLng (a20c3512-b415-4b75-8cad-2a936f864c23)
2019-08-02 19:43:43.406 725 RALLYDEBUG rally_openstack.cleanup.manager [-] Deleting glance.images object s_rally_3fd34445_pAs5nirr (f494aa13-b1d7-4ab4-b24f-9d406b04c73c)
2019-08-02 19:43:45.428 725 DEBUG glanceclient.common.http [-] Request returned failure status 404. _handle_response /usr/lib/python2.7/site-packages/glanceclient/common/http.py:125
2019-08-02 19:43:45.481 725 DEBUG glanceclient.common.http [-] Request returned failure status 404. _handle_response /usr/lib/python2.7/site-packages/glanceclient/common/http.py:125
2019-08-02 19:43:45.659 725 DEBUG glanceclient.common.http [-] Request returned failure status 404. _handle_response /usr/lib/python2.7/site-packages/glanceclient/common/http.py:125
2019-08-02 19:43:45.663 725 DEBUG glanceclient.common.http [-] Request returned failure status 404. _handle_response /usr/lib/python2.7/site-packages/glanceclient/common/http.py:125
2019-08-02 19:43:45.731 725 DEBUG glanceclient.common.http [-] Request returned failure status 404. _handle_response /usr/lib/python2.7/site-packages/glanceclient/common/http.py:125
2019-08-02 19:43:45.749 725 DEBUG glanceclient.common.http [-] Request returned failure status 404. _handle_response /usr/lib/python2.7/site-packages/glanceclient/common/http.py:125
2019-08-02 19:43:45.771 725 DEBUG glanceclient.common.http [-] Request returned failure status 404. _handle_response /usr/lib/python2.7/site-packages/glanceclient/common/http.py:125
2019-08-02 19:43:45.798 725 DEBUG glanceclient.common.http [-] Request returned failure status 404. _handle_response /usr/lib/python2.7/site-packages/glanceclient/common/http.py:125
2019-08-02 19:43:45.937 725 DEBUG glanceclient.common.http [-] Request returned failure status 404. _handle_response /usr/lib/python2.7/site-packages/glanceclient/common/http.py:125
2019-08-02 19:43:45.973 725 DEBUG glanceclient.common.http [-] Request returned failure status 404. _handle_response /usr/lib/python2.7/site-packages/glanceclient/common/http.py:125
2019-08-02 19:43:46.049 725 DEBUG glanceclient.common.http [-] Request returned failure status 404. _handle_response /usr/lib/python2.7/site-packages/glanceclient/common/http.py:125
2019-08-02 19:43:46.078 725 DEBUG glanceclient.common.http [-] Request returned failure status 404. _handle_response /usr/lib/python2.7/site-packages/glanceclient/common/http.py:125
2019-08-02 19:43:46.408 725 DEBUG glanceclient.common.http [-] Request returned failure status 404. _handle_response /usr/lib/python2.7/site-packages/glanceclient/common/http.py:125
2019-08-02 19:43:46.412 725 DEBUG glanceclient.common.http [-] Request returned failure status 404. _handle_response /usr/lib/python2.7/site-packages/glanceclient/common/http.py:125
2019-08-02 19:43:46.429 725 DEBUG glanceclient.common.http [-] Request returned failure status 404. _handle_response /usr/lib/python2.7/site-packages/glanceclient/common/http.py:125
2019-08-02 19:43:46.432 725 DEBUG glanceclient.common.http [-] Request returned failure status 404. _handle_response /usr/lib/python2.7/site-packages/glanceclient/common/http.py:125
2019-08-02 19:43:46.569 725 DEBUG glanceclient.common.http [-] Request returned failure status 404. _handle_response /usr/lib/python2.7/site-packages/glanceclient/common/http.py:125
2019-08-02 19:43:46.583 725 DEBUG glanceclient.common.http [-] Request returned failure status 404. _handle_response /usr/lib/python2.7/site-packages/glanceclient/common/http.py:125
2019-08-02 19:43:46.722 725 DEBUG glanceclient.common.http [-] Request returned failure status 404. _handle_response /usr/lib/python2.7/site-packages/glanceclient/common/http.py:125
2019-08-02 19:43:46.731 725 DEBUG glanceclient.common.http [-] Request returned failure status 404. _handle_response /usr/lib/python2.7/site-packages/glanceclient/common/http.py:125
2019-08-02 19:43:47.733 725 INFO rally.task.context [-] Task d1a70357-d90a-4615-bf28-1154371806e0 | Context cleanup@openstack cleanup() finished in 8.26 sec
2019-08-02 19:43:47.734 725 INFO rally.task.context [-] Task d1a70357-d90a-4615-bf28-1154371806e0 | Context users@openstack cleanup() started
2019-08-02 19:43:55.671 725 INFO rally.task.context [-] Task d1a70357-d90a-4615-bf28-1154371806e0 | Context users@openstack cleanup() finished in 7.94 sec
2019-08-02 19:43:56.219 725 INFO rally.task.engine [-] Load duration is: 15.833696
2019-08-02 19:43:56.219 725 INFO rally.task.engine [-] Full runner duration is: 16.752887
2019-08-02 19:43:56.220 725 INFO rally.task.engine [-] Full duration is: 37.619967
2019-08-02 19:43:56.470 725 INFO rally.task.engine [-] Running workload: position = 0 config = { "version": 2, "title": "A cropped version of a bigger task.", "description": "Auto-generated task from a single workload (uuid=b5dff40b-a6db-4a98-88ac-2990401bcd47)", "subtasks": [ { "title": "GlanceImages.create_and_download_image", "description": "Create an image, then download data of the image.", "scenario": { "GlanceImages.create_and_download_image": { "container_format": "bare", "disk_format": "qcow2", "image_location": "/home/opnfv/functest/images/cirros-0.4.0-x86_64-disk.img" } }, "contexts": { "users": { "tenants": 3, "users_per_tenant": 2 } }, "runner": { "constant": { "concurrency": 4, "times": 10 } }, "hooks": [], "sla": { "failure_rate": { "max": 0 } } } ] }
2019-08-02 19:43:56.492 725 RALLYDEBUG rally_openstack.contexts.keystone.users [-] Creating 3 tenants using 20 threads
2019-08-02 19:43:58.331 725 RALLYDEBUG rally_openstack.contexts.keystone.users [-] Creating 6 users using 20 threads
2019-08-02 19:44:01.230 725 INFO rally.task.context [-] Task d1a70357-d90a-4615-bf28-1154371806e0 | Context users@openstack setup() finished in 4.74 sec
2019-08-02 19:44:01.230 725 INFO rally.task.context [-] Task d1a70357-d90a-4615-bf28-1154371806e0 | Context cleanup@openstack setup() finished in 0.03 msec
2019-08-02 19:44:01.239 725 RALLYDEBUG rally.task.runner [-] Starting the constant runner (task UUID: d1a70357-d90a-4615-bf28-1154371806e0). timeout: 0 concurrency: 4 concurrency_per_worker: 1 times: 10 concurrency_overhead: 0 processes_to_start: 4 max_cpu_used: 16
2019-08-02 19:44:01.252 1509 RALLYDEBUG rally.task.runner [-] Starting a worker. concurrency: 1 args: {"container_format": "bare", "disk_format": "qcow2", "image_location": "/home/opnfv/functest/images/cirros-0.4.0-x86_64-disk.img"} times: 10 method_name: run timeout: 0 duration: None cls:
2019-08-02 19:44:01.254 1510 RALLYDEBUG rally.task.runner [-] Starting a worker. concurrency: 1 args: {"container_format": "bare", "disk_format": "qcow2", "image_location": "/home/opnfv/functest/images/cirros-0.4.0-x86_64-disk.img"} times: 10 method_name: run timeout: 0 duration: None cls:
2019-08-02 19:44:01.257 1511 RALLYDEBUG rally.task.runner [-] Starting a worker. concurrency: 1 args: {"container_format": "bare", "disk_format": "qcow2", "image_location": "/home/opnfv/functest/images/cirros-0.4.0-x86_64-disk.img"} times: 10 method_name: run timeout: 0 duration: None cls:
2019-08-02 19:44:01.259 1509 INFO rally.task.runner [-] Task d1a70357-d90a-4615-bf28-1154371806e0 | ITER: 1 START
2019-08-02 19:44:01.261 1510 INFO rally.task.runner [-] Task d1a70357-d90a-4615-bf28-1154371806e0 | ITER: 2 START
2019-08-02 19:44:01.261 1512 RALLYDEBUG rally.task.runner [-] Starting a worker. concurrency: 1 args: {"container_format": "bare", "disk_format": "qcow2", "image_location": "/home/opnfv/functest/images/cirros-0.4.0-x86_64-disk.img"} times: 10 method_name: run timeout: 0 duration: None cls:
2019-08-02 19:44:01.264 1511 INFO rally.task.runner [-] Task d1a70357-d90a-4615-bf28-1154371806e0 | ITER: 3 START
2019-08-02 19:44:01.267 1512 INFO rally.task.runner [-] Task d1a70357-d90a-4615-bf28-1154371806e0 | ITER: 4 START
2019-08-02 19:44:05.087 1511 RALLYDEBUG rally.task.utils [-] Waiting for resource u'9eb7c14d-bc10-4b50-8207-e823f063badc'. Status changed: NONE => QUEUED in 0.305386066437
2019-08-02 19:44:05.113 1512 RALLYDEBUG rally.task.utils [-] Waiting for resource u'8904a42f-26ac-434e-bd17-9b36b771c885'. Status changed: NONE => QUEUED in 0.320589065552
2019-08-02 19:44:05.126 1510 RALLYDEBUG rally.task.utils [-] Waiting for resource u'332b8102-0ae9-44ff-884e-aff9982d51a3'. Status changed: NONE => QUEUED in 0.593157052994
2019-08-02 19:44:05.168 1509 RALLYDEBUG rally.task.utils [-] Waiting for resource u'af582c80-47f6-41e8-b125-43aedad60399'. Status changed: NONE => QUEUED in 0.288265943527
2019-08-02 19:44:05.633 1512 RALLYDEBUG rally.task.utils [-] Waiting for resource s_rally_b5dff40b_EUR0HwvT. Status changed: QUEUED => ACTIVE in 0.0191860198975
2019-08-02 19:44:05.650 1510 RALLYDEBUG rally.task.utils [-] Waiting for resource s_rally_b5dff40b_qrXELlJb. Status changed: QUEUED => ACTIVE in 0.020623922348
2019-08-02 19:44:06.507 1510 INFO rally.task.runner [-] Task d1a70357-d90a-4615-bf28-1154371806e0 | ITER: 2 END: OK
2019-08-02 19:44:06.508 1512 INFO rally.task.runner [-] Task d1a70357-d90a-4615-bf28-1154371806e0 | ITER: 4 END: OK
2019-08-02 19:44:06.511 1510 INFO rally.task.runner [-] Task d1a70357-d90a-4615-bf28-1154371806e0 | ITER: 5 START
2019-08-02 19:44:06.513 1512 INFO rally.task.runner [-] Task d1a70357-d90a-4615-bf28-1154371806e0 | ITER: 6 START
2019-08-02 19:44:06.930 1509 RALLYDEBUG rally.task.utils [-] Waiting for resource s_rally_b5dff40b_Hfwg8Ugd. Status changed: QUEUED => ACTIVE in 0.217318058014
2019-08-02 19:44:07.090 1511 RALLYDEBUG rally.task.utils [-] Waiting for resource s_rally_b5dff40b_5G0vkYgi. Status changed: QUEUED => ACTIVE in 0.334933996201
2019-08-02 19:44:07.241 1511 INFO rally.task.runner [-] Task d1a70357-d90a-4615-bf28-1154371806e0 | ITER: 3 END: OK
2019-08-02 19:44:07.245 1511 INFO rally.task.runner [-] Task d1a70357-d90a-4615-bf28-1154371806e0 | ITER: 7 START
2019-08-02 19:44:07.289 1509 INFO rally.task.runner [-] Task d1a70357-d90a-4615-bf28-1154371806e0 | ITER: 1 END: OK
2019-08-02 19:44:07.293 1509 INFO rally.task.runner [-] Task d1a70357-d90a-4615-bf28-1154371806e0 | ITER: 8 START
2019-08-02 19:44:10.167 1510 RALLYDEBUG rally.task.utils [-] Waiting for resource u'be6a34c9-7345-4443-baac-aba0074bf544'. Status changed: NONE => QUEUED in 0.218146800995
2019-08-02 19:44:10.497 1512 RALLYDEBUG rally.task.utils [-] Waiting for resource u'3491fb66-049e-4e70-9955-d84393bdebf8'. Status changed: NONE => QUEUED in 0.409503936768
2019-08-02 19:44:10.945 1511 RALLYDEBUG rally.task.utils [-] Waiting for resource u'3a634a99-ac21-4065-b282-b0ba6f48a276'. Status changed: NONE => QUEUED in 0.331278085709
2019-08-02 19:44:11.234 1510 RALLYDEBUG rally.task.utils [-] Waiting for resource s_rally_b5dff40b_HPZHscIR. Status changed: QUEUED => ACTIVE in 0.305418968201
2019-08-02 19:44:11.461 1509 RALLYDEBUG rally.task.utils [-] Waiting for resource u'b317a701-5b35-4575-9567-7bae104f9f5d'. Status changed: NONE => QUEUED in 0.62401008606
2019-08-02 19:44:12.192 1510 INFO rally.task.runner [-] Task d1a70357-d90a-4615-bf28-1154371806e0 | ITER: 5 END: OK
2019-08-02 19:44:12.196 1510 INFO rally.task.runner [-] Task d1a70357-d90a-4615-bf28-1154371806e0 | ITER: 9 START
2019-08-02 19:44:12.559 1511 RALLYDEBUG rally.task.utils [-] Waiting for resource s_rally_b5dff40b_CvdF0vH4. Status changed: QUEUED => ACTIVE in 0.30656504631
2019-08-02 19:44:12.582 1512 RALLYDEBUG rally.task.utils [-] Waiting for resource s_rally_b5dff40b_kLN4tWIe. Status changed: QUEUED => ACTIVE in 0.298655033112
2019-08-02 19:44:12.984 1511 INFO rally.task.runner [-] Task d1a70357-d90a-4615-bf28-1154371806e0 | ITER: 7 END: OK
2019-08-02 19:44:12.988 1511 INFO rally.task.runner [-] Task d1a70357-d90a-4615-bf28-1154371806e0 | ITER: 10 START
2019-08-02 19:44:13.277 1512 INFO rally.task.runner [-] Task d1a70357-d90a-4615-bf28-1154371806e0 | ITER: 6 END: OK
2019-08-02 19:44:13.295 1509 RALLYDEBUG rally.task.utils [-] Waiting for resource s_rally_b5dff40b_v5sxqXl5. Status changed: QUEUED => ACTIVE in 0.021399974823
2019-08-02 19:44:14.024 1509 INFO rally.task.runner [-] Task d1a70357-d90a-4615-bf28-1154371806e0 | ITER: 8 END: OK
2019-08-02 19:44:16.083 1510 RALLYDEBUG rally.task.utils [-] Waiting for resource u'd30a0157-333b-4b9e-8024-e549a5fb2eea'. Status changed: NONE => QUEUED in 0.598366975784
2019-08-02 19:44:16.761 1511 RALLYDEBUG rally.task.utils [-] Waiting for resource u'8d3f89b9-58e5-40c5-afdc-a33a78ad36a5'. Status changed: NONE => QUEUED in 0.314190864563
2019-08-02 19:44:17.499 1510 RALLYDEBUG rally.task.utils [-] Waiting for resource s_rally_b5dff40b_BPI099Du. Status changed: QUEUED => ACTIVE in 0.223047971725
2019-08-02 19:44:18.227 1510 INFO rally.task.runner [-] Task d1a70357-d90a-4615-bf28-1154371806e0 | ITER: 9 END: OK
2019-08-02 19:44:18.890 1511 RALLYDEBUG rally.task.utils [-] Waiting for resource s_rally_b5dff40b_23ozqjIM. Status changed: QUEUED => ACTIVE in 0.301146030426
2019-08-02 19:44:19.525 1511 INFO rally.task.runner [-] Task d1a70357-d90a-4615-bf28-1154371806e0 | ITER: 10 END: OK
2019-08-02 19:44:19.548 725 INFO rally.task.context [-] Task d1a70357-d90a-4615-bf28-1154371806e0 | Context cleanup@openstack cleanup() started
2019-08-02 19:44:19.550 725 RALLYDEBUG rally_openstack.cleanup.manager [-] Cleaning up glance images objects
2019-08-02 19:44:23.712 725 RALLYDEBUG rally_openstack.cleanup.manager [-] Deleting glance.images object s_rally_b5dff40b_23ozqjIM (8d3f89b9-58e5-40c5-afdc-a33a78ad36a5)
2019-08-02 19:44:23.713 725 RALLYDEBUG rally_openstack.cleanup.manager [-] Deleting glance.images object s_rally_b5dff40b_HPZHscIR (be6a34c9-7345-4443-baac-aba0074bf544)
2019-08-02 19:44:23.713 725 RALLYDEBUG rally_openstack.cleanup.manager [-] Deleting glance.images object s_rally_b5dff40b_5G0vkYgi (9eb7c14d-bc10-4b50-8207-e823f063badc)
2019-08-02 19:44:23.714 725 RALLYDEBUG rally_openstack.cleanup.manager [-] Deleting glance.images object s_rally_b5dff40b_CvdF0vH4 (3a634a99-ac21-4065-b282-b0ba6f48a276)
2019-08-02 19:44:23.714 725 RALLYDEBUG rally_openstack.cleanup.manager [-] Deleting glance.images object s_rally_b5dff40b_BPI099Du (d30a0157-333b-4b9e-8024-e549a5fb2eea)
2019-08-02 19:44:23.715 725 RALLYDEBUG rally_openstack.cleanup.manager [-] Deleting glance.images object s_rally_b5dff40b_kLN4tWIe (3491fb66-049e-4e70-9955-d84393bdebf8)
2019-08-02 19:44:23.715 725 RALLYDEBUG rally_openstack.cleanup.manager [-] Deleting glance.images object s_rally_b5dff40b_qrXELlJb (332b8102-0ae9-44ff-884e-aff9982d51a3)
2019-08-02 19:44:23.716 725 RALLYDEBUG rally_openstack.cleanup.manager [-] Deleting glance.images object s_rally_b5dff40b_v5sxqXl5 (b317a701-5b35-4575-9567-7bae104f9f5d)
2019-08-02 19:44:23.721 725 RALLYDEBUG rally_openstack.cleanup.manager [-] Deleting glance.images object s_rally_b5dff40b_Hfwg8Ugd (af582c80-47f6-41e8-b125-43aedad60399)
2019-08-02 19:44:23.727 725 RALLYDEBUG rally_openstack.cleanup.manager [-] Deleting glance.images object s_rally_b5dff40b_EUR0HwvT (8904a42f-26ac-434e-bd17-9b36b771c885)
2019-08-02 19:44:25.644 725 DEBUG glanceclient.common.http [-] Request returned failure status 404. _handle_response /usr/lib/python2.7/site-packages/glanceclient/common/http.py:125
2019-08-02 19:44:25.658 725 DEBUG glanceclient.common.http [-] Request returned failure status 404. _handle_response /usr/lib/python2.7/site-packages/glanceclient/common/http.py:125
2019-08-02 19:44:25.854 725 DEBUG glanceclient.common.http [-] Request returned failure status 404. _handle_response /usr/lib/python2.7/site-packages/glanceclient/common/http.py:125
2019-08-02 19:44:25.974 725 DEBUG glanceclient.common.http [-] Request returned failure status 404. _handle_response /usr/lib/python2.7/site-packages/glanceclient/common/http.py:125
2019-08-02 19:44:25.991 725 DEBUG glanceclient.common.http [-] Request returned failure status 404. _handle_response /usr/lib/python2.7/site-packages/glanceclient/common/http.py:125
2019-08-02 19:44:26.005 725 DEBUG glanceclient.common.http [-] Request returned failure status 404. _handle_response /usr/lib/python2.7/site-packages/glanceclient/common/http.py:125
2019-08-02 19:44:26.018 725 DEBUG glanceclient.common.http [-] Request returned failure status 404. _handle_response /usr/lib/python2.7/site-packages/glanceclient/common/http.py:125
2019-08-02 19:44:26.027 725 DEBUG glanceclient.common.http [-] Request returned failure status 404. _handle_response /usr/lib/python2.7/site-packages/glanceclient/common/http.py:125
2019-08-02 19:44:26.028 725 DEBUG glanceclient.common.http [-] Request returned failure status 404. _handle_response /usr/lib/python2.7/site-packages/glanceclient/common/http.py:125
2019-08-02 19:44:26.093 725 DEBUG glanceclient.common.http [-] Request returned failure status 404. _handle_response /usr/lib/python2.7/site-packages/glanceclient/common/http.py:125
2019-08-02 19:44:26.237 725 DEBUG glanceclient.common.http [-] Request returned failure status 404. _handle_response /usr/lib/python2.7/site-packages/glanceclient/common/http.py:125
2019-08-02 19:44:26.239 725 DEBUG glanceclient.common.http [-] Request returned failure status 404. _handle_response /usr/lib/python2.7/site-packages/glanceclient/common/http.py:125
2019-08-02 19:44:26.497 725 DEBUG glanceclient.common.http [-] Request returned failure status 404. _handle_response /usr/lib/python2.7/site-packages/glanceclient/common/http.py:125
2019-08-02 19:44:26.677 725 DEBUG glanceclient.common.http [-] Request returned failure status 404. _handle_response /usr/lib/python2.7/site-packages/glanceclient/common/http.py:125
2019-08-02 19:44:26.751 725 DEBUG glanceclient.common.http [-] Request returned failure status 404. _handle_response /usr/lib/python2.7/site-packages/glanceclient/common/http.py:125
2019-08-02 19:44:26.765 725 DEBUG glanceclient.common.http [-] Request returned failure status 404. _handle_response /usr/lib/python2.7/site-packages/glanceclient/common/http.py:125
2019-08-02 19:44:26.885 725 DEBUG glanceclient.common.http [-] Request returned failure status 404. _handle_response /usr/lib/python2.7/site-packages/glanceclient/common/http.py:125
2019-08-02 19:44:26.892 725 DEBUG glanceclient.common.http [-] Request returned failure status 404. _handle_response /usr/lib/python2.7/site-packages/glanceclient/common/http.py:125
2019-08-02 19:44:26.979 725 DEBUG glanceclient.common.http [-] Request returned failure status 404. _handle_response /usr/lib/python2.7/site-packages/glanceclient/common/http.py:125
2019-08-02 19:44:27.051 725 DEBUG glanceclient.common.http [-] Request returned failure status 404. _handle_response /usr/lib/python2.7/site-packages/glanceclient/common/http.py:125
2019-08-02 19:44:28.054 725 INFO rally.task.context [-] Task d1a70357-d90a-4615-bf28-1154371806e0 | Context cleanup@openstack cleanup() finished in 8.51 sec
2019-08-02 19:44:28.054 725 INFO rally.task.context [-] Task d1a70357-d90a-4615-bf28-1154371806e0 | Context users@openstack cleanup() started
2019-08-02 19:44:36.068 725 INFO rally.task.context [-] Task d1a70357-d90a-4615-bf28-1154371806e0 | Context users@openstack cleanup() finished in 8.01 sec
2019-08-02 19:44:36.666 725 INFO rally.task.engine [-] Load duration is: 17.3988
2019-08-02 19:44:36.667 725 INFO rally.task.engine [-] Full runner duration is: 18.309748
2019-08-02 19:44:36.667 725 INFO rally.task.engine [-] Full duration is: 39.577
2019-08-02 19:44:36.943 725 INFO rally.task.engine [-] Running workload: position = 0 config = { "version": 2, "title": "A cropped version of a bigger task.", "description": "Auto-generated task from a single workload (uuid=e9c5f5d0-ca66-46ac-ad54-d138e75c118d)", "subtasks": [ { "title": "GlanceImages.create_and_get_image", "description": "Create and get detailed information of an image.", "scenario": { "GlanceImages.create_and_get_image": { "container_format": "bare", "disk_format": "qcow2", "image_location": "/home/opnfv/functest/images/cirros-0.4.0-x86_64-disk.img" } }, "contexts": { "users": { "tenants": 3, "users_per_tenant": 2 } }, "runner": { "constant": { "concurrency": 4, "times": 10 } }, "hooks": [], "sla": { "failure_rate": { "max": 0 } } } ] }
2019-08-02 19:44:36.966 725 RALLYDEBUG rally_openstack.contexts.keystone.users [-] Creating 3 tenants using 20 threads
2019-08-02 19:44:38.804 725 RALLYDEBUG rally_openstack.contexts.keystone.users [-] Creating 6 users using 20 threads
2019-08-02 19:44:41.537 725 INFO rally.task.context [-] Task d1a70357-d90a-4615-bf28-1154371806e0 | Context users@openstack setup() finished in 4.57 sec
2019-08-02 19:44:41.537 725 INFO rally.task.context [-] Task d1a70357-d90a-4615-bf28-1154371806e0 | Context cleanup@openstack setup() finished in 0.01 msec
2019-08-02 19:44:41.544 725 RALLYDEBUG rally.task.runner [-] Starting the constant runner (task UUID: d1a70357-d90a-4615-bf28-1154371806e0). timeout: 0 concurrency: 4 concurrency_per_worker: 1 times: 10 concurrency_overhead: 0 processes_to_start: 4 max_cpu_used: 16
2019-08-02 19:44:41.557 1633 RALLYDEBUG rally.task.runner [-] Starting a worker. concurrency: 1 args: {"container_format": "bare", "disk_format": "qcow2", "image_location": "/home/opnfv/functest/images/cirros-0.4.0-x86_64-disk.img"} times: 10 method_name: run timeout: 0 duration: None cls:
2019-08-02 19:44:41.559 1634 RALLYDEBUG rally.task.runner [-] Starting a worker. concurrency: 1 args: {"container_format": "bare", "disk_format": "qcow2", "image_location": "/home/opnfv/functest/images/cirros-0.4.0-x86_64-disk.img"} times: 10 method_name: run timeout: 0 duration: None cls:
2019-08-02 19:44:41.562 1635 RALLYDEBUG rally.task.runner [-] Starting a worker. concurrency: 1 args: {"container_format": "bare", "disk_format": "qcow2", "image_location": "/home/opnfv/functest/images/cirros-0.4.0-x86_64-disk.img"} times: 10 method_name: run timeout: 0 duration: None cls:
2019-08-02 19:44:41.564 1633 INFO rally.task.runner [-] Task d1a70357-d90a-4615-bf28-1154371806e0 | ITER: 1 START
2019-08-02 19:44:41.564 1634 INFO rally.task.runner [-] Task d1a70357-d90a-4615-bf28-1154371806e0 | ITER: 2 START
2019-08-02 19:44:41.564 1636 RALLYDEBUG rally.task.runner [-] Starting a worker. concurrency: 1 args: {"container_format": "bare", "disk_format": "qcow2", "image_location": "/home/opnfv/functest/images/cirros-0.4.0-x86_64-disk.img"} times: 10 method_name: run timeout: 0 duration: None cls:
2019-08-02 19:44:41.568 1635 INFO rally.task.runner [-] Task d1a70357-d90a-4615-bf28-1154371806e0 | ITER: 3 START
2019-08-02 19:44:41.571 1636 INFO rally.task.runner [-] Task d1a70357-d90a-4615-bf28-1154371806e0 | ITER: 4 START
2019-08-02 19:44:45.286 1635 RALLYDEBUG rally.task.utils [-] Waiting for resource u'1dac62ab-17d6-4871-87d0-8628f17423b3'. Status changed: NONE => QUEUED in 0.304172039032
2019-08-02 19:44:45.494 1636 RALLYDEBUG rally.task.utils [-] Waiting for resource u'dc51a750-1d24-4cec-ac67-034cf6a01970'. Status changed: NONE => QUEUED in 0.502592086792
2019-08-02 19:44:45.591 1633 RALLYDEBUG rally.task.utils [-] Waiting for resource u'4e17bd5c-7b82-44d5-8ae4-5ddc977887db'. Status changed: NONE => QUEUED in 0.59400510788
2019-08-02 19:44:45.598 1634 RALLYDEBUG rally.task.utils [-] Waiting for resource u'3ecaf938-afcf-4432-a6ed-da28608b3572'. Status changed: NONE => QUEUED in 0.309094905853
2019-08-02 19:44:46.005 1636 RALLYDEBUG rally.task.utils [-] Waiting for resource s_rally_e9c5f5d0_M9ycTupI. Status changed: QUEUED => ACTIVE in 0.0196480751038
2019-08-02 19:44:46.296 1636 INFO rally.task.runner [-] Task d1a70357-d90a-4615-bf28-1154371806e0 | ITER: 4 END: OK
2019-08-02 19:44:46.300 1636 INFO rally.task.runner [-] Task d1a70357-d90a-4615-bf28-1154371806e0 | ITER: 5 START
2019-08-02 19:44:47.042 1634 RALLYDEBUG rally.task.utils [-] Waiting for resource s_rally_e9c5f5d0_XeZuNZNA. Status changed: QUEUED => ACTIVE in 0.0171718597412
2019-08-02 19:44:47.346 1634 INFO rally.task.runner [-] Task d1a70357-d90a-4615-bf28-1154371806e0 | ITER: 2 END: OK
2019-08-02 19:44:47.350 1634 INFO rally.task.runner [-] Task d1a70357-d90a-4615-bf28-1154371806e0 | ITER: 6 START
2019-08-02 19:44:48.127 1633 RALLYDEBUG rally.task.utils [-] Waiting for resource s_rally_e9c5f5d0_9ijrbLVH. Status changed: QUEUED => ACTIVE in 0.0181460380554
2019-08-02 19:44:48.292 1635 RALLYDEBUG rally.task.utils [-] Waiting for resource s_rally_e9c5f5d0_znwPDLeE. Status changed: QUEUED => ACTIVE in 0.20755815506
2019-08-02 19:44:48.461 1633 INFO rally.task.runner [-] Task d1a70357-d90a-4615-bf28-1154371806e0 | ITER: 1 END: OK
2019-08-02 19:44:48.465 1633 INFO rally.task.runner [-] Task d1a70357-d90a-4615-bf28-1154371806e0 | ITER: 7 START
2019-08-02 19:44:48.585 1635 INFO rally.task.runner [-] Task d1a70357-d90a-4615-bf28-1154371806e0 | ITER: 3 END: OK
2019-08-02 19:44:48.589 1635 INFO rally.task.runner [-] Task d1a70357-d90a-4615-bf28-1154371806e0 | ITER: 8 START
2019-08-02 19:44:50.302 1636 RALLYDEBUG rally.task.utils [-] Waiting for resource u'28b88992-90b1-4a89-9d6c-8f437bb31e1f'. Status changed: NONE => QUEUED in 0.518826961517
2019-08-02 19:44:51.250 1634 RALLYDEBUG rally.task.utils [-] Waiting for resource u'ac33eeaa-9e70-4568-9d2b-1e8adc017579'. Status changed: NONE => QUEUED in 0.528482198715
2019-08-02 19:44:51.732 1636 RALLYDEBUG rally.task.utils [-] Waiting for resource s_rally_e9c5f5d0_GBDUXpq0. Status changed: QUEUED => ACTIVE in 0.306837797165
2019-08-02 19:44:52.019 1636 INFO rally.task.runner [-] Task d1a70357-d90a-4615-bf28-1154371806e0 | ITER: 5 END: OK
2019-08-02 19:44:52.022 1636 INFO rally.task.runner [-] Task d1a70357-d90a-4615-bf28-1154371806e0 | ITER: 9 START
2019-08-02 19:44:52.431 1635 RALLYDEBUG rally.task.utils [-] Waiting for resource u'852f0206-9c33-4597-8f58-413322a58b9a'. Status changed: NONE => QUEUED in 0.576741933823
2019-08-02 19:44:52.481 1634 RALLYDEBUG rally.task.utils [-] Waiting for resource s_rally_e9c5f5d0_wMmzrNoJ. Status changed: QUEUED => ACTIVE in 0.0183660984039
2019-08-02 19:44:52.614 1633 RALLYDEBUG rally.task.utils [-] Waiting for resource u'91b2ce94-003f-4085-880f-94ea77093ce2'. Status changed: NONE => QUEUED in 0.613588809967
2019-08-02 19:44:52.773 1634 INFO rally.task.runner [-] Task d1a70357-d90a-4615-bf28-1154371806e0 | ITER: 6 END: OK
2019-08-02 19:44:52.776 1634 INFO rally.task.runner [-] Task d1a70357-d90a-4615-bf28-1154371806e0 | ITER: 10 START
2019-08-02 19:44:53.562 1633 RALLYDEBUG rally.task.utils [-] Waiting for resource s_rally_e9c5f5d0_WaXmDSAp. Status changed: QUEUED => ACTIVE in 0.0227680206299
2019-08-02 19:44:53.683 1635 RALLYDEBUG rally.task.utils [-] Waiting for resource s_rally_e9c5f5d0_ammFJS9B. Status changed: QUEUED => ACTIVE in 0.0214519500732
2019-08-02 19:44:53.908 1635 INFO rally.task.runner [-] Task d1a70357-d90a-4615-bf28-1154371806e0 | ITER: 8 END: OK
2019-08-02 19:44:53.914 1633 INFO rally.task.runner [-] Task d1a70357-d90a-4615-bf28-1154371806e0 | ITER: 7 END: OK
2019-08-02 19:44:55.836 1636 RALLYDEBUG rally.task.utils [-] Waiting for resource u'eefebae9-e4d6-4b9b-963c-bdc525bbaae0'. Status changed: NONE => QUEUED in 0.216705799103
2019-08-02 19:44:56.697 1634 RALLYDEBUG rally.task.utils [-] Waiting for resource u'27bccfcd-1c61-4be8-a0e1-5b11b579db61'. Status changed: NONE => QUEUED in 0.595997095108
2019-08-02 19:44:57.780 1636 RALLYDEBUG rally.task.utils [-] Waiting for resource s_rally_e9c5f5d0_wqEoMqcH. Status changed: QUEUED => ACTIVE in 0.299976110458
2019-08-02 19:44:57.799 1636 INFO rally.task.runner [-] Task d1a70357-d90a-4615-bf28-1154371806e0 | ITER: 9 END: OK
2019-08-02 19:44:58.447 1634 RALLYDEBUG rally.task.utils [-] Waiting for resource s_rally_e9c5f5d0_RZLLZ4GQ. Status changed: QUEUED => ACTIVE in 0.0170848369598
2019-08-02 19:44:58.662 1634 INFO rally.task.runner [-] Task d1a70357-d90a-4615-bf28-1154371806e0 | ITER: 10 END: OK
2019-08-02 19:44:58.693 725 INFO rally.task.context [-] Task d1a70357-d90a-4615-bf28-1154371806e0 | Context cleanup@openstack cleanup() started
2019-08-02 19:44:58.695 725 RALLYDEBUG rally_openstack.cleanup.manager [-] Cleaning up glance images objects
2019-08-02 19:45:02.944 725 RALLYDEBUG rally_openstack.cleanup.manager [-] Deleting glance.images object s_rally_e9c5f5d0_XeZuNZNA (3ecaf938-afcf-4432-a6ed-da28608b3572)
2019-08-02 19:45:02.947 725 RALLYDEBUG rally_openstack.cleanup.manager [-] Deleting glance.images object s_rally_e9c5f5d0_znwPDLeE (1dac62ab-17d6-4871-87d0-8628f17423b3)
2019-08-02 19:45:02.948 725 RALLYDEBUG rally_openstack.cleanup.manager [-] Deleting glance.images object s_rally_e9c5f5d0_GBDUXpq0 (28b88992-90b1-4a89-9d6c-8f437bb31e1f)
2019-08-02 19:45:02.953 725 RALLYDEBUG rally_openstack.cleanup.manager [-] Deleting glance.images object s_rally_e9c5f5d0_9ijrbLVH (4e17bd5c-7b82-44d5-8ae4-5ddc977887db)
2019-08-02 19:45:02.954 725 RALLYDEBUG rally_openstack.cleanup.manager [-] Deleting glance.images object s_rally_e9c5f5d0_wqEoMqcH (eefebae9-e4d6-4b9b-963c-bdc525bbaae0)
2019-08-02 19:45:02.955 725 RALLYDEBUG rally_openstack.cleanup.manager [-] Deleting glance.images object s_rally_e9c5f5d0_ammFJS9B (852f0206-9c33-4597-8f58-413322a58b9a)
2019-08-02 19:45:02.960 725 RALLYDEBUG rally_openstack.cleanup.manager [-] Deleting glance.images object s_rally_e9c5f5d0_M9ycTupI (dc51a750-1d24-4cec-ac67-034cf6a01970)
2019-08-02 19:45:02.962 725 RALLYDEBUG rally_openstack.cleanup.manager [-] Deleting glance.images object s_rally_e9c5f5d0_wMmzrNoJ (ac33eeaa-9e70-4568-9d2b-1e8adc017579)
2019-08-02 19:45:02.967 725 RALLYDEBUG rally_openstack.cleanup.manager [-] Deleting glance.images object s_rally_e9c5f5d0_RZLLZ4GQ (27bccfcd-1c61-4be8-a0e1-5b11b579db61)
2019-08-02 19:45:02.969 725 RALLYDEBUG rally_openstack.cleanup.manager [-] Deleting glance.images object s_rally_e9c5f5d0_WaXmDSAp (91b2ce94-003f-4085-880f-94ea77093ce2)
2019-08-02 19:45:04.183 725 DEBUG glanceclient.common.http [-] Request returned failure status 404. _handle_response /usr/lib/python2.7/site-packages/glanceclient/common/http.py:125
2019-08-02 19:45:04.440 725 DEBUG glanceclient.common.http [-] Request returned failure status 404. _handle_response /usr/lib/python2.7/site-packages/glanceclient/common/http.py:125
2019-08-02 19:45:04.451 725 DEBUG glanceclient.common.http [-] Request returned failure status 404. _handle_response /usr/lib/python2.7/site-packages/glanceclient/common/http.py:125
2019-08-02 19:45:04.455 725 DEBUG glanceclient.common.http [-] Request returned failure status 404. _handle_response /usr/lib/python2.7/site-packages/glanceclient/common/http.py:125
2019-08-02 19:45:04.457 725 DEBUG glanceclient.common.http [-] Request returned failure status 404. _handle_response /usr/lib/python2.7/site-packages/glanceclient/common/http.py:125
2019-08-02 19:45:04.736 725 DEBUG glanceclient.common.http [-] Request returned failure status 404. _handle_response /usr/lib/python2.7/site-packages/glanceclient/common/http.py:125
2019-08-02 19:45:05.387 725 DEBUG glanceclient.common.http [-] Request returned failure status 404. _handle_response /usr/lib/python2.7/site-packages/glanceclient/common/http.py:125
2019-08-02 19:45:05.422 725 DEBUG glanceclient.common.http [-] Request returned failure status 404. _handle_response /usr/lib/python2.7/site-packages/glanceclient/common/http.py:125
2019-08-02 19:45:05.613 725 DEBUG glanceclient.common.http [-] Request returned failure status 404. _handle_response /usr/lib/python2.7/site-packages/glanceclient/common/http.py:125
2019-08-02 19:45:05.644 725 DEBUG glanceclient.common.http [-] Request returned failure status 404. _handle_response /usr/lib/python2.7/site-packages/glanceclient/common/http.py:125
2019-08-02 19:45:05.647 725 DEBUG glanceclient.common.http [-] Request returned failure status 404. _handle_response /usr/lib/python2.7/site-packages/glanceclient/common/http.py:125
2019-08-02 19:45:05.651 725 DEBUG glanceclient.common.http [-] Request returned failure status 404. _handle_response /usr/lib/python2.7/site-packages/glanceclient/common/http.py:125
2019-08-02 19:45:05.659 725 DEBUG glanceclient.common.http [-] Request returned failure status 404. _handle_response /usr/lib/python2.7/site-packages/glanceclient/common/http.py:125
2019-08-02 19:45:05.686 725 DEBUG glanceclient.common.http [-] Request returned failure status 404. _handle_response /usr/lib/python2.7/site-packages/glanceclient/common/http.py:125
2019-08-02 19:45:05.700 725 DEBUG glanceclient.common.http [-] Request returned failure status 404. _handle_response /usr/lib/python2.7/site-packages/glanceclient/common/http.py:125
2019-08-02 19:45:05.727 725 DEBUG glanceclient.common.http [-] Request returned failure status 404. _handle_response /usr/lib/python2.7/site-packages/glanceclient/common/http.py:125
2019-08-02 19:45:05.772 725 DEBUG glanceclient.common.http [-] Request returned failure status 404. _handle_response /usr/lib/python2.7/site-packages/glanceclient/common/http.py:125
2019-08-02 19:45:05.926 725 DEBUG glanceclient.common.http [-] Request returned failure status 404. _handle_response /usr/lib/python2.7/site-packages/glanceclient/common/http.py:125
2019-08-02 19:45:05.941 725 DEBUG glanceclient.common.http [-] Request returned failure status 404. _handle_response /usr/lib/python2.7/site-packages/glanceclient/common/http.py:125
2019-08-02 19:45:06.072 725 DEBUG glanceclient.common.http [-] Request returned failure status 404. _handle_response /usr/lib/python2.7/site-packages/glanceclient/common/http.py:125
2019-08-02 19:45:07.075 725 INFO rally.task.context [-] Task d1a70357-d90a-4615-bf28-1154371806e0 | Context cleanup@openstack cleanup() finished in 8.38 sec
2019-08-02 19:45:07.075 725 INFO rally.task.context [-] Task d1a70357-d90a-4615-bf28-1154371806e0 | Context users@openstack cleanup() started
2019-08-02 19:45:15.307 725 INFO rally.task.context [-] Task d1a70357-d90a-4615-bf28-1154371806e0 | Context users@openstack cleanup() finished in 8.23 sec
2019-08-02 19:45:17.251 725 INFO rally.task.engine [-] Load duration is: 16.073722
2019-08-02 19:45:17.252 725 INFO rally.task.engine [-] Full runner duration is: 17.148688
2019-08-02 19:45:17.252 725 INFO rally.task.engine [-] Full duration is: 38.343238
2019-08-02 19:45:17.500 725 INFO rally.task.engine [-] Running workload: position = 0 config = { "version": 2, "title": "A cropped version of a bigger task.", "description": "Auto-generated task from a single workload (uuid=1adb5c4b-5006-4f6f-8d35-e16a01ff039f)", "subtasks": [ { "title": "GlanceImages.create_and_update_image", "description": "Create an image then update it.", "scenario": { "GlanceImages.create_and_update_image": { "container_format": "bare", "disk_format": "qcow2", "image_location": "/home/opnfv/functest/images/cirros-0.4.0-x86_64-disk.img" } }, "contexts": { "users": { "tenants": 3, "users_per_tenant": 2 } }, "runner": { "constant": { "concurrency": 4, "times": 10 } }, "hooks": [], "sla": { "failure_rate": { "max": 0 } } } ] }
2019-08-02 19:45:17.521 725 RALLYDEBUG rally_openstack.contexts.keystone.users [-] Creating 3 tenants using 20 threads
2019-08-02 19:45:19.498 725 RALLYDEBUG rally_openstack.contexts.keystone.users [-] Creating 6 users using 20 threads
2019-08-02 19:45:22.294 725 INFO rally.task.context [-] Task d1a70357-d90a-4615-bf28-1154371806e0 | Context users@openstack setup() finished in 4.77 sec
2019-08-02 19:45:22.294 725 INFO rally.task.context [-] Task d1a70357-d90a-4615-bf28-1154371806e0 | Context cleanup@openstack setup() finished in 0.01 msec
2019-08-02 19:45:22.302 725 RALLYDEBUG rally.task.runner [-] Starting the constant runner (task UUID: d1a70357-d90a-4615-bf28-1154371806e0). timeout: 0 concurrency: 4 concurrency_per_worker: 1 times: 10 concurrency_overhead: 0 processes_to_start: 4 max_cpu_used: 16
2019-08-02 19:45:22.313 1757 RALLYDEBUG rally.task.runner [-] Starting a worker. concurrency: 1 args: {"container_format": "bare", "disk_format": "qcow2", "image_location": "/home/opnfv/functest/images/cirros-0.4.0-x86_64-disk.img"} times: 10 method_name: run timeout: 0 duration: None cls:
2019-08-02 19:45:22.317 1758 RALLYDEBUG rally.task.runner [-] Starting a worker. concurrency: 1 args: {"container_format": "bare", "disk_format": "qcow2", "image_location": "/home/opnfv/functest/images/cirros-0.4.0-x86_64-disk.img"} times: 10 method_name: run timeout: 0 duration: None cls:
2019-08-02 19:45:22.319 1757 INFO rally.task.runner [-] Task d1a70357-d90a-4615-bf28-1154371806e0 | ITER: 1 START
2019-08-02 19:45:22.322 1758 INFO rally.task.runner [-] Task d1a70357-d90a-4615-bf28-1154371806e0 | ITER: 2 START
2019-08-02 19:45:22.321 1759 RALLYDEBUG rally.task.runner [-] Starting a worker. concurrency: 1 args: {"container_format": "bare", "disk_format": "qcow2", "image_location": "/home/opnfv/functest/images/cirros-0.4.0-x86_64-disk.img"} times: 10 method_name: run timeout: 0 duration: None cls:
2019-08-02 19:45:22.324 1760 RALLYDEBUG rally.task.runner [-] Starting a worker. concurrency: 1 args: {"container_format": "bare", "disk_format": "qcow2", "image_location": "/home/opnfv/functest/images/cirros-0.4.0-x86_64-disk.img"} times: 10 method_name: run timeout: 0 duration: None cls:
2019-08-02 19:45:22.327 1759 INFO rally.task.runner [-] Task d1a70357-d90a-4615-bf28-1154371806e0 | ITER: 3 START
2019-08-02 19:45:22.330 1760 INFO rally.task.runner [-] Task d1a70357-d90a-4615-bf28-1154371806e0 | ITER: 4 START
2019-08-02 19:45:25.925 1760 RALLYDEBUG rally.task.utils [-] Waiting for resource u'd5f923a2-6639-4087-91d0-370acbbd3aa8'. Status changed: NONE => QUEUED in 0.294167995453
2019-08-02 19:45:26.335 1757 RALLYDEBUG rally.task.utils [-] Waiting for resource u'6e6914a8-9135-4ea4-ab1c-22243b0b7d1f'. Status changed: NONE => QUEUED in 0.407387971878
2019-08-02 19:45:26.401 1758 RALLYDEBUG rally.task.utils [-] Waiting for resource u'45beaf19-62cc-4502-8436-319e31f7eaef'. Status changed: NONE => QUEUED in 0.501046895981
