2019-08-02 20:08:44.551 5111 INFO rally.task.runner [-] Task 95be3dba-c0fc-4ff9-9165-2aee1918522e | ITER: 6 START
2019-08-02 20:08:44.587 5113 INFO rally.task.runner [-] Task 95be3dba-c0fc-4ff9-9165-2aee1918522e | ITER: 4 END: OK
2019-08-02 20:08:44.592 5113 INFO rally.task.runner [-] Task 95be3dba-c0fc-4ff9-9165-2aee1918522e | ITER: 7 START
2019-08-02 20:08:44.703 5112 INFO rally.task.runner [-] Task 95be3dba-c0fc-4ff9-9165-2aee1918522e | ITER: 3 END: OK
2019-08-02 20:08:44.708 5112 INFO rally.task.runner [-] Task 95be3dba-c0fc-4ff9-9165-2aee1918522e | ITER: 8 START
2019-08-02 20:08:45.612 5110 INFO rally.task.runner [-] Task 95be3dba-c0fc-4ff9-9165-2aee1918522e | ITER: 5 END: OK
2019-08-02 20:08:45.616 5110 INFO rally.task.runner [-] Task 95be3dba-c0fc-4ff9-9165-2aee1918522e | ITER: 9 START
2019-08-02 20:08:45.631 5111 INFO rally.task.runner [-] Task 95be3dba-c0fc-4ff9-9165-2aee1918522e | ITER: 6 END: OK
2019-08-02 20:08:45.636 5111 INFO rally.task.runner [-] Task 95be3dba-c0fc-4ff9-9165-2aee1918522e | ITER: 10 START
2019-08-02 20:08:45.666 5113 INFO rally.task.runner [-] Task 95be3dba-c0fc-4ff9-9165-2aee1918522e | ITER: 7 END: OK
2019-08-02 20:08:45.717 5112 INFO rally.task.runner [-] Task 95be3dba-c0fc-4ff9-9165-2aee1918522e | ITER: 8 END: OK
2019-08-02 20:08:46.631 5111 INFO rally.task.runner [-] Task 95be3dba-c0fc-4ff9-9165-2aee1918522e | ITER: 10 END: OK
2019-08-02 20:08:46.779 5110 INFO rally.task.runner [-] Task 95be3dba-c0fc-4ff9-9165-2aee1918522e | ITER: 9 END: OK
2019-08-02 20:08:46.801 1842 INFO rally.task.context [-] Task 95be3dba-c0fc-4ff9-9165-2aee1918522e | Context admin_cleanup@openstack cleanup() started
2019-08-02 20:08:46.803 1842 RALLYDEBUG rally_openstack.cleanup.manager [-] Cleaning up cinder volume_types objects
2019-08-02 20:08:47.585 1842 RALLYDEBUG rally_openstack.cleanup.manager [-] Cleaning up cinder image_volumes_cache objects
2019-08-02 20:08:49.079 1842 RALLYDEBUG rally_openstack.cleanup.manager [-] Cleaning up cinder quotas objects
2019-08-02 20:08:50.906 1842 RALLYDEBUG rally_openstack.cleanup.manager [-] Cleaning up cinder qos_specs objects
2019-08-02 20:08:51.638 1842 RALLYDEBUG rally_openstack.cleanup.manager [-] Deleting cinder.qos_specs object s_rally_ac22f4d7_fhUftHZk (3e03c691-a1dc-4c7d-83c7-0afc6e6316bc)
2019-08-02 20:08:51.642 1842 RALLYDEBUG rally_openstack.cleanup.manager [-] Deleting cinder.qos_specs object s_rally_ac22f4d7_RTxRNAel (1d762c6c-0a77-4d45-98c9-be4a9fd4d3b7)
2019-08-02 20:08:51.648 1842 RALLYDEBUG rally_openstack.cleanup.manager [-] Deleting cinder.qos_specs object s_rally_ac22f4d7_jAb2ZToH (cbb87b64-84e6-447c-b975-73dd6b6cf6eb)
2019-08-02 20:08:51.648 1842 RALLYDEBUG rally_openstack.cleanup.manager [-] Deleting cinder.qos_specs object s_rally_ac22f4d7_u9Y4sWfI (9dc23b6b-6d26-466f-bb07-73ee4b59a1bf)
2019-08-02 20:08:51.656 1842 RALLYDEBUG rally_openstack.cleanup.manager [-] Deleting cinder.qos_specs object s_rally_ac22f4d7_x1LfiDll (5ec1859f-fa27-4b85-be81-5fa2b7c91637)
2019-08-02 20:08:51.666 1842 RALLYDEBUG rally_openstack.cleanup.manager [-] Deleting cinder.qos_specs object s_rally_ac22f4d7_FewAQnXJ (1ca6f456-7110-4d4d-86d4-e3256a46878d)
2019-08-02 20:08:51.681 1842 RALLYDEBUG rally_openstack.cleanup.manager [-] Deleting cinder.qos_specs object s_rally_ac22f4d7_mNTq6oxB (a9cc706a-ed2d-429a-88a5-8ea77006923d)
2019-08-02 20:08:51.683 1842 RALLYDEBUG rally_openstack.cleanup.manager [-] Deleting cinder.qos_specs object s_rally_ac22f4d7_L8RFsTcK (ccb80e6e-6165-4e38-8af8-2c9e59526cfb)
2019-08-02 20:08:51.691 1842 RALLYDEBUG rally_openstack.cleanup.manager [-] Deleting cinder.qos_specs object s_rally_ac22f4d7_OQYCy9jB (8f1374e0-a174-4433-822b-73029f93af4a)
2019-08-02 20:08:51.697 1842 RALLYDEBUG rally_openstack.cleanup.manager [-] Deleting cinder.qos_specs object s_rally_ac22f4d7_luD43UXQ (17edd6bc-2981-4e78-b21d-25af79ece058)
2019-08-02 20:08:54.120 1842 INFO rally.task.context [-] Task 95be3dba-c0fc-4ff9-9165-2aee1918522e | Context admin_cleanup@openstack cleanup() finished in 7.32 sec
2019-08-02 20:08:54.121 1842 INFO rally.task.context [-] Task 95be3dba-c0fc-4ff9-9165-2aee1918522e | Context api_versions@openstack cleanup() started
2019-08-02 20:08:54.121 1842 INFO rally.task.context [-] Task 95be3dba-c0fc-4ff9-9165-2aee1918522e | Context api_versions@openstack cleanup() finished in 0.33 msec
2019-08-02 20:08:54.121 1842 INFO rally.task.context [-] Task 95be3dba-c0fc-4ff9-9165-2aee1918522e | Context users@openstack cleanup() started
2019-08-02 20:09:02.527 1842 INFO rally.task.context [-] Task 95be3dba-c0fc-4ff9-9165-2aee1918522e | Context users@openstack cleanup() finished in 8.41 sec
2019-08-02 20:09:04.299 1842 INFO rally.task.engine [-] Load duration is: 3.32837
2019-08-02 20:09:04.300 1842 INFO rally.task.engine [-] Full runner duration is: 3.376605
2019-08-02 20:09:04.300 1842 INFO rally.task.engine [-] Full duration is: 24.362047
2019-08-02 20:09:04.534 1842 INFO rally.task.engine [-] Running workload: position = 0 config = { "version": 2, "title": "A cropped version of a bigger task.", "description": "Auto-generated task from a single workload (uuid=ac7e1f48-e6eb-4cd4-9caf-52a07dcfe52d)", "subtasks": [ { "title": "CinderQos.create_and_list_qos", "description": "Create a qos, then list all qos.", "scenario": { "CinderQos.create_and_list_qos": { "consumer": "both", "write_iops_sec": "10", "read_iops_sec": "1000" } }, "contexts": { "users": { "tenants": 3, "users_per_tenant": 2 }, "api_versions": { "cinder": { "version": 3, "service_type": "volumev3" } } }, "runner": { "constant": { "concurrency": 4, "times": 10 } }, "hooks": [], "sla": { "failure_rate": { "max": 0 } } } ] }
2019-08-02 20:09:04.556 1842 RALLYDEBUG rally_openstack.contexts.keystone.users [-] Creating 3 tenants using 20 threads
2019-08-02 20:09:06.461 1842 RALLYDEBUG rally_openstack.contexts.keystone.users [-] Creating 6 users using 20 threads
2019-08-02 20:09:09.264 1842 INFO rally.task.context [-] Task 95be3dba-c0fc-4ff9-9165-2aee1918522e | Context users@openstack setup() finished in 4.71 sec
2019-08-02 20:09:09.696 1842 INFO rally.task.context [-] Task 95be3dba-c0fc-4ff9-9165-2aee1918522e | Context api_versions@openstack setup() finished in 0.43 sec
2019-08-02 20:09:09.696 1842 INFO rally.task.context [-] Task 95be3dba-c0fc-4ff9-9165-2aee1918522e | Context admin_cleanup@openstack setup() finished in 0.01 msec
2019-08-02 20:09:09.704 1842 RALLYDEBUG rally.task.runner [-] Starting the constant runner (task UUID: 95be3dba-c0fc-4ff9-9165-2aee1918522e). timeout: 0 concurrency: 4 concurrency_per_worker: 1 times: 10 concurrency_overhead: 0 processes_to_start: 4 max_cpu_used: 16
2019-08-02 20:09:09.717 5294 RALLYDEBUG rally.task.runner [-] Starting a worker. concurrency: 1 args: {"consumer": "both", "write_iops_sec": "10", "read_iops_sec": "1000"} times: 10 method_name: run timeout: 0 duration: None cls:
2019-08-02 20:09:09.719 5295 RALLYDEBUG rally.task.runner [-] Starting a worker. concurrency: 1 args: {"consumer": "both", "write_iops_sec": "10", "read_iops_sec": "1000"} times: 10 method_name: run timeout: 0 duration: None cls:
2019-08-02 20:09:09.721 5296 RALLYDEBUG rally.task.runner [-] Starting a worker. concurrency: 1 args: {"consumer": "both", "write_iops_sec": "10", "read_iops_sec": "1000"} times: 10 method_name: run timeout: 0 duration: None cls:
2019-08-02 20:09:09.725 5294 INFO rally.task.runner [-] Task 95be3dba-c0fc-4ff9-9165-2aee1918522e | ITER: 1 START
2019-08-02 20:09:09.725 5297 RALLYDEBUG rally.task.runner [-] Starting a worker. concurrency: 1 args: {"consumer": "both", "write_iops_sec": "10", "read_iops_sec": "1000"} times: 10 method_name: run timeout: 0 duration: None cls:
2019-08-02 20:09:09.726 5295 INFO rally.task.runner [-] Task 95be3dba-c0fc-4ff9-9165-2aee1918522e | ITER: 2 START
2019-08-02 20:09:09.727 5296 INFO rally.task.runner [-] Task 95be3dba-c0fc-4ff9-9165-2aee1918522e | ITER: 3 START
2019-08-02 20:09:09.732 5297 INFO rally.task.runner [-] Task 95be3dba-c0fc-4ff9-9165-2aee1918522e | ITER: 4 START
2019-08-02 20:09:10.795 5296 INFO rally.task.runner [-] Task 95be3dba-c0fc-4ff9-9165-2aee1918522e | ITER: 3 END: OK
2019-08-02 20:09:10.800 5296 INFO rally.task.runner [-] Task 95be3dba-c0fc-4ff9-9165-2aee1918522e | ITER: 5 START
2019-08-02 20:09:10.815 5295 INFO rally.task.runner [-] Task 95be3dba-c0fc-4ff9-9165-2aee1918522e | ITER: 2 END: OK
2019-08-02 20:09:10.820 5295 INFO rally.task.runner [-] Task 95be3dba-c0fc-4ff9-9165-2aee1918522e | ITER: 6 START
2019-08-02 20:09:10.828 5297 INFO rally.task.runner [-] Task 95be3dba-c0fc-4ff9-9165-2aee1918522e | ITER: 4 END: OK
2019-08-02 20:09:10.832 5297 INFO rally.task.runner [-] Task 95be3dba-c0fc-4ff9-9165-2aee1918522e | ITER: 7 START
2019-08-02 20:09:10.847 5294 INFO rally.task.runner [-] Task 95be3dba-c0fc-4ff9-9165-2aee1918522e | ITER: 1 END: OK
2019-08-02 20:09:10.851 5294 INFO rally.task.runner [-] Task 95be3dba-c0fc-4ff9-9165-2aee1918522e | ITER: 8 START
2019-08-02 20:09:11.811 5297 INFO rally.task.runner [-] Task 95be3dba-c0fc-4ff9-9165-2aee1918522e | ITER: 7 END: OK
2019-08-02 20:09:11.816 5297 INFO rally.task.runner [-] Task 95be3dba-c0fc-4ff9-9165-2aee1918522e | ITER: 9 START
2019-08-02 20:09:11.894 5294 INFO rally.task.runner [-] Task 95be3dba-c0fc-4ff9-9165-2aee1918522e | ITER: 8 END: OK
2019-08-02 20:09:11.897 5296 INFO rally.task.runner [-] Task 95be3dba-c0fc-4ff9-9165-2aee1918522e | ITER: 5 END: OK
2019-08-02 20:09:11.900 5294 INFO rally.task.runner [-] Task 95be3dba-c0fc-4ff9-9165-2aee1918522e | ITER: 10 START
2019-08-02 20:09:12.056 5295 INFO rally.task.runner [-] Task 95be3dba-c0fc-4ff9-9165-2aee1918522e | ITER: 6 END: OK
2019-08-02 20:09:12.824 5297 INFO rally.task.runner [-] Task 95be3dba-c0fc-4ff9-9165-2aee1918522e | ITER: 9 END: OK
2019-08-02 20:09:12.875 5294 INFO rally.task.runner [-] Task 95be3dba-c0fc-4ff9-9165-2aee1918522e | ITER: 10 END: OK
2019-08-02 20:09:12.900 1842 INFO rally.task.context [-] Task 95be3dba-c0fc-4ff9-9165-2aee1918522e | Context admin_cleanup@openstack cleanup() started
2019-08-02 20:09:12.902 1842 RALLYDEBUG rally_openstack.cleanup.manager [-] Cleaning up cinder volume_types objects
2019-08-02 20:09:13.568 1842 RALLYDEBUG rally_openstack.cleanup.manager [-] Cleaning up cinder image_volumes_cache objects
2019-08-02 20:09:14.946 1842 RALLYDEBUG rally_openstack.cleanup.manager [-] Cleaning up cinder quotas objects
2019-08-02 20:09:16.673 1842 RALLYDEBUG rally_openstack.cleanup.manager [-] Cleaning up cinder qos_specs objects
2019-08-02 20:09:17.437 1842 RALLYDEBUG rally_openstack.cleanup.manager [-] Deleting cinder.qos_specs object s_rally_ac7e1f48_48rVxrt7 (f1fe2c43-fe82-435f-bfa7-38d0f064ac05)
2019-08-02 20:09:17.448 1842 RALLYDEBUG rally_openstack.cleanup.manager [-] Deleting cinder.qos_specs object s_rally_ac7e1f48_0qQH3JsD (5f6b0153-41e9-4b42-b3d7-d7fcf5fd83db)
2019-08-02 20:09:17.454 1842 RALLYDEBUG rally_openstack.cleanup.manager [-] Deleting cinder.qos_specs object s_rally_ac7e1f48_su1oqdSG (cd6808b0-639e-44f2-b7c3-b803eddb0b0f)
2019-08-02 20:09:17.466 1842 RALLYDEBUG rally_openstack.cleanup.manager [-] Deleting cinder.qos_specs object s_rally_ac7e1f48_Dfyb9lks (85adc792-20f7-4237-a82f-76853d82e967)
2019-08-02 20:09:17.467 1842 RALLYDEBUG rally_openstack.cleanup.manager [-] Deleting cinder.qos_specs object s_rally_ac7e1f48_3UWTY23S (3d5f00fa-00b7-46bd-9bbc-52fcfae98659)
2019-08-02 20:09:17.477 1842 RALLYDEBUG rally_openstack.cleanup.manager [-] Deleting cinder.qos_specs object s_rally_ac7e1f48_F5SnoQVg (26dd9f80-05b1-4ce2-ba6b-0c1ff46620dd)
2019-08-02 20:09:17.482 1842 RALLYDEBUG rally_openstack.cleanup.manager [-] Deleting cinder.qos_specs object s_rally_ac7e1f48_4mnniK2x (ef091ed2-6c58-4f53-ae66-b1fda894b986)
2019-08-02 20:09:17.502 1842 RALLYDEBUG rally_openstack.cleanup.manager [-] Deleting cinder.qos_specs object s_rally_ac7e1f48_t2OWbGYu (e9884992-e893-49db-91f8-09f22b042e99)
2019-08-02 20:09:17.505 1842 RALLYDEBUG rally_openstack.cleanup.manager [-] Deleting cinder.qos_specs object s_rally_ac7e1f48_HuhCgW7P (376c15b9-0381-466f-ace5-53997f015612)
2019-08-02 20:09:17.524 1842 RALLYDEBUG rally_openstack.cleanup.manager [-] Deleting cinder.qos_specs object s_rally_ac7e1f48_26NaXLen (74210287-18bb-4017-b31f-7bc44954c60e)
2019-08-02 20:09:19.841 1842 INFO rally.task.context [-] Task 95be3dba-c0fc-4ff9-9165-2aee1918522e | Context admin_cleanup@openstack cleanup() finished in 6.94 sec
2019-08-02 20:09:19.841 1842 INFO rally.task.context [-] Task 95be3dba-c0fc-4ff9-9165-2aee1918522e | Context api_versions@openstack cleanup() started
2019-08-02 20:09:19.842 1842 INFO rally.task.context [-] Task 95be3dba-c0fc-4ff9-9165-2aee1918522e | Context api_versions@openstack cleanup() finished in 0.32 msec
2019-08-02 20:09:19.842 1842 INFO rally.task.context [-] Task 95be3dba-c0fc-4ff9-9165-2aee1918522e | Context users@openstack cleanup() started
2019-08-02 20:09:27.778 1842 INFO rally.task.context [-] Task 95be3dba-c0fc-4ff9-9165-2aee1918522e | Context users@openstack cleanup() finished in 7.94 sec
2019-08-02 20:09:28.655 1842 INFO rally.task.engine [-] Load duration is: 3.145859
2019-08-02 20:09:28.656 1842 INFO rally.task.engine [-] Full runner duration is: 3.196539
2019-08-02 20:09:28.656 1842 INFO rally.task.engine [-] Full duration is: 23.224285
2019-08-02 20:09:28.935 1842 INFO rally.task.engine [-] Running workload: position = 0 config = { "version": 2, "title": "A cropped version of a bigger task.", "description": "Auto-generated task from a single workload (uuid=f7af8a40-8721-4941-803e-bedf1f215575)", "subtasks": [ { "title": "CinderQos.create_and_set_qos", "description": "Create a qos, then Add/Update keys in qos specs.", "scenario": { "CinderQos.create_and_set_qos": { "consumer": "back-end", "write_iops_sec": "10", "read_iops_sec": "1000", "set_consumer": "both", "set_write_iops_sec": "11", "set_read_iops_sec": "1001" } }, "contexts": { "users": { "tenants": 3, "users_per_tenant": 2 }, "api_versions": { "cinder": { "version": 3, "service_type": "volumev3" } } }, "runner": { "constant": { "concurrency": 4, "times": 10 } }, "hooks": [], "sla": { "failure_rate": { "max": 0 } } } ] }
2019-08-02 20:09:28.959 1842 RALLYDEBUG rally_openstack.contexts.keystone.users [-] Creating 3 tenants using 20 threads
2019-08-02 20:09:30.889 1842 RALLYDEBUG rally_openstack.contexts.keystone.users [-] Creating 6 users using 20 threads
2019-08-02 20:09:33.659 1842 INFO rally.task.context [-] Task 95be3dba-c0fc-4ff9-9165-2aee1918522e | Context users@openstack setup() finished in 4.70 sec
2019-08-02 20:09:34.096 1842 INFO rally.task.context [-] Task 95be3dba-c0fc-4ff9-9165-2aee1918522e | Context api_versions@openstack setup() finished in 0.44 sec
2019-08-02 20:09:34.096 1842 INFO rally.task.context [-] Task 95be3dba-c0fc-4ff9-9165-2aee1918522e | Context admin_cleanup@openstack setup() finished in 0.01 msec
2019-08-02 20:09:34.103 1842 RALLYDEBUG rally.task.runner [-] Starting the constant runner (task UUID: 95be3dba-c0fc-4ff9-9165-2aee1918522e). timeout: 0 concurrency: 4 concurrency_per_worker: 1 times: 10 concurrency_overhead: 0 processes_to_start: 4 max_cpu_used: 16
2019-08-02 20:09:34.117 5478 RALLYDEBUG rally.task.runner [-] Starting a worker. concurrency: 1 args: {"consumer": "back-end", "write_iops_sec": "10", "read_iops_sec": "1000", "set_consumer": "both", "set_write_iops_sec": "11", "set_read_iops_sec": "1001"} times: 10 method_name: run timeout: 0 duration: None cls:
2019-08-02 20:09:34.119 5479 RALLYDEBUG rally.task.runner [-] Starting a worker. concurrency: 1 args: {"consumer": "back-end", "write_iops_sec": "10", "read_iops_sec": "1000", "set_consumer": "both", "set_write_iops_sec": "11", "set_read_iops_sec": "1001"} times: 10 method_name: run timeout: 0 duration: None cls:
2019-08-02 20:09:34.122 5480 RALLYDEBUG rally.task.runner [-] Starting a worker. concurrency: 1 args: {"consumer": "back-end", "write_iops_sec": "10", "read_iops_sec": "1000", "set_consumer": "both", "set_write_iops_sec": "11", "set_read_iops_sec": "1001"} times: 10 method_name: run timeout: 0 duration: None cls:
2019-08-02 20:09:34.124 5478 INFO rally.task.runner [-] Task 95be3dba-c0fc-4ff9-9165-2aee1918522e | ITER: 1 START
2019-08-02 20:09:34.125 5481 RALLYDEBUG rally.task.runner [-] Starting a worker. concurrency: 1 args: {"consumer": "back-end", "write_iops_sec": "10", "read_iops_sec": "1000", "set_consumer": "both", "set_write_iops_sec": "11", "set_read_iops_sec": "1001"} times: 10 method_name: run timeout: 0 duration: None cls:
2019-08-02 20:09:34.127 5479 INFO rally.task.runner [-] Task 95be3dba-c0fc-4ff9-9165-2aee1918522e | ITER: 2 START
2019-08-02 20:09:34.130 5480 INFO rally.task.runner [-] Task 95be3dba-c0fc-4ff9-9165-2aee1918522e | ITER: 3 START
2019-08-02 20:09:34.132 5481 INFO rally.task.runner [-] Task 95be3dba-c0fc-4ff9-9165-2aee1918522e | ITER: 4 START
2019-08-02 20:09:35.240 5481 INFO rally.task.runner [-] Task 95be3dba-c0fc-4ff9-9165-2aee1918522e | ITER: 4 END: OK
2019-08-02 20:09:35.245 5481 INFO rally.task.runner [-] Task 95be3dba-c0fc-4ff9-9165-2aee1918522e | ITER: 5 START
2019-08-02 20:09:35.308 5479 INFO rally.task.runner [-] Task 95be3dba-c0fc-4ff9-9165-2aee1918522e | ITER: 2 END: OK
2019-08-02 20:09:35.313 5479 INFO rally.task.runner [-] Task 95be3dba-c0fc-4ff9-9165-2aee1918522e | ITER: 6 START
2019-08-02 20:09:35.332 5478 INFO rally.task.runner [-] Task 95be3dba-c0fc-4ff9-9165-2aee1918522e | ITER: 1 END: OK
2019-08-02 20:09:35.337 5478 INFO rally.task.runner [-] Task 95be3dba-c0fc-4ff9-9165-2aee1918522e | ITER: 7 START
2019-08-02 20:09:35.359 5480 INFO rally.task.runner [-] Task 95be3dba-c0fc-4ff9-9165-2aee1918522e | ITER: 3 END: OK
2019-08-02 20:09:35.364 5480 INFO rally.task.runner [-] Task 95be3dba-c0fc-4ff9-9165-2aee1918522e | ITER: 8 START
2019-08-02 20:09:36.385 5481 INFO rally.task.runner [-] Task 95be3dba-c0fc-4ff9-9165-2aee1918522e | ITER: 5 END: OK
2019-08-02 20:09:36.389 5481 INFO rally.task.runner [-] Task 95be3dba-c0fc-4ff9-9165-2aee1918522e | ITER: 9 START
2019-08-02 20:09:36.393 5480 INFO rally.task.runner [-] Task 95be3dba-c0fc-4ff9-9165-2aee1918522e | ITER: 8 END: OK
2019-08-02 20:09:36.398 5480 INFO rally.task.runner [-] Task 95be3dba-c0fc-4ff9-9165-2aee1918522e | ITER: 10 START
2019-08-02 20:09:36.398 5479 INFO rally.task.runner [-] Task 95be3dba-c0fc-4ff9-9165-2aee1918522e | ITER: 6 END: OK
2019-08-02 20:09:36.463 5478 INFO rally.task.runner [-] Task 95be3dba-c0fc-4ff9-9165-2aee1918522e | ITER: 7 END: OK
2019-08-02 20:09:37.407 5480 INFO rally.task.runner [-] Task 95be3dba-c0fc-4ff9-9165-2aee1918522e | ITER: 10 END: OK
2019-08-02 20:09:37.527 5481 INFO rally.task.runner [-] Task 95be3dba-c0fc-4ff9-9165-2aee1918522e | ITER: 9 END: OK
2019-08-02 20:09:37.552 1842 INFO rally.task.context [-] Task 95be3dba-c0fc-4ff9-9165-2aee1918522e | Context admin_cleanup@openstack cleanup() started
2019-08-02 20:09:37.555 1842 RALLYDEBUG rally_openstack.cleanup.manager [-] Cleaning up cinder volume_types objects
2019-08-02 20:09:38.251 1842 RALLYDEBUG rally_openstack.cleanup.manager [-] Cleaning up cinder image_volumes_cache objects
2019-08-02 20:09:39.822 1842 RALLYDEBUG rally_openstack.cleanup.manager [-] Cleaning up cinder quotas objects
2019-08-02 20:09:41.695 1842 RALLYDEBUG rally_openstack.cleanup.manager [-] Cleaning up cinder qos_specs objects
2019-08-02 20:09:42.444 1842 RALLYDEBUG rally_openstack.cleanup.manager [-] Deleting cinder.qos_specs object s_rally_f7af8a40_1JGwqZKF (9a321ccd-7d1e-4c3e-9303-15240750e8f1)
2019-08-02 20:09:42.445 1842 RALLYDEBUG rally_openstack.cleanup.manager [-] Deleting cinder.qos_specs object s_rally_f7af8a40_BTxpaGUD (456844f2-f718-45ab-a959-b4358868d494)
2019-08-02 20:09:42.449 1842 RALLYDEBUG rally_openstack.cleanup.manager [-] Deleting cinder.qos_specs object s_rally_f7af8a40_7uoHog3z (dd81b5b8-0694-4d0b-a129-86622241e6b2)
2019-08-02 20:09:42.462 1842 RALLYDEBUG rally_openstack.cleanup.manager [-] Deleting cinder.qos_specs object s_rally_f7af8a40_AsTS8eBq (a85e5c4d-dc34-4b4a-bc89-46fc0c83c9d3)
2019-08-02 20:09:42.468 1842 RALLYDEBUG rally_openstack.cleanup.manager [-] Deleting cinder.qos_specs object s_rally_f7af8a40_HqcJeHAO (20a3d4de-8a00-478d-851b-bcefe20a78c3)
2019-08-02 20:09:42.475 1842 RALLYDEBUG rally_openstack.cleanup.manager [-] Deleting cinder.qos_specs object s_rally_f7af8a40_X0R2sb26 (59e750b1-78df-4ae5-bf8a-ec4f4491d37b)
2019-08-02 20:09:42.482 1842 RALLYDEBUG rally_openstack.cleanup.manager [-] Deleting cinder.qos_specs object s_rally_f7af8a40_m8fU93wr (cddb345a-a47c-426b-9651-d15085c22bed)
2019-08-02 20:09:42.492 1842 RALLYDEBUG rally_openstack.cleanup.manager [-] Deleting cinder.qos_specs object s_rally_f7af8a40_IR2uO1o2 (9346f571-0a95-4363-9caf-fa1b90a43ef1)
2019-08-02 20:09:42.501 1842 RALLYDEBUG rally_openstack.cleanup.manager [-] Deleting cinder.qos_specs object s_rally_f7af8a40_J2hY1foN (8a0a775b-ac78-49ed-a069-f4eb02999e26)
2019-08-02 20:09:42.523 1842 RALLYDEBUG rally_openstack.cleanup.manager [-] Deleting cinder.qos_specs object s_rally_f7af8a40_sdyGx44H (5cbfbe1d-062f-471d-9149-59aebd9fbdea)
2019-08-02 20:09:44.947 1842 INFO rally.task.context [-] Task 95be3dba-c0fc-4ff9-9165-2aee1918522e | Context admin_cleanup@openstack cleanup() finished in 7.40 sec
2019-08-02 20:09:44.948 1842 INFO rally.task.context [-] Task 95be3dba-c0fc-4ff9-9165-2aee1918522e | Context api_versions@openstack cleanup() started
2019-08-02 20:09:44.948 1842 INFO rally.task.context [-] Task 95be3dba-c0fc-4ff9-9165-2aee1918522e | Context api_versions@openstack cleanup() finished in 0.36 msec
2019-08-02 20:09:44.949 1842 INFO rally.task.context [-] Task 95be3dba-c0fc-4ff9-9165-2aee1918522e | Context users@openstack cleanup() started
2019-08-02 20:09:53.254 1842 INFO rally.task.context [-] Task 95be3dba-c0fc-4ff9-9165-2aee1918522e | Context users@openstack cleanup() finished in 8.31 sec
2019-08-02 20:09:55.093 1842 INFO rally.task.engine [-] Load duration is: 3.397851
2019-08-02 20:09:55.094 1842 INFO rally.task.engine [-] Full runner duration is: 3.449205
2019-08-02 20:09:55.094 1842 INFO rally.task.engine [-] Full duration is: 24.297256
2019-08-02 20:09:55.372 1842 INFO rally.task.engine [-] Running workload: position = 0 config = { "version": 2, "title": "A cropped version of a bigger task.", "description": "Auto-generated task from a single workload (uuid=118583e6-2ade-4786-b59e-66c83c42c25a)", "subtasks": [ { "title": "CinderVolumeTypes.create_and_get_volume_type", "description": "Create a volume Type, then get the details of the type.", "scenario": { "CinderVolumeTypes.create_and_get_volume_type": { "description": "rally tests creating types" } }, "contexts": { "users": { "tenants": 3, "users_per_tenant": 2 }, "api_versions": { "cinder": { "version": 3, "service_type": "volumev3" } } }, "runner": { "constant": { "concurrency": 4, "times": 10 } }, "hooks": [], "sla": { "failure_rate": { "max": 0 } } } ] }
2019-08-02 20:09:55.396 1842 RALLYDEBUG rally_openstack.contexts.keystone.users [-] Creating 3 tenants using 20 threads
2019-08-02 20:09:57.474 1842 RALLYDEBUG rally_openstack.contexts.keystone.users [-] Creating 6 users using 20 threads
2019-08-02 20:10:00.355 1842 INFO rally.task.context [-] Task 95be3dba-c0fc-4ff9-9165-2aee1918522e | Context users@openstack setup() finished in 4.96 sec
2019-08-02 20:10:00.783 1842 INFO rally.task.context [-] Task 95be3dba-c0fc-4ff9-9165-2aee1918522e | Context api_versions@openstack setup() finished in 0.43 sec
2019-08-02 20:10:00.784 1842 INFO rally.task.context [-] Task 95be3dba-c0fc-4ff9-9165-2aee1918522e | Context admin_cleanup@openstack setup() finished in 0.01 msec
2019-08-02 20:10:00.791 1842 RALLYDEBUG rally.task.runner [-] Starting the constant runner (task UUID: 95be3dba-c0fc-4ff9-9165-2aee1918522e). timeout: 0 concurrency: 4 concurrency_per_worker: 1 times: 10 concurrency_overhead: 0 processes_to_start: 4 max_cpu_used: 16
2019-08-02 20:10:00.803 5662 RALLYDEBUG rally.task.runner [-] Starting a worker. concurrency: 1 args: {"description": "rally tests creating types"} times: 10 method_name: run timeout: 0 duration: None cls:
2019-08-02 20:10:00.807 5663 RALLYDEBUG rally.task.runner [-] Starting a worker. concurrency: 1 args: {"description": "rally tests creating types"} times: 10 method_name: run timeout: 0 duration: None cls:
2019-08-02 20:10:00.809 5664 RALLYDEBUG rally.task.runner [-] Starting a worker. concurrency: 1 args: {"description": "rally tests creating types"} times: 10 method_name: run timeout: 0 duration: None cls:
2019-08-02 20:10:00.811 5662 INFO rally.task.runner [-] Task 95be3dba-c0fc-4ff9-9165-2aee1918522e | ITER: 1 START
2019-08-02 20:10:00.813 5665 RALLYDEBUG rally.task.runner [-] Starting a worker. concurrency: 1 args: {"description": "rally tests creating types"} times: 10 method_name: run timeout: 0 duration: None cls:
2019-08-02 20:10:00.814 5663 INFO rally.task.runner [-] Task 95be3dba-c0fc-4ff9-9165-2aee1918522e | ITER: 2 START
2019-08-02 20:10:00.817 5664 INFO rally.task.runner [-] Task 95be3dba-c0fc-4ff9-9165-2aee1918522e | ITER: 3 START
2019-08-02 20:10:00.820 5665 INFO rally.task.runner [-] Task 95be3dba-c0fc-4ff9-9165-2aee1918522e | ITER: 4 START
2019-08-02 20:10:01.904 5662 INFO rally.task.runner [-] Task 95be3dba-c0fc-4ff9-9165-2aee1918522e | ITER: 1 END: OK
2019-08-02 20:10:01.908 5665 INFO rally.task.runner [-] Task 95be3dba-c0fc-4ff9-9165-2aee1918522e | ITER: 4 END: OK
2019-08-02 20:10:01.909 5662 INFO rally.task.runner [-] Task 95be3dba-c0fc-4ff9-9165-2aee1918522e | ITER: 5 START
2019-08-02 20:10:01.913 5665 INFO rally.task.runner [-] Task 95be3dba-c0fc-4ff9-9165-2aee1918522e | ITER: 6 START
2019-08-02 20:10:01.927 5663 INFO rally.task.runner [-] Task 95be3dba-c0fc-4ff9-9165-2aee1918522e | ITER: 2 END: OK
2019-08-02 20:10:01.931 5663 INFO rally.task.runner [-] Task 95be3dba-c0fc-4ff9-9165-2aee1918522e | ITER: 7 START
2019-08-02 20:10:02.022 5664 INFO rally.task.runner [-] Task 95be3dba-c0fc-4ff9-9165-2aee1918522e | ITER: 3 END: OK
2019-08-02 20:10:02.027 5664 INFO rally.task.runner [-] Task 95be3dba-c0fc-4ff9-9165-2aee1918522e | ITER: 8 START
2019-08-02 20:10:02.962 5663 INFO rally.task.runner [-] Task 95be3dba-c0fc-4ff9-9165-2aee1918522e | ITER: 7 END: OK
2019-08-02 20:10:02.968 5663 INFO rally.task.runner [-] Task 95be3dba-c0fc-4ff9-9165-2aee1918522e | ITER: 9 START
2019-08-02 20:10:02.970 5662 INFO rally.task.runner [-] Task 95be3dba-c0fc-4ff9-9165-2aee1918522e | ITER: 5 END: OK
2019-08-02 20:10:02.974 5662 INFO rally.task.runner [-] Task 95be3dba-c0fc-4ff9-9165-2aee1918522e | ITER: 10 START
2019-08-02 20:10:02.979 5665 INFO rally.task.runner [-] Task 95be3dba-c0fc-4ff9-9165-2aee1918522e | ITER: 6 END: OK
2019-08-02 20:10:03.120 5664 INFO rally.task.runner [-] Task 95be3dba-c0fc-4ff9-9165-2aee1918522e | ITER: 8 END: OK
2019-08-02 20:10:03.886 5663 INFO rally.task.runner [-] Task 95be3dba-c0fc-4ff9-9165-2aee1918522e | ITER: 9 END: OK
2019-08-02 20:10:03.977 5662 INFO rally.task.runner [-] Task 95be3dba-c0fc-4ff9-9165-2aee1918522e | ITER: 10 END: OK
2019-08-02 20:10:04.002 1842 INFO rally.task.context [-] Task 95be3dba-c0fc-4ff9-9165-2aee1918522e | Context admin_cleanup@openstack cleanup() started
2019-08-02 20:10:04.005 1842 RALLYDEBUG rally_openstack.cleanup.manager [-] Cleaning up cinder volume_types objects
2019-08-02 20:10:04.741 1842 RALLYDEBUG rally_openstack.cleanup.manager [-] Deleting cinder.volume_types object s_rally_118583e6_AV43eyii (af738308-4e3b-44d3-a95e-70f3f2eb69cc)
2019-08-02 20:10:04.744 1842 RALLYDEBUG rally_openstack.cleanup.manager [-] Deleting cinder.volume_types object s_rally_118583e6_y2uUGm13 (f009c6c2-b0f6-49cd-a0d2-46b43430094a)
2019-08-02 20:10:04.749 1842 RALLYDEBUG rally_openstack.cleanup.manager [-] Deleting cinder.volume_types object s_rally_118583e6_zzVxUZn4 (8b2de560-11cf-498c-a41b-c8ff2a9e7f18)
2019-08-02 20:10:04.758 1842 RALLYDEBUG rally_openstack.cleanup.manager [-] Deleting cinder.volume_types object s_rally_118583e6_qIXD3xTP (6d87a814-56e3-4244-99e5-4f0100b5648c)
2019-08-02 20:10:04.762 1842 RALLYDEBUG rally_openstack.cleanup.manager [-] Deleting cinder.volume_types object s_rally_118583e6_bjTqp1zZ (2b75125a-a420-4f5e-bf3f-7665adede280)
2019-08-02 20:10:04.762 1842 RALLYDEBUG rally_openstack.cleanup.manager [-] Deleting cinder.volume_types object s_rally_118583e6_Ea1GhlED (cee002ce-5c35-4df6-a1d5-6d7e9f3947b1)
2019-08-02 20:10:04.764 1842 RALLYDEBUG rally_openstack.cleanup.manager [-] Deleting cinder.volume_types object s_rally_118583e6_vEgefKEB (2135da36-881e-4174-a70f-1ced47aad1ea)
2019-08-02 20:10:04.769 1842 RALLYDEBUG rally_openstack.cleanup.manager [-] Deleting cinder.volume_types object s_rally_118583e6_sh7NMmku (a08a44f5-f27a-440f-b577-345d0f63dc13)
2019-08-02 20:10:04.770 1842 RALLYDEBUG rally_openstack.cleanup.manager [-] Deleting cinder.volume_types object s_rally_118583e6_qfNko8kO (4601f01e-8b76-451e-a282-afdfe86a5fc9)
2019-08-02 20:10:04.785 1842 RALLYDEBUG rally_openstack.cleanup.manager [-] Deleting cinder.volume_types object s_rally_118583e6_4lBQp3AI (27bcfb30-6ce9-4258-b597-4edf5eee92d8)
2019-08-02 20:10:07.184 1842 RALLYDEBUG rally_openstack.cleanup.manager [-] Cleaning up cinder image_volumes_cache objects
2019-08-02 20:10:08.559 1842 RALLYDEBUG rally_openstack.cleanup.manager [-] Cleaning up cinder quotas objects
2019-08-02 20:10:10.300 1842 RALLYDEBUG rally_openstack.cleanup.manager [-] Cleaning up cinder qos_specs objects
2019-08-02 20:10:11.027 1842 INFO rally.task.context [-] Task 95be3dba-c0fc-4ff9-9165-2aee1918522e | Context admin_cleanup@openstack cleanup() finished in 7.02 sec
2019-08-02 20:10:11.027 1842 INFO rally.task.context [-] Task 95be3dba-c0fc-4ff9-9165-2aee1918522e | Context api_versions@openstack cleanup() started
2019-08-02 20:10:11.028 1842 INFO rally.task.context [-] Task 95be3dba-c0fc-4ff9-9165-2aee1918522e | Context api_versions@openstack cleanup() finished in 0.32 msec
2019-08-02 20:10:11.028 1842 INFO rally.task.context [-] Task 95be3dba-c0fc-4ff9-9165-2aee1918522e | Context users@openstack cleanup() started
2019-08-02 20:10:18.868 1842 INFO rally.task.context [-] Task 95be3dba-c0fc-4ff9-9165-2aee1918522e | Context users@openstack cleanup() finished in 7.84 sec
2019-08-02 20:10:19.510 1842 INFO rally.task.engine [-] Load duration is: 3.162681
2019-08-02 20:10:19.510 1842 INFO rally.task.engine [-] Full runner duration is: 3.211824
2019-08-02 20:10:19.511 1842 INFO rally.task.engine [-] Full duration is: 23.475988
2019-08-02 20:10:19.756 1842 INFO rally.task.engine [-] Running workload: position = 0 config = { "version": 2, "title": "A cropped version of a bigger task.", "description": "Auto-generated task from a single workload (uuid=585385e2-3440-493c-ad75-2bab2a8b7461)", "subtasks": [ { "title": "CinderVolumeTypes.create_and_list_volume_types", "description": "Create a volume Type, then list all types.", "scenario": { "CinderVolumeTypes.create_and_list_volume_types": { "description": "rally tests creating types" } }, "contexts": { "users": { "tenants": 3, "users_per_tenant": 2 }, "api_versions": { "cinder": { "version": 3, "service_type": "volumev3" } } }, "runner": { "constant": { "concurrency": 4, "times": 10 } }, "hooks": [], "sla": { "failure_rate": { "max": 0 } } } ] }
2019-08-02 20:10:19.780 1842 RALLYDEBUG rally_openstack.contexts.keystone.users [-] Creating 3 tenants using 20 threads
2019-08-02 20:10:21.676 1842 RALLYDEBUG rally_openstack.contexts.keystone.users [-] Creating 6 users using 20 threads
2019-08-02 20:10:24.526 1842 INFO rally.task.context [-] Task 95be3dba-c0fc-4ff9-9165-2aee1918522e | Context users@openstack setup() finished in 4.75 sec
2019-08-02 20:10:24.948 1842 INFO rally.task.context [-] Task 95be3dba-c0fc-4ff9-9165-2aee1918522e | Context api_versions@openstack setup() finished in 0.42 sec
2019-08-02 20:10:24.948 1842 INFO rally.task.context [-] Task 95be3dba-c0fc-4ff9-9165-2aee1918522e | Context admin_cleanup@openstack setup() finished in 0.01 msec
2019-08-02 20:10:24.955 1842 RALLYDEBUG rally.task.runner [-] Starting the constant runner (task UUID: 95be3dba-c0fc-4ff9-9165-2aee1918522e). timeout: 0 concurrency: 4 concurrency_per_worker: 1 times: 10 concurrency_overhead: 0 processes_to_start: 4 max_cpu_used: 16
2019-08-02 20:10:24.969 5846 RALLYDEBUG rally.task.runner [-] Starting a worker. concurrency: 1 args: {"description": "rally tests creating types"} times: 10 method_name: run timeout: 0 duration: None cls:
2019-08-02 20:10:24.971 5847 RALLYDEBUG rally.task.runner [-] Starting a worker. concurrency: 1 args: {"description": "rally tests creating types"} times: 10 method_name: run timeout: 0 duration: None cls:
2019-08-02 20:10:24.972 5848 RALLYDEBUG rally.task.runner [-] Starting a worker. concurrency: 1 args: {"description": "rally tests creating types"} times: 10 method_name: run timeout: 0 duration: None cls:
2019-08-02 20:10:24.976 5846 INFO rally.task.runner [-] Task 95be3dba-c0fc-4ff9-9165-2aee1918522e | ITER: 1 START
2019-08-02 20:10:24.977 5849 RALLYDEBUG rally.task.runner [-] Starting a worker. concurrency: 1 args: {"description": "rally tests creating types"} times: 10 method_name: run timeout: 0 duration: None cls:
2019-08-02 20:10:24.978 5848 INFO rally.task.runner [-] Task 95be3dba-c0fc-4ff9-9165-2aee1918522e | ITER: 3 START
2019-08-02 20:10:24.979 5847 INFO rally.task.runner [-] Task 95be3dba-c0fc-4ff9-9165-2aee1918522e | ITER: 2 START
2019-08-02 20:10:24.984 5849 INFO rally.task.runner [-] Task 95be3dba-c0fc-4ff9-9165-2aee1918522e | ITER: 4 START
2019-08-02 20:10:26.024 5847 INFO rally.task.runner [-] Task 95be3dba-c0fc-4ff9-9165-2aee1918522e | ITER: 2 END: OK
2019-08-02 20:10:26.030 5847 INFO rally.task.runner [-] Task 95be3dba-c0fc-4ff9-9165-2aee1918522e | ITER: 5 START
2019-08-02 20:10:26.045 5846 INFO rally.task.runner [-] Task 95be3dba-c0fc-4ff9-9165-2aee1918522e | ITER: 1 END: OK
2019-08-02 20:10:26.049 5846 INFO rally.task.runner [-] Task 95be3dba-c0fc-4ff9-9165-2aee1918522e | ITER: 6 START
2019-08-02 20:10:26.072 5848 INFO rally.task.runner [-] Task 95be3dba-c0fc-4ff9-9165-2aee1918522e | ITER: 3 END: OK
2019-08-02 20:10:26.076 5848 INFO rally.task.runner [-] Task 95be3dba-c0fc-4ff9-9165-2aee1918522e | ITER: 7 START
2019-08-02 20:10:26.098 5849 INFO rally.task.runner [-] Task 95be3dba-c0fc-4ff9-9165-2aee1918522e | ITER: 4 END: OK
2019-08-02 20:10:26.103 5849 INFO rally.task.runner [-] Task 95be3dba-c0fc-4ff9-9165-2aee1918522e | ITER: 8 START
2019-08-02 20:10:27.028 5846 INFO rally.task.runner [-] Task 95be3dba-c0fc-4ff9-9165-2aee1918522e | ITER: 6 END: OK
2019-08-02 20:10:27.033 5846 INFO rally.task.runner [-] Task 95be3dba-c0fc-4ff9-9165-2aee1918522e | ITER: 9 START
2019-08-02 20:10:27.121 5847 INFO rally.task.runner [-] Task 95be3dba-c0fc-4ff9-9165-2aee1918522e | ITER: 5 END: OK
2019-08-02 20:10:27.125 5847 INFO rally.task.runner [-] Task 95be3dba-c0fc-4ff9-9165-2aee1918522e | ITER: 10 START
2019-08-02 20:10:27.163 5849 INFO rally.task.runner [-] Task 95be3dba-c0fc-4ff9-9165-2aee1918522e | ITER: 8 END: OK
2019-08-02 20:10:27.229 5848 INFO rally.task.runner [-] Task 95be3dba-c0fc-4ff9-9165-2aee1918522e | ITER: 7 END: OK
2019-08-02 20:10:28.044 5846 INFO rally.task.runner [-] Task 95be3dba-c0fc-4ff9-9165-2aee1918522e | ITER: 9 END: OK
2019-08-02 20:10:28.123 5847 INFO rally.task.runner [-] Task 95be3dba-c0fc-4ff9-9165-2aee1918522e | ITER: 10 END: OK
2019-08-02 20:10:28.145 1842 INFO rally.task.context [-] Task 95be3dba-c0fc-4ff9-9165-2aee1918522e | Context admin_cleanup@openstack cleanup() started
2019-08-02 20:10:28.147 1842 RALLYDEBUG rally_openstack.cleanup.manager [-] Cleaning up cinder volume_types objects
2019-08-02 20:10:28.946 1842 RALLYDEBUG rally_openstack.cleanup.manager [-] Deleting cinder.volume_types object s_rally_585385e2_kSNVm9ld (9c50829f-aafc-4b5a-9f8f-f3bdfde763f3)
2019-08-02 20:10:28.947 1842 RALLYDEBUG rally_openstack.cleanup.manager [-] Deleting cinder.volume_types object s_rally_585385e2_ziEi8tb8 (c8ea49b1-4090-460a-a027-d30eca641783)
2019-08-02 20:10:28.954 1842 RALLYDEBUG rally_openstack.cleanup.manager [-] Deleting cinder.volume_types object s_rally_585385e2_uxx2BrXt (dc58d61e-7db8-46a2-acf8-e92e1189ef58)
2019-08-02 20:10:28.955 1842 RALLYDEBUG rally_openstack.cleanup.manager [-] Deleting cinder.volume_types object s_rally_585385e2_bdhh0qHI (a4f707bd-dfd0-407f-9b23-705ebf8e1d1c)
2019-08-02 20:10:28.959 1842 RALLYDEBUG rally_openstack.cleanup.manager [-] Deleting cinder.volume_types object s_rally_585385e2_vjCxhkQn (86ff926e-a296-4d9e-84b7-101c966282b8)
2019-08-02 20:10:28.969 1842 RALLYDEBUG rally_openstack.cleanup.manager [-] Deleting cinder.volume_types object s_rally_585385e2_aoJ2wezL (2e6b9878-3f84-4999-850d-cffef580d2f1)
2019-08-02 20:10:28.969 1842 RALLYDEBUG rally_openstack.cleanup.manager [-] Deleting cinder.volume_types object s_rally_585385e2_KfxhOr2o (55daead8-d1c1-4f57-8fa4-d248a11c62a0)
2019-08-02 20:10:28.970 1842 RALLYDEBUG rally_openstack.cleanup.manager [-] Deleting cinder.volume_types object s_rally_585385e2_WfewXVWt (01268925-afeb-48ef-a307-b492366f8dd4)
2019-08-02 20:10:28.976 1842 RALLYDEBUG rally_openstack.cleanup.manager [-] Deleting cinder.volume_types object s_rally_585385e2_DB5g8UL0 (ebc08e99-0a06-4d17-b333-67dbac13857e)
2019-08-02 20:10:28.986 1842 RALLYDEBUG rally_openstack.cleanup.manager [-] Deleting cinder.volume_types object s_rally_585385e2_IWb5YJBY (c4f3a41f-bd8d-4c87-a03f-9b691405bdc2)
2019-08-02 20:10:31.243 1842 RALLYDEBUG rally_openstack.cleanup.manager [-] Cleaning up cinder image_volumes_cache objects
2019-08-02 20:10:32.519 1842 RALLYDEBUG rally_openstack.cleanup.manager [-] Cleaning up cinder quotas objects
2019-08-02 20:10:34.126 1842 RALLYDEBUG rally_openstack.cleanup.manager [-] Cleaning up cinder qos_specs objects
2019-08-02 20:10:34.893 1842 INFO rally.task.context [-] Task 95be3dba-c0fc-4ff9-9165-2aee1918522e | Context admin_cleanup@openstack cleanup() finished in 6.75 sec
2019-08-02 20:10:34.894 1842 INFO rally.task.context [-] Task 95be3dba-c0fc-4ff9-9165-2aee1918522e | Context api_versions@openstack cleanup() started
2019-08-02 20:10:34.894 1842 INFO rally.task.context [-] Task 95be3dba-c0fc-4ff9-9165-2aee1918522e | Context api_versions@openstack cleanup() finished in 0.30 msec
2019-08-02 20:10:34.894 1842 INFO rally.task.context [-] Task 95be3dba-c0fc-4ff9-9165-2aee1918522e | Context users@openstack cleanup() started
2019-08-02 20:10:43.191 1842 INFO rally.task.context [-] Task 95be3dba-c0fc-4ff9-9165-2aee1918522e | Context users@openstack cleanup() finished in 8.30 sec
2019-08-02 20:10:43.907 1842 INFO rally.task.engine [-] Load duration is: 3.14433
2019-08-02 20:10:43.907 1842 INFO rally.task.engine [-] Full runner duration is: 3.190024
2019-08-02 20:10:43.907 1842 INFO rally.task.engine [-] Full duration is: 23.413977
2019-08-02 20:10:44.163 1842 INFO rally.task.engine [-] Running workload: position = 0 config = { "version": 2, "title": "A cropped version of a bigger task.", "description": "Auto-generated task from a single workload (uuid=79f39187-0fe7-4051-8554-2e35ae8122fc)", "subtasks": [ { "title": "CinderVolumeTypes.create_and_update_volume_type", "description": "create a volume type, then update the type.", "scenario": { "CinderVolumeTypes.create_and_update_volume_type": { "description": "test", "update_description": "test update" } }, "contexts": { "users": { "tenants": 3, "users_per_tenant": 2 }, "api_versions": { "cinder": { "version": 3, "service_type": "volumev3" } } }, "runner": { "constant": { "concurrency": 4, "times": 10 } }, "hooks": [], "sla": { "failure_rate": { "max": 0 } } } ] }
2019-08-02 20:10:44.183 1842 RALLYDEBUG rally_openstack.contexts.keystone.users [-] Creating 3 tenants using 20 threads
2019-08-02 20:10:46.054 1842 RALLYDEBUG rally_openstack.contexts.keystone.users [-] Creating 6 users using 20 threads
2019-08-02 20:10:48.901 1842 INFO rally.task.context [-] Task 95be3dba-c0fc-4ff9-9165-2aee1918522e | Context users@openstack setup() finished in 4.72 sec
2019-08-02 20:10:49.329 1842 INFO rally.task.context [-] Task 95be3dba-c0fc-4ff9-9165-2aee1918522e | Context api_versions@openstack setup() finished in 0.43 sec
2019-08-02 20:10:49.330 1842 INFO rally.task.context [-] Task 95be3dba-c0fc-4ff9-9165-2aee1918522e | Context admin_cleanup@openstack setup() finished in 0.00 msec
2019-08-02 20:10:49.337 1842 RALLYDEBUG rally.task.runner [-] Starting the constant runner (task UUID: 95be3dba-c0fc-4ff9-9165-2aee1918522e). timeout: 0 concurrency: 4 concurrency_per_worker: 1 times: 10 concurrency_overhead: 0 processes_to_start: 4 max_cpu_used: 16
2019-08-02 20:10:49.350 6030 RALLYDEBUG rally.task.runner [-] Starting a worker. concurrency: 1 args: {"description": "test", "update_description": "test update"} times: 10 method_name: run timeout: 0 duration: None cls:
2019-08-02 20:10:49.353 6031 RALLYDEBUG rally.task.runner [-] Starting a worker. concurrency: 1 args: {"description": "test", "update_description": "test update"} times: 10 method_name: run timeout: 0 duration: None cls:
2019-08-02 20:10:49.355 6032 RALLYDEBUG rally.task.runner [-] Starting a worker. concurrency: 1 args: {"description": "test", "update_description": "test update"} times: 10 method_name: run timeout: 0 duration: None cls:
2019-08-02 20:10:49.358 6030 INFO rally.task.runner [-] Task 95be3dba-c0fc-4ff9-9165-2aee1918522e | ITER: 1 START
2019-08-02 20:10:49.358 6033 RALLYDEBUG rally.task.runner [-] Starting a worker. concurrency: 1 args: {"description": "test", "update_description": "test update"} times: 10 method_name: run timeout: 0 duration: None cls:
2019-08-02 20:10:49.359 6031 INFO rally.task.runner [-] Task 95be3dba-c0fc-4ff9-9165-2aee1918522e | ITER: 2 START
2019-08-02 20:10:49.362 6032 INFO rally.task.runner [-] Task 95be3dba-c0fc-4ff9-9165-2aee1918522e | ITER: 3 START
2019-08-02 20:10:49.365 6033 INFO rally.task.runner [-] Task 95be3dba-c0fc-4ff9-9165-2aee1918522e | ITER: 4 START
2019-08-02 20:10:49.806 6032 DEBUG cinderclient.v2.client [-] REQ: curl -g -i -X POST http://172.30.9.23:8776/v3/551948add9cb4d15bbc0bcbe21f14c59/types -H "Accept: application/json" -H "Content-Type: application/json" -H "User-Agent: python-cinderclient" -H "X-Auth-Token: {SHA1}e26a2a8ac8a88a32ba78ae85986e2cba423f624f" -d '{"volume_type": {"os-volume-type-access:is_public": true, "name": "s_rally_79f39187_9mD6mQ6F", "description": "test"}}' _http_log_request /usr/lib/python2.7/site-packages/keystoneauth1/session.py:448
2019-08-02 20:10:49.810 6033 DEBUG cinderclient.v2.client [-] REQ: curl -g -i -X POST http://172.30.9.23:8776/v3/551948add9cb4d15bbc0bcbe21f14c59/types -H "Accept: application/json" -H "Content-Type: application/json" -H "User-Agent: python-cinderclient" -H "X-Auth-Token: {SHA1}7b741606c6e722580905f19ed28b999e402b7d55" -d '{"volume_type": {"os-volume-type-access:is_public": true, "name": "s_rally_79f39187_bnjsbwaZ", "description": "test"}}' _http_log_request /usr/lib/python2.7/site-packages/keystoneauth1/session.py:448
2019-08-02 20:10:49.816 6031 DEBUG cinderclient.v2.client [-] REQ: curl -g -i -X POST http://172.30.9.23:8776/v3/551948add9cb4d15bbc0bcbe21f14c59/types -H "Accept: application/json" -H "Content-Type: application/json" -H "User-Agent: python-cinderclient" -H "X-Auth-Token: {SHA1}487ad888bc9c682bbfea070766060d240727feed" -d '{"volume_type": {"os-volume-type-access:is_public": true, "name": "s_rally_79f39187_ZnaLdIx1", "description": "test"}}' _http_log_request /usr/lib/python2.7/site-packages/keystoneauth1/session.py:448
2019-08-02 20:10:49.821 6030 DEBUG cinderclient.v2.client [-] REQ: curl -g -i -X POST http://172.30.9.23:8776/v3/551948add9cb4d15bbc0bcbe21f14c59/types -H "Accept: application/json" -H "Content-Type: application/json" -H "User-Agent: python-cinderclient" -H "X-Auth-Token: {SHA1}57409683abbe12480d633952cf1eff5c7c5c2631" -d '{"volume_type": {"os-volume-type-access:is_public": true, "name": "s_rally_79f39187_47splz38", "description": "test"}}' _http_log_request /usr/lib/python2.7/site-packages/keystoneauth1/session.py:448
2019-08-02 20:10:50.141 6033 DEBUG cinderclient.v2.client [-] RESP: [200] Content-Encoding: gzip Content-Length: 166 Content-Type: application/json Date: Fri, 02 Aug 2019 20:10:49 GMT OpenStack-API-Version: volume 3.0 Server: Apache Vary: OpenStack-API-Version,Accept-Encoding x-compute-request-id: req-58bf54d9-4a9e-4d64-b5b6-551628f20c03 x-openstack-request-id: req-58bf54d9-4a9e-4d64-b5b6-551628f20c03 _http_log_response /usr/lib/python2.7/site-packages/keystoneauth1/session.py:479
2019-08-02 20:10:50.142 6033 DEBUG cinderclient.v2.client [-] RESP BODY: {"volume_type": {"name": "s_rally_79f39187_bnjsbwaZ", "extra_specs": {}, "os-volume-type-access:is_public": true, "is_public": true, "id": "dabbd4d0-3233-4f7b-8dc9-fd8c2dfde684", "description": "test"}} _http_log_response /usr/lib/python2.7/site-packages/keystoneauth1/session.py:511
2019-08-02 20:10:50.142 6033 DEBUG cinderclient.v2.client [-] POST call to volumev2 for http://172.30.9.23:8776/v3/551948add9cb4d15bbc0bcbe21f14c59/types used request id req-58bf54d9-4a9e-4d64-b5b6-551628f20c03 request /usr/lib/python2.7/site-packages/keystoneauth1/session.py:844
2019-08-02 20:10:50.144 6033 DEBUG cinderclient.v2.client [-] REQ: curl -g -i -X PUT http://172.30.9.23:8776/v3/551948add9cb4d15bbc0bcbe21f14c59/types/dabbd4d0-3233-4f7b-8dc9-fd8c2dfde684 -H "Accept: application/json" -H "Content-Type: application/json" -H "User-Agent: python-cinderclient" -H "X-Auth-Token: {SHA1}7b741606c6e722580905f19ed28b999e402b7d55" -H "X-OpenStack-Request-ID: req-58bf54d9-4a9e-4d64-b5b6-551628f20c03" -d '{"volume_type": {"name": "s_rally_79f39187_bnjsbwaZ", "description": "test update"}}' _http_log_request /usr/lib/python2.7/site-packages/keystoneauth1/session.py:448
2019-08-02 20:10:50.161 6032 DEBUG cinderclient.v2.client [-] RESP: [200] Content-Encoding: gzip Content-Length: 168 Content-Type: application/json Date: Fri, 02 Aug 2019 20:10:49 GMT OpenStack-API-Version: volume 3.0 Server: Apache Vary: OpenStack-API-Version,Accept-Encoding x-compute-request-id: req-2aaff00f-7388-4159-b82d-9c2b12a9c214 x-openstack-request-id: req-2aaff00f-7388-4159-b82d-9c2b12a9c214 _http_log_response /usr/lib/python2.7/site-packages/keystoneauth1/session.py:479
2019-08-02 20:10:50.162 6032 DEBUG cinderclient.v2.client [-] RESP BODY: {"volume_type": {"name": "s_rally_79f39187_9mD6mQ6F", "extra_specs": {}, "os-volume-type-access:is_public": true, "is_public": true, "id": "2165158f-038a-49ae-ae9a-20a971a3897b", "description": "test"}} _http_log_response /usr/lib/python2.7/site-packages/keystoneauth1/session.py:511
2019-08-02 20:10:50.162 6032 DEBUG cinderclient.v2.client [-] POST call to volumev2 for http://172.30.9.23:8776/v3/551948add9cb4d15bbc0bcbe21f14c59/types used request id req-2aaff00f-7388-4159-b82d-9c2b12a9c214 request /usr/lib/python2.7/site-packages/keystoneauth1/session.py:844
2019-08-02 20:10:50.164 6032 DEBUG cinderclient.v2.client [-] REQ: curl -g -i -X PUT http://172.30.9.23:8776/v3/551948add9cb4d15bbc0bcbe21f14c59/types/2165158f-038a-49ae-ae9a-20a971a3897b -H "Accept: application/json" -H "Content-Type: application/json" -H "User-Agent: python-cinderclient" -H "X-Auth-Token: {SHA1}e26a2a8ac8a88a32ba78ae85986e2cba423f624f" -H "X-OpenStack-Request-ID: req-2aaff00f-7388-4159-b82d-9c2b12a9c214" -d '{"volume_type": {"name": "s_rally_79f39187_9mD6mQ6F", "description": "test update"}}' _http_log_request /usr/lib/python2.7/site-packages/keystoneauth1/session.py:448
2019-08-02 20:10:50.185 6031 DEBUG cinderclient.v2.client [-] RESP: [200] Content-Encoding: gzip Content-Length: 170 Content-Type: application/json Date: Fri, 02 Aug 2019 20:10:49 GMT OpenStack-API-Version: volume 3.0 Server: Apache Vary: OpenStack-API-Version,Accept-Encoding x-compute-request-id: req-4b746786-e8b2-465c-bb05-f07e2aff7d6a x-openstack-request-id: req-4b746786-e8b2-465c-bb05-f07e2aff7d6a _http_log_response /usr/lib/python2.7/site-packages/keystoneauth1/session.py:479
2019-08-02 20:10:50.186 6031 DEBUG cinderclient.v2.client [-] RESP BODY: {"volume_type": {"name": "s_rally_79f39187_ZnaLdIx1", "extra_specs": {}, "os-volume-type-access:is_public": true, "is_public": true, "id": "183b74fa-522f-4409-adcf-cf57c65e5736", "description": "test"}} _http_log_response /usr/lib/python2.7/site-packages/keystoneauth1/session.py:511
2019-08-02 20:10:50.186 6031 DEBUG cinderclient.v2.client [-] POST call to volumev2 for http://172.30.9.23:8776/v3/551948add9cb4d15bbc0bcbe21f14c59/types used request id req-4b746786-e8b2-465c-bb05-f07e2aff7d6a request /usr/lib/python2.7/site-packages/keystoneauth1/session.py:844
2019-08-02 20:10:50.188 6031 DEBUG cinderclient.v2.client [-] REQ: curl -g -i -X PUT http://172.30.9.23:8776/v3/551948add9cb4d15bbc0bcbe21f14c59/types/183b74fa-522f-4409-adcf-cf57c65e5736 -H "Accept: application/json" -H "Content-Type: application/json" -H "User-Agent: python-cinderclient" -H "X-Auth-Token: {SHA1}487ad888bc9c682bbfea070766060d240727feed" -H "X-OpenStack-Request-ID: req-4b746786-e8b2-465c-bb05-f07e2aff7d6a" -d '{"volume_type": {"name": "s_rally_79f39187_ZnaLdIx1", "description": "test update"}}' _http_log_request /usr/lib/python2.7/site-packages/keystoneauth1/session.py:448
2019-08-02 20:10:50.190 6030 DEBUG cinderclient.v2.client [-] RESP: [200] Content-Encoding: gzip Content-Length: 165 Content-Type: application/json Date: Fri, 02 Aug 2019 20:10:49 GMT OpenStack-API-Version: volume 3.0 Server: Apache Vary: OpenStack-API-Version,Accept-Encoding x-compute-request-id: req-feeb59cf-c12e-4867-a7a1-a58b458b37bc x-openstack-request-id: req-feeb59cf-c12e-4867-a7a1-a58b458b37bc _http_log_response /usr/lib/python2.7/site-packages/keystoneauth1/session.py:479
2019-08-02 20:10:50.191 6030 DEBUG cinderclient.v2.client [-] RESP BODY: {"volume_type": {"name": "s_rally_79f39187_47splz38", "extra_specs": {}, "os-volume-type-access:is_public": true, "is_public": true, "id": "8ca3774f-1520-43cf-9be2-0674d1ef4da4", "description": "test"}} _http_log_response /usr/lib/python2.7/site-packages/keystoneauth1/session.py:511
