2019-08-02 19:36:51.270 7 RALLYDEBUG rally.api [-] INFO logs from urllib3 and requests module are hide.
2019-08-02 19:36:51.270 7 RALLYDEBUG rally.api [-] urllib3 insecure warnings are hidden.
2019-08-02 19:36:51.270 7 RALLYDEBUG rally.api [-] ERROR log from boto module is hide.
2019-08-02 19:36:52.453 7 ERROR rally.cli.cliutils [-] Unexpected exception in CLI: DBRecordNotFound: Record for uuid or name is opnfv-rally not found in table envs
2019-08-02 19:36:52.453 7 ERROR rally.cli.cliutils
Traceback (most recent call last):
2019-08-02 19:36:52.453 7 ERROR rally.cli.cliutils
File "/usr/lib/python2.7/site-packages/rally/cli/cliutils.py", line 674, in run
2019-08-02 19:36:52.453 7 ERROR rally.cli.cliutils ret = fn(*fn_args, **fn_kwargs)
2019-08-02 19:36:52.453 7 ERROR rally.cli.cliutils File "", line 2, in destroy
2019-08-02 19:36:52.453 7 ERROR rally.cli.cliutils
File "/usr/lib/python2.7/site-packages/rally/cli/envutils.py", line 69, in default_from_global
2019-08-02 19:36:52.453 7 ERROR rally.cli.cliutils return f(*args, **kwargs)
2019-08-02 19:36:52.453 7 ERROR rally.cli.cliutils File "", line 2, in destroy
2019-08-02 19:36:52.453 7 ERROR rally.cli.cliutils
File "/usr/lib/python2.7/site-packages/rally/plugins/__init__.py", line 51, in ensure_plugins_are_loaded
2019-08-02 19:36:52.453 7 ERROR rally.cli.cliutils return f(*args, **kwargs)
2019-08-02 19:36:52.453 7 ERROR rally.cli.cliutils
File "/usr/lib/python2.7/site-packages/rally/cli/commands/deployment.py", line 140, in destroy
2019-08-02 19:36:52.453 7 ERROR rally.cli.cliutils api.deployment.destroy(deployment=deployment)
2019-08-02 19:36:52.453 7 ERROR rally.cli.cliutils
File "/usr/lib/python2.7/site-packages/rally/api.py", line 115, in destroy
2019-08-02 19:36:52.453 7 ERROR rally.cli.cliutils deploy = objects.Deployment.get(deployment)
2019-08-02 19:36:52.453 7 ERROR rally.cli.cliutils
File "/usr/lib/python2.7/site-packages/rally/common/objects/deploy.py", line 124, in get
2019-08-02 19:36:52.453 7 ERROR rally.cli.cliutils return Deployment(env_mgr.EnvManager.get(deploy))
2019-08-02 19:36:52.453 7 ERROR rally.cli.cliutils
File "/usr/lib/python2.7/site-packages/rally/env/env_mgr.py", line 212, in get
2019-08-02 19:36:52.453 7 ERROR rally.cli.cliutils return cls(db.env_get(uuid_or_name))
2019-08-02 19:36:52.453 7 ERROR rally.cli.cliutils
File "/usr/lib/python2.7/site-packages/rally/common/db/api.py", line 135, in wrapper
2019-08-02 19:36:52.453 7 ERROR rally.cli.cliutils result = f(session, *args, **kwargs)
2019-08-02 19:36:52.453 7 ERROR rally.cli.cliutils
File "/usr/lib/python2.7/site-packages/rally/common/db/api.py", line 521, in env_get
2019-08-02 19:36:52.453 7 ERROR rally.cli.cliutils criteria="uuid or name is %s" % uuid_or_name, table="envs")
2019-08-02 19:36:52.453 7 ERROR rally.cli.cliutils DBRecordNotFound: Record for uuid or name is opnfv-rally not found in table envs
2019-08-02 19:36:52.453 7 ERROR rally.cli.cliutils
2019-08-02 19:36:53.213 9 RALLYDEBUG rally.api [-] INFO logs from urllib3 and requests module are hide.
2019-08-02 19:36:53.213 9 RALLYDEBUG rally.api [-] urllib3 insecure warnings are hidden.
2019-08-02 19:36:53.213 9 RALLYDEBUG rally.api [-] ERROR log from boto module is hide.
2019-08-02 19:36:54.349 9 WARNING rally_openstack.platforms.existing [-] endpoint is deprecated and not used.
2019-08-02 19:36:55.288 11 RALLYDEBUG rally.api [-] INFO logs from urllib3 and requests module are hide.
2019-08-02 19:36:55.288 11 RALLYDEBUG rally.api [-] urllib3 insecure warnings are hidden.
2019-08-02 19:36:55.289 11 RALLYDEBUG rally.api [-] ERROR log from boto module is hide.
2019-08-02 19:36:58.701 14 RALLYDEBUG rally.api [-] INFO logs from urllib3 and requests module are hide.
2019-08-02 19:36:58.701 14 RALLYDEBUG rally.api [-] urllib3 insecure warnings are hidden.
2019-08-02 19:36:58.701 14 RALLYDEBUG rally.api [-] ERROR log from boto module is hide.
2019-08-02 19:37:00.392 16 RALLYDEBUG rally.api [-] INFO logs from urllib3 and requests module are hide.
2019-08-02 19:37:00.392 16 RALLYDEBUG rally.api [-] urllib3 insecure warnings are hidden.
2019-08-02 19:37:00.393 16 RALLYDEBUG rally.api [-] ERROR log from boto module is hide.
2019-08-02 19:37:01.592 16 INFO rally.task.engine [-] Task 91685c36-1704-4e01-a744-280d9796f01e | Starting: Task validation.
2019-08-02 19:37:01.633 16 INFO rally.task.engine [-] Task 91685c36-1704-4e01-a744-280d9796f01e | Starting: Task validation of syntax.
2019-08-02 19:37:01.668 16 INFO rally.task.engine [-] Task 91685c36-1704-4e01-a744-280d9796f01e | Completed: Task validation of syntax.
2019-08-02 19:37:01.668 16 INFO rally.task.engine [-] Task 91685c36-1704-4e01-a744-280d9796f01e | Starting: Task validation of required platforms.
2019-08-02 19:37:01.689 16 INFO rally.task.engine [-] Task 91685c36-1704-4e01-a744-280d9796f01e | Completed: Task validation of required platforms.
2019-08-02 19:37:01.689 16 INFO rally.task.engine [-] Task 91685c36-1704-4e01-a744-280d9796f01e | Starting: Task validation of semantic.
2019-08-02 19:37:01.689 16 INFO rally.task.engine [-] Check health of the environment '27617b63-1d46-442d-98f6-90a8dea5ed4c'.
2019-08-02 19:37:02.493 16 INFO rally.task.engine [-] Platform existing@openstack (available: True): OK!
2019-08-02 19:37:02.511 16 RALLYDEBUG rally_openstack.contexts.keystone.users [-] Creating 1 tenants using 20 threads
2019-08-02 19:37:04.398 16 RALLYDEBUG rally_openstack.contexts.keystone.users [-] Creating 1 users using 20 threads
2019-08-02 19:37:07.143 16 INFO rally.task.context [-] Task 91685c36-1704-4e01-a744-280d9796f01e | Context users@openstack setup() finished in 4.63 sec
2019-08-02 19:37:07.177 16 INFO rally.task.context [-] Task 91685c36-1704-4e01-a744-280d9796f01e | Context users@openstack cleanup() started
2019-08-02 19:37:12.337 16 INFO rally.task.context [-] Task 91685c36-1704-4e01-a744-280d9796f01e | Context users@openstack cleanup() finished in 5.16 sec
2019-08-02 19:37:12.338 16 INFO rally.task.engine [-] Task 91685c36-1704-4e01-a744-280d9796f01e | Completed: Task validation of semantic.
2019-08-02 19:37:12.338 16 INFO rally.task.engine [-] Task 91685c36-1704-4e01-a744-280d9796f01e | Completed: Task validation.
2019-08-02 19:37:12.338 16 INFO rally.api [-] Task 91685c36-1704-4e01-a744-280d9796f01e input file is valid.
2019-08-02 19:37:12.338 16 INFO rally.api [-] Run Task 91685c36-1704-4e01-a744-280d9796f01e against Deployment 27617b63-1d46-442d-98f6-90a8dea5ed4c
2019-08-02 19:37:12.339 16 INFO rally.task.engine [-] Task 91685c36-1704-4e01-a744-280d9796f01e | Starting: Running task.
2019-08-02 19:37:12.485 16 INFO rally.task.engine [-] Running workload: position = 0 config = { "version": 2, "title": "A cropped version of a bigger task.", "description": "Auto-generated task from a single workload (uuid=bad9cc0a-99d7-4889-9d10-12e8ff0c05c3)", "subtasks": [ { "title": "Authenticate.keystone", "description": "Check Keystone Client.", "scenario": { "Authenticate.keystone": {} }, "contexts": { "users": { "tenants": 3, "users_per_tenant": 2 } }, "runner": { "constant": { "concurrency": 4, "times": 10 } }, "hooks": [], "sla": { "failure_rate": { "max": 0 } } } ] }
2019-08-02 19:37:12.506 16 RALLYDEBUG rally_openstack.contexts.keystone.users [-] Creating 3 tenants using 20 threads
2019-08-02 19:37:14.505 16 RALLYDEBUG rally_openstack.contexts.keystone.users [-] Creating 6 users using 20 threads
2019-08-02 19:37:17.440 16 INFO rally.task.context [-] Task 91685c36-1704-4e01-a744-280d9796f01e | Context users@openstack setup() finished in 4.93 sec
2019-08-02 19:37:17.446 16 RALLYDEBUG rally.task.runner [-] Starting the constant runner (task UUID: 91685c36-1704-4e01-a744-280d9796f01e). timeout: 0 concurrency: 4 concurrency_per_worker: 1 times: 10 concurrency_overhead: 0 processes_to_start: 4 max_cpu_used: 16
2019-08-02 19:37:17.459 140 RALLYDEBUG rally.task.runner [-] Starting a worker. concurrency: 1 args: {} times: 10 method_name: run timeout: 0 duration: None cls:
2019-08-02 19:37:17.461 141 RALLYDEBUG rally.task.runner [-] Starting a worker. concurrency: 1 args: {} times: 10 method_name: run timeout: 0 duration: None cls:
2019-08-02 19:37:17.463 142 RALLYDEBUG rally.task.runner [-] Starting a worker. concurrency: 1 args: {} times: 10 method_name: run timeout: 0 duration: None cls:
2019-08-02 19:37:17.465 140 INFO rally.task.runner [-] Task 91685c36-1704-4e01-a744-280d9796f01e | ITER: 1 START
2019-08-02 19:37:17.466 143 RALLYDEBUG rally.task.runner [-] Starting a worker. concurrency: 1 args: {} times: 10 method_name: run timeout: 0 duration: None cls:
2019-08-02 19:37:17.467 141 INFO rally.task.runner [-] Task 91685c36-1704-4e01-a744-280d9796f01e | ITER: 2 START
2019-08-02 19:37:17.469 142 INFO rally.task.runner [-] Task 91685c36-1704-4e01-a744-280d9796f01e | ITER: 3 START
2019-08-02 19:37:17.472 143 INFO rally.task.runner [-] Task 91685c36-1704-4e01-a744-280d9796f01e | ITER: 4 START
2019-08-02 19:37:18.074 140 INFO rally.task.runner [-] Task 91685c36-1704-4e01-a744-280d9796f01e | ITER: 1 END: OK
2019-08-02 19:37:18.077 141 INFO rally.task.runner [-] Task 91685c36-1704-4e01-a744-280d9796f01e | ITER: 2 END: OK
2019-08-02 19:37:18.079 140 INFO rally.task.runner [-] Task 91685c36-1704-4e01-a744-280d9796f01e | ITER: 5 START
2019-08-02 19:37:18.079 142 INFO rally.task.runner [-] Task 91685c36-1704-4e01-a744-280d9796f01e | ITER: 3 END: OK
2019-08-02 19:37:18.083 141 INFO rally.task.runner [-] Task 91685c36-1704-4e01-a744-280d9796f01e | ITER: 6 START
2019-08-02 19:37:18.084 142 INFO rally.task.runner [-] Task 91685c36-1704-4e01-a744-280d9796f01e | ITER: 7 START
2019-08-02 19:37:18.097 143 INFO rally.task.runner [-] Task 91685c36-1704-4e01-a744-280d9796f01e | ITER: 4 END: OK
2019-08-02 19:37:18.101 143 INFO rally.task.runner [-] Task 91685c36-1704-4e01-a744-280d9796f01e | ITER: 8 START
2019-08-02 19:37:18.607 140 INFO rally.task.runner [-] Task 91685c36-1704-4e01-a744-280d9796f01e | ITER: 5 END: OK
2019-08-02 19:37:18.611 140 INFO rally.task.runner [-] Task 91685c36-1704-4e01-a744-280d9796f01e | ITER: 9 START
2019-08-02 19:37:18.711 141 INFO rally.task.runner [-] Task 91685c36-1704-4e01-a744-280d9796f01e | ITER: 6 END: OK
2019-08-02 19:37:18.715 141 INFO rally.task.runner [-] Task 91685c36-1704-4e01-a744-280d9796f01e | ITER: 10 START
2019-08-02 19:37:18.734 142 INFO rally.task.runner [-] Task 91685c36-1704-4e01-a744-280d9796f01e | ITER: 7 END: OK
2019-08-02 19:37:18.764 143 INFO rally.task.runner [-] Task 91685c36-1704-4e01-a744-280d9796f01e | ITER: 8 END: OK
2019-08-02 19:37:19.224 140 INFO rally.task.runner [-] Task 91685c36-1704-4e01-a744-280d9796f01e | ITER: 9 END: OK
2019-08-02 19:37:19.307 141 INFO rally.task.runner [-] Task 91685c36-1704-4e01-a744-280d9796f01e | ITER: 10 END: OK
2019-08-02 19:37:19.326 16 INFO rally.task.context [-] Task 91685c36-1704-4e01-a744-280d9796f01e | Context users@openstack cleanup() started
2019-08-02 19:37:27.008 16 INFO rally.task.context [-] Task 91685c36-1704-4e01-a744-280d9796f01e | Context users@openstack cleanup() finished in 7.68 sec
2019-08-02 19:37:28.612 16 INFO rally.task.engine [-] Load duration is: 1.840214
2019-08-02 19:37:28.612 16 INFO rally.task.engine [-] Full runner duration is: 1.880221
2019-08-02 19:37:28.613 16 INFO rally.task.engine [-] Full duration is: 14.503914
2019-08-02 19:37:28.851 16 INFO rally.task.engine [-] Running workload: position = 0 config = { "version": 2, "title": "A cropped version of a bigger task.", "description": "Auto-generated task from a single workload (uuid=7271a322-c82f-4356-afbe-57b3911577ad)", "subtasks": [ { "title": "Authenticate.validate_cinder", "description": "Check Cinder Client to ensure validation of token.", "scenario": { "Authenticate.validate_cinder": { "repetitions": 2 } }, "contexts": { "users": { "tenants": 3, "users_per_tenant": 2 } }, "runner": { "constant": { "concurrency": 4, "times": 10 } }, "hooks": [], "sla": { "failure_rate": { "max": 0 } } } ] }
2019-08-02 19:37:28.872 16 RALLYDEBUG rally_openstack.contexts.keystone.users [-] Creating 3 tenants using 20 threads
2019-08-02 19:37:30.847 16 RALLYDEBUG rally_openstack.contexts.keystone.users [-] Creating 6 users using 20 threads
2019-08-02 19:37:33.491 16 INFO rally.task.context [-] Task 91685c36-1704-4e01-a744-280d9796f01e | Context users@openstack setup() finished in 4.62 sec
2019-08-02 19:37:33.499 16 RALLYDEBUG rally.task.runner [-] Starting the constant runner (task UUID: 91685c36-1704-4e01-a744-280d9796f01e). timeout: 0 concurrency: 4 concurrency_per_worker: 1 times: 10 concurrency_overhead: 0 processes_to_start: 4 max_cpu_used: 16
2019-08-02 19:37:33.511 244 RALLYDEBUG rally.task.runner [-] Starting a worker. concurrency: 1 args: {"repetitions": 2} times: 10 method_name: run timeout: 0 duration: None cls:
2019-08-02 19:37:33.514 245 RALLYDEBUG rally.task.runner [-] Starting a worker. concurrency: 1 args: {"repetitions": 2} times: 10 method_name: run timeout: 0 duration: None cls:
2019-08-02 19:37:33.517 244 INFO rally.task.runner [-] Task 91685c36-1704-4e01-a744-280d9796f01e | ITER: 1 START
2019-08-02 19:37:33.517 246 RALLYDEBUG rally.task.runner [-] Starting a worker. concurrency: 1 args: {"repetitions": 2} times: 10 method_name: run timeout: 0 duration: None cls:
2019-08-02 19:37:33.520 247 RALLYDEBUG rally.task.runner [-] Starting a worker. concurrency: 1 args: {"repetitions": 2} times: 10 method_name: run timeout: 0 duration: None cls:
2019-08-02 19:37:33.521 245 INFO rally.task.runner [-] Task 91685c36-1704-4e01-a744-280d9796f01e | ITER: 2 START
2019-08-02 19:37:33.523 246 INFO rally.task.runner [-] Task 91685c36-1704-4e01-a744-280d9796f01e | ITER: 3 START
2019-08-02 19:37:33.526 247 INFO rally.task.runner [-] Task 91685c36-1704-4e01-a744-280d9796f01e | ITER: 4 START
2019-08-02 19:37:35.402 244 INFO rally.task.runner [-] Task 91685c36-1704-4e01-a744-280d9796f01e | ITER: 1 END: OK
2019-08-02 19:37:35.404 247 INFO rally.task.runner [-] Task 91685c36-1704-4e01-a744-280d9796f01e | ITER: 4 END: OK
2019-08-02 19:37:35.406 244 INFO rally.task.runner [-] Task 91685c36-1704-4e01-a744-280d9796f01e | ITER: 5 START
2019-08-02 19:37:35.408 247 INFO rally.task.runner [-] Task 91685c36-1704-4e01-a744-280d9796f01e | ITER: 6 START
2019-08-02 19:37:35.425 245 INFO rally.task.runner [-] Task 91685c36-1704-4e01-a744-280d9796f01e | ITER: 2 END: OK
2019-08-02 19:37:35.429 245 INFO rally.task.runner [-] Task 91685c36-1704-4e01-a744-280d9796f01e | ITER: 7 START
2019-08-02 19:37:35.461 246 INFO rally.task.runner [-] Task 91685c36-1704-4e01-a744-280d9796f01e | ITER: 3 END: OK
2019-08-02 19:37:35.464 246 INFO rally.task.runner [-] Task 91685c36-1704-4e01-a744-280d9796f01e | ITER: 8 START
2019-08-02 19:37:36.889 245 INFO rally.task.runner [-] Task 91685c36-1704-4e01-a744-280d9796f01e | ITER: 7 END: OK
2019-08-02 19:37:36.893 245 INFO rally.task.runner [-] Task 91685c36-1704-4e01-a744-280d9796f01e | ITER: 9 START
2019-08-02 19:37:36.915 247 INFO rally.task.runner [-] Task 91685c36-1704-4e01-a744-280d9796f01e | ITER: 6 END: OK
2019-08-02 19:37:36.918 247 INFO rally.task.runner [-] Task 91685c36-1704-4e01-a744-280d9796f01e | ITER: 10 START
2019-08-02 19:37:37.356 244 INFO rally.task.runner [-] Task 91685c36-1704-4e01-a744-280d9796f01e | ITER: 5 END: OK
2019-08-02 19:37:37.421 246 INFO rally.task.runner [-] Task 91685c36-1704-4e01-a744-280d9796f01e | ITER: 8 END: OK
2019-08-02 19:37:38.895 245 INFO rally.task.runner [-] Task 91685c36-1704-4e01-a744-280d9796f01e | ITER: 9 END: OK
2019-08-02 19:37:38.999 247 INFO rally.task.runner [-] Task 91685c36-1704-4e01-a744-280d9796f01e | ITER: 10 END: OK
2019-08-02 19:37:39.026 16 INFO rally.task.context [-] Task 91685c36-1704-4e01-a744-280d9796f01e | Context users@openstack cleanup() started
2019-08-02 19:37:47.146 16 INFO rally.task.context [-] Task 91685c36-1704-4e01-a744-280d9796f01e | Context users@openstack cleanup() finished in 8.12 sec
2019-08-02 19:37:48.997 16 INFO rally.task.engine [-] Load duration is: 5.480509
2019-08-02 19:37:48.997 16 INFO rally.task.engine [-] Full runner duration is: 5.527475
2019-08-02 19:37:48.998 16 INFO rally.task.engine [-] Full duration is: 18.277025
2019-08-02 19:37:49.253 16 INFO rally.task.engine [-] Running workload: position = 0 config = { "version": 2, "title": "A cropped version of a bigger task.", "description": "Auto-generated task from a single workload (uuid=93cc304c-379f-412a-a3bc-b60ad9420fdc)", "subtasks": [ { "title": "Authenticate.validate_glance", "description": "Check Glance Client to ensure validation of token.", "scenario": { "Authenticate.validate_glance": { "repetitions": 2 } }, "contexts": { "users": { "tenants": 3, "users_per_tenant": 2 } }, "runner": { "constant": { "concurrency": 4, "times": 10 } }, "hooks": [], "sla": { "failure_rate": { "max": 0 } } } ] }
2019-08-02 19:37:49.279 16 RALLYDEBUG rally_openstack.contexts.keystone.users [-] Creating 3 tenants using 20 threads
2019-08-02 19:37:51.145 16 RALLYDEBUG rally_openstack.contexts.keystone.users [-] Creating 6 users using 20 threads
2019-08-02 19:37:53.910 16 INFO rally.task.context [-] Task 91685c36-1704-4e01-a744-280d9796f01e | Context users@openstack setup() finished in 4.63 sec
2019-08-02 19:37:53.918 16 RALLYDEBUG rally.task.runner [-] Starting the constant runner (task UUID: 91685c36-1704-4e01-a744-280d9796f01e). timeout: 0 concurrency: 4 concurrency_per_worker: 1 times: 10 concurrency_overhead: 0 processes_to_start: 4 max_cpu_used: 16
2019-08-02 19:37:53.930 348 RALLYDEBUG rally.task.runner [-] Starting a worker. concurrency: 1 args: {"repetitions": 2} times: 10 method_name: run timeout: 0 duration: None cls:
2019-08-02 19:37:53.933 349 RALLYDEBUG rally.task.runner [-] Starting a worker. concurrency: 1 args: {"repetitions": 2} times: 10 method_name: run timeout: 0 duration: None cls:
2019-08-02 19:37:53.936 348 INFO rally.task.runner [-] Task 91685c36-1704-4e01-a744-280d9796f01e | ITER: 1 START
2019-08-02 19:37:53.936 350 RALLYDEBUG rally.task.runner [-] Starting a worker. concurrency: 1 args: {"repetitions": 2} times: 10 method_name: run timeout: 0 duration: None cls:
2019-08-02 19:37:53.938 349 INFO rally.task.runner [-] Task 91685c36-1704-4e01-a744-280d9796f01e | ITER: 2 START
2019-08-02 19:37:53.939 351 RALLYDEBUG rally.task.runner [-] Starting a worker. concurrency: 1 args: {"repetitions": 2} times: 10 method_name: run timeout: 0 duration: None cls:
2019-08-02 19:37:53.942 350 INFO rally.task.runner [-] Task 91685c36-1704-4e01-a744-280d9796f01e | ITER: 3 START
2019-08-02 19:37:53.945 351 INFO rally.task.runner [-] Task 91685c36-1704-4e01-a744-280d9796f01e | ITER: 4 START
2019-08-02 19:37:55.025 348 INFO rally.task.runner [-] Task 91685c36-1704-4e01-a744-280d9796f01e | ITER: 1 END: OK
2019-08-02 19:37:55.029 349 INFO rally.task.runner [-] Task 91685c36-1704-4e01-a744-280d9796f01e | ITER: 2 END: OK
2019-08-02 19:37:55.029 348 INFO rally.task.runner [-] Task 91685c36-1704-4e01-a744-280d9796f01e | ITER: 5 START
2019-08-02 19:37:55.033 349 INFO rally.task.runner [-] Task 91685c36-1704-4e01-a744-280d9796f01e | ITER: 6 START
2019-08-02 19:37:55.053 350 INFO rally.task.runner [-] Task 91685c36-1704-4e01-a744-280d9796f01e | ITER: 3 END: OK
2019-08-02 19:37:55.057 350 INFO rally.task.runner [-] Task 91685c36-1704-4e01-a744-280d9796f01e | ITER: 7 START
2019-08-02 19:37:55.358 351 INFO rally.task.runner [-] Task 91685c36-1704-4e01-a744-280d9796f01e | ITER: 4 END: OK
2019-08-02 19:37:55.363 351 INFO rally.task.runner [-] Task 91685c36-1704-4e01-a744-280d9796f01e | ITER: 8 START
2019-08-02 19:37:56.031 348 INFO rally.task.runner [-] Task 91685c36-1704-4e01-a744-280d9796f01e | ITER: 5 END: OK
2019-08-02 19:37:56.035 348 INFO rally.task.runner [-] Task 91685c36-1704-4e01-a744-280d9796f01e | ITER: 9 START
2019-08-02 19:37:56.088 349 INFO rally.task.runner [-] Task 91685c36-1704-4e01-a744-280d9796f01e | ITER: 6 END: OK
2019-08-02 19:37:56.092 349 INFO rally.task.runner [-] Task 91685c36-1704-4e01-a744-280d9796f01e | ITER: 10 START
2019-08-02 19:37:56.325 350 INFO rally.task.runner [-] Task 91685c36-1704-4e01-a744-280d9796f01e | ITER: 7 END: OK
2019-08-02 19:37:56.634 351 INFO rally.task.runner [-] Task 91685c36-1704-4e01-a744-280d9796f01e | ITER: 8 END: OK
2019-08-02 19:37:57.279 348 INFO rally.task.runner [-] Task 91685c36-1704-4e01-a744-280d9796f01e | ITER: 9 END: OK
2019-08-02 19:37:57.348 349 INFO rally.task.runner [-] Task 91685c36-1704-4e01-a744-280d9796f01e | ITER: 10 END: OK
2019-08-02 19:37:57.369 16 INFO rally.task.context [-] Task 91685c36-1704-4e01-a744-280d9796f01e | Context users@openstack cleanup() started
2019-08-02 19:38:05.313 16 INFO rally.task.context [-] Task 91685c36-1704-4e01-a744-280d9796f01e | Context users@openstack cleanup() finished in 7.94 sec
2019-08-02 19:38:05.504 16 INFO rally.task.engine [-] Load duration is: 3.410889
2019-08-02 19:38:05.505 16 INFO rally.task.engine [-] Full runner duration is: 3.451781
2019-08-02 19:38:05.505 16 INFO rally.task.engine [-] Full duration is: 16.036239
2019-08-02 19:38:05.731 16 INFO rally.task.engine [-] Running workload: position = 0 config = { "version": 2, "title": "A cropped version of a bigger task.", "description": "Auto-generated task from a single workload (uuid=fe4ce6d5-bd6c-4bc9-97d5-85ccbccf2700)", "subtasks": [ { "title": "Authenticate.validate_heat", "description": "Check Heat Client to ensure validation of token.", "scenario": { "Authenticate.validate_heat": { "repetitions": 2 } }, "contexts": { "users": { "tenants": 3, "users_per_tenant": 2 } }, "runner": { "constant": { "concurrency": 4, "times": 10 } }, "hooks": [], "sla": { "failure_rate": { "max": 0 } } } ] }
2019-08-02 19:38:05.750 16 RALLYDEBUG rally_openstack.contexts.keystone.users [-] Creating 3 tenants using 20 threads
2019-08-02 19:38:07.660 16 RALLYDEBUG rally_openstack.contexts.keystone.users [-] Creating 6 users using 20 threads
2019-08-02 19:38:10.365 16 INFO rally.task.context [-] Task 91685c36-1704-4e01-a744-280d9796f01e | Context users@openstack setup() finished in 4.62 sec
2019-08-02 19:38:10.373 16 RALLYDEBUG rally.task.runner [-] Starting the constant runner (task UUID: 91685c36-1704-4e01-a744-280d9796f01e). timeout: 0 concurrency: 4 concurrency_per_worker: 1 times: 10 concurrency_overhead: 0 processes_to_start: 4 max_cpu_used: 16
2019-08-02 19:38:10.384 452 RALLYDEBUG rally.task.runner [-] Starting a worker. concurrency: 1 args: {"repetitions": 2} times: 10 method_name: run timeout: 0 duration: None cls:
2019-08-02 19:38:10.387 453 RALLYDEBUG rally.task.runner [-] Starting a worker. concurrency: 1 args: {"repetitions": 2} times: 10 method_name: run timeout: 0 duration: None cls:
2019-08-02 19:38:10.391 452 INFO rally.task.runner [-] Task 91685c36-1704-4e01-a744-280d9796f01e | ITER: 1 START
2019-08-02 19:38:10.391 453 INFO rally.task.runner [-] Task 91685c36-1704-4e01-a744-280d9796f01e | ITER: 2 START
2019-08-02 19:38:10.393 454 RALLYDEBUG rally.task.runner [-] Starting a worker. concurrency: 1 args: {"repetitions": 2} times: 10 method_name: run timeout: 0 duration: None cls:
2019-08-02 19:38:10.396 455 RALLYDEBUG rally.task.runner [-] Starting a worker. concurrency: 1 args: {"repetitions": 2} times: 10 method_name: run timeout: 0 duration: None cls:
2019-08-02 19:38:10.399 454 INFO rally.task.runner [-] Task 91685c36-1704-4e01-a744-280d9796f01e | ITER: 3 START
2019-08-02 19:38:10.402 455 INFO rally.task.runner [-] Task 91685c36-1704-4e01-a744-280d9796f01e | ITER: 4 START
2019-08-02 19:38:12.341 452 INFO rally.task.runner [-] Task 91685c36-1704-4e01-a744-280d9796f01e | ITER: 1 END: OK
2019-08-02 19:38:12.345 452 INFO rally.task.runner [-] Task 91685c36-1704-4e01-a744-280d9796f01e | ITER: 5 START
2019-08-02 19:38:12.399 454 INFO rally.task.runner [-] Task 91685c36-1704-4e01-a744-280d9796f01e | ITER: 3 END: OK
2019-08-02 19:38:12.402 455 INFO rally.task.runner [-] Task 91685c36-1704-4e01-a744-280d9796f01e | ITER: 4 END: OK
2019-08-02 19:38:12.403 454 INFO rally.task.runner [-] Task 91685c36-1704-4e01-a744-280d9796f01e | ITER: 6 START
2019-08-02 19:38:12.406 455 INFO rally.task.runner [-] Task 91685c36-1704-4e01-a744-280d9796f01e | ITER: 7 START
2019-08-02 19:38:12.451 453 INFO rally.task.runner [-] Task 91685c36-1704-4e01-a744-280d9796f01e | ITER: 2 END: OK
2019-08-02 19:38:12.454 453 INFO rally.task.runner [-] Task 91685c36-1704-4e01-a744-280d9796f01e | ITER: 8 START
2019-08-02 19:38:13.499 453 INFO rally.task.runner [-] Task 91685c36-1704-4e01-a744-280d9796f01e | ITER: 8 END: OK
2019-08-02 19:38:13.502 453 INFO rally.task.runner [-] Task 91685c36-1704-4e01-a744-280d9796f01e | ITER: 9 START
2019-08-02 19:38:13.832 452 INFO rally.task.runner [-] Task 91685c36-1704-4e01-a744-280d9796f01e | ITER: 5 END: OK
2019-08-02 19:38:13.835 452 INFO rally.task.runner [-] Task 91685c36-1704-4e01-a744-280d9796f01e | ITER: 10 START
2019-08-02 19:38:13.892 455 INFO rally.task.runner [-] Task 91685c36-1704-4e01-a744-280d9796f01e | ITER: 7 END: OK
2019-08-02 19:38:14.289 454 INFO rally.task.runner [-] Task 91685c36-1704-4e01-a744-280d9796f01e | ITER: 6 END: OK
2019-08-02 19:38:14.974 453 INFO rally.task.runner [-] Task 91685c36-1704-4e01-a744-280d9796f01e | ITER: 9 END: OK
2019-08-02 19:38:15.852 452 INFO rally.task.runner [-] Task 91685c36-1704-4e01-a744-280d9796f01e | ITER: 10 END: OK
2019-08-02 19:38:15.877 16 INFO rally.task.context [-] Task 91685c36-1704-4e01-a744-280d9796f01e | Context users@openstack cleanup() started
2019-08-02 19:38:23.714 16 INFO rally.task.context [-] Task 91685c36-1704-4e01-a744-280d9796f01e | Context users@openstack cleanup() finished in 7.84 sec
2019-08-02 19:38:23.827 16 INFO rally.task.engine [-] Load duration is: 5.460078
2019-08-02 19:38:23.827 16 INFO rally.task.engine [-] Full runner duration is: 5.504226
2019-08-02 19:38:23.827 16 INFO rally.task.engine [-] Full duration is: 17.967698
2019-08-02 19:38:24.082 16 INFO rally.task.engine [-] Running workload: position = 0 config = { "version": 2, "title": "A cropped version of a bigger task.", "description": "Auto-generated task from a single workload (uuid=bf374c9c-3ca0-4e25-96cf-4875c4c8c619)", "subtasks": [ { "title": "Authenticate.validate_neutron", "description": "Check Neutron Client to ensure validation of token.", "scenario": { "Authenticate.validate_neutron": { "repetitions": 2 } }, "contexts": { "users": { "tenants": 3, "users_per_tenant": 2 } }, "runner": { "constant": { "concurrency": 4, "times": 10 } }, "hooks": [], "sla": { "failure_rate": { "max": 0 } } } ] }
2019-08-02 19:38:24.103 16 RALLYDEBUG rally_openstack.contexts.keystone.users [-] Creating 3 tenants using 20 threads
2019-08-02 19:38:26.008 16 RALLYDEBUG rally_openstack.contexts.keystone.users [-] Creating 6 users using 20 threads
2019-08-02 19:38:28.866 16 INFO rally.task.context [-] Task 91685c36-1704-4e01-a744-280d9796f01e | Context users@openstack setup() finished in 4.76 sec
2019-08-02 19:38:28.873 16 RALLYDEBUG rally.task.runner [-] Starting the constant runner (task UUID: 91685c36-1704-4e01-a744-280d9796f01e). timeout: 0 concurrency: 4 concurrency_per_worker: 1 times: 10 concurrency_overhead: 0 processes_to_start: 4 max_cpu_used: 16
2019-08-02 19:38:28.886 556 RALLYDEBUG rally.task.runner [-] Starting a worker. concurrency: 1 args: {"repetitions": 2} times: 10 method_name: run timeout: 0 duration: None cls:
2019-08-02 19:38:28.888 557 RALLYDEBUG rally.task.runner [-] Starting a worker. concurrency: 1 args: {"repetitions": 2} times: 10 method_name: run timeout: 0 duration: None cls:
2019-08-02 19:38:28.892 556 INFO rally.task.runner [-] Task 91685c36-1704-4e01-a744-280d9796f01e | ITER: 1 START
2019-08-02 19:38:28.892 558 RALLYDEBUG rally.task.runner [-] Starting a worker. concurrency: 1 args: {"repetitions": 2} times: 10 method_name: run timeout: 0 duration: None cls:
2019-08-02 19:38:28.894 559 RALLYDEBUG rally.task.runner [-] Starting a worker. concurrency: 1 args: {"repetitions": 2} times: 10 method_name: run timeout: 0 duration: None cls:
2019-08-02 19:38:28.894 557 INFO rally.task.runner [-] Task 91685c36-1704-4e01-a744-280d9796f01e | ITER: 2 START
2019-08-02 19:38:28.898 558 INFO rally.task.runner [-] Task 91685c36-1704-4e01-a744-280d9796f01e | ITER: 3 START
2019-08-02 19:38:28.899 559 INFO rally.task.runner [-] Task 91685c36-1704-4e01-a744-280d9796f01e | ITER: 4 START
2019-08-02 19:38:30.116 557 INFO rally.task.runner [-] Task 91685c36-1704-4e01-a744-280d9796f01e | ITER: 2 END: OK
2019-08-02 19:38:30.118 558 INFO rally.task.runner [-] Task 91685c36-1704-4e01-a744-280d9796f01e | ITER: 3 END: OK
2019-08-02 19:38:30.120 557 INFO rally.task.runner [-] Task 91685c36-1704-4e01-a744-280d9796f01e | ITER: 5 START
2019-08-02 19:38:30.122 558 INFO rally.task.runner [-] Task 91685c36-1704-4e01-a744-280d9796f01e | ITER: 6 START
2019-08-02 19:38:30.185 559 INFO rally.task.runner [-] Task 91685c36-1704-4e01-a744-280d9796f01e | ITER: 4 END: OK
2019-08-02 19:38:30.190 559 INFO rally.task.runner [-] Task 91685c36-1704-4e01-a744-280d9796f01e | ITER: 7 START
2019-08-02 19:38:30.190 556 INFO rally.task.runner [-] Task 91685c36-1704-4e01-a744-280d9796f01e | ITER: 1 END: OK
2019-08-02 19:38:30.195 556 INFO rally.task.runner [-] Task 91685c36-1704-4e01-a744-280d9796f01e | ITER: 8 START
2019-08-02 19:38:31.034 558 INFO rally.task.runner [-] Task 91685c36-1704-4e01-a744-280d9796f01e | ITER: 6 END: OK
2019-08-02 19:38:31.038 558 INFO rally.task.runner [-] Task 91685c36-1704-4e01-a744-280d9796f01e | ITER: 9 START
2019-08-02 19:38:31.348 557 INFO rally.task.runner [-] Task 91685c36-1704-4e01-a744-280d9796f01e | ITER: 5 END: OK
2019-08-02 19:38:31.352 557 INFO rally.task.runner [-] Task 91685c36-1704-4e01-a744-280d9796f01e | ITER: 10 START
2019-08-02 19:38:31.394 556 INFO rally.task.runner [-] Task 91685c36-1704-4e01-a744-280d9796f01e | ITER: 8 END: OK
2019-08-02 19:38:31.412 559 INFO rally.task.runner [-] Task 91685c36-1704-4e01-a744-280d9796f01e | ITER: 7 END: OK
2019-08-02 19:38:32.268 558 INFO rally.task.runner [-] Task 91685c36-1704-4e01-a744-280d9796f01e | ITER: 9 END: OK
2019-08-02 19:38:32.541 557 INFO rally.task.runner [-] Task 91685c36-1704-4e01-a744-280d9796f01e | ITER: 10 END: OK
2019-08-02 19:38:32.561 16 INFO rally.task.context [-] Task 91685c36-1704-4e01-a744-280d9796f01e | Context users@openstack cleanup() started
2019-08-02 19:38:40.403 16 INFO rally.task.context [-] Task 91685c36-1704-4e01-a744-280d9796f01e | Context users@openstack cleanup() finished in 7.84 sec
2019-08-02 19:38:42.182 16 INFO rally.task.engine [-] Load duration is: 3.646938
2019-08-02 19:38:42.182 16 INFO rally.task.engine [-] Full runner duration is: 3.688623
2019-08-02 19:38:42.183 16 INFO rally.task.engine [-] Full duration is: 16.300867
2019-08-02 19:38:42.414 16 INFO rally.task.engine [-] Running workload: position = 0 config = { "version": 2, "title": "A cropped version of a bigger task.", "description": "Auto-generated task from a single workload (uuid=e72967c8-352a-47a7-8209-9e7b89569cb8)", "subtasks": [ { "title": "Authenticate.validate_nova", "description": "Check Nova Client to ensure validation of token.", "scenario": { "Authenticate.validate_nova": { "repetitions": 2 } }, "contexts": { "users": { "tenants": 3, "users_per_tenant": 2 } }, "runner": { "constant": { "concurrency": 4, "times": 10 } }, "hooks": [], "sla": { "failure_rate": { "max": 0 } } } ] }
2019-08-02 19:38:42.436 16 RALLYDEBUG rally_openstack.contexts.keystone.users [-] Creating 3 tenants using 20 threads
2019-08-02 19:38:44.295 16 RALLYDEBUG rally_openstack.contexts.keystone.users [-] Creating 6 users using 20 threads
2019-08-02 19:38:47.125 16 INFO rally.task.context [-] Task 91685c36-1704-4e01-a744-280d9796f01e | Context users@openstack setup() finished in 4.69 sec
2019-08-02 19:38:47.132 16 RALLYDEBUG rally.task.runner [-] Starting the constant runner (task UUID: 91685c36-1704-4e01-a744-280d9796f01e). timeout: 0 concurrency: 4 concurrency_per_worker: 1 times: 10 concurrency_overhead: 0 processes_to_start: 4 max_cpu_used: 16
2019-08-02 19:38:47.144 660 RALLYDEBUG rally.task.runner [-] Starting a worker. concurrency: 1 args: {"repetitions": 2} times: 10 method_name: run timeout: 0 duration: None cls:
2019-08-02 19:38:47.147 661 RALLYDEBUG rally.task.runner [-] Starting a worker. concurrency: 1 args: {"repetitions": 2} times: 10 method_name: run timeout: 0 duration: None cls:
2019-08-02 19:38:47.150 660 INFO rally.task.runner [-] Task 91685c36-1704-4e01-a744-280d9796f01e | ITER: 1 START
2019-08-02 19:38:47.150 662 RALLYDEBUG rally.task.runner [-] Starting a worker. concurrency: 1 args: {"repetitions": 2} times: 10 method_name: run timeout: 0 duration: None cls:
2019-08-02 19:38:47.154 661 INFO rally.task.runner [-] Task 91685c36-1704-4e01-a744-280d9796f01e | ITER: 2 START
2019-08-02 19:38:47.153 663 RALLYDEBUG rally.task.runner [-] Starting a worker. concurrency: 1 args: {"repetitions": 2} times: 10 method_name: run timeout: 0 duration: None cls:
2019-08-02 19:38:47.156 662 INFO rally.task.runner [-] Task 91685c36-1704-4e01-a744-280d9796f01e | ITER: 3 START
2019-08-02 19:38:47.159 663 INFO rally.task.runner [-] Task 91685c36-1704-4e01-a744-280d9796f01e | ITER: 4 START
2019-08-02 19:38:47.656 661 DEBUG novaclient.v2.client [-] REQ: curl -g -i -X GET http://172.30.9.23:8774/v2.1/flavors/detail -H "Accept: application/json" -H "User-Agent: python-novaclient" -H "X-Auth-Token: {SHA1}2f6ce4b95e306b89498ca92cc462e0e66489535d" _http_log_request /usr/lib/python2.7/site-packages/keystoneauth1/session.py:448
2019-08-02 19:38:47.656 660 DEBUG novaclient.v2.client [-] REQ: curl -g -i -X GET http://172.30.9.23:8774/v2.1/flavors/detail -H "Accept: application/json" -H "User-Agent: python-novaclient" -H "X-Auth-Token: {SHA1}bc08492f531c0073580b9bed5f6bfa33105455e3" _http_log_request /usr/lib/python2.7/site-packages/keystoneauth1/session.py:448
2019-08-02 19:38:47.658 662 DEBUG novaclient.v2.client [-] REQ: curl -g -i -X GET http://172.30.9.23:8774/v2.1/flavors/detail -H "Accept: application/json" -H "User-Agent: python-novaclient" -H "X-Auth-Token: {SHA1}d0aa646523eb2cabc40e7340d2a3d16088142f49" _http_log_request /usr/lib/python2.7/site-packages/keystoneauth1/session.py:448
2019-08-02 19:38:47.661 663 DEBUG novaclient.v2.client [-] REQ: curl -g -i -X GET http://172.30.9.23:8774/v2.1/flavors/detail -H "Accept: application/json" -H "User-Agent: python-novaclient" -H "X-Auth-Token: {SHA1}905e4f58adf49c0d3b5a88b69f8ebc636e432095" _http_log_request /usr/lib/python2.7/site-packages/keystoneauth1/session.py:448
2019-08-02 19:38:47.959 661 DEBUG novaclient.v2.client [-] RESP: [200] Content-Encoding: gzip Content-Length: 364 Content-Type: application/json Date: Fri, 02 Aug 2019 19:38:47 GMT OpenStack-API-Version: compute 2.1 Server: Apache Vary: OpenStack-API-Version,X-OpenStack-Nova-API-Version,Accept-Encoding X-OpenStack-Nova-API-Version: 2.1 x-compute-request-id: req-67e7ea19-d654-4c06-bfc1-1e8ca7ec4c80 x-openstack-request-id: req-67e7ea19-d654-4c06-bfc1-1e8ca7ec4c80 _http_log_response /usr/lib/python2.7/site-packages/keystoneauth1/session.py:479
2019-08-02 19:38:47.960 661 DEBUG novaclient.v2.client [-] RESP BODY: {"flavors": [{"name": "rally_full-flavor_7a9f8236-17d0-4d1f-9484-666948d8755a", "links": [{"href": "http://172.30.9.23:8774/v2.1/flavors/38761bd9-7af6-4837-87f3-8fc157441b54", "rel": "self"}, {"href": "http://172.30.9.23:8774/flavors/38761bd9-7af6-4837-87f3-8fc157441b54", "rel": "bookmark"}], "ram": 512, "OS-FLV-DISABLED:disabled": false, "vcpus": 1, "swap": "", "os-flavor-access:is_public": true, "rxtx_factor": 1.0, "OS-FLV-EXT-DATA:ephemeral": 0, "disk": 1, "id": "38761bd9-7af6-4837-87f3-8fc157441b54"}, {"name": "rally_full-flavor_alt_7a9f8236-17d0-4d1f-9484-666948d8755a", "links": [{"href": "http://172.30.9.23:8774/v2.1/flavors/97bfa54d-c39e-4ec6-994f-5897c9e0a98a", "rel": "self"}, {"href": "http://172.30.9.23:8774/flavors/97bfa54d-c39e-4ec6-994f-5897c9e0a98a", "rel": "bookmark"}], "ram": 1024, "OS-FLV-DISABLED:disabled": false, "vcpus": 1, "swap": "", "os-flavor-access:is_public": true, "rxtx_factor": 1.0, "OS-FLV-EXT-DATA:ephemeral": 0, "disk": 1, "id": "97bfa54d-c39e-4ec6-994f-5897c9e0a98a"}]} _http_log_response /usr/lib/python2.7/site-packages/keystoneauth1/session.py:511
2019-08-02 19:38:47.960 661 DEBUG novaclient.v2.client [-] GET call to compute for http://172.30.9.23:8774/v2.1/flavors/detail used request id req-67e7ea19-d654-4c06-bfc1-1e8ca7ec4c80 request /usr/lib/python2.7/site-packages/keystoneauth1/session.py:844
2019-08-02 19:38:47.962 661 DEBUG novaclient.v2.client [-] REQ: curl -g -i -X GET http://172.30.9.23:8774/v2.1/flavors/detail -H "Accept: application/json" -H "User-Agent: python-novaclient" -H "X-Auth-Token: {SHA1}2f6ce4b95e306b89498ca92cc462e0e66489535d" _http_log_request /usr/lib/python2.7/site-packages/keystoneauth1/session.py:448
2019-08-02 19:38:47.969 663 DEBUG novaclient.v2.client [-] RESP: [200] Content-Encoding: gzip Content-Length: 364 Content-Type: application/json Date: Fri, 02 Aug 2019 19:38:47 GMT OpenStack-API-Version: compute 2.1 Server: Apache Vary: OpenStack-API-Version,X-OpenStack-Nova-API-Version,Accept-Encoding X-OpenStack-Nova-API-Version: 2.1 x-compute-request-id: req-00b39af3-f695-407d-9068-5532122cb168 x-openstack-request-id: req-00b39af3-f695-407d-9068-5532122cb168 _http_log_response /usr/lib/python2.7/site-packages/keystoneauth1/session.py:479
2019-08-02 19:38:47.970 663 DEBUG novaclient.v2.client [-] RESP BODY: {"flavors": [{"name": "rally_full-flavor_7a9f8236-17d0-4d1f-9484-666948d8755a", "links": [{"href": "http://172.30.9.23:8774/v2.1/flavors/38761bd9-7af6-4837-87f3-8fc157441b54", "rel": "self"}, {"href": "http://172.30.9.23:8774/flavors/38761bd9-7af6-4837-87f3-8fc157441b54", "rel": "bookmark"}], "ram": 512, "OS-FLV-DISABLED:disabled": false, "vcpus": 1, "swap": "", "os-flavor-access:is_public": true, "rxtx_factor": 1.0, "OS-FLV-EXT-DATA:ephemeral": 0, "disk": 1, "id": "38761bd9-7af6-4837-87f3-8fc157441b54"}, {"name": "rally_full-flavor_alt_7a9f8236-17d0-4d1f-9484-666948d8755a", "links": [{"href": "http://172.30.9.23:8774/v2.1/flavors/97bfa54d-c39e-4ec6-994f-5897c9e0a98a", "rel": "self"}, {"href": "http://172.30.9.23:8774/flavors/97bfa54d-c39e-4ec6-994f-5897c9e0a98a", "rel": "bookmark"}], "ram": 1024, "OS-FLV-DISABLED:disabled": false, "vcpus": 1, "swap": "", "os-flavor-access:is_public": true, "rxtx_factor": 1.0, "OS-FLV-EXT-DATA:ephemeral": 0, "disk": 1, "id": "97bfa54d-c39e-4ec6-994f-5897c9e0a98a"}]} _http_log_response /usr/lib/python2.7/site-packages/keystoneauth1/session.py:511
2019-08-02 19:38:47.970 663 DEBUG novaclient.v2.client [-] GET call to compute for http://172.30.9.23:8774/v2.1/flavors/detail used request id req-00b39af3-f695-407d-9068-5532122cb168 request /usr/lib/python2.7/site-packages/keystoneauth1/session.py:844
2019-08-02 19:38:47.971 663 DEBUG novaclient.v2.client [-] REQ: curl -g -i -X GET http://172.30.9.23:8774/v2.1/flavors/detail -H "Accept: application/json" -H "User-Agent: python-novaclient" -H "X-Auth-Token: {SHA1}905e4f58adf49c0d3b5a88b69f8ebc636e432095" _http_log_request /usr/lib/python2.7/site-packages/keystoneauth1/session.py:448
2019-08-02 19:38:47.985 661 DEBUG novaclient.v2.client [-] RESP: [200] Content-Encoding: gzip Content-Length: 364 Content-Type: application/json Date: Fri, 02 Aug 2019 19:38:47 GMT OpenStack-API-Version: compute 2.1 Server: Apache Vary: OpenStack-API-Version,X-OpenStack-Nova-API-Version,Accept-Encoding X-OpenStack-Nova-API-Version: 2.1 x-compute-request-id: req-b73f018d-7104-4853-b8c6-98aa4c6e41d0 x-openstack-request-id: req-b73f018d-7104-4853-b8c6-98aa4c6e41d0 _http_log_response /usr/lib/python2.7/site-packages/keystoneauth1/session.py:479
2019-08-02 19:38:47.986 661 DEBUG novaclient.v2.client [-] RESP BODY: {"flavors": [{"name": "rally_full-flavor_7a9f8236-17d0-4d1f-9484-666948d8755a", "links": [{"href": "http://172.30.9.23:8774/v2.1/flavors/38761bd9-7af6-4837-87f3-8fc157441b54", "rel": "self"}, {"href": "http://172.30.9.23:8774/flavors/38761bd9-7af6-4837-87f3-8fc157441b54", "rel": "bookmark"}], "ram": 512, "OS-FLV-DISABLED:disabled": false, "vcpus": 1, "swap": "", "os-flavor-access:is_public": true, "rxtx_factor": 1.0, "OS-FLV-EXT-DATA:ephemeral": 0, "disk": 1, "id": "38761bd9-7af6-4837-87f3-8fc157441b54"}, {"name": "rally_full-flavor_alt_7a9f8236-17d0-4d1f-9484-666948d8755a", "links": [{"href": "http://172.30.9.23:8774/v2.1/flavors/97bfa54d-c39e-4ec6-994f-5897c9e0a98a", "rel": "self"}, {"href": "http://172.30.9.23:8774/flavors/97bfa54d-c39e-4ec6-994f-5897c9e0a98a", "rel": "bookmark"}], "ram": 1024, "OS-FLV-DISABLED:disabled": false, "vcpus": 1, "swap": "", "os-flavor-access:is_public": true, "rxtx_factor": 1.0, "OS-FLV-EXT-DATA:ephemeral": 0, "disk": 1, "id": "97bfa54d-c39e-4ec6-994f-5897c9e0a98a"}]} _http_log_response /usr/lib/python2.7/site-packages/keystoneauth1/session.py:511
2019-08-02 19:38:47.986 661 DEBUG novaclient.v2.client [-] GET call to compute for http://172.30.9.23:8774/v2.1/flavors/detail used request id req-b73f018d-7104-4853-b8c6-98aa4c6e41d0 request /usr/lib/python2.7/site-packages/keystoneauth1/session.py:844
2019-08-02 19:38:47.987 661 INFO rally.task.runner [-] Task 91685c36-1704-4e01-a744-280d9796f01e | ITER: 2 END: OK
2019-08-02 19:38:47.991 661 INFO rally.task.runner [-] Task 91685c36-1704-4e01-a744-280d9796f01e | ITER: 5 START
2019-08-02 19:38:47.992 660 DEBUG novaclient.v2.client [-] RESP: [200] Content-Encoding: gzip Content-Length: 364 Content-Type: application/json Date: Fri, 02 Aug 2019 19:38:47 GMT OpenStack-API-Version: compute 2.1 Server: Apache Vary: OpenStack-API-Version,X-OpenStack-Nova-API-Version,Accept-Encoding X-OpenStack-Nova-API-Version: 2.1 x-compute-request-id: req-91f082ba-0bf2-45d8-b7a6-deaf39525fc4 x-openstack-request-id: req-91f082ba-0bf2-45d8-b7a6-deaf39525fc4 _http_log_response /usr/lib/python2.7/site-packages/keystoneauth1/session.py:479
2019-08-02 19:38:47.992 663 DEBUG novaclient.v2.client [-] RESP: [200] Content-Encoding: gzip Content-Length: 364 Content-Type: application/json Date: Fri, 02 Aug 2019 19:38:47 GMT OpenStack-API-Version: compute 2.1 Server: Apache Vary: OpenStack-API-Version,X-OpenStack-Nova-API-Version,Accept-Encoding X-OpenStack-Nova-API-Version: 2.1 x-compute-request-id: req-4374bcac-c3e3-4963-b2ad-9ba85a037a2c x-openstack-request-id: req-4374bcac-c3e3-4963-b2ad-9ba85a037a2c _http_log_response /usr/lib/python2.7/site-packages/keystoneauth1/session.py:479
2019-08-02 19:38:47.993 660 DEBUG novaclient.v2.client [-] RESP BODY: {"flavors": [{"name": "rally_full-flavor_7a9f8236-17d0-4d1f-9484-666948d8755a", "links": [{"href": "http://172.30.9.23:8774/v2.1/flavors/38761bd9-7af6-4837-87f3-8fc157441b54", "rel": "self"}, {"href": "http://172.30.9.23:8774/flavors/38761bd9-7af6-4837-87f3-8fc157441b54", "rel": "bookmark"}], "ram": 512, "OS-FLV-DISABLED:disabled": false, "vcpus": 1, "swap": "", "os-flavor-access:is_public": true, "rxtx_factor": 1.0, "OS-FLV-EXT-DATA:ephemeral": 0, "disk": 1, "id": "38761bd9-7af6-4837-87f3-8fc157441b54"}, {"name": "rally_full-flavor_alt_7a9f8236-17d0-4d1f-9484-666948d8755a", "links": [{"href": "http://172.30.9.23:8774/v2.1/flavors/97bfa54d-c39e-4ec6-994f-5897c9e0a98a", "rel": "self"}, {"href": "http://172.30.9.23:8774/flavors/97bfa54d-c39e-4ec6-994f-5897c9e0a98a", "rel": "bookmark"}], "ram": 1024, "OS-FLV-DISABLED:disabled": false, "vcpus": 1, "swap": "", "os-flavor-access:is_public": true, "rxtx_factor": 1.0, "OS-FLV-EXT-DATA:ephemeral": 0, "disk": 1, "id": "97bfa54d-c39e-4ec6-994f-5897c9e0a98a"}]} _http_log_response /usr/lib/python2.7/site-packages/keystoneauth1/session.py:511
2019-08-02 19:38:47.993 660 DEBUG novaclient.v2.client [-] GET call to compute for http://172.30.9.23:8774/v2.1/flavors/detail used request id req-91f082ba-0bf2-45d8-b7a6-deaf39525fc4 request /usr/lib/python2.7/site-packages/keystoneauth1/session.py:844
2019-08-02 19:38:47.993 663 DEBUG novaclient.v2.client [-] RESP BODY: {"flavors": [{"name": "rally_full-flavor_7a9f8236-17d0-4d1f-9484-666948d8755a", "links": [{"href": "http://172.30.9.23:8774/v2.1/flavors/38761bd9-7af6-4837-87f3-8fc157441b54", "rel": "self"}, {"href": "http://172.30.9.23:8774/flavors/38761bd9-7af6-4837-87f3-8fc157441b54", "rel": "bookmark"}], "ram": 512, "OS-FLV-DISABLED:disabled": false, "vcpus": 1, "swap": "", "os-flavor-access:is_public": true, "rxtx_factor": 1.0, "OS-FLV-EXT-DATA:ephemeral": 0, "disk": 1, "id": "38761bd9-7af6-4837-87f3-8fc157441b54"}, {"name": "rally_full-flavor_alt_7a9f8236-17d0-4d1f-9484-666948d8755a", "links": [{"href": "http://172.30.9.23:8774/v2.1/flavors/97bfa54d-c39e-4ec6-994f-5897c9e0a98a", "rel": "self"}, {"href": "http://172.30.9.23:8774/flavors/97bfa54d-c39e-4ec6-994f-5897c9e0a98a", "rel": "bookmark"}], "ram": 1024, "OS-FLV-DISABLED:disabled": false, "vcpus": 1, "swap": "", "os-flavor-access:is_public": true, "rxtx_factor": 1.0, "OS-FLV-EXT-DATA:ephemeral": 0, "disk": 1, "id": "97bfa54d-c39e-4ec6-994f-5897c9e0a98a"}]} _http_log_response /usr/lib/python2.7/site-packages/keystoneauth1/session.py:511
2019-08-02 19:38:47.993 663 DEBUG novaclient.v2.client [-] GET call to compute for http://172.30.9.23:8774/v2.1/flavors/detail used request id req-4374bcac-c3e3-4963-b2ad-9ba85a037a2c request /usr/lib/python2.7/site-packages/keystoneauth1/session.py:844
2019-08-02 19:38:47.994 660 DEBUG novaclient.v2.client [-] REQ: curl -g -i -X GET http://172.30.9.23:8774/v2.1/flavors/detail -H "Accept: application/json" -H "User-Agent: python-novaclient" -H "X-Auth-Token: {SHA1}bc08492f531c0073580b9bed5f6bfa33105455e3" _http_log_request /usr/lib/python2.7/site-packages/keystoneauth1/session.py:448
2019-08-02 19:38:47.994 663 INFO rally.task.runner [-] Task 91685c36-1704-4e01-a744-280d9796f01e | ITER: 4 END: OK
2019-08-02 19:38:47.998 663 INFO rally.task.runner [-] Task 91685c36-1704-4e01-a744-280d9796f01e | ITER: 6 START
2019-08-02 19:38:48.002 662 DEBUG novaclient.v2.client [-] RESP: [200] Content-Encoding: gzip Content-Length: 364 Content-Type: application/json Date: Fri, 02 Aug 2019 19:38:47 GMT OpenStack-API-Version: compute 2.1 Server: Apache Vary: OpenStack-API-Version,X-OpenStack-Nova-API-Version,Accept-Encoding X-OpenStack-Nova-API-Version: 2.1 x-compute-request-id: req-c183d393-ae93-45e8-a17b-c67e919e7a21 x-openstack-request-id: req-c183d393-ae93-45e8-a17b-c67e919e7a21 _http_log_response /usr/lib/python2.7/site-packages/keystoneauth1/session.py:479
2019-08-02 19:38:48.003 662 DEBUG novaclient.v2.client [-] RESP BODY: {"flavors": [{"name": "rally_full-flavor_7a9f8236-17d0-4d1f-9484-666948d8755a", "links": [{"href": "http://172.30.9.23:8774/v2.1/flavors/38761bd9-7af6-4837-87f3-8fc157441b54", "rel": "self"}, {"href": "http://172.30.9.23:8774/flavors/38761bd9-7af6-4837-87f3-8fc157441b54", "rel": "bookmark"}], "ram": 512, "OS-FLV-DISABLED:disabled": false, "vcpus": 1, "swap": "", "os-flavor-access:is_public": true, "rxtx_factor": 1.0, "OS-FLV-EXT-DATA:ephemeral": 0, "disk": 1, "id": "38761bd9-7af6-4837-87f3-8fc157441b54"}, {"name": "rally_full-flavor_alt_7a9f8236-17d0-4d1f-9484-666948d8755a", "links": [{"href": "http://172.30.9.23:8774/v2.1/flavors/97bfa54d-c39e-4ec6-994f-5897c9e0a98a", "rel": "self"}, {"href": "http://172.30.9.23:8774/flavors/97bfa54d-c39e-4ec6-994f-5897c9e0a98a", "rel": "bookmark"}], "ram": 1024, "OS-FLV-DISABLED:disabled": false, "vcpus": 1, "swap": "", "os-flavor-access:is_public": true, "rxtx_factor": 1.0, "OS-FLV-EXT-DATA:ephemeral": 0, "disk": 1, "id": "97bfa54d-c39e-4ec6-994f-5897c9e0a98a"}]} _http_log_response /usr/lib/python2.7/site-packages/keystoneauth1/session.py:511
2019-08-02 19:38:48.003 662 DEBUG novaclient.v2.client [-] GET call to compute for http://172.30.9.23:8774/v2.1/flavors/detail used request id req-c183d393-ae93-45e8-a17b-c67e919e7a21 request /usr/lib/python2.7/site-packages/keystoneauth1/session.py:844
2019-08-02 19:38:48.004 662 DEBUG novaclient.v2.client [-] REQ: curl -g -i -X GET http://172.30.9.23:8774/v2.1/flavors/detail -H "Accept: application/json" -H "User-Agent: python-novaclient" -H "X-Auth-Token: {SHA1}d0aa646523eb2cabc40e7340d2a3d16088142f49" _http_log_request /usr/lib/python2.7/site-packages/keystoneauth1/session.py:448
2019-08-02 19:38:48.021 660 DEBUG novaclient.v2.client [-] RESP: [200] Content-Encoding: gzip Content-Length: 364 Content-Type: application/json Date: Fri, 02 Aug 2019 19:38:47 GMT OpenStack-API-Version: compute 2.1 Server: Apache Vary: OpenStack-API-Version,X-OpenStack-Nova-API-Version,Accept-Encoding X-OpenStack-Nova-API-Version: 2.1 x-compute-request-id: req-97709851-13da-454e-b398-f191fcb4e492 x-openstack-request-id: req-97709851-13da-454e-b398-f191fcb4e492 _http_log_response /usr/lib/python2.7/site-packages/keystoneauth1/session.py:479
2019-08-02 19:38:48.022 660 DEBUG novaclient.v2.client [-] RESP BODY: {"flavors": [{"name": "rally_full-flavor_7a9f8236-17d0-4d1f-9484-666948d8755a", "links": [{"href": "http://172.30.9.23:8774/v2.1/flavors/38761bd9-7af6-4837-87f3-8fc157441b54", "rel": "self"}, {"href": "http://172.30.9.23:8774/flavors/38761bd9-7af6-4837-87f3-8fc157441b54", "rel": "bookmark"}], "ram": 512, "OS-FLV-DISABLED:disabled": false, "vcpus": 1, "swap": "", "os-flavor-access:is_public": true, "rxtx_factor": 1.0, "OS-FLV-EXT-DATA:ephemeral": 0, "disk": 1, "id": "38761bd9-7af6-4837-87f3-8fc157441b54"}, {"name": "rally_full-flavor_alt_7a9f8236-17d0-4d1f-9484-666948d8755a", "links": [{"href": "http://172.30.9.23:8774/v2.1/flavors/97bfa54d-c39e-4ec6-994f-5897c9e0a98a", "rel": "self"}, {"href": "http://172.30.9.23:8774/flavors/97bfa54d-c39e-4ec6-994f-5897c9e0a98a", "rel": "bookmark"}], "ram": 1024, "OS-FLV-DISABLED:disabled": false, "vcpus": 1, "swap": "", "os-flavor-access:is_public": true, "rxtx_factor": 1.0, "OS-FLV-EXT-DATA:ephemeral": 0, "disk": 1, "id": "97bfa54d-c39e-4ec6-994f-5897c9e0a98a"}]} _http_log_response /usr/lib/python2.7/site-packages/keystoneauth1/session.py:511
2019-08-02 19:38:48.022 660 DEBUG novaclient.v2.client [-] GET call to compute for http://172.30.9.23:8774/v2.1/flavors/detail used request id req-97709851-13da-454e-b398-f191fcb4e492 request /usr/lib/python2.7/site-packages/keystoneauth1/session.py:844
