2019-08-02 09:42:55.880 22705 RALLYDEBUG rally_openstack.cleanup.manager [-] Deleting neutron.port object s_rally_f382a963_iocyCPeg (d5de862c-4c52-4a2a-9923-d3e17273d4ef)
2019-08-02 09:42:55.903 22705 RALLYDEBUG rally_openstack.cleanup.manager [-] Deleting neutron.port object s_rally_f382a963_fzG6iGYo (d6088819-cdaf-4a2f-b060-8dea7f9ef9e5)
2019-08-02 09:42:56.131 22705 RALLYDEBUG rally_openstack.cleanup.manager [-] Deleting neutron.port object s_rally_f382a963_86KoGsv9 (d6199985-dff2-4d8d-ad12-d0b8bdd3d401)
2019-08-02 09:42:56.160 22705 RALLYDEBUG rally_openstack.cleanup.manager [-] Deleting neutron.port object s_rally_f382a963_PtTEAMJk (d6842f70-2981-404a-9b38-cb60085db0f6)
2019-08-02 09:42:56.337 22705 RALLYDEBUG rally_openstack.cleanup.manager [-] Deleting neutron.port object s_rally_f382a963_2Qh0ZsH2 (d686362b-14a7-44e0-9cbf-2068572c4487)
2019-08-02 09:42:56.585 22705 RALLYDEBUG rally_openstack.cleanup.manager [-] Deleting neutron.port object s_rally_f382a963_5s9CHIBG (d7071f0e-ce2b-4692-ae42-bee799c8124d)
2019-08-02 09:42:56.884 22705 RALLYDEBUG rally_openstack.cleanup.manager [-] Deleting neutron.port object s_rally_f382a963_tDCKVfOC (d70d8706-20c6-4bd2-b0ab-d8f98df0d1d7)
2019-08-02 09:42:56.927 22705 RALLYDEBUG rally_openstack.cleanup.manager [-] Deleting neutron.port object s_rally_f382a963_cCrpHQwM (d8a7bcdb-6f7d-4b5d-a619-b661a163a7eb)
2019-08-02 09:42:57.197 22705 RALLYDEBUG rally_openstack.cleanup.manager [-] Deleting neutron.port object s_rally_f382a963_ZCsZrQ6b (d8ef8e8b-18dd-4485-bd70-70be541e584b)
2019-08-02 09:42:57.846 22705 RALLYDEBUG rally_openstack.cleanup.manager [-] Deleting neutron.port object s_rally_f382a963_kmPVxiKT (d9bcb818-a202-4e29-92be-f12a155e0c88)
2019-08-02 09:42:57.969 22705 RALLYDEBUG rally_openstack.cleanup.manager [-] Deleting neutron.port object s_rally_f382a963_NN9h0als (da1695ca-a033-4181-b418-501ff93c1520)
2019-08-02 09:42:58.045 22705 RALLYDEBUG rally_openstack.cleanup.manager [-] Deleting neutron.port object s_rally_f382a963_fP7IyBDA (da3307b4-f050-4c78-8eef-6d2f0e37a864)
2019-08-02 09:42:58.056 22705 RALLYDEBUG rally_openstack.cleanup.manager [-] Deleting neutron.port object s_rally_f382a963_PtrB1e1c (dd0d7bf6-ca5a-47b3-bb04-7394bed99f70)
2019-08-02 09:42:58.096 22705 RALLYDEBUG rally_openstack.cleanup.manager [-] Deleting neutron.port object s_rally_f382a963_MDE8FA7I (dd837edb-6760-48a2-a663-ab2dfc124bbd)
2019-08-02 09:42:58.151 22705 RALLYDEBUG rally_openstack.cleanup.manager [-] Deleting neutron.port object s_rally_f382a963_aGkjM2fZ (ddee0de6-f2dd-4709-b9e8-4ff013c10fac)
2019-08-02 09:42:58.299 22705 RALLYDEBUG rally_openstack.cleanup.manager [-] Deleting neutron.port object s_rally_f382a963_5hCagxUy (ddf8ff0f-f9b9-4c2d-93ed-2936c90972cb)
2019-08-02 09:42:58.352 22705 RALLYDEBUG rally_openstack.cleanup.manager [-] Deleting neutron.port object s_rally_f382a963_T9IdpbAd (de17a7b6-e5a8-43ef-9624-0db369614946)
2019-08-02 09:42:58.634 22705 RALLYDEBUG rally_openstack.cleanup.manager [-] Deleting neutron.port object s_rally_f382a963_BPW1YKkg (de2587d7-3687-4c85-a698-ea63905d4a49)
2019-08-02 09:42:58.746 22705 RALLYDEBUG rally_openstack.cleanup.manager [-] Deleting neutron.port object s_rally_f382a963_o7RoXwo2 (df6f09a0-4da8-4e33-89d5-183040452a6b)
2019-08-02 09:42:58.922 22705 RALLYDEBUG rally_openstack.cleanup.manager [-] Deleting neutron.port object s_rally_f382a963_LmHfciMy (dfeb9e75-cd96-4add-a851-f63a8ad019a9)
2019-08-02 09:42:58.930 22705 RALLYDEBUG rally_openstack.cleanup.manager [-] Deleting neutron.port object s_rally_f382a963_jLYmu69e (e0498c64-09ca-4480-bb95-c6b908bff6e0)
2019-08-02 09:42:59.162 22705 RALLYDEBUG rally_openstack.cleanup.manager [-] Deleting neutron.port object s_rally_f382a963_Khe169Mx (e1ccc587-a69d-400e-9df7-bc09bdce3ef5)
2019-08-02 09:42:59.169 22705 RALLYDEBUG rally_openstack.cleanup.manager [-] Deleting neutron.port object s_rally_f382a963_mgjPr7Ei (e1edeac8-5757-4e72-ae41-c93650773ff9)
2019-08-02 09:42:59.235 22705 RALLYDEBUG rally_openstack.cleanup.manager [-] Deleting neutron.port object s_rally_f382a963_ou9fdl6S (e1f40c61-aab6-4e58-9534-d3e6ef85b1ec)
2019-08-02 09:42:59.341 22705 RALLYDEBUG rally_openstack.cleanup.manager [-] Deleting neutron.port object s_rally_f382a963_kUaRNEOA (e24c9554-4686-46b9-9c86-11088c3baac7)
2019-08-02 09:42:59.416 22705 RALLYDEBUG rally_openstack.cleanup.manager [-] Deleting neutron.port object s_rally_f382a963_S1Zf7ZIF (e293bbb6-e1e6-4cbf-9bd4-fc3cb8918665)
2019-08-02 09:42:59.930 22705 RALLYDEBUG rally_openstack.cleanup.manager [-] Deleting neutron.port object s_rally_f382a963_nGs8LyZy (e30535f4-7ec8-48a4-bd73-5805ca8ce766)
2019-08-02 09:43:00.083 22705 RALLYDEBUG rally_openstack.cleanup.manager [-] Deleting neutron.port object s_rally_f382a963_6F2EWEw0 (e4942859-c8da-4fdd-8268-c8734ab0a9db)
2019-08-02 09:43:00.123 22705 RALLYDEBUG rally_openstack.cleanup.manager [-] Deleting neutron.port object s_rally_f382a963_y42YugJ0 (e4cfef5b-c671-467f-9334-e89dc3d97343)
2019-08-02 09:43:00.174 22705 RALLYDEBUG rally_openstack.cleanup.manager [-] Deleting neutron.port object s_rally_f382a963_uID9rITp (e552bc90-5cd2-43a7-a131-0ac774e59495)
2019-08-02 09:43:00.198 22705 RALLYDEBUG rally_openstack.cleanup.manager [-] Deleting neutron.port object s_rally_f382a963_s9b0F8cq (e55996c1-c889-4151-83e8-43b312a2ecf9)
2019-08-02 09:43:00.695 22705 RALLYDEBUG rally_openstack.cleanup.manager [-] Deleting neutron.port object s_rally_f382a963_t0IT97U9 (e83f32f1-830c-4152-819e-187238c16796)
2019-08-02 09:43:01.138 22705 RALLYDEBUG rally_openstack.cleanup.manager [-] Deleting neutron.port object s_rally_f382a963_ollcnPay (e939b77c-7efa-4a8f-b93b-fa8a0356ba0e)
2019-08-02 09:43:01.222 22705 RALLYDEBUG rally_openstack.cleanup.manager [-] Deleting neutron.port object s_rally_f382a963_H3nE7hkK (e9701c82-e12b-405c-9852-bc47b8883f4d)
2019-08-02 09:43:01.235 22705 RALLYDEBUG rally_openstack.cleanup.manager [-] Deleting neutron.port object s_rally_f382a963_QyKwG63n (eaebc97d-32b7-4589-936a-29da4576bdcd)
2019-08-02 09:43:01.645 22705 RALLYDEBUG rally_openstack.cleanup.manager [-] Deleting neutron.port object s_rally_f382a963_snVAgEtu (eb698a2c-d9ce-4f08-a8b6-028883433d01)
2019-08-02 09:43:01.764 22705 RALLYDEBUG rally_openstack.cleanup.manager [-] Deleting neutron.port object s_rally_f382a963_jDZzSCOW (eb6f67dd-57b7-4d36-befd-c29bc3eed71e)
2019-08-02 09:43:01.770 22705 RALLYDEBUG rally_openstack.cleanup.manager [-] Deleting neutron.port object s_rally_f382a963_EoR3Ub1C (ed7d21a8-7803-4c08-91d6-9d3704a1e3e8)
2019-08-02 09:43:01.835 22705 RALLYDEBUG rally_openstack.cleanup.manager [-] Deleting neutron.port object s_rally_f382a963_DrMakNnD (ed85289a-38b5-44b6-9666-fc74529b5f21)
2019-08-02 09:43:02.175 22705 RALLYDEBUG rally_openstack.cleanup.manager [-] Deleting neutron.port object s_rally_f382a963_UvbQ0TWV (ee72b3a4-ca92-4950-ac9f-948b94602ff6)
2019-08-02 09:43:02.182 22705 RALLYDEBUG rally_openstack.cleanup.manager [-] Deleting neutron.port object s_rally_f382a963_rXNe99fa (ee9728a0-1bf8-42fb-8240-bd2e5eb5ebf4)
2019-08-02 09:43:02.301 22705 RALLYDEBUG rally_openstack.cleanup.manager [-] Deleting neutron.port object s_rally_f382a963_4Zb2ADeb (f027c21d-6b0a-40bd-8915-e22cdc0d8e15)
2019-08-02 09:43:02.333 22705 RALLYDEBUG rally_openstack.cleanup.manager [-] Deleting neutron.port object s_rally_f382a963_8Mqy4j6g (f0e3e716-3fb3-48da-a17a-2d180983fb0c)
2019-08-02 09:43:02.349 22705 RALLYDEBUG rally_openstack.cleanup.manager [-] Deleting neutron.port object s_rally_f382a963_aRYbMmwP (f1080270-6bcb-42ab-8bbf-131cd4e8df5e)
2019-08-02 09:43:02.459 22705 RALLYDEBUG rally_openstack.cleanup.manager [-] Deleting neutron.port object s_rally_f382a963_ebE6jtvl (f2d69aef-cf97-4525-a0a0-e8a43328d4a8)
2019-08-02 09:43:02.986 22705 RALLYDEBUG rally_openstack.cleanup.manager [-] Deleting neutron.port object s_rally_f382a963_Ysh5WsSd (f33c6aa9-ed2a-4055-9d16-d06bc5604bb9)
2019-08-02 09:43:02.987 22705 RALLYDEBUG rally_openstack.cleanup.manager [-] Deleting neutron.port object s_rally_f382a963_BFovw35t (f3196ee3-78e2-41ad-a2c4-ea69c60aae79)
2019-08-02 09:43:02.992 22705 RALLYDEBUG rally_openstack.cleanup.manager [-] Deleting neutron.port object s_rally_f382a963_2yfoi54d (f4f070cc-7b81-42f0-acc4-00756cdd7219)
2019-08-02 09:43:03.293 22705 RALLYDEBUG rally_openstack.cleanup.manager [-] Deleting neutron.port object s_rally_f382a963_Qx8CUcc5 (f545d9d0-9c88-412f-bb3e-e5e6ab665444)
2019-08-02 09:43:03.428 22705 RALLYDEBUG rally_openstack.cleanup.manager [-] Deleting neutron.port object s_rally_f382a963_hnubxMts (f6944a83-cd75-48ff-83c8-4ba7a154cb93)
2019-08-02 09:43:03.502 22705 RALLYDEBUG rally_openstack.cleanup.manager [-] Deleting neutron.port object s_rally_f382a963_mCOjLQuh (f72cbbab-e0b6-4f5e-bfe9-00f3e7803571)
2019-08-02 09:43:03.545 22705 RALLYDEBUG rally_openstack.cleanup.manager [-] Deleting neutron.port object s_rally_f382a963_sn67zwwu (f7b2aa4a-a9cd-4470-9ca0-d237fc2d4c07)
2019-08-02 09:43:03.571 22705 RALLYDEBUG rally_openstack.cleanup.manager [-] Deleting neutron.port object s_rally_f382a963_jyZG10C9 (f98ef5db-64dd-4e34-ad59-e66c5e0466a2)
2019-08-02 09:43:03.959 22705 RALLYDEBUG rally_openstack.cleanup.manager [-] Deleting neutron.port object s_rally_f382a963_CKEuaqm1 (f9f6a95f-f159-461a-8757-c6eeb419bae7)
2019-08-02 09:43:04.101 22705 RALLYDEBUG rally_openstack.cleanup.manager [-] Deleting neutron.port object s_rally_f382a963_mvgHxXyj (fbb5f84a-f0a8-4856-8a39-e4dce71f4328)
2019-08-02 09:43:04.125 22705 RALLYDEBUG rally_openstack.cleanup.manager [-] Deleting neutron.port object s_rally_f382a963_3jqpQVr8 (fc5d6f83-ecd6-4e8a-8a0c-8cd76485c167)
2019-08-02 09:43:04.485 22705 RALLYDEBUG rally_openstack.cleanup.manager [-] Deleting neutron.port object s_rally_f382a963_edNoajmz (fc75c934-91d7-4862-a592-adc965958fa0)
2019-08-02 09:43:04.613 22705 RALLYDEBUG rally_openstack.cleanup.manager [-] Deleting neutron.port object s_rally_f382a963_yQQZJnlU (fcc784cd-a25c-4c2d-b042-21140ea4629c)
2019-08-02 09:43:04.683 22705 RALLYDEBUG rally_openstack.cleanup.manager [-] Deleting neutron.port object s_rally_f382a963_APVAAlal (fe9b139d-34f9-4775-b75e-21112f51be86)
2019-08-02 09:43:04.963 22705 RALLYDEBUG rally_openstack.cleanup.manager [-] Deleting neutron.port object s_rally_f382a963_R1fvyj6q (ff70426f-27a4-45a1-bd52-a7c9d2daf7ce)
2019-08-02 09:43:07.461 22705 RALLYDEBUG rally_openstack.cleanup.manager [-] Cleaning up neutron subnet objects
2019-08-02 09:43:08.118 22705 RALLYDEBUG rally_openstack.cleanup.manager [-] Cleaning up neutron network objects
2019-08-02 09:43:08.832 22705 RALLYDEBUG rally_openstack.cleanup.manager [-] Deleting neutron.network object s_rally_f382a963_oi7IPsrB (193e9232-0b22-43fe-a68c-368490f5f628)
2019-08-02 09:43:08.832 22705 RALLYDEBUG rally_openstack.cleanup.manager [-] Deleting neutron.network object s_rally_f382a963_iF3NbbBs (2af8dc6c-c583-4364-9c04-9b49a383831c)
2019-08-02 09:43:08.839 22705 RALLYDEBUG rally_openstack.cleanup.manager [-] Deleting neutron.network object s_rally_f382a963_GlLr6BbK (539405f1-9722-47e6-bb7d-cdc1cfc1c8e6)
2019-08-02 09:43:08.856 22705 RALLYDEBUG rally_openstack.cleanup.manager [-] Deleting neutron.network object s_rally_f382a963_yH2FEtUc (8ae80b79-0fbf-4bd8-ba8f-444f1b061f9d)
2019-08-02 09:43:08.857 22705 RALLYDEBUG rally_openstack.cleanup.manager [-] Deleting neutron.network object s_rally_f382a963_yqjM9rbq (68310082-4f5c-4c1f-8687-afed8ee97f9c)
2019-08-02 09:43:08.875 22705 RALLYDEBUG rally_openstack.cleanup.manager [-] Deleting neutron.network object s_rally_f382a963_crFJzTJE (a3b4a3dc-8084-465a-b663-921740978ad8)
2019-08-02 09:43:08.888 22705 RALLYDEBUG rally_openstack.cleanup.manager [-] Deleting neutron.network object s_rally_f382a963_oSSKTde6 (cbb46d91-8ab7-43d5-bb40-5e25ea87d9de)
2019-08-02 09:43:08.896 22705 RALLYDEBUG rally_openstack.cleanup.manager [-] Deleting neutron.network object s_rally_f382a963_MntbydoH (dd88126d-31dc-4c6f-9d94-feb71d49ee7d)
2019-08-02 09:43:12.907 22705 RALLYDEBUG rally_openstack.cleanup.manager [-] Cleaning up neutron router objects
2019-08-02 09:43:13.583 22705 RALLYDEBUG rally_openstack.cleanup.manager [-] Cleaning up neutron security_group objects
2019-08-02 09:43:14.221 22705 INFO rally.task.context [-] Task f2c0e8bc-06f7-4e53-a14f-b560bec65de3 | Context cleanup@openstack cleanup() finished in 1.29 min
2019-08-02 09:43:14.222 22705 INFO rally.task.context [-] Task f2c0e8bc-06f7-4e53-a14f-b560bec65de3 | Context quotas@openstack cleanup() started
2019-08-02 09:43:14.533 22705 INFO rally.task.context [-] Task f2c0e8bc-06f7-4e53-a14f-b560bec65de3 | Context quotas@openstack cleanup() finished in 0.31 sec
2019-08-02 09:43:14.533 22705 INFO rally.task.context [-] Task f2c0e8bc-06f7-4e53-a14f-b560bec65de3 | Context users@openstack cleanup() started
2019-08-02 09:43:18.851 22705 INFO rally.task.context [-] Task f2c0e8bc-06f7-4e53-a14f-b560bec65de3 | Context users@openstack cleanup() finished in 4.32 sec
2019-08-02 09:43:19.553 22705 INFO rally.task.engine [-] Load duration is: 104.998565
2019-08-02 09:43:19.553 22705 INFO rally.task.engine [-] Full runner duration is: 105.044902
2019-08-02 09:43:19.553 22705 INFO rally.task.engine [-] Full duration is: 192.024897
2019-08-02 09:43:19.737 22705 INFO rally.task.engine [-] Running workload: position = 1 config = { "version": 2, "title": "A cropped version of a bigger task.", "description": "Auto-generated task from a single workload (uuid=585dda45-2856-43e4-88d3-9f2e8ebd9a20)", "subtasks": [ { "title": "NeutronNetworks.create_and_update_ports", "description": "Create and update a given number of ports.", "scenario": { "NeutronNetworks.create_and_update_ports": { "network_create_args": {}, "port_create_args": {}, "ports_per_network": 5, "port_update_args": { "admin_state_up": false, "device_id": "dummy_id", "device_owner": "dummy_owner", "name": "_port_updated" } } }, "contexts": { "users": { "tenants": 1, "users_per_tenant": 1 }, "quotas": { "neutron": { "network": -1, "port": -1 } } }, "runner": { "constant": { "times": 40, "concurrency": 20 } }, "hooks": [], "sla": { "failure_rate": { "max": 0 } } } ] }
2019-08-02 09:43:19.756 22705 RALLYDEBUG rally_openstack.contexts.keystone.users [-] Creating 1 tenants using 20 threads
2019-08-02 09:43:21.405 22705 RALLYDEBUG rally_openstack.contexts.keystone.users [-] Creating 1 users using 20 threads
2019-08-02 09:43:23.805 22705 INFO rally.task.context [-] Task f2c0e8bc-06f7-4e53-a14f-b560bec65de3 | Context users@openstack setup() finished in 4.05 sec
2019-08-02 09:43:24.480 22705 INFO rally.task.context [-] Task f2c0e8bc-06f7-4e53-a14f-b560bec65de3 | Context quotas@openstack setup() finished in 0.67 sec
2019-08-02 09:43:24.481 22705 INFO rally.task.context [-] Task f2c0e8bc-06f7-4e53-a14f-b560bec65de3 | Context cleanup@openstack setup() finished in 0.01 msec
2019-08-02 09:43:24.488 22705 RALLYDEBUG rally.task.runner [-] Starting the constant runner (task UUID: f2c0e8bc-06f7-4e53-a14f-b560bec65de3). timeout: 0 concurrency: 20 concurrency_per_worker: 1 times: 40 concurrency_overhead: 4 processes_to_start: 16 max_cpu_used: 16
2019-08-02 09:43:24.502 26581 RALLYDEBUG rally.task.runner [-] Starting a worker. concurrency: 2 args: {"network_create_args": {}, "port_create_args": {}, "ports_per_network": 5, "port_update_args": {"admin_state_up": false, "device_id": "dummy_id", "device_owner": "dummy_owner", "name": "_port_updated"}} times: 40 method_name: run timeout: 0 duration: None cls:
2019-08-02 09:43:24.505 26582 RALLYDEBUG rally.task.runner [-] Starting a worker. concurrency: 2 args: {"network_create_args": {}, "port_create_args": {}, "ports_per_network": 5, "port_update_args": {"admin_state_up": false, "device_id": "dummy_id", "device_owner": "dummy_owner", "name": "_port_updated"}} times: 40 method_name: run timeout: 0 duration: None cls:
2019-08-02 09:43:24.508 26583 RALLYDEBUG rally.task.runner [-] Starting a worker. concurrency: 2 args: {"network_create_args": {}, "port_create_args": {}, "ports_per_network": 5, "port_update_args": {"admin_state_up": false, "device_id": "dummy_id", "device_owner": "dummy_owner", "name": "_port_updated"}} times: 40 method_name: run timeout: 0 duration: None cls:
2019-08-02 09:43:24.511 26584 RALLYDEBUG rally.task.runner [-] Starting a worker. concurrency: 2 args: {"network_create_args": {}, "port_create_args": {}, "ports_per_network": 5, "port_update_args": {"admin_state_up": false, "device_id": "dummy_id", "device_owner": "dummy_owner", "name": "_port_updated"}} times: 40 method_name: run timeout: 0 duration: None cls:
2019-08-02 09:43:24.513 26581 INFO rally.task.runner [-] Task f2c0e8bc-06f7-4e53-a14f-b560bec65de3 | ITER: 3 START
2019-08-02 09:43:24.514 26585 RALLYDEBUG rally.task.runner [-] Starting a worker. concurrency: 1 args: {"network_create_args": {}, "port_create_args": {}, "ports_per_network": 5, "port_update_args": {"admin_state_up": false, "device_id": "dummy_id", "device_owner": "dummy_owner", "name": "_port_updated"}} times: 40 method_name: run timeout: 0 duration: None cls:
2019-08-02 09:43:24.516 26582 INFO rally.task.runner [-] Task f2c0e8bc-06f7-4e53-a14f-b560bec65de3 | ITER: 2 START
2019-08-02 09:43:24.513 26581 INFO rally.task.runner [-] Task f2c0e8bc-06f7-4e53-a14f-b560bec65de3 | ITER: 1 START
2019-08-02 09:43:24.517 26581 WARNING rally_openstack.scenarios.neutron.utils [-] Running this scenario without either the 'network' or 'existing_network' context is deprecated
2019-08-02 09:43:24.518 26582 WARNING rally_openstack.scenarios.neutron.utils [-] Running this scenario without either the 'network' or 'existing_network' context is deprecated
2019-08-02 09:43:24.518 26590 RALLYDEBUG rally.task.runner [-] Starting a worker. concurrency: 1 args: {"network_create_args": {}, "port_create_args": {}, "ports_per_network": 5, "port_update_args": {"admin_state_up": false, "device_id": "dummy_id", "device_owner": "dummy_owner", "name": "_port_updated"}} times: 40 method_name: run timeout: 0 duration: None cls:
2019-08-02 09:43:24.518 26583 INFO rally.task.runner [-] Task f2c0e8bc-06f7-4e53-a14f-b560bec65de3 | ITER: 4 START
2019-08-02 09:43:24.520 26584 INFO rally.task.runner [-] Task f2c0e8bc-06f7-4e53-a14f-b560bec65de3 | ITER: 6 START
2019-08-02 09:43:24.520 26583 INFO rally.task.runner [-] Task f2c0e8bc-06f7-4e53-a14f-b560bec65de3 | ITER: 7 START
2019-08-02 09:43:24.521 26582 INFO rally.task.runner [-] Task f2c0e8bc-06f7-4e53-a14f-b560bec65de3 | ITER: 5 START
2019-08-02 09:43:24.521 26583 WARNING rally_openstack.scenarios.neutron.utils [-] Running this scenario without either the 'network' or 'existing_network' context is deprecated
2019-08-02 09:43:24.522 26582 WARNING rally_openstack.scenarios.neutron.utils [-] Running this scenario without either the 'network' or 'existing_network' context is deprecated
2019-08-02 09:43:24.523 26585 INFO rally.task.runner [-] Task f2c0e8bc-06f7-4e53-a14f-b560bec65de3 | ITER: 9 START
2019-08-02 09:43:24.522 26583 WARNING rally_openstack.scenarios.neutron.utils [-] Running this scenario without either the 'network' or 'existing_network' context is deprecated
2019-08-02 09:43:24.523 26594 RALLYDEBUG rally.task.runner [-] Starting a worker. concurrency: 1 args: {"network_create_args": {}, "port_create_args": {}, "ports_per_network": 5, "port_update_args": {"admin_state_up": false, "device_id": "dummy_id", "device_owner": "dummy_owner", "name": "_port_updated"}} times: 40 method_name: run timeout: 0 duration: None cls:
2019-08-02 09:43:24.522 26584 INFO rally.task.runner [-] Task f2c0e8bc-06f7-4e53-a14f-b560bec65de3 | ITER: 8 START
2019-08-02 09:43:24.524 26584 WARNING rally_openstack.scenarios.neutron.utils [-] Running this scenario without either the 'network' or 'existing_network' context is deprecated
2019-08-02 09:43:24.525 26585 WARNING rally_openstack.scenarios.neutron.utils [-] Running this scenario without either the 'network' or 'existing_network' context is deprecated
2019-08-02 09:43:24.525 26590 INFO rally.task.runner [-] Task f2c0e8bc-06f7-4e53-a14f-b560bec65de3 | ITER: 10 START
2019-08-02 09:43:24.526 26599 RALLYDEBUG rally.task.runner [-] Starting a worker. concurrency: 1 args: {"network_create_args": {}, "port_create_args": {}, "ports_per_network": 5, "port_update_args": {"admin_state_up": false, "device_id": "dummy_id", "device_owner": "dummy_owner", "name": "_port_updated"}} times: 40 method_name: run timeout: 0 duration: None cls:
2019-08-02 09:43:24.527 26590 WARNING rally_openstack.scenarios.neutron.utils [-] Running this scenario without either the 'network' or 'existing_network' context is deprecated
2019-08-02 09:43:24.517 26581 WARNING rally_openstack.scenarios.neutron.utils [-] Running this scenario without either the 'network' or 'existing_network' context is deprecated
2019-08-02 09:43:24.525 26584 WARNING rally_openstack.scenarios.neutron.utils [-] Running this scenario without either the 'network' or 'existing_network' context is deprecated
2019-08-02 09:43:24.530 26594 INFO rally.task.runner [-] Task f2c0e8bc-06f7-4e53-a14f-b560bec65de3 | ITER: 11 START
2019-08-02 09:43:24.531 26602 RALLYDEBUG rally.task.runner [-] Starting a worker. concurrency: 1 args: {"network_create_args": {}, "port_create_args": {}, "ports_per_network": 5, "port_update_args": {"admin_state_up": false, "device_id": "dummy_id", "device_owner": "dummy_owner", "name": "_port_updated"}} times: 40 method_name: run timeout: 0 duration: None cls:
2019-08-02 09:43:24.532 26594 WARNING rally_openstack.scenarios.neutron.utils [-] Running this scenario without either the 'network' or 'existing_network' context is deprecated
2019-08-02 09:43:24.533 26599 INFO rally.task.runner [-] Task f2c0e8bc-06f7-4e53-a14f-b560bec65de3 | ITER: 12 START
2019-08-02 09:43:24.533 26606 RALLYDEBUG rally.task.runner [-] Starting a worker. concurrency: 1 args: {"network_create_args": {}, "port_create_args": {}, "ports_per_network": 5, "port_update_args": {"admin_state_up": false, "device_id": "dummy_id", "device_owner": "dummy_owner", "name": "_port_updated"}} times: 40 method_name: run timeout: 0 duration: None cls:
2019-08-02 09:43:24.535 26599 WARNING rally_openstack.scenarios.neutron.utils [-] Running this scenario without either the 'network' or 'existing_network' context is deprecated
2019-08-02 09:43:24.537 26609 RALLYDEBUG rally.task.runner [-] Starting a worker. concurrency: 1 args: {"network_create_args": {}, "port_create_args": {}, "ports_per_network": 5, "port_update_args": {"admin_state_up": false, "device_id": "dummy_id", "device_owner": "dummy_owner", "name": "_port_updated"}} times: 40 method_name: run timeout: 0 duration: None cls:
2019-08-02 09:43:24.540 26606 INFO rally.task.runner [-] Task f2c0e8bc-06f7-4e53-a14f-b560bec65de3 | ITER: 14 START
2019-08-02 09:43:24.541 26609 INFO rally.task.runner [-] Task f2c0e8bc-06f7-4e53-a14f-b560bec65de3 | ITER: 15 START
2019-08-02 09:43:24.542 26606 WARNING rally_openstack.scenarios.neutron.utils [-] Running this scenario without either the 'network' or 'existing_network' context is deprecated
2019-08-02 09:43:24.543 26609 WARNING rally_openstack.scenarios.neutron.utils [-] Running this scenario without either the 'network' or 'existing_network' context is deprecated
2019-08-02 09:43:24.544 26612 RALLYDEBUG rally.task.runner [-] Starting a worker. concurrency: 1 args: {"network_create_args": {}, "port_create_args": {}, "ports_per_network": 5, "port_update_args": {"admin_state_up": false, "device_id": "dummy_id", "device_owner": "dummy_owner", "name": "_port_updated"}} times: 40 method_name: run timeout: 0 duration: None cls:
2019-08-02 09:43:24.541 26602 INFO rally.task.runner [-] Task f2c0e8bc-06f7-4e53-a14f-b560bec65de3 | ITER: 13 START
2019-08-02 09:43:24.555 26602 WARNING rally_openstack.scenarios.neutron.utils [-] Running this scenario without either the 'network' or 'existing_network' context is deprecated
2019-08-02 09:43:24.555 26619 RALLYDEBUG rally.task.runner [-] Starting a worker. concurrency: 1 args: {"network_create_args": {}, "port_create_args": {}, "ports_per_network": 5, "port_update_args": {"admin_state_up": false, "device_id": "dummy_id", "device_owner": "dummy_owner", "name": "_port_updated"}} times: 40 method_name: run timeout: 0 duration: None cls:
2019-08-02 09:43:24.554 26612 INFO rally.task.runner [-] Task f2c0e8bc-06f7-4e53-a14f-b560bec65de3 | ITER: 16 START
2019-08-02 09:43:24.558 26612 WARNING rally_openstack.scenarios.neutron.utils [-] Running this scenario without either the 'network' or 'existing_network' context is deprecated
2019-08-02 09:43:24.561 26619 INFO rally.task.runner [-] Task f2c0e8bc-06f7-4e53-a14f-b560bec65de3 | ITER: 17 START
2019-08-02 09:43:24.562 26619 WARNING rally_openstack.scenarios.neutron.utils [-] Running this scenario without either the 'network' or 'existing_network' context is deprecated
2019-08-02 09:43:24.562 26622 RALLYDEBUG rally.task.runner [-] Starting a worker. concurrency: 1 args: {"network_create_args": {}, "port_create_args": {}, "ports_per_network": 5, "port_update_args": {"admin_state_up": false, "device_id": "dummy_id", "device_owner": "dummy_owner", "name": "_port_updated"}} times: 40 method_name: run timeout: 0 duration: None cls:
2019-08-02 09:43:24.565 26623 RALLYDEBUG rally.task.runner [-] Starting a worker. concurrency: 1 args: {"network_create_args": {}, "port_create_args": {}, "ports_per_network": 5, "port_update_args": {"admin_state_up": false, "device_id": "dummy_id", "device_owner": "dummy_owner", "name": "_port_updated"}} times: 40 method_name: run timeout: 0 duration: None cls:
2019-08-02 09:43:24.570 26622 INFO rally.task.runner [-] Task f2c0e8bc-06f7-4e53-a14f-b560bec65de3 | ITER: 18 START
2019-08-02 09:43:24.570 26626 RALLYDEBUG rally.task.runner [-] Starting a worker. concurrency: 1 args: {"network_create_args": {}, "port_create_args": {}, "ports_per_network": 5, "port_update_args": {"admin_state_up": false, "device_id": "dummy_id", "device_owner": "dummy_owner", "name": "_port_updated"}} times: 40 method_name: run timeout: 0 duration: None cls:
2019-08-02 09:43:24.571 26623 INFO rally.task.runner [-] Task f2c0e8bc-06f7-4e53-a14f-b560bec65de3 | ITER: 19 START
2019-08-02 09:43:24.572 26622 WARNING rally_openstack.scenarios.neutron.utils [-] Running this scenario without either the 'network' or 'existing_network' context is deprecated
2019-08-02 09:43:24.572 26623 WARNING rally_openstack.scenarios.neutron.utils [-] Running this scenario without either the 'network' or 'existing_network' context is deprecated
2019-08-02 09:43:24.575 26626 INFO rally.task.runner [-] Task f2c0e8bc-06f7-4e53-a14f-b560bec65de3 | ITER: 20 START
2019-08-02 09:43:24.576 26626 WARNING rally_openstack.scenarios.neutron.utils [-] Running this scenario without either the 'network' or 'existing_network' context is deprecated
2019-08-02 09:43:34.031 26609 INFO rally.task.runner [-] Task f2c0e8bc-06f7-4e53-a14f-b560bec65de3 | ITER: 15 END: OK
2019-08-02 09:43:34.035 26609 INFO rally.task.runner [-] Task f2c0e8bc-06f7-4e53-a14f-b560bec65de3 | ITER: 21 START
2019-08-02 09:43:34.036 26609 WARNING rally_openstack.scenarios.neutron.utils [-] Running this scenario without either the 'network' or 'existing_network' context is deprecated
2019-08-02 09:43:34.196 26599 INFO rally.task.runner [-] Task f2c0e8bc-06f7-4e53-a14f-b560bec65de3 | ITER: 12 END: OK
2019-08-02 09:43:34.200 26599 INFO rally.task.runner [-] Task f2c0e8bc-06f7-4e53-a14f-b560bec65de3 | ITER: 22 START
2019-08-02 09:43:34.201 26599 WARNING rally_openstack.scenarios.neutron.utils [-] Running this scenario without either the 'network' or 'existing_network' context is deprecated
2019-08-02 09:43:42.307 26609 INFO rally.task.runner [-] Task f2c0e8bc-06f7-4e53-a14f-b560bec65de3 | ITER: 21 END: OK
2019-08-02 09:43:42.312 26609 INFO rally.task.runner [-] Task f2c0e8bc-06f7-4e53-a14f-b560bec65de3 | ITER: 23 START
2019-08-02 09:43:42.313 26609 WARNING rally_openstack.scenarios.neutron.utils [-] Running this scenario without either the 'network' or 'existing_network' context is deprecated
2019-08-02 09:43:42.509 26582 INFO rally.task.runner [-] Task f2c0e8bc-06f7-4e53-a14f-b560bec65de3 | ITER: 5 END: OK
2019-08-02 09:43:42.514 26582 INFO rally.task.runner [-] Task f2c0e8bc-06f7-4e53-a14f-b560bec65de3 | ITER: 24 START
2019-08-02 09:43:42.515 26582 WARNING rally_openstack.scenarios.neutron.utils [-] Running this scenario without either the 'network' or 'existing_network' context is deprecated
2019-08-02 09:43:42.548 26584 INFO rally.task.runner [-] Task f2c0e8bc-06f7-4e53-a14f-b560bec65de3 | ITER: 8 END: OK
2019-08-02 09:43:42.553 26584 INFO rally.task.runner [-] Task f2c0e8bc-06f7-4e53-a14f-b560bec65de3 | ITER: 25 START
2019-08-02 09:43:42.554 26584 WARNING rally_openstack.scenarios.neutron.utils [-] Running this scenario without either the 'network' or 'existing_network' context is deprecated
2019-08-02 09:43:43.070 26599 INFO rally.task.runner [-] Task f2c0e8bc-06f7-4e53-a14f-b560bec65de3 | ITER: 22 END: OK
2019-08-02 09:43:43.073 26599 INFO rally.task.runner [-] Task f2c0e8bc-06f7-4e53-a14f-b560bec65de3 | ITER: 26 START
2019-08-02 09:43:43.074 26599 WARNING rally_openstack.scenarios.neutron.utils [-] Running this scenario without either the 'network' or 'existing_network' context is deprecated
2019-08-02 09:43:43.990 26582 INFO rally.task.runner [-] Task f2c0e8bc-06f7-4e53-a14f-b560bec65de3 | ITER: 2 END: OK
2019-08-02 09:43:43.993 26582 INFO rally.task.runner [-] Task f2c0e8bc-06f7-4e53-a14f-b560bec65de3 | ITER: 27 START
2019-08-02 09:43:43.994 26582 WARNING rally_openstack.scenarios.neutron.utils [-] Running this scenario without either the 'network' or 'existing_network' context is deprecated
2019-08-02 09:43:44.247 26581 INFO rally.task.runner [-] Task f2c0e8bc-06f7-4e53-a14f-b560bec65de3 | ITER: 1 END: OK
2019-08-02 09:43:44.252 26581 INFO rally.task.runner [-] Task f2c0e8bc-06f7-4e53-a14f-b560bec65de3 | ITER: 28 START
2019-08-02 09:43:44.253 26581 WARNING rally_openstack.scenarios.neutron.utils [-] Running this scenario without either the 'network' or 'existing_network' context is deprecated
2019-08-02 09:43:44.366 26583 INFO rally.task.runner [-] Task f2c0e8bc-06f7-4e53-a14f-b560bec65de3 | ITER: 4 END: OK
2019-08-02 09:43:44.371 26583 INFO rally.task.runner [-] Task f2c0e8bc-06f7-4e53-a14f-b560bec65de3 | ITER: 29 START
2019-08-02 09:43:44.372 26583 WARNING rally_openstack.scenarios.neutron.utils [-] Running this scenario without either the 'network' or 'existing_network' context is deprecated
2019-08-02 09:43:48.869 26584 INFO rally.task.runner [-] Task f2c0e8bc-06f7-4e53-a14f-b560bec65de3 | ITER: 6 END: OK
2019-08-02 09:43:48.875 26584 INFO rally.task.runner [-] Task f2c0e8bc-06f7-4e53-a14f-b560bec65de3 | ITER: 30 START
2019-08-02 09:43:48.875 26584 WARNING rally_openstack.scenarios.neutron.utils [-] Running this scenario without either the 'network' or 'existing_network' context is deprecated
2019-08-02 09:43:49.242 26581 INFO rally.task.runner [-] Task f2c0e8bc-06f7-4e53-a14f-b560bec65de3 | ITER: 3 END: OK
2019-08-02 09:43:49.247 26581 INFO rally.task.runner [-] Task f2c0e8bc-06f7-4e53-a14f-b560bec65de3 | ITER: 31 START
2019-08-02 09:43:49.248 26581 WARNING rally_openstack.scenarios.neutron.utils [-] Running this scenario without either the 'network' or 'existing_network' context is deprecated
2019-08-02 09:43:49.559 26590 INFO rally.task.runner [-] Task f2c0e8bc-06f7-4e53-a14f-b560bec65de3 | ITER: 10 END: OK
2019-08-02 09:43:49.563 26590 INFO rally.task.runner [-] Task f2c0e8bc-06f7-4e53-a14f-b560bec65de3 | ITER: 32 START
2019-08-02 09:43:49.564 26590 WARNING rally_openstack.scenarios.neutron.utils [-] Running this scenario without either the 'network' or 'existing_network' context is deprecated
2019-08-02 09:43:49.848 26612 INFO rally.task.runner [-] Task f2c0e8bc-06f7-4e53-a14f-b560bec65de3 | ITER: 16 END: OK
2019-08-02 09:43:49.853 26612 INFO rally.task.runner [-] Task f2c0e8bc-06f7-4e53-a14f-b560bec65de3 | ITER: 33 START
2019-08-02 09:43:49.854 26612 WARNING rally_openstack.scenarios.neutron.utils [-] Running this scenario without either the 'network' or 'existing_network' context is deprecated
2019-08-02 09:43:49.860 26594 INFO rally.task.runner [-] Task f2c0e8bc-06f7-4e53-a14f-b560bec65de3 | ITER: 11 END: OK
2019-08-02 09:43:49.865 26594 INFO rally.task.runner [-] Task f2c0e8bc-06f7-4e53-a14f-b560bec65de3 | ITER: 34 START
2019-08-02 09:43:49.865 26594 WARNING rally_openstack.scenarios.neutron.utils [-] Running this scenario without either the 'network' or 'existing_network' context is deprecated
2019-08-02 09:43:50.029 26619 INFO rally.task.runner [-] Task f2c0e8bc-06f7-4e53-a14f-b560bec65de3 | ITER: 17 END: OK
2019-08-02 09:43:50.033 26619 INFO rally.task.runner [-] Task f2c0e8bc-06f7-4e53-a14f-b560bec65de3 | ITER: 35 START
2019-08-02 09:43:50.033 26619 WARNING rally_openstack.scenarios.neutron.utils [-] Running this scenario without either the 'network' or 'existing_network' context is deprecated
2019-08-02 09:43:50.075 26623 INFO rally.task.runner [-] Task f2c0e8bc-06f7-4e53-a14f-b560bec65de3 | ITER: 19 END: OK
2019-08-02 09:43:50.080 26623 INFO rally.task.runner [-] Task f2c0e8bc-06f7-4e53-a14f-b560bec65de3 | ITER: 36 START
2019-08-02 09:43:50.080 26623 WARNING rally_openstack.scenarios.neutron.utils [-] Running this scenario without either the 'network' or 'existing_network' context is deprecated
2019-08-02 09:43:51.065 26602 INFO rally.task.runner [-] Task f2c0e8bc-06f7-4e53-a14f-b560bec65de3 | ITER: 13 END: OK
2019-08-02 09:43:51.069 26602 INFO rally.task.runner [-] Task f2c0e8bc-06f7-4e53-a14f-b560bec65de3 | ITER: 37 START
2019-08-02 09:43:51.070 26602 WARNING rally_openstack.scenarios.neutron.utils [-] Running this scenario without either the 'network' or 'existing_network' context is deprecated
2019-08-02 09:43:51.096 26626 INFO rally.task.runner [-] Task f2c0e8bc-06f7-4e53-a14f-b560bec65de3 | ITER: 20 END: OK
2019-08-02 09:43:51.101 26626 INFO rally.task.runner [-] Task f2c0e8bc-06f7-4e53-a14f-b560bec65de3 | ITER: 38 START
2019-08-02 09:43:51.101 26626 WARNING rally_openstack.scenarios.neutron.utils [-] Running this scenario without either the 'network' or 'existing_network' context is deprecated
2019-08-02 09:43:54.055 26583 INFO rally.task.runner [-] Task f2c0e8bc-06f7-4e53-a14f-b560bec65de3 | ITER: 29 END: OK
2019-08-02 09:43:54.059 26583 INFO rally.task.runner [-] Task f2c0e8bc-06f7-4e53-a14f-b560bec65de3 | ITER: 39 START
2019-08-02 09:43:54.060 26583 WARNING rally_openstack.scenarios.neutron.utils [-] Running this scenario without either the 'network' or 'existing_network' context is deprecated
2019-08-02 09:43:56.137 26582 INFO rally.task.runner [-] Task f2c0e8bc-06f7-4e53-a14f-b560bec65de3 | ITER: 27 END: OK
2019-08-02 09:43:56.144 26582 INFO rally.task.runner [-] Task f2c0e8bc-06f7-4e53-a14f-b560bec65de3 | ITER: 40 START
2019-08-02 09:43:56.145 26582 WARNING rally_openstack.scenarios.neutron.utils [-] Running this scenario without either the 'network' or 'existing_network' context is deprecated
2019-08-02 09:43:57.464 26581 INFO rally.task.runner [-] Task f2c0e8bc-06f7-4e53-a14f-b560bec65de3 | ITER: 28 END: OK
2019-08-02 09:43:58.204 26583 INFO rally.task.runner [-] Task f2c0e8bc-06f7-4e53-a14f-b560bec65de3 | ITER: 7 END: OK
2019-08-02 09:43:58.755 26582 INFO rally.task.runner [-] Task f2c0e8bc-06f7-4e53-a14f-b560bec65de3 | ITER: 24 END: OK
2019-08-02 09:43:59.129 26599 INFO rally.task.runner [-] Task f2c0e8bc-06f7-4e53-a14f-b560bec65de3 | ITER: 26 END: OK
2019-08-02 09:43:59.296 26622 INFO rally.task.runner [-] Task f2c0e8bc-06f7-4e53-a14f-b560bec65de3 | ITER: 18 END: OK
2019-08-02 09:43:59.443 26585 INFO rally.task.runner [-] Task f2c0e8bc-06f7-4e53-a14f-b560bec65de3 | ITER: 9 END: OK
2019-08-02 09:43:59.860 26584 INFO rally.task.runner [-] Task f2c0e8bc-06f7-4e53-a14f-b560bec65de3 | ITER: 30 END: OK
2019-08-02 09:43:59.895 26606 INFO rally.task.runner [-] Task f2c0e8bc-06f7-4e53-a14f-b560bec65de3 | ITER: 14 END: OK
2019-08-02 09:43:59.931 26609 INFO rally.task.runner [-] Task f2c0e8bc-06f7-4e53-a14f-b560bec65de3 | ITER: 23 END: OK
2019-08-02 09:44:00.420 26584 INFO rally.task.runner [-] Task f2c0e8bc-06f7-4e53-a14f-b560bec65de3 | ITER: 25 END: OK
2019-08-02 09:44:01.353 26623 INFO rally.task.runner [-] Task f2c0e8bc-06f7-4e53-a14f-b560bec65de3 | ITER: 36 END: OK
2019-08-02 09:44:01.384 26612 INFO rally.task.runner [-] Task f2c0e8bc-06f7-4e53-a14f-b560bec65de3 | ITER: 33 END: OK
2019-08-02 09:44:02.353 26626 INFO rally.task.runner [-] Task f2c0e8bc-06f7-4e53-a14f-b560bec65de3 | ITER: 38 END: OK
2019-08-02 09:44:02.698 26581 INFO rally.task.runner [-] Task f2c0e8bc-06f7-4e53-a14f-b560bec65de3 | ITER: 31 END: OK
2019-08-02 09:44:02.769 26594 INFO rally.task.runner [-] Task f2c0e8bc-06f7-4e53-a14f-b560bec65de3 | ITER: 34 END: OK
2019-08-02 09:44:03.756 26583 INFO rally.task.runner [-] Task f2c0e8bc-06f7-4e53-a14f-b560bec65de3 | ITER: 39 END: OK
2019-08-02 09:44:04.462 26602 INFO rally.task.runner [-] Task f2c0e8bc-06f7-4e53-a14f-b560bec65de3 | ITER: 37 END: OK
2019-08-02 09:44:06.058 26590 INFO rally.task.runner [-] Task f2c0e8bc-06f7-4e53-a14f-b560bec65de3 | ITER: 32 END: OK
2019-08-02 09:44:06.336 26619 INFO rally.task.runner [-] Task f2c0e8bc-06f7-4e53-a14f-b560bec65de3 | ITER: 35 END: OK
2019-08-02 09:44:07.368 26582 INFO rally.task.runner [-] Task f2c0e8bc-06f7-4e53-a14f-b560bec65de3 | ITER: 40 END: OK
2019-08-02 09:44:07.407 22705 INFO rally.task.context [-] Task f2c0e8bc-06f7-4e53-a14f-b560bec65de3 | Context cleanup@openstack cleanup() started
2019-08-02 09:44:07.409 22705 RALLYDEBUG rally_openstack.cleanup.manager [-] Cleaning up neutron vip objects
2019-08-02 09:44:08.117 22705 RALLYDEBUG rally_openstack.cleanup.manager [-] Cleaning up neutron health_monitor objects
2019-08-02 09:44:08.748 22705 RALLYDEBUG rally_openstack.cleanup.manager [-] Cleaning up neutron pool objects
2019-08-02 09:44:09.455 22705 RALLYDEBUG rally_openstack.cleanup.manager [-] Cleaning up neutron loadbalancer objects
2019-08-02 09:44:10.281 22705 RALLYDEBUG rally_openstack.cleanup.manager [-] Cleaning up neutron floatingip objects
2019-08-02 09:44:10.948 22705 RALLYDEBUG rally_openstack.cleanup.manager [-] Cleaning up neutron port objects
2019-08-02 09:44:12.081 22705 RALLYDEBUG rally_openstack.cleanup.manager [-] Deleting neutron.port object s_rally_585dda45_t3AR0fmO (0e4b5bb9-2c7b-4f43-8fd6-33b76d35cf9e)
2019-08-02 09:44:12.082 22705 RALLYDEBUG rally_openstack.cleanup.manager [-] Deleting neutron.port object s_rally_585dda45_15InuD1N (07658a62-dca1-480f-86de-40a32d29eccb)
2019-08-02 09:44:12.085 22705 RALLYDEBUG rally_openstack.cleanup.manager [-] Deleting neutron.port object s_rally_585dda45_uX2qZhi3 (0b609dfc-ffc9-46d5-b79f-a1d33b946b2b)
2019-08-02 09:44:12.089 22705 RALLYDEBUG rally_openstack.cleanup.manager [-] Deleting neutron.port object s_rally_585dda45_tKxUV5Vc (0080ed33-ad3e-4795-8a56-77750f0c09a6)
2019-08-02 09:44:12.089 22705 RALLYDEBUG rally_openstack.cleanup.manager [-] Deleting neutron.port object s_rally_585dda45_5uIJDboR (05718f60-3cfb-4a19-83fe-75fedce2c0fb)
2019-08-02 09:44:12.090 22705 RALLYDEBUG rally_openstack.cleanup.manager [-] Deleting neutron.port object s_rally_585dda45_fs3JlKIS (0ee2584f-9b24-466e-9116-4b10ddc7e49c)
2019-08-02 09:44:12.097 22705 RALLYDEBUG rally_openstack.cleanup.manager [-] Deleting neutron.port object s_rally_585dda45_ddjRHMbq (0580e503-9e1a-4796-ae53-129284612b1f)
2019-08-02 09:44:12.098 22705 RALLYDEBUG rally_openstack.cleanup.manager [-] Deleting neutron.port object s_rally_585dda45_eZQyBcsi (0f966b69-8120-49f8-b120-103060f226ff)
2019-08-02 09:44:12.107 22705 RALLYDEBUG rally_openstack.cleanup.manager [-] Deleting neutron.port object s_rally_585dda45_18MgA6vn (03080d84-ae1a-437d-be2b-27f8a0b17f20)
2019-08-02 09:44:12.109 22705 RALLYDEBUG rally_openstack.cleanup.manager [-] Deleting neutron.port object s_rally_585dda45_VkjSXx5D (0fac094b-91f1-4979-aade-dc4684986abb)
2019-08-02 09:44:12.111 22705 RALLYDEBUG rally_openstack.cleanup.manager [-] Deleting neutron.port object s_rally_585dda45_X1DeLrNF (04965bc2-7127-4150-8270-a1a8569d9953)
2019-08-02 09:44:12.119 22705 RALLYDEBUG rally_openstack.cleanup.manager [-] Deleting neutron.port object s_rally_585dda45_liqZLxAs (08c4b546-0fe4-41c0-927b-5a799ec9efcf)
2019-08-02 09:44:12.119 22705 RALLYDEBUG rally_openstack.cleanup.manager [-] Deleting neutron.port object s_rally_585dda45_YnmIPPBy (11987360-54ba-478e-b865-c1af87a3de1a)
2019-08-02 09:44:12.131 22705 RALLYDEBUG rally_openstack.cleanup.manager [-] Deleting neutron.port object s_rally_585dda45_iiHAn0fx (13208ec4-818c-4c94-b464-822f4e4e7d3b)
2019-08-02 09:44:12.167 22705 RALLYDEBUG rally_openstack.cleanup.manager [-] Deleting neutron.port object s_rally_585dda45_QmrnsoZS (1448a898-5423-41ba-8432-127f07fe72d8)
2019-08-02 09:44:12.182 22705 RALLYDEBUG rally_openstack.cleanup.manager [-] Deleting neutron.port object s_rally_585dda45_1N6pPYle (181e66bb-3dd4-47da-8181-8a856745d2ab)
2019-08-02 09:44:12.192 22705 RALLYDEBUG rally_openstack.cleanup.manager [-] Deleting neutron.port object s_rally_585dda45_zsclIt4e (179d2d89-e9ef-4b04-94e8-f5651e4b1b02)
2019-08-02 09:44:12.214 22705 RALLYDEBUG rally_openstack.cleanup.manager [-] Deleting neutron.port object s_rally_585dda45_mwFN0pb7 (1666a139-c007-447b-81b6-c53ac60d7f86)
2019-08-02 09:44:12.244 22705 RALLYDEBUG rally_openstack.cleanup.manager [-] Deleting neutron.port object s_rally_585dda45_0EZ9d4H8 (1a6b16d0-53b7-414b-bee3-ba6b2daf4e40)
2019-08-02 09:44:12.248 22705 RALLYDEBUG rally_openstack.cleanup.manager [-] Deleting neutron.port object s_rally_585dda45_e8LgGlEi (188cfc01-db6a-4cf6-a2ca-2846ac490dce)
2019-08-02 09:44:14.670 22705 RALLYDEBUG rally_openstack.cleanup.manager [-] Deleting neutron.port object s_rally_585dda45_hfR3wTJ6 (1a88b849-9710-402f-b3c1-97df401b4cfe)
2019-08-02 09:44:14.695 22705 RALLYDEBUG rally_openstack.cleanup.manager [-] Deleting neutron.port object s_rally_585dda45_OWwqBfA2 (1ad4c05f-b0c9-463b-956e-926b4be5690d)
2019-08-02 09:44:14.996 22705 RALLYDEBUG rally_openstack.cleanup.manager [-] Deleting neutron.port object s_rally_585dda45_qivaCagR (1cd3d5c2-5e36-4e11-8bb7-5ef91f1fa841)
2019-08-02 09:44:14.996 22705 RALLYDEBUG rally_openstack.cleanup.manager [-] Deleting neutron.port object s_rally_585dda45_gtibOYVK (1cc4790b-b574-438a-ae88-0d1017f99858)
2019-08-02 09:44:15.397 22705 RALLYDEBUG rally_openstack.cleanup.manager [-] Deleting neutron.port object s_rally_585dda45_19t0tBGG (1d546755-7461-4df8-86c8-1eae75d109a8)
2019-08-02 09:44:15.470 22705 RALLYDEBUG rally_openstack.cleanup.manager [-] Deleting neutron.port object s_rally_585dda45_MEL4qWdO (1e42cc95-c53f-4f91-a4b5-21641218feb0)
2019-08-02 09:44:15.706 22705 RALLYDEBUG rally_openstack.cleanup.manager [-] Deleting neutron.port object s_rally_585dda45_mZIaL6Fr (21885ea0-8062-4e93-b99c-ab36e74e5e72)
2019-08-02 09:44:16.608 22705 RALLYDEBUG rally_openstack.cleanup.manager [-] Deleting neutron.port object s_rally_585dda45_MuBK68Ku (21a3e699-9ce6-475c-958a-0277c9d27de1)
2019-08-02 09:44:16.636 22705 RALLYDEBUG rally_openstack.cleanup.manager [-] Deleting neutron.port object s_rally_585dda45_AdwkaWbq (229abc6a-5521-4d63-9e88-34a3e7e91940)
2019-08-02 09:44:16.655 22705 RALLYDEBUG rally_openstack.cleanup.manager [-] Deleting neutron.port object s_rally_585dda45_7Zva96kj (243c1d26-6688-490c-826b-187c922083de)
2019-08-02 09:44:16.672 22705 RALLYDEBUG rally_openstack.cleanup.manager [-] Deleting neutron.port object s_rally_585dda45_sPBrg94b (25fd66ea-8958-430f-a8c5-3dd7173e01a4)
2019-08-02 09:44:16.737 22705 RALLYDEBUG rally_openstack.cleanup.manager [-] Deleting neutron.port object s_rally_585dda45_bRpeNCk5 (264d1b5c-ff12-4531-a034-ef12cbccbe24)
2019-08-02 09:44:16.772 22705 RALLYDEBUG rally_openstack.cleanup.manager [-] Deleting neutron.port object s_rally_585dda45_f5f9SIJC (294eda9c-bf2f-4930-a9af-4f15bd5f2ce6)
2019-08-02 09:44:16.852 22705 RALLYDEBUG rally_openstack.cleanup.manager [-] Deleting neutron.port object s_rally_585dda45_OYnTIvJy (2c6dba63-fee0-425d-a2dc-f67e49192222)
2019-08-02 09:44:16.924 22705 RALLYDEBUG rally_openstack.cleanup.manager [-] Deleting neutron.port object s_rally_585dda45_FCceGVAA (2e2bb7c7-e34f-4490-abfb-f2d5f2c4dd41)
2019-08-02 09:44:17.164 22705 RALLYDEBUG rally_openstack.cleanup.manager [-] Deleting neutron.port object s_rally_585dda45_8bZrJ1hn (30693a73-3141-49b3-9c08-98019b95f42e)
2019-08-02 09:44:17.424 22705 RALLYDEBUG rally_openstack.cleanup.manager [-] Deleting neutron.port object s_rally_585dda45_9XJgt5O7 (30961a71-2daa-4432-9683-0ca6b7000e87)
2019-08-02 09:44:17.479 22705 RALLYDEBUG rally_openstack.cleanup.manager [-] Deleting neutron.port object s_rally_585dda45_6EGC7m54 (31672763-676f-4728-86a4-729c22fc70f3)
2019-08-02 09:44:17.770 22705 RALLYDEBUG rally_openstack.cleanup.manager [-] Deleting neutron.port object s_rally_585dda45_18oLZKjV (31c36e91-5403-4faa-bf36-3528953f4aa8)
2019-08-02 09:44:18.069 22705 RALLYDEBUG rally_openstack.cleanup.manager [-] Deleting neutron.port object s_rally_585dda45_frkw8APz (31fa05a6-b5ae-4c6d-927c-693cf8a03ea0)
2019-08-02 09:44:18.247 22705 RALLYDEBUG rally_openstack.cleanup.manager [-] Deleting neutron.port object s_rally_585dda45_jlEv3Z28 (32378b02-2b7e-4515-819c-50c029261945)
2019-08-02 09:44:18.320 22705 RALLYDEBUG rally_openstack.cleanup.manager [-] Deleting neutron.port object s_rally_585dda45_EDRja5Nr (34f61e40-3f01-4772-aa5e-48d3890f8305)
2019-08-02 09:44:18.339 22705 RALLYDEBUG rally_openstack.cleanup.manager [-] Deleting neutron.port object s_rally_585dda45_ElgsVHcK (3573ebca-ef6d-4ea3-ae27-9d13fa11bc34)
2019-08-02 09:44:18.660 22705 RALLYDEBUG rally_openstack.cleanup.manager [-] Deleting neutron.port object s_rally_585dda45_Q3MgkT7w (3711033b-5fdc-446d-a932-a30912360186)
2019-08-02 09:44:18.716 22705 RALLYDEBUG rally_openstack.cleanup.manager [-] Deleting neutron.port object s_rally_585dda45_a7qGS67G (372682da-58d8-43cc-ae54-fbca5c9db4f4)
2019-08-02 09:44:19.100 22705 RALLYDEBUG rally_openstack.cleanup.manager [-] Deleting neutron.port object s_rally_585dda45_wJC0shos (37911788-c719-4296-b0c8-2c109a66b9cf)
2019-08-02 09:44:19.243 22705 RALLYDEBUG rally_openstack.cleanup.manager [-] Deleting neutron.port object s_rally_585dda45_4liVdRVb (3a0f78c7-1b09-4987-8c47-8218da2b570c)
2019-08-02 09:44:19.243 22705 RALLYDEBUG rally_openstack.cleanup.manager [-] Deleting neutron.port object s_rally_585dda45_OKDk2T0T (3a96c328-fd53-4c3a-86ed-5411e2c93823)
2019-08-02 09:44:19.387 22705 RALLYDEBUG rally_openstack.cleanup.manager [-] Deleting neutron.port object s_rally_585dda45_ygeM2mnB (3b89055e-260c-4601-a54e-a630a9ec7a46)
2019-08-02 09:44:19.465 22705 RALLYDEBUG rally_openstack.cleanup.manager [-] Deleting neutron.port object s_rally_585dda45_Dybjf9x0 (3c3b211d-07ed-407e-8507-396d23080f4f)
2019-08-02 09:44:19.793 22705 RALLYDEBUG rally_openstack.cleanup.manager [-] Deleting neutron.port object s_rally_585dda45_EfXrNUzT (3c4655bf-e3e5-4459-bf9e-ba3dcb1abcf1)
2019-08-02 09:44:19.934 22705 RALLYDEBUG rally_openstack.cleanup.manager [-] Deleting neutron.port object s_rally_585dda45_ziLcVgoB (3d8b92b0-2e1a-4d6c-9926-58152c0da333)
2019-08-02 09:44:20.106 22705 RALLYDEBUG rally_openstack.cleanup.manager [-] Deleting neutron.port object s_rally_585dda45_tqayyz83 (3dac06b8-3f0a-4e87-aadc-7685d8505861)
2019-08-02 09:44:20.181 22705 RALLYDEBUG rally_openstack.cleanup.manager [-] Deleting neutron.port object s_rally_585dda45_bPJEv79E (3ee8c147-3c93-48e9-8e80-83398893e075)
2019-08-02 09:44:20.284 22705 RALLYDEBUG rally_openstack.cleanup.manager [-] Deleting neutron.port object s_rally_585dda45_7otCUOEI (3fb37a3e-0d5f-4e70-9b2f-85c20978a53a)
2019-08-02 09:44:20.592 22705 RALLYDEBUG rally_openstack.cleanup.manager [-] Deleting neutron.port object s_rally_585dda45_A9SHjLSJ (43ccd7e7-42aa-47b7-9dac-97ceab9ba0c0)
2019-08-02 09:44:20.699 22705 RALLYDEBUG rally_openstack.cleanup.manager [-] Deleting neutron.port object s_rally_585dda45_zV4vgpcQ (441cee94-8f27-48a5-8f0a-da4034ba3020)
2019-08-02 09:44:20.845 22705 RALLYDEBUG rally_openstack.cleanup.manager [-] Deleting neutron.port object s_rally_585dda45_SHurW4rX (4427463a-594a-4a38-a027-401ef666e944)
2019-08-02 09:44:21.099 22705 RALLYDEBUG rally_openstack.cleanup.manager [-] Deleting neutron.port object s_rally_585dda45_TREBOnVL (44ae09d3-2dfa-4ffa-b62e-6ddfe0bb837c)
2019-08-02 09:44:21.152 22705 RALLYDEBUG rally_openstack.cleanup.manager [-] Deleting neutron.port object s_rally_585dda45_8fF2EiUB (466ebe86-c8d2-49bd-a403-1f43e10a0d1f)
2019-08-02 09:44:21.209 22705 RALLYDEBUG rally_openstack.cleanup.manager [-] Deleting neutron.port object s_rally_585dda45_Io4j74RF (46896e43-edd8-461e-942c-2f10221f27c2)
2019-08-02 09:44:21.374 22705 RALLYDEBUG rally_openstack.cleanup.manager [-] Deleting neutron.port object s_rally_585dda45_tqH29cHh (480ccb05-673b-4725-8201-d14e7e52040d)
2019-08-02 09:44:21.379 22705 RALLYDEBUG rally_openstack.cleanup.manager [-] Deleting neutron.port object s_rally_585dda45_YRqR4rB4 (4eb724fc-73f3-43e7-87a0-e207cde740d7)
2019-08-02 09:44:21.653 22705 RALLYDEBUG rally_openstack.cleanup.manager [-] Deleting neutron.port object s_rally_585dda45_QwcflgXz (4f4bf775-e170-4d7c-ae7c-8b599d092523)
2019-08-02 09:44:21.700 22705 RALLYDEBUG rally_openstack.cleanup.manager [-] Deleting neutron.port object s_rally_585dda45_eR789nTA (505b6537-800d-483d-8cb8-80de9223c69d)
2019-08-02 09:44:21.756 22705 RALLYDEBUG rally_openstack.cleanup.manager [-] Deleting neutron.port object s_rally_585dda45_Im5EjyRH (50ecf452-e6f8-4cff-9b62-c72113cde088)
2019-08-02 09:44:21.791 22705 RALLYDEBUG rally_openstack.cleanup.manager [-] Deleting neutron.port object s_rally_585dda45_TVeuCB5o (52471e4b-b307-4db8-8956-f8d62d4e51f3)
2019-08-02 09:44:21.941 22705 RALLYDEBUG rally_openstack.cleanup.manager [-] Deleting neutron.port object s_rally_585dda45_QhB5nUPg (526861de-ec19-415d-8e66-e2e5dbeb5706)
2019-08-02 09:44:21.985 22705 RALLYDEBUG rally_openstack.cleanup.manager [-] Deleting neutron.port object s_rally_585dda45_MSBbZgwh (54df82ce-91d5-4b85-ac54-ac7d0976302e)
