2019-08-02 09:44:22.001 22705 RALLYDEBUG rally_openstack.cleanup.manager [-] Deleting neutron.port object s_rally_585dda45_O7Ka3MWO (55b2e35d-b7b3-4e14-86d1-5d6fd0591198)
2019-08-02 09:44:22.433 22705 RALLYDEBUG rally_openstack.cleanup.manager [-] Deleting neutron.port object s_rally_585dda45_uwZAhtT9 (561b8173-df6e-46e8-91cd-a6ae28333d4e)
2019-08-02 09:44:22.558 22705 RALLYDEBUG rally_openstack.cleanup.manager [-] Deleting neutron.port object s_rally_585dda45_bl9T10xa (58c4e4b2-06d3-4cff-9aa5-41bb008244e7)
2019-08-02 09:44:22.763 22705 RALLYDEBUG rally_openstack.cleanup.manager [-] Deleting neutron.port object s_rally_585dda45_H5ICTe3W (5a939108-4910-4f0d-a1bb-d661bf41b1ce)
2019-08-02 09:44:23.114 22705 RALLYDEBUG rally_openstack.cleanup.manager [-] Deleting neutron.port object s_rally_585dda45_UhjUn2YG (5cf9d825-b944-4c1e-b498-5215b13107ce)
2019-08-02 09:44:23.342 22705 RALLYDEBUG rally_openstack.cleanup.manager [-] Deleting neutron.port object s_rally_585dda45_hFptoOQ9 (5ebb3e99-28df-436b-985b-de7af123ea2b)
2019-08-02 09:44:23.372 22705 RALLYDEBUG rally_openstack.cleanup.manager [-] Deleting neutron.port object s_rally_585dda45_X5AGO5Ql (5efa7caa-b2ad-4d3f-a05e-e37b9721e3a3)
2019-08-02 09:44:23.530 22705 RALLYDEBUG rally_openstack.cleanup.manager [-] Deleting neutron.port object s_rally_585dda45_gVhSuPSm (60d20f82-4808-4a8f-91fd-bfaa2e7701c0)
2019-08-02 09:44:23.617 22705 RALLYDEBUG rally_openstack.cleanup.manager [-] Deleting neutron.port object s_rally_585dda45_u9raY3dC (620b87df-a574-454f-bd5b-51741fc8ecdb)
2019-08-02 09:44:23.984 22705 RALLYDEBUG rally_openstack.cleanup.manager [-] Deleting neutron.port object s_rally_585dda45_eOYwOMJy (62bcc964-7f33-4e26-84d7-e9968e64427a)
2019-08-02 09:44:24.212 22705 RALLYDEBUG rally_openstack.cleanup.manager [-] Deleting neutron.port object s_rally_585dda45_mzXtxoPM (63d04e4e-7da0-498d-9ff3-6755fc8b8b2b)
2019-08-02 09:44:24.429 22705 RALLYDEBUG rally_openstack.cleanup.manager [-] Deleting neutron.port object s_rally_585dda45_6YZxztED (63fb03eb-f119-43a4-ae68-0b6d40b93947)
2019-08-02 09:44:24.464 22705 RALLYDEBUG rally_openstack.cleanup.manager [-] Deleting neutron.port object s_rally_585dda45_2PsBMBnr (63fb7146-b022-40ee-98d9-daf88aebe04d)
2019-08-02 09:44:24.493 22705 RALLYDEBUG rally_openstack.cleanup.manager [-] Deleting neutron.port object s_rally_585dda45_SvmOuTNy (649e112d-f1a3-40aa-854f-a3acbab223e8)
2019-08-02 09:44:24.551 22705 RALLYDEBUG rally_openstack.cleanup.manager [-] Deleting neutron.port object s_rally_585dda45_1Qx1K0Vk (660375e5-413d-41af-beef-f22900e24d86)
2019-08-02 09:44:24.631 22705 RALLYDEBUG rally_openstack.cleanup.manager [-] Deleting neutron.port object s_rally_585dda45_faBkxJ00 (6820ef33-a623-43df-8667-6e1f52782a77)
2019-08-02 09:44:24.937 22705 RALLYDEBUG rally_openstack.cleanup.manager [-] Deleting neutron.port object s_rally_585dda45_ANIUSLVY (687fa1f1-ed65-4338-bcce-7f215fa43de7)
2019-08-02 09:44:24.964 22705 RALLYDEBUG rally_openstack.cleanup.manager [-] Deleting neutron.port object s_rally_585dda45_tPJnIQuu (6c424ae3-b469-4181-ae23-b69d80becefb)
2019-08-02 09:44:25.049 22705 RALLYDEBUG rally_openstack.cleanup.manager [-] Deleting neutron.port object s_rally_585dda45_5zDRqZbd (6db8fee5-fd1c-4789-af63-c715293cff19)
2019-08-02 09:44:25.067 22705 RALLYDEBUG rally_openstack.cleanup.manager [-] Deleting neutron.port object s_rally_585dda45_ecVV8qpz (6eb6af43-0ef2-4094-8a9b-0ca58f2bdbbb)
2019-08-02 09:44:25.083 22705 RALLYDEBUG rally_openstack.cleanup.manager [-] Deleting neutron.port object s_rally_585dda45_ODoQDgyj (6f5d4074-2d7e-4a89-b3a6-94dc93de6b6d)
2019-08-02 09:44:25.408 22705 RALLYDEBUG rally_openstack.cleanup.manager [-] Deleting neutron.port object s_rally_585dda45_9ekkyMci (71776c44-86df-4d32-8d60-699a10d8cd05)
2019-08-02 09:44:25.437 22705 RALLYDEBUG rally_openstack.cleanup.manager [-] Deleting neutron.port object s_rally_585dda45_nBUfRPYc (748a0be9-af66-4060-bbe4-0fd2301d12d9)
2019-08-02 09:44:25.518 22705 RALLYDEBUG rally_openstack.cleanup.manager [-] Deleting neutron.port object s_rally_585dda45_cbYFjkAH (76211c95-82f7-42b6-be43-776fbc87e10f)
2019-08-02 09:44:25.668 22705 RALLYDEBUG rally_openstack.cleanup.manager [-] Deleting neutron.port object s_rally_585dda45_OFBhVlqT (76ab6015-de45-4f5c-9854-169321bfbba2)
2019-08-02 09:44:25.991 22705 RALLYDEBUG rally_openstack.cleanup.manager [-] Deleting neutron.port object s_rally_585dda45_4NflPAE7 (7731f5bc-cb11-4c3e-84aa-cdd618e4da4a)
2019-08-02 09:44:26.023 22705 RALLYDEBUG rally_openstack.cleanup.manager [-] Deleting neutron.port object s_rally_585dda45_LmTKffF1 (77e9c14b-385e-449c-bdb3-062a52295fe2)
2019-08-02 09:44:26.382 22705 RALLYDEBUG rally_openstack.cleanup.manager [-] Deleting neutron.port object s_rally_585dda45_9OwZPjYc (79b229c8-97db-4a13-9344-3baec4cd1d35)
2019-08-02 09:44:26.582 22705 RALLYDEBUG rally_openstack.cleanup.manager [-] Deleting neutron.port object s_rally_585dda45_wgyJwWgT (79bf6ad5-42f8-4055-9026-d96b17774dad)
2019-08-02 09:44:26.976 22705 RALLYDEBUG rally_openstack.cleanup.manager [-] Deleting neutron.port object s_rally_585dda45_bNRRxevB (7a254cf9-8fb0-433f-a8ba-895215f5db2b)
2019-08-02 09:44:27.067 22705 RALLYDEBUG rally_openstack.cleanup.manager [-] Deleting neutron.port object s_rally_585dda45_3VNTjKKN (7c1c32e9-c07e-4799-94bb-3ddf9dd5d710)
2019-08-02 09:44:27.107 22705 RALLYDEBUG rally_openstack.cleanup.manager [-] Deleting neutron.port object s_rally_585dda45_B8cV1d8t (7d17017a-2c35-481a-afb6-bf36a0567030)
2019-08-02 09:44:27.388 22705 RALLYDEBUG rally_openstack.cleanup.manager [-] Deleting neutron.port object s_rally_585dda45_EZTuffQ7 (7d9a0d0a-d548-42bf-815c-db4b14d5f96b)
2019-08-02 09:44:27.407 22705 RALLYDEBUG rally_openstack.cleanup.manager [-] Deleting neutron.port object s_rally_585dda45_Mms80tN0 (82aef86e-509a-4164-8476-2bad651a3428)
2019-08-02 09:44:27.608 22705 RALLYDEBUG rally_openstack.cleanup.manager [-] Deleting neutron.port object s_rally_585dda45_0l6qYMrF (8375997a-07a8-475c-a1fc-3bdcfb13cad2)
2019-08-02 09:44:28.289 22705 RALLYDEBUG rally_openstack.cleanup.manager [-] Deleting neutron.port object s_rally_585dda45_SeUSjBCT (84589d74-909f-4f26-8bed-5ccb579bfcad)
2019-08-02 09:44:28.298 22705 RALLYDEBUG rally_openstack.cleanup.manager [-] Deleting neutron.port object s_rally_585dda45_DBJs5sLt (850795b8-33ba-47d6-b6e8-b80e010a21fc)
2019-08-02 09:44:28.302 22705 RALLYDEBUG rally_openstack.cleanup.manager [-] Deleting neutron.port object s_rally_585dda45_qzXY1dOy (85b02691-70e3-48c1-8c36-3b24035c2750)
2019-08-02 09:44:28.397 22705 RALLYDEBUG rally_openstack.cleanup.manager [-] Deleting neutron.port object s_rally_585dda45_8cZ8z9k9 (866b7a8d-3921-405a-8ac8-0ab928f2fa96)
2019-08-02 09:44:28.523 22705 RALLYDEBUG rally_openstack.cleanup.manager [-] Deleting neutron.port object s_rally_585dda45_slBaweIE (86d93c84-a485-466e-9b2e-9296e6973b18)
2019-08-02 09:44:28.645 22705 RALLYDEBUG rally_openstack.cleanup.manager [-] Deleting neutron.port object s_rally_585dda45_WHvpoEyj (87255015-9e26-4dd1-95d3-ccefcc83421d)
2019-08-02 09:44:28.702 22705 RALLYDEBUG rally_openstack.cleanup.manager [-] Deleting neutron.port object s_rally_585dda45_t9X0JdHQ (88220637-6094-4567-88c4-9b2f260ac041)
2019-08-02 09:44:28.720 22705 RALLYDEBUG rally_openstack.cleanup.manager [-] Deleting neutron.port object s_rally_585dda45_VImy5HHe (88f1ccc6-8f98-4607-8a11-ffd09ab597fd)
2019-08-02 09:44:28.748 22705 RALLYDEBUG rally_openstack.cleanup.manager [-] Deleting neutron.port object s_rally_585dda45_FHJZ1BgG (8ee36d11-b3c2-4f37-9bcb-d3b8c4a69e9f)
2019-08-02 09:44:28.753 22705 RALLYDEBUG rally_openstack.cleanup.manager [-] Deleting neutron.port object s_rally_585dda45_WvFgOTM0 (911d0d3c-d72b-4826-a312-fea2fd66fa45)
2019-08-02 09:44:28.960 22705 RALLYDEBUG rally_openstack.cleanup.manager [-] Deleting neutron.port object s_rally_585dda45_nY8NinId (95520c5c-1feb-464f-837b-bcd778273f87)
2019-08-02 09:44:29.001 22705 RALLYDEBUG rally_openstack.cleanup.manager [-] Deleting neutron.port object s_rally_585dda45_G9qoTmcU (99b06f89-f96d-4554-805a-320c16fefe48)
2019-08-02 09:44:29.037 22705 RALLYDEBUG rally_openstack.cleanup.manager [-] Deleting neutron.port object s_rally_585dda45_fn4twJG8 (9abe57f0-3212-4cd7-88fb-416ddd83ab87)
2019-08-02 09:44:29.204 22705 RALLYDEBUG rally_openstack.cleanup.manager [-] Deleting neutron.port object s_rally_585dda45_WChp5bzj (9ade645c-21b0-478a-a09d-5dbbc981ae21)
2019-08-02 09:44:29.315 22705 RALLYDEBUG rally_openstack.cleanup.manager [-] Deleting neutron.port object s_rally_585dda45_CAtX7fRv (9b1785f3-0b48-4714-86bc-2f68c61fb27c)
2019-08-02 09:44:29.386 22705 RALLYDEBUG rally_openstack.cleanup.manager [-] Deleting neutron.port object s_rally_585dda45_srK8TtDI (9b72442b-9586-4355-ab74-9822caf81b80)
2019-08-02 09:44:29.527 22705 RALLYDEBUG rally_openstack.cleanup.manager [-] Deleting neutron.port object s_rally_585dda45_rgfj6XAu (9ba2ea09-29b2-47ed-bc02-50e969e69c48)
2019-08-02 09:44:29.765 22705 RALLYDEBUG rally_openstack.cleanup.manager [-] Deleting neutron.port object s_rally_585dda45_LUmkDTo0 (9c367b76-88e5-4dfe-ae58-9293582a0d3f)
2019-08-02 09:44:29.872 22705 RALLYDEBUG rally_openstack.cleanup.manager [-] Deleting neutron.port object s_rally_585dda45_FPndDkGF (9c72b150-33ba-40c0-96cd-cdb892de5325)
2019-08-02 09:44:30.044 22705 RALLYDEBUG rally_openstack.cleanup.manager [-] Deleting neutron.port object s_rally_585dda45_LrNF4HBz (9caa7b0f-f97a-4263-b137-613e522693e5)
2019-08-02 09:44:31.108 22705 RALLYDEBUG rally_openstack.cleanup.manager [-] Deleting neutron.port object s_rally_585dda45_DfkadcMc (9cd1d93d-f7f8-4d32-9e16-91269a6c6d39)
2019-08-02 09:44:31.450 22705 RALLYDEBUG rally_openstack.cleanup.manager [-] Deleting neutron.port object s_rally_585dda45_T2T7EFmj (9d4366a3-4fbb-43b5-89de-daa4e789cd68)
2019-08-02 09:44:31.744 22705 RALLYDEBUG rally_openstack.cleanup.manager [-] Deleting neutron.port object s_rally_585dda45_M1wYSaTy (9da45049-639d-4669-a065-e7ef77f2c314)
2019-08-02 09:44:31.887 22705 RALLYDEBUG rally_openstack.cleanup.manager [-] Deleting neutron.port object s_rally_585dda45_bEolr7Jm (a283a7ca-2d92-49fa-b614-b9cab94a6807)
2019-08-02 09:44:32.145 22705 RALLYDEBUG rally_openstack.cleanup.manager [-] Deleting neutron.port object s_rally_585dda45_fd0wxqcr (a3cab5d6-22ed-4207-8d01-b16ad8f978a1)
2019-08-02 09:44:32.283 22705 RALLYDEBUG rally_openstack.cleanup.manager [-] Deleting neutron.port object s_rally_585dda45_UframXex (a53a1528-bddc-4fdd-8ea8-a49df182760c)
2019-08-02 09:44:32.302 22705 RALLYDEBUG rally_openstack.cleanup.manager [-] Deleting neutron.port object s_rally_585dda45_DDBolKXD (a5658ae6-ee0c-4701-ab55-42275c269bca)
2019-08-02 09:44:32.519 22705 RALLYDEBUG rally_openstack.cleanup.manager [-] Deleting neutron.port object s_rally_585dda45_Lw5Z5Ioy (a670bf75-40a4-438f-9466-656765e5e321)
2019-08-02 09:44:32.538 22705 RALLYDEBUG rally_openstack.cleanup.manager [-] Deleting neutron.port object s_rally_585dda45_N6ScB3hY (a7b0204a-b3be-4ec3-926e-b69f25f066e4)
2019-08-02 09:44:32.635 22705 RALLYDEBUG rally_openstack.cleanup.manager [-] Deleting neutron.port object s_rally_585dda45_Zvt4v5yW (a83ee7e6-cd3d-4239-b38a-d87770dbd2f3)
2019-08-02 09:44:32.654 22705 RALLYDEBUG rally_openstack.cleanup.manager [-] Deleting neutron.port object s_rally_585dda45_mPzsRHih (a8b222ae-abd9-4310-8b84-b6307ac18dc1)
2019-08-02 09:44:32.691 22705 RALLYDEBUG rally_openstack.cleanup.manager [-] Deleting neutron.port object s_rally_585dda45_vjlRyCZt (a92e2e29-e47f-4023-8bee-4a47c91fe5a5)
2019-08-02 09:44:32.750 22705 RALLYDEBUG rally_openstack.cleanup.manager [-] Deleting neutron.port object s_rally_585dda45_KxDs3fkj (a93c3bb9-1ac4-40b4-93af-7c8f127eab29)
2019-08-02 09:44:33.289 22705 RALLYDEBUG rally_openstack.cleanup.manager [-] Deleting neutron.port object s_rally_585dda45_oikcfR7B (aaaa8d1b-6972-45dd-bc9b-03e4a48daabe)
2019-08-02 09:44:33.314 22705 RALLYDEBUG rally_openstack.cleanup.manager [-] Deleting neutron.port object s_rally_585dda45_eSfFUC8f (ade037c3-017d-4dba-a6d0-33ca5f257525)
2019-08-02 09:44:33.454 22705 RALLYDEBUG rally_openstack.cleanup.manager [-] Deleting neutron.port object s_rally_585dda45_0mzju3WN (aebad816-a724-4776-b545-b13c169bd0d7)
2019-08-02 09:44:33.509 22705 RALLYDEBUG rally_openstack.cleanup.manager [-] Deleting neutron.port object s_rally_585dda45_xD7cVGdH (b300d56d-4c42-4a4d-9619-d566078c20cf)
2019-08-02 09:44:33.520 22705 RALLYDEBUG rally_openstack.cleanup.manager [-] Deleting neutron.port object s_rally_585dda45_mgvrySOi (b51454c2-85eb-4a45-a7d6-17fb8feb423a)
2019-08-02 09:44:33.629 22705 RALLYDEBUG rally_openstack.cleanup.manager [-] Deleting neutron.port object s_rally_585dda45_0BVyuoMr (b792197f-bc9c-42a2-be38-cd56bdb0ad3b)
2019-08-02 09:44:33.714 22705 RALLYDEBUG rally_openstack.cleanup.manager [-] Deleting neutron.port object s_rally_585dda45_j1RCkI1i (b8732d2b-ba42-4f08-a044-07707adfbb44)
2019-08-02 09:44:33.772 22705 RALLYDEBUG rally_openstack.cleanup.manager [-] Deleting neutron.port object s_rally_585dda45_b8oSBqY3 (b971b7f0-1411-49fa-94f3-04fc7a1e26bb)
2019-08-02 09:44:34.086 22705 RALLYDEBUG rally_openstack.cleanup.manager [-] Deleting neutron.port object s_rally_585dda45_vZaNVYFQ (bc328e82-e2db-424b-9871-30f8b2ec8aa3)
2019-08-02 09:44:34.107 22705 RALLYDEBUG rally_openstack.cleanup.manager [-] Deleting neutron.port object s_rally_585dda45_qCG4fN5S (bd30d600-503d-449f-84aa-2ebd26a2fb95)
2019-08-02 09:44:34.177 22705 RALLYDEBUG rally_openstack.cleanup.manager [-] Deleting neutron.port object s_rally_585dda45_0qu7svgX (bf48aa94-2cff-4426-9c00-9967b505084b)
2019-08-02 09:44:34.552 22705 RALLYDEBUG rally_openstack.cleanup.manager [-] Deleting neutron.port object s_rally_585dda45_it9IFsbp (c0cd7df9-e5bf-43d5-bc62-844b4a6a0c10)
2019-08-02 09:44:34.735 22705 RALLYDEBUG rally_openstack.cleanup.manager [-] Deleting neutron.port object s_rally_585dda45_lOWoS8lQ (c223348f-5816-4c03-85b2-adfd87c81e89)
2019-08-02 09:44:35.248 22705 RALLYDEBUG rally_openstack.cleanup.manager [-] Deleting neutron.port object s_rally_585dda45_PsHGyD4F (c347c157-d141-479e-a2e8-92d53be49506)
2019-08-02 09:44:35.495 22705 RALLYDEBUG rally_openstack.cleanup.manager [-] Deleting neutron.port object s_rally_585dda45_wtDPsRkr (c39f1d8b-b835-4b39-b203-b3df7551b240)
2019-08-02 09:44:35.521 22705 RALLYDEBUG rally_openstack.cleanup.manager [-] Deleting neutron.port object s_rally_585dda45_DxJX879G (c4da975a-c818-4d33-9b3d-ea29b1a6209e)
2019-08-02 09:44:35.616 22705 RALLYDEBUG rally_openstack.cleanup.manager [-] Deleting neutron.port object s_rally_585dda45_2B8FzDFB (c7c8b3ad-56c8-4dbe-920c-32600749951a)
2019-08-02 09:44:35.720 22705 RALLYDEBUG rally_openstack.cleanup.manager [-] Deleting neutron.port object s_rally_585dda45_XI7vBfgn (c80e82c5-f5af-4240-a3fb-5e7285aa0653)
2019-08-02 09:44:36.170 22705 RALLYDEBUG rally_openstack.cleanup.manager [-] Deleting neutron.port object s_rally_585dda45_sNml9BS6 (cb642890-a5ac-4211-be77-426f89550bc7)
2019-08-02 09:44:36.188 22705 RALLYDEBUG rally_openstack.cleanup.manager [-] Deleting neutron.port object s_rally_585dda45_7MY2SfVd (cc0a1d03-1a10-4c64-bcb1-a7a0887a8733)
2019-08-02 09:44:36.341 22705 RALLYDEBUG rally_openstack.cleanup.manager [-] Deleting neutron.port object s_rally_585dda45_pJ6vmBbE (cc486be4-d783-4bcc-b9fb-d682669eefee)
2019-08-02 09:44:36.382 22705 RALLYDEBUG rally_openstack.cleanup.manager [-] Deleting neutron.port object s_rally_585dda45_0jmXIsFJ (cc59aee2-08cf-4bda-ae77-859aac22e3bb)
2019-08-02 09:44:36.495 22705 RALLYDEBUG rally_openstack.cleanup.manager [-] Deleting neutron.port object s_rally_585dda45_K9Dxno1s (cd8abece-9805-47b4-8b5d-27a8e2a5c3f6)
2019-08-02 09:44:36.742 22705 RALLYDEBUG rally_openstack.cleanup.manager [-] Deleting neutron.port object s_rally_585dda45_EPBrs8l1 (ce3128b7-2015-4daa-afc0-efb033f46c25)
2019-08-02 09:44:37.021 22705 RALLYDEBUG rally_openstack.cleanup.manager [-] Deleting neutron.port object s_rally_585dda45_M0oWyknA (d0d1fe5d-cb3b-41e3-9b79-85dc8df51edb)
2019-08-02 09:44:37.052 22705 RALLYDEBUG rally_openstack.cleanup.manager [-] Deleting neutron.port object s_rally_585dda45_6NZcgpPN (d1535cda-4bbe-4305-b035-916b27843131)
2019-08-02 09:44:37.218 22705 RALLYDEBUG rally_openstack.cleanup.manager [-] Deleting neutron.port object s_rally_585dda45_kvfJBtyL (d2673cd5-a481-4344-9921-4e53166af4c3)
2019-08-02 09:44:37.291 22705 RALLYDEBUG rally_openstack.cleanup.manager [-] Deleting neutron.port object s_rally_585dda45_y6eI9o6C (d27c064f-76ac-4521-9120-a77a5b410f80)
2019-08-02 09:44:37.426 22705 RALLYDEBUG rally_openstack.cleanup.manager [-] Deleting neutron.port object s_rally_585dda45_6XSHXjBs (d3577708-a962-40fc-a225-89b35a38d0c7)
2019-08-02 09:44:37.458 22705 RALLYDEBUG rally_openstack.cleanup.manager [-] Deleting neutron.port object s_rally_585dda45_PYvICC9h (d5174663-d6ac-41a5-8805-c91a8ed59eec)
2019-08-02 09:44:37.547 22705 RALLYDEBUG rally_openstack.cleanup.manager [-] Deleting neutron.port object s_rally_585dda45_sbvG4FQK (d6896301-7a44-488e-9431-f758d30dd4b8)
2019-08-02 09:44:37.808 22705 RALLYDEBUG rally_openstack.cleanup.manager [-] Deleting neutron.port object s_rally_585dda45_ygH3rDmo (d90cbfe4-2927-42ab-bdc2-3288164d4e94)
2019-08-02 09:44:37.808 22705 RALLYDEBUG rally_openstack.cleanup.manager [-] Deleting neutron.port object s_rally_585dda45_eMuEdlDK (d9feafc9-8109-40b4-8aa2-4208a7de8428)
2019-08-02 09:44:37.842 22705 RALLYDEBUG rally_openstack.cleanup.manager [-] Deleting neutron.port object s_rally_585dda45_4WrGMk5A (dab12e47-f9e6-4935-ae75-2ff281629614)
2019-08-02 09:44:38.151 22705 RALLYDEBUG rally_openstack.cleanup.manager [-] Deleting neutron.port object s_rally_585dda45_n4z024Me (db944ea9-d7a8-45ba-85d2-cdc0881bdc88)
2019-08-02 09:44:38.173 22705 RALLYDEBUG rally_openstack.cleanup.manager [-] Deleting neutron.port object s_rally_585dda45_sySd0z3V (dc964baf-ddd4-488a-9c04-85e7d4a73aaa)
2019-08-02 09:44:38.674 22705 RALLYDEBUG rally_openstack.cleanup.manager [-] Deleting neutron.port object s_rally_585dda45_ZXa2zfmF (dcd236ae-ba68-4fcb-927a-f43867a59845)
2019-08-02 09:44:38.709 22705 RALLYDEBUG rally_openstack.cleanup.manager [-] Deleting neutron.port object s_rally_585dda45_bzWewKQD (dcdcbe57-111d-40be-8ad3-f019db632a04)
2019-08-02 09:44:38.821 22705 RALLYDEBUG rally_openstack.cleanup.manager [-] Deleting neutron.port object s_rally_585dda45_Sbxp5YZ6 (dd20df4a-9e15-4300-8df3-08af64791595)
2019-08-02 09:44:39.378 22705 RALLYDEBUG rally_openstack.cleanup.manager [-] Deleting neutron.port object s_rally_585dda45_fVxvOkEf (dd8b1571-19df-478d-aead-4c6e340cba29)
2019-08-02 09:44:39.384 22705 RALLYDEBUG rally_openstack.cleanup.manager [-] Deleting neutron.port object s_rally_585dda45_3wCl5WXu (dd93487d-0cbd-4e0e-afe4-c953ba86b160)
2019-08-02 09:44:39.427 22705 RALLYDEBUG rally_openstack.cleanup.manager [-] Deleting neutron.port object s_rally_585dda45_BYPOvVQm (e1a18224-2e41-4c89-bfc1-6960f06638e9)
2019-08-02 09:44:39.477 22705 RALLYDEBUG rally_openstack.cleanup.manager [-] Deleting neutron.port object s_rally_585dda45_9k84JKi9 (e331b753-442f-439e-b832-d40f762fad62)
2019-08-02 09:44:39.484 22705 RALLYDEBUG rally_openstack.cleanup.manager [-] Deleting neutron.port object s_rally_585dda45_EdnV0JZO (e5292b32-868a-4c64-af25-0ebdefa96f00)
2019-08-02 09:44:39.582 22705 RALLYDEBUG rally_openstack.cleanup.manager [-] Deleting neutron.port object s_rally_585dda45_TrPOIsbe (e7b233a4-7b67-456d-bb7f-844652ef008d)
2019-08-02 09:44:39.946 22705 RALLYDEBUG rally_openstack.cleanup.manager [-] Deleting neutron.port object s_rally_585dda45_MOL16PPM (e80fca1c-54ca-4dd8-b8a5-37cd79a86907)
2019-08-02 09:44:40.119 22705 RALLYDEBUG rally_openstack.cleanup.manager [-] Deleting neutron.port object s_rally_585dda45_jtISbwxp (ec6c2612-7dc6-4982-adff-787249c5a4f6)
2019-08-02 09:44:40.276 22705 RALLYDEBUG rally_openstack.cleanup.manager [-] Deleting neutron.port object s_rally_585dda45_0jRlH2l0 (ecae6e75-c3bf-4d9c-93ae-794d1b8cd56b)
2019-08-02 09:44:40.298 22705 RALLYDEBUG rally_openstack.cleanup.manager [-] Deleting neutron.port object s_rally_585dda45_pLWR0o2A (ee88fb2d-aba4-4e0e-a46d-66a2c41d79ae)
2019-08-02 09:44:40.452 22705 RALLYDEBUG rally_openstack.cleanup.manager [-] Deleting neutron.port object s_rally_585dda45_163w6yBs (ee95e6f5-36aa-425e-a3c3-106010d896da)
2019-08-02 09:44:40.479 22705 RALLYDEBUG rally_openstack.cleanup.manager [-] Deleting neutron.port object s_rally_585dda45_Fd2BxS17 (f0a91fb6-ba8c-4f33-86b4-3e7033675289)
2019-08-02 09:44:40.679 22705 RALLYDEBUG rally_openstack.cleanup.manager [-] Deleting neutron.port object s_rally_585dda45_HvjQM8Us (f0c64d88-e5ec-4ec9-9745-5ffe63cadf2b)
2019-08-02 09:44:40.836 22705 RALLYDEBUG rally_openstack.cleanup.manager [-] Deleting neutron.port object s_rally_585dda45_Xvfe7FHu (f1c9f413-bbe1-4063-867d-c315f0add905)
2019-08-02 09:44:41.112 22705 RALLYDEBUG rally_openstack.cleanup.manager [-] Deleting neutron.port object s_rally_585dda45_J9Wgb6xb (f570a97e-602e-4042-b663-67dee9a2331c)
2019-08-02 09:44:41.122 22705 RALLYDEBUG rally_openstack.cleanup.manager [-] Deleting neutron.port object s_rally_585dda45_Jxpu6J4U (f57e5c3b-1ada-4146-b0dd-f2d01a5ae6e8)
2019-08-02 09:44:41.156 22705 RALLYDEBUG rally_openstack.cleanup.manager [-] Deleting neutron.port object s_rally_585dda45_RRivObTN (f738f007-3a85-4589-84cf-a9965d490cae)
2019-08-02 09:44:41.204 22705 RALLYDEBUG rally_openstack.cleanup.manager [-] Deleting neutron.port object s_rally_585dda45_nKuMXlU0 (fa461a8e-c8cd-4c86-a80c-dd302b59dd04)
2019-08-02 09:44:41.382 22705 RALLYDEBUG rally_openstack.cleanup.manager [-] Deleting neutron.port object s_rally_585dda45_0rfktTg1 (fbd1d7c2-348e-4b97-961e-f92d2b42263f)
2019-08-02 09:44:41.550 22705 RALLYDEBUG rally_openstack.cleanup.manager [-] Deleting neutron.port object s_rally_585dda45_rwsRxm6v (fc1bf866-dd01-43d6-965c-7bd35c83c7a3)
2019-08-02 09:44:41.739 22705 RALLYDEBUG rally_openstack.cleanup.manager [-] Deleting neutron.port object s_rally_585dda45_rEjMR5qh (fda77c3a-b362-4b96-a858-f301b4afba69)
2019-08-02 09:44:41.787 22705 RALLYDEBUG rally_openstack.cleanup.manager [-] Deleting neutron.port object s_rally_585dda45_MxnDws6Y (fdf82a6a-3a40-4129-b873-ca4ee55ab146)
2019-08-02 09:44:41.825 22705 RALLYDEBUG rally_openstack.cleanup.manager [-] Deleting neutron.port object s_rally_585dda45_UWx3InKA (fe2d0b88-ecc8-479f-bb00-4e951f46ccae)
2019-08-02 09:44:42.494 22705 RALLYDEBUG rally_openstack.cleanup.manager [-] Deleting neutron.port object s_rally_585dda45_vsvb132P (fee62aed-0c16-4e1c-9939-a369beda2ba3)
2019-08-02 09:44:44.702 22705 RALLYDEBUG rally_openstack.cleanup.manager [-] Cleaning up neutron subnet objects
2019-08-02 09:44:45.441 22705 RALLYDEBUG rally_openstack.cleanup.manager [-] Cleaning up neutron network objects
2019-08-02 09:44:46.228 22705 RALLYDEBUG rally_openstack.cleanup.manager [-] Deleting neutron.network object s_rally_585dda45_URqtmkN0 (01f4d121-dee5-46db-b0ec-864052c871cc)
2019-08-02 09:44:46.237 22705 RALLYDEBUG rally_openstack.cleanup.manager [-] Deleting neutron.network object s_rally_585dda45_M3W4Ztf2 (05d26ee5-fb5e-4ca9-b7e6-adef70ffe594)
2019-08-02 09:44:46.239 22705 RALLYDEBUG rally_openstack.cleanup.manager [-] Deleting neutron.network object s_rally_585dda45_vOe5EIzS (058cb23e-2a1b-413e-a32d-154fd4a6a9a5)
2019-08-02 09:44:46.243 22705 RALLYDEBUG rally_openstack.cleanup.manager [-] Deleting neutron.network object s_rally_585dda45_ynRwCuhf (0c3437a7-a10d-4f4e-847d-cc3781c33a60)
2019-08-02 09:44:46.256 22705 RALLYDEBUG rally_openstack.cleanup.manager [-] Deleting neutron.network object s_rally_585dda45_m0HbxgEv (100b3fb8-f3c0-481d-9636-edaed0fe817a)
2019-08-02 09:44:46.269 22705 RALLYDEBUG rally_openstack.cleanup.manager [-] Deleting neutron.network object s_rally_585dda45_buMMPBLE (16de8eaa-3330-4c5a-af6a-fd0ac1e389b3)
2019-08-02 09:44:46.282 22705 RALLYDEBUG rally_openstack.cleanup.manager [-] Deleting neutron.network object s_rally_585dda45_9w8Euod4 (1764fd02-e07d-4501-9f86-7d9087202fb5)
2019-08-02 09:44:46.301 22705 RALLYDEBUG rally_openstack.cleanup.manager [-] Deleting neutron.network object s_rally_585dda45_iaSLsou3 (1de33968-cb60-4f17-a587-39e921932074)
2019-08-02 09:44:46.309 22705 RALLYDEBUG rally_openstack.cleanup.manager [-] Deleting neutron.network object s_rally_585dda45_96nmyUkR (25bfbd2c-384c-416e-80d9-3210742d7569)
2019-08-02 09:44:46.316 22705 RALLYDEBUG rally_openstack.cleanup.manager [-] Deleting neutron.network object s_rally_585dda45_FMFDXzys (2b9124ee-403d-45f4-b4f7-d7ff9c9c9dfe)
2019-08-02 09:44:46.325 22705 RALLYDEBUG rally_openstack.cleanup.manager [-] Deleting neutron.network object s_rally_585dda45_Sm7KkEcS (2c9c0825-db0e-4005-9019-bf15e17bff73)
2019-08-02 09:44:46.356 22705 RALLYDEBUG rally_openstack.cleanup.manager [-] Deleting neutron.network object s_rally_585dda45_KMYRygJu (34fbcd61-e1ff-4e2d-b641-8247dd6a2db2)
2019-08-02 09:44:46.359 22705 RALLYDEBUG rally_openstack.cleanup.manager [-] Deleting neutron.network object s_rally_585dda45_DjtbYsiT (40a65378-533a-4837-b192-6de6e70e2e46)
2019-08-02 09:44:46.370 22705 RALLYDEBUG rally_openstack.cleanup.manager [-] Deleting neutron.network object s_rally_585dda45_YOOXwSaw (55addac1-f4c9-4b1e-b936-678d9886e691)
2019-08-02 09:44:46.395 22705 RALLYDEBUG rally_openstack.cleanup.manager [-] Deleting neutron.network object s_rally_585dda45_gMRkeFG1 (6641fd03-faed-44c3-a6e9-4fa873e124f3)
2019-08-02 09:44:46.403 22705 RALLYDEBUG rally_openstack.cleanup.manager [-] Deleting neutron.network object s_rally_585dda45_kAfK1MZD (6356699e-92c7-498d-a83e-3876f7e1dddb)
2019-08-02 09:44:46.424 22705 RALLYDEBUG rally_openstack.cleanup.manager [-] Deleting neutron.network object s_rally_585dda45_bdTnLbOp (6fa5da04-96b3-4a30-b3c8-717bd2cde135)
2019-08-02 09:44:46.441 22705 RALLYDEBUG rally_openstack.cleanup.manager [-] Deleting neutron.network object s_rally_585dda45_Xicig9VT (82d68be3-9153-4a75-bdda-002f8636bbf3)
2019-08-02 09:44:46.443 22705 RALLYDEBUG rally_openstack.cleanup.manager [-] Deleting neutron.network object s_rally_585dda45_Ot9Hp0Nx (830c2c6e-f012-4673-97e2-ffae4db8bd19)
2019-08-02 09:44:46.459 22705 RALLYDEBUG rally_openstack.cleanup.manager [-] Deleting neutron.network object s_rally_585dda45_lWQcAi7l (85a5e3ab-9eaf-4956-a4ef-c4a42a83a897)
2019-08-02 09:44:49.833 22705 RALLYDEBUG rally_openstack.cleanup.manager [-] Deleting neutron.network object s_rally_585dda45_A5NB0exp (8f7cdce6-eacd-4c87-bad9-3ff0d84d661f)
2019-08-02 09:44:49.841 22705 RALLYDEBUG rally_openstack.cleanup.manager [-] Deleting neutron.network object s_rally_585dda45_tA4sUgXj (9c15a0db-af27-42f7-8cf2-8b1c0495fbf8)
2019-08-02 09:44:49.944 22705 RALLYDEBUG rally_openstack.cleanup.manager [-] Deleting neutron.network object s_rally_585dda45_1q0Op9CG (a5139077-2309-4088-8f36-6c7211f5b2a7)
2019-08-02 09:44:50.164 22705 RALLYDEBUG rally_openstack.cleanup.manager [-] Deleting neutron.network object s_rally_585dda45_eOBkTWPv (a7a85196-c9a1-4220-a484-0c0fc8e97dd3)
2019-08-02 09:44:50.312 22705 RALLYDEBUG rally_openstack.cleanup.manager [-] Deleting neutron.network object s_rally_585dda45_2jJ8U4I1 (a83fda9d-477e-4fcb-89c1-b4b61f2d6288)
2019-08-02 09:44:50.371 22705 RALLYDEBUG rally_openstack.cleanup.manager [-] Deleting neutron.network object s_rally_585dda45_7mRMTpso (ae4a6f36-7e17-47a0-8d90-5303a3f3b066)
2019-08-02 09:44:50.674 22705 RALLYDEBUG rally_openstack.cleanup.manager [-] Deleting neutron.network object s_rally_585dda45_Rb5Tk2Zo (afd755fc-45b4-4936-b934-e1eece9792f8)
2019-08-02 09:44:50.709 22705 RALLYDEBUG rally_openstack.cleanup.manager [-] Deleting neutron.network object s_rally_585dda45_3L0U6jCT (b0b21375-3220-4e68-b806-f8e1a43a2804)
2019-08-02 09:44:50.819 22705 RALLYDEBUG rally_openstack.cleanup.manager [-] Deleting neutron.network object s_rally_585dda45_J5tCQWq2 (b96cb737-27b0-4c7a-a698-edf23e7562cd)
2019-08-02 09:44:50.819 22705 RALLYDEBUG rally_openstack.cleanup.manager [-] Deleting neutron.network object s_rally_585dda45_siVesc2p (baa79a25-3d68-40e0-a5f7-f80a819c4a32)
2019-08-02 09:44:52.750 22705 RALLYDEBUG rally_openstack.cleanup.manager [-] Deleting neutron.network object s_rally_585dda45_rc2e9IhY (bbb1cbd5-054c-42fa-88f9-e3c007c047d1)
2019-08-02 09:44:52.773 22705 RALLYDEBUG rally_openstack.cleanup.manager [-] Deleting neutron.network object s_rally_585dda45_aKGwRjxo (ccae0f5a-61ad-42ea-b34c-bd62cf70f7b2)
2019-08-02 09:44:52.870 22705 RALLYDEBUG rally_openstack.cleanup.manager [-] Deleting neutron.network object s_rally_585dda45_ME6nLk6l (d0a6ea7c-250a-43fc-b7eb-19b4c6bcae6a)
2019-08-02 09:44:52.877 22705 RALLYDEBUG rally_openstack.cleanup.manager [-] Deleting neutron.network object s_rally_585dda45_fi2jayV5 (d30e3567-a40e-4c58-8675-c34ba03cd43f)
2019-08-02 09:44:52.884 22705 RALLYDEBUG rally_openstack.cleanup.manager [-] Deleting neutron.network object s_rally_585dda45_UDVcaUCX (da890ff0-eb1a-41ab-92aa-ad96ea1f830d)
2019-08-02 09:44:52.969 22705 RALLYDEBUG rally_openstack.cleanup.manager [-] Deleting neutron.network object s_rally_585dda45_wu2NhRtp (dbdddfc1-57cf-49c5-b039-e036b5f4d951)
2019-08-02 09:44:53.111 22705 RALLYDEBUG rally_openstack.cleanup.manager [-] Deleting neutron.network object s_rally_585dda45_PXWL2cCf (e48cdc50-3b97-4f91-94f3-790e4bf9034c)
2019-08-02 09:44:53.141 22705 RALLYDEBUG rally_openstack.cleanup.manager [-] Deleting neutron.network object s_rally_585dda45_hV44Qyyn (e6d5e05c-8e58-4861-9b19-becb5efd0d71)
2019-08-02 09:44:53.244 22705 RALLYDEBUG rally_openstack.cleanup.manager [-] Deleting neutron.network object s_rally_585dda45_yBqFWV3S (fdf7a8dd-21aa-4c78-92a1-a7d677a19c94)
2019-08-02 09:44:53.265 22705 RALLYDEBUG rally_openstack.cleanup.manager [-] Deleting neutron.network object s_rally_585dda45_Yjn8ZKHq (ffa564ec-dc56-46e4-8749-ff617a7183e0)
2019-08-02 09:44:57.035 22705 RALLYDEBUG rally_openstack.cleanup.manager [-] Cleaning up neutron router objects
2019-08-02 09:44:57.686 22705 RALLYDEBUG rally_openstack.cleanup.manager [-] Cleaning up neutron security_group objects
2019-08-02 09:44:58.322 22705 INFO rally.task.context [-] Task f2c0e8bc-06f7-4e53-a14f-b560bec65de3 | Context cleanup@openstack cleanup() finished in 50.92 sec
2019-08-02 09:44:58.322 22705 INFO rally.task.context [-] Task f2c0e8bc-06f7-4e53-a14f-b560bec65de3 | Context quotas@openstack cleanup() started
2019-08-02 09:44:58.611 22705 INFO rally.task.context [-] Task f2c0e8bc-06f7-4e53-a14f-b560bec65de3 | Context quotas@openstack cleanup() finished in 0.29 sec
2019-08-02 09:44:58.611 22705 INFO rally.task.context [-] Task f2c0e8bc-06f7-4e53-a14f-b560bec65de3 | Context users@openstack cleanup() started
2019-08-02 09:45:02.942 22705 INFO rally.task.context [-] Task f2c0e8bc-06f7-4e53-a14f-b560bec65de3 | Context users@openstack cleanup() finished in 4.33 sec
2019-08-02 09:45:04.442 22705 INFO rally.task.engine [-] Load duration is: 42.85186
2019-08-02 09:45:04.442 22705 INFO rally.task.engine [-] Full runner duration is: 42.91875
2019-08-02 09:45:04.442 22705 INFO rally.task.engine [-] Full duration is: 103.192757
2019-08-02 09:45:04.637 22705 INFO rally.task.engine [-] Running workload: position = 2 config = { "version": 2, "title": "A cropped version of a bigger task.", "description": "Auto-generated task from a single workload (uuid=53fc7aed-7197-4925-a087-84b4d1e8f31b)", "subtasks": [ { "title": "NeutronNetworks.create_and_delete_ports", "description": "Create and delete a port.", "scenario": { "NeutronNetworks.create_and_delete_ports": { "network_create_args": {}, "port_create_args": {}, "ports_per_network": 5 } }, "contexts": { "users": { "tenants": 1, "users_per_tenant": 1 }, "quotas": { "neutron": { "network": -1, "port": -1 } } }, "runner": { "constant": { "times": 40, "concurrency": 20 } }, "hooks": [], "sla": { "failure_rate": { "max": 0 } } } ] }
2019-08-02 09:45:04.656 22705 RALLYDEBUG rally_openstack.contexts.keystone.users [-] Creating 1 tenants using 20 threads
2019-08-02 09:45:06.375 22705 RALLYDEBUG rally_openstack.contexts.keystone.users [-] Creating 1 users using 20 threads
2019-08-02 09:45:08.877 22705 INFO rally.task.context [-] Task f2c0e8bc-06f7-4e53-a14f-b560bec65de3 | Context users@openstack setup() finished in 4.22 sec
2019-08-02 09:45:09.551 22705 INFO rally.task.context [-] Task f2c0e8bc-06f7-4e53-a14f-b560bec65de3 | Context quotas@openstack setup() finished in 0.67 sec
2019-08-02 09:45:09.551 22705 INFO rally.task.context [-] Task f2c0e8bc-06f7-4e53-a14f-b560bec65de3 | Context cleanup@openstack setup() finished in 0.01 msec
2019-08-02 09:45:09.559 22705 RALLYDEBUG rally.task.runner [-] Starting the constant runner (task UUID: f2c0e8bc-06f7-4e53-a14f-b560bec65de3). timeout: 0 concurrency: 20 concurrency_per_worker: 1 times: 40 concurrency_overhead: 4 processes_to_start: 16 max_cpu_used: 16
2019-08-02 09:45:09.572 26951 RALLYDEBUG rally.task.runner [-] Starting a worker. concurrency: 2 args: {"network_create_args": {}, "port_create_args": {}, "ports_per_network": 5} times: 40 method_name: run timeout: 0 duration: None cls:
2019-08-02 09:45:09.575 26952 RALLYDEBUG rally.task.runner [-] Starting a worker. concurrency: 2 args: {"network_create_args": {}, "port_create_args": {}, "ports_per_network": 5} times: 40 method_name: run timeout: 0 duration: None cls:
2019-08-02 09:45:09.577 26953 RALLYDEBUG rally.task.runner [-] Starting a worker. concurrency: 2 args: {"network_create_args": {}, "port_create_args": {}, "ports_per_network": 5} times: 40 method_name: run timeout: 0 duration: None cls:
2019-08-02 09:45:09.578 26954 RALLYDEBUG rally.task.runner [-] Starting a worker. concurrency: 2 args: {"network_create_args": {}, "port_create_args": {}, "ports_per_network": 5} times: 40 method_name: run timeout: 0 duration: None cls:
2019-08-02 09:45:09.579 26951 INFO rally.task.runner [-] Task f2c0e8bc-06f7-4e53-a14f-b560bec65de3 | ITER: 1 START
2019-08-02 09:45:09.583 26952 INFO rally.task.runner [-] Task f2c0e8bc-06f7-4e53-a14f-b560bec65de3 | ITER: 2 START
2019-08-02 09:45:09.584 26954 INFO rally.task.runner [-] Task f2c0e8bc-06f7-4e53-a14f-b560bec65de3 | ITER: 5 START
2019-08-02 09:45:09.583 26951 WARNING rally_openstack.scenarios.neutron.utils [-] Running this scenario without either the 'network' or 'existing_network' context is deprecated
2019-08-02 09:45:09.585 26952 WARNING rally_openstack.scenarios.neutron.utils [-] Running this scenario without either the 'network' or 'existing_network' context is deprecated
2019-08-02 09:45:09.586 26953 INFO rally.task.runner [-] Task f2c0e8bc-06f7-4e53-a14f-b560bec65de3 | ITER: 4 START
2019-08-02 09:45:09.586 26956 RALLYDEBUG rally.task.runner [-] Starting a worker. concurrency: 1 args: {"network_create_args": {}, "port_create_args": {}, "ports_per_network": 5} times: 40 method_name: run timeout: 0 duration: None cls:
2019-08-02 09:45:09.587 26954 WARNING rally_openstack.scenarios.neutron.utils [-] Running this scenario without either the 'network' or 'existing_network' context is deprecated
2019-08-02 09:45:09.588 26964 RALLYDEBUG rally.task.runner [-] Starting a worker. concurrency: 1 args: {"network_create_args": {}, "port_create_args": {}, "ports_per_network": 5} times: 40 method_name: run timeout: 0 duration: None cls:
2019-08-02 09:45:09.587 26953 INFO rally.task.runner [-] Task f2c0e8bc-06f7-4e53-a14f-b560bec65de3 | ITER: 8 START
2019-08-02 09:45:09.588 26953 WARNING rally_openstack.scenarios.neutron.utils [-] Running this scenario without either the 'network' or 'existing_network' context is deprecated
2019-08-02 09:45:09.589 26960 RALLYDEBUG rally.task.runner [-] Starting a worker. concurrency: 1 args: {"network_create_args": {}, "port_create_args": {}, "ports_per_network": 5} times: 40 method_name: run timeout: 0 duration: None cls:
2019-08-02 09:45:09.589 26953 WARNING rally_openstack.scenarios.neutron.utils [-] Running this scenario without either the 'network' or 'existing_network' context is deprecated
2019-08-02 09:45:09.593 26956 INFO rally.task.runner [-] Task f2c0e8bc-06f7-4e53-a14f-b560bec65de3 | ITER: 9 START
2019-08-02 09:45:09.593 26964 INFO rally.task.runner [-] Task f2c0e8bc-06f7-4e53-a14f-b560bec65de3 | ITER: 10 START
2019-08-02 09:45:09.594 26956 WARNING rally_openstack.scenarios.neutron.utils [-] Running this scenario without either the 'network' or 'existing_network' context is deprecated
2019-08-02 09:45:09.592 26951 INFO rally.task.runner [-] Task f2c0e8bc-06f7-4e53-a14f-b560bec65de3 | ITER: 3 START
2019-08-02 09:45:09.594 26964 WARNING rally_openstack.scenarios.neutron.utils [-] Running this scenario without either the 'network' or 'existing_network' context is deprecated
2019-08-02 09:45:09.594 26951 WARNING rally_openstack.scenarios.neutron.utils [-] Running this scenario without either the 'network' or 'existing_network' context is deprecated
2019-08-02 09:45:09.595 26969 RALLYDEBUG rally.task.runner [-] Starting a worker. concurrency: 1 args: {"network_create_args": {}, "port_create_args": {}, "ports_per_network": 5} times: 40 method_name: run timeout: 0 duration: None cls:
2019-08-02 09:45:09.597 26960 INFO rally.task.runner [-] Task f2c0e8bc-06f7-4e53-a14f-b560bec65de3 | ITER: 11 START
2019-08-02 09:45:09.597 26970 RALLYDEBUG rally.task.runner [-] Starting a worker. concurrency: 1 args: {"network_create_args": {}, "port_create_args": {}, "ports_per_network": 5} times: 40 method_name: run timeout: 0 duration: None cls:
2019-08-02 09:45:09.597 26952 INFO rally.task.runner [-] Task f2c0e8bc-06f7-4e53-a14f-b560bec65de3 | ITER: 6 START
2019-08-02 09:45:09.588 26954 INFO rally.task.runner [-] Task f2c0e8bc-06f7-4e53-a14f-b560bec65de3 | ITER: 7 START
2019-08-02 09:45:09.599 26960 WARNING rally_openstack.scenarios.neutron.utils [-] Running this scenario without either the 'network' or 'existing_network' context is deprecated
2019-08-02 09:45:09.600 26954 WARNING rally_openstack.scenarios.neutron.utils [-] Running this scenario without either the 'network' or 'existing_network' context is deprecated
2019-08-02 09:45:09.601 26969 INFO rally.task.runner [-] Task f2c0e8bc-06f7-4e53-a14f-b560bec65de3 | ITER: 12 START
2019-08-02 09:45:09.601 26952 WARNING rally_openstack.scenarios.neutron.utils [-] Running this scenario without either the 'network' or 'existing_network' context is deprecated
2019-08-02 09:45:09.602 26969 WARNING rally_openstack.scenarios.neutron.utils [-] Running this scenario without either the 'network' or 'existing_network' context is deprecated
2019-08-02 09:45:09.604 26978 RALLYDEBUG rally.task.runner [-] Starting a worker. concurrency: 1 args: {"network_create_args": {}, "port_create_args": {}, "ports_per_network": 5} times: 40 method_name: run timeout: 0 duration: None cls:
2019-08-02 09:45:09.608 26978 INFO rally.task.runner [-] Task f2c0e8bc-06f7-4e53-a14f-b560bec65de3 | ITER: 14 START
2019-08-02 09:45:09.610 26978 WARNING rally_openstack.scenarios.neutron.utils [-] Running this scenario without either the 'network' or 'existing_network' context is deprecated
2019-08-02 09:45:09.612 26982 RALLYDEBUG rally.task.runner [-] Starting a worker. concurrency: 1 args: {"network_create_args": {}, "port_create_args": {}, "ports_per_network": 5} times: 40 method_name: run timeout: 0 duration: None cls:
2019-08-02 09:45:09.613 26970 INFO rally.task.runner [-] Task f2c0e8bc-06f7-4e53-a14f-b560bec65de3 | ITER: 13 START
2019-08-02 09:45:09.614 26983 RALLYDEBUG rally.task.runner [-] Starting a worker. concurrency: 1 args: {"network_create_args": {}, "port_create_args": {}, "ports_per_network": 5} times: 40 method_name: run timeout: 0 duration: None cls:
2019-08-02 09:45:09.617 26970 WARNING rally_openstack.scenarios.neutron.utils [-] Running this scenario without either the 'network' or 'existing_network' context is deprecated
2019-08-02 09:45:09.619 26987 RALLYDEBUG rally.task.runner [-] Starting a worker. concurrency: 1 args: {"network_create_args": {}, "port_create_args": {}, "ports_per_network": 5} times: 40 method_name: run timeout: 0 duration: None cls:
2019-08-02 09:45:09.620 26983 INFO rally.task.runner [-] Task f2c0e8bc-06f7-4e53-a14f-b560bec65de3 | ITER: 16 START
2019-08-02 09:45:09.622 26983 WARNING rally_openstack.scenarios.neutron.utils [-] Running this scenario without either the 'network' or 'existing_network' context is deprecated
2019-08-02 09:45:09.626 26987 INFO rally.task.runner [-] Task f2c0e8bc-06f7-4e53-a14f-b560bec65de3 | ITER: 17 START
2019-08-02 09:45:09.628 26987 WARNING rally_openstack.scenarios.neutron.utils [-] Running this scenario without either the 'network' or 'existing_network' context is deprecated
2019-08-02 09:45:09.627 26990 RALLYDEBUG rally.task.runner [-] Starting a worker. concurrency: 1 args: {"network_create_args": {}, "port_create_args": {}, "ports_per_network": 5} times: 40 method_name: run timeout: 0 duration: None cls:
2019-08-02 09:45:09.630 26982 INFO rally.task.runner [-] Task f2c0e8bc-06f7-4e53-a14f-b560bec65de3 | ITER: 15 START
2019-08-02 09:45:09.631 26993 RALLYDEBUG rally.task.runner [-] Starting a worker. concurrency: 1 args: {"network_create_args": {}, "port_create_args": {}, "ports_per_network": 5} times: 40 method_name: run timeout: 0 duration: None cls:
2019-08-02 09:45:09.632 26982 WARNING rally_openstack.scenarios.neutron.utils [-] Running this scenario without either the 'network' or 'existing_network' context is deprecated
2019-08-02 09:45:09.632 26990 INFO rally.task.runner [-] Task f2c0e8bc-06f7-4e53-a14f-b560bec65de3 | ITER: 18 START
2019-08-02 09:45:09.634 26990 WARNING rally_openstack.scenarios.neutron.utils [-] Running this scenario without either the 'network' or 'existing_network' context is deprecated
2019-08-02 09:45:09.636 26993 INFO rally.task.runner [-] Task f2c0e8bc-06f7-4e53-a14f-b560bec65de3 | ITER: 19 START
2019-08-02 09:45:09.638 26993 WARNING rally_openstack.scenarios.neutron.utils [-] Running this scenario without either the 'network' or 'existing_network' context is deprecated
2019-08-02 09:45:09.637 26996 RALLYDEBUG rally.task.runner [-] Starting a worker. concurrency: 1 args: {"network_create_args": {}, "port_create_args": {}, "ports_per_network": 5} times: 40 method_name: run timeout: 0 duration: None cls:
2019-08-02 09:45:09.641 26996 INFO rally.task.runner [-] Task f2c0e8bc-06f7-4e53-a14f-b560bec65de3 | ITER: 20 START
2019-08-02 09:45:09.642 26996 WARNING rally_openstack.scenarios.neutron.utils [-] Running this scenario without either the 'network' or 'existing_network' context is deprecated
2019-08-02 09:45:21.046 26987 INFO rally.task.runner [-] Task f2c0e8bc-06f7-4e53-a14f-b560bec65de3 | ITER: 17 END: OK
2019-08-02 09:45:21.051 26987 INFO rally.task.runner [-] Task f2c0e8bc-06f7-4e53-a14f-b560bec65de3 | ITER: 21 START
2019-08-02 09:45:21.052 26987 WARNING rally_openstack.scenarios.neutron.utils [-] Running this scenario without either the 'network' or 'existing_network' context is deprecated
2019-08-02 09:45:22.156 26983 INFO rally.task.runner [-] Task f2c0e8bc-06f7-4e53-a14f-b560bec65de3 | ITER: 16 END: OK
2019-08-02 09:45:22.160 26983 INFO rally.task.runner [-] Task f2c0e8bc-06f7-4e53-a14f-b560bec65de3 | ITER: 22 START
2019-08-02 09:45:22.161 26983 WARNING rally_openstack.scenarios.neutron.utils [-] Running this scenario without either the 'network' or 'existing_network' context is deprecated
2019-08-02 09:45:25.434 26953 INFO rally.task.runner [-] Task f2c0e8bc-06f7-4e53-a14f-b560bec65de3 | ITER: 8 END: OK
2019-08-02 09:45:25.439 26953 INFO rally.task.runner [-] Task f2c0e8bc-06f7-4e53-a14f-b560bec65de3 | ITER: 23 START
2019-08-02 09:45:25.439 26953 WARNING rally_openstack.scenarios.neutron.utils [-] Running this scenario without either the 'network' or 'existing_network' context is deprecated
2019-08-02 09:45:25.638 26969 INFO rally.task.runner [-] Task f2c0e8bc-06f7-4e53-a14f-b560bec65de3 | ITER: 12 END: OK
2019-08-02 09:45:25.644 26969 INFO rally.task.runner [-] Task f2c0e8bc-06f7-4e53-a14f-b560bec65de3 | ITER: 24 START
2019-08-02 09:45:25.644 26969 WARNING rally_openstack.scenarios.neutron.utils [-] Running this scenario without either the 'network' or 'existing_network' context is deprecated
2019-08-02 09:45:25.984 26964 INFO rally.task.runner [-] Task f2c0e8bc-06f7-4e53-a14f-b560bec65de3 | ITER: 10 END: OK
2019-08-02 09:45:25.988 26964 INFO rally.task.runner [-] Task f2c0e8bc-06f7-4e53-a14f-b560bec65de3 | ITER: 25 START
2019-08-02 09:45:25.988 26964 WARNING rally_openstack.scenarios.neutron.utils [-] Running this scenario without either the 'network' or 'existing_network' context is deprecated
2019-08-02 09:45:27.132 26993 INFO rally.task.runner [-] Task f2c0e8bc-06f7-4e53-a14f-b560bec65de3 | ITER: 19 END: OK
2019-08-02 09:45:27.136 26993 INFO rally.task.runner [-] Task f2c0e8bc-06f7-4e53-a14f-b560bec65de3 | ITER: 26 START
2019-08-02 09:45:27.137 26993 WARNING rally_openstack.scenarios.neutron.utils [-] Running this scenario without either the 'network' or 'existing_network' context is deprecated
2019-08-02 09:45:27.335 26952 INFO rally.task.runner [-] Task f2c0e8bc-06f7-4e53-a14f-b560bec65de3 | ITER: 6 END: OK
2019-08-02 09:45:27.339 26952 INFO rally.task.runner [-] Task f2c0e8bc-06f7-4e53-a14f-b560bec65de3 | ITER: 27 START
2019-08-02 09:45:27.340 26952 WARNING rally_openstack.scenarios.neutron.utils [-] Running this scenario without either the 'network' or 'existing_network' context is deprecated
2019-08-02 09:45:27.675 26951 INFO rally.task.runner [-] Task f2c0e8bc-06f7-4e53-a14f-b560bec65de3 | ITER: 3 END: OK
2019-08-02 09:45:27.679 26951 INFO rally.task.runner [-] Task f2c0e8bc-06f7-4e53-a14f-b560bec65de3 | ITER: 28 START
2019-08-02 09:45:27.679 26953 INFO rally.task.runner [-] Task f2c0e8bc-06f7-4e53-a14f-b560bec65de3 | ITER: 4 END: OK
2019-08-02 09:45:27.680 26951 WARNING rally_openstack.scenarios.neutron.utils [-] Running this scenario without either the 'network' or 'existing_network' context is deprecated
2019-08-02 09:45:27.683 26953 INFO rally.task.runner [-] Task f2c0e8bc-06f7-4e53-a14f-b560bec65de3 | ITER: 29 START
2019-08-02 09:45:27.684 26953 WARNING rally_openstack.scenarios.neutron.utils [-] Running this scenario without either the 'network' or 'existing_network' context is deprecated
2019-08-02 09:45:27.897 26996 INFO rally.task.runner [-] Task f2c0e8bc-06f7-4e53-a14f-b560bec65de3 | ITER: 20 END: OK
2019-08-02 09:45:27.901 26996 INFO rally.task.runner [-] Task f2c0e8bc-06f7-4e53-a14f-b560bec65de3 | ITER: 30 START
2019-08-02 09:45:27.902 26996 WARNING rally_openstack.scenarios.neutron.utils [-] Running this scenario without either the 'network' or 'existing_network' context is deprecated
2019-08-02 09:45:27.929 26990 INFO rally.task.runner [-] Task f2c0e8bc-06f7-4e53-a14f-b560bec65de3 | ITER: 18 END: OK
2019-08-02 09:45:27.933 26990 INFO rally.task.runner [-] Task f2c0e8bc-06f7-4e53-a14f-b560bec65de3 | ITER: 31 START
2019-08-02 09:45:27.934 26990 WARNING rally_openstack.scenarios.neutron.utils [-] Running this scenario without either the 'network' or 'existing_network' context is deprecated
2019-08-02 09:45:28.286 26952 INFO rally.task.runner [-] Task f2c0e8bc-06f7-4e53-a14f-b560bec65de3 | ITER: 2 END: OK
2019-08-02 09:45:28.290 26952 INFO rally.task.runner [-] Task f2c0e8bc-06f7-4e53-a14f-b560bec65de3 | ITER: 32 START
2019-08-02 09:45:28.290 26952 WARNING rally_openstack.scenarios.neutron.utils [-] Running this scenario without either the 'network' or 'existing_network' context is deprecated
2019-08-02 09:45:33.061 26983 INFO rally.task.runner [-] Task f2c0e8bc-06f7-4e53-a14f-b560bec65de3 | ITER: 22 END: OK
2019-08-02 09:45:33.065 26983 INFO rally.task.runner [-] Task f2c0e8bc-06f7-4e53-a14f-b560bec65de3 | ITER: 33 START
2019-08-02 09:45:33.066 26983 WARNING rally_openstack.scenarios.neutron.utils [-] Running this scenario without either the 'network' or 'existing_network' context is deprecated
2019-08-02 09:45:33.774 26987 INFO rally.task.runner [-] Task f2c0e8bc-06f7-4e53-a14f-b560bec65de3 | ITER: 21 END: OK
2019-08-02 09:45:33.778 26987 INFO rally.task.runner [-] Task f2c0e8bc-06f7-4e53-a14f-b560bec65de3 | ITER: 34 START
2019-08-02 09:45:33.779 26987 WARNING rally_openstack.scenarios.neutron.utils [-] Running this scenario without either the 'network' or 'existing_network' context is deprecated
2019-08-02 09:45:37.332 26953 INFO rally.task.runner [-] Task f2c0e8bc-06f7-4e53-a14f-b560bec65de3 | ITER: 23 END: OK
2019-08-02 09:45:37.335 26953 INFO rally.task.runner [-] Task f2c0e8bc-06f7-4e53-a14f-b560bec65de3 | ITER: 35 START
2019-08-02 09:45:37.336 26953 WARNING rally_openstack.scenarios.neutron.utils [-] Running this scenario without either the 'network' or 'existing_network' context is deprecated
2019-08-02 09:45:39.052 26953 INFO rally.task.runner [-] Task f2c0e8bc-06f7-4e53-a14f-b560bec65de3 | ITER: 29 END: OK
2019-08-02 09:45:39.062 26953 INFO rally.task.runner [-] Task f2c0e8bc-06f7-4e53-a14f-b560bec65de3 | ITER: 36 START
2019-08-02 09:45:39.064 26953 WARNING rally_openstack.scenarios.neutron.utils [-] Running this scenario without either the 'network' or 'existing_network' context is deprecated
2019-08-02 09:45:39.309 26952 INFO rally.task.runner [-] Task f2c0e8bc-06f7-4e53-a14f-b560bec65de3 | ITER: 27 END: OK
2019-08-02 09:45:39.314 26952 INFO rally.task.runner [-] Task f2c0e8bc-06f7-4e53-a14f-b560bec65de3 | ITER: 37 START
2019-08-02 09:45:39.315 26952 WARNING rally_openstack.scenarios.neutron.utils [-] Running this scenario without either the 'network' or 'existing_network' context is deprecated
2019-08-02 09:45:39.332 26996 INFO rally.task.runner [-] Task f2c0e8bc-06f7-4e53-a14f-b560bec65de3 | ITER: 30 END: OK
2019-08-02 09:45:39.340 26996 INFO rally.task.runner [-] Task f2c0e8bc-06f7-4e53-a14f-b560bec65de3 | ITER: 38 START
2019-08-02 09:45:39.341 26996 WARNING rally_openstack.scenarios.neutron.utils [-] Running this scenario without either the 'network' or 'existing_network' context is deprecated
2019-08-02 09:45:39.473 26990 INFO rally.task.runner [-] Task f2c0e8bc-06f7-4e53-a14f-b560bec65de3 | ITER: 31 END: OK
2019-08-02 09:45:39.481 26990 INFO rally.task.runner [-] Task f2c0e8bc-06f7-4e53-a14f-b560bec65de3 | ITER: 39 START
