2019-08-02 09:30:16.654 24803 WARNING rally_openstack.scenarios.neutron.utils [-] Running this scenario without either the 'network' or 'existing_network' context is deprecated
2019-08-02 09:30:16.653 24813 RALLYDEBUG rally.task.runner [-] Starting a worker. concurrency: 1 args: {"network_create_args": {}, "subnet_create_args": {}, "subnet_cidr_start": "1.1.0.0/30", "subnets_per_network": 2} times: 40 method_name: run timeout: 0 duration: None cls:
2019-08-02 09:30:16.654 24799 INFO rally.task.runner [-] Task f2c0e8bc-06f7-4e53-a14f-b560bec65de3 | ITER: 1 START
2019-08-02 09:30:16.655 24799 WARNING rally_openstack.scenarios.neutron.utils [-] Running this scenario without either the 'network' or 'existing_network' context is deprecated
2019-08-02 09:30:16.654 24816 RALLYDEBUG rally.task.runner [-] Starting a worker. concurrency: 1 args: {"network_create_args": {}, "subnet_create_args": {}, "subnet_cidr_start": "1.1.0.0/30", "subnets_per_network": 2} times: 40 method_name: run timeout: 0 duration: None cls:
2019-08-02 09:30:16.658 24807 INFO rally.task.runner [-] Task f2c0e8bc-06f7-4e53-a14f-b560bec65de3 | ITER: 10 START
2019-08-02 09:30:16.660 24807 WARNING rally_openstack.scenarios.neutron.utils [-] Running this scenario without either the 'network' or 'existing_network' context is deprecated
2019-08-02 09:30:16.660 24813 INFO rally.task.runner [-] Task f2c0e8bc-06f7-4e53-a14f-b560bec65de3 | ITER: 11 START
2019-08-02 09:30:16.654 24801 WARNING rally_openstack.scenarios.neutron.utils [-] Running this scenario without either the 'network' or 'existing_network' context is deprecated
2019-08-02 09:30:16.660 24818 RALLYDEBUG rally.task.runner [-] Starting a worker. concurrency: 1 args: {"network_create_args": {}, "subnet_create_args": {}, "subnet_cidr_start": "1.1.0.0/30", "subnets_per_network": 2} times: 40 method_name: run timeout: 0 duration: None cls:
2019-08-02 09:30:16.661 24816 INFO rally.task.runner [-] Task f2c0e8bc-06f7-4e53-a14f-b560bec65de3 | ITER: 12 START
2019-08-02 09:30:16.662 24813 WARNING rally_openstack.scenarios.neutron.utils [-] Running this scenario without either the 'network' or 'existing_network' context is deprecated
2019-08-02 09:30:16.661 24821 RALLYDEBUG rally.task.runner [-] Starting a worker. concurrency: 1 args: {"network_create_args": {}, "subnet_create_args": {}, "subnet_cidr_start": "1.1.0.0/30", "subnets_per_network": 2} times: 40 method_name: run timeout: 0 duration: None cls:
2019-08-02 09:30:16.663 24816 WARNING rally_openstack.scenarios.neutron.utils [-] Running this scenario without either the 'network' or 'existing_network' context is deprecated
2019-08-02 09:30:16.663 24802 INFO rally.task.runner [-] Task f2c0e8bc-06f7-4e53-a14f-b560bec65de3 | ITER: 9 START
2019-08-02 09:30:16.666 24818 INFO rally.task.runner [-] Task f2c0e8bc-06f7-4e53-a14f-b560bec65de3 | ITER: 13 START
2019-08-02 09:30:16.667 24802 WARNING rally_openstack.scenarios.neutron.utils [-] Running this scenario without either the 'network' or 'existing_network' context is deprecated
2019-08-02 09:30:16.668 24818 WARNING rally_openstack.scenarios.neutron.utils [-] Running this scenario without either the 'network' or 'existing_network' context is deprecated
2019-08-02 09:30:16.668 24821 INFO rally.task.runner [-] Task f2c0e8bc-06f7-4e53-a14f-b560bec65de3 | ITER: 14 START
2019-08-02 09:30:16.670 24821 WARNING rally_openstack.scenarios.neutron.utils [-] Running this scenario without either the 'network' or 'existing_network' context is deprecated
2019-08-02 09:30:16.677 24825 RALLYDEBUG rally.task.runner [-] Starting a worker. concurrency: 1 args: {"network_create_args": {}, "subnet_create_args": {}, "subnet_cidr_start": "1.1.0.0/30", "subnets_per_network": 2} times: 40 method_name: run timeout: 0 duration: None cls:
2019-08-02 09:30:16.678 24830 RALLYDEBUG rally.task.runner [-] Starting a worker. concurrency: 1 args: {"network_create_args": {}, "subnet_create_args": {}, "subnet_cidr_start": "1.1.0.0/30", "subnets_per_network": 2} times: 40 method_name: run timeout: 0 duration: None cls:
2019-08-02 09:30:16.683 24825 INFO rally.task.runner [-] Task f2c0e8bc-06f7-4e53-a14f-b560bec65de3 | ITER: 15 START
2019-08-02 09:30:16.684 24825 WARNING rally_openstack.scenarios.neutron.utils [-] Running this scenario without either the 'network' or 'existing_network' context is deprecated
2019-08-02 09:30:16.684 24835 RALLYDEBUG rally.task.runner [-] Starting a worker. concurrency: 1 args: {"network_create_args": {}, "subnet_create_args": {}, "subnet_cidr_start": "1.1.0.0/30", "subnets_per_network": 2} times: 40 method_name: run timeout: 0 duration: None cls:
2019-08-02 09:30:16.685 24830 INFO rally.task.runner [-] Task f2c0e8bc-06f7-4e53-a14f-b560bec65de3 | ITER: 16 START
2019-08-02 09:30:16.686 24830 WARNING rally_openstack.scenarios.neutron.utils [-] Running this scenario without either the 'network' or 'existing_network' context is deprecated
2019-08-02 09:30:16.690 24838 RALLYDEBUG rally.task.runner [-] Starting a worker. concurrency: 1 args: {"network_create_args": {}, "subnet_create_args": {}, "subnet_cidr_start": "1.1.0.0/30", "subnets_per_network": 2} times: 40 method_name: run timeout: 0 duration: None cls:
2019-08-02 09:30:16.691 24835 INFO rally.task.runner [-] Task f2c0e8bc-06f7-4e53-a14f-b560bec65de3 | ITER: 17 START
2019-08-02 09:30:16.692 24835 WARNING rally_openstack.scenarios.neutron.utils [-] Running this scenario without either the 'network' or 'existing_network' context is deprecated
2019-08-02 09:30:16.695 24838 INFO rally.task.runner [-] Task f2c0e8bc-06f7-4e53-a14f-b560bec65de3 | ITER: 18 START
2019-08-02 09:30:16.697 24838 WARNING rally_openstack.scenarios.neutron.utils [-] Running this scenario without either the 'network' or 'existing_network' context is deprecated
2019-08-02 09:30:16.697 24843 RALLYDEBUG rally.task.runner [-] Starting a worker. concurrency: 1 args: {"network_create_args": {}, "subnet_create_args": {}, "subnet_cidr_start": "1.1.0.0/30", "subnets_per_network": 2} times: 40 method_name: run timeout: 0 duration: None cls:
2019-08-02 09:30:16.704 24843 INFO rally.task.runner [-] Task f2c0e8bc-06f7-4e53-a14f-b560bec65de3 | ITER: 19 START
2019-08-02 09:30:16.705 24843 WARNING rally_openstack.scenarios.neutron.utils [-] Running this scenario without either the 'network' or 'existing_network' context is deprecated
2019-08-02 09:30:16.706 24846 RALLYDEBUG rally.task.runner [-] Starting a worker. concurrency: 1 args: {"network_create_args": {}, "subnet_create_args": {}, "subnet_cidr_start": "1.1.0.0/30", "subnets_per_network": 2} times: 40 method_name: run timeout: 0 duration: None cls:
2019-08-02 09:30:16.710 24846 INFO rally.task.runner [-] Task f2c0e8bc-06f7-4e53-a14f-b560bec65de3 | ITER: 20 START
2019-08-02 09:30:16.712 24846 WARNING rally_openstack.scenarios.neutron.utils [-] Running this scenario without either the 'network' or 'existing_network' context is deprecated
2019-08-02 09:30:18.485 24818 RALLYDEBUG rally_openstack.wrappers.network [-] CIDR generated: 1.1.4.96/30
2019-08-02 09:30:18.556 24801 RALLYDEBUG rally_openstack.wrappers.network [-] CIDR generated: 1.1.4.100/30
2019-08-02 09:30:18.571 24807 RALLYDEBUG rally_openstack.wrappers.network [-] CIDR generated: 1.1.4.104/30
2019-08-02 09:30:18.620 24800 RALLYDEBUG rally_openstack.wrappers.network [-] CIDR generated: 1.1.4.108/30
2019-08-02 09:30:18.685 24825 RALLYDEBUG rally_openstack.wrappers.network [-] CIDR generated: 1.1.4.112/30
2019-08-02 09:30:18.722 24846 RALLYDEBUG rally_openstack.wrappers.network [-] CIDR generated: 1.1.4.116/30
2019-08-02 09:30:18.860 24803 RALLYDEBUG rally_openstack.wrappers.network [-] CIDR generated: 1.1.4.120/30
2019-08-02 09:30:18.974 24799 RALLYDEBUG rally_openstack.wrappers.network [-] CIDR generated: 1.1.4.124/30
2019-08-02 09:30:19.003 24816 RALLYDEBUG rally_openstack.wrappers.network [-] CIDR generated: 1.1.4.128/30
2019-08-02 09:30:19.056 24802 RALLYDEBUG rally_openstack.wrappers.network [-] CIDR generated: 1.1.4.132/30
2019-08-02 09:30:19.057 24813 RALLYDEBUG rally_openstack.wrappers.network [-] CIDR generated: 1.1.4.136/30
2019-08-02 09:30:19.076 24821 RALLYDEBUG rally_openstack.wrappers.network [-] CIDR generated: 1.1.4.140/30
2019-08-02 09:30:19.351 24818 RALLYDEBUG rally_openstack.wrappers.network [-] CIDR generated: 1.1.4.144/30
2019-08-02 09:30:19.490 24830 RALLYDEBUG rally_openstack.wrappers.network [-] CIDR generated: 1.1.4.148/30
2019-08-02 09:30:19.593 24802 RALLYDEBUG rally_openstack.wrappers.network [-] CIDR generated: 1.1.4.152/30
2019-08-02 09:30:19.651 24800 RALLYDEBUG rally_openstack.wrappers.network [-] CIDR generated: 1.1.4.156/30
2019-08-02 09:30:19.714 24801 RALLYDEBUG rally_openstack.wrappers.network [-] CIDR generated: 1.1.4.160/30
2019-08-02 09:30:19.823 24846 RALLYDEBUG rally_openstack.wrappers.network [-] CIDR generated: 1.1.4.164/30
2019-08-02 09:30:19.925 24799 RALLYDEBUG rally_openstack.wrappers.network [-] CIDR generated: 1.1.4.168/30
2019-08-02 09:30:20.588 24800 RALLYDEBUG rally_openstack.wrappers.network [-] CIDR generated: 1.1.4.172/30
2019-08-02 09:30:20.637 24807 RALLYDEBUG rally_openstack.wrappers.network [-] CIDR generated: 1.1.4.176/30
2019-08-02 09:30:20.847 24838 RALLYDEBUG rally_openstack.wrappers.network [-] CIDR generated: 1.1.4.180/30
2019-08-02 09:30:21.303 24835 RALLYDEBUG rally_openstack.wrappers.network [-] CIDR generated: 1.1.4.184/30
2019-08-02 09:30:21.532 24825 RALLYDEBUG rally_openstack.wrappers.network [-] CIDR generated: 1.1.4.188/30
2019-08-02 09:30:21.953 24843 RALLYDEBUG rally_openstack.wrappers.network [-] CIDR generated: 1.1.4.192/30
2019-08-02 09:30:22.554 24801 RALLYDEBUG rally_openstack.wrappers.network [-] CIDR generated: 1.1.4.196/30
2019-08-02 09:30:23.069 24830 RALLYDEBUG rally_openstack.wrappers.network [-] CIDR generated: 1.1.4.200/30
2019-08-02 09:30:23.293 24818 INFO rally.task.runner [-] Task f2c0e8bc-06f7-4e53-a14f-b560bec65de3 | ITER: 13 END: OK
2019-08-02 09:30:23.298 24818 INFO rally.task.runner [-] Task f2c0e8bc-06f7-4e53-a14f-b560bec65de3 | ITER: 21 START
2019-08-02 09:30:23.299 24818 WARNING rally_openstack.scenarios.neutron.utils [-] Running this scenario without either the 'network' or 'existing_network' context is deprecated
2019-08-02 09:30:23.527 24821 RALLYDEBUG rally_openstack.wrappers.network [-] CIDR generated: 1.1.4.204/30
2019-08-02 09:30:23.757 24799 RALLYDEBUG rally_openstack.wrappers.network [-] CIDR generated: 1.1.4.208/30
2019-08-02 09:30:23.758 24816 RALLYDEBUG rally_openstack.wrappers.network [-] CIDR generated: 1.1.4.212/30
2019-08-02 09:30:23.814 24846 INFO rally.task.runner [-] Task f2c0e8bc-06f7-4e53-a14f-b560bec65de3 | ITER: 20 END: OK
2019-08-02 09:30:23.818 24846 INFO rally.task.runner [-] Task f2c0e8bc-06f7-4e53-a14f-b560bec65de3 | ITER: 22 START
2019-08-02 09:30:23.819 24846 WARNING rally_openstack.scenarios.neutron.utils [-] Running this scenario without either the 'network' or 'existing_network' context is deprecated
2019-08-02 09:30:23.969 24802 RALLYDEBUG rally_openstack.wrappers.network [-] CIDR generated: 1.1.4.216/30
2019-08-02 09:30:24.133 24800 RALLYDEBUG rally_openstack.wrappers.network [-] CIDR generated: 1.1.4.220/30
2019-08-02 09:30:24.152 24838 RALLYDEBUG rally_openstack.wrappers.network [-] CIDR generated: 1.1.4.224/30
2019-08-02 09:30:24.484 24818 RALLYDEBUG rally_openstack.wrappers.network [-] CIDR generated: 1.1.4.228/30
2019-08-02 09:30:25.186 24813 RALLYDEBUG rally_openstack.wrappers.network [-] CIDR generated: 1.1.4.232/30
2019-08-02 09:30:25.388 24846 RALLYDEBUG rally_openstack.wrappers.network [-] CIDR generated: 1.1.4.236/30
2019-08-02 09:30:25.462 24803 RALLYDEBUG rally_openstack.wrappers.network [-] CIDR generated: 1.1.4.240/30
2019-08-02 09:30:25.510 24835 RALLYDEBUG rally_openstack.wrappers.network [-] CIDR generated: 1.1.4.244/30
2019-08-02 09:30:25.610 24802 RALLYDEBUG rally_openstack.wrappers.network [-] CIDR generated: 1.1.4.248/30
2019-08-02 09:30:25.729 24799 RALLYDEBUG rally_openstack.wrappers.network [-] CIDR generated: 1.1.4.252/30
2019-08-02 09:30:25.826 24801 RALLYDEBUG rally_openstack.wrappers.network [-] CIDR generated: 1.1.5.0/30
2019-08-02 09:30:26.157 24843 RALLYDEBUG rally_openstack.wrappers.network [-] CIDR generated: 1.1.5.4/30
2019-08-02 09:30:26.473 24818 RALLYDEBUG rally_openstack.wrappers.network [-] CIDR generated: 1.1.5.8/30
2019-08-02 09:30:29.685 24846 RALLYDEBUG rally_openstack.wrappers.network [-] CIDR generated: 1.1.5.12/30
2019-08-02 09:30:29.743 24800 INFO rally.task.runner [-] Task f2c0e8bc-06f7-4e53-a14f-b560bec65de3 | ITER: 2 END: OK
2019-08-02 09:30:29.748 24800 INFO rally.task.runner [-] Task f2c0e8bc-06f7-4e53-a14f-b560bec65de3 | ITER: 23 START
2019-08-02 09:30:29.748 24800 WARNING rally_openstack.scenarios.neutron.utils [-] Running this scenario without either the 'network' or 'existing_network' context is deprecated
2019-08-02 09:30:29.770 24807 INFO rally.task.runner [-] Task f2c0e8bc-06f7-4e53-a14f-b560bec65de3 | ITER: 10 END: OK
2019-08-02 09:30:29.774 24807 INFO rally.task.runner [-] Task f2c0e8bc-06f7-4e53-a14f-b560bec65de3 | ITER: 24 START
2019-08-02 09:30:29.775 24807 WARNING rally_openstack.scenarios.neutron.utils [-] Running this scenario without either the 'network' or 'existing_network' context is deprecated
2019-08-02 09:30:31.093 24800 RALLYDEBUG rally_openstack.wrappers.network [-] CIDR generated: 1.1.5.16/30
2019-08-02 09:30:31.125 24807 RALLYDEBUG rally_openstack.wrappers.network [-] CIDR generated: 1.1.5.20/30
2019-08-02 09:30:32.310 24825 INFO rally.task.runner [-] Task f2c0e8bc-06f7-4e53-a14f-b560bec65de3 | ITER: 15 END: OK
2019-08-02 09:30:32.315 24825 INFO rally.task.runner [-] Task f2c0e8bc-06f7-4e53-a14f-b560bec65de3 | ITER: 25 START
2019-08-02 09:30:32.316 24825 WARNING rally_openstack.scenarios.neutron.utils [-] Running this scenario without either the 'network' or 'existing_network' context is deprecated
2019-08-02 09:30:33.228 24818 INFO rally.task.runner [-] Task f2c0e8bc-06f7-4e53-a14f-b560bec65de3 | ITER: 21 END: OK
2019-08-02 09:30:33.231 24818 INFO rally.task.runner [-] Task f2c0e8bc-06f7-4e53-a14f-b560bec65de3 | ITER: 26 START
2019-08-02 09:30:33.232 24818 WARNING rally_openstack.scenarios.neutron.utils [-] Running this scenario without either the 'network' or 'existing_network' context is deprecated
2019-08-02 09:30:33.375 24830 INFO rally.task.runner [-] Task f2c0e8bc-06f7-4e53-a14f-b560bec65de3 | ITER: 16 END: OK
2019-08-02 09:30:33.380 24830 INFO rally.task.runner [-] Task f2c0e8bc-06f7-4e53-a14f-b560bec65de3 | ITER: 27 START
2019-08-02 09:30:33.381 24830 WARNING rally_openstack.scenarios.neutron.utils [-] Running this scenario without either the 'network' or 'existing_network' context is deprecated
2019-08-02 09:30:33.608 24838 INFO rally.task.runner [-] Task f2c0e8bc-06f7-4e53-a14f-b560bec65de3 | ITER: 18 END: OK
2019-08-02 09:30:33.613 24838 INFO rally.task.runner [-] Task f2c0e8bc-06f7-4e53-a14f-b560bec65de3 | ITER: 28 START
2019-08-02 09:30:33.614 24838 WARNING rally_openstack.scenarios.neutron.utils [-] Running this scenario without either the 'network' or 'existing_network' context is deprecated
2019-08-02 09:30:33.626 24800 RALLYDEBUG rally_openstack.wrappers.network [-] CIDR generated: 1.1.5.24/30
2019-08-02 09:30:33.726 24807 RALLYDEBUG rally_openstack.wrappers.network [-] CIDR generated: 1.1.5.28/30
2019-08-02 09:30:33.896 24825 RALLYDEBUG rally_openstack.wrappers.network [-] CIDR generated: 1.1.5.32/30
2019-08-02 09:30:33.918 24846 INFO rally.task.runner [-] Task f2c0e8bc-06f7-4e53-a14f-b560bec65de3 | ITER: 22 END: OK
2019-08-02 09:30:33.921 24846 INFO rally.task.runner [-] Task f2c0e8bc-06f7-4e53-a14f-b560bec65de3 | ITER: 29 START
2019-08-02 09:30:33.922 24846 WARNING rally_openstack.scenarios.neutron.utils [-] Running this scenario without either the 'network' or 'existing_network' context is deprecated
2019-08-02 09:30:34.914 24818 RALLYDEBUG rally_openstack.wrappers.network [-] CIDR generated: 1.1.5.36/30
2019-08-02 09:30:34.936 24838 RALLYDEBUG rally_openstack.wrappers.network [-] CIDR generated: 1.1.5.40/30
2019-08-02 09:30:35.300 24825 RALLYDEBUG rally_openstack.wrappers.network [-] CIDR generated: 1.1.5.44/30
2019-08-02 09:30:35.436 24830 RALLYDEBUG rally_openstack.wrappers.network [-] CIDR generated: 1.1.5.48/30
2019-08-02 09:30:35.459 24846 RALLYDEBUG rally_openstack.wrappers.network [-] CIDR generated: 1.1.5.52/30
2019-08-02 09:30:35.465 24801 INFO rally.task.runner [-] Task f2c0e8bc-06f7-4e53-a14f-b560bec65de3 | ITER: 4 END: OK
2019-08-02 09:30:35.469 24801 INFO rally.task.runner [-] Task f2c0e8bc-06f7-4e53-a14f-b560bec65de3 | ITER: 30 START
2019-08-02 09:30:35.469 24801 WARNING rally_openstack.scenarios.neutron.utils [-] Running this scenario without either the 'network' or 'existing_network' context is deprecated
2019-08-02 09:30:35.621 24800 INFO rally.task.runner [-] Task f2c0e8bc-06f7-4e53-a14f-b560bec65de3 | ITER: 5 END: OK
2019-08-02 09:30:35.621 24799 INFO rally.task.runner [-] Task f2c0e8bc-06f7-4e53-a14f-b560bec65de3 | ITER: 3 END: OK
2019-08-02 09:30:35.625 24799 INFO rally.task.runner [-] Task f2c0e8bc-06f7-4e53-a14f-b560bec65de3 | ITER: 32 START
2019-08-02 09:30:35.626 24800 INFO rally.task.runner [-] Task f2c0e8bc-06f7-4e53-a14f-b560bec65de3 | ITER: 31 START
2019-08-02 09:30:35.626 24800 WARNING rally_openstack.scenarios.neutron.utils [-] Running this scenario without either the 'network' or 'existing_network' context is deprecated
2019-08-02 09:30:35.626 24799 WARNING rally_openstack.scenarios.neutron.utils [-] Running this scenario without either the 'network' or 'existing_network' context is deprecated
2019-08-02 09:30:35.710 24835 INFO rally.task.runner [-] Task f2c0e8bc-06f7-4e53-a14f-b560bec65de3 | ITER: 17 END: OK
2019-08-02 09:30:35.714 24835 INFO rally.task.runner [-] Task f2c0e8bc-06f7-4e53-a14f-b560bec65de3 | ITER: 33 START
2019-08-02 09:30:35.715 24835 WARNING rally_openstack.scenarios.neutron.utils [-] Running this scenario without either the 'network' or 'existing_network' context is deprecated
2019-08-02 09:30:37.080 24816 INFO rally.task.runner [-] Task f2c0e8bc-06f7-4e53-a14f-b560bec65de3 | ITER: 12 END: OK
2019-08-02 09:30:37.085 24816 INFO rally.task.runner [-] Task f2c0e8bc-06f7-4e53-a14f-b560bec65de3 | ITER: 34 START
2019-08-02 09:30:37.086 24816 WARNING rally_openstack.scenarios.neutron.utils [-] Running this scenario without either the 'network' or 'existing_network' context is deprecated
2019-08-02 09:30:37.087 24800 RALLYDEBUG rally_openstack.wrappers.network [-] CIDR generated: 1.1.5.56/30
2019-08-02 09:30:37.493 24835 RALLYDEBUG rally_openstack.wrappers.network [-] CIDR generated: 1.1.5.60/30
2019-08-02 09:30:37.689 24818 RALLYDEBUG rally_openstack.wrappers.network [-] CIDR generated: 1.1.5.64/30
2019-08-02 09:30:37.905 24801 RALLYDEBUG rally_openstack.wrappers.network [-] CIDR generated: 1.1.5.68/30
2019-08-02 09:30:37.926 24799 RALLYDEBUG rally_openstack.wrappers.network [-] CIDR generated: 1.1.5.72/30
2019-08-02 09:30:37.949 24838 RALLYDEBUG rally_openstack.wrappers.network [-] CIDR generated: 1.1.5.76/30
2019-08-02 09:30:38.307 24830 RALLYDEBUG rally_openstack.wrappers.network [-] CIDR generated: 1.1.5.80/30
2019-08-02 09:30:38.828 24846 RALLYDEBUG rally_openstack.wrappers.network [-] CIDR generated: 1.1.5.84/30
2019-08-02 09:30:39.037 24816 RALLYDEBUG rally_openstack.wrappers.network [-] CIDR generated: 1.1.5.88/30
2019-08-02 09:30:39.104 24800 RALLYDEBUG rally_openstack.wrappers.network [-] CIDR generated: 1.1.5.92/30
2019-08-02 09:30:39.202 24843 INFO rally.task.runner [-] Task f2c0e8bc-06f7-4e53-a14f-b560bec65de3 | ITER: 19 END: OK
2019-08-02 09:30:39.207 24843 INFO rally.task.runner [-] Task f2c0e8bc-06f7-4e53-a14f-b560bec65de3 | ITER: 35 START
2019-08-02 09:30:39.208 24843 WARNING rally_openstack.scenarios.neutron.utils [-] Running this scenario without either the 'network' or 'existing_network' context is deprecated
2019-08-02 09:30:39.414 24821 INFO rally.task.runner [-] Task f2c0e8bc-06f7-4e53-a14f-b560bec65de3 | ITER: 14 END: OK
2019-08-02 09:30:39.418 24821 INFO rally.task.runner [-] Task f2c0e8bc-06f7-4e53-a14f-b560bec65de3 | ITER: 36 START
2019-08-02 09:30:39.419 24821 WARNING rally_openstack.scenarios.neutron.utils [-] Running this scenario without either the 'network' or 'existing_network' context is deprecated
2019-08-02 09:30:39.562 24825 INFO rally.task.runner [-] Task f2c0e8bc-06f7-4e53-a14f-b560bec65de3 | ITER: 25 END: OK
2019-08-02 09:30:39.566 24825 INFO rally.task.runner [-] Task f2c0e8bc-06f7-4e53-a14f-b560bec65de3 | ITER: 37 START
2019-08-02 09:30:39.567 24825 WARNING rally_openstack.scenarios.neutron.utils [-] Running this scenario without either the 'network' or 'existing_network' context is deprecated
2019-08-02 09:30:40.363 24835 RALLYDEBUG rally_openstack.wrappers.network [-] CIDR generated: 1.1.5.96/30
2019-08-02 09:30:40.469 24807 INFO rally.task.runner [-] Task f2c0e8bc-06f7-4e53-a14f-b560bec65de3 | ITER: 24 END: OK
2019-08-02 09:30:40.474 24807 INFO rally.task.runner [-] Task f2c0e8bc-06f7-4e53-a14f-b560bec65de3 | ITER: 38 START
2019-08-02 09:30:40.475 24807 WARNING rally_openstack.scenarios.neutron.utils [-] Running this scenario without either the 'network' or 'existing_network' context is deprecated
2019-08-02 09:30:40.518 24800 INFO rally.task.runner [-] Task f2c0e8bc-06f7-4e53-a14f-b560bec65de3 | ITER: 23 END: OK
2019-08-02 09:30:40.522 24800 INFO rally.task.runner [-] Task f2c0e8bc-06f7-4e53-a14f-b560bec65de3 | ITER: 39 START
2019-08-02 09:30:40.522 24800 WARNING rally_openstack.scenarios.neutron.utils [-] Running this scenario without either the 'network' or 'existing_network' context is deprecated
2019-08-02 09:30:40.552 24802 INFO rally.task.runner [-] Task f2c0e8bc-06f7-4e53-a14f-b560bec65de3 | ITER: 9 END: OK
2019-08-02 09:30:40.552 24801 INFO rally.task.runner [-] Task f2c0e8bc-06f7-4e53-a14f-b560bec65de3 | ITER: 7 END: OK
2019-08-02 09:30:40.556 24801 INFO rally.task.runner [-] Task f2c0e8bc-06f7-4e53-a14f-b560bec65de3 | ITER: 40 START
2019-08-02 09:30:40.556 24801 WARNING rally_openstack.scenarios.neutron.utils [-] Running this scenario without either the 'network' or 'existing_network' context is deprecated
2019-08-02 09:30:40.578 24802 INFO rally.task.runner [-] Task f2c0e8bc-06f7-4e53-a14f-b560bec65de3 | ITER: 6 END: OK
2019-08-02 09:30:40.802 24799 RALLYDEBUG rally_openstack.wrappers.network [-] CIDR generated: 1.1.5.100/30
2019-08-02 09:30:40.947 24843 RALLYDEBUG rally_openstack.wrappers.network [-] CIDR generated: 1.1.5.104/30
2019-08-02 09:30:41.214 24816 RALLYDEBUG rally_openstack.wrappers.network [-] CIDR generated: 1.1.5.108/30
2019-08-02 09:30:41.275 24825 RALLYDEBUG rally_openstack.wrappers.network [-] CIDR generated: 1.1.5.112/30
2019-08-02 09:30:41.438 24821 RALLYDEBUG rally_openstack.wrappers.network [-] CIDR generated: 1.1.5.116/30
2019-08-02 09:30:41.640 24799 INFO rally.task.runner [-] Task f2c0e8bc-06f7-4e53-a14f-b560bec65de3 | ITER: 1 END: OK
2019-08-02 09:30:42.123 24807 RALLYDEBUG rally_openstack.wrappers.network [-] CIDR generated: 1.1.5.120/30
2019-08-02 09:30:42.331 24801 RALLYDEBUG rally_openstack.wrappers.network [-] CIDR generated: 1.1.5.124/30
2019-08-02 09:30:42.458 24800 RALLYDEBUG rally_openstack.wrappers.network [-] CIDR generated: 1.1.5.128/30
2019-08-02 09:30:42.666 24801 RALLYDEBUG rally_openstack.wrappers.network [-] CIDR generated: 1.1.5.132/30
2019-08-02 09:30:43.097 24813 INFO rally.task.runner [-] Task f2c0e8bc-06f7-4e53-a14f-b560bec65de3 | ITER: 11 END: OK
2019-08-02 09:30:43.230 24825 RALLYDEBUG rally_openstack.wrappers.network [-] CIDR generated: 1.1.5.136/30
2019-08-02 09:30:43.387 24803 INFO rally.task.runner [-] Task f2c0e8bc-06f7-4e53-a14f-b560bec65de3 | ITER: 8 END: OK
2019-08-02 09:30:43.904 24800 INFO rally.task.runner [-] Task f2c0e8bc-06f7-4e53-a14f-b560bec65de3 | ITER: 31 END: OK
2019-08-02 09:30:43.908 24830 INFO rally.task.runner [-] Task f2c0e8bc-06f7-4e53-a14f-b560bec65de3 | ITER: 27 END: OK
2019-08-02 09:30:43.936 24843 RALLYDEBUG rally_openstack.wrappers.network [-] CIDR generated: 1.1.5.140/30
2019-08-02 09:30:44.106 24800 RALLYDEBUG rally_openstack.wrappers.network [-] CIDR generated: 1.1.5.144/30
2019-08-02 09:30:44.106 24821 RALLYDEBUG rally_openstack.wrappers.network [-] CIDR generated: 1.1.5.148/30
2019-08-02 09:30:44.298 24807 RALLYDEBUG rally_openstack.wrappers.network [-] CIDR generated: 1.1.5.152/30
2019-08-02 09:30:45.007 24801 RALLYDEBUG rally_openstack.wrappers.network [-] CIDR generated: 1.1.5.156/30
2019-08-02 09:30:45.377 24816 INFO rally.task.runner [-] Task f2c0e8bc-06f7-4e53-a14f-b560bec65de3 | ITER: 34 END: OK
2019-08-02 09:30:45.541 24818 INFO rally.task.runner [-] Task f2c0e8bc-06f7-4e53-a14f-b560bec65de3 | ITER: 26 END: OK
2019-08-02 09:30:46.049 24835 INFO rally.task.runner [-] Task f2c0e8bc-06f7-4e53-a14f-b560bec65de3 | ITER: 33 END: OK
2019-08-02 09:30:46.591 24825 INFO rally.task.runner [-] Task f2c0e8bc-06f7-4e53-a14f-b560bec65de3 | ITER: 37 END: OK
2019-08-02 09:30:46.696 24799 INFO rally.task.runner [-] Task f2c0e8bc-06f7-4e53-a14f-b560bec65de3 | ITER: 32 END: OK
2019-08-02 09:30:47.298 24800 INFO rally.task.runner [-] Task f2c0e8bc-06f7-4e53-a14f-b560bec65de3 | ITER: 39 END: OK
2019-08-02 09:30:47.444 24807 INFO rally.task.runner [-] Task f2c0e8bc-06f7-4e53-a14f-b560bec65de3 | ITER: 38 END: OK
2019-08-02 09:30:47.706 24801 INFO rally.task.runner [-] Task f2c0e8bc-06f7-4e53-a14f-b560bec65de3 | ITER: 40 END: OK
2019-08-02 09:30:50.100 24846 INFO rally.task.runner [-] Task f2c0e8bc-06f7-4e53-a14f-b560bec65de3 | ITER: 29 END: OK
2019-08-02 09:30:50.369 24843 INFO rally.task.runner [-] Task f2c0e8bc-06f7-4e53-a14f-b560bec65de3 | ITER: 35 END: OK
2019-08-02 09:30:50.371 24821 INFO rally.task.runner [-] Task f2c0e8bc-06f7-4e53-a14f-b560bec65de3 | ITER: 36 END: OK
2019-08-02 09:30:50.856 24838 INFO rally.task.runner [-] Task f2c0e8bc-06f7-4e53-a14f-b560bec65de3 | ITER: 28 END: OK
2019-08-02 09:30:51.759 24801 INFO rally.task.runner [-] Task f2c0e8bc-06f7-4e53-a14f-b560bec65de3 | ITER: 30 END: OK
2019-08-02 09:30:51.790 22705 INFO rally.task.context [-] Task f2c0e8bc-06f7-4e53-a14f-b560bec65de3 | Context cleanup@openstack cleanup() started
2019-08-02 09:30:51.792 22705 RALLYDEBUG rally_openstack.cleanup.manager [-] Cleaning up neutron vip objects
2019-08-02 09:30:52.720 22705 RALLYDEBUG rally_openstack.cleanup.manager [-] Cleaning up neutron health_monitor objects
2019-08-02 09:30:53.476 22705 RALLYDEBUG rally_openstack.cleanup.manager [-] Cleaning up neutron pool objects
2019-08-02 09:30:54.189 22705 RALLYDEBUG rally_openstack.cleanup.manager [-] Cleaning up neutron loadbalancer objects
2019-08-02 09:30:55.004 22705 RALLYDEBUG rally_openstack.cleanup.manager [-] Cleaning up neutron floatingip objects
2019-08-02 09:30:55.742 22705 RALLYDEBUG rally_openstack.cleanup.manager [-] Cleaning up neutron port objects
2019-08-02 09:30:56.471 22705 RALLYDEBUG rally_openstack.cleanup.manager [-] Cleaning up neutron subnet objects
2019-08-02 09:30:58.310 22705 RALLYDEBUG rally_openstack.cleanup.manager [-] Cleaning up neutron network objects
2019-08-02 09:30:59.473 22705 RALLYDEBUG rally_openstack.cleanup.manager [-] Deleting neutron.network object s_rally_732c85aa_jiiJcPDK (01e13a70-039b-40b0-81a1-a46a85743ab7)
2019-08-02 09:30:59.477 22705 RALLYDEBUG rally_openstack.cleanup.manager [-] Deleting neutron.network object s_rally_732c85aa_qFTE6sNi (03f2584e-98e9-4d06-8a09-93f1db307c05)
2019-08-02 09:30:59.493 22705 RALLYDEBUG rally_openstack.cleanup.manager [-] Deleting neutron.network object s_rally_732c85aa_awIFUQT6 (24fc144e-5e6f-4554-9569-3b93e09ce910)
2019-08-02 09:30:59.498 22705 RALLYDEBUG rally_openstack.cleanup.manager [-] Deleting neutron.network object s_rally_732c85aa_9a0KGexG (171b76db-bbce-432f-a49f-0aeb28f1b215)
2019-08-02 09:30:59.505 22705 RALLYDEBUG rally_openstack.cleanup.manager [-] Deleting neutron.network object s_rally_732c85aa_Iw7ChT64 (3216ad19-2693-4baf-b790-5a48083a12e0)
2019-08-02 09:30:59.504 22705 RALLYDEBUG rally_openstack.cleanup.manager [-] Deleting neutron.network object s_rally_732c85aa_i4uKbx66 (2b6ef285-0a7f-48bc-8055-a72d3893fa4f)
2019-08-02 09:30:59.514 22705 RALLYDEBUG rally_openstack.cleanup.manager [-] Deleting neutron.network object s_rally_732c85aa_f3KgILM4 (352b8f0c-a3d8-4224-91b9-059461e41aab)
2019-08-02 09:30:59.531 22705 RALLYDEBUG rally_openstack.cleanup.manager [-] Deleting neutron.network object s_rally_732c85aa_PE9crVL9 (3b31ec73-e270-4cb0-b6a7-74ab0bb2b7c5)
2019-08-02 09:30:59.543 22705 RALLYDEBUG rally_openstack.cleanup.manager [-] Deleting neutron.network object s_rally_732c85aa_tndz7dl2 (3ce1647a-f6f3-476b-b7f8-4d13d4445e9b)
2019-08-02 09:30:59.551 22705 RALLYDEBUG rally_openstack.cleanup.manager [-] Deleting neutron.network object s_rally_732c85aa_Bgpu1j7G (45cefe48-6484-4678-a01a-89c0e21ba5a6)
2019-08-02 09:30:59.572 22705 RALLYDEBUG rally_openstack.cleanup.manager [-] Deleting neutron.network object s_rally_732c85aa_18Fw80cn (4bb67507-8516-4ee7-a1bd-8cecaca39f8f)
2019-08-02 09:30:59.578 22705 RALLYDEBUG rally_openstack.cleanup.manager [-] Deleting neutron.network object s_rally_732c85aa_OkgyoHjg (49c98f35-6644-413b-949b-d8d025d7046e)
2019-08-02 09:30:59.589 22705 RALLYDEBUG rally_openstack.cleanup.manager [-] Deleting neutron.network object s_rally_732c85aa_VoR3jqtL (625a6213-eb28-4819-8565-54881fcaa33d)
2019-08-02 09:30:59.755 22705 RALLYDEBUG rally_openstack.cleanup.manager [-] Deleting neutron.network object s_rally_732c85aa_aeZLRbzW (62cf26ea-a6da-4aa5-9dd1-56646b706168)
2019-08-02 09:30:59.763 22705 RALLYDEBUG rally_openstack.cleanup.manager [-] Deleting neutron.network object s_rally_732c85aa_1PZJu2A7 (6ba0e175-a342-4341-bf69-99e6f787d00a)
2019-08-02 09:30:59.786 22705 RALLYDEBUG rally_openstack.cleanup.manager [-] Deleting neutron.network object s_rally_732c85aa_3t8uaxL2 (7c002202-9a53-4148-918c-02d5ad4238a7)
2019-08-02 09:30:59.792 22705 RALLYDEBUG rally_openstack.cleanup.manager [-] Deleting neutron.network object s_rally_732c85aa_Lh2W92Br (644fa9cb-20d3-4e29-9268-4e1e5c466cb1)
2019-08-02 09:30:59.807 22705 RALLYDEBUG rally_openstack.cleanup.manager [-] Deleting neutron.network object s_rally_732c85aa_3W9WqDZk (6eaeaa05-31b9-4482-b3c5-db0137159233)
2019-08-02 09:30:59.818 22705 RALLYDEBUG rally_openstack.cleanup.manager [-] Deleting neutron.network object s_rally_732c85aa_ygdIFnyT (66486419-1adb-410d-af8f-1b22682c4472)
2019-08-02 09:30:59.819 22705 RALLYDEBUG rally_openstack.cleanup.manager [-] Deleting neutron.network object s_rally_732c85aa_hXewnaNW (92ec98b5-bd0e-4119-9bcf-5297ac74cb4d)
2019-08-02 09:31:02.590 22705 RALLYDEBUG rally_openstack.cleanup.manager [-] Deleting neutron.network object s_rally_732c85aa_kUwajRrq (9c52337e-d490-4a09-9291-243be0ac998a)
2019-08-02 09:31:03.104 22705 RALLYDEBUG rally_openstack.cleanup.manager [-] Deleting neutron.network object s_rally_732c85aa_YNe4QXGE (9fcd9170-d75e-44fe-ae42-62589d9a803a)
2019-08-02 09:31:03.317 22705 RALLYDEBUG rally_openstack.cleanup.manager [-] Deleting neutron.network object s_rally_732c85aa_c12yZNfB (ad7b69cc-f7b1-4c27-b0d6-368abd660f20)
2019-08-02 09:31:03.343 22705 RALLYDEBUG rally_openstack.cleanup.manager [-] Deleting neutron.network object s_rally_732c85aa_emLyoLvX (aefb606b-ff7c-4b6f-85a8-eafc15be591a)
2019-08-02 09:31:03.355 22705 RALLYDEBUG rally_openstack.cleanup.manager [-] Deleting neutron.network object s_rally_732c85aa_TqHqEGks (afdf2f96-edde-4631-8e9b-f8e2f5a23ce6)
2019-08-02 09:31:03.517 22705 RALLYDEBUG rally_openstack.cleanup.manager [-] Deleting neutron.network object s_rally_732c85aa_PG3nnQWM (ba407e81-4a17-4336-84c5-b0287c0e304d)
2019-08-02 09:31:04.114 22705 RALLYDEBUG rally_openstack.cleanup.manager [-] Deleting neutron.network object s_rally_732c85aa_bs6ocY4x (baec3e9b-606b-4f92-96cd-a0f70fca987a)
2019-08-02 09:31:04.607 22705 RALLYDEBUG rally_openstack.cleanup.manager [-] Deleting neutron.network object s_rally_732c85aa_c8LGsEeF (bb651932-5c3a-47d3-9a46-179d477a5101)
2019-08-02 09:31:05.735 22705 RALLYDEBUG rally_openstack.cleanup.manager [-] Deleting neutron.network object s_rally_732c85aa_yMBsmlkn (bf952b47-ed85-42f6-90f1-df2746128bd2)
2019-08-02 09:31:06.188 22705 RALLYDEBUG rally_openstack.cleanup.manager [-] Deleting neutron.network object s_rally_732c85aa_DwqtJ7py (ccdd25e8-99ce-4a21-851e-6e5b263b35f5)
2019-08-02 09:31:06.239 22705 RALLYDEBUG rally_openstack.cleanup.manager [-] Deleting neutron.network object s_rally_732c85aa_k0pXKmK8 (ce7ae087-6b5c-4672-8622-021a808a6808)
2019-08-02 09:31:06.472 22705 RALLYDEBUG rally_openstack.cleanup.manager [-] Deleting neutron.network object s_rally_732c85aa_VxUoLEMu (d0468143-7406-4081-b06e-ebfdaf570153)
2019-08-02 09:31:06.498 22705 RALLYDEBUG rally_openstack.cleanup.manager [-] Deleting neutron.network object s_rally_732c85aa_FnY2JEej (d64d9a97-f97f-46f2-a927-69add5a69b0b)
2019-08-02 09:31:06.571 22705 RALLYDEBUG rally_openstack.cleanup.manager [-] Deleting neutron.network object s_rally_732c85aa_qhaC1QCY (d84913ae-9e71-4929-be52-c242aa193749)
2019-08-02 09:31:07.101 22705 RALLYDEBUG rally_openstack.cleanup.manager [-] Deleting neutron.network object s_rally_732c85aa_Auw9uign (db47b673-7fd4-4202-894d-321156756e57)
2019-08-02 09:31:07.119 22705 RALLYDEBUG rally_openstack.cleanup.manager [-] Deleting neutron.network object s_rally_732c85aa_DPRegdvO (e11a7e84-7eb4-4044-8a8b-688342eafb6d)
2019-08-02 09:31:07.308 22705 RALLYDEBUG rally_openstack.cleanup.manager [-] Deleting neutron.network object s_rally_732c85aa_ExVZUJgf (e8382551-d90f-4d3f-8242-36ed8c9befe5)
2019-08-02 09:31:07.340 22705 RALLYDEBUG rally_openstack.cleanup.manager [-] Deleting neutron.network object s_rally_732c85aa_DPnpR76o (ecba543c-e097-4c90-abee-edcad2f8498f)
2019-08-02 09:31:07.811 22705 RALLYDEBUG rally_openstack.cleanup.manager [-] Deleting neutron.network object s_rally_732c85aa_WdLb557l (f5692690-7db1-4a53-b200-fec81c65d18d)
2019-08-02 09:31:07.824 22705 RALLYDEBUG rally_openstack.cleanup.manager [-] Deleting neutron.network object s_rally_732c85aa_nXVM07H7 (fb20124a-9450-4cab-889d-29a5d94c0be4)
2019-08-02 09:31:10.607 22705 RALLYDEBUG rally_openstack.cleanup.manager [-] Cleaning up neutron router objects
2019-08-02 09:31:11.267 22705 RALLYDEBUG rally_openstack.cleanup.manager [-] Cleaning up neutron security_group objects
2019-08-02 09:31:11.917 22705 INFO rally.task.context [-] Task f2c0e8bc-06f7-4e53-a14f-b560bec65de3 | Context cleanup@openstack cleanup() finished in 20.13 sec
2019-08-02 09:31:11.918 22705 INFO rally.task.context [-] Task f2c0e8bc-06f7-4e53-a14f-b560bec65de3 | Context quotas@openstack cleanup() started
2019-08-02 09:31:12.130 22705 INFO rally.task.context [-] Task f2c0e8bc-06f7-4e53-a14f-b560bec65de3 | Context quotas@openstack cleanup() finished in 0.21 sec
2019-08-02 09:31:12.131 22705 INFO rally.task.context [-] Task f2c0e8bc-06f7-4e53-a14f-b560bec65de3 | Context users@openstack cleanup() started
2019-08-02 09:31:16.445 22705 INFO rally.task.context [-] Task f2c0e8bc-06f7-4e53-a14f-b560bec65de3 | Context users@openstack cleanup() finished in 4.31 sec
2019-08-02 09:31:17.909 22705 INFO rally.task.engine [-] Load duration is: 35.111407
2019-08-02 09:31:17.910 22705 INFO rally.task.engine [-] Full runner duration is: 35.16863
2019-08-02 09:31:17.910 22705 INFO rally.task.engine [-] Full duration is: 64.990044
2019-08-02 09:31:18.171 22705 INFO rally.task.engine [-] Running workload: position = 0 config = { "version": 2, "title": "A cropped version of a bigger task.", "description": "Auto-generated task from a single workload (uuid=4f81ed6d-2c67-4bf5-96fb-188672be5496)", "subtasks": [ { "title": "NeutronNetworks.create_and_list_routers", "description": "Create and a given number of routers and list all routers.", "scenario": { "NeutronNetworks.create_and_list_routers": { "network_create_args": null, "subnet_create_args": null, "subnet_cidr_start": "1.1.0.0/30", "subnets_per_network": 2, "router_create_args": null } }, "contexts": { "users": { "tenants": 1, "users_per_tenant": 1 }, "quotas": { "neutron": { "network": -1, "subnet": -1, "router": -1 } } }, "runner": { "constant": { "times": 40, "concurrency": 20 } }, "hooks": [], "sla": { "failure_rate": { "max": 0 } } } ] }
2019-08-02 09:31:18.191 22705 RALLYDEBUG rally_openstack.contexts.keystone.users [-] Creating 1 tenants using 20 threads
2019-08-02 09:31:19.804 22705 RALLYDEBUG rally_openstack.contexts.keystone.users [-] Creating 1 users using 20 threads
2019-08-02 09:31:22.262 22705 INFO rally.task.context [-] Task f2c0e8bc-06f7-4e53-a14f-b560bec65de3 | Context users@openstack setup() finished in 4.07 sec
2019-08-02 09:31:23.032 22705 INFO rally.task.context [-] Task f2c0e8bc-06f7-4e53-a14f-b560bec65de3 | Context quotas@openstack setup() finished in 0.77 sec
2019-08-02 09:31:23.032 22705 INFO rally.task.context [-] Task f2c0e8bc-06f7-4e53-a14f-b560bec65de3 | Context cleanup@openstack setup() finished in 0.01 msec
2019-08-02 09:31:23.039 22705 RALLYDEBUG rally.task.runner [-] Starting the constant runner (task UUID: f2c0e8bc-06f7-4e53-a14f-b560bec65de3). timeout: 0 concurrency: 20 concurrency_per_worker: 1 times: 40 concurrency_overhead: 4 processes_to_start: 16 max_cpu_used: 16
2019-08-02 09:31:23.053 25169 RALLYDEBUG rally.task.runner [-] Starting a worker. concurrency: 2 args: {"network_create_args": null, "subnet_create_args": null, "subnet_cidr_start": "1.1.0.0/30", "subnets_per_network": 2, "router_create_args": null} times: 40 method_name: run timeout: 0 duration: None cls:
2019-08-02 09:31:23.055 25170 RALLYDEBUG rally.task.runner [-] Starting a worker. concurrency: 2 args: {"network_create_args": null, "subnet_create_args": null, "subnet_cidr_start": "1.1.0.0/30", "subnets_per_network": 2, "router_create_args": null} times: 40 method_name: run timeout: 0 duration: None cls:
2019-08-02 09:31:23.058 25171 RALLYDEBUG rally.task.runner [-] Starting a worker. concurrency: 2 args: {"network_create_args": null, "subnet_create_args": null, "subnet_cidr_start": "1.1.0.0/30", "subnets_per_network": 2, "router_create_args": null} times: 40 method_name: run timeout: 0 duration: None cls:
2019-08-02 09:31:23.060 25169 INFO rally.task.runner [-] Task f2c0e8bc-06f7-4e53-a14f-b560bec65de3 | ITER: 1 START
2019-08-02 09:31:23.061 25172 RALLYDEBUG rally.task.runner [-] Starting a worker. concurrency: 2 args: {"network_create_args": null, "subnet_create_args": null, "subnet_cidr_start": "1.1.0.0/30", "subnets_per_network": 2, "router_create_args": null} times: 40 method_name: run timeout: 0 duration: None cls:
2019-08-02 09:31:23.061 25170 INFO rally.task.runner [-] Task f2c0e8bc-06f7-4e53-a14f-b560bec65de3 | ITER: 2 START
2019-08-02 09:31:23.066 25173 RALLYDEBUG rally.task.runner [-] Starting a worker. concurrency: 1 args: {"network_create_args": null, "subnet_create_args": null, "subnet_cidr_start": "1.1.0.0/30", "subnets_per_network": 2, "router_create_args": null} times: 40 method_name: run timeout: 0 duration: None cls:
2019-08-02 09:31:23.070 25178 RALLYDEBUG rally.task.runner [-] Starting a worker. concurrency: 1 args: {"network_create_args": null, "subnet_create_args": null, "subnet_cidr_start": "1.1.0.0/30", "subnets_per_network": 2, "router_create_args": null} times: 40 method_name: run timeout: 0 duration: None cls:
2019-08-02 09:31:23.068 25172 INFO rally.task.runner [-] Task f2c0e8bc-06f7-4e53-a14f-b560bec65de3 | ITER: 6 START
2019-08-02 09:31:23.070 25171 INFO rally.task.runner [-] Task f2c0e8bc-06f7-4e53-a14f-b560bec65de3 | ITER: 5 START
2019-08-02 09:31:23.070 25179 RALLYDEBUG rally.task.runner [-] Starting a worker. concurrency: 1 args: {"network_create_args": null, "subnet_create_args": null, "subnet_cidr_start": "1.1.0.0/30", "subnets_per_network": 2, "router_create_args": null} times: 40 method_name: run timeout: 0 duration: None cls:
2019-08-02 09:31:23.074 25172 INFO rally.task.runner [-] Task f2c0e8bc-06f7-4e53-a14f-b560bec65de3 | ITER: 8 START
2019-08-02 09:31:23.074 25173 INFO rally.task.runner [-] Task f2c0e8bc-06f7-4e53-a14f-b560bec65de3 | ITER: 9 START
2019-08-02 09:31:23.071 25171 INFO rally.task.runner [-] Task f2c0e8bc-06f7-4e53-a14f-b560bec65de3 | ITER: 7 START
2019-08-02 09:31:23.074 25183 RALLYDEBUG rally.task.runner [-] Starting a worker. concurrency: 1 args: {"network_create_args": null, "subnet_create_args": null, "subnet_cidr_start": "1.1.0.0/30", "subnets_per_network": 2, "router_create_args": null} times: 40 method_name: run timeout: 0 duration: None cls:
2019-08-02 09:31:23.076 25179 INFO rally.task.runner [-] Task f2c0e8bc-06f7-4e53-a14f-b560bec65de3 | ITER: 11 START
2019-08-02 09:31:23.077 25170 INFO rally.task.runner [-] Task f2c0e8bc-06f7-4e53-a14f-b560bec65de3 | ITER: 4 START
2019-08-02 09:31:23.077 25169 INFO rally.task.runner [-] Task f2c0e8bc-06f7-4e53-a14f-b560bec65de3 | ITER: 3 START
2019-08-02 09:31:23.079 25178 INFO rally.task.runner [-] Task f2c0e8bc-06f7-4e53-a14f-b560bec65de3 | ITER: 10 START
2019-08-02 09:31:23.081 25183 INFO rally.task.runner [-] Task f2c0e8bc-06f7-4e53-a14f-b560bec65de3 | ITER: 12 START
2019-08-02 09:31:23.083 25191 RALLYDEBUG rally.task.runner [-] Starting a worker. concurrency: 1 args: {"network_create_args": null, "subnet_create_args": null, "subnet_cidr_start": "1.1.0.0/30", "subnets_per_network": 2, "router_create_args": null} times: 40 method_name: run timeout: 0 duration: None cls:
2019-08-02 09:31:23.090 25198 RALLYDEBUG rally.task.runner [-] Starting a worker. concurrency: 1 args: {"network_create_args": null, "subnet_create_args": null, "subnet_cidr_start": "1.1.0.0/30", "subnets_per_network": 2, "router_create_args": null} times: 40 method_name: run timeout: 0 duration: None cls:
2019-08-02 09:31:23.091 25191 INFO rally.task.runner [-] Task f2c0e8bc-06f7-4e53-a14f-b560bec65de3 | ITER: 13 START
2019-08-02 09:31:23.096 25198 INFO rally.task.runner [-] Task f2c0e8bc-06f7-4e53-a14f-b560bec65de3 | ITER: 14 START
2019-08-02 09:31:23.096 25199 RALLYDEBUG rally.task.runner [-] Starting a worker. concurrency: 1 args: {"network_create_args": null, "subnet_create_args": null, "subnet_cidr_start": "1.1.0.0/30", "subnets_per_network": 2, "router_create_args": null} times: 40 method_name: run timeout: 0 duration: None cls:
2019-08-02 09:31:23.102 25202 RALLYDEBUG rally.task.runner [-] Starting a worker. concurrency: 1 args: {"network_create_args": null, "subnet_create_args": null, "subnet_cidr_start": "1.1.0.0/30", "subnets_per_network": 2, "router_create_args": null} times: 40 method_name: run timeout: 0 duration: None cls:
2019-08-02 09:31:23.107 25199 INFO rally.task.runner [-] Task f2c0e8bc-06f7-4e53-a14f-b560bec65de3 | ITER: 15 START
2019-08-02 09:31:23.108 25205 RALLYDEBUG rally.task.runner [-] Starting a worker. concurrency: 1 args: {"network_create_args": null, "subnet_create_args": null, "subnet_cidr_start": "1.1.0.0/30", "subnets_per_network": 2, "router_create_args": null} times: 40 method_name: run timeout: 0 duration: None cls:
2019-08-02 09:31:23.112 25202 INFO rally.task.runner [-] Task f2c0e8bc-06f7-4e53-a14f-b560bec65de3 | ITER: 16 START
2019-08-02 09:31:23.113 25205 INFO rally.task.runner [-] Task f2c0e8bc-06f7-4e53-a14f-b560bec65de3 | ITER: 17 START
2019-08-02 09:31:23.113 25207 RALLYDEBUG rally.task.runner [-] Starting a worker. concurrency: 1 args: {"network_create_args": null, "subnet_create_args": null, "subnet_cidr_start": "1.1.0.0/30", "subnets_per_network": 2, "router_create_args": null} times: 40 method_name: run timeout: 0 duration: None cls:
2019-08-02 09:31:23.121 25211 RALLYDEBUG rally.task.runner [-] Starting a worker. concurrency: 1 args: {"network_create_args": null, "subnet_create_args": null, "subnet_cidr_start": "1.1.0.0/30", "subnets_per_network": 2, "router_create_args": null} times: 40 method_name: run timeout: 0 duration: None cls:
2019-08-02 09:31:23.122 25207 INFO rally.task.runner [-] Task f2c0e8bc-06f7-4e53-a14f-b560bec65de3 | ITER: 18 START
2019-08-02 09:31:23.125 25214 RALLYDEBUG rally.task.runner [-] Starting a worker. concurrency: 1 args: {"network_create_args": null, "subnet_create_args": null, "subnet_cidr_start": "1.1.0.0/30", "subnets_per_network": 2, "router_create_args": null} times: 40 method_name: run timeout: 0 duration: None cls:
2019-08-02 09:31:23.126 25211 INFO rally.task.runner [-] Task f2c0e8bc-06f7-4e53-a14f-b560bec65de3 | ITER: 19 START
2019-08-02 09:31:23.129 25214 INFO rally.task.runner [-] Task f2c0e8bc-06f7-4e53-a14f-b560bec65de3 | ITER: 20 START
2019-08-02 09:31:24.857 25170 RALLYDEBUG rally_openstack.wrappers.network [-] CIDR generated: 1.1.5.160/30
2019-08-02 09:31:24.883 25169 RALLYDEBUG rally_openstack.wrappers.network [-] CIDR generated: 1.1.5.164/30
2019-08-02 09:31:24.901 25172 RALLYDEBUG rally_openstack.wrappers.network [-] CIDR generated: 1.1.5.168/30
2019-08-02 09:31:24.997 25178 RALLYDEBUG rally_openstack.wrappers.network [-] CIDR generated: 1.1.5.172/30
2019-08-02 09:31:25.002 25179 RALLYDEBUG rally_openstack.wrappers.network [-] CIDR generated: 1.1.5.176/30
2019-08-02 09:31:25.012 25171 RALLYDEBUG rally_openstack.wrappers.network [-] CIDR generated: 1.1.5.180/30
2019-08-02 09:31:25.022 25169 RALLYDEBUG rally_openstack.wrappers.network [-] CIDR generated: 1.1.5.184/30
2019-08-02 09:31:25.064 25173 RALLYDEBUG rally_openstack.wrappers.network [-] CIDR generated: 1.1.5.188/30
2019-08-02 09:31:25.069 25171 RALLYDEBUG rally_openstack.wrappers.network [-] CIDR generated: 1.1.5.192/30
2019-08-02 09:31:25.267 25183 RALLYDEBUG rally_openstack.wrappers.network [-] CIDR generated: 1.1.5.196/30
2019-08-02 09:31:25.335 25198 RALLYDEBUG rally_openstack.wrappers.network [-] CIDR generated: 1.1.5.200/30
2019-08-02 09:31:25.368 25205 RALLYDEBUG rally_openstack.wrappers.network [-] CIDR generated: 1.1.5.204/30
2019-08-02 09:31:25.374 25207 RALLYDEBUG rally_openstack.wrappers.network [-] CIDR generated: 1.1.5.208/30
2019-08-02 09:31:25.376 25191 RALLYDEBUG rally_openstack.wrappers.network [-] CIDR generated: 1.1.5.212/30
2019-08-02 09:31:25.376 25214 RALLYDEBUG rally_openstack.wrappers.network [-] CIDR generated: 1.1.5.216/30
2019-08-02 09:31:25.426 25211 RALLYDEBUG rally_openstack.wrappers.network [-] CIDR generated: 1.1.5.220/30
2019-08-02 09:31:25.548 25170 RALLYDEBUG rally_openstack.wrappers.network [-] CIDR generated: 1.1.5.224/30
2019-08-02 09:31:25.626 25202 RALLYDEBUG rally_openstack.wrappers.network [-] CIDR generated: 1.1.5.228/30
2019-08-02 09:31:25.895 25170 RALLYDEBUG rally_openstack.wrappers.network [-] CIDR generated: 1.1.5.232/30
2019-08-02 09:31:26.450 25199 RALLYDEBUG rally_openstack.wrappers.network [-] CIDR generated: 1.1.5.236/30
2019-08-02 09:31:26.586 25207 RALLYDEBUG rally_openstack.wrappers.network [-] CIDR generated: 1.1.5.240/30
2019-08-02 09:31:26.625 25172 RALLYDEBUG rally_openstack.wrappers.network [-] CIDR generated: 1.1.5.244/30
2019-08-02 09:31:26.942 25198 RALLYDEBUG rally_openstack.wrappers.network [-] CIDR generated: 1.1.5.248/30
2019-08-02 09:31:27.206 25169 RALLYDEBUG rally_openstack.wrappers.network [-] CIDR generated: 1.1.5.252/30
2019-08-02 09:31:27.548 25172 RALLYDEBUG rally_openstack.wrappers.network [-] CIDR generated: 1.1.6.0/30
2019-08-02 09:31:27.728 25169 RALLYDEBUG rally_openstack.wrappers.network [-] CIDR generated: 1.1.6.4/30
2019-08-02 09:31:27.965 25202 RALLYDEBUG rally_openstack.wrappers.network [-] CIDR generated: 1.1.6.8/30
2019-08-02 09:31:28.062 25173 RALLYDEBUG rally_openstack.wrappers.network [-] CIDR generated: 1.1.6.12/30
2019-08-02 09:31:28.165 25183 RALLYDEBUG rally_openstack.wrappers.network [-] CIDR generated: 1.1.6.16/30
2019-08-02 09:31:28.327 25205 RALLYDEBUG rally_openstack.wrappers.network [-] CIDR generated: 1.1.6.20/30
2019-08-02 09:31:28.380 25211 RALLYDEBUG rally_openstack.wrappers.network [-] CIDR generated: 1.1.6.24/30
2019-08-02 09:31:28.478 25191 RALLYDEBUG rally_openstack.wrappers.network [-] CIDR generated: 1.1.6.28/30
2019-08-02 09:31:28.530 25214 RALLYDEBUG rally_openstack.wrappers.network [-] CIDR generated: 1.1.6.32/30
2019-08-02 09:31:29.477 25178 RALLYDEBUG rally_openstack.wrappers.network [-] CIDR generated: 1.1.6.36/30
2019-08-02 09:31:29.481 25170 RALLYDEBUG rally_openstack.wrappers.network [-] CIDR generated: 1.1.6.40/30
2019-08-02 09:31:29.513 25179 RALLYDEBUG rally_openstack.wrappers.network [-] CIDR generated: 1.1.6.44/30
2019-08-02 09:31:30.445 25171 RALLYDEBUG rally_openstack.wrappers.network [-] CIDR generated: 1.1.6.48/30
2019-08-02 09:31:30.635 25171 RALLYDEBUG rally_openstack.wrappers.network [-] CIDR generated: 1.1.6.52/30
2019-08-02 09:31:31.641 25172 RALLYDEBUG rally_openstack.wrappers.network [-] CIDR generated: 1.1.6.56/30
2019-08-02 09:31:31.812 25199 RALLYDEBUG rally_openstack.wrappers.network [-] CIDR generated: 1.1.6.60/30
2019-08-02 09:31:38.152 25170 INFO rally.task.runner [-] Task f2c0e8bc-06f7-4e53-a14f-b560bec65de3 | ITER: 2 END: OK
2019-08-02 09:31:38.157 25170 INFO rally.task.runner [-] Task f2c0e8bc-06f7-4e53-a14f-b560bec65de3 | ITER: 21 START
2019-08-02 09:31:38.823 25198 INFO rally.task.runner [-] Task f2c0e8bc-06f7-4e53-a14f-b560bec65de3 | ITER: 14 END: OK
2019-08-02 09:31:38.828 25198 INFO rally.task.runner [-] Task f2c0e8bc-06f7-4e53-a14f-b560bec65de3 | ITER: 22 START
2019-08-02 09:31:39.386 25207 INFO rally.task.runner [-] Task f2c0e8bc-06f7-4e53-a14f-b560bec65de3 | ITER: 18 END: OK
2019-08-02 09:31:39.390 25207 INFO rally.task.runner [-] Task f2c0e8bc-06f7-4e53-a14f-b560bec65de3 | ITER: 23 START
2019-08-02 09:31:40.239 25170 RALLYDEBUG rally_openstack.wrappers.network [-] CIDR generated: 1.1.6.64/30
2019-08-02 09:31:40.585 25198 RALLYDEBUG rally_openstack.wrappers.network [-] CIDR generated: 1.1.6.68/30
2019-08-02 09:31:41.598 25207 RALLYDEBUG rally_openstack.wrappers.network [-] CIDR generated: 1.1.6.72/30
2019-08-02 09:31:42.617 25170 RALLYDEBUG rally_openstack.wrappers.network [-] CIDR generated: 1.1.6.76/30
2019-08-02 09:31:43.210 25198 RALLYDEBUG rally_openstack.wrappers.network [-] CIDR generated: 1.1.6.80/30
2019-08-02 09:31:43.791 25207 RALLYDEBUG rally_openstack.wrappers.network [-] CIDR generated: 1.1.6.84/30
