2019-08-02 09:23:46.116 22696 RALLYDEBUG rally.api [-] INFO logs from urllib3 and requests module are hide.
2019-08-02 09:23:46.116 22696 RALLYDEBUG rally.api [-] urllib3 insecure warnings are hidden.
2019-08-02 09:23:46.116 22696 RALLYDEBUG rally.api [-] ERROR log from boto module is hide.
2019-08-02 09:23:48.190 22698 RALLYDEBUG rally.api [-] INFO logs from urllib3 and requests module are hide.
2019-08-02 09:23:48.190 22698 RALLYDEBUG rally.api [-] urllib3 insecure warnings are hidden.
2019-08-02 09:23:48.190 22698 RALLYDEBUG rally.api [-] ERROR log from boto module is hide.
2019-08-02 09:23:49.292 22698 WARNING rally_openstack.platforms.existing [-] endpoint is deprecated and not used.
2019-08-02 09:23:50.215 22700 RALLYDEBUG rally.api [-] INFO logs from urllib3 and requests module are hide.
2019-08-02 09:23:50.216 22700 RALLYDEBUG rally.api [-] urllib3 insecure warnings are hidden.
2019-08-02 09:23:50.216 22700 RALLYDEBUG rally.api [-] ERROR log from boto module is hide.
2019-08-02 09:23:53.424 22703 RALLYDEBUG rally.api [-] INFO logs from urllib3 and requests module are hide.
2019-08-02 09:23:53.424 22703 RALLYDEBUG rally.api [-] urllib3 insecure warnings are hidden.
2019-08-02 09:23:53.424 22703 RALLYDEBUG rally.api [-] ERROR log from boto module is hide.
2019-08-02 09:23:55.055 22705 RALLYDEBUG rally.api [-] INFO logs from urllib3 and requests module are hide.
2019-08-02 09:23:55.055 22705 RALLYDEBUG rally.api [-] urllib3 insecure warnings are hidden.
2019-08-02 09:23:55.056 22705 RALLYDEBUG rally.api [-] ERROR log from boto module is hide.
2019-08-02 09:23:56.187 22705 INFO rally.common.plugin.discover [-] Loading plugins from directories /root/.rally/plugins/*
2019-08-02 09:23:56.188 22705 INFO rally.common.plugin.discover [-] Loaded module with plugins: /root/.rally/plugins/__init__.py
2019-08-02 09:23:56.190 22705 INFO rally.common.plugin.discover [-] Loaded module with plugins: /root/.rally/plugins/trunk_scenario.py
2019-08-02 09:23:56.337 22705 INFO rally.task.engine [-] Task f2c0e8bc-06f7-4e53-a14f-b560bec65de3 | Starting: Task validation.
2019-08-02 09:23:56.380 22705 INFO rally.task.engine [-] Task f2c0e8bc-06f7-4e53-a14f-b560bec65de3 | Starting: Task validation of syntax.
2019-08-02 09:23:56.586 22705 INFO rally.task.engine [-] Task f2c0e8bc-06f7-4e53-a14f-b560bec65de3 | Completed: Task validation of syntax.
2019-08-02 09:23:56.588 22705 INFO rally.task.engine [-] Task f2c0e8bc-06f7-4e53-a14f-b560bec65de3 | Starting: Task validation of required platforms.
2019-08-02 09:23:56.651 22705 INFO rally.task.engine [-] Task f2c0e8bc-06f7-4e53-a14f-b560bec65de3 | Completed: Task validation of required platforms.
2019-08-02 09:23:56.651 22705 INFO rally.task.engine [-] Task f2c0e8bc-06f7-4e53-a14f-b560bec65de3 | Starting: Task validation of semantic.
2019-08-02 09:23:56.651 22705 INFO rally.task.engine [-] Check health of the environment '3de0907e-82ed-4a4d-b0ff-f9a19677b3b9'.
2019-08-02 09:23:57.386 22705 INFO rally.task.engine [-] Platform existing@openstack (available: True): OK!
2019-08-02 09:23:57.404 22705 RALLYDEBUG rally_openstack.contexts.keystone.users [-] Creating 1 tenants using 20 threads
2019-08-02 09:23:59.153 22705 RALLYDEBUG rally_openstack.contexts.keystone.users [-] Creating 1 users using 20 threads
2019-08-02 09:24:01.917 22705 INFO rally.task.context [-] Task f2c0e8bc-06f7-4e53-a14f-b560bec65de3 | Context users@openstack setup() finished in 4.51 sec
2019-08-02 09:24:08.134 22705 INFO rally.task.context [-] Task f2c0e8bc-06f7-4e53-a14f-b560bec65de3 | Context users@openstack cleanup() started
2019-08-02 09:24:12.656 22705 INFO rally.task.context [-] Task f2c0e8bc-06f7-4e53-a14f-b560bec65de3 | Context users@openstack cleanup() finished in 4.52 sec
2019-08-02 09:24:12.657 22705 INFO rally.task.engine [-] Task f2c0e8bc-06f7-4e53-a14f-b560bec65de3 | Completed: Task validation of semantic.
2019-08-02 09:24:12.657 22705 INFO rally.task.engine [-] Task f2c0e8bc-06f7-4e53-a14f-b560bec65de3 | Completed: Task validation.
2019-08-02 09:24:12.657 22705 INFO rally.api [-] Task f2c0e8bc-06f7-4e53-a14f-b560bec65de3 input file is valid.
2019-08-02 09:24:12.658 22705 INFO rally.api [-] Run Task f2c0e8bc-06f7-4e53-a14f-b560bec65de3 against Deployment 3de0907e-82ed-4a4d-b0ff-f9a19677b3b9
2019-08-02 09:24:12.658 22705 INFO rally.task.engine [-] Task f2c0e8bc-06f7-4e53-a14f-b560bec65de3 | Starting: Running task.
2019-08-02 09:24:12.796 22705 INFO rally.task.engine [-] Running workload: position = 0 config = { "version": 2, "title": "A cropped version of a bigger task.", "description": "Auto-generated task from a single workload (uuid=e3faf812-8787-4d85-a1a7-1ca80f619e38)", "subtasks": [ { "title": "NeutronNetworks.create_and_list_networks", "description": "Check performance of list_networks action and ensure > network quotas are not exceeded", "scenario": { "NeutronNetworks.create_and_list_networks": {} }, "contexts": { "users": { "tenants": 1, "users_per_tenant": 1 }, "quotas": { "neutron": { "network": 119 } } }, "runner": { "constant": { "times": 100, "concurrency": 20 } }, "hooks": [], "sla": { "max_avg_duration_per_atomic": { "neutron.list_networks": 15 }, "failure_rate": { "max": 0 } } } ] }
2019-08-02 09:24:12.819 22705 RALLYDEBUG rally_openstack.contexts.keystone.users [-] Creating 1 tenants using 20 threads
2019-08-02 09:24:14.668 22705 RALLYDEBUG rally_openstack.contexts.keystone.users [-] Creating 1 users using 20 threads
2019-08-02 09:24:17.207 22705 INFO rally.task.context [-] Task f2c0e8bc-06f7-4e53-a14f-b560bec65de3 | Context users@openstack setup() finished in 4.39 sec
2019-08-02 09:24:17.941 22705 INFO rally.task.context [-] Task f2c0e8bc-06f7-4e53-a14f-b560bec65de3 | Context quotas@openstack setup() finished in 0.73 sec
2019-08-02 09:24:17.941 22705 INFO rally.task.context [-] Task f2c0e8bc-06f7-4e53-a14f-b560bec65de3 | Context cleanup@openstack setup() finished in 0.03 msec
2019-08-02 09:24:17.949 22705 RALLYDEBUG rally.task.runner [-] Starting the constant runner (task UUID: f2c0e8bc-06f7-4e53-a14f-b560bec65de3). timeout: 0 concurrency: 20 concurrency_per_worker: 1 times: 100 concurrency_overhead: 4 processes_to_start: 16 max_cpu_used: 16
2019-08-02 09:24:17.961 22829 RALLYDEBUG rally.task.runner [-] Starting a worker. concurrency: 2 args: {} times: 100 method_name: run timeout: 0 duration: None cls:
2019-08-02 09:24:17.964 22830 RALLYDEBUG rally.task.runner [-] Starting a worker. concurrency: 2 args: {} times: 100 method_name: run timeout: 0 duration: None cls:
2019-08-02 09:24:17.967 22831 RALLYDEBUG rally.task.runner [-] Starting a worker. concurrency: 2 args: {} times: 100 method_name: run timeout: 0 duration: None cls:
2019-08-02 09:24:17.970 22829 INFO rally.task.runner [-] Task f2c0e8bc-06f7-4e53-a14f-b560bec65de3 | ITER: 1 START
2019-08-02 09:24:17.971 22832 RALLYDEBUG rally.task.runner [-] Starting a worker. concurrency: 2 args: {} times: 100 method_name: run timeout: 0 duration: None cls:
2019-08-02 09:24:17.972 22831 INFO rally.task.runner [-] Task f2c0e8bc-06f7-4e53-a14f-b560bec65de3 | ITER: 4 START
2019-08-02 09:24:17.973 22835 RALLYDEBUG rally.task.runner [-] Starting a worker. concurrency: 1 args: {} times: 100 method_name: run timeout: 0 duration: None cls:
2019-08-02 09:24:17.975 22830 INFO rally.task.runner [-] Task f2c0e8bc-06f7-4e53-a14f-b560bec65de3 | ITER: 3 START
2019-08-02 09:24:17.975 22838 RALLYDEBUG rally.task.runner [-] Starting a worker. concurrency: 1 args: {} times: 100 method_name: run timeout: 0 duration: None cls:
2019-08-02 09:24:17.979 22842 RALLYDEBUG rally.task.runner [-] Starting a worker. concurrency: 1 args: {} times: 100 method_name: run timeout: 0 duration: None cls:
2019-08-02 09:24:17.979 22835 INFO rally.task.runner [-] Task f2c0e8bc-06f7-4e53-a14f-b560bec65de3 | ITER: 7 START
2019-08-02 09:24:17.978 22832 INFO rally.task.runner [-] Task f2c0e8bc-06f7-4e53-a14f-b560bec65de3 | ITER: 6 START
2019-08-02 09:24:17.982 22829 INFO rally.task.runner [-] Task f2c0e8bc-06f7-4e53-a14f-b560bec65de3 | ITER: 2 START
2019-08-02 09:24:17.981 22844 RALLYDEBUG rally.task.runner [-] Starting a worker. concurrency: 1 args: {} times: 100 method_name: run timeout: 0 duration: None cls:
2019-08-02 09:24:17.975 22830 INFO rally.task.runner [-] Task f2c0e8bc-06f7-4e53-a14f-b560bec65de3 | ITER: 5 START
2019-08-02 09:24:17.988 22831 INFO rally.task.runner [-] Task f2c0e8bc-06f7-4e53-a14f-b560bec65de3 | ITER: 8 START
2019-08-02 09:24:17.990 22842 INFO rally.task.runner [-] Task f2c0e8bc-06f7-4e53-a14f-b560bec65de3 | ITER: 11 START
2019-08-02 09:24:17.990 22852 RALLYDEBUG rally.task.runner [-] Starting a worker. concurrency: 1 args: {} times: 100 method_name: run timeout: 0 duration: None cls:
2019-08-02 09:24:17.991 22855 RALLYDEBUG rally.task.runner [-] Starting a worker. concurrency: 1 args: {} times: 100 method_name: run timeout: 0 duration: None cls:
2019-08-02 09:24:17.991 22849 RALLYDEBUG rally.task.runner [-] Starting a worker. concurrency: 1 args: {} times: 100 method_name: run timeout: 0 duration: None cls:
2019-08-02 09:24:17.994 22838 INFO rally.task.runner [-] Task f2c0e8bc-06f7-4e53-a14f-b560bec65de3 | ITER: 10 START
2019-08-02 09:24:17.997 22844 INFO rally.task.runner [-] Task f2c0e8bc-06f7-4e53-a14f-b560bec65de3 | ITER: 12 START
2019-08-02 09:24:17.998 22849 INFO rally.task.runner [-] Task f2c0e8bc-06f7-4e53-a14f-b560bec65de3 | ITER: 15 START
2019-08-02 09:24:17.998 22832 INFO rally.task.runner [-] Task f2c0e8bc-06f7-4e53-a14f-b560bec65de3 | ITER: 9 START
2019-08-02 09:24:17.998 22859 RALLYDEBUG rally.task.runner [-] Starting a worker. concurrency: 1 args: {} times: 100 method_name: run timeout: 0 duration: None cls:
2019-08-02 09:24:17.999 22852 INFO rally.task.runner [-] Task f2c0e8bc-06f7-4e53-a14f-b560bec65de3 | ITER: 13 START
2019-08-02 09:24:18.001 22855 INFO rally.task.runner [-] Task f2c0e8bc-06f7-4e53-a14f-b560bec65de3 | ITER: 14 START
2019-08-02 09:24:18.000 22861 RALLYDEBUG rally.task.runner [-] Starting a worker. concurrency: 1 args: {} times: 100 method_name: run timeout: 0 duration: None cls:
2019-08-02 09:24:18.008 22859 INFO rally.task.runner [-] Task f2c0e8bc-06f7-4e53-a14f-b560bec65de3 | ITER: 16 START
2019-08-02 09:24:18.009 22861 INFO rally.task.runner [-] Task f2c0e8bc-06f7-4e53-a14f-b560bec65de3 | ITER: 17 START
2019-08-02 09:24:18.009 22869 RALLYDEBUG rally.task.runner [-] Starting a worker. concurrency: 1 args: {} times: 100 method_name: run timeout: 0 duration: None cls:
2019-08-02 09:24:18.016 22869 INFO rally.task.runner [-] Task f2c0e8bc-06f7-4e53-a14f-b560bec65de3 | ITER: 18 START
2019-08-02 09:24:18.024 22875 RALLYDEBUG rally.task.runner [-] Starting a worker. concurrency: 1 args: {} times: 100 method_name: run timeout: 0 duration: None cls:
2019-08-02 09:24:18.029 22876 RALLYDEBUG rally.task.runner [-] Starting a worker. concurrency: 1 args: {} times: 100 method_name: run timeout: 0 duration: None cls:
2019-08-02 09:24:18.030 22875 INFO rally.task.runner [-] Task f2c0e8bc-06f7-4e53-a14f-b560bec65de3 | ITER: 19 START
2019-08-02 09:24:18.034 22876 INFO rally.task.runner [-] Task f2c0e8bc-06f7-4e53-a14f-b560bec65de3 | ITER: 20 START
2019-08-02 09:24:19.308 22829 INFO rally.task.runner [-] Task f2c0e8bc-06f7-4e53-a14f-b560bec65de3 | ITER: 1 END: OK
2019-08-02 09:24:19.312 22829 INFO rally.task.runner [-] Task f2c0e8bc-06f7-4e53-a14f-b560bec65de3 | ITER: 21 START
2019-08-02 09:24:19.434 22842 INFO rally.task.runner [-] Task f2c0e8bc-06f7-4e53-a14f-b560bec65de3 | ITER: 11 END: OK
2019-08-02 09:24:19.439 22842 INFO rally.task.runner [-] Task f2c0e8bc-06f7-4e53-a14f-b560bec65de3 | ITER: 22 START
2019-08-02 09:24:19.626 22859 INFO rally.task.runner [-] Task f2c0e8bc-06f7-4e53-a14f-b560bec65de3 | ITER: 16 END: OK
2019-08-02 09:24:19.629 22859 INFO rally.task.runner [-] Task f2c0e8bc-06f7-4e53-a14f-b560bec65de3 | ITER: 23 START
2019-08-02 09:24:20.303 22830 INFO rally.task.runner [-] Task f2c0e8bc-06f7-4e53-a14f-b560bec65de3 | ITER: 5 END: OK
2019-08-02 09:24:20.307 22830 INFO rally.task.runner [-] Task f2c0e8bc-06f7-4e53-a14f-b560bec65de3 | ITER: 24 START
2019-08-02 09:24:20.515 22838 INFO rally.task.runner [-] Task f2c0e8bc-06f7-4e53-a14f-b560bec65de3 | ITER: 10 END: OK
2019-08-02 09:24:20.519 22838 INFO rally.task.runner [-] Task f2c0e8bc-06f7-4e53-a14f-b560bec65de3 | ITER: 25 START
2019-08-02 09:24:20.632 22831 INFO rally.task.runner [-] Task f2c0e8bc-06f7-4e53-a14f-b560bec65de3 | ITER: 4 END: OK
2019-08-02 09:24:20.637 22831 INFO rally.task.runner [-] Task f2c0e8bc-06f7-4e53-a14f-b560bec65de3 | ITER: 26 START
2019-08-02 09:24:20.909 22844 INFO rally.task.runner [-] Task f2c0e8bc-06f7-4e53-a14f-b560bec65de3 | ITER: 12 END: OK
2019-08-02 09:24:20.913 22844 INFO rally.task.runner [-] Task f2c0e8bc-06f7-4e53-a14f-b560bec65de3 | ITER: 27 START
2019-08-02 09:24:20.947 22835 INFO rally.task.runner [-] Task f2c0e8bc-06f7-4e53-a14f-b560bec65de3 | ITER: 7 END: OK
2019-08-02 09:24:20.951 22835 INFO rally.task.runner [-] Task f2c0e8bc-06f7-4e53-a14f-b560bec65de3 | ITER: 28 START
2019-08-02 09:24:20.972 22849 INFO rally.task.runner [-] Task f2c0e8bc-06f7-4e53-a14f-b560bec65de3 | ITER: 15 END: OK
2019-08-02 09:24:20.976 22849 INFO rally.task.runner [-] Task f2c0e8bc-06f7-4e53-a14f-b560bec65de3 | ITER: 29 START
2019-08-02 09:24:21.312 22829 INFO rally.task.runner [-] Task f2c0e8bc-06f7-4e53-a14f-b560bec65de3 | ITER: 2 END: OK
2019-08-02 09:24:21.316 22829 INFO rally.task.runner [-] Task f2c0e8bc-06f7-4e53-a14f-b560bec65de3 | ITER: 30 START
2019-08-02 09:24:21.323 22832 INFO rally.task.runner [-] Task f2c0e8bc-06f7-4e53-a14f-b560bec65de3 | ITER: 6 END: OK
2019-08-02 09:24:21.326 22832 INFO rally.task.runner [-] Task f2c0e8bc-06f7-4e53-a14f-b560bec65de3 | ITER: 31 START
2019-08-02 09:24:21.552 22861 INFO rally.task.runner [-] Task f2c0e8bc-06f7-4e53-a14f-b560bec65de3 | ITER: 17 END: OK
2019-08-02 09:24:21.556 22861 INFO rally.task.runner [-] Task f2c0e8bc-06f7-4e53-a14f-b560bec65de3 | ITER: 32 START
2019-08-02 09:24:21.598 22832 INFO rally.task.runner [-] Task f2c0e8bc-06f7-4e53-a14f-b560bec65de3 | ITER: 9 END: OK
2019-08-02 09:24:21.601 22832 INFO rally.task.runner [-] Task f2c0e8bc-06f7-4e53-a14f-b560bec65de3 | ITER: 33 START
2019-08-02 09:24:21.660 22830 INFO rally.task.runner [-] Task f2c0e8bc-06f7-4e53-a14f-b560bec65de3 | ITER: 3 END: OK
2019-08-02 09:24:21.663 22830 INFO rally.task.runner [-] Task f2c0e8bc-06f7-4e53-a14f-b560bec65de3 | ITER: 34 START
2019-08-02 09:24:21.803 22831 INFO rally.task.runner [-] Task f2c0e8bc-06f7-4e53-a14f-b560bec65de3 | ITER: 8 END: OK
2019-08-02 09:24:21.807 22831 INFO rally.task.runner [-] Task f2c0e8bc-06f7-4e53-a14f-b560bec65de3 | ITER: 35 START
2019-08-02 09:24:22.000 22869 INFO rally.task.runner [-] Task f2c0e8bc-06f7-4e53-a14f-b560bec65de3 | ITER: 18 END: OK
2019-08-02 09:24:22.004 22869 INFO rally.task.runner [-] Task f2c0e8bc-06f7-4e53-a14f-b560bec65de3 | ITER: 36 START
2019-08-02 09:24:22.077 22855 INFO rally.task.runner [-] Task f2c0e8bc-06f7-4e53-a14f-b560bec65de3 | ITER: 14 END: OK
2019-08-02 09:24:22.082 22855 INFO rally.task.runner [-] Task f2c0e8bc-06f7-4e53-a14f-b560bec65de3 | ITER: 37 START
2019-08-02 09:24:22.167 22852 INFO rally.task.runner [-] Task f2c0e8bc-06f7-4e53-a14f-b560bec65de3 | ITER: 13 END: OK
2019-08-02 09:24:22.170 22852 INFO rally.task.runner [-] Task f2c0e8bc-06f7-4e53-a14f-b560bec65de3 | ITER: 38 START
2019-08-02 09:24:22.312 22876 INFO rally.task.runner [-] Task f2c0e8bc-06f7-4e53-a14f-b560bec65de3 | ITER: 20 END: OK
2019-08-02 09:24:22.315 22876 INFO rally.task.runner [-] Task f2c0e8bc-06f7-4e53-a14f-b560bec65de3 | ITER: 39 START
2019-08-02 09:24:23.206 22875 INFO rally.task.runner [-] Task f2c0e8bc-06f7-4e53-a14f-b560bec65de3 | ITER: 19 END: OK
2019-08-02 09:24:23.211 22875 INFO rally.task.runner [-] Task f2c0e8bc-06f7-4e53-a14f-b560bec65de3 | ITER: 40 START
2019-08-02 09:24:24.097 22842 INFO rally.task.runner [-] Task f2c0e8bc-06f7-4e53-a14f-b560bec65de3 | ITER: 22 END: OK
2019-08-02 09:24:24.100 22842 INFO rally.task.runner [-] Task f2c0e8bc-06f7-4e53-a14f-b560bec65de3 | ITER: 41 START
2019-08-02 09:24:24.121 22829 INFO rally.task.runner [-] Task f2c0e8bc-06f7-4e53-a14f-b560bec65de3 | ITER: 21 END: OK
2019-08-02 09:24:24.125 22829 INFO rally.task.runner [-] Task f2c0e8bc-06f7-4e53-a14f-b560bec65de3 | ITER: 42 START
2019-08-02 09:24:24.128 22859 INFO rally.task.runner [-] Task f2c0e8bc-06f7-4e53-a14f-b560bec65de3 | ITER: 23 END: OK
2019-08-02 09:24:24.131 22859 INFO rally.task.runner [-] Task f2c0e8bc-06f7-4e53-a14f-b560bec65de3 | ITER: 43 START
2019-08-02 09:24:24.177 22830 INFO rally.task.runner [-] Task f2c0e8bc-06f7-4e53-a14f-b560bec65de3 | ITER: 24 END: OK
2019-08-02 09:24:24.180 22830 INFO rally.task.runner [-] Task f2c0e8bc-06f7-4e53-a14f-b560bec65de3 | ITER: 44 START
2019-08-02 09:24:24.224 22849 INFO rally.task.runner [-] Task f2c0e8bc-06f7-4e53-a14f-b560bec65de3 | ITER: 29 END: OK
2019-08-02 09:24:24.228 22849 INFO rally.task.runner [-] Task f2c0e8bc-06f7-4e53-a14f-b560bec65de3 | ITER: 45 START
2019-08-02 09:24:24.292 22829 INFO rally.task.runner [-] Task f2c0e8bc-06f7-4e53-a14f-b560bec65de3 | ITER: 30 END: OK
2019-08-02 09:24:24.294 22838 INFO rally.task.runner [-] Task f2c0e8bc-06f7-4e53-a14f-b560bec65de3 | ITER: 25 END: OK
2019-08-02 09:24:24.295 22829 INFO rally.task.runner [-] Task f2c0e8bc-06f7-4e53-a14f-b560bec65de3 | ITER: 46 START
2019-08-02 09:24:24.297 22838 INFO rally.task.runner [-] Task f2c0e8bc-06f7-4e53-a14f-b560bec65de3 | ITER: 47 START
2019-08-02 09:24:24.316 22831 INFO rally.task.runner [-] Task f2c0e8bc-06f7-4e53-a14f-b560bec65de3 | ITER: 35 END: OK
2019-08-02 09:24:24.319 22831 INFO rally.task.runner [-] Task f2c0e8bc-06f7-4e53-a14f-b560bec65de3 | ITER: 48 START
2019-08-02 09:24:24.347 22835 INFO rally.task.runner [-] Task f2c0e8bc-06f7-4e53-a14f-b560bec65de3 | ITER: 28 END: OK
2019-08-02 09:24:24.350 22835 INFO rally.task.runner [-] Task f2c0e8bc-06f7-4e53-a14f-b560bec65de3 | ITER: 49 START
2019-08-02 09:24:24.378 22844 INFO rally.task.runner [-] Task f2c0e8bc-06f7-4e53-a14f-b560bec65de3 | ITER: 27 END: OK
2019-08-02 09:24:24.380 22844 INFO rally.task.runner [-] Task f2c0e8bc-06f7-4e53-a14f-b560bec65de3 | ITER: 50 START
2019-08-02 09:24:24.704 22830 INFO rally.task.runner [-] Task f2c0e8bc-06f7-4e53-a14f-b560bec65de3 | ITER: 34 END: OK
2019-08-02 09:24:24.707 22830 INFO rally.task.runner [-] Task f2c0e8bc-06f7-4e53-a14f-b560bec65de3 | ITER: 51 START
2019-08-02 09:24:24.808 22831 INFO rally.task.runner [-] Task f2c0e8bc-06f7-4e53-a14f-b560bec65de3 | ITER: 26 END: OK
2019-08-02 09:24:24.810 22831 INFO rally.task.runner [-] Task f2c0e8bc-06f7-4e53-a14f-b560bec65de3 | ITER: 52 START
2019-08-02 09:24:24.917 22876 INFO rally.task.runner [-] Task f2c0e8bc-06f7-4e53-a14f-b560bec65de3 | ITER: 39 END: OK
2019-08-02 09:24:24.920 22876 INFO rally.task.runner [-] Task f2c0e8bc-06f7-4e53-a14f-b560bec65de3 | ITER: 53 START
2019-08-02 09:24:25.064 22855 INFO rally.task.runner [-] Task f2c0e8bc-06f7-4e53-a14f-b560bec65de3 | ITER: 37 END: OK
2019-08-02 09:24:25.067 22832 INFO rally.task.runner [-] Task f2c0e8bc-06f7-4e53-a14f-b560bec65de3 | ITER: 31 END: OK
2019-08-02 09:24:25.067 22855 INFO rally.task.runner [-] Task f2c0e8bc-06f7-4e53-a14f-b560bec65de3 | ITER: 54 START
2019-08-02 09:24:25.070 22832 INFO rally.task.runner [-] Task f2c0e8bc-06f7-4e53-a14f-b560bec65de3 | ITER: 55 START
2019-08-02 09:24:25.096 22875 INFO rally.task.runner [-] Task f2c0e8bc-06f7-4e53-a14f-b560bec65de3 | ITER: 40 END: OK
2019-08-02 09:24:25.099 22875 INFO rally.task.runner [-] Task f2c0e8bc-06f7-4e53-a14f-b560bec65de3 | ITER: 56 START
2019-08-02 09:24:25.127 22869 INFO rally.task.runner [-] Task f2c0e8bc-06f7-4e53-a14f-b560bec65de3 | ITER: 36 END: OK
2019-08-02 09:24:25.130 22869 INFO rally.task.runner [-] Task f2c0e8bc-06f7-4e53-a14f-b560bec65de3 | ITER: 57 START
2019-08-02 09:24:25.144 22861 INFO rally.task.runner [-] Task f2c0e8bc-06f7-4e53-a14f-b560bec65de3 | ITER: 32 END: OK
2019-08-02 09:24:25.146 22861 INFO rally.task.runner [-] Task f2c0e8bc-06f7-4e53-a14f-b560bec65de3 | ITER: 58 START
2019-08-02 09:24:25.446 22852 INFO rally.task.runner [-] Task f2c0e8bc-06f7-4e53-a14f-b560bec65de3 | ITER: 38 END: OK
2019-08-02 09:24:25.449 22852 INFO rally.task.runner [-] Task f2c0e8bc-06f7-4e53-a14f-b560bec65de3 | ITER: 59 START
2019-08-02 09:24:25.897 22832 INFO rally.task.runner [-] Task f2c0e8bc-06f7-4e53-a14f-b560bec65de3 | ITER: 33 END: OK
2019-08-02 09:24:25.899 22832 INFO rally.task.runner [-] Task f2c0e8bc-06f7-4e53-a14f-b560bec65de3 | ITER: 60 START
2019-08-02 09:24:27.290 22849 INFO rally.task.runner [-] Task f2c0e8bc-06f7-4e53-a14f-b560bec65de3 | ITER: 45 END: OK
2019-08-02 09:24:27.291 22829 INFO rally.task.runner [-] Task f2c0e8bc-06f7-4e53-a14f-b560bec65de3 | ITER: 42 END: OK
2019-08-02 09:24:27.293 22829 INFO rally.task.runner [-] Task f2c0e8bc-06f7-4e53-a14f-b560bec65de3 | ITER: 62 START
2019-08-02 09:24:27.293 22849 INFO rally.task.runner [-] Task f2c0e8bc-06f7-4e53-a14f-b560bec65de3 | ITER: 61 START
2019-08-02 09:24:27.308 22844 INFO rally.task.runner [-] Task f2c0e8bc-06f7-4e53-a14f-b560bec65de3 | ITER: 50 END: OK
2019-08-02 09:24:27.311 22844 INFO rally.task.runner [-] Task f2c0e8bc-06f7-4e53-a14f-b560bec65de3 | ITER: 63 START
2019-08-02 09:24:27.333 22830 INFO rally.task.runner [-] Task f2c0e8bc-06f7-4e53-a14f-b560bec65de3 | ITER: 51 END: OK
2019-08-02 09:24:27.336 22830 INFO rally.task.runner [-] Task f2c0e8bc-06f7-4e53-a14f-b560bec65de3 | ITER: 64 START
2019-08-02 09:24:27.339 22835 INFO rally.task.runner [-] Task f2c0e8bc-06f7-4e53-a14f-b560bec65de3 | ITER: 49 END: OK
2019-08-02 09:24:27.342 22835 INFO rally.task.runner [-] Task f2c0e8bc-06f7-4e53-a14f-b560bec65de3 | ITER: 65 START
2019-08-02 09:24:27.349 22859 INFO rally.task.runner [-] Task f2c0e8bc-06f7-4e53-a14f-b560bec65de3 | ITER: 43 END: OK
2019-08-02 09:24:27.352 22859 INFO rally.task.runner [-] Task f2c0e8bc-06f7-4e53-a14f-b560bec65de3 | ITER: 66 START
2019-08-02 09:24:27.387 22869 INFO rally.task.runner [-] Task f2c0e8bc-06f7-4e53-a14f-b560bec65de3 | ITER: 57 END: OK
2019-08-02 09:24:27.389 22831 INFO rally.task.runner [-] Task f2c0e8bc-06f7-4e53-a14f-b560bec65de3 | ITER: 48 END: OK
2019-08-02 09:24:27.391 22869 INFO rally.task.runner [-] Task f2c0e8bc-06f7-4e53-a14f-b560bec65de3 | ITER: 67 START
2019-08-02 09:24:27.391 22831 INFO rally.task.runner [-] Task f2c0e8bc-06f7-4e53-a14f-b560bec65de3 | ITER: 68 START
2019-08-02 09:24:27.391 22829 INFO rally.task.runner [-] Task f2c0e8bc-06f7-4e53-a14f-b560bec65de3 | ITER: 46 END: OK
2019-08-02 09:24:27.395 22829 INFO rally.task.runner [-] Task f2c0e8bc-06f7-4e53-a14f-b560bec65de3 | ITER: 69 START
2019-08-02 09:24:27.428 22842 INFO rally.task.runner [-] Task f2c0e8bc-06f7-4e53-a14f-b560bec65de3 | ITER: 41 END: OK
2019-08-02 09:24:27.431 22842 INFO rally.task.runner [-] Task f2c0e8bc-06f7-4e53-a14f-b560bec65de3 | ITER: 70 START
2019-08-02 09:24:27.475 22838 INFO rally.task.runner [-] Task f2c0e8bc-06f7-4e53-a14f-b560bec65de3 | ITER: 47 END: OK
2019-08-02 09:24:27.478 22838 INFO rally.task.runner [-] Task f2c0e8bc-06f7-4e53-a14f-b560bec65de3 | ITER: 71 START
2019-08-02 09:24:27.494 22830 INFO rally.task.runner [-] Task f2c0e8bc-06f7-4e53-a14f-b560bec65de3 | ITER: 44 END: OK
2019-08-02 09:24:27.497 22830 INFO rally.task.runner [-] Task f2c0e8bc-06f7-4e53-a14f-b560bec65de3 | ITER: 72 START
2019-08-02 09:24:27.504 22831 INFO rally.task.runner [-] Task f2c0e8bc-06f7-4e53-a14f-b560bec65de3 | ITER: 52 END: OK
2019-08-02 09:24:27.507 22831 INFO rally.task.runner [-] Task f2c0e8bc-06f7-4e53-a14f-b560bec65de3 | ITER: 73 START
2019-08-02 09:24:27.606 22876 INFO rally.task.runner [-] Task f2c0e8bc-06f7-4e53-a14f-b560bec65de3 | ITER: 53 END: OK
2019-08-02 09:24:27.609 22876 INFO rally.task.runner [-] Task f2c0e8bc-06f7-4e53-a14f-b560bec65de3 | ITER: 74 START
2019-08-02 09:24:27.909 22855 INFO rally.task.runner [-] Task f2c0e8bc-06f7-4e53-a14f-b560bec65de3 | ITER: 54 END: OK
2019-08-02 09:24:27.911 22855 INFO rally.task.runner [-] Task f2c0e8bc-06f7-4e53-a14f-b560bec65de3 | ITER: 75 START
2019-08-02 09:24:28.006 22852 INFO rally.task.runner [-] Task f2c0e8bc-06f7-4e53-a14f-b560bec65de3 | ITER: 59 END: OK
2019-08-02 09:24:28.010 22852 INFO rally.task.runner [-] Task f2c0e8bc-06f7-4e53-a14f-b560bec65de3 | ITER: 76 START
2019-08-02 09:24:28.199 22875 INFO rally.task.runner [-] Task f2c0e8bc-06f7-4e53-a14f-b560bec65de3 | ITER: 56 END: OK
2019-08-02 09:24:28.202 22875 INFO rally.task.runner [-] Task f2c0e8bc-06f7-4e53-a14f-b560bec65de3 | ITER: 77 START
2019-08-02 09:24:28.317 22832 INFO rally.task.runner [-] Task f2c0e8bc-06f7-4e53-a14f-b560bec65de3 | ITER: 60 END: OK
2019-08-02 09:24:28.320 22832 INFO rally.task.runner [-] Task f2c0e8bc-06f7-4e53-a14f-b560bec65de3 | ITER: 78 START
2019-08-02 09:24:28.580 22832 INFO rally.task.runner [-] Task f2c0e8bc-06f7-4e53-a14f-b560bec65de3 | ITER: 55 END: OK
2019-08-02 09:24:28.583 22832 INFO rally.task.runner [-] Task f2c0e8bc-06f7-4e53-a14f-b560bec65de3 | ITER: 79 START
2019-08-02 09:24:28.585 22861 INFO rally.task.runner [-] Task f2c0e8bc-06f7-4e53-a14f-b560bec65de3 | ITER: 58 END: OK
2019-08-02 09:24:28.589 22861 INFO rally.task.runner [-] Task f2c0e8bc-06f7-4e53-a14f-b560bec65de3 | ITER: 80 START
2019-08-02 09:24:29.426 22829 INFO rally.task.runner [-] Task f2c0e8bc-06f7-4e53-a14f-b560bec65de3 | ITER: 62 END: OK
2019-08-02 09:24:29.430 22829 INFO rally.task.runner [-] Task f2c0e8bc-06f7-4e53-a14f-b560bec65de3 | ITER: 81 START
2019-08-02 09:24:29.437 22849 INFO rally.task.runner [-] Task f2c0e8bc-06f7-4e53-a14f-b560bec65de3 | ITER: 61 END: OK
2019-08-02 09:24:29.439 22830 INFO rally.task.runner [-] Task f2c0e8bc-06f7-4e53-a14f-b560bec65de3 | ITER: 64 END: OK
2019-08-02 09:24:29.440 22849 INFO rally.task.runner [-] Task f2c0e8bc-06f7-4e53-a14f-b560bec65de3 | ITER: 82 START
2019-08-02 09:24:29.442 22830 INFO rally.task.runner [-] Task f2c0e8bc-06f7-4e53-a14f-b560bec65de3 | ITER: 83 START
2019-08-02 09:24:29.511 22830 INFO rally.task.runner [-] Task f2c0e8bc-06f7-4e53-a14f-b560bec65de3 | ITER: 72 END: OK
2019-08-02 09:24:29.514 22830 INFO rally.task.runner [-] Task f2c0e8bc-06f7-4e53-a14f-b560bec65de3 | ITER: 84 START
2019-08-02 09:24:29.734 22831 INFO rally.task.runner [-] Task f2c0e8bc-06f7-4e53-a14f-b560bec65de3 | ITER: 68 END: OK
2019-08-02 09:24:29.737 22831 INFO rally.task.runner [-] Task f2c0e8bc-06f7-4e53-a14f-b560bec65de3 | ITER: 85 START
2019-08-02 09:24:29.740 22838 INFO rally.task.runner [-] Task f2c0e8bc-06f7-4e53-a14f-b560bec65de3 | ITER: 71 END: OK
2019-08-02 09:24:29.743 22838 INFO rally.task.runner [-] Task f2c0e8bc-06f7-4e53-a14f-b560bec65de3 | ITER: 86 START
2019-08-02 09:24:29.810 22829 INFO rally.task.runner [-] Task f2c0e8bc-06f7-4e53-a14f-b560bec65de3 | ITER: 69 END: OK
2019-08-02 09:24:29.814 22829 INFO rally.task.runner [-] Task f2c0e8bc-06f7-4e53-a14f-b560bec65de3 | ITER: 87 START
2019-08-02 09:24:29.869 22852 INFO rally.task.runner [-] Task f2c0e8bc-06f7-4e53-a14f-b560bec65de3 | ITER: 76 END: OK
2019-08-02 09:24:29.872 22852 INFO rally.task.runner [-] Task f2c0e8bc-06f7-4e53-a14f-b560bec65de3 | ITER: 88 START
2019-08-02 09:24:30.181 22835 INFO rally.task.runner [-] Task f2c0e8bc-06f7-4e53-a14f-b560bec65de3 | ITER: 65 END: OK
2019-08-02 09:24:30.184 22835 INFO rally.task.runner [-] Task f2c0e8bc-06f7-4e53-a14f-b560bec65de3 | ITER: 89 START
2019-08-02 09:24:30.338 22842 INFO rally.task.runner [-] Task f2c0e8bc-06f7-4e53-a14f-b560bec65de3 | ITER: 70 END: OK
2019-08-02 09:24:30.342 22842 INFO rally.task.runner [-] Task f2c0e8bc-06f7-4e53-a14f-b560bec65de3 | ITER: 90 START
2019-08-02 09:24:30.354 22831 INFO rally.task.runner [-] Task f2c0e8bc-06f7-4e53-a14f-b560bec65de3 | ITER: 73 END: OK
2019-08-02 09:24:30.357 22831 INFO rally.task.runner [-] Task f2c0e8bc-06f7-4e53-a14f-b560bec65de3 | ITER: 91 START
2019-08-02 09:24:30.373 22869 INFO rally.task.runner [-] Task f2c0e8bc-06f7-4e53-a14f-b560bec65de3 | ITER: 67 END: OK
2019-08-02 09:24:30.376 22869 INFO rally.task.runner [-] Task f2c0e8bc-06f7-4e53-a14f-b560bec65de3 | ITER: 92 START
2019-08-02 09:24:30.493 22875 INFO rally.task.runner [-] Task f2c0e8bc-06f7-4e53-a14f-b560bec65de3 | ITER: 77 END: OK
2019-08-02 09:24:30.496 22875 INFO rally.task.runner [-] Task f2c0e8bc-06f7-4e53-a14f-b560bec65de3 | ITER: 93 START
2019-08-02 09:24:30.502 22855 INFO rally.task.runner [-] Task f2c0e8bc-06f7-4e53-a14f-b560bec65de3 | ITER: 75 END: OK
2019-08-02 09:24:30.506 22855 INFO rally.task.runner [-] Task f2c0e8bc-06f7-4e53-a14f-b560bec65de3 | ITER: 94 START
2019-08-02 09:24:30.623 22859 INFO rally.task.runner [-] Task f2c0e8bc-06f7-4e53-a14f-b560bec65de3 | ITER: 66 END: OK
2019-08-02 09:24:30.626 22859 INFO rally.task.runner [-] Task f2c0e8bc-06f7-4e53-a14f-b560bec65de3 | ITER: 95 START
2019-08-02 09:24:30.716 22876 INFO rally.task.runner [-] Task f2c0e8bc-06f7-4e53-a14f-b560bec65de3 | ITER: 74 END: OK
2019-08-02 09:24:30.719 22876 INFO rally.task.runner [-] Task f2c0e8bc-06f7-4e53-a14f-b560bec65de3 | ITER: 96 START
2019-08-02 09:24:30.947 22844 INFO rally.task.runner [-] Task f2c0e8bc-06f7-4e53-a14f-b560bec65de3 | ITER: 63 END: OK
2019-08-02 09:24:30.950 22844 INFO rally.task.runner [-] Task f2c0e8bc-06f7-4e53-a14f-b560bec65de3 | ITER: 97 START
2019-08-02 09:24:31.053 22832 INFO rally.task.runner [-] Task f2c0e8bc-06f7-4e53-a14f-b560bec65de3 | ITER: 79 END: OK
2019-08-02 09:24:31.056 22832 INFO rally.task.runner [-] Task f2c0e8bc-06f7-4e53-a14f-b560bec65de3 | ITER: 98 START
2019-08-02 09:24:31.579 22861 INFO rally.task.runner [-] Task f2c0e8bc-06f7-4e53-a14f-b560bec65de3 | ITER: 80 END: OK
2019-08-02 09:24:31.582 22861 INFO rally.task.runner [-] Task f2c0e8bc-06f7-4e53-a14f-b560bec65de3 | ITER: 99 START
2019-08-02 09:24:31.594 22832 INFO rally.task.runner [-] Task f2c0e8bc-06f7-4e53-a14f-b560bec65de3 | ITER: 78 END: OK
2019-08-02 09:24:31.597 22832 INFO rally.task.runner [-] Task f2c0e8bc-06f7-4e53-a14f-b560bec65de3 | ITER: 100 START
2019-08-02 09:24:32.270 22849 INFO rally.task.runner [-] Task f2c0e8bc-06f7-4e53-a14f-b560bec65de3 | ITER: 82 END: OK
2019-08-02 09:24:32.307 22830 INFO rally.task.runner [-] Task f2c0e8bc-06f7-4e53-a14f-b560bec65de3 | ITER: 83 END: OK
2019-08-02 09:24:32.385 22852 INFO rally.task.runner [-] Task f2c0e8bc-06f7-4e53-a14f-b560bec65de3 | ITER: 88 END: OK
2019-08-02 09:24:32.449 22829 INFO rally.task.runner [-] Task f2c0e8bc-06f7-4e53-a14f-b560bec65de3 | ITER: 81 END: OK
2019-08-02 09:24:32.507 22830 INFO rally.task.runner [-] Task f2c0e8bc-06f7-4e53-a14f-b560bec65de3 | ITER: 84 END: OK
2019-08-02 09:24:32.718 22869 INFO rally.task.runner [-] Task f2c0e8bc-06f7-4e53-a14f-b560bec65de3 | ITER: 92 END: OK
2019-08-02 09:24:32.799 22829 INFO rally.task.runner [-] Task f2c0e8bc-06f7-4e53-a14f-b560bec65de3 | ITER: 87 END: OK
2019-08-02 09:24:32.998 22875 INFO rally.task.runner [-] Task f2c0e8bc-06f7-4e53-a14f-b560bec65de3 | ITER: 93 END: OK
2019-08-02 09:24:33.024 22838 INFO rally.task.runner [-] Task f2c0e8bc-06f7-4e53-a14f-b560bec65de3 | ITER: 86 END: OK
2019-08-02 09:24:33.047 22835 INFO rally.task.runner [-] Task f2c0e8bc-06f7-4e53-a14f-b560bec65de3 | ITER: 89 END: OK
2019-08-02 09:24:33.059 22831 INFO rally.task.runner [-] Task f2c0e8bc-06f7-4e53-a14f-b560bec65de3 | ITER: 85 END: OK
2019-08-02 09:24:33.061 22842 INFO rally.task.runner [-] Task f2c0e8bc-06f7-4e53-a14f-b560bec65de3 | ITER: 90 END: OK
2019-08-02 09:24:33.065 22831 INFO rally.task.runner [-] Task f2c0e8bc-06f7-4e53-a14f-b560bec65de3 | ITER: 91 END: OK
2019-08-02 09:24:33.347 22844 INFO rally.task.runner [-] Task f2c0e8bc-06f7-4e53-a14f-b560bec65de3 | ITER: 97 END: OK
2019-08-02 09:24:33.636 22832 INFO rally.task.runner [-] Task f2c0e8bc-06f7-4e53-a14f-b560bec65de3 | ITER: 98 END: OK
2019-08-02 09:24:33.710 22876 INFO rally.task.runner [-] Task f2c0e8bc-06f7-4e53-a14f-b560bec65de3 | ITER: 96 END: OK
2019-08-02 09:24:33.750 22832 INFO rally.task.runner [-] Task f2c0e8bc-06f7-4e53-a14f-b560bec65de3 | ITER: 100 END: OK
2019-08-02 09:24:33.756 22861 INFO rally.task.runner [-] Task f2c0e8bc-06f7-4e53-a14f-b560bec65de3 | ITER: 99 END: OK
2019-08-02 09:24:33.797 22855 INFO rally.task.runner [-] Task f2c0e8bc-06f7-4e53-a14f-b560bec65de3 | ITER: 94 END: OK
2019-08-02 09:24:33.924 22859 INFO rally.task.runner [-] Task f2c0e8bc-06f7-4e53-a14f-b560bec65de3 | ITER: 95 END: OK
2019-08-02 09:24:33.948 22705 INFO rally.task.context [-] Task f2c0e8bc-06f7-4e53-a14f-b560bec65de3 | Context cleanup@openstack cleanup() started
2019-08-02 09:24:33.950 22705 RALLYDEBUG rally_openstack.cleanup.manager [-] Cleaning up neutron vip objects
2019-08-02 09:24:34.566 22705 RALLYDEBUG rally_openstack.cleanup.manager [-] Cleaning up neutron health_monitor objects
2019-08-02 09:24:35.194 22705 RALLYDEBUG rally_openstack.cleanup.manager [-] Cleaning up neutron pool objects
2019-08-02 09:24:35.818 22705 RALLYDEBUG rally_openstack.cleanup.manager [-] Cleaning up neutron loadbalancer objects
2019-08-02 09:24:36.435 22705 RALLYDEBUG rally_openstack.cleanup.manager [-] Cleaning up neutron floatingip objects
2019-08-02 09:24:37.104 22705 RALLYDEBUG rally_openstack.cleanup.manager [-] Cleaning up neutron port objects
2019-08-02 09:24:37.752 22705 RALLYDEBUG rally_openstack.cleanup.manager [-] Cleaning up neutron subnet objects
2019-08-02 09:24:38.392 22705 RALLYDEBUG rally_openstack.cleanup.manager [-] Cleaning up neutron network objects
2019-08-02 09:24:39.568 22705 RALLYDEBUG rally_openstack.cleanup.manager [-] Deleting neutron.network object s_rally_e3faf812_PzPgEQgi (0424daef-bd79-4009-8e17-6b05c5122716)
2019-08-02 09:24:39.577 22705 RALLYDEBUG rally_openstack.cleanup.manager [-] Deleting neutron.network object s_rally_e3faf812_7sI0bbA0 (1c01c389-58d0-4f42-b062-f52cd4134efb)
2019-08-02 09:24:39.580 22705 RALLYDEBUG rally_openstack.cleanup.manager [-] Deleting neutron.network object s_rally_e3faf812_OsxwSpOK (07b88cac-95c7-4d1e-ba9a-0a2bc75b0609)
2019-08-02 09:24:39.585 22705 RALLYDEBUG rally_openstack.cleanup.manager [-] Deleting neutron.network object s_rally_e3faf812_GZ7S4Kih (0f82d908-f579-43e7-9c32-f56804887b9b)
2019-08-02 09:24:39.588 22705 RALLYDEBUG rally_openstack.cleanup.manager [-] Deleting neutron.network object s_rally_e3faf812_me7Mvz0x (124212c9-bc5b-49e3-990d-5f09e9901b49)
2019-08-02 09:24:39.594 22705 RALLYDEBUG rally_openstack.cleanup.manager [-] Deleting neutron.network object s_rally_e3faf812_gIpnavIq (1cc4a7f0-6450-48ae-b38f-515d9ec5f5ea)
2019-08-02 09:24:39.594 22705 RALLYDEBUG rally_openstack.cleanup.manager [-] Deleting neutron.network object s_rally_e3faf812_ikYMFR0T (14d71dad-4bd9-46a9-b7d3-77c3b961d647)
2019-08-02 09:24:39.599 22705 RALLYDEBUG rally_openstack.cleanup.manager [-] Deleting neutron.network object s_rally_e3faf812_U0YDftnM (08712918-857a-4b52-b7c6-27bf5356114b)
2019-08-02 09:24:39.602 22705 RALLYDEBUG rally_openstack.cleanup.manager [-] Deleting neutron.network object s_rally_e3faf812_e86vT99s (07d87b30-0bf1-4ad4-98ae-a611c5fe4157)
2019-08-02 09:24:39.608 22705 RALLYDEBUG rally_openstack.cleanup.manager [-] Deleting neutron.network object s_rally_e3faf812_maThPpZh (1b523380-c066-480e-a838-c8a896ee974b)
2019-08-02 09:24:39.616 22705 RALLYDEBUG rally_openstack.cleanup.manager [-] Deleting neutron.network object s_rally_e3faf812_AzxCQJB9 (1d9af318-6a4f-4394-b957-0709878e4ca4)
2019-08-02 09:24:39.621 22705 RALLYDEBUG rally_openstack.cleanup.manager [-] Deleting neutron.network object s_rally_e3faf812_2RaUWHpQ (1dd2092c-5e87-4817-bce8-12cf887cffe8)
2019-08-02 09:24:39.628 22705 RALLYDEBUG rally_openstack.cleanup.manager [-] Deleting neutron.network object s_rally_e3faf812_LA7LE2sm (1dfb06ce-0ffb-41f0-bd45-7a3010d6a320)
2019-08-02 09:24:39.639 22705 RALLYDEBUG rally_openstack.cleanup.manager [-] Deleting neutron.network object s_rally_e3faf812_YCQBRoUB (1e2d88da-ad64-4b6d-a3ec-dc02705bdf39)
2019-08-02 09:24:39.652 22705 RALLYDEBUG rally_openstack.cleanup.manager [-] Deleting neutron.network object s_rally_e3faf812_NkN3A6DF (225fe771-5ff2-4062-877d-fe60780b8f4b)
2019-08-02 09:24:39.658 22705 RALLYDEBUG rally_openstack.cleanup.manager [-] Deleting neutron.network object s_rally_e3faf812_91Dwal7a (22fa6f3f-46b5-4b3c-a8d5-99f0fc41d35a)
2019-08-02 09:24:39.678 22705 RALLYDEBUG rally_openstack.cleanup.manager [-] Deleting neutron.network object s_rally_e3faf812_mJDHbQup (2365de56-ce45-4b61-bd89-97046e3c5856)
2019-08-02 09:24:39.686 22705 RALLYDEBUG rally_openstack.cleanup.manager [-] Deleting neutron.network object s_rally_e3faf812_aEAmddgK (254aaebf-dd84-4f57-b5fc-e697ea5da595)
2019-08-02 09:24:39.690 22705 RALLYDEBUG rally_openstack.cleanup.manager [-] Deleting neutron.network object s_rally_e3faf812_AP2PsptU (25bf5f26-6b58-40b4-80f7-54f3a33a0de1)
2019-08-02 09:24:39.709 22705 RALLYDEBUG rally_openstack.cleanup.manager [-] Deleting neutron.network object s_rally_e3faf812_gzmCQSkP (264c7c5f-af87-4bfc-95c7-2c0400adfb63)
2019-08-02 09:24:43.044 22705 RALLYDEBUG rally_openstack.cleanup.manager [-] Deleting neutron.network object s_rally_e3faf812_QLYUDRZp (2a63e8d4-42bd-4e1d-b25f-0abfff28471c)
2019-08-02 09:24:43.098 22705 RALLYDEBUG rally_openstack.cleanup.manager [-] Deleting neutron.network object s_rally_e3faf812_u6LbSuSW (2ac88f23-8609-489b-8c1f-4925ebfce3b2)
2019-08-02 09:24:43.404 22705 RALLYDEBUG rally_openstack.cleanup.manager [-] Deleting neutron.network object s_rally_e3faf812_QiAG3u12 (2d011def-e413-4e9c-b000-6480071ac9da)
2019-08-02 09:24:43.666 22705 RALLYDEBUG rally_openstack.cleanup.manager [-] Deleting neutron.network object s_rally_e3faf812_pZieKZE5 (2e3ae6c5-b810-424e-8c6c-3dba47e2a2a9)
2019-08-02 09:24:43.847 22705 RALLYDEBUG rally_openstack.cleanup.manager [-] Deleting neutron.network object s_rally_e3faf812_BygyC8xW (3127d4c7-6751-41c7-a02f-ab65d58228ed)
2019-08-02 09:24:44.124 22705 RALLYDEBUG rally_openstack.cleanup.manager [-] Deleting neutron.network object s_rally_e3faf812_7ZPSqTvX (35d0bff6-0f5c-48ae-aa9e-5fdda2e07e66)
2019-08-02 09:24:44.362 22705 RALLYDEBUG rally_openstack.cleanup.manager [-] Deleting neutron.network object s_rally_e3faf812_vkZ5Ml8d (362bf7c4-fa89-4ba1-ac15-e687b8b04efe)
2019-08-02 09:24:44.384 22705 RALLYDEBUG rally_openstack.cleanup.manager [-] Deleting neutron.network object s_rally_e3faf812_EY1CgH3U (36fd458f-39ac-4f75-b75a-3e35a1f564db)
2019-08-02 09:24:44.385 22705 RALLYDEBUG rally_openstack.cleanup.manager [-] Deleting neutron.network object s_rally_e3faf812_2ElHjyiZ (3c202bff-2592-43af-a842-63afc8fcb94e)
2019-08-02 09:24:44.538 22705 RALLYDEBUG rally_openstack.cleanup.manager [-] Deleting neutron.network object s_rally_e3faf812_iNftaT9U (3c927796-7241-44c1-bdc5-e054f92aaa00)
2019-08-02 09:24:44.584 22705 RALLYDEBUG rally_openstack.cleanup.manager [-] Deleting neutron.network object s_rally_e3faf812_Em2kkZy9 (3cbde7bd-76da-4745-a3d3-b707567df232)
2019-08-02 09:24:44.665 22705 RALLYDEBUG rally_openstack.cleanup.manager [-] Deleting neutron.network object s_rally_e3faf812_7CJIthse (3cf77b9a-8ad1-4f12-bed1-1ec6c72ac82b)
2019-08-02 09:24:45.605 22705 RALLYDEBUG rally_openstack.cleanup.manager [-] Deleting neutron.network object s_rally_e3faf812_MFRwYDIo (448ff887-0138-42a0-b322-facb19766784)
2019-08-02 09:24:45.644 22705 RALLYDEBUG rally_openstack.cleanup.manager [-] Deleting neutron.network object s_rally_e3faf812_EMSCBh3F (44c95f12-97e3-499a-9951-5cac53e20cdd)
2019-08-02 09:24:45.827 22705 RALLYDEBUG rally_openstack.cleanup.manager [-] Deleting neutron.network object s_rally_e3faf812_mVl3GcQx (474b5ef8-c75a-4407-97ec-36854f75446c)
2019-08-02 09:24:45.876 22705 RALLYDEBUG rally_openstack.cleanup.manager [-] Deleting neutron.network object s_rally_e3faf812_ATrQsZxf (48fdaa08-9cf7-4246-bc7d-b94f524b8c75)
2019-08-02 09:24:45.895 22705 RALLYDEBUG rally_openstack.cleanup.manager [-] Deleting neutron.network object s_rally_e3faf812_Ai8ElSxL (4b782f58-e9b6-4379-9cae-f6a676d36d44)
2019-08-02 09:24:46.351 22705 RALLYDEBUG rally_openstack.cleanup.manager [-] Deleting neutron.network object s_rally_e3faf812_Gr9ZvVkU (4bb43399-68d7-4122-9ce5-ba1535f3bc90)
2019-08-02 09:24:46.515 22705 RALLYDEBUG rally_openstack.cleanup.manager [-] Deleting neutron.network object s_rally_e3faf812_WvKgm8ap (4d05609d-c492-4bee-857e-9e963eb1dc65)
2019-08-02 09:24:46.705 22705 RALLYDEBUG rally_openstack.cleanup.manager [-] Deleting neutron.network object s_rally_e3faf812_fleGtvYa (4f7dcdd1-6b14-4ced-a04b-3fbe373aa873)
2019-08-02 09:24:47.072 22705 RALLYDEBUG rally_openstack.cleanup.manager [-] Deleting neutron.network object s_rally_e3faf812_x8XIIolO (50a51400-b1b6-4145-a888-f35a091c7d4f)
2019-08-02 09:24:47.225 22705 RALLYDEBUG rally_openstack.cleanup.manager [-] Deleting neutron.network object s_rally_e3faf812_eKA2p37R (546973f9-3d09-4852-a200-6401429093a3)
2019-08-02 09:24:47.357 22705 RALLYDEBUG rally_openstack.cleanup.manager [-] Deleting neutron.network object s_rally_e3faf812_IEVNXkl6 (5e02d707-2488-4344-8793-55be730d695a)
2019-08-02 09:24:47.617 22705 RALLYDEBUG rally_openstack.cleanup.manager [-] Deleting neutron.network object s_rally_e3faf812_WTJzIxZT (609cb665-60c8-4d21-a4e2-15583d769086)
2019-08-02 09:24:47.617 22705 RALLYDEBUG rally_openstack.cleanup.manager [-] Deleting neutron.network object s_rally_e3faf812_JCykyBZP (5e840aae-c3b1-4e30-8bf3-4111838342f8)
2019-08-02 09:24:47.678 22705 RALLYDEBUG rally_openstack.cleanup.manager [-] Deleting neutron.network object s_rally_e3faf812_PXpwKVQF (62354e1b-b4c0-43ce-87b9-a8ed50bf0bf8)
2019-08-02 09:24:47.788 22705 RALLYDEBUG rally_openstack.cleanup.manager [-] Deleting neutron.network object s_rally_e3faf812_R9z34zvg (640fd105-69db-4683-b64b-54a843539a6f)
2019-08-02 09:24:47.814 22705 RALLYDEBUG rally_openstack.cleanup.manager [-] Deleting neutron.network object s_rally_e3faf812_8XVsZpuY (65a43db0-376b-48f8-b647-ba7f7ed05923)
2019-08-02 09:24:48.613 22705 RALLYDEBUG rally_openstack.cleanup.manager [-] Deleting neutron.network object s_rally_e3faf812_v77AjO6d (66ce34d3-9262-48b9-a9dd-ee3ab5165412)
2019-08-02 09:24:48.697 22705 RALLYDEBUG rally_openstack.cleanup.manager [-] Deleting neutron.network object s_rally_e3faf812_aDcqstx6 (675b292f-e57f-4c1e-b839-9c21a72d6e84)
2019-08-02 09:24:49.336 22705 RALLYDEBUG rally_openstack.cleanup.manager [-] Deleting neutron.network object s_rally_e3faf812_gllPJagz (6868ad0e-2ac1-4ed3-94c0-548c23a48e0f)
2019-08-02 09:24:49.420 22705 RALLYDEBUG rally_openstack.cleanup.manager [-] Deleting neutron.network object s_rally_e3faf812_AFrI2nXp (6b83becd-399b-48dc-9b2d-1320bbbc8f34)
2019-08-02 09:24:49.484 22705 RALLYDEBUG rally_openstack.cleanup.manager [-] Deleting neutron.network object s_rally_e3faf812_PlJBTsXQ (6c44a349-b806-45ad-9cc9-2f4f9fcf5257)
2019-08-02 09:24:49.511 22705 RALLYDEBUG rally_openstack.cleanup.manager [-] Deleting neutron.network object s_rally_e3faf812_XZDN71Sa (6dca75f2-44fc-491a-b202-5d7ea48635cb)
2019-08-02 09:24:49.587 22705 RALLYDEBUG rally_openstack.cleanup.manager [-] Deleting neutron.network object s_rally_e3faf812_DD3bulMb (70f03c89-8bda-458a-b7fe-8c5860c4f693)
2019-08-02 09:24:49.623 22705 RALLYDEBUG rally_openstack.cleanup.manager [-] Deleting neutron.network object s_rally_e3faf812_uSxHJFVL (71c1422e-3e46-4563-88e8-dd3b42177d91)
2019-08-02 09:24:49.634 22705 RALLYDEBUG rally_openstack.cleanup.manager [-] Deleting neutron.network object s_rally_e3faf812_3mGUlHkm (76d21b12-e20f-4e97-8548-0676e5532c76)
2019-08-02 09:24:49.655 22705 RALLYDEBUG rally_openstack.cleanup.manager [-] Deleting neutron.network object s_rally_e3faf812_qIpentra (7986e9ee-4e2c-40e7-9225-39c24bc44ca7)
2019-08-02 09:24:49.680 22705 RALLYDEBUG rally_openstack.cleanup.manager [-] Deleting neutron.network object s_rally_e3faf812_GsAJFBlj (7f423e96-e426-4bd4-9f08-e7358871fb48)
2019-08-02 09:24:49.761 22705 RALLYDEBUG rally_openstack.cleanup.manager [-] Deleting neutron.network object s_rally_e3faf812_hck5yl3p (80e2310c-828f-44b5-bdbe-8aaf98aaee75)
2019-08-02 09:24:50.229 22705 RALLYDEBUG rally_openstack.cleanup.manager [-] Deleting neutron.network object s_rally_e3faf812_aGY1x1Np (826d2c39-5dd8-4545-b313-0ff09dd9295a)
2019-08-02 09:24:50.392 22705 RALLYDEBUG rally_openstack.cleanup.manager [-] Deleting neutron.network object s_rally_e3faf812_jppVeYkv (83782ad8-aaec-41e4-8e8e-90612d190a55)
2019-08-02 09:24:50.507 22705 RALLYDEBUG rally_openstack.cleanup.manager [-] Deleting neutron.network object s_rally_e3faf812_M5TU6THW (8c77ea6d-ae5b-425f-b2ab-40d9f865696d)
2019-08-02 09:24:50.514 22705 RALLYDEBUG rally_openstack.cleanup.manager [-] Deleting neutron.network object s_rally_e3faf812_OwrYizSp (8fe1fbb2-e408-497b-8951-21fde2de909d)
2019-08-02 09:24:50.533 22705 RALLYDEBUG rally_openstack.cleanup.manager [-] Deleting neutron.network object s_rally_e3faf812_P2bHClpR (90e9bae7-35d9-4ae6-8a7f-e66cb6badb65)
2019-08-02 09:24:50.817 22705 RALLYDEBUG rally_openstack.cleanup.manager [-] Deleting neutron.network object s_rally_e3faf812_gQdnFlnJ (919ff45d-9aa7-4b7e-985c-0a3b00deec1e)
2019-08-02 09:24:51.680 22705 RALLYDEBUG rally_openstack.cleanup.manager [-] Deleting neutron.network object s_rally_e3faf812_7o2R0xOS (960e4230-c88f-48ce-9a15-4837b27dd10d)
2019-08-02 09:24:51.761 22705 RALLYDEBUG rally_openstack.cleanup.manager [-] Deleting neutron.network object s_rally_e3faf812_Qdyt2xPd (9ea5e152-b90c-45dc-b201-58e205739502)
2019-08-02 09:24:52.155 22705 RALLYDEBUG rally_openstack.cleanup.manager [-] Deleting neutron.network object s_rally_e3faf812_ZPPvvR8J (9eaffaa2-413b-4e0e-a023-2a533f58ca8c)
2019-08-02 09:24:52.450 22705 RALLYDEBUG rally_openstack.cleanup.manager [-] Deleting neutron.network object s_rally_e3faf812_XYQi1tQW (9feb3de4-aff6-4160-b5d5-0bf0ce450fa1)
2019-08-02 09:24:52.468 22705 RALLYDEBUG rally_openstack.cleanup.manager [-] Deleting neutron.network object s_rally_e3faf812_XMsOfgkD (a1426555-fd40-43fd-b321-bd40fa3932c4)
2019-08-02 09:24:52.469 22705 RALLYDEBUG rally_openstack.cleanup.manager [-] Deleting neutron.network object s_rally_e3faf812_Fav7peBl (a11bae8f-7ee1-43c1-9f40-f5bf9bf5abe0)
2019-08-02 09:24:52.640 22705 RALLYDEBUG rally_openstack.cleanup.manager [-] Deleting neutron.network object s_rally_e3faf812_b5WxpLDK (a161914e-3750-4ab0-b3b5-ea1d32e5f9f6)
2019-08-02 09:24:53.092 22705 RALLYDEBUG rally_openstack.cleanup.manager [-] Deleting neutron.network object s_rally_e3faf812_V29Pn3Is (a2a1bbb1-8ded-455b-b03c-693eda76a462)
2019-08-02 09:24:53.326 22705 RALLYDEBUG rally_openstack.cleanup.manager [-] Deleting neutron.network object s_rally_e3faf812_4f6CVKDE (a2f4607d-e3a9-4ae7-aea4-95c6257271ac)
2019-08-02 09:24:53.419 22705 RALLYDEBUG rally_openstack.cleanup.manager [-] Deleting neutron.network object s_rally_e3faf812_iVsHYdUT (a6ca4110-6c2b-4214-92cc-0686dfe07cef)
2019-08-02 09:24:53.640 22705 RALLYDEBUG rally_openstack.cleanup.manager [-] Deleting neutron.network object s_rally_e3faf812_68ChkVY7 (ac49438f-53a7-422e-ba38-b409eb418148)
2019-08-02 09:24:53.775 22705 RALLYDEBUG rally_openstack.cleanup.manager [-] Deleting neutron.network object s_rally_e3faf812_BdAk8FdH (af463c29-f3cb-4eb0-9721-02f4ac5367de)
2019-08-02 09:24:54.150 22705 RALLYDEBUG rally_openstack.cleanup.manager [-] Deleting neutron.network object s_rally_e3faf812_2JwGPGH5 (b2bd586c-f1e4-4ab0-9bd5-4e0d3d8f8f3e)
2019-08-02 09:24:54.236 22705 RALLYDEBUG rally_openstack.cleanup.manager [-] Deleting neutron.network object s_rally_e3faf812_UdNPOOvV (b6316263-a074-42a6-ad42-a0c5e94ee3d0)
2019-08-02 09:24:54.333 22705 RALLYDEBUG rally_openstack.cleanup.manager [-] Deleting neutron.network object s_rally_e3faf812_b9lpdmNU (c528cd4e-18bf-47d0-aeb3-c2b04ac89da4)
2019-08-02 09:24:54.393 22705 RALLYDEBUG rally_openstack.cleanup.manager [-] Deleting neutron.network object s_rally_e3faf812_6OJ7Ob33 (c7e58aef-b7f8-42c4-ba1e-81f32aeeb36c)
2019-08-02 09:24:54.407 22705 RALLYDEBUG rally_openstack.cleanup.manager [-] Deleting neutron.network object s_rally_e3faf812_Czvh1GdP (c9a7da57-18ac-45aa-aa92-a9af2142b4e7)
2019-08-02 09:24:54.517 22705 RALLYDEBUG rally_openstack.cleanup.manager [-] Deleting neutron.network object s_rally_e3faf812_lBeEz7DH (ca3c926f-7c40-4501-92c7-f8c3994262c9)
2019-08-02 09:24:54.712 22705 RALLYDEBUG rally_openstack.cleanup.manager [-] Deleting neutron.network object s_rally_e3faf812_c8mBTdYx (cc104d55-6678-479c-b7a3-ab4af665686b)
2019-08-02 09:24:54.987 22705 RALLYDEBUG rally_openstack.cleanup.manager [-] Deleting neutron.network object s_rally_e3faf812_b5EpGjLM (cf72c0e4-82da-40e7-aaa9-6653f2968af4)
2019-08-02 09:24:55.076 22705 RALLYDEBUG rally_openstack.cleanup.manager [-] Deleting neutron.network object s_rally_e3faf812_rAwB2gaE (d0442d79-d198-4e84-8b8f-165c46c3aa76)
2019-08-02 09:24:55.201 22705 RALLYDEBUG rally_openstack.cleanup.manager [-] Deleting neutron.network object s_rally_e3faf812_V2VgBaET (d120b54d-65e2-4a9f-ae5e-15c8fc5fb2cf)
2019-08-02 09:24:55.201 22705 RALLYDEBUG rally_openstack.cleanup.manager [-] Deleting neutron.network object s_rally_e3faf812_jz5Xyeke (d743dba0-8d44-4de4-9a1f-43020fb28a70)
2019-08-02 09:24:55.439 22705 RALLYDEBUG rally_openstack.cleanup.manager [-] Deleting neutron.network object s_rally_e3faf812_eyx1mh6S (df0e9e7d-e548-4f22-a809-a5c9fd079434)
2019-08-02 09:24:55.629 22705 RALLYDEBUG rally_openstack.cleanup.manager [-] Deleting neutron.network object s_rally_e3faf812_cT0oxV0N (e229af24-0eaa-4c18-82d7-60efaf905ca1)
2019-08-02 09:24:56.032 22705 RALLYDEBUG rally_openstack.cleanup.manager [-] Deleting neutron.network object s_rally_e3faf812_ootf9iog (e2689104-669e-42f3-81b5-63a45641c1e3)
2019-08-02 09:24:56.594 22705 RALLYDEBUG rally_openstack.cleanup.manager [-] Deleting neutron.network object s_rally_e3faf812_UmcCBBNx (ecc461e9-c0fe-4f0f-93ff-addb306579ed)
2019-08-02 09:24:56.956 22705 RALLYDEBUG rally_openstack.cleanup.manager [-] Deleting neutron.network object s_rally_e3faf812_QG8im63E (f3942571-ac66-4627-91c5-bc4080e9dd00)
2019-08-02 09:24:57.297 22705 RALLYDEBUG rally_openstack.cleanup.manager [-] Deleting neutron.network object s_rally_e3faf812_YmonPkYX (f6730c2c-2c30-4eca-8797-e98c417f8f2e)
2019-08-02 09:24:57.324 22705 RALLYDEBUG rally_openstack.cleanup.manager [-] Deleting neutron.network object s_rally_e3faf812_6jFnY47a (f80eac86-e134-4226-8b55-9b5a761a2f49)
