2019-08-02 09:45:39.483 26990 WARNING rally_openstack.scenarios.neutron.utils [-] Running this scenario without either the 'network' or 'existing_network' context is deprecated
2019-08-02 09:45:40.774 26993 INFO rally.task.runner [-] Task f2c0e8bc-06f7-4e53-a14f-b560bec65de3 | ITER: 26 END: OK
2019-08-02 09:45:40.782 26993 INFO rally.task.runner [-] Task f2c0e8bc-06f7-4e53-a14f-b560bec65de3 | ITER: 40 START
2019-08-02 09:45:40.783 26993 WARNING rally_openstack.scenarios.neutron.utils [-] Running this scenario without either the 'network' or 'existing_network' context is deprecated
2019-08-02 09:45:41.653 26978 INFO rally.task.runner [-] Task f2c0e8bc-06f7-4e53-a14f-b560bec65de3 | ITER: 14 END: OK
2019-08-02 09:45:41.787 26954 INFO rally.task.runner [-] Task f2c0e8bc-06f7-4e53-a14f-b560bec65de3 | ITER: 5 END: OK
2019-08-02 09:45:41.801 26970 INFO rally.task.runner [-] Task f2c0e8bc-06f7-4e53-a14f-b560bec65de3 | ITER: 13 END: OK
2019-08-02 09:45:41.828 26969 INFO rally.task.runner [-] Task f2c0e8bc-06f7-4e53-a14f-b560bec65de3 | ITER: 24 END: OK
2019-08-02 09:45:41.894 26954 INFO rally.task.runner [-] Task f2c0e8bc-06f7-4e53-a14f-b560bec65de3 | ITER: 7 END: OK
2019-08-02 09:45:43.507 26951 INFO rally.task.runner [-] Task f2c0e8bc-06f7-4e53-a14f-b560bec65de3 | ITER: 28 END: OK
2019-08-02 09:45:43.613 26983 INFO rally.task.runner [-] Task f2c0e8bc-06f7-4e53-a14f-b560bec65de3 | ITER: 33 END: OK
2019-08-02 09:45:43.876 26964 INFO rally.task.runner [-] Task f2c0e8bc-06f7-4e53-a14f-b560bec65de3 | ITER: 25 END: OK
2019-08-02 09:45:45.138 26956 INFO rally.task.runner [-] Task f2c0e8bc-06f7-4e53-a14f-b560bec65de3 | ITER: 9 END: OK
2019-08-02 09:45:45.234 26951 INFO rally.task.runner [-] Task f2c0e8bc-06f7-4e53-a14f-b560bec65de3 | ITER: 1 END: OK
2019-08-02 09:45:45.316 26960 INFO rally.task.runner [-] Task f2c0e8bc-06f7-4e53-a14f-b560bec65de3 | ITER: 11 END: OK
2019-08-02 09:45:45.470 26952 INFO rally.task.runner [-] Task f2c0e8bc-06f7-4e53-a14f-b560bec65de3 | ITER: 32 END: OK
2019-08-02 09:45:45.558 26982 INFO rally.task.runner [-] Task f2c0e8bc-06f7-4e53-a14f-b560bec65de3 | ITER: 15 END: OK
2019-08-02 09:45:47.690 26953 INFO rally.task.runner [-] Task f2c0e8bc-06f7-4e53-a14f-b560bec65de3 | ITER: 36 END: OK
2019-08-02 09:45:47.917 26990 INFO rally.task.runner [-] Task f2c0e8bc-06f7-4e53-a14f-b560bec65de3 | ITER: 39 END: OK
2019-08-02 09:45:51.889 26987 INFO rally.task.runner [-] Task f2c0e8bc-06f7-4e53-a14f-b560bec65de3 | ITER: 34 END: OK
2019-08-02 09:45:53.272 26952 INFO rally.task.runner [-] Task f2c0e8bc-06f7-4e53-a14f-b560bec65de3 | ITER: 37 END: OK
2019-08-02 09:45:53.291 26996 INFO rally.task.runner [-] Task f2c0e8bc-06f7-4e53-a14f-b560bec65de3 | ITER: 38 END: OK
2019-08-02 09:45:54.877 26953 INFO rally.task.runner [-] Task f2c0e8bc-06f7-4e53-a14f-b560bec65de3 | ITER: 35 END: OK
2019-08-02 09:45:56.221 26993 INFO rally.task.runner [-] Task f2c0e8bc-06f7-4e53-a14f-b560bec65de3 | ITER: 40 END: OK
2019-08-02 09:45:56.244 22705 INFO rally.task.context [-] Task f2c0e8bc-06f7-4e53-a14f-b560bec65de3 | Context cleanup@openstack cleanup() started
2019-08-02 09:45:56.247 22705 RALLYDEBUG rally_openstack.cleanup.manager [-] Cleaning up neutron vip objects
2019-08-02 09:45:56.957 22705 RALLYDEBUG rally_openstack.cleanup.manager [-] Cleaning up neutron health_monitor objects
2019-08-02 09:45:57.606 22705 RALLYDEBUG rally_openstack.cleanup.manager [-] Cleaning up neutron pool objects
2019-08-02 09:45:58.299 22705 RALLYDEBUG rally_openstack.cleanup.manager [-] Cleaning up neutron loadbalancer objects
2019-08-02 09:45:58.904 22705 RALLYDEBUG rally_openstack.cleanup.manager [-] Cleaning up neutron floatingip objects
2019-08-02 09:45:59.554 22705 RALLYDEBUG rally_openstack.cleanup.manager [-] Cleaning up neutron port objects
2019-08-02 09:46:00.308 22705 RALLYDEBUG rally_openstack.cleanup.manager [-] Cleaning up neutron subnet objects
2019-08-02 09:46:00.932 22705 RALLYDEBUG rally_openstack.cleanup.manager [-] Cleaning up neutron network objects
2019-08-02 09:46:01.884 22705 RALLYDEBUG rally_openstack.cleanup.manager [-] Deleting neutron.network object s_rally_53fc7aed_ZJdz0jSD (07cc3f8a-fe06-4719-b275-032cde92534b)
2019-08-02 09:46:01.888 22705 RALLYDEBUG rally_openstack.cleanup.manager [-] Deleting neutron.network object s_rally_53fc7aed_2Gz3skOS (39285ce8-2690-418d-8a89-a5898d30f78e)
2019-08-02 09:46:01.895 22705 RALLYDEBUG rally_openstack.cleanup.manager [-] Deleting neutron.network object s_rally_53fc7aed_xnG0Kcnh (10268893-26cc-47fc-ae36-10ba579a369b)
2019-08-02 09:46:01.902 22705 RALLYDEBUG rally_openstack.cleanup.manager [-] Deleting neutron.network object s_rally_53fc7aed_YWi3RMxQ (1fe2d05a-72d7-443f-b34d-1d771f4519af)
2019-08-02 09:46:01.906 22705 RALLYDEBUG rally_openstack.cleanup.manager [-] Deleting neutron.network object s_rally_53fc7aed_RUbRyU2c (4ca339bf-9817-4fd3-941d-27e531c13ace)
2019-08-02 09:46:01.908 22705 RALLYDEBUG rally_openstack.cleanup.manager [-] Deleting neutron.network object s_rally_53fc7aed_NYiSjEE2 (58fc4b77-b1ef-401b-b18d-f32a92d247d0)
2019-08-02 09:46:01.908 22705 RALLYDEBUG rally_openstack.cleanup.manager [-] Deleting neutron.network object s_rally_53fc7aed_H9hlkqEJ (560a7215-24d2-49f7-a812-41a4aae82dfa)
2019-08-02 09:46:01.912 22705 RALLYDEBUG rally_openstack.cleanup.manager [-] Deleting neutron.network object s_rally_53fc7aed_vcg4m0JL (0da591e0-88f0-417b-90fb-f27415eefe46)
2019-08-02 09:46:01.913 22705 RALLYDEBUG rally_openstack.cleanup.manager [-] Deleting neutron.network object s_rally_53fc7aed_PltZ1EqQ (2693f48a-cba4-46a6-a277-ba4c656ed586)
2019-08-02 09:46:01.914 22705 RALLYDEBUG rally_openstack.cleanup.manager [-] Deleting neutron.network object s_rally_53fc7aed_lKXDzcJy (06fa6736-6733-4a81-9322-5badb48004c0)
2019-08-02 09:46:01.918 22705 RALLYDEBUG rally_openstack.cleanup.manager [-] Deleting neutron.network object s_rally_53fc7aed_aCTPpAaz (32d457f5-c061-4d26-9cb6-5f2cdcef66ff)
2019-08-02 09:46:01.915 22705 RALLYDEBUG rally_openstack.cleanup.manager [-] Deleting neutron.network object s_rally_53fc7aed_oNtvti1p (26f849ab-3e77-457d-b8c5-9e78745cc233)
2019-08-02 09:46:01.922 22705 RALLYDEBUG rally_openstack.cleanup.manager [-] Deleting neutron.network object s_rally_53fc7aed_NddHacKA (5de41d65-9b7d-4f92-b548-0a7a42a2c5fa)
2019-08-02 09:46:01.925 22705 RALLYDEBUG rally_openstack.cleanup.manager [-] Deleting neutron.network object s_rally_53fc7aed_7gNUwaDz (71bb2b74-8072-4b3d-aebb-2e39dda3d5b3)
2019-08-02 09:46:01.925 22705 RALLYDEBUG rally_openstack.cleanup.manager [-] Deleting neutron.network object s_rally_53fc7aed_R3XPqEYI (09ac7466-f798-4fbe-85ac-968451b60737)
2019-08-02 09:46:01.928 22705 RALLYDEBUG rally_openstack.cleanup.manager [-] Deleting neutron.network object s_rally_53fc7aed_lqYIRvJ1 (66f6786b-99c7-410e-a94a-2cd80d1f0c37)
2019-08-02 09:46:01.933 22705 RALLYDEBUG rally_openstack.cleanup.manager [-] Deleting neutron.network object s_rally_53fc7aed_ggUMYZXQ (243f3b52-a32c-4872-aee1-db96c835f1e8)
2019-08-02 09:46:01.936 22705 RALLYDEBUG rally_openstack.cleanup.manager [-] Deleting neutron.network object s_rally_53fc7aed_AkEBq3wi (8b9ae4ab-de2e-474a-8f37-9b4ee0dcd104)
2019-08-02 09:46:01.946 22705 RALLYDEBUG rally_openstack.cleanup.manager [-] Deleting neutron.network object s_rally_53fc7aed_V4iZwdUO (7fac9806-f174-4ba8-b667-7a4ee0dea6fc)
2019-08-02 09:46:01.949 22705 RALLYDEBUG rally_openstack.cleanup.manager [-] Deleting neutron.network object s_rally_53fc7aed_3g3CGDpO (93b252b5-5fb8-4546-82be-8e5d8c28e3b9)
2019-08-02 09:46:04.841 22705 RALLYDEBUG rally_openstack.cleanup.manager [-] Deleting neutron.network object s_rally_53fc7aed_N08RQlI4 (a4388847-3607-4389-9f06-84d18a3f3727)
2019-08-02 09:46:04.966 22705 RALLYDEBUG rally_openstack.cleanup.manager [-] Deleting neutron.network object s_rally_53fc7aed_VCdrL8kW (b46aa021-3e88-4afd-aec1-89996329738f)
2019-08-02 09:46:05.246 22705 RALLYDEBUG rally_openstack.cleanup.manager [-] Deleting neutron.network object s_rally_53fc7aed_QoS1bYS3 (b6f70ebb-8561-4dae-845d-bc0669aef2f5)
2019-08-02 09:46:05.552 22705 RALLYDEBUG rally_openstack.cleanup.manager [-] Deleting neutron.network object s_rally_53fc7aed_j1wYAA9s (b84a2c59-e00a-4844-a397-7d4f6399f34c)
2019-08-02 09:46:07.340 22705 RALLYDEBUG rally_openstack.cleanup.manager [-] Deleting neutron.network object s_rally_53fc7aed_L1F7K7WU (bbb5e8d4-4a3a-49d4-b695-ccfd4ac7b6bf)
2019-08-02 09:46:07.488 22705 RALLYDEBUG rally_openstack.cleanup.manager [-] Deleting neutron.network object s_rally_53fc7aed_oj668Uv0 (bc2c9314-9bdf-4d21-aa98-277e1aebacf8)
2019-08-02 09:46:07.664 22705 RALLYDEBUG rally_openstack.cleanup.manager [-] Deleting neutron.network object s_rally_53fc7aed_JD8eSnYh (c6c7395b-79ee-41a4-885e-0dcfd5b796f6)
2019-08-02 09:46:08.052 22705 RALLYDEBUG rally_openstack.cleanup.manager [-] Deleting neutron.network object s_rally_53fc7aed_i2lLZnNF (caff6e74-2f05-422a-8371-8cd09a01dfd6)
2019-08-02 09:46:08.178 22705 RALLYDEBUG rally_openstack.cleanup.manager [-] Deleting neutron.network object s_rally_53fc7aed_ywyUSERD (cbacaffd-abab-42f4-ad0b-5404265bcf1f)
2019-08-02 09:46:08.271 22705 RALLYDEBUG rally_openstack.cleanup.manager [-] Deleting neutron.network object s_rally_53fc7aed_XyTdrcT1 (cf82fe30-2e15-49c3-8b13-5097bd42c97b)
2019-08-02 09:46:08.475 22705 RALLYDEBUG rally_openstack.cleanup.manager [-] Deleting neutron.network object s_rally_53fc7aed_WWD4L8k3 (d0ac21c1-8d6f-4498-a6b3-e0ec9b0ef608)
2019-08-02 09:46:09.006 22705 RALLYDEBUG rally_openstack.cleanup.manager [-] Deleting neutron.network object s_rally_53fc7aed_kw8kerE1 (d0cf2707-0027-4d80-a910-c0bab953af38)
2019-08-02 09:46:09.491 22705 RALLYDEBUG rally_openstack.cleanup.manager [-] Deleting neutron.network object s_rally_53fc7aed_rfCILsoT (d2f3c172-839d-4acc-89db-6649c7603cda)
2019-08-02 09:46:09.615 22705 RALLYDEBUG rally_openstack.cleanup.manager [-] Deleting neutron.network object s_rally_53fc7aed_zZt0aquG (dafc1147-f844-438d-8ee7-d97ce29d8989)
2019-08-02 09:46:09.696 22705 RALLYDEBUG rally_openstack.cleanup.manager [-] Deleting neutron.network object s_rally_53fc7aed_j4ZGJjaZ (ddbfbfb8-41ee-4444-8531-d09ffd6d670c)
2019-08-02 09:46:09.701 22705 RALLYDEBUG rally_openstack.cleanup.manager [-] Deleting neutron.network object s_rally_53fc7aed_q9jJ0vDH (e36a6a8a-686f-4fbb-8760-b6ff2b9b7df7)
2019-08-02 09:46:09.854 22705 RALLYDEBUG rally_openstack.cleanup.manager [-] Deleting neutron.network object s_rally_53fc7aed_HqK2qzzr (f0916b27-c4ba-44ab-810f-5bf7306ee65c)
2019-08-02 09:46:09.885 22705 RALLYDEBUG rally_openstack.cleanup.manager [-] Deleting neutron.network object s_rally_53fc7aed_bR4RcGrg (f2c5864e-4712-4942-aeae-7712e9b07718)
2019-08-02 09:46:09.904 22705 RALLYDEBUG rally_openstack.cleanup.manager [-] Deleting neutron.network object s_rally_53fc7aed_7c2ojEJA (f7499ed9-9c3d-4b4c-b9f5-179077d5aa82)
2019-08-02 09:46:09.942 22705 RALLYDEBUG rally_openstack.cleanup.manager [-] Deleting neutron.network object s_rally_53fc7aed_rJFXZZJf (fa004cbb-9f64-4d81-b82b-1ecd11590b8e)
2019-08-02 09:46:14.149 22705 RALLYDEBUG rally_openstack.cleanup.manager [-] Cleaning up neutron router objects
2019-08-02 09:46:14.805 22705 RALLYDEBUG rally_openstack.cleanup.manager [-] Cleaning up neutron security_group objects
2019-08-02 09:46:15.450 22705 INFO rally.task.context [-] Task f2c0e8bc-06f7-4e53-a14f-b560bec65de3 | Context cleanup@openstack cleanup() finished in 19.21 sec
2019-08-02 09:46:15.451 22705 INFO rally.task.context [-] Task f2c0e8bc-06f7-4e53-a14f-b560bec65de3 | Context quotas@openstack cleanup() started
2019-08-02 09:46:15.702 22705 INFO rally.task.context [-] Task f2c0e8bc-06f7-4e53-a14f-b560bec65de3 | Context quotas@openstack cleanup() finished in 0.25 sec
2019-08-02 09:46:15.703 22705 INFO rally.task.context [-] Task f2c0e8bc-06f7-4e53-a14f-b560bec65de3 | Context users@openstack cleanup() started
2019-08-02 09:46:20.089 22705 INFO rally.task.context [-] Task f2c0e8bc-06f7-4e53-a14f-b560bec65de3 | Context users@openstack cleanup() finished in 4.39 sec
2019-08-02 09:46:20.941 22705 INFO rally.task.engine [-] Load duration is: 46.638185
2019-08-02 09:46:20.942 22705 INFO rally.task.engine [-] Full runner duration is: 46.685087
2019-08-02 09:46:20.942 22705 INFO rally.task.engine [-] Full duration is: 75.435114
2019-08-02 09:46:21.237 22705 INFO rally.task.engine [-] Running workload: position = 0 config = { "version": 2, "title": "A cropped version of a bigger task.", "description": "Auto-generated task from a single workload (uuid=58d6bcdf-34c8-4c6c-bf8f-34c18e22bb41)", "subtasks": [ { "title": "Quotas.neutron_update", "description": "Update quotas for neutron.", "scenario": { "Quotas.neutron_update": { "max_quota": 1024 } }, "contexts": { "users": { "tenants": 20, "users_per_tenant": 1 } }, "runner": { "constant": { "times": 40, "concurrency": 20 } }, "hooks": [], "sla": { "failure_rate": { "max": 0 } } } ] }
2019-08-02 09:46:21.260 22705 RALLYDEBUG rally_openstack.contexts.keystone.users [-] Creating 20 tenants using 20 threads
2019-08-02 09:46:25.235 22705 RALLYDEBUG rally_openstack.contexts.keystone.users [-] Creating 20 users using 20 threads
2019-08-02 09:46:30.557 22705 INFO rally.task.context [-] Task f2c0e8bc-06f7-4e53-a14f-b560bec65de3 | Context users@openstack setup() finished in 9.30 sec
2019-08-02 09:46:30.557 22705 INFO rally.task.context [-] Task f2c0e8bc-06f7-4e53-a14f-b560bec65de3 | Context admin_cleanup@openstack setup() finished in 0.01 msec
2019-08-02 09:46:30.565 22705 RALLYDEBUG rally.task.runner [-] Starting the constant runner (task UUID: f2c0e8bc-06f7-4e53-a14f-b560bec65de3). timeout: 0 concurrency: 20 concurrency_per_worker: 1 times: 40 concurrency_overhead: 4 processes_to_start: 16 max_cpu_used: 16
2019-08-02 09:46:30.578 27321 RALLYDEBUG rally.task.runner [-] Starting a worker. concurrency: 2 args: {"max_quota": 1024} times: 40 method_name: run timeout: 0 duration: None cls:
2019-08-02 09:46:30.582 27322 RALLYDEBUG rally.task.runner [-] Starting a worker. concurrency: 2 args: {"max_quota": 1024} times: 40 method_name: run timeout: 0 duration: None cls:
2019-08-02 09:46:30.584 27323 RALLYDEBUG rally.task.runner [-] Starting a worker. concurrency: 2 args: {"max_quota": 1024} times: 40 method_name: run timeout: 0 duration: None cls:
2019-08-02 09:46:30.585 27324 RALLYDEBUG rally.task.runner [-] Starting a worker. concurrency: 2 args: {"max_quota": 1024} times: 40 method_name: run timeout: 0 duration: None cls:
2019-08-02 09:46:30.589 27321 INFO rally.task.runner [-] Task f2c0e8bc-06f7-4e53-a14f-b560bec65de3 | ITER: 1 START
2019-08-02 09:46:30.591 27325 RALLYDEBUG rally.task.runner [-] Starting a worker. concurrency: 1 args: {"max_quota": 1024} times: 40 method_name: run timeout: 0 duration: None cls:
2019-08-02 09:46:30.594 27327 RALLYDEBUG rally.task.runner [-] Starting a worker. concurrency: 1 args: {"max_quota": 1024} times: 40 method_name: run timeout: 0 duration: None cls:
2019-08-02 09:46:30.597 27331 RALLYDEBUG rally.task.runner [-] Starting a worker. concurrency: 1 args: {"max_quota": 1024} times: 40 method_name: run timeout: 0 duration: None cls:
2019-08-02 09:46:30.598 27324 INFO rally.task.runner [-] Task f2c0e8bc-06f7-4e53-a14f-b560bec65de3 | ITER: 5 START
2019-08-02 09:46:30.598 27322 INFO rally.task.runner [-] Task f2c0e8bc-06f7-4e53-a14f-b560bec65de3 | ITER: 2 START
2019-08-02 09:46:30.601 27323 INFO rally.task.runner [-] Task f2c0e8bc-06f7-4e53-a14f-b560bec65de3 | ITER: 3 START
2019-08-02 09:46:30.604 27321 INFO rally.task.runner [-] Task f2c0e8bc-06f7-4e53-a14f-b560bec65de3 | ITER: 4 START
2019-08-02 09:46:30.605 27322 INFO rally.task.runner [-] Task f2c0e8bc-06f7-4e53-a14f-b560bec65de3 | ITER: 6 START
2019-08-02 09:46:30.605 27323 INFO rally.task.runner [-] Task f2c0e8bc-06f7-4e53-a14f-b560bec65de3 | ITER: 9 START
2019-08-02 09:46:30.605 27324 INFO rally.task.runner [-] Task f2c0e8bc-06f7-4e53-a14f-b560bec65de3 | ITER: 7 START
2019-08-02 09:46:30.606 27325 INFO rally.task.runner [-] Task f2c0e8bc-06f7-4e53-a14f-b560bec65de3 | ITER: 8 START
2019-08-02 09:46:30.605 27339 RALLYDEBUG rally.task.runner [-] Starting a worker. concurrency: 1 args: {"max_quota": 1024} times: 40 method_name: run timeout: 0 duration: None cls:
2019-08-02 09:46:30.605 27336 RALLYDEBUG rally.task.runner [-] Starting a worker. concurrency: 1 args: {"max_quota": 1024} times: 40 method_name: run timeout: 0 duration: None cls:
2019-08-02 09:46:30.609 27343 RALLYDEBUG rally.task.runner [-] Starting a worker. concurrency: 1 args: {"max_quota": 1024} times: 40 method_name: run timeout: 0 duration: None cls:
2019-08-02 09:46:30.611 27348 RALLYDEBUG rally.task.runner [-] Starting a worker. concurrency: 1 args: {"max_quota": 1024} times: 40 method_name: run timeout: 0 duration: None cls:
2019-08-02 09:46:30.615 27327 INFO rally.task.runner [-] Task f2c0e8bc-06f7-4e53-a14f-b560bec65de3 | ITER: 10 START
2019-08-02 09:46:30.616 27339 INFO rally.task.runner [-] Task f2c0e8bc-06f7-4e53-a14f-b560bec65de3 | ITER: 12 START
2019-08-02 09:46:30.616 27331 INFO rally.task.runner [-] Task f2c0e8bc-06f7-4e53-a14f-b560bec65de3 | ITER: 11 START
2019-08-02 09:46:30.617 27336 INFO rally.task.runner [-] Task f2c0e8bc-06f7-4e53-a14f-b560bec65de3 | ITER: 13 START
2019-08-02 09:46:30.617 27349 RALLYDEBUG rally.task.runner [-] Starting a worker. concurrency: 1 args: {"max_quota": 1024} times: 40 method_name: run timeout: 0 duration: None cls:
2019-08-02 09:46:30.618 27350 RALLYDEBUG rally.task.runner [-] Starting a worker. concurrency: 1 args: {"max_quota": 1024} times: 40 method_name: run timeout: 0 duration: None cls:
2019-08-02 09:46:30.623 27343 INFO rally.task.runner [-] Task f2c0e8bc-06f7-4e53-a14f-b560bec65de3 | ITER: 14 START
2019-08-02 09:46:30.625 27348 INFO rally.task.runner [-] Task f2c0e8bc-06f7-4e53-a14f-b560bec65de3 | ITER: 15 START
2019-08-02 09:46:30.624 27354 RALLYDEBUG rally.task.runner [-] Starting a worker. concurrency: 1 args: {"max_quota": 1024} times: 40 method_name: run timeout: 0 duration: None cls:
2019-08-02 09:46:30.628 27350 INFO rally.task.runner [-] Task f2c0e8bc-06f7-4e53-a14f-b560bec65de3 | ITER: 17 START
2019-08-02 09:46:30.628 27349 INFO rally.task.runner [-] Task f2c0e8bc-06f7-4e53-a14f-b560bec65de3 | ITER: 16 START
2019-08-02 09:46:30.631 27361 RALLYDEBUG rally.task.runner [-] Starting a worker. concurrency: 1 args: {"max_quota": 1024} times: 40 method_name: run timeout: 0 duration: None cls:
2019-08-02 09:46:30.637 27366 RALLYDEBUG rally.task.runner [-] Starting a worker. concurrency: 1 args: {"max_quota": 1024} times: 40 method_name: run timeout: 0 duration: None cls:
2019-08-02 09:46:30.638 27354 INFO rally.task.runner [-] Task f2c0e8bc-06f7-4e53-a14f-b560bec65de3 | ITER: 18 START
2019-08-02 09:46:30.640 27361 INFO rally.task.runner [-] Task f2c0e8bc-06f7-4e53-a14f-b560bec65de3 | ITER: 19 START
2019-08-02 09:46:30.645 27366 INFO rally.task.runner [-] Task f2c0e8bc-06f7-4e53-a14f-b560bec65de3 | ITER: 20 START
2019-08-02 09:46:32.014 27321 INFO rally.task.runner [-] Task f2c0e8bc-06f7-4e53-a14f-b560bec65de3 | ITER: 1 END: OK
2019-08-02 09:46:32.021 27321 INFO rally.task.runner [-] Task f2c0e8bc-06f7-4e53-a14f-b560bec65de3 | ITER: 21 START
2019-08-02 09:46:32.059 27324 INFO rally.task.runner [-] Task f2c0e8bc-06f7-4e53-a14f-b560bec65de3 | ITER: 7 END: OK
2019-08-02 09:46:32.065 27324 INFO rally.task.runner [-] Task f2c0e8bc-06f7-4e53-a14f-b560bec65de3 | ITER: 22 START
2019-08-02 09:46:32.082 27323 INFO rally.task.runner [-] Task f2c0e8bc-06f7-4e53-a14f-b560bec65de3 | ITER: 9 END: OK
2019-08-02 09:46:32.087 27323 INFO rally.task.runner [-] Task f2c0e8bc-06f7-4e53-a14f-b560bec65de3 | ITER: 23 START
2019-08-02 09:46:32.107 27327 INFO rally.task.runner [-] Task f2c0e8bc-06f7-4e53-a14f-b560bec65de3 | ITER: 10 END: OK
2019-08-02 09:46:32.112 27327 INFO rally.task.runner [-] Task f2c0e8bc-06f7-4e53-a14f-b560bec65de3 | ITER: 24 START
2019-08-02 09:46:32.147 27331 INFO rally.task.runner [-] Task f2c0e8bc-06f7-4e53-a14f-b560bec65de3 | ITER: 11 END: OK
2019-08-02 09:46:32.152 27331 INFO rally.task.runner [-] Task f2c0e8bc-06f7-4e53-a14f-b560bec65de3 | ITER: 25 START
2019-08-02 09:46:32.313 27324 INFO rally.task.runner [-] Task f2c0e8bc-06f7-4e53-a14f-b560bec65de3 | ITER: 5 END: OK
2019-08-02 09:46:32.320 27324 INFO rally.task.runner [-] Task f2c0e8bc-06f7-4e53-a14f-b560bec65de3 | ITER: 26 START
2019-08-02 09:46:32.326 27348 INFO rally.task.runner [-] Task f2c0e8bc-06f7-4e53-a14f-b560bec65de3 | ITER: 15 END: OK
2019-08-02 09:46:32.326 27322 INFO rally.task.runner [-] Task f2c0e8bc-06f7-4e53-a14f-b560bec65de3 | ITER: 6 END: OK
2019-08-02 09:46:32.333 27348 INFO rally.task.runner [-] Task f2c0e8bc-06f7-4e53-a14f-b560bec65de3 | ITER: 27 START
2019-08-02 09:46:32.334 27322 INFO rally.task.runner [-] Task f2c0e8bc-06f7-4e53-a14f-b560bec65de3 | ITER: 28 START
2019-08-02 09:46:32.342 27322 INFO rally.task.runner [-] Task f2c0e8bc-06f7-4e53-a14f-b560bec65de3 | ITER: 2 END: OK
2019-08-02 09:46:32.349 27321 INFO rally.task.runner [-] Task f2c0e8bc-06f7-4e53-a14f-b560bec65de3 | ITER: 4 END: OK
2019-08-02 09:46:32.353 27322 INFO rally.task.runner [-] Task f2c0e8bc-06f7-4e53-a14f-b560bec65de3 | ITER: 29 START
2019-08-02 09:46:32.354 27321 INFO rally.task.runner [-] Task f2c0e8bc-06f7-4e53-a14f-b560bec65de3 | ITER: 30 START
2019-08-02 09:46:32.462 27350 INFO rally.task.runner [-] Task f2c0e8bc-06f7-4e53-a14f-b560bec65de3 | ITER: 17 END: OK
2019-08-02 09:46:32.465 27354 INFO rally.task.runner [-] Task f2c0e8bc-06f7-4e53-a14f-b560bec65de3 | ITER: 18 END: OK
2019-08-02 09:46:32.469 27339 INFO rally.task.runner [-] Task f2c0e8bc-06f7-4e53-a14f-b560bec65de3 | ITER: 12 END: OK
2019-08-02 09:46:32.470 27350 INFO rally.task.runner [-] Task f2c0e8bc-06f7-4e53-a14f-b560bec65de3 | ITER: 31 START
2019-08-02 09:46:32.473 27354 INFO rally.task.runner [-] Task f2c0e8bc-06f7-4e53-a14f-b560bec65de3 | ITER: 32 START
2019-08-02 09:46:32.476 27339 INFO rally.task.runner [-] Task f2c0e8bc-06f7-4e53-a14f-b560bec65de3 | ITER: 33 START
2019-08-02 09:46:32.483 27366 INFO rally.task.runner [-] Task f2c0e8bc-06f7-4e53-a14f-b560bec65de3 | ITER: 20 END: OK
2019-08-02 09:46:32.491 27366 INFO rally.task.runner [-] Task f2c0e8bc-06f7-4e53-a14f-b560bec65de3 | ITER: 34 START
2019-08-02 09:46:32.493 27361 INFO rally.task.runner [-] Task f2c0e8bc-06f7-4e53-a14f-b560bec65de3 | ITER: 19 END: OK
2019-08-02 09:46:32.494 27325 INFO rally.task.runner [-] Task f2c0e8bc-06f7-4e53-a14f-b560bec65de3 | ITER: 8 END: OK
2019-08-02 09:46:32.500 27361 INFO rally.task.runner [-] Task f2c0e8bc-06f7-4e53-a14f-b560bec65de3 | ITER: 35 START
2019-08-02 09:46:32.502 27325 INFO rally.task.runner [-] Task f2c0e8bc-06f7-4e53-a14f-b560bec65de3 | ITER: 36 START
2019-08-02 09:46:32.511 27336 INFO rally.task.runner [-] Task f2c0e8bc-06f7-4e53-a14f-b560bec65de3 | ITER: 13 END: OK
2019-08-02 09:46:32.517 27336 INFO rally.task.runner [-] Task f2c0e8bc-06f7-4e53-a14f-b560bec65de3 | ITER: 37 START
2019-08-02 09:46:32.524 27323 INFO rally.task.runner [-] Task f2c0e8bc-06f7-4e53-a14f-b560bec65de3 | ITER: 3 END: OK
2019-08-02 09:46:32.528 27323 INFO rally.task.runner [-] Task f2c0e8bc-06f7-4e53-a14f-b560bec65de3 | ITER: 38 START
2019-08-02 09:46:32.554 27349 INFO rally.task.runner [-] Task f2c0e8bc-06f7-4e53-a14f-b560bec65de3 | ITER: 16 END: OK
2019-08-02 09:46:32.560 27349 INFO rally.task.runner [-] Task f2c0e8bc-06f7-4e53-a14f-b560bec65de3 | ITER: 39 START
2019-08-02 09:46:32.578 27343 INFO rally.task.runner [-] Task f2c0e8bc-06f7-4e53-a14f-b560bec65de3 | ITER: 14 END: OK
2019-08-02 09:46:32.584 27343 INFO rally.task.runner [-] Task f2c0e8bc-06f7-4e53-a14f-b560bec65de3 | ITER: 40 START
2019-08-02 09:46:33.385 27321 INFO rally.task.runner [-] Task f2c0e8bc-06f7-4e53-a14f-b560bec65de3 | ITER: 21 END: OK
2019-08-02 09:46:33.443 27323 INFO rally.task.runner [-] Task f2c0e8bc-06f7-4e53-a14f-b560bec65de3 | ITER: 23 END: OK
2019-08-02 09:46:33.471 27324 INFO rally.task.runner [-] Task f2c0e8bc-06f7-4e53-a14f-b560bec65de3 | ITER: 22 END: OK
2019-08-02 09:46:33.482 27327 INFO rally.task.runner [-] Task f2c0e8bc-06f7-4e53-a14f-b560bec65de3 | ITER: 24 END: OK
2019-08-02 09:46:33.505 27331 INFO rally.task.runner [-] Task f2c0e8bc-06f7-4e53-a14f-b560bec65de3 | ITER: 25 END: OK
2019-08-02 09:46:33.772 27321 INFO rally.task.runner [-] Task f2c0e8bc-06f7-4e53-a14f-b560bec65de3 | ITER: 30 END: OK
2019-08-02 09:46:33.815 27324 INFO rally.task.runner [-] Task f2c0e8bc-06f7-4e53-a14f-b560bec65de3 | ITER: 26 END: OK
2019-08-02 09:46:33.833 27322 INFO rally.task.runner [-] Task f2c0e8bc-06f7-4e53-a14f-b560bec65de3 | ITER: 28 END: OK
2019-08-02 09:46:33.852 27350 INFO rally.task.runner [-] Task f2c0e8bc-06f7-4e53-a14f-b560bec65de3 | ITER: 31 END: OK
2019-08-02 09:46:33.874 27354 INFO rally.task.runner [-] Task f2c0e8bc-06f7-4e53-a14f-b560bec65de3 | ITER: 32 END: OK
2019-08-02 09:46:33.875 27339 INFO rally.task.runner [-] Task f2c0e8bc-06f7-4e53-a14f-b560bec65de3 | ITER: 33 END: OK
2019-08-02 09:46:33.879 27348 INFO rally.task.runner [-] Task f2c0e8bc-06f7-4e53-a14f-b560bec65de3 | ITER: 27 END: OK
2019-08-02 09:46:33.908 27366 INFO rally.task.runner [-] Task f2c0e8bc-06f7-4e53-a14f-b560bec65de3 | ITER: 34 END: OK
2019-08-02 09:46:33.942 27325 INFO rally.task.runner [-] Task f2c0e8bc-06f7-4e53-a14f-b560bec65de3 | ITER: 36 END: OK
2019-08-02 09:46:33.947 27349 INFO rally.task.runner [-] Task f2c0e8bc-06f7-4e53-a14f-b560bec65de3 | ITER: 39 END: OK
2019-08-02 09:46:33.960 27361 INFO rally.task.runner [-] Task f2c0e8bc-06f7-4e53-a14f-b560bec65de3 | ITER: 35 END: OK
2019-08-02 09:46:33.984 27323 INFO rally.task.runner [-] Task f2c0e8bc-06f7-4e53-a14f-b560bec65de3 | ITER: 38 END: OK
2019-08-02 09:46:33.988 27322 INFO rally.task.runner [-] Task f2c0e8bc-06f7-4e53-a14f-b560bec65de3 | ITER: 29 END: OK
2019-08-02 09:46:34.014 27336 INFO rally.task.runner [-] Task f2c0e8bc-06f7-4e53-a14f-b560bec65de3 | ITER: 37 END: OK
2019-08-02 09:46:34.044 27343 INFO rally.task.runner [-] Task f2c0e8bc-06f7-4e53-a14f-b560bec65de3 | ITER: 40 END: OK
2019-08-02 09:46:34.073 22705 INFO rally.task.context [-] Task f2c0e8bc-06f7-4e53-a14f-b560bec65de3 | Context admin_cleanup@openstack cleanup() started
2019-08-02 09:46:34.075 22705 RALLYDEBUG rally_openstack.cleanup.manager [-] Cleaning up neutron quota objects
2019-08-02 09:46:37.815 22705 INFO rally.task.context [-] Task f2c0e8bc-06f7-4e53-a14f-b560bec65de3 | Context admin_cleanup@openstack cleanup() finished in 3.74 sec
2019-08-02 09:46:37.815 22705 INFO rally.task.context [-] Task f2c0e8bc-06f7-4e53-a14f-b560bec65de3 | Context users@openstack cleanup() started
2019-08-02 09:47:05.755 22705 INFO rally.task.context [-] Task f2c0e8bc-06f7-4e53-a14f-b560bec65de3 | Context users@openstack cleanup() finished in 27.94 sec
2019-08-02 09:47:07.497 22705 INFO rally.task.engine [-] Load duration is: 3.450949
2019-08-02 09:47:07.498 22705 INFO rally.task.engine [-] Full runner duration is: 3.5084
2019-08-02 09:47:07.498 22705 INFO rally.task.engine [-] Full duration is: 44.496478
2019-08-02 09:47:07.734 22705 INFO rally.task.engine [-] Running workload: position = 0 config = { "version": 2, "title": "A cropped version of a bigger task.", "description": "Auto-generated task from a single workload (uuid=9a65c888-e6cd-4b99-a64e-d47cbf6ce4b4)", "subtasks": [ { "title": "NeutronTrunks.create_and_list_trunk_subports", "description": "", "scenario": { "NeutronTrunks.create_and_list_trunk_subports": { "subport_count": 125 } }, "contexts": { "users": { "tenants": 1, "users_per_tenant": 1 }, "quotas": { "neutron": { "network": -1, "port": 1000 } } }, "runner": { "constant": { "times": 4, "concurrency": 4 } }, "hooks": [], "sla": { "failure_rate": { "max": 0 } } } ] }
2019-08-02 09:47:07.755 22705 RALLYDEBUG rally_openstack.contexts.keystone.users [-] Creating 1 tenants using 20 threads
2019-08-02 09:47:09.387 22705 RALLYDEBUG rally_openstack.contexts.keystone.users [-] Creating 1 users using 20 threads
2019-08-02 09:47:11.938 22705 INFO rally.task.context [-] Task f2c0e8bc-06f7-4e53-a14f-b560bec65de3 | Context users@openstack setup() finished in 4.18 sec
2019-08-02 09:47:12.708 22705 INFO rally.task.context [-] Task f2c0e8bc-06f7-4e53-a14f-b560bec65de3 | Context quotas@openstack setup() finished in 0.77 sec
2019-08-02 09:47:12.708 22705 INFO rally.task.context [-] Task f2c0e8bc-06f7-4e53-a14f-b560bec65de3 | Context cleanup@openstack setup() finished in 0.00 msec
2019-08-02 09:47:12.716 22705 RALLYDEBUG rally.task.runner [-] Starting the constant runner (task UUID: f2c0e8bc-06f7-4e53-a14f-b560bec65de3). timeout: 0 concurrency: 4 concurrency_per_worker: 1 times: 4 concurrency_overhead: 0 processes_to_start: 4 max_cpu_used: 16
2019-08-02 09:47:12.727 27512 RALLYDEBUG rally.task.runner [-] Starting a worker. concurrency: 1 args: {"subport_count": 125} times: 4 method_name: run timeout: 0 duration: None cls:
2019-08-02 09:47:12.728 27511 RALLYDEBUG rally.task.runner [-] Starting a worker. concurrency: 1 args: {"subport_count": 125} times: 4 method_name: run timeout: 0 duration: None cls:
2019-08-02 09:47:12.730 27513 RALLYDEBUG rally.task.runner [-] Starting a worker. concurrency: 1 args: {"subport_count": 125} times: 4 method_name: run timeout: 0 duration: None cls:
2019-08-02 09:47:12.731 27512 INFO rally.task.runner [-] Task f2c0e8bc-06f7-4e53-a14f-b560bec65de3 | ITER: 1 START
2019-08-02 09:47:12.731 27514 RALLYDEBUG rally.task.runner [-] Starting a worker. concurrency: 1 args: {"subport_count": 125} times: 4 method_name: run timeout: 0 duration: None cls:
2019-08-02 09:47:12.733 27511 INFO rally.task.runner [-] Task f2c0e8bc-06f7-4e53-a14f-b560bec65de3 | ITER: 2 START
2019-08-02 09:47:12.733 27513 INFO rally.task.runner [-] Task f2c0e8bc-06f7-4e53-a14f-b560bec65de3 | ITER: 3 START
2019-08-02 09:47:12.734 27514 INFO rally.task.runner [-] Task f2c0e8bc-06f7-4e53-a14f-b560bec65de3 | ITER: 4 START
2019-08-02 09:49:34.063 27512 WARNING rally.task.atomic [-] 'optional_action_timer' is deprecated since rally v0.10.0.Please use action_timer instead, we have improved atomic actions, now do not need to explicitly close original action.
2019-08-02 09:49:34.110 27512 WARNING rally.task.atomic [-] 'optional_action_timer' is deprecated since rally v0.10.0.Please use action_timer instead, we have improved atomic actions, now do not need to explicitly close original action.
2019-08-02 09:49:34.186 27514 WARNING rally.task.atomic [-] 'optional_action_timer' is deprecated since rally v0.10.0.Please use action_timer instead, we have improved atomic actions, now do not need to explicitly close original action.
2019-08-02 09:49:34.222 27514 WARNING rally.task.atomic [-] 'optional_action_timer' is deprecated since rally v0.10.0.Please use action_timer instead, we have improved atomic actions, now do not need to explicitly close original action.
2019-08-02 09:49:34.705 27511 WARNING rally.task.atomic [-] 'optional_action_timer' is deprecated since rally v0.10.0.Please use action_timer instead, we have improved atomic actions, now do not need to explicitly close original action.
2019-08-02 09:49:34.742 27511 WARNING rally.task.atomic [-] 'optional_action_timer' is deprecated since rally v0.10.0.Please use action_timer instead, we have improved atomic actions, now do not need to explicitly close original action.
2019-08-02 09:49:35.112 27512 INFO rally.task.runner [-] Task f2c0e8bc-06f7-4e53-a14f-b560bec65de3 | ITER: 1 END: OK
2019-08-02 09:49:35.194 27514 INFO rally.task.runner [-] Task f2c0e8bc-06f7-4e53-a14f-b560bec65de3 | ITER: 4 END: OK
2019-08-02 09:49:35.829 27511 INFO rally.task.runner [-] Task f2c0e8bc-06f7-4e53-a14f-b560bec65de3 | ITER: 2 END: OK
2019-08-02 09:49:35.900 27513 WARNING rally.task.atomic [-] 'optional_action_timer' is deprecated since rally v0.10.0.Please use action_timer instead, we have improved atomic actions, now do not need to explicitly close original action.
2019-08-02 09:49:35.935 27513 WARNING rally.task.atomic [-] 'optional_action_timer' is deprecated since rally v0.10.0.Please use action_timer instead, we have improved atomic actions, now do not need to explicitly close original action.
2019-08-02 09:49:36.443 27513 INFO rally.task.runner [-] Task f2c0e8bc-06f7-4e53-a14f-b560bec65de3 | ITER: 3 END: OK
2019-08-02 09:49:36.472 22705 INFO rally.task.context [-] Task f2c0e8bc-06f7-4e53-a14f-b560bec65de3 | Context cleanup@openstack cleanup() started
2019-08-02 09:49:36.475 22705 RALLYDEBUG rally_openstack.cleanup.manager [-] Cleaning up neutron vip objects
2019-08-02 09:49:37.211 22705 RALLYDEBUG rally_openstack.cleanup.manager [-] Cleaning up neutron health_monitor objects
2019-08-02 09:49:38.375 22705 RALLYDEBUG rally_openstack.cleanup.manager [-] Cleaning up neutron pool objects
2019-08-02 09:49:39.137 22705 RALLYDEBUG rally_openstack.cleanup.manager [-] Cleaning up neutron loadbalancer objects
2019-08-02 09:49:39.839 22705 RALLYDEBUG rally_openstack.cleanup.manager [-] Cleaning up neutron floatingip objects
2019-08-02 09:49:41.142 22705 RALLYDEBUG rally_openstack.cleanup.manager [-] Cleaning up neutron port objects
2019-08-02 09:49:43.055 22705 RALLYDEBUG rally_openstack.cleanup.manager [-] Deleting neutron.port object s_rally_9a65c888_TLeZ4sbE (00a9799e-d549-4ad6-9e86-933431085ea7)
2019-08-02 09:49:43.065 22705 RALLYDEBUG rally_openstack.cleanup.manager [-] Deleting neutron.port object s_rally_9a65c888_jV782rIX (03d51e5a-86ef-4316-b526-1bfec3ff47db)
2019-08-02 09:49:43.066 22705 RALLYDEBUG rally_openstack.cleanup.manager [-] Deleting neutron.port object s_rally_9a65c888_oK8sakxJ (02e63d80-ff71-408c-9733-19744e588243)
2019-08-02 09:49:43.075 22705 RALLYDEBUG rally_openstack.cleanup.manager [-] Deleting neutron.port object s_rally_9a65c888_dMNrY4MA (0052515b-60e5-4689-9f53-5e96e28975b1)
2019-08-02 09:49:43.079 22705 RALLYDEBUG rally_openstack.cleanup.manager [-] Deleting neutron.port object s_rally_9a65c888_lJpmfrBY (049347ba-9f46-4af0-9544-ba4e1692f1d8)
2019-08-02 09:49:43.082 22705 RALLYDEBUG rally_openstack.cleanup.manager [-] Deleting neutron.port object s_rally_9a65c888_LVpA1qin (049fdede-79cc-40ca-a2c0-53c573e62418)
2019-08-02 09:49:43.086 22705 RALLYDEBUG rally_openstack.cleanup.manager [-] Deleting neutron.port object s_rally_9a65c888_3QC2CS7H (02a580b6-33f1-4ea5-ad5a-49420e4b370c)
2019-08-02 09:49:43.089 22705 RALLYDEBUG rally_openstack.cleanup.manager [-] Deleting neutron.port object s_rally_9a65c888_ahNQhIF1 (04a3d696-d562-4640-abd0-dc740d1e7da3)
2019-08-02 09:49:43.104 22705 RALLYDEBUG rally_openstack.cleanup.manager [-] Deleting neutron.port object s_rally_9a65c888_Wq64HCmf (04b72066-8f99-4197-b17a-b1c5a9035bc1)
2019-08-02 09:49:43.109 22705 RALLYDEBUG rally_openstack.cleanup.manager [-] Deleting neutron.port object s_rally_9a65c888_jh3qg050 (04bf1a20-5126-47d4-af41-343e7835eb5e)
2019-08-02 09:49:43.143 22705 RALLYDEBUG rally_openstack.cleanup.manager [-] Deleting neutron.port object s_rally_9a65c888_y7lOKa2W (05366c73-2aa2-4b4d-abba-543adcb5ab9b)
2019-08-02 09:49:43.145 22705 RALLYDEBUG rally_openstack.cleanup.manager [-] Deleting neutron.port object s_rally_9a65c888_QrHIJ1D7 (04ef6ff0-21ce-40fb-af1a-a24cc1aa097a)
2019-08-02 09:49:43.172 22705 RALLYDEBUG rally_openstack.cleanup.manager [-] Deleting neutron.port object s_rally_9a65c888_zRiGOX8b (05848769-d946-4866-b564-9f0699184d0a)
2019-08-02 09:49:43.191 22705 RALLYDEBUG rally_openstack.cleanup.manager [-] Deleting neutron.port object s_rally_9a65c888_fEjOabdg (065b62c3-226e-4263-8938-e98c31a2f73a)
2019-08-02 09:49:43.214 22705 RALLYDEBUG rally_openstack.cleanup.manager [-] Deleting neutron.port object s_rally_9a65c888_9Cd7GrpF (065bfaee-c0e1-4746-ba94-bdee92accadf)
2019-08-02 09:49:43.223 22705 RALLYDEBUG rally_openstack.cleanup.manager [-] Deleting neutron.port object s_rally_9a65c888_C8d4ZJUY (06c692a1-eb0f-49a3-a747-c5377ef61b1f)
2019-08-02 09:49:43.245 22705 RALLYDEBUG rally_openstack.cleanup.manager [-] Deleting neutron.port object s_rally_9a65c888_oIuaz8gF (06d34b0e-c3d6-4f61-876f-6265a3603d5e)
2019-08-02 09:49:43.255 22705 RALLYDEBUG rally_openstack.cleanup.manager [-] Deleting neutron.port object s_rally_9a65c888_Y5tGuWXl (06e8bb6a-0100-4180-ad76-13df4c72d0a8)
2019-08-02 09:49:43.275 22705 RALLYDEBUG rally_openstack.cleanup.manager [-] Deleting neutron.port object s_rally_9a65c888_JW5atoZr (084c83df-425b-4020-b665-e544ca75bc68)
2019-08-02 09:49:43.283 22705 RALLYDEBUG rally_openstack.cleanup.manager [-] Deleting neutron.port object s_rally_9a65c888_Bpwe4bIe (0a293514-36e4-4f53-a5da-ff97de427d31)
2019-08-02 09:49:45.685 22705 RALLYDEBUG rally_openstack.cleanup.manager [-] Deleting neutron.port object s_rally_9a65c888_L4YOzPDG (0a800b90-24ec-4aed-9f46-c45cf68c1d19)
2019-08-02 09:49:45.788 22705 RALLYDEBUG rally_openstack.cleanup.manager [-] Deleting neutron.port object s_rally_9a65c888_KDl0DYTd (0b715399-0079-4828-83c4-c572b82d254f)
2019-08-02 09:49:45.858 22705 RALLYDEBUG rally_openstack.cleanup.manager [-] Deleting neutron.port object s_rally_9a65c888_Am112Apf (0c66e62d-b1cf-4942-8b0a-c52c51ae5b7a)
2019-08-02 09:49:46.700 22705 RALLYDEBUG rally_openstack.cleanup.manager [-] Deleting neutron.port object s_rally_9a65c888_gr3WLq3t (0cfc658f-837b-4283-a6f1-6063fff0aa2b)
2019-08-02 09:49:47.526 22705 RALLYDEBUG rally_openstack.cleanup.manager [-] Deleting neutron.port object s_rally_9a65c888_giYc5f8I (0d3721da-c62a-4e66-819b-429607e838ce)
2019-08-02 09:49:47.545 22705 RALLYDEBUG rally_openstack.cleanup.manager [-] Deleting neutron.port object s_rally_9a65c888_EOiMhZOE (0d7e5b02-a5be-4c86-9407-db0f8ecf4680)
2019-08-02 09:49:48.601 22705 RALLYDEBUG rally_openstack.cleanup.manager [-] Deleting neutron.port object s_rally_9a65c888_6hKngOvc (0dc4fcba-5fef-4953-a2b1-921143fc99bb)
2019-08-02 09:49:48.724 22705 RALLYDEBUG rally_openstack.cleanup.manager [-] Deleting neutron.port object s_rally_9a65c888_CgSDhhjP (0e7bc626-7ce6-4f26-bf2a-8a084484c00b)
2019-08-02 09:49:49.011 22705 RALLYDEBUG rally_openstack.cleanup.manager [-] Deleting neutron.port object s_rally_9a65c888_lsnhsXF6 (1018804b-9f4b-42fc-8c5c-81cd91a6c1e4)
2019-08-02 09:49:49.018 22705 RALLYDEBUG rally_openstack.cleanup.manager [-] Deleting neutron.port object s_rally_9a65c888_EAloBNxG (10b198eb-9935-4831-ac42-188983e223e5)
2019-08-02 09:49:49.642 22705 RALLYDEBUG rally_openstack.cleanup.manager [-] Deleting neutron.port object s_rally_9a65c888_pyi8mxYn (1162edf3-f59f-4764-b7cc-c975993f0a5c)
2019-08-02 09:49:49.800 22705 RALLYDEBUG rally_openstack.cleanup.manager [-] Deleting neutron.port object s_rally_9a65c888_cPI05JuX (11c6ea99-e4a4-46c0-9029-896deac133f3)
2019-08-02 09:49:50.703 22705 RALLYDEBUG rally_openstack.cleanup.manager [-] Deleting neutron.port object s_rally_9a65c888_rqGG0F24 (11e91624-6d3b-46ba-9bd6-293445d1f52e)
2019-08-02 09:49:50.782 22705 RALLYDEBUG rally_openstack.cleanup.manager [-] Deleting neutron.port object s_rally_9a65c888_7LBLGvsk (1448859d-4e87-491f-915e-d5319a008d6f)
2019-08-02 09:49:50.789 22705 RALLYDEBUG rally_openstack.cleanup.manager [-] Deleting neutron.port object s_rally_9a65c888_ESwBgCa1 (153ee941-8581-447c-b778-a1df6565fc16)
2019-08-02 09:49:51.138 22705 RALLYDEBUG rally_openstack.cleanup.manager [-] Deleting neutron.port object s_rally_9a65c888_YtMMdvcT (15d43af7-122b-4e2d-bc7d-776d63e8865f)
2019-08-02 09:49:51.151 22705 RALLYDEBUG rally_openstack.cleanup.manager [-] Deleting neutron.port object s_rally_9a65c888_dyJYqTZk (16043cf0-dfb3-4466-a1fa-866f6babe1b0)
2019-08-02 09:49:51.608 22705 RALLYDEBUG rally_openstack.cleanup.manager [-] Deleting neutron.port object s_rally_9a65c888_DzWM8OdM (16681916-c9bb-417b-a163-809de8ebe20f)
2019-08-02 09:49:51.821 22705 RALLYDEBUG rally_openstack.cleanup.manager [-] Deleting neutron.port object s_rally_9a65c888_MeV75jRP (16f7c8df-3dbc-4a3c-8fb1-2a233f278e4d)
2019-08-02 09:49:51.855 22705 RALLYDEBUG rally_openstack.cleanup.manager [-] Deleting neutron.port object s_rally_9a65c888_HlMfA9TX (1702b908-9d9f-4fe5-af5a-d0e31050eaf7)
2019-08-02 09:49:52.135 22705 RALLYDEBUG rally_openstack.cleanup.manager [-] Deleting neutron.port object s_rally_9a65c888_INllWnu2 (178ca5a1-bbae-4019-820b-74fd0724b120)
2019-08-02 09:49:52.179 22705 RALLYDEBUG rally_openstack.cleanup.manager [-] Deleting neutron.port object s_rally_9a65c888_1urramHd (17b77116-fc40-4c17-b6e1-01e80de64b8e)
2019-08-02 09:49:52.193 22705 RALLYDEBUG rally_openstack.cleanup.manager [-] Deleting neutron.port object s_rally_9a65c888_Z8cRVUtI (1809adb3-b554-4dee-b0f6-800777f43fc9)
2019-08-02 09:49:52.340 22705 RALLYDEBUG rally_openstack.cleanup.manager [-] Deleting neutron.port object s_rally_9a65c888_d0Tp6MR7 (181f441b-3328-4266-985f-b673b888233b)
2019-08-02 09:49:52.415 22705 RALLYDEBUG rally_openstack.cleanup.manager [-] Deleting neutron.port object s_rally_9a65c888_cyRik8jX (18921f07-8a65-49df-b55e-7efd894e2d55)
2019-08-02 09:49:52.429 22705 RALLYDEBUG rally_openstack.cleanup.manager [-] Deleting neutron.port object s_rally_9a65c888_Wxjr48Ue (19cbdbe0-429d-4c2b-ab56-56ab9769c8c8)
2019-08-02 09:49:52.521 22705 RALLYDEBUG rally_openstack.cleanup.manager [-] Deleting neutron.port object s_rally_9a65c888_JunFegRL (1b9c7b0a-a29d-4346-b48b-5484c65b7ba9)
2019-08-02 09:49:52.555 22705 RALLYDEBUG rally_openstack.cleanup.manager [-] Deleting neutron.port object s_rally_9a65c888_ogsayWqT (1bf0abfa-ce41-4ce2-a07b-92deb65f3dd8)
2019-08-02 09:49:52.663 22705 RALLYDEBUG rally_openstack.cleanup.manager [-] Deleting neutron.port object s_rally_9a65c888_wKhqbBQ4 (1d54c8a3-78eb-4903-a794-34ee6f282e8a)
2019-08-02 09:49:52.756 22705 RALLYDEBUG rally_openstack.cleanup.manager [-] Deleting neutron.port object s_rally_9a65c888_e7ngVeaX (1dd247ac-7a33-4008-9301-2ae1dd4e4599)
2019-08-02 09:49:52.756 22705 RALLYDEBUG rally_openstack.cleanup.manager [-] Deleting neutron.port object s_rally_9a65c888_2Q1f6yKT (1d85118b-34e1-4bca-ba1f-efd92e547efa)
2019-08-02 09:49:53.178 22705 RALLYDEBUG rally_openstack.cleanup.manager [-] Deleting neutron.port object s_rally_9a65c888_KiReU1Ya (1ea97f72-a769-4c28-ab7c-74020607a7ca)
2019-08-02 09:49:53.349 22705 RALLYDEBUG rally_openstack.cleanup.manager [-] Deleting neutron.port object s_rally_9a65c888_aipjdNCE (1ee1b201-0934-4711-aeb7-ee9846cd61ba)
2019-08-02 09:49:53.581 22705 RALLYDEBUG rally_openstack.cleanup.manager [-] Deleting neutron.port object s_rally_9a65c888_vsMACrS7 (1ee9791f-b43a-4ada-8fd0-5ad6eed24176)
2019-08-02 09:49:54.533 22705 RALLYDEBUG rally_openstack.cleanup.manager [-] Deleting neutron.port object s_rally_9a65c888_Dz8jo2ZL (1f26702f-8130-4330-9de4-983665f38550)
2019-08-02 09:49:54.603 22705 RALLYDEBUG rally_openstack.cleanup.manager [-] Deleting neutron.port object s_rally_9a65c888_yLdLvVNL (1f78f655-4f9c-4460-8dc8-da64a04c94d3)
2019-08-02 09:49:54.786 22705 RALLYDEBUG rally_openstack.cleanup.manager [-] Deleting neutron.port object s_rally_9a65c888_v23EzHB9 (1f8ea864-faf0-4849-a433-1336929b0ef6)
2019-08-02 09:49:54.885 22705 RALLYDEBUG rally_openstack.cleanup.manager [-] Deleting neutron.port object s_rally_9a65c888_r3yrCZzK (1fbd7ef6-5c46-4d51-90f1-9288a72c1b2d)
2019-08-02 09:49:55.271 22705 RALLYDEBUG rally_openstack.cleanup.manager [-] Deleting neutron.port object s_rally_9a65c888_ywnjlhGG (20222fff-39b9-4f06-b36f-f94ddfc04dbe)
2019-08-02 09:49:55.498 22705 RALLYDEBUG rally_openstack.cleanup.manager [-] Deleting neutron.port object s_rally_9a65c888_Cb0WZiK4 (20c38e86-1d49-4f12-8ae3-7a5e3e173781)
2019-08-02 09:49:55.693 22705 RALLYDEBUG rally_openstack.cleanup.manager [-] Deleting neutron.port object s_rally_9a65c888_tS3PT4ei (2112366b-f100-4046-88bd-91781f1e9957)
2019-08-02 09:49:55.768 22705 RALLYDEBUG rally_openstack.cleanup.manager [-] Deleting neutron.port object s_rally_9a65c888_vfixyKEI (2113d061-d1fb-4e37-923d-953d3ced8495)
2019-08-02 09:49:55.902 22705 RALLYDEBUG rally_openstack.cleanup.manager [-] Deleting neutron.port object s_rally_9a65c888_p7yutY9n (21240b48-ea9d-4d15-a6d0-5645e0af7def)
2019-08-02 09:49:56.092 22705 RALLYDEBUG rally_openstack.cleanup.manager [-] Deleting neutron.port object s_rally_9a65c888_P43C0F9g (2130671f-bcbd-4d74-94c9-531b183b95fe)
2019-08-02 09:49:56.358 22705 RALLYDEBUG rally_openstack.cleanup.manager [-] Deleting neutron.port object s_rally_9a65c888_1KXZGs9t (214159ec-4229-4e80-b89d-8e02622c200f)
2019-08-02 09:49:56.452 22705 RALLYDEBUG rally_openstack.cleanup.manager [-] Deleting neutron.port object s_rally_9a65c888_s4xOrT7E (21ce83a4-57de-458a-bbc9-da929dd07323)
2019-08-02 09:49:56.743 22705 RALLYDEBUG rally_openstack.cleanup.manager [-] Deleting neutron.port object s_rally_9a65c888_usypkpdk (231a24ff-a577-474c-a037-af8b2382a113)
2019-08-02 09:49:56.750 22705 RALLYDEBUG rally_openstack.cleanup.manager [-] Deleting neutron.port object s_rally_9a65c888_4q5CKzRk (234ac6ad-fdbe-4407-85e6-0d8a4b945037)
2019-08-02 09:49:57.348 22705 RALLYDEBUG rally_openstack.cleanup.manager [-] Deleting neutron.port object s_rally_9a65c888_Y73zACXg (238f0729-46ac-4bae-b3f8-85b160219274)
2019-08-02 09:49:58.184 22705 RALLYDEBUG rally_openstack.cleanup.manager [-] Deleting neutron.port object s_rally_9a65c888_eW0K1xYF (23cc67a5-0280-4dd8-ba35-e64d164d83d8)
2019-08-02 09:49:58.423 22705 RALLYDEBUG rally_openstack.cleanup.manager [-] Deleting neutron.port object s_rally_9a65c888_9th30T9c (23e6156d-5afa-48da-abfa-920f48fb0522)
2019-08-02 09:49:58.515 22705 RALLYDEBUG rally_openstack.cleanup.manager [-] Deleting neutron.port object s_rally_9a65c888_Hl885ALk (24750e40-51a5-457f-9316-8952545385f0)
2019-08-02 09:49:58.605 22705 RALLYDEBUG rally_openstack.cleanup.manager [-] Deleting neutron.port object s_rally_9a65c888_vS7tvcTB (2624118a-b153-48a1-b388-bde5b8baa2c6)
2019-08-02 09:49:58.764 22705 RALLYDEBUG rally_openstack.cleanup.manager [-] Deleting neutron.port object s_rally_9a65c888_OjQkrder (277cf3e7-18aa-4522-8592-2c3ecfa54b3d)
2019-08-02 09:49:58.769 22705 RALLYDEBUG rally_openstack.cleanup.manager [-] Deleting neutron.port object s_rally_9a65c888_dMt6xxbZ (27c6a6ba-1c93-454a-b16c-af50d1ca4140)
2019-08-02 09:49:58.840 22705 RALLYDEBUG rally_openstack.cleanup.manager [-] Deleting neutron.port object s_rally_9a65c888_F4qBqbMX (28651126-e676-42e5-8c03-1a632f3d9e2d)
2019-08-02 09:49:59.020 22705 RALLYDEBUG rally_openstack.cleanup.manager [-] Deleting neutron.port object s_rally_9a65c888_dSDQXyfr (28fbe1aa-673e-45cf-a65b-80e6807f740b)
2019-08-02 09:49:59.113 22705 RALLYDEBUG rally_openstack.cleanup.manager [-] Deleting neutron.port object s_rally_9a65c888_Xlz146Wc (28fe6265-22fa-47bb-aa40-fd0a1ded7e97)
2019-08-02 09:49:59.154 22705 RALLYDEBUG rally_openstack.cleanup.manager [-] Deleting neutron.port object s_rally_9a65c888_uwGM4QrD (29a2c112-1783-4847-9dc0-5b17dc0b0292)
2019-08-02 09:49:59.245 22705 RALLYDEBUG rally_openstack.cleanup.manager [-] Deleting neutron.port object s_rally_9a65c888_uTtzKrmK (2a28912b-2490-400e-9a77-31556dfd79a3)
2019-08-02 09:49:59.247 22705 RALLYDEBUG rally_openstack.cleanup.manager [-] Deleting neutron.port object s_rally_9a65c888_kYrDE9OF (29d48bf6-a65e-489b-a7f0-c2af98ab71ab)
2019-08-02 09:49:59.354 22705 RALLYDEBUG rally_openstack.cleanup.manager [-] Deleting neutron.port object s_rally_9a65c888_zYXsibZm (2a60cdff-76c8-449b-85b5-7eb7c4b8693f)
2019-08-02 09:49:59.378 22705 RALLYDEBUG rally_openstack.cleanup.manager [-] Deleting neutron.port object s_rally_9a65c888_M4hGhtZA (2aaa58b4-a779-42db-ab40-ca1e9f74ce86)
2019-08-02 09:49:59.499 22705 RALLYDEBUG rally_openstack.cleanup.manager [-] Deleting neutron.port object s_rally_9a65c888_swnPk6lp (2af73208-6c5d-4182-b9dc-f5920c30db9c)
2019-08-02 09:49:59.552 22705 RALLYDEBUG rally_openstack.cleanup.manager [-] Deleting neutron.port object s_rally_9a65c888_VFFm7eBP (2b50467d-40be-451e-9f5b-a715d273ec44)
2019-08-02 09:49:59.662 22705 RALLYDEBUG rally_openstack.cleanup.manager [-] Deleting neutron.port object s_rally_9a65c888_ZL8XjPa3 (2b5dff2c-8cc5-45ae-a7d5-4e5f32dbf538)
2019-08-02 09:49:59.982 22705 RALLYDEBUG rally_openstack.cleanup.manager [-] Deleting neutron.port object s_rally_9a65c888_pzLIfrAN (2b71fce7-d0f1-4b1a-834b-0530d463962e)
2019-08-02 09:50:00.142 22705 RALLYDEBUG rally_openstack.cleanup.manager [-] Deleting neutron.port object s_rally_9a65c888_FgCdEqRD (2ba49f0b-ff52-431e-a89d-b00b6413b5e3)
2019-08-02 09:50:00.156 22705 RALLYDEBUG rally_openstack.cleanup.manager [-] Deleting neutron.port object s_rally_9a65c888_1Ki6dFRp (2bbefbb6-5339-4b1d-aeb7-ac553d980418)
2019-08-02 09:50:01.358 22705 RALLYDEBUG rally_openstack.cleanup.manager [-] Deleting neutron.port object s_rally_9a65c888_KVxhqrDZ (2bbf7bae-b263-4594-ada3-b0c9dd551cc8)
2019-08-02 09:50:01.742 22705 RALLYDEBUG rally_openstack.cleanup.manager [-] Deleting neutron.port object s_rally_9a65c888_jVNrjD9t (2bed9a36-2b37-4c8d-af73-ee6778c81d7a)
2019-08-02 09:50:01.756 22705 RALLYDEBUG rally_openstack.cleanup.manager [-] Deleting neutron.port object s_rally_9a65c888_EiqILYHQ (2c277cb1-e34d-4594-8bd2-29de973e69f8)
2019-08-02 09:50:01.926 22705 RALLYDEBUG rally_openstack.cleanup.manager [-] Deleting neutron.port object s_rally_9a65c888_olmqUmp7 (2c7d8a68-c923-4c9f-aec5-fafbc942e7e0)
2019-08-02 09:50:02.565 22705 RALLYDEBUG rally_openstack.cleanup.manager [-] Deleting neutron.port object s_rally_9a65c888_94vGOC6P (2c9a6d12-184a-4448-805b-fd49c4e06a0e)
2019-08-02 09:50:02.599 22705 RALLYDEBUG rally_openstack.cleanup.manager [-] Deleting neutron.port object s_rally_9a65c888_hNxADOc5 (2c9fb727-2156-4ee7-bfbf-071837b34b2b)
2019-08-02 09:50:02.869 22705 RALLYDEBUG rally_openstack.cleanup.manager [-] Deleting neutron.port object s_rally_9a65c888_2toghFKw (2cb01713-e728-4ad5-8724-fab7057cf179)
2019-08-02 09:50:02.922 22705 RALLYDEBUG rally_openstack.cleanup.manager [-] Deleting neutron.port object s_rally_9a65c888_4154kwin (2d39efd4-bf54-48ea-bbdc-7e6ddc7df873)
2019-08-02 09:50:03.012 22705 RALLYDEBUG rally_openstack.cleanup.manager [-] Deleting neutron.port object s_rally_9a65c888_6zEjQkp2 (2d5b372f-5deb-4028-89a7-e5223ff484f3)
2019-08-02 09:50:03.143 22705 RALLYDEBUG rally_openstack.cleanup.manager [-] Deleting neutron.port object s_rally_9a65c888_ZdQEd3Du (2d82f6d9-1fbc-44df-b16d-90f02747484e)
