2019-08-02 07:57:03.484 1842 DEBUG novaclient.v2.client [-] RESP: [200] Content-Length: 21 Content-Type: application/json Date: Fri, 02 Aug 2019 07:57:03 GMT OpenStack-API-Version: compute 2.1 Server: Apache Vary: OpenStack-API-Version,X-OpenStack-Nova-API-Version X-OpenStack-Nova-API-Version: 2.1 x-compute-request-id: req-6043e996-d352-4532-bd00-08b47726db34 x-openstack-request-id: req-6043e996-d352-4532-bd00-08b47726db34 _http_log_response /usr/lib/python2.7/site-packages/keystoneauth1/session.py:479
2019-08-02 07:57:03.484 1842 DEBUG novaclient.v2.client [-] RESP BODY: {"server_groups": []} _http_log_response /usr/lib/python2.7/site-packages/keystoneauth1/session.py:511
2019-08-02 07:57:03.485 1842 DEBUG novaclient.v2.client [-] GET call to compute for http://172.30.9.22:8774/v2.1/os-server-groups used request id req-6043e996-d352-4532-bd00-08b47726db34 request /usr/lib/python2.7/site-packages/keystoneauth1/session.py:844
2019-08-02 07:57:03.918 1842 DEBUG novaclient.v2.client [-] REQ: curl -g -i -X GET http://172.30.9.22:8774/v2.1/os-server-groups -H "Accept: application/json" -H "User-Agent: python-novaclient" -H "X-Auth-Token: {SHA1}4e6b6eabc59df7e97b0774070593bfa2938733a5" _http_log_request /usr/lib/python2.7/site-packages/keystoneauth1/session.py:448
2019-08-02 07:57:04.121 1842 DEBUG novaclient.v2.client [-] RESP: [200] Content-Length: 21 Content-Type: application/json Date: Fri, 02 Aug 2019 07:57:03 GMT OpenStack-API-Version: compute 2.1 Server: Apache Vary: OpenStack-API-Version,X-OpenStack-Nova-API-Version X-OpenStack-Nova-API-Version: 2.1 x-compute-request-id: req-c5398273-757f-40ae-89ff-da3c8063eacb x-openstack-request-id: req-c5398273-757f-40ae-89ff-da3c8063eacb _http_log_response /usr/lib/python2.7/site-packages/keystoneauth1/session.py:479
2019-08-02 07:57:04.122 1842 DEBUG novaclient.v2.client [-] RESP BODY: {"server_groups": []} _http_log_response /usr/lib/python2.7/site-packages/keystoneauth1/session.py:511
2019-08-02 07:57:04.122 1842 DEBUG novaclient.v2.client [-] GET call to compute for http://172.30.9.22:8774/v2.1/os-server-groups used request id req-c5398273-757f-40ae-89ff-da3c8063eacb request /usr/lib/python2.7/site-packages/keystoneauth1/session.py:844
2019-08-02 07:57:04.130 1842 RALLYDEBUG rally_openstack.cleanup.manager [-] Cleaning up nova keypairs objects
2019-08-02 07:57:04.546 1842 DEBUG novaclient.v2.client [-] REQ: curl -g -i -X GET http://172.30.9.22:8774/v2.1/os-keypairs -H "Accept: application/json" -H "User-Agent: python-novaclient" -H "X-Auth-Token: {SHA1}4726ea9bb09ad0d44769f1d60afe20cf6288809c" _http_log_request /usr/lib/python2.7/site-packages/keystoneauth1/session.py:448
2019-08-02 07:57:04.753 1842 DEBUG novaclient.v2.client [-] RESP: [200] Content-Length: 16 Content-Type: application/json Date: Fri, 02 Aug 2019 07:57:04 GMT OpenStack-API-Version: compute 2.1 Server: Apache Vary: OpenStack-API-Version,X-OpenStack-Nova-API-Version X-OpenStack-Nova-API-Version: 2.1 x-compute-request-id: req-150f6156-cd91-4c07-835b-ac375d4edb40 x-openstack-request-id: req-150f6156-cd91-4c07-835b-ac375d4edb40 _http_log_response /usr/lib/python2.7/site-packages/keystoneauth1/session.py:479
2019-08-02 07:57:04.753 1842 DEBUG novaclient.v2.client [-] RESP BODY: {"keypairs": []} _http_log_response /usr/lib/python2.7/site-packages/keystoneauth1/session.py:511
2019-08-02 07:57:04.753 1842 DEBUG novaclient.v2.client [-] GET call to compute for http://172.30.9.22:8774/v2.1/os-keypairs used request id req-150f6156-cd91-4c07-835b-ac375d4edb40 request /usr/lib/python2.7/site-packages/keystoneauth1/session.py:844
2019-08-02 07:57:05.173 1842 DEBUG novaclient.v2.client [-] REQ: curl -g -i -X GET http://172.30.9.22:8774/v2.1/os-keypairs -H "Accept: application/json" -H "User-Agent: python-novaclient" -H "X-Auth-Token: {SHA1}17667b829427a0dd1ea74e3e21feae9f20e7cb3f" _http_log_request /usr/lib/python2.7/site-packages/keystoneauth1/session.py:448
2019-08-02 07:57:05.377 1842 DEBUG novaclient.v2.client [-] RESP: [200] Content-Length: 16 Content-Type: application/json Date: Fri, 02 Aug 2019 07:57:05 GMT OpenStack-API-Version: compute 2.1 Server: Apache Vary: OpenStack-API-Version,X-OpenStack-Nova-API-Version X-OpenStack-Nova-API-Version: 2.1 x-compute-request-id: req-cef01105-5740-46ba-b27c-b95c49554514 x-openstack-request-id: req-cef01105-5740-46ba-b27c-b95c49554514 _http_log_response /usr/lib/python2.7/site-packages/keystoneauth1/session.py:479
2019-08-02 07:57:05.377 1842 DEBUG novaclient.v2.client [-] RESP BODY: {"keypairs": []} _http_log_response /usr/lib/python2.7/site-packages/keystoneauth1/session.py:511
2019-08-02 07:57:05.377 1842 DEBUG novaclient.v2.client [-] GET call to compute for http://172.30.9.22:8774/v2.1/os-keypairs used request id req-cef01105-5740-46ba-b27c-b95c49554514 request /usr/lib/python2.7/site-packages/keystoneauth1/session.py:844
2019-08-02 07:57:05.803 1842 DEBUG novaclient.v2.client [-] REQ: curl -g -i -X GET http://172.30.9.22:8774/v2.1/os-keypairs -H "Accept: application/json" -H "User-Agent: python-novaclient" -H "X-Auth-Token: {SHA1}579171f51f0e5a667e8c189366a1488975f6e948" _http_log_request /usr/lib/python2.7/site-packages/keystoneauth1/session.py:448
2019-08-02 07:57:06.092 1842 DEBUG novaclient.v2.client [-] RESP: [200] Content-Length: 16 Content-Type: application/json Date: Fri, 02 Aug 2019 07:57:05 GMT OpenStack-API-Version: compute 2.1 Server: Apache Vary: OpenStack-API-Version,X-OpenStack-Nova-API-Version X-OpenStack-Nova-API-Version: 2.1 x-compute-request-id: req-982660db-940f-42f1-bcb6-b1a7e695d705 x-openstack-request-id: req-982660db-940f-42f1-bcb6-b1a7e695d705 _http_log_response /usr/lib/python2.7/site-packages/keystoneauth1/session.py:479
2019-08-02 07:57:06.093 1842 DEBUG novaclient.v2.client [-] RESP BODY: {"keypairs": []} _http_log_response /usr/lib/python2.7/site-packages/keystoneauth1/session.py:511
2019-08-02 07:57:06.093 1842 DEBUG novaclient.v2.client [-] GET call to compute for http://172.30.9.22:8774/v2.1/os-keypairs used request id req-982660db-940f-42f1-bcb6-b1a7e695d705 request /usr/lib/python2.7/site-packages/keystoneauth1/session.py:844
2019-08-02 07:57:06.516 1842 DEBUG novaclient.v2.client [-] REQ: curl -g -i -X GET http://172.30.9.22:8774/v2.1/os-keypairs -H "Accept: application/json" -H "User-Agent: python-novaclient" -H "X-Auth-Token: {SHA1}7e8e8af89e553d1fca6b03dcf31d1bf75ff2c95c" _http_log_request /usr/lib/python2.7/site-packages/keystoneauth1/session.py:448
2019-08-02 07:57:06.716 1842 DEBUG novaclient.v2.client [-] RESP: [200] Content-Length: 16 Content-Type: application/json Date: Fri, 02 Aug 2019 07:57:06 GMT OpenStack-API-Version: compute 2.1 Server: Apache Vary: OpenStack-API-Version,X-OpenStack-Nova-API-Version X-OpenStack-Nova-API-Version: 2.1 x-compute-request-id: req-698af483-0330-4e48-ab8b-6ea31c3d47ed x-openstack-request-id: req-698af483-0330-4e48-ab8b-6ea31c3d47ed _http_log_response /usr/lib/python2.7/site-packages/keystoneauth1/session.py:479
2019-08-02 07:57:06.717 1842 DEBUG novaclient.v2.client [-] RESP BODY: {"keypairs": []} _http_log_response /usr/lib/python2.7/site-packages/keystoneauth1/session.py:511
2019-08-02 07:57:06.717 1842 DEBUG novaclient.v2.client [-] GET call to compute for http://172.30.9.22:8774/v2.1/os-keypairs used request id req-698af483-0330-4e48-ab8b-6ea31c3d47ed request /usr/lib/python2.7/site-packages/keystoneauth1/session.py:844
2019-08-02 07:57:07.148 1842 DEBUG novaclient.v2.client [-] REQ: curl -g -i -X GET http://172.30.9.22:8774/v2.1/os-keypairs -H "Accept: application/json" -H "User-Agent: python-novaclient" -H "X-Auth-Token: {SHA1}6f70d26c76e00c52aec4180b964110e801ff647f" _http_log_request /usr/lib/python2.7/site-packages/keystoneauth1/session.py:448
2019-08-02 07:57:07.451 1842 DEBUG novaclient.v2.client [-] RESP: [200] Content-Length: 16 Content-Type: application/json Date: Fri, 02 Aug 2019 07:57:07 GMT OpenStack-API-Version: compute 2.1 Server: Apache Vary: OpenStack-API-Version,X-OpenStack-Nova-API-Version X-OpenStack-Nova-API-Version: 2.1 x-compute-request-id: req-d19bbc54-eaea-4b17-8c56-0479b3dfbe59 x-openstack-request-id: req-d19bbc54-eaea-4b17-8c56-0479b3dfbe59 _http_log_response /usr/lib/python2.7/site-packages/keystoneauth1/session.py:479
2019-08-02 07:57:07.452 1842 DEBUG novaclient.v2.client [-] RESP BODY: {"keypairs": []} _http_log_response /usr/lib/python2.7/site-packages/keystoneauth1/session.py:511
2019-08-02 07:57:07.452 1842 DEBUG novaclient.v2.client [-] GET call to compute for http://172.30.9.22:8774/v2.1/os-keypairs used request id req-d19bbc54-eaea-4b17-8c56-0479b3dfbe59 request /usr/lib/python2.7/site-packages/keystoneauth1/session.py:844
2019-08-02 07:57:07.875 1842 DEBUG novaclient.v2.client [-] REQ: curl -g -i -X GET http://172.30.9.22:8774/v2.1/os-keypairs -H "Accept: application/json" -H "User-Agent: python-novaclient" -H "X-Auth-Token: {SHA1}93dd8aae9d920717e25637bfc3141a7afe5a7716" _http_log_request /usr/lib/python2.7/site-packages/keystoneauth1/session.py:448
2019-08-02 07:57:08.079 1842 DEBUG novaclient.v2.client [-] RESP: [200] Content-Length: 16 Content-Type: application/json Date: Fri, 02 Aug 2019 07:57:07 GMT OpenStack-API-Version: compute 2.1 Server: Apache Vary: OpenStack-API-Version,X-OpenStack-Nova-API-Version X-OpenStack-Nova-API-Version: 2.1 x-compute-request-id: req-afbf05de-5941-4b30-bc37-7bb1e213b666 x-openstack-request-id: req-afbf05de-5941-4b30-bc37-7bb1e213b666 _http_log_response /usr/lib/python2.7/site-packages/keystoneauth1/session.py:479
2019-08-02 07:57:08.080 1842 DEBUG novaclient.v2.client [-] RESP BODY: {"keypairs": []} _http_log_response /usr/lib/python2.7/site-packages/keystoneauth1/session.py:511
2019-08-02 07:57:08.080 1842 DEBUG novaclient.v2.client [-] GET call to compute for http://172.30.9.22:8774/v2.1/os-keypairs used request id req-afbf05de-5941-4b30-bc37-7bb1e213b666 request /usr/lib/python2.7/site-packages/keystoneauth1/session.py:844
2019-08-02 07:57:08.087 1842 RALLYDEBUG rally_openstack.cleanup.manager [-] Cleaning up cinder backups objects
2019-08-02 07:57:10.155 1842 RALLYDEBUG rally_openstack.cleanup.manager [-] Cleaning up cinder volume_snapshots objects
2019-08-02 07:57:12.270 1842 RALLYDEBUG rally_openstack.cleanup.manager [-] Cleaning up cinder transfers objects
2019-08-02 07:57:14.393 1842 RALLYDEBUG rally_openstack.cleanup.manager [-] Cleaning up cinder volumes objects
2019-08-02 07:57:16.543 1842 INFO rally.task.context [-] Task 06bee699-f93d-4fba-959a-9eae7bb69828 | Context cleanup@openstack cleanup() finished in 16.56 sec
2019-08-02 07:57:16.544 1842 INFO rally.task.context [-] Task 06bee699-f93d-4fba-959a-9eae7bb69828 | Context quotas@openstack cleanup() started
2019-08-02 07:57:17.330 1842 INFO rally.task.context [-] Task 06bee699-f93d-4fba-959a-9eae7bb69828 | Context quotas@openstack cleanup() finished in 0.79 sec
2019-08-02 07:57:17.330 1842 INFO rally.task.context [-] Task 06bee699-f93d-4fba-959a-9eae7bb69828 | Context api_versions@openstack cleanup() started
2019-08-02 07:57:17.331 1842 INFO rally.task.context [-] Task 06bee699-f93d-4fba-959a-9eae7bb69828 | Context api_versions@openstack cleanup() finished in 0.28 msec
2019-08-02 07:57:17.331 1842 INFO rally.task.context [-] Task 06bee699-f93d-4fba-959a-9eae7bb69828 | Context users@openstack cleanup() started
2019-08-02 07:57:24.036 1842 INFO rally.task.context [-] Task 06bee699-f93d-4fba-959a-9eae7bb69828 | Context users@openstack cleanup() finished in 6.71 sec
2019-08-02 07:57:25.339 1842 INFO rally.task.engine [-] Load duration is: 91.813412
2019-08-02 07:57:25.340 1842 INFO rally.task.engine [-] Full runner duration is: 92.869006
2019-08-02 07:57:25.340 1842 INFO rally.task.engine [-] Full duration is: 125.143478
2019-08-02 07:57:25.562 1842 INFO rally.task.engine [-] Running workload: position = 0 config = { "version": 2, "title": "A cropped version of a bigger task.", "description": "Auto-generated task from a single workload (uuid=c552830f-20ff-4573-9c9f-0d948d1ff092)", "subtasks": [ { "title": "CinderVolumes.create_volume", "description": "Create a volume.", "scenario": { "CinderVolumes.create_volume": { "size": 1 } }, "contexts": { "users": { "tenants": 3, "users_per_tenant": 2 }, "api_versions": { "cinder": { "version": 3, "service_type": "volumev3" } } }, "runner": { "constant": { "concurrency": 4, "times": 10 } }, "hooks": [], "sla": { "failure_rate": { "max": 0 } } } ] }
2019-08-02 07:57:25.584 1842 RALLYDEBUG rally_openstack.contexts.keystone.users [-] Creating 3 tenants using 20 threads
2019-08-02 07:57:27.390 1842 RALLYDEBUG rally_openstack.contexts.keystone.users [-] Creating 6 users using 20 threads
2019-08-02 07:57:29.972 1842 INFO rally.task.context [-] Task 06bee699-f93d-4fba-959a-9eae7bb69828 | Context users@openstack setup() finished in 4.39 sec
2019-08-02 07:57:30.483 1842 INFO rally.task.context [-] Task 06bee699-f93d-4fba-959a-9eae7bb69828 | Context api_versions@openstack setup() finished in 0.51 sec
2019-08-02 07:57:30.483 1842 INFO rally.task.context [-] Task 06bee699-f93d-4fba-959a-9eae7bb69828 | Context cleanup@openstack setup() finished in 0.01 msec
2019-08-02 07:57:30.491 1842 RALLYDEBUG rally.task.runner [-] Starting the constant runner (task UUID: 06bee699-f93d-4fba-959a-9eae7bb69828). timeout: 0 concurrency: 4 concurrency_per_worker: 1 times: 10 concurrency_overhead: 0 processes_to_start: 4 max_cpu_used: 16
2019-08-02 07:57:30.505 3474 RALLYDEBUG rally.task.runner [-] Starting a worker. concurrency: 1 args: {"size": 1} times: 10 method_name: run timeout: 0 duration: None cls:
2019-08-02 07:57:30.508 3475 RALLYDEBUG rally.task.runner [-] Starting a worker. concurrency: 1 args: {"size": 1} times: 10 method_name: run timeout: 0 duration: None cls:
2019-08-02 07:57:30.511 3476 RALLYDEBUG rally.task.runner [-] Starting a worker. concurrency: 1 args: {"size": 1} times: 10 method_name: run timeout: 0 duration: None cls:
2019-08-02 07:57:30.512 3474 INFO rally.task.runner [-] Task 06bee699-f93d-4fba-959a-9eae7bb69828 | ITER: 1 START
2019-08-02 07:57:30.514 3477 RALLYDEBUG rally.task.runner [-] Starting a worker. concurrency: 1 args: {"size": 1} times: 10 method_name: run timeout: 0 duration: None cls:
2019-08-02 07:57:30.516 3475 INFO rally.task.runner [-] Task 06bee699-f93d-4fba-959a-9eae7bb69828 | ITER: 2 START
2019-08-02 07:57:30.518 3476 INFO rally.task.runner [-] Task 06bee699-f93d-4fba-959a-9eae7bb69828 | ITER: 3 START
2019-08-02 07:57:30.521 3477 INFO rally.task.runner [-] Task 06bee699-f93d-4fba-959a-9eae7bb69828 | ITER: 4 START
2019-08-02 07:57:33.937 3477 INFO rally.task.runner [-] Task 06bee699-f93d-4fba-959a-9eae7bb69828 | ITER: 4 END: OK
2019-08-02 07:57:33.943 3477 INFO rally.task.runner [-] Task 06bee699-f93d-4fba-959a-9eae7bb69828 | ITER: 5 START
2019-08-02 07:57:34.112 3474 INFO rally.task.runner [-] Task 06bee699-f93d-4fba-959a-9eae7bb69828 | ITER: 1 END: OK
2019-08-02 07:57:34.118 3474 INFO rally.task.runner [-] Task 06bee699-f93d-4fba-959a-9eae7bb69828 | ITER: 6 START
2019-08-02 07:57:34.229 3476 INFO rally.task.runner [-] Task 06bee699-f93d-4fba-959a-9eae7bb69828 | ITER: 3 END: OK
2019-08-02 07:57:34.234 3476 INFO rally.task.runner [-] Task 06bee699-f93d-4fba-959a-9eae7bb69828 | ITER: 7 START
2019-08-02 07:57:34.344 3475 INFO rally.task.runner [-] Task 06bee699-f93d-4fba-959a-9eae7bb69828 | ITER: 2 END: OK
2019-08-02 07:57:34.350 3475 INFO rally.task.runner [-] Task 06bee699-f93d-4fba-959a-9eae7bb69828 | ITER: 8 START
2019-08-02 07:57:37.435 3477 INFO rally.task.runner [-] Task 06bee699-f93d-4fba-959a-9eae7bb69828 | ITER: 5 END: OK
2019-08-02 07:57:37.441 3477 INFO rally.task.runner [-] Task 06bee699-f93d-4fba-959a-9eae7bb69828 | ITER: 9 START
2019-08-02 07:57:37.561 3474 INFO rally.task.runner [-] Task 06bee699-f93d-4fba-959a-9eae7bb69828 | ITER: 6 END: OK
2019-08-02 07:57:37.566 3474 INFO rally.task.runner [-] Task 06bee699-f93d-4fba-959a-9eae7bb69828 | ITER: 10 START
2019-08-02 07:57:37.736 3476 INFO rally.task.runner [-] Task 06bee699-f93d-4fba-959a-9eae7bb69828 | ITER: 7 END: OK
2019-08-02 07:57:37.842 3475 INFO rally.task.runner [-] Task 06bee699-f93d-4fba-959a-9eae7bb69828 | ITER: 8 END: OK
2019-08-02 07:57:40.754 3474 INFO rally.task.runner [-] Task 06bee699-f93d-4fba-959a-9eae7bb69828 | ITER: 10 END: OK
2019-08-02 07:57:40.865 3477 INFO rally.task.runner [-] Task 06bee699-f93d-4fba-959a-9eae7bb69828 | ITER: 9 END: OK
2019-08-02 07:57:40.897 1842 INFO rally.task.context [-] Task 06bee699-f93d-4fba-959a-9eae7bb69828 | Context cleanup@openstack cleanup() started
2019-08-02 07:57:40.899 1842 RALLYDEBUG rally_openstack.cleanup.manager [-] Cleaning up cinder backups objects
2019-08-02 07:57:42.939 1842 RALLYDEBUG rally_openstack.cleanup.manager [-] Cleaning up cinder volume_snapshots objects
2019-08-02 07:57:44.836 1842 RALLYDEBUG rally_openstack.cleanup.manager [-] Cleaning up cinder transfers objects
2019-08-02 07:57:46.874 1842 RALLYDEBUG rally_openstack.cleanup.manager [-] Cleaning up cinder volumes objects
2019-08-02 07:57:49.035 1842 RALLYDEBUG rally_openstack.cleanup.manager [-] Deleting cinder.volumes object s_rally_c552830f_y0qxeGwi (23baf561-8e93-4c0d-b3e9-ebec3e42c548)
2019-08-02 07:57:49.037 1842 RALLYDEBUG rally_openstack.cleanup.manager [-] Deleting cinder.volumes object s_rally_c552830f_8V5QqtfY (a86ed5a4-f1ce-4257-a719-7b17d875bc1a)
2019-08-02 07:57:49.038 1842 RALLYDEBUG rally_openstack.cleanup.manager [-] Deleting cinder.volumes object s_rally_c552830f_w82VUfrZ (fd3597c5-9544-484b-b706-d7d32ddadcdc)
2019-08-02 07:57:49.041 1842 RALLYDEBUG rally_openstack.cleanup.manager [-] Deleting cinder.volumes object s_rally_c552830f_G0t0eTu8 (34abddd3-1918-4a05-b3b6-4b5bd13a0470)
2019-08-02 07:57:49.047 1842 RALLYDEBUG rally_openstack.cleanup.manager [-] Deleting cinder.volumes object s_rally_c552830f_4VSkJU2J (ad014f69-5ab3-49a9-a0d8-adf04cdc5b3d)
2019-08-02 07:57:49.047 1842 RALLYDEBUG rally_openstack.cleanup.manager [-] Deleting cinder.volumes object s_rally_c552830f_q00q5mce (a74a4701-ae36-4beb-aae9-0d00f03428bf)
2019-08-02 07:57:49.057 1842 RALLYDEBUG rally_openstack.cleanup.manager [-] Deleting cinder.volumes object s_rally_c552830f_EhlHE4ga (25b80122-5c0a-4e15-aa7e-70ac8269b9ee)
2019-08-02 07:57:49.057 1842 RALLYDEBUG rally_openstack.cleanup.manager [-] Deleting cinder.volumes object s_rally_c552830f_AxUuVLce (3fcaea09-b1cb-42c7-906a-f29aa2baf1f4)
2019-08-02 07:57:49.066 1842 RALLYDEBUG rally_openstack.cleanup.manager [-] Deleting cinder.volumes object s_rally_c552830f_dgvwxeBZ (9e59d844-8361-4ec1-bff9-2cfad1bed691)
2019-08-02 07:57:49.074 1842 RALLYDEBUG rally_openstack.cleanup.manager [-] Deleting cinder.volumes object s_rally_c552830f_HpBaAN3i (0ed8a72b-1363-4e31-acf5-add814773c65)
2019-08-02 07:57:53.751 1842 INFO rally.task.context [-] Task 06bee699-f93d-4fba-959a-9eae7bb69828 | Context cleanup@openstack cleanup() finished in 12.85 sec
2019-08-02 07:57:53.752 1842 INFO rally.task.context [-] Task 06bee699-f93d-4fba-959a-9eae7bb69828 | Context api_versions@openstack cleanup() started
2019-08-02 07:57:53.752 1842 INFO rally.task.context [-] Task 06bee699-f93d-4fba-959a-9eae7bb69828 | Context api_versions@openstack cleanup() finished in 0.34 msec
2019-08-02 07:57:53.753 1842 INFO rally.task.context [-] Task 06bee699-f93d-4fba-959a-9eae7bb69828 | Context users@openstack cleanup() started
2019-08-02 07:58:00.674 1842 INFO rally.task.context [-] Task 06bee699-f93d-4fba-959a-9eae7bb69828 | Context users@openstack cleanup() finished in 6.92 sec
2019-08-02 07:58:01.763 1842 INFO rally.task.engine [-] Load duration is: 10.348084
2019-08-02 07:58:01.763 1842 INFO rally.task.engine [-] Full runner duration is: 10.406563
2019-08-02 07:58:01.764 1842 INFO rally.task.engine [-] Full duration is: 35.093378
2019-08-02 07:58:01.922 1842 INFO rally.task.engine [-] Running workload: position = 1 config = { "version": 2, "title": "A cropped version of a bigger task.", "description": "Auto-generated task from a single workload (uuid=9c0cf021-3c91-4104-bef8-e2fad2836922)", "subtasks": [ { "title": "CinderVolumes.create_volume", "description": "Create a volume.", "scenario": { "CinderVolumes.create_volume": { "size": { "min": 1, "max": 1 } } }, "contexts": { "users": { "tenants": 3, "users_per_tenant": 2 }, "quotas": { "cinder": { "gigabytes": -1, "snapshots": -1, "volumes": -1 } }, "api_versions": { "cinder": { "version": 3, "service_type": "volumev3" } } }, "runner": { "constant": { "concurrency": 4, "times": 10 } }, "hooks": [], "sla": { "failure_rate": { "max": 0 } } } ] }
2019-08-02 07:58:01.952 1842 RALLYDEBUG rally_openstack.contexts.keystone.users [-] Creating 3 tenants using 20 threads
2019-08-02 07:58:03.714 1842 RALLYDEBUG rally_openstack.contexts.keystone.users [-] Creating 6 users using 20 threads
2019-08-02 07:58:06.475 1842 INFO rally.task.context [-] Task 06bee699-f93d-4fba-959a-9eae7bb69828 | Context users@openstack setup() finished in 4.52 sec
2019-08-02 07:58:06.906 1842 INFO rally.task.context [-] Task 06bee699-f93d-4fba-959a-9eae7bb69828 | Context api_versions@openstack setup() finished in 0.43 sec
2019-08-02 07:58:08.498 1842 INFO rally.task.context [-] Task 06bee699-f93d-4fba-959a-9eae7bb69828 | Context quotas@openstack setup() finished in 1.59 sec
2019-08-02 07:58:08.498 1842 INFO rally.task.context [-] Task 06bee699-f93d-4fba-959a-9eae7bb69828 | Context cleanup@openstack setup() finished in 0.01 msec
2019-08-02 07:58:08.506 1842 RALLYDEBUG rally.task.runner [-] Starting the constant runner (task UUID: 06bee699-f93d-4fba-959a-9eae7bb69828). timeout: 0 concurrency: 4 concurrency_per_worker: 1 times: 10 concurrency_overhead: 0 processes_to_start: 4 max_cpu_used: 16
2019-08-02 07:58:08.520 3658 RALLYDEBUG rally.task.runner [-] Starting a worker. concurrency: 1 args: {"size": {"min": 1, "max": 1}} times: 10 method_name: run timeout: 0 duration: None cls:
2019-08-02 07:58:08.522 3659 RALLYDEBUG rally.task.runner [-] Starting a worker. concurrency: 1 args: {"size": {"min": 1, "max": 1}} times: 10 method_name: run timeout: 0 duration: None cls:
2019-08-02 07:58:08.525 3660 RALLYDEBUG rally.task.runner [-] Starting a worker. concurrency: 1 args: {"size": {"min": 1, "max": 1}} times: 10 method_name: run timeout: 0 duration: None cls:
2019-08-02 07:58:08.528 3661 RALLYDEBUG rally.task.runner [-] Starting a worker. concurrency: 1 args: {"size": {"min": 1, "max": 1}} times: 10 method_name: run timeout: 0 duration: None cls:
2019-08-02 07:58:08.529 3658 INFO rally.task.runner [-] Task 06bee699-f93d-4fba-959a-9eae7bb69828 | ITER: 1 START
2019-08-02 07:58:08.531 3659 INFO rally.task.runner [-] Task 06bee699-f93d-4fba-959a-9eae7bb69828 | ITER: 2 START
2019-08-02 07:58:08.534 3660 INFO rally.task.runner [-] Task 06bee699-f93d-4fba-959a-9eae7bb69828 | ITER: 3 START
2019-08-02 07:58:08.535 3661 INFO rally.task.runner [-] Task 06bee699-f93d-4fba-959a-9eae7bb69828 | ITER: 4 START
2019-08-02 07:58:11.975 3659 INFO rally.task.runner [-] Task 06bee699-f93d-4fba-959a-9eae7bb69828 | ITER: 2 END: OK
2019-08-02 07:58:11.981 3659 INFO rally.task.runner [-] Task 06bee699-f93d-4fba-959a-9eae7bb69828 | ITER: 5 START
2019-08-02 07:58:12.157 3658 INFO rally.task.runner [-] Task 06bee699-f93d-4fba-959a-9eae7bb69828 | ITER: 1 END: OK
2019-08-02 07:58:12.163 3658 INFO rally.task.runner [-] Task 06bee699-f93d-4fba-959a-9eae7bb69828 | ITER: 6 START
2019-08-02 07:58:12.172 3660 INFO rally.task.runner [-] Task 06bee699-f93d-4fba-959a-9eae7bb69828 | ITER: 3 END: OK
2019-08-02 07:58:12.177 3660 INFO rally.task.runner [-] Task 06bee699-f93d-4fba-959a-9eae7bb69828 | ITER: 7 START
2019-08-02 07:58:12.383 3661 INFO rally.task.runner [-] Task 06bee699-f93d-4fba-959a-9eae7bb69828 | ITER: 4 END: OK
2019-08-02 07:58:12.388 3661 INFO rally.task.runner [-] Task 06bee699-f93d-4fba-959a-9eae7bb69828 | ITER: 8 START
2019-08-02 07:58:15.454 3658 INFO rally.task.runner [-] Task 06bee699-f93d-4fba-959a-9eae7bb69828 | ITER: 6 END: OK
2019-08-02 07:58:15.461 3658 INFO rally.task.runner [-] Task 06bee699-f93d-4fba-959a-9eae7bb69828 | ITER: 9 START
2019-08-02 07:58:15.486 3659 INFO rally.task.runner [-] Task 06bee699-f93d-4fba-959a-9eae7bb69828 | ITER: 5 END: OK
2019-08-02 07:58:15.491 3659 INFO rally.task.runner [-] Task 06bee699-f93d-4fba-959a-9eae7bb69828 | ITER: 10 START
2019-08-02 07:58:15.705 3660 INFO rally.task.runner [-] Task 06bee699-f93d-4fba-959a-9eae7bb69828 | ITER: 7 END: OK
2019-08-02 07:58:16.075 3661 INFO rally.task.runner [-] Task 06bee699-f93d-4fba-959a-9eae7bb69828 | ITER: 8 END: OK
2019-08-02 07:58:18.833 3658 INFO rally.task.runner [-] Task 06bee699-f93d-4fba-959a-9eae7bb69828 | ITER: 9 END: OK
2019-08-02 07:58:18.953 3659 INFO rally.task.runner [-] Task 06bee699-f93d-4fba-959a-9eae7bb69828 | ITER: 10 END: OK
2019-08-02 07:58:18.974 1842 INFO rally.task.context [-] Task 06bee699-f93d-4fba-959a-9eae7bb69828 | Context cleanup@openstack cleanup() started
2019-08-02 07:58:18.976 1842 RALLYDEBUG rally_openstack.cleanup.manager [-] Cleaning up cinder backups objects
2019-08-02 07:58:20.905 1842 RALLYDEBUG rally_openstack.cleanup.manager [-] Cleaning up cinder volume_snapshots objects
2019-08-02 07:58:22.786 1842 RALLYDEBUG rally_openstack.cleanup.manager [-] Cleaning up cinder transfers objects
2019-08-02 07:58:24.844 1842 RALLYDEBUG rally_openstack.cleanup.manager [-] Cleaning up cinder volumes objects
2019-08-02 07:58:27.052 1842 RALLYDEBUG rally_openstack.cleanup.manager [-] Deleting cinder.volumes object s_rally_9c0cf021_PYIh5V91 (dc77a923-c471-4d2e-b705-7fd3a9d6296d)
2019-08-02 07:58:27.053 1842 RALLYDEBUG rally_openstack.cleanup.manager [-] Deleting cinder.volumes object s_rally_9c0cf021_0MAcmDe5 (ce1107ec-afb5-44c4-916f-82b60413a7c4)
2019-08-02 07:58:27.057 1842 RALLYDEBUG rally_openstack.cleanup.manager [-] Deleting cinder.volumes object s_rally_9c0cf021_uuFbcFoS (2e70546d-1df8-4592-9851-62fcbae42ac7)
2019-08-02 07:58:27.061 1842 RALLYDEBUG rally_openstack.cleanup.manager [-] Deleting cinder.volumes object s_rally_9c0cf021_rM8wUYCo (ae477481-b321-4a17-bacd-418ee3e74c53)
2019-08-02 07:58:27.061 1842 RALLYDEBUG rally_openstack.cleanup.manager [-] Deleting cinder.volumes object s_rally_9c0cf021_y6sNusEQ (14458b40-14e6-4c08-bbea-07e57be0a213)
2019-08-02 07:58:27.065 1842 RALLYDEBUG rally_openstack.cleanup.manager [-] Deleting cinder.volumes object s_rally_9c0cf021_PMRai4ix (eb96c786-38fa-4ce0-8e37-28fe2af7ad0a)
2019-08-02 07:58:27.077 1842 RALLYDEBUG rally_openstack.cleanup.manager [-] Deleting cinder.volumes object s_rally_9c0cf021_kq1FGySD (340a0719-b423-46a7-91c5-7289dc6f7483)
2019-08-02 07:58:27.085 1842 RALLYDEBUG rally_openstack.cleanup.manager [-] Deleting cinder.volumes object s_rally_9c0cf021_VLTZ5KRC (3397a502-bd20-45ec-89c8-b3429e9e7556)
2019-08-02 07:58:27.089 1842 RALLYDEBUG rally_openstack.cleanup.manager [-] Deleting cinder.volumes object s_rally_9c0cf021_VhMRfXCi (c4848b6a-7511-4e85-8772-b469cd3b17f9)
2019-08-02 07:58:27.099 1842 RALLYDEBUG rally_openstack.cleanup.manager [-] Deleting cinder.volumes object s_rally_9c0cf021_0Fofb4Ov (e69f2db9-0199-4d9f-bab4-2ab55c099b60)
2019-08-02 07:58:32.223 1842 INFO rally.task.context [-] Task 06bee699-f93d-4fba-959a-9eae7bb69828 | Context cleanup@openstack cleanup() finished in 13.25 sec
2019-08-02 07:58:32.224 1842 INFO rally.task.context [-] Task 06bee699-f93d-4fba-959a-9eae7bb69828 | Context quotas@openstack cleanup() started
2019-08-02 07:58:32.695 1842 INFO rally.task.context [-] Task 06bee699-f93d-4fba-959a-9eae7bb69828 | Context quotas@openstack cleanup() finished in 0.47 sec
2019-08-02 07:58:32.695 1842 INFO rally.task.context [-] Task 06bee699-f93d-4fba-959a-9eae7bb69828 | Context api_versions@openstack cleanup() started
2019-08-02 07:58:32.695 1842 INFO rally.task.context [-] Task 06bee699-f93d-4fba-959a-9eae7bb69828 | Context api_versions@openstack cleanup() finished in 0.30 msec
2019-08-02 07:58:32.696 1842 INFO rally.task.context [-] Task 06bee699-f93d-4fba-959a-9eae7bb69828 | Context users@openstack cleanup() started
2019-08-02 07:58:39.876 1842 INFO rally.task.context [-] Task 06bee699-f93d-4fba-959a-9eae7bb69828 | Context users@openstack cleanup() finished in 7.18 sec
2019-08-02 07:58:40.118 1842 INFO rally.task.engine [-] Load duration is: 10.419918
2019-08-02 07:58:40.118 1842 INFO rally.task.engine [-] Full runner duration is: 10.468094
2019-08-02 07:58:40.119 1842 INFO rally.task.engine [-] Full duration is: 37.928483
2019-08-02 07:58:40.341 1842 INFO rally.task.engine [-] Running workload: position = 0 config = { "version": 2, "title": "A cropped version of a bigger task.", "description": "Auto-generated task from a single workload (uuid=215ac9cf-cfac-4b31-a6e9-af90fdb18a2a)", "subtasks": [ { "title": "CinderVolumes.list_volumes", "description": "List all volumes.", "scenario": { "CinderVolumes.list_volumes": { "detailed": true } }, "contexts": { "users": { "tenants": 3, "users_per_tenant": 2 }, "quotas": { "cinder": { "gigabytes": -1, "snapshots": -1, "volumes": -1 } }, "api_versions": { "cinder": { "version": 3, "service_type": "volumev3" } }, "volumes": { "size": 1, "volumes_per_tenant": 4 } }, "runner": { "constant": { "concurrency": 4, "times": 10 } }, "hooks": [], "sla": { "failure_rate": { "max": 0 } } } ] }
2019-08-02 07:58:40.366 1842 RALLYDEBUG rally_openstack.contexts.keystone.users [-] Creating 3 tenants using 20 threads
2019-08-02 07:58:42.339 1842 RALLYDEBUG rally_openstack.contexts.keystone.users [-] Creating 6 users using 20 threads
2019-08-02 07:58:45.340 1842 INFO rally.task.context [-] Task 06bee699-f93d-4fba-959a-9eae7bb69828 | Context users@openstack setup() finished in 4.97 sec
2019-08-02 07:58:45.782 1842 INFO rally.task.context [-] Task 06bee699-f93d-4fba-959a-9eae7bb69828 | Context api_versions@openstack setup() finished in 0.44 sec
2019-08-02 07:58:47.292 1842 INFO rally.task.context [-] Task 06bee699-f93d-4fba-959a-9eae7bb69828 | Context quotas@openstack setup() finished in 1.51 sec
2019-08-02 07:59:23.230 1842 INFO rally.task.context [-] Task 06bee699-f93d-4fba-959a-9eae7bb69828 | Context volumes@openstack setup() finished in 35.94 sec
2019-08-02 07:59:23.238 1842 RALLYDEBUG rally.task.runner [-] Starting the constant runner (task UUID: 06bee699-f93d-4fba-959a-9eae7bb69828). timeout: 0 concurrency: 4 concurrency_per_worker: 1 times: 10 concurrency_overhead: 0 processes_to_start: 4 max_cpu_used: 16
2019-08-02 07:59:23.250 3842 RALLYDEBUG rally.task.runner [-] Starting a worker. concurrency: 1 args: {"detailed": true} times: 10 method_name: run timeout: 0 duration: None cls:
2019-08-02 07:59:23.253 3843 RALLYDEBUG rally.task.runner [-] Starting a worker. concurrency: 1 args: {"detailed": true} times: 10 method_name: run timeout: 0 duration: None cls:
2019-08-02 07:59:23.255 3844 RALLYDEBUG rally.task.runner [-] Starting a worker. concurrency: 1 args: {"detailed": true} times: 10 method_name: run timeout: 0 duration: None cls:
2019-08-02 07:59:23.258 3845 RALLYDEBUG rally.task.runner [-] Starting a worker. concurrency: 1 args: {"detailed": true} times: 10 method_name: run timeout: 0 duration: None cls:
2019-08-02 07:59:23.258 3842 INFO rally.task.runner [-] Task 06bee699-f93d-4fba-959a-9eae7bb69828 | ITER: 1 START
2019-08-02 07:59:23.263 3843 INFO rally.task.runner [-] Task 06bee699-f93d-4fba-959a-9eae7bb69828 | ITER: 2 START
2019-08-02 07:59:23.263 3844 INFO rally.task.runner [-] Task 06bee699-f93d-4fba-959a-9eae7bb69828 | ITER: 3 START
2019-08-02 07:59:23.265 3845 INFO rally.task.runner [-] Task 06bee699-f93d-4fba-959a-9eae7bb69828 | ITER: 4 START
2019-08-02 07:59:24.065 3845 INFO rally.task.runner [-] Task 06bee699-f93d-4fba-959a-9eae7bb69828 | ITER: 4 END: OK
2019-08-02 07:59:24.071 3845 INFO rally.task.runner [-] Task 06bee699-f93d-4fba-959a-9eae7bb69828 | ITER: 5 START
2019-08-02 07:59:24.127 3842 INFO rally.task.runner [-] Task 06bee699-f93d-4fba-959a-9eae7bb69828 | ITER: 1 END: OK
2019-08-02 07:59:24.131 3844 INFO rally.task.runner [-] Task 06bee699-f93d-4fba-959a-9eae7bb69828 | ITER: 3 END: OK
2019-08-02 07:59:24.133 3842 INFO rally.task.runner [-] Task 06bee699-f93d-4fba-959a-9eae7bb69828 | ITER: 6 START
2019-08-02 07:59:24.141 3844 INFO rally.task.runner [-] Task 06bee699-f93d-4fba-959a-9eae7bb69828 | ITER: 7 START
2019-08-02 07:59:24.275 3843 INFO rally.task.runner [-] Task 06bee699-f93d-4fba-959a-9eae7bb69828 | ITER: 2 END: OK
2019-08-02 07:59:24.280 3843 INFO rally.task.runner [-] Task 06bee699-f93d-4fba-959a-9eae7bb69828 | ITER: 8 START
2019-08-02 07:59:24.799 3845 INFO rally.task.runner [-] Task 06bee699-f93d-4fba-959a-9eae7bb69828 | ITER: 5 END: OK
2019-08-02 07:59:24.804 3845 INFO rally.task.runner [-] Task 06bee699-f93d-4fba-959a-9eae7bb69828 | ITER: 9 START
2019-08-02 07:59:24.836 3842 INFO rally.task.runner [-] Task 06bee699-f93d-4fba-959a-9eae7bb69828 | ITER: 6 END: OK
2019-08-02 07:59:24.842 3842 INFO rally.task.runner [-] Task 06bee699-f93d-4fba-959a-9eae7bb69828 | ITER: 10 START
2019-08-02 07:59:24.857 3844 INFO rally.task.runner [-] Task 06bee699-f93d-4fba-959a-9eae7bb69828 | ITER: 7 END: OK
2019-08-02 07:59:25.192 3843 INFO rally.task.runner [-] Task 06bee699-f93d-4fba-959a-9eae7bb69828 | ITER: 8 END: OK
2019-08-02 07:59:25.507 3845 INFO rally.task.runner [-] Task 06bee699-f93d-4fba-959a-9eae7bb69828 | ITER: 9 END: OK
2019-08-02 07:59:25.578 3842 INFO rally.task.runner [-] Task 06bee699-f93d-4fba-959a-9eae7bb69828 | ITER: 10 END: OK
2019-08-02 07:59:25.600 1842 INFO rally.task.context [-] Task 06bee699-f93d-4fba-959a-9eae7bb69828 | Context volumes@openstack cleanup() started
2019-08-02 07:59:25.601 1842 RALLYDEBUG rally_openstack.cleanup.manager [-] Cleaning up cinder volumes objects
2019-08-02 07:59:27.651 1842 RALLYDEBUG rally_openstack.cleanup.manager [-] Deleting cinder.volumes object c_rally_215ac9cf_A94Ywz6D (f4c6c5bb-8299-4921-947a-01834a9849a5)
2019-08-02 07:59:27.653 1842 RALLYDEBUG rally_openstack.cleanup.manager [-] Deleting cinder.volumes object c_rally_215ac9cf_01bTdKzQ (f05edf44-eade-4f07-8bd3-133c0c64f4e3)
2019-08-02 07:59:27.655 1842 RALLYDEBUG rally_openstack.cleanup.manager [-] Deleting cinder.volumes object c_rally_215ac9cf_8Z4gZF7H (db51689f-0fee-45fb-869e-6f89581f8696)
2019-08-02 07:59:27.661 1842 RALLYDEBUG rally_openstack.cleanup.manager [-] Deleting cinder.volumes object c_rally_215ac9cf_q5BOKxjV (f9b7dfb1-c895-41da-8937-9a41257ecf49)
2019-08-02 07:59:27.663 1842 RALLYDEBUG rally_openstack.cleanup.manager [-] Deleting cinder.volumes object c_rally_215ac9cf_G59HXXLc (36a8ee8b-e16e-495a-9c56-e9b0832696bf)
2019-08-02 07:59:27.665 1842 RALLYDEBUG rally_openstack.cleanup.manager [-] Deleting cinder.volumes object c_rally_215ac9cf_84nU3rG4 (88af734e-c2b4-4be3-9352-be6161d44b2e)
2019-08-02 07:59:27.668 1842 RALLYDEBUG rally_openstack.cleanup.manager [-] Deleting cinder.volumes object c_rally_215ac9cf_fpEVGyqJ (471c124d-83b2-4a96-8072-cdd90be830ce)
2019-08-02 07:59:27.673 1842 RALLYDEBUG rally_openstack.cleanup.manager [-] Deleting cinder.volumes object c_rally_215ac9cf_uno5ev15 (6ec2826e-f2f2-4ac7-b5fb-dc13cdb50770)
2019-08-02 07:59:27.676 1842 RALLYDEBUG rally_openstack.cleanup.manager [-] Deleting cinder.volumes object c_rally_215ac9cf_cjChMWA4 (fe3d3544-7073-48d0-91d0-d4fc6e6bff2b)
2019-08-02 07:59:27.686 1842 RALLYDEBUG rally_openstack.cleanup.manager [-] Deleting cinder.volumes object c_rally_215ac9cf_6ZSWAdmj (e19f1b86-8a9d-4939-90cb-b0b1bfaadfd6)
2019-08-02 07:59:27.693 1842 RALLYDEBUG rally_openstack.cleanup.manager [-] Deleting cinder.volumes object c_rally_215ac9cf_dDxCOFXG (7ecfe633-8a12-4be5-afe7-973398ad26fa)
2019-08-02 07:59:27.699 1842 RALLYDEBUG rally_openstack.cleanup.manager [-] Deleting cinder.volumes object c_rally_215ac9cf_m1retKLV (1b7ffc8a-21a3-411e-b9da-e4cd9c461d66)
2019-08-02 07:59:32.867 1842 INFO rally.task.context [-] Task 06bee699-f93d-4fba-959a-9eae7bb69828 | Context volumes@openstack cleanup() finished in 7.27 sec
2019-08-02 07:59:32.868 1842 INFO rally.task.context [-] Task 06bee699-f93d-4fba-959a-9eae7bb69828 | Context quotas@openstack cleanup() started
2019-08-02 07:59:33.237 1842 INFO rally.task.context [-] Task 06bee699-f93d-4fba-959a-9eae7bb69828 | Context quotas@openstack cleanup() finished in 0.37 sec
2019-08-02 07:59:33.238 1842 INFO rally.task.context [-] Task 06bee699-f93d-4fba-959a-9eae7bb69828 | Context api_versions@openstack cleanup() started
2019-08-02 07:59:33.238 1842 INFO rally.task.context [-] Task 06bee699-f93d-4fba-959a-9eae7bb69828 | Context api_versions@openstack cleanup() finished in 0.34 msec
2019-08-02 07:59:33.238 1842 INFO rally.task.context [-] Task 06bee699-f93d-4fba-959a-9eae7bb69828 | Context users@openstack cleanup() started
2019-08-02 07:59:40.311 1842 INFO rally.task.context [-] Task 06bee699-f93d-4fba-959a-9eae7bb69828 | Context users@openstack cleanup() finished in 7.07 sec
2019-08-02 07:59:40.602 1842 INFO rally.task.engine [-] Load duration is: 2.315449
2019-08-02 07:59:40.603 1842 INFO rally.task.engine [-] Full runner duration is: 2.363426
2019-08-02 07:59:40.603 1842 INFO rally.task.engine [-] Full duration is: 59.951217
2019-08-02 07:59:40.815 1842 INFO rally.task.engine [-] Running workload: position = 0 config = { "version": 2, "title": "A cropped version of a bigger task.", "description": "Auto-generated task from a single workload (uuid=ed6e0c3d-a897-4c59-b310-7e2c57ee1b3f)", "subtasks": [ { "title": "CinderVolumes.create_and_delete_snapshot", "description": "Create and then delete a volume-snapshot.", "scenario": { "CinderVolumes.create_and_delete_snapshot": { "force": false } }, "contexts": { "users": { "tenants": 3, "users_per_tenant": 2 }, "quotas": { "cinder": { "gigabytes": -1, "snapshots": -1, "volumes": -1 } }, "api_versions": { "cinder": { "version": 3, "service_type": "volumev3" } }, "volumes": { "size": 1, "volumes_per_tenant": 1 } }, "runner": { "constant": { "concurrency": 4, "times": 10 } }, "hooks": [], "sla": { "failure_rate": { "max": 0 } } } ] }
2019-08-02 07:59:40.841 1842 RALLYDEBUG rally_openstack.contexts.keystone.users [-] Creating 3 tenants using 20 threads
2019-08-02 07:59:42.647 1842 RALLYDEBUG rally_openstack.contexts.keystone.users [-] Creating 6 users using 20 threads
2019-08-02 07:59:45.462 1842 INFO rally.task.context [-] Task 06bee699-f93d-4fba-959a-9eae7bb69828 | Context users@openstack setup() finished in 4.62 sec
2019-08-02 07:59:45.887 1842 INFO rally.task.context [-] Task 06bee699-f93d-4fba-959a-9eae7bb69828 | Context api_versions@openstack setup() finished in 0.42 sec
2019-08-02 07:59:47.445 1842 INFO rally.task.context [-] Task 06bee699-f93d-4fba-959a-9eae7bb69828 | Context quotas@openstack setup() finished in 1.56 sec
2019-08-02 07:59:57.889 1842 INFO rally.task.context [-] Task 06bee699-f93d-4fba-959a-9eae7bb69828 | Context volumes@openstack setup() finished in 10.44 sec
2019-08-02 07:59:57.890 1842 INFO rally.task.context [-] Task 06bee699-f93d-4fba-959a-9eae7bb69828 | Context cleanup@openstack setup() finished in 0.01 msec
2019-08-02 07:59:57.897 1842 RALLYDEBUG rally.task.runner [-] Starting the constant runner (task UUID: 06bee699-f93d-4fba-959a-9eae7bb69828). timeout: 0 concurrency: 4 concurrency_per_worker: 1 times: 10 concurrency_overhead: 0 processes_to_start: 4 max_cpu_used: 16
2019-08-02 07:59:57.911 3966 RALLYDEBUG rally.task.runner [-] Starting a worker. concurrency: 1 args: {"force": false} times: 10 method_name: run timeout: 0 duration: None cls:
2019-08-02 07:59:57.913 3967 RALLYDEBUG rally.task.runner [-] Starting a worker. concurrency: 1 args: {"force": false} times: 10 method_name: run timeout: 0 duration: None cls:
2019-08-02 07:59:57.915 3968 RALLYDEBUG rally.task.runner [-] Starting a worker. concurrency: 1 args: {"force": false} times: 10 method_name: run timeout: 0 duration: None cls:
2019-08-02 07:59:57.919 3969 RALLYDEBUG rally.task.runner [-] Starting a worker. concurrency: 1 args: {"force": false} times: 10 method_name: run timeout: 0 duration: None cls:
2019-08-02 07:59:57.923 3966 INFO rally.task.runner [-] Task 06bee699-f93d-4fba-959a-9eae7bb69828 | ITER: 1 START
2019-08-02 07:59:57.924 3967 INFO rally.task.runner [-] Task 06bee699-f93d-4fba-959a-9eae7bb69828 | ITER: 2 START
2019-08-02 07:59:57.925 3968 INFO rally.task.runner [-] Task 06bee699-f93d-4fba-959a-9eae7bb69828 | ITER: 3 START
2019-08-02 07:59:57.931 3969 INFO rally.task.runner [-] Task 06bee699-f93d-4fba-959a-9eae7bb69828 | ITER: 4 START
2019-08-02 08:00:01.695 3968 RALLYDEBUG rally.task.utils [-] Waiting for resource s_rally_ed6e0c3d_KQ6bNFlm. Status changed: AVAILABLE => DELETING in 0.227519989014
2019-08-02 08:00:01.823 3967 RALLYDEBUG rally.task.utils [-] Waiting for resource s_rally_ed6e0c3d_tFgr3jdO. Status changed: AVAILABLE => DELETING in 0.258199930191
2019-08-02 08:00:01.965 3966 RALLYDEBUG rally.task.utils [-] Waiting for resource s_rally_ed6e0c3d_wpWjGNYM. Status changed: AVAILABLE => DELETING in 0.237731933594
2019-08-02 08:00:02.002 3969 RALLYDEBUG rally.task.utils [-] Waiting for resource s_rally_ed6e0c3d_ptcmNUX0. Status changed: AVAILABLE => DELETING in 0.234984874725
2019-08-02 08:00:03.721 3968 INFO rally.task.runner [-] Task 06bee699-f93d-4fba-959a-9eae7bb69828 | ITER: 3 END: OK
2019-08-02 08:00:03.727 3968 INFO rally.task.runner [-] Task 06bee699-f93d-4fba-959a-9eae7bb69828 | ITER: 5 START
2019-08-02 08:00:03.850 3967 INFO rally.task.runner [-] Task 06bee699-f93d-4fba-959a-9eae7bb69828 | ITER: 2 END: OK
2019-08-02 08:00:03.856 3967 INFO rally.task.runner [-] Task 06bee699-f93d-4fba-959a-9eae7bb69828 | ITER: 6 START
2019-08-02 08:00:04.225 3969 INFO rally.task.runner [-] Task 06bee699-f93d-4fba-959a-9eae7bb69828 | ITER: 4 END: OK
2019-08-02 08:00:04.231 3969 INFO rally.task.runner [-] Task 06bee699-f93d-4fba-959a-9eae7bb69828 | ITER: 7 START
2019-08-02 08:00:04.309 3966 INFO rally.task.runner [-] Task 06bee699-f93d-4fba-959a-9eae7bb69828 | ITER: 1 END: OK
2019-08-02 08:00:04.314 3966 INFO rally.task.runner [-] Task 06bee699-f93d-4fba-959a-9eae7bb69828 | ITER: 8 START
2019-08-02 08:00:07.500 3967 INFO rally.task.runner [-] Task 06bee699-f93d-4fba-959a-9eae7bb69828 | ITER: 6 END: OK
2019-08-02 08:00:07.506 3967 INFO rally.task.runner [-] Task 06bee699-f93d-4fba-959a-9eae7bb69828 | ITER: 9 START
2019-08-02 08:00:07.728 3968 RALLYDEBUG rally.task.utils [-] Waiting for resource s_rally_ed6e0c3d_ldSPS6qK. Status changed: AVAILABLE => DELETING in 0.240900993347
2019-08-02 08:00:07.785 3966 RALLYDEBUG rally.task.utils [-] Waiting for resource s_rally_ed6e0c3d_UAgJk20u. Status changed: AVAILABLE => DELETING in 0.024423122406
2019-08-02 08:00:07.922 3969 RALLYDEBUG rally.task.utils [-] Waiting for resource s_rally_ed6e0c3d_kNiwmGY7. Status changed: AVAILABLE => DELETING in 0.0290818214417
2019-08-02 08:00:09.947 3968 INFO rally.task.runner [-] Task 06bee699-f93d-4fba-959a-9eae7bb69828 | ITER: 5 END: OK
2019-08-02 08:00:09.952 3968 INFO rally.task.runner [-] Task 06bee699-f93d-4fba-959a-9eae7bb69828 | ITER: 10 START
2019-08-02 08:00:10.008 3966 INFO rally.task.runner [-] Task 06bee699-f93d-4fba-959a-9eae7bb69828 | ITER: 8 END: OK
2019-08-02 08:00:10.137 3969 INFO rally.task.runner [-] Task 06bee699-f93d-4fba-959a-9eae7bb69828 | ITER: 7 END: OK
2019-08-02 08:00:11.110 3967 RALLYDEBUG rally.task.utils [-] Waiting for resource s_rally_ed6e0c3d_NhUXisw6. Status changed: AVAILABLE => DELETING in 0.292098045349
2019-08-02 08:00:13.134 3967 INFO rally.task.runner [-] Task 06bee699-f93d-4fba-959a-9eae7bb69828 | ITER: 9 END: OK
2019-08-02 08:00:13.846 3968 RALLYDEBUG rally.task.utils [-] Waiting for resource s_rally_ed6e0c3d_E62zIB9U. Status changed: AVAILABLE => DELETING in 0.213768005371
2019-08-02 08:00:16.185 3968 INFO rally.task.runner [-] Task 06bee699-f93d-4fba-959a-9eae7bb69828 | ITER: 10 END: OK
2019-08-02 08:00:16.213 1842 INFO rally.task.context [-] Task 06bee699-f93d-4fba-959a-9eae7bb69828 | Context cleanup@openstack cleanup() started
2019-08-02 08:00:16.215 1842 RALLYDEBUG rally_openstack.cleanup.manager [-] Cleaning up cinder backups objects
2019-08-02 08:00:18.274 1842 RALLYDEBUG rally_openstack.cleanup.manager [-] Cleaning up cinder volume_snapshots objects
2019-08-02 08:00:20.258 1842 RALLYDEBUG rally_openstack.cleanup.manager [-] Cleaning up cinder transfers objects
2019-08-02 08:00:22.458 1842 RALLYDEBUG rally_openstack.cleanup.manager [-] Cleaning up cinder volumes objects
2019-08-02 08:00:24.634 1842 INFO rally.task.context [-] Task 06bee699-f93d-4fba-959a-9eae7bb69828 | Context cleanup@openstack cleanup() finished in 8.42 sec
2019-08-02 08:00:24.635 1842 INFO rally.task.context [-] Task 06bee699-f93d-4fba-959a-9eae7bb69828 | Context volumes@openstack cleanup() started
2019-08-02 08:00:24.635 1842 RALLYDEBUG rally_openstack.cleanup.manager [-] Cleaning up cinder volumes objects
2019-08-02 08:00:26.841 1842 RALLYDEBUG rally_openstack.cleanup.manager [-] Deleting cinder.volumes object c_rally_ed6e0c3d_5fsz0MJ7 (e1f0824f-b991-4f56-9933-c29fe5839c31)
2019-08-02 08:00:26.844 1842 RALLYDEBUG rally_openstack.cleanup.manager [-] Deleting cinder.volumes object c_rally_ed6e0c3d_yrJN9QOz (1fa2b0d4-a62f-44e8-bc71-293e71f3c161)
2019-08-02 08:00:26.846 1842 RALLYDEBUG rally_openstack.cleanup.manager [-] Deleting cinder.volumes object c_rally_ed6e0c3d_rT7MW2FJ (e8754501-351e-4307-b193-0bf06a375156)
2019-08-02 08:00:29.998 1842 INFO rally.task.context [-] Task 06bee699-f93d-4fba-959a-9eae7bb69828 | Context volumes@openstack cleanup() finished in 5.36 sec
2019-08-02 08:00:29.999 1842 INFO rally.task.context [-] Task 06bee699-f93d-4fba-959a-9eae7bb69828 | Context quotas@openstack cleanup() started
2019-08-02 08:00:30.457 1842 INFO rally.task.context [-] Task 06bee699-f93d-4fba-959a-9eae7bb69828 | Context quotas@openstack cleanup() finished in 0.46 sec
2019-08-02 08:00:30.457 1842 INFO rally.task.context [-] Task 06bee699-f93d-4fba-959a-9eae7bb69828 | Context api_versions@openstack cleanup() started
2019-08-02 08:00:30.458 1842 INFO rally.task.context [-] Task 06bee699-f93d-4fba-959a-9eae7bb69828 | Context api_versions@openstack cleanup() finished in 0.31 msec
2019-08-02 08:00:30.458 1842 INFO rally.task.context [-] Task 06bee699-f93d-4fba-959a-9eae7bb69828 | Context users@openstack cleanup() started
2019-08-02 08:00:37.441 1842 INFO rally.task.context [-] Task 06bee699-f93d-4fba-959a-9eae7bb69828 | Context users@openstack cleanup() finished in 6.98 sec
2019-08-02 08:00:39.077 1842 INFO rally.task.engine [-] Load duration is: 18.257976
2019-08-02 08:00:39.077 1842 INFO rally.task.engine [-] Full runner duration is: 18.315784
2019-08-02 08:00:39.077 1842 INFO rally.task.engine [-] Full duration is: 56.605154
2019-08-02 08:00:39.288 1842 INFO rally.task.engine [-] Running workload: position = 0 config = { "version": 2, "title": "A cropped version of a bigger task.", "description": "Auto-generated task from a single workload (uuid=cff5ef32-9d74-4464-ace5-dcf4db63642f)", "subtasks": [ { "title": "CinderVolumes.create_and_delete_volume", "description": "Create and then delete a volume.", "scenario": { "CinderVolumes.create_and_delete_volume": { "size": { "max": 1, "min": 1 } } }, "contexts": { "users": { "tenants": 3, "users_per_tenant": 2 }, "quotas": { "cinder": { "gigabytes": -1, "snapshots": -1, "volumes": -1 } }, "api_versions": { "cinder": { "version": 3, "service_type": "volumev3" } } }, "runner": { "constant": { "concurrency": 4, "times": 10 } }, "hooks": [], "sla": { "failure_rate": { "max": 0 } } } ] }
2019-08-02 08:00:39.313 1842 RALLYDEBUG rally_openstack.contexts.keystone.users [-] Creating 3 tenants using 20 threads
2019-08-02 08:00:41.094 1842 RALLYDEBUG rally_openstack.contexts.keystone.users [-] Creating 6 users using 20 threads
2019-08-02 08:00:43.902 1842 INFO rally.task.context [-] Task 06bee699-f93d-4fba-959a-9eae7bb69828 | Context users@openstack setup() finished in 4.59 sec
2019-08-02 08:00:44.347 1842 INFO rally.task.context [-] Task 06bee699-f93d-4fba-959a-9eae7bb69828 | Context api_versions@openstack setup() finished in 0.44 sec
2019-08-02 08:00:45.884 1842 INFO rally.task.context [-] Task 06bee699-f93d-4fba-959a-9eae7bb69828 | Context quotas@openstack setup() finished in 1.54 sec
2019-08-02 08:00:45.884 1842 INFO rally.task.context [-] Task 06bee699-f93d-4fba-959a-9eae7bb69828 | Context cleanup@openstack setup() finished in 0.01 msec
2019-08-02 08:00:45.892 1842 RALLYDEBUG rally.task.runner [-] Starting the constant runner (task UUID: 06bee699-f93d-4fba-959a-9eae7bb69828). timeout: 0 concurrency: 4 concurrency_per_worker: 1 times: 10 concurrency_overhead: 0 processes_to_start: 4 max_cpu_used: 16
2019-08-02 08:00:45.906 4170 RALLYDEBUG rally.task.runner [-] Starting a worker. concurrency: 1 args: {"size": {"max": 1, "min": 1}} times: 10 method_name: run timeout: 0 duration: None cls:
2019-08-02 08:00:45.909 4171 RALLYDEBUG rally.task.runner [-] Starting a worker. concurrency: 1 args: {"size": {"max": 1, "min": 1}} times: 10 method_name: run timeout: 0 duration: None cls:
2019-08-02 08:00:45.911 4172 RALLYDEBUG rally.task.runner [-] Starting a worker. concurrency: 1 args: {"size": {"max": 1, "min": 1}} times: 10 method_name: run timeout: 0 duration: None cls:
2019-08-02 08:00:45.914 4170 INFO rally.task.runner [-] Task 06bee699-f93d-4fba-959a-9eae7bb69828 | ITER: 1 START
2019-08-02 08:00:45.915 4173 RALLYDEBUG rally.task.runner [-] Starting a worker. concurrency: 1 args: {"size": {"max": 1, "min": 1}} times: 10 method_name: run timeout: 0 duration: None cls:
2019-08-02 08:00:45.917 4171 INFO rally.task.runner [-] Task 06bee699-f93d-4fba-959a-9eae7bb69828 | ITER: 2 START
2019-08-02 08:00:45.919 4172 INFO rally.task.runner [-] Task 06bee699-f93d-4fba-959a-9eae7bb69828 | ITER: 3 START
2019-08-02 08:00:45.923 4173 INFO rally.task.runner [-] Task 06bee699-f93d-4fba-959a-9eae7bb69828 | ITER: 4 START
2019-08-02 08:00:49.841 4173 RALLYDEBUG rally.task.utils [-] Waiting for resource s_rally_cff5ef32_n9wxVe60. Status changed: AVAILABLE => DELETING in 0.0545070171356
2019-08-02 08:00:50.072 4171 RALLYDEBUG rally.task.utils [-] Waiting for resource s_rally_cff5ef32_gd4PGTtj. Status changed: AVAILABLE => DELETING in 0.267170906067
