2019-08-02 08:00:50.214 4172 RALLYDEBUG rally.task.utils [-] Waiting for resource s_rally_cff5ef32_NglZyrY8. Status changed: AVAILABLE => DELETING in 0.278696060181
2019-08-02 08:00:50.359 4170 RALLYDEBUG rally.task.utils [-] Waiting for resource s_rally_cff5ef32_a2pCIsDi. Status changed: AVAILABLE => DELETING in 0.27200293541
2019-08-02 08:00:52.082 4173 INFO rally.task.runner [-] Task 06bee699-f93d-4fba-959a-9eae7bb69828 | ITER: 4 END: OK
2019-08-02 08:00:52.087 4173 INFO rally.task.runner [-] Task 06bee699-f93d-4fba-959a-9eae7bb69828 | ITER: 5 START
2019-08-02 08:00:52.261 4172 INFO rally.task.runner [-] Task 06bee699-f93d-4fba-959a-9eae7bb69828 | ITER: 3 END: OK
2019-08-02 08:00:52.268 4172 INFO rally.task.runner [-] Task 06bee699-f93d-4fba-959a-9eae7bb69828 | ITER: 6 START
2019-08-02 08:00:52.311 4171 INFO rally.task.runner [-] Task 06bee699-f93d-4fba-959a-9eae7bb69828 | ITER: 2 END: OK
2019-08-02 08:00:52.316 4171 INFO rally.task.runner [-] Task 06bee699-f93d-4fba-959a-9eae7bb69828 | ITER: 7 START
2019-08-02 08:00:52.618 4170 INFO rally.task.runner [-] Task 06bee699-f93d-4fba-959a-9eae7bb69828 | ITER: 1 END: OK
2019-08-02 08:00:52.623 4170 INFO rally.task.runner [-] Task 06bee699-f93d-4fba-959a-9eae7bb69828 | ITER: 8 START
2019-08-02 08:00:55.924 4173 INFO rally.task.runner [-] Task 06bee699-f93d-4fba-959a-9eae7bb69828 | ITER: 5 END: OK
2019-08-02 08:00:55.929 4173 INFO rally.task.runner [-] Task 06bee699-f93d-4fba-959a-9eae7bb69828 | ITER: 9 START
2019-08-02 08:00:56.425 4171 RALLYDEBUG rally.task.utils [-] Waiting for resource s_rally_cff5ef32_9MEQyQCx. Status changed: AVAILABLE => DELETING in 0.260615110397
2019-08-02 08:00:56.456 4170 RALLYDEBUG rally.task.utils [-] Waiting for resource s_rally_cff5ef32_NT9QrfGV. Status changed: AVAILABLE => DELETING in 0.0580310821533
2019-08-02 08:00:56.667 4172 RALLYDEBUG rally.task.utils [-] Waiting for resource s_rally_cff5ef32_X049a1Y9. Status changed: AVAILABLE => DELETING in 0.418277025223
2019-08-02 08:00:58.468 4171 INFO rally.task.runner [-] Task 06bee699-f93d-4fba-959a-9eae7bb69828 | ITER: 7 END: OK
2019-08-02 08:00:58.473 4171 INFO rally.task.runner [-] Task 06bee699-f93d-4fba-959a-9eae7bb69828 | ITER: 10 START
2019-08-02 08:00:58.503 4170 INFO rally.task.runner [-] Task 06bee699-f93d-4fba-959a-9eae7bb69828 | ITER: 8 END: OK
2019-08-02 08:00:58.911 4172 INFO rally.task.runner [-] Task 06bee699-f93d-4fba-959a-9eae7bb69828 | ITER: 6 END: OK
2019-08-02 08:00:59.940 4173 RALLYDEBUG rally.task.utils [-] Waiting for resource s_rally_cff5ef32_T4ybnYqI. Status changed: AVAILABLE => DELETING in 0.367752075195
2019-08-02 08:01:01.979 4173 INFO rally.task.runner [-] Task 06bee699-f93d-4fba-959a-9eae7bb69828 | ITER: 9 END: OK
2019-08-02 08:01:02.358 4171 INFO rally.task.runner [-] Task 06bee699-f93d-4fba-959a-9eae7bb69828 | ITER: 10 END: OK
2019-08-02 08:01:02.380 1842 INFO rally.task.context [-] Task 06bee699-f93d-4fba-959a-9eae7bb69828 | Context cleanup@openstack cleanup() started
2019-08-02 08:01:02.382 1842 RALLYDEBUG rally_openstack.cleanup.manager [-] Cleaning up cinder backups objects
2019-08-02 08:01:04.442 1842 RALLYDEBUG rally_openstack.cleanup.manager [-] Cleaning up cinder volume_snapshots objects
2019-08-02 08:01:06.438 1842 RALLYDEBUG rally_openstack.cleanup.manager [-] Cleaning up cinder transfers objects
2019-08-02 08:01:08.332 1842 RALLYDEBUG rally_openstack.cleanup.manager [-] Cleaning up cinder volumes objects
2019-08-02 08:01:10.332 1842 INFO rally.task.context [-] Task 06bee699-f93d-4fba-959a-9eae7bb69828 | Context cleanup@openstack cleanup() finished in 7.95 sec
2019-08-02 08:01:10.333 1842 INFO rally.task.context [-] Task 06bee699-f93d-4fba-959a-9eae7bb69828 | Context quotas@openstack cleanup() started
2019-08-02 08:01:10.972 1842 INFO rally.task.context [-] Task 06bee699-f93d-4fba-959a-9eae7bb69828 | Context quotas@openstack cleanup() finished in 0.64 sec
2019-08-02 08:01:10.973 1842 INFO rally.task.context [-] Task 06bee699-f93d-4fba-959a-9eae7bb69828 | Context api_versions@openstack cleanup() started
2019-08-02 08:01:10.973 1842 INFO rally.task.context [-] Task 06bee699-f93d-4fba-959a-9eae7bb69828 | Context api_versions@openstack cleanup() finished in 0.33 msec
2019-08-02 08:01:10.973 1842 INFO rally.task.context [-] Task 06bee699-f93d-4fba-959a-9eae7bb69828 | Context users@openstack cleanup() started
2019-08-02 08:01:18.089 1842 INFO rally.task.context [-] Task 06bee699-f93d-4fba-959a-9eae7bb69828 | Context users@openstack cleanup() finished in 7.12 sec
2019-08-02 08:01:19.482 1842 INFO rally.task.engine [-] Load duration is: 16.439403
2019-08-02 08:01:19.483 1842 INFO rally.task.engine [-] Full runner duration is: 16.48783
2019-08-02 08:01:19.483 1842 INFO rally.task.engine [-] Full duration is: 38.780287
2019-08-02 08:01:19.619 1842 INFO rally.task.engine [-] Running workload: position = 1 config = { "version": 2, "title": "A cropped version of a bigger task.", "description": "Auto-generated task from a single workload (uuid=5975c186-e934-49a0-9f1e-c0d84c9b6a1c)", "subtasks": [ { "title": "CinderVolumes.create_and_delete_volume", "description": "Create and then delete a volume.", "scenario": { "CinderVolumes.create_and_delete_volume": { "image": { "name": "rally_full-img_e7542da9-ae70-4702-b41e-9f0edaccc0aa" }, "size": 1 } }, "contexts": { "users": { "tenants": 3, "users_per_tenant": 2 }, "quotas": { "cinder": { "gigabytes": -1, "snapshots": -1, "volumes": -1 } }, "api_versions": { "cinder": { "version": 3, "service_type": "volumev3" } } }, "runner": { "constant": { "concurrency": 4, "times": 10 } }, "hooks": [], "sla": { "failure_rate": { "max": 0 } } } ] }
2019-08-02 08:01:19.639 1842 RALLYDEBUG rally_openstack.contexts.keystone.users [-] Creating 3 tenants using 20 threads
2019-08-02 08:01:21.539 1842 RALLYDEBUG rally_openstack.contexts.keystone.users [-] Creating 6 users using 20 threads
2019-08-02 08:01:24.199 1842 INFO rally.task.context [-] Task 06bee699-f93d-4fba-959a-9eae7bb69828 | Context users@openstack setup() finished in 4.56 sec
2019-08-02 08:01:24.648 1842 INFO rally.task.context [-] Task 06bee699-f93d-4fba-959a-9eae7bb69828 | Context api_versions@openstack setup() finished in 0.45 sec
2019-08-02 08:01:26.213 1842 INFO rally.task.context [-] Task 06bee699-f93d-4fba-959a-9eae7bb69828 | Context quotas@openstack setup() finished in 1.56 sec
2019-08-02 08:01:26.214 1842 INFO rally.task.context [-] Task 06bee699-f93d-4fba-959a-9eae7bb69828 | Context cleanup@openstack setup() finished in 0.00 msec
2019-08-02 08:01:26.935 1842 RALLYDEBUG rally.task.runner [-] Starting the constant runner (task UUID: 06bee699-f93d-4fba-959a-9eae7bb69828). timeout: 0 concurrency: 4 concurrency_per_worker: 1 times: 10 concurrency_overhead: 0 processes_to_start: 4 max_cpu_used: 16
2019-08-02 08:01:26.948 4355 RALLYDEBUG rally.task.runner [-] Starting a worker. concurrency: 1 args: {"image": "85f84fb7-08cd-42ff-a04c-adca11e26f02", "size": 1} times: 10 method_name: run timeout: 0 duration: None cls:
2019-08-02 08:01:26.949 4354 RALLYDEBUG rally.task.runner [-] Starting a worker. concurrency: 1 args: {"image": "85f84fb7-08cd-42ff-a04c-adca11e26f02", "size": 1} times: 10 method_name: run timeout: 0 duration: None cls:
2019-08-02 08:01:26.950 4356 RALLYDEBUG rally.task.runner [-] Starting a worker. concurrency: 1 args: {"image": "85f84fb7-08cd-42ff-a04c-adca11e26f02", "size": 1} times: 10 method_name: run timeout: 0 duration: None cls:
2019-08-02 08:01:26.952 4355 INFO rally.task.runner [-] Task 06bee699-f93d-4fba-959a-9eae7bb69828 | ITER: 1 START
2019-08-02 08:01:26.954 4357 RALLYDEBUG rally.task.runner [-] Starting a worker. concurrency: 1 args: {"image": "85f84fb7-08cd-42ff-a04c-adca11e26f02", "size": 1} times: 10 method_name: run timeout: 0 duration: None cls:
2019-08-02 08:01:26.956 4356 INFO rally.task.runner [-] Task 06bee699-f93d-4fba-959a-9eae7bb69828 | ITER: 3 START
2019-08-02 08:01:26.957 4357 INFO rally.task.runner [-] Task 06bee699-f93d-4fba-959a-9eae7bb69828 | ITER: 4 START
2019-08-02 08:01:26.957 4354 INFO rally.task.runner [-] Task 06bee699-f93d-4fba-959a-9eae7bb69828 | ITER: 2 START
2019-08-02 08:01:33.084 4357 RALLYDEBUG rally.task.utils [-] Waiting for resource s_rally_5975c186_eUvQaSOk. Status changed: DOWNLOADING => AVAILABLE in 2.7408080101
2019-08-02 08:01:33.249 4355 RALLYDEBUG rally.task.utils [-] Waiting for resource s_rally_5975c186_oQGbfIws. Status changed: DOWNLOADING => AVAILABLE in 2.8603849411
2019-08-02 08:01:33.295 4354 RALLYDEBUG rally.task.utils [-] Waiting for resource s_rally_5975c186_yBvFIk2Y. Status changed: DOWNLOADING => AVAILABLE in 2.9846868515
2019-08-02 08:01:33.400 4356 RALLYDEBUG rally.task.utils [-] Waiting for resource s_rally_5975c186_RGkxgDSy. Status changed: DOWNLOADING => AVAILABLE in 3.02868795395
2019-08-02 08:01:33.605 4355 RALLYDEBUG rally.task.utils [-] Waiting for resource s_rally_5975c186_oQGbfIws. Status changed: AVAILABLE => DELETING in 0.0559740066528
2019-08-02 08:01:33.714 4354 RALLYDEBUG rally.task.utils [-] Waiting for resource s_rally_5975c186_yBvFIk2Y. Status changed: AVAILABLE => DELETING in 0.0580720901489
2019-08-02 08:01:33.734 4357 RALLYDEBUG rally.task.utils [-] Waiting for resource s_rally_5975c186_eUvQaSOk. Status changed: AVAILABLE => DELETING in 0.353193998337
2019-08-02 08:01:33.804 4356 RALLYDEBUG rally.task.utils [-] Waiting for resource s_rally_5975c186_RGkxgDSy. Status changed: AVAILABLE => DELETING in 0.33447599411
2019-08-02 08:01:35.645 4355 INFO rally.task.runner [-] Task 06bee699-f93d-4fba-959a-9eae7bb69828 | ITER: 1 END: OK
2019-08-02 08:01:35.650 4355 INFO rally.task.runner [-] Task 06bee699-f93d-4fba-959a-9eae7bb69828 | ITER: 5 START
2019-08-02 08:01:35.851 4356 INFO rally.task.runner [-] Task 06bee699-f93d-4fba-959a-9eae7bb69828 | ITER: 3 END: OK
2019-08-02 08:01:35.857 4356 INFO rally.task.runner [-] Task 06bee699-f93d-4fba-959a-9eae7bb69828 | ITER: 6 START
2019-08-02 08:01:35.978 4357 INFO rally.task.runner [-] Task 06bee699-f93d-4fba-959a-9eae7bb69828 | ITER: 4 END: OK
2019-08-02 08:01:35.986 4357 INFO rally.task.runner [-] Task 06bee699-f93d-4fba-959a-9eae7bb69828 | ITER: 7 START
2019-08-02 08:01:35.987 4354 INFO rally.task.runner [-] Task 06bee699-f93d-4fba-959a-9eae7bb69828 | ITER: 2 END: OK
2019-08-02 08:01:35.993 4354 INFO rally.task.runner [-] Task 06bee699-f93d-4fba-959a-9eae7bb69828 | ITER: 8 START
2019-08-02 08:01:39.742 4356 RALLYDEBUG rally.task.utils [-] Waiting for resource s_rally_5975c186_AUqx8s4z. Status changed: CREATING => DOWNLOADING in 0.581950902939
2019-08-02 08:01:41.627 4355 RALLYDEBUG rally.task.utils [-] Waiting for resource s_rally_5975c186_c1vHfFCR. Status changed: DOWNLOADING => AVAILABLE in 2.68565487862
2019-08-02 08:01:42.115 4355 INFO rally.task.runner [-] Task 06bee699-f93d-4fba-959a-9eae7bb69828 | ITER: 5 END: OK
2019-08-02 08:01:42.120 4355 INFO rally.task.runner [-] Task 06bee699-f93d-4fba-959a-9eae7bb69828 | ITER: 9 START
2019-08-02 08:01:42.177 4354 RALLYDEBUG rally.task.utils [-] Waiting for resource s_rally_5975c186_6ZqXueze. Status changed: DOWNLOADING => AVAILABLE in 2.93957591057
2019-08-02 08:01:42.524 4357 RALLYDEBUG rally.task.utils [-] Waiting for resource s_rally_5975c186_jslyv1cN. Status changed: DOWNLOADING => AVAILABLE in 2.98153185844
2019-08-02 08:01:42.931 4354 INFO rally.task.runner [-] Task 06bee699-f93d-4fba-959a-9eae7bb69828 | ITER: 8 END: OK
2019-08-02 08:01:42.936 4354 INFO rally.task.runner [-] Task 06bee699-f93d-4fba-959a-9eae7bb69828 | ITER: 10 START
2019-08-02 08:01:43.099 4357 RALLYDEBUG rally.task.utils [-] Waiting for resource s_rally_5975c186_jslyv1cN. Status changed: AVAILABLE => DELETING in 0.296703100204
2019-08-02 08:01:44.268 4356 RALLYDEBUG rally.task.utils [-] Waiting for resource s_rally_5975c186_AUqx8s4z. Status changed: DOWNLOADING => AVAILABLE in 4.5262761116
2019-08-02 08:01:45.088 4356 INFO rally.task.runner [-] Task 06bee699-f93d-4fba-959a-9eae7bb69828 | ITER: 6 END: OK
2019-08-02 08:01:45.408 4357 INFO rally.task.runner [-] Task 06bee699-f93d-4fba-959a-9eae7bb69828 | ITER: 7 END: OK
2019-08-02 08:01:48.557 4355 RALLYDEBUG rally.task.utils [-] Waiting for resource s_rally_5975c186_kqZ30P83. Status changed: DOWNLOADING => AVAILABLE in 2.78978991508
2019-08-02 08:01:49.171 4354 RALLYDEBUG rally.task.utils [-] Waiting for resource s_rally_5975c186_ttXNtQQ3. Status changed: DOWNLOADING => AVAILABLE in 2.95083785057
2019-08-02 08:01:49.191 4355 INFO rally.task.runner [-] Task 06bee699-f93d-4fba-959a-9eae7bb69828 | ITER: 9 END: OK
2019-08-02 08:01:49.542 4354 INFO rally.task.runner [-] Task 06bee699-f93d-4fba-959a-9eae7bb69828 | ITER: 10 END: OK
2019-08-02 08:01:49.566 1842 INFO rally.task.context [-] Task 06bee699-f93d-4fba-959a-9eae7bb69828 | Context cleanup@openstack cleanup() started
2019-08-02 08:01:49.569 1842 RALLYDEBUG rally_openstack.cleanup.manager [-] Cleaning up cinder backups objects
2019-08-02 08:01:51.678 1842 RALLYDEBUG rally_openstack.cleanup.manager [-] Cleaning up cinder volume_snapshots objects
2019-08-02 08:01:53.557 1842 RALLYDEBUG rally_openstack.cleanup.manager [-] Cleaning up cinder transfers objects
2019-08-02 08:01:55.513 1842 RALLYDEBUG rally_openstack.cleanup.manager [-] Cleaning up cinder volumes objects
2019-08-02 08:01:57.561 1842 INFO rally.task.context [-] Task 06bee699-f93d-4fba-959a-9eae7bb69828 | Context cleanup@openstack cleanup() finished in 7.99 sec
2019-08-02 08:01:57.561 1842 INFO rally.task.context [-] Task 06bee699-f93d-4fba-959a-9eae7bb69828 | Context quotas@openstack cleanup() started
2019-08-02 08:01:58.101 1842 INFO rally.task.context [-] Task 06bee699-f93d-4fba-959a-9eae7bb69828 | Context quotas@openstack cleanup() finished in 0.54 sec
2019-08-02 08:01:58.102 1842 INFO rally.task.context [-] Task 06bee699-f93d-4fba-959a-9eae7bb69828 | Context api_versions@openstack cleanup() started
2019-08-02 08:01:58.102 1842 INFO rally.task.context [-] Task 06bee699-f93d-4fba-959a-9eae7bb69828 | Context api_versions@openstack cleanup() finished in 0.31 msec
2019-08-02 08:01:58.103 1842 INFO rally.task.context [-] Task 06bee699-f93d-4fba-959a-9eae7bb69828 | Context users@openstack cleanup() started
2019-08-02 08:02:05.249 1842 INFO rally.task.context [-] Task 06bee699-f93d-4fba-959a-9eae7bb69828 | Context users@openstack cleanup() finished in 7.15 sec
2019-08-02 08:02:05.825 1842 INFO rally.task.engine [-] Load duration is: 22.588487
2019-08-02 08:02:05.825 1842 INFO rally.task.engine [-] Full runner duration is: 22.6315
2019-08-02 08:02:05.826 1842 INFO rally.task.engine [-] Full duration is: 45.614049
2019-08-02 08:02:05.977 1842 INFO rally.task.engine [-] Running workload: position = 2 config = { "version": 2, "title": "A cropped version of a bigger task.", "description": "Auto-generated task from a single workload (uuid=0785c6e0-2d9c-459a-a82d-e56140b49dce)", "subtasks": [ { "title": "CinderVolumes.create_and_delete_volume", "description": "Create and then delete a volume.", "scenario": { "CinderVolumes.create_and_delete_volume": { "size": 1 } }, "contexts": { "users": { "tenants": 3, "users_per_tenant": 2 }, "quotas": { "cinder": { "gigabytes": -1, "snapshots": -1, "volumes": -1 } }, "api_versions": { "cinder": { "version": 3, "service_type": "volumev3" } } }, "runner": { "constant": { "concurrency": 4, "times": 10 } }, "hooks": [], "sla": { "failure_rate": { "max": 0 } } } ] }
2019-08-02 08:02:06.000 1842 RALLYDEBUG rally_openstack.contexts.keystone.users [-] Creating 3 tenants using 20 threads
2019-08-02 08:02:07.789 1842 RALLYDEBUG rally_openstack.contexts.keystone.users [-] Creating 6 users using 20 threads
2019-08-02 08:02:10.549 1842 INFO rally.task.context [-] Task 06bee699-f93d-4fba-959a-9eae7bb69828 | Context users@openstack setup() finished in 4.55 sec
2019-08-02 08:02:10.976 1842 INFO rally.task.context [-] Task 06bee699-f93d-4fba-959a-9eae7bb69828 | Context api_versions@openstack setup() finished in 0.43 sec
2019-08-02 08:02:12.710 1842 INFO rally.task.context [-] Task 06bee699-f93d-4fba-959a-9eae7bb69828 | Context quotas@openstack setup() finished in 1.73 sec
2019-08-02 08:02:12.711 1842 INFO rally.task.context [-] Task 06bee699-f93d-4fba-959a-9eae7bb69828 | Context cleanup@openstack setup() finished in 0.00 msec
2019-08-02 08:02:12.720 1842 RALLYDEBUG rally.task.runner [-] Starting the constant runner (task UUID: 06bee699-f93d-4fba-959a-9eae7bb69828). timeout: 0 concurrency: 4 concurrency_per_worker: 1 times: 10 concurrency_overhead: 0 processes_to_start: 4 max_cpu_used: 16
2019-08-02 08:02:12.732 4538 RALLYDEBUG rally.task.runner [-] Starting a worker. concurrency: 1 args: {"size": 1} times: 10 method_name: run timeout: 0 duration: None cls:
2019-08-02 08:02:12.736 4539 RALLYDEBUG rally.task.runner [-] Starting a worker. concurrency: 1 args: {"size": 1} times: 10 method_name: run timeout: 0 duration: None cls:
2019-08-02 08:02:12.738 4540 RALLYDEBUG rally.task.runner [-] Starting a worker. concurrency: 1 args: {"size": 1} times: 10 method_name: run timeout: 0 duration: None cls:
2019-08-02 08:02:12.741 4538 INFO rally.task.runner [-] Task 06bee699-f93d-4fba-959a-9eae7bb69828 | ITER: 1 START
2019-08-02 08:02:12.741 4541 RALLYDEBUG rally.task.runner [-] Starting a worker. concurrency: 1 args: {"size": 1} times: 10 method_name: run timeout: 0 duration: None cls:
2019-08-02 08:02:12.745 4539 INFO rally.task.runner [-] Task 06bee699-f93d-4fba-959a-9eae7bb69828 | ITER: 2 START
2019-08-02 08:02:12.745 4540 INFO rally.task.runner [-] Task 06bee699-f93d-4fba-959a-9eae7bb69828 | ITER: 3 START
2019-08-02 08:02:12.748 4541 INFO rally.task.runner [-] Task 06bee699-f93d-4fba-959a-9eae7bb69828 | ITER: 4 START
2019-08-02 08:02:16.655 4541 INFO rally.task.runner [-] Task 06bee699-f93d-4fba-959a-9eae7bb69828 | ITER: 4 END: OK
2019-08-02 08:02:16.660 4541 INFO rally.task.runner [-] Task 06bee699-f93d-4fba-959a-9eae7bb69828 | ITER: 5 START
2019-08-02 08:02:16.730 4540 RALLYDEBUG rally.task.utils [-] Waiting for resource s_rally_0785c6e0_mR0nEOwv. Status changed: AVAILABLE => DELETING in 0.0636160373688
2019-08-02 08:02:16.891 4539 RALLYDEBUG rally.task.utils [-] Waiting for resource s_rally_0785c6e0_ugJHCTqb. Status changed: AVAILABLE => DELETING in 0.0759119987488
2019-08-02 08:02:16.942 4538 RALLYDEBUG rally.task.utils [-] Waiting for resource s_rally_0785c6e0_A1KznVU4. Status changed: AVAILABLE => DELETING in 0.355286836624
2019-08-02 08:02:18.960 4540 INFO rally.task.runner [-] Task 06bee699-f93d-4fba-959a-9eae7bb69828 | ITER: 3 END: OK
2019-08-02 08:02:18.966 4540 INFO rally.task.runner [-] Task 06bee699-f93d-4fba-959a-9eae7bb69828 | ITER: 6 START
2019-08-02 08:02:19.123 4539 INFO rally.task.runner [-] Task 06bee699-f93d-4fba-959a-9eae7bb69828 | ITER: 2 END: OK
2019-08-02 08:02:19.128 4539 INFO rally.task.runner [-] Task 06bee699-f93d-4fba-959a-9eae7bb69828 | ITER: 7 START
2019-08-02 08:02:19.167 4538 INFO rally.task.runner [-] Task 06bee699-f93d-4fba-959a-9eae7bb69828 | ITER: 1 END: OK
2019-08-02 08:02:19.172 4538 INFO rally.task.runner [-] Task 06bee699-f93d-4fba-959a-9eae7bb69828 | ITER: 8 START
2019-08-02 08:02:20.570 4541 RALLYDEBUG rally.task.utils [-] Waiting for resource s_rally_0785c6e0_74rjcsOV. Status changed: AVAILABLE => DELETING in 0.328155040741
2019-08-02 08:02:22.633 4540 INFO rally.task.runner [-] Task 06bee699-f93d-4fba-959a-9eae7bb69828 | ITER: 6 END: OK
2019-08-02 08:02:22.638 4540 INFO rally.task.runner [-] Task 06bee699-f93d-4fba-959a-9eae7bb69828 | ITER: 9 START
2019-08-02 08:02:22.812 4541 INFO rally.task.runner [-] Task 06bee699-f93d-4fba-959a-9eae7bb69828 | ITER: 5 END: OK
2019-08-02 08:02:22.817 4541 INFO rally.task.runner [-] Task 06bee699-f93d-4fba-959a-9eae7bb69828 | ITER: 10 START
2019-08-02 08:02:22.995 4539 RALLYDEBUG rally.task.utils [-] Waiting for resource s_rally_0785c6e0_HfpaDPkS. Status changed: AVAILABLE => DELETING in 0.244398832321
2019-08-02 08:02:23.162 4538 RALLYDEBUG rally.task.utils [-] Waiting for resource s_rally_0785c6e0_DqGvq5Fv. Status changed: AVAILABLE => DELETING in 0.278220891953
2019-08-02 08:02:25.217 4539 INFO rally.task.runner [-] Task 06bee699-f93d-4fba-959a-9eae7bb69828 | ITER: 7 END: OK
2019-08-02 08:02:25.384 4538 INFO rally.task.runner [-] Task 06bee699-f93d-4fba-959a-9eae7bb69828 | ITER: 8 END: OK
2019-08-02 08:02:26.490 4540 RALLYDEBUG rally.task.utils [-] Waiting for resource s_rally_0785c6e0_pehxhjm7. Status changed: AVAILABLE => DELETING in 0.235707998276
2019-08-02 08:02:26.531 4541 RALLYDEBUG rally.task.utils [-] Waiting for resource s_rally_0785c6e0_otn0ypHx. Status changed: AVAILABLE => DELETING in 0.240941047668
2019-08-02 08:02:28.727 4540 INFO rally.task.runner [-] Task 06bee699-f93d-4fba-959a-9eae7bb69828 | ITER: 9 END: OK
2019-08-02 08:02:28.851 4541 INFO rally.task.runner [-] Task 06bee699-f93d-4fba-959a-9eae7bb69828 | ITER: 10 END: OK
2019-08-02 08:02:28.874 1842 INFO rally.task.context [-] Task 06bee699-f93d-4fba-959a-9eae7bb69828 | Context cleanup@openstack cleanup() started
2019-08-02 08:02:28.876 1842 RALLYDEBUG rally_openstack.cleanup.manager [-] Cleaning up cinder backups objects
2019-08-02 08:02:30.882 1842 RALLYDEBUG rally_openstack.cleanup.manager [-] Cleaning up cinder volume_snapshots objects
2019-08-02 08:02:32.941 1842 RALLYDEBUG rally_openstack.cleanup.manager [-] Cleaning up cinder transfers objects
2019-08-02 08:02:34.888 1842 RALLYDEBUG rally_openstack.cleanup.manager [-] Cleaning up cinder volumes objects
2019-08-02 08:02:36.833 1842 INFO rally.task.context [-] Task 06bee699-f93d-4fba-959a-9eae7bb69828 | Context cleanup@openstack cleanup() finished in 7.96 sec
2019-08-02 08:02:36.834 1842 INFO rally.task.context [-] Task 06bee699-f93d-4fba-959a-9eae7bb69828 | Context quotas@openstack cleanup() started
2019-08-02 08:02:37.463 1842 INFO rally.task.context [-] Task 06bee699-f93d-4fba-959a-9eae7bb69828 | Context quotas@openstack cleanup() finished in 0.63 sec
2019-08-02 08:02:37.463 1842 INFO rally.task.context [-] Task 06bee699-f93d-4fba-959a-9eae7bb69828 | Context api_versions@openstack cleanup() started
2019-08-02 08:02:37.463 1842 INFO rally.task.context [-] Task 06bee699-f93d-4fba-959a-9eae7bb69828 | Context api_versions@openstack cleanup() finished in 0.33 msec
2019-08-02 08:02:37.464 1842 INFO rally.task.context [-] Task 06bee699-f93d-4fba-959a-9eae7bb69828 | Context users@openstack cleanup() started
2019-08-02 08:02:44.668 1842 INFO rally.task.context [-] Task 06bee699-f93d-4fba-959a-9eae7bb69828 | Context users@openstack cleanup() finished in 7.20 sec
2019-08-02 08:02:46.165 1842 INFO rally.task.engine [-] Load duration is: 16.105825
2019-08-02 08:02:46.166 1842 INFO rally.task.engine [-] Full runner duration is: 16.154304
2019-08-02 08:02:46.166 1842 INFO rally.task.engine [-] Full duration is: 38.672462
2019-08-02 08:02:46.381 1842 INFO rally.task.engine [-] Running workload: position = 0 config = { "version": 2, "title": "A cropped version of a bigger task.", "description": "Auto-generated task from a single workload (uuid=f495d6e2-fe89-443c-87bd-413c49db40c3)", "subtasks": [ { "title": "CinderVolumes.create_and_extend_volume", "description": "Create and extend a volume and then delete it.", "scenario": { "CinderVolumes.create_and_extend_volume": { "new_size": 2, "size": 1 } }, "contexts": { "users": { "tenants": 3, "users_per_tenant": 2 }, "quotas": { "cinder": { "gigabytes": -1, "snapshots": -1, "volumes": -1 } }, "api_versions": { "cinder": { "version": 3, "service_type": "volumev3" } } }, "runner": { "constant": { "concurrency": 4, "times": 10 } }, "hooks": [], "sla": { "failure_rate": { "max": 0 } } } ] }
2019-08-02 08:02:46.403 1842 RALLYDEBUG rally_openstack.contexts.keystone.users [-] Creating 3 tenants using 20 threads
2019-08-02 08:02:48.251 1842 RALLYDEBUG rally_openstack.contexts.keystone.users [-] Creating 6 users using 20 threads
2019-08-02 08:02:50.901 1842 INFO rally.task.context [-] Task 06bee699-f93d-4fba-959a-9eae7bb69828 | Context users@openstack setup() finished in 4.50 sec
2019-08-02 08:02:51.326 1842 INFO rally.task.context [-] Task 06bee699-f93d-4fba-959a-9eae7bb69828 | Context api_versions@openstack setup() finished in 0.42 sec
2019-08-02 08:02:52.849 1842 INFO rally.task.context [-] Task 06bee699-f93d-4fba-959a-9eae7bb69828 | Context quotas@openstack setup() finished in 1.52 sec
2019-08-02 08:02:52.849 1842 INFO rally.task.context [-] Task 06bee699-f93d-4fba-959a-9eae7bb69828 | Context cleanup@openstack setup() finished in 0.01 msec
2019-08-02 08:02:52.856 1842 RALLYDEBUG rally.task.runner [-] Starting the constant runner (task UUID: 06bee699-f93d-4fba-959a-9eae7bb69828). timeout: 0 concurrency: 4 concurrency_per_worker: 1 times: 10 concurrency_overhead: 0 processes_to_start: 4 max_cpu_used: 16
2019-08-02 08:02:52.869 4722 RALLYDEBUG rally.task.runner [-] Starting a worker. concurrency: 1 args: {"new_size": 2, "size": 1} times: 10 method_name: run timeout: 0 duration: None cls:
2019-08-02 08:02:52.872 4723 RALLYDEBUG rally.task.runner [-] Starting a worker. concurrency: 1 args: {"new_size": 2, "size": 1} times: 10 method_name: run timeout: 0 duration: None cls:
2019-08-02 08:02:52.875 4724 RALLYDEBUG rally.task.runner [-] Starting a worker. concurrency: 1 args: {"new_size": 2, "size": 1} times: 10 method_name: run timeout: 0 duration: None cls:
2019-08-02 08:02:52.878 4722 INFO rally.task.runner [-] Task 06bee699-f93d-4fba-959a-9eae7bb69828 | ITER: 1 START
2019-08-02 08:02:52.878 4725 RALLYDEBUG rally.task.runner [-] Starting a worker. concurrency: 1 args: {"new_size": 2, "size": 1} times: 10 method_name: run timeout: 0 duration: None cls:
2019-08-02 08:02:52.880 4723 INFO rally.task.runner [-] Task 06bee699-f93d-4fba-959a-9eae7bb69828 | ITER: 2 START
2019-08-02 08:02:52.883 4724 INFO rally.task.runner [-] Task 06bee699-f93d-4fba-959a-9eae7bb69828 | ITER: 3 START
2019-08-02 08:02:52.885 4725 INFO rally.task.runner [-] Task 06bee699-f93d-4fba-959a-9eae7bb69828 | ITER: 4 START
2019-08-02 08:02:57.556 4725 RALLYDEBUG rally.task.utils [-] Waiting for resource s_rally_f495d6e2_CRdajqVL. Status changed: AVAILABLE => DELETING in 0.266926050186
2019-08-02 08:02:57.583 4723 RALLYDEBUG rally.task.utils [-] Waiting for resource s_rally_f495d6e2_1bhSWdrC. Status changed: AVAILABLE => DELETING in 0.059928894043
2019-08-02 08:02:57.681 4722 RALLYDEBUG rally.task.utils [-] Waiting for resource s_rally_f495d6e2_zDxysfNH. Status changed: AVAILABLE => DELETING in 0.277004003525
2019-08-02 08:02:57.926 4724 RALLYDEBUG rally.task.utils [-] Waiting for resource s_rally_f495d6e2_HFASecFX. Status changed: AVAILABLE => DELETING in 0.35946893692
2019-08-02 08:02:59.597 4725 INFO rally.task.runner [-] Task 06bee699-f93d-4fba-959a-9eae7bb69828 | ITER: 4 END: OK
2019-08-02 08:02:59.604 4725 INFO rally.task.runner [-] Task 06bee699-f93d-4fba-959a-9eae7bb69828 | ITER: 5 START
2019-08-02 08:02:59.621 4723 INFO rally.task.runner [-] Task 06bee699-f93d-4fba-959a-9eae7bb69828 | ITER: 2 END: OK
2019-08-02 08:02:59.628 4723 INFO rally.task.runner [-] Task 06bee699-f93d-4fba-959a-9eae7bb69828 | ITER: 6 START
2019-08-02 08:02:59.718 4722 INFO rally.task.runner [-] Task 06bee699-f93d-4fba-959a-9eae7bb69828 | ITER: 1 END: OK
2019-08-02 08:02:59.723 4722 INFO rally.task.runner [-] Task 06bee699-f93d-4fba-959a-9eae7bb69828 | ITER: 7 START
2019-08-02 08:03:00.164 4724 INFO rally.task.runner [-] Task 06bee699-f93d-4fba-959a-9eae7bb69828 | ITER: 3 END: OK
2019-08-02 08:03:00.168 4724 INFO rally.task.runner [-] Task 06bee699-f93d-4fba-959a-9eae7bb69828 | ITER: 8 START
2019-08-02 08:03:03.724 4725 RALLYDEBUG rally.task.utils [-] Waiting for resource s_rally_f495d6e2_iZlCb6Yr. Status changed: AVAILABLE => DELETING in 0.0682311058044
2019-08-02 08:03:04.179 4723 INFO rally.task.runner [-] Task 06bee699-f93d-4fba-959a-9eae7bb69828 | ITER: 6 END: OK
2019-08-02 08:03:04.184 4723 INFO rally.task.runner [-] Task 06bee699-f93d-4fba-959a-9eae7bb69828 | ITER: 9 START
2019-08-02 08:03:04.266 4722 RALLYDEBUG rally.task.utils [-] Waiting for resource s_rally_f495d6e2_p6jovuDd. Status changed: AVAILABLE => DELETING in 0.0624828338623
2019-08-02 08:03:04.741 4724 RALLYDEBUG rally.task.utils [-] Waiting for resource s_rally_f495d6e2_bTiY2Ejs. Status changed: AVAILABLE => DELETING in 0.0607209205627
2019-08-02 08:03:06.032 4725 INFO rally.task.runner [-] Task 06bee699-f93d-4fba-959a-9eae7bb69828 | ITER: 5 END: OK
2019-08-02 08:03:06.038 4725 INFO rally.task.runner [-] Task 06bee699-f93d-4fba-959a-9eae7bb69828 | ITER: 10 START
2019-08-02 08:03:06.304 4722 INFO rally.task.runner [-] Task 06bee699-f93d-4fba-959a-9eae7bb69828 | ITER: 7 END: OK
2019-08-02 08:03:06.778 4724 INFO rally.task.runner [-] Task 06bee699-f93d-4fba-959a-9eae7bb69828 | ITER: 8 END: OK
2019-08-02 08:03:08.534 4723 INFO rally.task.runner [-] Task 06bee699-f93d-4fba-959a-9eae7bb69828 | ITER: 9 END: OK
2019-08-02 08:03:10.363 4725 INFO rally.task.runner [-] Task 06bee699-f93d-4fba-959a-9eae7bb69828 | ITER: 10 END: OK
2019-08-02 08:03:10.388 1842 INFO rally.task.context [-] Task 06bee699-f93d-4fba-959a-9eae7bb69828 | Context cleanup@openstack cleanup() started
2019-08-02 08:03:10.390 1842 RALLYDEBUG rally_openstack.cleanup.manager [-] Cleaning up cinder backups objects
2019-08-02 08:03:12.287 1842 RALLYDEBUG rally_openstack.cleanup.manager [-] Cleaning up cinder volume_snapshots objects
2019-08-02 08:03:14.259 1842 RALLYDEBUG rally_openstack.cleanup.manager [-] Cleaning up cinder transfers objects
2019-08-02 08:03:16.140 1842 RALLYDEBUG rally_openstack.cleanup.manager [-] Cleaning up cinder volumes objects
2019-08-02 08:03:18.170 1842 INFO rally.task.context [-] Task 06bee699-f93d-4fba-959a-9eae7bb69828 | Context cleanup@openstack cleanup() finished in 7.78 sec
2019-08-02 08:03:18.170 1842 INFO rally.task.context [-] Task 06bee699-f93d-4fba-959a-9eae7bb69828 | Context quotas@openstack cleanup() started
2019-08-02 08:03:18.818 1842 INFO rally.task.context [-] Task 06bee699-f93d-4fba-959a-9eae7bb69828 | Context quotas@openstack cleanup() finished in 0.65 sec
2019-08-02 08:03:18.818 1842 INFO rally.task.context [-] Task 06bee699-f93d-4fba-959a-9eae7bb69828 | Context api_versions@openstack cleanup() started
2019-08-02 08:03:18.818 1842 INFO rally.task.context [-] Task 06bee699-f93d-4fba-959a-9eae7bb69828 | Context api_versions@openstack cleanup() finished in 0.33 msec
2019-08-02 08:03:18.819 1842 INFO rally.task.context [-] Task 06bee699-f93d-4fba-959a-9eae7bb69828 | Context users@openstack cleanup() started
2019-08-02 08:03:25.796 1842 INFO rally.task.context [-] Task 06bee699-f93d-4fba-959a-9eae7bb69828 | Context users@openstack cleanup() finished in 6.98 sec
2019-08-02 08:03:26.574 1842 INFO rally.task.engine [-] Load duration is: 17.481382
2019-08-02 08:03:26.574 1842 INFO rally.task.engine [-] Full runner duration is: 17.53171
2019-08-02 08:03:26.575 1842 INFO rally.task.engine [-] Full duration is: 39.397228
2019-08-02 08:03:26.800 1842 INFO rally.task.engine [-] Running workload: position = 0 config = { "version": 2, "title": "A cropped version of a bigger task.", "description": "Auto-generated task from a single workload (uuid=cd07424c-bbcc-4040-a817-8eb4095462c3)", "subtasks": [ { "title": "CinderVolumes.create_from_volume_and_delete_volume", "description": "Create volume from volume and then delete it.", "scenario": { "CinderVolumes.create_from_volume_and_delete_volume": { "size": 1 } }, "contexts": { "users": { "tenants": 3, "users_per_tenant": 2 }, "quotas": { "cinder": { "gigabytes": -1, "snapshots": -1, "volumes": -1 } }, "api_versions": { "cinder": { "version": 3, "service_type": "volumev3" } }, "volumes": { "size": 1, "volumes_per_tenant": 1 } }, "runner": { "constant": { "concurrency": 4, "times": 10 } }, "hooks": [], "sla": { "failure_rate": { "max": 0 } } } ] }
2019-08-02 08:03:26.821 1842 RALLYDEBUG rally_openstack.contexts.keystone.users [-] Creating 3 tenants using 20 threads
2019-08-02 08:03:28.712 1842 RALLYDEBUG rally_openstack.contexts.keystone.users [-] Creating 6 users using 20 threads
2019-08-02 08:03:31.482 1842 INFO rally.task.context [-] Task 06bee699-f93d-4fba-959a-9eae7bb69828 | Context users@openstack setup() finished in 4.66 sec
2019-08-02 08:03:31.898 1842 INFO rally.task.context [-] Task 06bee699-f93d-4fba-959a-9eae7bb69828 | Context api_versions@openstack setup() finished in 0.42 sec
2019-08-02 08:03:33.440 1842 INFO rally.task.context [-] Task 06bee699-f93d-4fba-959a-9eae7bb69828 | Context quotas@openstack setup() finished in 1.54 sec
2019-08-02 08:03:44.102 1842 INFO rally.task.context [-] Task 06bee699-f93d-4fba-959a-9eae7bb69828 | Context volumes@openstack setup() finished in 10.66 sec
2019-08-02 08:03:44.103 1842 INFO rally.task.context [-] Task 06bee699-f93d-4fba-959a-9eae7bb69828 | Context cleanup@openstack setup() finished in 0.01 msec
2019-08-02 08:03:44.110 1842 RALLYDEBUG rally.task.runner [-] Starting the constant runner (task UUID: 06bee699-f93d-4fba-959a-9eae7bb69828). timeout: 0 concurrency: 4 concurrency_per_worker: 1 times: 10 concurrency_overhead: 0 processes_to_start: 4 max_cpu_used: 16
2019-08-02 08:03:44.123 4906 RALLYDEBUG rally.task.runner [-] Starting a worker. concurrency: 1 args: {"size": 1} times: 10 method_name: run timeout: 0 duration: None cls:
2019-08-02 08:03:44.127 4907 RALLYDEBUG rally.task.runner [-] Starting a worker. concurrency: 1 args: {"size": 1} times: 10 method_name: run timeout: 0 duration: None cls:
2019-08-02 08:03:44.129 4908 RALLYDEBUG rally.task.runner [-] Starting a worker. concurrency: 1 args: {"size": 1} times: 10 method_name: run timeout: 0 duration: None cls:
2019-08-02 08:03:44.132 4909 RALLYDEBUG rally.task.runner [-] Starting a worker. concurrency: 1 args: {"size": 1} times: 10 method_name: run timeout: 0 duration: None cls:
2019-08-02 08:03:44.135 4906 INFO rally.task.runner [-] Task 06bee699-f93d-4fba-959a-9eae7bb69828 | ITER: 1 START
2019-08-02 08:03:44.138 4907 INFO rally.task.runner [-] Task 06bee699-f93d-4fba-959a-9eae7bb69828 | ITER: 2 START
2019-08-02 08:03:44.141 4908 INFO rally.task.runner [-] Task 06bee699-f93d-4fba-959a-9eae7bb69828 | ITER: 3 START
2019-08-02 08:03:44.143 4909 INFO rally.task.runner [-] Task 06bee699-f93d-4fba-959a-9eae7bb69828 | ITER: 4 START
2019-08-02 08:03:48.317 4909 RALLYDEBUG rally.task.utils [-] Waiting for resource s_rally_cd07424c_AX5CbI8k. Status changed: AVAILABLE => DELETING in 0.491714954376
2019-08-02 08:03:50.061 4906 RALLYDEBUG rally.task.utils [-] Waiting for resource s_rally_cd07424c_uNsCQNqc. Status changed: CREATING => AVAILABLE in 2.87799882889
2019-08-02 08:03:50.072 4908 RALLYDEBUG rally.task.utils [-] Waiting for resource s_rally_cd07424c_7uxVpbx2. Status changed: CREATING => AVAILABLE in 2.88276195526
2019-08-02 08:03:50.198 4906 RALLYDEBUG rally.task.utils [-] Waiting for resource s_rally_cd07424c_uNsCQNqc. Status changed: AVAILABLE => DELETING in 0.056205034256
2019-08-02 08:03:50.624 4909 INFO rally.task.runner [-] Task 06bee699-f93d-4fba-959a-9eae7bb69828 | ITER: 4 END: OK
2019-08-02 08:03:50.630 4909 INFO rally.task.runner [-] Task 06bee699-f93d-4fba-959a-9eae7bb69828 | ITER: 5 START
2019-08-02 08:03:50.937 4908 RALLYDEBUG rally.task.utils [-] Waiting for resource s_rally_cd07424c_7uxVpbx2. Status changed: AVAILABLE => DELETING in 0.501028060913
2019-08-02 08:03:52.012 4907 RALLYDEBUG rally.task.utils [-] Waiting for resource s_rally_cd07424c_7cCymSpX. Status changed: CREATING => AVAILABLE in 4.8597741127
2019-08-02 08:03:52.354 4907 RALLYDEBUG rally.task.utils [-] Waiting for resource s_rally_cd07424c_7cCymSpX. Status changed: AVAILABLE => DELETING in 0.243953943253
2019-08-02 08:03:52.419 4906 INFO rally.task.runner [-] Task 06bee699-f93d-4fba-959a-9eae7bb69828 | ITER: 1 END: OK
2019-08-02 08:03:52.424 4906 INFO rally.task.runner [-] Task 06bee699-f93d-4fba-959a-9eae7bb69828 | ITER: 6 START
2019-08-02 08:03:53.159 4908 INFO rally.task.runner [-] Task 06bee699-f93d-4fba-959a-9eae7bb69828 | ITER: 3 END: OK
2019-08-02 08:03:53.165 4908 INFO rally.task.runner [-] Task 06bee699-f93d-4fba-959a-9eae7bb69828 | ITER: 7 START
2019-08-02 08:03:56.337 4909 RALLYDEBUG rally.task.utils [-] Waiting for resource s_rally_cd07424c_SsvdZTMJ. Status changed: CREATING => AVAILABLE in 2.75983810425
2019-08-02 08:03:56.766 4908 RALLYDEBUG rally.task.utils [-] Waiting for resource s_rally_cd07424c_SodG3rPU. Status changed: CREATING => AVAILABLE in 0.623459100723
2019-08-02 08:03:56.864 4907 INFO rally.task.runner [-] Task 06bee699-f93d-4fba-959a-9eae7bb69828 | ITER: 2 END: OK
2019-08-02 08:03:56.870 4907 INFO rally.task.runner [-] Task 06bee699-f93d-4fba-959a-9eae7bb69828 | ITER: 8 START
2019-08-02 08:03:57.097 4909 RALLYDEBUG rally.task.utils [-] Waiting for resource s_rally_cd07424c_SsvdZTMJ. Status changed: AVAILABLE => DELETING in 0.342871904373
2019-08-02 08:03:57.386 4908 RALLYDEBUG rally.task.utils [-] Waiting for resource s_rally_cd07424c_SodG3rPU. Status changed: AVAILABLE => DELETING in 0.248728990555
2019-08-02 08:03:57.578 4906 RALLYDEBUG rally.task.utils [-] Waiting for resource s_rally_cd07424c_Lv4Lpx76. Status changed: AVAILABLE => DELETING in 0.261433124542
2019-08-02 08:03:59.318 4909 INFO rally.task.runner [-] Task 06bee699-f93d-4fba-959a-9eae7bb69828 | ITER: 5 END: OK
2019-08-02 08:03:59.323 4909 INFO rally.task.runner [-] Task 06bee699-f93d-4fba-959a-9eae7bb69828 | ITER: 9 START
2019-08-02 08:04:01.677 4908 INFO rally.task.runner [-] Task 06bee699-f93d-4fba-959a-9eae7bb69828 | ITER: 7 END: OK
2019-08-02 08:04:01.681 4908 INFO rally.task.runner [-] Task 06bee699-f93d-4fba-959a-9eae7bb69828 | ITER: 10 START
2019-08-02 08:04:01.870 4906 INFO rally.task.runner [-] Task 06bee699-f93d-4fba-959a-9eae7bb69828 | ITER: 6 END: OK
2019-08-02 08:04:02.592 4907 RALLYDEBUG rally.task.utils [-] Waiting for resource s_rally_cd07424c_cE4Vj5ew. Status changed: CREATING => AVAILABLE in 2.76297211647
2019-08-02 08:04:03.207 4907 RALLYDEBUG rally.task.utils [-] Waiting for resource s_rally_cd07424c_cE4Vj5ew. Status changed: AVAILABLE => DELETING in 0.242480039597
2019-08-02 08:04:03.513 4909 RALLYDEBUG rally.task.utils [-] Waiting for resource s_rally_cd07424c_B6WadziD. Status changed: AVAILABLE => DELETING in 0.247680187225
2019-08-02 08:04:05.683 4908 RALLYDEBUG rally.task.utils [-] Waiting for resource s_rally_cd07424c_DrseWe84. Status changed: AVAILABLE => DELETING in 0.251022100449
2019-08-02 08:04:07.499 4907 INFO rally.task.runner [-] Task 06bee699-f93d-4fba-959a-9eae7bb69828 | ITER: 8 END: OK
2019-08-02 08:04:08.056 4908 INFO rally.task.runner [-] Task 06bee699-f93d-4fba-959a-9eae7bb69828 | ITER: 10 END: OK
2019-08-02 08:04:08.087 4909 INFO rally.task.runner [-] Task 06bee699-f93d-4fba-959a-9eae7bb69828 | ITER: 9 END: OK
2019-08-02 08:04:08.113 1842 INFO rally.task.context [-] Task 06bee699-f93d-4fba-959a-9eae7bb69828 | Context cleanup@openstack cleanup() started
2019-08-02 08:04:08.116 1842 RALLYDEBUG rally_openstack.cleanup.manager [-] Cleaning up cinder backups objects
2019-08-02 08:04:10.126 1842 RALLYDEBUG rally_openstack.cleanup.manager [-] Cleaning up cinder volume_snapshots objects
2019-08-02 08:04:12.109 1842 RALLYDEBUG rally_openstack.cleanup.manager [-] Cleaning up cinder transfers objects
2019-08-02 08:04:14.090 1842 RALLYDEBUG rally_openstack.cleanup.manager [-] Cleaning up cinder volumes objects
2019-08-02 08:04:16.256 1842 INFO rally.task.context [-] Task 06bee699-f93d-4fba-959a-9eae7bb69828 | Context cleanup@openstack cleanup() finished in 8.14 sec
2019-08-02 08:04:16.257 1842 INFO rally.task.context [-] Task 06bee699-f93d-4fba-959a-9eae7bb69828 | Context volumes@openstack cleanup() started
2019-08-02 08:04:16.258 1842 RALLYDEBUG rally_openstack.cleanup.manager [-] Cleaning up cinder volumes objects
2019-08-02 08:04:18.462 1842 RALLYDEBUG rally_openstack.cleanup.manager [-] Deleting cinder.volumes object c_rally_cd07424c_LxwaMkFc (2425b70d-d75b-4728-b958-08f8830f06c6)
2019-08-02 08:04:18.468 1842 RALLYDEBUG rally_openstack.cleanup.manager [-] Deleting cinder.volumes object c_rally_cd07424c_bpwX8rzz (9e44fc8e-9df4-4e9a-bf5f-f9ac5ac24e1f)
2019-08-02 08:04:18.473 1842 RALLYDEBUG rally_openstack.cleanup.manager [-] Deleting cinder.volumes object c_rally_cd07424c_6CKcxgjT (c1e7fe90-edc3-490c-a4b5-938a05dcf786)
2019-08-02 08:04:21.870 1842 INFO rally.task.context [-] Task 06bee699-f93d-4fba-959a-9eae7bb69828 | Context volumes@openstack cleanup() finished in 5.61 sec
2019-08-02 08:04:21.871 1842 INFO rally.task.context [-] Task 06bee699-f93d-4fba-959a-9eae7bb69828 | Context quotas@openstack cleanup() started
2019-08-02 08:04:22.672 1842 INFO rally.task.context [-] Task 06bee699-f93d-4fba-959a-9eae7bb69828 | Context quotas@openstack cleanup() finished in 0.80 sec
2019-08-02 08:04:22.673 1842 INFO rally.task.context [-] Task 06bee699-f93d-4fba-959a-9eae7bb69828 | Context api_versions@openstack cleanup() started
2019-08-02 08:04:22.673 1842 INFO rally.task.context [-] Task 06bee699-f93d-4fba-959a-9eae7bb69828 | Context api_versions@openstack cleanup() finished in 0.30 msec
2019-08-02 08:04:22.673 1842 INFO rally.task.context [-] Task 06bee699-f93d-4fba-959a-9eae7bb69828 | Context users@openstack cleanup() started
2019-08-02 08:04:29.752 1842 INFO rally.task.context [-] Task 06bee699-f93d-4fba-959a-9eae7bb69828 | Context users@openstack cleanup() finished in 7.08 sec
2019-08-02 08:04:31.071 1842 INFO rally.task.engine [-] Load duration is: 23.947753
2019-08-02 08:04:31.071 1842 INFO rally.task.engine [-] Full runner duration is: 24.003341
2019-08-02 08:04:31.072 1842 INFO rally.task.engine [-] Full duration is: 62.933746
2019-08-02 08:04:31.280 1842 INFO rally.task.engine [-] Running workload: position = 0 config = { "version": 2, "title": "A cropped version of a bigger task.", "description": "Auto-generated task from a single workload (uuid=47356eed-9a25-47d3-bde9-6a5f687fdc1d)", "subtasks": [ { "title": "CinderQos.create_and_get_qos", "description": "Create a qos, then get details of the qos.", "scenario": { "CinderQos.create_and_get_qos": { "consumer": "both", "write_iops_sec": "10", "read_iops_sec": "1000" } }, "contexts": { "users": { "tenants": 3, "users_per_tenant": 2 }, "api_versions": { "cinder": { "version": 3, "service_type": "volumev3" } } }, "runner": { "constant": { "concurrency": 4, "times": 10 } }, "hooks": [], "sla": { "failure_rate": { "max": 0 } } } ] }
2019-08-02 08:04:31.303 1842 RALLYDEBUG rally_openstack.contexts.keystone.users [-] Creating 3 tenants using 20 threads
2019-08-02 08:04:33.243 1842 RALLYDEBUG rally_openstack.contexts.keystone.users [-] Creating 6 users using 20 threads
2019-08-02 08:04:35.959 1842 INFO rally.task.context [-] Task 06bee699-f93d-4fba-959a-9eae7bb69828 | Context users@openstack setup() finished in 4.66 sec
2019-08-02 08:04:36.376 1842 INFO rally.task.context [-] Task 06bee699-f93d-4fba-959a-9eae7bb69828 | Context api_versions@openstack setup() finished in 0.42 sec
2019-08-02 08:04:36.376 1842 INFO rally.task.context [-] Task 06bee699-f93d-4fba-959a-9eae7bb69828 | Context admin_cleanup@openstack setup() finished in 0.01 msec
2019-08-02 08:04:36.383 1842 RALLYDEBUG rally.task.runner [-] Starting the constant runner (task UUID: 06bee699-f93d-4fba-959a-9eae7bb69828). timeout: 0 concurrency: 4 concurrency_per_worker: 1 times: 10 concurrency_overhead: 0 processes_to_start: 4 max_cpu_used: 16
2019-08-02 08:04:36.396 5110 RALLYDEBUG rally.task.runner [-] Starting a worker. concurrency: 1 args: {"consumer": "both", "write_iops_sec": "10", "read_iops_sec": "1000"} times: 10 method_name: run timeout: 0 duration: None cls:
2019-08-02 08:04:36.399 5111 RALLYDEBUG rally.task.runner [-] Starting a worker. concurrency: 1 args: {"consumer": "both", "write_iops_sec": "10", "read_iops_sec": "1000"} times: 10 method_name: run timeout: 0 duration: None cls:
2019-08-02 08:04:36.401 5112 RALLYDEBUG rally.task.runner [-] Starting a worker. concurrency: 1 args: {"consumer": "both", "write_iops_sec": "10", "read_iops_sec": "1000"} times: 10 method_name: run timeout: 0 duration: None cls:
2019-08-02 08:04:36.404 5110 INFO rally.task.runner [-] Task 06bee699-f93d-4fba-959a-9eae7bb69828 | ITER: 1 START
2019-08-02 08:04:36.405 5113 RALLYDEBUG rally.task.runner [-] Starting a worker. concurrency: 1 args: {"consumer": "both", "write_iops_sec": "10", "read_iops_sec": "1000"} times: 10 method_name: run timeout: 0 duration: None cls:
2019-08-02 08:04:36.407 5111 INFO rally.task.runner [-] Task 06bee699-f93d-4fba-959a-9eae7bb69828 | ITER: 2 START
2019-08-02 08:04:36.409 5112 INFO rally.task.runner [-] Task 06bee699-f93d-4fba-959a-9eae7bb69828 | ITER: 3 START
2019-08-02 08:04:36.412 5113 INFO rally.task.runner [-] Task 06bee699-f93d-4fba-959a-9eae7bb69828 | ITER: 4 START
2019-08-02 08:04:37.501 5110 INFO rally.task.runner [-] Task 06bee699-f93d-4fba-959a-9eae7bb69828 | ITER: 1 END: OK
2019-08-02 08:04:37.506 5110 INFO rally.task.runner [-] Task 06bee699-f93d-4fba-959a-9eae7bb69828 | ITER: 5 START
2019-08-02 08:04:37.531 5111 INFO rally.task.runner [-] Task 06bee699-f93d-4fba-959a-9eae7bb69828 | ITER: 2 END: OK
2019-08-02 08:04:37.536 5111 INFO rally.task.runner [-] Task 06bee699-f93d-4fba-959a-9eae7bb69828 | ITER: 6 START
2019-08-02 08:04:37.544 5113 INFO rally.task.runner [-] Task 06bee699-f93d-4fba-959a-9eae7bb69828 | ITER: 4 END: OK
2019-08-02 08:04:37.549 5113 INFO rally.task.runner [-] Task 06bee699-f93d-4fba-959a-9eae7bb69828 | ITER: 7 START
2019-08-02 08:04:37.560 5112 INFO rally.task.runner [-] Task 06bee699-f93d-4fba-959a-9eae7bb69828 | ITER: 3 END: OK
2019-08-02 08:04:37.566 5112 INFO rally.task.runner [-] Task 06bee699-f93d-4fba-959a-9eae7bb69828 | ITER: 8 START
2019-08-02 08:04:38.412 5111 INFO rally.task.runner [-] Task 06bee699-f93d-4fba-959a-9eae7bb69828 | ITER: 6 END: OK
2019-08-02 08:04:38.415 5110 INFO rally.task.runner [-] Task 06bee699-f93d-4fba-959a-9eae7bb69828 | ITER: 5 END: OK
2019-08-02 08:04:38.417 5111 INFO rally.task.runner [-] Task 06bee699-f93d-4fba-959a-9eae7bb69828 | ITER: 9 START
2019-08-02 08:04:38.419 5110 INFO rally.task.runner [-] Task 06bee699-f93d-4fba-959a-9eae7bb69828 | ITER: 10 START
2019-08-02 08:04:38.506 5112 INFO rally.task.runner [-] Task 06bee699-f93d-4fba-959a-9eae7bb69828 | ITER: 8 END: OK
2019-08-02 08:04:38.627 5113 INFO rally.task.runner [-] Task 06bee699-f93d-4fba-959a-9eae7bb69828 | ITER: 7 END: OK
2019-08-02 08:04:39.309 5111 INFO rally.task.runner [-] Task 06bee699-f93d-4fba-959a-9eae7bb69828 | ITER: 9 END: OK
2019-08-02 08:04:39.352 5110 INFO rally.task.runner [-] Task 06bee699-f93d-4fba-959a-9eae7bb69828 | ITER: 10 END: OK
2019-08-02 08:04:39.376 1842 INFO rally.task.context [-] Task 06bee699-f93d-4fba-959a-9eae7bb69828 | Context admin_cleanup@openstack cleanup() started
2019-08-02 08:04:39.379 1842 RALLYDEBUG rally_openstack.cleanup.manager [-] Cleaning up cinder volume_types objects
2019-08-02 08:04:40.123 1842 RALLYDEBUG rally_openstack.cleanup.manager [-] Cleaning up cinder image_volumes_cache objects
2019-08-02 08:04:41.081 1842 RALLYDEBUG rally_openstack.cleanup.manager [-] Cleaning up cinder quotas objects
2019-08-02 08:04:42.767 1842 RALLYDEBUG rally_openstack.cleanup.manager [-] Cleaning up cinder qos_specs objects
2019-08-02 08:04:43.397 1842 RALLYDEBUG rally_openstack.cleanup.manager [-] Deleting cinder.qos_specs object s_rally_47356eed_ICydvlbm (d61ae95f-1605-4611-bc10-f727f51e0c52)
2019-08-02 08:04:43.404 1842 RALLYDEBUG rally_openstack.cleanup.manager [-] Deleting cinder.qos_specs object s_rally_47356eed_LwNdFptU (85554719-904d-4f39-80d7-0afda9225f84)
2019-08-02 08:04:43.413 1842 RALLYDEBUG rally_openstack.cleanup.manager [-] Deleting cinder.qos_specs object s_rally_47356eed_TDGKO8f1 (cf7c9cf2-6732-4f5d-9f32-b61cf53a1a06)
2019-08-02 08:04:43.422 1842 RALLYDEBUG rally_openstack.cleanup.manager [-] Deleting cinder.qos_specs object s_rally_47356eed_vZUP9bHp (bb64639f-1492-4c22-a7f0-61de0cf6e647)
2019-08-02 08:04:43.430 1842 RALLYDEBUG rally_openstack.cleanup.manager [-] Deleting cinder.qos_specs object s_rally_47356eed_4rQ8Fo2Y (3eb3ac81-2ff1-474b-a6ee-82ef69b15715)
2019-08-02 08:04:43.437 1842 RALLYDEBUG rally_openstack.cleanup.manager [-] Deleting cinder.qos_specs object s_rally_47356eed_1kZ8Wc0e (2943f029-75b6-409d-a21c-e83d9d4f46bb)
2019-08-02 08:04:43.458 1842 RALLYDEBUG rally_openstack.cleanup.manager [-] Deleting cinder.qos_specs object s_rally_47356eed_Dj7qY3gy (743dc726-1a5f-4aa6-a9bd-6a9e1f3ce321)
2019-08-02 08:04:43.462 1842 RALLYDEBUG rally_openstack.cleanup.manager [-] Deleting cinder.qos_specs object s_rally_47356eed_cYJdDgP6 (64eee678-40d4-408d-802f-6c428ee38873)
2019-08-02 08:04:43.464 1842 RALLYDEBUG rally_openstack.cleanup.manager [-] Deleting cinder.qos_specs object s_rally_47356eed_H3OVmada (70c8285f-0283-41bd-a2f4-ba8dfe74a8e8)
2019-08-02 08:04:43.480 1842 RALLYDEBUG rally_openstack.cleanup.manager [-] Deleting cinder.qos_specs object s_rally_47356eed_83SSdh2I (10e7f1db-38fc-4202-b0ca-acf4ec0e9df5)
2019-08-02 08:04:45.774 1842 INFO rally.task.context [-] Task 06bee699-f93d-4fba-959a-9eae7bb69828 | Context admin_cleanup@openstack cleanup() finished in 6.40 sec
2019-08-02 08:04:45.774 1842 INFO rally.task.context [-] Task 06bee699-f93d-4fba-959a-9eae7bb69828 | Context api_versions@openstack cleanup() started
2019-08-02 08:04:45.775 1842 INFO rally.task.context [-] Task 06bee699-f93d-4fba-959a-9eae7bb69828 | Context api_versions@openstack cleanup() finished in 0.32 msec
2019-08-02 08:04:45.775 1842 INFO rally.task.context [-] Task 06bee699-f93d-4fba-959a-9eae7bb69828 | Context users@openstack cleanup() started
2019-08-02 08:04:52.785 1842 INFO rally.task.context [-] Task 06bee699-f93d-4fba-959a-9eae7bb69828 | Context users@openstack cleanup() finished in 7.01 sec
2019-08-02 08:04:53.415 1842 INFO rally.task.engine [-] Load duration is: 2.944333
2019-08-02 08:04:53.415 1842 INFO rally.task.engine [-] Full runner duration is: 2.99336
2019-08-02 08:04:53.416 1842 INFO rally.task.engine [-] Full duration is: 21.485965
