2019-08-02 08:07:13.864 6400 DEBUG cinderclient.v2.client [-] RESP: [202] Content-Length: 0 Content-Type: text/html; charset=UTF-8 Date: Fri, 02 Aug 2019 08:07:13 GMT OpenStack-API-Version: volume 3.0 Server: Apache Vary: OpenStack-API-Version x-openstack-request-id: req-91fdd6d8-be94-45a5-b71e-337a30a0da0f _http_log_response /usr/lib/python2.7/site-packages/keystoneauth1/session.py:479
2019-08-02 08:07:13.864 6400 DEBUG cinderclient.v2.client [-] RESP BODY: Omitted, Content-Type is set to text/html; charset=UTF-8. Only application/json responses have their bodies logged. _http_log_response /usr/lib/python2.7/site-packages/keystoneauth1/session.py:511
2019-08-02 08:07:13.864 6400 DEBUG cinderclient.v2.client [-] POST call to volumev2 for http://172.30.9.22:8776/v3/434adc2f479a43d3b9518b0090e6b97d/types/54f928ba-402d-4e43-8101-011a0146597c/action used request id req-91fdd6d8-be94-45a5-b71e-337a30a0da0f request /usr/lib/python2.7/site-packages/keystoneauth1/session.py:844
2019-08-02 08:07:13.866 6400 DEBUG cinderclient.v2.client [-] REQ: curl -g -i -X GET http://172.30.9.22:8776/v3/434adc2f479a43d3b9518b0090e6b97d/types/54f928ba-402d-4e43-8101-011a0146597c/os-volume-type-access -H "Accept: application/json" -H "User-Agent: python-cinderclient" -H "X-Auth-Token: {SHA1}6200b4ff209cf1fdfd21d23e9287a881c37ff86f" -H "X-OpenStack-Request-ID: req-98e713c6-0813-459c-85c2-41d12b46885f" _http_log_request /usr/lib/python2.7/site-packages/keystoneauth1/session.py:448
2019-08-02 08:07:13.906 6399 DEBUG cinderclient.v2.client [-] RESP: [202] Content-Length: 0 Content-Type: text/html; charset=UTF-8 Date: Fri, 02 Aug 2019 08:07:13 GMT OpenStack-API-Version: volume 3.0 Server: Apache Vary: OpenStack-API-Version x-openstack-request-id: req-17030550-2587-400a-af05-c9b522415f61 _http_log_response /usr/lib/python2.7/site-packages/keystoneauth1/session.py:479
2019-08-02 08:07:13.906 6399 DEBUG cinderclient.v2.client [-] RESP BODY: Omitted, Content-Type is set to text/html; charset=UTF-8. Only application/json responses have their bodies logged. _http_log_response /usr/lib/python2.7/site-packages/keystoneauth1/session.py:511
2019-08-02 08:07:13.906 6399 DEBUG cinderclient.v2.client [-] POST call to volumev2 for http://172.30.9.22:8776/v3/434adc2f479a43d3b9518b0090e6b97d/types/9f6fabd4-dd71-4173-920f-5ecd4bca69b6/action used request id req-17030550-2587-400a-af05-c9b522415f61 request /usr/lib/python2.7/site-packages/keystoneauth1/session.py:844
2019-08-02 08:07:13.908 6399 DEBUG cinderclient.v2.client [-] REQ: curl -g -i -X GET http://172.30.9.22:8776/v3/434adc2f479a43d3b9518b0090e6b97d/types/9f6fabd4-dd71-4173-920f-5ecd4bca69b6/os-volume-type-access -H "Accept: application/json" -H "User-Agent: python-cinderclient" -H "X-Auth-Token: {SHA1}192715193f64ce8400ed322e1160dc13c52448a5" -H "X-OpenStack-Request-ID: req-3f48696b-2e62-4de6-80f6-fe5a71264ce5" _http_log_request /usr/lib/python2.7/site-packages/keystoneauth1/session.py:448
2019-08-02 08:07:14.064 6401 DEBUG cinderclient.v2.client [-] RESP: [200] Content-Encoding: gzip Content-Length: 129 Content-Type: application/json Date: Fri, 02 Aug 2019 08:07:13 GMT OpenStack-API-Version: volume 3.0 Server: Apache Vary: OpenStack-API-Version,Accept-Encoding x-compute-request-id: req-330761cc-2560-4c5b-b0c1-5f727b27f969 x-openstack-request-id: req-330761cc-2560-4c5b-b0c1-5f727b27f969 _http_log_response /usr/lib/python2.7/site-packages/keystoneauth1/session.py:479
2019-08-02 08:07:14.065 6401 DEBUG cinderclient.v2.client [-] RESP BODY: {"volume_type_access": [{"volume_type_id": "6ec1cd95-fcec-4a95-8c76-5a447e53208c", "project_id": "db23b9eca3594c1eb697ba2a6a8afc26"}]} _http_log_response /usr/lib/python2.7/site-packages/keystoneauth1/session.py:511
2019-08-02 08:07:14.065 6401 DEBUG cinderclient.v2.client [-] GET call to volumev2 for http://172.30.9.22:8776/v3/434adc2f479a43d3b9518b0090e6b97d/types/6ec1cd95-fcec-4a95-8c76-5a447e53208c/os-volume-type-access used request id req-330761cc-2560-4c5b-b0c1-5f727b27f969 request /usr/lib/python2.7/site-packages/keystoneauth1/session.py:844
2019-08-02 08:07:14.066 6401 INFO rally.task.runner [-] Task 06bee699-f93d-4fba-959a-9eae7bb69828 | ITER: 4 END: OK
2019-08-02 08:07:14.071 6401 INFO rally.task.runner [-] Task 06bee699-f93d-4fba-959a-9eae7bb69828 | ITER: 5 START
2019-08-02 08:07:14.076 6400 DEBUG cinderclient.v2.client [-] RESP: [200] Content-Encoding: gzip Content-Length: 129 Content-Type: application/json Date: Fri, 02 Aug 2019 08:07:13 GMT OpenStack-API-Version: volume 3.0 Server: Apache Vary: OpenStack-API-Version,Accept-Encoding x-compute-request-id: req-24b7725f-5b6b-424b-ba37-3f8c0e1ed038 x-openstack-request-id: req-24b7725f-5b6b-424b-ba37-3f8c0e1ed038 _http_log_response /usr/lib/python2.7/site-packages/keystoneauth1/session.py:479
2019-08-02 08:07:14.077 6400 DEBUG cinderclient.v2.client [-] RESP BODY: {"volume_type_access": [{"volume_type_id": "54f928ba-402d-4e43-8101-011a0146597c", "project_id": "db23b9eca3594c1eb697ba2a6a8afc26"}]} _http_log_response /usr/lib/python2.7/site-packages/keystoneauth1/session.py:511
2019-08-02 08:07:14.077 6400 DEBUG cinderclient.v2.client [-] GET call to volumev2 for http://172.30.9.22:8776/v3/434adc2f479a43d3b9518b0090e6b97d/types/54f928ba-402d-4e43-8101-011a0146597c/os-volume-type-access used request id req-24b7725f-5b6b-424b-ba37-3f8c0e1ed038 request /usr/lib/python2.7/site-packages/keystoneauth1/session.py:844
2019-08-02 08:07:14.078 6400 INFO rally.task.runner [-] Task 06bee699-f93d-4fba-959a-9eae7bb69828 | ITER: 3 END: OK
2019-08-02 08:07:14.082 6400 INFO rally.task.runner [-] Task 06bee699-f93d-4fba-959a-9eae7bb69828 | ITER: 6 START
2019-08-02 08:07:14.127 6398 DEBUG cinderclient.v2.client [-] RESP: [200] Content-Encoding: gzip Content-Length: 128 Content-Type: application/json Date: Fri, 02 Aug 2019 08:07:13 GMT OpenStack-API-Version: volume 3.0 Server: Apache Vary: OpenStack-API-Version,Accept-Encoding x-compute-request-id: req-c4e5f01b-b07d-4549-993e-6b659c3cd5e6 x-openstack-request-id: req-c4e5f01b-b07d-4549-993e-6b659c3cd5e6 _http_log_response /usr/lib/python2.7/site-packages/keystoneauth1/session.py:479
2019-08-02 08:07:14.127 6398 DEBUG cinderclient.v2.client [-] RESP BODY: {"volume_type_access": [{"volume_type_id": "a417d9c6-c5ed-445a-b22b-0219699304f1", "project_id": "db23b9eca3594c1eb697ba2a6a8afc26"}]} _http_log_response /usr/lib/python2.7/site-packages/keystoneauth1/session.py:511
2019-08-02 08:07:14.128 6398 DEBUG cinderclient.v2.client [-] GET call to volumev2 for http://172.30.9.22:8776/v3/434adc2f479a43d3b9518b0090e6b97d/types/a417d9c6-c5ed-445a-b22b-0219699304f1/os-volume-type-access used request id req-c4e5f01b-b07d-4549-993e-6b659c3cd5e6 request /usr/lib/python2.7/site-packages/keystoneauth1/session.py:844
2019-08-02 08:07:14.128 6398 INFO rally.task.runner [-] Task 06bee699-f93d-4fba-959a-9eae7bb69828 | ITER: 1 END: OK
2019-08-02 08:07:14.134 6398 INFO rally.task.runner [-] Task 06bee699-f93d-4fba-959a-9eae7bb69828 | ITER: 7 START
2019-08-02 08:07:14.206 6399 DEBUG cinderclient.v2.client [-] RESP: [200] Content-Encoding: gzip Content-Length: 127 Content-Type: application/json Date: Fri, 02 Aug 2019 08:07:13 GMT OpenStack-API-Version: volume 3.0 Server: Apache Vary: OpenStack-API-Version,Accept-Encoding x-compute-request-id: req-59b375fa-6552-471c-8d64-038ceb9e5f75 x-openstack-request-id: req-59b375fa-6552-471c-8d64-038ceb9e5f75 _http_log_response /usr/lib/python2.7/site-packages/keystoneauth1/session.py:479
2019-08-02 08:07:14.207 6399 DEBUG cinderclient.v2.client [-] RESP BODY: {"volume_type_access": [{"volume_type_id": "9f6fabd4-dd71-4173-920f-5ecd4bca69b6", "project_id": "db23b9eca3594c1eb697ba2a6a8afc26"}]} _http_log_response /usr/lib/python2.7/site-packages/keystoneauth1/session.py:511
2019-08-02 08:07:14.207 6399 DEBUG cinderclient.v2.client [-] GET call to volumev2 for http://172.30.9.22:8776/v3/434adc2f479a43d3b9518b0090e6b97d/types/9f6fabd4-dd71-4173-920f-5ecd4bca69b6/os-volume-type-access used request id req-59b375fa-6552-471c-8d64-038ceb9e5f75 request /usr/lib/python2.7/site-packages/keystoneauth1/session.py:844
2019-08-02 08:07:14.208 6399 INFO rally.task.runner [-] Task 06bee699-f93d-4fba-959a-9eae7bb69828 | ITER: 2 END: OK
2019-08-02 08:07:14.213 6399 INFO rally.task.runner [-] Task 06bee699-f93d-4fba-959a-9eae7bb69828 | ITER: 8 START
2019-08-02 08:07:14.504 6401 DEBUG cinderclient.v2.client [-] REQ: curl -g -i -X POST http://172.30.9.22:8776/v3/434adc2f479a43d3b9518b0090e6b97d/types -H "Accept: application/json" -H "Content-Type: application/json" -H "User-Agent: python-cinderclient" -H "X-Auth-Token: {SHA1}d60957014fc2d01aa3e97ed77e50c62a8f5e0804" -d '{"volume_type": {"os-volume-type-access:is_public": false, "name": "s_rally_9f5d57ab_QD12t7Ya", "description": "rally tests creating types"}}' _http_log_request /usr/lib/python2.7/site-packages/keystoneauth1/session.py:448
2019-08-02 08:07:14.505 6400 DEBUG cinderclient.v2.client [-] REQ: curl -g -i -X POST http://172.30.9.22:8776/v3/434adc2f479a43d3b9518b0090e6b97d/types -H "Accept: application/json" -H "Content-Type: application/json" -H "User-Agent: python-cinderclient" -H "X-Auth-Token: {SHA1}4455430e7190bcc21e0dc4befce2c0da2935cfb1" -d '{"volume_type": {"os-volume-type-access:is_public": false, "name": "s_rally_9f5d57ab_w1r4MiWG", "description": "rally tests creating types"}}' _http_log_request /usr/lib/python2.7/site-packages/keystoneauth1/session.py:448
2019-08-02 08:07:14.554 6398 DEBUG cinderclient.v2.client [-] REQ: curl -g -i -X POST http://172.30.9.22:8776/v3/434adc2f479a43d3b9518b0090e6b97d/types -H "Accept: application/json" -H "Content-Type: application/json" -H "User-Agent: python-cinderclient" -H "X-Auth-Token: {SHA1}2a7fce7a46d74f491fe08b9a89d9952c29bfdf75" -d '{"volume_type": {"os-volume-type-access:is_public": false, "name": "s_rally_9f5d57ab_NYXLYhWP", "description": "rally tests creating types"}}' _http_log_request /usr/lib/python2.7/site-packages/keystoneauth1/session.py:448
2019-08-02 08:07:14.635 6399 DEBUG cinderclient.v2.client [-] REQ: curl -g -i -X POST http://172.30.9.22:8776/v3/434adc2f479a43d3b9518b0090e6b97d/types -H "Accept: application/json" -H "Content-Type: application/json" -H "User-Agent: python-cinderclient" -H "X-Auth-Token: {SHA1}5d22af21436f0213d866f5d4e9fd8e86f3492952" -d '{"volume_type": {"os-volume-type-access:is_public": false, "name": "s_rally_9f5d57ab_lpolqgyC", "description": "rally tests creating types"}}' _http_log_request /usr/lib/python2.7/site-packages/keystoneauth1/session.py:448
2019-08-02 08:07:14.842 6398 DEBUG cinderclient.v2.client [-] RESP: [200] Content-Encoding: gzip Content-Length: 184 Content-Type: application/json Date: Fri, 02 Aug 2019 08:07:14 GMT OpenStack-API-Version: volume 3.0 Server: Apache Vary: OpenStack-API-Version,Accept-Encoding x-compute-request-id: req-891af00c-63a2-4334-8764-da2398c4fb75 x-openstack-request-id: req-891af00c-63a2-4334-8764-da2398c4fb75 _http_log_response /usr/lib/python2.7/site-packages/keystoneauth1/session.py:479
2019-08-02 08:07:14.843 6398 DEBUG cinderclient.v2.client [-] RESP BODY: {"volume_type": {"name": "s_rally_9f5d57ab_NYXLYhWP", "extra_specs": {}, "os-volume-type-access:is_public": false, "is_public": false, "id": "880589c6-1deb-40f2-a44c-a27b1cbf2dfe", "description": "rally tests creating types"}} _http_log_response /usr/lib/python2.7/site-packages/keystoneauth1/session.py:511
2019-08-02 08:07:14.843 6398 DEBUG cinderclient.v2.client [-] POST call to volumev2 for http://172.30.9.22:8776/v3/434adc2f479a43d3b9518b0090e6b97d/types used request id req-891af00c-63a2-4334-8764-da2398c4fb75 request /usr/lib/python2.7/site-packages/keystoneauth1/session.py:844
2019-08-02 08:07:14.845 6398 DEBUG cinderclient.v2.client [-] REQ: curl -g -i -X POST http://172.30.9.22:8776/v3/434adc2f479a43d3b9518b0090e6b97d/types/880589c6-1deb-40f2-a44c-a27b1cbf2dfe/action -H "Accept: application/json" -H "Content-Type: application/json" -H "User-Agent: python-cinderclient" -H "X-Auth-Token: {SHA1}2a7fce7a46d74f491fe08b9a89d9952c29bfdf75" -H "X-OpenStack-Request-ID: req-891af00c-63a2-4334-8764-da2398c4fb75" -d '{"addProjectAccess": {"project": "75e90e607cb6482c9757a91d688a2c0f"}}' _http_log_request /usr/lib/python2.7/site-packages/keystoneauth1/session.py:448
2019-08-02 08:07:14.846 6401 DEBUG cinderclient.v2.client [-] RESP: [200] Content-Encoding: gzip Content-Length: 182 Content-Type: application/json Date: Fri, 02 Aug 2019 08:07:14 GMT OpenStack-API-Version: volume 3.0 Server: Apache Vary: OpenStack-API-Version,Accept-Encoding x-compute-request-id: req-89df6589-683a-4fc3-8899-d33dfcdeb5bd x-openstack-request-id: req-89df6589-683a-4fc3-8899-d33dfcdeb5bd _http_log_response /usr/lib/python2.7/site-packages/keystoneauth1/session.py:479
2019-08-02 08:07:14.846 6401 DEBUG cinderclient.v2.client [-] RESP BODY: {"volume_type": {"name": "s_rally_9f5d57ab_QD12t7Ya", "extra_specs": {}, "os-volume-type-access:is_public": false, "is_public": false, "id": "a0934ac2-f6ba-4b19-935d-ba32b6510bf2", "description": "rally tests creating types"}} _http_log_response /usr/lib/python2.7/site-packages/keystoneauth1/session.py:511
2019-08-02 08:07:14.847 6401 DEBUG cinderclient.v2.client [-] POST call to volumev2 for http://172.30.9.22:8776/v3/434adc2f479a43d3b9518b0090e6b97d/types used request id req-89df6589-683a-4fc3-8899-d33dfcdeb5bd request /usr/lib/python2.7/site-packages/keystoneauth1/session.py:844
2019-08-02 08:07:14.848 6401 DEBUG cinderclient.v2.client [-] REQ: curl -g -i -X POST http://172.30.9.22:8776/v3/434adc2f479a43d3b9518b0090e6b97d/types/a0934ac2-f6ba-4b19-935d-ba32b6510bf2/action -H "Accept: application/json" -H "Content-Type: application/json" -H "User-Agent: python-cinderclient" -H "X-Auth-Token: {SHA1}d60957014fc2d01aa3e97ed77e50c62a8f5e0804" -H "X-OpenStack-Request-ID: req-89df6589-683a-4fc3-8899-d33dfcdeb5bd" -d '{"addProjectAccess": {"project": "43479e24dbd44c7dadb04d1152c84e0b"}}' _http_log_request /usr/lib/python2.7/site-packages/keystoneauth1/session.py:448
2019-08-02 08:07:14.927 6399 DEBUG cinderclient.v2.client [-] RESP: [200] Content-Encoding: gzip Content-Length: 179 Content-Type: application/json Date: Fri, 02 Aug 2019 08:07:14 GMT OpenStack-API-Version: volume 3.0 Server: Apache Vary: OpenStack-API-Version,Accept-Encoding x-compute-request-id: req-9f0e9974-348b-41b3-9bf0-9bd5323a76db x-openstack-request-id: req-9f0e9974-348b-41b3-9bf0-9bd5323a76db _http_log_response /usr/lib/python2.7/site-packages/keystoneauth1/session.py:479
2019-08-02 08:07:14.928 6399 DEBUG cinderclient.v2.client [-] RESP BODY: {"volume_type": {"name": "s_rally_9f5d57ab_lpolqgyC", "extra_specs": {}, "os-volume-type-access:is_public": false, "is_public": false, "id": "d5c5cd4a-219e-430a-ae24-85813ffc6545", "description": "rally tests creating types"}} _http_log_response /usr/lib/python2.7/site-packages/keystoneauth1/session.py:511
2019-08-02 08:07:14.928 6399 DEBUG cinderclient.v2.client [-] POST call to volumev2 for http://172.30.9.22:8776/v3/434adc2f479a43d3b9518b0090e6b97d/types used request id req-9f0e9974-348b-41b3-9bf0-9bd5323a76db request /usr/lib/python2.7/site-packages/keystoneauth1/session.py:844
2019-08-02 08:07:14.930 6399 DEBUG cinderclient.v2.client [-] REQ: curl -g -i -X POST http://172.30.9.22:8776/v3/434adc2f479a43d3b9518b0090e6b97d/types/d5c5cd4a-219e-430a-ae24-85813ffc6545/action -H "Accept: application/json" -H "Content-Type: application/json" -H "User-Agent: python-cinderclient" -H "X-Auth-Token: {SHA1}5d22af21436f0213d866f5d4e9fd8e86f3492952" -H "X-OpenStack-Request-ID: req-9f0e9974-348b-41b3-9bf0-9bd5323a76db" -d '{"addProjectAccess": {"project": "75e90e607cb6482c9757a91d688a2c0f"}}' _http_log_request /usr/lib/python2.7/site-packages/keystoneauth1/session.py:448
2019-08-02 08:07:14.986 6400 DEBUG cinderclient.v2.client [-] RESP: [200] Content-Encoding: gzip Content-Length: 182 Content-Type: application/json Date: Fri, 02 Aug 2019 08:07:14 GMT OpenStack-API-Version: volume 3.0 Server: Apache Vary: OpenStack-API-Version,Accept-Encoding x-compute-request-id: req-f53418cc-2e95-4805-b081-626104951e27 x-openstack-request-id: req-f53418cc-2e95-4805-b081-626104951e27 _http_log_response /usr/lib/python2.7/site-packages/keystoneauth1/session.py:479
2019-08-02 08:07:14.986 6400 DEBUG cinderclient.v2.client [-] RESP BODY: {"volume_type": {"name": "s_rally_9f5d57ab_w1r4MiWG", "extra_specs": {}, "os-volume-type-access:is_public": false, "is_public": false, "id": "37625dc5-6de8-4173-9a4a-356e1a659225", "description": "rally tests creating types"}} _http_log_response /usr/lib/python2.7/site-packages/keystoneauth1/session.py:511
2019-08-02 08:07:14.987 6400 DEBUG cinderclient.v2.client [-] POST call to volumev2 for http://172.30.9.22:8776/v3/434adc2f479a43d3b9518b0090e6b97d/types used request id req-f53418cc-2e95-4805-b081-626104951e27 request /usr/lib/python2.7/site-packages/keystoneauth1/session.py:844
2019-08-02 08:07:14.988 6400 DEBUG cinderclient.v2.client [-] REQ: curl -g -i -X POST http://172.30.9.22:8776/v3/434adc2f479a43d3b9518b0090e6b97d/types/37625dc5-6de8-4173-9a4a-356e1a659225/action -H "Accept: application/json" -H "Content-Type: application/json" -H "User-Agent: python-cinderclient" -H "X-Auth-Token: {SHA1}4455430e7190bcc21e0dc4befce2c0da2935cfb1" -H "X-OpenStack-Request-ID: req-f53418cc-2e95-4805-b081-626104951e27" -d '{"addProjectAccess": {"project": "db23b9eca3594c1eb697ba2a6a8afc26"}}' _http_log_request /usr/lib/python2.7/site-packages/keystoneauth1/session.py:448
2019-08-02 08:07:15.082 6398 DEBUG cinderclient.v2.client [-] RESP: [202] Content-Length: 0 Content-Type: text/html; charset=UTF-8 Date: Fri, 02 Aug 2019 08:07:14 GMT OpenStack-API-Version: volume 3.0 Server: Apache Vary: OpenStack-API-Version x-openstack-request-id: req-42c22ccb-ef53-407c-9008-73be37f1d497 _http_log_response /usr/lib/python2.7/site-packages/keystoneauth1/session.py:479
2019-08-02 08:07:15.083 6398 DEBUG cinderclient.v2.client [-] RESP BODY: Omitted, Content-Type is set to text/html; charset=UTF-8. Only application/json responses have their bodies logged. _http_log_response /usr/lib/python2.7/site-packages/keystoneauth1/session.py:511
2019-08-02 08:07:15.083 6398 DEBUG cinderclient.v2.client [-] POST call to volumev2 for http://172.30.9.22:8776/v3/434adc2f479a43d3b9518b0090e6b97d/types/880589c6-1deb-40f2-a44c-a27b1cbf2dfe/action used request id req-42c22ccb-ef53-407c-9008-73be37f1d497 request /usr/lib/python2.7/site-packages/keystoneauth1/session.py:844
2019-08-02 08:07:15.084 6398 DEBUG cinderclient.v2.client [-] REQ: curl -g -i -X GET http://172.30.9.22:8776/v3/434adc2f479a43d3b9518b0090e6b97d/types/880589c6-1deb-40f2-a44c-a27b1cbf2dfe/os-volume-type-access -H "Accept: application/json" -H "User-Agent: python-cinderclient" -H "X-Auth-Token: {SHA1}2a7fce7a46d74f491fe08b9a89d9952c29bfdf75" -H "X-OpenStack-Request-ID: req-891af00c-63a2-4334-8764-da2398c4fb75" _http_log_request /usr/lib/python2.7/site-packages/keystoneauth1/session.py:448
2019-08-02 08:07:15.098 6401 DEBUG cinderclient.v2.client [-] RESP: [202] Content-Length: 0 Content-Type: text/html; charset=UTF-8 Date: Fri, 02 Aug 2019 08:07:14 GMT OpenStack-API-Version: volume 3.0 Server: Apache Vary: OpenStack-API-Version x-openstack-request-id: req-af42dca8-4c67-4274-ae9f-10533a411a5f _http_log_response /usr/lib/python2.7/site-packages/keystoneauth1/session.py:479
2019-08-02 08:07:15.098 6401 DEBUG cinderclient.v2.client [-] RESP BODY: Omitted, Content-Type is set to text/html; charset=UTF-8. Only application/json responses have their bodies logged. _http_log_response /usr/lib/python2.7/site-packages/keystoneauth1/session.py:511
2019-08-02 08:07:15.099 6401 DEBUG cinderclient.v2.client [-] POST call to volumev2 for http://172.30.9.22:8776/v3/434adc2f479a43d3b9518b0090e6b97d/types/a0934ac2-f6ba-4b19-935d-ba32b6510bf2/action used request id req-af42dca8-4c67-4274-ae9f-10533a411a5f request /usr/lib/python2.7/site-packages/keystoneauth1/session.py:844
2019-08-02 08:07:15.100 6401 DEBUG cinderclient.v2.client [-] REQ: curl -g -i -X GET http://172.30.9.22:8776/v3/434adc2f479a43d3b9518b0090e6b97d/types/a0934ac2-f6ba-4b19-935d-ba32b6510bf2/os-volume-type-access -H "Accept: application/json" -H "User-Agent: python-cinderclient" -H "X-Auth-Token: {SHA1}d60957014fc2d01aa3e97ed77e50c62a8f5e0804" -H "X-OpenStack-Request-ID: req-89df6589-683a-4fc3-8899-d33dfcdeb5bd" _http_log_request /usr/lib/python2.7/site-packages/keystoneauth1/session.py:448
2019-08-02 08:07:15.152 6399 DEBUG cinderclient.v2.client [-] RESP: [202] Content-Length: 0 Content-Type: text/html; charset=UTF-8 Date: Fri, 02 Aug 2019 08:07:14 GMT OpenStack-API-Version: volume 3.0 Server: Apache Vary: OpenStack-API-Version x-openstack-request-id: req-26383761-a6ca-4f90-b443-8a07535d17fc _http_log_response /usr/lib/python2.7/site-packages/keystoneauth1/session.py:479
2019-08-02 08:07:15.152 6399 DEBUG cinderclient.v2.client [-] RESP BODY: Omitted, Content-Type is set to text/html; charset=UTF-8. Only application/json responses have their bodies logged. _http_log_response /usr/lib/python2.7/site-packages/keystoneauth1/session.py:511
2019-08-02 08:07:15.152 6399 DEBUG cinderclient.v2.client [-] POST call to volumev2 for http://172.30.9.22:8776/v3/434adc2f479a43d3b9518b0090e6b97d/types/d5c5cd4a-219e-430a-ae24-85813ffc6545/action used request id req-26383761-a6ca-4f90-b443-8a07535d17fc request /usr/lib/python2.7/site-packages/keystoneauth1/session.py:844
2019-08-02 08:07:15.154 6399 DEBUG cinderclient.v2.client [-] REQ: curl -g -i -X GET http://172.30.9.22:8776/v3/434adc2f479a43d3b9518b0090e6b97d/types/d5c5cd4a-219e-430a-ae24-85813ffc6545/os-volume-type-access -H "Accept: application/json" -H "User-Agent: python-cinderclient" -H "X-Auth-Token: {SHA1}5d22af21436f0213d866f5d4e9fd8e86f3492952" -H "X-OpenStack-Request-ID: req-9f0e9974-348b-41b3-9bf0-9bd5323a76db" _http_log_request /usr/lib/python2.7/site-packages/keystoneauth1/session.py:448
2019-08-02 08:07:15.199 6400 DEBUG cinderclient.v2.client [-] RESP: [202] Content-Length: 0 Content-Type: text/html; charset=UTF-8 Date: Fri, 02 Aug 2019 08:07:14 GMT OpenStack-API-Version: volume 3.0 Server: Apache Vary: OpenStack-API-Version x-openstack-request-id: req-28ebfe5f-fba5-445c-ad3d-58cdd14c35b5 _http_log_response /usr/lib/python2.7/site-packages/keystoneauth1/session.py:479
2019-08-02 08:07:15.199 6400 DEBUG cinderclient.v2.client [-] RESP BODY: Omitted, Content-Type is set to text/html; charset=UTF-8. Only application/json responses have their bodies logged. _http_log_response /usr/lib/python2.7/site-packages/keystoneauth1/session.py:511
2019-08-02 08:07:15.200 6400 DEBUG cinderclient.v2.client [-] POST call to volumev2 for http://172.30.9.22:8776/v3/434adc2f479a43d3b9518b0090e6b97d/types/37625dc5-6de8-4173-9a4a-356e1a659225/action used request id req-28ebfe5f-fba5-445c-ad3d-58cdd14c35b5 request /usr/lib/python2.7/site-packages/keystoneauth1/session.py:844
2019-08-02 08:07:15.201 6400 DEBUG cinderclient.v2.client [-] REQ: curl -g -i -X GET http://172.30.9.22:8776/v3/434adc2f479a43d3b9518b0090e6b97d/types/37625dc5-6de8-4173-9a4a-356e1a659225/os-volume-type-access -H "Accept: application/json" -H "User-Agent: python-cinderclient" -H "X-Auth-Token: {SHA1}4455430e7190bcc21e0dc4befce2c0da2935cfb1" -H "X-OpenStack-Request-ID: req-f53418cc-2e95-4805-b081-626104951e27" _http_log_request /usr/lib/python2.7/site-packages/keystoneauth1/session.py:448
2019-08-02 08:07:15.295 6398 DEBUG cinderclient.v2.client [-] RESP: [200] Content-Encoding: gzip Content-Length: 129 Content-Type: application/json Date: Fri, 02 Aug 2019 08:07:15 GMT OpenStack-API-Version: volume 3.0 Server: Apache Vary: OpenStack-API-Version,Accept-Encoding x-compute-request-id: req-6d2e6d1f-989c-4bfb-93b1-1070b897747d x-openstack-request-id: req-6d2e6d1f-989c-4bfb-93b1-1070b897747d _http_log_response /usr/lib/python2.7/site-packages/keystoneauth1/session.py:479
2019-08-02 08:07:15.295 6398 DEBUG cinderclient.v2.client [-] RESP BODY: {"volume_type_access": [{"volume_type_id": "880589c6-1deb-40f2-a44c-a27b1cbf2dfe", "project_id": "75e90e607cb6482c9757a91d688a2c0f"}]} _http_log_response /usr/lib/python2.7/site-packages/keystoneauth1/session.py:511
2019-08-02 08:07:15.295 6398 DEBUG cinderclient.v2.client [-] GET call to volumev2 for http://172.30.9.22:8776/v3/434adc2f479a43d3b9518b0090e6b97d/types/880589c6-1deb-40f2-a44c-a27b1cbf2dfe/os-volume-type-access used request id req-6d2e6d1f-989c-4bfb-93b1-1070b897747d request /usr/lib/python2.7/site-packages/keystoneauth1/session.py:844
2019-08-02 08:07:15.296 6398 INFO rally.task.runner [-] Task 06bee699-f93d-4fba-959a-9eae7bb69828 | ITER: 7 END: OK
2019-08-02 08:07:15.301 6398 INFO rally.task.runner [-] Task 06bee699-f93d-4fba-959a-9eae7bb69828 | ITER: 9 START
2019-08-02 08:07:15.314 6401 DEBUG cinderclient.v2.client [-] RESP: [200] Content-Encoding: gzip Content-Length: 128 Content-Type: application/json Date: Fri, 02 Aug 2019 08:07:15 GMT OpenStack-API-Version: volume 3.0 Server: Apache Vary: OpenStack-API-Version,Accept-Encoding x-compute-request-id: req-fed4e5f6-f3c0-467f-a3e9-dae854236010 x-openstack-request-id: req-fed4e5f6-f3c0-467f-a3e9-dae854236010 _http_log_response /usr/lib/python2.7/site-packages/keystoneauth1/session.py:479
2019-08-02 08:07:15.314 6401 DEBUG cinderclient.v2.client [-] RESP BODY: {"volume_type_access": [{"volume_type_id": "a0934ac2-f6ba-4b19-935d-ba32b6510bf2", "project_id": "43479e24dbd44c7dadb04d1152c84e0b"}]} _http_log_response /usr/lib/python2.7/site-packages/keystoneauth1/session.py:511
2019-08-02 08:07:15.315 6401 DEBUG cinderclient.v2.client [-] GET call to volumev2 for http://172.30.9.22:8776/v3/434adc2f479a43d3b9518b0090e6b97d/types/a0934ac2-f6ba-4b19-935d-ba32b6510bf2/os-volume-type-access used request id req-fed4e5f6-f3c0-467f-a3e9-dae854236010 request /usr/lib/python2.7/site-packages/keystoneauth1/session.py:844
2019-08-02 08:07:15.315 6401 INFO rally.task.runner [-] Task 06bee699-f93d-4fba-959a-9eae7bb69828 | ITER: 5 END: OK
2019-08-02 08:07:15.320 6401 INFO rally.task.runner [-] Task 06bee699-f93d-4fba-959a-9eae7bb69828 | ITER: 10 START
2019-08-02 08:07:15.380 6399 DEBUG cinderclient.v2.client [-] RESP: [200] Content-Encoding: gzip Content-Length: 129 Content-Type: application/json Date: Fri, 02 Aug 2019 08:07:15 GMT OpenStack-API-Version: volume 3.0 Server: Apache Vary: OpenStack-API-Version,Accept-Encoding x-compute-request-id: req-d4321d26-4e95-4c5a-b1a4-cfff3d52ded7 x-openstack-request-id: req-d4321d26-4e95-4c5a-b1a4-cfff3d52ded7 _http_log_response /usr/lib/python2.7/site-packages/keystoneauth1/session.py:479
2019-08-02 08:07:15.381 6399 DEBUG cinderclient.v2.client [-] RESP BODY: {"volume_type_access": [{"volume_type_id": "d5c5cd4a-219e-430a-ae24-85813ffc6545", "project_id": "75e90e607cb6482c9757a91d688a2c0f"}]} _http_log_response /usr/lib/python2.7/site-packages/keystoneauth1/session.py:511
2019-08-02 08:07:15.381 6399 DEBUG cinderclient.v2.client [-] GET call to volumev2 for http://172.30.9.22:8776/v3/434adc2f479a43d3b9518b0090e6b97d/types/d5c5cd4a-219e-430a-ae24-85813ffc6545/os-volume-type-access used request id req-d4321d26-4e95-4c5a-b1a4-cfff3d52ded7 request /usr/lib/python2.7/site-packages/keystoneauth1/session.py:844
2019-08-02 08:07:15.382 6399 INFO rally.task.runner [-] Task 06bee699-f93d-4fba-959a-9eae7bb69828 | ITER: 8 END: OK
2019-08-02 08:07:15.408 6400 DEBUG cinderclient.v2.client [-] RESP: [200] Content-Encoding: gzip Content-Length: 128 Content-Type: application/json Date: Fri, 02 Aug 2019 08:07:15 GMT OpenStack-API-Version: volume 3.0 Server: Apache Vary: OpenStack-API-Version,Accept-Encoding x-compute-request-id: req-3f26885f-07ac-4589-8d0d-80b3086fe0aa x-openstack-request-id: req-3f26885f-07ac-4589-8d0d-80b3086fe0aa _http_log_response /usr/lib/python2.7/site-packages/keystoneauth1/session.py:479
2019-08-02 08:07:15.409 6400 DEBUG cinderclient.v2.client [-] RESP BODY: {"volume_type_access": [{"volume_type_id": "37625dc5-6de8-4173-9a4a-356e1a659225", "project_id": "db23b9eca3594c1eb697ba2a6a8afc26"}]} _http_log_response /usr/lib/python2.7/site-packages/keystoneauth1/session.py:511
2019-08-02 08:07:15.409 6400 DEBUG cinderclient.v2.client [-] GET call to volumev2 for http://172.30.9.22:8776/v3/434adc2f479a43d3b9518b0090e6b97d/types/37625dc5-6de8-4173-9a4a-356e1a659225/os-volume-type-access used request id req-3f26885f-07ac-4589-8d0d-80b3086fe0aa request /usr/lib/python2.7/site-packages/keystoneauth1/session.py:844
2019-08-02 08:07:15.410 6400 INFO rally.task.runner [-] Task 06bee699-f93d-4fba-959a-9eae7bb69828 | ITER: 6 END: OK
2019-08-02 08:07:15.741 6398 DEBUG cinderclient.v2.client [-] REQ: curl -g -i -X POST http://172.30.9.22:8776/v3/434adc2f479a43d3b9518b0090e6b97d/types -H "Accept: application/json" -H "Content-Type: application/json" -H "User-Agent: python-cinderclient" -H "X-Auth-Token: {SHA1}a8a304b211334a28e1813643ddab6369f89b7c12" -d '{"volume_type": {"os-volume-type-access:is_public": false, "name": "s_rally_9f5d57ab_wxcT5AqA", "description": "rally tests creating types"}}' _http_log_request /usr/lib/python2.7/site-packages/keystoneauth1/session.py:448
2019-08-02 08:07:15.756 6401 DEBUG cinderclient.v2.client [-] REQ: curl -g -i -X POST http://172.30.9.22:8776/v3/434adc2f479a43d3b9518b0090e6b97d/types -H "Accept: application/json" -H "Content-Type: application/json" -H "User-Agent: python-cinderclient" -H "X-Auth-Token: {SHA1}fe7ec32f34a6b6cc73551551407fb8f4d9aadce1" -d '{"volume_type": {"os-volume-type-access:is_public": false, "name": "s_rally_9f5d57ab_KHdCU3SI", "description": "rally tests creating types"}}' _http_log_request /usr/lib/python2.7/site-packages/keystoneauth1/session.py:448
2019-08-02 08:07:15.975 6398 DEBUG cinderclient.v2.client [-] RESP: [200] Content-Encoding: gzip Content-Length: 182 Content-Type: application/json Date: Fri, 02 Aug 2019 08:07:15 GMT OpenStack-API-Version: volume 3.0 Server: Apache Vary: OpenStack-API-Version,Accept-Encoding x-compute-request-id: req-79b2d9b7-49c4-4e5c-a37d-29404e67ce73 x-openstack-request-id: req-79b2d9b7-49c4-4e5c-a37d-29404e67ce73 _http_log_response /usr/lib/python2.7/site-packages/keystoneauth1/session.py:479
2019-08-02 08:07:15.975 6398 DEBUG cinderclient.v2.client [-] RESP BODY: {"volume_type": {"name": "s_rally_9f5d57ab_wxcT5AqA", "extra_specs": {}, "os-volume-type-access:is_public": false, "is_public": false, "id": "f3321d78-2bcc-4d50-8537-6ca685090a36", "description": "rally tests creating types"}} _http_log_response /usr/lib/python2.7/site-packages/keystoneauth1/session.py:511
2019-08-02 08:07:15.975 6398 DEBUG cinderclient.v2.client [-] POST call to volumev2 for http://172.30.9.22:8776/v3/434adc2f479a43d3b9518b0090e6b97d/types used request id req-79b2d9b7-49c4-4e5c-a37d-29404e67ce73 request /usr/lib/python2.7/site-packages/keystoneauth1/session.py:844
2019-08-02 08:07:15.977 6398 DEBUG cinderclient.v2.client [-] REQ: curl -g -i -X POST http://172.30.9.22:8776/v3/434adc2f479a43d3b9518b0090e6b97d/types/f3321d78-2bcc-4d50-8537-6ca685090a36/action -H "Accept: application/json" -H "Content-Type: application/json" -H "User-Agent: python-cinderclient" -H "X-Auth-Token: {SHA1}a8a304b211334a28e1813643ddab6369f89b7c12" -H "X-OpenStack-Request-ID: req-79b2d9b7-49c4-4e5c-a37d-29404e67ce73" -d '{"addProjectAccess": {"project": "db23b9eca3594c1eb697ba2a6a8afc26"}}' _http_log_request /usr/lib/python2.7/site-packages/keystoneauth1/session.py:448
2019-08-02 08:07:15.980 6401 DEBUG cinderclient.v2.client [-] RESP: [200] Content-Encoding: gzip Content-Length: 184 Content-Type: application/json Date: Fri, 02 Aug 2019 08:07:15 GMT OpenStack-API-Version: volume 3.0 Server: Apache Vary: OpenStack-API-Version,Accept-Encoding x-compute-request-id: req-01868838-49b0-419a-9071-b54df8ed8e0a x-openstack-request-id: req-01868838-49b0-419a-9071-b54df8ed8e0a _http_log_response /usr/lib/python2.7/site-packages/keystoneauth1/session.py:479
2019-08-02 08:07:15.981 6401 DEBUG cinderclient.v2.client [-] RESP BODY: {"volume_type": {"name": "s_rally_9f5d57ab_KHdCU3SI", "extra_specs": {}, "os-volume-type-access:is_public": false, "is_public": false, "id": "99be0d33-2707-4009-a9fd-88be113c532e", "description": "rally tests creating types"}} _http_log_response /usr/lib/python2.7/site-packages/keystoneauth1/session.py:511
2019-08-02 08:07:15.981 6401 DEBUG cinderclient.v2.client [-] POST call to volumev2 for http://172.30.9.22:8776/v3/434adc2f479a43d3b9518b0090e6b97d/types used request id req-01868838-49b0-419a-9071-b54df8ed8e0a request /usr/lib/python2.7/site-packages/keystoneauth1/session.py:844
2019-08-02 08:07:15.983 6401 DEBUG cinderclient.v2.client [-] REQ: curl -g -i -X POST http://172.30.9.22:8776/v3/434adc2f479a43d3b9518b0090e6b97d/types/99be0d33-2707-4009-a9fd-88be113c532e/action -H "Accept: application/json" -H "Content-Type: application/json" -H "User-Agent: python-cinderclient" -H "X-Auth-Token: {SHA1}fe7ec32f34a6b6cc73551551407fb8f4d9aadce1" -H "X-OpenStack-Request-ID: req-01868838-49b0-419a-9071-b54df8ed8e0a" -d '{"addProjectAccess": {"project": "43479e24dbd44c7dadb04d1152c84e0b"}}' _http_log_request /usr/lib/python2.7/site-packages/keystoneauth1/session.py:448
2019-08-02 08:07:16.307 6398 DEBUG cinderclient.v2.client [-] RESP: [202] Content-Length: 0 Content-Type: text/html; charset=UTF-8 Date: Fri, 02 Aug 2019 08:07:15 GMT OpenStack-API-Version: volume 3.0 Server: Apache Vary: OpenStack-API-Version x-openstack-request-id: req-a72f3190-adac-430e-a320-0a29c00a937c _http_log_response /usr/lib/python2.7/site-packages/keystoneauth1/session.py:479
2019-08-02 08:07:16.308 6398 DEBUG cinderclient.v2.client [-] RESP BODY: Omitted, Content-Type is set to text/html; charset=UTF-8. Only application/json responses have their bodies logged. _http_log_response /usr/lib/python2.7/site-packages/keystoneauth1/session.py:511
2019-08-02 08:07:16.308 6398 DEBUG cinderclient.v2.client [-] POST call to volumev2 for http://172.30.9.22:8776/v3/434adc2f479a43d3b9518b0090e6b97d/types/f3321d78-2bcc-4d50-8537-6ca685090a36/action used request id req-a72f3190-adac-430e-a320-0a29c00a937c request /usr/lib/python2.7/site-packages/keystoneauth1/session.py:844
2019-08-02 08:07:16.309 6398 DEBUG cinderclient.v2.client [-] REQ: curl -g -i -X GET http://172.30.9.22:8776/v3/434adc2f479a43d3b9518b0090e6b97d/types/f3321d78-2bcc-4d50-8537-6ca685090a36/os-volume-type-access -H "Accept: application/json" -H "User-Agent: python-cinderclient" -H "X-Auth-Token: {SHA1}a8a304b211334a28e1813643ddab6369f89b7c12" -H "X-OpenStack-Request-ID: req-79b2d9b7-49c4-4e5c-a37d-29404e67ce73" _http_log_request /usr/lib/python2.7/site-packages/keystoneauth1/session.py:448
2019-08-02 08:07:16.334 6401 DEBUG cinderclient.v2.client [-] RESP: [202] Content-Length: 0 Content-Type: text/html; charset=UTF-8 Date: Fri, 02 Aug 2019 08:07:15 GMT OpenStack-API-Version: volume 3.0 Server: Apache Vary: OpenStack-API-Version x-openstack-request-id: req-8bd6b02d-eab2-4a9c-8672-13422618841a _http_log_response /usr/lib/python2.7/site-packages/keystoneauth1/session.py:479
2019-08-02 08:07:16.335 6401 DEBUG cinderclient.v2.client [-] RESP BODY: Omitted, Content-Type is set to text/html; charset=UTF-8. Only application/json responses have their bodies logged. _http_log_response /usr/lib/python2.7/site-packages/keystoneauth1/session.py:511
2019-08-02 08:07:16.335 6401 DEBUG cinderclient.v2.client [-] POST call to volumev2 for http://172.30.9.22:8776/v3/434adc2f479a43d3b9518b0090e6b97d/types/99be0d33-2707-4009-a9fd-88be113c532e/action used request id req-8bd6b02d-eab2-4a9c-8672-13422618841a request /usr/lib/python2.7/site-packages/keystoneauth1/session.py:844
2019-08-02 08:07:16.336 6401 DEBUG cinderclient.v2.client [-] REQ: curl -g -i -X GET http://172.30.9.22:8776/v3/434adc2f479a43d3b9518b0090e6b97d/types/99be0d33-2707-4009-a9fd-88be113c532e/os-volume-type-access -H "Accept: application/json" -H "User-Agent: python-cinderclient" -H "X-Auth-Token: {SHA1}fe7ec32f34a6b6cc73551551407fb8f4d9aadce1" -H "X-OpenStack-Request-ID: req-01868838-49b0-419a-9071-b54df8ed8e0a" _http_log_request /usr/lib/python2.7/site-packages/keystoneauth1/session.py:448
2019-08-02 08:07:16.515 6398 DEBUG cinderclient.v2.client [-] RESP: [200] Content-Encoding: gzip Content-Length: 129 Content-Type: application/json Date: Fri, 02 Aug 2019 08:07:16 GMT OpenStack-API-Version: volume 3.0 Server: Apache Vary: OpenStack-API-Version,Accept-Encoding x-compute-request-id: req-7b627b2d-4a55-4f64-8a10-0fa723814b3f x-openstack-request-id: req-7b627b2d-4a55-4f64-8a10-0fa723814b3f _http_log_response /usr/lib/python2.7/site-packages/keystoneauth1/session.py:479
2019-08-02 08:07:16.516 6398 DEBUG cinderclient.v2.client [-] RESP BODY: {"volume_type_access": [{"volume_type_id": "f3321d78-2bcc-4d50-8537-6ca685090a36", "project_id": "db23b9eca3594c1eb697ba2a6a8afc26"}]} _http_log_response /usr/lib/python2.7/site-packages/keystoneauth1/session.py:511
2019-08-02 08:07:16.516 6398 DEBUG cinderclient.v2.client [-] GET call to volumev2 for http://172.30.9.22:8776/v3/434adc2f479a43d3b9518b0090e6b97d/types/f3321d78-2bcc-4d50-8537-6ca685090a36/os-volume-type-access used request id req-7b627b2d-4a55-4f64-8a10-0fa723814b3f request /usr/lib/python2.7/site-packages/keystoneauth1/session.py:844
2019-08-02 08:07:16.517 6398 INFO rally.task.runner [-] Task 06bee699-f93d-4fba-959a-9eae7bb69828 | ITER: 9 END: OK
2019-08-02 08:07:16.538 6401 DEBUG cinderclient.v2.client [-] RESP: [200] Content-Encoding: gzip Content-Length: 128 Content-Type: application/json Date: Fri, 02 Aug 2019 08:07:16 GMT OpenStack-API-Version: volume 3.0 Server: Apache Vary: OpenStack-API-Version,Accept-Encoding x-compute-request-id: req-7db22cef-263e-4a2c-9674-c95da95c2bfe x-openstack-request-id: req-7db22cef-263e-4a2c-9674-c95da95c2bfe _http_log_response /usr/lib/python2.7/site-packages/keystoneauth1/session.py:479
2019-08-02 08:07:16.538 6401 DEBUG cinderclient.v2.client [-] RESP BODY: {"volume_type_access": [{"volume_type_id": "99be0d33-2707-4009-a9fd-88be113c532e", "project_id": "43479e24dbd44c7dadb04d1152c84e0b"}]} _http_log_response /usr/lib/python2.7/site-packages/keystoneauth1/session.py:511
2019-08-02 08:07:16.538 6401 DEBUG cinderclient.v2.client [-] GET call to volumev2 for http://172.30.9.22:8776/v3/434adc2f479a43d3b9518b0090e6b97d/types/99be0d33-2707-4009-a9fd-88be113c532e/os-volume-type-access used request id req-7db22cef-263e-4a2c-9674-c95da95c2bfe request /usr/lib/python2.7/site-packages/keystoneauth1/session.py:844
2019-08-02 08:07:16.539 6401 INFO rally.task.runner [-] Task 06bee699-f93d-4fba-959a-9eae7bb69828 | ITER: 10 END: OK
2019-08-02 08:07:16.567 1842 INFO rally.task.context [-] Task 06bee699-f93d-4fba-959a-9eae7bb69828 | Context admin_cleanup@openstack cleanup() started
2019-08-02 08:07:16.569 1842 RALLYDEBUG rally_openstack.cleanup.manager [-] Cleaning up cinder volume_types objects
2019-08-02 08:07:17.247 1842 RALLYDEBUG rally_openstack.cleanup.manager [-] Deleting cinder.volume_types object s_rally_9f5d57ab_QD12t7Ya (a0934ac2-f6ba-4b19-935d-ba32b6510bf2)
2019-08-02 08:07:17.251 1842 RALLYDEBUG rally_openstack.cleanup.manager [-] Deleting cinder.volume_types object s_rally_9f5d57ab_wxcT5AqA (f3321d78-2bcc-4d50-8537-6ca685090a36)
2019-08-02 08:07:17.252 1842 RALLYDEBUG rally_openstack.cleanup.manager [-] Deleting cinder.volume_types object s_rally_9f5d57ab_NYXLYhWP (880589c6-1deb-40f2-a44c-a27b1cbf2dfe)
2019-08-02 08:07:17.253 1842 RALLYDEBUG rally_openstack.cleanup.manager [-] Deleting cinder.volume_types object s_rally_9f5d57ab_KHdCU3SI (99be0d33-2707-4009-a9fd-88be113c532e)
2019-08-02 08:07:17.256 1842 RALLYDEBUG rally_openstack.cleanup.manager [-] Deleting cinder.volume_types object s_rally_9f5d57ab_lpolqgyC (d5c5cd4a-219e-430a-ae24-85813ffc6545)
2019-08-02 08:07:17.272 1842 RALLYDEBUG rally_openstack.cleanup.manager [-] Deleting cinder.volume_types object s_rally_9f5d57ab_DOFLxVsT (6ec1cd95-fcec-4a95-8c76-5a447e53208c)
2019-08-02 08:07:17.273 1842 RALLYDEBUG rally_openstack.cleanup.manager [-] Deleting cinder.volume_types object s_rally_9f5d57ab_56unTPVS (9f6fabd4-dd71-4173-920f-5ecd4bca69b6)
2019-08-02 08:07:17.278 1842 RALLYDEBUG rally_openstack.cleanup.manager [-] Deleting cinder.volume_types object s_rally_9f5d57ab_aNDdOKfG (a417d9c6-c5ed-445a-b22b-0219699304f1)
2019-08-02 08:07:17.281 1842 RALLYDEBUG rally_openstack.cleanup.manager [-] Deleting cinder.volume_types object s_rally_9f5d57ab_w1r4MiWG (37625dc5-6de8-4173-9a4a-356e1a659225)
2019-08-02 08:07:17.294 1842 RALLYDEBUG rally_openstack.cleanup.manager [-] Deleting cinder.volume_types object s_rally_9f5d57ab_QLzItijQ (54f928ba-402d-4e43-8101-011a0146597c)
2019-08-02 08:07:19.594 1842 RALLYDEBUG rally_openstack.cleanup.manager [-] Cleaning up cinder image_volumes_cache objects
2019-08-02 08:07:20.565 1842 RALLYDEBUG rally_openstack.cleanup.manager [-] Cleaning up cinder quotas objects
2019-08-02 08:07:22.048 1842 RALLYDEBUG rally_openstack.cleanup.manager [-] Cleaning up cinder qos_specs objects
2019-08-02 08:07:22.675 1842 INFO rally.task.context [-] Task 06bee699-f93d-4fba-959a-9eae7bb69828 | Context admin_cleanup@openstack cleanup() finished in 6.11 sec
2019-08-02 08:07:22.675 1842 INFO rally.task.context [-] Task 06bee699-f93d-4fba-959a-9eae7bb69828 | Context api_versions@openstack cleanup() started
2019-08-02 08:07:22.675 1842 INFO rally.task.context [-] Task 06bee699-f93d-4fba-959a-9eae7bb69828 | Context api_versions@openstack cleanup() finished in 0.32 msec
2019-08-02 08:07:22.676 1842 INFO rally.task.context [-] Task 06bee699-f93d-4fba-959a-9eae7bb69828 | Context users@openstack cleanup() started
2019-08-02 08:07:29.818 1842 INFO rally.task.context [-] Task 06bee699-f93d-4fba-959a-9eae7bb69828 | Context users@openstack cleanup() finished in 7.14 sec
2019-08-02 08:07:29.900 1842 INFO rally.task.engine [-] Load duration is: 3.879388
2019-08-02 08:07:29.900 1842 INFO rally.task.engine [-] Full runner duration is: 3.929097
2019-08-02 08:07:29.901 1842 INFO rally.task.engine [-] Full duration is: 22.075906
2019-08-02 08:07:30.116 1842 INFO rally.task.engine [-] Task 06bee699-f93d-4fba-959a-9eae7bb69828 | Completed: Running task.
2019-08-02 08:07:31.167 6540 RALLYDEBUG rally.api [-] INFO logs from urllib3 and requests module are hide.
2019-08-02 08:07:31.167 6540 RALLYDEBUG rally.api [-] urllib3 insecure warnings are hidden.
2019-08-02 08:07:31.167 6540 RALLYDEBUG rally.api [-] ERROR log from boto module is hide.
2019-08-02 08:07:32.029 6541 RALLYDEBUG rally.api [-] INFO logs from urllib3 and requests module are hide.
2019-08-02 08:07:32.029 6541 RALLYDEBUG rally.api [-] urllib3 insecure warnings are hidden.
2019-08-02 08:07:32.029 6541 RALLYDEBUG rally.api [-] ERROR log from boto module is hide.
2019-08-02 08:07:33.353 6541 INFO rally.api [-] Building 'json' report for the following task(s): '06bee699-f93d-4fba-959a-9eae7bb69828'.
2019-08-02 08:07:33.395 6541 INFO rally.api [-] The report has been successfully built.
2019-08-02 08:07:34.281 6543 RALLYDEBUG rally.api [-] INFO logs from urllib3 and requests module are hide.
2019-08-02 08:07:34.281 6543 RALLYDEBUG rally.api [-] urllib3 insecure warnings are hidden.
2019-08-02 08:07:34.282 6543 RALLYDEBUG rally.api [-] ERROR log from boto module is hide.
2019-08-02 08:07:35.640 6543 INFO rally.task.engine [-] Task b171d2a8-5cca-4a5f-9101-6ffe00dff98d | Starting: Task validation.
2019-08-02 08:07:35.673 6543 INFO rally.task.engine [-] Task b171d2a8-5cca-4a5f-9101-6ffe00dff98d | Starting: Task validation of syntax.
2019-08-02 08:07:35.859 6543 INFO rally.task.engine [-] Task b171d2a8-5cca-4a5f-9101-6ffe00dff98d | Completed: Task validation of syntax.
2019-08-02 08:07:35.861 6543 INFO rally.task.engine [-] Task b171d2a8-5cca-4a5f-9101-6ffe00dff98d | Starting: Task validation of required platforms.
2019-08-02 08:07:35.927 6543 INFO rally.task.engine [-] Task b171d2a8-5cca-4a5f-9101-6ffe00dff98d | Completed: Task validation of required platforms.
2019-08-02 08:07:35.927 6543 INFO rally.task.engine [-] Task b171d2a8-5cca-4a5f-9101-6ffe00dff98d | Starting: Task validation of semantic.
2019-08-02 08:07:35.927 6543 INFO rally.task.engine [-] Check health of the environment '8f013ee6-d0a9-4be8-ada1-e91801c8ee21'.
2019-08-02 08:07:36.752 6543 INFO rally.task.engine [-] Platform existing@openstack (available: True): OK!
2019-08-02 08:07:36.771 6543 RALLYDEBUG rally_openstack.contexts.keystone.users [-] Creating 1 tenants using 20 threads
2019-08-02 08:07:38.600 6543 RALLYDEBUG rally_openstack.contexts.keystone.users [-] Creating 1 users using 20 threads
2019-08-02 08:07:41.090 6543 INFO rally.task.context [-] Task b171d2a8-5cca-4a5f-9101-6ffe00dff98d | Context users@openstack setup() finished in 4.32 sec
2019-08-02 08:07:48.144 6543 INFO rally.task.context [-] Task b171d2a8-5cca-4a5f-9101-6ffe00dff98d | Context users@openstack cleanup() started
2019-08-02 08:07:52.637 6543 INFO rally.task.context [-] Task b171d2a8-5cca-4a5f-9101-6ffe00dff98d | Context users@openstack cleanup() finished in 4.49 sec
2019-08-02 08:07:52.637 6543 INFO rally.task.engine [-] Task b171d2a8-5cca-4a5f-9101-6ffe00dff98d | Completed: Task validation of semantic.
2019-08-02 08:07:52.638 6543 INFO rally.task.engine [-] Task b171d2a8-5cca-4a5f-9101-6ffe00dff98d | Completed: Task validation.
2019-08-02 08:07:52.638 6543 INFO rally.api [-] Task b171d2a8-5cca-4a5f-9101-6ffe00dff98d input file is valid.
2019-08-02 08:07:52.638 6543 INFO rally.api [-] Run Task b171d2a8-5cca-4a5f-9101-6ffe00dff98d against Deployment 8f013ee6-d0a9-4be8-ada1-e91801c8ee21
2019-08-02 08:07:52.639 6543 INFO rally.task.engine [-] Task b171d2a8-5cca-4a5f-9101-6ffe00dff98d | Starting: Running task.
2019-08-02 08:07:52.764 6543 INFO rally.task.engine [-] Running workload: position = 0 config = { "version": 2, "title": "A cropped version of a bigger task.", "description": "Auto-generated task from a single workload (uuid=b1db2d4c-6b70-4be1-8af0-86dcbeb822e5)", "subtasks": [ { "title": "Gnocchi.list_capabilities", "description": "List supported aggregation methods.", "scenario": { "Gnocchi.list_capabilities": {} }, "contexts": { "users": { "tenants": 3, "users_per_tenant": 2 } }, "runner": { "constant": { "concurrency": 4, "times": 10 } }, "hooks": [], "sla": { "failure_rate": { "max": 0 } } } ] }
2019-08-02 08:07:52.784 6543 RALLYDEBUG rally_openstack.contexts.keystone.users [-] Creating 3 tenants using 20 threads
2019-08-02 08:07:54.680 6543 RALLYDEBUG rally_openstack.contexts.keystone.users [-] Creating 6 users using 20 threads
2019-08-02 08:07:57.474 6543 INFO rally.task.context [-] Task b171d2a8-5cca-4a5f-9101-6ffe00dff98d | Context users@openstack setup() finished in 4.69 sec
2019-08-02 08:07:57.481 6543 RALLYDEBUG rally.task.runner [-] Starting the constant runner (task UUID: b171d2a8-5cca-4a5f-9101-6ffe00dff98d). timeout: 0 concurrency: 4 concurrency_per_worker: 1 times: 10 concurrency_overhead: 0 processes_to_start: 4 max_cpu_used: 16
2019-08-02 08:07:57.494 6667 RALLYDEBUG rally.task.runner [-] Starting a worker. concurrency: 1 args: {} times: 10 method_name: run timeout: 0 duration: None cls:
2019-08-02 08:07:57.497 6668 RALLYDEBUG rally.task.runner [-] Starting a worker. concurrency: 1 args: {} times: 10 method_name: run timeout: 0 duration: None cls:
2019-08-02 08:07:57.500 6667 INFO rally.task.runner [-] Task b171d2a8-5cca-4a5f-9101-6ffe00dff98d | ITER: 1 START
2019-08-02 08:07:57.500 6669 RALLYDEBUG rally.task.runner [-] Starting a worker. concurrency: 1 args: {} times: 10 method_name: run timeout: 0 duration: None cls:
2019-08-02 08:07:57.502 6668 INFO rally.task.runner [-] Task b171d2a8-5cca-4a5f-9101-6ffe00dff98d | ITER: 2 START
2019-08-02 08:07:57.503 6670 RALLYDEBUG rally.task.runner [-] Starting a worker. concurrency: 1 args: {} times: 10 method_name: run timeout: 0 duration: None cls:
2019-08-02 08:07:57.506 6669 INFO rally.task.runner [-] Task b171d2a8-5cca-4a5f-9101-6ffe00dff98d | ITER: 3 START
2019-08-02 08:07:57.508 6670 INFO rally.task.runner [-] Task b171d2a8-5cca-4a5f-9101-6ffe00dff98d | ITER: 4 START
2019-08-02 08:07:58.216 6669 INFO rally.task.runner [-] Task b171d2a8-5cca-4a5f-9101-6ffe00dff98d | ITER: 3 END: OK
2019-08-02 08:07:58.220 6669 INFO rally.task.runner [-] Task b171d2a8-5cca-4a5f-9101-6ffe00dff98d | ITER: 5 START
2019-08-02 08:07:58.236 6670 INFO rally.task.runner [-] Task b171d2a8-5cca-4a5f-9101-6ffe00dff98d | ITER: 4 END: OK
2019-08-02 08:07:58.240 6670 INFO rally.task.runner [-] Task b171d2a8-5cca-4a5f-9101-6ffe00dff98d | ITER: 6 START
2019-08-02 08:07:58.267 6668 INFO rally.task.runner [-] Task b171d2a8-5cca-4a5f-9101-6ffe00dff98d | ITER: 2 END: OK
2019-08-02 08:07:58.271 6668 INFO rally.task.runner [-] Task b171d2a8-5cca-4a5f-9101-6ffe00dff98d | ITER: 7 START
2019-08-02 08:07:58.300 6667 INFO rally.task.runner [-] Task b171d2a8-5cca-4a5f-9101-6ffe00dff98d | ITER: 1 END: OK
2019-08-02 08:07:58.304 6667 INFO rally.task.runner [-] Task b171d2a8-5cca-4a5f-9101-6ffe00dff98d | ITER: 8 START
2019-08-02 08:07:58.923 6669 INFO rally.task.runner [-] Task b171d2a8-5cca-4a5f-9101-6ffe00dff98d | ITER: 5 END: OK
2019-08-02 08:07:58.926 6669 INFO rally.task.runner [-] Task b171d2a8-5cca-4a5f-9101-6ffe00dff98d | ITER: 9 START
2019-08-02 08:07:58.956 6670 INFO rally.task.runner [-] Task b171d2a8-5cca-4a5f-9101-6ffe00dff98d | ITER: 6 END: OK
2019-08-02 08:07:58.960 6670 INFO rally.task.runner [-] Task b171d2a8-5cca-4a5f-9101-6ffe00dff98d | ITER: 10 START
2019-08-02 08:07:58.985 6667 INFO rally.task.runner [-] Task b171d2a8-5cca-4a5f-9101-6ffe00dff98d | ITER: 8 END: OK
2019-08-02 08:07:59.002 6668 INFO rally.task.runner [-] Task b171d2a8-5cca-4a5f-9101-6ffe00dff98d | ITER: 7 END: OK
2019-08-02 08:07:59.542 6669 INFO rally.task.runner [-] Task b171d2a8-5cca-4a5f-9101-6ffe00dff98d | ITER: 9 END: OK
2019-08-02 08:07:59.637 6670 INFO rally.task.runner [-] Task b171d2a8-5cca-4a5f-9101-6ffe00dff98d | ITER: 10 END: OK
2019-08-02 08:07:59.661 6543 INFO rally.task.context [-] Task b171d2a8-5cca-4a5f-9101-6ffe00dff98d | Context users@openstack cleanup() started
