2019-08-02 07:37:12.335 7 RALLYDEBUG rally.api [-] INFO logs from urllib3 and requests module are hide.
2019-08-02 07:37:12.335 7 RALLYDEBUG rally.api [-] urllib3 insecure warnings are hidden.
2019-08-02 07:37:12.335 7 RALLYDEBUG rally.api [-] ERROR log from boto module is hide.
2019-08-02 07:37:13.535 7 ERROR rally.cli.cliutils [-] Unexpected exception in CLI: DBRecordNotFound: Record for uuid or name is opnfv-rally not found in table envs
2019-08-02 07:37:13.535 7 ERROR rally.cli.cliutils
Traceback (most recent call last):
2019-08-02 07:37:13.535 7 ERROR rally.cli.cliutils
File "/usr/lib/python2.7/site-packages/rally/cli/cliutils.py", line 674, in run
2019-08-02 07:37:13.535 7 ERROR rally.cli.cliutils ret = fn(*fn_args, **fn_kwargs)
2019-08-02 07:37:13.535 7 ERROR rally.cli.cliutils File "", line 2, in destroy
2019-08-02 07:37:13.535 7 ERROR rally.cli.cliutils
File "/usr/lib/python2.7/site-packages/rally/cli/envutils.py", line 69, in default_from_global
2019-08-02 07:37:13.535 7 ERROR rally.cli.cliutils return f(*args, **kwargs)
2019-08-02 07:37:13.535 7 ERROR rally.cli.cliutils File "", line 2, in destroy
2019-08-02 07:37:13.535 7 ERROR rally.cli.cliutils
File "/usr/lib/python2.7/site-packages/rally/plugins/__init__.py", line 51, in ensure_plugins_are_loaded
2019-08-02 07:37:13.535 7 ERROR rally.cli.cliutils return f(*args, **kwargs)
2019-08-02 07:37:13.535 7 ERROR rally.cli.cliutils
File "/usr/lib/python2.7/site-packages/rally/cli/commands/deployment.py", line 140, in destroy
2019-08-02 07:37:13.535 7 ERROR rally.cli.cliutils api.deployment.destroy(deployment=deployment)
2019-08-02 07:37:13.535 7 ERROR rally.cli.cliutils
File "/usr/lib/python2.7/site-packages/rally/api.py", line 115, in destroy
2019-08-02 07:37:13.535 7 ERROR rally.cli.cliutils deploy = objects.Deployment.get(deployment)
2019-08-02 07:37:13.535 7 ERROR rally.cli.cliutils
File "/usr/lib/python2.7/site-packages/rally/common/objects/deploy.py", line 124, in get
2019-08-02 07:37:13.535 7 ERROR rally.cli.cliutils return Deployment(env_mgr.EnvManager.get(deploy))
2019-08-02 07:37:13.535 7 ERROR rally.cli.cliutils
File "/usr/lib/python2.7/site-packages/rally/env/env_mgr.py", line 212, in get
2019-08-02 07:37:13.535 7 ERROR rally.cli.cliutils return cls(db.env_get(uuid_or_name))
2019-08-02 07:37:13.535 7 ERROR rally.cli.cliutils
File "/usr/lib/python2.7/site-packages/rally/common/db/api.py", line 135, in wrapper
2019-08-02 07:37:13.535 7 ERROR rally.cli.cliutils result = f(session, *args, **kwargs)
2019-08-02 07:37:13.535 7 ERROR rally.cli.cliutils
File "/usr/lib/python2.7/site-packages/rally/common/db/api.py", line 521, in env_get
2019-08-02 07:37:13.535 7 ERROR rally.cli.cliutils criteria="uuid or name is %s" % uuid_or_name, table="envs")
2019-08-02 07:37:13.535 7 ERROR rally.cli.cliutils DBRecordNotFound: Record for uuid or name is opnfv-rally not found in table envs
2019-08-02 07:37:13.535 7 ERROR rally.cli.cliutils
2019-08-02 07:37:14.290 9 RALLYDEBUG rally.api [-] INFO logs from urllib3 and requests module are hide.
2019-08-02 07:37:14.291 9 RALLYDEBUG rally.api [-] urllib3 insecure warnings are hidden.
2019-08-02 07:37:14.291 9 RALLYDEBUG rally.api [-] ERROR log from boto module is hide.
2019-08-02 07:37:15.538 9 WARNING rally_openstack.platforms.existing [-] endpoint is deprecated and not used.
2019-08-02 07:37:16.386 11 RALLYDEBUG rally.api [-] INFO logs from urllib3 and requests module are hide.
2019-08-02 07:37:16.386 11 RALLYDEBUG rally.api [-] urllib3 insecure warnings are hidden.
2019-08-02 07:37:16.386 11 RALLYDEBUG rally.api [-] ERROR log from boto module is hide.
2019-08-02 07:37:19.636 14 RALLYDEBUG rally.api [-] INFO logs from urllib3 and requests module are hide.
2019-08-02 07:37:19.636 14 RALLYDEBUG rally.api [-] urllib3 insecure warnings are hidden.
2019-08-02 07:37:19.636 14 RALLYDEBUG rally.api [-] ERROR log from boto module is hide.
2019-08-02 07:37:20.988 16 RALLYDEBUG rally.api [-] INFO logs from urllib3 and requests module are hide.
2019-08-02 07:37:20.988 16 RALLYDEBUG rally.api [-] urllib3 insecure warnings are hidden.
2019-08-02 07:37:20.988 16 RALLYDEBUG rally.api [-] ERROR log from boto module is hide.
2019-08-02 07:37:22.320 16 INFO rally.task.engine [-] Task ae3a3321-aa73-4af5-a728-1980b5b14961 | Starting: Task validation.
2019-08-02 07:37:22.356 16 INFO rally.task.engine [-] Task ae3a3321-aa73-4af5-a728-1980b5b14961 | Starting: Task validation of syntax.
2019-08-02 07:37:22.440 16 INFO rally.task.engine [-] Task ae3a3321-aa73-4af5-a728-1980b5b14961 | Completed: Task validation of syntax.
2019-08-02 07:37:22.440 16 INFO rally.task.engine [-] Task ae3a3321-aa73-4af5-a728-1980b5b14961 | Starting: Task validation of required platforms.
2019-08-02 07:37:22.478 16 INFO rally.task.engine [-] Task ae3a3321-aa73-4af5-a728-1980b5b14961 | Completed: Task validation of required platforms.
2019-08-02 07:37:22.478 16 INFO rally.task.engine [-] Task ae3a3321-aa73-4af5-a728-1980b5b14961 | Starting: Task validation of semantic.
2019-08-02 07:37:22.479 16 INFO rally.task.engine [-] Check health of the environment '8f013ee6-d0a9-4be8-ada1-e91801c8ee21'.
2019-08-02 07:37:23.295 16 INFO rally.task.engine [-] Platform existing@openstack (available: True): OK!
2019-08-02 07:37:23.314 16 RALLYDEBUG rally_openstack.contexts.keystone.users [-] Creating 1 tenants using 20 threads
2019-08-02 07:37:24.963 16 RALLYDEBUG rally_openstack.contexts.keystone.users [-] Creating 1 users using 20 threads
2019-08-02 07:37:27.600 16 INFO rally.task.context [-] Task ae3a3321-aa73-4af5-a728-1980b5b14961 | Context users@openstack setup() finished in 4.29 sec
2019-08-02 07:37:27.647 16 INFO rally.task.context [-] Task ae3a3321-aa73-4af5-a728-1980b5b14961 | Context users@openstack cleanup() started
2019-08-02 07:37:32.081 16 INFO rally.task.context [-] Task ae3a3321-aa73-4af5-a728-1980b5b14961 | Context users@openstack cleanup() finished in 4.43 sec
2019-08-02 07:37:32.081 16 INFO rally.task.engine [-] Task ae3a3321-aa73-4af5-a728-1980b5b14961 | Completed: Task validation of semantic.
2019-08-02 07:37:32.081 16 INFO rally.task.engine [-] Task ae3a3321-aa73-4af5-a728-1980b5b14961 | Completed: Task validation.
2019-08-02 07:37:32.082 16 INFO rally.api [-] Task ae3a3321-aa73-4af5-a728-1980b5b14961 input file is valid.
2019-08-02 07:37:32.082 16 INFO rally.api [-] Run Task ae3a3321-aa73-4af5-a728-1980b5b14961 against Deployment 8f013ee6-d0a9-4be8-ada1-e91801c8ee21
2019-08-02 07:37:32.082 16 INFO rally.task.engine [-] Task ae3a3321-aa73-4af5-a728-1980b5b14961 | Starting: Running task.
2019-08-02 07:37:32.209 16 INFO rally.task.engine [-] Running workload: position = 0 config = { "version": 2, "title": "A cropped version of a bigger task.", "description": "Auto-generated task from a single workload (uuid=38e8c365-bf46-4de1-9f7f-df16b1d18730)", "subtasks": [ { "title": "Authenticate.keystone", "description": "Check Keystone Client.", "scenario": { "Authenticate.keystone": {} }, "contexts": { "users": { "tenants": 3, "users_per_tenant": 2 } }, "runner": { "constant": { "concurrency": 4, "times": 10 } }, "hooks": [], "sla": { "failure_rate": { "max": 0 } } } ] }
2019-08-02 07:37:32.227 16 RALLYDEBUG rally_openstack.contexts.keystone.users [-] Creating 3 tenants using 20 threads
2019-08-02 07:37:34.066 16 RALLYDEBUG rally_openstack.contexts.keystone.users [-] Creating 6 users using 20 threads
2019-08-02 07:37:36.798 16 INFO rally.task.context [-] Task ae3a3321-aa73-4af5-a728-1980b5b14961 | Context users@openstack setup() finished in 4.57 sec
2019-08-02 07:37:36.805 16 RALLYDEBUG rally.task.runner [-] Starting the constant runner (task UUID: ae3a3321-aa73-4af5-a728-1980b5b14961). timeout: 0 concurrency: 4 concurrency_per_worker: 1 times: 10 concurrency_overhead: 0 processes_to_start: 4 max_cpu_used: 16
2019-08-02 07:37:36.818 140 RALLYDEBUG rally.task.runner [-] Starting a worker. concurrency: 1 args: {} times: 10 method_name: run timeout: 0 duration: None cls:
2019-08-02 07:37:36.820 141 RALLYDEBUG rally.task.runner [-] Starting a worker. concurrency: 1 args: {} times: 10 method_name: run timeout: 0 duration: None cls:
2019-08-02 07:37:36.822 143 RALLYDEBUG rally.task.runner [-] Starting a worker. concurrency: 1 args: {} times: 10 method_name: run timeout: 0 duration: None cls:
2019-08-02 07:37:36.823 142 RALLYDEBUG rally.task.runner [-] Starting a worker. concurrency: 1 args: {} times: 10 method_name: run timeout: 0 duration: None cls:
2019-08-02 07:37:36.824 140 INFO rally.task.runner [-] Task ae3a3321-aa73-4af5-a728-1980b5b14961 | ITER: 1 START
2019-08-02 07:37:36.825 143 INFO rally.task.runner [-] Task ae3a3321-aa73-4af5-a728-1980b5b14961 | ITER: 3 START
2019-08-02 07:37:36.825 141 INFO rally.task.runner [-] Task ae3a3321-aa73-4af5-a728-1980b5b14961 | ITER: 2 START
2019-08-02 07:37:36.828 142 INFO rally.task.runner [-] Task ae3a3321-aa73-4af5-a728-1980b5b14961 | ITER: 4 START
2019-08-02 07:37:37.409 140 INFO rally.task.runner [-] Task ae3a3321-aa73-4af5-a728-1980b5b14961 | ITER: 1 END: OK
2019-08-02 07:37:37.411 141 INFO rally.task.runner [-] Task ae3a3321-aa73-4af5-a728-1980b5b14961 | ITER: 2 END: OK
2019-08-02 07:37:37.413 140 INFO rally.task.runner [-] Task ae3a3321-aa73-4af5-a728-1980b5b14961 | ITER: 5 START
2019-08-02 07:37:37.414 141 INFO rally.task.runner [-] Task ae3a3321-aa73-4af5-a728-1980b5b14961 | ITER: 6 START
2019-08-02 07:37:37.435 143 INFO rally.task.runner [-] Task ae3a3321-aa73-4af5-a728-1980b5b14961 | ITER: 3 END: OK
2019-08-02 07:37:37.437 142 INFO rally.task.runner [-] Task ae3a3321-aa73-4af5-a728-1980b5b14961 | ITER: 4 END: OK
2019-08-02 07:37:37.439 143 INFO rally.task.runner [-] Task ae3a3321-aa73-4af5-a728-1980b5b14961 | ITER: 7 START
2019-08-02 07:37:37.440 142 INFO rally.task.runner [-] Task ae3a3321-aa73-4af5-a728-1980b5b14961 | ITER: 8 START
2019-08-02 07:37:37.991 140 INFO rally.task.runner [-] Task ae3a3321-aa73-4af5-a728-1980b5b14961 | ITER: 5 END: OK
2019-08-02 07:37:37.995 140 INFO rally.task.runner [-] Task ae3a3321-aa73-4af5-a728-1980b5b14961 | ITER: 9 START
2019-08-02 07:37:37.997 142 INFO rally.task.runner [-] Task ae3a3321-aa73-4af5-a728-1980b5b14961 | ITER: 8 END: OK
2019-08-02 07:37:38.001 142 INFO rally.task.runner [-] Task ae3a3321-aa73-4af5-a728-1980b5b14961 | ITER: 10 START
2019-08-02 07:37:38.048 141 INFO rally.task.runner [-] Task ae3a3321-aa73-4af5-a728-1980b5b14961 | ITER: 6 END: OK
2019-08-02 07:37:38.055 143 INFO rally.task.runner [-] Task ae3a3321-aa73-4af5-a728-1980b5b14961 | ITER: 7 END: OK
2019-08-02 07:37:38.571 140 INFO rally.task.runner [-] Task ae3a3321-aa73-4af5-a728-1980b5b14961 | ITER: 9 END: OK
2019-08-02 07:37:38.590 142 INFO rally.task.runner [-] Task ae3a3321-aa73-4af5-a728-1980b5b14961 | ITER: 10 END: OK
2019-08-02 07:37:38.619 16 INFO rally.task.context [-] Task ae3a3321-aa73-4af5-a728-1980b5b14961 | Context users@openstack cleanup() started
2019-08-02 07:37:45.306 16 INFO rally.task.context [-] Task ae3a3321-aa73-4af5-a728-1980b5b14961 | Context users@openstack cleanup() finished in 6.69 sec
2019-08-02 07:37:46.300 16 INFO rally.task.engine [-] Load duration is: 1.764011
2019-08-02 07:37:46.300 16 INFO rally.task.engine [-] Full runner duration is: 1.813734
2019-08-02 07:37:46.301 16 INFO rally.task.engine [-] Full duration is: 13.080001
2019-08-02 07:37:46.502 16 INFO rally.task.engine [-] Running workload: position = 0 config = { "version": 2, "title": "A cropped version of a bigger task.", "description": "Auto-generated task from a single workload (uuid=dc9da0a6-a047-4776-90b6-367758623523)", "subtasks": [ { "title": "Authenticate.validate_cinder", "description": "Check Cinder Client to ensure validation of token.", "scenario": { "Authenticate.validate_cinder": { "repetitions": 2 } }, "contexts": { "users": { "tenants": 3, "users_per_tenant": 2 } }, "runner": { "constant": { "concurrency": 4, "times": 10 } }, "hooks": [], "sla": { "failure_rate": { "max": 0 } } } ] }
2019-08-02 07:37:46.521 16 RALLYDEBUG rally_openstack.contexts.keystone.users [-] Creating 3 tenants using 20 threads
2019-08-02 07:37:48.376 16 RALLYDEBUG rally_openstack.contexts.keystone.users [-] Creating 6 users using 20 threads
2019-08-02 07:37:51.080 16 INFO rally.task.context [-] Task ae3a3321-aa73-4af5-a728-1980b5b14961 | Context users@openstack setup() finished in 4.56 sec
2019-08-02 07:37:51.087 16 RALLYDEBUG rally.task.runner [-] Starting the constant runner (task UUID: ae3a3321-aa73-4af5-a728-1980b5b14961). timeout: 0 concurrency: 4 concurrency_per_worker: 1 times: 10 concurrency_overhead: 0 processes_to_start: 4 max_cpu_used: 16
2019-08-02 07:37:51.099 244 RALLYDEBUG rally.task.runner [-] Starting a worker. concurrency: 1 args: {"repetitions": 2} times: 10 method_name: run timeout: 0 duration: None cls:
2019-08-02 07:37:51.102 245 RALLYDEBUG rally.task.runner [-] Starting a worker. concurrency: 1 args: {"repetitions": 2} times: 10 method_name: run timeout: 0 duration: None cls:
2019-08-02 07:37:51.103 246 RALLYDEBUG rally.task.runner [-] Starting a worker. concurrency: 1 args: {"repetitions": 2} times: 10 method_name: run timeout: 0 duration: None cls:
2019-08-02 07:37:51.104 244 INFO rally.task.runner [-] Task ae3a3321-aa73-4af5-a728-1980b5b14961 | ITER: 1 START
2019-08-02 07:37:51.107 247 RALLYDEBUG rally.task.runner [-] Starting a worker. concurrency: 1 args: {"repetitions": 2} times: 10 method_name: run timeout: 0 duration: None cls:
2019-08-02 07:37:51.108 246 INFO rally.task.runner [-] Task ae3a3321-aa73-4af5-a728-1980b5b14961 | ITER: 3 START
2019-08-02 07:37:51.109 245 INFO rally.task.runner [-] Task ae3a3321-aa73-4af5-a728-1980b5b14961 | ITER: 2 START
2019-08-02 07:37:51.113 247 INFO rally.task.runner [-] Task ae3a3321-aa73-4af5-a728-1980b5b14961 | ITER: 4 START
2019-08-02 07:37:52.970 244 INFO rally.task.runner [-] Task ae3a3321-aa73-4af5-a728-1980b5b14961 | ITER: 1 END: OK
2019-08-02 07:37:52.973 244 INFO rally.task.runner [-] Task ae3a3321-aa73-4af5-a728-1980b5b14961 | ITER: 5 START
2019-08-02 07:37:52.977 246 INFO rally.task.runner [-] Task ae3a3321-aa73-4af5-a728-1980b5b14961 | ITER: 3 END: OK
2019-08-02 07:37:52.981 246 INFO rally.task.runner [-] Task ae3a3321-aa73-4af5-a728-1980b5b14961 | ITER: 6 START
2019-08-02 07:37:53.003 247 INFO rally.task.runner [-] Task ae3a3321-aa73-4af5-a728-1980b5b14961 | ITER: 4 END: OK
2019-08-02 07:37:53.006 247 INFO rally.task.runner [-] Task ae3a3321-aa73-4af5-a728-1980b5b14961 | ITER: 7 START
2019-08-02 07:37:53.015 245 INFO rally.task.runner [-] Task ae3a3321-aa73-4af5-a728-1980b5b14961 | ITER: 2 END: OK
2019-08-02 07:37:53.019 245 INFO rally.task.runner [-] Task ae3a3321-aa73-4af5-a728-1980b5b14961 | ITER: 8 START
2019-08-02 07:37:53.819 246 INFO rally.task.runner [-] Task ae3a3321-aa73-4af5-a728-1980b5b14961 | ITER: 6 END: OK
2019-08-02 07:37:53.823 246 INFO rally.task.runner [-] Task ae3a3321-aa73-4af5-a728-1980b5b14961 | ITER: 9 START
2019-08-02 07:37:55.684 244 INFO rally.task.runner [-] Task ae3a3321-aa73-4af5-a728-1980b5b14961 | ITER: 5 END: OK
2019-08-02 07:37:55.688 244 INFO rally.task.runner [-] Task ae3a3321-aa73-4af5-a728-1980b5b14961 | ITER: 10 START
2019-08-02 07:37:56.235 246 INFO rally.task.runner [-] Task ae3a3321-aa73-4af5-a728-1980b5b14961 | ITER: 9 END: OK
2019-08-02 07:37:56.448 245 INFO rally.task.runner [-] Task ae3a3321-aa73-4af5-a728-1980b5b14961 | ITER: 8 END: OK
2019-08-02 07:37:56.847 247 INFO rally.task.runner [-] Task ae3a3321-aa73-4af5-a728-1980b5b14961 | ITER: 7 END: OK
2019-08-02 07:37:57.143 244 INFO rally.task.runner [-] Task ae3a3321-aa73-4af5-a728-1980b5b14961 | ITER: 10 END: OK
2019-08-02 07:37:57.167 16 INFO rally.task.context [-] Task ae3a3321-aa73-4af5-a728-1980b5b14961 | Context users@openstack cleanup() started
2019-08-02 07:38:04.093 16 INFO rally.task.context [-] Task ae3a3321-aa73-4af5-a728-1980b5b14961 | Context users@openstack cleanup() finished in 6.93 sec
2019-08-02 07:38:04.644 16 INFO rally.task.engine [-] Load duration is: 6.037652
2019-08-02 07:38:04.644 16 INFO rally.task.engine [-] Full runner duration is: 6.079954
2019-08-02 07:38:04.645 16 INFO rally.task.engine [-] Full duration is: 17.573843
2019-08-02 07:38:04.861 16 INFO rally.task.engine [-] Running workload: position = 0 config = { "version": 2, "title": "A cropped version of a bigger task.", "description": "Auto-generated task from a single workload (uuid=f27f07e2-ebb1-4f84-a06e-c77048a2a389)", "subtasks": [ { "title": "Authenticate.validate_glance", "description": "Check Glance Client to ensure validation of token.", "scenario": { "Authenticate.validate_glance": { "repetitions": 2 } }, "contexts": { "users": { "tenants": 3, "users_per_tenant": 2 } }, "runner": { "constant": { "concurrency": 4, "times": 10 } }, "hooks": [], "sla": { "failure_rate": { "max": 0 } } } ] }
2019-08-02 07:38:04.883 16 RALLYDEBUG rally_openstack.contexts.keystone.users [-] Creating 3 tenants using 20 threads
2019-08-02 07:38:06.631 16 RALLYDEBUG rally_openstack.contexts.keystone.users [-] Creating 6 users using 20 threads
2019-08-02 07:38:09.510 16 INFO rally.task.context [-] Task ae3a3321-aa73-4af5-a728-1980b5b14961 | Context users@openstack setup() finished in 4.63 sec
2019-08-02 07:38:09.517 16 RALLYDEBUG rally.task.runner [-] Starting the constant runner (task UUID: ae3a3321-aa73-4af5-a728-1980b5b14961). timeout: 0 concurrency: 4 concurrency_per_worker: 1 times: 10 concurrency_overhead: 0 processes_to_start: 4 max_cpu_used: 16
2019-08-02 07:38:09.529 348 RALLYDEBUG rally.task.runner [-] Starting a worker. concurrency: 1 args: {"repetitions": 2} times: 10 method_name: run timeout: 0 duration: None cls:
2019-08-02 07:38:09.532 349 RALLYDEBUG rally.task.runner [-] Starting a worker. concurrency: 1 args: {"repetitions": 2} times: 10 method_name: run timeout: 0 duration: None cls:
2019-08-02 07:38:09.534 350 RALLYDEBUG rally.task.runner [-] Starting a worker. concurrency: 1 args: {"repetitions": 2} times: 10 method_name: run timeout: 0 duration: None cls:
2019-08-02 07:38:09.535 348 INFO rally.task.runner [-] Task ae3a3321-aa73-4af5-a728-1980b5b14961 | ITER: 1 START
2019-08-02 07:38:09.538 349 INFO rally.task.runner [-] Task ae3a3321-aa73-4af5-a728-1980b5b14961 | ITER: 2 START
2019-08-02 07:38:09.538 351 RALLYDEBUG rally.task.runner [-] Starting a worker. concurrency: 1 args: {"repetitions": 2} times: 10 method_name: run timeout: 0 duration: None cls:
2019-08-02 07:38:09.539 350 INFO rally.task.runner [-] Task ae3a3321-aa73-4af5-a728-1980b5b14961 | ITER: 3 START
2019-08-02 07:38:09.544 351 INFO rally.task.runner [-] Task ae3a3321-aa73-4af5-a728-1980b5b14961 | ITER: 4 START
2019-08-02 07:38:10.338 349 INFO rally.task.runner [-] Task ae3a3321-aa73-4af5-a728-1980b5b14961 | ITER: 2 END: OK
2019-08-02 07:38:10.341 351 INFO rally.task.runner [-] Task ae3a3321-aa73-4af5-a728-1980b5b14961 | ITER: 4 END: OK
2019-08-02 07:38:10.341 349 INFO rally.task.runner [-] Task ae3a3321-aa73-4af5-a728-1980b5b14961 | ITER: 5 START
2019-08-02 07:38:10.345 351 INFO rally.task.runner [-] Task ae3a3321-aa73-4af5-a728-1980b5b14961 | ITER: 6 START
2019-08-02 07:38:10.394 348 INFO rally.task.runner [-] Task ae3a3321-aa73-4af5-a728-1980b5b14961 | ITER: 1 END: OK
2019-08-02 07:38:10.398 348 INFO rally.task.runner [-] Task ae3a3321-aa73-4af5-a728-1980b5b14961 | ITER: 7 START
2019-08-02 07:38:10.403 350 INFO rally.task.runner [-] Task ae3a3321-aa73-4af5-a728-1980b5b14961 | ITER: 3 END: OK
2019-08-02 07:38:10.408 350 INFO rally.task.runner [-] Task ae3a3321-aa73-4af5-a728-1980b5b14961 | ITER: 8 START
2019-08-02 07:38:11.095 350 INFO rally.task.runner [-] Task ae3a3321-aa73-4af5-a728-1980b5b14961 | ITER: 8 END: OK
2019-08-02 07:38:11.099 350 INFO rally.task.runner [-] Task ae3a3321-aa73-4af5-a728-1980b5b14961 | ITER: 9 START
2019-08-02 07:38:11.297 349 INFO rally.task.runner [-] Task ae3a3321-aa73-4af5-a728-1980b5b14961 | ITER: 5 END: OK
2019-08-02 07:38:11.301 349 INFO rally.task.runner [-] Task ae3a3321-aa73-4af5-a728-1980b5b14961 | ITER: 10 START
2019-08-02 07:38:11.318 351 INFO rally.task.runner [-] Task ae3a3321-aa73-4af5-a728-1980b5b14961 | ITER: 6 END: OK
2019-08-02 07:38:11.320 348 INFO rally.task.runner [-] Task ae3a3321-aa73-4af5-a728-1980b5b14961 | ITER: 7 END: OK
2019-08-02 07:38:11.951 350 INFO rally.task.runner [-] Task ae3a3321-aa73-4af5-a728-1980b5b14961 | ITER: 9 END: OK
2019-08-02 07:38:12.088 349 INFO rally.task.runner [-] Task ae3a3321-aa73-4af5-a728-1980b5b14961 | ITER: 10 END: OK
2019-08-02 07:38:12.118 16 INFO rally.task.context [-] Task ae3a3321-aa73-4af5-a728-1980b5b14961 | Context users@openstack cleanup() started
2019-08-02 07:38:18.931 16 INFO rally.task.context [-] Task ae3a3321-aa73-4af5-a728-1980b5b14961 | Context users@openstack cleanup() finished in 6.81 sec
2019-08-02 07:38:18.986 16 INFO rally.task.engine [-] Load duration is: 2.550879
2019-08-02 07:38:18.986 16 INFO rally.task.engine [-] Full runner duration is: 2.60116
2019-08-02 07:38:18.987 16 INFO rally.task.engine [-] Full duration is: 14.049767
2019-08-02 07:38:19.203 16 INFO rally.task.engine [-] Running workload: position = 0 config = { "version": 2, "title": "A cropped version of a bigger task.", "description": "Auto-generated task from a single workload (uuid=2387b1dc-0ec0-4ac5-a04f-c98b79b7bef9)", "subtasks": [ { "title": "Authenticate.validate_heat", "description": "Check Heat Client to ensure validation of token.", "scenario": { "Authenticate.validate_heat": { "repetitions": 2 } }, "contexts": { "users": { "tenants": 3, "users_per_tenant": 2 } }, "runner": { "constant": { "concurrency": 4, "times": 10 } }, "hooks": [], "sla": { "failure_rate": { "max": 0 } } } ] }
2019-08-02 07:38:19.224 16 RALLYDEBUG rally_openstack.contexts.keystone.users [-] Creating 3 tenants using 20 threads
2019-08-02 07:38:21.112 16 RALLYDEBUG rally_openstack.contexts.keystone.users [-] Creating 6 users using 20 threads
2019-08-02 07:38:23.796 16 INFO rally.task.context [-] Task ae3a3321-aa73-4af5-a728-1980b5b14961 | Context users@openstack setup() finished in 4.57 sec
2019-08-02 07:38:23.803 16 RALLYDEBUG rally.task.runner [-] Starting the constant runner (task UUID: ae3a3321-aa73-4af5-a728-1980b5b14961). timeout: 0 concurrency: 4 concurrency_per_worker: 1 times: 10 concurrency_overhead: 0 processes_to_start: 4 max_cpu_used: 16
2019-08-02 07:38:23.815 452 RALLYDEBUG rally.task.runner [-] Starting a worker. concurrency: 1 args: {"repetitions": 2} times: 10 method_name: run timeout: 0 duration: None cls:
2019-08-02 07:38:23.817 453 RALLYDEBUG rally.task.runner [-] Starting a worker. concurrency: 1 args: {"repetitions": 2} times: 10 method_name: run timeout: 0 duration: None cls:
2019-08-02 07:38:23.821 452 INFO rally.task.runner [-] Task ae3a3321-aa73-4af5-a728-1980b5b14961 | ITER: 1 START
2019-08-02 07:38:23.820 454 RALLYDEBUG rally.task.runner [-] Starting a worker. concurrency: 1 args: {"repetitions": 2} times: 10 method_name: run timeout: 0 duration: None cls:
2019-08-02 07:38:23.822 453 INFO rally.task.runner [-] Task ae3a3321-aa73-4af5-a728-1980b5b14961 | ITER: 2 START
2019-08-02 07:38:23.823 455 RALLYDEBUG rally.task.runner [-] Starting a worker. concurrency: 1 args: {"repetitions": 2} times: 10 method_name: run timeout: 0 duration: None cls:
2019-08-02 07:38:23.826 454 INFO rally.task.runner [-] Task ae3a3321-aa73-4af5-a728-1980b5b14961 | ITER: 3 START
2019-08-02 07:38:23.830 455 INFO rally.task.runner [-] Task ae3a3321-aa73-4af5-a728-1980b5b14961 | ITER: 4 START
2019-08-02 07:38:25.739 454 INFO rally.task.runner [-] Task ae3a3321-aa73-4af5-a728-1980b5b14961 | ITER: 3 END: OK
2019-08-02 07:38:25.742 455 INFO rally.task.runner [-] Task ae3a3321-aa73-4af5-a728-1980b5b14961 | ITER: 4 END: OK
2019-08-02 07:38:25.744 454 INFO rally.task.runner [-] Task ae3a3321-aa73-4af5-a728-1980b5b14961 | ITER: 5 START
2019-08-02 07:38:25.747 455 INFO rally.task.runner [-] Task ae3a3321-aa73-4af5-a728-1980b5b14961 | ITER: 6 START
2019-08-02 07:38:25.751 452 INFO rally.task.runner [-] Task ae3a3321-aa73-4af5-a728-1980b5b14961 | ITER: 1 END: OK
2019-08-02 07:38:25.754 453 INFO rally.task.runner [-] Task ae3a3321-aa73-4af5-a728-1980b5b14961 | ITER: 2 END: OK
2019-08-02 07:38:25.754 452 INFO rally.task.runner [-] Task ae3a3321-aa73-4af5-a728-1980b5b14961 | ITER: 7 START
2019-08-02 07:38:25.757 453 INFO rally.task.runner [-] Task ae3a3321-aa73-4af5-a728-1980b5b14961 | ITER: 8 START
2019-08-02 07:38:26.718 455 INFO rally.task.runner [-] Task ae3a3321-aa73-4af5-a728-1980b5b14961 | ITER: 6 END: OK
2019-08-02 07:38:26.721 455 INFO rally.task.runner [-] Task ae3a3321-aa73-4af5-a728-1980b5b14961 | ITER: 9 START
2019-08-02 07:38:27.050 453 INFO rally.task.runner [-] Task ae3a3321-aa73-4af5-a728-1980b5b14961 | ITER: 8 END: OK
2019-08-02 07:38:27.054 453 INFO rally.task.runner [-] Task ae3a3321-aa73-4af5-a728-1980b5b14961 | ITER: 10 START
2019-08-02 07:38:27.088 454 INFO rally.task.runner [-] Task ae3a3321-aa73-4af5-a728-1980b5b14961 | ITER: 5 END: OK
2019-08-02 07:38:27.199 452 INFO rally.task.runner [-] Task ae3a3321-aa73-4af5-a728-1980b5b14961 | ITER: 7 END: OK
2019-08-02 07:38:27.926 453 INFO rally.task.runner [-] Task ae3a3321-aa73-4af5-a728-1980b5b14961 | ITER: 10 END: OK
2019-08-02 07:38:28.064 455 INFO rally.task.runner [-] Task ae3a3321-aa73-4af5-a728-1980b5b14961 | ITER: 9 END: OK
2019-08-02 07:38:28.089 16 INFO rally.task.context [-] Task ae3a3321-aa73-4af5-a728-1980b5b14961 | Context users@openstack cleanup() started
2019-08-02 07:38:34.789 16 INFO rally.task.context [-] Task ae3a3321-aa73-4af5-a728-1980b5b14961 | Context users@openstack cleanup() finished in 6.70 sec
2019-08-02 07:38:35.319 16 INFO rally.task.engine [-] Load duration is: 4.242333
2019-08-02 07:38:35.319 16 INFO rally.task.engine [-] Full runner duration is: 4.286067
2019-08-02 07:38:35.320 16 INFO rally.task.engine [-] Full duration is: 15.567282
2019-08-02 07:38:35.528 16 INFO rally.task.engine [-] Running workload: position = 0 config = { "version": 2, "title": "A cropped version of a bigger task.", "description": "Auto-generated task from a single workload (uuid=5a5e3005-ae5a-47e4-9895-2f8194a38253)", "subtasks": [ { "title": "Authenticate.validate_neutron", "description": "Check Neutron Client to ensure validation of token.", "scenario": { "Authenticate.validate_neutron": { "repetitions": 2 } }, "contexts": { "users": { "tenants": 3, "users_per_tenant": 2 } }, "runner": { "constant": { "concurrency": 4, "times": 10 } }, "hooks": [], "sla": { "failure_rate": { "max": 0 } } } ] }
2019-08-02 07:38:35.549 16 RALLYDEBUG rally_openstack.contexts.keystone.users [-] Creating 3 tenants using 20 threads
2019-08-02 07:38:37.336 16 RALLYDEBUG rally_openstack.contexts.keystone.users [-] Creating 6 users using 20 threads
2019-08-02 07:38:39.948 16 INFO rally.task.context [-] Task ae3a3321-aa73-4af5-a728-1980b5b14961 | Context users@openstack setup() finished in 4.40 sec
2019-08-02 07:38:39.956 16 RALLYDEBUG rally.task.runner [-] Starting the constant runner (task UUID: ae3a3321-aa73-4af5-a728-1980b5b14961). timeout: 0 concurrency: 4 concurrency_per_worker: 1 times: 10 concurrency_overhead: 0 processes_to_start: 4 max_cpu_used: 16
2019-08-02 07:38:39.969 556 RALLYDEBUG rally.task.runner [-] Starting a worker. concurrency: 1 args: {"repetitions": 2} times: 10 method_name: run timeout: 0 duration: None cls:
2019-08-02 07:38:39.972 557 RALLYDEBUG rally.task.runner [-] Starting a worker. concurrency: 1 args: {"repetitions": 2} times: 10 method_name: run timeout: 0 duration: None cls:
2019-08-02 07:38:39.974 558 RALLYDEBUG rally.task.runner [-] Starting a worker. concurrency: 1 args: {"repetitions": 2} times: 10 method_name: run timeout: 0 duration: None cls:
2019-08-02 07:38:39.975 556 INFO rally.task.runner [-] Task ae3a3321-aa73-4af5-a728-1980b5b14961 | ITER: 1 START
2019-08-02 07:38:39.976 559 RALLYDEBUG rally.task.runner [-] Starting a worker. concurrency: 1 args: {"repetitions": 2} times: 10 method_name: run timeout: 0 duration: None cls:
2019-08-02 07:38:39.978 557 INFO rally.task.runner [-] Task ae3a3321-aa73-4af5-a728-1980b5b14961 | ITER: 2 START
2019-08-02 07:38:39.979 558 INFO rally.task.runner [-] Task ae3a3321-aa73-4af5-a728-1980b5b14961 | ITER: 3 START
2019-08-02 07:38:39.982 559 INFO rally.task.runner [-] Task ae3a3321-aa73-4af5-a728-1980b5b14961 | ITER: 4 START
2019-08-02 07:38:41.185 558 INFO rally.task.runner [-] Task ae3a3321-aa73-4af5-a728-1980b5b14961 | ITER: 3 END: OK
2019-08-02 07:38:41.189 558 INFO rally.task.runner [-] Task ae3a3321-aa73-4af5-a728-1980b5b14961 | ITER: 5 START
2019-08-02 07:38:41.453 557 INFO rally.task.runner [-] Task ae3a3321-aa73-4af5-a728-1980b5b14961 | ITER: 2 END: OK
2019-08-02 07:38:41.459 557 INFO rally.task.runner [-] Task ae3a3321-aa73-4af5-a728-1980b5b14961 | ITER: 6 START
2019-08-02 07:38:41.463 559 INFO rally.task.runner [-] Task ae3a3321-aa73-4af5-a728-1980b5b14961 | ITER: 4 END: OK
2019-08-02 07:38:41.467 559 INFO rally.task.runner [-] Task ae3a3321-aa73-4af5-a728-1980b5b14961 | ITER: 7 START
2019-08-02 07:38:41.486 556 INFO rally.task.runner [-] Task ae3a3321-aa73-4af5-a728-1980b5b14961 | ITER: 1 END: OK
2019-08-02 07:38:41.491 556 INFO rally.task.runner [-] Task ae3a3321-aa73-4af5-a728-1980b5b14961 | ITER: 8 START
2019-08-02 07:38:42.121 558 INFO rally.task.runner [-] Task ae3a3321-aa73-4af5-a728-1980b5b14961 | ITER: 5 END: OK
2019-08-02 07:38:42.125 558 INFO rally.task.runner [-] Task ae3a3321-aa73-4af5-a728-1980b5b14961 | ITER: 9 START
2019-08-02 07:38:42.332 559 INFO rally.task.runner [-] Task ae3a3321-aa73-4af5-a728-1980b5b14961 | ITER: 7 END: OK
2019-08-02 07:38:42.337 559 INFO rally.task.runner [-] Task ae3a3321-aa73-4af5-a728-1980b5b14961 | ITER: 10 START
2019-08-02 07:38:42.360 557 INFO rally.task.runner [-] Task ae3a3321-aa73-4af5-a728-1980b5b14961 | ITER: 6 END: OK
2019-08-02 07:38:42.422 556 INFO rally.task.runner [-] Task ae3a3321-aa73-4af5-a728-1980b5b14961 | ITER: 8 END: OK
2019-08-02 07:38:42.921 558 INFO rally.task.runner [-] Task ae3a3321-aa73-4af5-a728-1980b5b14961 | ITER: 9 END: OK
2019-08-02 07:38:43.136 559 INFO rally.task.runner [-] Task ae3a3321-aa73-4af5-a728-1980b5b14961 | ITER: 10 END: OK
2019-08-02 07:38:43.167 16 INFO rally.task.context [-] Task ae3a3321-aa73-4af5-a728-1980b5b14961 | Context users@openstack cleanup() started
2019-08-02 07:38:49.871 16 INFO rally.task.context [-] Task ae3a3321-aa73-4af5-a728-1980b5b14961 | Context users@openstack cleanup() finished in 6.70 sec
2019-08-02 07:38:51.638 16 INFO rally.task.engine [-] Load duration is: 3.15962
2019-08-02 07:38:51.638 16 INFO rally.task.engine [-] Full runner duration is: 3.211776
2019-08-02 07:38:51.639 16 INFO rally.task.engine [-] Full duration is: 14.325494
2019-08-02 07:38:51.855 16 INFO rally.task.engine [-] Running workload: position = 0 config = { "version": 2, "title": "A cropped version of a bigger task.", "description": "Auto-generated task from a single workload (uuid=32af91ca-aaa4-4bd1-9b9f-d68e95ee42b6)", "subtasks": [ { "title": "Authenticate.validate_nova", "description": "Check Nova Client to ensure validation of token.", "scenario": { "Authenticate.validate_nova": { "repetitions": 2 } }, "contexts": { "users": { "tenants": 3, "users_per_tenant": 2 } }, "runner": { "constant": { "concurrency": 4, "times": 10 } }, "hooks": [], "sla": { "failure_rate": { "max": 0 } } } ] }
2019-08-02 07:38:51.877 16 RALLYDEBUG rally_openstack.contexts.keystone.users [-] Creating 3 tenants using 20 threads
2019-08-02 07:38:53.661 16 RALLYDEBUG rally_openstack.contexts.keystone.users [-] Creating 6 users using 20 threads
2019-08-02 07:38:56.298 16 INFO rally.task.context [-] Task ae3a3321-aa73-4af5-a728-1980b5b14961 | Context users@openstack setup() finished in 4.42 sec
2019-08-02 07:38:56.306 16 RALLYDEBUG rally.task.runner [-] Starting the constant runner (task UUID: ae3a3321-aa73-4af5-a728-1980b5b14961). timeout: 0 concurrency: 4 concurrency_per_worker: 1 times: 10 concurrency_overhead: 0 processes_to_start: 4 max_cpu_used: 16
2019-08-02 07:38:56.317 660 RALLYDEBUG rally.task.runner [-] Starting a worker. concurrency: 1 args: {"repetitions": 2} times: 10 method_name: run timeout: 0 duration: None cls:
2019-08-02 07:38:56.319 661 RALLYDEBUG rally.task.runner [-] Starting a worker. concurrency: 1 args: {"repetitions": 2} times: 10 method_name: run timeout: 0 duration: None cls:
2019-08-02 07:38:56.323 662 RALLYDEBUG rally.task.runner [-] Starting a worker. concurrency: 1 args: {"repetitions": 2} times: 10 method_name: run timeout: 0 duration: None cls:
2019-08-02 07:38:56.324 661 INFO rally.task.runner [-] Task ae3a3321-aa73-4af5-a728-1980b5b14961 | ITER: 2 START
2019-08-02 07:38:56.324 660 INFO rally.task.runner [-] Task ae3a3321-aa73-4af5-a728-1980b5b14961 | ITER: 1 START
2019-08-02 07:38:56.325 663 RALLYDEBUG rally.task.runner [-] Starting a worker. concurrency: 1 args: {"repetitions": 2} times: 10 method_name: run timeout: 0 duration: None cls:
2019-08-02 07:38:56.329 662 INFO rally.task.runner [-] Task ae3a3321-aa73-4af5-a728-1980b5b14961 | ITER: 3 START
2019-08-02 07:38:56.331 663 INFO rally.task.runner [-] Task ae3a3321-aa73-4af5-a728-1980b5b14961 | ITER: 4 START
2019-08-02 07:38:56.809 662 DEBUG novaclient.v2.client [-] REQ: curl -g -i -X GET http://172.30.9.22:8774/v2.1/flavors/detail -H "Accept: application/json" -H "User-Agent: python-novaclient" -H "X-Auth-Token: {SHA1}5ab159ace7ad8f31409f4c9b535bb80788743385" _http_log_request /usr/lib/python2.7/site-packages/keystoneauth1/session.py:448
2019-08-02 07:38:56.812 663 DEBUG novaclient.v2.client [-] REQ: curl -g -i -X GET http://172.30.9.22:8774/v2.1/flavors/detail -H "Accept: application/json" -H "User-Agent: python-novaclient" -H "X-Auth-Token: {SHA1}82d02815fefb26596a149c021f89517181ffa5e0" _http_log_request /usr/lib/python2.7/site-packages/keystoneauth1/session.py:448
2019-08-02 07:38:56.823 660 DEBUG novaclient.v2.client [-] REQ: curl -g -i -X GET http://172.30.9.22:8774/v2.1/flavors/detail -H "Accept: application/json" -H "User-Agent: python-novaclient" -H "X-Auth-Token: {SHA1}046274de5f859c467075ad86a737c4b776ac6441" _http_log_request /usr/lib/python2.7/site-packages/keystoneauth1/session.py:448
2019-08-02 07:38:56.829 661 DEBUG novaclient.v2.client [-] REQ: curl -g -i -X GET http://172.30.9.22:8774/v2.1/flavors/detail -H "Accept: application/json" -H "User-Agent: python-novaclient" -H "X-Auth-Token: {SHA1}cf8a0933fc975d050ea85c8008be528e5d24d468" _http_log_request /usr/lib/python2.7/site-packages/keystoneauth1/session.py:448
2019-08-02 07:38:57.087 663 DEBUG novaclient.v2.client [-] RESP: [200] Content-Encoding: gzip Content-Length: 362 Content-Type: application/json Date: Fri, 02 Aug 2019 07:38:56 GMT OpenStack-API-Version: compute 2.1 Server: Apache Vary: OpenStack-API-Version,X-OpenStack-Nova-API-Version,Accept-Encoding X-OpenStack-Nova-API-Version: 2.1 x-compute-request-id: req-9c3319eb-170f-4d62-9eae-f7ecded23bc5 x-openstack-request-id: req-9c3319eb-170f-4d62-9eae-f7ecded23bc5 _http_log_response /usr/lib/python2.7/site-packages/keystoneauth1/session.py:479
2019-08-02 07:38:57.088 663 DEBUG novaclient.v2.client [-] RESP BODY: {"flavors": [{"name": "rally_full-flavor_e7542da9-ae70-4702-b41e-9f0edaccc0aa", "links": [{"href": "http://172.30.9.22:8774/v2.1/flavors/26cae1ba-b230-4234-91b5-3d5eaa9df710", "rel": "self"}, {"href": "http://172.30.9.22:8774/flavors/26cae1ba-b230-4234-91b5-3d5eaa9df710", "rel": "bookmark"}], "ram": 512, "OS-FLV-DISABLED:disabled": false, "vcpus": 1, "swap": "", "os-flavor-access:is_public": true, "rxtx_factor": 1.0, "OS-FLV-EXT-DATA:ephemeral": 0, "disk": 1, "id": "26cae1ba-b230-4234-91b5-3d5eaa9df710"}, {"name": "rally_full-flavor_alt_e7542da9-ae70-4702-b41e-9f0edaccc0aa", "links": [{"href": "http://172.30.9.22:8774/v2.1/flavors/50d768d2-a3df-4347-b052-a4fbfa3d96f1", "rel": "self"}, {"href": "http://172.30.9.22:8774/flavors/50d768d2-a3df-4347-b052-a4fbfa3d96f1", "rel": "bookmark"}], "ram": 1024, "OS-FLV-DISABLED:disabled": false, "vcpus": 1, "swap": "", "os-flavor-access:is_public": true, "rxtx_factor": 1.0, "OS-FLV-EXT-DATA:ephemeral": 0, "disk": 1, "id": "50d768d2-a3df-4347-b052-a4fbfa3d96f1"}]} _http_log_response /usr/lib/python2.7/site-packages/keystoneauth1/session.py:511
2019-08-02 07:38:57.088 663 DEBUG novaclient.v2.client [-] GET call to compute for http://172.30.9.22:8774/v2.1/flavors/detail used request id req-9c3319eb-170f-4d62-9eae-f7ecded23bc5 request /usr/lib/python2.7/site-packages/keystoneauth1/session.py:844
2019-08-02 07:38:57.090 663 DEBUG novaclient.v2.client [-] REQ: curl -g -i -X GET http://172.30.9.22:8774/v2.1/flavors/detail -H "Accept: application/json" -H "User-Agent: python-novaclient" -H "X-Auth-Token: {SHA1}82d02815fefb26596a149c021f89517181ffa5e0" _http_log_request /usr/lib/python2.7/site-packages/keystoneauth1/session.py:448
2019-08-02 07:38:57.099 662 DEBUG novaclient.v2.client [-] RESP: [200] Content-Encoding: gzip Content-Length: 362 Content-Type: application/json Date: Fri, 02 Aug 2019 07:38:56 GMT OpenStack-API-Version: compute 2.1 Server: Apache Vary: OpenStack-API-Version,X-OpenStack-Nova-API-Version,Accept-Encoding X-OpenStack-Nova-API-Version: 2.1 x-compute-request-id: req-4edae3e0-6f9b-45e1-9b25-c6cbc31cd30c x-openstack-request-id: req-4edae3e0-6f9b-45e1-9b25-c6cbc31cd30c _http_log_response /usr/lib/python2.7/site-packages/keystoneauth1/session.py:479
2019-08-02 07:38:57.100 662 DEBUG novaclient.v2.client [-] RESP BODY: {"flavors": [{"name": "rally_full-flavor_e7542da9-ae70-4702-b41e-9f0edaccc0aa", "links": [{"href": "http://172.30.9.22:8774/v2.1/flavors/26cae1ba-b230-4234-91b5-3d5eaa9df710", "rel": "self"}, {"href": "http://172.30.9.22:8774/flavors/26cae1ba-b230-4234-91b5-3d5eaa9df710", "rel": "bookmark"}], "ram": 512, "OS-FLV-DISABLED:disabled": false, "vcpus": 1, "swap": "", "os-flavor-access:is_public": true, "rxtx_factor": 1.0, "OS-FLV-EXT-DATA:ephemeral": 0, "disk": 1, "id": "26cae1ba-b230-4234-91b5-3d5eaa9df710"}, {"name": "rally_full-flavor_alt_e7542da9-ae70-4702-b41e-9f0edaccc0aa", "links": [{"href": "http://172.30.9.22:8774/v2.1/flavors/50d768d2-a3df-4347-b052-a4fbfa3d96f1", "rel": "self"}, {"href": "http://172.30.9.22:8774/flavors/50d768d2-a3df-4347-b052-a4fbfa3d96f1", "rel": "bookmark"}], "ram": 1024, "OS-FLV-DISABLED:disabled": false, "vcpus": 1, "swap": "", "os-flavor-access:is_public": true, "rxtx_factor": 1.0, "OS-FLV-EXT-DATA:ephemeral": 0, "disk": 1, "id": "50d768d2-a3df-4347-b052-a4fbfa3d96f1"}]} _http_log_response /usr/lib/python2.7/site-packages/keystoneauth1/session.py:511
2019-08-02 07:38:57.100 662 DEBUG novaclient.v2.client [-] GET call to compute for http://172.30.9.22:8774/v2.1/flavors/detail used request id req-4edae3e0-6f9b-45e1-9b25-c6cbc31cd30c request /usr/lib/python2.7/site-packages/keystoneauth1/session.py:844
2019-08-02 07:38:57.101 660 DEBUG novaclient.v2.client [-] RESP: [200] Content-Encoding: gzip Content-Length: 362 Content-Type: application/json Date: Fri, 02 Aug 2019 07:38:56 GMT OpenStack-API-Version: compute 2.1 Server: Apache Vary: OpenStack-API-Version,X-OpenStack-Nova-API-Version,Accept-Encoding X-OpenStack-Nova-API-Version: 2.1 x-compute-request-id: req-21bf72fc-4bbc-40d6-a40f-99d3343587f6 x-openstack-request-id: req-21bf72fc-4bbc-40d6-a40f-99d3343587f6 _http_log_response /usr/lib/python2.7/site-packages/keystoneauth1/session.py:479
2019-08-02 07:38:57.102 662 DEBUG novaclient.v2.client [-] REQ: curl -g -i -X GET http://172.30.9.22:8774/v2.1/flavors/detail -H "Accept: application/json" -H "User-Agent: python-novaclient" -H "X-Auth-Token: {SHA1}5ab159ace7ad8f31409f4c9b535bb80788743385" _http_log_request /usr/lib/python2.7/site-packages/keystoneauth1/session.py:448
2019-08-02 07:38:57.102 660 DEBUG novaclient.v2.client [-] RESP BODY: {"flavors": [{"name": "rally_full-flavor_e7542da9-ae70-4702-b41e-9f0edaccc0aa", "links": [{"href": "http://172.30.9.22:8774/v2.1/flavors/26cae1ba-b230-4234-91b5-3d5eaa9df710", "rel": "self"}, {"href": "http://172.30.9.22:8774/flavors/26cae1ba-b230-4234-91b5-3d5eaa9df710", "rel": "bookmark"}], "ram": 512, "OS-FLV-DISABLED:disabled": false, "vcpus": 1, "swap": "", "os-flavor-access:is_public": true, "rxtx_factor": 1.0, "OS-FLV-EXT-DATA:ephemeral": 0, "disk": 1, "id": "26cae1ba-b230-4234-91b5-3d5eaa9df710"}, {"name": "rally_full-flavor_alt_e7542da9-ae70-4702-b41e-9f0edaccc0aa", "links": [{"href": "http://172.30.9.22:8774/v2.1/flavors/50d768d2-a3df-4347-b052-a4fbfa3d96f1", "rel": "self"}, {"href": "http://172.30.9.22:8774/flavors/50d768d2-a3df-4347-b052-a4fbfa3d96f1", "rel": "bookmark"}], "ram": 1024, "OS-FLV-DISABLED:disabled": false, "vcpus": 1, "swap": "", "os-flavor-access:is_public": true, "rxtx_factor": 1.0, "OS-FLV-EXT-DATA:ephemeral": 0, "disk": 1, "id": "50d768d2-a3df-4347-b052-a4fbfa3d96f1"}]} _http_log_response /usr/lib/python2.7/site-packages/keystoneauth1/session.py:511
2019-08-02 07:38:57.102 660 DEBUG novaclient.v2.client [-] GET call to compute for http://172.30.9.22:8774/v2.1/flavors/detail used request id req-21bf72fc-4bbc-40d6-a40f-99d3343587f6 request /usr/lib/python2.7/site-packages/keystoneauth1/session.py:844
2019-08-02 07:38:57.104 660 DEBUG novaclient.v2.client [-] REQ: curl -g -i -X GET http://172.30.9.22:8774/v2.1/flavors/detail -H "Accept: application/json" -H "User-Agent: python-novaclient" -H "X-Auth-Token: {SHA1}046274de5f859c467075ad86a737c4b776ac6441" _http_log_request /usr/lib/python2.7/site-packages/keystoneauth1/session.py:448
2019-08-02 07:38:57.114 663 DEBUG novaclient.v2.client [-] RESP: [200] Content-Encoding: gzip Content-Length: 362 Content-Type: application/json Date: Fri, 02 Aug 2019 07:38:57 GMT OpenStack-API-Version: compute 2.1 Server: Apache Vary: OpenStack-API-Version,X-OpenStack-Nova-API-Version,Accept-Encoding X-OpenStack-Nova-API-Version: 2.1 x-compute-request-id: req-e29a4ce6-6335-4c08-b6e7-52bf946fb57c x-openstack-request-id: req-e29a4ce6-6335-4c08-b6e7-52bf946fb57c _http_log_response /usr/lib/python2.7/site-packages/keystoneauth1/session.py:479
2019-08-02 07:38:57.115 663 DEBUG novaclient.v2.client [-] RESP BODY: {"flavors": [{"name": "rally_full-flavor_e7542da9-ae70-4702-b41e-9f0edaccc0aa", "links": [{"href": "http://172.30.9.22:8774/v2.1/flavors/26cae1ba-b230-4234-91b5-3d5eaa9df710", "rel": "self"}, {"href": "http://172.30.9.22:8774/flavors/26cae1ba-b230-4234-91b5-3d5eaa9df710", "rel": "bookmark"}], "ram": 512, "OS-FLV-DISABLED:disabled": false, "vcpus": 1, "swap": "", "os-flavor-access:is_public": true, "rxtx_factor": 1.0, "OS-FLV-EXT-DATA:ephemeral": 0, "disk": 1, "id": "26cae1ba-b230-4234-91b5-3d5eaa9df710"}, {"name": "rally_full-flavor_alt_e7542da9-ae70-4702-b41e-9f0edaccc0aa", "links": [{"href": "http://172.30.9.22:8774/v2.1/flavors/50d768d2-a3df-4347-b052-a4fbfa3d96f1", "rel": "self"}, {"href": "http://172.30.9.22:8774/flavors/50d768d2-a3df-4347-b052-a4fbfa3d96f1", "rel": "bookmark"}], "ram": 1024, "OS-FLV-DISABLED:disabled": false, "vcpus": 1, "swap": "", "os-flavor-access:is_public": true, "rxtx_factor": 1.0, "OS-FLV-EXT-DATA:ephemeral": 0, "disk": 1, "id": "50d768d2-a3df-4347-b052-a4fbfa3d96f1"}]} _http_log_response /usr/lib/python2.7/site-packages/keystoneauth1/session.py:511
2019-08-02 07:38:57.115 663 DEBUG novaclient.v2.client [-] GET call to compute for http://172.30.9.22:8774/v2.1/flavors/detail used request id req-e29a4ce6-6335-4c08-b6e7-52bf946fb57c request /usr/lib/python2.7/site-packages/keystoneauth1/session.py:844
2019-08-02 07:38:57.116 663 INFO rally.task.runner [-] Task ae3a3321-aa73-4af5-a728-1980b5b14961 | ITER: 4 END: OK
2019-08-02 07:38:57.120 663 INFO rally.task.runner [-] Task ae3a3321-aa73-4af5-a728-1980b5b14961 | ITER: 5 START
2019-08-02 07:38:57.122 662 DEBUG novaclient.v2.client [-] RESP: [200] Content-Encoding: gzip Content-Length: 362 Content-Type: application/json Date: Fri, 02 Aug 2019 07:38:57 GMT OpenStack-API-Version: compute 2.1 Server: Apache Vary: OpenStack-API-Version,X-OpenStack-Nova-API-Version,Accept-Encoding X-OpenStack-Nova-API-Version: 2.1 x-compute-request-id: req-e499a87e-9805-453b-8416-ceee7b427903 x-openstack-request-id: req-e499a87e-9805-453b-8416-ceee7b427903 _http_log_response /usr/lib/python2.7/site-packages/keystoneauth1/session.py:479
2019-08-02 07:38:57.123 662 DEBUG novaclient.v2.client [-] RESP BODY: {"flavors": [{"name": "rally_full-flavor_e7542da9-ae70-4702-b41e-9f0edaccc0aa", "links": [{"href": "http://172.30.9.22:8774/v2.1/flavors/26cae1ba-b230-4234-91b5-3d5eaa9df710", "rel": "self"}, {"href": "http://172.30.9.22:8774/flavors/26cae1ba-b230-4234-91b5-3d5eaa9df710", "rel": "bookmark"}], "ram": 512, "OS-FLV-DISABLED:disabled": false, "vcpus": 1, "swap": "", "os-flavor-access:is_public": true, "rxtx_factor": 1.0, "OS-FLV-EXT-DATA:ephemeral": 0, "disk": 1, "id": "26cae1ba-b230-4234-91b5-3d5eaa9df710"}, {"name": "rally_full-flavor_alt_e7542da9-ae70-4702-b41e-9f0edaccc0aa", "links": [{"href": "http://172.30.9.22:8774/v2.1/flavors/50d768d2-a3df-4347-b052-a4fbfa3d96f1", "rel": "self"}, {"href": "http://172.30.9.22:8774/flavors/50d768d2-a3df-4347-b052-a4fbfa3d96f1", "rel": "bookmark"}], "ram": 1024, "OS-FLV-DISABLED:disabled": false, "vcpus": 1, "swap": "", "os-flavor-access:is_public": true, "rxtx_factor": 1.0, "OS-FLV-EXT-DATA:ephemeral": 0, "disk": 1, "id": "50d768d2-a3df-4347-b052-a4fbfa3d96f1"}]} _http_log_response /usr/lib/python2.7/site-packages/keystoneauth1/session.py:511
2019-08-02 07:38:57.123 662 DEBUG novaclient.v2.client [-] GET call to compute for http://172.30.9.22:8774/v2.1/flavors/detail used request id req-e499a87e-9805-453b-8416-ceee7b427903 request /usr/lib/python2.7/site-packages/keystoneauth1/session.py:844
2019-08-02 07:38:57.124 660 DEBUG novaclient.v2.client [-] RESP: [200] Content-Encoding: gzip Content-Length: 362 Content-Type: application/json Date: Fri, 02 Aug 2019 07:38:57 GMT OpenStack-API-Version: compute 2.1 Server: Apache Vary: OpenStack-API-Version,X-OpenStack-Nova-API-Version,Accept-Encoding X-OpenStack-Nova-API-Version: 2.1 x-compute-request-id: req-1085aa43-007d-4721-8c15-f89707eb3478 x-openstack-request-id: req-1085aa43-007d-4721-8c15-f89707eb3478 _http_log_response /usr/lib/python2.7/site-packages/keystoneauth1/session.py:479
2019-08-02 07:38:57.124 662 INFO rally.task.runner [-] Task ae3a3321-aa73-4af5-a728-1980b5b14961 | ITER: 3 END: OK
2019-08-02 07:38:57.125 660 DEBUG novaclient.v2.client [-] RESP BODY: {"flavors": [{"name": "rally_full-flavor_e7542da9-ae70-4702-b41e-9f0edaccc0aa", "links": [{"href": "http://172.30.9.22:8774/v2.1/flavors/26cae1ba-b230-4234-91b5-3d5eaa9df710", "rel": "self"}, {"href": "http://172.30.9.22:8774/flavors/26cae1ba-b230-4234-91b5-3d5eaa9df710", "rel": "bookmark"}], "ram": 512, "OS-FLV-DISABLED:disabled": false, "vcpus": 1, "swap": "", "os-flavor-access:is_public": true, "rxtx_factor": 1.0, "OS-FLV-EXT-DATA:ephemeral": 0, "disk": 1, "id": "26cae1ba-b230-4234-91b5-3d5eaa9df710"}, {"name": "rally_full-flavor_alt_e7542da9-ae70-4702-b41e-9f0edaccc0aa", "links": [{"href": "http://172.30.9.22:8774/v2.1/flavors/50d768d2-a3df-4347-b052-a4fbfa3d96f1", "rel": "self"}, {"href": "http://172.30.9.22:8774/flavors/50d768d2-a3df-4347-b052-a4fbfa3d96f1", "rel": "bookmark"}], "ram": 1024, "OS-FLV-DISABLED:disabled": false, "vcpus": 1, "swap": "", "os-flavor-access:is_public": true, "rxtx_factor": 1.0, "OS-FLV-EXT-DATA:ephemeral": 0, "disk": 1, "id": "50d768d2-a3df-4347-b052-a4fbfa3d96f1"}]} _http_log_response /usr/lib/python2.7/site-packages/keystoneauth1/session.py:511
2019-08-02 07:38:57.125 660 DEBUG novaclient.v2.client [-] GET call to compute for http://172.30.9.22:8774/v2.1/flavors/detail used request id req-1085aa43-007d-4721-8c15-f89707eb3478 request /usr/lib/python2.7/site-packages/keystoneauth1/session.py:844
2019-08-02 07:38:57.126 660 INFO rally.task.runner [-] Task ae3a3321-aa73-4af5-a728-1980b5b14961 | ITER: 1 END: OK
2019-08-02 07:38:57.127 661 DEBUG novaclient.v2.client [-] RESP: [200] Content-Encoding: gzip Content-Length: 362 Content-Type: application/json Date: Fri, 02 Aug 2019 07:38:56 GMT OpenStack-API-Version: compute 2.1 Server: Apache Vary: OpenStack-API-Version,X-OpenStack-Nova-API-Version,Accept-Encoding X-OpenStack-Nova-API-Version: 2.1 x-compute-request-id: req-009724ca-43fe-4065-856d-115b9076e99a x-openstack-request-id: req-009724ca-43fe-4065-856d-115b9076e99a _http_log_response /usr/lib/python2.7/site-packages/keystoneauth1/session.py:479
2019-08-02 07:38:57.128 661 DEBUG novaclient.v2.client [-] RESP BODY: {"flavors": [{"name": "rally_full-flavor_e7542da9-ae70-4702-b41e-9f0edaccc0aa", "links": [{"href": "http://172.30.9.22:8774/v2.1/flavors/26cae1ba-b230-4234-91b5-3d5eaa9df710", "rel": "self"}, {"href": "http://172.30.9.22:8774/flavors/26cae1ba-b230-4234-91b5-3d5eaa9df710", "rel": "bookmark"}], "ram": 512, "OS-FLV-DISABLED:disabled": false, "vcpus": 1, "swap": "", "os-flavor-access:is_public": true, "rxtx_factor": 1.0, "OS-FLV-EXT-DATA:ephemeral": 0, "disk": 1, "id": "26cae1ba-b230-4234-91b5-3d5eaa9df710"}, {"name": "rally_full-flavor_alt_e7542da9-ae70-4702-b41e-9f0edaccc0aa", "links": [{"href": "http://172.30.9.22:8774/v2.1/flavors/50d768d2-a3df-4347-b052-a4fbfa3d96f1", "rel": "self"}, {"href": "http://172.30.9.22:8774/flavors/50d768d2-a3df-4347-b052-a4fbfa3d96f1", "rel": "bookmark"}], "ram": 1024, "OS-FLV-DISABLED:disabled": false, "vcpus": 1, "swap": "", "os-flavor-access:is_public": true, "rxtx_factor": 1.0, "OS-FLV-EXT-DATA:ephemeral": 0, "disk": 1, "id": "50d768d2-a3df-4347-b052-a4fbfa3d96f1"}]} _http_log_response /usr/lib/python2.7/site-packages/keystoneauth1/session.py:511
2019-08-02 07:38:57.129 661 DEBUG novaclient.v2.client [-] GET call to compute for http://172.30.9.22:8774/v2.1/flavors/detail used request id req-009724ca-43fe-4065-856d-115b9076e99a request /usr/lib/python2.7/site-packages/keystoneauth1/session.py:844
2019-08-02 07:38:57.128 662 INFO rally.task.runner [-] Task ae3a3321-aa73-4af5-a728-1980b5b14961 | ITER: 6 START
