2019-07-31 10:22:51.442 22694 RALLYDEBUG rally.api [-] INFO logs from urllib3 and requests module are hide.
2019-07-31 10:22:51.443 22694 RALLYDEBUG rally.api [-] urllib3 insecure warnings are hidden.
2019-07-31 10:22:51.443 22694 RALLYDEBUG rally.api [-] ERROR log from boto module is hide.
2019-07-31 10:22:53.598 22696 RALLYDEBUG rally.api [-] INFO logs from urllib3 and requests module are hide.
2019-07-31 10:22:53.598 22696 RALLYDEBUG rally.api [-] urllib3 insecure warnings are hidden.
2019-07-31 10:22:53.598 22696 RALLYDEBUG rally.api [-] ERROR log from boto module is hide.
2019-07-31 10:22:54.920 22696 WARNING rally_openstack.platforms.existing [-] endpoint is deprecated and not used.
2019-07-31 10:22:55.981 22698 RALLYDEBUG rally.api [-] INFO logs from urllib3 and requests module are hide.
2019-07-31 10:22:55.982 22698 RALLYDEBUG rally.api [-] urllib3 insecure warnings are hidden.
2019-07-31 10:22:55.982 22698 RALLYDEBUG rally.api [-] ERROR log from boto module is hide.
2019-07-31 10:22:59.359 22701 RALLYDEBUG rally.api [-] INFO logs from urllib3 and requests module are hide.
2019-07-31 10:22:59.359 22701 RALLYDEBUG rally.api [-] urllib3 insecure warnings are hidden.
2019-07-31 10:22:59.359 22701 RALLYDEBUG rally.api [-] ERROR log from boto module is hide.
2019-07-31 10:23:01.855 22703 RALLYDEBUG rally.api [-] INFO logs from urllib3 and requests module are hide.
2019-07-31 10:23:01.855 22703 RALLYDEBUG rally.api [-] urllib3 insecure warnings are hidden.
2019-07-31 10:23:01.855 22703 RALLYDEBUG rally.api [-] ERROR log from boto module is hide.
2019-07-31 10:23:03.024 22703 INFO rally.common.plugin.discover [-] Loading plugins from directories /root/.rally/plugins/*
2019-07-31 10:23:03.024 22703 INFO rally.common.plugin.discover [-] Loaded module with plugins: /root/.rally/plugins/__init__.py
2019-07-31 10:23:03.026 22703 INFO rally.common.plugin.discover [-] Loaded module with plugins: /root/.rally/plugins/trunk_scenario.py
2019-07-31 10:23:03.279 22703 INFO rally.task.engine [-] Task 77e7abb2-348b-4c40-b97c-48fc9d85da4a | Starting: Task validation.
2019-07-31 10:23:03.346 22703 INFO rally.task.engine [-] Task 77e7abb2-348b-4c40-b97c-48fc9d85da4a | Starting: Task validation of syntax.
2019-07-31 10:23:03.549 22703 INFO rally.task.engine [-] Task 77e7abb2-348b-4c40-b97c-48fc9d85da4a | Completed: Task validation of syntax.
2019-07-31 10:23:03.549 22703 INFO rally.task.engine [-] Task 77e7abb2-348b-4c40-b97c-48fc9d85da4a | Starting: Task validation of required platforms.
2019-07-31 10:23:03.610 22703 INFO rally.task.engine [-] Task 77e7abb2-348b-4c40-b97c-48fc9d85da4a | Completed: Task validation of required platforms.
2019-07-31 10:23:03.610 22703 INFO rally.task.engine [-] Task 77e7abb2-348b-4c40-b97c-48fc9d85da4a | Starting: Task validation of semantic.
2019-07-31 10:23:03.610 22703 INFO rally.task.engine [-] Check health of the environment '5febd881-f78f-4328-8d1e-f80c6388f6f9'.
2019-07-31 10:23:04.463 22703 INFO rally.task.engine [-] Platform existing@openstack (available: True): OK!
2019-07-31 10:23:04.482 22703 RALLYDEBUG rally_openstack.contexts.keystone.users [-] Creating 1 tenants using 20 threads
2019-07-31 10:23:06.399 22703 RALLYDEBUG rally_openstack.contexts.keystone.users [-] Creating 1 users using 20 threads
2019-07-31 10:23:09.208 22703 INFO rally.task.context [-] Task 77e7abb2-348b-4c40-b97c-48fc9d85da4a | Context users@openstack setup() finished in 4.73 sec
2019-07-31 10:23:15.608 22703 INFO rally.task.context [-] Task 77e7abb2-348b-4c40-b97c-48fc9d85da4a | Context users@openstack cleanup() started
2019-07-31 10:23:22.239 22703 INFO rally.task.context [-] Task 77e7abb2-348b-4c40-b97c-48fc9d85da4a | Context users@openstack cleanup() finished in 6.63 sec
2019-07-31 10:23:22.239 22703 INFO rally.task.engine [-] Task 77e7abb2-348b-4c40-b97c-48fc9d85da4a | Completed: Task validation of semantic.
2019-07-31 10:23:22.240 22703 INFO rally.task.engine [-] Task 77e7abb2-348b-4c40-b97c-48fc9d85da4a | Completed: Task validation.
2019-07-31 10:23:22.240 22703 INFO rally.api [-] Task 77e7abb2-348b-4c40-b97c-48fc9d85da4a input file is valid.
2019-07-31 10:23:22.240 22703 INFO rally.api [-] Run Task 77e7abb2-348b-4c40-b97c-48fc9d85da4a against Deployment 5febd881-f78f-4328-8d1e-f80c6388f6f9
2019-07-31 10:23:22.241 22703 INFO rally.task.engine [-] Task 77e7abb2-348b-4c40-b97c-48fc9d85da4a | Starting: Running task.
2019-07-31 10:23:22.379 22703 INFO rally.task.engine [-] Running workload: position = 0 config = { "version": 2, "title": "A cropped version of a bigger task.", "description": "Auto-generated task from a single workload (uuid=b749cbfb-221b-4269-b150-83f4e3b3ac8b)", "subtasks": [ { "title": "NeutronNetworks.create_and_list_networks", "description": "Check performance of list_networks action and ensure > network quotas are not exceeded", "scenario": { "NeutronNetworks.create_and_list_networks": {} }, "contexts": { "users": { "tenants": 1, "users_per_tenant": 1 }, "quotas": { "neutron": { "network": 119 } } }, "runner": { "constant": { "times": 100, "concurrency": 20 } }, "hooks": [], "sla": { "max_avg_duration_per_atomic": { "neutron.list_networks": 15 }, "failure_rate": { "max": 0 } } } ] }
2019-07-31 10:23:22.399 22703 RALLYDEBUG rally_openstack.contexts.keystone.users [-] Creating 1 tenants using 20 threads
2019-07-31 10:23:24.459 22703 RALLYDEBUG rally_openstack.contexts.keystone.users [-] Creating 1 users using 20 threads
2019-07-31 10:23:27.335 22703 INFO rally.task.context [-] Task 77e7abb2-348b-4c40-b97c-48fc9d85da4a | Context users@openstack setup() finished in 4.94 sec
2019-07-31 10:23:28.108 22703 INFO rally.task.context [-] Task 77e7abb2-348b-4c40-b97c-48fc9d85da4a | Context quotas@openstack setup() finished in 0.77 sec
2019-07-31 10:23:28.108 22703 INFO rally.task.context [-] Task 77e7abb2-348b-4c40-b97c-48fc9d85da4a | Context cleanup@openstack setup() finished in 0.03 msec
2019-07-31 10:23:28.116 22703 RALLYDEBUG rally.task.runner [-] Starting the constant runner (task UUID: 77e7abb2-348b-4c40-b97c-48fc9d85da4a). timeout: 0 concurrency: 20 concurrency_per_worker: 1 times: 100 concurrency_overhead: 4 processes_to_start: 16 max_cpu_used: 16
2019-07-31 10:23:28.129 22827 RALLYDEBUG rally.task.runner [-] Starting a worker. concurrency: 2 args: {} times: 100 method_name: run timeout: 0 duration: None cls:
2019-07-31 10:23:28.131 22828 RALLYDEBUG rally.task.runner [-] Starting a worker. concurrency: 2 args: {} times: 100 method_name: run timeout: 0 duration: None cls:
2019-07-31 10:23:28.134 22829 RALLYDEBUG rally.task.runner [-] Starting a worker. concurrency: 2 args: {} times: 100 method_name: run timeout: 0 duration: None cls:
2019-07-31 10:23:28.137 22833 RALLYDEBUG rally.task.runner [-] Starting a worker. concurrency: 1 args: {} times: 100 method_name: run timeout: 0 duration: None cls:
2019-07-31 10:23:28.137 22830 RALLYDEBUG rally.task.runner [-] Starting a worker. concurrency: 2 args: {} times: 100 method_name: run timeout: 0 duration: None cls:
2019-07-31 10:23:28.140 22827 INFO rally.task.runner [-] Task 77e7abb2-348b-4c40-b97c-48fc9d85da4a | ITER: 1 START
2019-07-31 10:23:28.142 22828 INFO rally.task.runner [-] Task 77e7abb2-348b-4c40-b97c-48fc9d85da4a | ITER: 2 START
2019-07-31 10:23:28.141 22833 INFO rally.task.runner [-] Task 77e7abb2-348b-4c40-b97c-48fc9d85da4a | ITER: 6 START
2019-07-31 10:23:28.140 22827 INFO rally.task.runner [-] Task 77e7abb2-348b-4c40-b97c-48fc9d85da4a | ITER: 3 START
2019-07-31 10:23:28.140 22829 INFO rally.task.runner [-] Task 77e7abb2-348b-4c40-b97c-48fc9d85da4a | ITER: 4 START
2019-07-31 10:23:28.147 22836 RALLYDEBUG rally.task.runner [-] Starting a worker. concurrency: 1 args: {} times: 100 method_name: run timeout: 0 duration: None cls:
2019-07-31 10:23:28.148 22846 RALLYDEBUG rally.task.runner [-] Starting a worker. concurrency: 1 args: {} times: 100 method_name: run timeout: 0 duration: None cls:
2019-07-31 10:23:28.149 22842 RALLYDEBUG rally.task.runner [-] Starting a worker. concurrency: 1 args: {} times: 100 method_name: run timeout: 0 duration: None cls:
2019-07-31 10:23:28.150 22829 INFO rally.task.runner [-] Task 77e7abb2-348b-4c40-b97c-48fc9d85da4a | ITER: 7 START
2019-07-31 10:23:28.150 22830 INFO rally.task.runner [-] Task 77e7abb2-348b-4c40-b97c-48fc9d85da4a | ITER: 8 START
2019-07-31 10:23:28.153 22847 RALLYDEBUG rally.task.runner [-] Starting a worker. concurrency: 1 args: {} times: 100 method_name: run timeout: 0 duration: None cls:
2019-07-31 10:23:28.153 22828 INFO rally.task.runner [-] Task 77e7abb2-348b-4c40-b97c-48fc9d85da4a | ITER: 5 START
2019-07-31 10:23:28.157 22836 INFO rally.task.runner [-] Task 77e7abb2-348b-4c40-b97c-48fc9d85da4a | ITER: 10 START
2019-07-31 10:23:28.157 22830 INFO rally.task.runner [-] Task 77e7abb2-348b-4c40-b97c-48fc9d85da4a | ITER: 9 START
2019-07-31 10:23:28.157 22849 RALLYDEBUG rally.task.runner [-] Starting a worker. concurrency: 1 args: {} times: 100 method_name: run timeout: 0 duration: None cls:
2019-07-31 10:23:28.159 22846 INFO rally.task.runner [-] Task 77e7abb2-348b-4c40-b97c-48fc9d85da4a | ITER: 11 START
2019-07-31 10:23:28.159 22851 RALLYDEBUG rally.task.runner [-] Starting a worker. concurrency: 1 args: {} times: 100 method_name: run timeout: 0 duration: None cls:
2019-07-31 10:23:28.162 22842 INFO rally.task.runner [-] Task 77e7abb2-348b-4c40-b97c-48fc9d85da4a | ITER: 12 START
2019-07-31 10:23:28.162 22858 RALLYDEBUG rally.task.runner [-] Starting a worker. concurrency: 1 args: {} times: 100 method_name: run timeout: 0 duration: None cls:
2019-07-31 10:23:28.166 22847 INFO rally.task.runner [-] Task 77e7abb2-348b-4c40-b97c-48fc9d85da4a | ITER: 13 START
2019-07-31 10:23:28.168 22851 INFO rally.task.runner [-] Task 77e7abb2-348b-4c40-b97c-48fc9d85da4a | ITER: 15 START
2019-07-31 10:23:28.170 22858 INFO rally.task.runner [-] Task 77e7abb2-348b-4c40-b97c-48fc9d85da4a | ITER: 16 START
2019-07-31 10:23:28.169 22862 RALLYDEBUG rally.task.runner [-] Starting a worker. concurrency: 1 args: {} times: 100 method_name: run timeout: 0 duration: None cls:
2019-07-31 10:23:28.173 22849 INFO rally.task.runner [-] Task 77e7abb2-348b-4c40-b97c-48fc9d85da4a | ITER: 14 START
2019-07-31 10:23:28.181 22868 RALLYDEBUG rally.task.runner [-] Starting a worker. concurrency: 1 args: {} times: 100 method_name: run timeout: 0 duration: None cls:
2019-07-31 10:23:28.183 22862 INFO rally.task.runner [-] Task 77e7abb2-348b-4c40-b97c-48fc9d85da4a | ITER: 17 START
2019-07-31 10:23:28.185 22871 RALLYDEBUG rally.task.runner [-] Starting a worker. concurrency: 1 args: {} times: 100 method_name: run timeout: 0 duration: None cls:
2019-07-31 10:23:28.190 22868 INFO rally.task.runner [-] Task 77e7abb2-348b-4c40-b97c-48fc9d85da4a | ITER: 18 START
2019-07-31 10:23:28.192 22871 INFO rally.task.runner [-] Task 77e7abb2-348b-4c40-b97c-48fc9d85da4a | ITER: 19 START
2019-07-31 10:23:28.191 22872 RALLYDEBUG rally.task.runner [-] Starting a worker. concurrency: 1 args: {} times: 100 method_name: run timeout: 0 duration: None cls:
2019-07-31 10:23:28.197 22872 INFO rally.task.runner [-] Task 77e7abb2-348b-4c40-b97c-48fc9d85da4a | ITER: 20 START
2019-07-31 10:23:31.216 22829 INFO rally.task.runner [-] Task 77e7abb2-348b-4c40-b97c-48fc9d85da4a | ITER: 4 END: OK
2019-07-31 10:23:31.220 22829 INFO rally.task.runner [-] Task 77e7abb2-348b-4c40-b97c-48fc9d85da4a | ITER: 21 START
2019-07-31 10:23:31.321 22851 INFO rally.task.runner [-] Task 77e7abb2-348b-4c40-b97c-48fc9d85da4a | ITER: 15 END: OK
2019-07-31 10:23:31.325 22851 INFO rally.task.runner [-] Task 77e7abb2-348b-4c40-b97c-48fc9d85da4a | ITER: 22 START
2019-07-31 10:23:31.349 22833 INFO rally.task.runner [-] Task 77e7abb2-348b-4c40-b97c-48fc9d85da4a | ITER: 6 END: OK
2019-07-31 10:23:31.352 22833 INFO rally.task.runner [-] Task 77e7abb2-348b-4c40-b97c-48fc9d85da4a | ITER: 23 START
2019-07-31 10:23:31.391 22858 INFO rally.task.runner [-] Task 77e7abb2-348b-4c40-b97c-48fc9d85da4a | ITER: 16 END: OK
2019-07-31 10:23:31.394 22858 INFO rally.task.runner [-] Task 77e7abb2-348b-4c40-b97c-48fc9d85da4a | ITER: 24 START
2019-07-31 10:23:31.424 22827 INFO rally.task.runner [-] Task 77e7abb2-348b-4c40-b97c-48fc9d85da4a | ITER: 3 END: OK
2019-07-31 10:23:31.427 22827 INFO rally.task.runner [-] Task 77e7abb2-348b-4c40-b97c-48fc9d85da4a | ITER: 25 START
2019-07-31 10:23:31.621 22849 INFO rally.task.runner [-] Task 77e7abb2-348b-4c40-b97c-48fc9d85da4a | ITER: 14 END: OK
2019-07-31 10:23:31.624 22849 INFO rally.task.runner [-] Task 77e7abb2-348b-4c40-b97c-48fc9d85da4a | ITER: 26 START
2019-07-31 10:23:31.979 22828 INFO rally.task.runner [-] Task 77e7abb2-348b-4c40-b97c-48fc9d85da4a | ITER: 2 END: OK
2019-07-31 10:23:31.982 22828 INFO rally.task.runner [-] Task 77e7abb2-348b-4c40-b97c-48fc9d85da4a | ITER: 27 START
2019-07-31 10:23:32.426 22827 INFO rally.task.runner [-] Task 77e7abb2-348b-4c40-b97c-48fc9d85da4a | ITER: 1 END: OK
2019-07-31 10:23:32.429 22827 INFO rally.task.runner [-] Task 77e7abb2-348b-4c40-b97c-48fc9d85da4a | ITER: 28 START
2019-07-31 10:23:33.411 22829 INFO rally.task.runner [-] Task 77e7abb2-348b-4c40-b97c-48fc9d85da4a | ITER: 21 END: OK
2019-07-31 10:23:33.415 22829 INFO rally.task.runner [-] Task 77e7abb2-348b-4c40-b97c-48fc9d85da4a | ITER: 29 START
2019-07-31 10:23:33.802 22828 INFO rally.task.runner [-] Task 77e7abb2-348b-4c40-b97c-48fc9d85da4a | ITER: 5 END: OK
2019-07-31 10:23:33.806 22828 INFO rally.task.runner [-] Task 77e7abb2-348b-4c40-b97c-48fc9d85da4a | ITER: 30 START
2019-07-31 10:23:33.817 22829 INFO rally.task.runner [-] Task 77e7abb2-348b-4c40-b97c-48fc9d85da4a | ITER: 7 END: OK
2019-07-31 10:23:33.820 22829 INFO rally.task.runner [-] Task 77e7abb2-348b-4c40-b97c-48fc9d85da4a | ITER: 31 START
2019-07-31 10:23:33.876 22842 INFO rally.task.runner [-] Task 77e7abb2-348b-4c40-b97c-48fc9d85da4a | ITER: 12 END: OK
2019-07-31 10:23:33.880 22842 INFO rally.task.runner [-] Task 77e7abb2-348b-4c40-b97c-48fc9d85da4a | ITER: 32 START
2019-07-31 10:23:34.182 22858 INFO rally.task.runner [-] Task 77e7abb2-348b-4c40-b97c-48fc9d85da4a | ITER: 24 END: OK
2019-07-31 10:23:34.186 22858 INFO rally.task.runner [-] Task 77e7abb2-348b-4c40-b97c-48fc9d85da4a | ITER: 33 START
2019-07-31 10:23:34.258 22862 INFO rally.task.runner [-] Task 77e7abb2-348b-4c40-b97c-48fc9d85da4a | ITER: 17 END: OK
2019-07-31 10:23:34.261 22862 INFO rally.task.runner [-] Task 77e7abb2-348b-4c40-b97c-48fc9d85da4a | ITER: 34 START
2019-07-31 10:23:34.319 22846 INFO rally.task.runner [-] Task 77e7abb2-348b-4c40-b97c-48fc9d85da4a | ITER: 11 END: OK
2019-07-31 10:23:34.322 22846 INFO rally.task.runner [-] Task 77e7abb2-348b-4c40-b97c-48fc9d85da4a | ITER: 35 START
2019-07-31 10:23:34.371 22830 INFO rally.task.runner [-] Task 77e7abb2-348b-4c40-b97c-48fc9d85da4a | ITER: 9 END: OK
2019-07-31 10:23:34.374 22830 INFO rally.task.runner [-] Task 77e7abb2-348b-4c40-b97c-48fc9d85da4a | ITER: 36 START
2019-07-31 10:23:34.416 22871 INFO rally.task.runner [-] Task 77e7abb2-348b-4c40-b97c-48fc9d85da4a | ITER: 19 END: OK
2019-07-31 10:23:34.419 22871 INFO rally.task.runner [-] Task 77e7abb2-348b-4c40-b97c-48fc9d85da4a | ITER: 37 START
2019-07-31 10:23:34.452 22851 INFO rally.task.runner [-] Task 77e7abb2-348b-4c40-b97c-48fc9d85da4a | ITER: 22 END: OK
2019-07-31 10:23:34.455 22851 INFO rally.task.runner [-] Task 77e7abb2-348b-4c40-b97c-48fc9d85da4a | ITER: 38 START
2019-07-31 10:23:34.845 22827 INFO rally.task.runner [-] Task 77e7abb2-348b-4c40-b97c-48fc9d85da4a | ITER: 25 END: OK
2019-07-31 10:23:34.848 22827 INFO rally.task.runner [-] Task 77e7abb2-348b-4c40-b97c-48fc9d85da4a | ITER: 39 START
2019-07-31 10:23:34.880 22849 INFO rally.task.runner [-] Task 77e7abb2-348b-4c40-b97c-48fc9d85da4a | ITER: 26 END: OK
2019-07-31 10:23:34.883 22849 INFO rally.task.runner [-] Task 77e7abb2-348b-4c40-b97c-48fc9d85da4a | ITER: 40 START
2019-07-31 10:23:34.887 22828 INFO rally.task.runner [-] Task 77e7abb2-348b-4c40-b97c-48fc9d85da4a | ITER: 27 END: OK
2019-07-31 10:23:34.890 22828 INFO rally.task.runner [-] Task 77e7abb2-348b-4c40-b97c-48fc9d85da4a | ITER: 41 START
2019-07-31 10:23:35.020 22830 INFO rally.task.runner [-] Task 77e7abb2-348b-4c40-b97c-48fc9d85da4a | ITER: 8 END: OK
2019-07-31 10:23:35.023 22830 INFO rally.task.runner [-] Task 77e7abb2-348b-4c40-b97c-48fc9d85da4a | ITER: 42 START
2019-07-31 10:23:35.123 22872 INFO rally.task.runner [-] Task 77e7abb2-348b-4c40-b97c-48fc9d85da4a | ITER: 20 END: OK
2019-07-31 10:23:35.127 22872 INFO rally.task.runner [-] Task 77e7abb2-348b-4c40-b97c-48fc9d85da4a | ITER: 43 START
2019-07-31 10:23:35.386 22833 INFO rally.task.runner [-] Task 77e7abb2-348b-4c40-b97c-48fc9d85da4a | ITER: 23 END: OK
2019-07-31 10:23:35.389 22833 INFO rally.task.runner [-] Task 77e7abb2-348b-4c40-b97c-48fc9d85da4a | ITER: 44 START
2019-07-31 10:23:35.507 22836 INFO rally.task.runner [-] Task 77e7abb2-348b-4c40-b97c-48fc9d85da4a | ITER: 10 END: OK
2019-07-31 10:23:35.511 22836 INFO rally.task.runner [-] Task 77e7abb2-348b-4c40-b97c-48fc9d85da4a | ITER: 45 START
2019-07-31 10:23:35.881 22868 INFO rally.task.runner [-] Task 77e7abb2-348b-4c40-b97c-48fc9d85da4a | ITER: 18 END: OK
2019-07-31 10:23:35.885 22868 INFO rally.task.runner [-] Task 77e7abb2-348b-4c40-b97c-48fc9d85da4a | ITER: 46 START
2019-07-31 10:23:36.143 22829 INFO rally.task.runner [-] Task 77e7abb2-348b-4c40-b97c-48fc9d85da4a | ITER: 29 END: OK
2019-07-31 10:23:36.147 22829 INFO rally.task.runner [-] Task 77e7abb2-348b-4c40-b97c-48fc9d85da4a | ITER: 47 START
2019-07-31 10:23:36.441 22827 INFO rally.task.runner [-] Task 77e7abb2-348b-4c40-b97c-48fc9d85da4a | ITER: 28 END: OK
2019-07-31 10:23:36.444 22827 INFO rally.task.runner [-] Task 77e7abb2-348b-4c40-b97c-48fc9d85da4a | ITER: 48 START
2019-07-31 10:23:36.590 22828 INFO rally.task.runner [-] Task 77e7abb2-348b-4c40-b97c-48fc9d85da4a | ITER: 30 END: OK
2019-07-31 10:23:36.593 22828 INFO rally.task.runner [-] Task 77e7abb2-348b-4c40-b97c-48fc9d85da4a | ITER: 49 START
2019-07-31 10:23:37.134 22847 INFO rally.task.runner [-] Task 77e7abb2-348b-4c40-b97c-48fc9d85da4a | ITER: 13 END: OK
2019-07-31 10:23:37.137 22847 INFO rally.task.runner [-] Task 77e7abb2-348b-4c40-b97c-48fc9d85da4a | ITER: 50 START
2019-07-31 10:23:37.396 22846 INFO rally.task.runner [-] Task 77e7abb2-348b-4c40-b97c-48fc9d85da4a | ITER: 35 END: OK
2019-07-31 10:23:37.399 22846 INFO rally.task.runner [-] Task 77e7abb2-348b-4c40-b97c-48fc9d85da4a | ITER: 51 START
2019-07-31 10:23:37.446 22829 INFO rally.task.runner [-] Task 77e7abb2-348b-4c40-b97c-48fc9d85da4a | ITER: 31 END: OK
2019-07-31 10:23:37.449 22829 INFO rally.task.runner [-] Task 77e7abb2-348b-4c40-b97c-48fc9d85da4a | ITER: 52 START
2019-07-31 10:23:37.480 22858 INFO rally.task.runner [-] Task 77e7abb2-348b-4c40-b97c-48fc9d85da4a | ITER: 33 END: OK
2019-07-31 10:23:37.483 22858 INFO rally.task.runner [-] Task 77e7abb2-348b-4c40-b97c-48fc9d85da4a | ITER: 53 START
2019-07-31 10:23:37.510 22842 INFO rally.task.runner [-] Task 77e7abb2-348b-4c40-b97c-48fc9d85da4a | ITER: 32 END: OK
2019-07-31 10:23:37.513 22842 INFO rally.task.runner [-] Task 77e7abb2-348b-4c40-b97c-48fc9d85da4a | ITER: 54 START
2019-07-31 10:23:37.629 22830 INFO rally.task.runner [-] Task 77e7abb2-348b-4c40-b97c-48fc9d85da4a | ITER: 36 END: OK
2019-07-31 10:23:37.632 22830 INFO rally.task.runner [-] Task 77e7abb2-348b-4c40-b97c-48fc9d85da4a | ITER: 55 START
2019-07-31 10:23:38.034 22827 INFO rally.task.runner [-] Task 77e7abb2-348b-4c40-b97c-48fc9d85da4a | ITER: 39 END: OK
2019-07-31 10:23:38.037 22827 INFO rally.task.runner [-] Task 77e7abb2-348b-4c40-b97c-48fc9d85da4a | ITER: 56 START
2019-07-31 10:23:39.054 22827 INFO rally.task.runner [-] Task 77e7abb2-348b-4c40-b97c-48fc9d85da4a | ITER: 48 END: OK
2019-07-31 10:23:39.057 22827 INFO rally.task.runner [-] Task 77e7abb2-348b-4c40-b97c-48fc9d85da4a | ITER: 57 START
2019-07-31 10:23:39.205 22871 INFO rally.task.runner [-] Task 77e7abb2-348b-4c40-b97c-48fc9d85da4a | ITER: 37 END: OK
2019-07-31 10:23:39.208 22871 INFO rally.task.runner [-] Task 77e7abb2-348b-4c40-b97c-48fc9d85da4a | ITER: 58 START
2019-07-31 10:23:39.226 22851 INFO rally.task.runner [-] Task 77e7abb2-348b-4c40-b97c-48fc9d85da4a | ITER: 38 END: OK
2019-07-31 10:23:39.229 22851 INFO rally.task.runner [-] Task 77e7abb2-348b-4c40-b97c-48fc9d85da4a | ITER: 59 START
2019-07-31 10:23:39.299 22833 INFO rally.task.runner [-] Task 77e7abb2-348b-4c40-b97c-48fc9d85da4a | ITER: 44 END: OK
2019-07-31 10:23:39.302 22833 INFO rally.task.runner [-] Task 77e7abb2-348b-4c40-b97c-48fc9d85da4a | ITER: 60 START
2019-07-31 10:23:39.538 22868 INFO rally.task.runner [-] Task 77e7abb2-348b-4c40-b97c-48fc9d85da4a | ITER: 46 END: OK
2019-07-31 10:23:39.541 22868 INFO rally.task.runner [-] Task 77e7abb2-348b-4c40-b97c-48fc9d85da4a | ITER: 61 START
2019-07-31 10:23:39.610 22849 INFO rally.task.runner [-] Task 77e7abb2-348b-4c40-b97c-48fc9d85da4a | ITER: 40 END: OK
2019-07-31 10:23:39.613 22849 INFO rally.task.runner [-] Task 77e7abb2-348b-4c40-b97c-48fc9d85da4a | ITER: 62 START
2019-07-31 10:23:39.798 22836 INFO rally.task.runner [-] Task 77e7abb2-348b-4c40-b97c-48fc9d85da4a | ITER: 45 END: OK
2019-07-31 10:23:39.798 22829 INFO rally.task.runner [-] Task 77e7abb2-348b-4c40-b97c-48fc9d85da4a | ITER: 47 END: OK
2019-07-31 10:23:39.801 22829 INFO rally.task.runner [-] Task 77e7abb2-348b-4c40-b97c-48fc9d85da4a | ITER: 64 START
2019-07-31 10:23:39.801 22836 INFO rally.task.runner [-] Task 77e7abb2-348b-4c40-b97c-48fc9d85da4a | ITER: 63 START
2019-07-31 10:23:40.070 22828 INFO rally.task.runner [-] Task 77e7abb2-348b-4c40-b97c-48fc9d85da4a | ITER: 49 END: OK
2019-07-31 10:23:40.073 22828 INFO rally.task.runner [-] Task 77e7abb2-348b-4c40-b97c-48fc9d85da4a | ITER: 65 START
2019-07-31 10:23:40.085 22847 INFO rally.task.runner [-] Task 77e7abb2-348b-4c40-b97c-48fc9d85da4a | ITER: 50 END: OK
2019-07-31 10:23:40.085 22830 INFO rally.task.runner [-] Task 77e7abb2-348b-4c40-b97c-48fc9d85da4a | ITER: 55 END: OK
2019-07-31 10:23:40.089 22847 INFO rally.task.runner [-] Task 77e7abb2-348b-4c40-b97c-48fc9d85da4a | ITER: 66 START
2019-07-31 10:23:40.092 22830 INFO rally.task.runner [-] Task 77e7abb2-348b-4c40-b97c-48fc9d85da4a | ITER: 42 END: OK
2019-07-31 10:23:40.095 22830 INFO rally.task.runner [-] Task 77e7abb2-348b-4c40-b97c-48fc9d85da4a | ITER: 67 START
2019-07-31 10:23:40.101 22830 INFO rally.task.runner [-] Task 77e7abb2-348b-4c40-b97c-48fc9d85da4a | ITER: 68 START
2019-07-31 10:23:40.631 22846 INFO rally.task.runner [-] Task 77e7abb2-348b-4c40-b97c-48fc9d85da4a | ITER: 51 END: OK
2019-07-31 10:23:40.634 22846 INFO rally.task.runner [-] Task 77e7abb2-348b-4c40-b97c-48fc9d85da4a | ITER: 69 START
2019-07-31 10:23:40.655 22858 INFO rally.task.runner [-] Task 77e7abb2-348b-4c40-b97c-48fc9d85da4a | ITER: 53 END: OK
2019-07-31 10:23:40.658 22858 INFO rally.task.runner [-] Task 77e7abb2-348b-4c40-b97c-48fc9d85da4a | ITER: 70 START
2019-07-31 10:23:40.764 22862 INFO rally.task.runner [-] Task 77e7abb2-348b-4c40-b97c-48fc9d85da4a | ITER: 34 END: OK
2019-07-31 10:23:40.768 22862 INFO rally.task.runner [-] Task 77e7abb2-348b-4c40-b97c-48fc9d85da4a | ITER: 71 START
2019-07-31 10:23:41.022 22829 INFO rally.task.runner [-] Task 77e7abb2-348b-4c40-b97c-48fc9d85da4a | ITER: 52 END: OK
2019-07-31 10:23:41.025 22829 INFO rally.task.runner [-] Task 77e7abb2-348b-4c40-b97c-48fc9d85da4a | ITER: 72 START
2019-07-31 10:23:41.091 22827 INFO rally.task.runner [-] Task 77e7abb2-348b-4c40-b97c-48fc9d85da4a | ITER: 56 END: OK
2019-07-31 10:23:41.095 22827 INFO rally.task.runner [-] Task 77e7abb2-348b-4c40-b97c-48fc9d85da4a | ITER: 73 START
2019-07-31 10:23:41.159 22842 INFO rally.task.runner [-] Task 77e7abb2-348b-4c40-b97c-48fc9d85da4a | ITER: 54 END: OK
2019-07-31 10:23:41.163 22842 INFO rally.task.runner [-] Task 77e7abb2-348b-4c40-b97c-48fc9d85da4a | ITER: 74 START
2019-07-31 10:23:41.193 22828 INFO rally.task.runner [-] Task 77e7abb2-348b-4c40-b97c-48fc9d85da4a | ITER: 41 END: OK
2019-07-31 10:23:41.196 22828 INFO rally.task.runner [-] Task 77e7abb2-348b-4c40-b97c-48fc9d85da4a | ITER: 75 START
2019-07-31 10:23:41.749 22872 INFO rally.task.runner [-] Task 77e7abb2-348b-4c40-b97c-48fc9d85da4a | ITER: 43 END: OK
2019-07-31 10:23:41.752 22872 INFO rally.task.runner [-] Task 77e7abb2-348b-4c40-b97c-48fc9d85da4a | ITER: 76 START
2019-07-31 10:23:42.217 22871 INFO rally.task.runner [-] Task 77e7abb2-348b-4c40-b97c-48fc9d85da4a | ITER: 58 END: OK
2019-07-31 10:23:42.220 22871 INFO rally.task.runner [-] Task 77e7abb2-348b-4c40-b97c-48fc9d85da4a | ITER: 77 START
2019-07-31 10:23:42.280 22833 INFO rally.task.runner [-] Task 77e7abb2-348b-4c40-b97c-48fc9d85da4a | ITER: 60 END: OK
2019-07-31 10:23:42.283 22833 INFO rally.task.runner [-] Task 77e7abb2-348b-4c40-b97c-48fc9d85da4a | ITER: 78 START
2019-07-31 10:23:42.482 22868 INFO rally.task.runner [-] Task 77e7abb2-348b-4c40-b97c-48fc9d85da4a | ITER: 61 END: OK
2019-07-31 10:23:42.485 22868 INFO rally.task.runner [-] Task 77e7abb2-348b-4c40-b97c-48fc9d85da4a | ITER: 79 START
2019-07-31 10:23:42.551 22851 INFO rally.task.runner [-] Task 77e7abb2-348b-4c40-b97c-48fc9d85da4a | ITER: 59 END: OK
2019-07-31 10:23:42.554 22851 INFO rally.task.runner [-] Task 77e7abb2-348b-4c40-b97c-48fc9d85da4a | ITER: 80 START
2019-07-31 10:23:42.584 22827 INFO rally.task.runner [-] Task 77e7abb2-348b-4c40-b97c-48fc9d85da4a | ITER: 57 END: OK
2019-07-31 10:23:42.588 22827 INFO rally.task.runner [-] Task 77e7abb2-348b-4c40-b97c-48fc9d85da4a | ITER: 81 START
2019-07-31 10:23:42.623 22829 INFO rally.task.runner [-] Task 77e7abb2-348b-4c40-b97c-48fc9d85da4a | ITER: 64 END: OK
2019-07-31 10:23:42.626 22849 INFO rally.task.runner [-] Task 77e7abb2-348b-4c40-b97c-48fc9d85da4a | ITER: 62 END: OK
2019-07-31 10:23:42.627 22829 INFO rally.task.runner [-] Task 77e7abb2-348b-4c40-b97c-48fc9d85da4a | ITER: 82 START
2019-07-31 10:23:42.629 22849 INFO rally.task.runner [-] Task 77e7abb2-348b-4c40-b97c-48fc9d85da4a | ITER: 83 START
2019-07-31 10:23:42.654 22836 INFO rally.task.runner [-] Task 77e7abb2-348b-4c40-b97c-48fc9d85da4a | ITER: 63 END: OK
2019-07-31 10:23:42.657 22836 INFO rally.task.runner [-] Task 77e7abb2-348b-4c40-b97c-48fc9d85da4a | ITER: 84 START
2019-07-31 10:23:42.911 22830 INFO rally.task.runner [-] Task 77e7abb2-348b-4c40-b97c-48fc9d85da4a | ITER: 67 END: OK
2019-07-31 10:23:42.914 22830 INFO rally.task.runner [-] Task 77e7abb2-348b-4c40-b97c-48fc9d85da4a | ITER: 85 START
2019-07-31 10:23:42.946 22830 INFO rally.task.runner [-] Task 77e7abb2-348b-4c40-b97c-48fc9d85da4a | ITER: 68 END: OK
2019-07-31 10:23:42.949 22830 INFO rally.task.runner [-] Task 77e7abb2-348b-4c40-b97c-48fc9d85da4a | ITER: 86 START
2019-07-31 10:23:43.354 22846 INFO rally.task.runner [-] Task 77e7abb2-348b-4c40-b97c-48fc9d85da4a | ITER: 69 END: OK
2019-07-31 10:23:43.357 22846 INFO rally.task.runner [-] Task 77e7abb2-348b-4c40-b97c-48fc9d85da4a | ITER: 87 START
2019-07-31 10:23:43.374 22847 INFO rally.task.runner [-] Task 77e7abb2-348b-4c40-b97c-48fc9d85da4a | ITER: 66 END: OK
2019-07-31 10:23:43.377 22847 INFO rally.task.runner [-] Task 77e7abb2-348b-4c40-b97c-48fc9d85da4a | ITER: 88 START
2019-07-31 10:23:43.460 22858 INFO rally.task.runner [-] Task 77e7abb2-348b-4c40-b97c-48fc9d85da4a | ITER: 70 END: OK
2019-07-31 10:23:43.464 22858 INFO rally.task.runner [-] Task 77e7abb2-348b-4c40-b97c-48fc9d85da4a | ITER: 89 START
2019-07-31 10:23:44.146 22862 INFO rally.task.runner [-] Task 77e7abb2-348b-4c40-b97c-48fc9d85da4a | ITER: 71 END: OK
2019-07-31 10:23:44.149 22862 INFO rally.task.runner [-] Task 77e7abb2-348b-4c40-b97c-48fc9d85da4a | ITER: 90 START
2019-07-31 10:23:44.195 22828 INFO rally.task.runner [-] Task 77e7abb2-348b-4c40-b97c-48fc9d85da4a | ITER: 65 END: OK
2019-07-31 10:23:44.198 22828 INFO rally.task.runner [-] Task 77e7abb2-348b-4c40-b97c-48fc9d85da4a | ITER: 91 START
2019-07-31 10:23:44.283 22827 INFO rally.task.runner [-] Task 77e7abb2-348b-4c40-b97c-48fc9d85da4a | ITER: 73 END: OK
2019-07-31 10:23:44.286 22827 INFO rally.task.runner [-] Task 77e7abb2-348b-4c40-b97c-48fc9d85da4a | ITER: 92 START
2019-07-31 10:23:44.719 22842 INFO rally.task.runner [-] Task 77e7abb2-348b-4c40-b97c-48fc9d85da4a | ITER: 74 END: OK
2019-07-31 10:23:44.722 22842 INFO rally.task.runner [-] Task 77e7abb2-348b-4c40-b97c-48fc9d85da4a | ITER: 93 START
2019-07-31 10:23:44.851 22871 INFO rally.task.runner [-] Task 77e7abb2-348b-4c40-b97c-48fc9d85da4a | ITER: 77 END: OK
2019-07-31 10:23:44.854 22871 INFO rally.task.runner [-] Task 77e7abb2-348b-4c40-b97c-48fc9d85da4a | ITER: 94 START
2019-07-31 10:23:44.977 22829 INFO rally.task.runner [-] Task 77e7abb2-348b-4c40-b97c-48fc9d85da4a | ITER: 72 END: OK
2019-07-31 10:23:44.980 22829 INFO rally.task.runner [-] Task 77e7abb2-348b-4c40-b97c-48fc9d85da4a | ITER: 95 START
2019-07-31 10:23:45.112 22828 INFO rally.task.runner [-] Task 77e7abb2-348b-4c40-b97c-48fc9d85da4a | ITER: 75 END: OK
2019-07-31 10:23:45.116 22828 INFO rally.task.runner [-] Task 77e7abb2-348b-4c40-b97c-48fc9d85da4a | ITER: 96 START
2019-07-31 10:23:45.628 22829 INFO rally.task.runner [-] Task 77e7abb2-348b-4c40-b97c-48fc9d85da4a | ITER: 82 END: OK
2019-07-31 10:23:45.631 22829 INFO rally.task.runner [-] Task 77e7abb2-348b-4c40-b97c-48fc9d85da4a | ITER: 97 START
2019-07-31 10:23:45.812 22872 INFO rally.task.runner [-] Task 77e7abb2-348b-4c40-b97c-48fc9d85da4a | ITER: 76 END: OK
2019-07-31 10:23:45.815 22872 INFO rally.task.runner [-] Task 77e7abb2-348b-4c40-b97c-48fc9d85da4a | ITER: 98 START
2019-07-31 10:23:46.027 22851 INFO rally.task.runner [-] Task 77e7abb2-348b-4c40-b97c-48fc9d85da4a | ITER: 80 END: OK
2019-07-31 10:23:46.030 22851 INFO rally.task.runner [-] Task 77e7abb2-348b-4c40-b97c-48fc9d85da4a | ITER: 99 START
2019-07-31 10:23:46.062 22833 INFO rally.task.runner [-] Task 77e7abb2-348b-4c40-b97c-48fc9d85da4a | ITER: 78 END: OK
2019-07-31 10:23:46.065 22833 INFO rally.task.runner [-] Task 77e7abb2-348b-4c40-b97c-48fc9d85da4a | ITER: 100 START
2019-07-31 10:23:46.198 22830 INFO rally.task.runner [-] Task 77e7abb2-348b-4c40-b97c-48fc9d85da4a | ITER: 86 END: OK
2019-07-31 10:23:46.302 22868 INFO rally.task.runner [-] Task 77e7abb2-348b-4c40-b97c-48fc9d85da4a | ITER: 79 END: OK
2019-07-31 10:23:46.482 22827 INFO rally.task.runner [-] Task 77e7abb2-348b-4c40-b97c-48fc9d85da4a | ITER: 81 END: OK
2019-07-31 10:23:46.524 22847 INFO rally.task.runner [-] Task 77e7abb2-348b-4c40-b97c-48fc9d85da4a | ITER: 88 END: OK
2019-07-31 10:23:46.592 22846 INFO rally.task.runner [-] Task 77e7abb2-348b-4c40-b97c-48fc9d85da4a | ITER: 87 END: OK
2019-07-31 10:23:46.783 22849 INFO rally.task.runner [-] Task 77e7abb2-348b-4c40-b97c-48fc9d85da4a | ITER: 83 END: OK
2019-07-31 10:23:46.816 22858 INFO rally.task.runner [-] Task 77e7abb2-348b-4c40-b97c-48fc9d85da4a | ITER: 89 END: OK
2019-07-31 10:23:46.971 22830 INFO rally.task.runner [-] Task 77e7abb2-348b-4c40-b97c-48fc9d85da4a | ITER: 85 END: OK
2019-07-31 10:23:47.003 22836 INFO rally.task.runner [-] Task 77e7abb2-348b-4c40-b97c-48fc9d85da4a | ITER: 84 END: OK
2019-07-31 10:23:47.313 22827 INFO rally.task.runner [-] Task 77e7abb2-348b-4c40-b97c-48fc9d85da4a | ITER: 92 END: OK
2019-07-31 10:23:47.479 22871 INFO rally.task.runner [-] Task 77e7abb2-348b-4c40-b97c-48fc9d85da4a | ITER: 94 END: OK
2019-07-31 10:23:47.732 22829 INFO rally.task.runner [-] Task 77e7abb2-348b-4c40-b97c-48fc9d85da4a | ITER: 95 END: OK
2019-07-31 10:23:48.032 22828 INFO rally.task.runner [-] Task 77e7abb2-348b-4c40-b97c-48fc9d85da4a | ITER: 91 END: OK
2019-07-31 10:23:48.191 22828 INFO rally.task.runner [-] Task 77e7abb2-348b-4c40-b97c-48fc9d85da4a | ITER: 96 END: OK
2019-07-31 10:23:48.224 22842 INFO rally.task.runner [-] Task 77e7abb2-348b-4c40-b97c-48fc9d85da4a | ITER: 93 END: OK
2019-07-31 10:23:48.306 22862 INFO rally.task.runner [-] Task 77e7abb2-348b-4c40-b97c-48fc9d85da4a | ITER: 90 END: OK
2019-07-31 10:23:48.441 22829 INFO rally.task.runner [-] Task 77e7abb2-348b-4c40-b97c-48fc9d85da4a | ITER: 97 END: OK
2019-07-31 10:23:48.469 22833 INFO rally.task.runner [-] Task 77e7abb2-348b-4c40-b97c-48fc9d85da4a | ITER: 100 END: OK
2019-07-31 10:23:48.939 22851 INFO rally.task.runner [-] Task 77e7abb2-348b-4c40-b97c-48fc9d85da4a | ITER: 99 END: OK
2019-07-31 10:23:49.125 22872 INFO rally.task.runner [-] Task 77e7abb2-348b-4c40-b97c-48fc9d85da4a | ITER: 98 END: OK
2019-07-31 10:23:49.148 22703 INFO rally.task.context [-] Task 77e7abb2-348b-4c40-b97c-48fc9d85da4a | Context cleanup@openstack cleanup() started
2019-07-31 10:23:49.152 22703 RALLYDEBUG rally_openstack.cleanup.manager [-] Cleaning up neutron vip objects
2019-07-31 10:23:49.821 22703 RALLYDEBUG rally_openstack.cleanup.manager [-] Cleaning up neutron health_monitor objects
2019-07-31 10:23:50.450 22703 RALLYDEBUG rally_openstack.cleanup.manager [-] Cleaning up neutron pool objects
2019-07-31 10:23:51.083 22703 RALLYDEBUG rally_openstack.cleanup.manager [-] Cleaning up neutron loadbalancer objects
2019-07-31 10:23:51.737 22703 RALLYDEBUG rally_openstack.cleanup.manager [-] Cleaning up neutron floatingip objects
2019-07-31 10:23:52.700 22703 RALLYDEBUG rally_openstack.cleanup.manager [-] Cleaning up neutron port objects
2019-07-31 10:23:53.880 22703 RALLYDEBUG rally_openstack.cleanup.manager [-] Cleaning up neutron subnet objects
2019-07-31 10:23:54.621 22703 RALLYDEBUG rally_openstack.cleanup.manager [-] Cleaning up neutron network objects
2019-07-31 10:23:55.636 22703 RALLYDEBUG rally_openstack.cleanup.manager [-] Deleting neutron.network object s_rally_b749cbfb_9DTxKWfs (008a58df-91ca-4974-be45-b40264d1a8dd)
2019-07-31 10:23:55.641 22703 RALLYDEBUG rally_openstack.cleanup.manager [-] Deleting neutron.network object s_rally_b749cbfb_Enc514bB (03a7abfa-24f0-40bc-a623-6148a812995d)
2019-07-31 10:23:55.650 22703 RALLYDEBUG rally_openstack.cleanup.manager [-] Deleting neutron.network object s_rally_b749cbfb_0HjZWeTy (0c9248a8-a73e-409a-8f77-c825422d643e)
2019-07-31 10:23:55.651 22703 RALLYDEBUG rally_openstack.cleanup.manager [-] Deleting neutron.network object s_rally_b749cbfb_lXMATJE5 (070dfc51-e258-4141-aa4a-7c48aced2d2b)
2019-07-31 10:23:55.667 22703 RALLYDEBUG rally_openstack.cleanup.manager [-] Deleting neutron.network object s_rally_b749cbfb_dQjsRbvO (169ca1be-ac0c-4ae5-b26d-0b4edb880d57)
2019-07-31 10:23:55.675 22703 RALLYDEBUG rally_openstack.cleanup.manager [-] Deleting neutron.network object s_rally_b749cbfb_3cTHMJqK (17269275-bc92-440d-ba54-db8c47c69c88)
2019-07-31 10:23:55.685 22703 RALLYDEBUG rally_openstack.cleanup.manager [-] Deleting neutron.network object s_rally_b749cbfb_VOhzp1Rg (1744ffbf-d68b-446e-a975-1e1e18e28f8a)
2019-07-31 10:23:55.692 22703 RALLYDEBUG rally_openstack.cleanup.manager [-] Deleting neutron.network object s_rally_b749cbfb_Nyn0xwS5 (1a59375d-4160-4540-924c-429731c34661)
2019-07-31 10:23:55.704 22703 RALLYDEBUG rally_openstack.cleanup.manager [-] Deleting neutron.network object s_rally_b749cbfb_Al2daBEM (1b27c7f3-92be-4148-a63b-d419cf02a162)
2019-07-31 10:23:55.730 22703 RALLYDEBUG rally_openstack.cleanup.manager [-] Deleting neutron.network object s_rally_b749cbfb_J5yy0Cdp (20593778-d3f8-4845-b65d-4a3564ce87b1)
2019-07-31 10:23:55.743 22703 RALLYDEBUG rally_openstack.cleanup.manager [-] Deleting neutron.network object s_rally_b749cbfb_hb2JJQac (2266dcb2-6efa-40cd-a7cc-bf32023563d6)
2019-07-31 10:23:55.766 22703 RALLYDEBUG rally_openstack.cleanup.manager [-] Deleting neutron.network object s_rally_b749cbfb_ZQNFl6dW (26c6ec65-c2c3-4f2b-8862-7794d883f5ac)
2019-07-31 10:23:55.783 22703 RALLYDEBUG rally_openstack.cleanup.manager [-] Deleting neutron.network object s_rally_b749cbfb_q47QAAd5 (20f8cd16-59ca-4eec-a282-359f1b6b89b6)
2019-07-31 10:23:55.798 22703 RALLYDEBUG rally_openstack.cleanup.manager [-] Deleting neutron.network object s_rally_b749cbfb_pABh0gpc (2ebe1b8e-166d-4403-8189-e62f858a17fb)
2019-07-31 10:23:55.800 22703 RALLYDEBUG rally_openstack.cleanup.manager [-] Deleting neutron.network object s_rally_b749cbfb_OKkHk3KF (235a9c44-ae81-4b60-a12a-5ddd47f79248)
2019-07-31 10:23:55.810 22703 RALLYDEBUG rally_openstack.cleanup.manager [-] Deleting neutron.network object s_rally_b749cbfb_SwAE5LBw (29d21d63-2ece-41ee-a4c9-0a41d02bf76f)
2019-07-31 10:23:55.847 22703 RALLYDEBUG rally_openstack.cleanup.manager [-] Deleting neutron.network object s_rally_b749cbfb_zS7GQtfG (306755b1-24d6-4c91-9ec5-d685516d802c)
2019-07-31 10:23:55.860 22703 RALLYDEBUG rally_openstack.cleanup.manager [-] Deleting neutron.network object s_rally_b749cbfb_b1ir1Hol (327be715-fb3a-4d9c-bf27-33ad2e4baae3)
2019-07-31 10:23:55.871 22703 RALLYDEBUG rally_openstack.cleanup.manager [-] Deleting neutron.network object s_rally_b749cbfb_tExjSKr8 (33ec663d-1ab3-437c-b05b-8916967152cb)
2019-07-31 10:23:55.891 22703 RALLYDEBUG rally_openstack.cleanup.manager [-] Deleting neutron.network object s_rally_b749cbfb_s1V5NN31 (370f7ec7-a598-4be1-823e-2d696e7c1663)
2019-07-31 10:23:59.072 22703 RALLYDEBUG rally_openstack.cleanup.manager [-] Deleting neutron.network object s_rally_b749cbfb_7lqJQRh8 (3969cbea-19e3-4e2d-9b63-e690765724fb)
2019-07-31 10:23:59.080 22703 RALLYDEBUG rally_openstack.cleanup.manager [-] Deleting neutron.network object s_rally_b749cbfb_DIJOVEev (3a9d6004-d9f1-4f8a-90bd-a01e091de924)
2019-07-31 10:23:59.193 22703 RALLYDEBUG rally_openstack.cleanup.manager [-] Deleting neutron.network object s_rally_b749cbfb_hfF9udDy (3c1ddb4f-df0f-4968-b994-32cdff816dbe)
2019-07-31 10:23:59.327 22703 RALLYDEBUG rally_openstack.cleanup.manager [-] Deleting neutron.network object s_rally_b749cbfb_C2KANeku (4458fd15-ed26-479a-a237-6489af1a0b1e)
2019-07-31 10:23:59.355 22703 RALLYDEBUG rally_openstack.cleanup.manager [-] Deleting neutron.network object s_rally_b749cbfb_Lu7PuoGM (473c8de4-667a-4152-82df-aa0d826265c4)
2019-07-31 10:23:59.363 22703 RALLYDEBUG rally_openstack.cleanup.manager [-] Deleting neutron.network object s_rally_b749cbfb_mwlhvFcl (49facca2-a431-4f69-8784-d000797e3d60)
2019-07-31 10:23:59.392 22703 RALLYDEBUG rally_openstack.cleanup.manager [-] Deleting neutron.network object s_rally_b749cbfb_BdSlpNgw (4cdd1dc5-b24f-4340-8428-3e9cbc79dd60)
2019-07-31 10:23:59.415 22703 RALLYDEBUG rally_openstack.cleanup.manager [-] Deleting neutron.network object s_rally_b749cbfb_m4HXUAmH (4ee0865f-b1ff-444d-b3e6-f0458b6c1f0a)
2019-07-31 10:23:59.507 22703 RALLYDEBUG rally_openstack.cleanup.manager [-] Deleting neutron.network object s_rally_b749cbfb_F41djbQI (55d47ddb-a7c4-49d3-808b-529dfad2bdfd)
2019-07-31 10:24:00.367 22703 RALLYDEBUG rally_openstack.cleanup.manager [-] Deleting neutron.network object s_rally_b749cbfb_mo8JIdFP (59b1045e-1e6c-4aa8-a97e-731a1be74bce)
2019-07-31 10:24:00.375 22703 RALLYDEBUG rally_openstack.cleanup.manager [-] Deleting neutron.network object s_rally_b749cbfb_GADcYnLz (5dad828f-9816-4225-9155-b8d799b02641)
2019-07-31 10:24:00.611 22703 RALLYDEBUG rally_openstack.cleanup.manager [-] Deleting neutron.network object s_rally_b749cbfb_eHZ5ngrH (6128fa28-e078-4e83-978e-e9ba01aad48f)
2019-07-31 10:24:00.612 22703 RALLYDEBUG rally_openstack.cleanup.manager [-] Deleting neutron.network object s_rally_b749cbfb_a4m2I2pC (6219ade0-8199-420f-b2fc-498505236bda)
2019-07-31 10:24:02.098 22703 RALLYDEBUG rally_openstack.cleanup.manager [-] Deleting neutron.network object s_rally_b749cbfb_wKbMUPPK (68317f03-37de-4296-9d61-04353b6cf720)
2019-07-31 10:24:02.145 22703 RALLYDEBUG rally_openstack.cleanup.manager [-] Deleting neutron.network object s_rally_b749cbfb_geYCaD3d (6f6362bd-b816-4ebd-a93d-f3d7150a1594)
2019-07-31 10:24:02.318 22703 RALLYDEBUG rally_openstack.cleanup.manager [-] Deleting neutron.network object s_rally_b749cbfb_2ms5MnWZ (703bbd4d-6d13-4722-9e66-afcfe3574297)
2019-07-31 10:24:02.371 22703 RALLYDEBUG rally_openstack.cleanup.manager [-] Deleting neutron.network object s_rally_b749cbfb_nOXLFvsh (724aa1d6-361e-4f00-8fe7-0e5c0d2b2f70)
2019-07-31 10:24:02.416 22703 RALLYDEBUG rally_openstack.cleanup.manager [-] Deleting neutron.network object s_rally_b749cbfb_ilqERRX1 (74a554e7-3050-4c3f-934a-4f9f61be28c8)
2019-07-31 10:24:02.443 22703 RALLYDEBUG rally_openstack.cleanup.manager [-] Deleting neutron.network object s_rally_b749cbfb_uI4wusRv (76bbbd1e-23dd-4018-bb8e-4897731ebc25)
2019-07-31 10:24:02.734 22703 RALLYDEBUG rally_openstack.cleanup.manager [-] Deleting neutron.network object s_rally_b749cbfb_hLV8zmMA (77d45ab2-d0c1-4f61-a39d-508aa6551d67)
2019-07-31 10:24:02.903 22703 RALLYDEBUG rally_openstack.cleanup.manager [-] Deleting neutron.network object s_rally_b749cbfb_kIoZ1OQ4 (79fc1359-f023-481b-b252-f95836323a20)
2019-07-31 10:24:03.000 22703 RALLYDEBUG rally_openstack.cleanup.manager [-] Deleting neutron.network object s_rally_b749cbfb_gkNvGOR5 (79fe327d-d256-45f8-9842-2c396dd125a8)
2019-07-31 10:24:03.010 22703 RALLYDEBUG rally_openstack.cleanup.manager [-] Deleting neutron.network object s_rally_b749cbfb_VSAgt88o (7bbbf6bb-e78a-4b79-a5e3-38e0e519596c)
2019-07-31 10:24:03.027 22703 RALLYDEBUG rally_openstack.cleanup.manager [-] Deleting neutron.network object s_rally_b749cbfb_aOTElxV0 (80e54e9b-638c-4eca-86e7-36be353d8e94)
2019-07-31 10:24:03.050 22703 RALLYDEBUG rally_openstack.cleanup.manager [-] Deleting neutron.network object s_rally_b749cbfb_IwXr625A (8162da49-1b22-4ea2-9f06-c7432ec41f08)
2019-07-31 10:24:03.076 22703 RALLYDEBUG rally_openstack.cleanup.manager [-] Deleting neutron.network object s_rally_b749cbfb_0RrVYHt7 (83be31be-27f3-4821-a959-a85aa68e2430)
2019-07-31 10:24:03.134 22703 RALLYDEBUG rally_openstack.cleanup.manager [-] Deleting neutron.network object s_rally_b749cbfb_WHEXWRV2 (83fb35d8-99ea-4bf6-ab0b-8e25765975da)
2019-07-31 10:24:03.844 22703 RALLYDEBUG rally_openstack.cleanup.manager [-] Deleting neutron.network object s_rally_b749cbfb_tLrs3Xy9 (8594e22a-2862-47ff-97ab-10fd81d02297)
2019-07-31 10:24:03.858 22703 RALLYDEBUG rally_openstack.cleanup.manager [-] Deleting neutron.network object s_rally_b749cbfb_DchbEnTz (86078b13-aeb6-46fd-9894-498688a89d25)
2019-07-31 10:24:03.869 22703 RALLYDEBUG rally_openstack.cleanup.manager [-] Deleting neutron.network object s_rally_b749cbfb_k3lfaQlR (88e6d70c-fff4-4f22-a429-5f11040c8253)
2019-07-31 10:24:03.926 22703 RALLYDEBUG rally_openstack.cleanup.manager [-] Deleting neutron.network object s_rally_b749cbfb_SUxtEJeQ (8aea2e27-8c71-46eb-933e-21199ffd8646)
2019-07-31 10:24:04.187 22703 RALLYDEBUG rally_openstack.cleanup.manager [-] Deleting neutron.network object s_rally_b749cbfb_wNjRzuPI (8c3d1eb5-2568-47fe-8ef2-a61b9cc197d4)
2019-07-31 10:24:04.230 22703 RALLYDEBUG rally_openstack.cleanup.manager [-] Deleting neutron.network object s_rally_b749cbfb_0ADzbJhJ (97831213-dc1e-4bee-a0e1-d7811aebf837)
2019-07-31 10:24:05.600 22703 RALLYDEBUG rally_openstack.cleanup.manager [-] Deleting neutron.network object s_rally_b749cbfb_2cGtuqzp (98620bc7-0967-4e9e-8e97-2716347d44e2)
2019-07-31 10:24:05.758 22703 RALLYDEBUG rally_openstack.cleanup.manager [-] Deleting neutron.network object s_rally_b749cbfb_wtmM1E5U (994cf49a-045a-486b-9071-0abfa4716985)
2019-07-31 10:24:06.132 22703 RALLYDEBUG rally_openstack.cleanup.manager [-] Deleting neutron.network object s_rally_b749cbfb_9dKXM5oz (99eb2e29-7f8c-4890-846e-e00b73847c9b)
2019-07-31 10:24:06.198 22703 RALLYDEBUG rally_openstack.cleanup.manager [-] Deleting neutron.network object s_rally_b749cbfb_Z2pbL9pn (9b9d3cd0-3838-463b-ab7f-a5ec9c11f07f)
2019-07-31 10:24:06.253 22703 RALLYDEBUG rally_openstack.cleanup.manager [-] Deleting neutron.network object s_rally_b749cbfb_snJF4d82 (9db5c384-71b0-48b3-9a09-a2933a4959a2)
2019-07-31 10:24:06.289 22703 RALLYDEBUG rally_openstack.cleanup.manager [-] Deleting neutron.network object s_rally_b749cbfb_0t8yRiFS (9db67e26-7eab-4002-a60c-967f1c6ab2d2)
2019-07-31 10:24:06.538 22703 RALLYDEBUG rally_openstack.cleanup.manager [-] Deleting neutron.network object s_rally_b749cbfb_V1bhrkqI (a16c6826-4cab-4e3a-a3c7-8dd5f8f895ff)
2019-07-31 10:24:06.543 22703 RALLYDEBUG rally_openstack.cleanup.manager [-] Deleting neutron.network object s_rally_b749cbfb_TyByFCwN (a280825c-1830-42bd-ab82-61afc3ba61f9)
2019-07-31 10:24:06.615 22703 RALLYDEBUG rally_openstack.cleanup.manager [-] Deleting neutron.network object s_rally_b749cbfb_qKddsAFI (a284a4a6-f712-4a09-8f9b-ac4338f48efd)
2019-07-31 10:24:06.629 22703 RALLYDEBUG rally_openstack.cleanup.manager [-] Deleting neutron.network object s_rally_b749cbfb_pLk9WEQ5 (a32c1159-8c25-4e33-99a2-d040f0a7e785)
2019-07-31 10:24:06.689 22703 RALLYDEBUG rally_openstack.cleanup.manager [-] Deleting neutron.network object s_rally_b749cbfb_3KmfuFSE (a747916a-b318-4c0c-a3eb-77238c68b2a2)
2019-07-31 10:24:06.836 22703 RALLYDEBUG rally_openstack.cleanup.manager [-] Deleting neutron.network object s_rally_b749cbfb_9cRVQDTp (af18116e-9d7a-4d1f-9f44-f4088d93cb95)
2019-07-31 10:24:07.013 22703 RALLYDEBUG rally_openstack.cleanup.manager [-] Deleting neutron.network object s_rally_b749cbfb_9yZcCldI (b15dc8f7-1a12-43fd-a448-6d073e1234cf)
2019-07-31 10:24:07.372 22703 RALLYDEBUG rally_openstack.cleanup.manager [-] Deleting neutron.network object s_rally_b749cbfb_9AvilnZy (b1607e83-e2ac-4f16-90cb-5b4decd8f78f)
2019-07-31 10:24:07.489 22703 RALLYDEBUG rally_openstack.cleanup.manager [-] Deleting neutron.network object s_rally_b749cbfb_F9SQFIU4 (b7d8de9f-9ddf-45da-a91b-d1e3452c23b9)
2019-07-31 10:24:07.628 22703 RALLYDEBUG rally_openstack.cleanup.manager [-] Deleting neutron.network object s_rally_b749cbfb_2wyxHrzP (b9bacfdd-1b8f-4b76-b835-be7a12dfff68)
2019-07-31 10:24:07.942 22703 RALLYDEBUG rally_openstack.cleanup.manager [-] Deleting neutron.network object s_rally_b749cbfb_59lh78K0 (bc0e5070-de90-4c6e-9b9b-b304eb35a455)
2019-07-31 10:24:07.956 22703 RALLYDEBUG rally_openstack.cleanup.manager [-] Deleting neutron.network object s_rally_b749cbfb_WdPqayCP (bca0deb3-0012-4991-8efa-44b54e14fd42)
2019-07-31 10:24:08.164 22703 RALLYDEBUG rally_openstack.cleanup.manager [-] Deleting neutron.network object s_rally_b749cbfb_1CdXRPzO (bd104574-aeba-4eeb-87b3-fb4253558629)
2019-07-31 10:24:08.570 22703 RALLYDEBUG rally_openstack.cleanup.manager [-] Deleting neutron.network object s_rally_b749cbfb_0xOZrPBx (bd645719-6403-4b20-a8bc-cbfc3669a394)
2019-07-31 10:24:08.710 22703 RALLYDEBUG rally_openstack.cleanup.manager [-] Deleting neutron.network object s_rally_b749cbfb_Mivjyb7f (c5c4a856-a21c-4837-a77b-fc8af73fbc4a)
2019-07-31 10:24:09.045 22703 RALLYDEBUG rally_openstack.cleanup.manager [-] Deleting neutron.network object s_rally_b749cbfb_U50WCmE0 (c6cd3d4f-5029-487f-9e80-3327973a1bf3)
2019-07-31 10:24:09.203 22703 RALLYDEBUG rally_openstack.cleanup.manager [-] Deleting neutron.network object s_rally_b749cbfb_jDmYD9O6 (c6fb1380-192a-45d6-9e78-580813f26304)
2019-07-31 10:24:09.431 22703 RALLYDEBUG rally_openstack.cleanup.manager [-] Deleting neutron.network object s_rally_b749cbfb_ABe616YC (c8b52d9d-a029-4c42-940f-58d3282605c7)
2019-07-31 10:24:09.670 22703 RALLYDEBUG rally_openstack.cleanup.manager [-] Deleting neutron.network object s_rally_b749cbfb_qlmduOE8 (cc36e9d7-e10b-4664-b344-72268103cb71)
2019-07-31 10:24:09.691 22703 RALLYDEBUG rally_openstack.cleanup.manager [-] Deleting neutron.network object s_rally_b749cbfb_1ZU5LROG (cc679640-e721-4ed6-a44c-5200bd933ad7)
2019-07-31 10:24:09.802 22703 RALLYDEBUG rally_openstack.cleanup.manager [-] Deleting neutron.network object s_rally_b749cbfb_ExrwgU0f (ccdf7c2e-bb2b-4359-93f0-8f2893c801ef)
2019-07-31 10:24:09.939 22703 RALLYDEBUG rally_openstack.cleanup.manager [-] Deleting neutron.network object s_rally_b749cbfb_pA7GwZuY (cebc1ae8-a3aa-4cb2-a826-6cb360c8a937)
2019-07-31 10:24:09.995 22703 RALLYDEBUG rally_openstack.cleanup.manager [-] Deleting neutron.network object s_rally_b749cbfb_yA2HZr14 (cef39a67-8067-4cea-aeef-07511d7d1964)
2019-07-31 10:24:10.125 22703 RALLYDEBUG rally_openstack.cleanup.manager [-] Deleting neutron.network object s_rally_b749cbfb_hX4Ozzsz (d39ea710-1f25-457d-a180-3622acd58f2a)
2019-07-31 10:24:10.163 22703 RALLYDEBUG rally_openstack.cleanup.manager [-] Deleting neutron.network object s_rally_b749cbfb_DCKVuOjC (d3c27075-0a52-4937-95b1-b79296776ffe)
2019-07-31 10:24:10.210 22703 RALLYDEBUG rally_openstack.cleanup.manager [-] Deleting neutron.network object s_rally_b749cbfb_4JG8cq47 (d453ffe4-244d-445f-b06c-bce47c2dbe04)
2019-07-31 10:24:10.303 22703 RALLYDEBUG rally_openstack.cleanup.manager [-] Deleting neutron.network object s_rally_b749cbfb_MxrAt38W (d5bb949a-c7dc-4e66-a4ad-f8c898738b65)
2019-07-31 10:24:10.832 22703 RALLYDEBUG rally_openstack.cleanup.manager [-] Deleting neutron.network object s_rally_b749cbfb_DivMh1FR (d70af283-de42-45fe-81c9-a201ee28a15e)
2019-07-31 10:24:10.973 22703 RALLYDEBUG rally_openstack.cleanup.manager [-] Deleting neutron.network object s_rally_b749cbfb_fYvgOabQ (dcd83218-983a-4686-956c-4441c4e463d3)
2019-07-31 10:24:10.973 22703 RALLYDEBUG rally_openstack.cleanup.manager [-] Deleting neutron.network object s_rally_b749cbfb_jgpzxMQX (d7611d34-9f27-4ed1-b9c7-ba6897a6dfbe)
2019-07-31 10:24:11.180 22703 RALLYDEBUG rally_openstack.cleanup.manager [-] Deleting neutron.network object s_rally_b749cbfb_5SQGr3Qm (e9cca4c1-a646-437b-9ca6-882d32533127)
2019-07-31 10:24:11.322 22703 RALLYDEBUG rally_openstack.cleanup.manager [-] Deleting neutron.network object s_rally_b749cbfb_3IDaDCxX (eb54e418-1adf-49cf-94c0-2eaa91e3523e)
2019-07-31 10:24:11.698 22703 RALLYDEBUG rally_openstack.cleanup.manager [-] Deleting neutron.network object s_rally_b749cbfb_bJN5XayS (f20963a5-f98d-41b3-98ff-581ef2ec8fc4)
2019-07-31 10:24:11.786 22703 RALLYDEBUG rally_openstack.cleanup.manager [-] Deleting neutron.network object s_rally_b749cbfb_aoMBdd3J (f2171b92-8d28-441e-9098-8bd1be87df9e)
2019-07-31 10:24:12.013 22703 RALLYDEBUG rally_openstack.cleanup.manager [-] Deleting neutron.network object s_rally_b749cbfb_hALsV6nI (f23aa981-24b1-4e17-9744-1274d25c364a)
2019-07-31 10:24:12.195 22703 RALLYDEBUG rally_openstack.cleanup.manager [-] Deleting neutron.network object s_rally_b749cbfb_oWf46E8w (f6c9c052-dbd1-41d1-ac29-f27d62acedf7)
2019-07-31 10:24:12.313 22703 RALLYDEBUG rally_openstack.cleanup.manager [-] Deleting neutron.network object s_rally_b749cbfb_HproDTiu (f6e7bd43-f421-4eb1-b6d4-b146045d55ac)
