2019-07-31 10:39:11.298 22703 RALLYDEBUG rally_openstack.cleanup.manager [-] Deleting neutron.port object s_rally_788db136_94wAi1P5 (da82869a-3892-4344-9b69-1a364d36eae0)
2019-07-31 10:39:11.399 22703 RALLYDEBUG rally_openstack.cleanup.manager [-] Deleting neutron.port object s_rally_788db136_l6krI5mH (daea883e-9a00-433f-a2c1-152d74451c4b)
2019-07-31 10:39:11.497 22703 RALLYDEBUG rally_openstack.cleanup.manager [-] Deleting neutron.port object s_rally_788db136_d6zZZrgD (db2f2e10-23e9-4ec2-8326-c51dd0611a22)
2019-07-31 10:39:11.502 22703 RALLYDEBUG rally_openstack.cleanup.manager [-] Deleting neutron.port object s_rally_788db136_o3onOfcs (dbcae146-341c-4248-8cfe-fc49a8e201cc)
2019-07-31 10:39:11.802 22703 RALLYDEBUG rally_openstack.cleanup.manager [-] Deleting neutron.port object s_rally_788db136_FCaCQ3k6 (dbe4d9b0-a7f3-4668-b7d5-cb4d0a2368ca)
2019-07-31 10:39:11.806 22703 RALLYDEBUG rally_openstack.cleanup.manager [-] Deleting neutron.port object s_rally_788db136_4PAVekYY (ddc241ae-d3c4-4c5d-8642-9827e8c83bd6)
2019-07-31 10:39:11.814 22703 RALLYDEBUG rally_openstack.cleanup.manager [-] Deleting neutron.port object s_rally_788db136_5PuXnmmy (de45f705-9c1e-48d6-bc57-85f946b7536d)
2019-07-31 10:39:11.871 22703 RALLYDEBUG rally_openstack.cleanup.manager [-] Deleting neutron.port object s_rally_788db136_3D3jCk1e (de55fb9e-001e-422a-9ae5-7487886fa6ad)
2019-07-31 10:39:11.894 22703 RALLYDEBUG rally_openstack.cleanup.manager [-] Deleting neutron.port object s_rally_788db136_cxgtUVTf (df4ff518-0a0d-4835-a085-cd9710a2ac10)
2019-07-31 10:39:11.936 22703 RALLYDEBUG rally_openstack.cleanup.manager [-] Deleting neutron.port object s_rally_788db136_6fdhZE0X (df5b23fa-6a68-41dc-8a80-2c94e3151279)
2019-07-31 10:39:12.273 22703 RALLYDEBUG rally_openstack.cleanup.manager [-] Deleting neutron.port object s_rally_788db136_L9o3LVUf (e0573193-6d19-4f9a-9143-f06cd2c1734b)
2019-07-31 10:39:12.315 22703 RALLYDEBUG rally_openstack.cleanup.manager [-] Deleting neutron.port object s_rally_788db136_v2DfVDm8 (e146aaa3-0025-43b9-a9b8-b2b461ef21ff)
2019-07-31 10:39:12.390 22703 RALLYDEBUG rally_openstack.cleanup.manager [-] Deleting neutron.port object s_rally_788db136_WwQMvqNF (e24a79d1-f223-4464-9429-8565351b68eb)
2019-07-31 10:39:12.527 22703 RALLYDEBUG rally_openstack.cleanup.manager [-] Deleting neutron.port object s_rally_788db136_XtsvII5b (e2c07494-1d31-40ea-8759-87e162e75791)
2019-07-31 10:39:12.642 22703 RALLYDEBUG rally_openstack.cleanup.manager [-] Deleting neutron.port object s_rally_788db136_Mf0XEE5V (e34c7ed6-f6cc-4db9-9e76-3a3fdd84bcd9)
2019-07-31 10:39:12.687 22703 RALLYDEBUG rally_openstack.cleanup.manager [-] Deleting neutron.port object s_rally_788db136_htzlvBM1 (e3c9af39-9faf-4d47-994e-701db6041c87)
2019-07-31 10:39:12.893 22703 RALLYDEBUG rally_openstack.cleanup.manager [-] Deleting neutron.port object s_rally_788db136_gYv72AjQ (e3d7bf8d-0a9b-4282-8f89-d86decac0844)
2019-07-31 10:39:12.917 22703 RALLYDEBUG rally_openstack.cleanup.manager [-] Deleting neutron.port object s_rally_788db136_TAqKY1lC (e4b75707-48cc-470a-a672-e8a112e502d8)
2019-07-31 10:39:13.002 22703 RALLYDEBUG rally_openstack.cleanup.manager [-] Deleting neutron.port object s_rally_788db136_dQw693BW (e519a446-48a7-41ae-b00b-2a91e90b8315)
2019-07-31 10:39:13.479 22703 RALLYDEBUG rally_openstack.cleanup.manager [-] Deleting neutron.port object s_rally_788db136_ANHCwTLi (e7d5cc5f-b93e-4b20-a522-f04383a8b314)
2019-07-31 10:39:13.647 22703 RALLYDEBUG rally_openstack.cleanup.manager [-] Deleting neutron.port object s_rally_788db136_MFlYpDP7 (e91c48e8-93a7-4af4-a48d-bc28815a92ba)
2019-07-31 10:39:13.855 22703 RALLYDEBUG rally_openstack.cleanup.manager [-] Deleting neutron.port object s_rally_788db136_a4M2oUoM (e93ffc05-7c5d-4196-9524-e8fca58bf0e6)
2019-07-31 10:39:13.996 22703 RALLYDEBUG rally_openstack.cleanup.manager [-] Deleting neutron.port object s_rally_788db136_Wm17IhUG (e99d2fd8-86ac-4215-a250-b788912008a6)
2019-07-31 10:39:14.108 22703 RALLYDEBUG rally_openstack.cleanup.manager [-] Deleting neutron.port object s_rally_788db136_kDYmF4rZ (ea555e77-d307-4a42-89fd-dd68885ebd19)
2019-07-31 10:39:14.150 22703 RALLYDEBUG rally_openstack.cleanup.manager [-] Deleting neutron.port object s_rally_788db136_RL9ieCCV (ea69e36d-445e-4644-aff1-3a5ae40d3601)
2019-07-31 10:39:14.166 22703 RALLYDEBUG rally_openstack.cleanup.manager [-] Deleting neutron.port object s_rally_788db136_5LJdP9Di (ebb367b9-ef90-4aee-96de-c4e1d677c153)
2019-07-31 10:39:14.389 22703 RALLYDEBUG rally_openstack.cleanup.manager [-] Deleting neutron.port object s_rally_788db136_Vspf733H (ec1a697a-d9d8-4edf-aea4-a3f1d2ecc7ff)
2019-07-31 10:39:14.570 22703 RALLYDEBUG rally_openstack.cleanup.manager [-] Deleting neutron.port object s_rally_788db136_8QzOhQL2 (ec93fd10-772d-4896-afee-d22d30e6b3a5)
2019-07-31 10:39:14.744 22703 RALLYDEBUG rally_openstack.cleanup.manager [-] Deleting neutron.port object s_rally_788db136_z4R53BOi (ecc75a97-dfa3-4ba0-a77c-c75f72aa3762)
2019-07-31 10:39:14.788 22703 RALLYDEBUG rally_openstack.cleanup.manager [-] Deleting neutron.port object s_rally_788db136_EG0hsare (ecf475ac-81f9-4dcb-a6b5-183e80addad2)
2019-07-31 10:39:14.931 22703 RALLYDEBUG rally_openstack.cleanup.manager [-] Deleting neutron.port object s_rally_788db136_xYIfTY01 (ee564ff2-5274-4c5b-aa6e-3e2f8ba0c9b2)
2019-07-31 10:39:14.953 22703 RALLYDEBUG rally_openstack.cleanup.manager [-] Deleting neutron.port object s_rally_788db136_QrBEHRCb (ee5eea84-1f49-461f-8973-156a2beebf5c)
2019-07-31 10:39:14.970 22703 RALLYDEBUG rally_openstack.cleanup.manager [-] Deleting neutron.port object s_rally_788db136_x6XQ4G8k (ef1dc7e1-89cd-4af9-8818-6ad782d1c650)
2019-07-31 10:39:15.043 22703 RALLYDEBUG rally_openstack.cleanup.manager [-] Deleting neutron.port object s_rally_788db136_qYf4bbJA (f101c114-fce4-42a2-b7f8-05cecca316c9)
2019-07-31 10:39:15.081 22703 RALLYDEBUG rally_openstack.cleanup.manager [-] Deleting neutron.port object s_rally_788db136_Tuufp3E4 (f11c8a33-d193-43d0-bbd4-f9456bf72e4e)
2019-07-31 10:39:15.187 22703 RALLYDEBUG rally_openstack.cleanup.manager [-] Deleting neutron.port object s_rally_788db136_C7nBnvQa (f12e2119-8e3e-411a-882b-659d1053ab54)
2019-07-31 10:39:15.235 22703 RALLYDEBUG rally_openstack.cleanup.manager [-] Deleting neutron.port object s_rally_788db136_Xjgy81ER (f22f880c-a5a4-4ae0-b0a1-aff68f4062f0)
2019-07-31 10:39:15.350 22703 RALLYDEBUG rally_openstack.cleanup.manager [-] Deleting neutron.port object s_rally_788db136_uHnjHnlq (f2477b53-d0d0-4a75-a4da-9fca7d17e396)
2019-07-31 10:39:15.420 22703 RALLYDEBUG rally_openstack.cleanup.manager [-] Deleting neutron.port object s_rally_788db136_SfB6fmFB (f29a5dd8-c638-42d3-a4e8-f16ba4c72407)
2019-07-31 10:39:15.732 22703 RALLYDEBUG rally_openstack.cleanup.manager [-] Deleting neutron.port object s_rally_788db136_Kj1a9B34 (f390ef7d-e1df-4aae-a26d-b5284df5b08b)
2019-07-31 10:39:15.897 22703 RALLYDEBUG rally_openstack.cleanup.manager [-] Deleting neutron.port object s_rally_788db136_BfIxLRYn (f3ba9daf-37d3-4e6f-8ddc-f03baf513d5a)
2019-07-31 10:39:16.292 22703 RALLYDEBUG rally_openstack.cleanup.manager [-] Deleting neutron.port object s_rally_788db136_bavgVq46 (f40c61f9-0e82-4b84-bc29-780ee56c841f)
2019-07-31 10:39:16.397 22703 RALLYDEBUG rally_openstack.cleanup.manager [-] Deleting neutron.port object s_rally_788db136_3QkcD8Ss (f428de0a-85dc-47b7-865e-62eb47a6097d)
2019-07-31 10:39:16.516 22703 RALLYDEBUG rally_openstack.cleanup.manager [-] Deleting neutron.port object s_rally_788db136_VaoUL7H2 (f5745092-92e1-4ffd-b8a1-d00e57466d32)
2019-07-31 10:39:16.804 22703 RALLYDEBUG rally_openstack.cleanup.manager [-] Deleting neutron.port object s_rally_788db136_9s9Bffsw (f5a662e7-7b06-4420-ae3f-58943a492b32)
2019-07-31 10:39:16.829 22703 RALLYDEBUG rally_openstack.cleanup.manager [-] Deleting neutron.port object s_rally_788db136_dIt9KgGt (f688d440-246d-435a-a2c9-13e6407f67ca)
2019-07-31 10:39:16.834 22703 RALLYDEBUG rally_openstack.cleanup.manager [-] Deleting neutron.port object s_rally_788db136_dPAcUpEv (f6a3edff-1d9b-454e-a751-4b4d1bb7c537)
2019-07-31 10:39:17.000 22703 RALLYDEBUG rally_openstack.cleanup.manager [-] Deleting neutron.port object s_rally_788db136_Bcq70OJv (f8ca99c0-baa5-4454-b6cd-d512b5877c21)
2019-07-31 10:39:17.242 22703 RALLYDEBUG rally_openstack.cleanup.manager [-] Deleting neutron.port object s_rally_788db136_esYa3TMV (f8e49b1d-928c-4b08-b07d-ed50e7674ef3)
2019-07-31 10:39:17.490 22703 RALLYDEBUG rally_openstack.cleanup.manager [-] Deleting neutron.port object s_rally_788db136_86QbZGDH (f92b6de0-eecc-456a-b87e-a0dd4c1790b7)
2019-07-31 10:39:17.772 22703 RALLYDEBUG rally_openstack.cleanup.manager [-] Deleting neutron.port object s_rally_788db136_RTQpFNL7 (f9686335-4be8-4c5e-afc4-aa77bee23c64)
2019-07-31 10:39:17.777 22703 RALLYDEBUG rally_openstack.cleanup.manager [-] Deleting neutron.port object s_rally_788db136_66OuyZ3O (f9a8610a-ee67-4395-ad84-ccbed88ce7f3)
2019-07-31 10:39:17.871 22703 RALLYDEBUG rally_openstack.cleanup.manager [-] Deleting neutron.port object s_rally_788db136_0B40IB8X (fb7e7d73-6220-4107-bd6d-a678da80b62c)
2019-07-31 10:39:17.905 22703 RALLYDEBUG rally_openstack.cleanup.manager [-] Deleting neutron.port object s_rally_788db136_myQfhR66 (fbb0687f-ec5e-4d75-9cae-7fdc2711668d)
2019-07-31 10:39:17.921 22703 RALLYDEBUG rally_openstack.cleanup.manager [-] Deleting neutron.port object s_rally_788db136_kgAHvRne (fcc0146e-1d7a-41d3-aeb7-5cc237c59bc8)
2019-07-31 10:39:17.955 22703 RALLYDEBUG rally_openstack.cleanup.manager [-] Deleting neutron.port object s_rally_788db136_lRiw5ABI (fd1fb9f0-2431-468d-9a32-d44d9bdaa00d)
2019-07-31 10:39:17.994 22703 RALLYDEBUG rally_openstack.cleanup.manager [-] Deleting neutron.port object s_rally_788db136_iVFapLOp (fd34bfaa-4675-49b8-91cc-d4e3f78fd7b3)
2019-07-31 10:39:18.055 22703 RALLYDEBUG rally_openstack.cleanup.manager [-] Deleting neutron.port object s_rally_788db136_qTONkW4u (fd8c65e3-f3ab-4ec2-8573-7234bcd2c0d6)
2019-07-31 10:39:18.094 22703 RALLYDEBUG rally_openstack.cleanup.manager [-] Deleting neutron.port object s_rally_788db136_i5Xe8owD (fe518ab5-1193-4e81-b86c-a6f0ba94e0f4)
2019-07-31 10:39:18.170 22703 RALLYDEBUG rally_openstack.cleanup.manager [-] Deleting neutron.port object s_rally_788db136_js7lBgdI (ffea163e-1f07-4dda-ac55-cd1966f9730a)
2019-07-31 10:39:20.945 22703 RALLYDEBUG rally_openstack.cleanup.manager [-] Cleaning up neutron subnet objects
2019-07-31 10:39:21.630 22703 RALLYDEBUG rally_openstack.cleanup.manager [-] Cleaning up neutron network objects
2019-07-31 10:39:22.457 22703 RALLYDEBUG rally_openstack.cleanup.manager [-] Deleting neutron.network object s_rally_788db136_WPckcHnq (2f6a6d5f-301d-4553-9bcc-151538f99c0e)
2019-07-31 10:39:22.465 22703 RALLYDEBUG rally_openstack.cleanup.manager [-] Deleting neutron.network object s_rally_788db136_ehpMVmML (5cfed555-8499-4b95-8827-b05896cdb534)
2019-07-31 10:39:22.465 22703 RALLYDEBUG rally_openstack.cleanup.manager [-] Deleting neutron.network object s_rally_788db136_qzg7KdgG (bb23258c-6655-4972-a681-0513d4971a5a)
2019-07-31 10:39:22.470 22703 RALLYDEBUG rally_openstack.cleanup.manager [-] Deleting neutron.network object s_rally_788db136_fqM4ErQZ (c84168c3-0b92-4dc2-96d0-9cefd0b4e7e8)
2019-07-31 10:39:22.474 22703 RALLYDEBUG rally_openstack.cleanup.manager [-] Deleting neutron.network object s_rally_788db136_GqDfnfNp (3e3a7980-089a-4064-8d10-52a7b681e089)
2019-07-31 10:39:22.478 22703 RALLYDEBUG rally_openstack.cleanup.manager [-] Deleting neutron.network object s_rally_788db136_RSMN9CUc (e1ee75ef-0488-4e67-a916-866b94e5c5f6)
2019-07-31 10:39:22.487 22703 RALLYDEBUG rally_openstack.cleanup.manager [-] Deleting neutron.network object s_rally_788db136_rSRtTGdf (e2c53472-9805-4760-b510-06eb1e575184)
2019-07-31 10:39:22.492 22703 RALLYDEBUG rally_openstack.cleanup.manager [-] Deleting neutron.network object s_rally_788db136_8nQjob1J (f22a246e-47f4-46cd-867d-542fe5109a19)
2019-07-31 10:39:26.852 22703 RALLYDEBUG rally_openstack.cleanup.manager [-] Cleaning up neutron router objects
2019-07-31 10:39:27.645 22703 RALLYDEBUG rally_openstack.cleanup.manager [-] Cleaning up neutron security_group objects
2019-07-31 10:39:28.424 22703 INFO rally.task.context [-] Task 77e7abb2-348b-4c40-b97c-48fc9d85da4a | Context cleanup@openstack cleanup() finished in 1.11 min
2019-07-31 10:39:28.425 22703 INFO rally.task.context [-] Task 77e7abb2-348b-4c40-b97c-48fc9d85da4a | Context quotas@openstack cleanup() started
2019-07-31 10:39:28.669 22703 INFO rally.task.context [-] Task 77e7abb2-348b-4c40-b97c-48fc9d85da4a | Context quotas@openstack cleanup() finished in 0.24 sec
2019-07-31 10:39:28.669 22703 INFO rally.task.context [-] Task 77e7abb2-348b-4c40-b97c-48fc9d85da4a | Context users@openstack cleanup() started
2019-07-31 10:39:34.116 22703 INFO rally.task.context [-] Task 77e7abb2-348b-4c40-b97c-48fc9d85da4a | Context users@openstack cleanup() finished in 5.45 sec
2019-07-31 10:39:35.387 22703 INFO rally.task.engine [-] Load duration is: 113.430243
2019-07-31 10:39:35.388 22703 INFO rally.task.engine [-] Full runner duration is: 113.47892
2019-07-31 10:39:35.388 22703 INFO rally.task.engine [-] Full duration is: 191.587147
2019-07-31 10:39:35.646 22703 INFO rally.task.engine [-] Running workload: position = 1 config = { "version": 2, "title": "A cropped version of a bigger task.", "description": "Auto-generated task from a single workload (uuid=0bc9c313-78c5-4e33-8991-44140b77348e)", "subtasks": [ { "title": "NeutronNetworks.create_and_update_ports", "description": "Create and update a given number of ports.", "scenario": { "NeutronNetworks.create_and_update_ports": { "network_create_args": {}, "port_create_args": {}, "ports_per_network": 5, "port_update_args": { "admin_state_up": false, "device_id": "dummy_id", "device_owner": "dummy_owner", "name": "_port_updated" } } }, "contexts": { "users": { "tenants": 1, "users_per_tenant": 1 }, "quotas": { "neutron": { "network": -1, "port": -1 } } }, "runner": { "constant": { "times": 40, "concurrency": 20 } }, "hooks": [], "sla": { "failure_rate": { "max": 0 } } } ] }
2019-07-31 10:39:35.667 22703 RALLYDEBUG rally_openstack.contexts.keystone.users [-] Creating 1 tenants using 20 threads
2019-07-31 10:39:37.570 22703 RALLYDEBUG rally_openstack.contexts.keystone.users [-] Creating 1 users using 20 threads
2019-07-31 10:39:40.583 22703 INFO rally.task.context [-] Task 77e7abb2-348b-4c40-b97c-48fc9d85da4a | Context users@openstack setup() finished in 4.92 sec
2019-07-31 10:39:41.419 22703 INFO rally.task.context [-] Task 77e7abb2-348b-4c40-b97c-48fc9d85da4a | Context quotas@openstack setup() finished in 0.84 sec
2019-07-31 10:39:41.420 22703 INFO rally.task.context [-] Task 77e7abb2-348b-4c40-b97c-48fc9d85da4a | Context cleanup@openstack setup() finished in 0.00 msec
2019-07-31 10:39:41.429 22703 RALLYDEBUG rally.task.runner [-] Starting the constant runner (task UUID: 77e7abb2-348b-4c40-b97c-48fc9d85da4a). timeout: 0 concurrency: 20 concurrency_per_worker: 1 times: 40 concurrency_overhead: 4 processes_to_start: 16 max_cpu_used: 16
2019-07-31 10:39:41.441 26579 RALLYDEBUG rally.task.runner [-] Starting a worker. concurrency: 2 args: {"network_create_args": {}, "port_create_args": {}, "ports_per_network": 5, "port_update_args": {"admin_state_up": false, "device_id": "dummy_id", "device_owner": "dummy_owner", "name": "_port_updated"}} times: 40 method_name: run timeout: 0 duration: None cls:
2019-07-31 10:39:41.445 26580 RALLYDEBUG rally.task.runner [-] Starting a worker. concurrency: 2 args: {"network_create_args": {}, "port_create_args": {}, "ports_per_network": 5, "port_update_args": {"admin_state_up": false, "device_id": "dummy_id", "device_owner": "dummy_owner", "name": "_port_updated"}} times: 40 method_name: run timeout: 0 duration: None cls:
2019-07-31 10:39:41.447 26581 RALLYDEBUG rally.task.runner [-] Starting a worker. concurrency: 2 args: {"network_create_args": {}, "port_create_args": {}, "ports_per_network": 5, "port_update_args": {"admin_state_up": false, "device_id": "dummy_id", "device_owner": "dummy_owner", "name": "_port_updated"}} times: 40 method_name: run timeout: 0 duration: None cls:
2019-07-31 10:39:41.449 26579 INFO rally.task.runner [-] Task 77e7abb2-348b-4c40-b97c-48fc9d85da4a | ITER: 1 START
2019-07-31 10:39:41.450 26582 RALLYDEBUG rally.task.runner [-] Starting a worker. concurrency: 2 args: {"network_create_args": {}, "port_create_args": {}, "ports_per_network": 5, "port_update_args": {"admin_state_up": false, "device_id": "dummy_id", "device_owner": "dummy_owner", "name": "_port_updated"}} times: 40 method_name: run timeout: 0 duration: None cls:
2019-07-31 10:39:41.452 26579 WARNING rally_openstack.scenarios.neutron.utils [-] Running this scenario without either the 'network' or 'existing_network' context is deprecated
2019-07-31 10:39:41.456 26581 INFO rally.task.runner [-] Task 77e7abb2-348b-4c40-b97c-48fc9d85da4a | ITER: 4 START
2019-07-31 10:39:41.456 26585 RALLYDEBUG rally.task.runner [-] Starting a worker. concurrency: 1 args: {"network_create_args": {}, "port_create_args": {}, "ports_per_network": 5, "port_update_args": {"admin_state_up": false, "device_id": "dummy_id", "device_owner": "dummy_owner", "name": "_port_updated"}} times: 40 method_name: run timeout: 0 duration: None cls:
2019-07-31 10:39:41.457 26586 RALLYDEBUG rally.task.runner [-] Starting a worker. concurrency: 1 args: {"network_create_args": {}, "port_create_args": {}, "ports_per_network": 5, "port_update_args": {"admin_state_up": false, "device_id": "dummy_id", "device_owner": "dummy_owner", "name": "_port_updated"}} times: 40 method_name: run timeout: 0 duration: None cls:
2019-07-31 10:39:41.456 26580 INFO rally.task.runner [-] Task 77e7abb2-348b-4c40-b97c-48fc9d85da4a | ITER: 3 START
2019-07-31 10:39:41.458 26580 INFO rally.task.runner [-] Task 77e7abb2-348b-4c40-b97c-48fc9d85da4a | ITER: 5 START
2019-07-31 10:39:41.459 26581 WARNING rally_openstack.scenarios.neutron.utils [-] Running this scenario without either the 'network' or 'existing_network' context is deprecated
2019-07-31 10:39:41.459 26580 WARNING rally_openstack.scenarios.neutron.utils [-] Running this scenario without either the 'network' or 'existing_network' context is deprecated
2019-07-31 10:39:41.461 26582 INFO rally.task.runner [-] Task 77e7abb2-348b-4c40-b97c-48fc9d85da4a | ITER: 7 START
2019-07-31 10:39:41.460 26591 RALLYDEBUG rally.task.runner [-] Starting a worker. concurrency: 1 args: {"network_create_args": {}, "port_create_args": {}, "ports_per_network": 5, "port_update_args": {"admin_state_up": false, "device_id": "dummy_id", "device_owner": "dummy_owner", "name": "_port_updated"}} times: 40 method_name: run timeout: 0 duration: None cls:
2019-07-31 10:39:41.460 26581 INFO rally.task.runner [-] Task 77e7abb2-348b-4c40-b97c-48fc9d85da4a | ITER: 6 START
2019-07-31 10:39:41.463 26582 WARNING rally_openstack.scenarios.neutron.utils [-] Running this scenario without either the 'network' or 'existing_network' context is deprecated
2019-07-31 10:39:41.462 26594 RALLYDEBUG rally.task.runner [-] Starting a worker. concurrency: 1 args: {"network_create_args": {}, "port_create_args": {}, "ports_per_network": 5, "port_update_args": {"admin_state_up": false, "device_id": "dummy_id", "device_owner": "dummy_owner", "name": "_port_updated"}} times: 40 method_name: run timeout: 0 duration: None cls:
2019-07-31 10:39:41.463 26581 WARNING rally_openstack.scenarios.neutron.utils [-] Running this scenario without either the 'network' or 'existing_network' context is deprecated
2019-07-31 10:39:41.463 26586 INFO rally.task.runner [-] Task 77e7abb2-348b-4c40-b97c-48fc9d85da4a | ITER: 10 START
2019-07-31 10:39:41.465 26586 WARNING rally_openstack.scenarios.neutron.utils [-] Running this scenario without either the 'network' or 'existing_network' context is deprecated
2019-07-31 10:39:41.465 26579 INFO rally.task.runner [-] Task 77e7abb2-348b-4c40-b97c-48fc9d85da4a | ITER: 2 START
2019-07-31 10:39:41.468 26594 INFO rally.task.runner [-] Task 77e7abb2-348b-4c40-b97c-48fc9d85da4a | ITER: 12 START
2019-07-31 10:39:41.470 26594 WARNING rally_openstack.scenarios.neutron.utils [-] Running this scenario without either the 'network' or 'existing_network' context is deprecated
2019-07-31 10:39:41.470 26603 RALLYDEBUG rally.task.runner [-] Starting a worker. concurrency: 1 args: {"network_create_args": {}, "port_create_args": {}, "ports_per_network": 5, "port_update_args": {"admin_state_up": false, "device_id": "dummy_id", "device_owner": "dummy_owner", "name": "_port_updated"}} times: 40 method_name: run timeout: 0 duration: None cls:
2019-07-31 10:39:41.471 26585 INFO rally.task.runner [-] Task 77e7abb2-348b-4c40-b97c-48fc9d85da4a | ITER: 9 START
2019-07-31 10:39:41.460 26580 WARNING rally_openstack.scenarios.neutron.utils [-] Running this scenario without either the 'network' or 'existing_network' context is deprecated
2019-07-31 10:39:41.470 26591 INFO rally.task.runner [-] Task 77e7abb2-348b-4c40-b97c-48fc9d85da4a | ITER: 11 START
2019-07-31 10:39:41.470 26598 RALLYDEBUG rally.task.runner [-] Starting a worker. concurrency: 1 args: {"network_create_args": {}, "port_create_args": {}, "ports_per_network": 5, "port_update_args": {"admin_state_up": false, "device_id": "dummy_id", "device_owner": "dummy_owner", "name": "_port_updated"}} times: 40 method_name: run timeout: 0 duration: None cls:
2019-07-31 10:39:41.473 26585 WARNING rally_openstack.scenarios.neutron.utils [-] Running this scenario without either the 'network' or 'existing_network' context is deprecated
2019-07-31 10:39:41.473 26582 INFO rally.task.runner [-] Task 77e7abb2-348b-4c40-b97c-48fc9d85da4a | ITER: 8 START
2019-07-31 10:39:41.473 26591 WARNING rally_openstack.scenarios.neutron.utils [-] Running this scenario without either the 'network' or 'existing_network' context is deprecated
2019-07-31 10:39:41.473 26605 RALLYDEBUG rally.task.runner [-] Starting a worker. concurrency: 1 args: {"network_create_args": {}, "port_create_args": {}, "ports_per_network": 5, "port_update_args": {"admin_state_up": false, "device_id": "dummy_id", "device_owner": "dummy_owner", "name": "_port_updated"}} times: 40 method_name: run timeout: 0 duration: None cls:
2019-07-31 10:39:41.475 26582 WARNING rally_openstack.scenarios.neutron.utils [-] Running this scenario without either the 'network' or 'existing_network' context is deprecated
2019-07-31 10:39:41.475 26579 WARNING rally_openstack.scenarios.neutron.utils [-] Running this scenario without either the 'network' or 'existing_network' context is deprecated
2019-07-31 10:39:41.477 26603 INFO rally.task.runner [-] Task 77e7abb2-348b-4c40-b97c-48fc9d85da4a | ITER: 13 START
2019-07-31 10:39:41.479 26603 WARNING rally_openstack.scenarios.neutron.utils [-] Running this scenario without either the 'network' or 'existing_network' context is deprecated
2019-07-31 10:39:41.479 26598 INFO rally.task.runner [-] Task 77e7abb2-348b-4c40-b97c-48fc9d85da4a | ITER: 14 START
2019-07-31 10:39:41.481 26598 WARNING rally_openstack.scenarios.neutron.utils [-] Running this scenario without either the 'network' or 'existing_network' context is deprecated
2019-07-31 10:39:41.481 26610 RALLYDEBUG rally.task.runner [-] Starting a worker. concurrency: 1 args: {"network_create_args": {}, "port_create_args": {}, "ports_per_network": 5, "port_update_args": {"admin_state_up": false, "device_id": "dummy_id", "device_owner": "dummy_owner", "name": "_port_updated"}} times: 40 method_name: run timeout: 0 duration: None cls:
2019-07-31 10:39:41.487 26605 INFO rally.task.runner [-] Task 77e7abb2-348b-4c40-b97c-48fc9d85da4a | ITER: 15 START
2019-07-31 10:39:41.489 26605 WARNING rally_openstack.scenarios.neutron.utils [-] Running this scenario without either the 'network' or 'existing_network' context is deprecated
2019-07-31 10:39:41.491 26610 INFO rally.task.runner [-] Task 77e7abb2-348b-4c40-b97c-48fc9d85da4a | ITER: 16 START
2019-07-31 10:39:41.492 26617 RALLYDEBUG rally.task.runner [-] Starting a worker. concurrency: 1 args: {"network_create_args": {}, "port_create_args": {}, "ports_per_network": 5, "port_update_args": {"admin_state_up": false, "device_id": "dummy_id", "device_owner": "dummy_owner", "name": "_port_updated"}} times: 40 method_name: run timeout: 0 duration: None cls:
2019-07-31 10:39:41.496 26610 WARNING rally_openstack.scenarios.neutron.utils [-] Running this scenario without either the 'network' or 'existing_network' context is deprecated
2019-07-31 10:39:41.499 26617 INFO rally.task.runner [-] Task 77e7abb2-348b-4c40-b97c-48fc9d85da4a | ITER: 17 START
2019-07-31 10:39:41.500 26617 WARNING rally_openstack.scenarios.neutron.utils [-] Running this scenario without either the 'network' or 'existing_network' context is deprecated
2019-07-31 10:39:41.500 26620 RALLYDEBUG rally.task.runner [-] Starting a worker. concurrency: 1 args: {"network_create_args": {}, "port_create_args": {}, "ports_per_network": 5, "port_update_args": {"admin_state_up": false, "device_id": "dummy_id", "device_owner": "dummy_owner", "name": "_port_updated"}} times: 40 method_name: run timeout: 0 duration: None cls:
2019-07-31 10:39:41.507 26623 RALLYDEBUG rally.task.runner [-] Starting a worker. concurrency: 1 args: {"network_create_args": {}, "port_create_args": {}, "ports_per_network": 5, "port_update_args": {"admin_state_up": false, "device_id": "dummy_id", "device_owner": "dummy_owner", "name": "_port_updated"}} times: 40 method_name: run timeout: 0 duration: None cls:
2019-07-31 10:39:41.510 26620 INFO rally.task.runner [-] Task 77e7abb2-348b-4c40-b97c-48fc9d85da4a | ITER: 18 START
2019-07-31 10:39:41.511 26620 WARNING rally_openstack.scenarios.neutron.utils [-] Running this scenario without either the 'network' or 'existing_network' context is deprecated
2019-07-31 10:39:41.512 26623 INFO rally.task.runner [-] Task 77e7abb2-348b-4c40-b97c-48fc9d85da4a | ITER: 19 START
2019-07-31 10:39:41.514 26623 WARNING rally_openstack.scenarios.neutron.utils [-] Running this scenario without either the 'network' or 'existing_network' context is deprecated
2019-07-31 10:39:41.515 26625 RALLYDEBUG rally.task.runner [-] Starting a worker. concurrency: 1 args: {"network_create_args": {}, "port_create_args": {}, "ports_per_network": 5, "port_update_args": {"admin_state_up": false, "device_id": "dummy_id", "device_owner": "dummy_owner", "name": "_port_updated"}} times: 40 method_name: run timeout: 0 duration: None cls:
2019-07-31 10:39:41.520 26625 INFO rally.task.runner [-] Task 77e7abb2-348b-4c40-b97c-48fc9d85da4a | ITER: 20 START
2019-07-31 10:39:41.521 26625 WARNING rally_openstack.scenarios.neutron.utils [-] Running this scenario without either the 'network' or 'existing_network' context is deprecated
2019-07-31 10:39:57.742 26603 INFO rally.task.runner [-] Task 77e7abb2-348b-4c40-b97c-48fc9d85da4a | ITER: 13 END: OK
2019-07-31 10:39:57.746 26603 INFO rally.task.runner [-] Task 77e7abb2-348b-4c40-b97c-48fc9d85da4a | ITER: 21 START
2019-07-31 10:39:57.747 26603 WARNING rally_openstack.scenarios.neutron.utils [-] Running this scenario without either the 'network' or 'existing_network' context is deprecated
2019-07-31 10:39:58.419 26620 INFO rally.task.runner [-] Task 77e7abb2-348b-4c40-b97c-48fc9d85da4a | ITER: 18 END: OK
2019-07-31 10:39:58.423 26620 INFO rally.task.runner [-] Task 77e7abb2-348b-4c40-b97c-48fc9d85da4a | ITER: 22 START
2019-07-31 10:39:58.424 26620 WARNING rally_openstack.scenarios.neutron.utils [-] Running this scenario without either the 'network' or 'existing_network' context is deprecated
2019-07-31 10:39:58.585 26582 INFO rally.task.runner [-] Task 77e7abb2-348b-4c40-b97c-48fc9d85da4a | ITER: 8 END: OK
2019-07-31 10:39:58.589 26582 INFO rally.task.runner [-] Task 77e7abb2-348b-4c40-b97c-48fc9d85da4a | ITER: 23 START
2019-07-31 10:39:58.590 26582 WARNING rally_openstack.scenarios.neutron.utils [-] Running this scenario without either the 'network' or 'existing_network' context is deprecated
2019-07-31 10:39:58.834 26625 INFO rally.task.runner [-] Task 77e7abb2-348b-4c40-b97c-48fc9d85da4a | ITER: 20 END: OK
2019-07-31 10:39:58.838 26625 INFO rally.task.runner [-] Task 77e7abb2-348b-4c40-b97c-48fc9d85da4a | ITER: 24 START
2019-07-31 10:39:58.839 26625 WARNING rally_openstack.scenarios.neutron.utils [-] Running this scenario without either the 'network' or 'existing_network' context is deprecated
2019-07-31 10:39:58.920 26579 INFO rally.task.runner [-] Task 77e7abb2-348b-4c40-b97c-48fc9d85da4a | ITER: 2 END: OK
2019-07-31 10:39:58.925 26579 INFO rally.task.runner [-] Task 77e7abb2-348b-4c40-b97c-48fc9d85da4a | ITER: 25 START
2019-07-31 10:39:58.926 26579 WARNING rally_openstack.scenarios.neutron.utils [-] Running this scenario without either the 'network' or 'existing_network' context is deprecated
2019-07-31 10:39:58.964 26582 INFO rally.task.runner [-] Task 77e7abb2-348b-4c40-b97c-48fc9d85da4a | ITER: 7 END: OK
2019-07-31 10:39:58.968 26582 INFO rally.task.runner [-] Task 77e7abb2-348b-4c40-b97c-48fc9d85da4a | ITER: 26 START
2019-07-31 10:39:58.969 26582 WARNING rally_openstack.scenarios.neutron.utils [-] Running this scenario without either the 'network' or 'existing_network' context is deprecated
2019-07-31 10:39:59.212 26598 INFO rally.task.runner [-] Task 77e7abb2-348b-4c40-b97c-48fc9d85da4a | ITER: 14 END: OK
2019-07-31 10:39:59.216 26598 INFO rally.task.runner [-] Task 77e7abb2-348b-4c40-b97c-48fc9d85da4a | ITER: 27 START
2019-07-31 10:39:59.216 26598 WARNING rally_openstack.scenarios.neutron.utils [-] Running this scenario without either the 'network' or 'existing_network' context is deprecated
2019-07-31 10:39:59.567 26617 INFO rally.task.runner [-] Task 77e7abb2-348b-4c40-b97c-48fc9d85da4a | ITER: 17 END: OK
2019-07-31 10:39:59.571 26617 INFO rally.task.runner [-] Task 77e7abb2-348b-4c40-b97c-48fc9d85da4a | ITER: 28 START
2019-07-31 10:39:59.572 26617 WARNING rally_openstack.scenarios.neutron.utils [-] Running this scenario without either the 'network' or 'existing_network' context is deprecated
2019-07-31 10:39:59.673 26610 INFO rally.task.runner [-] Task 77e7abb2-348b-4c40-b97c-48fc9d85da4a | ITER: 16 END: OK
2019-07-31 10:39:59.677 26610 INFO rally.task.runner [-] Task 77e7abb2-348b-4c40-b97c-48fc9d85da4a | ITER: 29 START
2019-07-31 10:39:59.677 26610 WARNING rally_openstack.scenarios.neutron.utils [-] Running this scenario without either the 'network' or 'existing_network' context is deprecated
2019-07-31 10:39:59.843 26623 INFO rally.task.runner [-] Task 77e7abb2-348b-4c40-b97c-48fc9d85da4a | ITER: 19 END: OK
2019-07-31 10:39:59.848 26623 INFO rally.task.runner [-] Task 77e7abb2-348b-4c40-b97c-48fc9d85da4a | ITER: 30 START
2019-07-31 10:39:59.849 26623 WARNING rally_openstack.scenarios.neutron.utils [-] Running this scenario without either the 'network' or 'existing_network' context is deprecated
2019-07-31 10:40:00.207 26581 INFO rally.task.runner [-] Task 77e7abb2-348b-4c40-b97c-48fc9d85da4a | ITER: 6 END: OK
2019-07-31 10:40:00.212 26581 INFO rally.task.runner [-] Task 77e7abb2-348b-4c40-b97c-48fc9d85da4a | ITER: 31 START
2019-07-31 10:40:00.213 26581 WARNING rally_openstack.scenarios.neutron.utils [-] Running this scenario without either the 'network' or 'existing_network' context is deprecated
2019-07-31 10:40:00.250 26581 INFO rally.task.runner [-] Task 77e7abb2-348b-4c40-b97c-48fc9d85da4a | ITER: 4 END: OK
2019-07-31 10:40:00.253 26581 INFO rally.task.runner [-] Task 77e7abb2-348b-4c40-b97c-48fc9d85da4a | ITER: 32 START
2019-07-31 10:40:00.254 26581 WARNING rally_openstack.scenarios.neutron.utils [-] Running this scenario without either the 'network' or 'existing_network' context is deprecated
2019-07-31 10:40:00.641 26580 INFO rally.task.runner [-] Task 77e7abb2-348b-4c40-b97c-48fc9d85da4a | ITER: 5 END: OK
2019-07-31 10:40:00.645 26580 INFO rally.task.runner [-] Task 77e7abb2-348b-4c40-b97c-48fc9d85da4a | ITER: 33 START
2019-07-31 10:40:00.646 26580 WARNING rally_openstack.scenarios.neutron.utils [-] Running this scenario without either the 'network' or 'existing_network' context is deprecated
2019-07-31 10:40:00.758 26579 INFO rally.task.runner [-] Task 77e7abb2-348b-4c40-b97c-48fc9d85da4a | ITER: 1 END: OK
2019-07-31 10:40:00.763 26579 INFO rally.task.runner [-] Task 77e7abb2-348b-4c40-b97c-48fc9d85da4a | ITER: 34 START
2019-07-31 10:40:00.764 26579 WARNING rally_openstack.scenarios.neutron.utils [-] Running this scenario without either the 'network' or 'existing_network' context is deprecated
2019-07-31 10:40:00.787 26586 INFO rally.task.runner [-] Task 77e7abb2-348b-4c40-b97c-48fc9d85da4a | ITER: 10 END: OK
2019-07-31 10:40:00.791 26586 INFO rally.task.runner [-] Task 77e7abb2-348b-4c40-b97c-48fc9d85da4a | ITER: 35 START
2019-07-31 10:40:00.791 26586 WARNING rally_openstack.scenarios.neutron.utils [-] Running this scenario without either the 'network' or 'existing_network' context is deprecated
2019-07-31 10:40:01.094 26585 INFO rally.task.runner [-] Task 77e7abb2-348b-4c40-b97c-48fc9d85da4a | ITER: 9 END: OK
2019-07-31 10:40:01.099 26585 INFO rally.task.runner [-] Task 77e7abb2-348b-4c40-b97c-48fc9d85da4a | ITER: 36 START
2019-07-31 10:40:01.100 26585 WARNING rally_openstack.scenarios.neutron.utils [-] Running this scenario without either the 'network' or 'existing_network' context is deprecated
2019-07-31 10:40:01.846 26605 INFO rally.task.runner [-] Task 77e7abb2-348b-4c40-b97c-48fc9d85da4a | ITER: 15 END: OK
2019-07-31 10:40:01.850 26605 INFO rally.task.runner [-] Task 77e7abb2-348b-4c40-b97c-48fc9d85da4a | ITER: 37 START
2019-07-31 10:40:01.851 26605 WARNING rally_openstack.scenarios.neutron.utils [-] Running this scenario without either the 'network' or 'existing_network' context is deprecated
2019-07-31 10:40:02.676 26594 INFO rally.task.runner [-] Task 77e7abb2-348b-4c40-b97c-48fc9d85da4a | ITER: 12 END: OK
2019-07-31 10:40:02.680 26594 INFO rally.task.runner [-] Task 77e7abb2-348b-4c40-b97c-48fc9d85da4a | ITER: 38 START
2019-07-31 10:40:02.681 26594 WARNING rally_openstack.scenarios.neutron.utils [-] Running this scenario without either the 'network' or 'existing_network' context is deprecated
2019-07-31 10:40:03.130 26580 INFO rally.task.runner [-] Task 77e7abb2-348b-4c40-b97c-48fc9d85da4a | ITER: 3 END: OK
2019-07-31 10:40:03.134 26580 INFO rally.task.runner [-] Task 77e7abb2-348b-4c40-b97c-48fc9d85da4a | ITER: 39 START
2019-07-31 10:40:03.134 26580 WARNING rally_openstack.scenarios.neutron.utils [-] Running this scenario without either the 'network' or 'existing_network' context is deprecated
2019-07-31 10:40:04.298 26591 INFO rally.task.runner [-] Task 77e7abb2-348b-4c40-b97c-48fc9d85da4a | ITER: 11 END: OK
2019-07-31 10:40:04.302 26591 INFO rally.task.runner [-] Task 77e7abb2-348b-4c40-b97c-48fc9d85da4a | ITER: 40 START
2019-07-31 10:40:04.303 26591 WARNING rally_openstack.scenarios.neutron.utils [-] Running this scenario without either the 'network' or 'existing_network' context is deprecated
2019-07-31 10:40:14.627 26582 INFO rally.task.runner [-] Task 77e7abb2-348b-4c40-b97c-48fc9d85da4a | ITER: 23 END: OK
2019-07-31 10:40:15.337 26625 INFO rally.task.runner [-] Task 77e7abb2-348b-4c40-b97c-48fc9d85da4a | ITER: 24 END: OK
2019-07-31 10:40:15.586 26581 INFO rally.task.runner [-] Task 77e7abb2-348b-4c40-b97c-48fc9d85da4a | ITER: 32 END: OK
2019-07-31 10:40:15.960 26579 INFO rally.task.runner [-] Task 77e7abb2-348b-4c40-b97c-48fc9d85da4a | ITER: 34 END: OK
2019-07-31 10:40:15.988 26620 INFO rally.task.runner [-] Task 77e7abb2-348b-4c40-b97c-48fc9d85da4a | ITER: 22 END: OK
2019-07-31 10:40:16.139 26617 INFO rally.task.runner [-] Task 77e7abb2-348b-4c40-b97c-48fc9d85da4a | ITER: 28 END: OK
2019-07-31 10:40:16.869 26598 INFO rally.task.runner [-] Task 77e7abb2-348b-4c40-b97c-48fc9d85da4a | ITER: 27 END: OK
2019-07-31 10:40:16.948 26603 INFO rally.task.runner [-] Task 77e7abb2-348b-4c40-b97c-48fc9d85da4a | ITER: 21 END: OK
2019-07-31 10:40:17.291 26582 INFO rally.task.runner [-] Task 77e7abb2-348b-4c40-b97c-48fc9d85da4a | ITER: 26 END: OK
2019-07-31 10:40:17.377 26610 INFO rally.task.runner [-] Task 77e7abb2-348b-4c40-b97c-48fc9d85da4a | ITER: 29 END: OK
2019-07-31 10:40:17.875 26580 INFO rally.task.runner [-] Task 77e7abb2-348b-4c40-b97c-48fc9d85da4a | ITER: 33 END: OK
2019-07-31 10:40:17.932 26623 INFO rally.task.runner [-] Task 77e7abb2-348b-4c40-b97c-48fc9d85da4a | ITER: 30 END: OK
2019-07-31 10:40:17.974 26585 INFO rally.task.runner [-] Task 77e7abb2-348b-4c40-b97c-48fc9d85da4a | ITER: 36 END: OK
2019-07-31 10:40:18.048 26580 INFO rally.task.runner [-] Task 77e7abb2-348b-4c40-b97c-48fc9d85da4a | ITER: 39 END: OK
2019-07-31 10:40:18.165 26581 INFO rally.task.runner [-] Task 77e7abb2-348b-4c40-b97c-48fc9d85da4a | ITER: 31 END: OK
2019-07-31 10:40:18.547 26594 INFO rally.task.runner [-] Task 77e7abb2-348b-4c40-b97c-48fc9d85da4a | ITER: 38 END: OK
2019-07-31 10:40:18.607 26579 INFO rally.task.runner [-] Task 77e7abb2-348b-4c40-b97c-48fc9d85da4a | ITER: 25 END: OK
2019-07-31 10:40:18.879 26586 INFO rally.task.runner [-] Task 77e7abb2-348b-4c40-b97c-48fc9d85da4a | ITER: 35 END: OK
2019-07-31 10:40:19.144 26605 INFO rally.task.runner [-] Task 77e7abb2-348b-4c40-b97c-48fc9d85da4a | ITER: 37 END: OK
2019-07-31 10:40:19.777 26591 INFO rally.task.runner [-] Task 77e7abb2-348b-4c40-b97c-48fc9d85da4a | ITER: 40 END: OK
2019-07-31 10:40:19.802 22703 INFO rally.task.context [-] Task 77e7abb2-348b-4c40-b97c-48fc9d85da4a | Context cleanup@openstack cleanup() started
2019-07-31 10:40:19.804 22703 RALLYDEBUG rally_openstack.cleanup.manager [-] Cleaning up neutron vip objects
2019-07-31 10:40:20.460 22703 RALLYDEBUG rally_openstack.cleanup.manager [-] Cleaning up neutron health_monitor objects
2019-07-31 10:40:21.192 22703 RALLYDEBUG rally_openstack.cleanup.manager [-] Cleaning up neutron pool objects
2019-07-31 10:40:21.901 22703 RALLYDEBUG rally_openstack.cleanup.manager [-] Cleaning up neutron loadbalancer objects
2019-07-31 10:40:22.555 22703 RALLYDEBUG rally_openstack.cleanup.manager [-] Cleaning up neutron floatingip objects
2019-07-31 10:40:23.353 22703 RALLYDEBUG rally_openstack.cleanup.manager [-] Cleaning up neutron port objects
2019-07-31 10:40:24.616 22703 RALLYDEBUG rally_openstack.cleanup.manager [-] Deleting neutron.port object s_rally_0bc9c313_0ItjnYPD (027271c2-fb7c-4238-ab0f-eccd96517a6e)
2019-07-31 10:40:24.625 22703 RALLYDEBUG rally_openstack.cleanup.manager [-] Deleting neutron.port object s_rally_0bc9c313_LoJ5BNYB (06029e46-60cf-4e5d-a715-f8f495fb163a)
2019-07-31 10:40:24.630 22703 RALLYDEBUG rally_openstack.cleanup.manager [-] Deleting neutron.port object s_rally_0bc9c313_63KijLmv (0760e7ad-2d54-41d3-9baf-f5f52c2f4fc9)
2019-07-31 10:40:24.636 22703 RALLYDEBUG rally_openstack.cleanup.manager [-] Deleting neutron.port object s_rally_0bc9c313_SyWgOlNN (0c5edd2e-aa65-44e4-bbd7-a5fe33779771)
2019-07-31 10:40:24.637 22703 RALLYDEBUG rally_openstack.cleanup.manager [-] Deleting neutron.port object s_rally_0bc9c313_qHREXES5 (0bc025c9-751a-475e-aa6e-36bc32af85d3)
2019-07-31 10:40:24.638 22703 RALLYDEBUG rally_openstack.cleanup.manager [-] Deleting neutron.port object s_rally_0bc9c313_JAtEO5ct (09ac78d5-4d3e-41b6-97c4-3de4e9d509a2)
2019-07-31 10:40:24.645 22703 RALLYDEBUG rally_openstack.cleanup.manager [-] Deleting neutron.port object s_rally_0bc9c313_PECd5LXV (00ce8f82-7636-4023-88fa-82b59d6c9b2d)
2019-07-31 10:40:24.650 22703 RALLYDEBUG rally_openstack.cleanup.manager [-] Deleting neutron.port object s_rally_0bc9c313_ZkioNGh8 (0dba98df-3b75-49d8-bf25-b84ae85fd113)
2019-07-31 10:40:24.651 22703 RALLYDEBUG rally_openstack.cleanup.manager [-] Deleting neutron.port object s_rally_0bc9c313_6zYdNHpg (078b5c06-ba4d-49e8-9d98-693b8aae34ec)
2019-07-31 10:40:24.651 22703 RALLYDEBUG rally_openstack.cleanup.manager [-] Deleting neutron.port object s_rally_0bc9c313_pJKkr6qC (00853367-6929-4b26-9e95-08be99c2ad5e)
2019-07-31 10:40:24.652 22703 RALLYDEBUG rally_openstack.cleanup.manager [-] Deleting neutron.port object s_rally_0bc9c313_XAnVsdoc (0e4d638c-068f-4db3-96d2-bfdfaf45ef2f)
2019-07-31 10:40:24.652 22703 RALLYDEBUG rally_openstack.cleanup.manager [-] Deleting neutron.port object s_rally_0bc9c313_soYJw7Db (0af5c480-1bc8-4f37-8bc9-9d2e032a88c1)
2019-07-31 10:40:24.653 22703 RALLYDEBUG rally_openstack.cleanup.manager [-] Deleting neutron.port object s_rally_0bc9c313_N5tETn6t (0048f6d8-cfcc-47bd-a053-b7e7fe620b6e)
2019-07-31 10:40:24.659 22703 RALLYDEBUG rally_openstack.cleanup.manager [-] Deleting neutron.port object s_rally_0bc9c313_osHWlbRb (0f1b342f-2111-43d1-b6bb-2d7bb5e452a5)
2019-07-31 10:40:24.666 22703 RALLYDEBUG rally_openstack.cleanup.manager [-] Deleting neutron.port object s_rally_0bc9c313_YJ684USs (05000eb4-93ab-4260-9e4a-307a7007d3fb)
2019-07-31 10:40:24.667 22703 RALLYDEBUG rally_openstack.cleanup.manager [-] Deleting neutron.port object s_rally_0bc9c313_pIDf03RK (009cea05-b4fd-4fe3-88a8-77bd7462de5c)
2019-07-31 10:40:24.682 22703 RALLYDEBUG rally_openstack.cleanup.manager [-] Deleting neutron.port object s_rally_0bc9c313_SUEUwtit (0f9cdeb5-7222-463e-bc5b-d49ecb714a13)
2019-07-31 10:40:24.682 22703 RALLYDEBUG rally_openstack.cleanup.manager [-] Deleting neutron.port object s_rally_0bc9c313_TETJ0imT (105b36cb-3977-4ae5-80c5-70d8f06ad03d)
2019-07-31 10:40:24.683 22703 RALLYDEBUG rally_openstack.cleanup.manager [-] Deleting neutron.port object s_rally_0bc9c313_3LDC2Tpe (11c7ec33-24a4-44eb-aac9-90a3afb3c325)
2019-07-31 10:40:24.699 22703 RALLYDEBUG rally_openstack.cleanup.manager [-] Deleting neutron.port object s_rally_0bc9c313_Rem8cvfw (1287a12f-9879-40f5-a4e7-5b438c187f55)
2019-07-31 10:40:27.287 22703 RALLYDEBUG rally_openstack.cleanup.manager [-] Deleting neutron.port object s_rally_0bc9c313_SrD9iClr (13d4fea7-05ee-4d23-bbf4-b206eda6af22)
2019-07-31 10:40:27.428 22703 RALLYDEBUG rally_openstack.cleanup.manager [-] Deleting neutron.port object s_rally_0bc9c313_5DXCmVLN (15adbf89-fc70-4ee8-8139-47828422b23d)
2019-07-31 10:40:27.447 22703 RALLYDEBUG rally_openstack.cleanup.manager [-] Deleting neutron.port object s_rally_0bc9c313_b4f8i814 (186207d7-2451-437f-92da-6c37d2cb1d9d)
2019-07-31 10:40:27.527 22703 RALLYDEBUG rally_openstack.cleanup.manager [-] Deleting neutron.port object s_rally_0bc9c313_GNJ8Xf6i (18b3220f-dba5-4fcc-9887-4e566681250b)
2019-07-31 10:40:27.575 22703 RALLYDEBUG rally_openstack.cleanup.manager [-] Deleting neutron.port object s_rally_0bc9c313_UmoUqnHv (19444c37-0e98-49be-b84f-6fd0a2d9aa22)
2019-07-31 10:40:27.607 22703 RALLYDEBUG rally_openstack.cleanup.manager [-] Deleting neutron.port object s_rally_0bc9c313_UCHGoIcg (1a8217d9-7b16-4a21-a34d-6a1ac7ebc62d)
2019-07-31 10:40:27.611 22703 RALLYDEBUG rally_openstack.cleanup.manager [-] Deleting neutron.port object s_rally_0bc9c313_erS2aj7F (1b2fe786-9a9e-4e7d-b1c2-fd12c99fc2bc)
2019-07-31 10:40:27.634 22703 RALLYDEBUG rally_openstack.cleanup.manager [-] Deleting neutron.port object s_rally_0bc9c313_rgArLG78 (1d463e3a-bec3-471d-9265-cfb66bc56506)
2019-07-31 10:40:27.774 22703 RALLYDEBUG rally_openstack.cleanup.manager [-] Deleting neutron.port object s_rally_0bc9c313_GSHK9U3x (1f5d69d3-20f2-4e6c-b715-78854086c178)
2019-07-31 10:40:27.863 22703 RALLYDEBUG rally_openstack.cleanup.manager [-] Deleting neutron.port object s_rally_0bc9c313_GJtWr58w (2160bcda-272a-4ee3-b3a5-06d81849f273)
2019-07-31 10:40:27.880 22703 RALLYDEBUG rally_openstack.cleanup.manager [-] Deleting neutron.port object s_rally_0bc9c313_I8mVizoa (2234b88a-53b0-4957-848e-b0d658040f86)
2019-07-31 10:40:27.916 22703 RALLYDEBUG rally_openstack.cleanup.manager [-] Deleting neutron.port object s_rally_0bc9c313_1GIwVK8R (2293d001-1131-49fb-a2f1-ce971e4df951)
2019-07-31 10:40:27.949 22703 RALLYDEBUG rally_openstack.cleanup.manager [-] Deleting neutron.port object s_rally_0bc9c313_6ONI5p5r (232498e2-b09b-4b15-917f-5b8492790d5e)
2019-07-31 10:40:28.085 22703 RALLYDEBUG rally_openstack.cleanup.manager [-] Deleting neutron.port object s_rally_0bc9c313_PmpTLJ2i (27138bb9-8b87-45c3-9c4e-1afba3480b52)
2019-07-31 10:40:28.121 22703 RALLYDEBUG rally_openstack.cleanup.manager [-] Deleting neutron.port object s_rally_0bc9c313_FLcGBE4G (27c6509c-d301-49a7-a88f-e2a3bebd133e)
2019-07-31 10:40:28.474 22703 RALLYDEBUG rally_openstack.cleanup.manager [-] Deleting neutron.port object s_rally_0bc9c313_WTmBMR8r (29d68c7c-98c8-4033-b45b-72bb0221c843)
2019-07-31 10:40:28.483 22703 RALLYDEBUG rally_openstack.cleanup.manager [-] Deleting neutron.port object s_rally_0bc9c313_sDNmvFTk (2b269c22-c24a-467b-9c27-99255450da67)
2019-07-31 10:40:28.639 22703 RALLYDEBUG rally_openstack.cleanup.manager [-] Deleting neutron.port object s_rally_0bc9c313_Xmhagy5X (2b429d78-120e-49a0-bcc9-810efc4cf4e8)
2019-07-31 10:40:28.747 22703 RALLYDEBUG rally_openstack.cleanup.manager [-] Deleting neutron.port object s_rally_0bc9c313_0yR2cqOX (2deb9ef4-6e2e-4f6a-a7d9-542f44dd35df)
2019-07-31 10:40:28.771 22703 RALLYDEBUG rally_openstack.cleanup.manager [-] Deleting neutron.port object s_rally_0bc9c313_OWrFxI6R (325a79de-2865-4fe6-8ed5-7835ece479a4)
2019-07-31 10:40:29.886 22703 RALLYDEBUG rally_openstack.cleanup.manager [-] Deleting neutron.port object s_rally_0bc9c313_GTzj2AEQ (3372e085-1531-44b2-8bce-c3d532c6c020)
2019-07-31 10:40:30.006 22703 RALLYDEBUG rally_openstack.cleanup.manager [-] Deleting neutron.port object s_rally_0bc9c313_jRoxDJFV (337cd01e-e257-477d-8b9c-65b773302563)
2019-07-31 10:40:30.139 22703 RALLYDEBUG rally_openstack.cleanup.manager [-] Deleting neutron.port object s_rally_0bc9c313_FQlKAtL9 (33ecbaf7-b1f6-4e79-97eb-b0e7325da81d)
2019-07-31 10:40:30.319 22703 RALLYDEBUG rally_openstack.cleanup.manager [-] Deleting neutron.port object s_rally_0bc9c313_C67JGNqa (35b233c6-64de-45f8-8d18-5b06a73c510b)
2019-07-31 10:40:30.348 22703 RALLYDEBUG rally_openstack.cleanup.manager [-] Deleting neutron.port object s_rally_0bc9c313_W4r1dGsE (35d28a95-3cc6-4148-9c48-a45c355e40b7)
2019-07-31 10:40:30.461 22703 RALLYDEBUG rally_openstack.cleanup.manager [-] Deleting neutron.port object s_rally_0bc9c313_FCwDggzH (36587297-dd61-42b2-8f5c-7e52117c2de9)
2019-07-31 10:40:30.510 22703 RALLYDEBUG rally_openstack.cleanup.manager [-] Deleting neutron.port object s_rally_0bc9c313_Hnzi3N8x (36b6819e-d471-40db-89aa-7c74128e9975)
2019-07-31 10:40:30.542 22703 RALLYDEBUG rally_openstack.cleanup.manager [-] Deleting neutron.port object s_rally_0bc9c313_9jb7cciA (370d3f05-57d3-4aec-a4f8-7eaba0b90f17)
2019-07-31 10:40:30.613 22703 RALLYDEBUG rally_openstack.cleanup.manager [-] Deleting neutron.port object s_rally_0bc9c313_mMuMRTzl (387434c2-5b4c-411f-91dd-8ebf778f7c7c)
2019-07-31 10:40:30.629 22703 RALLYDEBUG rally_openstack.cleanup.manager [-] Deleting neutron.port object s_rally_0bc9c313_vRC2cZeZ (3b7c2416-4844-4ef5-a32a-cb01c4d7a396)
2019-07-31 10:40:30.699 22703 RALLYDEBUG rally_openstack.cleanup.manager [-] Deleting neutron.port object s_rally_0bc9c313_8AtLZF53 (3ca11517-1b26-41fc-a0ff-c77aae74d415)
2019-07-31 10:40:30.795 22703 RALLYDEBUG rally_openstack.cleanup.manager [-] Deleting neutron.port object s_rally_0bc9c313_Soi2PAXT (3de43e4c-ed90-4b2b-ab4d-5e49ae62a847)
2019-07-31 10:40:30.879 22703 RALLYDEBUG rally_openstack.cleanup.manager [-] Deleting neutron.port object s_rally_0bc9c313_3jodcVMa (401cc656-df21-4ee6-a4a0-c3ea4487733e)
2019-07-31 10:40:30.924 22703 RALLYDEBUG rally_openstack.cleanup.manager [-] Deleting neutron.port object s_rally_0bc9c313_MB4EGzwQ (402c083c-d6d6-4da9-963d-67ab09525d6d)
2019-07-31 10:40:30.984 22703 RALLYDEBUG rally_openstack.cleanup.manager [-] Deleting neutron.port object s_rally_0bc9c313_nzj4Jg9E (40cd6185-3e2f-484b-a55f-d9156330c420)
2019-07-31 10:40:31.070 22703 RALLYDEBUG rally_openstack.cleanup.manager [-] Deleting neutron.port object s_rally_0bc9c313_niPPukY2 (43834f85-bbc3-4cdf-a95b-1c45093e7d4d)
2019-07-31 10:40:31.195 22703 RALLYDEBUG rally_openstack.cleanup.manager [-] Deleting neutron.port object s_rally_0bc9c313_T7NxE1aY (43c294a3-000d-4b8f-8577-64dd8a682cf5)
2019-07-31 10:40:31.343 22703 RALLYDEBUG rally_openstack.cleanup.manager [-] Deleting neutron.port object s_rally_0bc9c313_n4lc52tA (43fe34c2-2ca1-4b73-bb2a-c3404eea3926)
2019-07-31 10:40:31.717 22703 RALLYDEBUG rally_openstack.cleanup.manager [-] Deleting neutron.port object s_rally_0bc9c313_CBAYteo3 (458bae75-0ae8-4c4f-91fe-d8b7fce63228)
2019-07-31 10:40:31.979 22703 RALLYDEBUG rally_openstack.cleanup.manager [-] Deleting neutron.port object s_rally_0bc9c313_07NMJtNN (46a89415-a150-4dc6-9637-b8b532409a5e)
2019-07-31 10:40:32.632 22703 RALLYDEBUG rally_openstack.cleanup.manager [-] Deleting neutron.port object s_rally_0bc9c313_l2wfT0R5 (470506a1-f16d-4974-ae23-3e15c95cee89)
2019-07-31 10:40:32.927 22703 RALLYDEBUG rally_openstack.cleanup.manager [-] Deleting neutron.port object s_rally_0bc9c313_2DLrkk56 (47ae7865-00f8-4d15-b313-5f8361bb7b2f)
2019-07-31 10:40:32.952 22703 RALLYDEBUG rally_openstack.cleanup.manager [-] Deleting neutron.port object s_rally_0bc9c313_QR1FIpB8 (48230bdc-0533-48d9-8f31-ad9089ec8044)
2019-07-31 10:40:33.042 22703 RALLYDEBUG rally_openstack.cleanup.manager [-] Deleting neutron.port object s_rally_0bc9c313_ZyAsVFam (4bbc704e-2e39-48c5-a4ea-d9a89d2e145f)
2019-07-31 10:40:33.109 22703 RALLYDEBUG rally_openstack.cleanup.manager [-] Deleting neutron.port object s_rally_0bc9c313_j8YZbIKE (4ce7e12a-5cf1-43cb-9b30-c7411d50e9e2)
2019-07-31 10:40:33.160 22703 RALLYDEBUG rally_openstack.cleanup.manager [-] Deleting neutron.port object s_rally_0bc9c313_QM0Iofo9 (4eb80e39-c70f-439e-bba7-7a4c97deee6b)
2019-07-31 10:40:33.231 22703 RALLYDEBUG rally_openstack.cleanup.manager [-] Deleting neutron.port object s_rally_0bc9c313_loUQfbs2 (4f4b8feb-eb86-4558-aba5-d866a2f3837d)
2019-07-31 10:40:33.291 22703 RALLYDEBUG rally_openstack.cleanup.manager [-] Deleting neutron.port object s_rally_0bc9c313_IQ2CRDtl (558a2260-bdaf-4202-94f7-3ad50bc9a47f)
2019-07-31 10:40:33.339 22703 RALLYDEBUG rally_openstack.cleanup.manager [-] Deleting neutron.port object s_rally_0bc9c313_9TtDEkeN (561b59e5-96a3-4006-9b0d-eb9eb64103aa)
