2019-07-31 10:29:12.848 24810 INFO rally.task.runner [-] Task 77e7abb2-348b-4c40-b97c-48fc9d85da4a | ITER: 10 START
2019-07-31 10:29:12.838 24797 WARNING rally_openstack.scenarios.neutron.utils [-] Running this scenario without either the 'network' or 'existing_network' context is deprecated
2019-07-31 10:29:12.849 24806 WARNING rally_openstack.scenarios.neutron.utils [-] Running this scenario without either the 'network' or 'existing_network' context is deprecated
2019-07-31 10:29:12.848 24800 INFO rally.task.runner [-] Task 77e7abb2-348b-4c40-b97c-48fc9d85da4a | ITER: 9 START
2019-07-31 10:29:12.849 24814 RALLYDEBUG rally.task.runner [-] Starting a worker. concurrency: 1 args: {"network_create_args": {}, "subnet_create_args": {}, "subnet_cidr_start": "1.1.0.0/30", "subnets_per_network": 2} times: 40 method_name: run timeout: 0 duration: None cls:
2019-07-31 10:29:12.849 24800 WARNING rally_openstack.scenarios.neutron.utils [-] Running this scenario without either the 'network' or 'existing_network' context is deprecated
2019-07-31 10:29:12.850 24810 WARNING rally_openstack.scenarios.neutron.utils [-] Running this scenario without either the 'network' or 'existing_network' context is deprecated
2019-07-31 10:29:12.850 24820 RALLYDEBUG rally.task.runner [-] Starting a worker. concurrency: 1 args: {"network_create_args": {}, "subnet_create_args": {}, "subnet_cidr_start": "1.1.0.0/30", "subnets_per_network": 2} times: 40 method_name: run timeout: 0 duration: None cls:
2019-07-31 10:29:12.841 24798 INFO rally.task.runner [-] Task 77e7abb2-348b-4c40-b97c-48fc9d85da4a | ITER: 5 START
2019-07-31 10:29:12.843 24799 INFO rally.task.runner [-] Task 77e7abb2-348b-4c40-b97c-48fc9d85da4a | ITER: 6 START
2019-07-31 10:29:12.855 24798 WARNING rally_openstack.scenarios.neutron.utils [-] Running this scenario without either the 'network' or 'existing_network' context is deprecated
2019-07-31 10:29:12.855 24814 INFO rally.task.runner [-] Task 77e7abb2-348b-4c40-b97c-48fc9d85da4a | ITER: 12 START
2019-07-31 10:29:12.856 24820 INFO rally.task.runner [-] Task 77e7abb2-348b-4c40-b97c-48fc9d85da4a | ITER: 13 START
2019-07-31 10:29:12.856 24814 WARNING rally_openstack.scenarios.neutron.utils [-] Running this scenario without either the 'network' or 'existing_network' context is deprecated
2019-07-31 10:29:12.857 24799 WARNING rally_openstack.scenarios.neutron.utils [-] Running this scenario without either the 'network' or 'existing_network' context is deprecated
2019-07-31 10:29:12.858 24820 WARNING rally_openstack.scenarios.neutron.utils [-] Running this scenario without either the 'network' or 'existing_network' context is deprecated
2019-07-31 10:29:12.850 24800 WARNING rally_openstack.scenarios.neutron.utils [-] Running this scenario without either the 'network' or 'existing_network' context is deprecated
2019-07-31 10:29:12.859 24824 RALLYDEBUG rally.task.runner [-] Starting a worker. concurrency: 1 args: {"network_create_args": {}, "subnet_create_args": {}, "subnet_cidr_start": "1.1.0.0/30", "subnets_per_network": 2} times: 40 method_name: run timeout: 0 duration: None cls:
2019-07-31 10:29:12.864 24827 RALLYDEBUG rally.task.runner [-] Starting a worker. concurrency: 1 args: {"network_create_args": {}, "subnet_create_args": {}, "subnet_cidr_start": "1.1.0.0/30", "subnets_per_network": 2} times: 40 method_name: run timeout: 0 duration: None cls:
2019-07-31 10:29:12.867 24830 RALLYDEBUG rally.task.runner [-] Starting a worker. concurrency: 1 args: {"network_create_args": {}, "subnet_create_args": {}, "subnet_cidr_start": "1.1.0.0/30", "subnets_per_network": 2} times: 40 method_name: run timeout: 0 duration: None cls:
2019-07-31 10:29:12.868 24831 RALLYDEBUG rally.task.runner [-] Starting a worker. concurrency: 1 args: {"network_create_args": {}, "subnet_create_args": {}, "subnet_cidr_start": "1.1.0.0/30", "subnets_per_network": 2} times: 40 method_name: run timeout: 0 duration: None cls:
2019-07-31 10:29:12.870 24827 INFO rally.task.runner [-] Task 77e7abb2-348b-4c40-b97c-48fc9d85da4a | ITER: 15 START
2019-07-31 10:29:12.868 24824 INFO rally.task.runner [-] Task 77e7abb2-348b-4c40-b97c-48fc9d85da4a | ITER: 14 START
2019-07-31 10:29:12.871 24827 WARNING rally_openstack.scenarios.neutron.utils [-] Running this scenario without either the 'network' or 'existing_network' context is deprecated
2019-07-31 10:29:12.872 24830 INFO rally.task.runner [-] Task 77e7abb2-348b-4c40-b97c-48fc9d85da4a | ITER: 16 START
2019-07-31 10:29:12.873 24830 WARNING rally_openstack.scenarios.neutron.utils [-] Running this scenario without either the 'network' or 'existing_network' context is deprecated
2019-07-31 10:29:12.873 24824 WARNING rally_openstack.scenarios.neutron.utils [-] Running this scenario without either the 'network' or 'existing_network' context is deprecated
2019-07-31 10:29:12.873 24831 INFO rally.task.runner [-] Task 77e7abb2-348b-4c40-b97c-48fc9d85da4a | ITER: 17 START
2019-07-31 10:29:12.875 24831 WARNING rally_openstack.scenarios.neutron.utils [-] Running this scenario without either the 'network' or 'existing_network' context is deprecated
2019-07-31 10:29:12.895 24840 RALLYDEBUG rally.task.runner [-] Starting a worker. concurrency: 1 args: {"network_create_args": {}, "subnet_create_args": {}, "subnet_cidr_start": "1.1.0.0/30", "subnets_per_network": 2} times: 40 method_name: run timeout: 0 duration: None cls:
2019-07-31 10:29:12.900 24840 INFO rally.task.runner [-] Task 77e7abb2-348b-4c40-b97c-48fc9d85da4a | ITER: 18 START
2019-07-31 10:29:12.902 24840 WARNING rally_openstack.scenarios.neutron.utils [-] Running this scenario without either the 'network' or 'existing_network' context is deprecated
2019-07-31 10:29:12.902 24841 RALLYDEBUG rally.task.runner [-] Starting a worker. concurrency: 1 args: {"network_create_args": {}, "subnet_create_args": {}, "subnet_cidr_start": "1.1.0.0/30", "subnets_per_network": 2} times: 40 method_name: run timeout: 0 duration: None cls:
2019-07-31 10:29:12.906 24841 INFO rally.task.runner [-] Task 77e7abb2-348b-4c40-b97c-48fc9d85da4a | ITER: 19 START
2019-07-31 10:29:12.906 24844 RALLYDEBUG rally.task.runner [-] Starting a worker. concurrency: 1 args: {"network_create_args": {}, "subnet_create_args": {}, "subnet_cidr_start": "1.1.0.0/30", "subnets_per_network": 2} times: 40 method_name: run timeout: 0 duration: None cls:
2019-07-31 10:29:12.908 24841 WARNING rally_openstack.scenarios.neutron.utils [-] Running this scenario without either the 'network' or 'existing_network' context is deprecated
2019-07-31 10:29:12.910 24844 INFO rally.task.runner [-] Task 77e7abb2-348b-4c40-b97c-48fc9d85da4a | ITER: 20 START
2019-07-31 10:29:12.912 24844 WARNING rally_openstack.scenarios.neutron.utils [-] Running this scenario without either the 'network' or 'existing_network' context is deprecated
2019-07-31 10:29:15.388 24803 RALLYDEBUG rally_openstack.wrappers.network [-] CIDR generated: 1.1.4.96/30
2019-07-31 10:29:15.428 24800 RALLYDEBUG rally_openstack.wrappers.network [-] CIDR generated: 1.1.4.100/30
2019-07-31 10:29:15.521 24840 RALLYDEBUG rally_openstack.wrappers.network [-] CIDR generated: 1.1.4.104/30
2019-07-31 10:29:15.538 24820 RALLYDEBUG rally_openstack.wrappers.network [-] CIDR generated: 1.1.4.108/30
2019-07-31 10:29:15.673 24800 RALLYDEBUG rally_openstack.wrappers.network [-] CIDR generated: 1.1.4.112/30
2019-07-31 10:29:16.177 24797 RALLYDEBUG rally_openstack.wrappers.network [-] CIDR generated: 1.1.4.116/30
2019-07-31 10:29:16.209 24844 RALLYDEBUG rally_openstack.wrappers.network [-] CIDR generated: 1.1.4.120/30
2019-07-31 10:29:16.481 24841 RALLYDEBUG rally_openstack.wrappers.network [-] CIDR generated: 1.1.4.124/30
2019-07-31 10:29:16.543 24827 RALLYDEBUG rally_openstack.wrappers.network [-] CIDR generated: 1.1.4.128/30
2019-07-31 10:29:16.557 24810 RALLYDEBUG rally_openstack.wrappers.network [-] CIDR generated: 1.1.4.132/30
2019-07-31 10:29:17.235 24799 RALLYDEBUG rally_openstack.wrappers.network [-] CIDR generated: 1.1.4.136/30
2019-07-31 10:29:17.374 24840 RALLYDEBUG rally_openstack.wrappers.network [-] CIDR generated: 1.1.4.140/30
2019-07-31 10:29:17.516 24814 RALLYDEBUG rally_openstack.wrappers.network [-] CIDR generated: 1.1.4.144/30
2019-07-31 10:29:17.704 24806 RALLYDEBUG rally_openstack.wrappers.network [-] CIDR generated: 1.1.4.148/30
2019-07-31 10:29:17.722 24800 RALLYDEBUG rally_openstack.wrappers.network [-] CIDR generated: 1.1.4.152/30
2019-07-31 10:29:17.783 24798 RALLYDEBUG rally_openstack.wrappers.network [-] CIDR generated: 1.1.4.156/30
2019-07-31 10:29:17.789 24800 RALLYDEBUG rally_openstack.wrappers.network [-] CIDR generated: 1.1.4.160/30
2019-07-31 10:29:17.868 24799 RALLYDEBUG rally_openstack.wrappers.network [-] CIDR generated: 1.1.4.164/30
2019-07-31 10:29:17.892 24830 RALLYDEBUG rally_openstack.wrappers.network [-] CIDR generated: 1.1.4.168/30
2019-07-31 10:29:17.938 24824 RALLYDEBUG rally_openstack.wrappers.network [-] CIDR generated: 1.1.4.172/30
2019-07-31 10:29:17.980 24797 RALLYDEBUG rally_openstack.wrappers.network [-] CIDR generated: 1.1.4.176/30
2019-07-31 10:29:18.004 24831 RALLYDEBUG rally_openstack.wrappers.network [-] CIDR generated: 1.1.4.180/30
2019-07-31 10:29:18.071 24798 RALLYDEBUG rally_openstack.wrappers.network [-] CIDR generated: 1.1.4.184/30
2019-07-31 10:29:18.337 24803 RALLYDEBUG rally_openstack.wrappers.network [-] CIDR generated: 1.1.4.188/30
2019-07-31 10:29:18.472 24797 RALLYDEBUG rally_openstack.wrappers.network [-] CIDR generated: 1.1.4.192/30
2019-07-31 10:29:18.615 24820 RALLYDEBUG rally_openstack.wrappers.network [-] CIDR generated: 1.1.4.196/30
2019-07-31 10:29:18.956 24810 RALLYDEBUG rally_openstack.wrappers.network [-] CIDR generated: 1.1.4.200/30
2019-07-31 10:29:19.036 24844 RALLYDEBUG rally_openstack.wrappers.network [-] CIDR generated: 1.1.4.204/30
2019-07-31 10:29:19.323 24827 RALLYDEBUG rally_openstack.wrappers.network [-] CIDR generated: 1.1.4.208/30
2019-07-31 10:29:20.010 24798 RALLYDEBUG rally_openstack.wrappers.network [-] CIDR generated: 1.1.4.212/30
2019-07-31 10:29:20.234 24806 RALLYDEBUG rally_openstack.wrappers.network [-] CIDR generated: 1.1.4.216/30
2019-07-31 10:29:20.262 24841 RALLYDEBUG rally_openstack.wrappers.network [-] CIDR generated: 1.1.4.220/30
2019-07-31 10:29:20.488 24797 RALLYDEBUG rally_openstack.wrappers.network [-] CIDR generated: 1.1.4.224/30
2019-07-31 10:29:20.500 24799 RALLYDEBUG rally_openstack.wrappers.network [-] CIDR generated: 1.1.4.228/30
2019-07-31 10:29:20.596 24824 RALLYDEBUG rally_openstack.wrappers.network [-] CIDR generated: 1.1.4.232/30
2019-07-31 10:29:20.754 24799 RALLYDEBUG rally_openstack.wrappers.network [-] CIDR generated: 1.1.4.236/30
2019-07-31 10:29:21.374 24814 RALLYDEBUG rally_openstack.wrappers.network [-] CIDR generated: 1.1.4.240/30
2019-07-31 10:29:21.456 24798 RALLYDEBUG rally_openstack.wrappers.network [-] CIDR generated: 1.1.4.244/30
2019-07-31 10:29:23.055 24840 INFO rally.task.runner [-] Task 77e7abb2-348b-4c40-b97c-48fc9d85da4a | ITER: 18 END: OK
2019-07-31 10:29:23.060 24840 INFO rally.task.runner [-] Task 77e7abb2-348b-4c40-b97c-48fc9d85da4a | ITER: 21 START
2019-07-31 10:29:23.060 24840 WARNING rally_openstack.scenarios.neutron.utils [-] Running this scenario without either the 'network' or 'existing_network' context is deprecated
2019-07-31 10:29:23.222 24830 RALLYDEBUG rally_openstack.wrappers.network [-] CIDR generated: 1.1.4.248/30
2019-07-31 10:29:23.258 24831 RALLYDEBUG rally_openstack.wrappers.network [-] CIDR generated: 1.1.4.252/30
2019-07-31 10:29:24.219 24800 INFO rally.task.runner [-] Task 77e7abb2-348b-4c40-b97c-48fc9d85da4a | ITER: 9 END: OK
2019-07-31 10:29:24.223 24800 INFO rally.task.runner [-] Task 77e7abb2-348b-4c40-b97c-48fc9d85da4a | ITER: 22 START
2019-07-31 10:29:24.224 24800 WARNING rally_openstack.scenarios.neutron.utils [-] Running this scenario without either the 'network' or 'existing_network' context is deprecated
2019-07-31 10:29:24.651 24827 INFO rally.task.runner [-] Task 77e7abb2-348b-4c40-b97c-48fc9d85da4a | ITER: 15 END: OK
2019-07-31 10:29:24.655 24827 INFO rally.task.runner [-] Task 77e7abb2-348b-4c40-b97c-48fc9d85da4a | ITER: 23 START
2019-07-31 10:29:24.656 24827 WARNING rally_openstack.scenarios.neutron.utils [-] Running this scenario without either the 'network' or 'existing_network' context is deprecated
2019-07-31 10:29:25.111 24800 INFO rally.task.runner [-] Task 77e7abb2-348b-4c40-b97c-48fc9d85da4a | ITER: 7 END: OK
2019-07-31 10:29:25.115 24800 INFO rally.task.runner [-] Task 77e7abb2-348b-4c40-b97c-48fc9d85da4a | ITER: 24 START
2019-07-31 10:29:25.116 24800 WARNING rally_openstack.scenarios.neutron.utils [-] Running this scenario without either the 'network' or 'existing_network' context is deprecated
2019-07-31 10:29:25.633 24797 INFO rally.task.runner [-] Task 77e7abb2-348b-4c40-b97c-48fc9d85da4a | ITER: 2 END: OK
2019-07-31 10:29:25.637 24797 INFO rally.task.runner [-] Task 77e7abb2-348b-4c40-b97c-48fc9d85da4a | ITER: 25 START
2019-07-31 10:29:25.637 24797 WARNING rally_openstack.scenarios.neutron.utils [-] Running this scenario without either the 'network' or 'existing_network' context is deprecated
2019-07-31 10:29:25.649 24810 INFO rally.task.runner [-] Task 77e7abb2-348b-4c40-b97c-48fc9d85da4a | ITER: 10 END: OK
2019-07-31 10:29:25.653 24810 INFO rally.task.runner [-] Task 77e7abb2-348b-4c40-b97c-48fc9d85da4a | ITER: 26 START
2019-07-31 10:29:25.653 24810 WARNING rally_openstack.scenarios.neutron.utils [-] Running this scenario without either the 'network' or 'existing_network' context is deprecated
2019-07-31 10:29:25.948 24803 INFO rally.task.runner [-] Task 77e7abb2-348b-4c40-b97c-48fc9d85da4a | ITER: 8 END: OK
2019-07-31 10:29:25.953 24803 INFO rally.task.runner [-] Task 77e7abb2-348b-4c40-b97c-48fc9d85da4a | ITER: 27 START
2019-07-31 10:29:25.953 24803 WARNING rally_openstack.scenarios.neutron.utils [-] Running this scenario without either the 'network' or 'existing_network' context is deprecated
2019-07-31 10:29:26.250 24844 INFO rally.task.runner [-] Task 77e7abb2-348b-4c40-b97c-48fc9d85da4a | ITER: 20 END: OK
2019-07-31 10:29:26.254 24844 INFO rally.task.runner [-] Task 77e7abb2-348b-4c40-b97c-48fc9d85da4a | ITER: 28 START
2019-07-31 10:29:26.255 24844 WARNING rally_openstack.scenarios.neutron.utils [-] Running this scenario without either the 'network' or 'existing_network' context is deprecated
2019-07-31 10:29:26.268 24806 INFO rally.task.runner [-] Task 77e7abb2-348b-4c40-b97c-48fc9d85da4a | ITER: 11 END: OK
2019-07-31 10:29:26.272 24806 INFO rally.task.runner [-] Task 77e7abb2-348b-4c40-b97c-48fc9d85da4a | ITER: 29 START
2019-07-31 10:29:26.273 24806 WARNING rally_openstack.scenarios.neutron.utils [-] Running this scenario without either the 'network' or 'existing_network' context is deprecated
2019-07-31 10:29:26.354 24840 RALLYDEBUG rally_openstack.wrappers.network [-] CIDR generated: 1.1.5.0/30
2019-07-31 10:29:26.718 24798 INFO rally.task.runner [-] Task 77e7abb2-348b-4c40-b97c-48fc9d85da4a | ITER: 5 END: OK
2019-07-31 10:29:26.722 24798 INFO rally.task.runner [-] Task 77e7abb2-348b-4c40-b97c-48fc9d85da4a | ITER: 30 START
2019-07-31 10:29:26.722 24798 WARNING rally_openstack.scenarios.neutron.utils [-] Running this scenario without either the 'network' or 'existing_network' context is deprecated
2019-07-31 10:29:26.811 24824 INFO rally.task.runner [-] Task 77e7abb2-348b-4c40-b97c-48fc9d85da4a | ITER: 14 END: OK
2019-07-31 10:29:26.814 24800 RALLYDEBUG rally_openstack.wrappers.network [-] CIDR generated: 1.1.5.4/30
2019-07-31 10:29:26.815 24824 INFO rally.task.runner [-] Task 77e7abb2-348b-4c40-b97c-48fc9d85da4a | ITER: 31 START
2019-07-31 10:29:26.816 24824 WARNING rally_openstack.scenarios.neutron.utils [-] Running this scenario without either the 'network' or 'existing_network' context is deprecated
2019-07-31 10:29:26.966 24827 RALLYDEBUG rally_openstack.wrappers.network [-] CIDR generated: 1.1.5.8/30
2019-07-31 10:29:26.967 24800 RALLYDEBUG rally_openstack.wrappers.network [-] CIDR generated: 1.1.5.12/30
2019-07-31 10:29:27.239 24799 INFO rally.task.runner [-] Task 77e7abb2-348b-4c40-b97c-48fc9d85da4a | ITER: 4 END: OK
2019-07-31 10:29:27.243 24799 INFO rally.task.runner [-] Task 77e7abb2-348b-4c40-b97c-48fc9d85da4a | ITER: 32 START
2019-07-31 10:29:27.243 24799 WARNING rally_openstack.scenarios.neutron.utils [-] Running this scenario without either the 'network' or 'existing_network' context is deprecated
2019-07-31 10:29:27.574 24797 INFO rally.task.runner [-] Task 77e7abb2-348b-4c40-b97c-48fc9d85da4a | ITER: 1 END: OK
2019-07-31 10:29:27.577 24797 INFO rally.task.runner [-] Task 77e7abb2-348b-4c40-b97c-48fc9d85da4a | ITER: 33 START
2019-07-31 10:29:27.578 24797 WARNING rally_openstack.scenarios.neutron.utils [-] Running this scenario without either the 'network' or 'existing_network' context is deprecated
2019-07-31 10:29:27.733 24820 INFO rally.task.runner [-] Task 77e7abb2-348b-4c40-b97c-48fc9d85da4a | ITER: 13 END: OK
2019-07-31 10:29:27.737 24820 INFO rally.task.runner [-] Task 77e7abb2-348b-4c40-b97c-48fc9d85da4a | ITER: 34 START
2019-07-31 10:29:27.738 24820 WARNING rally_openstack.scenarios.neutron.utils [-] Running this scenario without either the 'network' or 'existing_network' context is deprecated
2019-07-31 10:29:27.848 24810 RALLYDEBUG rally_openstack.wrappers.network [-] CIDR generated: 1.1.5.16/30
2019-07-31 10:29:27.994 24799 INFO rally.task.runner [-] Task 77e7abb2-348b-4c40-b97c-48fc9d85da4a | ITER: 6 END: OK
2019-07-31 10:29:27.998 24799 INFO rally.task.runner [-] Task 77e7abb2-348b-4c40-b97c-48fc9d85da4a | ITER: 35 START
2019-07-31 10:29:27.999 24799 WARNING rally_openstack.scenarios.neutron.utils [-] Running this scenario without either the 'network' or 'existing_network' context is deprecated
2019-07-31 10:29:28.185 24797 RALLYDEBUG rally_openstack.wrappers.network [-] CIDR generated: 1.1.5.20/30
2019-07-31 10:29:28.288 24798 INFO rally.task.runner [-] Task 77e7abb2-348b-4c40-b97c-48fc9d85da4a | ITER: 3 END: OK
2019-07-31 10:29:28.292 24798 INFO rally.task.runner [-] Task 77e7abb2-348b-4c40-b97c-48fc9d85da4a | ITER: 36 START
2019-07-31 10:29:28.293 24798 WARNING rally_openstack.scenarios.neutron.utils [-] Running this scenario without either the 'network' or 'existing_network' context is deprecated
2019-07-31 10:29:28.310 24803 RALLYDEBUG rally_openstack.wrappers.network [-] CIDR generated: 1.1.5.24/30
2019-07-31 10:29:28.473 24844 RALLYDEBUG rally_openstack.wrappers.network [-] CIDR generated: 1.1.5.28/30
2019-07-31 10:29:28.513 24806 RALLYDEBUG rally_openstack.wrappers.network [-] CIDR generated: 1.1.5.32/30
2019-07-31 10:29:28.841 24841 INFO rally.task.runner [-] Task 77e7abb2-348b-4c40-b97c-48fc9d85da4a | ITER: 19 END: OK
2019-07-31 10:29:28.845 24841 INFO rally.task.runner [-] Task 77e7abb2-348b-4c40-b97c-48fc9d85da4a | ITER: 37 START
2019-07-31 10:29:28.846 24841 WARNING rally_openstack.scenarios.neutron.utils [-] Running this scenario without either the 'network' or 'existing_network' context is deprecated
2019-07-31 10:29:29.088 24798 RALLYDEBUG rally_openstack.wrappers.network [-] CIDR generated: 1.1.5.36/30
2019-07-31 10:29:29.176 24814 INFO rally.task.runner [-] Task 77e7abb2-348b-4c40-b97c-48fc9d85da4a | ITER: 12 END: OK
2019-07-31 10:29:29.180 24814 INFO rally.task.runner [-] Task 77e7abb2-348b-4c40-b97c-48fc9d85da4a | ITER: 38 START
2019-07-31 10:29:29.181 24814 WARNING rally_openstack.scenarios.neutron.utils [-] Running this scenario without either the 'network' or 'existing_network' context is deprecated
2019-07-31 10:29:29.333 24800 RALLYDEBUG rally_openstack.wrappers.network [-] CIDR generated: 1.1.5.40/30
2019-07-31 10:29:29.997 24827 RALLYDEBUG rally_openstack.wrappers.network [-] CIDR generated: 1.1.5.44/30
2019-07-31 10:29:30.029 24840 RALLYDEBUG rally_openstack.wrappers.network [-] CIDR generated: 1.1.5.48/30
2019-07-31 10:29:30.052 24824 RALLYDEBUG rally_openstack.wrappers.network [-] CIDR generated: 1.1.5.52/30
2019-07-31 10:29:30.274 24797 RALLYDEBUG rally_openstack.wrappers.network [-] CIDR generated: 1.1.5.56/30
2019-07-31 10:29:30.299 24820 RALLYDEBUG rally_openstack.wrappers.network [-] CIDR generated: 1.1.5.60/30
2019-07-31 10:29:30.369 24810 RALLYDEBUG rally_openstack.wrappers.network [-] CIDR generated: 1.1.5.64/30
2019-07-31 10:29:30.431 24799 RALLYDEBUG rally_openstack.wrappers.network [-] CIDR generated: 1.1.5.68/30
2019-07-31 10:29:30.491 24800 RALLYDEBUG rally_openstack.wrappers.network [-] CIDR generated: 1.1.5.72/30
2019-07-31 10:29:30.572 24799 RALLYDEBUG rally_openstack.wrappers.network [-] CIDR generated: 1.1.5.76/30
2019-07-31 10:29:31.034 24806 RALLYDEBUG rally_openstack.wrappers.network [-] CIDR generated: 1.1.5.80/30
2019-07-31 10:29:31.093 24797 RALLYDEBUG rally_openstack.wrappers.network [-] CIDR generated: 1.1.5.84/30
2019-07-31 10:29:31.257 24803 RALLYDEBUG rally_openstack.wrappers.network [-] CIDR generated: 1.1.5.88/30
2019-07-31 10:29:31.440 24798 RALLYDEBUG rally_openstack.wrappers.network [-] CIDR generated: 1.1.5.92/30
2019-07-31 10:29:31.734 24814 RALLYDEBUG rally_openstack.wrappers.network [-] CIDR generated: 1.1.5.96/30
2019-07-31 10:29:31.770 24798 RALLYDEBUG rally_openstack.wrappers.network [-] CIDR generated: 1.1.5.100/30
2019-07-31 10:29:31.835 24830 INFO rally.task.runner [-] Task 77e7abb2-348b-4c40-b97c-48fc9d85da4a | ITER: 16 END: OK
2019-07-31 10:29:31.839 24830 INFO rally.task.runner [-] Task 77e7abb2-348b-4c40-b97c-48fc9d85da4a | ITER: 39 START
2019-07-31 10:29:31.840 24830 WARNING rally_openstack.scenarios.neutron.utils [-] Running this scenario without either the 'network' or 'existing_network' context is deprecated
2019-07-31 10:29:32.065 24841 RALLYDEBUG rally_openstack.wrappers.network [-] CIDR generated: 1.1.5.104/30
2019-07-31 10:29:32.438 24831 INFO rally.task.runner [-] Task 77e7abb2-348b-4c40-b97c-48fc9d85da4a | ITER: 17 END: OK
2019-07-31 10:29:32.442 24831 INFO rally.task.runner [-] Task 77e7abb2-348b-4c40-b97c-48fc9d85da4a | ITER: 40 START
2019-07-31 10:29:32.442 24831 WARNING rally_openstack.scenarios.neutron.utils [-] Running this scenario without either the 'network' or 'existing_network' context is deprecated
2019-07-31 10:29:32.603 24797 RALLYDEBUG rally_openstack.wrappers.network [-] CIDR generated: 1.1.5.108/30
2019-07-31 10:29:32.746 24820 RALLYDEBUG rally_openstack.wrappers.network [-] CIDR generated: 1.1.5.112/30
2019-07-31 10:29:33.067 24844 RALLYDEBUG rally_openstack.wrappers.network [-] CIDR generated: 1.1.5.116/30
2019-07-31 10:29:33.488 24824 RALLYDEBUG rally_openstack.wrappers.network [-] CIDR generated: 1.1.5.120/30
2019-07-31 10:29:33.908 24814 RALLYDEBUG rally_openstack.wrappers.network [-] CIDR generated: 1.1.5.124/30
2019-07-31 10:29:34.167 24830 RALLYDEBUG rally_openstack.wrappers.network [-] CIDR generated: 1.1.5.128/30
2019-07-31 10:29:34.393 24798 RALLYDEBUG rally_openstack.wrappers.network [-] CIDR generated: 1.1.5.132/30
2019-07-31 10:29:34.638 24799 RALLYDEBUG rally_openstack.wrappers.network [-] CIDR generated: 1.1.5.136/30
2019-07-31 10:29:35.187 24799 RALLYDEBUG rally_openstack.wrappers.network [-] CIDR generated: 1.1.5.140/30
2019-07-31 10:29:35.420 24831 RALLYDEBUG rally_openstack.wrappers.network [-] CIDR generated: 1.1.5.144/30
2019-07-31 10:29:35.844 24841 RALLYDEBUG rally_openstack.wrappers.network [-] CIDR generated: 1.1.5.148/30
2019-07-31 10:29:36.397 24840 INFO rally.task.runner [-] Task 77e7abb2-348b-4c40-b97c-48fc9d85da4a | ITER: 21 END: OK
2019-07-31 10:29:36.400 24830 RALLYDEBUG rally_openstack.wrappers.network [-] CIDR generated: 1.1.5.152/30
2019-07-31 10:29:36.923 24806 INFO rally.task.runner [-] Task 77e7abb2-348b-4c40-b97c-48fc9d85da4a | ITER: 29 END: OK
2019-07-31 10:29:37.185 24800 INFO rally.task.runner [-] Task 77e7abb2-348b-4c40-b97c-48fc9d85da4a | ITER: 24 END: OK
2019-07-31 10:29:37.447 24810 INFO rally.task.runner [-] Task 77e7abb2-348b-4c40-b97c-48fc9d85da4a | ITER: 26 END: OK
2019-07-31 10:29:37.490 24798 INFO rally.task.runner [-] Task 77e7abb2-348b-4c40-b97c-48fc9d85da4a | ITER: 30 END: OK
2019-07-31 10:29:37.551 24827 INFO rally.task.runner [-] Task 77e7abb2-348b-4c40-b97c-48fc9d85da4a | ITER: 23 END: OK
2019-07-31 10:29:37.811 24831 RALLYDEBUG rally_openstack.wrappers.network [-] CIDR generated: 1.1.5.156/30
2019-07-31 10:29:37.949 24800 INFO rally.task.runner [-] Task 77e7abb2-348b-4c40-b97c-48fc9d85da4a | ITER: 22 END: OK
2019-07-31 10:29:38.203 24797 INFO rally.task.runner [-] Task 77e7abb2-348b-4c40-b97c-48fc9d85da4a | ITER: 25 END: OK
2019-07-31 10:29:39.085 24844 INFO rally.task.runner [-] Task 77e7abb2-348b-4c40-b97c-48fc9d85da4a | ITER: 28 END: OK
2019-07-31 10:29:40.016 24797 INFO rally.task.runner [-] Task 77e7abb2-348b-4c40-b97c-48fc9d85da4a | ITER: 33 END: OK
2019-07-31 10:29:40.033 24820 INFO rally.task.runner [-] Task 77e7abb2-348b-4c40-b97c-48fc9d85da4a | ITER: 34 END: OK
2019-07-31 10:29:40.050 24814 INFO rally.task.runner [-] Task 77e7abb2-348b-4c40-b97c-48fc9d85da4a | ITER: 38 END: OK
2019-07-31 10:29:40.080 24803 INFO rally.task.runner [-] Task 77e7abb2-348b-4c40-b97c-48fc9d85da4a | ITER: 27 END: OK
2019-07-31 10:29:40.458 24798 INFO rally.task.runner [-] Task 77e7abb2-348b-4c40-b97c-48fc9d85da4a | ITER: 36 END: OK
2019-07-31 10:29:40.644 24824 INFO rally.task.runner [-] Task 77e7abb2-348b-4c40-b97c-48fc9d85da4a | ITER: 31 END: OK
2019-07-31 10:29:41.613 24799 INFO rally.task.runner [-] Task 77e7abb2-348b-4c40-b97c-48fc9d85da4a | ITER: 35 END: OK
2019-07-31 10:29:41.689 24830 INFO rally.task.runner [-] Task 77e7abb2-348b-4c40-b97c-48fc9d85da4a | ITER: 39 END: OK
2019-07-31 10:29:42.559 24799 INFO rally.task.runner [-] Task 77e7abb2-348b-4c40-b97c-48fc9d85da4a | ITER: 32 END: OK
2019-07-31 10:29:43.174 24831 INFO rally.task.runner [-] Task 77e7abb2-348b-4c40-b97c-48fc9d85da4a | ITER: 40 END: OK
2019-07-31 10:29:43.768 24841 INFO rally.task.runner [-] Task 77e7abb2-348b-4c40-b97c-48fc9d85da4a | ITER: 37 END: OK
2019-07-31 10:29:43.798 22703 INFO rally.task.context [-] Task 77e7abb2-348b-4c40-b97c-48fc9d85da4a | Context cleanup@openstack cleanup() started
2019-07-31 10:29:43.800 22703 RALLYDEBUG rally_openstack.cleanup.manager [-] Cleaning up neutron vip objects
2019-07-31 10:29:44.560 22703 RALLYDEBUG rally_openstack.cleanup.manager [-] Cleaning up neutron health_monitor objects
2019-07-31 10:29:45.403 22703 RALLYDEBUG rally_openstack.cleanup.manager [-] Cleaning up neutron pool objects
2019-07-31 10:29:46.129 22703 RALLYDEBUG rally_openstack.cleanup.manager [-] Cleaning up neutron loadbalancer objects
2019-07-31 10:29:46.899 22703 RALLYDEBUG rally_openstack.cleanup.manager [-] Cleaning up neutron floatingip objects
2019-07-31 10:29:47.686 22703 RALLYDEBUG rally_openstack.cleanup.manager [-] Cleaning up neutron port objects
2019-07-31 10:29:48.667 22703 RALLYDEBUG rally_openstack.cleanup.manager [-] Cleaning up neutron subnet objects
2019-07-31 10:29:49.389 22703 RALLYDEBUG rally_openstack.cleanup.manager [-] Cleaning up neutron network objects
2019-07-31 10:29:50.313 22703 RALLYDEBUG rally_openstack.cleanup.manager [-] Deleting neutron.network object s_rally_f10bbe86_EjJyYykS (01a0f6ed-0b9a-4f81-8ed1-c9b43a118e3d)
2019-07-31 10:29:50.320 22703 RALLYDEBUG rally_openstack.cleanup.manager [-] Deleting neutron.network object s_rally_f10bbe86_idw0qi3u (025682f5-9d5b-4af3-893d-ee9a2f882c54)
2019-07-31 10:29:50.325 22703 RALLYDEBUG rally_openstack.cleanup.manager [-] Deleting neutron.network object s_rally_f10bbe86_iykIkJhM (0b6e27be-9445-40e5-9069-5d05608a1d68)
2019-07-31 10:29:50.334 22703 RALLYDEBUG rally_openstack.cleanup.manager [-] Deleting neutron.network object s_rally_f10bbe86_2PNrpTzv (0c3c05d9-be6a-4e0f-a900-2043a210153c)
2019-07-31 10:29:50.344 22703 RALLYDEBUG rally_openstack.cleanup.manager [-] Deleting neutron.network object s_rally_f10bbe86_W1EQmRpb (1a33e600-619d-4076-a850-f94730b78135)
2019-07-31 10:29:50.350 22703 RALLYDEBUG rally_openstack.cleanup.manager [-] Deleting neutron.network object s_rally_f10bbe86_e0BjD2n8 (2d8143a1-c16f-4480-a435-bb67117e0028)
2019-07-31 10:29:50.355 22703 RALLYDEBUG rally_openstack.cleanup.manager [-] Deleting neutron.network object s_rally_f10bbe86_tajxwNr7 (199b15ff-7a37-4757-af2f-a8bc0f1a32c7)
2019-07-31 10:29:50.369 22703 RALLYDEBUG rally_openstack.cleanup.manager [-] Deleting neutron.network object s_rally_f10bbe86_ARPFP3Pt (316ad8ee-98db-4b5b-847e-a062f67934ac)
2019-07-31 10:29:50.398 22703 RALLYDEBUG rally_openstack.cleanup.manager [-] Deleting neutron.network object s_rally_f10bbe86_uDfEID7v (33477ab5-7a70-49e2-83e4-0aef183a61bb)
2019-07-31 10:29:50.427 22703 RALLYDEBUG rally_openstack.cleanup.manager [-] Deleting neutron.network object s_rally_f10bbe86_klXIdiYT (34978e4b-a698-4bd6-a31b-f2dbe5c5312f)
2019-07-31 10:29:50.434 22703 RALLYDEBUG rally_openstack.cleanup.manager [-] Deleting neutron.network object s_rally_f10bbe86_jHvtrjvu (33be12eb-7316-494c-9543-6fabe4d46020)
2019-07-31 10:29:50.460 22703 RALLYDEBUG rally_openstack.cleanup.manager [-] Deleting neutron.network object s_rally_f10bbe86_WFUDmK5j (4460d013-9136-4781-8fef-1ec2727868ab)
2019-07-31 10:29:50.464 22703 RALLYDEBUG rally_openstack.cleanup.manager [-] Deleting neutron.network object s_rally_f10bbe86_RlwhlGTw (4997e2ce-1a43-411f-92fa-d3bbda9dcea5)
2019-07-31 10:29:50.466 22703 RALLYDEBUG rally_openstack.cleanup.manager [-] Deleting neutron.network object s_rally_f10bbe86_Q851Fvx3 (4e78484d-c42c-4ef8-bd2c-5889f4b1bedd)
2019-07-31 10:29:50.473 22703 RALLYDEBUG rally_openstack.cleanup.manager [-] Deleting neutron.network object s_rally_f10bbe86_pXp5sgcO (3cdbafba-904c-45bb-aea8-50827a11db20)
2019-07-31 10:29:50.477 22703 RALLYDEBUG rally_openstack.cleanup.manager [-] Deleting neutron.network object s_rally_f10bbe86_kvAt6vvF (4560e089-277e-455f-95f4-e71b5ffdea92)
2019-07-31 10:29:50.479 22703 RALLYDEBUG rally_openstack.cleanup.manager [-] Deleting neutron.network object s_rally_f10bbe86_tWlD6KgY (54005818-56da-4fc9-93a8-dfc6abf41590)
2019-07-31 10:29:50.481 22703 RALLYDEBUG rally_openstack.cleanup.manager [-] Deleting neutron.network object s_rally_f10bbe86_UVOUvPzn (37966ccf-123f-4f3f-9b11-a0319e2bdb2b)
2019-07-31 10:29:50.485 22703 RALLYDEBUG rally_openstack.cleanup.manager [-] Deleting neutron.network object s_rally_f10bbe86_wkrjAd2v (5517ba97-85d8-4e96-bf63-56eecd5248bc)
2019-07-31 10:29:50.493 22703 RALLYDEBUG rally_openstack.cleanup.manager [-] Deleting neutron.network object s_rally_f10bbe86_VfhuC2pl (4a6a6091-f5ff-4565-89d9-001181e0d6f7)
2019-07-31 10:29:53.714 22703 RALLYDEBUG rally_openstack.cleanup.manager [-] Deleting neutron.network object s_rally_f10bbe86_ZRilwNeo (5b70f8f8-123a-49f7-8a1e-2f46571d7882)
2019-07-31 10:29:53.825 22703 RALLYDEBUG rally_openstack.cleanup.manager [-] Deleting neutron.network object s_rally_f10bbe86_ESPGzFYy (7a099497-ed5d-4864-8d89-4b6606db74ec)
2019-07-31 10:29:53.825 22703 RALLYDEBUG rally_openstack.cleanup.manager [-] Deleting neutron.network object s_rally_f10bbe86_qOz43noU (65379f4c-5a51-4a7c-bb1d-90d01fbfb5db)
2019-07-31 10:29:53.948 22703 RALLYDEBUG rally_openstack.cleanup.manager [-] Deleting neutron.network object s_rally_f10bbe86_siT2y5i7 (875a002a-2978-47a3-9fc2-24f165e4d84a)
2019-07-31 10:29:54.035 22703 RALLYDEBUG rally_openstack.cleanup.manager [-] Deleting neutron.network object s_rally_f10bbe86_zrIdSWyu (8d2ac956-958c-43e6-b669-17f29ff8a5ea)
2019-07-31 10:29:54.084 22703 RALLYDEBUG rally_openstack.cleanup.manager [-] Deleting neutron.network object s_rally_f10bbe86_H9LELskz (8f2f7a37-e037-4eba-86f5-9d1f90ee30dd)
2019-07-31 10:29:54.131 22703 RALLYDEBUG rally_openstack.cleanup.manager [-] Deleting neutron.network object s_rally_f10bbe86_zCbEKYvM (93ccdb27-7554-4f13-af45-c909035e93e1)
2019-07-31 10:29:54.144 22703 RALLYDEBUG rally_openstack.cleanup.manager [-] Deleting neutron.network object s_rally_f10bbe86_6osRUrGo (975c1309-4822-4429-bcd4-4efb694bce8c)
2019-07-31 10:29:55.493 22703 RALLYDEBUG rally_openstack.cleanup.manager [-] Deleting neutron.network object s_rally_f10bbe86_lEXl0DYu (a2fc0361-d042-4404-8aa8-2976e342ffbb)
2019-07-31 10:29:56.010 22703 RALLYDEBUG rally_openstack.cleanup.manager [-] Deleting neutron.network object s_rally_f10bbe86_KXuhnBi3 (b6ec3c2a-6a08-452b-830b-311a5536f670)
2019-07-31 10:29:56.092 22703 RALLYDEBUG rally_openstack.cleanup.manager [-] Deleting neutron.network object s_rally_f10bbe86_N229X538 (b6f4210b-ffa2-4506-84c4-11c56f8e7ad5)
2019-07-31 10:29:56.849 22703 RALLYDEBUG rally_openstack.cleanup.manager [-] Deleting neutron.network object s_rally_f10bbe86_4gyeRdRZ (be8a636c-e56b-4b7f-8f99-508b67ac0583)
2019-07-31 10:29:57.119 22703 RALLYDEBUG rally_openstack.cleanup.manager [-] Deleting neutron.network object s_rally_f10bbe86_xapO3g6i (c083cd49-6de5-4783-83cc-92e75712e614)
2019-07-31 10:29:57.154 22703 RALLYDEBUG rally_openstack.cleanup.manager [-] Deleting neutron.network object s_rally_f10bbe86_O5761OrM (c581d7f8-2659-4798-8d4f-24b393c87938)
2019-07-31 10:29:57.188 22703 RALLYDEBUG rally_openstack.cleanup.manager [-] Deleting neutron.network object s_rally_f10bbe86_b3vNQwGN (ca14d5c6-0570-40e0-8ac7-0f50852a7784)
2019-07-31 10:29:57.197 22703 RALLYDEBUG rally_openstack.cleanup.manager [-] Deleting neutron.network object s_rally_f10bbe86_yKbYISzb (e15c2bc5-a4ee-48af-b355-2903f157f8c1)
2019-07-31 10:29:57.211 22703 RALLYDEBUG rally_openstack.cleanup.manager [-] Deleting neutron.network object s_rally_f10bbe86_5QSJCI47 (e1b37407-7e02-49f7-b884-2d6dbc9572ab)
2019-07-31 10:29:57.264 22703 RALLYDEBUG rally_openstack.cleanup.manager [-] Deleting neutron.network object s_rally_f10bbe86_CMtQESuv (ec1fdf2a-e71f-46aa-ab29-b9c39aba10c4)
2019-07-31 10:29:57.278 22703 RALLYDEBUG rally_openstack.cleanup.manager [-] Deleting neutron.network object s_rally_f10bbe86_8JtHIf4h (fc02a08b-7184-4ab0-a49a-a2e453b53101)
2019-07-31 10:29:57.318 22703 RALLYDEBUG rally_openstack.cleanup.manager [-] Deleting neutron.network object s_rally_f10bbe86_BONXOstH (fd7c467f-2079-40bb-91cf-836bc257c8e7)
2019-07-31 10:30:00.864 22703 RALLYDEBUG rally_openstack.cleanup.manager [-] Cleaning up neutron router objects
2019-07-31 10:30:01.555 22703 RALLYDEBUG rally_openstack.cleanup.manager [-] Cleaning up neutron security_group objects
2019-07-31 10:30:02.656 22703 INFO rally.task.context [-] Task 77e7abb2-348b-4c40-b97c-48fc9d85da4a | Context cleanup@openstack cleanup() finished in 18.86 sec
2019-07-31 10:30:02.657 22703 INFO rally.task.context [-] Task 77e7abb2-348b-4c40-b97c-48fc9d85da4a | Context quotas@openstack cleanup() started
2019-07-31 10:30:02.895 22703 INFO rally.task.context [-] Task 77e7abb2-348b-4c40-b97c-48fc9d85da4a | Context quotas@openstack cleanup() finished in 0.24 sec
2019-07-31 10:30:02.895 22703 INFO rally.task.context [-] Task 77e7abb2-348b-4c40-b97c-48fc9d85da4a | Context users@openstack cleanup() started
2019-07-31 10:30:08.269 22703 INFO rally.task.context [-] Task 77e7abb2-348b-4c40-b97c-48fc9d85da4a | Context users@openstack cleanup() finished in 5.37 sec
2019-07-31 10:30:09.579 22703 INFO rally.task.engine [-] Load duration is: 30.930721
2019-07-31 10:30:09.580 22703 INFO rally.task.engine [-] Full runner duration is: 30.984667
2019-07-31 10:30:09.580 22703 INFO rally.task.engine [-] Full duration is: 60.952482
2019-07-31 10:30:09.879 22703 INFO rally.task.engine [-] Running workload: position = 0 config = { "version": 2, "title": "A cropped version of a bigger task.", "description": "Auto-generated task from a single workload (uuid=ca64683d-63d8-4f3d-b605-6a3143246edd)", "subtasks": [ { "title": "NeutronNetworks.create_and_list_routers", "description": "Create and a given number of routers and list all routers.", "scenario": { "NeutronNetworks.create_and_list_routers": { "network_create_args": null, "subnet_create_args": null, "subnet_cidr_start": "1.1.0.0/30", "subnets_per_network": 2, "router_create_args": null } }, "contexts": { "users": { "tenants": 1, "users_per_tenant": 1 }, "quotas": { "neutron": { "network": -1, "subnet": -1, "router": -1 } } }, "runner": { "constant": { "times": 40, "concurrency": 20 } }, "hooks": [], "sla": { "failure_rate": { "max": 0 } } } ] }
2019-07-31 10:30:09.904 22703 RALLYDEBUG rally_openstack.contexts.keystone.users [-] Creating 1 tenants using 20 threads
2019-07-31 10:30:11.790 22703 RALLYDEBUG rally_openstack.contexts.keystone.users [-] Creating 1 users using 20 threads
2019-07-31 10:30:14.624 22703 INFO rally.task.context [-] Task 77e7abb2-348b-4c40-b97c-48fc9d85da4a | Context users@openstack setup() finished in 4.72 sec
2019-07-31 10:30:15.451 22703 INFO rally.task.context [-] Task 77e7abb2-348b-4c40-b97c-48fc9d85da4a | Context quotas@openstack setup() finished in 0.83 sec
2019-07-31 10:30:15.452 22703 INFO rally.task.context [-] Task 77e7abb2-348b-4c40-b97c-48fc9d85da4a | Context cleanup@openstack setup() finished in 0.04 msec
2019-07-31 10:30:15.460 22703 RALLYDEBUG rally.task.runner [-] Starting the constant runner (task UUID: 77e7abb2-348b-4c40-b97c-48fc9d85da4a). timeout: 0 concurrency: 20 concurrency_per_worker: 1 times: 40 concurrency_overhead: 4 processes_to_start: 16 max_cpu_used: 16
2019-07-31 10:30:15.473 25167 RALLYDEBUG rally.task.runner [-] Starting a worker. concurrency: 2 args: {"network_create_args": null, "subnet_create_args": null, "subnet_cidr_start": "1.1.0.0/30", "subnets_per_network": 2, "router_create_args": null} times: 40 method_name: run timeout: 0 duration: None cls:
2019-07-31 10:30:15.475 25168 RALLYDEBUG rally.task.runner [-] Starting a worker. concurrency: 2 args: {"network_create_args": null, "subnet_create_args": null, "subnet_cidr_start": "1.1.0.0/30", "subnets_per_network": 2, "router_create_args": null} times: 40 method_name: run timeout: 0 duration: None cls:
2019-07-31 10:30:15.478 25169 RALLYDEBUG rally.task.runner [-] Starting a worker. concurrency: 2 args: {"network_create_args": null, "subnet_create_args": null, "subnet_cidr_start": "1.1.0.0/30", "subnets_per_network": 2, "router_create_args": null} times: 40 method_name: run timeout: 0 duration: None cls:
2019-07-31 10:30:15.480 25170 RALLYDEBUG rally.task.runner [-] Starting a worker. concurrency: 2 args: {"network_create_args": null, "subnet_create_args": null, "subnet_cidr_start": "1.1.0.0/30", "subnets_per_network": 2, "router_create_args": null} times: 40 method_name: run timeout: 0 duration: None cls:
2019-07-31 10:30:15.482 25167 INFO rally.task.runner [-] Task 77e7abb2-348b-4c40-b97c-48fc9d85da4a | ITER: 3 START
2019-07-31 10:30:15.484 25171 RALLYDEBUG rally.task.runner [-] Starting a worker. concurrency: 1 args: {"network_create_args": null, "subnet_create_args": null, "subnet_cidr_start": "1.1.0.0/30", "subnets_per_network": 2, "router_create_args": null} times: 40 method_name: run timeout: 0 duration: None cls:
2019-07-31 10:30:15.481 25167 INFO rally.task.runner [-] Task 77e7abb2-348b-4c40-b97c-48fc9d85da4a | ITER: 1 START
2019-07-31 10:30:15.487 25169 INFO rally.task.runner [-] Task 77e7abb2-348b-4c40-b97c-48fc9d85da4a | ITER: 4 START
2019-07-31 10:30:15.487 25168 INFO rally.task.runner [-] Task 77e7abb2-348b-4c40-b97c-48fc9d85da4a | ITER: 5 START
2019-07-31 10:30:15.488 25176 RALLYDEBUG rally.task.runner [-] Starting a worker. concurrency: 1 args: {"network_create_args": null, "subnet_create_args": null, "subnet_cidr_start": "1.1.0.0/30", "subnets_per_network": 2, "router_create_args": null} times: 40 method_name: run timeout: 0 duration: None cls:
2019-07-31 10:30:15.489 25170 INFO rally.task.runner [-] Task 77e7abb2-348b-4c40-b97c-48fc9d85da4a | ITER: 6 START
2019-07-31 10:30:15.489 25169 INFO rally.task.runner [-] Task 77e7abb2-348b-4c40-b97c-48fc9d85da4a | ITER: 7 START
2019-07-31 10:30:15.491 25171 INFO rally.task.runner [-] Task 77e7abb2-348b-4c40-b97c-48fc9d85da4a | ITER: 9 START
2019-07-31 10:30:15.491 25179 RALLYDEBUG rally.task.runner [-] Starting a worker. concurrency: 1 args: {"network_create_args": null, "subnet_create_args": null, "subnet_cidr_start": "1.1.0.0/30", "subnets_per_network": 2, "router_create_args": null} times: 40 method_name: run timeout: 0 duration: None cls:
2019-07-31 10:30:15.494 25176 INFO rally.task.runner [-] Task 77e7abb2-348b-4c40-b97c-48fc9d85da4a | ITER: 10 START
2019-07-31 10:30:15.498 25179 INFO rally.task.runner [-] Task 77e7abb2-348b-4c40-b97c-48fc9d85da4a | ITER: 11 START
2019-07-31 10:30:15.498 25185 RALLYDEBUG rally.task.runner [-] Starting a worker. concurrency: 1 args: {"network_create_args": null, "subnet_create_args": null, "subnet_cidr_start": "1.1.0.0/30", "subnets_per_network": 2, "router_create_args": null} times: 40 method_name: run timeout: 0 duration: None cls:
2019-07-31 10:30:15.485 25168 INFO rally.task.runner [-] Task 77e7abb2-348b-4c40-b97c-48fc9d85da4a | ITER: 2 START
2019-07-31 10:30:15.499 25188 RALLYDEBUG rally.task.runner [-] Starting a worker. concurrency: 1 args: {"network_create_args": null, "subnet_create_args": null, "subnet_cidr_start": "1.1.0.0/30", "subnets_per_network": 2, "router_create_args": null} times: 40 method_name: run timeout: 0 duration: None cls:
2019-07-31 10:30:15.501 25191 RALLYDEBUG rally.task.runner [-] Starting a worker. concurrency: 1 args: {"network_create_args": null, "subnet_create_args": null, "subnet_cidr_start": "1.1.0.0/30", "subnets_per_network": 2, "router_create_args": null} times: 40 method_name: run timeout: 0 duration: None cls:
2019-07-31 10:30:15.503 25185 INFO rally.task.runner [-] Task 77e7abb2-348b-4c40-b97c-48fc9d85da4a | ITER: 12 START
2019-07-31 10:30:15.504 25193 RALLYDEBUG rally.task.runner [-] Starting a worker. concurrency: 1 args: {"network_create_args": null, "subnet_create_args": null, "subnet_cidr_start": "1.1.0.0/30", "subnets_per_network": 2, "router_create_args": null} times: 40 method_name: run timeout: 0 duration: None cls:
2019-07-31 10:30:15.508 25170 INFO rally.task.runner [-] Task 77e7abb2-348b-4c40-b97c-48fc9d85da4a | ITER: 8 START
2019-07-31 10:30:15.509 25191 INFO rally.task.runner [-] Task 77e7abb2-348b-4c40-b97c-48fc9d85da4a | ITER: 14 START
2019-07-31 10:30:15.511 25193 INFO rally.task.runner [-] Task 77e7abb2-348b-4c40-b97c-48fc9d85da4a | ITER: 15 START
2019-07-31 10:30:15.512 25198 RALLYDEBUG rally.task.runner [-] Starting a worker. concurrency: 1 args: {"network_create_args": null, "subnet_create_args": null, "subnet_cidr_start": "1.1.0.0/30", "subnets_per_network": 2, "router_create_args": null} times: 40 method_name: run timeout: 0 duration: None cls:
2019-07-31 10:30:15.517 25198 INFO rally.task.runner [-] Task 77e7abb2-348b-4c40-b97c-48fc9d85da4a | ITER: 16 START
2019-07-31 10:30:15.510 25188 INFO rally.task.runner [-] Task 77e7abb2-348b-4c40-b97c-48fc9d85da4a | ITER: 13 START
2019-07-31 10:30:15.523 25206 RALLYDEBUG rally.task.runner [-] Starting a worker. concurrency: 1 args: {"network_create_args": null, "subnet_create_args": null, "subnet_cidr_start": "1.1.0.0/30", "subnets_per_network": 2, "router_create_args": null} times: 40 method_name: run timeout: 0 duration: None cls:
2019-07-31 10:30:15.529 25206 INFO rally.task.runner [-] Task 77e7abb2-348b-4c40-b97c-48fc9d85da4a | ITER: 17 START
2019-07-31 10:30:15.537 25210 RALLYDEBUG rally.task.runner [-] Starting a worker. concurrency: 1 args: {"network_create_args": null, "subnet_create_args": null, "subnet_cidr_start": "1.1.0.0/30", "subnets_per_network": 2, "router_create_args": null} times: 40 method_name: run timeout: 0 duration: None cls:
2019-07-31 10:30:15.542 25210 INFO rally.task.runner [-] Task 77e7abb2-348b-4c40-b97c-48fc9d85da4a | ITER: 18 START
2019-07-31 10:30:15.543 25211 RALLYDEBUG rally.task.runner [-] Starting a worker. concurrency: 1 args: {"network_create_args": null, "subnet_create_args": null, "subnet_cidr_start": "1.1.0.0/30", "subnets_per_network": 2, "router_create_args": null} times: 40 method_name: run timeout: 0 duration: None cls:
2019-07-31 10:30:15.546 25213 RALLYDEBUG rally.task.runner [-] Starting a worker. concurrency: 1 args: {"network_create_args": null, "subnet_create_args": null, "subnet_cidr_start": "1.1.0.0/30", "subnets_per_network": 2, "router_create_args": null} times: 40 method_name: run timeout: 0 duration: None cls:
2019-07-31 10:30:15.547 25211 INFO rally.task.runner [-] Task 77e7abb2-348b-4c40-b97c-48fc9d85da4a | ITER: 19 START
2019-07-31 10:30:15.550 25213 INFO rally.task.runner [-] Task 77e7abb2-348b-4c40-b97c-48fc9d85da4a | ITER: 20 START
2019-07-31 10:30:18.196 25167 RALLYDEBUG rally_openstack.wrappers.network [-] CIDR generated: 1.1.5.160/30
2019-07-31 10:30:18.231 25198 RALLYDEBUG rally_openstack.wrappers.network [-] CIDR generated: 1.1.5.164/30
2019-07-31 10:30:18.279 25168 RALLYDEBUG rally_openstack.wrappers.network [-] CIDR generated: 1.1.5.168/30
2019-07-31 10:30:18.351 25188 RALLYDEBUG rally_openstack.wrappers.network [-] CIDR generated: 1.1.5.172/30
2019-07-31 10:30:18.388 25206 RALLYDEBUG rally_openstack.wrappers.network [-] CIDR generated: 1.1.5.176/30
2019-07-31 10:30:18.605 25176 RALLYDEBUG rally_openstack.wrappers.network [-] CIDR generated: 1.1.5.180/30
2019-07-31 10:30:18.677 25171 RALLYDEBUG rally_openstack.wrappers.network [-] CIDR generated: 1.1.5.184/30
2019-07-31 10:30:18.997 25169 RALLYDEBUG rally_openstack.wrappers.network [-] CIDR generated: 1.1.5.188/30
2019-07-31 10:30:19.022 25193 RALLYDEBUG rally_openstack.wrappers.network [-] CIDR generated: 1.1.5.192/30
2019-07-31 10:30:19.177 25170 RALLYDEBUG rally_openstack.wrappers.network [-] CIDR generated: 1.1.5.196/30
2019-07-31 10:30:19.216 25167 RALLYDEBUG rally_openstack.wrappers.network [-] CIDR generated: 1.1.5.200/30
2019-07-31 10:30:19.297 25185 RALLYDEBUG rally_openstack.wrappers.network [-] CIDR generated: 1.1.5.204/30
2019-07-31 10:30:19.367 25169 RALLYDEBUG rally_openstack.wrappers.network [-] CIDR generated: 1.1.5.208/30
2019-07-31 10:30:19.440 25210 RALLYDEBUG rally_openstack.wrappers.network [-] CIDR generated: 1.1.5.212/30
2019-07-31 10:30:19.513 25168 RALLYDEBUG rally_openstack.wrappers.network [-] CIDR generated: 1.1.5.216/30
2019-07-31 10:30:19.525 25211 RALLYDEBUG rally_openstack.wrappers.network [-] CIDR generated: 1.1.5.220/30
2019-07-31 10:30:19.561 25213 RALLYDEBUG rally_openstack.wrappers.network [-] CIDR generated: 1.1.5.224/30
2019-07-31 10:30:19.854 25179 RALLYDEBUG rally_openstack.wrappers.network [-] CIDR generated: 1.1.5.228/30
2019-07-31 10:30:19.896 25191 RALLYDEBUG rally_openstack.wrappers.network [-] CIDR generated: 1.1.5.232/30
2019-07-31 10:30:19.956 25170 RALLYDEBUG rally_openstack.wrappers.network [-] CIDR generated: 1.1.5.236/30
2019-07-31 10:30:20.443 25168 RALLYDEBUG rally_openstack.wrappers.network [-] CIDR generated: 1.1.5.240/30
2019-07-31 10:30:20.638 25198 RALLYDEBUG rally_openstack.wrappers.network [-] CIDR generated: 1.1.5.244/30
2019-07-31 10:30:20.742 25206 RALLYDEBUG rally_openstack.wrappers.network [-] CIDR generated: 1.1.5.248/30
2019-07-31 10:30:21.124 25176 RALLYDEBUG rally_openstack.wrappers.network [-] CIDR generated: 1.1.5.252/30
2019-07-31 10:30:21.244 25185 RALLYDEBUG rally_openstack.wrappers.network [-] CIDR generated: 1.1.6.0/30
2019-07-31 10:30:21.776 25168 RALLYDEBUG rally_openstack.wrappers.network [-] CIDR generated: 1.1.6.4/30
2019-07-31 10:30:22.009 25170 RALLYDEBUG rally_openstack.wrappers.network [-] CIDR generated: 1.1.6.8/30
2019-07-31 10:30:22.458 25211 RALLYDEBUG rally_openstack.wrappers.network [-] CIDR generated: 1.1.6.12/30
2019-07-31 10:30:22.621 25193 RALLYDEBUG rally_openstack.wrappers.network [-] CIDR generated: 1.1.6.16/30
2019-07-31 10:30:22.687 25169 RALLYDEBUG rally_openstack.wrappers.network [-] CIDR generated: 1.1.6.20/30
2019-07-31 10:30:23.010 25167 RALLYDEBUG rally_openstack.wrappers.network [-] CIDR generated: 1.1.6.24/30
2019-07-31 10:30:23.083 25169 RALLYDEBUG rally_openstack.wrappers.network [-] CIDR generated: 1.1.6.28/30
2019-07-31 10:30:23.255 25191 RALLYDEBUG rally_openstack.wrappers.network [-] CIDR generated: 1.1.6.32/30
2019-07-31 10:30:23.305 25167 RALLYDEBUG rally_openstack.wrappers.network [-] CIDR generated: 1.1.6.36/30
2019-07-31 10:30:23.351 25188 RALLYDEBUG rally_openstack.wrappers.network [-] CIDR generated: 1.1.6.40/30
2019-07-31 10:30:23.442 25171 RALLYDEBUG rally_openstack.wrappers.network [-] CIDR generated: 1.1.6.44/30
2019-07-31 10:30:23.466 25210 RALLYDEBUG rally_openstack.wrappers.network [-] CIDR generated: 1.1.6.48/30
2019-07-31 10:30:23.506 25213 RALLYDEBUG rally_openstack.wrappers.network [-] CIDR generated: 1.1.6.52/30
2019-07-31 10:30:23.631 25179 RALLYDEBUG rally_openstack.wrappers.network [-] CIDR generated: 1.1.6.56/30
2019-07-31 10:30:23.848 25170 RALLYDEBUG rally_openstack.wrappers.network [-] CIDR generated: 1.1.6.60/30
2019-07-31 10:30:32.547 25206 INFO rally.task.runner [-] Task 77e7abb2-348b-4c40-b97c-48fc9d85da4a | ITER: 17 END: OK
2019-07-31 10:30:32.551 25206 INFO rally.task.runner [-] Task 77e7abb2-348b-4c40-b97c-48fc9d85da4a | ITER: 21 START
2019-07-31 10:30:34.892 25176 INFO rally.task.runner [-] Task 77e7abb2-348b-4c40-b97c-48fc9d85da4a | ITER: 10 END: OK
2019-07-31 10:30:34.897 25176 INFO rally.task.runner [-] Task 77e7abb2-348b-4c40-b97c-48fc9d85da4a | ITER: 22 START
2019-07-31 10:30:35.018 25198 INFO rally.task.runner [-] Task 77e7abb2-348b-4c40-b97c-48fc9d85da4a | ITER: 16 END: OK
2019-07-31 10:30:35.022 25198 INFO rally.task.runner [-] Task 77e7abb2-348b-4c40-b97c-48fc9d85da4a | ITER: 23 START
2019-07-31 10:30:35.452 25185 INFO rally.task.runner [-] Task 77e7abb2-348b-4c40-b97c-48fc9d85da4a | ITER: 12 END: OK
2019-07-31 10:30:35.456 25185 INFO rally.task.runner [-] Task 77e7abb2-348b-4c40-b97c-48fc9d85da4a | ITER: 24 START
2019-07-31 10:30:35.619 25168 INFO rally.task.runner [-] Task 77e7abb2-348b-4c40-b97c-48fc9d85da4a | ITER: 5 END: OK
2019-07-31 10:30:35.623 25168 INFO rally.task.runner [-] Task 77e7abb2-348b-4c40-b97c-48fc9d85da4a | ITER: 25 START
2019-07-31 10:30:35.644 25193 INFO rally.task.runner [-] Task 77e7abb2-348b-4c40-b97c-48fc9d85da4a | ITER: 15 END: OK
2019-07-31 10:30:35.647 25193 INFO rally.task.runner [-] Task 77e7abb2-348b-4c40-b97c-48fc9d85da4a | ITER: 26 START
