2019-07-31 10:40:33.373 22703 RALLYDEBUG rally_openstack.cleanup.manager [-] Deleting neutron.port object s_rally_0bc9c313_8AudE7pQ (60975f64-f35c-43ae-a84c-2781a2ff0fc2)
2019-07-31 10:40:33.444 22703 RALLYDEBUG rally_openstack.cleanup.manager [-] Deleting neutron.port object s_rally_0bc9c313_dWksK9pa (614f59d3-0971-49c2-9dc2-84c0895a7173)
2019-07-31 10:40:33.465 22703 RALLYDEBUG rally_openstack.cleanup.manager [-] Deleting neutron.port object s_rally_0bc9c313_gbVh2mEb (659ef135-e094-4a4d-9881-6a32ed8b4fa4)
2019-07-31 10:40:33.549 22703 RALLYDEBUG rally_openstack.cleanup.manager [-] Deleting neutron.port object s_rally_0bc9c313_8iTPY6ul (682f8e31-7b57-4a34-b660-ed7900265ea9)
2019-07-31 10:40:33.574 22703 RALLYDEBUG rally_openstack.cleanup.manager [-] Deleting neutron.port object s_rally_0bc9c313_Mu6p0Vbi (6cd1fa77-c60d-4227-8eec-df19707c7da7)
2019-07-31 10:40:33.654 22703 RALLYDEBUG rally_openstack.cleanup.manager [-] Deleting neutron.port object s_rally_0bc9c313_33bED7Jz (71bcaaba-f16d-4a8d-9176-87cbf1209638)
2019-07-31 10:40:33.999 22703 RALLYDEBUG rally_openstack.cleanup.manager [-] Deleting neutron.port object s_rally_0bc9c313_Jvny8obu (731e37e4-7500-4377-8112-bb9a725dbef0)
2019-07-31 10:40:34.038 22703 RALLYDEBUG rally_openstack.cleanup.manager [-] Deleting neutron.port object s_rally_0bc9c313_cAfu3Uzb (73a1bca3-05c9-4510-a258-6b9c4c268f45)
2019-07-31 10:40:34.236 22703 RALLYDEBUG rally_openstack.cleanup.manager [-] Deleting neutron.port object s_rally_0bc9c313_ZxcmC3n9 (74b345e2-15fb-40b2-9a37-015f289997e2)
2019-07-31 10:40:34.265 22703 RALLYDEBUG rally_openstack.cleanup.manager [-] Deleting neutron.port object s_rally_0bc9c313_YygrbaLi (7623e16b-0c89-4bb8-86b7-6dc0b982598f)
2019-07-31 10:40:34.350 22703 RALLYDEBUG rally_openstack.cleanup.manager [-] Deleting neutron.port object s_rally_0bc9c313_C34PSBiK (76754ebc-531e-43a1-8ec1-bfe5b0f17c58)
2019-07-31 10:40:34.950 22703 RALLYDEBUG rally_openstack.cleanup.manager [-] Deleting neutron.port object s_rally_0bc9c313_N9If320A (76d09037-51f2-4b07-9841-651eea9c398e)
2019-07-31 10:40:35.270 22703 RALLYDEBUG rally_openstack.cleanup.manager [-] Deleting neutron.port object s_rally_0bc9c313_bXjVU6Pc (7920c5e0-fb53-4aeb-a604-3a6f21cba395)
2019-07-31 10:40:35.577 22703 RALLYDEBUG rally_openstack.cleanup.manager [-] Deleting neutron.port object s_rally_0bc9c313_0rbf79V7 (79c3c8b5-8a0d-4aa7-a061-c3573b59e1be)
2019-07-31 10:40:35.756 22703 RALLYDEBUG rally_openstack.cleanup.manager [-] Deleting neutron.port object s_rally_0bc9c313_BgFTUfiO (7a36a64c-e596-4670-990e-23ee5c6b6144)
2019-07-31 10:40:35.795 22703 RALLYDEBUG rally_openstack.cleanup.manager [-] Deleting neutron.port object s_rally_0bc9c313_gC3Xm0rj (7b091161-ae2f-4176-a597-bdce80bc0262)
2019-07-31 10:40:35.842 22703 RALLYDEBUG rally_openstack.cleanup.manager [-] Deleting neutron.port object s_rally_0bc9c313_LYfTn6nE (7caedf03-59ce-4803-9e6c-f6199dd42b88)
2019-07-31 10:40:35.853 22703 RALLYDEBUG rally_openstack.cleanup.manager [-] Deleting neutron.port object s_rally_0bc9c313_8zpg21JJ (7cc1bc7e-581c-457f-ad36-ab04f5937c4a)
2019-07-31 10:40:35.960 22703 RALLYDEBUG rally_openstack.cleanup.manager [-] Deleting neutron.port object s_rally_0bc9c313_v0UfpPuz (7dcdf575-7dea-453d-9f63-4e4c6702de8c)
2019-07-31 10:40:35.995 22703 RALLYDEBUG rally_openstack.cleanup.manager [-] Deleting neutron.port object s_rally_0bc9c313_s5LGro7s (7df46eb6-b1a7-4487-a74e-f725ac77dce2)
2019-07-31 10:40:36.030 22703 RALLYDEBUG rally_openstack.cleanup.manager [-] Deleting neutron.port object s_rally_0bc9c313_DFzUnG7r (7ec23603-66a1-432a-b5e3-40256113033b)
2019-07-31 10:40:36.102 22703 RALLYDEBUG rally_openstack.cleanup.manager [-] Deleting neutron.port object s_rally_0bc9c313_6LD7dlK0 (7f16e069-996c-4d65-bb40-22c5d38638a0)
2019-07-31 10:40:36.114 22703 RALLYDEBUG rally_openstack.cleanup.manager [-] Deleting neutron.port object s_rally_0bc9c313_ANSNeaKs (80839fef-055e-4b03-8da1-f677eda27514)
2019-07-31 10:40:36.295 22703 RALLYDEBUG rally_openstack.cleanup.manager [-] Deleting neutron.port object s_rally_0bc9c313_GBe0Ws5J (80ec6af7-ea82-4baa-bd8c-96f1b22915a5)
2019-07-31 10:40:36.464 22703 RALLYDEBUG rally_openstack.cleanup.manager [-] Deleting neutron.port object s_rally_0bc9c313_laNIoliX (814769bf-d2ad-49ad-983d-de75d6b69838)
2019-07-31 10:40:36.471 22703 RALLYDEBUG rally_openstack.cleanup.manager [-] Deleting neutron.port object s_rally_0bc9c313_HThvZg5Q (831929c9-7756-425f-958d-d6522b1b58fb)
2019-07-31 10:40:36.505 22703 RALLYDEBUG rally_openstack.cleanup.manager [-] Deleting neutron.port object s_rally_0bc9c313_wWHBGfWZ (83296d65-cd54-4758-895e-de2a8561d80d)
2019-07-31 10:40:36.669 22703 RALLYDEBUG rally_openstack.cleanup.manager [-] Deleting neutron.port object s_rally_0bc9c313_qO4klgM9 (83be04d7-7529-45d2-9fc4-65f9f3191883)
2019-07-31 10:40:36.676 22703 RALLYDEBUG rally_openstack.cleanup.manager [-] Deleting neutron.port object s_rally_0bc9c313_LtFTI6ZN (850a74c7-9773-4e9f-872d-34c0e2a75a94)
2019-07-31 10:40:36.770 22703 RALLYDEBUG rally_openstack.cleanup.manager [-] Deleting neutron.port object s_rally_0bc9c313_oBDe7UmM (85d42dda-35dc-4655-a293-b6d96d29fca8)
2019-07-31 10:40:37.168 22703 RALLYDEBUG rally_openstack.cleanup.manager [-] Deleting neutron.port object s_rally_0bc9c313_6hgYCiwW (88300897-9b18-4c30-9a2f-b54a0b2da60c)
2019-07-31 10:40:37.238 22703 RALLYDEBUG rally_openstack.cleanup.manager [-] Deleting neutron.port object s_rally_0bc9c313_n3N4gS70 (88806425-d663-4484-8127-8a312de80478)
2019-07-31 10:40:37.799 22703 RALLYDEBUG rally_openstack.cleanup.manager [-] Deleting neutron.port object s_rally_0bc9c313_sGH4Xmkj (892de410-87a2-44c1-8746-93c0802e7894)
2019-07-31 10:40:37.827 22703 RALLYDEBUG rally_openstack.cleanup.manager [-] Deleting neutron.port object s_rally_0bc9c313_aEOAruMl (8ac3e8e6-c7d4-4b69-82f1-9016049553f4)
2019-07-31 10:40:38.266 22703 RALLYDEBUG rally_openstack.cleanup.manager [-] Deleting neutron.port object s_rally_0bc9c313_uPOts7w3 (8c6ea5ea-1629-419e-aa31-de051117b134)
2019-07-31 10:40:38.419 22703 RALLYDEBUG rally_openstack.cleanup.manager [-] Deleting neutron.port object s_rally_0bc9c313_d1u1JHjr (8eddf147-937a-4a79-b5bc-df25c898d872)
2019-07-31 10:40:38.545 22703 RALLYDEBUG rally_openstack.cleanup.manager [-] Deleting neutron.port object s_rally_0bc9c313_yKWGmDa8 (905fbd78-b5b3-44e4-9bc8-d81588fc8a6f)
2019-07-31 10:40:38.588 22703 RALLYDEBUG rally_openstack.cleanup.manager [-] Deleting neutron.port object s_rally_0bc9c313_jZrzMdgv (90baaef6-07f1-4028-8995-6df243556c63)
2019-07-31 10:40:38.815 22703 RALLYDEBUG rally_openstack.cleanup.manager [-] Deleting neutron.port object s_rally_0bc9c313_QDZwKQpO (910fc84b-3048-4d97-9103-9107c177d802)
2019-07-31 10:40:38.852 22703 RALLYDEBUG rally_openstack.cleanup.manager [-] Deleting neutron.port object s_rally_0bc9c313_IqwTm2r0 (91574083-ad6c-492f-be3e-da24168dc2f9)
2019-07-31 10:40:38.980 22703 RALLYDEBUG rally_openstack.cleanup.manager [-] Deleting neutron.port object s_rally_0bc9c313_cLy4bL01 (918967d9-b288-46b6-ad66-1f1a281ed837)
2019-07-31 10:40:39.008 22703 RALLYDEBUG rally_openstack.cleanup.manager [-] Deleting neutron.port object s_rally_0bc9c313_2agbCQaL (923d24e0-e6a3-475d-9a78-d9780158f6d8)
2019-07-31 10:40:39.008 22703 RALLYDEBUG rally_openstack.cleanup.manager [-] Deleting neutron.port object s_rally_0bc9c313_1Ph7ttQb (944fddba-0c45-4e3f-b055-303975ffd38d)
2019-07-31 10:40:39.036 22703 RALLYDEBUG rally_openstack.cleanup.manager [-] Deleting neutron.port object s_rally_0bc9c313_mrVYDP9B (94582472-b86c-4ac6-960b-31f760aa1320)
2019-07-31 10:40:39.093 22703 RALLYDEBUG rally_openstack.cleanup.manager [-] Deleting neutron.port object s_rally_0bc9c313_Uc0CudMS (94e42d34-859b-46a1-929c-e72fffcdd4f0)
2019-07-31 10:40:39.105 22703 RALLYDEBUG rally_openstack.cleanup.manager [-] Deleting neutron.port object s_rally_0bc9c313_JYMFRZt0 (95a9e26d-8b78-4e0f-9eeb-912dfa1af93a)
2019-07-31 10:40:39.235 22703 RALLYDEBUG rally_openstack.cleanup.manager [-] Deleting neutron.port object s_rally_0bc9c313_m9wP3S2A (95d5dcbd-459f-48bc-9e7c-e9eb400f45ce)
2019-07-31 10:40:39.398 22703 RALLYDEBUG rally_openstack.cleanup.manager [-] Deleting neutron.port object s_rally_0bc9c313_yz7dMS7K (975d5755-08ec-4f87-b4be-42ee784488e8)
2019-07-31 10:40:39.446 22703 RALLYDEBUG rally_openstack.cleanup.manager [-] Deleting neutron.port object s_rally_0bc9c313_PgYvJKaz (977a0ee1-477b-4978-b6a0-b4533ca6ec76)
2019-07-31 10:40:39.512 22703 RALLYDEBUG rally_openstack.cleanup.manager [-] Deleting neutron.port object s_rally_0bc9c313_n9G5eiG4 (977c2ead-6ed4-48e8-8f1c-98ef9921a3ef)
2019-07-31 10:40:39.524 22703 RALLYDEBUG rally_openstack.cleanup.manager [-] Deleting neutron.port object s_rally_0bc9c313_LwSVYiM1 (97abd896-d3d9-4b1c-8992-a390674646d4)
2019-07-31 10:40:39.689 22703 RALLYDEBUG rally_openstack.cleanup.manager [-] Deleting neutron.port object s_rally_0bc9c313_Yp7hWxuU (98647462-fce3-422b-8817-fe02668d2007)
2019-07-31 10:40:40.026 22703 RALLYDEBUG rally_openstack.cleanup.manager [-] Deleting neutron.port object s_rally_0bc9c313_ENJVUXRa (9869c898-69c3-4523-9bc9-fcbda160200d)
2019-07-31 10:40:40.147 22703 RALLYDEBUG rally_openstack.cleanup.manager [-] Deleting neutron.port object s_rally_0bc9c313_8Wzt7PG1 (9975edd2-610d-45cf-a77b-cb09552bb156)
2019-07-31 10:40:40.603 22703 RALLYDEBUG rally_openstack.cleanup.manager [-] Deleting neutron.port object s_rally_0bc9c313_xVBvIO1E (9a9292d9-664e-4744-bcb5-3f8639145ec3)
2019-07-31 10:40:40.824 22703 RALLYDEBUG rally_openstack.cleanup.manager [-] Deleting neutron.port object s_rally_0bc9c313_pfD2zcS4 (9af15d29-bb64-41ce-96bc-7d32de84d072)
2019-07-31 10:40:40.983 22703 RALLYDEBUG rally_openstack.cleanup.manager [-] Deleting neutron.port object s_rally_0bc9c313_EOY17ibb (9e49149a-e1a2-438a-90c1-0e9a6e58f52c)
2019-07-31 10:40:41.148 22703 RALLYDEBUG rally_openstack.cleanup.manager [-] Deleting neutron.port object s_rally_0bc9c313_rJosYMfl (9ff63a26-750b-4ca0-9738-467e55b36c5e)
2019-07-31 10:40:41.254 22703 RALLYDEBUG rally_openstack.cleanup.manager [-] Deleting neutron.port object s_rally_0bc9c313_I1whJVIk (a0c22a9a-631b-4aa3-95b0-c162b07a32b5)
2019-07-31 10:40:41.396 22703 RALLYDEBUG rally_openstack.cleanup.manager [-] Deleting neutron.port object s_rally_0bc9c313_ho3NT8fI (a101b7ba-65f1-4782-afd7-839b2925fcdd)
2019-07-31 10:40:41.432 22703 RALLYDEBUG rally_openstack.cleanup.manager [-] Deleting neutron.port object s_rally_0bc9c313_W45g8ytC (a2963eab-aa2d-46ab-aafb-fbddf5d49591)
2019-07-31 10:40:41.605 22703 RALLYDEBUG rally_openstack.cleanup.manager [-] Deleting neutron.port object s_rally_0bc9c313_pKdWJI4J (a2e9aa81-91d7-42d1-b797-072b026ae41b)
2019-07-31 10:40:41.621 22703 RALLYDEBUG rally_openstack.cleanup.manager [-] Deleting neutron.port object s_rally_0bc9c313_tTjxybTO (a31e4c94-208e-438a-8a94-c5ee41109295)
2019-07-31 10:40:41.660 22703 RALLYDEBUG rally_openstack.cleanup.manager [-] Deleting neutron.port object s_rally_0bc9c313_CJZhfZMa (a34ae2b9-ff7c-4d85-b775-b7625f20a525)
2019-07-31 10:40:41.790 22703 RALLYDEBUG rally_openstack.cleanup.manager [-] Deleting neutron.port object s_rally_0bc9c313_4iyeuu6D (a390d88d-93ae-4ee4-bc82-45a691da6d72)
2019-07-31 10:40:41.852 22703 RALLYDEBUG rally_openstack.cleanup.manager [-] Deleting neutron.port object s_rally_0bc9c313_d3zDLUOB (a6775ec7-7ca1-4357-9999-c5c7d2d663bf)
2019-07-31 10:40:41.959 22703 RALLYDEBUG rally_openstack.cleanup.manager [-] Deleting neutron.port object s_rally_0bc9c313_jj7BI3bb (a6c885c7-e32d-4700-b8e8-ae58ff7c23b9)
2019-07-31 10:40:41.974 22703 RALLYDEBUG rally_openstack.cleanup.manager [-] Deleting neutron.port object s_rally_0bc9c313_JlVF2vpK (a764c00d-8943-4bba-8907-fa835cd21e30)
2019-07-31 10:40:42.368 22703 RALLYDEBUG rally_openstack.cleanup.manager [-] Deleting neutron.port object s_rally_0bc9c313_8rlsG3EM (a8ff4e50-dab4-432f-a969-014d7f088012)
2019-07-31 10:40:42.492 22703 RALLYDEBUG rally_openstack.cleanup.manager [-] Deleting neutron.port object s_rally_0bc9c313_cUen1Bcs (a99c430f-ef67-4584-b53b-13a069cf23ff)
2019-07-31 10:40:42.534 22703 RALLYDEBUG rally_openstack.cleanup.manager [-] Deleting neutron.port object s_rally_0bc9c313_LXh7aKyV (af1d6838-3e41-420d-bc32-293e1edfb46f)
2019-07-31 10:40:42.632 22703 RALLYDEBUG rally_openstack.cleanup.manager [-] Deleting neutron.port object s_rally_0bc9c313_vhs0ZvWi (b11582f7-e149-4867-a955-6252d3932b07)
2019-07-31 10:40:42.699 22703 RALLYDEBUG rally_openstack.cleanup.manager [-] Deleting neutron.port object s_rally_0bc9c313_sX4s0Qeg (b1eb9fa9-96a7-4a45-8c41-926184d8370e)
2019-07-31 10:40:42.705 22703 RALLYDEBUG rally_openstack.cleanup.manager [-] Deleting neutron.port object s_rally_0bc9c313_LBvGqQ5f (b279381f-b185-4312-b672-2176059e8700)
2019-07-31 10:40:42.825 22703 RALLYDEBUG rally_openstack.cleanup.manager [-] Deleting neutron.port object s_rally_0bc9c313_BCv23wwf (b2fd6ae4-f43c-439b-9e03-a95a7ccf03ce)
2019-07-31 10:40:43.046 22703 RALLYDEBUG rally_openstack.cleanup.manager [-] Deleting neutron.port object s_rally_0bc9c313_DdlUCNNV (b5cf7bd3-480e-45cf-b633-4faece074739)
2019-07-31 10:40:43.405 22703 RALLYDEBUG rally_openstack.cleanup.manager [-] Deleting neutron.port object s_rally_0bc9c313_4pcC3W0V (b61850c7-ac7d-4c9c-a007-09118e5ba2c1)
2019-07-31 10:40:43.520 22703 RALLYDEBUG rally_openstack.cleanup.manager [-] Deleting neutron.port object s_rally_0bc9c313_dXcsz4fu (b6809797-7438-4296-a81f-8d04c846ee5f)
2019-07-31 10:40:43.617 22703 RALLYDEBUG rally_openstack.cleanup.manager [-] Deleting neutron.port object s_rally_0bc9c313_Xtv3Xx5g (b919d8c7-def6-4470-89c8-cf753e44c6b5)
2019-07-31 10:40:43.684 22703 RALLYDEBUG rally_openstack.cleanup.manager [-] Deleting neutron.port object s_rally_0bc9c313_g6tw923i (ba54463a-2cf3-44c7-b034-ece76d3458d1)
2019-07-31 10:40:43.803 22703 RALLYDEBUG rally_openstack.cleanup.manager [-] Deleting neutron.port object s_rally_0bc9c313_uusyLnBd (be76f782-9d8d-4cf8-98e5-24f140e0dcc0)
2019-07-31 10:40:44.191 22703 RALLYDEBUG rally_openstack.cleanup.manager [-] Deleting neutron.port object s_rally_0bc9c313_3N7p47XP (becd51cd-2104-4976-9fed-43183c461576)
2019-07-31 10:40:44.221 22703 RALLYDEBUG rally_openstack.cleanup.manager [-] Deleting neutron.port object s_rally_0bc9c313_ASwDP6gk (bf76e891-1c4c-4475-bbf8-06a980681ba8)
2019-07-31 10:40:44.296 22703 RALLYDEBUG rally_openstack.cleanup.manager [-] Deleting neutron.port object s_rally_0bc9c313_2g2hrwoZ (c0a402fe-8fc9-44b7-9288-3ffd424b26e1)
2019-07-31 10:40:44.408 22703 RALLYDEBUG rally_openstack.cleanup.manager [-] Deleting neutron.port object s_rally_0bc9c313_YgVrtAzh (c34f345d-6469-4a3b-a5be-449bc2b81973)
2019-07-31 10:40:44.566 22703 RALLYDEBUG rally_openstack.cleanup.manager [-] Deleting neutron.port object s_rally_0bc9c313_F53tY9Ws (c36bb6e9-e51d-4176-b013-44e8dc785e8c)
2019-07-31 10:40:44.580 22703 RALLYDEBUG rally_openstack.cleanup.manager [-] Deleting neutron.port object s_rally_0bc9c313_N9HwAzXd (c5b2410d-586e-4ace-b3d3-f42d66148422)
2019-07-31 10:40:44.634 22703 RALLYDEBUG rally_openstack.cleanup.manager [-] Deleting neutron.port object s_rally_0bc9c313_aNSwQf2m (c7a84639-25b7-4005-bb4f-8c73c209dec8)
2019-07-31 10:40:44.671 22703 RALLYDEBUG rally_openstack.cleanup.manager [-] Deleting neutron.port object s_rally_0bc9c313_lQxqtZK5 (c90d6aa4-20cf-488c-91a8-a919124abd19)
2019-07-31 10:40:44.952 22703 RALLYDEBUG rally_openstack.cleanup.manager [-] Deleting neutron.port object s_rally_0bc9c313_FKVPSx5v (c9937db8-e3b0-4db1-a26a-3a2b666596e6)
2019-07-31 10:40:45.060 22703 RALLYDEBUG rally_openstack.cleanup.manager [-] Deleting neutron.port object s_rally_0bc9c313_btLKafD9 (cb1d832f-b439-48fa-9f95-7cc797c8c154)
2019-07-31 10:40:45.080 22703 RALLYDEBUG rally_openstack.cleanup.manager [-] Deleting neutron.port object s_rally_0bc9c313_oPIHzaES (cf18e96c-2235-4d8b-a6ed-115af87dc6df)
2019-07-31 10:40:45.188 22703 RALLYDEBUG rally_openstack.cleanup.manager [-] Deleting neutron.port object s_rally_0bc9c313_hDEiLP4e (cf9a91d4-5701-41f8-8b28-4f7b5a4cc498)
2019-07-31 10:40:45.222 22703 RALLYDEBUG rally_openstack.cleanup.manager [-] Deleting neutron.port object s_rally_0bc9c313_QspKRqWL (d0c4063b-1dcb-473e-968d-9270a057aa08)
2019-07-31 10:40:45.295 22703 RALLYDEBUG rally_openstack.cleanup.manager [-] Deleting neutron.port object s_rally_0bc9c313_3uxQ0S7r (d0c5f005-af69-4d70-a825-8e840349d652)
2019-07-31 10:40:45.325 22703 RALLYDEBUG rally_openstack.cleanup.manager [-] Deleting neutron.port object s_rally_0bc9c313_2MchAMaT (d19548f4-9d10-498b-a08f-e9d20f600dbc)
2019-07-31 10:40:45.765 22703 RALLYDEBUG rally_openstack.cleanup.manager [-] Deleting neutron.port object s_rally_0bc9c313_LMXEi9ge (d2a47663-48c1-4d39-8516-67d996347612)
2019-07-31 10:40:45.791 22703 RALLYDEBUG rally_openstack.cleanup.manager [-] Deleting neutron.port object s_rally_0bc9c313_sj8TcLiu (d5815168-9f41-45b4-81cb-bfb1a755d2c6)
2019-07-31 10:40:45.945 22703 RALLYDEBUG rally_openstack.cleanup.manager [-] Deleting neutron.port object s_rally_0bc9c313_4wb89uYf (d6078c2c-135e-4c70-86d8-96cd7d581152)
2019-07-31 10:40:46.010 22703 RALLYDEBUG rally_openstack.cleanup.manager [-] Deleting neutron.port object s_rally_0bc9c313_JZs1iRjf (d6e81f4f-36ce-4039-8db3-ec7b8bd24613)
2019-07-31 10:40:46.435 22703 RALLYDEBUG rally_openstack.cleanup.manager [-] Deleting neutron.port object s_rally_0bc9c313_ovPfZDys (d811606c-918d-43c9-bdc4-5f5e43c6c886)
2019-07-31 10:40:46.450 22703 RALLYDEBUG rally_openstack.cleanup.manager [-] Deleting neutron.port object s_rally_0bc9c313_JVaiXGFo (d8bc8007-b540-414e-ba39-3c26e7dd66a5)
2019-07-31 10:40:46.769 22703 RALLYDEBUG rally_openstack.cleanup.manager [-] Deleting neutron.port object s_rally_0bc9c313_tB1s7AGV (d90c1718-3d3e-4e41-8e15-f90c1c666127)
2019-07-31 10:40:46.793 22703 RALLYDEBUG rally_openstack.cleanup.manager [-] Deleting neutron.port object s_rally_0bc9c313_ADJYJmhk (d9fe539b-57a9-47b4-a9e1-14fba2b7d0e2)
2019-07-31 10:40:46.834 22703 RALLYDEBUG rally_openstack.cleanup.manager [-] Deleting neutron.port object s_rally_0bc9c313_4maw33al (da8d4eb9-d111-4dc8-b461-0ba91ad09638)
2019-07-31 10:40:46.924 22703 RALLYDEBUG rally_openstack.cleanup.manager [-] Deleting neutron.port object s_rally_0bc9c313_RJyof16R (daaeab8f-b492-4139-bf59-05b24269670c)
2019-07-31 10:40:47.113 22703 RALLYDEBUG rally_openstack.cleanup.manager [-] Deleting neutron.port object s_rally_0bc9c313_tV8zuBsR (e27b2432-108f-47d9-8da4-9b94307c8247)
2019-07-31 10:40:47.138 22703 RALLYDEBUG rally_openstack.cleanup.manager [-] Deleting neutron.port object s_rally_0bc9c313_mvRvvb58 (e30be118-03fe-4232-9867-4a9aa6e5168a)
2019-07-31 10:40:47.317 22703 RALLYDEBUG rally_openstack.cleanup.manager [-] Deleting neutron.port object s_rally_0bc9c313_BVhLAbPT (e38f3fd2-23b0-4334-bee6-e8b55a4e426b)
2019-07-31 10:40:47.357 22703 RALLYDEBUG rally_openstack.cleanup.manager [-] Deleting neutron.port object s_rally_0bc9c313_LOZF5qif (e52b8711-1d35-48f5-bc7c-ca3807ac0789)
2019-07-31 10:40:47.460 22703 RALLYDEBUG rally_openstack.cleanup.manager [-] Deleting neutron.port object s_rally_0bc9c313_iszl6UkN (e52d8a5c-a2ea-4c7f-8bc2-b50e9bbef702)
2019-07-31 10:40:47.576 22703 RALLYDEBUG rally_openstack.cleanup.manager [-] Deleting neutron.port object s_rally_0bc9c313_K2flC6Rn (e5ae87ba-cc73-4691-9ea9-aaccadb6f076)
2019-07-31 10:40:47.592 22703 RALLYDEBUG rally_openstack.cleanup.manager [-] Deleting neutron.port object s_rally_0bc9c313_88yG02wb (ea0ce022-5db7-4ea0-8fc9-dbb811619fa2)
2019-07-31 10:40:47.713 22703 RALLYDEBUG rally_openstack.cleanup.manager [-] Deleting neutron.port object s_rally_0bc9c313_Kd0fp8KT (eabe09f7-afa9-478a-b5a1-725514acbcb1)
2019-07-31 10:40:47.820 22703 RALLYDEBUG rally_openstack.cleanup.manager [-] Deleting neutron.port object s_rally_0bc9c313_wd9jwjmg (eda3defe-20d4-4453-84d3-a156434055a4)
2019-07-31 10:40:48.001 22703 RALLYDEBUG rally_openstack.cleanup.manager [-] Deleting neutron.port object s_rally_0bc9c313_BV6uo89Q (ef605af5-da5d-4b6a-9785-12ea8ffaa7cd)
2019-07-31 10:40:48.144 22703 RALLYDEBUG rally_openstack.cleanup.manager [-] Deleting neutron.port object s_rally_0bc9c313_UD5Xj7JV (efcf4fd5-824e-40e4-8940-a0ee24743594)
2019-07-31 10:40:48.239 22703 RALLYDEBUG rally_openstack.cleanup.manager [-] Deleting neutron.port object s_rally_0bc9c313_5iIamuax (f302ce6e-9b54-4fce-a6b2-579b1abf031d)
2019-07-31 10:40:48.446 22703 RALLYDEBUG rally_openstack.cleanup.manager [-] Deleting neutron.port object s_rally_0bc9c313_TCmizkY5 (f3543811-627f-4870-b0f1-d0243903f254)
2019-07-31 10:40:48.736 22703 RALLYDEBUG rally_openstack.cleanup.manager [-] Deleting neutron.port object s_rally_0bc9c313_ZIra0Tol (f5dc72d9-a785-4409-b53b-c30ec8401ccf)
2019-07-31 10:40:48.854 22703 RALLYDEBUG rally_openstack.cleanup.manager [-] Deleting neutron.port object s_rally_0bc9c313_RX8ankvI (f67aa497-83d3-4c85-9484-3db7a4b25484)
2019-07-31 10:40:48.934 22703 RALLYDEBUG rally_openstack.cleanup.manager [-] Deleting neutron.port object s_rally_0bc9c313_wyxn66wf (f731872f-b6ab-4939-8ecf-e6b7015a1d55)
2019-07-31 10:40:49.340 22703 RALLYDEBUG rally_openstack.cleanup.manager [-] Deleting neutron.port object s_rally_0bc9c313_fSphnkSU (f863c91f-c991-425b-8766-1b6f4c6485a7)
2019-07-31 10:40:49.358 22703 RALLYDEBUG rally_openstack.cleanup.manager [-] Deleting neutron.port object s_rally_0bc9c313_ZDHxVVe5 (f9279e4c-d4f0-4e9b-a241-cbbf92d7265a)
2019-07-31 10:40:49.426 22703 RALLYDEBUG rally_openstack.cleanup.manager [-] Deleting neutron.port object s_rally_0bc9c313_Xbn9L3CV (f96a6fc3-8386-414d-87c2-1a5952c73773)
2019-07-31 10:40:49.555 22703 RALLYDEBUG rally_openstack.cleanup.manager [-] Deleting neutron.port object s_rally_0bc9c313_qulwtbHx (fa11187e-16a4-4e42-a44e-d7c29f1867cd)
2019-07-31 10:40:49.728 22703 RALLYDEBUG rally_openstack.cleanup.manager [-] Deleting neutron.port object s_rally_0bc9c313_4nRy0UGu (fa46bd04-239e-4c52-8de8-c99ec45650a6)
2019-07-31 10:40:49.871 22703 RALLYDEBUG rally_openstack.cleanup.manager [-] Deleting neutron.port object s_rally_0bc9c313_xXBNNwUA (fb9940c5-93b0-4d04-bd5f-a55812fcecf5)
2019-07-31 10:40:49.892 22703 RALLYDEBUG rally_openstack.cleanup.manager [-] Deleting neutron.port object s_rally_0bc9c313_MtHe2zo0 (fc7fdbde-f8dd-4662-914f-098141f7629b)
2019-07-31 10:40:49.948 22703 RALLYDEBUG rally_openstack.cleanup.manager [-] Deleting neutron.port object s_rally_0bc9c313_HT9YZ3fm (fc8eb115-2384-40ad-8b53-0f2aa76c3534)
2019-07-31 10:40:50.039 22703 RALLYDEBUG rally_openstack.cleanup.manager [-] Deleting neutron.port object s_rally_0bc9c313_MZWIVNYs (fdf74336-5acd-4819-86b8-6e96a044fb60)
2019-07-31 10:40:52.445 22703 RALLYDEBUG rally_openstack.cleanup.manager [-] Cleaning up neutron subnet objects
2019-07-31 10:40:53.117 22703 RALLYDEBUG rally_openstack.cleanup.manager [-] Cleaning up neutron network objects
2019-07-31 10:40:54.248 22703 RALLYDEBUG rally_openstack.cleanup.manager [-] Deleting neutron.network object s_rally_0bc9c313_o4qBpzP5 (0946abe1-361c-4da4-9f4f-4b210cb85b9c)
2019-07-31 10:40:54.254 22703 RALLYDEBUG rally_openstack.cleanup.manager [-] Deleting neutron.network object s_rally_0bc9c313_qNhJOl2L (10130086-41b1-4a39-a443-ea38eba34411)
2019-07-31 10:40:54.260 22703 RALLYDEBUG rally_openstack.cleanup.manager [-] Deleting neutron.network object s_rally_0bc9c313_xxpPmAfZ (11a9e8dc-2b5c-412e-83cd-6276c9f00108)
2019-07-31 10:40:54.271 22703 RALLYDEBUG rally_openstack.cleanup.manager [-] Deleting neutron.network object s_rally_0bc9c313_YI0O2lMz (12c68eba-16c4-48d0-9923-4a6b707453f1)
2019-07-31 10:40:54.281 22703 RALLYDEBUG rally_openstack.cleanup.manager [-] Deleting neutron.network object s_rally_0bc9c313_jgolbzFK (159d6c93-eee7-486e-93aa-9120e63d56f9)
2019-07-31 10:40:54.284 22703 RALLYDEBUG rally_openstack.cleanup.manager [-] Deleting neutron.network object s_rally_0bc9c313_xpGelRt2 (215dc54f-ad63-413e-826c-e7eecf92c5f8)
2019-07-31 10:40:54.302 22703 RALLYDEBUG rally_openstack.cleanup.manager [-] Deleting neutron.network object s_rally_0bc9c313_VW6a3TtM (2202844e-5480-414c-892a-da547e2d288a)
2019-07-31 10:40:54.313 22703 RALLYDEBUG rally_openstack.cleanup.manager [-] Deleting neutron.network object s_rally_0bc9c313_q4izlmvV (298a3ad8-7bc3-4c77-a3fc-b23906dd55b6)
2019-07-31 10:40:54.322 22703 RALLYDEBUG rally_openstack.cleanup.manager [-] Deleting neutron.network object s_rally_0bc9c313_E85AhceD (26ad1123-2757-4a59-95c5-559dc4aa353b)
2019-07-31 10:40:54.324 22703 RALLYDEBUG rally_openstack.cleanup.manager [-] Deleting neutron.network object s_rally_0bc9c313_OIP0pgU7 (2ea1d853-b1b5-40f2-8c4c-75746b67e1ea)
2019-07-31 10:40:54.331 22703 RALLYDEBUG rally_openstack.cleanup.manager [-] Deleting neutron.network object s_rally_0bc9c313_P5QEOD6o (333072c9-e8cf-422a-ba3e-1ad513d59d95)
2019-07-31 10:40:54.349 22703 RALLYDEBUG rally_openstack.cleanup.manager [-] Deleting neutron.network object s_rally_0bc9c313_8lkNJm44 (3a1625a8-b5cd-4e8f-b101-0230df16c669)
2019-07-31 10:40:54.373 22703 RALLYDEBUG rally_openstack.cleanup.manager [-] Deleting neutron.network object s_rally_0bc9c313_cArpDyav (3af9e46b-170b-4183-9799-3f68b3075f03)
2019-07-31 10:40:54.374 22703 RALLYDEBUG rally_openstack.cleanup.manager [-] Deleting neutron.network object s_rally_0bc9c313_hYzYjlpq (3fc4ff14-8156-4e86-a952-a27e6c191c41)
2019-07-31 10:40:54.392 22703 RALLYDEBUG rally_openstack.cleanup.manager [-] Deleting neutron.network object s_rally_0bc9c313_M6Ji4auj (550f9ffb-a272-404d-9152-90b6ab0dabfb)
2019-07-31 10:40:54.396 22703 RALLYDEBUG rally_openstack.cleanup.manager [-] Deleting neutron.network object s_rally_0bc9c313_YaaYsIdk (553c2df3-e7e6-4a01-b67b-9e05a337a206)
2019-07-31 10:40:54.414 22703 RALLYDEBUG rally_openstack.cleanup.manager [-] Deleting neutron.network object s_rally_0bc9c313_mf0c7nvq (56b28a97-cf58-4b69-9a04-87f943b944fc)
2019-07-31 10:40:54.434 22703 RALLYDEBUG rally_openstack.cleanup.manager [-] Deleting neutron.network object s_rally_0bc9c313_3pOeEf8a (62a5fbe3-3be1-47fe-82d0-bffa1db98b74)
2019-07-31 10:40:54.436 22703 RALLYDEBUG rally_openstack.cleanup.manager [-] Deleting neutron.network object s_rally_0bc9c313_9U9ljT99 (6de3fc1c-cf89-448d-9bd0-a5573b672441)
2019-07-31 10:40:54.459 22703 RALLYDEBUG rally_openstack.cleanup.manager [-] Deleting neutron.network object s_rally_0bc9c313_T2LNnvnL (87c8b45c-d16a-4de5-9c68-a4e1016695a4)
2019-07-31 10:40:57.903 22703 RALLYDEBUG rally_openstack.cleanup.manager [-] Deleting neutron.network object s_rally_0bc9c313_b6Z6maW1 (8851827c-7439-4ee5-842a-56c733385abc)
2019-07-31 10:40:57.952 22703 RALLYDEBUG rally_openstack.cleanup.manager [-] Deleting neutron.network object s_rally_0bc9c313_bzW0Jeko (885f622f-6966-4061-a763-2aacfabb3a8c)
2019-07-31 10:40:58.223 22703 RALLYDEBUG rally_openstack.cleanup.manager [-] Deleting neutron.network object s_rally_0bc9c313_3y0ldBu3 (89a223c7-7a4e-4bd1-a819-5cb10ebb84e8)
2019-07-31 10:40:58.306 22703 RALLYDEBUG rally_openstack.cleanup.manager [-] Deleting neutron.network object s_rally_0bc9c313_OKbt4xOc (906c1a57-f9c1-4fbf-a7d9-eb98988fa25f)
2019-07-31 10:40:58.321 22703 RALLYDEBUG rally_openstack.cleanup.manager [-] Deleting neutron.network object s_rally_0bc9c313_RrQWShUv (9a6b1c0e-7f7e-4c38-a681-8f937a2afd06)
2019-07-31 10:40:58.332 22703 RALLYDEBUG rally_openstack.cleanup.manager [-] Deleting neutron.network object s_rally_0bc9c313_wjFxSYpe (a86afb48-d021-4852-a551-93fa5a8240d9)
2019-07-31 10:40:58.378 22703 RALLYDEBUG rally_openstack.cleanup.manager [-] Deleting neutron.network object s_rally_0bc9c313_eosba9Xn (b09110e3-a798-4e9b-9fa8-e31e66ab4d48)
2019-07-31 10:40:58.383 22703 RALLYDEBUG rally_openstack.cleanup.manager [-] Deleting neutron.network object s_rally_0bc9c313_ysmsBoWp (b7156ac1-1baa-480a-8413-34164bd4fca1)
2019-07-31 10:40:58.474 22703 RALLYDEBUG rally_openstack.cleanup.manager [-] Deleting neutron.network object s_rally_0bc9c313_g4BZYHvI (b822d859-3fa7-4c2e-b3eb-d82902af1cb8)
2019-07-31 10:40:58.531 22703 RALLYDEBUG rally_openstack.cleanup.manager [-] Deleting neutron.network object s_rally_0bc9c313_bLmsCUqC (c1125a69-1cc8-42fd-b103-20fe0a893b88)
2019-07-31 10:40:59.392 22703 RALLYDEBUG rally_openstack.cleanup.manager [-] Deleting neutron.network object s_rally_0bc9c313_gDg07nnX (c4aa3478-d92c-4e4c-8b59-d29e0eb1b16e)
2019-07-31 10:40:59.393 22703 RALLYDEBUG rally_openstack.cleanup.manager [-] Deleting neutron.network object s_rally_0bc9c313_2jXharof (ce4a7b24-6708-401f-861c-8e88c2766406)
2019-07-31 10:41:00.666 22703 RALLYDEBUG rally_openstack.cleanup.manager [-] Deleting neutron.network object s_rally_0bc9c313_IsE9IQX9 (ce607ee7-fd44-45ec-a038-5e9d8ea983be)
2019-07-31 10:41:00.677 22703 RALLYDEBUG rally_openstack.cleanup.manager [-] Deleting neutron.network object s_rally_0bc9c313_0JLKaE8G (d706fc2d-0cd4-4679-9c1f-8872eeae9264)
2019-07-31 10:41:00.799 22703 RALLYDEBUG rally_openstack.cleanup.manager [-] Deleting neutron.network object s_rally_0bc9c313_PFvnvDYT (daa5270d-72a1-4488-af44-146b3ba4ef49)
2019-07-31 10:41:01.095 22703 RALLYDEBUG rally_openstack.cleanup.manager [-] Deleting neutron.network object s_rally_0bc9c313_qMe9Gjrv (defb7039-4c35-4d69-91d2-3c95d30b64c2)
2019-07-31 10:41:01.724 22703 RALLYDEBUG rally_openstack.cleanup.manager [-] Deleting neutron.network object s_rally_0bc9c313_zRLCtqGF (e25b264c-a48b-4731-af6b-24f49d75c8ad)
2019-07-31 10:41:01.738 22703 RALLYDEBUG rally_openstack.cleanup.manager [-] Deleting neutron.network object s_rally_0bc9c313_b6NGTOtQ (ecd61b48-6c69-4154-8ac3-91695a08b7ab)
2019-07-31 10:41:01.814 22703 RALLYDEBUG rally_openstack.cleanup.manager [-] Deleting neutron.network object s_rally_0bc9c313_zqHKSGdf (f9f1f9e8-d0a3-4166-863b-a7433170e509)
2019-07-31 10:41:01.865 22703 RALLYDEBUG rally_openstack.cleanup.manager [-] Deleting neutron.network object s_rally_0bc9c313_o7biCeam (fd763164-c979-4b73-994c-0672eb0ada8c)
2019-07-31 10:41:05.056 22703 RALLYDEBUG rally_openstack.cleanup.manager [-] Cleaning up neutron router objects
2019-07-31 10:41:05.835 22703 RALLYDEBUG rally_openstack.cleanup.manager [-] Cleaning up neutron security_group objects
2019-07-31 10:41:06.591 22703 INFO rally.task.context [-] Task 77e7abb2-348b-4c40-b97c-48fc9d85da4a | Context cleanup@openstack cleanup() finished in 46.79 sec
2019-07-31 10:41:06.592 22703 INFO rally.task.context [-] Task 77e7abb2-348b-4c40-b97c-48fc9d85da4a | Context quotas@openstack cleanup() started
2019-07-31 10:41:06.837 22703 INFO rally.task.context [-] Task 77e7abb2-348b-4c40-b97c-48fc9d85da4a | Context quotas@openstack cleanup() finished in 0.25 sec
2019-07-31 10:41:06.837 22703 INFO rally.task.context [-] Task 77e7abb2-348b-4c40-b97c-48fc9d85da4a | Context users@openstack cleanup() started
2019-07-31 10:41:11.960 22703 INFO rally.task.context [-] Task 77e7abb2-348b-4c40-b97c-48fc9d85da4a | Context users@openstack cleanup() finished in 5.12 sec
2019-07-31 10:41:12.059 22703 INFO rally.task.engine [-] Load duration is: 38.325158
2019-07-31 10:41:12.060 22703 INFO rally.task.engine [-] Full runner duration is: 38.374347
2019-07-31 10:41:12.060 22703 INFO rally.task.engine [-] Full duration is: 96.297291
2019-07-31 10:41:12.374 22703 INFO rally.task.engine [-] Running workload: position = 2 config = { "version": 2, "title": "A cropped version of a bigger task.", "description": "Auto-generated task from a single workload (uuid=00776b61-6448-412f-8e37-d70215b2cd53)", "subtasks": [ { "title": "NeutronNetworks.create_and_delete_ports", "description": "Create and delete a port.", "scenario": { "NeutronNetworks.create_and_delete_ports": { "network_create_args": {}, "port_create_args": {}, "ports_per_network": 5 } }, "contexts": { "users": { "tenants": 1, "users_per_tenant": 1 }, "quotas": { "neutron": { "network": -1, "port": -1 } } }, "runner": { "constant": { "times": 40, "concurrency": 20 } }, "hooks": [], "sla": { "failure_rate": { "max": 0 } } } ] }
2019-07-31 10:41:12.393 22703 RALLYDEBUG rally_openstack.contexts.keystone.users [-] Creating 1 tenants using 20 threads
2019-07-31 10:41:14.328 22703 RALLYDEBUG rally_openstack.contexts.keystone.users [-] Creating 1 users using 20 threads
2019-07-31 10:41:17.072 22703 INFO rally.task.context [-] Task 77e7abb2-348b-4c40-b97c-48fc9d85da4a | Context users@openstack setup() finished in 4.68 sec
2019-07-31 10:41:17.898 22703 INFO rally.task.context [-] Task 77e7abb2-348b-4c40-b97c-48fc9d85da4a | Context quotas@openstack setup() finished in 0.83 sec
2019-07-31 10:41:17.899 22703 INFO rally.task.context [-] Task 77e7abb2-348b-4c40-b97c-48fc9d85da4a | Context cleanup@openstack setup() finished in 0.01 msec
2019-07-31 10:41:17.906 22703 RALLYDEBUG rally.task.runner [-] Starting the constant runner (task UUID: 77e7abb2-348b-4c40-b97c-48fc9d85da4a). timeout: 0 concurrency: 20 concurrency_per_worker: 1 times: 40 concurrency_overhead: 4 processes_to_start: 16 max_cpu_used: 16
2019-07-31 10:41:17.919 26949 RALLYDEBUG rally.task.runner [-] Starting a worker. concurrency: 2 args: {"network_create_args": {}, "port_create_args": {}, "ports_per_network": 5} times: 40 method_name: run timeout: 0 duration: None cls:
2019-07-31 10:41:17.921 26950 RALLYDEBUG rally.task.runner [-] Starting a worker. concurrency: 2 args: {"network_create_args": {}, "port_create_args": {}, "ports_per_network": 5} times: 40 method_name: run timeout: 0 duration: None cls:
2019-07-31 10:41:17.924 26951 RALLYDEBUG rally.task.runner [-] Starting a worker. concurrency: 2 args: {"network_create_args": {}, "port_create_args": {}, "ports_per_network": 5} times: 40 method_name: run timeout: 0 duration: None cls:
2019-07-31 10:41:17.925 26949 INFO rally.task.runner [-] Task 77e7abb2-348b-4c40-b97c-48fc9d85da4a | ITER: 1 START
2019-07-31 10:41:17.927 26952 RALLYDEBUG rally.task.runner [-] Starting a worker. concurrency: 2 args: {"network_create_args": {}, "port_create_args": {}, "ports_per_network": 5} times: 40 method_name: run timeout: 0 duration: None cls:
2019-07-31 10:41:17.928 26950 INFO rally.task.runner [-] Task 77e7abb2-348b-4c40-b97c-48fc9d85da4a | ITER: 2 START
2019-07-31 10:41:17.930 26949 WARNING rally_openstack.scenarios.neutron.utils [-] Running this scenario without either the 'network' or 'existing_network' context is deprecated
2019-07-31 10:41:17.931 26950 WARNING rally_openstack.scenarios.neutron.utils [-] Running this scenario without either the 'network' or 'existing_network' context is deprecated
2019-07-31 10:41:17.932 26951 INFO rally.task.runner [-] Task 77e7abb2-348b-4c40-b97c-48fc9d85da4a | ITER: 4 START
2019-07-31 10:41:17.932 26953 RALLYDEBUG rally.task.runner [-] Starting a worker. concurrency: 1 args: {"network_create_args": {}, "port_create_args": {}, "ports_per_network": 5} times: 40 method_name: run timeout: 0 duration: None cls:
2019-07-31 10:41:17.934 26951 WARNING rally_openstack.scenarios.neutron.utils [-] Running this scenario without either the 'network' or 'existing_network' context is deprecated
2019-07-31 10:41:17.934 26957 RALLYDEBUG rally.task.runner [-] Starting a worker. concurrency: 1 args: {"network_create_args": {}, "port_create_args": {}, "ports_per_network": 5} times: 40 method_name: run timeout: 0 duration: None cls:
2019-07-31 10:41:17.935 26952 INFO rally.task.runner [-] Task 77e7abb2-348b-4c40-b97c-48fc9d85da4a | ITER: 6 START
2019-07-31 10:41:17.936 26952 WARNING rally_openstack.scenarios.neutron.utils [-] Running this scenario without either the 'network' or 'existing_network' context is deprecated
2019-07-31 10:41:17.938 26953 INFO rally.task.runner [-] Task 77e7abb2-348b-4c40-b97c-48fc9d85da4a | ITER: 9 START
2019-07-31 10:41:17.940 26950 INFO rally.task.runner [-] Task 77e7abb2-348b-4c40-b97c-48fc9d85da4a | ITER: 5 START
2019-07-31 10:41:17.940 26953 WARNING rally_openstack.scenarios.neutron.utils [-] Running this scenario without either the 'network' or 'existing_network' context is deprecated
2019-07-31 10:41:17.939 26961 RALLYDEBUG rally.task.runner [-] Starting a worker. concurrency: 1 args: {"network_create_args": {}, "port_create_args": {}, "ports_per_network": 5} times: 40 method_name: run timeout: 0 duration: None cls:
2019-07-31 10:41:17.940 26951 INFO rally.task.runner [-] Task 77e7abb2-348b-4c40-b97c-48fc9d85da4a | ITER: 7 START
2019-07-31 10:41:17.941 26957 INFO rally.task.runner [-] Task 77e7abb2-348b-4c40-b97c-48fc9d85da4a | ITER: 10 START
2019-07-31 10:41:17.940 26966 RALLYDEBUG rally.task.runner [-] Starting a worker. concurrency: 1 args: {"network_create_args": {}, "port_create_args": {}, "ports_per_network": 5} times: 40 method_name: run timeout: 0 duration: None cls:
2019-07-31 10:41:17.941 26951 WARNING rally_openstack.scenarios.neutron.utils [-] Running this scenario without either the 'network' or 'existing_network' context is deprecated
2019-07-31 10:41:17.940 26950 WARNING rally_openstack.scenarios.neutron.utils [-] Running this scenario without either the 'network' or 'existing_network' context is deprecated
2019-07-31 10:41:17.942 26957 WARNING rally_openstack.scenarios.neutron.utils [-] Running this scenario without either the 'network' or 'existing_network' context is deprecated
2019-07-31 10:41:17.943 26969 RALLYDEBUG rally.task.runner [-] Starting a worker. concurrency: 1 args: {"network_create_args": {}, "port_create_args": {}, "ports_per_network": 5} times: 40 method_name: run timeout: 0 duration: None cls:
2019-07-31 10:41:17.931 26949 INFO rally.task.runner [-] Task 77e7abb2-348b-4c40-b97c-48fc9d85da4a | ITER: 3 START
2019-07-31 10:41:17.944 26952 INFO rally.task.runner [-] Task 77e7abb2-348b-4c40-b97c-48fc9d85da4a | ITER: 8 START
2019-07-31 10:41:17.944 26949 WARNING rally_openstack.scenarios.neutron.utils [-] Running this scenario without either the 'network' or 'existing_network' context is deprecated
2019-07-31 10:41:17.946 26961 INFO rally.task.runner [-] Task 77e7abb2-348b-4c40-b97c-48fc9d85da4a | ITER: 11 START
2019-07-31 10:41:17.947 26952 WARNING rally_openstack.scenarios.neutron.utils [-] Running this scenario without either the 'network' or 'existing_network' context is deprecated
2019-07-31 10:41:17.947 26961 WARNING rally_openstack.scenarios.neutron.utils [-] Running this scenario without either the 'network' or 'existing_network' context is deprecated
2019-07-31 10:41:17.948 26966 INFO rally.task.runner [-] Task 77e7abb2-348b-4c40-b97c-48fc9d85da4a | ITER: 12 START
2019-07-31 10:41:17.949 26966 WARNING rally_openstack.scenarios.neutron.utils [-] Running this scenario without either the 'network' or 'existing_network' context is deprecated
2019-07-31 10:41:17.950 26975 RALLYDEBUG rally.task.runner [-] Starting a worker. concurrency: 1 args: {"network_create_args": {}, "port_create_args": {}, "ports_per_network": 5} times: 40 method_name: run timeout: 0 duration: None cls:
2019-07-31 10:41:17.956 26969 INFO rally.task.runner [-] Task 77e7abb2-348b-4c40-b97c-48fc9d85da4a | ITER: 13 START
2019-07-31 10:41:17.958 26969 WARNING rally_openstack.scenarios.neutron.utils [-] Running this scenario without either the 'network' or 'existing_network' context is deprecated
2019-07-31 10:41:17.960 26974 RALLYDEBUG rally.task.runner [-] Starting a worker. concurrency: 1 args: {"network_create_args": {}, "port_create_args": {}, "ports_per_network": 5} times: 40 method_name: run timeout: 0 duration: None cls:
2019-07-31 10:41:17.961 26975 INFO rally.task.runner [-] Task 77e7abb2-348b-4c40-b97c-48fc9d85da4a | ITER: 14 START
2019-07-31 10:41:17.962 26982 RALLYDEBUG rally.task.runner [-] Starting a worker. concurrency: 1 args: {"network_create_args": {}, "port_create_args": {}, "ports_per_network": 5} times: 40 method_name: run timeout: 0 duration: None cls:
2019-07-31 10:41:17.965 26975 WARNING rally_openstack.scenarios.neutron.utils [-] Running this scenario without either the 'network' or 'existing_network' context is deprecated
2019-07-31 10:41:17.967 26974 INFO rally.task.runner [-] Task 77e7abb2-348b-4c40-b97c-48fc9d85da4a | ITER: 15 START
2019-07-31 10:41:17.968 26974 WARNING rally_openstack.scenarios.neutron.utils [-] Running this scenario without either the 'network' or 'existing_network' context is deprecated
2019-07-31 10:41:17.970 26985 RALLYDEBUG rally.task.runner [-] Starting a worker. concurrency: 1 args: {"network_create_args": {}, "port_create_args": {}, "ports_per_network": 5} times: 40 method_name: run timeout: 0 duration: None cls:
2019-07-31 10:41:17.971 26982 INFO rally.task.runner [-] Task 77e7abb2-348b-4c40-b97c-48fc9d85da4a | ITER: 16 START
2019-07-31 10:41:17.972 26982 WARNING rally_openstack.scenarios.neutron.utils [-] Running this scenario without either the 'network' or 'existing_network' context is deprecated
2019-07-31 10:41:17.974 26989 RALLYDEBUG rally.task.runner [-] Starting a worker. concurrency: 1 args: {"network_create_args": {}, "port_create_args": {}, "ports_per_network": 5} times: 40 method_name: run timeout: 0 duration: None cls:
2019-07-31 10:41:17.976 26985 INFO rally.task.runner [-] Task 77e7abb2-348b-4c40-b97c-48fc9d85da4a | ITER: 17 START
2019-07-31 10:41:17.977 26985 WARNING rally_openstack.scenarios.neutron.utils [-] Running this scenario without either the 'network' or 'existing_network' context is deprecated
2019-07-31 10:41:17.981 26989 INFO rally.task.runner [-] Task 77e7abb2-348b-4c40-b97c-48fc9d85da4a | ITER: 18 START
2019-07-31 10:41:17.983 26989 WARNING rally_openstack.scenarios.neutron.utils [-] Running this scenario without either the 'network' or 'existing_network' context is deprecated
2019-07-31 10:41:17.983 26993 RALLYDEBUG rally.task.runner [-] Starting a worker. concurrency: 1 args: {"network_create_args": {}, "port_create_args": {}, "ports_per_network": 5} times: 40 method_name: run timeout: 0 duration: None cls:
2019-07-31 10:41:17.987 26993 INFO rally.task.runner [-] Task 77e7abb2-348b-4c40-b97c-48fc9d85da4a | ITER: 19 START
2019-07-31 10:41:17.988 26993 WARNING rally_openstack.scenarios.neutron.utils [-] Running this scenario without either the 'network' or 'existing_network' context is deprecated
2019-07-31 10:41:17.989 26996 RALLYDEBUG rally.task.runner [-] Starting a worker. concurrency: 1 args: {"network_create_args": {}, "port_create_args": {}, "ports_per_network": 5} times: 40 method_name: run timeout: 0 duration: None cls:
2019-07-31 10:41:17.993 26996 INFO rally.task.runner [-] Task 77e7abb2-348b-4c40-b97c-48fc9d85da4a | ITER: 20 START
2019-07-31 10:41:17.995 26996 WARNING rally_openstack.scenarios.neutron.utils [-] Running this scenario without either the 'network' or 'existing_network' context is deprecated
2019-07-31 10:41:33.650 26985 INFO rally.task.runner [-] Task 77e7abb2-348b-4c40-b97c-48fc9d85da4a | ITER: 17 END: OK
2019-07-31 10:41:33.655 26985 INFO rally.task.runner [-] Task 77e7abb2-348b-4c40-b97c-48fc9d85da4a | ITER: 21 START
2019-07-31 10:41:33.656 26985 WARNING rally_openstack.scenarios.neutron.utils [-] Running this scenario without either the 'network' or 'existing_network' context is deprecated
2019-07-31 10:41:33.839 26966 INFO rally.task.runner [-] Task 77e7abb2-348b-4c40-b97c-48fc9d85da4a | ITER: 12 END: OK
2019-07-31 10:41:33.843 26966 INFO rally.task.runner [-] Task 77e7abb2-348b-4c40-b97c-48fc9d85da4a | ITER: 22 START
2019-07-31 10:41:33.844 26966 WARNING rally_openstack.scenarios.neutron.utils [-] Running this scenario without either the 'network' or 'existing_network' context is deprecated
2019-07-31 10:41:33.954 26951 INFO rally.task.runner [-] Task 77e7abb2-348b-4c40-b97c-48fc9d85da4a | ITER: 4 END: OK
2019-07-31 10:41:33.959 26951 INFO rally.task.runner [-] Task 77e7abb2-348b-4c40-b97c-48fc9d85da4a | ITER: 23 START
2019-07-31 10:41:33.959 26951 WARNING rally_openstack.scenarios.neutron.utils [-] Running this scenario without either the 'network' or 'existing_network' context is deprecated
2019-07-31 10:41:34.011 26949 INFO rally.task.runner [-] Task 77e7abb2-348b-4c40-b97c-48fc9d85da4a | ITER: 3 END: OK
2019-07-31 10:41:34.016 26949 INFO rally.task.runner [-] Task 77e7abb2-348b-4c40-b97c-48fc9d85da4a | ITER: 24 START
2019-07-31 10:41:34.016 26949 WARNING rally_openstack.scenarios.neutron.utils [-] Running this scenario without either the 'network' or 'existing_network' context is deprecated
2019-07-31 10:41:34.355 26993 INFO rally.task.runner [-] Task 77e7abb2-348b-4c40-b97c-48fc9d85da4a | ITER: 19 END: OK
2019-07-31 10:41:34.360 26993 INFO rally.task.runner [-] Task 77e7abb2-348b-4c40-b97c-48fc9d85da4a | ITER: 25 START
2019-07-31 10:41:34.361 26993 WARNING rally_openstack.scenarios.neutron.utils [-] Running this scenario without either the 'network' or 'existing_network' context is deprecated
2019-07-31 10:41:34.518 26952 INFO rally.task.runner [-] Task 77e7abb2-348b-4c40-b97c-48fc9d85da4a | ITER: 8 END: OK
2019-07-31 10:41:34.523 26952 INFO rally.task.runner [-] Task 77e7abb2-348b-4c40-b97c-48fc9d85da4a | ITER: 26 START
2019-07-31 10:41:34.523 26952 WARNING rally_openstack.scenarios.neutron.utils [-] Running this scenario without either the 'network' or 'existing_network' context is deprecated
2019-07-31 10:41:34.648 26961 INFO rally.task.runner [-] Task 77e7abb2-348b-4c40-b97c-48fc9d85da4a | ITER: 11 END: OK
2019-07-31 10:41:34.653 26961 INFO rally.task.runner [-] Task 77e7abb2-348b-4c40-b97c-48fc9d85da4a | ITER: 27 START
2019-07-31 10:41:34.653 26961 WARNING rally_openstack.scenarios.neutron.utils [-] Running this scenario without either the 'network' or 'existing_network' context is deprecated
2019-07-31 10:41:34.875 26975 INFO rally.task.runner [-] Task 77e7abb2-348b-4c40-b97c-48fc9d85da4a | ITER: 14 END: OK
2019-07-31 10:41:34.880 26975 INFO rally.task.runner [-] Task 77e7abb2-348b-4c40-b97c-48fc9d85da4a | ITER: 28 START
2019-07-31 10:41:34.880 26975 WARNING rally_openstack.scenarios.neutron.utils [-] Running this scenario without either the 'network' or 'existing_network' context is deprecated
2019-07-31 10:41:35.081 26951 INFO rally.task.runner [-] Task 77e7abb2-348b-4c40-b97c-48fc9d85da4a | ITER: 7 END: OK
2019-07-31 10:41:35.085 26951 INFO rally.task.runner [-] Task 77e7abb2-348b-4c40-b97c-48fc9d85da4a | ITER: 29 START
2019-07-31 10:41:35.086 26951 WARNING rally_openstack.scenarios.neutron.utils [-] Running this scenario without either the 'network' or 'existing_network' context is deprecated
2019-07-31 10:41:35.105 26957 INFO rally.task.runner [-] Task 77e7abb2-348b-4c40-b97c-48fc9d85da4a | ITER: 10 END: OK
2019-07-31 10:41:35.109 26957 INFO rally.task.runner [-] Task 77e7abb2-348b-4c40-b97c-48fc9d85da4a | ITER: 30 START
2019-07-31 10:41:35.110 26957 WARNING rally_openstack.scenarios.neutron.utils [-] Running this scenario without either the 'network' or 'existing_network' context is deprecated
2019-07-31 10:41:35.469 26969 INFO rally.task.runner [-] Task 77e7abb2-348b-4c40-b97c-48fc9d85da4a | ITER: 13 END: OK
2019-07-31 10:41:35.474 26969 INFO rally.task.runner [-] Task 77e7abb2-348b-4c40-b97c-48fc9d85da4a | ITER: 31 START
2019-07-31 10:41:35.475 26969 WARNING rally_openstack.scenarios.neutron.utils [-] Running this scenario without either the 'network' or 'existing_network' context is deprecated
2019-07-31 10:41:35.544 26996 INFO rally.task.runner [-] Task 77e7abb2-348b-4c40-b97c-48fc9d85da4a | ITER: 20 END: OK
2019-07-31 10:41:35.548 26996 INFO rally.task.runner [-] Task 77e7abb2-348b-4c40-b97c-48fc9d85da4a | ITER: 32 START
2019-07-31 10:41:35.549 26996 WARNING rally_openstack.scenarios.neutron.utils [-] Running this scenario without either the 'network' or 'existing_network' context is deprecated
2019-07-31 10:41:36.409 26953 INFO rally.task.runner [-] Task 77e7abb2-348b-4c40-b97c-48fc9d85da4a | ITER: 9 END: OK
2019-07-31 10:41:36.413 26953 INFO rally.task.runner [-] Task 77e7abb2-348b-4c40-b97c-48fc9d85da4a | ITER: 33 START
2019-07-31 10:41:36.413 26953 WARNING rally_openstack.scenarios.neutron.utils [-] Running this scenario without either the 'network' or 'existing_network' context is deprecated
2019-07-31 10:41:36.648 26989 INFO rally.task.runner [-] Task 77e7abb2-348b-4c40-b97c-48fc9d85da4a | ITER: 18 END: OK
2019-07-31 10:41:36.654 26989 INFO rally.task.runner [-] Task 77e7abb2-348b-4c40-b97c-48fc9d85da4a | ITER: 34 START
2019-07-31 10:41:36.655 26989 WARNING rally_openstack.scenarios.neutron.utils [-] Running this scenario without either the 'network' or 'existing_network' context is deprecated
2019-07-31 10:41:40.146 26950 INFO rally.task.runner [-] Task 77e7abb2-348b-4c40-b97c-48fc9d85da4a | ITER: 5 END: OK
2019-07-31 10:41:40.150 26950 INFO rally.task.runner [-] Task 77e7abb2-348b-4c40-b97c-48fc9d85da4a | ITER: 35 START
2019-07-31 10:41:40.151 26950 WARNING rally_openstack.scenarios.neutron.utils [-] Running this scenario without either the 'network' or 'existing_network' context is deprecated
2019-07-31 10:41:40.285 26950 INFO rally.task.runner [-] Task 77e7abb2-348b-4c40-b97c-48fc9d85da4a | ITER: 2 END: OK
2019-07-31 10:41:40.287 26950 INFO rally.task.runner [-] Task 77e7abb2-348b-4c40-b97c-48fc9d85da4a | ITER: 36 START
2019-07-31 10:41:40.288 26950 WARNING rally_openstack.scenarios.neutron.utils [-] Running this scenario without either the 'network' or 'existing_network' context is deprecated
2019-07-31 10:41:41.998 26982 INFO rally.task.runner [-] Task 77e7abb2-348b-4c40-b97c-48fc9d85da4a | ITER: 16 END: OK
2019-07-31 10:41:42.002 26982 INFO rally.task.runner [-] Task 77e7abb2-348b-4c40-b97c-48fc9d85da4a | ITER: 37 START
2019-07-31 10:41:42.002 26982 WARNING rally_openstack.scenarios.neutron.utils [-] Running this scenario without either the 'network' or 'existing_network' context is deprecated
2019-07-31 10:41:43.806 26974 INFO rally.task.runner [-] Task 77e7abb2-348b-4c40-b97c-48fc9d85da4a | ITER: 15 END: OK
2019-07-31 10:41:43.811 26974 INFO rally.task.runner [-] Task 77e7abb2-348b-4c40-b97c-48fc9d85da4a | ITER: 38 START
2019-07-31 10:41:43.811 26974 WARNING rally_openstack.scenarios.neutron.utils [-] Running this scenario without either the 'network' or 'existing_network' context is deprecated
2019-07-31 10:41:44.098 26952 INFO rally.task.runner [-] Task 77e7abb2-348b-4c40-b97c-48fc9d85da4a | ITER: 6 END: OK
2019-07-31 10:41:44.102 26952 INFO rally.task.runner [-] Task 77e7abb2-348b-4c40-b97c-48fc9d85da4a | ITER: 39 START
