2019-07-31 10:41:44.102 26952 WARNING rally_openstack.scenarios.neutron.utils [-] Running this scenario without either the 'network' or 'existing_network' context is deprecated
2019-07-31 10:41:45.024 26949 INFO rally.task.runner [-] Task 77e7abb2-348b-4c40-b97c-48fc9d85da4a | ITER: 1 END: OK
2019-07-31 10:41:45.028 26949 INFO rally.task.runner [-] Task 77e7abb2-348b-4c40-b97c-48fc9d85da4a | ITER: 40 START
2019-07-31 10:41:45.029 26949 WARNING rally_openstack.scenarios.neutron.utils [-] Running this scenario without either the 'network' or 'existing_network' context is deprecated
2019-07-31 10:41:50.214 26993 INFO rally.task.runner [-] Task 77e7abb2-348b-4c40-b97c-48fc9d85da4a | ITER: 25 END: OK
2019-07-31 10:41:50.799 26957 INFO rally.task.runner [-] Task 77e7abb2-348b-4c40-b97c-48fc9d85da4a | ITER: 30 END: OK
2019-07-31 10:41:50.835 26949 INFO rally.task.runner [-] Task 77e7abb2-348b-4c40-b97c-48fc9d85da4a | ITER: 24 END: OK
2019-07-31 10:41:50.974 26951 INFO rally.task.runner [-] Task 77e7abb2-348b-4c40-b97c-48fc9d85da4a | ITER: 29 END: OK
2019-07-31 10:41:51.283 26969 INFO rally.task.runner [-] Task 77e7abb2-348b-4c40-b97c-48fc9d85da4a | ITER: 31 END: OK
2019-07-31 10:41:51.691 26996 INFO rally.task.runner [-] Task 77e7abb2-348b-4c40-b97c-48fc9d85da4a | ITER: 32 END: OK
2019-07-31 10:41:51.881 26952 INFO rally.task.runner [-] Task 77e7abb2-348b-4c40-b97c-48fc9d85da4a | ITER: 26 END: OK
2019-07-31 10:41:52.134 26966 INFO rally.task.runner [-] Task 77e7abb2-348b-4c40-b97c-48fc9d85da4a | ITER: 22 END: OK
2019-07-31 10:41:52.261 26985 INFO rally.task.runner [-] Task 77e7abb2-348b-4c40-b97c-48fc9d85da4a | ITER: 21 END: OK
2019-07-31 10:41:52.405 26975 INFO rally.task.runner [-] Task 77e7abb2-348b-4c40-b97c-48fc9d85da4a | ITER: 28 END: OK
2019-07-31 10:41:52.552 26951 INFO rally.task.runner [-] Task 77e7abb2-348b-4c40-b97c-48fc9d85da4a | ITER: 23 END: OK
2019-07-31 10:41:54.020 26953 INFO rally.task.runner [-] Task 77e7abb2-348b-4c40-b97c-48fc9d85da4a | ITER: 33 END: OK
2019-07-31 10:41:54.138 26961 INFO rally.task.runner [-] Task 77e7abb2-348b-4c40-b97c-48fc9d85da4a | ITER: 27 END: OK
2019-07-31 10:41:56.061 26950 INFO rally.task.runner [-] Task 77e7abb2-348b-4c40-b97c-48fc9d85da4a | ITER: 35 END: OK
2019-07-31 10:41:56.141 26989 INFO rally.task.runner [-] Task 77e7abb2-348b-4c40-b97c-48fc9d85da4a | ITER: 34 END: OK
2019-07-31 10:41:56.650 26950 INFO rally.task.runner [-] Task 77e7abb2-348b-4c40-b97c-48fc9d85da4a | ITER: 36 END: OK
2019-07-31 10:41:57.093 26982 INFO rally.task.runner [-] Task 77e7abb2-348b-4c40-b97c-48fc9d85da4a | ITER: 37 END: OK
2019-07-31 10:41:57.727 26949 INFO rally.task.runner [-] Task 77e7abb2-348b-4c40-b97c-48fc9d85da4a | ITER: 40 END: OK
2019-07-31 10:41:57.952 26952 INFO rally.task.runner [-] Task 77e7abb2-348b-4c40-b97c-48fc9d85da4a | ITER: 39 END: OK
2019-07-31 10:41:58.193 26974 INFO rally.task.runner [-] Task 77e7abb2-348b-4c40-b97c-48fc9d85da4a | ITER: 38 END: OK
2019-07-31 10:41:58.215 22703 INFO rally.task.context [-] Task 77e7abb2-348b-4c40-b97c-48fc9d85da4a | Context cleanup@openstack cleanup() started
2019-07-31 10:41:58.218 22703 RALLYDEBUG rally_openstack.cleanup.manager [-] Cleaning up neutron vip objects
2019-07-31 10:41:58.895 22703 RALLYDEBUG rally_openstack.cleanup.manager [-] Cleaning up neutron health_monitor objects
2019-07-31 10:41:59.640 22703 RALLYDEBUG rally_openstack.cleanup.manager [-] Cleaning up neutron pool objects
2019-07-31 10:42:00.279 22703 RALLYDEBUG rally_openstack.cleanup.manager [-] Cleaning up neutron loadbalancer objects
2019-07-31 10:42:01.038 22703 RALLYDEBUG rally_openstack.cleanup.manager [-] Cleaning up neutron floatingip objects
2019-07-31 10:42:02.059 22703 RALLYDEBUG rally_openstack.cleanup.manager [-] Cleaning up neutron port objects
2019-07-31 10:42:02.973 22703 RALLYDEBUG rally_openstack.cleanup.manager [-] Cleaning up neutron subnet objects
2019-07-31 10:42:03.744 22703 RALLYDEBUG rally_openstack.cleanup.manager [-] Cleaning up neutron network objects
2019-07-31 10:42:04.628 22703 RALLYDEBUG rally_openstack.cleanup.manager [-] Deleting neutron.network object s_rally_00776b61_0A33AKv1 (0aeef36d-1f11-461c-81a3-949152cde47d)
2019-07-31 10:42:04.639 22703 RALLYDEBUG rally_openstack.cleanup.manager [-] Deleting neutron.network object s_rally_00776b61_9GrDZCDg (15c0488d-a688-4fbe-894b-cb57a1fe7fde)
2019-07-31 10:42:04.643 22703 RALLYDEBUG rally_openstack.cleanup.manager [-] Deleting neutron.network object s_rally_00776b61_0XHAboJ7 (17cd7d95-99e4-4585-986e-ff151c1e78a3)
2019-07-31 10:42:04.647 22703 RALLYDEBUG rally_openstack.cleanup.manager [-] Deleting neutron.network object s_rally_00776b61_U7kTsMzu (19c7a7fa-8928-4e6e-95f3-d28caba990b4)
2019-07-31 10:42:04.655 22703 RALLYDEBUG rally_openstack.cleanup.manager [-] Deleting neutron.network object s_rally_00776b61_HeJ2oyoH (1cf9c478-aa5e-4881-a653-e41fddf28031)
2019-07-31 10:42:04.668 22703 RALLYDEBUG rally_openstack.cleanup.manager [-] Deleting neutron.network object s_rally_00776b61_1ij1YKoN (1f8892a3-d47a-4a7a-b052-3e65461106b5)
2019-07-31 10:42:04.677 22703 RALLYDEBUG rally_openstack.cleanup.manager [-] Deleting neutron.network object s_rally_00776b61_pRzwXBz5 (1fb1f194-490e-49d3-989a-6644ac7d8828)
2019-07-31 10:42:04.687 22703 RALLYDEBUG rally_openstack.cleanup.manager [-] Deleting neutron.network object s_rally_00776b61_e3F2LKR7 (20b331fc-0ee8-4fb6-8e19-fec4ff1e4e5c)
2019-07-31 10:42:04.705 22703 RALLYDEBUG rally_openstack.cleanup.manager [-] Deleting neutron.network object s_rally_00776b61_tNOpymeN (2a770358-3c45-437b-a97d-938374d181fa)
2019-07-31 10:42:04.714 22703 RALLYDEBUG rally_openstack.cleanup.manager [-] Deleting neutron.network object s_rally_00776b61_AQ4Pvy3W (2b310c27-6af5-4026-9d9a-3b934c9faaaf)
2019-07-31 10:42:04.720 22703 RALLYDEBUG rally_openstack.cleanup.manager [-] Deleting neutron.network object s_rally_00776b61_7FJzUfat (2bf7f20b-46bc-42e1-833d-ea45e70f3377)
2019-07-31 10:42:04.734 22703 RALLYDEBUG rally_openstack.cleanup.manager [-] Deleting neutron.network object s_rally_00776b61_JUFasZuR (2e6df751-a9cd-4a71-866f-2563cb4086b7)
2019-07-31 10:42:04.765 22703 RALLYDEBUG rally_openstack.cleanup.manager [-] Deleting neutron.network object s_rally_00776b61_35tC5jD1 (3989da02-c0a1-4818-905a-1a2855fb9ba8)
2019-07-31 10:42:04.768 22703 RALLYDEBUG rally_openstack.cleanup.manager [-] Deleting neutron.network object s_rally_00776b61_mtPJfcFH (42590e9c-cbb8-4684-88da-8ad8dce47ef8)
2019-07-31 10:42:04.780 22703 RALLYDEBUG rally_openstack.cleanup.manager [-] Deleting neutron.network object s_rally_00776b61_x8ZjkBDO (49984901-d38a-417e-93a5-c0f8d76b7faa)
2019-07-31 10:42:04.786 22703 RALLYDEBUG rally_openstack.cleanup.manager [-] Deleting neutron.network object s_rally_00776b61_jccCImJI (4ca2fa88-4e5d-4008-8b03-95ca7d63beea)
2019-07-31 10:42:04.801 22703 RALLYDEBUG rally_openstack.cleanup.manager [-] Deleting neutron.network object s_rally_00776b61_OWUBKBZj (5a67ee51-b82f-47a6-8cc7-e1161915b46f)
2019-07-31 10:42:04.820 22703 RALLYDEBUG rally_openstack.cleanup.manager [-] Deleting neutron.network object s_rally_00776b61_jJilGxXZ (6def6a2e-ec96-420d-82a5-981d9a8fc134)
2019-07-31 10:42:04.831 22703 RALLYDEBUG rally_openstack.cleanup.manager [-] Deleting neutron.network object s_rally_00776b61_IW8jqV7q (61853e26-156c-4ce1-9a81-326a86d9ea23)
2019-07-31 10:42:04.832 22703 RALLYDEBUG rally_openstack.cleanup.manager [-] Deleting neutron.network object s_rally_00776b61_KEhndx9r (720302f5-faa2-4dbd-a617-c606d3920ea8)
2019-07-31 10:42:08.237 22703 RALLYDEBUG rally_openstack.cleanup.manager [-] Deleting neutron.network object s_rally_00776b61_eVdlw5AA (7212fe18-d5a7-4e3f-8d2c-55f51cffc7f2)
2019-07-31 10:42:08.237 22703 RALLYDEBUG rally_openstack.cleanup.manager [-] Deleting neutron.network object s_rally_00776b61_Xv1lTxCc (97eb8ea5-8e96-486a-9fe6-27df43297c87)
2019-07-31 10:42:08.289 22703 RALLYDEBUG rally_openstack.cleanup.manager [-] Deleting neutron.network object s_rally_00776b61_5kWN6IYg (ab41be45-6b5e-46f5-98bf-dd436169a68d)
2019-07-31 10:42:08.374 22703 RALLYDEBUG rally_openstack.cleanup.manager [-] Deleting neutron.network object s_rally_00776b61_XkFvf4n9 (b064c408-b51d-4aa0-b376-139c6d4bcc6e)
2019-07-31 10:42:08.461 22703 RALLYDEBUG rally_openstack.cleanup.manager [-] Deleting neutron.network object s_rally_00776b61_aCcltiPv (b3d731b7-02e0-47a4-b206-a958ce78d6ed)
2019-07-31 10:42:09.185 22703 RALLYDEBUG rally_openstack.cleanup.manager [-] Deleting neutron.network object s_rally_00776b61_IR26m7JP (c23630a0-6194-41d5-b809-37716e997d7e)
2019-07-31 10:42:09.251 22703 RALLYDEBUG rally_openstack.cleanup.manager [-] Deleting neutron.network object s_rally_00776b61_gvlMs04z (c2f551dd-8067-4241-9502-bc64ea66da9d)
2019-07-31 10:42:09.307 22703 RALLYDEBUG rally_openstack.cleanup.manager [-] Deleting neutron.network object s_rally_00776b61_icH9gdX8 (c5195784-e246-4c24-9764-c6baf90c342c)
2019-07-31 10:42:09.477 22703 RALLYDEBUG rally_openstack.cleanup.manager [-] Deleting neutron.network object s_rally_00776b61_d8WHnDzL (d66a9095-92f3-4eb1-855e-39f28d1b5bcf)
2019-07-31 10:42:10.424 22703 RALLYDEBUG rally_openstack.cleanup.manager [-] Deleting neutron.network object s_rally_00776b61_vaRUgZc4 (d8bdf1d7-5846-4f83-bd16-ad924e68c6bb)
2019-07-31 10:42:10.476 22703 RALLYDEBUG rally_openstack.cleanup.manager [-] Deleting neutron.network object s_rally_00776b61_ohhb1Nsm (ded251d4-f4ee-4984-89bc-d0f863ffaaed)
2019-07-31 10:42:10.591 22703 RALLYDEBUG rally_openstack.cleanup.manager [-] Deleting neutron.network object s_rally_00776b61_AGLhQVes (e2c7a565-dea5-4241-9e51-e91c1c6b742c)
2019-07-31 10:42:10.645 22703 RALLYDEBUG rally_openstack.cleanup.manager [-] Deleting neutron.network object s_rally_00776b61_lRqTtuZQ (e2df7439-8988-4d5e-9b1c-6ca5e8b08778)
2019-07-31 10:42:10.649 22703 RALLYDEBUG rally_openstack.cleanup.manager [-] Deleting neutron.network object s_rally_00776b61_yAMWhrQo (e36c1f2f-7980-4425-84fc-03981d6d5463)
2019-07-31 10:42:10.681 22703 RALLYDEBUG rally_openstack.cleanup.manager [-] Deleting neutron.network object s_rally_00776b61_fPodATRo (e5396664-972c-4321-ab8b-c6b6175daf6f)
2019-07-31 10:42:11.319 22703 RALLYDEBUG rally_openstack.cleanup.manager [-] Deleting neutron.network object s_rally_00776b61_5ZGGvN95 (ecdd7145-1116-42b6-8cb1-d87a133dcea9)
2019-07-31 10:42:12.466 22703 RALLYDEBUG rally_openstack.cleanup.manager [-] Deleting neutron.network object s_rally_00776b61_QQFDeENP (f2324d2a-6b9f-47cf-89ca-fb59f16494f2)
2019-07-31 10:42:12.585 22703 RALLYDEBUG rally_openstack.cleanup.manager [-] Deleting neutron.network object s_rally_00776b61_8x4bQnUx (f3b77b8d-ab27-4220-ab89-98e8c83639dc)
2019-07-31 10:42:12.628 22703 RALLYDEBUG rally_openstack.cleanup.manager [-] Deleting neutron.network object s_rally_00776b61_WYIXoc6f (f5851191-69b0-4541-96a5-aafd0ddb1904)
2019-07-31 10:42:12.779 22703 RALLYDEBUG rally_openstack.cleanup.manager [-] Deleting neutron.network object s_rally_00776b61_BeAJEFvg (fe544d14-594c-4d5c-9048-44b239de0d1a)
2019-07-31 10:42:16.006 22703 RALLYDEBUG rally_openstack.cleanup.manager [-] Cleaning up neutron router objects
2019-07-31 10:42:16.808 22703 RALLYDEBUG rally_openstack.cleanup.manager [-] Cleaning up neutron security_group objects
2019-07-31 10:42:17.609 22703 INFO rally.task.context [-] Task 77e7abb2-348b-4c40-b97c-48fc9d85da4a | Context cleanup@openstack cleanup() finished in 19.39 sec
2019-07-31 10:42:17.610 22703 INFO rally.task.context [-] Task 77e7abb2-348b-4c40-b97c-48fc9d85da4a | Context quotas@openstack cleanup() started
2019-07-31 10:42:17.862 22703 INFO rally.task.context [-] Task 77e7abb2-348b-4c40-b97c-48fc9d85da4a | Context quotas@openstack cleanup() finished in 0.25 sec
2019-07-31 10:42:17.862 22703 INFO rally.task.context [-] Task 77e7abb2-348b-4c40-b97c-48fc9d85da4a | Context users@openstack cleanup() started
2019-07-31 10:42:23.152 22703 INFO rally.task.context [-] Task 77e7abb2-348b-4c40-b97c-48fc9d85da4a | Context users@openstack cleanup() finished in 5.29 sec
2019-07-31 10:42:24.660 22703 INFO rally.task.engine [-] Load duration is: 40.262944
2019-07-31 10:42:24.661 22703 INFO rally.task.engine [-] Full runner duration is: 40.309707
2019-07-31 10:42:24.662 22703 INFO rally.task.engine [-] Full duration is: 70.764909
2019-07-31 10:42:24.944 22703 INFO rally.task.engine [-] Running workload: position = 0 config = { "version": 2, "title": "A cropped version of a bigger task.", "description": "Auto-generated task from a single workload (uuid=ee6a805e-95fb-47af-8082-32f41543a2a0)", "subtasks": [ { "title": "Quotas.neutron_update", "description": "Update quotas for neutron.", "scenario": { "Quotas.neutron_update": { "max_quota": 1024 } }, "contexts": { "users": { "tenants": 20, "users_per_tenant": 1 } }, "runner": { "constant": { "times": 40, "concurrency": 20 } }, "hooks": [], "sla": { "failure_rate": { "max": 0 } } } ] }
2019-07-31 10:42:24.968 22703 RALLYDEBUG rally_openstack.contexts.keystone.users [-] Creating 20 tenants using 20 threads
2019-07-31 10:42:27.739 22703 RALLYDEBUG rally_openstack.contexts.keystone.users [-] Creating 20 users using 20 threads
2019-07-31 10:42:31.327 22703 INFO rally.task.context [-] Task 77e7abb2-348b-4c40-b97c-48fc9d85da4a | Context users@openstack setup() finished in 6.36 sec
2019-07-31 10:42:31.327 22703 INFO rally.task.context [-] Task 77e7abb2-348b-4c40-b97c-48fc9d85da4a | Context admin_cleanup@openstack setup() finished in 0.00 msec
2019-07-31 10:42:31.333 22703 RALLYDEBUG rally.task.runner [-] Starting the constant runner (task UUID: 77e7abb2-348b-4c40-b97c-48fc9d85da4a). timeout: 0 concurrency: 20 concurrency_per_worker: 1 times: 40 concurrency_overhead: 4 processes_to_start: 16 max_cpu_used: 16
2019-07-31 10:42:31.343 27319 RALLYDEBUG rally.task.runner [-] Starting a worker. concurrency: 2 args: {"max_quota": 1024} times: 40 method_name: run timeout: 0 duration: None cls:
2019-07-31 10:42:31.348 27321 RALLYDEBUG rally.task.runner [-] Starting a worker. concurrency: 2 args: {"max_quota": 1024} times: 40 method_name: run timeout: 0 duration: None cls:
2019-07-31 10:42:31.347 27320 RALLYDEBUG rally.task.runner [-] Starting a worker. concurrency: 2 args: {"max_quota": 1024} times: 40 method_name: run timeout: 0 duration: None cls:
2019-07-31 10:42:31.351 27322 RALLYDEBUG rally.task.runner [-] Starting a worker. concurrency: 2 args: {"max_quota": 1024} times: 40 method_name: run timeout: 0 duration: None cls:
2019-07-31 10:42:31.352 27319 INFO rally.task.runner [-] Task 77e7abb2-348b-4c40-b97c-48fc9d85da4a | ITER: 1 START
2019-07-31 10:42:31.356 27323 RALLYDEBUG rally.task.runner [-] Starting a worker. concurrency: 1 args: {"max_quota": 1024} times: 40 method_name: run timeout: 0 duration: None cls:
2019-07-31 10:42:31.357 27325 RALLYDEBUG rally.task.runner [-] Starting a worker. concurrency: 1 args: {"max_quota": 1024} times: 40 method_name: run timeout: 0 duration: None cls:
2019-07-31 10:42:31.360 27327 RALLYDEBUG rally.task.runner [-] Starting a worker. concurrency: 1 args: {"max_quota": 1024} times: 40 method_name: run timeout: 0 duration: None cls:
2019-07-31 10:42:31.361 27330 RALLYDEBUG rally.task.runner [-] Starting a worker. concurrency: 1 args: {"max_quota": 1024} times: 40 method_name: run timeout: 0 duration: None cls:
2019-07-31 10:42:31.364 27319 INFO rally.task.runner [-] Task 77e7abb2-348b-4c40-b97c-48fc9d85da4a | ITER: 2 START
2019-07-31 10:42:31.364 27320 INFO rally.task.runner [-] Task 77e7abb2-348b-4c40-b97c-48fc9d85da4a | ITER: 4 START
2019-07-31 10:42:31.364 27321 INFO rally.task.runner [-] Task 77e7abb2-348b-4c40-b97c-48fc9d85da4a | ITER: 6 START
2019-07-31 10:42:31.367 27327 INFO rally.task.runner [-] Task 77e7abb2-348b-4c40-b97c-48fc9d85da4a | ITER: 11 START
2019-07-31 10:42:31.367 27323 INFO rally.task.runner [-] Task 77e7abb2-348b-4c40-b97c-48fc9d85da4a | ITER: 7 START
2019-07-31 10:42:31.368 27322 INFO rally.task.runner [-] Task 77e7abb2-348b-4c40-b97c-48fc9d85da4a | ITER: 5 START
2019-07-31 10:42:31.368 27334 RALLYDEBUG rally.task.runner [-] Starting a worker. concurrency: 1 args: {"max_quota": 1024} times: 40 method_name: run timeout: 0 duration: None cls:
2019-07-31 10:42:31.369 27330 INFO rally.task.runner [-] Task 77e7abb2-348b-4c40-b97c-48fc9d85da4a | ITER: 12 START
2019-07-31 10:42:31.365 27321 INFO rally.task.runner [-] Task 77e7abb2-348b-4c40-b97c-48fc9d85da4a | ITER: 3 START
2019-07-31 10:42:31.366 27325 INFO rally.task.runner [-] Task 77e7abb2-348b-4c40-b97c-48fc9d85da4a | ITER: 8 START
2019-07-31 10:42:31.377 27348 RALLYDEBUG rally.task.runner [-] Starting a worker. concurrency: 1 args: {"max_quota": 1024} times: 40 method_name: run timeout: 0 duration: None cls:
2019-07-31 10:42:31.378 27334 INFO rally.task.runner [-] Task 77e7abb2-348b-4c40-b97c-48fc9d85da4a | ITER: 13 START
2019-07-31 10:42:31.378 27341 RALLYDEBUG rally.task.runner [-] Starting a worker. concurrency: 1 args: {"max_quota": 1024} times: 40 method_name: run timeout: 0 duration: None cls:
2019-07-31 10:42:31.380 27320 INFO rally.task.runner [-] Task 77e7abb2-348b-4c40-b97c-48fc9d85da4a | ITER: 9 START
2019-07-31 10:42:31.378 27322 INFO rally.task.runner [-] Task 77e7abb2-348b-4c40-b97c-48fc9d85da4a | ITER: 10 START
2019-07-31 10:42:31.383 27341 INFO rally.task.runner [-] Task 77e7abb2-348b-4c40-b97c-48fc9d85da4a | ITER: 15 START
2019-07-31 10:42:31.390 27355 RALLYDEBUG rally.task.runner [-] Starting a worker. concurrency: 1 args: {"max_quota": 1024} times: 40 method_name: run timeout: 0 duration: None cls:
2019-07-31 10:42:31.392 27348 INFO rally.task.runner [-] Task 77e7abb2-348b-4c40-b97c-48fc9d85da4a | ITER: 14 START
2019-07-31 10:42:31.393 27357 RALLYDEBUG rally.task.runner [-] Starting a worker. concurrency: 1 args: {"max_quota": 1024} times: 40 method_name: run timeout: 0 duration: None cls:
2019-07-31 10:42:31.395 27350 RALLYDEBUG rally.task.runner [-] Starting a worker. concurrency: 1 args: {"max_quota": 1024} times: 40 method_name: run timeout: 0 duration: None cls:
2019-07-31 10:42:31.399 27357 INFO rally.task.runner [-] Task 77e7abb2-348b-4c40-b97c-48fc9d85da4a | ITER: 17 START
2019-07-31 10:42:31.400 27355 INFO rally.task.runner [-] Task 77e7abb2-348b-4c40-b97c-48fc9d85da4a | ITER: 16 START
2019-07-31 10:42:31.400 27359 RALLYDEBUG rally.task.runner [-] Starting a worker. concurrency: 1 args: {"max_quota": 1024} times: 40 method_name: run timeout: 0 duration: None cls:
2019-07-31 10:42:31.405 27359 INFO rally.task.runner [-] Task 77e7abb2-348b-4c40-b97c-48fc9d85da4a | ITER: 19 START
2019-07-31 10:42:31.405 27364 RALLYDEBUG rally.task.runner [-] Starting a worker. concurrency: 1 args: {"max_quota": 1024} times: 40 method_name: run timeout: 0 duration: None cls:
2019-07-31 10:42:31.406 27350 INFO rally.task.runner [-] Task 77e7abb2-348b-4c40-b97c-48fc9d85da4a | ITER: 18 START
2019-07-31 10:42:31.410 27364 INFO rally.task.runner [-] Task 77e7abb2-348b-4c40-b97c-48fc9d85da4a | ITER: 20 START
2019-07-31 10:42:33.243 27323 INFO rally.task.runner [-] Task 77e7abb2-348b-4c40-b97c-48fc9d85da4a | ITER: 7 END: OK
2019-07-31 10:42:33.249 27323 INFO rally.task.runner [-] Task 77e7abb2-348b-4c40-b97c-48fc9d85da4a | ITER: 21 START
2019-07-31 10:42:33.452 27319 INFO rally.task.runner [-] Task 77e7abb2-348b-4c40-b97c-48fc9d85da4a | ITER: 1 END: OK
2019-07-31 10:42:33.459 27319 INFO rally.task.runner [-] Task 77e7abb2-348b-4c40-b97c-48fc9d85da4a | ITER: 22 START
2019-07-31 10:42:33.509 27321 INFO rally.task.runner [-] Task 77e7abb2-348b-4c40-b97c-48fc9d85da4a | ITER: 3 END: OK
2019-07-31 10:42:33.516 27321 INFO rally.task.runner [-] Task 77e7abb2-348b-4c40-b97c-48fc9d85da4a | ITER: 23 START
2019-07-31 10:42:33.568 27359 INFO rally.task.runner [-] Task 77e7abb2-348b-4c40-b97c-48fc9d85da4a | ITER: 19 END: OK
2019-07-31 10:42:33.576 27359 INFO rally.task.runner [-] Task 77e7abb2-348b-4c40-b97c-48fc9d85da4a | ITER: 24 START
2019-07-31 10:42:33.580 27334 INFO rally.task.runner [-] Task 77e7abb2-348b-4c40-b97c-48fc9d85da4a | ITER: 13 END: OK
2019-07-31 10:42:33.587 27334 INFO rally.task.runner [-] Task 77e7abb2-348b-4c40-b97c-48fc9d85da4a | ITER: 25 START
2019-07-31 10:42:33.695 27357 INFO rally.task.runner [-] Task 77e7abb2-348b-4c40-b97c-48fc9d85da4a | ITER: 17 END: OK
2019-07-31 10:42:33.701 27357 INFO rally.task.runner [-] Task 77e7abb2-348b-4c40-b97c-48fc9d85da4a | ITER: 26 START
2019-07-31 10:42:33.765 27350 INFO rally.task.runner [-] Task 77e7abb2-348b-4c40-b97c-48fc9d85da4a | ITER: 18 END: OK
2019-07-31 10:42:33.771 27350 INFO rally.task.runner [-] Task 77e7abb2-348b-4c40-b97c-48fc9d85da4a | ITER: 27 START
2019-07-31 10:42:33.778 27321 INFO rally.task.runner [-] Task 77e7abb2-348b-4c40-b97c-48fc9d85da4a | ITER: 6 END: OK
2019-07-31 10:42:33.784 27321 INFO rally.task.runner [-] Task 77e7abb2-348b-4c40-b97c-48fc9d85da4a | ITER: 28 START
2019-07-31 10:42:33.798 27325 INFO rally.task.runner [-] Task 77e7abb2-348b-4c40-b97c-48fc9d85da4a | ITER: 8 END: OK
2019-07-31 10:42:33.806 27330 INFO rally.task.runner [-] Task 77e7abb2-348b-4c40-b97c-48fc9d85da4a | ITER: 12 END: OK
2019-07-31 10:42:33.807 27325 INFO rally.task.runner [-] Task 77e7abb2-348b-4c40-b97c-48fc9d85da4a | ITER: 29 START
2019-07-31 10:42:33.811 27330 INFO rally.task.runner [-] Task 77e7abb2-348b-4c40-b97c-48fc9d85da4a | ITER: 30 START
2019-07-31 10:42:33.822 27341 INFO rally.task.runner [-] Task 77e7abb2-348b-4c40-b97c-48fc9d85da4a | ITER: 15 END: OK
2019-07-31 10:42:33.828 27341 INFO rally.task.runner [-] Task 77e7abb2-348b-4c40-b97c-48fc9d85da4a | ITER: 31 START
2019-07-31 10:42:33.840 27355 INFO rally.task.runner [-] Task 77e7abb2-348b-4c40-b97c-48fc9d85da4a | ITER: 16 END: OK
2019-07-31 10:42:33.846 27355 INFO rally.task.runner [-] Task 77e7abb2-348b-4c40-b97c-48fc9d85da4a | ITER: 32 START
2019-07-31 10:42:33.862 27364 INFO rally.task.runner [-] Task 77e7abb2-348b-4c40-b97c-48fc9d85da4a | ITER: 20 END: OK
2019-07-31 10:42:33.868 27364 INFO rally.task.runner [-] Task 77e7abb2-348b-4c40-b97c-48fc9d85da4a | ITER: 33 START
2019-07-31 10:42:33.874 27319 INFO rally.task.runner [-] Task 77e7abb2-348b-4c40-b97c-48fc9d85da4a | ITER: 2 END: OK
2019-07-31 10:42:33.879 27319 INFO rally.task.runner [-] Task 77e7abb2-348b-4c40-b97c-48fc9d85da4a | ITER: 34 START
2019-07-31 10:42:33.889 27320 INFO rally.task.runner [-] Task 77e7abb2-348b-4c40-b97c-48fc9d85da4a | ITER: 9 END: OK
2019-07-31 10:42:33.894 27320 INFO rally.task.runner [-] Task 77e7abb2-348b-4c40-b97c-48fc9d85da4a | ITER: 35 START
2019-07-31 10:42:33.905 27327 INFO rally.task.runner [-] Task 77e7abb2-348b-4c40-b97c-48fc9d85da4a | ITER: 11 END: OK
2019-07-31 10:42:33.911 27327 INFO rally.task.runner [-] Task 77e7abb2-348b-4c40-b97c-48fc9d85da4a | ITER: 36 START
2019-07-31 10:42:33.916 27322 INFO rally.task.runner [-] Task 77e7abb2-348b-4c40-b97c-48fc9d85da4a | ITER: 10 END: OK
2019-07-31 10:42:33.921 27322 INFO rally.task.runner [-] Task 77e7abb2-348b-4c40-b97c-48fc9d85da4a | ITER: 37 START
2019-07-31 10:42:33.924 27348 INFO rally.task.runner [-] Task 77e7abb2-348b-4c40-b97c-48fc9d85da4a | ITER: 14 END: OK
2019-07-31 10:42:33.930 27348 INFO rally.task.runner [-] Task 77e7abb2-348b-4c40-b97c-48fc9d85da4a | ITER: 38 START
2019-07-31 10:42:33.940 27322 INFO rally.task.runner [-] Task 77e7abb2-348b-4c40-b97c-48fc9d85da4a | ITER: 5 END: OK
2019-07-31 10:42:33.944 27322 INFO rally.task.runner [-] Task 77e7abb2-348b-4c40-b97c-48fc9d85da4a | ITER: 39 START
2019-07-31 10:42:33.951 27320 INFO rally.task.runner [-] Task 77e7abb2-348b-4c40-b97c-48fc9d85da4a | ITER: 4 END: OK
2019-07-31 10:42:33.958 27320 INFO rally.task.runner [-] Task 77e7abb2-348b-4c40-b97c-48fc9d85da4a | ITER: 40 START
2019-07-31 10:42:34.229 27323 INFO rally.task.runner [-] Task 77e7abb2-348b-4c40-b97c-48fc9d85da4a | ITER: 21 END: OK
2019-07-31 10:42:34.485 27319 INFO rally.task.runner [-] Task 77e7abb2-348b-4c40-b97c-48fc9d85da4a | ITER: 22 END: OK
2019-07-31 10:42:35.096 27334 INFO rally.task.runner [-] Task 77e7abb2-348b-4c40-b97c-48fc9d85da4a | ITER: 25 END: OK
2019-07-31 10:42:35.474 27359 INFO rally.task.runner [-] Task 77e7abb2-348b-4c40-b97c-48fc9d85da4a | ITER: 24 END: OK
2019-07-31 10:42:35.591 27321 INFO rally.task.runner [-] Task 77e7abb2-348b-4c40-b97c-48fc9d85da4a | ITER: 23 END: OK
2019-07-31 10:42:35.749 27325 INFO rally.task.runner [-] Task 77e7abb2-348b-4c40-b97c-48fc9d85da4a | ITER: 29 END: OK
2019-07-31 10:42:35.898 27357 INFO rally.task.runner [-] Task 77e7abb2-348b-4c40-b97c-48fc9d85da4a | ITER: 26 END: OK
2019-07-31 10:42:36.055 27341 INFO rally.task.runner [-] Task 77e7abb2-348b-4c40-b97c-48fc9d85da4a | ITER: 31 END: OK
2019-07-31 10:42:36.076 27321 INFO rally.task.runner [-] Task 77e7abb2-348b-4c40-b97c-48fc9d85da4a | ITER: 28 END: OK
2019-07-31 10:42:36.125 27330 INFO rally.task.runner [-] Task 77e7abb2-348b-4c40-b97c-48fc9d85da4a | ITER: 30 END: OK
2019-07-31 10:42:36.150 27320 INFO rally.task.runner [-] Task 77e7abb2-348b-4c40-b97c-48fc9d85da4a | ITER: 35 END: OK
2019-07-31 10:42:36.188 27364 INFO rally.task.runner [-] Task 77e7abb2-348b-4c40-b97c-48fc9d85da4a | ITER: 33 END: OK
2019-07-31 10:42:36.239 27327 INFO rally.task.runner [-] Task 77e7abb2-348b-4c40-b97c-48fc9d85da4a | ITER: 36 END: OK
2019-07-31 10:42:36.276 27350 INFO rally.task.runner [-] Task 77e7abb2-348b-4c40-b97c-48fc9d85da4a | ITER: 27 END: OK
2019-07-31 10:42:36.293 27348 INFO rally.task.runner [-] Task 77e7abb2-348b-4c40-b97c-48fc9d85da4a | ITER: 38 END: OK
2019-07-31 10:42:36.305 27355 INFO rally.task.runner [-] Task 77e7abb2-348b-4c40-b97c-48fc9d85da4a | ITER: 32 END: OK
2019-07-31 10:42:36.322 27322 INFO rally.task.runner [-] Task 77e7abb2-348b-4c40-b97c-48fc9d85da4a | ITER: 37 END: OK
2019-07-31 10:42:36.339 27322 INFO rally.task.runner [-] Task 77e7abb2-348b-4c40-b97c-48fc9d85da4a | ITER: 39 END: OK
2019-07-31 10:42:36.358 27320 INFO rally.task.runner [-] Task 77e7abb2-348b-4c40-b97c-48fc9d85da4a | ITER: 40 END: OK
2019-07-31 10:42:36.377 27319 INFO rally.task.runner [-] Task 77e7abb2-348b-4c40-b97c-48fc9d85da4a | ITER: 34 END: OK
2019-07-31 10:42:36.398 22703 INFO rally.task.context [-] Task 77e7abb2-348b-4c40-b97c-48fc9d85da4a | Context admin_cleanup@openstack cleanup() started
2019-07-31 10:42:36.400 22703 RALLYDEBUG rally_openstack.cleanup.manager [-] Cleaning up neutron quota objects
2019-07-31 10:42:40.892 22703 INFO rally.task.context [-] Task 77e7abb2-348b-4c40-b97c-48fc9d85da4a | Context admin_cleanup@openstack cleanup() finished in 4.49 sec
2019-07-31 10:42:40.893 22703 INFO rally.task.context [-] Task 77e7abb2-348b-4c40-b97c-48fc9d85da4a | Context users@openstack cleanup() started
2019-07-31 10:43:12.339 22703 INFO rally.task.context [-] Task 77e7abb2-348b-4c40-b97c-48fc9d85da4a | Context users@openstack cleanup() finished in 31.45 sec
2019-07-31 10:43:13.354 22703 INFO rally.task.engine [-] Load duration is: 5.022944
2019-07-31 10:43:13.355 22703 INFO rally.task.engine [-] Full runner duration is: 5.065968
2019-07-31 10:43:13.355 22703 INFO rally.task.engine [-] Full duration is: 47.374489
2019-07-31 10:43:13.650 22703 INFO rally.task.engine [-] Running workload: position = 0 config = { "version": 2, "title": "A cropped version of a bigger task.", "description": "Auto-generated task from a single workload (uuid=9499ed4e-3872-41dd-9982-f944da65f1a0)", "subtasks": [ { "title": "NeutronTrunks.create_and_list_trunk_subports", "description": "", "scenario": { "NeutronTrunks.create_and_list_trunk_subports": { "subport_count": 125 } }, "contexts": { "users": { "tenants": 1, "users_per_tenant": 1 }, "quotas": { "neutron": { "network": -1, "port": 1000 } } }, "runner": { "constant": { "times": 4, "concurrency": 4 } }, "hooks": [], "sla": { "failure_rate": { "max": 0 } } } ] }
2019-07-31 10:43:13.669 22703 RALLYDEBUG rally_openstack.contexts.keystone.users [-] Creating 1 tenants using 20 threads
2019-07-31 10:43:15.368 22703 RALLYDEBUG rally_openstack.contexts.keystone.users [-] Creating 1 users using 20 threads
2019-07-31 10:43:18.320 22703 INFO rally.task.context [-] Task 77e7abb2-348b-4c40-b97c-48fc9d85da4a | Context users@openstack setup() finished in 4.65 sec
2019-07-31 10:43:19.106 22703 INFO rally.task.context [-] Task 77e7abb2-348b-4c40-b97c-48fc9d85da4a | Context quotas@openstack setup() finished in 0.79 sec
2019-07-31 10:43:19.107 22703 INFO rally.task.context [-] Task 77e7abb2-348b-4c40-b97c-48fc9d85da4a | Context cleanup@openstack setup() finished in 0.01 msec
2019-07-31 10:43:19.114 22703 RALLYDEBUG rally.task.runner [-] Starting the constant runner (task UUID: 77e7abb2-348b-4c40-b97c-48fc9d85da4a). timeout: 0 concurrency: 4 concurrency_per_worker: 1 times: 4 concurrency_overhead: 0 processes_to_start: 4 max_cpu_used: 16
2019-07-31 10:43:19.128 27509 RALLYDEBUG rally.task.runner [-] Starting a worker. concurrency: 1 args: {"subport_count": 125} times: 4 method_name: run timeout: 0 duration: None cls:
2019-07-31 10:43:19.130 27510 RALLYDEBUG rally.task.runner [-] Starting a worker. concurrency: 1 args: {"subport_count": 125} times: 4 method_name: run timeout: 0 duration: None cls:
2019-07-31 10:43:19.133 27509 INFO rally.task.runner [-] Task 77e7abb2-348b-4c40-b97c-48fc9d85da4a | ITER: 1 START
2019-07-31 10:43:19.134 27511 RALLYDEBUG rally.task.runner [-] Starting a worker. concurrency: 1 args: {"subport_count": 125} times: 4 method_name: run timeout: 0 duration: None cls:
2019-07-31 10:43:19.136 27510 INFO rally.task.runner [-] Task 77e7abb2-348b-4c40-b97c-48fc9d85da4a | ITER: 2 START
2019-07-31 10:43:19.136 27512 RALLYDEBUG rally.task.runner [-] Starting a worker. concurrency: 1 args: {"subport_count": 125} times: 4 method_name: run timeout: 0 duration: None cls:
2019-07-31 10:43:19.140 27511 INFO rally.task.runner [-] Task 77e7abb2-348b-4c40-b97c-48fc9d85da4a | ITER: 3 START
2019-07-31 10:43:19.142 27512 INFO rally.task.runner [-] Task 77e7abb2-348b-4c40-b97c-48fc9d85da4a | ITER: 4 START
2019-07-31 10:48:05.752 27510 DEBUG neutronclient.v2_0.client [-] Error message:

504 Gateway Time-out

The server didn't respond in time. _handle_fault_response /usr/lib/python2.7/site-packages/neutronclient/v2_0/client.py:259
2019-07-31 10:48:05.759 27510 ERROR rally.task.runner [-] Iteration 2 raised Exception: NeutronClientException:

504 Gateway Time-out

The server didn't respond in time.
2019-07-31 10:48:05.759 27510 ERROR rally.task.runner
Traceback (most recent call last):
2019-07-31 10:48:05.759 27510 ERROR rally.task.runner
File "/usr/lib/python2.7/site-packages/rally/task/runner.py", line 71, in _run_scenario_once
2019-07-31 10:48:05.759 27510 ERROR rally.task.runner getattr(scenario_inst, method_name)(**scenario_kwargs)
2019-07-31 10:48:05.759 27510 ERROR rally.task.runner
File "/root/.rally/plugins/trunk_scenario.py", line 41, in run
2019-07-31 10:48:05.759 27510 ERROR rally.task.runner trunk = self._create_trunk(trunk_payload)
2019-07-31 10:48:05.759 27510 ERROR rally.task.runner
File "/usr/lib/python2.7/site-packages/rally/task/atomic.py", line 91, in func_atomic_actions
2019-07-31 10:48:05.759 27510 ERROR rally.task.runner f = func(self, *args, **kwargs)
2019-07-31 10:48:05.759 27510 ERROR rally.task.runner
File "/root/.rally/plugins/trunk_scenario.py", line 53, in _create_trunk
2019-07-31 10:48:05.759 27510 ERROR rally.task.runner return self.clients("neutron").create_trunk({'trunk': trunk_payload})
2019-07-31 10:48:05.759 27510 ERROR rally.task.runner
File "/usr/lib/python2.7/site-packages/neutronclient/v2_0/client.py", line 2091, in create_trunk
2019-07-31 10:48:05.759 27510 ERROR rally.task.runner return self.post(self.trunks_path, body=body)
2019-07-31 10:48:05.759 27510 ERROR rally.task.runner
File "/usr/lib/python2.7/site-packages/neutronclient/v2_0/client.py", line 359, in post
2019-07-31 10:48:05.759 27510 ERROR rally.task.runner headers=headers, params=params)
2019-07-31 10:48:05.759 27510 ERROR rally.task.runner
File "/usr/lib/python2.7/site-packages/neutronclient/v2_0/client.py", line 294, in do_request
2019-07-31 10:48:05.759 27510 ERROR rally.task.runner self._handle_fault_response(status_code, replybody, resp)
2019-07-31 10:48:05.759 27510 ERROR rally.task.runner
File "/usr/lib/python2.7/site-packages/neutronclient/v2_0/client.py", line 269, in _handle_fault_response
2019-07-31 10:48:05.759 27510 ERROR rally.task.runner exception_handler_v20(status_code, error_body)
2019-07-31 10:48:05.759 27510 ERROR rally.task.runner
File "/usr/lib/python2.7/site-packages/neutronclient/v2_0/client.py", line 93, in exception_handler_v20
2019-07-31 10:48:05.759 27510 ERROR rally.task.runner request_ids=request_ids)
2019-07-31 10:48:05.759 27510 ERROR rally.task.runner NeutronClientException:

504 Gateway Time-out

2019-07-31 10:48:05.759 27510 ERROR rally.task.runner The server didn't respond in time.
2019-07-31 10:48:05.759 27510 ERROR rally.task.runner
2019-07-31 10:48:05.759 27510 ERROR rally.task.runner
2019-07-31 10:48:05.759 27510 ERROR rally.task.runner
2019-07-31 10:48:05.761 27510 INFO rally.task.runner [-] Task 77e7abb2-348b-4c40-b97c-48fc9d85da4a | ITER: 2 END: Error NeutronClientException:

504 Gateway Time-out

The server didn't respond in time.
2019-07-31 10:48:06.482 27509 DEBUG neutronclient.v2_0.client [-] Error message:

504 Gateway Time-out

The server didn't respond in time. _handle_fault_response /usr/lib/python2.7/site-packages/neutronclient/v2_0/client.py:259
2019-07-31 10:48:06.489 27509 ERROR rally.task.runner [-] Iteration 1 raised Exception: NeutronClientException:

504 Gateway Time-out

The server didn't respond in time.
2019-07-31 10:48:06.489 27509 ERROR rally.task.runner
Traceback (most recent call last):
2019-07-31 10:48:06.489 27509 ERROR rally.task.runner
File "/usr/lib/python2.7/site-packages/rally/task/runner.py", line 71, in _run_scenario_once
2019-07-31 10:48:06.489 27509 ERROR rally.task.runner getattr(scenario_inst, method_name)(**scenario_kwargs)
2019-07-31 10:48:06.489 27509 ERROR rally.task.runner
File "/root/.rally/plugins/trunk_scenario.py", line 41, in run
2019-07-31 10:48:06.489 27509 ERROR rally.task.runner trunk = self._create_trunk(trunk_payload)
2019-07-31 10:48:06.489 27509 ERROR rally.task.runner
File "/usr/lib/python2.7/site-packages/rally/task/atomic.py", line 91, in func_atomic_actions
2019-07-31 10:48:06.489 27509 ERROR rally.task.runner f = func(self, *args, **kwargs)
2019-07-31 10:48:06.489 27509 ERROR rally.task.runner
File "/root/.rally/plugins/trunk_scenario.py", line 53, in _create_trunk
2019-07-31 10:48:06.489 27509 ERROR rally.task.runner return self.clients("neutron").create_trunk({'trunk': trunk_payload})
2019-07-31 10:48:06.489 27509 ERROR rally.task.runner
File "/usr/lib/python2.7/site-packages/neutronclient/v2_0/client.py", line 2091, in create_trunk
2019-07-31 10:48:06.489 27509 ERROR rally.task.runner return self.post(self.trunks_path, body=body)
2019-07-31 10:48:06.489 27509 ERROR rally.task.runner
File "/usr/lib/python2.7/site-packages/neutronclient/v2_0/client.py", line 359, in post
2019-07-31 10:48:06.489 27509 ERROR rally.task.runner headers=headers, params=params)
2019-07-31 10:48:06.489 27509 ERROR rally.task.runner
File "/usr/lib/python2.7/site-packages/neutronclient/v2_0/client.py", line 294, in do_request
2019-07-31 10:48:06.489 27509 ERROR rally.task.runner self._handle_fault_response(status_code, replybody, resp)
2019-07-31 10:48:06.489 27509 ERROR rally.task.runner
File "/usr/lib/python2.7/site-packages/neutronclient/v2_0/client.py", line 269, in _handle_fault_response
2019-07-31 10:48:06.489 27509 ERROR rally.task.runner exception_handler_v20(status_code, error_body)
2019-07-31 10:48:06.489 27509 ERROR rally.task.runner
File "/usr/lib/python2.7/site-packages/neutronclient/v2_0/client.py", line 93, in exception_handler_v20
2019-07-31 10:48:06.489 27509 ERROR rally.task.runner request_ids=request_ids)
2019-07-31 10:48:06.489 27509 ERROR rally.task.runner NeutronClientException:

504 Gateway Time-out

2019-07-31 10:48:06.489 27509 ERROR rally.task.runner The server didn't respond in time.
2019-07-31 10:48:06.489 27509 ERROR rally.task.runner
2019-07-31 10:48:06.489 27509 ERROR rally.task.runner
2019-07-31 10:48:06.489 27509 ERROR rally.task.runner
2019-07-31 10:48:06.491 27509 INFO rally.task.runner [-] Task 77e7abb2-348b-4c40-b97c-48fc9d85da4a | ITER: 1 END: Error NeutronClientException:

504 Gateway Time-out

The server didn't respond in time.
2019-07-31 10:48:10.292 27511 DEBUG neutronclient.v2_0.client [-] Error message:

504 Gateway Time-out

The server didn't respond in time. _handle_fault_response /usr/lib/python2.7/site-packages/neutronclient/v2_0/client.py:259
2019-07-31 10:48:10.298 27511 ERROR rally.task.runner [-] Iteration 3 raised Exception: NeutronClientException:

504 Gateway Time-out

The server didn't respond in time.
2019-07-31 10:48:10.298 27511 ERROR rally.task.runner
Traceback (most recent call last):
2019-07-31 10:48:10.298 27511 ERROR rally.task.runner
File "/usr/lib/python2.7/site-packages/rally/task/runner.py", line 71, in _run_scenario_once
2019-07-31 10:48:10.298 27511 ERROR rally.task.runner getattr(scenario_inst, method_name)(**scenario_kwargs)
2019-07-31 10:48:10.298 27511 ERROR rally.task.runner
File "/root/.rally/plugins/trunk_scenario.py", line 41, in run
2019-07-31 10:48:10.298 27511 ERROR rally.task.runner trunk = self._create_trunk(trunk_payload)
2019-07-31 10:48:10.298 27511 ERROR rally.task.runner
File "/usr/lib/python2.7/site-packages/rally/task/atomic.py", line 91, in func_atomic_actions
2019-07-31 10:48:10.298 27511 ERROR rally.task.runner f = func(self, *args, **kwargs)
2019-07-31 10:48:10.298 27511 ERROR rally.task.runner
File "/root/.rally/plugins/trunk_scenario.py", line 53, in _create_trunk
2019-07-31 10:48:10.298 27511 ERROR rally.task.runner return self.clients("neutron").create_trunk({'trunk': trunk_payload})
2019-07-31 10:48:10.298 27511 ERROR rally.task.runner
File "/usr/lib/python2.7/site-packages/neutronclient/v2_0/client.py", line 2091, in create_trunk
2019-07-31 10:48:10.298 27511 ERROR rally.task.runner return self.post(self.trunks_path, body=body)
2019-07-31 10:48:10.298 27511 ERROR rally.task.runner
File "/usr/lib/python2.7/site-packages/neutronclient/v2_0/client.py", line 359, in post
2019-07-31 10:48:10.298 27511 ERROR rally.task.runner headers=headers, params=params)
2019-07-31 10:48:10.298 27511 ERROR rally.task.runner
File "/usr/lib/python2.7/site-packages/neutronclient/v2_0/client.py", line 294, in do_request
2019-07-31 10:48:10.298 27511 ERROR rally.task.runner self._handle_fault_response(status_code, replybody, resp)
2019-07-31 10:48:10.298 27511 ERROR rally.task.runner
File "/usr/lib/python2.7/site-packages/neutronclient/v2_0/client.py", line 269, in _handle_fault_response
2019-07-31 10:48:10.298 27511 ERROR rally.task.runner exception_handler_v20(status_code, error_body)
2019-07-31 10:48:10.298 27511 ERROR rally.task.runner
File "/usr/lib/python2.7/site-packages/neutronclient/v2_0/client.py", line 93, in exception_handler_v20
2019-07-31 10:48:10.298 27511 ERROR rally.task.runner request_ids=request_ids)
2019-07-31 10:48:10.298 27511 ERROR rally.task.runner NeutronClientException:

504 Gateway Time-out

2019-07-31 10:48:10.298 27511 ERROR rally.task.runner The server didn't respond in time.
2019-07-31 10:48:10.298 27511 ERROR rally.task.runner
2019-07-31 10:48:10.298 27511 ERROR rally.task.runner
2019-07-31 10:48:10.298 27511 ERROR rally.task.runner
2019-07-31 10:48:10.300 27511 INFO rally.task.runner [-] Task 77e7abb2-348b-4c40-b97c-48fc9d85da4a | ITER: 3 END: Error NeutronClientException:

504 Gateway Time-out

The server didn't respond in time.
2019-07-31 10:48:10.356 27512 DEBUG neutronclient.v2_0.client [-] Error message:

504 Gateway Time-out

The server didn't respond in time. _handle_fault_response /usr/lib/python2.7/site-packages/neutronclient/v2_0/client.py:259
2019-07-31 10:48:10.362 27512 ERROR rally.task.runner [-] Iteration 4 raised Exception: NeutronClientException:

504 Gateway Time-out

The server didn't respond in time.
2019-07-31 10:48:10.362 27512 ERROR rally.task.runner
Traceback (most recent call last):
2019-07-31 10:48:10.362 27512 ERROR rally.task.runner
File "/usr/lib/python2.7/site-packages/rally/task/runner.py", line 71, in _run_scenario_once
2019-07-31 10:48:10.362 27512 ERROR rally.task.runner getattr(scenario_inst, method_name)(**scenario_kwargs)
2019-07-31 10:48:10.362 27512 ERROR rally.task.runner
File "/root/.rally/plugins/trunk_scenario.py", line 41, in run
2019-07-31 10:48:10.362 27512 ERROR rally.task.runner trunk = self._create_trunk(trunk_payload)
2019-07-31 10:48:10.362 27512 ERROR rally.task.runner
File "/usr/lib/python2.7/site-packages/rally/task/atomic.py", line 91, in func_atomic_actions
2019-07-31 10:48:10.362 27512 ERROR rally.task.runner f = func(self, *args, **kwargs)
2019-07-31 10:48:10.362 27512 ERROR rally.task.runner
File "/root/.rally/plugins/trunk_scenario.py", line 53, in _create_trunk
2019-07-31 10:48:10.362 27512 ERROR rally.task.runner return self.clients("neutron").create_trunk({'trunk': trunk_payload})
2019-07-31 10:48:10.362 27512 ERROR rally.task.runner
File "/usr/lib/python2.7/site-packages/neutronclient/v2_0/client.py", line 2091, in create_trunk
2019-07-31 10:48:10.362 27512 ERROR rally.task.runner return self.post(self.trunks_path, body=body)
2019-07-31 10:48:10.362 27512 ERROR rally.task.runner
File "/usr/lib/python2.7/site-packages/neutronclient/v2_0/client.py", line 359, in post
2019-07-31 10:48:10.362 27512 ERROR rally.task.runner headers=headers, params=params)
2019-07-31 10:48:10.362 27512 ERROR rally.task.runner
File "/usr/lib/python2.7/site-packages/neutronclient/v2_0/client.py", line 294, in do_request
2019-07-31 10:48:10.362 27512 ERROR rally.task.runner self._handle_fault_response(status_code, replybody, resp)
2019-07-31 10:48:10.362 27512 ERROR rally.task.runner
File "/usr/lib/python2.7/site-packages/neutronclient/v2_0/client.py", line 269, in _handle_fault_response
2019-07-31 10:48:10.362 27512 ERROR rally.task.runner exception_handler_v20(status_code, error_body)
2019-07-31 10:48:10.362 27512 ERROR rally.task.runner
File "/usr/lib/python2.7/site-packages/neutronclient/v2_0/client.py", line 93, in exception_handler_v20
2019-07-31 10:48:10.362 27512 ERROR rally.task.runner request_ids=request_ids)
2019-07-31 10:48:10.362 27512 ERROR rally.task.runner NeutronClientException:

504 Gateway Time-out

2019-07-31 10:48:10.362 27512 ERROR rally.task.runner The server didn't respond in time.
2019-07-31 10:48:10.362 27512 ERROR rally.task.runner
2019-07-31 10:48:10.362 27512 ERROR rally.task.runner
2019-07-31 10:48:10.362 27512 ERROR rally.task.runner
2019-07-31 10:48:10.363 27512 INFO rally.task.runner [-] Task 77e7abb2-348b-4c40-b97c-48fc9d85da4a | ITER: 4 END: Error NeutronClientException:

504 Gateway Time-out

The server didn't respond in time.
2019-07-31 10:48:10.388 22703 INFO rally.task.context [-] Task 77e7abb2-348b-4c40-b97c-48fc9d85da4a | Context cleanup@openstack cleanup() started
2019-07-31 10:48:10.392 22703 RALLYDEBUG rally_openstack.cleanup.manager [-] Cleaning up neutron vip objects
2019-07-31 10:48:11.150 22703 RALLYDEBUG rally_openstack.cleanup.manager [-] Cleaning up neutron health_monitor objects
2019-07-31 10:48:12.010 22703 RALLYDEBUG rally_openstack.cleanup.manager [-] Cleaning up neutron pool objects
2019-07-31 10:48:12.759 22703 RALLYDEBUG rally_openstack.cleanup.manager [-] Cleaning up neutron loadbalancer objects
2019-07-31 10:48:13.505 22703 RALLYDEBUG rally_openstack.cleanup.manager [-] Cleaning up neutron floatingip objects
2019-07-31 10:48:14.319 22703 RALLYDEBUG rally_openstack.cleanup.manager [-] Cleaning up neutron port objects
2019-07-31 10:48:17.020 22703 RALLYDEBUG rally_openstack.cleanup.manager [-] Deleting neutron.port object s_rally_9499ed4e_gRaOxbV2 (02e0e82c-55b0-4a91-bda7-09dc8364a170)
2019-07-31 10:48:17.024 22703 RALLYDEBUG rally_openstack.cleanup.manager [-] Deleting neutron.port object s_rally_9499ed4e_FIWdEybb (055deec3-9528-4dc5-a7a4-692f79f6d234)
2019-07-31 10:48:17.032 22703 RALLYDEBUG rally_openstack.cleanup.manager [-] Deleting neutron.port object s_rally_9499ed4e_dtaUr1lB (0574ec98-dd74-444b-b1bd-0c2183ed732e)
2019-07-31 10:48:17.032 22703 RALLYDEBUG rally_openstack.cleanup.manager [-] Deleting neutron.port object s_rally_9499ed4e_WEMfeb5l (02454a24-d508-4b4f-836e-b0056c2be6d2)
2019-07-31 10:48:17.043 22703 RALLYDEBUG rally_openstack.cleanup.manager [-] Deleting neutron.port object s_rally_9499ed4e_kiNQZtRt (02f2145f-e044-4b07-8c12-89d483358b7c)
2019-07-31 10:48:17.043 22703 RALLYDEBUG rally_openstack.cleanup.manager [-] Deleting neutron.port object s_rally_9499ed4e_kpB8vCWx (05820090-3303-485e-bc4d-1ba06f6d171c)
2019-07-31 10:48:17.053 22703 RALLYDEBUG rally_openstack.cleanup.manager [-] Deleting neutron.port object s_rally_9499ed4e_HCJ5veLW (05b2efac-234e-43f4-bd22-039f5a49fd68)
2019-07-31 10:48:17.062 22703 RALLYDEBUG rally_openstack.cleanup.manager [-] Deleting neutron.port object s_rally_9499ed4e_AxOR3pVo (06b6cf68-9d16-45e1-8c41-e818368aaf79)
2019-07-31 10:48:17.074 22703 RALLYDEBUG rally_openstack.cleanup.manager [-] Deleting neutron.port object s_rally_9499ed4e_TcdVymrF (07c21e7d-612a-4e7e-8b9e-0e85897daa52)
2019-07-31 10:48:17.075 22703 RALLYDEBUG rally_openstack.cleanup.manager [-] Deleting neutron.port object s_rally_9499ed4e_fIbNpY2b (0724d9b7-5298-496a-93ff-eb2a25c1a555)
2019-07-31 10:48:17.090 22703 RALLYDEBUG rally_openstack.cleanup.manager [-] Deleting neutron.port object s_rally_9499ed4e_vLLE7xHQ (07f2c7c1-f759-41be-8722-b9e44f4ac6e5)
2019-07-31 10:48:17.097 22703 RALLYDEBUG rally_openstack.cleanup.manager [-] Deleting neutron.port object s_rally_9499ed4e_vwr7Peoj (089268b2-a95c-44b4-86bf-f19b067caba5)
2019-07-31 10:48:17.112 22703 RALLYDEBUG rally_openstack.cleanup.manager [-] Deleting neutron.port object s_rally_9499ed4e_l94xkYTR (08cbcdec-6e05-44a5-9ef0-3635e0e295e3)
2019-07-31 10:48:17.124 22703 RALLYDEBUG rally_openstack.cleanup.manager [-] Deleting neutron.port object s_rally_9499ed4e_S9O0QUns (08d35809-eaa9-4a6e-a2c3-1bd8f7478cec)
2019-07-31 10:48:17.131 22703 RALLYDEBUG rally_openstack.cleanup.manager [-] Deleting neutron.port object s_rally_9499ed4e_fbb5q0wX (09fb02b8-351e-4b76-a651-a3e915594d07)
2019-07-31 10:48:17.143 22703 RALLYDEBUG rally_openstack.cleanup.manager [-] Deleting neutron.port object s_rally_9499ed4e_CKpHDLuU (0a0634ab-75e3-4c68-bef9-b1d255a7d245)
2019-07-31 10:48:17.148 22703 RALLYDEBUG rally_openstack.cleanup.manager [-] Deleting neutron.port object s_rally_9499ed4e_JCHAqeaI (0af8f93b-76bb-4065-b950-9207321d128c)
2019-07-31 10:48:17.155 22703 RALLYDEBUG rally_openstack.cleanup.manager [-] Deleting neutron.port object s_rally_9499ed4e_MV3LTriu (0b0be5a2-b332-41c8-8e38-6781b7bf7f73)
2019-07-31 10:48:17.164 22703 RALLYDEBUG rally_openstack.cleanup.manager [-] Deleting neutron.port object s_rally_9499ed4e_bCq3MfOr (0b3a5d86-ab90-4141-80e8-b04da1f82f58)
2019-07-31 10:48:17.169 22703 RALLYDEBUG rally_openstack.cleanup.manager [-] Deleting neutron.port object s_rally_9499ed4e_R5OQMOR0 (0b8e2d8c-5bb8-493f-9ad6-c2042d05afef)
2019-07-31 10:48:18.185 22703 DEBUG neutronclient.v2_0.client [-] Error message: {"NeutronError": {"message": "Port 0af8f93b-76bb-4065-b950-9207321d128c is currently a subport for trunk d5005a60-5553-4937-8f3b-f42a08d932e0.", "type": "PortInUseAsSubPort", "detail": ""}} _handle_fault_response /usr/lib/python2.7/site-packages/neutronclient/v2_0/client.py:259
2019-07-31 10:48:18.250 22703 DEBUG neutronclient.v2_0.client [-] Error message: {"NeutronError": {"message": "Port 02454a24-d508-4b4f-836e-b0056c2be6d2 is currently a subport for trunk 15b6c59a-286a-4b03-a74f-2f1676c1f6f3.", "type": "PortInUseAsSubPort", "detail": ""}} _handle_fault_response /usr/lib/python2.7/site-packages/neutronclient/v2_0/client.py:259
2019-07-31 10:48:18.283 22703 DEBUG neutronclient.v2_0.client [-] Error message: {"NeutronError": {"message": "Port 05820090-3303-485e-bc4d-1ba06f6d171c is currently a subport for trunk d5005a60-5553-4937-8f3b-f42a08d932e0.", "type": "PortInUseAsSubPort", "detail": ""}} _handle_fault_response /usr/lib/python2.7/site-packages/neutronclient/v2_0/client.py:259
2019-07-31 10:48:18.326 22703 DEBUG neutronclient.v2_0.client [-] Error message: {"NeutronError": {"message": "Port 089268b2-a95c-44b4-86bf-f19b067caba5 is currently a subport for trunk d5005a60-5553-4937-8f3b-f42a08d932e0.", "type": "PortInUseAsSubPort", "detail": ""}} _handle_fault_response /usr/lib/python2.7/site-packages/neutronclient/v2_0/client.py:259
2019-07-31 10:48:18.335 22703 DEBUG neutronclient.v2_0.client [-] Error message: {"NeutronError": {"message": "Port 0b8e2d8c-5bb8-493f-9ad6-c2042d05afef is currently a subport for trunk 03853270-3b19-41a3-959c-cb9770a2138d.", "type": "PortInUseAsSubPort", "detail": ""}} _handle_fault_response /usr/lib/python2.7/site-packages/neutronclient/v2_0/client.py:259
2019-07-31 10:48:18.340 22703 DEBUG neutronclient.v2_0.client [-] Error message: {"NeutronError": {"message": "Port 05b2efac-234e-43f4-bd22-039f5a49fd68 is currently a subport for trunk 03853270-3b19-41a3-959c-cb9770a2138d.", "type": "PortInUseAsSubPort", "detail": ""}} _handle_fault_response /usr/lib/python2.7/site-packages/neutronclient/v2_0/client.py:259
2019-07-31 10:48:18.346 22703 DEBUG neutronclient.v2_0.client [-] Error message: {"NeutronError": {"message": "Port 02e0e82c-55b0-4a91-bda7-09dc8364a170 is currently a subport for trunk 912f5df3-8f6a-4c22-926d-9f1989294291.", "type": "PortInUseAsSubPort", "detail": ""}} _handle_fault_response /usr/lib/python2.7/site-packages/neutronclient/v2_0/client.py:259
2019-07-31 10:48:18.347 22703 DEBUG neutronclient.v2_0.client [-] Error message: {"NeutronError": {"message": "Port 0b0be5a2-b332-41c8-8e38-6781b7bf7f73 is currently a subport for trunk 15b6c59a-286a-4b03-a74f-2f1676c1f6f3.", "type": "PortInUseAsSubPort", "detail": ""}} _handle_fault_response /usr/lib/python2.7/site-packages/neutronclient/v2_0/client.py:259
