2019-07-31 08:22:08.637 7 RALLYDEBUG rally.api [-] INFO logs from urllib3 and requests module are hide.
2019-07-31 08:22:08.638 7 RALLYDEBUG rally.api [-] urllib3 insecure warnings are hidden.
2019-07-31 08:22:08.638 7 RALLYDEBUG rally.api [-] ERROR log from boto module is hide.
2019-07-31 08:22:09.836 7 ERROR rally.cli.cliutils [-] Unexpected exception in CLI: DBRecordNotFound: Record for uuid or name is opnfv-rally not found in table envs
2019-07-31 08:22:09.836 7 ERROR rally.cli.cliutils
Traceback (most recent call last):
2019-07-31 08:22:09.836 7 ERROR rally.cli.cliutils
File "/usr/lib/python2.7/site-packages/rally/cli/cliutils.py", line 674, in run
2019-07-31 08:22:09.836 7 ERROR rally.cli.cliutils ret = fn(*fn_args, **fn_kwargs)
2019-07-31 08:22:09.836 7 ERROR rally.cli.cliutils File "", line 2, in destroy
2019-07-31 08:22:09.836 7 ERROR rally.cli.cliutils
File "/usr/lib/python2.7/site-packages/rally/cli/envutils.py", line 69, in default_from_global
2019-07-31 08:22:09.836 7 ERROR rally.cli.cliutils return f(*args, **kwargs)
2019-07-31 08:22:09.836 7 ERROR rally.cli.cliutils File "", line 2, in destroy
2019-07-31 08:22:09.836 7 ERROR rally.cli.cliutils
File "/usr/lib/python2.7/site-packages/rally/plugins/__init__.py", line 51, in ensure_plugins_are_loaded
2019-07-31 08:22:09.836 7 ERROR rally.cli.cliutils return f(*args, **kwargs)
2019-07-31 08:22:09.836 7 ERROR rally.cli.cliutils
File "/usr/lib/python2.7/site-packages/rally/cli/commands/deployment.py", line 140, in destroy
2019-07-31 08:22:09.836 7 ERROR rally.cli.cliutils api.deployment.destroy(deployment=deployment)
2019-07-31 08:22:09.836 7 ERROR rally.cli.cliutils
File "/usr/lib/python2.7/site-packages/rally/api.py", line 115, in destroy
2019-07-31 08:22:09.836 7 ERROR rally.cli.cliutils deploy = objects.Deployment.get(deployment)
2019-07-31 08:22:09.836 7 ERROR rally.cli.cliutils
File "/usr/lib/python2.7/site-packages/rally/common/objects/deploy.py", line 124, in get
2019-07-31 08:22:09.836 7 ERROR rally.cli.cliutils return Deployment(env_mgr.EnvManager.get(deploy))
2019-07-31 08:22:09.836 7 ERROR rally.cli.cliutils
File "/usr/lib/python2.7/site-packages/rally/env/env_mgr.py", line 212, in get
2019-07-31 08:22:09.836 7 ERROR rally.cli.cliutils return cls(db.env_get(uuid_or_name))
2019-07-31 08:22:09.836 7 ERROR rally.cli.cliutils
File "/usr/lib/python2.7/site-packages/rally/common/db/api.py", line 135, in wrapper
2019-07-31 08:22:09.836 7 ERROR rally.cli.cliutils result = f(session, *args, **kwargs)
2019-07-31 08:22:09.836 7 ERROR rally.cli.cliutils
File "/usr/lib/python2.7/site-packages/rally/common/db/api.py", line 521, in env_get
2019-07-31 08:22:09.836 7 ERROR rally.cli.cliutils criteria="uuid or name is %s" % uuid_or_name, table="envs")
2019-07-31 08:22:09.836 7 ERROR rally.cli.cliutils DBRecordNotFound: Record for uuid or name is opnfv-rally not found in table envs
2019-07-31 08:22:09.836 7 ERROR rally.cli.cliutils
2019-07-31 08:22:10.603 9 RALLYDEBUG rally.api [-] INFO logs from urllib3 and requests module are hide.
2019-07-31 08:22:10.603 9 RALLYDEBUG rally.api [-] urllib3 insecure warnings are hidden.
2019-07-31 08:22:10.603 9 RALLYDEBUG rally.api [-] ERROR log from boto module is hide.
2019-07-31 08:22:11.865 9 WARNING rally_openstack.platforms.existing [-] endpoint is deprecated and not used.
2019-07-31 08:22:12.819 11 RALLYDEBUG rally.api [-] INFO logs from urllib3 and requests module are hide.
2019-07-31 08:22:12.820 11 RALLYDEBUG rally.api [-] urllib3 insecure warnings are hidden.
2019-07-31 08:22:12.820 11 RALLYDEBUG rally.api [-] ERROR log from boto module is hide.
2019-07-31 08:22:15.999 14 RALLYDEBUG rally.api [-] INFO logs from urllib3 and requests module are hide.
2019-07-31 08:22:16.000 14 RALLYDEBUG rally.api [-] urllib3 insecure warnings are hidden.
2019-07-31 08:22:16.000 14 RALLYDEBUG rally.api [-] ERROR log from boto module is hide.
2019-07-31 08:22:18.105 16 RALLYDEBUG rally.api [-] INFO logs from urllib3 and requests module are hide.
2019-07-31 08:22:18.105 16 RALLYDEBUG rally.api [-] urllib3 insecure warnings are hidden.
2019-07-31 08:22:18.106 16 RALLYDEBUG rally.api [-] ERROR log from boto module is hide.
2019-07-31 08:22:19.517 16 INFO rally.task.engine [-] Task 2d5badb8-2711-4297-96df-cc13e15c7880 | Starting: Task validation.
2019-07-31 08:22:19.564 16 INFO rally.task.engine [-] Task 2d5badb8-2711-4297-96df-cc13e15c7880 | Starting: Task validation of syntax.
2019-07-31 08:22:19.632 16 INFO rally.task.engine [-] Task 2d5badb8-2711-4297-96df-cc13e15c7880 | Completed: Task validation of syntax.
2019-07-31 08:22:19.632 16 INFO rally.task.engine [-] Task 2d5badb8-2711-4297-96df-cc13e15c7880 | Starting: Task validation of required platforms.
2019-07-31 08:22:19.665 16 INFO rally.task.engine [-] Task 2d5badb8-2711-4297-96df-cc13e15c7880 | Completed: Task validation of required platforms.
2019-07-31 08:22:19.665 16 INFO rally.task.engine [-] Task 2d5badb8-2711-4297-96df-cc13e15c7880 | Starting: Task validation of semantic.
2019-07-31 08:22:19.665 16 INFO rally.task.engine [-] Check health of the environment 'b0f96aa1-93e0-4f8a-b4fd-fbf18775668c'.
2019-07-31 08:22:20.499 16 INFO rally.task.engine [-] Platform existing@openstack (available: True): OK!
2019-07-31 08:22:20.518 16 RALLYDEBUG rally_openstack.contexts.keystone.users [-] Creating 1 tenants using 20 threads
2019-07-31 08:22:22.337 16 RALLYDEBUG rally_openstack.contexts.keystone.users [-] Creating 1 users using 20 threads
2019-07-31 08:22:25.163 16 INFO rally.task.context [-] Task 2d5badb8-2711-4297-96df-cc13e15c7880 | Context users@openstack setup() finished in 4.65 sec
2019-07-31 08:22:25.210 16 INFO rally.task.context [-] Task 2d5badb8-2711-4297-96df-cc13e15c7880 | Context users@openstack cleanup() started
2019-07-31 08:22:30.443 16 INFO rally.task.context [-] Task 2d5badb8-2711-4297-96df-cc13e15c7880 | Context users@openstack cleanup() finished in 5.23 sec
2019-07-31 08:22:30.444 16 INFO rally.task.engine [-] Task 2d5badb8-2711-4297-96df-cc13e15c7880 | Completed: Task validation of semantic.
2019-07-31 08:22:30.444 16 INFO rally.task.engine [-] Task 2d5badb8-2711-4297-96df-cc13e15c7880 | Completed: Task validation.
2019-07-31 08:22:30.444 16 INFO rally.api [-] Task 2d5badb8-2711-4297-96df-cc13e15c7880 input file is valid.
2019-07-31 08:22:30.445 16 INFO rally.api [-] Run Task 2d5badb8-2711-4297-96df-cc13e15c7880 against Deployment b0f96aa1-93e0-4f8a-b4fd-fbf18775668c
2019-07-31 08:22:30.445 16 INFO rally.task.engine [-] Task 2d5badb8-2711-4297-96df-cc13e15c7880 | Starting: Running task.
2019-07-31 08:22:30.589 16 INFO rally.task.engine [-] Running workload: position = 0 config = { "version": 2, "title": "A cropped version of a bigger task.", "description": "Auto-generated task from a single workload (uuid=b213d5c3-3990-4fed-9793-140cfc5f1bbc)", "subtasks": [ { "title": "Authenticate.keystone", "description": "Check Keystone Client.", "scenario": { "Authenticate.keystone": {} }, "contexts": { "users": { "tenants": 3, "users_per_tenant": 2 } }, "runner": { "constant": { "concurrency": 4, "times": 10 } }, "hooks": [], "sla": { "failure_rate": { "max": 0 } } } ] }
2019-07-31 08:22:30.606 16 RALLYDEBUG rally_openstack.contexts.keystone.users [-] Creating 3 tenants using 20 threads
2019-07-31 08:22:32.509 16 RALLYDEBUG rally_openstack.contexts.keystone.users [-] Creating 6 users using 20 threads
2019-07-31 08:22:35.213 16 INFO rally.task.context [-] Task 2d5badb8-2711-4297-96df-cc13e15c7880 | Context users@openstack setup() finished in 4.61 sec
2019-07-31 08:22:35.220 16 RALLYDEBUG rally.task.runner [-] Starting the constant runner (task UUID: 2d5badb8-2711-4297-96df-cc13e15c7880). timeout: 0 concurrency: 4 concurrency_per_worker: 1 times: 10 concurrency_overhead: 0 processes_to_start: 4 max_cpu_used: 16
2019-07-31 08:22:35.234 140 RALLYDEBUG rally.task.runner [-] Starting a worker. concurrency: 1 args: {} times: 10 method_name: run timeout: 0 duration: None cls:
2019-07-31 08:22:35.236 141 RALLYDEBUG rally.task.runner [-] Starting a worker. concurrency: 1 args: {} times: 10 method_name: run timeout: 0 duration: None cls:
2019-07-31 08:22:35.239 142 RALLYDEBUG rally.task.runner [-] Starting a worker. concurrency: 1 args: {} times: 10 method_name: run timeout: 0 duration: None cls:
2019-07-31 08:22:35.239 140 INFO rally.task.runner [-] Task 2d5badb8-2711-4297-96df-cc13e15c7880 | ITER: 1 START
2019-07-31 08:22:35.241 141 INFO rally.task.runner [-] Task 2d5badb8-2711-4297-96df-cc13e15c7880 | ITER: 2 START
2019-07-31 08:22:35.242 143 RALLYDEBUG rally.task.runner [-] Starting a worker. concurrency: 1 args: {} times: 10 method_name: run timeout: 0 duration: None cls:
2019-07-31 08:22:35.244 142 INFO rally.task.runner [-] Task 2d5badb8-2711-4297-96df-cc13e15c7880 | ITER: 3 START
2019-07-31 08:22:35.247 143 INFO rally.task.runner [-] Task 2d5badb8-2711-4297-96df-cc13e15c7880 | ITER: 4 START
2019-07-31 08:22:35.838 140 INFO rally.task.runner [-] Task 2d5badb8-2711-4297-96df-cc13e15c7880 | ITER: 1 END: OK
2019-07-31 08:22:35.839 142 INFO rally.task.runner [-] Task 2d5badb8-2711-4297-96df-cc13e15c7880 | ITER: 3 END: OK
2019-07-31 08:22:35.843 140 INFO rally.task.runner [-] Task 2d5badb8-2711-4297-96df-cc13e15c7880 | ITER: 6 START
2019-07-31 08:22:35.843 142 INFO rally.task.runner [-] Task 2d5badb8-2711-4297-96df-cc13e15c7880 | ITER: 5 START
2019-07-31 08:22:35.845 143 INFO rally.task.runner [-] Task 2d5badb8-2711-4297-96df-cc13e15c7880 | ITER: 4 END: OK
2019-07-31 08:22:35.850 143 INFO rally.task.runner [-] Task 2d5badb8-2711-4297-96df-cc13e15c7880 | ITER: 7 START
2019-07-31 08:22:35.865 141 INFO rally.task.runner [-] Task 2d5badb8-2711-4297-96df-cc13e15c7880 | ITER: 2 END: OK
2019-07-31 08:22:35.868 141 INFO rally.task.runner [-] Task 2d5badb8-2711-4297-96df-cc13e15c7880 | ITER: 8 START
2019-07-31 08:22:36.449 142 INFO rally.task.runner [-] Task 2d5badb8-2711-4297-96df-cc13e15c7880 | ITER: 5 END: OK
2019-07-31 08:22:36.452 142 INFO rally.task.runner [-] Task 2d5badb8-2711-4297-96df-cc13e15c7880 | ITER: 9 START
2019-07-31 08:22:36.456 140 INFO rally.task.runner [-] Task 2d5badb8-2711-4297-96df-cc13e15c7880 | ITER: 6 END: OK
2019-07-31 08:22:36.460 140 INFO rally.task.runner [-] Task 2d5badb8-2711-4297-96df-cc13e15c7880 | ITER: 10 START
2019-07-31 08:22:36.469 141 INFO rally.task.runner [-] Task 2d5badb8-2711-4297-96df-cc13e15c7880 | ITER: 8 END: OK
2019-07-31 08:22:36.475 143 INFO rally.task.runner [-] Task 2d5badb8-2711-4297-96df-cc13e15c7880 | ITER: 7 END: OK
2019-07-31 08:22:37.045 140 INFO rally.task.runner [-] Task 2d5badb8-2711-4297-96df-cc13e15c7880 | ITER: 10 END: OK
2019-07-31 08:22:37.069 142 INFO rally.task.runner [-] Task 2d5badb8-2711-4297-96df-cc13e15c7880 | ITER: 9 END: OK
2019-07-31 08:22:37.094 16 INFO rally.task.context [-] Task 2d5badb8-2711-4297-96df-cc13e15c7880 | Context users@openstack cleanup() started
2019-07-31 08:22:46.940 16 INFO rally.task.context [-] Task 2d5badb8-2711-4297-96df-cc13e15c7880 | Context users@openstack cleanup() finished in 9.85 sec
2019-07-31 08:22:48.694 16 INFO rally.task.engine [-] Load duration is: 1.827949
2019-07-31 08:22:48.695 16 INFO rally.task.engine [-] Full runner duration is: 1.874782
2019-07-31 08:22:48.695 16 INFO rally.task.engine [-] Full duration is: 16.334736
2019-07-31 08:22:48.921 16 INFO rally.task.engine [-] Running workload: position = 0 config = { "version": 2, "title": "A cropped version of a bigger task.", "description": "Auto-generated task from a single workload (uuid=abfa921c-f1bf-4edc-8290-0759812c9da3)", "subtasks": [ { "title": "Authenticate.validate_cinder", "description": "Check Cinder Client to ensure validation of token.", "scenario": { "Authenticate.validate_cinder": { "repetitions": 2 } }, "contexts": { "users": { "tenants": 3, "users_per_tenant": 2 } }, "runner": { "constant": { "concurrency": 4, "times": 10 } }, "hooks": [], "sla": { "failure_rate": { "max": 0 } } } ] }
2019-07-31 08:22:48.940 16 RALLYDEBUG rally_openstack.contexts.keystone.users [-] Creating 3 tenants using 20 threads
2019-07-31 08:22:50.904 16 RALLYDEBUG rally_openstack.contexts.keystone.users [-] Creating 6 users using 20 threads
2019-07-31 08:22:53.847 16 INFO rally.task.context [-] Task 2d5badb8-2711-4297-96df-cc13e15c7880 | Context users@openstack setup() finished in 4.91 sec
2019-07-31 08:22:53.857 16 RALLYDEBUG rally.task.runner [-] Starting the constant runner (task UUID: 2d5badb8-2711-4297-96df-cc13e15c7880). timeout: 0 concurrency: 4 concurrency_per_worker: 1 times: 10 concurrency_overhead: 0 processes_to_start: 4 max_cpu_used: 16
2019-07-31 08:22:53.869 244 RALLYDEBUG rally.task.runner [-] Starting a worker. concurrency: 1 args: {"repetitions": 2} times: 10 method_name: run timeout: 0 duration: None cls:
2019-07-31 08:22:53.873 245 RALLYDEBUG rally.task.runner [-] Starting a worker. concurrency: 1 args: {"repetitions": 2} times: 10 method_name: run timeout: 0 duration: None cls:
2019-07-31 08:22:53.874 244 INFO rally.task.runner [-] Task 2d5badb8-2711-4297-96df-cc13e15c7880 | ITER: 1 START
2019-07-31 08:22:53.875 246 RALLYDEBUG rally.task.runner [-] Starting a worker. concurrency: 1 args: {"repetitions": 2} times: 10 method_name: run timeout: 0 duration: None cls:
2019-07-31 08:22:53.878 247 RALLYDEBUG rally.task.runner [-] Starting a worker. concurrency: 1 args: {"repetitions": 2} times: 10 method_name: run timeout: 0 duration: None cls:
2019-07-31 08:22:53.879 245 INFO rally.task.runner [-] Task 2d5badb8-2711-4297-96df-cc13e15c7880 | ITER: 2 START
2019-07-31 08:22:53.881 246 INFO rally.task.runner [-] Task 2d5badb8-2711-4297-96df-cc13e15c7880 | ITER: 3 START
2019-07-31 08:22:53.883 247 INFO rally.task.runner [-] Task 2d5badb8-2711-4297-96df-cc13e15c7880 | ITER: 4 START
2019-07-31 08:22:55.773 247 INFO rally.task.runner [-] Task 2d5badb8-2711-4297-96df-cc13e15c7880 | ITER: 4 END: OK
2019-07-31 08:22:55.776 247 INFO rally.task.runner [-] Task 2d5badb8-2711-4297-96df-cc13e15c7880 | ITER: 5 START
2019-07-31 08:22:55.785 244 INFO rally.task.runner [-] Task 2d5badb8-2711-4297-96df-cc13e15c7880 | ITER: 1 END: OK
2019-07-31 08:22:55.788 244 INFO rally.task.runner [-] Task 2d5badb8-2711-4297-96df-cc13e15c7880 | ITER: 6 START
2019-07-31 08:22:55.788 245 INFO rally.task.runner [-] Task 2d5badb8-2711-4297-96df-cc13e15c7880 | ITER: 2 END: OK
2019-07-31 08:22:55.791 245 INFO rally.task.runner [-] Task 2d5badb8-2711-4297-96df-cc13e15c7880 | ITER: 7 START
2019-07-31 08:22:55.807 246 INFO rally.task.runner [-] Task 2d5badb8-2711-4297-96df-cc13e15c7880 | ITER: 3 END: OK
2019-07-31 08:22:55.811 246 INFO rally.task.runner [-] Task 2d5badb8-2711-4297-96df-cc13e15c7880 | ITER: 8 START
2019-07-31 08:22:57.548 245 INFO rally.task.runner [-] Task 2d5badb8-2711-4297-96df-cc13e15c7880 | ITER: 7 END: OK
2019-07-31 08:22:57.553 245 INFO rally.task.runner [-] Task 2d5badb8-2711-4297-96df-cc13e15c7880 | ITER: 9 START
2019-07-31 08:22:57.579 247 INFO rally.task.runner [-] Task 2d5badb8-2711-4297-96df-cc13e15c7880 | ITER: 5 END: OK
2019-07-31 08:22:57.583 247 INFO rally.task.runner [-] Task 2d5badb8-2711-4297-96df-cc13e15c7880 | ITER: 10 START
2019-07-31 08:22:57.771 244 INFO rally.task.runner [-] Task 2d5badb8-2711-4297-96df-cc13e15c7880 | ITER: 6 END: OK
2019-07-31 08:22:57.776 246 INFO rally.task.runner [-] Task 2d5badb8-2711-4297-96df-cc13e15c7880 | ITER: 8 END: OK
2019-07-31 08:22:58.580 245 INFO rally.task.runner [-] Task 2d5badb8-2711-4297-96df-cc13e15c7880 | ITER: 9 END: OK
2019-07-31 08:22:59.469 247 INFO rally.task.runner [-] Task 2d5badb8-2711-4297-96df-cc13e15c7880 | ITER: 10 END: OK
2019-07-31 08:22:59.491 16 INFO rally.task.context [-] Task 2d5badb8-2711-4297-96df-cc13e15c7880 | Context users@openstack cleanup() started
2019-07-31 08:23:09.192 16 INFO rally.task.context [-] Task 2d5badb8-2711-4297-96df-cc13e15c7880 | Context users@openstack cleanup() finished in 9.70 sec
2019-07-31 08:23:11.071 16 INFO rally.task.engine [-] Load duration is: 5.593036
2019-07-31 08:23:11.071 16 INFO rally.task.engine [-] Full runner duration is: 5.635181
2019-07-31 08:23:11.072 16 INFO rally.task.engine [-] Full duration is: 20.252993
2019-07-31 08:23:11.337 16 INFO rally.task.engine [-] Running workload: position = 0 config = { "version": 2, "title": "A cropped version of a bigger task.", "description": "Auto-generated task from a single workload (uuid=7306fc23-5cbc-45de-af07-e63d372f1a47)", "subtasks": [ { "title": "Authenticate.validate_glance", "description": "Check Glance Client to ensure validation of token.", "scenario": { "Authenticate.validate_glance": { "repetitions": 2 } }, "contexts": { "users": { "tenants": 3, "users_per_tenant": 2 } }, "runner": { "constant": { "concurrency": 4, "times": 10 } }, "hooks": [], "sla": { "failure_rate": { "max": 0 } } } ] }
2019-07-31 08:23:11.361 16 RALLYDEBUG rally_openstack.contexts.keystone.users [-] Creating 3 tenants using 20 threads
2019-07-31 08:23:13.276 16 RALLYDEBUG rally_openstack.contexts.keystone.users [-] Creating 6 users using 20 threads
2019-07-31 08:23:16.195 16 INFO rally.task.context [-] Task 2d5badb8-2711-4297-96df-cc13e15c7880 | Context users@openstack setup() finished in 4.83 sec
2019-07-31 08:23:16.203 16 RALLYDEBUG rally.task.runner [-] Starting the constant runner (task UUID: 2d5badb8-2711-4297-96df-cc13e15c7880). timeout: 0 concurrency: 4 concurrency_per_worker: 1 times: 10 concurrency_overhead: 0 processes_to_start: 4 max_cpu_used: 16
2019-07-31 08:23:16.216 348 RALLYDEBUG rally.task.runner [-] Starting a worker. concurrency: 1 args: {"repetitions": 2} times: 10 method_name: run timeout: 0 duration: None cls:
2019-07-31 08:23:16.217 349 RALLYDEBUG rally.task.runner [-] Starting a worker. concurrency: 1 args: {"repetitions": 2} times: 10 method_name: run timeout: 0 duration: None cls:
2019-07-31 08:23:16.220 350 RALLYDEBUG rally.task.runner [-] Starting a worker. concurrency: 1 args: {"repetitions": 2} times: 10 method_name: run timeout: 0 duration: None cls:
2019-07-31 08:23:16.222 348 INFO rally.task.runner [-] Task 2d5badb8-2711-4297-96df-cc13e15c7880 | ITER: 1 START
2019-07-31 08:23:16.222 349 INFO rally.task.runner [-] Task 2d5badb8-2711-4297-96df-cc13e15c7880 | ITER: 2 START
2019-07-31 08:23:16.223 351 RALLYDEBUG rally.task.runner [-] Starting a worker. concurrency: 1 args: {"repetitions": 2} times: 10 method_name: run timeout: 0 duration: None cls:
2019-07-31 08:23:16.226 350 INFO rally.task.runner [-] Task 2d5badb8-2711-4297-96df-cc13e15c7880 | ITER: 3 START
2019-07-31 08:23:16.229 351 INFO rally.task.runner [-] Task 2d5badb8-2711-4297-96df-cc13e15c7880 | ITER: 4 START
2019-07-31 08:23:17.314 349 INFO rally.task.runner [-] Task 2d5badb8-2711-4297-96df-cc13e15c7880 | ITER: 2 END: OK
2019-07-31 08:23:17.315 348 INFO rally.task.runner [-] Task 2d5badb8-2711-4297-96df-cc13e15c7880 | ITER: 1 END: OK
2019-07-31 08:23:17.318 349 INFO rally.task.runner [-] Task 2d5badb8-2711-4297-96df-cc13e15c7880 | ITER: 5 START
2019-07-31 08:23:17.319 348 INFO rally.task.runner [-] Task 2d5badb8-2711-4297-96df-cc13e15c7880 | ITER: 6 START
2019-07-31 08:23:17.415 351 INFO rally.task.runner [-] Task 2d5badb8-2711-4297-96df-cc13e15c7880 | ITER: 4 END: OK
2019-07-31 08:23:17.419 351 INFO rally.task.runner [-] Task 2d5badb8-2711-4297-96df-cc13e15c7880 | ITER: 7 START
2019-07-31 08:23:17.745 350 INFO rally.task.runner [-] Task 2d5badb8-2711-4297-96df-cc13e15c7880 | ITER: 3 END: OK
2019-07-31 08:23:17.750 350 INFO rally.task.runner [-] Task 2d5badb8-2711-4297-96df-cc13e15c7880 | ITER: 8 START
2019-07-31 08:23:18.433 349 INFO rally.task.runner [-] Task 2d5badb8-2711-4297-96df-cc13e15c7880 | ITER: 5 END: OK
2019-07-31 08:23:18.437 349 INFO rally.task.runner [-] Task 2d5badb8-2711-4297-96df-cc13e15c7880 | ITER: 9 START
2019-07-31 08:23:18.513 351 INFO rally.task.runner [-] Task 2d5badb8-2711-4297-96df-cc13e15c7880 | ITER: 7 END: OK
2019-07-31 08:23:18.516 351 INFO rally.task.runner [-] Task 2d5badb8-2711-4297-96df-cc13e15c7880 | ITER: 10 START
2019-07-31 08:23:18.581 348 INFO rally.task.runner [-] Task 2d5badb8-2711-4297-96df-cc13e15c7880 | ITER: 6 END: OK
2019-07-31 08:23:19.085 350 INFO rally.task.runner [-] Task 2d5badb8-2711-4297-96df-cc13e15c7880 | ITER: 8 END: OK
2019-07-31 08:23:19.452 349 INFO rally.task.runner [-] Task 2d5badb8-2711-4297-96df-cc13e15c7880 | ITER: 9 END: OK
2019-07-31 08:23:19.541 351 INFO rally.task.runner [-] Task 2d5badb8-2711-4297-96df-cc13e15c7880 | ITER: 10 END: OK
2019-07-31 08:23:19.564 16 INFO rally.task.context [-] Task 2d5badb8-2711-4297-96df-cc13e15c7880 | Context users@openstack cleanup() started
2019-07-31 08:23:28.563 16 INFO rally.task.context [-] Task 2d5badb8-2711-4297-96df-cc13e15c7880 | Context users@openstack cleanup() finished in 9.00 sec
2019-07-31 08:23:29.451 16 INFO rally.task.engine [-] Load duration is: 3.317192
2019-07-31 08:23:29.452 16 INFO rally.task.engine [-] Full runner duration is: 3.361919
2019-07-31 08:23:29.452 16 INFO rally.task.engine [-] Full duration is: 17.204785
2019-07-31 08:23:29.690 16 INFO rally.task.engine [-] Running workload: position = 0 config = { "version": 2, "title": "A cropped version of a bigger task.", "description": "Auto-generated task from a single workload (uuid=cfee4757-6514-45a4-a09f-1671ac369a44)", "subtasks": [ { "title": "Authenticate.validate_heat", "description": "Check Heat Client to ensure validation of token.", "scenario": { "Authenticate.validate_heat": { "repetitions": 2 } }, "contexts": { "users": { "tenants": 3, "users_per_tenant": 2 } }, "runner": { "constant": { "concurrency": 4, "times": 10 } }, "hooks": [], "sla": { "failure_rate": { "max": 0 } } } ] }
2019-07-31 08:23:29.713 16 RALLYDEBUG rally_openstack.contexts.keystone.users [-] Creating 3 tenants using 20 threads
2019-07-31 08:23:31.497 16 RALLYDEBUG rally_openstack.contexts.keystone.users [-] Creating 6 users using 20 threads
2019-07-31 08:23:34.406 16 INFO rally.task.context [-] Task 2d5badb8-2711-4297-96df-cc13e15c7880 | Context users@openstack setup() finished in 4.69 sec
2019-07-31 08:23:34.414 16 RALLYDEBUG rally.task.runner [-] Starting the constant runner (task UUID: 2d5badb8-2711-4297-96df-cc13e15c7880). timeout: 0 concurrency: 4 concurrency_per_worker: 1 times: 10 concurrency_overhead: 0 processes_to_start: 4 max_cpu_used: 16
2019-07-31 08:23:34.427 452 RALLYDEBUG rally.task.runner [-] Starting a worker. concurrency: 1 args: {"repetitions": 2} times: 10 method_name: run timeout: 0 duration: None cls:
2019-07-31 08:23:34.429 453 RALLYDEBUG rally.task.runner [-] Starting a worker. concurrency: 1 args: {"repetitions": 2} times: 10 method_name: run timeout: 0 duration: None cls:
2019-07-31 08:23:34.433 452 INFO rally.task.runner [-] Task 2d5badb8-2711-4297-96df-cc13e15c7880 | ITER: 1 START
2019-07-31 08:23:34.433 454 RALLYDEBUG rally.task.runner [-] Starting a worker. concurrency: 1 args: {"repetitions": 2} times: 10 method_name: run timeout: 0 duration: None cls:
2019-07-31 08:23:34.434 453 INFO rally.task.runner [-] Task 2d5badb8-2711-4297-96df-cc13e15c7880 | ITER: 2 START
2019-07-31 08:23:34.438 455 RALLYDEBUG rally.task.runner [-] Starting a worker. concurrency: 1 args: {"repetitions": 2} times: 10 method_name: run timeout: 0 duration: None cls:
2019-07-31 08:23:34.439 454 INFO rally.task.runner [-] Task 2d5badb8-2711-4297-96df-cc13e15c7880 | ITER: 3 START
2019-07-31 08:23:34.444 455 INFO rally.task.runner [-] Task 2d5badb8-2711-4297-96df-cc13e15c7880 | ITER: 4 START
2019-07-31 08:23:36.307 453 INFO rally.task.runner [-] Task 2d5badb8-2711-4297-96df-cc13e15c7880 | ITER: 2 END: OK
2019-07-31 08:23:36.312 453 INFO rally.task.runner [-] Task 2d5badb8-2711-4297-96df-cc13e15c7880 | ITER: 5 START
2019-07-31 08:23:36.321 452 INFO rally.task.runner [-] Task 2d5badb8-2711-4297-96df-cc13e15c7880 | ITER: 1 END: OK
2019-07-31 08:23:36.324 452 INFO rally.task.runner [-] Task 2d5badb8-2711-4297-96df-cc13e15c7880 | ITER: 6 START
2019-07-31 08:23:36.362 455 INFO rally.task.runner [-] Task 2d5badb8-2711-4297-96df-cc13e15c7880 | ITER: 4 END: OK
2019-07-31 08:23:36.365 455 INFO rally.task.runner [-] Task 2d5badb8-2711-4297-96df-cc13e15c7880 | ITER: 7 START
2019-07-31 08:23:36.427 454 INFO rally.task.runner [-] Task 2d5badb8-2711-4297-96df-cc13e15c7880 | ITER: 3 END: OK
2019-07-31 08:23:36.432 454 INFO rally.task.runner [-] Task 2d5badb8-2711-4297-96df-cc13e15c7880 | ITER: 8 START
2019-07-31 08:23:37.706 453 INFO rally.task.runner [-] Task 2d5badb8-2711-4297-96df-cc13e15c7880 | ITER: 5 END: OK
2019-07-31 08:23:37.710 453 INFO rally.task.runner [-] Task 2d5badb8-2711-4297-96df-cc13e15c7880 | ITER: 9 START
2019-07-31 08:23:38.218 452 INFO rally.task.runner [-] Task 2d5badb8-2711-4297-96df-cc13e15c7880 | ITER: 6 END: OK
2019-07-31 08:23:38.221 452 INFO rally.task.runner [-] Task 2d5badb8-2711-4297-96df-cc13e15c7880 | ITER: 10 START
2019-07-31 08:23:38.311 455 INFO rally.task.runner [-] Task 2d5badb8-2711-4297-96df-cc13e15c7880 | ITER: 7 END: OK
2019-07-31 08:23:38.443 454 INFO rally.task.runner [-] Task 2d5badb8-2711-4297-96df-cc13e15c7880 | ITER: 8 END: OK
2019-07-31 08:23:39.120 453 INFO rally.task.runner [-] Task 2d5badb8-2711-4297-96df-cc13e15c7880 | ITER: 9 END: OK
2019-07-31 08:23:39.648 452 INFO rally.task.runner [-] Task 2d5badb8-2711-4297-96df-cc13e15c7880 | ITER: 10 END: OK
2019-07-31 08:23:39.670 16 INFO rally.task.context [-] Task 2d5badb8-2711-4297-96df-cc13e15c7880 | Context users@openstack cleanup() started
2019-07-31 08:23:49.091 16 INFO rally.task.context [-] Task 2d5badb8-2711-4297-96df-cc13e15c7880 | Context users@openstack cleanup() finished in 9.42 sec
2019-07-31 08:23:49.848 16 INFO rally.task.engine [-] Load duration is: 5.213855
2019-07-31 08:23:49.848 16 INFO rally.task.engine [-] Full runner duration is: 5.257067
2019-07-31 08:23:49.849 16 INFO rally.task.engine [-] Full duration is: 19.379728
2019-07-31 08:23:50.107 16 INFO rally.task.engine [-] Running workload: position = 0 config = { "version": 2, "title": "A cropped version of a bigger task.", "description": "Auto-generated task from a single workload (uuid=476c71bd-a92f-44f6-9042-9ad09b18c815)", "subtasks": [ { "title": "Authenticate.validate_neutron", "description": "Check Neutron Client to ensure validation of token.", "scenario": { "Authenticate.validate_neutron": { "repetitions": 2 } }, "contexts": { "users": { "tenants": 3, "users_per_tenant": 2 } }, "runner": { "constant": { "concurrency": 4, "times": 10 } }, "hooks": [], "sla": { "failure_rate": { "max": 0 } } } ] }
2019-07-31 08:23:50.131 16 RALLYDEBUG rally_openstack.contexts.keystone.users [-] Creating 3 tenants using 20 threads
2019-07-31 08:23:52.258 16 RALLYDEBUG rally_openstack.contexts.keystone.users [-] Creating 6 users using 20 threads
2019-07-31 08:23:55.252 16 INFO rally.task.context [-] Task 2d5badb8-2711-4297-96df-cc13e15c7880 | Context users@openstack setup() finished in 5.12 sec
2019-07-31 08:23:55.259 16 RALLYDEBUG rally.task.runner [-] Starting the constant runner (task UUID: 2d5badb8-2711-4297-96df-cc13e15c7880). timeout: 0 concurrency: 4 concurrency_per_worker: 1 times: 10 concurrency_overhead: 0 processes_to_start: 4 max_cpu_used: 16
2019-07-31 08:23:55.272 556 RALLYDEBUG rally.task.runner [-] Starting a worker. concurrency: 1 args: {"repetitions": 2} times: 10 method_name: run timeout: 0 duration: None cls:
2019-07-31 08:23:55.274 557 RALLYDEBUG rally.task.runner [-] Starting a worker. concurrency: 1 args: {"repetitions": 2} times: 10 method_name: run timeout: 0 duration: None cls:
2019-07-31 08:23:55.277 558 RALLYDEBUG rally.task.runner [-] Starting a worker. concurrency: 1 args: {"repetitions": 2} times: 10 method_name: run timeout: 0 duration: None cls:
2019-07-31 08:23:55.278 556 INFO rally.task.runner [-] Task 2d5badb8-2711-4297-96df-cc13e15c7880 | ITER: 1 START
2019-07-31 08:23:55.280 557 INFO rally.task.runner [-] Task 2d5badb8-2711-4297-96df-cc13e15c7880 | ITER: 2 START
2019-07-31 08:23:55.280 559 RALLYDEBUG rally.task.runner [-] Starting a worker. concurrency: 1 args: {"repetitions": 2} times: 10 method_name: run timeout: 0 duration: None cls:
2019-07-31 08:23:55.283 558 INFO rally.task.runner [-] Task 2d5badb8-2711-4297-96df-cc13e15c7880 | ITER: 3 START
2019-07-31 08:23:55.287 559 INFO rally.task.runner [-] Task 2d5badb8-2711-4297-96df-cc13e15c7880 | ITER: 4 START
2019-07-31 08:23:56.628 559 INFO rally.task.runner [-] Task 2d5badb8-2711-4297-96df-cc13e15c7880 | ITER: 4 END: OK
2019-07-31 08:23:56.633 559 INFO rally.task.runner [-] Task 2d5badb8-2711-4297-96df-cc13e15c7880 | ITER: 5 START
2019-07-31 08:23:56.642 557 INFO rally.task.runner [-] Task 2d5badb8-2711-4297-96df-cc13e15c7880 | ITER: 2 END: OK
2019-07-31 08:23:56.643 556 INFO rally.task.runner [-] Task 2d5badb8-2711-4297-96df-cc13e15c7880 | ITER: 1 END: OK
2019-07-31 08:23:56.646 557 INFO rally.task.runner [-] Task 2d5badb8-2711-4297-96df-cc13e15c7880 | ITER: 6 START
2019-07-31 08:23:56.646 556 INFO rally.task.runner [-] Task 2d5badb8-2711-4297-96df-cc13e15c7880 | ITER: 7 START
2019-07-31 08:23:56.722 558 INFO rally.task.runner [-] Task 2d5badb8-2711-4297-96df-cc13e15c7880 | ITER: 3 END: OK
2019-07-31 08:23:56.726 558 INFO rally.task.runner [-] Task 2d5badb8-2711-4297-96df-cc13e15c7880 | ITER: 8 START
2019-07-31 08:23:57.997 558 INFO rally.task.runner [-] Task 2d5badb8-2711-4297-96df-cc13e15c7880 | ITER: 8 END: OK
2019-07-31 08:23:58.001 558 INFO rally.task.runner [-] Task 2d5badb8-2711-4297-96df-cc13e15c7880 | ITER: 9 START
2019-07-31 08:23:58.093 557 INFO rally.task.runner [-] Task 2d5badb8-2711-4297-96df-cc13e15c7880 | ITER: 6 END: OK
2019-07-31 08:23:58.098 557 INFO rally.task.runner [-] Task 2d5badb8-2711-4297-96df-cc13e15c7880 | ITER: 10 START
2019-07-31 08:23:58.268 559 INFO rally.task.runner [-] Task 2d5badb8-2711-4297-96df-cc13e15c7880 | ITER: 5 END: OK
2019-07-31 08:23:58.494 556 INFO rally.task.runner [-] Task 2d5badb8-2711-4297-96df-cc13e15c7880 | ITER: 7 END: OK
2019-07-31 08:23:59.287 558 INFO rally.task.runner [-] Task 2d5badb8-2711-4297-96df-cc13e15c7880 | ITER: 9 END: OK
2019-07-31 08:23:59.934 557 INFO rally.task.runner [-] Task 2d5badb8-2711-4297-96df-cc13e15c7880 | ITER: 10 END: OK
2019-07-31 08:23:59.953 16 INFO rally.task.context [-] Task 2d5badb8-2711-4297-96df-cc13e15c7880 | Context users@openstack cleanup() started
2019-07-31 08:24:08.641 16 INFO rally.task.context [-] Task 2d5badb8-2711-4297-96df-cc13e15c7880 | Context users@openstack cleanup() finished in 8.69 sec
2019-07-31 08:24:10.238 16 INFO rally.task.engine [-] Load duration is: 4.65404
2019-07-31 08:24:10.239 16 INFO rally.task.engine [-] Full runner duration is: 4.694344
2019-07-31 08:24:10.239 16 INFO rally.task.engine [-] Full duration is: 18.513576
2019-07-31 08:24:10.469 16 INFO rally.task.engine [-] Running workload: position = 0 config = { "version": 2, "title": "A cropped version of a bigger task.", "description": "Auto-generated task from a single workload (uuid=0b20fc9c-12e6-45f3-b6f3-b4c2b7cc76c9)", "subtasks": [ { "title": "Authenticate.validate_nova", "description": "Check Nova Client to ensure validation of token.", "scenario": { "Authenticate.validate_nova": { "repetitions": 2 } }, "contexts": { "users": { "tenants": 3, "users_per_tenant": 2 } }, "runner": { "constant": { "concurrency": 4, "times": 10 } }, "hooks": [], "sla": { "failure_rate": { "max": 0 } } } ] }
2019-07-31 08:24:10.496 16 RALLYDEBUG rally_openstack.contexts.keystone.users [-] Creating 3 tenants using 20 threads
2019-07-31 08:24:12.518 16 RALLYDEBUG rally_openstack.contexts.keystone.users [-] Creating 6 users using 20 threads
2019-07-31 08:24:15.360 16 INFO rally.task.context [-] Task 2d5badb8-2711-4297-96df-cc13e15c7880 | Context users@openstack setup() finished in 4.86 sec
2019-07-31 08:24:15.367 16 RALLYDEBUG rally.task.runner [-] Starting the constant runner (task UUID: 2d5badb8-2711-4297-96df-cc13e15c7880). timeout: 0 concurrency: 4 concurrency_per_worker: 1 times: 10 concurrency_overhead: 0 processes_to_start: 4 max_cpu_used: 16
2019-07-31 08:24:15.380 660 RALLYDEBUG rally.task.runner [-] Starting a worker. concurrency: 1 args: {"repetitions": 2} times: 10 method_name: run timeout: 0 duration: None cls:
2019-07-31 08:24:15.383 661 RALLYDEBUG rally.task.runner [-] Starting a worker. concurrency: 1 args: {"repetitions": 2} times: 10 method_name: run timeout: 0 duration: None cls:
2019-07-31 08:24:15.387 660 INFO rally.task.runner [-] Task 2d5badb8-2711-4297-96df-cc13e15c7880 | ITER: 1 START
2019-07-31 08:24:15.386 662 RALLYDEBUG rally.task.runner [-] Starting a worker. concurrency: 1 args: {"repetitions": 2} times: 10 method_name: run timeout: 0 duration: None cls:
2019-07-31 08:24:15.389 661 INFO rally.task.runner [-] Task 2d5badb8-2711-4297-96df-cc13e15c7880 | ITER: 2 START
2019-07-31 08:24:15.388 663 RALLYDEBUG rally.task.runner [-] Starting a worker. concurrency: 1 args: {"repetitions": 2} times: 10 method_name: run timeout: 0 duration: None cls:
2019-07-31 08:24:15.392 662 INFO rally.task.runner [-] Task 2d5badb8-2711-4297-96df-cc13e15c7880 | ITER: 3 START
2019-07-31 08:24:15.395 663 INFO rally.task.runner [-] Task 2d5badb8-2711-4297-96df-cc13e15c7880 | ITER: 4 START
2019-07-31 08:24:15.889 662 DEBUG novaclient.v2.client [-] REQ: curl -g -i -X GET http://172.30.9.28:8774/v2.1/flavors/detail -H "Accept: application/json" -H "User-Agent: python-novaclient" -H "X-Auth-Token: {SHA1}f5398a2d2bf4fdd336e638f4fa54490bfc1fc55c" _http_log_request /usr/lib/python2.7/site-packages/keystoneauth1/session.py:448
2019-07-31 08:24:15.889 661 DEBUG novaclient.v2.client [-] REQ: curl -g -i -X GET http://172.30.9.28:8774/v2.1/flavors/detail -H "Accept: application/json" -H "User-Agent: python-novaclient" -H "X-Auth-Token: {SHA1}55cd8e010efdf64be81bebfd09ea4d82120df500" _http_log_request /usr/lib/python2.7/site-packages/keystoneauth1/session.py:448
2019-07-31 08:24:15.902 660 DEBUG novaclient.v2.client [-] REQ: curl -g -i -X GET http://172.30.9.28:8774/v2.1/flavors/detail -H "Accept: application/json" -H "User-Agent: python-novaclient" -H "X-Auth-Token: {SHA1}2390e6efa49a83b608aa71ecab6020bf0f69dc66" _http_log_request /usr/lib/python2.7/site-packages/keystoneauth1/session.py:448
2019-07-31 08:24:15.911 663 DEBUG novaclient.v2.client [-] REQ: curl -g -i -X GET http://172.30.9.28:8774/v2.1/flavors/detail -H "Accept: application/json" -H "User-Agent: python-novaclient" -H "X-Auth-Token: {SHA1}47f849c4a5dc2cebb84dd87260ee516bef4e730d" _http_log_request /usr/lib/python2.7/site-packages/keystoneauth1/session.py:448
2019-07-31 08:24:16.182 660 DEBUG novaclient.v2.client [-] RESP: [200] Content-Encoding: gzip Content-Length: 363 Content-Type: application/json Date: Wed, 31 Jul 2019 08:24:15 GMT OpenStack-API-Version: compute 2.1 Server: Apache Vary: OpenStack-API-Version,X-OpenStack-Nova-API-Version,Accept-Encoding X-OpenStack-Nova-API-Version: 2.1 x-compute-request-id: req-0dcced5d-19cb-43fa-bb00-3c8bfcfd4535 x-openstack-request-id: req-0dcced5d-19cb-43fa-bb00-3c8bfcfd4535 _http_log_response /usr/lib/python2.7/site-packages/keystoneauth1/session.py:479
2019-07-31 08:24:16.182 660 DEBUG novaclient.v2.client [-] RESP BODY: {"flavors": [{"name": "rally_full-flavor_1b75953a-3c08-447d-abbf-ea0401498a33", "links": [{"href": "http://172.30.9.28:8774/v2.1/flavors/3af2ac60-26a5-4ff4-8205-521e58b8583c", "rel": "self"}, {"href": "http://172.30.9.28:8774/flavors/3af2ac60-26a5-4ff4-8205-521e58b8583c", "rel": "bookmark"}], "ram": 512, "OS-FLV-DISABLED:disabled": false, "vcpus": 1, "swap": "", "os-flavor-access:is_public": true, "rxtx_factor": 1.0, "OS-FLV-EXT-DATA:ephemeral": 0, "disk": 1, "id": "3af2ac60-26a5-4ff4-8205-521e58b8583c"}, {"name": "rally_full-flavor_alt_1b75953a-3c08-447d-abbf-ea0401498a33", "links": [{"href": "http://172.30.9.28:8774/v2.1/flavors/ba38393c-7ae0-4a06-a4ab-ba88bb434ff8", "rel": "self"}, {"href": "http://172.30.9.28:8774/flavors/ba38393c-7ae0-4a06-a4ab-ba88bb434ff8", "rel": "bookmark"}], "ram": 1024, "OS-FLV-DISABLED:disabled": false, "vcpus": 1, "swap": "", "os-flavor-access:is_public": true, "rxtx_factor": 1.0, "OS-FLV-EXT-DATA:ephemeral": 0, "disk": 1, "id": "ba38393c-7ae0-4a06-a4ab-ba88bb434ff8"}]} _http_log_response /usr/lib/python2.7/site-packages/keystoneauth1/session.py:511
2019-07-31 08:24:16.183 660 DEBUG novaclient.v2.client [-] GET call to compute for http://172.30.9.28:8774/v2.1/flavors/detail used request id req-0dcced5d-19cb-43fa-bb00-3c8bfcfd4535 request /usr/lib/python2.7/site-packages/keystoneauth1/session.py:844
2019-07-31 08:24:16.185 660 DEBUG novaclient.v2.client [-] REQ: curl -g -i -X GET http://172.30.9.28:8774/v2.1/flavors/detail -H "Accept: application/json" -H "User-Agent: python-novaclient" -H "X-Auth-Token: {SHA1}2390e6efa49a83b608aa71ecab6020bf0f69dc66" _http_log_request /usr/lib/python2.7/site-packages/keystoneauth1/session.py:448
2019-07-31 08:24:16.212 660 DEBUG novaclient.v2.client [-] RESP: [200] Content-Encoding: gzip Content-Length: 363 Content-Type: application/json Date: Wed, 31 Jul 2019 08:24:16 GMT OpenStack-API-Version: compute 2.1 Server: Apache Vary: OpenStack-API-Version,X-OpenStack-Nova-API-Version,Accept-Encoding X-OpenStack-Nova-API-Version: 2.1 x-compute-request-id: req-e047ddbb-f3d9-476d-bb33-b91cd07b10b7 x-openstack-request-id: req-e047ddbb-f3d9-476d-bb33-b91cd07b10b7 _http_log_response /usr/lib/python2.7/site-packages/keystoneauth1/session.py:479
2019-07-31 08:24:16.213 660 DEBUG novaclient.v2.client [-] RESP BODY: {"flavors": [{"name": "rally_full-flavor_1b75953a-3c08-447d-abbf-ea0401498a33", "links": [{"href": "http://172.30.9.28:8774/v2.1/flavors/3af2ac60-26a5-4ff4-8205-521e58b8583c", "rel": "self"}, {"href": "http://172.30.9.28:8774/flavors/3af2ac60-26a5-4ff4-8205-521e58b8583c", "rel": "bookmark"}], "ram": 512, "OS-FLV-DISABLED:disabled": false, "vcpus": 1, "swap": "", "os-flavor-access:is_public": true, "rxtx_factor": 1.0, "OS-FLV-EXT-DATA:ephemeral": 0, "disk": 1, "id": "3af2ac60-26a5-4ff4-8205-521e58b8583c"}, {"name": "rally_full-flavor_alt_1b75953a-3c08-447d-abbf-ea0401498a33", "links": [{"href": "http://172.30.9.28:8774/v2.1/flavors/ba38393c-7ae0-4a06-a4ab-ba88bb434ff8", "rel": "self"}, {"href": "http://172.30.9.28:8774/flavors/ba38393c-7ae0-4a06-a4ab-ba88bb434ff8", "rel": "bookmark"}], "ram": 1024, "OS-FLV-DISABLED:disabled": false, "vcpus": 1, "swap": "", "os-flavor-access:is_public": true, "rxtx_factor": 1.0, "OS-FLV-EXT-DATA:ephemeral": 0, "disk": 1, "id": "ba38393c-7ae0-4a06-a4ab-ba88bb434ff8"}]} _http_log_response /usr/lib/python2.7/site-packages/keystoneauth1/session.py:511
2019-07-31 08:24:16.213 660 DEBUG novaclient.v2.client [-] GET call to compute for http://172.30.9.28:8774/v2.1/flavors/detail used request id req-e047ddbb-f3d9-476d-bb33-b91cd07b10b7 request /usr/lib/python2.7/site-packages/keystoneauth1/session.py:844
2019-07-31 08:24:16.214 660 INFO rally.task.runner [-] Task 2d5badb8-2711-4297-96df-cc13e15c7880 | ITER: 1 END: OK
2019-07-31 08:24:16.219 660 INFO rally.task.runner [-] Task 2d5badb8-2711-4297-96df-cc13e15c7880 | ITER: 5 START
2019-07-31 08:24:16.584 662 DEBUG novaclient.v2.client [-] RESP: [200] Content-Encoding: gzip Content-Length: 363 Content-Type: application/json Date: Wed, 31 Jul 2019 08:24:15 GMT OpenStack-API-Version: compute 2.1 Server: Apache Vary: OpenStack-API-Version,X-OpenStack-Nova-API-Version,Accept-Encoding X-OpenStack-Nova-API-Version: 2.1 x-compute-request-id: req-53200e1e-8c5b-4504-ae0b-855460c5ee5e x-openstack-request-id: req-53200e1e-8c5b-4504-ae0b-855460c5ee5e _http_log_response /usr/lib/python2.7/site-packages/keystoneauth1/session.py:479
2019-07-31 08:24:16.585 662 DEBUG novaclient.v2.client [-] RESP BODY: {"flavors": [{"name": "rally_full-flavor_1b75953a-3c08-447d-abbf-ea0401498a33", "links": [{"href": "http://172.30.9.28:8774/v2.1/flavors/3af2ac60-26a5-4ff4-8205-521e58b8583c", "rel": "self"}, {"href": "http://172.30.9.28:8774/flavors/3af2ac60-26a5-4ff4-8205-521e58b8583c", "rel": "bookmark"}], "ram": 512, "OS-FLV-DISABLED:disabled": false, "vcpus": 1, "swap": "", "os-flavor-access:is_public": true, "rxtx_factor": 1.0, "OS-FLV-EXT-DATA:ephemeral": 0, "disk": 1, "id": "3af2ac60-26a5-4ff4-8205-521e58b8583c"}, {"name": "rally_full-flavor_alt_1b75953a-3c08-447d-abbf-ea0401498a33", "links": [{"href": "http://172.30.9.28:8774/v2.1/flavors/ba38393c-7ae0-4a06-a4ab-ba88bb434ff8", "rel": "self"}, {"href": "http://172.30.9.28:8774/flavors/ba38393c-7ae0-4a06-a4ab-ba88bb434ff8", "rel": "bookmark"}], "ram": 1024, "OS-FLV-DISABLED:disabled": false, "vcpus": 1, "swap": "", "os-flavor-access:is_public": true, "rxtx_factor": 1.0, "OS-FLV-EXT-DATA:ephemeral": 0, "disk": 1, "id": "ba38393c-7ae0-4a06-a4ab-ba88bb434ff8"}]} _http_log_response /usr/lib/python2.7/site-packages/keystoneauth1/session.py:511
2019-07-31 08:24:16.585 662 DEBUG novaclient.v2.client [-] GET call to compute for http://172.30.9.28:8774/v2.1/flavors/detail used request id req-53200e1e-8c5b-4504-ae0b-855460c5ee5e request /usr/lib/python2.7/site-packages/keystoneauth1/session.py:844
2019-07-31 08:24:16.586 662 DEBUG novaclient.v2.client [-] REQ: curl -g -i -X GET http://172.30.9.28:8774/v2.1/flavors/detail -H "Accept: application/json" -H "User-Agent: python-novaclient" -H "X-Auth-Token: {SHA1}f5398a2d2bf4fdd336e638f4fa54490bfc1fc55c" _http_log_request /usr/lib/python2.7/site-packages/keystoneauth1/session.py:448
2019-07-31 08:24:16.588 661 DEBUG novaclient.v2.client [-] RESP: [200] Content-Encoding: gzip Content-Length: 363 Content-Type: application/json Date: Wed, 31 Jul 2019 08:24:15 GMT OpenStack-API-Version: compute 2.1 Server: Apache Vary: OpenStack-API-Version,X-OpenStack-Nova-API-Version,Accept-Encoding X-OpenStack-Nova-API-Version: 2.1 x-compute-request-id: req-5b27e499-0f2d-4628-a6ef-2805cceacbd7 x-openstack-request-id: req-5b27e499-0f2d-4628-a6ef-2805cceacbd7 _http_log_response /usr/lib/python2.7/site-packages/keystoneauth1/session.py:479
2019-07-31 08:24:16.589 661 DEBUG novaclient.v2.client [-] RESP BODY: {"flavors": [{"name": "rally_full-flavor_1b75953a-3c08-447d-abbf-ea0401498a33", "links": [{"href": "http://172.30.9.28:8774/v2.1/flavors/3af2ac60-26a5-4ff4-8205-521e58b8583c", "rel": "self"}, {"href": "http://172.30.9.28:8774/flavors/3af2ac60-26a5-4ff4-8205-521e58b8583c", "rel": "bookmark"}], "ram": 512, "OS-FLV-DISABLED:disabled": false, "vcpus": 1, "swap": "", "os-flavor-access:is_public": true, "rxtx_factor": 1.0, "OS-FLV-EXT-DATA:ephemeral": 0, "disk": 1, "id": "3af2ac60-26a5-4ff4-8205-521e58b8583c"}, {"name": "rally_full-flavor_alt_1b75953a-3c08-447d-abbf-ea0401498a33", "links": [{"href": "http://172.30.9.28:8774/v2.1/flavors/ba38393c-7ae0-4a06-a4ab-ba88bb434ff8", "rel": "self"}, {"href": "http://172.30.9.28:8774/flavors/ba38393c-7ae0-4a06-a4ab-ba88bb434ff8", "rel": "bookmark"}], "ram": 1024, "OS-FLV-DISABLED:disabled": false, "vcpus": 1, "swap": "", "os-flavor-access:is_public": true, "rxtx_factor": 1.0, "OS-FLV-EXT-DATA:ephemeral": 0, "disk": 1, "id": "ba38393c-7ae0-4a06-a4ab-ba88bb434ff8"}]} _http_log_response /usr/lib/python2.7/site-packages/keystoneauth1/session.py:511
2019-07-31 08:24:16.589 661 DEBUG novaclient.v2.client [-] GET call to compute for http://172.30.9.28:8774/v2.1/flavors/detail used request id req-5b27e499-0f2d-4628-a6ef-2805cceacbd7 request /usr/lib/python2.7/site-packages/keystoneauth1/session.py:844
2019-07-31 08:24:16.591 661 DEBUG novaclient.v2.client [-] REQ: curl -g -i -X GET http://172.30.9.28:8774/v2.1/flavors/detail -H "Accept: application/json" -H "User-Agent: python-novaclient" -H "X-Auth-Token: {SHA1}55cd8e010efdf64be81bebfd09ea4d82120df500" _http_log_request /usr/lib/python2.7/site-packages/keystoneauth1/session.py:448
2019-07-31 08:24:16.609 662 DEBUG novaclient.v2.client [-] RESP: [200] Content-Encoding: gzip Content-Length: 363 Content-Type: application/json Date: Wed, 31 Jul 2019 08:24:16 GMT OpenStack-API-Version: compute 2.1 Server: Apache Vary: OpenStack-API-Version,X-OpenStack-Nova-API-Version,Accept-Encoding X-OpenStack-Nova-API-Version: 2.1 x-compute-request-id: req-dfe43aa1-0e90-4830-a1c1-556882e8f207 x-openstack-request-id: req-dfe43aa1-0e90-4830-a1c1-556882e8f207 _http_log_response /usr/lib/python2.7/site-packages/keystoneauth1/session.py:479
2019-07-31 08:24:16.610 662 DEBUG novaclient.v2.client [-] RESP BODY: {"flavors": [{"name": "rally_full-flavor_1b75953a-3c08-447d-abbf-ea0401498a33", "links": [{"href": "http://172.30.9.28:8774/v2.1/flavors/3af2ac60-26a5-4ff4-8205-521e58b8583c", "rel": "self"}, {"href": "http://172.30.9.28:8774/flavors/3af2ac60-26a5-4ff4-8205-521e58b8583c", "rel": "bookmark"}], "ram": 512, "OS-FLV-DISABLED:disabled": false, "vcpus": 1, "swap": "", "os-flavor-access:is_public": true, "rxtx_factor": 1.0, "OS-FLV-EXT-DATA:ephemeral": 0, "disk": 1, "id": "3af2ac60-26a5-4ff4-8205-521e58b8583c"}, {"name": "rally_full-flavor_alt_1b75953a-3c08-447d-abbf-ea0401498a33", "links": [{"href": "http://172.30.9.28:8774/v2.1/flavors/ba38393c-7ae0-4a06-a4ab-ba88bb434ff8", "rel": "self"}, {"href": "http://172.30.9.28:8774/flavors/ba38393c-7ae0-4a06-a4ab-ba88bb434ff8", "rel": "bookmark"}], "ram": 1024, "OS-FLV-DISABLED:disabled": false, "vcpus": 1, "swap": "", "os-flavor-access:is_public": true, "rxtx_factor": 1.0, "OS-FLV-EXT-DATA:ephemeral": 0, "disk": 1, "id": "ba38393c-7ae0-4a06-a4ab-ba88bb434ff8"}]} _http_log_response /usr/lib/python2.7/site-packages/keystoneauth1/session.py:511
2019-07-31 08:24:16.610 662 DEBUG novaclient.v2.client [-] GET call to compute for http://172.30.9.28:8774/v2.1/flavors/detail used request id req-dfe43aa1-0e90-4830-a1c1-556882e8f207 request /usr/lib/python2.7/site-packages/keystoneauth1/session.py:844
2019-07-31 08:24:16.611 661 DEBUG novaclient.v2.client [-] RESP: [200] Content-Encoding: gzip Content-Length: 363 Content-Type: application/json Date: Wed, 31 Jul 2019 08:24:16 GMT OpenStack-API-Version: compute 2.1 Server: Apache Vary: OpenStack-API-Version,X-OpenStack-Nova-API-Version,Accept-Encoding X-OpenStack-Nova-API-Version: 2.1 x-compute-request-id: req-4ef62bd3-0385-4415-8350-994ed4ddff25 x-openstack-request-id: req-4ef62bd3-0385-4415-8350-994ed4ddff25 _http_log_response /usr/lib/python2.7/site-packages/keystoneauth1/session.py:479
2019-07-31 08:24:16.611 662 INFO rally.task.runner [-] Task 2d5badb8-2711-4297-96df-cc13e15c7880 | ITER: 3 END: OK
2019-07-31 08:24:16.612 661 DEBUG novaclient.v2.client [-] RESP BODY: {"flavors": [{"name": "rally_full-flavor_1b75953a-3c08-447d-abbf-ea0401498a33", "links": [{"href": "http://172.30.9.28:8774/v2.1/flavors/3af2ac60-26a5-4ff4-8205-521e58b8583c", "rel": "self"}, {"href": "http://172.30.9.28:8774/flavors/3af2ac60-26a5-4ff4-8205-521e58b8583c", "rel": "bookmark"}], "ram": 512, "OS-FLV-DISABLED:disabled": false, "vcpus": 1, "swap": "", "os-flavor-access:is_public": true, "rxtx_factor": 1.0, "OS-FLV-EXT-DATA:ephemeral": 0, "disk": 1, "id": "3af2ac60-26a5-4ff4-8205-521e58b8583c"}, {"name": "rally_full-flavor_alt_1b75953a-3c08-447d-abbf-ea0401498a33", "links": [{"href": "http://172.30.9.28:8774/v2.1/flavors/ba38393c-7ae0-4a06-a4ab-ba88bb434ff8", "rel": "self"}, {"href": "http://172.30.9.28:8774/flavors/ba38393c-7ae0-4a06-a4ab-ba88bb434ff8", "rel": "bookmark"}], "ram": 1024, "OS-FLV-DISABLED:disabled": false, "vcpus": 1, "swap": "", "os-flavor-access:is_public": true, "rxtx_factor": 1.0, "OS-FLV-EXT-DATA:ephemeral": 0, "disk": 1, "id": "ba38393c-7ae0-4a06-a4ab-ba88bb434ff8"}]} _http_log_response /usr/lib/python2.7/site-packages/keystoneauth1/session.py:511
2019-07-31 08:24:16.612 661 DEBUG novaclient.v2.client [-] GET call to compute for http://172.30.9.28:8774/v2.1/flavors/detail used request id req-4ef62bd3-0385-4415-8350-994ed4ddff25 request /usr/lib/python2.7/site-packages/keystoneauth1/session.py:844
2019-07-31 08:24:16.613 661 INFO rally.task.runner [-] Task 2d5badb8-2711-4297-96df-cc13e15c7880 | ITER: 2 END: OK
2019-07-31 08:24:16.615 662 INFO rally.task.runner [-] Task 2d5badb8-2711-4297-96df-cc13e15c7880 | ITER: 6 START
2019-07-31 08:24:16.617 661 INFO rally.task.runner [-] Task 2d5badb8-2711-4297-96df-cc13e15c7880 | ITER: 7 START
2019-07-31 08:24:16.621 663 DEBUG novaclient.v2.client [-] RESP: [200] Content-Encoding: gzip Content-Length: 363 Content-Type: application/json Date: Wed, 31 Jul 2019 08:24:15 GMT OpenStack-API-Version: compute 2.1 Server: Apache Vary: OpenStack-API-Version,X-OpenStack-Nova-API-Version,Accept-Encoding X-OpenStack-Nova-API-Version: 2.1 x-compute-request-id: req-2890d3e0-44c3-4e68-bfad-91d3460e7090 x-openstack-request-id: req-2890d3e0-44c3-4e68-bfad-91d3460e7090 _http_log_response /usr/lib/python2.7/site-packages/keystoneauth1/session.py:479
2019-07-31 08:24:16.622 663 DEBUG novaclient.v2.client [-] RESP BODY: {"flavors": [{"name": "rally_full-flavor_1b75953a-3c08-447d-abbf-ea0401498a33", "links": [{"href": "http://172.30.9.28:8774/v2.1/flavors/3af2ac60-26a5-4ff4-8205-521e58b8583c", "rel": "self"}, {"href": "http://172.30.9.28:8774/flavors/3af2ac60-26a5-4ff4-8205-521e58b8583c", "rel": "bookmark"}], "ram": 512, "OS-FLV-DISABLED:disabled": false, "vcpus": 1, "swap": "", "os-flavor-access:is_public": true, "rxtx_factor": 1.0, "OS-FLV-EXT-DATA:ephemeral": 0, "disk": 1, "id": "3af2ac60-26a5-4ff4-8205-521e58b8583c"}, {"name": "rally_full-flavor_alt_1b75953a-3c08-447d-abbf-ea0401498a33", "links": [{"href": "http://172.30.9.28:8774/v2.1/flavors/ba38393c-7ae0-4a06-a4ab-ba88bb434ff8", "rel": "self"}, {"href": "http://172.30.9.28:8774/flavors/ba38393c-7ae0-4a06-a4ab-ba88bb434ff8", "rel": "bookmark"}], "ram": 1024, "OS-FLV-DISABLED:disabled": false, "vcpus": 1, "swap": "", "os-flavor-access:is_public": true, "rxtx_factor": 1.0, "OS-FLV-EXT-DATA:ephemeral": 0, "disk": 1, "id": "ba38393c-7ae0-4a06-a4ab-ba88bb434ff8"}]} _http_log_response /usr/lib/python2.7/site-packages/keystoneauth1/session.py:511
2019-07-31 08:24:16.622 663 DEBUG novaclient.v2.client [-] GET call to compute for http://172.30.9.28:8774/v2.1/flavors/detail used request id req-2890d3e0-44c3-4e68-bfad-91d3460e7090 request /usr/lib/python2.7/site-packages/keystoneauth1/session.py:844
