2019-07-31 08:51:03.074 4355 RALLYDEBUG rally.task.utils [-] Waiting for resource s_rally_6a137962_7gc7TnKy. Status changed: CREATING => DOWNLOADING in 7.25664901733
2019-07-31 08:51:03.402 4357 RALLYDEBUG rally.task.utils [-] Waiting for resource s_rally_6a137962_OWsohJz5. Status changed: CREATING => DOWNLOADING in 7.53887987137
2019-07-31 08:51:10.123 4355 RALLYDEBUG rally.task.utils [-] Waiting for resource s_rally_6a137962_7gc7TnKy. Status changed: DOWNLOADING => AVAILABLE in 7.04865908623
2019-07-31 08:51:10.336 4357 RALLYDEBUG rally.task.utils [-] Waiting for resource s_rally_6a137962_OWsohJz5. Status changed: DOWNLOADING => AVAILABLE in 6.93327212334
2019-07-31 08:51:10.545 4355 INFO rally.task.runner [-] Task 86217e33-13bb-4e0b-9d9c-c552fbb9ab95 | ITER: 6 END: OK
2019-07-31 08:51:10.552 4355 INFO rally.task.runner [-] Task 86217e33-13bb-4e0b-9d9c-c552fbb9ab95 | ITER: 10 START
2019-07-31 08:51:11.040 4357 RALLYDEBUG rally.task.utils [-] Waiting for resource s_rally_6a137962_OWsohJz5. Status changed: AVAILABLE => DELETING in 0.3319439888
2019-07-31 08:51:11.850 4356 RALLYDEBUG rally.task.utils [-] Waiting for resource s_rally_6a137962_0myf9UMi. Status changed: DOWNLOADING => AVAILABLE in 9.11346912384
2019-07-31 08:51:12.256 4356 RALLYDEBUG rally.task.utils [-] Waiting for resource s_rally_6a137962_0myf9UMi. Status changed: AVAILABLE => DELETING in 0.0572021007538
2019-07-31 08:51:13.118 4354 RALLYDEBUG rally.task.utils [-] Waiting for resource s_rally_6a137962_nLGtuKwd. Status changed: CREATING => DOWNLOADING in 9.9651620388
2019-07-31 08:51:13.282 4357 INFO rally.task.runner [-] Task 86217e33-13bb-4e0b-9d9c-c552fbb9ab95 | ITER: 8 END: OK
2019-07-31 08:51:14.484 4356 INFO rally.task.runner [-] Task 86217e33-13bb-4e0b-9d9c-c552fbb9ab95 | ITER: 7 END: OK
2019-07-31 08:51:17.698 4354 RALLYDEBUG rally.task.utils [-] Waiting for resource s_rally_6a137962_nLGtuKwd. Status changed: DOWNLOADING => AVAILABLE in 4.57994914055
2019-07-31 08:51:18.113 4354 RALLYDEBUG rally.task.utils [-] Waiting for resource s_rally_6a137962_nLGtuKwd. Status changed: AVAILABLE => DELETING in 0.0545001029968
2019-07-31 08:51:20.343 4354 INFO rally.task.runner [-] Task 86217e33-13bb-4e0b-9d9c-c552fbb9ab95 | ITER: 9 END: OK
2019-07-31 08:51:20.477 4355 RALLYDEBUG rally.task.utils [-] Waiting for resource s_rally_6a137962_dglQOlEO. Status changed: CREATING => DOWNLOADING in 5.3405611515
2019-07-31 08:51:22.827 4355 RALLYDEBUG rally.task.utils [-] Waiting for resource s_rally_6a137962_dglQOlEO. Status changed: DOWNLOADING => AVAILABLE in 2.34940385818
2019-07-31 08:51:23.447 4355 INFO rally.task.runner [-] Task 86217e33-13bb-4e0b-9d9c-c552fbb9ab95 | ITER: 10 END: OK
2019-07-31 08:51:23.470 1842 INFO rally.task.context [-] Task 86217e33-13bb-4e0b-9d9c-c552fbb9ab95 | Context cleanup@openstack cleanup() started
2019-07-31 08:51:23.473 1842 RALLYDEBUG rally_openstack.cleanup.manager [-] Cleaning up cinder backups objects
2019-07-31 08:51:25.726 1842 RALLYDEBUG rally_openstack.cleanup.manager [-] Cleaning up cinder volume_snapshots objects
2019-07-31 08:51:27.892 1842 RALLYDEBUG rally_openstack.cleanup.manager [-] Cleaning up cinder transfers objects
2019-07-31 08:51:30.131 1842 RALLYDEBUG rally_openstack.cleanup.manager [-] Cleaning up cinder volumes objects
2019-07-31 08:51:32.436 1842 INFO rally.task.context [-] Task 86217e33-13bb-4e0b-9d9c-c552fbb9ab95 | Context cleanup@openstack cleanup() finished in 8.97 sec
2019-07-31 08:51:32.436 1842 INFO rally.task.context [-] Task 86217e33-13bb-4e0b-9d9c-c552fbb9ab95 | Context quotas@openstack cleanup() started
2019-07-31 08:51:33.406 1842 INFO rally.task.context [-] Task 86217e33-13bb-4e0b-9d9c-c552fbb9ab95 | Context quotas@openstack cleanup() finished in 0.97 sec
2019-07-31 08:51:33.406 1842 INFO rally.task.context [-] Task 86217e33-13bb-4e0b-9d9c-c552fbb9ab95 | Context api_versions@openstack cleanup() started
2019-07-31 08:51:33.407 1842 INFO rally.task.context [-] Task 86217e33-13bb-4e0b-9d9c-c552fbb9ab95 | Context api_versions@openstack cleanup() finished in 0.31 msec
2019-07-31 08:51:33.407 1842 INFO rally.task.context [-] Task 86217e33-13bb-4e0b-9d9c-c552fbb9ab95 | Context users@openstack cleanup() started
2019-07-31 08:51:41.632 1842 INFO rally.task.context [-] Task 86217e33-13bb-4e0b-9d9c-c552fbb9ab95 | Context users@openstack cleanup() finished in 8.22 sec
2019-07-31 08:51:42.850 1842 INFO rally.task.engine [-] Load duration is: 54.803806
2019-07-31 08:51:42.851 1842 INFO rally.task.engine [-] Full runner duration is: 54.852044
2019-07-31 08:51:42.851 1842 INFO rally.task.engine [-] Full duration is: 81.106916
2019-07-31 08:51:43.022 1842 INFO rally.task.engine [-] Running workload: position = 2 config = { "version": 2, "title": "A cropped version of a bigger task.", "description": "Auto-generated task from a single workload (uuid=bf69e402-e655-460a-9676-89af8f16ccf8)", "subtasks": [ { "title": "CinderVolumes.create_and_delete_volume", "description": "Create and then delete a volume.", "scenario": { "CinderVolumes.create_and_delete_volume": { "size": 1 } }, "contexts": { "users": { "tenants": 3, "users_per_tenant": 2 }, "quotas": { "cinder": { "gigabytes": -1, "snapshots": -1, "volumes": -1 } }, "api_versions": { "cinder": { "version": 3, "service_type": "volumev3" } } }, "runner": { "constant": { "concurrency": 4, "times": 10 } }, "hooks": [], "sla": { "failure_rate": { "max": 0 } } } ] }
2019-07-31 08:51:43.046 1842 RALLYDEBUG rally_openstack.contexts.keystone.users [-] Creating 3 tenants using 20 threads
2019-07-31 08:51:44.947 1842 RALLYDEBUG rally_openstack.contexts.keystone.users [-] Creating 6 users using 20 threads
2019-07-31 08:51:47.796 1842 INFO rally.task.context [-] Task 86217e33-13bb-4e0b-9d9c-c552fbb9ab95 | Context users@openstack setup() finished in 4.75 sec
2019-07-31 08:51:48.227 1842 INFO rally.task.context [-] Task 86217e33-13bb-4e0b-9d9c-c552fbb9ab95 | Context api_versions@openstack setup() finished in 0.43 sec
2019-07-31 08:51:49.992 1842 INFO rally.task.context [-] Task 86217e33-13bb-4e0b-9d9c-c552fbb9ab95 | Context quotas@openstack setup() finished in 1.76 sec
2019-07-31 08:51:49.992 1842 INFO rally.task.context [-] Task 86217e33-13bb-4e0b-9d9c-c552fbb9ab95 | Context cleanup@openstack setup() finished in 0.00 msec
2019-07-31 08:51:50.000 1842 RALLYDEBUG rally.task.runner [-] Starting the constant runner (task UUID: 86217e33-13bb-4e0b-9d9c-c552fbb9ab95). timeout: 0 concurrency: 4 concurrency_per_worker: 1 times: 10 concurrency_overhead: 0 processes_to_start: 4 max_cpu_used: 16
2019-07-31 08:51:50.012 4538 RALLYDEBUG rally.task.runner [-] Starting a worker. concurrency: 1 args: {"size": 1} times: 10 method_name: run timeout: 0 duration: None cls:
2019-07-31 08:51:50.015 4539 RALLYDEBUG rally.task.runner [-] Starting a worker. concurrency: 1 args: {"size": 1} times: 10 method_name: run timeout: 0 duration: None cls:
2019-07-31 08:51:50.018 4540 RALLYDEBUG rally.task.runner [-] Starting a worker. concurrency: 1 args: {"size": 1} times: 10 method_name: run timeout: 0 duration: None cls:
2019-07-31 08:51:50.018 4538 INFO rally.task.runner [-] Task 86217e33-13bb-4e0b-9d9c-c552fbb9ab95 | ITER: 1 START
2019-07-31 08:51:50.021 4541 RALLYDEBUG rally.task.runner [-] Starting a worker. concurrency: 1 args: {"size": 1} times: 10 method_name: run timeout: 0 duration: None cls:
2019-07-31 08:51:50.023 4539 INFO rally.task.runner [-] Task 86217e33-13bb-4e0b-9d9c-c552fbb9ab95 | ITER: 2 START
2019-07-31 08:51:50.025 4540 INFO rally.task.runner [-] Task 86217e33-13bb-4e0b-9d9c-c552fbb9ab95 | ITER: 3 START
2019-07-31 08:51:50.030 4541 INFO rally.task.runner [-] Task 86217e33-13bb-4e0b-9d9c-c552fbb9ab95 | ITER: 4 START
2019-07-31 08:51:54.071 4539 INFO rally.task.runner [-] Task 86217e33-13bb-4e0b-9d9c-c552fbb9ab95 | ITER: 2 END: OK
2019-07-31 08:51:54.076 4539 INFO rally.task.runner [-] Task 86217e33-13bb-4e0b-9d9c-c552fbb9ab95 | ITER: 5 START
2019-07-31 08:51:54.369 4538 RALLYDEBUG rally.task.utils [-] Waiting for resource s_rally_bf69e402_e7aq69Kx. Status changed: AVAILABLE => DELETING in 0.347658157349
2019-07-31 08:51:54.471 4541 RALLYDEBUG rally.task.utils [-] Waiting for resource s_rally_bf69e402_LJxDhvrX. Status changed: AVAILABLE => DELETING in 0.361669778824
2019-07-31 08:51:54.492 4540 RALLYDEBUG rally.task.utils [-] Waiting for resource s_rally_bf69e402_nuk52sqc. Status changed: AVAILABLE => DELETING in 0.344079971313
2019-07-31 08:51:56.406 4538 INFO rally.task.runner [-] Task 86217e33-13bb-4e0b-9d9c-c552fbb9ab95 | ITER: 1 END: OK
2019-07-31 08:51:56.412 4538 INFO rally.task.runner [-] Task 86217e33-13bb-4e0b-9d9c-c552fbb9ab95 | ITER: 6 START
2019-07-31 08:51:56.775 4541 INFO rally.task.runner [-] Task 86217e33-13bb-4e0b-9d9c-c552fbb9ab95 | ITER: 4 END: OK
2019-07-31 08:51:56.781 4541 INFO rally.task.runner [-] Task 86217e33-13bb-4e0b-9d9c-c552fbb9ab95 | ITER: 7 START
2019-07-31 08:51:56.811 4540 INFO rally.task.runner [-] Task 86217e33-13bb-4e0b-9d9c-c552fbb9ab95 | ITER: 3 END: OK
2019-07-31 08:51:56.816 4540 INFO rally.task.runner [-] Task 86217e33-13bb-4e0b-9d9c-c552fbb9ab95 | ITER: 8 START
2019-07-31 08:51:58.189 4539 RALLYDEBUG rally.task.utils [-] Waiting for resource s_rally_bf69e402_Fx0oaxrb. Status changed: AVAILABLE => DELETING in 0.253796100616
2019-07-31 08:52:00.426 4539 INFO rally.task.runner [-] Task 86217e33-13bb-4e0b-9d9c-c552fbb9ab95 | ITER: 5 END: OK
2019-07-31 08:52:00.431 4539 INFO rally.task.runner [-] Task 86217e33-13bb-4e0b-9d9c-c552fbb9ab95 | ITER: 9 START
2019-07-31 08:52:00.680 4538 INFO rally.task.runner [-] Task 86217e33-13bb-4e0b-9d9c-c552fbb9ab95 | ITER: 6 END: OK
2019-07-31 08:52:00.684 4538 INFO rally.task.runner [-] Task 86217e33-13bb-4e0b-9d9c-c552fbb9ab95 | ITER: 10 START
2019-07-31 08:52:00.891 4541 RALLYDEBUG rally.task.utils [-] Waiting for resource s_rally_bf69e402_b84P8f4l. Status changed: AVAILABLE => DELETING in 0.0599479675293
2019-07-31 08:52:01.086 4540 RALLYDEBUG rally.task.utils [-] Waiting for resource s_rally_bf69e402_HE4j97m2. Status changed: AVAILABLE => DELETING in 0.263447999954
2019-07-31 08:52:03.130 4541 INFO rally.task.runner [-] Task 86217e33-13bb-4e0b-9d9c-c552fbb9ab95 | ITER: 7 END: OK
2019-07-31 08:52:03.320 4540 INFO rally.task.runner [-] Task 86217e33-13bb-4e0b-9d9c-c552fbb9ab95 | ITER: 8 END: OK
2019-07-31 08:52:04.752 4539 INFO rally.task.runner [-] Task 86217e33-13bb-4e0b-9d9c-c552fbb9ab95 | ITER: 9 END: OK
2019-07-31 08:52:05.081 4538 INFO rally.task.runner [-] Task 86217e33-13bb-4e0b-9d9c-c552fbb9ab95 | ITER: 10 END: OK
2019-07-31 08:52:05.113 1842 INFO rally.task.context [-] Task 86217e33-13bb-4e0b-9d9c-c552fbb9ab95 | Context cleanup@openstack cleanup() started
2019-07-31 08:52:05.116 1842 RALLYDEBUG rally_openstack.cleanup.manager [-] Cleaning up cinder backups objects
2019-07-31 08:52:07.246 1842 RALLYDEBUG rally_openstack.cleanup.manager [-] Cleaning up cinder volume_snapshots objects
2019-07-31 08:52:09.539 1842 RALLYDEBUG rally_openstack.cleanup.manager [-] Cleaning up cinder transfers objects
2019-07-31 08:52:11.692 1842 RALLYDEBUG rally_openstack.cleanup.manager [-] Cleaning up cinder volumes objects
2019-07-31 08:52:14.030 1842 INFO rally.task.context [-] Task 86217e33-13bb-4e0b-9d9c-c552fbb9ab95 | Context cleanup@openstack cleanup() finished in 8.92 sec
2019-07-31 08:52:14.030 1842 INFO rally.task.context [-] Task 86217e33-13bb-4e0b-9d9c-c552fbb9ab95 | Context quotas@openstack cleanup() started
2019-07-31 08:52:14.609 1842 INFO rally.task.context [-] Task 86217e33-13bb-4e0b-9d9c-c552fbb9ab95 | Context quotas@openstack cleanup() finished in 0.58 sec
2019-07-31 08:52:14.610 1842 INFO rally.task.context [-] Task 86217e33-13bb-4e0b-9d9c-c552fbb9ab95 | Context api_versions@openstack cleanup() started
2019-07-31 08:52:14.610 1842 INFO rally.task.context [-] Task 86217e33-13bb-4e0b-9d9c-c552fbb9ab95 | Context api_versions@openstack cleanup() finished in 0.30 msec
2019-07-31 08:52:14.610 1842 INFO rally.task.context [-] Task 86217e33-13bb-4e0b-9d9c-c552fbb9ab95 | Context users@openstack cleanup() started
2019-07-31 08:52:23.198 1842 INFO rally.task.context [-] Task 86217e33-13bb-4e0b-9d9c-c552fbb9ab95 | Context users@openstack cleanup() finished in 8.59 sec
2019-07-31 08:52:23.225 1842 INFO rally.task.engine [-] Load duration is: 15.058221
2019-07-31 08:52:23.225 1842 INFO rally.task.engine [-] Full runner duration is: 15.114051
2019-07-31 08:52:23.226 1842 INFO rally.task.engine [-] Full duration is: 40.15795
2019-07-31 08:52:23.473 1842 INFO rally.task.engine [-] Running workload: position = 0 config = { "version": 2, "title": "A cropped version of a bigger task.", "description": "Auto-generated task from a single workload (uuid=94c070c2-e04b-475b-98a4-45c2d39d74e9)", "subtasks": [ { "title": "CinderVolumes.create_and_extend_volume", "description": "Create and extend a volume and then delete it.", "scenario": { "CinderVolumes.create_and_extend_volume": { "new_size": 2, "size": 1 } }, "contexts": { "users": { "tenants": 3, "users_per_tenant": 2 }, "quotas": { "cinder": { "gigabytes": -1, "snapshots": -1, "volumes": -1 } }, "api_versions": { "cinder": { "version": 3, "service_type": "volumev3" } } }, "runner": { "constant": { "concurrency": 4, "times": 10 } }, "hooks": [], "sla": { "failure_rate": { "max": 0 } } } ] }
2019-07-31 08:52:23.497 1842 RALLYDEBUG rally_openstack.contexts.keystone.users [-] Creating 3 tenants using 20 threads
2019-07-31 08:52:25.379 1842 RALLYDEBUG rally_openstack.contexts.keystone.users [-] Creating 6 users using 20 threads
2019-07-31 08:52:28.282 1842 INFO rally.task.context [-] Task 86217e33-13bb-4e0b-9d9c-c552fbb9ab95 | Context users@openstack setup() finished in 4.79 sec
2019-07-31 08:52:28.721 1842 INFO rally.task.context [-] Task 86217e33-13bb-4e0b-9d9c-c552fbb9ab95 | Context api_versions@openstack setup() finished in 0.44 sec
2019-07-31 08:52:30.448 1842 INFO rally.task.context [-] Task 86217e33-13bb-4e0b-9d9c-c552fbb9ab95 | Context quotas@openstack setup() finished in 1.73 sec
2019-07-31 08:52:30.448 1842 INFO rally.task.context [-] Task 86217e33-13bb-4e0b-9d9c-c552fbb9ab95 | Context cleanup@openstack setup() finished in 0.01 msec
2019-07-31 08:52:30.457 1842 RALLYDEBUG rally.task.runner [-] Starting the constant runner (task UUID: 86217e33-13bb-4e0b-9d9c-c552fbb9ab95). timeout: 0 concurrency: 4 concurrency_per_worker: 1 times: 10 concurrency_overhead: 0 processes_to_start: 4 max_cpu_used: 16
2019-07-31 08:52:30.470 4722 RALLYDEBUG rally.task.runner [-] Starting a worker. concurrency: 1 args: {"new_size": 2, "size": 1} times: 10 method_name: run timeout: 0 duration: None cls:
2019-07-31 08:52:30.472 4723 RALLYDEBUG rally.task.runner [-] Starting a worker. concurrency: 1 args: {"new_size": 2, "size": 1} times: 10 method_name: run timeout: 0 duration: None cls:
2019-07-31 08:52:30.475 4724 RALLYDEBUG rally.task.runner [-] Starting a worker. concurrency: 1 args: {"new_size": 2, "size": 1} times: 10 method_name: run timeout: 0 duration: None cls:
2019-07-31 08:52:30.477 4722 INFO rally.task.runner [-] Task 86217e33-13bb-4e0b-9d9c-c552fbb9ab95 | ITER: 1 START
2019-07-31 08:52:30.478 4725 RALLYDEBUG rally.task.runner [-] Starting a worker. concurrency: 1 args: {"new_size": 2, "size": 1} times: 10 method_name: run timeout: 0 duration: None cls:
2019-07-31 08:52:30.480 4723 INFO rally.task.runner [-] Task 86217e33-13bb-4e0b-9d9c-c552fbb9ab95 | ITER: 2 START
2019-07-31 08:52:30.483 4724 INFO rally.task.runner [-] Task 86217e33-13bb-4e0b-9d9c-c552fbb9ab95 | ITER: 3 START
2019-07-31 08:52:30.486 4725 INFO rally.task.runner [-] Task 86217e33-13bb-4e0b-9d9c-c552fbb9ab95 | ITER: 4 START
2019-07-31 08:52:35.259 4724 RALLYDEBUG rally.task.utils [-] Waiting for resource s_rally_94c070c2_Vm7jZurB. Status changed: AVAILABLE => DELETING in 0.263028144836
2019-07-31 08:52:35.367 4725 INFO rally.task.runner [-] Task 86217e33-13bb-4e0b-9d9c-c552fbb9ab95 | ITER: 4 END: OK
2019-07-31 08:52:35.373 4725 INFO rally.task.runner [-] Task 86217e33-13bb-4e0b-9d9c-c552fbb9ab95 | ITER: 5 START
2019-07-31 08:52:35.408 4722 RALLYDEBUG rally.task.utils [-] Waiting for resource s_rally_94c070c2_3Liaqcdt. Status changed: AVAILABLE => DELETING in 0.0588810443878
2019-07-31 08:52:35.629 4723 RALLYDEBUG rally.task.utils [-] Waiting for resource s_rally_94c070c2_JzQI55SZ. Status changed: AVAILABLE => DELETING in 0.333292007446
2019-07-31 08:52:37.594 4724 INFO rally.task.runner [-] Task 86217e33-13bb-4e0b-9d9c-c552fbb9ab95 | ITER: 3 END: OK
2019-07-31 08:52:37.600 4724 INFO rally.task.runner [-] Task 86217e33-13bb-4e0b-9d9c-c552fbb9ab95 | ITER: 6 START
2019-07-31 08:52:37.634 4722 INFO rally.task.runner [-] Task 86217e33-13bb-4e0b-9d9c-c552fbb9ab95 | ITER: 1 END: OK
2019-07-31 08:52:37.641 4722 INFO rally.task.runner [-] Task 86217e33-13bb-4e0b-9d9c-c552fbb9ab95 | ITER: 7 START
2019-07-31 08:52:37.952 4723 INFO rally.task.runner [-] Task 86217e33-13bb-4e0b-9d9c-c552fbb9ab95 | ITER: 2 END: OK
2019-07-31 08:52:37.957 4723 INFO rally.task.runner [-] Task 86217e33-13bb-4e0b-9d9c-c552fbb9ab95 | ITER: 8 START
2019-07-31 08:52:40.327 4725 INFO rally.task.runner [-] Task 86217e33-13bb-4e0b-9d9c-c552fbb9ab95 | ITER: 5 END: OK
2019-07-31 08:52:40.333 4725 INFO rally.task.runner [-] Task 86217e33-13bb-4e0b-9d9c-c552fbb9ab95 | ITER: 9 START
2019-07-31 08:52:42.440 4724 INFO rally.task.runner [-] Task 86217e33-13bb-4e0b-9d9c-c552fbb9ab95 | ITER: 6 END: OK
2019-07-31 08:52:42.445 4724 INFO rally.task.runner [-] Task 86217e33-13bb-4e0b-9d9c-c552fbb9ab95 | ITER: 10 START
2019-07-31 08:52:42.693 4722 RALLYDEBUG rally.task.utils [-] Waiting for resource s_rally_94c070c2_rOCqfFfN. Status changed: AVAILABLE => DELETING in 0.253008127213
2019-07-31 08:52:43.205 4723 RALLYDEBUG rally.task.utils [-] Waiting for resource s_rally_94c070c2_3ZrPFgCy. Status changed: AVAILABLE => DELETING in 0.358453989029
2019-07-31 08:52:45.005 4722 INFO rally.task.runner [-] Task 86217e33-13bb-4e0b-9d9c-c552fbb9ab95 | ITER: 7 END: OK
2019-07-31 08:52:45.244 4723 INFO rally.task.runner [-] Task 86217e33-13bb-4e0b-9d9c-c552fbb9ab95 | ITER: 8 END: OK
2019-07-31 08:52:45.380 4725 INFO rally.task.runner [-] Task 86217e33-13bb-4e0b-9d9c-c552fbb9ab95 | ITER: 9 END: OK
2019-07-31 08:52:47.682 4724 INFO rally.task.runner [-] Task 86217e33-13bb-4e0b-9d9c-c552fbb9ab95 | ITER: 10 END: OK
2019-07-31 08:52:47.712 1842 INFO rally.task.context [-] Task 86217e33-13bb-4e0b-9d9c-c552fbb9ab95 | Context cleanup@openstack cleanup() started
2019-07-31 08:52:47.714 1842 RALLYDEBUG rally_openstack.cleanup.manager [-] Cleaning up cinder backups objects
2019-07-31 08:52:49.978 1842 RALLYDEBUG rally_openstack.cleanup.manager [-] Cleaning up cinder volume_snapshots objects
2019-07-31 08:52:52.319 1842 RALLYDEBUG rally_openstack.cleanup.manager [-] Cleaning up cinder transfers objects
2019-07-31 08:52:54.559 1842 RALLYDEBUG rally_openstack.cleanup.manager [-] Cleaning up cinder volumes objects
2019-07-31 08:52:56.820 1842 INFO rally.task.context [-] Task 86217e33-13bb-4e0b-9d9c-c552fbb9ab95 | Context cleanup@openstack cleanup() finished in 9.11 sec
2019-07-31 08:52:56.820 1842 INFO rally.task.context [-] Task 86217e33-13bb-4e0b-9d9c-c552fbb9ab95 | Context quotas@openstack cleanup() started
2019-07-31 08:52:57.610 1842 INFO rally.task.context [-] Task 86217e33-13bb-4e0b-9d9c-c552fbb9ab95 | Context quotas@openstack cleanup() finished in 0.79 sec
2019-07-31 08:52:57.610 1842 INFO rally.task.context [-] Task 86217e33-13bb-4e0b-9d9c-c552fbb9ab95 | Context api_versions@openstack cleanup() started
2019-07-31 08:52:57.611 1842 INFO rally.task.context [-] Task 86217e33-13bb-4e0b-9d9c-c552fbb9ab95 | Context api_versions@openstack cleanup() finished in 0.32 msec
2019-07-31 08:52:57.611 1842 INFO rally.task.context [-] Task 86217e33-13bb-4e0b-9d9c-c552fbb9ab95 | Context users@openstack cleanup() started
2019-07-31 08:53:06.456 1842 INFO rally.task.context [-] Task 86217e33-13bb-4e0b-9d9c-c552fbb9ab95 | Context users@openstack cleanup() finished in 8.84 sec
2019-07-31 08:53:07.689 1842 INFO rally.task.engine [-] Load duration is: 17.200323
2019-07-31 08:53:07.690 1842 INFO rally.task.engine [-] Full runner duration is: 17.256431
2019-07-31 08:53:07.690 1842 INFO rally.task.engine [-] Full duration is: 42.961894
2019-07-31 08:53:07.966 1842 INFO rally.task.engine [-] Running workload: position = 0 config = { "version": 2, "title": "A cropped version of a bigger task.", "description": "Auto-generated task from a single workload (uuid=89f9302b-1844-4db2-9123-b476e7cab01e)", "subtasks": [ { "title": "CinderVolumes.create_from_volume_and_delete_volume", "description": "Create volume from volume and then delete it.", "scenario": { "CinderVolumes.create_from_volume_and_delete_volume": { "size": 1 } }, "contexts": { "users": { "tenants": 3, "users_per_tenant": 2 }, "quotas": { "cinder": { "gigabytes": -1, "snapshots": -1, "volumes": -1 } }, "api_versions": { "cinder": { "version": 3, "service_type": "volumev3" } }, "volumes": { "size": 1, "volumes_per_tenant": 1 } }, "runner": { "constant": { "concurrency": 4, "times": 10 } }, "hooks": [], "sla": { "failure_rate": { "max": 0 } } } ] }
2019-07-31 08:53:07.982 1842 RALLYDEBUG rally_openstack.contexts.keystone.users [-] Creating 3 tenants using 20 threads
2019-07-31 08:53:09.923 1842 RALLYDEBUG rally_openstack.contexts.keystone.users [-] Creating 6 users using 20 threads
2019-07-31 08:53:12.786 1842 INFO rally.task.context [-] Task 86217e33-13bb-4e0b-9d9c-c552fbb9ab95 | Context users@openstack setup() finished in 4.80 sec
2019-07-31 08:53:13.223 1842 INFO rally.task.context [-] Task 86217e33-13bb-4e0b-9d9c-c552fbb9ab95 | Context api_versions@openstack setup() finished in 0.44 sec
2019-07-31 08:53:15.157 1842 INFO rally.task.context [-] Task 86217e33-13bb-4e0b-9d9c-c552fbb9ab95 | Context quotas@openstack setup() finished in 1.93 sec
2019-07-31 08:53:26.355 1842 INFO rally.task.context [-] Task 86217e33-13bb-4e0b-9d9c-c552fbb9ab95 | Context volumes@openstack setup() finished in 11.20 sec
2019-07-31 08:53:26.356 1842 INFO rally.task.context [-] Task 86217e33-13bb-4e0b-9d9c-c552fbb9ab95 | Context cleanup@openstack setup() finished in 0.01 msec
2019-07-31 08:53:26.364 1842 RALLYDEBUG rally.task.runner [-] Starting the constant runner (task UUID: 86217e33-13bb-4e0b-9d9c-c552fbb9ab95). timeout: 0 concurrency: 4 concurrency_per_worker: 1 times: 10 concurrency_overhead: 0 processes_to_start: 4 max_cpu_used: 16
2019-07-31 08:53:26.375 4906 RALLYDEBUG rally.task.runner [-] Starting a worker. concurrency: 1 args: {"size": 1} times: 10 method_name: run timeout: 0 duration: None cls:
2019-07-31 08:53:26.378 4907 RALLYDEBUG rally.task.runner [-] Starting a worker. concurrency: 1 args: {"size": 1} times: 10 method_name: run timeout: 0 duration: None cls:
2019-07-31 08:53:26.381 4908 RALLYDEBUG rally.task.runner [-] Starting a worker. concurrency: 1 args: {"size": 1} times: 10 method_name: run timeout: 0 duration: None cls:
2019-07-31 08:53:26.382 4906 INFO rally.task.runner [-] Task 86217e33-13bb-4e0b-9d9c-c552fbb9ab95 | ITER: 1 START
2019-07-31 08:53:26.384 4909 RALLYDEBUG rally.task.runner [-] Starting a worker. concurrency: 1 args: {"size": 1} times: 10 method_name: run timeout: 0 duration: None cls:
2019-07-31 08:53:26.386 4907 INFO rally.task.runner [-] Task 86217e33-13bb-4e0b-9d9c-c552fbb9ab95 | ITER: 2 START
2019-07-31 08:53:26.392 4908 INFO rally.task.runner [-] Task 86217e33-13bb-4e0b-9d9c-c552fbb9ab95 | ITER: 3 START
2019-07-31 08:53:26.393 4909 INFO rally.task.runner [-] Task 86217e33-13bb-4e0b-9d9c-c552fbb9ab95 | ITER: 4 START
2019-07-31 08:53:30.383 4909 RALLYDEBUG rally.task.utils [-] Waiting for resource s_rally_89f9302b_XbKxpJSB. Status changed: CREATING => AVAILABLE in 0.693045854568
2019-07-31 08:53:30.829 4909 RALLYDEBUG rally.task.utils [-] Waiting for resource s_rally_89f9302b_XbKxpJSB. Status changed: AVAILABLE => DELETING in 0.0527029037476
2019-07-31 08:53:30.912 4907 RALLYDEBUG rally.task.utils [-] Waiting for resource s_rally_89f9302b_h2eACVqL. Status changed: AVAILABLE => DELETING in 0.250775814056
2019-07-31 08:53:30.939 4908 RALLYDEBUG rally.task.utils [-] Waiting for resource s_rally_89f9302b_EoFtHZkg. Status changed: AVAILABLE => DELETING in 0.328089952469
2019-07-31 08:53:32.519 4906 RALLYDEBUG rally.task.utils [-] Waiting for resource s_rally_89f9302b_S5fgFS3a. Status changed: CREATING => AVAILABLE in 2.83776307106
2019-07-31 08:53:33.139 4906 RALLYDEBUG rally.task.utils [-] Waiting for resource s_rally_89f9302b_S5fgFS3a. Status changed: AVAILABLE => DELETING in 0.333400011063
2019-07-31 08:53:35.188 4907 INFO rally.task.runner [-] Task 86217e33-13bb-4e0b-9d9c-c552fbb9ab95 | ITER: 2 END: OK
2019-07-31 08:53:35.194 4907 INFO rally.task.runner [-] Task 86217e33-13bb-4e0b-9d9c-c552fbb9ab95 | ITER: 5 START
2019-07-31 08:53:35.204 4909 INFO rally.task.runner [-] Task 86217e33-13bb-4e0b-9d9c-c552fbb9ab95 | ITER: 4 END: OK
2019-07-31 08:53:35.209 4909 INFO rally.task.runner [-] Task 86217e33-13bb-4e0b-9d9c-c552fbb9ab95 | ITER: 6 START
2019-07-31 08:53:35.533 4908 INFO rally.task.runner [-] Task 86217e33-13bb-4e0b-9d9c-c552fbb9ab95 | ITER: 3 END: OK
2019-07-31 08:53:35.538 4908 INFO rally.task.runner [-] Task 86217e33-13bb-4e0b-9d9c-c552fbb9ab95 | ITER: 7 START
2019-07-31 08:53:37.718 4906 INFO rally.task.runner [-] Task 86217e33-13bb-4e0b-9d9c-c552fbb9ab95 | ITER: 1 END: OK
2019-07-31 08:53:37.723 4906 INFO rally.task.runner [-] Task 86217e33-13bb-4e0b-9d9c-c552fbb9ab95 | ITER: 8 START
2019-07-31 08:53:39.223 4908 RALLYDEBUG rally.task.utils [-] Waiting for resource s_rally_89f9302b_QCWy9KEz. Status changed: CREATING => AVAILABLE in 0.577412128448
2019-07-31 08:53:39.340 4907 RALLYDEBUG rally.task.utils [-] Waiting for resource s_rally_89f9302b_GUaygnx6. Status changed: AVAILABLE => DELETING in 0.228489160538
2019-07-31 08:53:39.548 4909 RALLYDEBUG rally.task.utils [-] Waiting for resource s_rally_89f9302b_kYHNX3R9. Status changed: AVAILABLE => DELETING in 0.324514865875
2019-07-31 08:53:40.094 4908 RALLYDEBUG rally.task.utils [-] Waiting for resource s_rally_89f9302b_QCWy9KEz. Status changed: AVAILABLE => DELETING in 0.483834028244
2019-07-31 08:53:42.412 4906 RALLYDEBUG rally.task.utils [-] Waiting for resource s_rally_89f9302b_4FHdhsGu. Status changed: AVAILABLE => DELETING in 0.339983940125
2019-07-31 08:53:44.097 4907 INFO rally.task.runner [-] Task 86217e33-13bb-4e0b-9d9c-c552fbb9ab95 | ITER: 5 END: OK
2019-07-31 08:53:44.102 4909 INFO rally.task.runner [-] Task 86217e33-13bb-4e0b-9d9c-c552fbb9ab95 | ITER: 6 END: OK
2019-07-31 08:53:44.103 4907 INFO rally.task.runner [-] Task 86217e33-13bb-4e0b-9d9c-c552fbb9ab95 | ITER: 9 START
2019-07-31 08:53:44.108 4909 INFO rally.task.runner [-] Task 86217e33-13bb-4e0b-9d9c-c552fbb9ab95 | ITER: 10 START
2019-07-31 08:53:44.804 4908 INFO rally.task.runner [-] Task 86217e33-13bb-4e0b-9d9c-c552fbb9ab95 | ITER: 7 END: OK
2019-07-31 08:53:47.048 4906 INFO rally.task.runner [-] Task 86217e33-13bb-4e0b-9d9c-c552fbb9ab95 | ITER: 8 END: OK
2019-07-31 08:53:48.098 4907 RALLYDEBUG rally.task.utils [-] Waiting for resource s_rally_89f9302b_21oScBoR. Status changed: CREATING => AVAILABLE in 0.686611890793
2019-07-31 08:53:48.284 4909 RALLYDEBUG rally.task.utils [-] Waiting for resource s_rally_89f9302b_bxGqg789. Status changed: AVAILABLE => DELETING in 0.323428869247
2019-07-31 08:53:48.806 4907 RALLYDEBUG rally.task.utils [-] Waiting for resource s_rally_89f9302b_21oScBoR. Status changed: AVAILABLE => DELETING in 0.324507951736
2019-07-31 08:53:50.626 4909 INFO rally.task.runner [-] Task 86217e33-13bb-4e0b-9d9c-c552fbb9ab95 | ITER: 10 END: OK
2019-07-31 08:53:51.263 4907 INFO rally.task.runner [-] Task 86217e33-13bb-4e0b-9d9c-c552fbb9ab95 | ITER: 9 END: OK
2019-07-31 08:53:51.285 1842 INFO rally.task.context [-] Task 86217e33-13bb-4e0b-9d9c-c552fbb9ab95 | Context cleanup@openstack cleanup() started
2019-07-31 08:53:51.287 1842 RALLYDEBUG rally_openstack.cleanup.manager [-] Cleaning up cinder backups objects
2019-07-31 08:53:53.555 1842 RALLYDEBUG rally_openstack.cleanup.manager [-] Cleaning up cinder volume_snapshots objects
2019-07-31 08:53:55.926 1842 RALLYDEBUG rally_openstack.cleanup.manager [-] Cleaning up cinder transfers objects
2019-07-31 08:53:58.086 1842 RALLYDEBUG rally_openstack.cleanup.manager [-] Cleaning up cinder volumes objects
2019-07-31 08:54:00.423 1842 INFO rally.task.context [-] Task 86217e33-13bb-4e0b-9d9c-c552fbb9ab95 | Context cleanup@openstack cleanup() finished in 9.14 sec
2019-07-31 08:54:00.423 1842 INFO rally.task.context [-] Task 86217e33-13bb-4e0b-9d9c-c552fbb9ab95 | Context volumes@openstack cleanup() started
2019-07-31 08:54:00.424 1842 RALLYDEBUG rally_openstack.cleanup.manager [-] Cleaning up cinder volumes objects
2019-07-31 08:54:02.743 1842 RALLYDEBUG rally_openstack.cleanup.manager [-] Deleting cinder.volumes object c_rally_89f9302b_0MAu1r0U (4a0553ca-9724-49b3-b80a-949c47891163)
2019-07-31 08:54:02.749 1842 RALLYDEBUG rally_openstack.cleanup.manager [-] Deleting cinder.volumes object c_rally_89f9302b_bRv9VfmL (60483410-561f-4404-b7b6-729a9bdb99c6)
2019-07-31 08:54:02.749 1842 RALLYDEBUG rally_openstack.cleanup.manager [-] Deleting cinder.volumes object c_rally_89f9302b_353QW4lx (2aa48d4c-8da7-4016-9293-e198065191f6)
2019-07-31 08:54:06.282 1842 INFO rally.task.context [-] Task 86217e33-13bb-4e0b-9d9c-c552fbb9ab95 | Context volumes@openstack cleanup() finished in 5.86 sec
2019-07-31 08:54:06.283 1842 INFO rally.task.context [-] Task 86217e33-13bb-4e0b-9d9c-c552fbb9ab95 | Context quotas@openstack cleanup() started
2019-07-31 08:54:07.086 1842 INFO rally.task.context [-] Task 86217e33-13bb-4e0b-9d9c-c552fbb9ab95 | Context quotas@openstack cleanup() finished in 0.80 sec
2019-07-31 08:54:07.086 1842 INFO rally.task.context [-] Task 86217e33-13bb-4e0b-9d9c-c552fbb9ab95 | Context api_versions@openstack cleanup() started
2019-07-31 08:54:07.086 1842 INFO rally.task.context [-] Task 86217e33-13bb-4e0b-9d9c-c552fbb9ab95 | Context api_versions@openstack cleanup() finished in 0.25 msec
2019-07-31 08:54:07.087 1842 INFO rally.task.context [-] Task 86217e33-13bb-4e0b-9d9c-c552fbb9ab95 | Context users@openstack cleanup() started
2019-07-31 08:54:15.043 1842 INFO rally.task.context [-] Task 86217e33-13bb-4e0b-9d9c-c552fbb9ab95 | Context users@openstack cleanup() finished in 7.96 sec
2019-07-31 08:54:16.258 1842 INFO rally.task.engine [-] Load duration is: 24.877604
2019-07-31 08:54:16.259 1842 INFO rally.task.engine [-] Full runner duration is: 24.922244
2019-07-31 08:54:16.259 1842 INFO rally.task.engine [-] Full duration is: 67.066619
2019-07-31 08:54:16.499 1842 INFO rally.task.engine [-] Running workload: position = 0 config = { "version": 2, "title": "A cropped version of a bigger task.", "description": "Auto-generated task from a single workload (uuid=39c0485d-ca87-4aeb-a6f5-d814f6c50f17)", "subtasks": [ { "title": "CinderQos.create_and_get_qos", "description": "Create a qos, then get details of the qos.", "scenario": { "CinderQos.create_and_get_qos": { "consumer": "both", "write_iops_sec": "10", "read_iops_sec": "1000" } }, "contexts": { "users": { "tenants": 3, "users_per_tenant": 2 }, "api_versions": { "cinder": { "version": 3, "service_type": "volumev3" } } }, "runner": { "constant": { "concurrency": 4, "times": 10 } }, "hooks": [], "sla": { "failure_rate": { "max": 0 } } } ] }
2019-07-31 08:54:16.520 1842 RALLYDEBUG rally_openstack.contexts.keystone.users [-] Creating 3 tenants using 20 threads
2019-07-31 08:54:18.415 1842 RALLYDEBUG rally_openstack.contexts.keystone.users [-] Creating 6 users using 20 threads
2019-07-31 08:54:21.180 1842 INFO rally.task.context [-] Task 86217e33-13bb-4e0b-9d9c-c552fbb9ab95 | Context users@openstack setup() finished in 4.66 sec
2019-07-31 08:54:21.611 1842 INFO rally.task.context [-] Task 86217e33-13bb-4e0b-9d9c-c552fbb9ab95 | Context api_versions@openstack setup() finished in 0.43 sec
2019-07-31 08:54:21.612 1842 INFO rally.task.context [-] Task 86217e33-13bb-4e0b-9d9c-c552fbb9ab95 | Context admin_cleanup@openstack setup() finished in 0.00 msec
2019-07-31 08:54:21.619 1842 RALLYDEBUG rally.task.runner [-] Starting the constant runner (task UUID: 86217e33-13bb-4e0b-9d9c-c552fbb9ab95). timeout: 0 concurrency: 4 concurrency_per_worker: 1 times: 10 concurrency_overhead: 0 processes_to_start: 4 max_cpu_used: 16
2019-07-31 08:54:21.631 5110 RALLYDEBUG rally.task.runner [-] Starting a worker. concurrency: 1 args: {"consumer": "both", "write_iops_sec": "10", "read_iops_sec": "1000"} times: 10 method_name: run timeout: 0 duration: None cls:
2019-07-31 08:54:21.633 5111 RALLYDEBUG rally.task.runner [-] Starting a worker. concurrency: 1 args: {"consumer": "both", "write_iops_sec": "10", "read_iops_sec": "1000"} times: 10 method_name: run timeout: 0 duration: None cls:
2019-07-31 08:54:21.637 5112 RALLYDEBUG rally.task.runner [-] Starting a worker. concurrency: 1 args: {"consumer": "both", "write_iops_sec": "10", "read_iops_sec": "1000"} times: 10 method_name: run timeout: 0 duration: None cls:
2019-07-31 08:54:21.639 5110 INFO rally.task.runner [-] Task 86217e33-13bb-4e0b-9d9c-c552fbb9ab95 | ITER: 1 START
2019-07-31 08:54:21.640 5113 RALLYDEBUG rally.task.runner [-] Starting a worker. concurrency: 1 args: {"consumer": "both", "write_iops_sec": "10", "read_iops_sec": "1000"} times: 10 method_name: run timeout: 0 duration: None cls:
2019-07-31 08:54:21.641 5111 INFO rally.task.runner [-] Task 86217e33-13bb-4e0b-9d9c-c552fbb9ab95 | ITER: 2 START
2019-07-31 08:54:21.645 5112 INFO rally.task.runner [-] Task 86217e33-13bb-4e0b-9d9c-c552fbb9ab95 | ITER: 3 START
2019-07-31 08:54:21.648 5113 INFO rally.task.runner [-] Task 86217e33-13bb-4e0b-9d9c-c552fbb9ab95 | ITER: 4 START
2019-07-31 08:54:22.706 5112 INFO rally.task.runner [-] Task 86217e33-13bb-4e0b-9d9c-c552fbb9ab95 | ITER: 3 END: OK
2019-07-31 08:54:22.709 5112 INFO rally.task.runner [-] Task 86217e33-13bb-4e0b-9d9c-c552fbb9ab95 | ITER: 5 START
2019-07-31 08:54:22.717 5110 INFO rally.task.runner [-] Task 86217e33-13bb-4e0b-9d9c-c552fbb9ab95 | ITER: 1 END: OK
2019-07-31 08:54:22.720 5110 INFO rally.task.runner [-] Task 86217e33-13bb-4e0b-9d9c-c552fbb9ab95 | ITER: 6 START
2019-07-31 08:54:22.723 5111 INFO rally.task.runner [-] Task 86217e33-13bb-4e0b-9d9c-c552fbb9ab95 | ITER: 2 END: OK
2019-07-31 08:54:22.730 5111 INFO rally.task.runner [-] Task 86217e33-13bb-4e0b-9d9c-c552fbb9ab95 | ITER: 7 START
2019-07-31 08:54:22.772 5113 INFO rally.task.runner [-] Task 86217e33-13bb-4e0b-9d9c-c552fbb9ab95 | ITER: 4 END: OK
2019-07-31 08:54:22.776 5113 INFO rally.task.runner [-] Task 86217e33-13bb-4e0b-9d9c-c552fbb9ab95 | ITER: 8 START
2019-07-31 08:54:23.730 5110 INFO rally.task.runner [-] Task 86217e33-13bb-4e0b-9d9c-c552fbb9ab95 | ITER: 6 END: OK
2019-07-31 08:54:23.735 5110 INFO rally.task.runner [-] Task 86217e33-13bb-4e0b-9d9c-c552fbb9ab95 | ITER: 9 START
2019-07-31 08:54:23.804 5111 INFO rally.task.runner [-] Task 86217e33-13bb-4e0b-9d9c-c552fbb9ab95 | ITER: 7 END: OK
2019-07-31 08:54:23.808 5111 INFO rally.task.runner [-] Task 86217e33-13bb-4e0b-9d9c-c552fbb9ab95 | ITER: 10 START
2019-07-31 08:54:23.832 5113 INFO rally.task.runner [-] Task 86217e33-13bb-4e0b-9d9c-c552fbb9ab95 | ITER: 8 END: OK
2019-07-31 08:54:23.860 5112 INFO rally.task.runner [-] Task 86217e33-13bb-4e0b-9d9c-c552fbb9ab95 | ITER: 5 END: OK
2019-07-31 08:54:24.890 5111 INFO rally.task.runner [-] Task 86217e33-13bb-4e0b-9d9c-c552fbb9ab95 | ITER: 10 END: OK
2019-07-31 08:54:24.914 5110 INFO rally.task.runner [-] Task 86217e33-13bb-4e0b-9d9c-c552fbb9ab95 | ITER: 9 END: OK
2019-07-31 08:54:24.940 1842 INFO rally.task.context [-] Task 86217e33-13bb-4e0b-9d9c-c552fbb9ab95 | Context admin_cleanup@openstack cleanup() started
2019-07-31 08:54:24.942 1842 RALLYDEBUG rally_openstack.cleanup.manager [-] Cleaning up cinder volume_types objects
2019-07-31 08:54:25.697 1842 RALLYDEBUG rally_openstack.cleanup.manager [-] Cleaning up cinder image_volumes_cache objects
2019-07-31 08:54:27.027 1842 RALLYDEBUG rally_openstack.cleanup.manager [-] Cleaning up cinder quotas objects
2019-07-31 08:54:29.100 1842 RALLYDEBUG rally_openstack.cleanup.manager [-] Cleaning up cinder qos_specs objects
2019-07-31 08:54:29.856 1842 RALLYDEBUG rally_openstack.cleanup.manager [-] Deleting cinder.qos_specs object s_rally_39c0485d_LUDxt6XM (f91b2b42-b549-4d26-923d-f37418e85854)
2019-07-31 08:54:29.866 1842 RALLYDEBUG rally_openstack.cleanup.manager [-] Deleting cinder.qos_specs object s_rally_39c0485d_GXCAHcm6 (63e7ed2f-c9db-4fef-8a01-2a90c60412d9)
2019-07-31 08:54:29.866 1842 RALLYDEBUG rally_openstack.cleanup.manager [-] Deleting cinder.qos_specs object s_rally_39c0485d_QQ1mEV2c (b2e4eb88-8751-4166-b763-982e5527d092)
2019-07-31 08:54:29.876 1842 RALLYDEBUG rally_openstack.cleanup.manager [-] Deleting cinder.qos_specs object s_rally_39c0485d_q0s4LI9L (2866b6f4-51ff-481b-b96b-13bf9facafcf)
2019-07-31 08:54:29.884 1842 RALLYDEBUG rally_openstack.cleanup.manager [-] Deleting cinder.qos_specs object s_rally_39c0485d_JtH9qMFl (1e472a70-b131-4e81-b0b2-2c9e9a43c8f9)
2019-07-31 08:54:29.897 1842 RALLYDEBUG rally_openstack.cleanup.manager [-] Deleting cinder.qos_specs object s_rally_39c0485d_SuAv5q0n (b7384047-d267-45dd-8d13-8b1a2f32f9d3)
2019-07-31 08:54:29.905 1842 RALLYDEBUG rally_openstack.cleanup.manager [-] Deleting cinder.qos_specs object s_rally_39c0485d_oO9v5nHc (1b324c86-586f-4d8a-8500-4eb13f1b3976)
2019-07-31 08:54:29.912 1842 RALLYDEBUG rally_openstack.cleanup.manager [-] Deleting cinder.qos_specs object s_rally_39c0485d_6cTuzLsn (51d9607f-2faf-4c1c-b2e9-64b5eb35e609)
2019-07-31 08:54:29.929 1842 RALLYDEBUG rally_openstack.cleanup.manager [-] Deleting cinder.qos_specs object s_rally_39c0485d_kYmNVyz8 (304f3d61-2c3b-4eb1-a547-1003b3d4f9a6)
2019-07-31 08:54:29.929 1842 RALLYDEBUG rally_openstack.cleanup.manager [-] Deleting cinder.qos_specs object s_rally_39c0485d_dpQHeVaN (29e6c6c0-1258-4f7d-a872-49948f6885af)
2019-07-31 08:54:32.226 1842 INFO rally.task.context [-] Task 86217e33-13bb-4e0b-9d9c-c552fbb9ab95 | Context admin_cleanup@openstack cleanup() finished in 7.29 sec
2019-07-31 08:54:32.227 1842 INFO rally.task.context [-] Task 86217e33-13bb-4e0b-9d9c-c552fbb9ab95 | Context api_versions@openstack cleanup() started
2019-07-31 08:54:32.227 1842 INFO rally.task.context [-] Task 86217e33-13bb-4e0b-9d9c-c552fbb9ab95 | Context api_versions@openstack cleanup() finished in 0.21 msec
2019-07-31 08:54:32.227 1842 INFO rally.task.context [-] Task 86217e33-13bb-4e0b-9d9c-c552fbb9ab95 | Context users@openstack cleanup() started
2019-07-31 08:54:40.246 1842 INFO rally.task.context [-] Task 86217e33-13bb-4e0b-9d9c-c552fbb9ab95 | Context users@openstack cleanup() finished in 8.02 sec
2019-07-31 08:54:40.628 1842 INFO rally.task.engine [-] Load duration is: 3.27027
2019-07-31 08:54:40.629 1842 INFO rally.task.engine [-] Full runner duration is: 3.321731
2019-07-31 08:54:40.629 1842 INFO rally.task.engine [-] Full duration is: 23.730673
2019-07-31 08:54:40.859 1842 INFO rally.task.engine [-] Running workload: position = 0 config = { "version": 2, "title": "A cropped version of a bigger task.", "description": "Auto-generated task from a single workload (uuid=0998dd2e-5f11-4ba0-86e6-6deb0c277066)", "subtasks": [ { "title": "CinderQos.create_and_list_qos", "description": "Create a qos, then list all qos.", "scenario": { "CinderQos.create_and_list_qos": { "consumer": "both", "write_iops_sec": "10", "read_iops_sec": "1000" } }, "contexts": { "users": { "tenants": 3, "users_per_tenant": 2 }, "api_versions": { "cinder": { "version": 3, "service_type": "volumev3" } } }, "runner": { "constant": { "concurrency": 4, "times": 10 } }, "hooks": [], "sla": { "failure_rate": { "max": 0 } } } ] }
2019-07-31 08:54:40.886 1842 RALLYDEBUG rally_openstack.contexts.keystone.users [-] Creating 3 tenants using 20 threads
2019-07-31 08:54:42.714 1842 RALLYDEBUG rally_openstack.contexts.keystone.users [-] Creating 6 users using 20 threads
2019-07-31 08:54:45.467 1842 INFO rally.task.context [-] Task 86217e33-13bb-4e0b-9d9c-c552fbb9ab95 | Context users@openstack setup() finished in 4.58 sec
2019-07-31 08:54:45.899 1842 INFO rally.task.context [-] Task 86217e33-13bb-4e0b-9d9c-c552fbb9ab95 | Context api_versions@openstack setup() finished in 0.43 sec
2019-07-31 08:54:45.900 1842 INFO rally.task.context [-] Task 86217e33-13bb-4e0b-9d9c-c552fbb9ab95 | Context admin_cleanup@openstack setup() finished in 0.03 msec
2019-07-31 08:54:45.907 1842 RALLYDEBUG rally.task.runner [-] Starting the constant runner (task UUID: 86217e33-13bb-4e0b-9d9c-c552fbb9ab95). timeout: 0 concurrency: 4 concurrency_per_worker: 1 times: 10 concurrency_overhead: 0 processes_to_start: 4 max_cpu_used: 16
2019-07-31 08:54:45.919 5294 RALLYDEBUG rally.task.runner [-] Starting a worker. concurrency: 1 args: {"consumer": "both", "write_iops_sec": "10", "read_iops_sec": "1000"} times: 10 method_name: run timeout: 0 duration: None cls:
2019-07-31 08:54:45.921 5295 RALLYDEBUG rally.task.runner [-] Starting a worker. concurrency: 1 args: {"consumer": "both", "write_iops_sec": "10", "read_iops_sec": "1000"} times: 10 method_name: run timeout: 0 duration: None cls:
2019-07-31 08:54:45.926 5295 INFO rally.task.runner [-] Task 86217e33-13bb-4e0b-9d9c-c552fbb9ab95 | ITER: 2 START
2019-07-31 08:54:45.926 5296 RALLYDEBUG rally.task.runner [-] Starting a worker. concurrency: 1 args: {"consumer": "both", "write_iops_sec": "10", "read_iops_sec": "1000"} times: 10 method_name: run timeout: 0 duration: None cls:
2019-07-31 08:54:45.927 5294 INFO rally.task.runner [-] Task 86217e33-13bb-4e0b-9d9c-c552fbb9ab95 | ITER: 1 START
2019-07-31 08:54:45.928 5297 RALLYDEBUG rally.task.runner [-] Starting a worker. concurrency: 1 args: {"consumer": "both", "write_iops_sec": "10", "read_iops_sec": "1000"} times: 10 method_name: run timeout: 0 duration: None cls:
2019-07-31 08:54:45.934 5296 INFO rally.task.runner [-] Task 86217e33-13bb-4e0b-9d9c-c552fbb9ab95 | ITER: 3 START
2019-07-31 08:54:45.935 5297 INFO rally.task.runner [-] Task 86217e33-13bb-4e0b-9d9c-c552fbb9ab95 | ITER: 4 START
2019-07-31 08:54:47.007 5296 INFO rally.task.runner [-] Task 86217e33-13bb-4e0b-9d9c-c552fbb9ab95 | ITER: 3 END: OK
2019-07-31 08:54:47.012 5296 INFO rally.task.runner [-] Task 86217e33-13bb-4e0b-9d9c-c552fbb9ab95 | ITER: 5 START
2019-07-31 08:54:47.035 5295 INFO rally.task.runner [-] Task 86217e33-13bb-4e0b-9d9c-c552fbb9ab95 | ITER: 2 END: OK
2019-07-31 08:54:47.041 5295 INFO rally.task.runner [-] Task 86217e33-13bb-4e0b-9d9c-c552fbb9ab95 | ITER: 6 START
2019-07-31 08:54:47.044 5294 INFO rally.task.runner [-] Task 86217e33-13bb-4e0b-9d9c-c552fbb9ab95 | ITER: 1 END: OK
2019-07-31 08:54:47.049 5294 INFO rally.task.runner [-] Task 86217e33-13bb-4e0b-9d9c-c552fbb9ab95 | ITER: 7 START
2019-07-31 08:54:47.071 5297 INFO rally.task.runner [-] Task 86217e33-13bb-4e0b-9d9c-c552fbb9ab95 | ITER: 4 END: OK
2019-07-31 08:54:47.076 5297 INFO rally.task.runner [-] Task 86217e33-13bb-4e0b-9d9c-c552fbb9ab95 | ITER: 8 START
2019-07-31 08:54:47.971 5296 INFO rally.task.runner [-] Task 86217e33-13bb-4e0b-9d9c-c552fbb9ab95 | ITER: 5 END: OK
2019-07-31 08:54:47.975 5296 INFO rally.task.runner [-] Task 86217e33-13bb-4e0b-9d9c-c552fbb9ab95 | ITER: 9 START
2019-07-31 08:54:48.072 5295 INFO rally.task.runner [-] Task 86217e33-13bb-4e0b-9d9c-c552fbb9ab95 | ITER: 6 END: OK
2019-07-31 08:54:48.076 5295 INFO rally.task.runner [-] Task 86217e33-13bb-4e0b-9d9c-c552fbb9ab95 | ITER: 10 START
2019-07-31 08:54:48.078 5294 INFO rally.task.runner [-] Task 86217e33-13bb-4e0b-9d9c-c552fbb9ab95 | ITER: 7 END: OK
2019-07-31 08:54:48.135 5297 INFO rally.task.runner [-] Task 86217e33-13bb-4e0b-9d9c-c552fbb9ab95 | ITER: 8 END: OK
2019-07-31 08:54:48.888 5296 INFO rally.task.runner [-] Task 86217e33-13bb-4e0b-9d9c-c552fbb9ab95 | ITER: 9 END: OK
2019-07-31 08:54:48.964 5295 INFO rally.task.runner [-] Task 86217e33-13bb-4e0b-9d9c-c552fbb9ab95 | ITER: 10 END: OK
2019-07-31 08:54:48.987 1842 INFO rally.task.context [-] Task 86217e33-13bb-4e0b-9d9c-c552fbb9ab95 | Context admin_cleanup@openstack cleanup() started
2019-07-31 08:54:48.991 1842 RALLYDEBUG rally_openstack.cleanup.manager [-] Cleaning up cinder volume_types objects
2019-07-31 08:54:49.728 1842 RALLYDEBUG rally_openstack.cleanup.manager [-] Cleaning up cinder image_volumes_cache objects
2019-07-31 08:54:51.149 1842 RALLYDEBUG rally_openstack.cleanup.manager [-] Cleaning up cinder quotas objects
2019-07-31 08:54:53.187 1842 RALLYDEBUG rally_openstack.cleanup.manager [-] Cleaning up cinder qos_specs objects
2019-07-31 08:54:53.955 1842 RALLYDEBUG rally_openstack.cleanup.manager [-] Deleting cinder.qos_specs object s_rally_0998dd2e_OBGoimgV (c6ccd7b1-45c5-4f0a-8065-998bb5c2d847)
2019-07-31 08:54:53.961 1842 RALLYDEBUG rally_openstack.cleanup.manager [-] Deleting cinder.qos_specs object s_rally_0998dd2e_tVs1HsLw (b89d8273-cfec-46c6-a0d6-2e313a01cc18)
2019-07-31 08:54:53.961 1842 RALLYDEBUG rally_openstack.cleanup.manager [-] Deleting cinder.qos_specs object s_rally_0998dd2e_tZD8lqjs (9c1d6598-5a29-4f72-a322-63e7b46d6d90)
2019-07-31 08:54:53.972 1842 RALLYDEBUG rally_openstack.cleanup.manager [-] Deleting cinder.qos_specs object s_rally_0998dd2e_KiclTeiS (1aee02e8-24b4-42d6-a6a4-d5651aef8960)
2019-07-31 08:54:53.972 1842 RALLYDEBUG rally_openstack.cleanup.manager [-] Deleting cinder.qos_specs object s_rally_0998dd2e_XSMDbD0F (893592ac-64b3-41c2-bc4e-c817513dcd58)
2019-07-31 08:54:53.978 1842 RALLYDEBUG rally_openstack.cleanup.manager [-] Deleting cinder.qos_specs object s_rally_0998dd2e_0YpvSMis (04cd1934-15c9-4dff-b8a5-bfc4218209cf)
2019-07-31 08:54:53.985 1842 RALLYDEBUG rally_openstack.cleanup.manager [-] Deleting cinder.qos_specs object s_rally_0998dd2e_UcH7gpAc (ee4482a7-d73c-43f1-aab4-59285c1c66b0)
2019-07-31 08:54:53.988 1842 RALLYDEBUG rally_openstack.cleanup.manager [-] Deleting cinder.qos_specs object s_rally_0998dd2e_j3U5BUtF (e40657fb-b1f1-4878-a4fd-3f25fc6ec9ac)
2019-07-31 08:54:53.995 1842 RALLYDEBUG rally_openstack.cleanup.manager [-] Deleting cinder.qos_specs object s_rally_0998dd2e_KjKSc394 (adc6de02-4bb0-45f0-860e-fd152eb91a68)
2019-07-31 08:54:54.016 1842 RALLYDEBUG rally_openstack.cleanup.manager [-] Deleting cinder.qos_specs object s_rally_0998dd2e_AgmdRxWV (15e1c3c9-65b3-4bfc-b7c2-572ec2cc54dd)
2019-07-31 08:54:56.349 1842 INFO rally.task.context [-] Task 86217e33-13bb-4e0b-9d9c-c552fbb9ab95 | Context admin_cleanup@openstack cleanup() finished in 7.36 sec
2019-07-31 08:54:56.350 1842 INFO rally.task.context [-] Task 86217e33-13bb-4e0b-9d9c-c552fbb9ab95 | Context api_versions@openstack cleanup() started
2019-07-31 08:54:56.350 1842 INFO rally.task.context [-] Task 86217e33-13bb-4e0b-9d9c-c552fbb9ab95 | Context api_versions@openstack cleanup() finished in 0.32 msec
2019-07-31 08:54:56.350 1842 INFO rally.task.context [-] Task 86217e33-13bb-4e0b-9d9c-c552fbb9ab95 | Context users@openstack cleanup() started
2019-07-31 08:55:04.523 1842 INFO rally.task.context [-] Task 86217e33-13bb-4e0b-9d9c-c552fbb9ab95 | Context users@openstack cleanup() finished in 8.17 sec
2019-07-31 08:55:04.994 1842 INFO rally.task.engine [-] Load duration is: 3.034603
2019-07-31 08:55:04.995 1842 INFO rally.task.engine [-] Full runner duration is: 3.080506
2019-07-31 08:55:04.995 1842 INFO rally.task.engine [-] Full duration is: 23.639025
2019-07-31 08:55:05.262 1842 INFO rally.task.engine [-] Running workload: position = 0 config = { "version": 2, "title": "A cropped version of a bigger task.", "description": "Auto-generated task from a single workload (uuid=48eee799-9969-488d-b1b9-218d95eb10d4)", "subtasks": [ { "title": "CinderQos.create_and_set_qos", "description": "Create a qos, then Add/Update keys in qos specs.", "scenario": { "CinderQos.create_and_set_qos": { "consumer": "back-end", "write_iops_sec": "10", "read_iops_sec": "1000", "set_consumer": "both", "set_write_iops_sec": "11", "set_read_iops_sec": "1001" } }, "contexts": { "users": { "tenants": 3, "users_per_tenant": 2 }, "api_versions": { "cinder": { "version": 3, "service_type": "volumev3" } } }, "runner": { "constant": { "concurrency": 4, "times": 10 } }, "hooks": [], "sla": { "failure_rate": { "max": 0 } } } ] }
2019-07-31 08:55:05.287 1842 RALLYDEBUG rally_openstack.contexts.keystone.users [-] Creating 3 tenants using 20 threads
2019-07-31 08:55:07.085 1842 RALLYDEBUG rally_openstack.contexts.keystone.users [-] Creating 6 users using 20 threads
2019-07-31 08:55:09.854 1842 INFO rally.task.context [-] Task 86217e33-13bb-4e0b-9d9c-c552fbb9ab95 | Context users@openstack setup() finished in 4.57 sec
2019-07-31 08:55:10.308 1842 INFO rally.task.context [-] Task 86217e33-13bb-4e0b-9d9c-c552fbb9ab95 | Context api_versions@openstack setup() finished in 0.45 sec
2019-07-31 08:55:10.309 1842 INFO rally.task.context [-] Task 86217e33-13bb-4e0b-9d9c-c552fbb9ab95 | Context admin_cleanup@openstack setup() finished in 0.01 msec
2019-07-31 08:55:10.316 1842 RALLYDEBUG rally.task.runner [-] Starting the constant runner (task UUID: 86217e33-13bb-4e0b-9d9c-c552fbb9ab95). timeout: 0 concurrency: 4 concurrency_per_worker: 1 times: 10 concurrency_overhead: 0 processes_to_start: 4 max_cpu_used: 16
2019-07-31 08:55:10.328 5478 RALLYDEBUG rally.task.runner [-] Starting a worker. concurrency: 1 args: {"consumer": "back-end", "write_iops_sec": "10", "read_iops_sec": "1000", "set_consumer": "both", "set_write_iops_sec": "11", "set_read_iops_sec": "1001"} times: 10 method_name: run timeout: 0 duration: None cls:
2019-07-31 08:55:10.330 5479 RALLYDEBUG rally.task.runner [-] Starting a worker. concurrency: 1 args: {"consumer": "back-end", "write_iops_sec": "10", "read_iops_sec": "1000", "set_consumer": "both", "set_write_iops_sec": "11", "set_read_iops_sec": "1001"} times: 10 method_name: run timeout: 0 duration: None cls:
