2019-07-31 08:46:04.013 1842 INFO rally.task.engine [-] Running workload: position = 0 config = { "version": 2, "title": "A cropped version of a bigger task.", "description": "Auto-generated task from a single workload (uuid=268199e4-a421-4490-ad40-6ad42e12f53b)", "subtasks": [ { "title": "CinderVolumes.create_volume", "description": "Create a volume.", "scenario": { "CinderVolumes.create_volume": { "size": 1 } }, "contexts": { "users": { "tenants": 3, "users_per_tenant": 2 }, "api_versions": { "cinder": { "version": 3, "service_type": "volumev3" } } }, "runner": { "constant": { "concurrency": 4, "times": 10 } }, "hooks": [], "sla": { "failure_rate": { "max": 0 } } } ] }
2019-07-31 08:46:04.032 1842 RALLYDEBUG rally_openstack.contexts.keystone.users [-] Creating 3 tenants using 20 threads
2019-07-31 08:46:05.928 1842 RALLYDEBUG rally_openstack.contexts.keystone.users [-] Creating 6 users using 20 threads
2019-07-31 08:46:08.868 1842 INFO rally.task.context [-] Task 86217e33-13bb-4e0b-9d9c-c552fbb9ab95 | Context users@openstack setup() finished in 4.84 sec
2019-07-31 08:46:09.306 1842 INFO rally.task.context [-] Task 86217e33-13bb-4e0b-9d9c-c552fbb9ab95 | Context api_versions@openstack setup() finished in 0.44 sec
2019-07-31 08:46:09.306 1842 INFO rally.task.context [-] Task 86217e33-13bb-4e0b-9d9c-c552fbb9ab95 | Context cleanup@openstack setup() finished in 0.01 msec
2019-07-31 08:46:09.313 1842 RALLYDEBUG rally.task.runner [-] Starting the constant runner (task UUID: 86217e33-13bb-4e0b-9d9c-c552fbb9ab95). timeout: 0 concurrency: 4 concurrency_per_worker: 1 times: 10 concurrency_overhead: 0 processes_to_start: 4 max_cpu_used: 16
2019-07-31 08:46:09.325 3474 RALLYDEBUG rally.task.runner [-] Starting a worker. concurrency: 1 args: {"size": 1} times: 10 method_name: run timeout: 0 duration: None cls:
2019-07-31 08:46:09.329 3475 RALLYDEBUG rally.task.runner [-] Starting a worker. concurrency: 1 args: {"size": 1} times: 10 method_name: run timeout: 0 duration: None cls:
2019-07-31 08:46:09.330 3474 INFO rally.task.runner [-] Task 86217e33-13bb-4e0b-9d9c-c552fbb9ab95 | ITER: 1 START
2019-07-31 08:46:09.331 3476 RALLYDEBUG rally.task.runner [-] Starting a worker. concurrency: 1 args: {"size": 1} times: 10 method_name: run timeout: 0 duration: None cls:
2019-07-31 08:46:09.334 3477 RALLYDEBUG rally.task.runner [-] Starting a worker. concurrency: 1 args: {"size": 1} times: 10 method_name: run timeout: 0 duration: None cls:
2019-07-31 08:46:09.336 3475 INFO rally.task.runner [-] Task 86217e33-13bb-4e0b-9d9c-c552fbb9ab95 | ITER: 2 START
2019-07-31 08:46:09.339 3476 INFO rally.task.runner [-] Task 86217e33-13bb-4e0b-9d9c-c552fbb9ab95 | ITER: 3 START
2019-07-31 08:46:09.341 3477 INFO rally.task.runner [-] Task 86217e33-13bb-4e0b-9d9c-c552fbb9ab95 | ITER: 4 START
2019-07-31 08:46:12.797 3477 INFO rally.task.runner [-] Task 86217e33-13bb-4e0b-9d9c-c552fbb9ab95 | ITER: 4 END: OK
2019-07-31 08:46:12.801 3477 INFO rally.task.runner [-] Task 86217e33-13bb-4e0b-9d9c-c552fbb9ab95 | ITER: 5 START
2019-07-31 08:46:12.953 3475 INFO rally.task.runner [-] Task 86217e33-13bb-4e0b-9d9c-c552fbb9ab95 | ITER: 2 END: OK
2019-07-31 08:46:12.958 3475 INFO rally.task.runner [-] Task 86217e33-13bb-4e0b-9d9c-c552fbb9ab95 | ITER: 6 START
2019-07-31 08:46:13.075 3476 INFO rally.task.runner [-] Task 86217e33-13bb-4e0b-9d9c-c552fbb9ab95 | ITER: 3 END: OK
2019-07-31 08:46:13.081 3476 INFO rally.task.runner [-] Task 86217e33-13bb-4e0b-9d9c-c552fbb9ab95 | ITER: 7 START
2019-07-31 08:46:13.137 3474 INFO rally.task.runner [-] Task 86217e33-13bb-4e0b-9d9c-c552fbb9ab95 | ITER: 1 END: OK
2019-07-31 08:46:13.143 3474 INFO rally.task.runner [-] Task 86217e33-13bb-4e0b-9d9c-c552fbb9ab95 | ITER: 8 START
2019-07-31 08:46:16.503 3477 INFO rally.task.runner [-] Task 86217e33-13bb-4e0b-9d9c-c552fbb9ab95 | ITER: 5 END: OK
2019-07-31 08:46:16.506 3477 INFO rally.task.runner [-] Task 86217e33-13bb-4e0b-9d9c-c552fbb9ab95 | ITER: 9 START
2019-07-31 08:46:16.527 3475 INFO rally.task.runner [-] Task 86217e33-13bb-4e0b-9d9c-c552fbb9ab95 | ITER: 6 END: OK
2019-07-31 08:46:16.531 3475 INFO rally.task.runner [-] Task 86217e33-13bb-4e0b-9d9c-c552fbb9ab95 | ITER: 10 START
2019-07-31 08:46:16.659 3476 INFO rally.task.runner [-] Task 86217e33-13bb-4e0b-9d9c-c552fbb9ab95 | ITER: 7 END: OK
2019-07-31 08:46:16.758 3474 INFO rally.task.runner [-] Task 86217e33-13bb-4e0b-9d9c-c552fbb9ab95 | ITER: 8 END: OK
2019-07-31 08:46:20.050 3477 INFO rally.task.runner [-] Task 86217e33-13bb-4e0b-9d9c-c552fbb9ab95 | ITER: 9 END: OK
2019-07-31 08:46:20.182 3475 INFO rally.task.runner [-] Task 86217e33-13bb-4e0b-9d9c-c552fbb9ab95 | ITER: 10 END: OK
2019-07-31 08:46:20.207 1842 INFO rally.task.context [-] Task 86217e33-13bb-4e0b-9d9c-c552fbb9ab95 | Context cleanup@openstack cleanup() started
2019-07-31 08:46:20.209 1842 RALLYDEBUG rally_openstack.cleanup.manager [-] Cleaning up cinder backups objects
2019-07-31 08:46:22.540 1842 RALLYDEBUG rally_openstack.cleanup.manager [-] Cleaning up cinder volume_snapshots objects
2019-07-31 08:46:24.828 1842 RALLYDEBUG rally_openstack.cleanup.manager [-] Cleaning up cinder transfers objects
2019-07-31 08:46:26.997 1842 RALLYDEBUG rally_openstack.cleanup.manager [-] Cleaning up cinder volumes objects
2019-07-31 08:46:29.458 1842 RALLYDEBUG rally_openstack.cleanup.manager [-] Deleting cinder.volumes object s_rally_268199e4_Kx0T6Mc3 (9449cc7c-d06a-4c9d-8233-a61e9ed6a4c3)
2019-07-31 08:46:29.459 1842 RALLYDEBUG rally_openstack.cleanup.manager [-] Deleting cinder.volumes object s_rally_268199e4_JMSG17qz (53292247-9b3d-4002-9960-0af373a6f4e8)
2019-07-31 08:46:29.459 1842 RALLYDEBUG rally_openstack.cleanup.manager [-] Deleting cinder.volumes object s_rally_268199e4_7i71vzfA (496027cb-e6fb-4bc6-856d-ffe710d6b6f3)
2019-07-31 08:46:29.472 1842 RALLYDEBUG rally_openstack.cleanup.manager [-] Deleting cinder.volumes object s_rally_268199e4_IJCaWp6J (a90ec82a-2f04-4d0a-bcc7-39f2cd73d6a2)
2019-07-31 08:46:29.473 1842 RALLYDEBUG rally_openstack.cleanup.manager [-] Deleting cinder.volumes object s_rally_268199e4_9QfX3l6W (5d32084d-099b-4b3e-8a2e-aa56355c61d9)
2019-07-31 08:46:29.476 1842 RALLYDEBUG rally_openstack.cleanup.manager [-] Deleting cinder.volumes object s_rally_268199e4_ED7V6ZMx (35321e7c-b011-42b1-b00d-7a8f33ae2367)
2019-07-31 08:46:29.478 1842 RALLYDEBUG rally_openstack.cleanup.manager [-] Deleting cinder.volumes object s_rally_268199e4_cKAFhbSR (fe253688-569d-488d-bac2-59ca7857d25d)
2019-07-31 08:46:29.478 1842 RALLYDEBUG rally_openstack.cleanup.manager [-] Deleting cinder.volumes object s_rally_268199e4_kC56pGBp (cf428864-9bcf-4437-900e-a17ef5726c5d)
2019-07-31 08:46:29.481 1842 RALLYDEBUG rally_openstack.cleanup.manager [-] Deleting cinder.volumes object s_rally_268199e4_1GBTJQIP (7e528f8e-6ad2-472a-b190-36a73f66caa2)
2019-07-31 08:46:29.490 1842 RALLYDEBUG rally_openstack.cleanup.manager [-] Deleting cinder.volumes object s_rally_268199e4_6bpWIPiu (0f5a9df3-8915-4cd4-b8c8-9246dba61711)
2019-07-31 08:46:34.748 1842 INFO rally.task.context [-] Task 86217e33-13bb-4e0b-9d9c-c552fbb9ab95 | Context cleanup@openstack cleanup() finished in 14.54 sec
2019-07-31 08:46:34.749 1842 INFO rally.task.context [-] Task 86217e33-13bb-4e0b-9d9c-c552fbb9ab95 | Context api_versions@openstack cleanup() started
2019-07-31 08:46:34.749 1842 INFO rally.task.context [-] Task 86217e33-13bb-4e0b-9d9c-c552fbb9ab95 | Context api_versions@openstack cleanup() finished in 0.32 msec
2019-07-31 08:46:34.749 1842 INFO rally.task.context [-] Task 86217e33-13bb-4e0b-9d9c-c552fbb9ab95 | Context users@openstack cleanup() started
2019-07-31 08:46:43.395 1842 INFO rally.task.context [-] Task 86217e33-13bb-4e0b-9d9c-c552fbb9ab95 | Context users@openstack cleanup() finished in 8.65 sec
2019-07-31 08:46:44.210 1842 INFO rally.task.engine [-] Load duration is: 10.847989
2019-07-31 08:46:44.210 1842 INFO rally.task.engine [-] Full runner duration is: 10.893809
2019-07-31 08:46:44.210 1842 INFO rally.task.engine [-] Full duration is: 39.366837
2019-07-31 08:46:44.397 1842 INFO rally.task.engine [-] Running workload: position = 1 config = { "version": 2, "title": "A cropped version of a bigger task.", "description": "Auto-generated task from a single workload (uuid=d12792ee-c25c-4938-a655-6eae72a37c31)", "subtasks": [ { "title": "CinderVolumes.create_volume", "description": "Create a volume.", "scenario": { "CinderVolumes.create_volume": { "size": { "min": 1, "max": 1 } } }, "contexts": { "users": { "tenants": 3, "users_per_tenant": 2 }, "quotas": { "cinder": { "gigabytes": -1, "snapshots": -1, "volumes": -1 } }, "api_versions": { "cinder": { "version": 3, "service_type": "volumev3" } } }, "runner": { "constant": { "concurrency": 4, "times": 10 } }, "hooks": [], "sla": { "failure_rate": { "max": 0 } } } ] }
2019-07-31 08:46:44.422 1842 RALLYDEBUG rally_openstack.contexts.keystone.users [-] Creating 3 tenants using 20 threads
2019-07-31 08:46:46.414 1842 RALLYDEBUG rally_openstack.contexts.keystone.users [-] Creating 6 users using 20 threads
2019-07-31 08:46:49.314 1842 INFO rally.task.context [-] Task 86217e33-13bb-4e0b-9d9c-c552fbb9ab95 | Context users@openstack setup() finished in 4.89 sec
2019-07-31 08:46:49.744 1842 INFO rally.task.context [-] Task 86217e33-13bb-4e0b-9d9c-c552fbb9ab95 | Context api_versions@openstack setup() finished in 0.43 sec
2019-07-31 08:46:51.437 1842 INFO rally.task.context [-] Task 86217e33-13bb-4e0b-9d9c-c552fbb9ab95 | Context quotas@openstack setup() finished in 1.69 sec
2019-07-31 08:46:51.438 1842 INFO rally.task.context [-] Task 86217e33-13bb-4e0b-9d9c-c552fbb9ab95 | Context cleanup@openstack setup() finished in 0.00 msec
2019-07-31 08:46:51.446 1842 RALLYDEBUG rally.task.runner [-] Starting the constant runner (task UUID: 86217e33-13bb-4e0b-9d9c-c552fbb9ab95). timeout: 0 concurrency: 4 concurrency_per_worker: 1 times: 10 concurrency_overhead: 0 processes_to_start: 4 max_cpu_used: 16
2019-07-31 08:46:51.459 3658 RALLYDEBUG rally.task.runner [-] Starting a worker. concurrency: 1 args: {"size": {"min": 1, "max": 1}} times: 10 method_name: run timeout: 0 duration: None cls:
2019-07-31 08:46:51.462 3659 RALLYDEBUG rally.task.runner [-] Starting a worker. concurrency: 1 args: {"size": {"min": 1, "max": 1}} times: 10 method_name: run timeout: 0 duration: None cls:
2019-07-31 08:46:51.465 3660 RALLYDEBUG rally.task.runner [-] Starting a worker. concurrency: 1 args: {"size": {"min": 1, "max": 1}} times: 10 method_name: run timeout: 0 duration: None cls:
2019-07-31 08:46:51.467 3658 INFO rally.task.runner [-] Task 86217e33-13bb-4e0b-9d9c-c552fbb9ab95 | ITER: 1 START
2019-07-31 08:46:51.467 3661 RALLYDEBUG rally.task.runner [-] Starting a worker. concurrency: 1 args: {"size": {"min": 1, "max": 1}} times: 10 method_name: run timeout: 0 duration: None cls:
2019-07-31 08:46:51.469 3659 INFO rally.task.runner [-] Task 86217e33-13bb-4e0b-9d9c-c552fbb9ab95 | ITER: 2 START
2019-07-31 08:46:51.472 3660 INFO rally.task.runner [-] Task 86217e33-13bb-4e0b-9d9c-c552fbb9ab95 | ITER: 3 START
2019-07-31 08:46:51.475 3661 INFO rally.task.runner [-] Task 86217e33-13bb-4e0b-9d9c-c552fbb9ab95 | ITER: 4 START
2019-07-31 08:46:54.977 3661 INFO rally.task.runner [-] Task 86217e33-13bb-4e0b-9d9c-c552fbb9ab95 | ITER: 4 END: OK
2019-07-31 08:46:54.983 3661 INFO rally.task.runner [-] Task 86217e33-13bb-4e0b-9d9c-c552fbb9ab95 | ITER: 5 START
2019-07-31 08:46:55.137 3658 INFO rally.task.runner [-] Task 86217e33-13bb-4e0b-9d9c-c552fbb9ab95 | ITER: 1 END: OK
2019-07-31 08:46:55.142 3658 INFO rally.task.runner [-] Task 86217e33-13bb-4e0b-9d9c-c552fbb9ab95 | ITER: 6 START
2019-07-31 08:46:55.363 3660 INFO rally.task.runner [-] Task 86217e33-13bb-4e0b-9d9c-c552fbb9ab95 | ITER: 3 END: OK
2019-07-31 08:46:55.365 3659 INFO rally.task.runner [-] Task 86217e33-13bb-4e0b-9d9c-c552fbb9ab95 | ITER: 2 END: OK
2019-07-31 08:46:55.369 3660 INFO rally.task.runner [-] Task 86217e33-13bb-4e0b-9d9c-c552fbb9ab95 | ITER: 7 START
2019-07-31 08:46:55.371 3659 INFO rally.task.runner [-] Task 86217e33-13bb-4e0b-9d9c-c552fbb9ab95 | ITER: 8 START
2019-07-31 08:46:58.636 3661 INFO rally.task.runner [-] Task 86217e33-13bb-4e0b-9d9c-c552fbb9ab95 | ITER: 5 END: OK
2019-07-31 08:46:58.641 3661 INFO rally.task.runner [-] Task 86217e33-13bb-4e0b-9d9c-c552fbb9ab95 | ITER: 9 START
2019-07-31 08:46:59.083 3659 INFO rally.task.runner [-] Task 86217e33-13bb-4e0b-9d9c-c552fbb9ab95 | ITER: 8 END: OK
2019-07-31 08:46:59.087 3659 INFO rally.task.runner [-] Task 86217e33-13bb-4e0b-9d9c-c552fbb9ab95 | ITER: 10 START
2019-07-31 08:46:59.195 3658 INFO rally.task.runner [-] Task 86217e33-13bb-4e0b-9d9c-c552fbb9ab95 | ITER: 6 END: OK
2019-07-31 08:46:59.202 3660 INFO rally.task.runner [-] Task 86217e33-13bb-4e0b-9d9c-c552fbb9ab95 | ITER: 7 END: OK
2019-07-31 08:47:02.298 3661 INFO rally.task.runner [-] Task 86217e33-13bb-4e0b-9d9c-c552fbb9ab95 | ITER: 9 END: OK
2019-07-31 08:47:02.666 3659 INFO rally.task.runner [-] Task 86217e33-13bb-4e0b-9d9c-c552fbb9ab95 | ITER: 10 END: OK
2019-07-31 08:47:02.688 1842 INFO rally.task.context [-] Task 86217e33-13bb-4e0b-9d9c-c552fbb9ab95 | Context cleanup@openstack cleanup() started
2019-07-31 08:47:02.690 1842 RALLYDEBUG rally_openstack.cleanup.manager [-] Cleaning up cinder backups objects
2019-07-31 08:47:05.158 1842 RALLYDEBUG rally_openstack.cleanup.manager [-] Cleaning up cinder volume_snapshots objects
2019-07-31 08:47:07.382 1842 RALLYDEBUG rally_openstack.cleanup.manager [-] Cleaning up cinder transfers objects
2019-07-31 08:47:09.628 1842 RALLYDEBUG rally_openstack.cleanup.manager [-] Cleaning up cinder volumes objects
2019-07-31 08:47:12.096 1842 RALLYDEBUG rally_openstack.cleanup.manager [-] Deleting cinder.volumes object s_rally_d12792ee_PvP48uOG (b93113e4-40db-4b02-adae-f987d5b72f49)
2019-07-31 08:47:12.100 1842 RALLYDEBUG rally_openstack.cleanup.manager [-] Deleting cinder.volumes object s_rally_d12792ee_EeNz3HDK (c6b304e4-ff99-4ec2-a450-fd04af535a93)
2019-07-31 08:47:12.100 1842 RALLYDEBUG rally_openstack.cleanup.manager [-] Deleting cinder.volumes object s_rally_d12792ee_DXdZ4XpV (1df99c93-caea-4757-a88a-5d840064544e)
2019-07-31 08:47:12.101 1842 RALLYDEBUG rally_openstack.cleanup.manager [-] Deleting cinder.volumes object s_rally_d12792ee_OvZrGgoE (e0660986-394f-49c9-b469-031dbe3159ee)
2019-07-31 08:47:12.102 1842 RALLYDEBUG rally_openstack.cleanup.manager [-] Deleting cinder.volumes object s_rally_d12792ee_rH1eryWu (51b86893-1893-4d71-8db5-c642c4d852e0)
2019-07-31 08:47:12.105 1842 RALLYDEBUG rally_openstack.cleanup.manager [-] Deleting cinder.volumes object s_rally_d12792ee_o3l3pDbz (0898fa55-2c66-49cc-83d6-4180bab8060d)
2019-07-31 08:47:12.105 1842 RALLYDEBUG rally_openstack.cleanup.manager [-] Deleting cinder.volumes object s_rally_d12792ee_RCKxqMyW (089320ce-fbc1-4c45-86f9-c653c26fb6b5)
2019-07-31 08:47:12.107 1842 RALLYDEBUG rally_openstack.cleanup.manager [-] Deleting cinder.volumes object s_rally_d12792ee_Lz7p1RlD (b17bc8c8-c696-4088-b609-24fb4b52c2fd)
2019-07-31 08:47:12.112 1842 RALLYDEBUG rally_openstack.cleanup.manager [-] Deleting cinder.volumes object s_rally_d12792ee_JAi2Gc0i (7767275d-c3a3-4567-bd66-98ad353f0f42)
2019-07-31 08:47:12.121 1842 RALLYDEBUG rally_openstack.cleanup.manager [-] Deleting cinder.volumes object s_rally_d12792ee_gjpZU118 (92df7560-09cf-4777-ae63-15c856b8a9b2)
2019-07-31 08:47:17.252 1842 INFO rally.task.context [-] Task 86217e33-13bb-4e0b-9d9c-c552fbb9ab95 | Context cleanup@openstack cleanup() finished in 14.56 sec
2019-07-31 08:47:17.253 1842 INFO rally.task.context [-] Task 86217e33-13bb-4e0b-9d9c-c552fbb9ab95 | Context quotas@openstack cleanup() started
2019-07-31 08:47:18.051 1842 INFO rally.task.context [-] Task 86217e33-13bb-4e0b-9d9c-c552fbb9ab95 | Context quotas@openstack cleanup() finished in 0.80 sec
2019-07-31 08:47:18.052 1842 INFO rally.task.context [-] Task 86217e33-13bb-4e0b-9d9c-c552fbb9ab95 | Context api_versions@openstack cleanup() started
2019-07-31 08:47:18.052 1842 INFO rally.task.context [-] Task 86217e33-13bb-4e0b-9d9c-c552fbb9ab95 | Context api_versions@openstack cleanup() finished in 0.33 msec
2019-07-31 08:47:18.052 1842 INFO rally.task.context [-] Task 86217e33-13bb-4e0b-9d9c-c552fbb9ab95 | Context users@openstack cleanup() started
2019-07-31 08:47:26.254 1842 INFO rally.task.context [-] Task 86217e33-13bb-4e0b-9d9c-c552fbb9ab95 | Context users@openstack cleanup() finished in 8.20 sec
2019-07-31 08:47:26.620 1842 INFO rally.task.engine [-] Load duration is: 11.194742
2019-07-31 08:47:26.620 1842 INFO rally.task.engine [-] Full runner duration is: 11.24255
2019-07-31 08:47:26.621 1842 INFO rally.task.engine [-] Full duration is: 41.835223
2019-07-31 08:47:26.895 1842 INFO rally.task.engine [-] Running workload: position = 0 config = { "version": 2, "title": "A cropped version of a bigger task.", "description": "Auto-generated task from a single workload (uuid=3a835497-c408-4602-83bf-238c56897e24)", "subtasks": [ { "title": "CinderVolumes.list_volumes", "description": "List all volumes.", "scenario": { "CinderVolumes.list_volumes": { "detailed": true } }, "contexts": { "users": { "tenants": 3, "users_per_tenant": 2 }, "quotas": { "cinder": { "gigabytes": -1, "snapshots": -1, "volumes": -1 } }, "api_versions": { "cinder": { "version": 3, "service_type": "volumev3" } }, "volumes": { "size": 1, "volumes_per_tenant": 4 } }, "runner": { "constant": { "concurrency": 4, "times": 10 } }, "hooks": [], "sla": { "failure_rate": { "max": 0 } } } ] }
2019-07-31 08:47:26.920 1842 RALLYDEBUG rally_openstack.contexts.keystone.users [-] Creating 3 tenants using 20 threads
2019-07-31 08:47:28.886 1842 RALLYDEBUG rally_openstack.contexts.keystone.users [-] Creating 6 users using 20 threads
2019-07-31 08:47:31.544 1842 INFO rally.task.context [-] Task 86217e33-13bb-4e0b-9d9c-c552fbb9ab95 | Context users@openstack setup() finished in 4.62 sec
2019-07-31 08:47:31.981 1842 INFO rally.task.context [-] Task 86217e33-13bb-4e0b-9d9c-c552fbb9ab95 | Context api_versions@openstack setup() finished in 0.44 sec
2019-07-31 08:47:33.714 1842 INFO rally.task.context [-] Task 86217e33-13bb-4e0b-9d9c-c552fbb9ab95 | Context quotas@openstack setup() finished in 1.73 sec
2019-07-31 08:48:12.807 1842 INFO rally.task.context [-] Task 86217e33-13bb-4e0b-9d9c-c552fbb9ab95 | Context volumes@openstack setup() finished in 39.09 sec
2019-07-31 08:48:12.815 1842 RALLYDEBUG rally.task.runner [-] Starting the constant runner (task UUID: 86217e33-13bb-4e0b-9d9c-c552fbb9ab95). timeout: 0 concurrency: 4 concurrency_per_worker: 1 times: 10 concurrency_overhead: 0 processes_to_start: 4 max_cpu_used: 16
2019-07-31 08:48:12.829 3842 RALLYDEBUG rally.task.runner [-] Starting a worker. concurrency: 1 args: {"detailed": true} times: 10 method_name: run timeout: 0 duration: None cls:
2019-07-31 08:48:12.831 3843 RALLYDEBUG rally.task.runner [-] Starting a worker. concurrency: 1 args: {"detailed": true} times: 10 method_name: run timeout: 0 duration: None cls:
2019-07-31 08:48:12.834 3844 RALLYDEBUG rally.task.runner [-] Starting a worker. concurrency: 1 args: {"detailed": true} times: 10 method_name: run timeout: 0 duration: None cls:
2019-07-31 08:48:12.837 3842 INFO rally.task.runner [-] Task 86217e33-13bb-4e0b-9d9c-c552fbb9ab95 | ITER: 1 START
2019-07-31 08:48:12.837 3845 RALLYDEBUG rally.task.runner [-] Starting a worker. concurrency: 1 args: {"detailed": true} times: 10 method_name: run timeout: 0 duration: None cls:
2019-07-31 08:48:12.841 3843 INFO rally.task.runner [-] Task 86217e33-13bb-4e0b-9d9c-c552fbb9ab95 | ITER: 2 START
2019-07-31 08:48:12.842 3844 INFO rally.task.runner [-] Task 86217e33-13bb-4e0b-9d9c-c552fbb9ab95 | ITER: 3 START
2019-07-31 08:48:12.845 3845 INFO rally.task.runner [-] Task 86217e33-13bb-4e0b-9d9c-c552fbb9ab95 | ITER: 4 START
2019-07-31 08:48:13.557 3844 INFO rally.task.runner [-] Task 86217e33-13bb-4e0b-9d9c-c552fbb9ab95 | ITER: 3 END: OK
2019-07-31 08:48:13.562 3844 INFO rally.task.runner [-] Task 86217e33-13bb-4e0b-9d9c-c552fbb9ab95 | ITER: 5 START
2019-07-31 08:48:13.653 3843 INFO rally.task.runner [-] Task 86217e33-13bb-4e0b-9d9c-c552fbb9ab95 | ITER: 2 END: OK
2019-07-31 08:48:13.654 3842 INFO rally.task.runner [-] Task 86217e33-13bb-4e0b-9d9c-c552fbb9ab95 | ITER: 1 END: OK
2019-07-31 08:48:13.658 3843 INFO rally.task.runner [-] Task 86217e33-13bb-4e0b-9d9c-c552fbb9ab95 | ITER: 6 START
2019-07-31 08:48:13.660 3842 INFO rally.task.runner [-] Task 86217e33-13bb-4e0b-9d9c-c552fbb9ab95 | ITER: 7 START
2019-07-31 08:48:13.661 3845 INFO rally.task.runner [-] Task 86217e33-13bb-4e0b-9d9c-c552fbb9ab95 | ITER: 4 END: OK
2019-07-31 08:48:13.667 3845 INFO rally.task.runner [-] Task 86217e33-13bb-4e0b-9d9c-c552fbb9ab95 | ITER: 8 START
2019-07-31 08:48:14.276 3844 INFO rally.task.runner [-] Task 86217e33-13bb-4e0b-9d9c-c552fbb9ab95 | ITER: 5 END: OK
2019-07-31 08:48:14.281 3844 INFO rally.task.runner [-] Task 86217e33-13bb-4e0b-9d9c-c552fbb9ab95 | ITER: 9 START
2019-07-31 08:48:14.409 3845 INFO rally.task.runner [-] Task 86217e33-13bb-4e0b-9d9c-c552fbb9ab95 | ITER: 8 END: OK
2019-07-31 08:48:14.414 3845 INFO rally.task.runner [-] Task 86217e33-13bb-4e0b-9d9c-c552fbb9ab95 | ITER: 10 START
2019-07-31 08:48:14.445 3843 INFO rally.task.runner [-] Task 86217e33-13bb-4e0b-9d9c-c552fbb9ab95 | ITER: 6 END: OK
2019-07-31 08:48:14.557 3842 INFO rally.task.runner [-] Task 86217e33-13bb-4e0b-9d9c-c552fbb9ab95 | ITER: 7 END: OK
2019-07-31 08:48:15.190 3844 INFO rally.task.runner [-] Task 86217e33-13bb-4e0b-9d9c-c552fbb9ab95 | ITER: 9 END: OK
2019-07-31 08:48:15.212 3845 INFO rally.task.runner [-] Task 86217e33-13bb-4e0b-9d9c-c552fbb9ab95 | ITER: 10 END: OK
2019-07-31 08:48:15.241 1842 INFO rally.task.context [-] Task 86217e33-13bb-4e0b-9d9c-c552fbb9ab95 | Context volumes@openstack cleanup() started
2019-07-31 08:48:15.242 1842 RALLYDEBUG rally_openstack.cleanup.manager [-] Cleaning up cinder volumes objects
2019-07-31 08:48:17.585 1842 RALLYDEBUG rally_openstack.cleanup.manager [-] Deleting cinder.volumes object c_rally_3a835497_J63NsK8p (525bd7ee-b409-4aaf-aaff-ee67d3d6e212)
2019-07-31 08:48:17.586 1842 RALLYDEBUG rally_openstack.cleanup.manager [-] Deleting cinder.volumes object c_rally_3a835497_xAhATweo (cabf2dd2-d63b-4045-b80e-ee618af4cefe)
2019-07-31 08:48:17.589 1842 RALLYDEBUG rally_openstack.cleanup.manager [-] Deleting cinder.volumes object c_rally_3a835497_Dz4JHACh (afcbaaca-6bed-4f7e-97a9-6ab569aafbbf)
2019-07-31 08:48:17.595 1842 RALLYDEBUG rally_openstack.cleanup.manager [-] Deleting cinder.volumes object c_rally_3a835497_4YdbwBdt (6a024053-c47b-4518-8aec-65658ba3dbb9)
2019-07-31 08:48:17.600 1842 RALLYDEBUG rally_openstack.cleanup.manager [-] Deleting cinder.volumes object c_rally_3a835497_DluDZ86J (c58105e4-1a54-4171-8cd6-04912c0cd360)
2019-07-31 08:48:17.608 1842 RALLYDEBUG rally_openstack.cleanup.manager [-] Deleting cinder.volumes object c_rally_3a835497_j0woqkFG (cd607cf1-ac8b-47fb-9f42-091eb59b5860)
2019-07-31 08:48:17.612 1842 RALLYDEBUG rally_openstack.cleanup.manager [-] Deleting cinder.volumes object c_rally_3a835497_2DgB0qAD (622875d5-cab2-48cf-afd2-de37fb5364d2)
2019-07-31 08:48:17.619 1842 RALLYDEBUG rally_openstack.cleanup.manager [-] Deleting cinder.volumes object c_rally_3a835497_rQcjbhxp (08576e9c-b410-431e-bf5b-605cb7f454f3)
2019-07-31 08:48:17.625 1842 RALLYDEBUG rally_openstack.cleanup.manager [-] Deleting cinder.volumes object c_rally_3a835497_y84ogTei (7a08fccb-d9a6-4a84-adbf-2889df05febd)
2019-07-31 08:48:17.637 1842 RALLYDEBUG rally_openstack.cleanup.manager [-] Deleting cinder.volumes object c_rally_3a835497_LxDsNcjl (325fe0ca-7ccc-4ee3-8616-08e2c41e0f6d)
2019-07-31 08:48:17.643 1842 RALLYDEBUG rally_openstack.cleanup.manager [-] Deleting cinder.volumes object c_rally_3a835497_EUptSLf2 (d332276d-676f-4799-809a-9b929c88c538)
2019-07-31 08:48:17.659 1842 RALLYDEBUG rally_openstack.cleanup.manager [-] Deleting cinder.volumes object c_rally_3a835497_FQrZSdlJ (e92e6e51-8dbd-4e0b-9210-bc927db343e5)
2019-07-31 08:48:22.947 1842 INFO rally.task.context [-] Task 86217e33-13bb-4e0b-9d9c-c552fbb9ab95 | Context volumes@openstack cleanup() finished in 7.71 sec
2019-07-31 08:48:22.947 1842 INFO rally.task.context [-] Task 86217e33-13bb-4e0b-9d9c-c552fbb9ab95 | Context quotas@openstack cleanup() started
2019-07-31 08:48:23.231 1842 INFO rally.task.context [-] Task 86217e33-13bb-4e0b-9d9c-c552fbb9ab95 | Context quotas@openstack cleanup() finished in 0.28 sec
2019-07-31 08:48:23.231 1842 INFO rally.task.context [-] Task 86217e33-13bb-4e0b-9d9c-c552fbb9ab95 | Context api_versions@openstack cleanup() started
2019-07-31 08:48:23.232 1842 INFO rally.task.context [-] Task 86217e33-13bb-4e0b-9d9c-c552fbb9ab95 | Context api_versions@openstack cleanup() finished in 0.29 msec
2019-07-31 08:48:23.232 1842 INFO rally.task.context [-] Task 86217e33-13bb-4e0b-9d9c-c552fbb9ab95 | Context users@openstack cleanup() started
2019-07-31 08:48:31.730 1842 INFO rally.task.context [-] Task 86217e33-13bb-4e0b-9d9c-c552fbb9ab95 | Context users@openstack cleanup() finished in 8.50 sec
2019-07-31 08:48:33.346 1842 INFO rally.task.engine [-] Load duration is: 2.371063
2019-07-31 08:48:33.346 1842 INFO rally.task.engine [-] Full runner duration is: 2.427576
2019-07-31 08:48:33.347 1842 INFO rally.task.engine [-] Full duration is: 64.813253
2019-07-31 08:48:33.616 1842 INFO rally.task.engine [-] Running workload: position = 0 config = { "version": 2, "title": "A cropped version of a bigger task.", "description": "Auto-generated task from a single workload (uuid=3c5563cf-067a-4c7b-92ab-da660baebb14)", "subtasks": [ { "title": "CinderVolumes.create_and_delete_snapshot", "description": "Create and then delete a volume-snapshot.", "scenario": { "CinderVolumes.create_and_delete_snapshot": { "force": false } }, "contexts": { "users": { "tenants": 3, "users_per_tenant": 2 }, "quotas": { "cinder": { "gigabytes": -1, "snapshots": -1, "volumes": -1 } }, "api_versions": { "cinder": { "version": 3, "service_type": "volumev3" } }, "volumes": { "size": 1, "volumes_per_tenant": 1 } }, "runner": { "constant": { "concurrency": 4, "times": 10 } }, "hooks": [], "sla": { "failure_rate": { "max": 0 } } } ] }
2019-07-31 08:48:33.641 1842 RALLYDEBUG rally_openstack.contexts.keystone.users [-] Creating 3 tenants using 20 threads
2019-07-31 08:48:35.653 1842 RALLYDEBUG rally_openstack.contexts.keystone.users [-] Creating 6 users using 20 threads
2019-07-31 08:48:38.516 1842 INFO rally.task.context [-] Task 86217e33-13bb-4e0b-9d9c-c552fbb9ab95 | Context users@openstack setup() finished in 4.88 sec
2019-07-31 08:48:38.950 1842 INFO rally.task.context [-] Task 86217e33-13bb-4e0b-9d9c-c552fbb9ab95 | Context api_versions@openstack setup() finished in 0.43 sec
2019-07-31 08:48:40.620 1842 INFO rally.task.context [-] Task 86217e33-13bb-4e0b-9d9c-c552fbb9ab95 | Context quotas@openstack setup() finished in 1.67 sec
2019-07-31 08:48:51.928 1842 INFO rally.task.context [-] Task 86217e33-13bb-4e0b-9d9c-c552fbb9ab95 | Context volumes@openstack setup() finished in 11.31 sec
2019-07-31 08:48:51.929 1842 INFO rally.task.context [-] Task 86217e33-13bb-4e0b-9d9c-c552fbb9ab95 | Context cleanup@openstack setup() finished in 0.01 msec
2019-07-31 08:48:51.936 1842 RALLYDEBUG rally.task.runner [-] Starting the constant runner (task UUID: 86217e33-13bb-4e0b-9d9c-c552fbb9ab95). timeout: 0 concurrency: 4 concurrency_per_worker: 1 times: 10 concurrency_overhead: 0 processes_to_start: 4 max_cpu_used: 16
2019-07-31 08:48:51.948 3966 RALLYDEBUG rally.task.runner [-] Starting a worker. concurrency: 1 args: {"force": false} times: 10 method_name: run timeout: 0 duration: None cls:
2019-07-31 08:48:51.949 3967 RALLYDEBUG rally.task.runner [-] Starting a worker. concurrency: 1 args: {"force": false} times: 10 method_name: run timeout: 0 duration: None cls:
2019-07-31 08:48:51.950 3968 RALLYDEBUG rally.task.runner [-] Starting a worker. concurrency: 1 args: {"force": false} times: 10 method_name: run timeout: 0 duration: None cls:
2019-07-31 08:48:51.954 3967 INFO rally.task.runner [-] Task 86217e33-13bb-4e0b-9d9c-c552fbb9ab95 | ITER: 1 START
2019-07-31 08:48:51.954 3968 INFO rally.task.runner [-] Task 86217e33-13bb-4e0b-9d9c-c552fbb9ab95 | ITER: 3 START
2019-07-31 08:48:51.955 3966 INFO rally.task.runner [-] Task 86217e33-13bb-4e0b-9d9c-c552fbb9ab95 | ITER: 2 START
2019-07-31 08:48:51.956 3969 RALLYDEBUG rally.task.runner [-] Starting a worker. concurrency: 1 args: {"force": false} times: 10 method_name: run timeout: 0 duration: None cls:
2019-07-31 08:48:51.963 3969 INFO rally.task.runner [-] Task 86217e33-13bb-4e0b-9d9c-c552fbb9ab95 | ITER: 4 START
2019-07-31 08:48:55.543 3966 RALLYDEBUG rally.task.utils [-] Waiting for resource s_rally_3c5563cf_ZXAlhlP9. Status changed: CREATING => AVAILABLE in 0.542661190033
2019-07-31 08:48:55.855 3966 RALLYDEBUG rally.task.utils [-] Waiting for resource s_rally_3c5563cf_ZXAlhlP9. Status changed: AVAILABLE => DELETING in 0.0257968902588
2019-07-31 08:48:56.089 3967 RALLYDEBUG rally.task.utils [-] Waiting for resource s_rally_3c5563cf_2SytDST9. Status changed: AVAILABLE => DELETING in 0.323179006577
2019-07-31 08:48:56.184 3969 RALLYDEBUG rally.task.utils [-] Waiting for resource s_rally_3c5563cf_cilswX8f. Status changed: AVAILABLE => DELETING in 0.313892841339
2019-07-31 08:48:56.288 3968 RALLYDEBUG rally.task.utils [-] Waiting for resource s_rally_3c5563cf_PXDT2030. Status changed: AVAILABLE => DELETING in 0.314112901688
2019-07-31 08:48:58.085 3966 INFO rally.task.runner [-] Task 86217e33-13bb-4e0b-9d9c-c552fbb9ab95 | ITER: 2 END: OK
2019-07-31 08:48:58.091 3966 INFO rally.task.runner [-] Task 86217e33-13bb-4e0b-9d9c-c552fbb9ab95 | ITER: 5 START
2019-07-31 08:48:58.308 3967 INFO rally.task.runner [-] Task 86217e33-13bb-4e0b-9d9c-c552fbb9ab95 | ITER: 1 END: OK
2019-07-31 08:48:58.314 3967 INFO rally.task.runner [-] Task 86217e33-13bb-4e0b-9d9c-c552fbb9ab95 | ITER: 6 START
2019-07-31 08:48:58.493 3969 INFO rally.task.runner [-] Task 86217e33-13bb-4e0b-9d9c-c552fbb9ab95 | ITER: 4 END: OK
2019-07-31 08:48:58.499 3969 INFO rally.task.runner [-] Task 86217e33-13bb-4e0b-9d9c-c552fbb9ab95 | ITER: 7 START
2019-07-31 08:48:58.648 3968 INFO rally.task.runner [-] Task 86217e33-13bb-4e0b-9d9c-c552fbb9ab95 | ITER: 3 END: OK
2019-07-31 08:48:58.654 3968 INFO rally.task.runner [-] Task 86217e33-13bb-4e0b-9d9c-c552fbb9ab95 | ITER: 8 START
2019-07-31 08:49:02.255 3966 RALLYDEBUG rally.task.utils [-] Waiting for resource s_rally_3c5563cf_PeheKGx8. Status changed: AVAILABLE => DELETING in 0.330714941025
2019-07-31 08:49:02.348 3967 RALLYDEBUG rally.task.utils [-] Waiting for resource s_rally_3c5563cf_vdrXSEpT. Status changed: AVAILABLE => DELETING in 0.242563962936
2019-07-31 08:49:02.609 3969 RALLYDEBUG rally.task.utils [-] Waiting for resource s_rally_3c5563cf_M0Yj49Wd. Status changed: AVAILABLE => DELETING in 0.290713071823
2019-07-31 08:49:02.818 3968 RALLYDEBUG rally.task.utils [-] Waiting for resource s_rally_3c5563cf_9tYkY94G. Status changed: AVAILABLE => DELETING in 0.298850059509
2019-07-31 08:49:04.467 3966 INFO rally.task.runner [-] Task 86217e33-13bb-4e0b-9d9c-c552fbb9ab95 | ITER: 5 END: OK
2019-07-31 08:49:04.473 3966 INFO rally.task.runner [-] Task 86217e33-13bb-4e0b-9d9c-c552fbb9ab95 | ITER: 9 START
2019-07-31 08:49:04.650 3967 INFO rally.task.runner [-] Task 86217e33-13bb-4e0b-9d9c-c552fbb9ab95 | ITER: 6 END: OK
2019-07-31 08:49:04.658 3967 INFO rally.task.runner [-] Task 86217e33-13bb-4e0b-9d9c-c552fbb9ab95 | ITER: 10 START
2019-07-31 08:49:04.918 3969 INFO rally.task.runner [-] Task 86217e33-13bb-4e0b-9d9c-c552fbb9ab95 | ITER: 7 END: OK
2019-07-31 08:49:05.133 3968 INFO rally.task.runner [-] Task 86217e33-13bb-4e0b-9d9c-c552fbb9ab95 | ITER: 8 END: OK
2019-07-31 08:49:08.407 3966 RALLYDEBUG rally.task.utils [-] Waiting for resource s_rally_3c5563cf_1bd1h1gj. Status changed: AVAILABLE => DELETING in 0.333029985428
2019-07-31 08:49:08.671 3967 RALLYDEBUG rally.task.utils [-] Waiting for resource s_rally_3c5563cf_Vlvcka4D. Status changed: AVAILABLE => DELETING in 0.297761201859
2019-07-31 08:49:10.739 3966 INFO rally.task.runner [-] Task 86217e33-13bb-4e0b-9d9c-c552fbb9ab95 | ITER: 9 END: OK
2019-07-31 08:49:10.905 3967 INFO rally.task.runner [-] Task 86217e33-13bb-4e0b-9d9c-c552fbb9ab95 | ITER: 10 END: OK
2019-07-31 08:49:10.935 1842 INFO rally.task.context [-] Task 86217e33-13bb-4e0b-9d9c-c552fbb9ab95 | Context cleanup@openstack cleanup() started
2019-07-31 08:49:10.938 1842 RALLYDEBUG rally_openstack.cleanup.manager [-] Cleaning up cinder backups objects
2019-07-31 08:49:13.321 1842 RALLYDEBUG rally_openstack.cleanup.manager [-] Cleaning up cinder volume_snapshots objects
2019-07-31 08:49:15.580 1842 RALLYDEBUG rally_openstack.cleanup.manager [-] Cleaning up cinder transfers objects
2019-07-31 08:49:17.699 1842 RALLYDEBUG rally_openstack.cleanup.manager [-] Cleaning up cinder volumes objects
2019-07-31 08:49:20.202 1842 INFO rally.task.context [-] Task 86217e33-13bb-4e0b-9d9c-c552fbb9ab95 | Context cleanup@openstack cleanup() finished in 9.27 sec
2019-07-31 08:49:20.202 1842 INFO rally.task.context [-] Task 86217e33-13bb-4e0b-9d9c-c552fbb9ab95 | Context volumes@openstack cleanup() started
2019-07-31 08:49:20.203 1842 RALLYDEBUG rally_openstack.cleanup.manager [-] Cleaning up cinder volumes objects
2019-07-31 08:49:22.479 1842 RALLYDEBUG rally_openstack.cleanup.manager [-] Deleting cinder.volumes object c_rally_3c5563cf_ikQmyCs1 (7f9e8959-b4a6-49c5-a1b5-ddf21f53963a)
2019-07-31 08:49:22.480 1842 RALLYDEBUG rally_openstack.cleanup.manager [-] Deleting cinder.volumes object c_rally_3c5563cf_zmX5cLmI (2c6ff11a-ba75-4cee-a173-a2c0831836eb)
2019-07-31 08:49:22.483 1842 RALLYDEBUG rally_openstack.cleanup.manager [-] Deleting cinder.volumes object c_rally_3c5563cf_vtxBKd4s (c1b7008c-89ef-4a85-abc6-355964af9449)
2019-07-31 08:49:25.891 1842 INFO rally.task.context [-] Task 86217e33-13bb-4e0b-9d9c-c552fbb9ab95 | Context volumes@openstack cleanup() finished in 5.69 sec
2019-07-31 08:49:25.892 1842 INFO rally.task.context [-] Task 86217e33-13bb-4e0b-9d9c-c552fbb9ab95 | Context quotas@openstack cleanup() started
2019-07-31 08:49:26.759 1842 INFO rally.task.context [-] Task 86217e33-13bb-4e0b-9d9c-c552fbb9ab95 | Context quotas@openstack cleanup() finished in 0.87 sec
2019-07-31 08:49:26.759 1842 INFO rally.task.context [-] Task 86217e33-13bb-4e0b-9d9c-c552fbb9ab95 | Context api_versions@openstack cleanup() started
2019-07-31 08:49:26.760 1842 INFO rally.task.context [-] Task 86217e33-13bb-4e0b-9d9c-c552fbb9ab95 | Context api_versions@openstack cleanup() finished in 0.31 msec
2019-07-31 08:49:26.760 1842 INFO rally.task.context [-] Task 86217e33-13bb-4e0b-9d9c-c552fbb9ab95 | Context users@openstack cleanup() started
2019-07-31 08:49:35.474 1842 INFO rally.task.context [-] Task 86217e33-13bb-4e0b-9d9c-c552fbb9ab95 | Context users@openstack cleanup() finished in 8.71 sec
2019-07-31 08:49:35.908 1842 INFO rally.task.engine [-] Load duration is: 18.948411
2019-07-31 08:49:35.908 1842 INFO rally.task.engine [-] Full runner duration is: 18.999894
2019-07-31 08:49:35.909 1842 INFO rally.task.engine [-] Full duration is: 61.838265
2019-07-31 08:49:36.134 1842 INFO rally.task.engine [-] Running workload: position = 0 config = { "version": 2, "title": "A cropped version of a bigger task.", "description": "Auto-generated task from a single workload (uuid=d07832e1-6d5f-435e-88ba-dfd4967b0b92)", "subtasks": [ { "title": "CinderVolumes.create_and_delete_volume", "description": "Create and then delete a volume.", "scenario": { "CinderVolumes.create_and_delete_volume": { "size": { "max": 1, "min": 1 } } }, "contexts": { "users": { "tenants": 3, "users_per_tenant": 2 }, "quotas": { "cinder": { "gigabytes": -1, "snapshots": -1, "volumes": -1 } }, "api_versions": { "cinder": { "version": 3, "service_type": "volumev3" } } }, "runner": { "constant": { "concurrency": 4, "times": 10 } }, "hooks": [], "sla": { "failure_rate": { "max": 0 } } } ] }
2019-07-31 08:49:36.158 1842 RALLYDEBUG rally_openstack.contexts.keystone.users [-] Creating 3 tenants using 20 threads
2019-07-31 08:49:37.995 1842 RALLYDEBUG rally_openstack.contexts.keystone.users [-] Creating 6 users using 20 threads
2019-07-31 08:49:40.972 1842 INFO rally.task.context [-] Task 86217e33-13bb-4e0b-9d9c-c552fbb9ab95 | Context users@openstack setup() finished in 4.81 sec
2019-07-31 08:49:41.402 1842 INFO rally.task.context [-] Task 86217e33-13bb-4e0b-9d9c-c552fbb9ab95 | Context api_versions@openstack setup() finished in 0.43 sec
2019-07-31 08:49:43.187 1842 INFO rally.task.context [-] Task 86217e33-13bb-4e0b-9d9c-c552fbb9ab95 | Context quotas@openstack setup() finished in 1.78 sec
2019-07-31 08:49:43.187 1842 INFO rally.task.context [-] Task 86217e33-13bb-4e0b-9d9c-c552fbb9ab95 | Context cleanup@openstack setup() finished in 0.01 msec
2019-07-31 08:49:43.196 1842 RALLYDEBUG rally.task.runner [-] Starting the constant runner (task UUID: 86217e33-13bb-4e0b-9d9c-c552fbb9ab95). timeout: 0 concurrency: 4 concurrency_per_worker: 1 times: 10 concurrency_overhead: 0 processes_to_start: 4 max_cpu_used: 16
2019-07-31 08:49:43.209 4170 RALLYDEBUG rally.task.runner [-] Starting a worker. concurrency: 1 args: {"size": {"max": 1, "min": 1}} times: 10 method_name: run timeout: 0 duration: None cls:
2019-07-31 08:49:43.212 4171 RALLYDEBUG rally.task.runner [-] Starting a worker. concurrency: 1 args: {"size": {"max": 1, "min": 1}} times: 10 method_name: run timeout: 0 duration: None cls:
2019-07-31 08:49:43.215 4172 RALLYDEBUG rally.task.runner [-] Starting a worker. concurrency: 1 args: {"size": {"max": 1, "min": 1}} times: 10 method_name: run timeout: 0 duration: None cls:
2019-07-31 08:49:43.217 4170 INFO rally.task.runner [-] Task 86217e33-13bb-4e0b-9d9c-c552fbb9ab95 | ITER: 1 START
2019-07-31 08:49:43.218 4173 RALLYDEBUG rally.task.runner [-] Starting a worker. concurrency: 1 args: {"size": {"max": 1, "min": 1}} times: 10 method_name: run timeout: 0 duration: None cls:
2019-07-31 08:49:43.220 4171 INFO rally.task.runner [-] Task 86217e33-13bb-4e0b-9d9c-c552fbb9ab95 | ITER: 2 START
2019-07-31 08:49:43.223 4172 INFO rally.task.runner [-] Task 86217e33-13bb-4e0b-9d9c-c552fbb9ab95 | ITER: 3 START
2019-07-31 08:49:43.226 4173 INFO rally.task.runner [-] Task 86217e33-13bb-4e0b-9d9c-c552fbb9ab95 | ITER: 4 START
2019-07-31 08:49:47.437 4171 INFO rally.task.runner [-] Task 86217e33-13bb-4e0b-9d9c-c552fbb9ab95 | ITER: 2 END: OK
2019-07-31 08:49:47.442 4171 INFO rally.task.runner [-] Task 86217e33-13bb-4e0b-9d9c-c552fbb9ab95 | ITER: 5 START
2019-07-31 08:49:47.540 4170 RALLYDEBUG rally.task.utils [-] Waiting for resource s_rally_d07832e1_roYGT0vi. Status changed: AVAILABLE => DELETING in 0.24969291687
2019-07-31 08:49:47.554 4172 RALLYDEBUG rally.task.utils [-] Waiting for resource s_rally_d07832e1_h5toPsuv. Status changed: AVAILABLE => DELETING in 0.277024030685
2019-07-31 08:49:47.736 4173 RALLYDEBUG rally.task.utils [-] Waiting for resource s_rally_d07832e1_Gt7CvlN3. Status changed: AVAILABLE => DELETING in 0.353018045425
2019-07-31 08:49:49.779 4170 INFO rally.task.runner [-] Task 86217e33-13bb-4e0b-9d9c-c552fbb9ab95 | ITER: 1 END: OK
2019-07-31 08:49:49.785 4170 INFO rally.task.runner [-] Task 86217e33-13bb-4e0b-9d9c-c552fbb9ab95 | ITER: 6 START
2019-07-31 08:49:49.793 4172 INFO rally.task.runner [-] Task 86217e33-13bb-4e0b-9d9c-c552fbb9ab95 | ITER: 3 END: OK
2019-07-31 08:49:49.799 4172 INFO rally.task.runner [-] Task 86217e33-13bb-4e0b-9d9c-c552fbb9ab95 | ITER: 7 START
2019-07-31 08:49:50.055 4173 INFO rally.task.runner [-] Task 86217e33-13bb-4e0b-9d9c-c552fbb9ab95 | ITER: 4 END: OK
2019-07-31 08:49:50.061 4173 INFO rally.task.runner [-] Task 86217e33-13bb-4e0b-9d9c-c552fbb9ab95 | ITER: 8 START
2019-07-31 08:49:51.829 4171 RALLYDEBUG rally.task.utils [-] Waiting for resource s_rally_d07832e1_765Qy7XJ. Status changed: AVAILABLE => DELETING in 0.339586019516
2019-07-31 08:49:53.991 4170 RALLYDEBUG rally.task.utils [-] Waiting for resource s_rally_d07832e1_1UbYazyC. Status changed: AVAILABLE => DELETING in 0.259831905365
2019-07-31 08:49:54.174 4171 INFO rally.task.runner [-] Task 86217e33-13bb-4e0b-9d9c-c552fbb9ab95 | ITER: 5 END: OK
2019-07-31 08:49:54.179 4171 INFO rally.task.runner [-] Task 86217e33-13bb-4e0b-9d9c-c552fbb9ab95 | ITER: 9 START
2019-07-31 08:49:54.355 4172 RALLYDEBUG rally.task.utils [-] Waiting for resource s_rally_d07832e1_d0p45BnX. Status changed: AVAILABLE => DELETING in 0.362372875214
2019-07-31 08:49:54.384 4173 RALLYDEBUG rally.task.utils [-] Waiting for resource s_rally_d07832e1_tpC6KQNa. Status changed: AVAILABLE => DELETING in 0.370247125626
2019-07-31 08:49:56.231 4170 INFO rally.task.runner [-] Task 86217e33-13bb-4e0b-9d9c-c552fbb9ab95 | ITER: 6 END: OK
2019-07-31 08:49:56.236 4170 INFO rally.task.runner [-] Task 86217e33-13bb-4e0b-9d9c-c552fbb9ab95 | ITER: 10 START
2019-07-31 08:49:56.593 4172 INFO rally.task.runner [-] Task 86217e33-13bb-4e0b-9d9c-c552fbb9ab95 | ITER: 7 END: OK
2019-07-31 08:49:56.704 4173 INFO rally.task.runner [-] Task 86217e33-13bb-4e0b-9d9c-c552fbb9ab95 | ITER: 8 END: OK
2019-07-31 08:49:58.502 4171 INFO rally.task.runner [-] Task 86217e33-13bb-4e0b-9d9c-c552fbb9ab95 | ITER: 9 END: OK
2019-07-31 08:50:00.262 4170 INFO rally.task.runner [-] Task 86217e33-13bb-4e0b-9d9c-c552fbb9ab95 | ITER: 10 END: OK
2019-07-31 08:50:00.287 1842 INFO rally.task.context [-] Task 86217e33-13bb-4e0b-9d9c-c552fbb9ab95 | Context cleanup@openstack cleanup() started
2019-07-31 08:50:00.289 1842 RALLYDEBUG rally_openstack.cleanup.manager [-] Cleaning up cinder backups objects
2019-07-31 08:50:02.637 1842 RALLYDEBUG rally_openstack.cleanup.manager [-] Cleaning up cinder volume_snapshots objects
2019-07-31 08:50:04.820 1842 RALLYDEBUG rally_openstack.cleanup.manager [-] Cleaning up cinder transfers objects
2019-07-31 08:50:07.038 1842 RALLYDEBUG rally_openstack.cleanup.manager [-] Cleaning up cinder volumes objects
2019-07-31 08:50:09.270 1842 INFO rally.task.context [-] Task 86217e33-13bb-4e0b-9d9c-c552fbb9ab95 | Context cleanup@openstack cleanup() finished in 8.98 sec
2019-07-31 08:50:09.270 1842 INFO rally.task.context [-] Task 86217e33-13bb-4e0b-9d9c-c552fbb9ab95 | Context quotas@openstack cleanup() started
2019-07-31 08:50:10.214 1842 INFO rally.task.context [-] Task 86217e33-13bb-4e0b-9d9c-c552fbb9ab95 | Context quotas@openstack cleanup() finished in 0.94 sec
2019-07-31 08:50:10.214 1842 INFO rally.task.context [-] Task 86217e33-13bb-4e0b-9d9c-c552fbb9ab95 | Context api_versions@openstack cleanup() started
2019-07-31 08:50:10.215 1842 INFO rally.task.context [-] Task 86217e33-13bb-4e0b-9d9c-c552fbb9ab95 | Context api_versions@openstack cleanup() finished in 0.32 msec
2019-07-31 08:50:10.215 1842 INFO rally.task.context [-] Task 86217e33-13bb-4e0b-9d9c-c552fbb9ab95 | Context users@openstack cleanup() started
2019-07-31 08:50:18.354 1842 INFO rally.task.context [-] Task 86217e33-13bb-4e0b-9d9c-c552fbb9ab95 | Context users@openstack cleanup() finished in 8.14 sec
2019-07-31 08:50:20.339 1842 INFO rally.task.engine [-] Load duration is: 17.039853
2019-07-31 08:50:20.339 1842 INFO rally.task.engine [-] Full runner duration is: 17.092705
2019-07-31 08:50:20.339 1842 INFO rally.task.engine [-] Full duration is: 42.199681
2019-07-31 08:50:20.507 1842 INFO rally.task.engine [-] Running workload: position = 1 config = { "version": 2, "title": "A cropped version of a bigger task.", "description": "Auto-generated task from a single workload (uuid=6a137962-9ca5-4ece-b2d1-b3262b08ee2e)", "subtasks": [ { "title": "CinderVolumes.create_and_delete_volume", "description": "Create and then delete a volume.", "scenario": { "CinderVolumes.create_and_delete_volume": { "image": { "name": "rally_full-img_1b75953a-3c08-447d-abbf-ea0401498a33" }, "size": 1 } }, "contexts": { "users": { "tenants": 3, "users_per_tenant": 2 }, "quotas": { "cinder": { "gigabytes": -1, "snapshots": -1, "volumes": -1 } }, "api_versions": { "cinder": { "version": 3, "service_type": "volumev3" } } }, "runner": { "constant": { "concurrency": 4, "times": 10 } }, "hooks": [], "sla": { "failure_rate": { "max": 0 } } } ] }
2019-07-31 08:50:20.531 1842 RALLYDEBUG rally_openstack.contexts.keystone.users [-] Creating 3 tenants using 20 threads
2019-07-31 08:50:22.473 1842 RALLYDEBUG rally_openstack.contexts.keystone.users [-] Creating 6 users using 20 threads
2019-07-31 08:50:25.361 1842 INFO rally.task.context [-] Task 86217e33-13bb-4e0b-9d9c-c552fbb9ab95 | Context users@openstack setup() finished in 4.83 sec
2019-07-31 08:50:25.799 1842 INFO rally.task.context [-] Task 86217e33-13bb-4e0b-9d9c-c552fbb9ab95 | Context api_versions@openstack setup() finished in 0.44 sec
2019-07-31 08:50:27.533 1842 INFO rally.task.context [-] Task 86217e33-13bb-4e0b-9d9c-c552fbb9ab95 | Context quotas@openstack setup() finished in 1.73 sec
2019-07-31 08:50:27.534 1842 INFO rally.task.context [-] Task 86217e33-13bb-4e0b-9d9c-c552fbb9ab95 | Context cleanup@openstack setup() finished in 0.00 msec
2019-07-31 08:50:28.619 1842 RALLYDEBUG rally.task.runner [-] Starting the constant runner (task UUID: 86217e33-13bb-4e0b-9d9c-c552fbb9ab95). timeout: 0 concurrency: 4 concurrency_per_worker: 1 times: 10 concurrency_overhead: 0 processes_to_start: 4 max_cpu_used: 16
2019-07-31 08:50:28.631 4354 RALLYDEBUG rally.task.runner [-] Starting a worker. concurrency: 1 args: {"image": "a618400b-8653-458a-86fe-d4b56f6506da", "size": 1} times: 10 method_name: run timeout: 0 duration: None cls:
2019-07-31 08:50:28.634 4355 RALLYDEBUG rally.task.runner [-] Starting a worker. concurrency: 1 args: {"image": "a618400b-8653-458a-86fe-d4b56f6506da", "size": 1} times: 10 method_name: run timeout: 0 duration: None cls:
2019-07-31 08:50:28.636 4356 RALLYDEBUG rally.task.runner [-] Starting a worker. concurrency: 1 args: {"image": "a618400b-8653-458a-86fe-d4b56f6506da", "size": 1} times: 10 method_name: run timeout: 0 duration: None cls:
2019-07-31 08:50:28.639 4354 INFO rally.task.runner [-] Task 86217e33-13bb-4e0b-9d9c-c552fbb9ab95 | ITER: 1 START
2019-07-31 08:50:28.640 4357 RALLYDEBUG rally.task.runner [-] Starting a worker. concurrency: 1 args: {"image": "a618400b-8653-458a-86fe-d4b56f6506da", "size": 1} times: 10 method_name: run timeout: 0 duration: None cls:
2019-07-31 08:50:28.643 4355 INFO rally.task.runner [-] Task 86217e33-13bb-4e0b-9d9c-c552fbb9ab95 | ITER: 2 START
2019-07-31 08:50:28.643 4356 INFO rally.task.runner [-] Task 86217e33-13bb-4e0b-9d9c-c552fbb9ab95 | ITER: 3 START
2019-07-31 08:50:28.648 4357 INFO rally.task.runner [-] Task 86217e33-13bb-4e0b-9d9c-c552fbb9ab95 | ITER: 4 START
2019-07-31 08:50:36.244 4357 RALLYDEBUG rally.task.utils [-] Waiting for resource s_rally_6a137962_dy2KWqrt. Status changed: CREATING => DOWNLOADING in 2.90413498878
2019-07-31 08:50:40.656 4355 RALLYDEBUG rally.task.utils [-] Waiting for resource s_rally_6a137962_0t5Re9LB. Status changed: CREATING => DOWNLOADING in 7.53469705582
2019-07-31 08:50:40.665 4354 RALLYDEBUG rally.task.utils [-] Waiting for resource s_rally_6a137962_4QxBQ0UH. Status changed: CREATING => DOWNLOADING in 7.57337212563
2019-07-31 08:50:40.908 4356 RALLYDEBUG rally.task.utils [-] Waiting for resource s_rally_6a137962_z8Uf4z3a. Status changed: CREATING => DOWNLOADING in 7.58013486862
2019-07-31 08:50:47.573 4354 RALLYDEBUG rally.task.utils [-] Waiting for resource s_rally_6a137962_4QxBQ0UH. Status changed: DOWNLOADING => AVAILABLE in 6.90784192085
2019-07-31 08:50:47.597 4355 RALLYDEBUG rally.task.utils [-] Waiting for resource s_rally_6a137962_0t5Re9LB. Status changed: DOWNLOADING => AVAILABLE in 6.94101500511
2019-07-31 08:50:47.881 4357 RALLYDEBUG rally.task.utils [-] Waiting for resource s_rally_6a137962_dy2KWqrt. Status changed: DOWNLOADING => AVAILABLE in 11.6368989944
2019-07-31 08:50:47.987 4356 RALLYDEBUG rally.task.utils [-] Waiting for resource s_rally_6a137962_z8Uf4z3a. Status changed: DOWNLOADING => AVAILABLE in 7.0792222023
2019-07-31 08:50:48.264 4354 INFO rally.task.runner [-] Task 86217e33-13bb-4e0b-9d9c-c552fbb9ab95 | ITER: 1 END: OK
2019-07-31 08:50:48.269 4354 INFO rally.task.runner [-] Task 86217e33-13bb-4e0b-9d9c-c552fbb9ab95 | ITER: 5 START
2019-07-31 08:50:48.449 4355 RALLYDEBUG rally.task.utils [-] Waiting for resource s_rally_6a137962_0t5Re9LB. Status changed: AVAILABLE => DELETING in 0.369184970856
2019-07-31 08:50:48.696 4356 RALLYDEBUG rally.task.utils [-] Waiting for resource s_rally_6a137962_z8Uf4z3a. Status changed: AVAILABLE => DELETING in 0.343420028687
2019-07-31 08:50:48.758 4357 RALLYDEBUG rally.task.utils [-] Waiting for resource s_rally_6a137962_dy2KWqrt. Status changed: AVAILABLE => DELETING in 0.352965831757
2019-07-31 08:50:50.680 4355 INFO rally.task.runner [-] Task 86217e33-13bb-4e0b-9d9c-c552fbb9ab95 | ITER: 2 END: OK
2019-07-31 08:50:50.686 4355 INFO rally.task.runner [-] Task 86217e33-13bb-4e0b-9d9c-c552fbb9ab95 | ITER: 6 START
2019-07-31 08:50:51.004 4356 INFO rally.task.runner [-] Task 86217e33-13bb-4e0b-9d9c-c552fbb9ab95 | ITER: 3 END: OK
2019-07-31 08:50:51.010 4356 INFO rally.task.runner [-] Task 86217e33-13bb-4e0b-9d9c-c552fbb9ab95 | ITER: 7 START
2019-07-31 08:50:51.181 4357 INFO rally.task.runner [-] Task 86217e33-13bb-4e0b-9d9c-c552fbb9ab95 | ITER: 4 END: OK
2019-07-31 08:50:51.187 4357 INFO rally.task.runner [-] Task 86217e33-13bb-4e0b-9d9c-c552fbb9ab95 | ITER: 8 START
2019-07-31 08:50:55.638 4354 RALLYDEBUG rally.task.utils [-] Waiting for resource s_rally_6a137962_4EKlWFm7. Status changed: CREATING => DOWNLOADING in 2.6544380188
2019-07-31 08:50:57.971 4354 RALLYDEBUG rally.task.utils [-] Waiting for resource s_rally_6a137962_4EKlWFm7. Status changed: DOWNLOADING => AVAILABLE in 2.33283305168
2019-07-31 08:50:58.506 4354 INFO rally.task.runner [-] Task 86217e33-13bb-4e0b-9d9c-c552fbb9ab95 | ITER: 5 END: OK
2019-07-31 08:50:58.510 4354 INFO rally.task.runner [-] Task 86217e33-13bb-4e0b-9d9c-c552fbb9ab95 | ITER: 9 START
2019-07-31 08:51:02.737 4356 RALLYDEBUG rally.task.utils [-] Waiting for resource s_rally_6a137962_0myf9UMi. Status changed: CREATING => DOWNLOADING in 7.51582384109
