2019-07-31 08:34:40.733 1842 INFO rally.task.context [-] Task 86217e33-13bb-4e0b-9d9c-c552fbb9ab95 | Context api_versions@openstack setup() finished in 0.43 sec
2019-07-31 08:34:42.624 1842 INFO rally.task.context [-] Task 86217e33-13bb-4e0b-9d9c-c552fbb9ab95 | Context quotas@openstack setup() finished in 1.89 sec
2019-07-31 08:34:53.827 1842 INFO rally.task.context [-] Task 86217e33-13bb-4e0b-9d9c-c552fbb9ab95 | Context volumes@openstack setup() finished in 11.20 sec
2019-07-31 08:34:53.828 1842 INFO rally.task.context [-] Task 86217e33-13bb-4e0b-9d9c-c552fbb9ab95 | Context cleanup@openstack setup() finished in 0.01 msec
2019-07-31 08:34:53.837 1842 RALLYDEBUG rally.task.runner [-] Starting the constant runner (task UUID: 86217e33-13bb-4e0b-9d9c-c552fbb9ab95). timeout: 0 concurrency: 4 concurrency_per_worker: 1 times: 10 concurrency_overhead: 0 processes_to_start: 4 max_cpu_used: 16
2019-07-31 08:34:53.850 2210 RALLYDEBUG rally.task.runner [-] Starting a worker. concurrency: 1 args: {"detailed": true, "force": false} times: 10 method_name: run timeout: 0 duration: None cls:
2019-07-31 08:34:53.853 2211 RALLYDEBUG rally.task.runner [-] Starting a worker. concurrency: 1 args: {"detailed": true, "force": false} times: 10 method_name: run timeout: 0 duration: None cls:
2019-07-31 08:34:53.855 2212 RALLYDEBUG rally.task.runner [-] Starting a worker. concurrency: 1 args: {"detailed": true, "force": false} times: 10 method_name: run timeout: 0 duration: None cls:
2019-07-31 08:34:53.859 2210 INFO rally.task.runner [-] Task 86217e33-13bb-4e0b-9d9c-c552fbb9ab95 | ITER: 1 START
2019-07-31 08:34:53.858 2213 RALLYDEBUG rally.task.runner [-] Starting a worker. concurrency: 1 args: {"detailed": true, "force": false} times: 10 method_name: run timeout: 0 duration: None cls:
2019-07-31 08:34:53.861 2211 INFO rally.task.runner [-] Task 86217e33-13bb-4e0b-9d9c-c552fbb9ab95 | ITER: 2 START
2019-07-31 08:34:53.863 2212 INFO rally.task.runner [-] Task 86217e33-13bb-4e0b-9d9c-c552fbb9ab95 | ITER: 3 START
2019-07-31 08:34:53.866 2213 INFO rally.task.runner [-] Task 86217e33-13bb-4e0b-9d9c-c552fbb9ab95 | ITER: 4 START
2019-07-31 08:34:57.762 2211 INFO rally.task.runner [-] Task 86217e33-13bb-4e0b-9d9c-c552fbb9ab95 | ITER: 2 END: OK
2019-07-31 08:34:57.768 2211 INFO rally.task.runner [-] Task 86217e33-13bb-4e0b-9d9c-c552fbb9ab95 | ITER: 5 START
2019-07-31 08:34:57.814 2213 INFO rally.task.runner [-] Task 86217e33-13bb-4e0b-9d9c-c552fbb9ab95 | ITER: 4 END: OK
2019-07-31 08:34:57.821 2213 INFO rally.task.runner [-] Task 86217e33-13bb-4e0b-9d9c-c552fbb9ab95 | ITER: 6 START
2019-07-31 08:34:57.901 2212 INFO rally.task.runner [-] Task 86217e33-13bb-4e0b-9d9c-c552fbb9ab95 | ITER: 3 END: OK
2019-07-31 08:34:57.906 2212 INFO rally.task.runner [-] Task 86217e33-13bb-4e0b-9d9c-c552fbb9ab95 | ITER: 7 START
2019-07-31 08:34:58.239 2210 INFO rally.task.runner [-] Task 86217e33-13bb-4e0b-9d9c-c552fbb9ab95 | ITER: 1 END: OK
2019-07-31 08:34:58.244 2210 INFO rally.task.runner [-] Task 86217e33-13bb-4e0b-9d9c-c552fbb9ab95 | ITER: 8 START
2019-07-31 08:35:01.536 2212 INFO rally.task.runner [-] Task 86217e33-13bb-4e0b-9d9c-c552fbb9ab95 | ITER: 7 END: OK
2019-07-31 08:35:01.541 2212 INFO rally.task.runner [-] Task 86217e33-13bb-4e0b-9d9c-c552fbb9ab95 | ITER: 9 START
2019-07-31 08:35:01.546 2211 INFO rally.task.runner [-] Task 86217e33-13bb-4e0b-9d9c-c552fbb9ab95 | ITER: 5 END: OK
2019-07-31 08:35:01.552 2211 INFO rally.task.runner [-] Task 86217e33-13bb-4e0b-9d9c-c552fbb9ab95 | ITER: 10 START
2019-07-31 08:35:01.753 2210 INFO rally.task.runner [-] Task 86217e33-13bb-4e0b-9d9c-c552fbb9ab95 | ITER: 8 END: OK
2019-07-31 08:35:01.791 2213 INFO rally.task.runner [-] Task 86217e33-13bb-4e0b-9d9c-c552fbb9ab95 | ITER: 6 END: OK
2019-07-31 08:35:05.247 2211 INFO rally.task.runner [-] Task 86217e33-13bb-4e0b-9d9c-c552fbb9ab95 | ITER: 10 END: OK
2019-07-31 08:35:05.257 2212 INFO rally.task.runner [-] Task 86217e33-13bb-4e0b-9d9c-c552fbb9ab95 | ITER: 9 END: OK
2019-07-31 08:35:05.285 1842 INFO rally.task.context [-] Task 86217e33-13bb-4e0b-9d9c-c552fbb9ab95 | Context cleanup@openstack cleanup() started
2019-07-31 08:35:05.287 1842 RALLYDEBUG rally_openstack.cleanup.manager [-] Cleaning up cinder backups objects
2019-07-31 08:35:07.524 1842 RALLYDEBUG rally_openstack.cleanup.manager [-] Cleaning up cinder volume_snapshots objects
2019-07-31 08:35:09.684 1842 RALLYDEBUG rally_openstack.cleanup.manager [-] Deleting cinder.volume_snapshots object s_rally_62cb4589_tFrArlHU (823fdcaa-b491-4706-9d3a-97b8a1dab9c4)
2019-07-31 08:35:09.688 1842 RALLYDEBUG rally_openstack.cleanup.manager [-] Deleting cinder.volume_snapshots object s_rally_62cb4589_dE4tDEfp (7afb3681-3cdb-4292-ada9-ab9ca07ebaf7)
2019-07-31 08:35:09.693 1842 RALLYDEBUG rally_openstack.cleanup.manager [-] Deleting cinder.volume_snapshots object s_rally_62cb4589_nOFA5LF8 (5dbfa776-2857-4972-b55b-973cd8e83c89)
2019-07-31 08:35:09.701 1842 RALLYDEBUG rally_openstack.cleanup.manager [-] Deleting cinder.volume_snapshots object s_rally_62cb4589_DfdluqYU (4bfa59f0-1603-4539-92ad-f51010381f91)
2019-07-31 08:35:09.708 1842 RALLYDEBUG rally_openstack.cleanup.manager [-] Deleting cinder.volume_snapshots object s_rally_62cb4589_qnY0vtcy (10f1a133-2d77-4172-aff6-efa32da856c3)
2019-07-31 08:35:09.717 1842 RALLYDEBUG rally_openstack.cleanup.manager [-] Deleting cinder.volume_snapshots object s_rally_62cb4589_GwVDk1ko (b9ba0919-8d61-407f-bcee-84359fcc313b)
2019-07-31 08:35:09.725 1842 RALLYDEBUG rally_openstack.cleanup.manager [-] Deleting cinder.volume_snapshots object s_rally_62cb4589_fIPtNBpL (ce9805b3-6a7a-4430-8cef-7b009d82d014)
2019-07-31 08:35:09.726 1842 RALLYDEBUG rally_openstack.cleanup.manager [-] Deleting cinder.volume_snapshots object s_rally_62cb4589_ciIVbGoG (c5a840dc-d66b-4d53-a186-fd5f24a1605e)
2019-07-31 08:35:09.727 1842 RALLYDEBUG rally_openstack.cleanup.manager [-] Deleting cinder.volume_snapshots object s_rally_62cb4589_UQTbkGdc (8568a197-4874-468f-b292-e511d892c995)
2019-07-31 08:35:09.734 1842 RALLYDEBUG rally_openstack.cleanup.manager [-] Deleting cinder.volume_snapshots object s_rally_62cb4589_VfIQbOLK (149533fe-0352-4100-801f-ba0313b70a00)
2019-07-31 08:35:15.787 1842 RALLYDEBUG rally_openstack.cleanup.manager [-] Cleaning up cinder transfers objects
2019-07-31 08:35:17.947 1842 RALLYDEBUG rally_openstack.cleanup.manager [-] Cleaning up cinder volumes objects
2019-07-31 08:35:20.193 1842 INFO rally.task.context [-] Task 86217e33-13bb-4e0b-9d9c-c552fbb9ab95 | Context cleanup@openstack cleanup() finished in 14.91 sec
2019-07-31 08:35:20.194 1842 INFO rally.task.context [-] Task 86217e33-13bb-4e0b-9d9c-c552fbb9ab95 | Context volumes@openstack cleanup() started
2019-07-31 08:35:20.194 1842 RALLYDEBUG rally_openstack.cleanup.manager [-] Cleaning up cinder volumes objects
2019-07-31 08:35:22.621 1842 RALLYDEBUG rally_openstack.cleanup.manager [-] Deleting cinder.volumes object c_rally_62cb4589_e4lToXN2 (b55df9ed-9751-4622-b999-8f024909d973)
2019-07-31 08:35:22.622 1842 RALLYDEBUG rally_openstack.cleanup.manager [-] Deleting cinder.volumes object c_rally_62cb4589_dduW4jYr (f60782cc-f794-40f9-b760-26aacdf06364)
2019-07-31 08:35:22.630 1842 RALLYDEBUG rally_openstack.cleanup.manager [-] Deleting cinder.volumes object c_rally_62cb4589_o7bMQISR (e231f8fd-fde7-412b-956d-856d69e3f8be)
2019-07-31 08:35:26.053 1842 INFO rally.task.context [-] Task 86217e33-13bb-4e0b-9d9c-c552fbb9ab95 | Context volumes@openstack cleanup() finished in 5.86 sec
2019-07-31 08:35:26.054 1842 INFO rally.task.context [-] Task 86217e33-13bb-4e0b-9d9c-c552fbb9ab95 | Context quotas@openstack cleanup() started
2019-07-31 08:35:26.959 1842 INFO rally.task.context [-] Task 86217e33-13bb-4e0b-9d9c-c552fbb9ab95 | Context quotas@openstack cleanup() finished in 0.91 sec
2019-07-31 08:35:26.960 1842 INFO rally.task.context [-] Task 86217e33-13bb-4e0b-9d9c-c552fbb9ab95 | Context api_versions@openstack cleanup() started
2019-07-31 08:35:26.960 1842 INFO rally.task.context [-] Task 86217e33-13bb-4e0b-9d9c-c552fbb9ab95 | Context api_versions@openstack cleanup() finished in 0.32 msec
2019-07-31 08:35:26.960 1842 INFO rally.task.context [-] Task 86217e33-13bb-4e0b-9d9c-c552fbb9ab95 | Context users@openstack cleanup() started
2019-07-31 08:35:35.332 1842 INFO rally.task.context [-] Task 86217e33-13bb-4e0b-9d9c-c552fbb9ab95 | Context users@openstack cleanup() finished in 8.37 sec
2019-07-31 08:35:35.912 1842 INFO rally.task.engine [-] Load duration is: 11.394026
2019-07-31 08:35:35.912 1842 INFO rally.task.engine [-] Full runner duration is: 11.448993
2019-07-31 08:35:35.913 1842 INFO rally.task.engine [-] Full duration is: 59.708726
2019-07-31 08:35:36.188 1842 INFO rally.task.engine [-] Running workload: position = 0 config = { "version": 2, "title": "A cropped version of a bigger task.", "description": "Auto-generated task from a single workload (uuid=6e3b8773-9421-47a0-a1a4-a331ddfe30ea)", "subtasks": [ { "title": "CinderVolumes.create_and_list_volume", "description": "Create a volume and list all volumes.", "scenario": { "CinderVolumes.create_and_list_volume": { "detailed": true, "image": { "name": "rally_full-img_1b75953a-3c08-447d-abbf-ea0401498a33" }, "size": 1 } }, "contexts": { "users": { "tenants": 3, "users_per_tenant": 2 }, "quotas": { "cinder": { "gigabytes": -1, "snapshots": -1, "volumes": -1 } }, "api_versions": { "cinder": { "version": 3, "service_type": "volumev3" } } }, "runner": { "constant": { "concurrency": 4, "times": 10 } }, "hooks": [], "sla": { "failure_rate": { "max": 0 } } } ] }
2019-07-31 08:35:36.213 1842 RALLYDEBUG rally_openstack.contexts.keystone.users [-] Creating 3 tenants using 20 threads
2019-07-31 08:35:37.998 1842 RALLYDEBUG rally_openstack.contexts.keystone.users [-] Creating 6 users using 20 threads
2019-07-31 08:35:40.718 1842 INFO rally.task.context [-] Task 86217e33-13bb-4e0b-9d9c-c552fbb9ab95 | Context users@openstack setup() finished in 4.50 sec
2019-07-31 08:35:41.151 1842 INFO rally.task.context [-] Task 86217e33-13bb-4e0b-9d9c-c552fbb9ab95 | Context api_versions@openstack setup() finished in 0.43 sec
2019-07-31 08:35:42.860 1842 INFO rally.task.context [-] Task 86217e33-13bb-4e0b-9d9c-c552fbb9ab95 | Context quotas@openstack setup() finished in 1.71 sec
2019-07-31 08:35:42.860 1842 INFO rally.task.context [-] Task 86217e33-13bb-4e0b-9d9c-c552fbb9ab95 | Context cleanup@openstack setup() finished in 0.00 msec
2019-07-31 08:35:43.917 1842 RALLYDEBUG rally.task.runner [-] Starting the constant runner (task UUID: 86217e33-13bb-4e0b-9d9c-c552fbb9ab95). timeout: 0 concurrency: 4 concurrency_per_worker: 1 times: 10 concurrency_overhead: 0 processes_to_start: 4 max_cpu_used: 16
2019-07-31 08:35:43.930 2414 RALLYDEBUG rally.task.runner [-] Starting a worker. concurrency: 1 args: {"detailed": true, "image": "a618400b-8653-458a-86fe-d4b56f6506da", "size": 1} times: 10 method_name: run timeout: 0 duration: None cls:
2019-07-31 08:35:43.933 2415 RALLYDEBUG rally.task.runner [-] Starting a worker. concurrency: 1 args: {"detailed": true, "image": "a618400b-8653-458a-86fe-d4b56f6506da", "size": 1} times: 10 method_name: run timeout: 0 duration: None cls:
2019-07-31 08:35:43.937 2416 RALLYDEBUG rally.task.runner [-] Starting a worker. concurrency: 1 args: {"detailed": true, "image": "a618400b-8653-458a-86fe-d4b56f6506da", "size": 1} times: 10 method_name: run timeout: 0 duration: None cls:
2019-07-31 08:35:43.938 2414 INFO rally.task.runner [-] Task 86217e33-13bb-4e0b-9d9c-c552fbb9ab95 | ITER: 1 START
2019-07-31 08:35:43.941 2415 INFO rally.task.runner [-] Task 86217e33-13bb-4e0b-9d9c-c552fbb9ab95 | ITER: 2 START
2019-07-31 08:35:43.942 2417 RALLYDEBUG rally.task.runner [-] Starting a worker. concurrency: 1 args: {"detailed": true, "image": "a618400b-8653-458a-86fe-d4b56f6506da", "size": 1} times: 10 method_name: run timeout: 0 duration: None cls:
2019-07-31 08:35:43.945 2416 INFO rally.task.runner [-] Task 86217e33-13bb-4e0b-9d9c-c552fbb9ab95 | ITER: 3 START
2019-07-31 08:35:43.951 2417 INFO rally.task.runner [-] Task 86217e33-13bb-4e0b-9d9c-c552fbb9ab95 | ITER: 4 START
2019-07-31 08:35:51.616 2417 RALLYDEBUG rally.task.utils [-] Waiting for resource s_rally_6e3b8773_A148XQVH. Status changed: CREATING => DOWNLOADING in 2.99035096169
2019-07-31 08:35:54.099 2414 RALLYDEBUG rally.task.utils [-] Waiting for resource s_rally_6e3b8773_lwV82rJn. Status changed: CREATING => DOWNLOADING in 5.29259896278
2019-07-31 08:35:56.050 2417 RALLYDEBUG rally.task.utils [-] Waiting for resource s_rally_6e3b8773_A148XQVH. Status changed: DOWNLOADING => AVAILABLE in 4.43394804001
2019-07-31 08:35:56.408 2417 INFO rally.task.runner [-] Task 86217e33-13bb-4e0b-9d9c-c552fbb9ab95 | ITER: 4 END: OK
2019-07-31 08:35:56.415 2417 INFO rally.task.runner [-] Task 86217e33-13bb-4e0b-9d9c-c552fbb9ab95 | ITER: 5 START
2019-07-31 08:35:56.499 2414 RALLYDEBUG rally.task.utils [-] Waiting for resource s_rally_6e3b8773_lwV82rJn. Status changed: DOWNLOADING => AVAILABLE in 2.4006729126
2019-07-31 08:35:56.863 2414 INFO rally.task.runner [-] Task 86217e33-13bb-4e0b-9d9c-c552fbb9ab95 | ITER: 1 END: OK
2019-07-31 08:35:56.868 2414 INFO rally.task.runner [-] Task 86217e33-13bb-4e0b-9d9c-c552fbb9ab95 | ITER: 6 START
2019-07-31 08:35:58.805 2415 RALLYDEBUG rally.task.utils [-] Waiting for resource s_rally_6e3b8773_puQkrEnt. Status changed: CREATING => DOWNLOADING in 9.80670595169
2019-07-31 08:35:59.219 2416 RALLYDEBUG rally.task.utils [-] Waiting for resource s_rally_6e3b8773_5s7od2iX. Status changed: CREATING => DOWNLOADING in 9.99316382408
2019-07-31 08:36:05.547 2415 RALLYDEBUG rally.task.utils [-] Waiting for resource s_rally_6e3b8773_puQkrEnt. Status changed: DOWNLOADING => AVAILABLE in 6.74172496796
2019-07-31 08:36:05.666 2416 RALLYDEBUG rally.task.utils [-] Waiting for resource s_rally_6e3b8773_5s7od2iX. Status changed: DOWNLOADING => AVAILABLE in 6.44705200195
2019-07-31 08:36:05.901 2415 INFO rally.task.runner [-] Task 86217e33-13bb-4e0b-9d9c-c552fbb9ab95 | ITER: 2 END: OK
2019-07-31 08:36:05.905 2415 INFO rally.task.runner [-] Task 86217e33-13bb-4e0b-9d9c-c552fbb9ab95 | ITER: 7 START
2019-07-31 08:36:06.168 2416 INFO rally.task.runner [-] Task 86217e33-13bb-4e0b-9d9c-c552fbb9ab95 | ITER: 3 END: OK
2019-07-31 08:36:06.174 2416 INFO rally.task.runner [-] Task 86217e33-13bb-4e0b-9d9c-c552fbb9ab95 | ITER: 8 START
2019-07-31 08:36:08.176 2417 RALLYDEBUG rally.task.utils [-] Waiting for resource s_rally_6e3b8773_wZaeIbKp. Status changed: CREATING => DOWNLOADING in 7.36519098282
2019-07-31 08:36:09.349 2414 RALLYDEBUG rally.task.utils [-] Waiting for resource s_rally_6e3b8773_GwXWUcRl. Status changed: CREATING => DOWNLOADING in 7.82217502594
2019-07-31 08:36:13.665 2414 RALLYDEBUG rally.task.utils [-] Waiting for resource s_rally_6e3b8773_GwXWUcRl. Status changed: DOWNLOADING => AVAILABLE in 4.3158390522
2019-07-31 08:36:14.049 2414 INFO rally.task.runner [-] Task 86217e33-13bb-4e0b-9d9c-c552fbb9ab95 | ITER: 6 END: OK
2019-07-31 08:36:14.053 2414 INFO rally.task.runner [-] Task 86217e33-13bb-4e0b-9d9c-c552fbb9ab95 | ITER: 9 START
2019-07-31 08:36:14.826 2417 RALLYDEBUG rally.task.utils [-] Waiting for resource s_rally_6e3b8773_wZaeIbKp. Status changed: DOWNLOADING => AVAILABLE in 6.65032982826
2019-07-31 08:36:15.204 2417 INFO rally.task.runner [-] Task 86217e33-13bb-4e0b-9d9c-c552fbb9ab95 | ITER: 5 END: OK
2019-07-31 08:36:15.209 2417 INFO rally.task.runner [-] Task 86217e33-13bb-4e0b-9d9c-c552fbb9ab95 | ITER: 10 START
2019-07-31 08:36:16.085 2416 RALLYDEBUG rally.task.utils [-] Waiting for resource s_rally_6e3b8773_6HqZRNca. Status changed: CREATING => DOWNLOADING in 5.39699006081
2019-07-31 08:36:18.247 2415 RALLYDEBUG rally.task.utils [-] Waiting for resource s_rally_6e3b8773_VjoC9dXm. Status changed: CREATING => DOWNLOADING in 7.71780085564
2019-07-31 08:36:22.666 2415 RALLYDEBUG rally.task.utils [-] Waiting for resource s_rally_6e3b8773_VjoC9dXm. Status changed: DOWNLOADING => AVAILABLE in 4.4193611145
2019-07-31 08:36:22.828 2416 RALLYDEBUG rally.task.utils [-] Waiting for resource s_rally_6e3b8773_6HqZRNca. Status changed: DOWNLOADING => AVAILABLE in 6.74274396896
2019-07-31 08:36:23.065 2415 INFO rally.task.runner [-] Task 86217e33-13bb-4e0b-9d9c-c552fbb9ab95 | ITER: 7 END: OK
2019-07-31 08:36:23.179 2416 INFO rally.task.runner [-] Task 86217e33-13bb-4e0b-9d9c-c552fbb9ab95 | ITER: 8 END: OK
2019-07-31 08:36:25.354 2414 RALLYDEBUG rally.task.utils [-] Waiting for resource s_rally_6e3b8773_iayClelY. Status changed: CREATING => DOWNLOADING in 7.41796088219
2019-07-31 08:36:27.674 2414 RALLYDEBUG rally.task.utils [-] Waiting for resource s_rally_6e3b8773_iayClelY. Status changed: DOWNLOADING => AVAILABLE in 2.32027292252
2019-07-31 08:36:27.769 2417 RALLYDEBUG rally.task.utils [-] Waiting for resource s_rally_6e3b8773_DAXYI0ob. Status changed: CREATING => DOWNLOADING in 7.38587284088
2019-07-31 08:36:28.005 2414 INFO rally.task.runner [-] Task 86217e33-13bb-4e0b-9d9c-c552fbb9ab95 | ITER: 9 END: OK
2019-07-31 08:36:32.437 2417 RALLYDEBUG rally.task.utils [-] Waiting for resource s_rally_6e3b8773_DAXYI0ob. Status changed: DOWNLOADING => AVAILABLE in 4.66890501976
2019-07-31 08:36:32.947 2417 INFO rally.task.runner [-] Task 86217e33-13bb-4e0b-9d9c-c552fbb9ab95 | ITER: 10 END: OK
2019-07-31 08:36:32.977 1842 INFO rally.task.context [-] Task 86217e33-13bb-4e0b-9d9c-c552fbb9ab95 | Context cleanup@openstack cleanup() started
2019-07-31 08:36:32.979 1842 RALLYDEBUG rally_openstack.cleanup.manager [-] Cleaning up cinder backups objects
2019-07-31 08:36:35.228 1842 RALLYDEBUG rally_openstack.cleanup.manager [-] Cleaning up cinder volume_snapshots objects
2019-07-31 08:36:37.437 1842 RALLYDEBUG rally_openstack.cleanup.manager [-] Cleaning up cinder transfers objects
2019-07-31 08:36:39.646 1842 RALLYDEBUG rally_openstack.cleanup.manager [-] Cleaning up cinder volumes objects
2019-07-31 08:36:42.047 1842 RALLYDEBUG rally_openstack.cleanup.manager [-] Deleting cinder.volumes object s_rally_6e3b8773_wZaeIbKp (9b1b5aff-1fdc-4118-90ce-b8d993ef2630)
2019-07-31 08:36:42.050 1842 RALLYDEBUG rally_openstack.cleanup.manager [-] Deleting cinder.volumes object s_rally_6e3b8773_GwXWUcRl (e0ab7da4-c948-4a1b-af1d-05a6f0e91490)
2019-07-31 08:36:42.055 1842 RALLYDEBUG rally_openstack.cleanup.manager [-] Deleting cinder.volumes object s_rally_6e3b8773_lwV82rJn (c177a1fe-a0fd-456d-b7bc-b650ae8cd328)
2019-07-31 08:36:42.067 1842 RALLYDEBUG rally_openstack.cleanup.manager [-] Deleting cinder.volumes object s_rally_6e3b8773_puQkrEnt (6557ef64-6722-43b3-99d5-2e56213cd928)
2019-07-31 08:36:42.070 1842 RALLYDEBUG rally_openstack.cleanup.manager [-] Deleting cinder.volumes object s_rally_6e3b8773_iayClelY (35c08baf-7051-4021-b6ed-6bb6f8d84653)
2019-07-31 08:36:42.073 1842 RALLYDEBUG rally_openstack.cleanup.manager [-] Deleting cinder.volumes object s_rally_6e3b8773_6HqZRNca (21bfcc62-b26b-4471-a17c-813bfe51b0c9)
2019-07-31 08:36:42.078 1842 RALLYDEBUG rally_openstack.cleanup.manager [-] Deleting cinder.volumes object s_rally_6e3b8773_A148XQVH (63de6d10-fa66-4019-b0df-35e0b34f603d)
2019-07-31 08:36:42.081 1842 RALLYDEBUG rally_openstack.cleanup.manager [-] Deleting cinder.volumes object s_rally_6e3b8773_DAXYI0ob (fd4a5605-b701-4c25-8ee1-0d13bc5552ff)
2019-07-31 08:36:42.083 1842 RALLYDEBUG rally_openstack.cleanup.manager [-] Deleting cinder.volumes object s_rally_6e3b8773_5s7od2iX (debdd66d-f7b7-4e4b-90f0-1880d5225c1f)
2019-07-31 08:36:42.084 1842 RALLYDEBUG rally_openstack.cleanup.manager [-] Deleting cinder.volumes object s_rally_6e3b8773_VjoC9dXm (974520fe-2cf5-4f03-9c28-fe77070c66c2)
2019-07-31 08:36:46.761 1842 INFO rally.task.context [-] Task 86217e33-13bb-4e0b-9d9c-c552fbb9ab95 | Context cleanup@openstack cleanup() finished in 13.78 sec
2019-07-31 08:36:46.761 1842 INFO rally.task.context [-] Task 86217e33-13bb-4e0b-9d9c-c552fbb9ab95 | Context quotas@openstack cleanup() started
2019-07-31 08:36:47.660 1842 INFO rally.task.context [-] Task 86217e33-13bb-4e0b-9d9c-c552fbb9ab95 | Context quotas@openstack cleanup() finished in 0.90 sec
2019-07-31 08:36:47.660 1842 INFO rally.task.context [-] Task 86217e33-13bb-4e0b-9d9c-c552fbb9ab95 | Context api_versions@openstack cleanup() started
2019-07-31 08:36:47.660 1842 INFO rally.task.context [-] Task 86217e33-13bb-4e0b-9d9c-c552fbb9ab95 | Context api_versions@openstack cleanup() finished in 0.31 msec
2019-07-31 08:36:47.661 1842 INFO rally.task.context [-] Task 86217e33-13bb-4e0b-9d9c-c552fbb9ab95 | Context users@openstack cleanup() started
2019-07-31 08:36:56.135 1842 INFO rally.task.context [-] Task 86217e33-13bb-4e0b-9d9c-c552fbb9ab95 | Context users@openstack cleanup() finished in 8.47 sec
2019-07-31 08:36:56.528 1842 INFO rally.task.engine [-] Load duration is: 49.006122
2019-07-31 08:36:56.528 1842 INFO rally.task.engine [-] Full runner duration is: 49.061678
2019-07-31 08:36:56.529 1842 INFO rally.task.engine [-] Full duration is: 79.925396
2019-07-31 08:36:56.724 1842 INFO rally.task.engine [-] Running workload: position = 1 config = { "version": 2, "title": "A cropped version of a bigger task.", "description": "Auto-generated task from a single workload (uuid=c22cc378-020c-4327-aa7e-c8e49f2b0b4f)", "subtasks": [ { "title": "CinderVolumes.create_and_list_volume", "description": "Create a volume and list all volumes.", "scenario": { "CinderVolumes.create_and_list_volume": { "detailed": true, "size": 1 } }, "contexts": { "users": { "tenants": 3, "users_per_tenant": 2 }, "quotas": { "cinder": { "gigabytes": -1, "snapshots": -1, "volumes": -1 } }, "api_versions": { "cinder": { "version": 3, "service_type": "volumev3" } } }, "runner": { "constant": { "concurrency": 4, "times": 10 } }, "hooks": [], "sla": { "failure_rate": { "max": 0 } } } ] }
2019-07-31 08:36:56.746 1842 RALLYDEBUG rally_openstack.contexts.keystone.users [-] Creating 3 tenants using 20 threads
2019-07-31 08:36:58.639 1842 RALLYDEBUG rally_openstack.contexts.keystone.users [-] Creating 6 users using 20 threads
2019-07-31 08:37:01.507 1842 INFO rally.task.context [-] Task 86217e33-13bb-4e0b-9d9c-c552fbb9ab95 | Context users@openstack setup() finished in 4.76 sec
2019-07-31 08:37:01.933 1842 INFO rally.task.context [-] Task 86217e33-13bb-4e0b-9d9c-c552fbb9ab95 | Context api_versions@openstack setup() finished in 0.42 sec
2019-07-31 08:37:03.589 1842 INFO rally.task.context [-] Task 86217e33-13bb-4e0b-9d9c-c552fbb9ab95 | Context quotas@openstack setup() finished in 1.66 sec
2019-07-31 08:37:03.589 1842 INFO rally.task.context [-] Task 86217e33-13bb-4e0b-9d9c-c552fbb9ab95 | Context cleanup@openstack setup() finished in 0.01 msec
2019-07-31 08:37:03.597 1842 RALLYDEBUG rally.task.runner [-] Starting the constant runner (task UUID: 86217e33-13bb-4e0b-9d9c-c552fbb9ab95). timeout: 0 concurrency: 4 concurrency_per_worker: 1 times: 10 concurrency_overhead: 0 processes_to_start: 4 max_cpu_used: 16
2019-07-31 08:37:03.610 2598 RALLYDEBUG rally.task.runner [-] Starting a worker. concurrency: 1 args: {"detailed": true, "size": 1} times: 10 method_name: run timeout: 0 duration: None cls:
2019-07-31 08:37:03.612 2599 RALLYDEBUG rally.task.runner [-] Starting a worker. concurrency: 1 args: {"detailed": true, "size": 1} times: 10 method_name: run timeout: 0 duration: None cls:
2019-07-31 08:37:03.615 2600 RALLYDEBUG rally.task.runner [-] Starting a worker. concurrency: 1 args: {"detailed": true, "size": 1} times: 10 method_name: run timeout: 0 duration: None cls:
2019-07-31 08:37:03.618 2598 INFO rally.task.runner [-] Task 86217e33-13bb-4e0b-9d9c-c552fbb9ab95 | ITER: 1 START
2019-07-31 08:37:03.619 2601 RALLYDEBUG rally.task.runner [-] Starting a worker. concurrency: 1 args: {"detailed": true, "size": 1} times: 10 method_name: run timeout: 0 duration: None cls:
2019-07-31 08:37:03.620 2599 INFO rally.task.runner [-] Task 86217e33-13bb-4e0b-9d9c-c552fbb9ab95 | ITER: 2 START
2019-07-31 08:37:03.623 2600 INFO rally.task.runner [-] Task 86217e33-13bb-4e0b-9d9c-c552fbb9ab95 | ITER: 3 START
2019-07-31 08:37:03.627 2601 INFO rally.task.runner [-] Task 86217e33-13bb-4e0b-9d9c-c552fbb9ab95 | ITER: 4 START
2019-07-31 08:37:07.379 2599 INFO rally.task.runner [-] Task 86217e33-13bb-4e0b-9d9c-c552fbb9ab95 | ITER: 2 END: OK
2019-07-31 08:37:07.384 2599 INFO rally.task.runner [-] Task 86217e33-13bb-4e0b-9d9c-c552fbb9ab95 | ITER: 5 START
2019-07-31 08:37:07.714 2598 INFO rally.task.runner [-] Task 86217e33-13bb-4e0b-9d9c-c552fbb9ab95 | ITER: 1 END: OK
2019-07-31 08:37:07.719 2598 INFO rally.task.runner [-] Task 86217e33-13bb-4e0b-9d9c-c552fbb9ab95 | ITER: 6 START
2019-07-31 08:37:07.745 2601 INFO rally.task.runner [-] Task 86217e33-13bb-4e0b-9d9c-c552fbb9ab95 | ITER: 4 END: OK
2019-07-31 08:37:07.750 2601 INFO rally.task.runner [-] Task 86217e33-13bb-4e0b-9d9c-c552fbb9ab95 | ITER: 7 START
2019-07-31 08:37:07.791 2600 INFO rally.task.runner [-] Task 86217e33-13bb-4e0b-9d9c-c552fbb9ab95 | ITER: 3 END: OK
2019-07-31 08:37:07.796 2600 INFO rally.task.runner [-] Task 86217e33-13bb-4e0b-9d9c-c552fbb9ab95 | ITER: 8 START
2019-07-31 08:37:11.223 2599 INFO rally.task.runner [-] Task 86217e33-13bb-4e0b-9d9c-c552fbb9ab95 | ITER: 5 END: OK
2019-07-31 08:37:11.228 2599 INFO rally.task.runner [-] Task 86217e33-13bb-4e0b-9d9c-c552fbb9ab95 | ITER: 9 START
2019-07-31 08:37:11.560 2601 INFO rally.task.runner [-] Task 86217e33-13bb-4e0b-9d9c-c552fbb9ab95 | ITER: 7 END: OK
2019-07-31 08:37:11.565 2601 INFO rally.task.runner [-] Task 86217e33-13bb-4e0b-9d9c-c552fbb9ab95 | ITER: 10 START
2019-07-31 08:37:11.716 2598 INFO rally.task.runner [-] Task 86217e33-13bb-4e0b-9d9c-c552fbb9ab95 | ITER: 6 END: OK
2019-07-31 08:37:11.812 2600 INFO rally.task.runner [-] Task 86217e33-13bb-4e0b-9d9c-c552fbb9ab95 | ITER: 8 END: OK
2019-07-31 08:37:15.343 2599 INFO rally.task.runner [-] Task 86217e33-13bb-4e0b-9d9c-c552fbb9ab95 | ITER: 9 END: OK
2019-07-31 08:37:15.494 2601 INFO rally.task.runner [-] Task 86217e33-13bb-4e0b-9d9c-c552fbb9ab95 | ITER: 10 END: OK
2019-07-31 08:37:15.515 1842 INFO rally.task.context [-] Task 86217e33-13bb-4e0b-9d9c-c552fbb9ab95 | Context cleanup@openstack cleanup() started
2019-07-31 08:37:15.517 1842 RALLYDEBUG rally_openstack.cleanup.manager [-] Cleaning up cinder backups objects
2019-07-31 08:37:17.682 1842 RALLYDEBUG rally_openstack.cleanup.manager [-] Cleaning up cinder volume_snapshots objects
2019-07-31 08:37:19.804 1842 RALLYDEBUG rally_openstack.cleanup.manager [-] Cleaning up cinder transfers objects
2019-07-31 08:37:22.222 1842 RALLYDEBUG rally_openstack.cleanup.manager [-] Cleaning up cinder volumes objects
2019-07-31 08:37:24.585 1842 RALLYDEBUG rally_openstack.cleanup.manager [-] Deleting cinder.volumes object s_rally_c22cc378_LXw38j3B (1b6bc93f-1e93-4a8d-a18d-353e02a6fda0)
2019-07-31 08:37:24.593 1842 RALLYDEBUG rally_openstack.cleanup.manager [-] Deleting cinder.volumes object s_rally_c22cc378_gCM5t7Pq (ddfcb92f-1096-445a-b14a-1e230655a054)
2019-07-31 08:37:24.598 1842 RALLYDEBUG rally_openstack.cleanup.manager [-] Deleting cinder.volumes object s_rally_c22cc378_v8kw3AAQ (b40b96be-298b-4e55-aebf-910ba0d85248)
2019-07-31 08:37:24.603 1842 RALLYDEBUG rally_openstack.cleanup.manager [-] Deleting cinder.volumes object s_rally_c22cc378_hzgCVGRQ (43475a06-0c78-4469-930f-e166d234c3bc)
2019-07-31 08:37:24.604 1842 RALLYDEBUG rally_openstack.cleanup.manager [-] Deleting cinder.volumes object s_rally_c22cc378_ZxgKmfx6 (60bf7af0-bee4-4778-b80e-e19f436436e6)
2019-07-31 08:37:24.610 1842 RALLYDEBUG rally_openstack.cleanup.manager [-] Deleting cinder.volumes object s_rally_c22cc378_ILXFe7nK (7c955acc-c8ab-4434-9cdf-744d6cdf15ce)
2019-07-31 08:37:24.612 1842 RALLYDEBUG rally_openstack.cleanup.manager [-] Deleting cinder.volumes object s_rally_c22cc378_ipJUWXNT (9603c1b6-3b41-4f92-bc38-956c6c497983)
2019-07-31 08:37:24.620 1842 RALLYDEBUG rally_openstack.cleanup.manager [-] Deleting cinder.volumes object s_rally_c22cc378_3yEDJ3z8 (55de902d-3a8f-4b4e-89b4-cd4dbda676a7)
2019-07-31 08:37:24.623 1842 RALLYDEBUG rally_openstack.cleanup.manager [-] Deleting cinder.volumes object s_rally_c22cc378_m3WV1SAh (c75620a4-7db1-496e-b195-3e2ef0c9e490)
2019-07-31 08:37:24.626 1842 RALLYDEBUG rally_openstack.cleanup.manager [-] Deleting cinder.volumes object s_rally_c22cc378_wr0SHukd (2082ec4d-8497-432e-906c-ad561e7d9705)
2019-07-31 08:37:29.742 1842 INFO rally.task.context [-] Task 86217e33-13bb-4e0b-9d9c-c552fbb9ab95 | Context cleanup@openstack cleanup() finished in 14.23 sec
2019-07-31 08:37:29.743 1842 INFO rally.task.context [-] Task 86217e33-13bb-4e0b-9d9c-c552fbb9ab95 | Context quotas@openstack cleanup() started
2019-07-31 08:37:30.636 1842 INFO rally.task.context [-] Task 86217e33-13bb-4e0b-9d9c-c552fbb9ab95 | Context quotas@openstack cleanup() finished in 0.89 sec
2019-07-31 08:37:30.636 1842 INFO rally.task.context [-] Task 86217e33-13bb-4e0b-9d9c-c552fbb9ab95 | Context api_versions@openstack cleanup() started
2019-07-31 08:37:30.637 1842 INFO rally.task.context [-] Task 86217e33-13bb-4e0b-9d9c-c552fbb9ab95 | Context api_versions@openstack cleanup() finished in 0.29 msec
2019-07-31 08:37:30.637 1842 INFO rally.task.context [-] Task 86217e33-13bb-4e0b-9d9c-c552fbb9ab95 | Context users@openstack cleanup() started
2019-07-31 08:37:38.843 1842 INFO rally.task.context [-] Task 86217e33-13bb-4e0b-9d9c-c552fbb9ab95 | Context users@openstack cleanup() finished in 8.21 sec
2019-07-31 08:37:38.926 1842 INFO rally.task.engine [-] Load duration is: 11.872121
2019-07-31 08:37:38.927 1842 INFO rally.task.engine [-] Full runner duration is: 11.918264
2019-07-31 08:37:38.927 1842 INFO rally.task.engine [-] Full duration is: 42.099943
2019-07-31 08:37:39.159 1842 INFO rally.task.engine [-] Running workload: position = 0 config = { "version": 2, "title": "A cropped version of a bigger task.", "description": "Auto-generated task from a single workload (uuid=9f11303f-18f0-484d-92c6-3eda093534ee)", "subtasks": [ { "title": "CinderVolumes.create_and_upload_volume_to_image", "description": "Create and upload a volume to image.", "scenario": { "CinderVolumes.create_and_upload_volume_to_image": { "container_format": "bare", "disk_format": "raw", "do_delete": true, "force": false, "size": 1 } }, "contexts": { "users": { "tenants": 3, "users_per_tenant": 2 }, "quotas": { "cinder": { "gigabytes": -1, "snapshots": -1, "volumes": -1 } }, "api_versions": { "cinder": { "version": 3, "service_type": "volumev3" } } }, "runner": { "constant": { "concurrency": 4, "times": 10 } }, "hooks": [], "sla": { "failure_rate": { "max": 0 } } } ] }
2019-07-31 08:37:39.180 1842 RALLYDEBUG rally_openstack.contexts.keystone.users [-] Creating 3 tenants using 20 threads
2019-07-31 08:37:40.992 1842 RALLYDEBUG rally_openstack.contexts.keystone.users [-] Creating 6 users using 20 threads
2019-07-31 08:37:43.742 1842 INFO rally.task.context [-] Task 86217e33-13bb-4e0b-9d9c-c552fbb9ab95 | Context users@openstack setup() finished in 4.56 sec
2019-07-31 08:37:44.164 1842 INFO rally.task.context [-] Task 86217e33-13bb-4e0b-9d9c-c552fbb9ab95 | Context api_versions@openstack setup() finished in 0.42 sec
2019-07-31 08:37:45.934 1842 INFO rally.task.context [-] Task 86217e33-13bb-4e0b-9d9c-c552fbb9ab95 | Context quotas@openstack setup() finished in 1.77 sec
2019-07-31 08:37:45.934 1842 INFO rally.task.context [-] Task 86217e33-13bb-4e0b-9d9c-c552fbb9ab95 | Context cleanup@openstack setup() finished in 0.01 msec
2019-07-31 08:37:45.943 1842 RALLYDEBUG rally.task.runner [-] Starting the constant runner (task UUID: 86217e33-13bb-4e0b-9d9c-c552fbb9ab95). timeout: 0 concurrency: 4 concurrency_per_worker: 1 times: 10 concurrency_overhead: 0 processes_to_start: 4 max_cpu_used: 16
2019-07-31 08:37:45.955 2782 RALLYDEBUG rally.task.runner [-] Starting a worker. concurrency: 1 args: {"container_format": "bare", "disk_format": "raw", "do_delete": true, "force": false, "size": 1} times: 10 method_name: run timeout: 0 duration: None cls:
2019-07-31 08:37:45.959 2784 RALLYDEBUG rally.task.runner [-] Starting a worker. concurrency: 1 args: {"container_format": "bare", "disk_format": "raw", "do_delete": true, "force": false, "size": 1} times: 10 method_name: run timeout: 0 duration: None cls:
2019-07-31 08:37:45.959 2783 RALLYDEBUG rally.task.runner [-] Starting a worker. concurrency: 1 args: {"container_format": "bare", "disk_format": "raw", "do_delete": true, "force": false, "size": 1} times: 10 method_name: run timeout: 0 duration: None cls:
2019-07-31 08:37:45.963 2782 INFO rally.task.runner [-] Task 86217e33-13bb-4e0b-9d9c-c552fbb9ab95 | ITER: 1 START
2019-07-31 08:37:45.963 2785 RALLYDEBUG rally.task.runner [-] Starting a worker. concurrency: 1 args: {"container_format": "bare", "disk_format": "raw", "do_delete": true, "force": false, "size": 1} times: 10 method_name: run timeout: 0 duration: None cls:
2019-07-31 08:37:45.965 2784 INFO rally.task.runner [-] Task 86217e33-13bb-4e0b-9d9c-c552fbb9ab95 | ITER: 2 START
2019-07-31 08:37:45.967 2783 INFO rally.task.runner [-] Task 86217e33-13bb-4e0b-9d9c-c552fbb9ab95 | ITER: 3 START
2019-07-31 08:37:45.969 2785 INFO rally.task.runner [-] Task 86217e33-13bb-4e0b-9d9c-c552fbb9ab95 | ITER: 4 START
2019-07-31 08:37:51.479 2784 RALLYDEBUG rally.task.utils [-] Waiting for resource s_rally_9f11303f_eTXTrtn8. Status changed: AVAILABLE => UPLOADING in 0.0548021793365
2019-07-31 08:37:51.528 2783 RALLYDEBUG rally.task.utils [-] Waiting for resource s_rally_9f11303f_BTtKYcIp. Status changed: AVAILABLE => UPLOADING in 0.341751098633
2019-07-31 08:37:51.577 2782 RALLYDEBUG rally.task.utils [-] Waiting for resource s_rally_9f11303f_9uBDjpPo. Status changed: AVAILABLE => UPLOADING in 0.05610704422
2019-07-31 08:37:51.618 2785 RALLYDEBUG rally.task.utils [-] Waiting for resource s_rally_9f11303f_XqzSiJdg. Status changed: AVAILABLE => UPLOADING in 0.252163887024
2019-07-31 08:38:38.169 2782 RALLYDEBUG rally.task.utils [-] Waiting for resource s_rally_9f11303f_9uBDjpPo. Status changed: UPLOADING => AVAILABLE in 46.5911929607
2019-07-31 08:38:38.722 2783 RALLYDEBUG rally.task.utils [-] Waiting for resource s_rally_9f11303f_BTtKYcIp. Status changed: UPLOADING => AVAILABLE in 47.1946308613
2019-07-31 08:38:38.805 2785 RALLYDEBUG rally.task.utils [-] Waiting for resource s_rally_9f11303f_XqzSiJdg. Status changed: UPLOADING => AVAILABLE in 47.1867370605
2019-07-31 08:38:39.220 2782 RALLYDEBUG rally.task.utils [-] Waiting for resource s_rally_9f11303f_9uBDjpPo. Status changed: AVAILABLE => DELETING in 0.375267028809
2019-07-31 08:38:39.610 2784 RALLYDEBUG rally.task.utils [-] Waiting for resource s_rally_9f11303f_eTXTrtn8. Status changed: UPLOADING => AVAILABLE in 48.1312408447
2019-07-31 08:38:40.250 2785 RALLYDEBUG rally.task.utils [-] Waiting for resource s_rally_9f11303f_XqzSiJdg. Status changed: AVAILABLE => DELETING in 0.337266921997
2019-07-31 08:38:40.530 2784 RALLYDEBUG rally.task.utils [-] Waiting for resource s_rally_9f11303f_eTXTrtn8. Status changed: AVAILABLE => DELETING in 0.0538110733032
2019-07-31 08:38:41.148 2783 INFO rally.task.runner [-] Task 86217e33-13bb-4e0b-9d9c-c552fbb9ab95 | ITER: 3 END: OK
2019-07-31 08:38:41.156 2783 INFO rally.task.runner [-] Task 86217e33-13bb-4e0b-9d9c-c552fbb9ab95 | ITER: 5 START
2019-07-31 08:38:42.270 2782 INFO rally.task.runner [-] Task 86217e33-13bb-4e0b-9d9c-c552fbb9ab95 | ITER: 1 END: OK
2019-07-31 08:38:42.276 2782 INFO rally.task.runner [-] Task 86217e33-13bb-4e0b-9d9c-c552fbb9ab95 | ITER: 6 START
2019-07-31 08:38:43.405 2784 INFO rally.task.runner [-] Task 86217e33-13bb-4e0b-9d9c-c552fbb9ab95 | ITER: 2 END: OK
2019-07-31 08:38:43.411 2785 INFO rally.task.runner [-] Task 86217e33-13bb-4e0b-9d9c-c552fbb9ab95 | ITER: 4 END: OK
2019-07-31 08:38:43.413 2784 INFO rally.task.runner [-] Task 86217e33-13bb-4e0b-9d9c-c552fbb9ab95 | ITER: 7 START
2019-07-31 08:38:43.422 2785 INFO rally.task.runner [-] Task 86217e33-13bb-4e0b-9d9c-c552fbb9ab95 | ITER: 8 START
2019-07-31 08:38:46.914 2783 RALLYDEBUG rally.task.utils [-] Waiting for resource s_rally_9f11303f_CfSJGU37. Status changed: AVAILABLE => UPLOADING in 0.337584972382
2019-07-31 08:38:47.522 2782 RALLYDEBUG rally.task.utils [-] Waiting for resource s_rally_9f11303f_uptav1Lu. Status changed: AVAILABLE => UPLOADING in 0.0673129558563
2019-07-31 08:38:48.552 2785 RALLYDEBUG rally.task.utils [-] Waiting for resource s_rally_9f11303f_vRt8x4t2. Status changed: AVAILABLE => UPLOADING in 0.313254117966
2019-07-31 08:38:48.764 2784 RALLYDEBUG rally.task.utils [-] Waiting for resource s_rally_9f11303f_OimQNtJk. Status changed: AVAILABLE => UPLOADING in 0.472093820572
2019-07-31 08:39:35.288 2783 RALLYDEBUG rally.task.utils [-] Waiting for resource s_rally_9f11303f_CfSJGU37. Status changed: UPLOADING => AVAILABLE in 48.3736188412
2019-07-31 08:39:37.262 2783 INFO rally.task.runner [-] Task 86217e33-13bb-4e0b-9d9c-c552fbb9ab95 | ITER: 5 END: OK
2019-07-31 08:39:37.268 2783 INFO rally.task.runner [-] Task 86217e33-13bb-4e0b-9d9c-c552fbb9ab95 | ITER: 9 START
2019-07-31 08:39:37.746 2785 RALLYDEBUG rally.task.utils [-] Waiting for resource s_rally_9f11303f_vRt8x4t2. Status changed: UPLOADING => AVAILABLE in 49.1945528984
2019-07-31 08:39:38.122 2782 RALLYDEBUG rally.task.utils [-] Waiting for resource s_rally_9f11303f_uptav1Lu. Status changed: UPLOADING => AVAILABLE in 50.5997269154
2019-07-31 08:39:39.174 2784 RALLYDEBUG rally.task.utils [-] Waiting for resource s_rally_9f11303f_OimQNtJk. Status changed: UPLOADING => AVAILABLE in 50.4097881317
2019-07-31 08:39:39.356 2785 RALLYDEBUG rally.task.utils [-] Waiting for resource s_rally_9f11303f_vRt8x4t2. Status changed: AVAILABLE => DELETING in 0.344290971756
2019-07-31 08:39:39.795 2782 INFO rally.task.runner [-] Task 86217e33-13bb-4e0b-9d9c-c552fbb9ab95 | ITER: 6 END: OK
2019-07-31 08:39:39.800 2782 INFO rally.task.runner [-] Task 86217e33-13bb-4e0b-9d9c-c552fbb9ab95 | ITER: 10 START
2019-07-31 08:39:39.918 2784 RALLYDEBUG rally.task.utils [-] Waiting for resource s_rally_9f11303f_OimQNtJk. Status changed: AVAILABLE => DELETING in 0.0528428554535
2019-07-31 08:39:42.793 2783 RALLYDEBUG rally.task.utils [-] Waiting for resource s_rally_9f11303f_jn4Solws. Status changed: AVAILABLE => UPLOADING in 0.0607490539551
2019-07-31 08:39:42.885 2785 INFO rally.task.runner [-] Task 86217e33-13bb-4e0b-9d9c-c552fbb9ab95 | ITER: 8 END: OK
2019-07-31 08:39:42.902 2784 INFO rally.task.runner [-] Task 86217e33-13bb-4e0b-9d9c-c552fbb9ab95 | ITER: 7 END: OK
2019-07-31 08:39:45.614 2782 RALLYDEBUG rally.task.utils [-] Waiting for resource s_rally_9f11303f_2sb3pc75. Status changed: AVAILABLE => UPLOADING in 0.348797798157
2019-07-31 08:40:13.159 2783 RALLYDEBUG rally.task.utils [-] Waiting for resource s_rally_9f11303f_jn4Solws. Status changed: UPLOADING => AVAILABLE in 30.3654749393
2019-07-31 08:40:14.229 2783 RALLYDEBUG rally.task.utils [-] Waiting for resource s_rally_9f11303f_jn4Solws. Status changed: AVAILABLE => DELETING in 0.056009054184
2019-07-31 08:40:14.939 2782 RALLYDEBUG rally.task.utils [-] Waiting for resource s_rally_9f11303f_2sb3pc75. Status changed: UPLOADING => AVAILABLE in 29.325630188
2019-07-31 08:40:16.298 2782 RALLYDEBUG rally.task.utils [-] Waiting for resource s_rally_9f11303f_2sb3pc75. Status changed: AVAILABLE => DELETING in 0.0562520027161
2019-07-31 08:40:16.969 2783 INFO rally.task.runner [-] Task 86217e33-13bb-4e0b-9d9c-c552fbb9ab95 | ITER: 9 END: OK
2019-07-31 08:40:19.238 2782 INFO rally.task.runner [-] Task 86217e33-13bb-4e0b-9d9c-c552fbb9ab95 | ITER: 10 END: OK
2019-07-31 08:40:19.272 1842 INFO rally.task.context [-] Task 86217e33-13bb-4e0b-9d9c-c552fbb9ab95 | Context cleanup@openstack cleanup() started
2019-07-31 08:40:19.274 1842 RALLYDEBUG rally_openstack.cleanup.manager [-] Cleaning up cinder backups objects
2019-07-31 08:40:21.532 1842 RALLYDEBUG rally_openstack.cleanup.manager [-] Cleaning up cinder volume_snapshots objects
2019-07-31 08:40:23.663 1842 RALLYDEBUG rally_openstack.cleanup.manager [-] Cleaning up cinder transfers objects
2019-07-31 08:40:25.795 1842 RALLYDEBUG rally_openstack.cleanup.manager [-] Cleaning up cinder volumes objects
2019-07-31 08:40:28.117 1842 RALLYDEBUG rally_openstack.cleanup.manager [-] Cleaning up glance images objects
2019-07-31 08:40:31.395 1842 INFO rally.task.context [-] Task 86217e33-13bb-4e0b-9d9c-c552fbb9ab95 | Context cleanup@openstack cleanup() finished in 12.12 sec
2019-07-31 08:40:31.395 1842 INFO rally.task.context [-] Task 86217e33-13bb-4e0b-9d9c-c552fbb9ab95 | Context quotas@openstack cleanup() started
2019-07-31 08:40:32.356 1842 INFO rally.task.context [-] Task 86217e33-13bb-4e0b-9d9c-c552fbb9ab95 | Context quotas@openstack cleanup() finished in 0.96 sec
2019-07-31 08:40:32.356 1842 INFO rally.task.context [-] Task 86217e33-13bb-4e0b-9d9c-c552fbb9ab95 | Context api_versions@openstack cleanup() started
2019-07-31 08:40:32.356 1842 INFO rally.task.context [-] Task 86217e33-13bb-4e0b-9d9c-c552fbb9ab95 | Context api_versions@openstack cleanup() finished in 0.31 msec
2019-07-31 08:40:32.357 1842 INFO rally.task.context [-] Task 86217e33-13bb-4e0b-9d9c-c552fbb9ab95 | Context users@openstack cleanup() started
2019-07-31 08:40:41.016 1842 INFO rally.task.context [-] Task 86217e33-13bb-4e0b-9d9c-c552fbb9ab95 | Context users@openstack cleanup() finished in 8.66 sec
2019-07-31 08:40:41.970 1842 INFO rally.task.engine [-] Load duration is: 152.246049
2019-07-31 08:40:41.971 1842 INFO rally.task.engine [-] Full runner duration is: 153.330146
2019-07-31 08:40:41.971 1842 INFO rally.task.engine [-] Full duration is: 181.838797
2019-07-31 08:40:42.276 1842 INFO rally.task.engine [-] Running workload: position = 0 config = { "version": 2, "title": "A cropped version of a bigger task.", "description": "Auto-generated task from a single workload (uuid=5325f142-87f1-4c8f-940a-977290cd17ab)", "subtasks": [ { "title": "CinderVolumes.create_nested_snapshots_and_attach_volume", "description": "Create a volume from snapshot and attach/detach the volume", "scenario": { "CinderVolumes.create_nested_snapshots_and_attach_volume": { "flavor": { "name": "rally_full-flavor_1b75953a-3c08-447d-abbf-ea0401498a33" }, "image": { "name": "rally_full-img_1b75953a-3c08-447d-abbf-ea0401498a33" }, "nested_level": 1, "size": { "max": 1, "min": 1 }, "create_vm_params": { "nics": [ { "net-id": "a615cb62-0d81-49b2-af8f-7f67dbc25446" } ] } } }, "contexts": { "users": { "tenants": 3, "users_per_tenant": 2 }, "quotas": { "cinder": { "gigabytes": -1, "snapshots": -1, "volumes": -1 } }, "api_versions": { "cinder": { "version": 3, "service_type": "volumev3" } } }, "runner": { "constant": { "concurrency": 4, "times": 10 } }, "hooks": [], "sla": { "failure_rate": { "max": 0 } } } ] }
2019-07-31 08:40:42.298 1842 RALLYDEBUG rally_openstack.contexts.keystone.users [-] Creating 3 tenants using 20 threads
2019-07-31 08:40:44.118 1842 RALLYDEBUG rally_openstack.contexts.keystone.users [-] Creating 6 users using 20 threads
2019-07-31 08:40:46.986 1842 INFO rally.task.context [-] Task 86217e33-13bb-4e0b-9d9c-c552fbb9ab95 | Context users@openstack setup() finished in 4.69 sec
2019-07-31 08:40:47.411 1842 INFO rally.task.context [-] Task 86217e33-13bb-4e0b-9d9c-c552fbb9ab95 | Context api_versions@openstack setup() finished in 0.42 sec
2019-07-31 08:40:49.100 1842 INFO rally.task.context [-] Task 86217e33-13bb-4e0b-9d9c-c552fbb9ab95 | Context quotas@openstack setup() finished in 1.69 sec
2019-07-31 08:40:49.101 1842 INFO rally.task.context [-] Task 86217e33-13bb-4e0b-9d9c-c552fbb9ab95 | Context cleanup@openstack setup() finished in 0.00 msec
2019-07-31 08:40:50.647 1842 DEBUG novaclient.v2.client [-] REQ: curl -g -i -X GET http://172.30.9.28:8774/v2.1/flavors/detail -H "Accept: application/json" -H "User-Agent: python-novaclient" -H "X-Auth-Token: {SHA1}bf79c88d0e17563647f7efbb1f74812e79c2b046" _http_log_request /usr/lib/python2.7/site-packages/keystoneauth1/session.py:448
2019-07-31 08:40:50.946 1842 DEBUG novaclient.v2.client [-] RESP: [200] Content-Encoding: gzip Content-Length: 363 Content-Type: application/json Date: Wed, 31 Jul 2019 08:40:50 GMT OpenStack-API-Version: compute 2.1 Server: Apache Vary: OpenStack-API-Version,X-OpenStack-Nova-API-Version,Accept-Encoding X-OpenStack-Nova-API-Version: 2.1 x-compute-request-id: req-b6380bd8-4b95-4868-959d-de7360544faa x-openstack-request-id: req-b6380bd8-4b95-4868-959d-de7360544faa _http_log_response /usr/lib/python2.7/site-packages/keystoneauth1/session.py:479
2019-07-31 08:40:50.947 1842 DEBUG novaclient.v2.client [-] RESP BODY: {"flavors": [{"name": "rally_full-flavor_1b75953a-3c08-447d-abbf-ea0401498a33", "links": [{"href": "http://172.30.9.28:8774/v2.1/flavors/3af2ac60-26a5-4ff4-8205-521e58b8583c", "rel": "self"}, {"href": "http://172.30.9.28:8774/flavors/3af2ac60-26a5-4ff4-8205-521e58b8583c", "rel": "bookmark"}], "ram": 512, "OS-FLV-DISABLED:disabled": false, "vcpus": 1, "swap": "", "os-flavor-access:is_public": true, "rxtx_factor": 1.0, "OS-FLV-EXT-DATA:ephemeral": 0, "disk": 1, "id": "3af2ac60-26a5-4ff4-8205-521e58b8583c"}, {"name": "rally_full-flavor_alt_1b75953a-3c08-447d-abbf-ea0401498a33", "links": [{"href": "http://172.30.9.28:8774/v2.1/flavors/ba38393c-7ae0-4a06-a4ab-ba88bb434ff8", "rel": "self"}, {"href": "http://172.30.9.28:8774/flavors/ba38393c-7ae0-4a06-a4ab-ba88bb434ff8", "rel": "bookmark"}], "ram": 1024, "OS-FLV-DISABLED:disabled": false, "vcpus": 1, "swap": "", "os-flavor-access:is_public": true, "rxtx_factor": 1.0, "OS-FLV-EXT-DATA:ephemeral": 0, "disk": 1, "id": "ba38393c-7ae0-4a06-a4ab-ba88bb434ff8"}]} _http_log_response /usr/lib/python2.7/site-packages/keystoneauth1/session.py:511
2019-07-31 08:40:50.948 1842 DEBUG novaclient.v2.client [-] GET call to compute for http://172.30.9.28:8774/v2.1/flavors/detail used request id req-b6380bd8-4b95-4868-959d-de7360544faa request /usr/lib/python2.7/site-packages/keystoneauth1/session.py:844
2019-07-31 08:40:50.949 1842 RALLYDEBUG rally.task.runner [-] Starting the constant runner (task UUID: 86217e33-13bb-4e0b-9d9c-c552fbb9ab95). timeout: 0 concurrency: 4 concurrency_per_worker: 1 times: 10 concurrency_overhead: 0 processes_to_start: 4 max_cpu_used: 16
2019-07-31 08:40:50.962 2986 RALLYDEBUG rally.task.runner [-] Starting a worker. concurrency: 1 args: {"flavor": "3af2ac60-26a5-4ff4-8205-521e58b8583c", "image": "a618400b-8653-458a-86fe-d4b56f6506da", "nested_level": 1, "size": {"max": 1, "min": 1}, "create_vm_params": {"nics": [{"net-id": "a615cb62-0d81-49b2-af8f-7f67dbc25446"}]}} times: 10 method_name: run timeout: 0 duration: None cls:
2019-07-31 08:40:50.965 2987 RALLYDEBUG rally.task.runner [-] Starting a worker. concurrency: 1 args: {"flavor": "3af2ac60-26a5-4ff4-8205-521e58b8583c", "image": "a618400b-8653-458a-86fe-d4b56f6506da", "nested_level": 1, "size": {"max": 1, "min": 1}, "create_vm_params": {"nics": [{"net-id": "a615cb62-0d81-49b2-af8f-7f67dbc25446"}]}} times: 10 method_name: run timeout: 0 duration: None cls:
2019-07-31 08:40:50.968 2988 RALLYDEBUG rally.task.runner [-] Starting a worker. concurrency: 1 args: {"flavor": "3af2ac60-26a5-4ff4-8205-521e58b8583c", "image": "a618400b-8653-458a-86fe-d4b56f6506da", "nested_level": 1, "size": {"max": 1, "min": 1}, "create_vm_params": {"nics": [{"net-id": "a615cb62-0d81-49b2-af8f-7f67dbc25446"}]}} times: 10 method_name: run timeout: 0 duration: None cls:
2019-07-31 08:40:50.970 2986 INFO rally.task.runner [-] Task 86217e33-13bb-4e0b-9d9c-c552fbb9ab95 | ITER: 1 START
2019-07-31 08:40:50.972 2989 RALLYDEBUG rally.task.runner [-] Starting a worker. concurrency: 1 args: {"flavor": "3af2ac60-26a5-4ff4-8205-521e58b8583c", "image": "a618400b-8653-458a-86fe-d4b56f6506da", "nested_level": 1, "size": {"max": 1, "min": 1}, "create_vm_params": {"nics": [{"net-id": "a615cb62-0d81-49b2-af8f-7f67dbc25446"}]}} times: 10 method_name: run timeout: 0 duration: None cls:
2019-07-31 08:40:50.973 2987 INFO rally.task.runner [-] Task 86217e33-13bb-4e0b-9d9c-c552fbb9ab95 | ITER: 2 START
2019-07-31 08:40:50.976 2988 INFO rally.task.runner [-] Task 86217e33-13bb-4e0b-9d9c-c552fbb9ab95 | ITER: 3 START
2019-07-31 08:40:50.980 2989 INFO rally.task.runner [-] Task 86217e33-13bb-4e0b-9d9c-c552fbb9ab95 | ITER: 4 START
2019-07-31 08:40:51.426 2986 DEBUG novaclient.v2.client [-] REQ: curl -g -i -X POST http://172.30.9.28:8774/v2.1/servers -H "Accept: application/json" -H "Content-Type: application/json" -H "User-Agent: python-novaclient" -H "X-Auth-Token: {SHA1}65fe09e761438a0dd5babaf74f8d0ad60f53a24a" -d '{"server": {"name": "s_rally_5325f142_g6SyFPco", "imageRef": "a618400b-8653-458a-86fe-d4b56f6506da", "flavorRef": "3af2ac60-26a5-4ff4-8205-521e58b8583c", "max_count": 1, "min_count": 1, "networks": [{"uuid": "a615cb62-0d81-49b2-af8f-7f67dbc25446"}]}}' _http_log_request /usr/lib/python2.7/site-packages/keystoneauth1/session.py:448
2019-07-31 08:40:51.427 2987 DEBUG novaclient.v2.client [-] REQ: curl -g -i -X POST http://172.30.9.28:8774/v2.1/servers -H "Accept: application/json" -H "Content-Type: application/json" -H "User-Agent: python-novaclient" -H "X-Auth-Token: {SHA1}579c3668839c296f69bc47b4215faa6765d83254" -d '{"server": {"name": "s_rally_5325f142_Qi7Zz2mq", "imageRef": "a618400b-8653-458a-86fe-d4b56f6506da", "flavorRef": "3af2ac60-26a5-4ff4-8205-521e58b8583c", "max_count": 1, "min_count": 1, "networks": [{"uuid": "a615cb62-0d81-49b2-af8f-7f67dbc25446"}]}}' _http_log_request /usr/lib/python2.7/site-packages/keystoneauth1/session.py:448
2019-07-31 08:40:51.436 2988 DEBUG novaclient.v2.client [-] REQ: curl -g -i -X POST http://172.30.9.28:8774/v2.1/servers -H "Accept: application/json" -H "Content-Type: application/json" -H "User-Agent: python-novaclient" -H "X-Auth-Token: {SHA1}144e1c81ba090d67f97064222f5ac185a6049a56" -d '{"server": {"name": "s_rally_5325f142_9aedPouA", "imageRef": "a618400b-8653-458a-86fe-d4b56f6506da", "flavorRef": "3af2ac60-26a5-4ff4-8205-521e58b8583c", "max_count": 1, "min_count": 1, "networks": [{"uuid": "a615cb62-0d81-49b2-af8f-7f67dbc25446"}]}}' _http_log_request /usr/lib/python2.7/site-packages/keystoneauth1/session.py:448
