2019-07-30 22:01:31.742 26974 INFO rally.task.runner [-] Task a48492f3-680e-49d6-9335-02c49a14a0e0 | ITER: 15 END: OK
2019-07-30 22:01:31.747 26974 INFO rally.task.runner [-] Task a48492f3-680e-49d6-9335-02c49a14a0e0 | ITER: 39 START
2019-07-30 22:01:31.747 26974 WARNING rally_openstack.scenarios.neutron.utils [-] Running this scenario without either the 'network' or 'existing_network' context is deprecated
2019-07-30 22:01:31.892 26946 INFO rally.task.runner [-] Task a48492f3-680e-49d6-9335-02c49a14a0e0 | ITER: 2 END: OK
2019-07-30 22:01:31.896 26946 INFO rally.task.runner [-] Task a48492f3-680e-49d6-9335-02c49a14a0e0 | ITER: 40 START
2019-07-30 22:01:31.897 26946 WARNING rally_openstack.scenarios.neutron.utils [-] Running this scenario without either the 'network' or 'existing_network' context is deprecated
2019-07-30 22:01:39.326 26980 INFO rally.task.runner [-] Task a48492f3-680e-49d6-9335-02c49a14a0e0 | ITER: 22 END: OK
2019-07-30 22:01:40.885 26950 INFO rally.task.runner [-] Task a48492f3-680e-49d6-9335-02c49a14a0e0 | ITER: 21 END: OK
2019-07-30 22:01:41.863 26964 INFO rally.task.runner [-] Task a48492f3-680e-49d6-9335-02c49a14a0e0 | ITER: 27 END: OK
2019-07-30 22:01:42.344 26973 INFO rally.task.runner [-] Task a48492f3-680e-49d6-9335-02c49a14a0e0 | ITER: 24 END: OK
2019-07-30 22:01:42.569 26946 INFO rally.task.runner [-] Task a48492f3-680e-49d6-9335-02c49a14a0e0 | ITER: 23 END: OK
2019-07-30 22:01:42.569 26992 INFO rally.task.runner [-] Task a48492f3-680e-49d6-9335-02c49a14a0e0 | ITER: 26 END: OK
2019-07-30 22:01:42.792 26971 INFO rally.task.runner [-] Task a48492f3-680e-49d6-9335-02c49a14a0e0 | ITER: 29 END: OK
2019-07-30 22:01:43.878 26986 INFO rally.task.runner [-] Task a48492f3-680e-49d6-9335-02c49a14a0e0 | ITER: 31 END: OK
2019-07-30 22:01:43.977 26947 INFO rally.task.runner [-] Task a48492f3-680e-49d6-9335-02c49a14a0e0 | ITER: 32 END: OK
2019-07-30 22:01:44.027 26948 INFO rally.task.runner [-] Task a48492f3-680e-49d6-9335-02c49a14a0e0 | ITER: 28 END: OK
2019-07-30 22:01:44.514 26989 INFO rally.task.runner [-] Task a48492f3-680e-49d6-9335-02c49a14a0e0 | ITER: 30 END: OK
2019-07-30 22:01:44.574 26945 INFO rally.task.runner [-] Task a48492f3-680e-49d6-9335-02c49a14a0e0 | ITER: 25 END: OK
2019-07-30 22:01:44.788 26959 INFO rally.task.runner [-] Task a48492f3-680e-49d6-9335-02c49a14a0e0 | ITER: 33 END: OK
2019-07-30 22:01:44.874 26948 INFO rally.task.runner [-] Task a48492f3-680e-49d6-9335-02c49a14a0e0 | ITER: 37 END: OK
2019-07-30 22:01:44.910 26969 INFO rally.task.runner [-] Task a48492f3-680e-49d6-9335-02c49a14a0e0 | ITER: 38 END: OK
2019-07-30 22:01:44.986 26947 INFO rally.task.runner [-] Task a48492f3-680e-49d6-9335-02c49a14a0e0 | ITER: 36 END: OK
2019-07-30 22:01:45.003 26963 INFO rally.task.runner [-] Task a48492f3-680e-49d6-9335-02c49a14a0e0 | ITER: 35 END: OK
2019-07-30 22:01:45.193 26945 INFO rally.task.runner [-] Task a48492f3-680e-49d6-9335-02c49a14a0e0 | ITER: 34 END: OK
2019-07-30 22:01:45.308 26974 INFO rally.task.runner [-] Task a48492f3-680e-49d6-9335-02c49a14a0e0 | ITER: 39 END: OK
2019-07-30 22:01:45.458 26946 INFO rally.task.runner [-] Task a48492f3-680e-49d6-9335-02c49a14a0e0 | ITER: 40 END: OK
2019-07-30 22:01:45.480 22699 INFO rally.task.context [-] Task a48492f3-680e-49d6-9335-02c49a14a0e0 | Context cleanup@openstack cleanup() started
2019-07-30 22:01:45.483 22699 RALLYDEBUG rally_openstack.cleanup.manager [-] Cleaning up neutron vip objects
2019-07-30 22:01:46.244 22699 RALLYDEBUG rally_openstack.cleanup.manager [-] Cleaning up neutron health_monitor objects
2019-07-30 22:01:47.001 22699 RALLYDEBUG rally_openstack.cleanup.manager [-] Cleaning up neutron pool objects
2019-07-30 22:01:47.755 22699 RALLYDEBUG rally_openstack.cleanup.manager [-] Cleaning up neutron loadbalancer objects
2019-07-30 22:01:48.398 22699 RALLYDEBUG rally_openstack.cleanup.manager [-] Cleaning up neutron floatingip objects
2019-07-30 22:01:49.264 22699 RALLYDEBUG rally_openstack.cleanup.manager [-] Cleaning up neutron port objects
2019-07-30 22:01:50.044 22699 RALLYDEBUG rally_openstack.cleanup.manager [-] Cleaning up neutron subnet objects
2019-07-30 22:01:50.734 22699 RALLYDEBUG rally_openstack.cleanup.manager [-] Cleaning up neutron network objects
2019-07-30 22:01:51.713 22699 RALLYDEBUG rally_openstack.cleanup.manager [-] Deleting neutron.network object s_rally_4d712082_BVxweVUk (29c90419-3d7d-452e-ab8b-fab48a9be9a1)
2019-07-30 22:01:51.717 22699 RALLYDEBUG rally_openstack.cleanup.manager [-] Deleting neutron.network object s_rally_4d712082_1SUJ5jA4 (3131634b-19b6-4e12-a70c-3a7ee582d3a3)
2019-07-30 22:01:51.722 22699 RALLYDEBUG rally_openstack.cleanup.manager [-] Deleting neutron.network object s_rally_4d712082_JuDzfE5S (4fb610d8-b65e-411a-8618-866602443117)
2019-07-30 22:01:51.721 22699 RALLYDEBUG rally_openstack.cleanup.manager [-] Deleting neutron.network object s_rally_4d712082_GFpxmniV (12c5056c-e33b-4cb6-9499-c47f4177126c)
2019-07-30 22:01:51.723 22699 RALLYDEBUG rally_openstack.cleanup.manager [-] Deleting neutron.network object s_rally_4d712082_SFFlEelq (60066670-682a-4f24-9b82-fce53c044618)
2019-07-30 22:01:51.729 22699 RALLYDEBUG rally_openstack.cleanup.manager [-] Deleting neutron.network object s_rally_4d712082_cwaF3Gmq (61278527-0f29-4c88-b1fa-67ce1e486de3)
2019-07-30 22:01:51.732 22699 RALLYDEBUG rally_openstack.cleanup.manager [-] Deleting neutron.network object s_rally_4d712082_tcX8FOt0 (34b040b4-4743-4ceb-9cb2-33d87d19401f)
2019-07-30 22:01:51.736 22699 RALLYDEBUG rally_openstack.cleanup.manager [-] Deleting neutron.network object s_rally_4d712082_T24b46Er (68b0e3e0-f930-4558-aa5a-6625c6812f78)
2019-07-30 22:01:51.737 22699 RALLYDEBUG rally_openstack.cleanup.manager [-] Deleting neutron.network object s_rally_4d712082_qJtGPCaZ (3183df2e-3b6a-40ab-b35e-5b5a5d4f34e3)
2019-07-30 22:01:51.738 22699 RALLYDEBUG rally_openstack.cleanup.manager [-] Deleting neutron.network object s_rally_4d712082_2r11FsuZ (2b3a34d6-ff28-432c-be9c-008d1968df6f)
2019-07-30 22:01:51.738 22699 RALLYDEBUG rally_openstack.cleanup.manager [-] Deleting neutron.network object s_rally_4d712082_KcGEm7nS (39360a48-2763-40c6-b35e-7484cc041783)
2019-07-30 22:01:51.743 22699 RALLYDEBUG rally_openstack.cleanup.manager [-] Deleting neutron.network object s_rally_4d712082_5qSi10uy (161ac9e7-e375-4b6a-ba81-64e3b75abab7)
2019-07-30 22:01:51.753 22699 RALLYDEBUG rally_openstack.cleanup.manager [-] Deleting neutron.network object s_rally_4d712082_SQFcD1Nw (6add368e-e0f4-4fc1-93ab-65708bd241dc)
2019-07-30 22:01:51.761 22699 RALLYDEBUG rally_openstack.cleanup.manager [-] Deleting neutron.network object s_rally_4d712082_46Dub9vh (82b07e5b-6572-4b46-9cd2-a1bcb2cc7378)
2019-07-30 22:01:51.785 22699 RALLYDEBUG rally_openstack.cleanup.manager [-] Deleting neutron.network object s_rally_4d712082_NEozXOeo (82d785d5-f330-4153-bb77-2cd5380a9170)
2019-07-30 22:01:51.791 22699 RALLYDEBUG rally_openstack.cleanup.manager [-] Deleting neutron.network object s_rally_4d712082_YxvHvo7a (83434b53-68e1-4532-b665-00fe9650b01a)
2019-07-30 22:01:51.801 22699 RALLYDEBUG rally_openstack.cleanup.manager [-] Deleting neutron.network object s_rally_4d712082_MUG7ibGc (8bb0cc8b-9beb-43b8-a20a-084fa0dec133)
2019-07-30 22:01:51.817 22699 RALLYDEBUG rally_openstack.cleanup.manager [-] Deleting neutron.network object s_rally_4d712082_TFIXZg6R (964488e0-e5d3-4fdd-9148-431761942c2e)
2019-07-30 22:01:51.956 22699 RALLYDEBUG rally_openstack.cleanup.manager [-] Deleting neutron.network object s_rally_4d712082_3n8qJV2o (9edcf8e8-14aa-4747-bcc4-77bb18b804d4)
2019-07-30 22:01:51.972 22699 RALLYDEBUG rally_openstack.cleanup.manager [-] Deleting neutron.network object s_rally_4d712082_DqowKPox (a6d188b5-5718-45f7-9f96-8b4be43ec58c)
2019-07-30 22:01:54.527 22699 RALLYDEBUG rally_openstack.cleanup.manager [-] Deleting neutron.network object s_rally_4d712082_ube2bfGF (ac3f19c9-761a-4c11-a5c5-33e055187f19)
2019-07-30 22:01:54.617 22699 RALLYDEBUG rally_openstack.cleanup.manager [-] Deleting neutron.network object s_rally_4d712082_22dISDtw (b2f9d712-2a46-4c23-8402-d43e9f636833)
2019-07-30 22:01:54.670 22699 RALLYDEBUG rally_openstack.cleanup.manager [-] Deleting neutron.network object s_rally_4d712082_sWTVu7jx (b6bdf3cf-6e2b-485f-9206-e136f43d1372)
2019-07-30 22:01:54.982 22699 RALLYDEBUG rally_openstack.cleanup.manager [-] Deleting neutron.network object s_rally_4d712082_Ju6DUQfq (c159b6cd-ca34-46e8-8c7d-d3cbffabaed3)
2019-07-30 22:01:55.004 22699 RALLYDEBUG rally_openstack.cleanup.manager [-] Deleting neutron.network object s_rally_4d712082_v1kQSkN8 (c3133503-ea85-4d59-9831-710f105cdcd6)
2019-07-30 22:01:55.008 22699 RALLYDEBUG rally_openstack.cleanup.manager [-] Deleting neutron.network object s_rally_4d712082_vXLhpyjd (c284b3be-0015-40f4-b8f0-d5c80310ccec)
2019-07-30 22:01:55.045 22699 RALLYDEBUG rally_openstack.cleanup.manager [-] Deleting neutron.network object s_rally_4d712082_jLf1UazZ (cb05e4e2-3c79-4ce7-9400-f1e5d34f1298)
2019-07-30 22:01:55.086 22699 RALLYDEBUG rally_openstack.cleanup.manager [-] Deleting neutron.network object s_rally_4d712082_KL6hz9f3 (cca5c0cc-d5ed-41d3-adb0-13b41334b219)
2019-07-30 22:01:55.195 22699 RALLYDEBUG rally_openstack.cleanup.manager [-] Deleting neutron.network object s_rally_4d712082_R1q8TJ01 (cfe50c6a-7cd4-4d47-b00e-7079d9112ae5)
2019-07-30 22:01:55.215 22699 RALLYDEBUG rally_openstack.cleanup.manager [-] Deleting neutron.network object s_rally_4d712082_qPKMffHY (d522835a-f4c2-41c7-a9cf-457a99b456a1)
2019-07-30 22:01:55.295 22699 RALLYDEBUG rally_openstack.cleanup.manager [-] Deleting neutron.network object s_rally_4d712082_bEP1Ahmq (e1183d79-c225-4b6e-b128-0c64c511c46d)
2019-07-30 22:01:55.362 22699 RALLYDEBUG rally_openstack.cleanup.manager [-] Deleting neutron.network object s_rally_4d712082_GswhVLJS (e28c88be-d41a-4b8d-9714-8d187c5cf220)
2019-07-30 22:01:55.417 22699 RALLYDEBUG rally_openstack.cleanup.manager [-] Deleting neutron.network object s_rally_4d712082_wK864xiF (e4bc5c1e-07bb-45b3-b363-e79fc9f35ca7)
2019-07-30 22:01:55.437 22699 RALLYDEBUG rally_openstack.cleanup.manager [-] Deleting neutron.network object s_rally_4d712082_8kTzE12E (e7fc4027-4d45-44ee-88df-19697b0e9290)
2019-07-30 22:01:55.461 22699 RALLYDEBUG rally_openstack.cleanup.manager [-] Deleting neutron.network object s_rally_4d712082_NZqOXM6O (eb45e73e-6ebf-4c32-bc95-6ed83cbe1c2c)
2019-07-30 22:01:55.463 22699 RALLYDEBUG rally_openstack.cleanup.manager [-] Deleting neutron.network object s_rally_4d712082_ZFkQv1Qy (f1063ca8-3334-40c7-ac1f-231ed756c9f7)
2019-07-30 22:01:55.477 22699 RALLYDEBUG rally_openstack.cleanup.manager [-] Deleting neutron.network object s_rally_4d712082_O1owlI90 (f20d37c5-36dd-4678-bbe2-aa81b0dad7d9)
2019-07-30 22:01:55.482 22699 RALLYDEBUG rally_openstack.cleanup.manager [-] Deleting neutron.network object s_rally_4d712082_eomjO86n (f98d193c-2a44-489a-abed-900234b9a23a)
2019-07-30 22:01:55.509 22699 RALLYDEBUG rally_openstack.cleanup.manager [-] Deleting neutron.network object s_rally_4d712082_1Nf2e7d4 (fc2a0274-21ca-4e24-bdff-9b426910cd86)
2019-07-30 22:01:55.568 22699 RALLYDEBUG rally_openstack.cleanup.manager [-] Deleting neutron.network object s_rally_4d712082_yRJVc4EI (fd569701-0fc6-4261-b0f8-f3941b57f245)
2019-07-30 22:02:00.099 22699 RALLYDEBUG rally_openstack.cleanup.manager [-] Cleaning up neutron router objects
2019-07-30 22:02:01.055 22699 RALLYDEBUG rally_openstack.cleanup.manager [-] Cleaning up neutron security_group objects
2019-07-30 22:02:01.835 22699 INFO rally.task.context [-] Task a48492f3-680e-49d6-9335-02c49a14a0e0 | Context cleanup@openstack cleanup() finished in 16.36 sec
2019-07-30 22:02:01.836 22699 INFO rally.task.context [-] Task a48492f3-680e-49d6-9335-02c49a14a0e0 | Context quotas@openstack cleanup() started
2019-07-30 22:02:02.073 22699 INFO rally.task.context [-] Task a48492f3-680e-49d6-9335-02c49a14a0e0 | Context quotas@openstack cleanup() finished in 0.24 sec
2019-07-30 22:02:02.073 22699 INFO rally.task.context [-] Task a48492f3-680e-49d6-9335-02c49a14a0e0 | Context users@openstack cleanup() started
2019-07-30 22:02:07.172 22699 INFO rally.task.context [-] Task a48492f3-680e-49d6-9335-02c49a14a0e0 | Context users@openstack cleanup() finished in 5.10 sec
2019-07-30 22:02:08.739 22699 INFO rally.task.engine [-] Load duration is: 31.398075
2019-07-30 22:02:08.740 22699 INFO rally.task.engine [-] Full runner duration is: 31.443771
2019-07-30 22:02:08.740 22699 INFO rally.task.engine [-] Full duration is: 58.659973
2019-07-30 22:02:09.025 22699 INFO rally.task.engine [-] Running workload: position = 0 config = { "version": 2, "title": "A cropped version of a bigger task.", "description": "Auto-generated task from a single workload (uuid=f2d7e4bf-03a7-4e8e-9df3-dda097ab5b0c)", "subtasks": [ { "title": "Quotas.neutron_update", "description": "Update quotas for neutron.", "scenario": { "Quotas.neutron_update": { "max_quota": 1024 } }, "contexts": { "users": { "tenants": 20, "users_per_tenant": 1 } }, "runner": { "constant": { "times": 40, "concurrency": 20 } }, "hooks": [], "sla": { "failure_rate": { "max": 0 } } } ] }
2019-07-30 22:02:09.047 22699 RALLYDEBUG rally_openstack.contexts.keystone.users [-] Creating 20 tenants using 20 threads
2019-07-30 22:02:11.687 22699 RALLYDEBUG rally_openstack.contexts.keystone.users [-] Creating 20 users using 20 threads
2019-07-30 22:02:15.198 22699 INFO rally.task.context [-] Task a48492f3-680e-49d6-9335-02c49a14a0e0 | Context users@openstack setup() finished in 6.15 sec
2019-07-30 22:02:15.199 22699 INFO rally.task.context [-] Task a48492f3-680e-49d6-9335-02c49a14a0e0 | Context admin_cleanup@openstack setup() finished in 0.01 msec
2019-07-30 22:02:15.206 22699 RALLYDEBUG rally.task.runner [-] Starting the constant runner (task UUID: a48492f3-680e-49d6-9335-02c49a14a0e0). timeout: 0 concurrency: 20 concurrency_per_worker: 1 times: 40 concurrency_overhead: 4 processes_to_start: 16 max_cpu_used: 16
2019-07-30 22:02:15.220 27315 RALLYDEBUG rally.task.runner [-] Starting a worker. concurrency: 2 args: {"max_quota": 1024} times: 40 method_name: run timeout: 0 duration: None cls:
2019-07-30 22:02:15.222 27316 RALLYDEBUG rally.task.runner [-] Starting a worker. concurrency: 2 args: {"max_quota": 1024} times: 40 method_name: run timeout: 0 duration: None cls:
2019-07-30 22:02:15.226 27317 RALLYDEBUG rally.task.runner [-] Starting a worker. concurrency: 2 args: {"max_quota": 1024} times: 40 method_name: run timeout: 0 duration: None cls:
2019-07-30 22:02:15.230 27318 RALLYDEBUG rally.task.runner [-] Starting a worker. concurrency: 2 args: {"max_quota": 1024} times: 40 method_name: run timeout: 0 duration: None cls:
2019-07-30 22:02:15.232 27316 INFO rally.task.runner [-] Task a48492f3-680e-49d6-9335-02c49a14a0e0 | ITER: 2 START
2019-07-30 22:02:15.234 27319 RALLYDEBUG rally.task.runner [-] Starting a worker. concurrency: 1 args: {"max_quota": 1024} times: 40 method_name: run timeout: 0 duration: None cls:
2019-07-30 22:02:15.237 27315 INFO rally.task.runner [-] Task a48492f3-680e-49d6-9335-02c49a14a0e0 | ITER: 4 START
2019-07-30 22:02:15.241 27323 RALLYDEBUG rally.task.runner [-] Starting a worker. concurrency: 1 args: {"max_quota": 1024} times: 40 method_name: run timeout: 0 duration: None cls:
2019-07-30 22:02:15.244 27315 INFO rally.task.runner [-] Task a48492f3-680e-49d6-9335-02c49a14a0e0 | ITER: 1 START
2019-07-30 22:02:15.243 27317 INFO rally.task.runner [-] Task a48492f3-680e-49d6-9335-02c49a14a0e0 | ITER: 3 START
2019-07-30 22:02:15.244 27326 RALLYDEBUG rally.task.runner [-] Starting a worker. concurrency: 1 args: {"max_quota": 1024} times: 40 method_name: run timeout: 0 duration: None cls:
2019-07-30 22:02:15.244 27319 INFO rally.task.runner [-] Task a48492f3-680e-49d6-9335-02c49a14a0e0 | ITER: 8 START
2019-07-30 22:02:15.240 27318 INFO rally.task.runner [-] Task a48492f3-680e-49d6-9335-02c49a14a0e0 | ITER: 6 START
2019-07-30 22:02:15.245 27316 INFO rally.task.runner [-] Task a48492f3-680e-49d6-9335-02c49a14a0e0 | ITER: 5 START
2019-07-30 22:02:15.244 27317 INFO rally.task.runner [-] Task a48492f3-680e-49d6-9335-02c49a14a0e0 | ITER: 7 START
2019-07-30 22:02:15.252 27323 INFO rally.task.runner [-] Task a48492f3-680e-49d6-9335-02c49a14a0e0 | ITER: 10 START
2019-07-30 22:02:15.253 27333 RALLYDEBUG rally.task.runner [-] Starting a worker. concurrency: 1 args: {"max_quota": 1024} times: 40 method_name: run timeout: 0 duration: None cls:
2019-07-30 22:02:15.255 27326 INFO rally.task.runner [-] Task a48492f3-680e-49d6-9335-02c49a14a0e0 | ITER: 11 START
2019-07-30 22:02:15.247 27318 INFO rally.task.runner [-] Task a48492f3-680e-49d6-9335-02c49a14a0e0 | ITER: 9 START
2019-07-30 22:02:15.261 27339 RALLYDEBUG rally.task.runner [-] Starting a worker. concurrency: 1 args: {"max_quota": 1024} times: 40 method_name: run timeout: 0 duration: None cls:
2019-07-30 22:02:15.262 27333 INFO rally.task.runner [-] Task a48492f3-680e-49d6-9335-02c49a14a0e0 | ITER: 12 START
2019-07-30 22:02:15.266 27342 RALLYDEBUG rally.task.runner [-] Starting a worker. concurrency: 1 args: {"max_quota": 1024} times: 40 method_name: run timeout: 0 duration: None cls:
2019-07-30 22:02:15.270 27339 INFO rally.task.runner [-] Task a48492f3-680e-49d6-9335-02c49a14a0e0 | ITER: 13 START
2019-07-30 22:02:15.277 27342 INFO rally.task.runner [-] Task a48492f3-680e-49d6-9335-02c49a14a0e0 | ITER: 14 START
2019-07-30 22:02:15.277 27345 RALLYDEBUG rally.task.runner [-] Starting a worker. concurrency: 1 args: {"max_quota": 1024} times: 40 method_name: run timeout: 0 duration: None cls:
2019-07-30 22:02:15.278 27348 RALLYDEBUG rally.task.runner [-] Starting a worker. concurrency: 1 args: {"max_quota": 1024} times: 40 method_name: run timeout: 0 duration: None cls:
2019-07-30 22:02:15.286 27348 INFO rally.task.runner [-] Task a48492f3-680e-49d6-9335-02c49a14a0e0 | ITER: 16 START
2019-07-30 22:02:15.286 27351 RALLYDEBUG rally.task.runner [-] Starting a worker. concurrency: 1 args: {"max_quota": 1024} times: 40 method_name: run timeout: 0 duration: None cls:
2019-07-30 22:02:15.293 27345 INFO rally.task.runner [-] Task a48492f3-680e-49d6-9335-02c49a14a0e0 | ITER: 15 START
2019-07-30 22:02:15.295 27351 INFO rally.task.runner [-] Task a48492f3-680e-49d6-9335-02c49a14a0e0 | ITER: 17 START
2019-07-30 22:02:15.295 27354 RALLYDEBUG rally.task.runner [-] Starting a worker. concurrency: 1 args: {"max_quota": 1024} times: 40 method_name: run timeout: 0 duration: None cls:
2019-07-30 22:02:15.300 27358 RALLYDEBUG rally.task.runner [-] Starting a worker. concurrency: 1 args: {"max_quota": 1024} times: 40 method_name: run timeout: 0 duration: None cls:
2019-07-30 22:02:15.303 27354 INFO rally.task.runner [-] Task a48492f3-680e-49d6-9335-02c49a14a0e0 | ITER: 18 START
2019-07-30 22:02:15.305 27360 RALLYDEBUG rally.task.runner [-] Starting a worker. concurrency: 1 args: {"max_quota": 1024} times: 40 method_name: run timeout: 0 duration: None cls:
2019-07-30 22:02:15.306 27358 INFO rally.task.runner [-] Task a48492f3-680e-49d6-9335-02c49a14a0e0 | ITER: 19 START
2019-07-30 22:02:15.312 27360 INFO rally.task.runner [-] Task a48492f3-680e-49d6-9335-02c49a14a0e0 | ITER: 20 START
2019-07-30 22:02:16.927 27323 INFO rally.task.runner [-] Task a48492f3-680e-49d6-9335-02c49a14a0e0 | ITER: 10 END: OK
2019-07-30 22:02:16.934 27323 INFO rally.task.runner [-] Task a48492f3-680e-49d6-9335-02c49a14a0e0 | ITER: 21 START
2019-07-30 22:02:17.046 27317 INFO rally.task.runner [-] Task a48492f3-680e-49d6-9335-02c49a14a0e0 | ITER: 7 END: OK
2019-07-30 22:02:17.053 27317 INFO rally.task.runner [-] Task a48492f3-680e-49d6-9335-02c49a14a0e0 | ITER: 22 START
2019-07-30 22:02:17.337 27333 INFO rally.task.runner [-] Task a48492f3-680e-49d6-9335-02c49a14a0e0 | ITER: 12 END: OK
2019-07-30 22:02:17.345 27333 INFO rally.task.runner [-] Task a48492f3-680e-49d6-9335-02c49a14a0e0 | ITER: 23 START
2019-07-30 22:02:17.519 27318 INFO rally.task.runner [-] Task a48492f3-680e-49d6-9335-02c49a14a0e0 | ITER: 6 END: OK
2019-07-30 22:02:17.527 27318 INFO rally.task.runner [-] Task a48492f3-680e-49d6-9335-02c49a14a0e0 | ITER: 24 START
2019-07-30 22:02:17.541 27315 INFO rally.task.runner [-] Task a48492f3-680e-49d6-9335-02c49a14a0e0 | ITER: 4 END: OK
2019-07-30 22:02:17.547 27315 INFO rally.task.runner [-] Task a48492f3-680e-49d6-9335-02c49a14a0e0 | ITER: 25 START
2019-07-30 22:02:17.595 27358 INFO rally.task.runner [-] Task a48492f3-680e-49d6-9335-02c49a14a0e0 | ITER: 19 END: OK
2019-07-30 22:02:17.602 27358 INFO rally.task.runner [-] Task a48492f3-680e-49d6-9335-02c49a14a0e0 | ITER: 26 START
2019-07-30 22:02:17.640 27342 INFO rally.task.runner [-] Task a48492f3-680e-49d6-9335-02c49a14a0e0 | ITER: 14 END: OK
2019-07-30 22:02:17.646 27342 INFO rally.task.runner [-] Task a48492f3-680e-49d6-9335-02c49a14a0e0 | ITER: 27 START
2019-07-30 22:02:17.671 27315 INFO rally.task.runner [-] Task a48492f3-680e-49d6-9335-02c49a14a0e0 | ITER: 1 END: OK
2019-07-30 22:02:17.676 27315 INFO rally.task.runner [-] Task a48492f3-680e-49d6-9335-02c49a14a0e0 | ITER: 28 START
2019-07-30 22:02:17.744 27345 INFO rally.task.runner [-] Task a48492f3-680e-49d6-9335-02c49a14a0e0 | ITER: 15 END: OK
2019-07-30 22:02:17.751 27345 INFO rally.task.runner [-] Task a48492f3-680e-49d6-9335-02c49a14a0e0 | ITER: 29 START
2019-07-30 22:02:17.760 27319 INFO rally.task.runner [-] Task a48492f3-680e-49d6-9335-02c49a14a0e0 | ITER: 8 END: OK
2019-07-30 22:02:17.767 27319 INFO rally.task.runner [-] Task a48492f3-680e-49d6-9335-02c49a14a0e0 | ITER: 30 START
2019-07-30 22:02:17.770 27351 INFO rally.task.runner [-] Task a48492f3-680e-49d6-9335-02c49a14a0e0 | ITER: 17 END: OK
2019-07-30 22:02:17.776 27351 INFO rally.task.runner [-] Task a48492f3-680e-49d6-9335-02c49a14a0e0 | ITER: 31 START
2019-07-30 22:02:17.794 27316 INFO rally.task.runner [-] Task a48492f3-680e-49d6-9335-02c49a14a0e0 | ITER: 2 END: OK
2019-07-30 22:02:17.800 27316 INFO rally.task.runner [-] Task a48492f3-680e-49d6-9335-02c49a14a0e0 | ITER: 32 START
2019-07-30 22:02:17.806 27316 INFO rally.task.runner [-] Task a48492f3-680e-49d6-9335-02c49a14a0e0 | ITER: 5 END: OK
2019-07-30 22:02:17.818 27316 INFO rally.task.runner [-] Task a48492f3-680e-49d6-9335-02c49a14a0e0 | ITER: 33 START
2019-07-30 22:02:17.829 27317 INFO rally.task.runner [-] Task a48492f3-680e-49d6-9335-02c49a14a0e0 | ITER: 3 END: OK
2019-07-30 22:02:17.836 27317 INFO rally.task.runner [-] Task a48492f3-680e-49d6-9335-02c49a14a0e0 | ITER: 34 START
2019-07-30 22:02:17.843 27326 INFO rally.task.runner [-] Task a48492f3-680e-49d6-9335-02c49a14a0e0 | ITER: 11 END: OK
2019-07-30 22:02:17.848 27326 INFO rally.task.runner [-] Task a48492f3-680e-49d6-9335-02c49a14a0e0 | ITER: 35 START
2019-07-30 22:02:17.852 27318 INFO rally.task.runner [-] Task a48492f3-680e-49d6-9335-02c49a14a0e0 | ITER: 9 END: OK
2019-07-30 22:02:17.858 27318 INFO rally.task.runner [-] Task a48492f3-680e-49d6-9335-02c49a14a0e0 | ITER: 36 START
2019-07-30 22:02:17.865 27360 INFO rally.task.runner [-] Task a48492f3-680e-49d6-9335-02c49a14a0e0 | ITER: 20 END: OK
2019-07-30 22:02:17.870 27360 INFO rally.task.runner [-] Task a48492f3-680e-49d6-9335-02c49a14a0e0 | ITER: 37 START
2019-07-30 22:02:17.876 27348 INFO rally.task.runner [-] Task a48492f3-680e-49d6-9335-02c49a14a0e0 | ITER: 16 END: OK
2019-07-30 22:02:17.882 27348 INFO rally.task.runner [-] Task a48492f3-680e-49d6-9335-02c49a14a0e0 | ITER: 38 START
2019-07-30 22:02:17.899 27354 INFO rally.task.runner [-] Task a48492f3-680e-49d6-9335-02c49a14a0e0 | ITER: 18 END: OK
2019-07-30 22:02:17.904 27354 INFO rally.task.runner [-] Task a48492f3-680e-49d6-9335-02c49a14a0e0 | ITER: 39 START
2019-07-30 22:02:17.925 27339 INFO rally.task.runner [-] Task a48492f3-680e-49d6-9335-02c49a14a0e0 | ITER: 13 END: OK
2019-07-30 22:02:17.930 27339 INFO rally.task.runner [-] Task a48492f3-680e-49d6-9335-02c49a14a0e0 | ITER: 40 START
2019-07-30 22:02:18.126 27317 INFO rally.task.runner [-] Task a48492f3-680e-49d6-9335-02c49a14a0e0 | ITER: 22 END: OK
2019-07-30 22:02:18.145 27323 INFO rally.task.runner [-] Task a48492f3-680e-49d6-9335-02c49a14a0e0 | ITER: 21 END: OK
2019-07-30 22:02:18.583 27333 INFO rally.task.runner [-] Task a48492f3-680e-49d6-9335-02c49a14a0e0 | ITER: 23 END: OK
2019-07-30 22:02:18.701 27315 INFO rally.task.runner [-] Task a48492f3-680e-49d6-9335-02c49a14a0e0 | ITER: 25 END: OK
2019-07-30 22:02:18.939 27318 INFO rally.task.runner [-] Task a48492f3-680e-49d6-9335-02c49a14a0e0 | ITER: 24 END: OK
2019-07-30 22:02:19.253 27316 INFO rally.task.runner [-] Task a48492f3-680e-49d6-9335-02c49a14a0e0 | ITER: 32 END: OK
2019-07-30 22:02:19.315 27326 INFO rally.task.runner [-] Task a48492f3-680e-49d6-9335-02c49a14a0e0 | ITER: 35 END: OK
2019-07-30 22:02:19.428 27319 INFO rally.task.runner [-] Task a48492f3-680e-49d6-9335-02c49a14a0e0 | ITER: 30 END: OK
2019-07-30 22:02:19.590 27315 INFO rally.task.runner [-] Task a48492f3-680e-49d6-9335-02c49a14a0e0 | ITER: 28 END: OK
2019-07-30 22:02:19.613 27345 INFO rally.task.runner [-] Task a48492f3-680e-49d6-9335-02c49a14a0e0 | ITER: 29 END: OK
2019-07-30 22:02:19.623 27351 INFO rally.task.runner [-] Task a48492f3-680e-49d6-9335-02c49a14a0e0 | ITER: 31 END: OK
2019-07-30 22:02:19.695 27358 INFO rally.task.runner [-] Task a48492f3-680e-49d6-9335-02c49a14a0e0 | ITER: 26 END: OK
2019-07-30 22:02:19.720 27342 INFO rally.task.runner [-] Task a48492f3-680e-49d6-9335-02c49a14a0e0 | ITER: 27 END: OK
2019-07-30 22:02:19.732 27318 INFO rally.task.runner [-] Task a48492f3-680e-49d6-9335-02c49a14a0e0 | ITER: 36 END: OK
2019-07-30 22:02:19.770 27317 INFO rally.task.runner [-] Task a48492f3-680e-49d6-9335-02c49a14a0e0 | ITER: 34 END: OK
2019-07-30 22:02:19.804 27360 INFO rally.task.runner [-] Task a48492f3-680e-49d6-9335-02c49a14a0e0 | ITER: 37 END: OK
2019-07-30 22:02:19.816 27348 INFO rally.task.runner [-] Task a48492f3-680e-49d6-9335-02c49a14a0e0 | ITER: 38 END: OK
2019-07-30 22:02:19.852 27316 INFO rally.task.runner [-] Task a48492f3-680e-49d6-9335-02c49a14a0e0 | ITER: 33 END: OK
2019-07-30 22:02:19.863 27339 INFO rally.task.runner [-] Task a48492f3-680e-49d6-9335-02c49a14a0e0 | ITER: 40 END: OK
2019-07-30 22:02:19.876 27354 INFO rally.task.runner [-] Task a48492f3-680e-49d6-9335-02c49a14a0e0 | ITER: 39 END: OK
2019-07-30 22:02:19.896 22699 INFO rally.task.context [-] Task a48492f3-680e-49d6-9335-02c49a14a0e0 | Context admin_cleanup@openstack cleanup() started
2019-07-30 22:02:19.899 22699 RALLYDEBUG rally_openstack.cleanup.manager [-] Cleaning up neutron quota objects
2019-07-30 22:02:24.538 22699 INFO rally.task.context [-] Task a48492f3-680e-49d6-9335-02c49a14a0e0 | Context admin_cleanup@openstack cleanup() finished in 4.64 sec
2019-07-30 22:02:24.538 22699 INFO rally.task.context [-] Task a48492f3-680e-49d6-9335-02c49a14a0e0 | Context users@openstack cleanup() started
2019-07-30 22:02:54.248 22699 INFO rally.task.context [-] Task a48492f3-680e-49d6-9335-02c49a14a0e0 | Context users@openstack cleanup() finished in 29.71 sec
2019-07-30 22:02:55.226 22699 INFO rally.task.engine [-] Load duration is: 4.641479
2019-07-30 22:02:55.226 22699 INFO rally.task.engine [-] Full runner duration is: 4.690553
2019-07-30 22:02:55.226 22699 INFO rally.task.engine [-] Full duration is: 45.20506
2019-07-30 22:02:55.462 22699 INFO rally.task.engine [-] Running workload: position = 0 config = { "version": 2, "title": "A cropped version of a bigger task.", "description": "Auto-generated task from a single workload (uuid=1dc6a672-ec1e-41ac-b778-544fc553f0ce)", "subtasks": [ { "title": "NeutronTrunks.create_and_list_trunk_subports", "description": "", "scenario": { "NeutronTrunks.create_and_list_trunk_subports": { "subport_count": 125 } }, "contexts": { "users": { "tenants": 1, "users_per_tenant": 1 }, "quotas": { "neutron": { "network": -1, "port": 1000 } } }, "runner": { "constant": { "times": 4, "concurrency": 4 } }, "hooks": [], "sla": { "failure_rate": { "max": 0 } } } ] }
2019-07-30 22:02:55.484 22699 RALLYDEBUG rally_openstack.contexts.keystone.users [-] Creating 1 tenants using 20 threads
2019-07-30 22:02:57.268 22699 RALLYDEBUG rally_openstack.contexts.keystone.users [-] Creating 1 users using 20 threads
2019-07-30 22:03:00.050 22699 INFO rally.task.context [-] Task a48492f3-680e-49d6-9335-02c49a14a0e0 | Context users@openstack setup() finished in 4.57 sec
2019-07-30 22:03:00.903 22699 INFO rally.task.context [-] Task a48492f3-680e-49d6-9335-02c49a14a0e0 | Context quotas@openstack setup() finished in 0.85 sec
2019-07-30 22:03:00.904 22699 INFO rally.task.context [-] Task a48492f3-680e-49d6-9335-02c49a14a0e0 | Context cleanup@openstack setup() finished in 0.01 msec
2019-07-30 22:03:00.911 22699 RALLYDEBUG rally.task.runner [-] Starting the constant runner (task UUID: a48492f3-680e-49d6-9335-02c49a14a0e0). timeout: 0 concurrency: 4 concurrency_per_worker: 1 times: 4 concurrency_overhead: 0 processes_to_start: 4 max_cpu_used: 16
2019-07-30 22:03:00.923 27506 RALLYDEBUG rally.task.runner [-] Starting a worker. concurrency: 1 args: {"subport_count": 125} times: 4 method_name: run timeout: 0 duration: None cls:
2019-07-30 22:03:00.924 27505 RALLYDEBUG rally.task.runner [-] Starting a worker. concurrency: 1 args: {"subport_count": 125} times: 4 method_name: run timeout: 0 duration: None cls:
2019-07-30 22:03:00.926 27506 INFO rally.task.runner [-] Task a48492f3-680e-49d6-9335-02c49a14a0e0 | ITER: 1 START
2019-07-30 22:03:00.929 27505 INFO rally.task.runner [-] Task a48492f3-680e-49d6-9335-02c49a14a0e0 | ITER: 2 START
2019-07-30 22:03:00.929 27507 RALLYDEBUG rally.task.runner [-] Starting a worker. concurrency: 1 args: {"subport_count": 125} times: 4 method_name: run timeout: 0 duration: None cls:
2019-07-30 22:03:00.934 27507 INFO rally.task.runner [-] Task a48492f3-680e-49d6-9335-02c49a14a0e0 | ITER: 3 START
2019-07-30 22:03:00.934 27510 RALLYDEBUG rally.task.runner [-] Starting a worker. concurrency: 1 args: {"subport_count": 125} times: 4 method_name: run timeout: 0 duration: None cls:
2019-07-30 22:03:00.938 27510 INFO rally.task.runner [-] Task a48492f3-680e-49d6-9335-02c49a14a0e0 | ITER: 4 START
2019-07-30 22:05:44.911 27505 WARNING rally.task.atomic [-] 'optional_action_timer' is deprecated since rally v0.10.0.Please use action_timer instead, we have improved atomic actions, now do not need to explicitly close original action.
2019-07-30 22:05:44.956 27505 WARNING rally.task.atomic [-] 'optional_action_timer' is deprecated since rally v0.10.0.Please use action_timer instead, we have improved atomic actions, now do not need to explicitly close original action.
2019-07-30 22:05:45.042 27510 WARNING rally.task.atomic [-] 'optional_action_timer' is deprecated since rally v0.10.0.Please use action_timer instead, we have improved atomic actions, now do not need to explicitly close original action.
2019-07-30 22:05:45.078 27510 WARNING rally.task.atomic [-] 'optional_action_timer' is deprecated since rally v0.10.0.Please use action_timer instead, we have improved atomic actions, now do not need to explicitly close original action.
2019-07-30 22:05:45.657 27505 INFO rally.task.runner [-] Task a48492f3-680e-49d6-9335-02c49a14a0e0 | ITER: 2 END: OK
2019-07-30 22:05:46.318 27510 INFO rally.task.runner [-] Task a48492f3-680e-49d6-9335-02c49a14a0e0 | ITER: 4 END: OK
2019-07-30 22:05:47.658 27506 WARNING rally.task.atomic [-] 'optional_action_timer' is deprecated since rally v0.10.0.Please use action_timer instead, we have improved atomic actions, now do not need to explicitly close original action.
2019-07-30 22:05:47.703 27506 WARNING rally.task.atomic [-] 'optional_action_timer' is deprecated since rally v0.10.0.Please use action_timer instead, we have improved atomic actions, now do not need to explicitly close original action.
2019-07-30 22:05:48.248 27506 INFO rally.task.runner [-] Task a48492f3-680e-49d6-9335-02c49a14a0e0 | ITER: 1 END: OK
2019-07-30 22:05:50.145 27507 WARNING rally.task.atomic [-] 'optional_action_timer' is deprecated since rally v0.10.0.Please use action_timer instead, we have improved atomic actions, now do not need to explicitly close original action.
2019-07-30 22:05:50.188 27507 WARNING rally.task.atomic [-] 'optional_action_timer' is deprecated since rally v0.10.0.Please use action_timer instead, we have improved atomic actions, now do not need to explicitly close original action.
2019-07-30 22:05:51.260 27507 INFO rally.task.runner [-] Task a48492f3-680e-49d6-9335-02c49a14a0e0 | ITER: 3 END: OK
2019-07-30 22:05:51.285 22699 INFO rally.task.context [-] Task a48492f3-680e-49d6-9335-02c49a14a0e0 | Context cleanup@openstack cleanup() started
2019-07-30 22:05:51.288 22699 RALLYDEBUG rally_openstack.cleanup.manager [-] Cleaning up neutron vip objects
2019-07-30 22:05:52.011 22699 RALLYDEBUG rally_openstack.cleanup.manager [-] Cleaning up neutron health_monitor objects
2019-07-30 22:05:52.729 22699 RALLYDEBUG rally_openstack.cleanup.manager [-] Cleaning up neutron pool objects
2019-07-30 22:05:53.445 22699 RALLYDEBUG rally_openstack.cleanup.manager [-] Cleaning up neutron loadbalancer objects
2019-07-30 22:05:54.177 22699 RALLYDEBUG rally_openstack.cleanup.manager [-] Cleaning up neutron floatingip objects
2019-07-30 22:05:54.982 22699 RALLYDEBUG rally_openstack.cleanup.manager [-] Cleaning up neutron port objects
2019-07-30 22:05:56.761 22699 RALLYDEBUG rally_openstack.cleanup.manager [-] Deleting neutron.port object s_rally_1dc6a672_hQ0qyWKv (0116b9ce-0fa5-429c-bd8b-37c69fea52b8)
2019-07-30 22:05:56.763 22699 RALLYDEBUG rally_openstack.cleanup.manager [-] Deleting neutron.port object s_rally_1dc6a672_jhxvBGCV (058212f8-328f-4c83-b72a-f12dae5d0fc0)
2019-07-30 22:05:56.768 22699 RALLYDEBUG rally_openstack.cleanup.manager [-] Deleting neutron.port object s_rally_1dc6a672_AmFUAWJF (0267d12f-ec85-4f02-a017-0f7e2aa6f74b)
2019-07-30 22:05:56.770 22699 RALLYDEBUG rally_openstack.cleanup.manager [-] Deleting neutron.port object s_rally_1dc6a672_9Htbt18e (069e0ed5-d08a-4f4c-bc1a-a3e5b0c82218)
2019-07-30 22:05:56.771 22699 RALLYDEBUG rally_openstack.cleanup.manager [-] Deleting neutron.port object s_rally_1dc6a672_hl0k5JSD (06869f06-7b72-4296-b32a-ffcaca15261f)
2019-07-30 22:05:56.774 22699 RALLYDEBUG rally_openstack.cleanup.manager [-] Deleting neutron.port object s_rally_1dc6a672_b2hiUdYA (018657cb-37ff-4f79-859f-3e45b6b05bea)
2019-07-30 22:05:56.775 22699 RALLYDEBUG rally_openstack.cleanup.manager [-] Deleting neutron.port object s_rally_1dc6a672_VFwDrF1H (074d2555-a0dd-4509-a997-d785cbea9c7a)
2019-07-30 22:05:56.778 22699 RALLYDEBUG rally_openstack.cleanup.manager [-] Deleting neutron.port object s_rally_1dc6a672_Snvgubfo (005559a6-d8cc-4188-b5fb-4b5a3c8d0754)
2019-07-30 22:05:56.783 22699 RALLYDEBUG rally_openstack.cleanup.manager [-] Deleting neutron.port object s_rally_1dc6a672_kaQwnFRN (00329ee2-6734-4703-bff2-11150232b143)
2019-07-30 22:05:56.784 22699 RALLYDEBUG rally_openstack.cleanup.manager [-] Deleting neutron.port object s_rally_1dc6a672_tYRbD0Vf (07b73896-ec0f-46ee-9041-7b4767cbd0a2)
2019-07-30 22:05:56.787 22699 RALLYDEBUG rally_openstack.cleanup.manager [-] Deleting neutron.port object s_rally_1dc6a672_LDjuu0Dw (04c5ded2-20a8-418b-86fd-11a03f8d9ab9)
2019-07-30 22:05:56.787 22699 RALLYDEBUG rally_openstack.cleanup.manager [-] Deleting neutron.port object s_rally_1dc6a672_96F9MsTE (0780e2c4-152e-4be5-a061-a53e2de32150)
2019-07-30 22:05:56.788 22699 RALLYDEBUG rally_openstack.cleanup.manager [-] Deleting neutron.port object s_rally_1dc6a672_mfJXYiYH (048108a3-2d49-40d4-8aee-091412129f99)
2019-07-30 22:05:56.794 22699 RALLYDEBUG rally_openstack.cleanup.manager [-] Deleting neutron.port object s_rally_1dc6a672_z5qmF1kC (0800554d-b272-423b-8702-52ad73cbd1af)
2019-07-30 22:05:56.800 22699 RALLYDEBUG rally_openstack.cleanup.manager [-] Deleting neutron.port object s_rally_1dc6a672_Bejxj3hi (03b368b6-1f76-4b1e-81db-d60a041246e8)
2019-07-30 22:05:56.805 22699 RALLYDEBUG rally_openstack.cleanup.manager [-] Deleting neutron.port object s_rally_1dc6a672_TiT5Ywme (04f6406d-ad11-45af-8707-67fd369bd472)
2019-07-30 22:05:56.808 22699 RALLYDEBUG rally_openstack.cleanup.manager [-] Deleting neutron.port object s_rally_1dc6a672_BKnXWnQL (09c4e050-6da6-417e-9974-9b9a7fe8a8b7)
2019-07-30 22:05:56.815 22699 RALLYDEBUG rally_openstack.cleanup.manager [-] Deleting neutron.port object s_rally_1dc6a672_O5TVz4pW (086ff5a3-5792-45d1-bf5d-e9b2101227b8)
2019-07-30 22:05:56.816 22699 RALLYDEBUG rally_openstack.cleanup.manager [-] Deleting neutron.port object s_rally_1dc6a672_VonNdK6m (0cdb1949-e570-4e42-8bc1-2040adfec3d3)
2019-07-30 22:05:56.822 22699 RALLYDEBUG rally_openstack.cleanup.manager [-] Deleting neutron.port object s_rally_1dc6a672_jMjaAlsM (0d2aaea5-1226-4d41-87ab-faca20be5cde)
2019-07-30 22:05:59.667 22699 RALLYDEBUG rally_openstack.cleanup.manager [-] Deleting neutron.port object s_rally_1dc6a672_SrW4J7lC (0dade1ad-fc7d-4597-9af6-05b338a5c3c3)
2019-07-30 22:05:59.674 22699 RALLYDEBUG rally_openstack.cleanup.manager [-] Deleting neutron.port object s_rally_1dc6a672_XJWR6Ur6 (0dbaf819-f682-4af0-a45f-96d227fdcc7b)
2019-07-30 22:05:59.707 22699 RALLYDEBUG rally_openstack.cleanup.manager [-] Deleting neutron.port object s_rally_1dc6a672_vDwcm0Os (0e6d9fea-0f9e-4e9d-bdc3-bffb2c9ccd0e)
2019-07-30 22:05:59.815 22699 RALLYDEBUG rally_openstack.cleanup.manager [-] Deleting neutron.port object s_rally_1dc6a672_f9zuuqHO (0ef29a94-80b3-4505-881c-7d5bd6dfe9fc)
2019-07-30 22:05:59.865 22699 RALLYDEBUG rally_openstack.cleanup.manager [-] Deleting neutron.port object s_rally_1dc6a672_svQRX9nf (0f4a4bba-8fd0-4d22-8145-925ab71b19d2)
2019-07-30 22:05:59.930 22699 RALLYDEBUG rally_openstack.cleanup.manager [-] Deleting neutron.port object s_rally_1dc6a672_JJlGxGUc (0fb52884-e00c-47ac-aa7d-557bc557e8c2)
2019-07-30 22:06:00.014 22699 RALLYDEBUG rally_openstack.cleanup.manager [-] Deleting neutron.port object s_rally_1dc6a672_k7Y8hQ0Z (104cfbbc-5455-4296-b9ee-539d45609a38)
2019-07-30 22:06:00.116 22699 RALLYDEBUG rally_openstack.cleanup.manager [-] Deleting neutron.port object s_rally_1dc6a672_R6JXYLDO (11d1b4fc-b5c0-4635-9a2b-eacfa5e0bc97)
2019-07-30 22:06:00.124 22699 RALLYDEBUG rally_openstack.cleanup.manager [-] Deleting neutron.port object s_rally_1dc6a672_QCckRwYu (10f05583-fea3-4782-b513-af5afbe69f40)
2019-07-30 22:06:00.332 22699 RALLYDEBUG rally_openstack.cleanup.manager [-] Deleting neutron.port object s_rally_1dc6a672_kOXnUbPN (11edd15d-9c96-42c4-b8e8-e2fa42ae6dfd)
2019-07-30 22:06:00.340 22699 RALLYDEBUG rally_openstack.cleanup.manager [-] Deleting neutron.port object s_rally_1dc6a672_q8PlWiIv (13a3370f-4dd7-4515-b7b0-9d676a9892d0)
2019-07-30 22:06:00.348 22699 RALLYDEBUG rally_openstack.cleanup.manager [-] Deleting neutron.port object s_rally_1dc6a672_TDblhH6H (13cf09c2-5285-4b7a-bde1-1a28f1474407)
2019-07-30 22:06:00.464 22699 RALLYDEBUG rally_openstack.cleanup.manager [-] Deleting neutron.port object s_rally_1dc6a672_f79HQ0im (144e2944-d1d3-493b-bac2-0f870f3c9837)
2019-07-30 22:06:00.499 22699 RALLYDEBUG rally_openstack.cleanup.manager [-] Deleting neutron.port object s_rally_1dc6a672_ys9GSBJB (15c59b2a-04be-4d9c-a3c9-05b035b6babc)
2019-07-30 22:06:00.532 22699 RALLYDEBUG rally_openstack.cleanup.manager [-] Deleting neutron.port object s_rally_1dc6a672_Tilce465 (15f9ad7e-e054-4906-a9c8-52cc2150d370)
2019-07-30 22:06:00.710 22699 RALLYDEBUG rally_openstack.cleanup.manager [-] Deleting neutron.port object s_rally_1dc6a672_mqjgIsNO (16549b9a-b226-4262-bbcb-ac52b9b0a06a)
2019-07-30 22:06:00.716 22699 RALLYDEBUG rally_openstack.cleanup.manager [-] Deleting neutron.port object s_rally_1dc6a672_YDsDtr8c (16111e8f-9c4f-47ec-b0f8-0a5bf8adfc49)
2019-07-30 22:06:01.037 22699 RALLYDEBUG rally_openstack.cleanup.manager [-] Deleting neutron.port object s_rally_1dc6a672_vMCqonkL (1684ac26-7658-40a5-bb4e-a43ec2ae760b)
2019-07-30 22:06:01.162 22699 RALLYDEBUG rally_openstack.cleanup.manager [-] Deleting neutron.port object s_rally_1dc6a672_Xnybnw7p (17b3ccc6-66e1-484d-9060-6ba6e91e1944)
2019-07-30 22:06:01.166 22699 RALLYDEBUG rally_openstack.cleanup.manager [-] Deleting neutron.port object s_rally_1dc6a672_6NxOkfLS (17d3a13b-ba6d-45f2-a28b-760cc721c58a)
2019-07-30 22:06:01.947 22699 RALLYDEBUG rally_openstack.cleanup.manager [-] Deleting neutron.port object s_rally_1dc6a672_283wgj6A (1873dfad-7078-43f6-af92-c818d78ba450)
2019-07-30 22:06:02.196 22699 RALLYDEBUG rally_openstack.cleanup.manager [-] Deleting neutron.port object s_rally_1dc6a672_cpZOkjqP (1a4da9be-7df3-4bf1-9019-ccbf09cf32c7)
2019-07-30 22:06:02.412 22699 RALLYDEBUG rally_openstack.cleanup.manager [-] Deleting neutron.port object s_rally_1dc6a672_oqa4fwgh (1b21f715-d42d-40d8-9ea2-2ef80204210f)
2019-07-30 22:06:02.496 22699 RALLYDEBUG rally_openstack.cleanup.manager [-] Deleting neutron.port object s_rally_1dc6a672_pWM8wSpl (1b79f611-47b9-436a-82e7-75e9e1d4bb36)
2019-07-30 22:06:02.609 22699 RALLYDEBUG rally_openstack.cleanup.manager [-] Deleting neutron.port object s_rally_1dc6a672_VIlYaygx (1b8e00a0-9871-4c08-9343-c8432d17516d)
2019-07-30 22:06:02.628 22699 RALLYDEBUG rally_openstack.cleanup.manager [-] Deleting neutron.port object s_rally_1dc6a672_Q2L9Wkhj (1bd74f1b-1381-4525-93e9-d0b99977e07f)
2019-07-30 22:06:02.695 22699 RALLYDEBUG rally_openstack.cleanup.manager [-] Deleting neutron.port object s_rally_1dc6a672_nBFEG7Yq (1cb7b203-b042-4408-9de4-65fbb1bff6c7)
2019-07-30 22:06:02.735 22699 RALLYDEBUG rally_openstack.cleanup.manager [-] Deleting neutron.port object s_rally_1dc6a672_cAdtobSp (1e75a955-f115-4721-aa9a-5dd4738582f1)
2019-07-30 22:06:02.735 22699 RALLYDEBUG rally_openstack.cleanup.manager [-] Deleting neutron.port object s_rally_1dc6a672_NlnzS9es (1ce93a02-75b5-4133-add8-9bda7b0392e1)
2019-07-30 22:06:02.833 22699 RALLYDEBUG rally_openstack.cleanup.manager [-] Deleting neutron.port object s_rally_1dc6a672_e45itfFm (1edc157c-7980-40bd-a1bb-5bc645fc4c61)
2019-07-30 22:06:02.953 22699 RALLYDEBUG rally_openstack.cleanup.manager [-] Deleting neutron.port object s_rally_1dc6a672_SlI3UB7d (1f8f9848-e2c3-476b-92f4-c41effdb6268)
2019-07-30 22:06:03.352 22699 RALLYDEBUG rally_openstack.cleanup.manager [-] Deleting neutron.port object s_rally_1dc6a672_VlWWqOAs (1fde533a-9bd4-4e3b-9413-cff43ac8dbb2)
2019-07-30 22:06:03.659 22699 RALLYDEBUG rally_openstack.cleanup.manager [-] Deleting neutron.port object s_rally_1dc6a672_eJbeizks (20149a1f-6be5-4103-9f57-46084e906920)
2019-07-30 22:06:03.696 22699 RALLYDEBUG rally_openstack.cleanup.manager [-] Deleting neutron.port object s_rally_1dc6a672_99YLGGeD (209c1e86-936f-4c25-b4c8-cd432f66c0e4)
2019-07-30 22:06:03.761 22699 RALLYDEBUG rally_openstack.cleanup.manager [-] Deleting neutron.port object s_rally_1dc6a672_mXaW4t1h (20ae2716-3b50-45a9-8720-f7d1f2c23a1b)
2019-07-30 22:06:03.789 22699 RALLYDEBUG rally_openstack.cleanup.manager [-] Deleting neutron.port object s_rally_1dc6a672_GooARzQX (2357a686-3f71-4d20-9b8c-305cad162cf3)
2019-07-30 22:06:03.863 22699 RALLYDEBUG rally_openstack.cleanup.manager [-] Deleting neutron.port object s_rally_1dc6a672_gliWP3Be (23d70ed2-8957-4526-b0c6-30829c61bf84)
2019-07-30 22:06:03.878 22699 RALLYDEBUG rally_openstack.cleanup.manager [-] Deleting neutron.port object s_rally_1dc6a672_F9hxcK7k (23e29caa-32c5-4b9a-90d5-dbc0a39aff60)
2019-07-30 22:06:03.907 22699 RALLYDEBUG rally_openstack.cleanup.manager [-] Deleting neutron.port object s_rally_1dc6a672_d3Vnjdmf (254a8028-969b-4b4e-8d90-5409c40b5099)
2019-07-30 22:06:04.022 22699 RALLYDEBUG rally_openstack.cleanup.manager [-] Deleting neutron.port object s_rally_1dc6a672_xz1UnaBX (25799abe-f7f1-48bb-927c-97a6228d667b)
2019-07-30 22:06:04.261 22699 RALLYDEBUG rally_openstack.cleanup.manager [-] Deleting neutron.port object s_rally_1dc6a672_v3tix0DG (25c3b74c-4ca4-4ae9-bc6e-f0d56aa84148)
2019-07-30 22:06:04.582 22699 RALLYDEBUG rally_openstack.cleanup.manager [-] Deleting neutron.port object s_rally_1dc6a672_n1YTsxtU (2600f088-cdd5-4dd7-9d1a-5b1e2836d917)
2019-07-30 22:06:05.078 22699 RALLYDEBUG rally_openstack.cleanup.manager [-] Deleting neutron.port object s_rally_1dc6a672_w0GJBXan (26f49f98-fa01-4a27-8ac9-e4b4ba271af0)
2019-07-30 22:06:05.244 22699 RALLYDEBUG rally_openstack.cleanup.manager [-] Deleting neutron.port object s_rally_1dc6a672_TtigGQAg (2720b4b7-eab7-4723-a0e5-edbfe0a12acd)
2019-07-30 22:06:05.317 22699 RALLYDEBUG rally_openstack.cleanup.manager [-] Deleting neutron.port object s_rally_1dc6a672_zcukidQr (272856f3-3a8e-4669-9aee-4de29f5a0f9f)
2019-07-30 22:06:05.498 22699 RALLYDEBUG rally_openstack.cleanup.manager [-] Deleting neutron.port object s_rally_1dc6a672_kEGX6RBG (283e964a-8c5d-4673-8dc2-ddbb234f5331)
2019-07-30 22:06:05.556 22699 RALLYDEBUG rally_openstack.cleanup.manager [-] Deleting neutron.port object s_rally_1dc6a672_WhXGUclA (285214d5-9078-472e-b52f-881c23f567c1)
2019-07-30 22:06:05.572 22699 RALLYDEBUG rally_openstack.cleanup.manager [-] Deleting neutron.port object s_rally_1dc6a672_YIbiDmXz (28ef0b77-1502-428d-8ce9-57dcfc353ebe)
2019-07-30 22:06:05.623 22699 RALLYDEBUG rally_openstack.cleanup.manager [-] Deleting neutron.port object s_rally_1dc6a672_I8DO8KOi (292ab36b-1e92-4d40-b1aa-f04299bc1fd6)
2019-07-30 22:06:06.004 22699 RALLYDEBUG rally_openstack.cleanup.manager [-] Deleting neutron.port object s_rally_1dc6a672_N0yRhfMN (2a94eb0a-4d71-4de8-8534-34e41941ca98)
2019-07-30 22:06:06.127 22699 RALLYDEBUG rally_openstack.cleanup.manager [-] Deleting neutron.port object s_rally_1dc6a672_AfuBXfnv (2ace5ca2-3170-45ce-99ee-cc0f87ac5a6c)
2019-07-30 22:06:06.171 22699 RALLYDEBUG rally_openstack.cleanup.manager [-] Deleting neutron.port object s_rally_1dc6a672_aTkIOBIP (2fc7d8b9-219b-446c-a314-77ba61345a4f)
2019-07-30 22:06:06.172 22699 RALLYDEBUG rally_openstack.cleanup.manager [-] Deleting neutron.port object s_rally_1dc6a672_he7LjQgi (2d5389af-c55c-4c0d-b6c1-565b6df0467f)
2019-07-30 22:06:06.328 22699 RALLYDEBUG rally_openstack.cleanup.manager [-] Deleting neutron.port object s_rally_1dc6a672_jnfaSDl7 (303288a2-6909-4982-bc2e-525a516c897e)
2019-07-30 22:06:06.334 22699 RALLYDEBUG rally_openstack.cleanup.manager [-] Deleting neutron.port object s_rally_1dc6a672_SG9es4RI (312028a8-c49d-4ce1-9979-d85bcc90dc2e)
2019-07-30 22:06:06.520 22699 RALLYDEBUG rally_openstack.cleanup.manager [-] Deleting neutron.port object s_rally_1dc6a672_8SPLx5Jh (316a845e-a530-4f8f-be31-c698ad8d7594)
2019-07-30 22:06:06.558 22699 RALLYDEBUG rally_openstack.cleanup.manager [-] Deleting neutron.port object s_rally_1dc6a672_J0TyRMI3 (3193bae7-ccb1-4445-8e8c-7acb9259341d)
2019-07-30 22:06:06.718 22699 RALLYDEBUG rally_openstack.cleanup.manager [-] Deleting neutron.port object s_rally_1dc6a672_lgSL1lWA (31bf2a99-ff1e-4e6c-bfe1-183fcb3a4099)
2019-07-30 22:06:06.865 22699 RALLYDEBUG rally_openstack.cleanup.manager [-] Deleting neutron.port object s_rally_1dc6a672_vjSXh1sz (31eb5dcf-d34a-4cdd-b642-edf581390349)
2019-07-30 22:06:06.947 22699 RALLYDEBUG rally_openstack.cleanup.manager [-] Deleting neutron.port object s_rally_1dc6a672_3DvKip0Q (31f429c8-61c7-46a5-81d9-f89470979499)
2019-07-30 22:06:06.980 22699 RALLYDEBUG rally_openstack.cleanup.manager [-] Deleting neutron.port object s_rally_1dc6a672_vUDaqFQV (32c3206f-1ddc-48f6-8856-8c99e1fbd98a)
2019-07-30 22:06:07.083 22699 RALLYDEBUG rally_openstack.cleanup.manager [-] Deleting neutron.port object s_rally_1dc6a672_3GTwaskg (34f59d06-5462-4ba5-b861-3e0514ccdaf8)
2019-07-30 22:06:07.686 22699 RALLYDEBUG rally_openstack.cleanup.manager [-] Deleting neutron.port object s_rally_1dc6a672_V4q3L1Qh (358ed84c-02c2-49a4-b87d-e8209c82d07a)
2019-07-30 22:06:07.764 22699 RALLYDEBUG rally_openstack.cleanup.manager [-] Deleting neutron.port object s_rally_1dc6a672_PcuLaUSh (362cd47c-3d17-499b-ad12-8e9f1324e9b9)
2019-07-30 22:06:07.910 22699 RALLYDEBUG rally_openstack.cleanup.manager [-] Deleting neutron.port object s_rally_1dc6a672_RUHSrs1L (3738a703-d641-416d-99dc-b06fc9b8f4e1)
2019-07-30 22:06:07.923 22699 RALLYDEBUG rally_openstack.cleanup.manager [-] Deleting neutron.port object s_rally_1dc6a672_X2Guj5VX (3860ecf0-d50b-4251-bbb2-d6a66fb41b95)
2019-07-30 22:06:08.031 22699 RALLYDEBUG rally_openstack.cleanup.manager [-] Deleting neutron.port object s_rally_1dc6a672_46j0SdmM (387489d3-8fdf-4b49-a8ee-fa4481624422)
2019-07-30 22:06:08.092 22699 RALLYDEBUG rally_openstack.cleanup.manager [-] Deleting neutron.port object s_rally_1dc6a672_Jc0io4Cv (38ac423d-aef8-4101-bff6-cbd3cabae298)
2019-07-30 22:06:08.693 22699 RALLYDEBUG rally_openstack.cleanup.manager [-] Deleting neutron.port object s_rally_1dc6a672_wUA66LIr (38d2dd1d-638d-4957-8454-73ba753a7011)
2019-07-30 22:06:08.716 22699 RALLYDEBUG rally_openstack.cleanup.manager [-] Deleting neutron.port object s_rally_1dc6a672_AwpWKTd1 (397192fd-aa6c-4162-b671-2853722c1363)
2019-07-30 22:06:08.789 22699 RALLYDEBUG rally_openstack.cleanup.manager [-] Deleting neutron.port object s_rally_1dc6a672_MpoI2zzo (3a5ebb3c-c3ae-41c3-a0b6-431157dd74c9)
2019-07-30 22:06:08.897 22699 RALLYDEBUG rally_openstack.cleanup.manager [-] Deleting neutron.port object s_rally_1dc6a672_w3T1whxw (3a7e3275-2b0d-403b-a5b7-6a8ba5e3e123)
2019-07-30 22:06:08.996 22699 RALLYDEBUG rally_openstack.cleanup.manager [-] Deleting neutron.port object s_rally_1dc6a672_b8J12i9M (3a802829-5826-47f1-9c86-fbf1ccb0878b)
2019-07-30 22:06:09.253 22699 RALLYDEBUG rally_openstack.cleanup.manager [-] Deleting neutron.port object s_rally_1dc6a672_uGdQ9RZj (3aa6d67d-1dfb-4ac7-92d4-b15a9a5744ef)
2019-07-30 22:06:09.303 22699 RALLYDEBUG rally_openstack.cleanup.manager [-] Deleting neutron.port object s_rally_1dc6a672_pNzfo0Bz (3b09d23d-6a02-440c-8822-07fe83e1c23b)
2019-07-30 22:06:09.360 22699 RALLYDEBUG rally_openstack.cleanup.manager [-] Deleting neutron.port object s_rally_1dc6a672_am3hB5pU (3b2115e4-8121-4a8b-bb82-dac064bf1843)
2019-07-30 22:06:09.453 22699 RALLYDEBUG rally_openstack.cleanup.manager [-] Deleting neutron.port object s_rally_1dc6a672_wfAn2Xhy (3bc9a0bf-94cc-469d-b41d-8ed3e353e4d4)
2019-07-30 22:06:09.534 22699 RALLYDEBUG rally_openstack.cleanup.manager [-] Deleting neutron.port object s_rally_1dc6a672_ADbEmojM (3d3dc8d4-57d1-44d9-b20d-122eabdb89e3)
