2019-07-30 21:40:31.631 22690 RALLYDEBUG rally.api [-] INFO logs from urllib3 and requests module are hide.
2019-07-30 21:40:31.631 22690 RALLYDEBUG rally.api [-] urllib3 insecure warnings are hidden.
2019-07-30 21:40:31.632 22690 RALLYDEBUG rally.api [-] ERROR log from boto module is hide.
2019-07-30 21:40:33.844 22692 RALLYDEBUG rally.api [-] INFO logs from urllib3 and requests module are hide.
2019-07-30 21:40:33.844 22692 RALLYDEBUG rally.api [-] urllib3 insecure warnings are hidden.
2019-07-30 21:40:33.844 22692 RALLYDEBUG rally.api [-] ERROR log from boto module is hide.
2019-07-30 21:40:35.133 22692 WARNING rally_openstack.platforms.existing [-] endpoint is deprecated and not used.
2019-07-30 21:40:36.000 22694 RALLYDEBUG rally.api [-] INFO logs from urllib3 and requests module are hide.
2019-07-30 21:40:36.000 22694 RALLYDEBUG rally.api [-] urllib3 insecure warnings are hidden.
2019-07-30 21:40:36.000 22694 RALLYDEBUG rally.api [-] ERROR log from boto module is hide.
2019-07-30 21:40:39.346 22697 RALLYDEBUG rally.api [-] INFO logs from urllib3 and requests module are hide.
2019-07-30 21:40:39.347 22697 RALLYDEBUG rally.api [-] urllib3 insecure warnings are hidden.
2019-07-30 21:40:39.347 22697 RALLYDEBUG rally.api [-] ERROR log from boto module is hide.
2019-07-30 21:40:41.252 22699 RALLYDEBUG rally.api [-] INFO logs from urllib3 and requests module are hide.
2019-07-30 21:40:41.252 22699 RALLYDEBUG rally.api [-] urllib3 insecure warnings are hidden.
2019-07-30 21:40:41.252 22699 RALLYDEBUG rally.api [-] ERROR log from boto module is hide.
2019-07-30 21:40:42.457 22699 INFO rally.common.plugin.discover [-] Loading plugins from directories /root/.rally/plugins/*
2019-07-30 21:40:42.457 22699 INFO rally.common.plugin.discover [-] Loaded module with plugins: /root/.rally/plugins/__init__.py
2019-07-30 21:40:42.459 22699 INFO rally.common.plugin.discover [-] Loaded module with plugins: /root/.rally/plugins/trunk_scenario.py
2019-07-30 21:40:42.679 22699 INFO rally.task.engine [-] Task a48492f3-680e-49d6-9335-02c49a14a0e0 | Starting: Task validation.
2019-07-30 21:40:42.808 22699 INFO rally.task.engine [-] Task a48492f3-680e-49d6-9335-02c49a14a0e0 | Starting: Task validation of syntax.
2019-07-30 21:40:43.016 22699 INFO rally.task.engine [-] Task a48492f3-680e-49d6-9335-02c49a14a0e0 | Completed: Task validation of syntax.
2019-07-30 21:40:43.017 22699 INFO rally.task.engine [-] Task a48492f3-680e-49d6-9335-02c49a14a0e0 | Starting: Task validation of required platforms.
2019-07-30 21:40:43.081 22699 INFO rally.task.engine [-] Task a48492f3-680e-49d6-9335-02c49a14a0e0 | Completed: Task validation of required platforms.
2019-07-30 21:40:43.082 22699 INFO rally.task.engine [-] Task a48492f3-680e-49d6-9335-02c49a14a0e0 | Starting: Task validation of semantic.
2019-07-30 21:40:43.082 22699 INFO rally.task.engine [-] Check health of the environment '9b0d529c-3e91-465e-aebd-a8e3f0bc9205'.
2019-07-30 21:40:43.908 22699 INFO rally.task.engine [-] Platform existing@openstack (available: True): OK!
2019-07-30 21:40:43.927 22699 RALLYDEBUG rally_openstack.contexts.keystone.users [-] Creating 1 tenants using 20 threads
2019-07-30 21:40:45.865 22699 RALLYDEBUG rally_openstack.contexts.keystone.users [-] Creating 1 users using 20 threads
2019-07-30 21:40:48.794 22699 INFO rally.task.context [-] Task a48492f3-680e-49d6-9335-02c49a14a0e0 | Context users@openstack setup() finished in 4.87 sec
2019-07-30 21:40:55.153 22699 INFO rally.task.context [-] Task a48492f3-680e-49d6-9335-02c49a14a0e0 | Context users@openstack cleanup() started
2019-07-30 21:41:00.481 22699 INFO rally.task.context [-] Task a48492f3-680e-49d6-9335-02c49a14a0e0 | Context users@openstack cleanup() finished in 5.33 sec
2019-07-30 21:41:00.482 22699 INFO rally.task.engine [-] Task a48492f3-680e-49d6-9335-02c49a14a0e0 | Completed: Task validation of semantic.
2019-07-30 21:41:00.482 22699 INFO rally.task.engine [-] Task a48492f3-680e-49d6-9335-02c49a14a0e0 | Completed: Task validation.
2019-07-30 21:41:00.482 22699 INFO rally.api [-] Task a48492f3-680e-49d6-9335-02c49a14a0e0 input file is valid.
2019-07-30 21:41:00.483 22699 INFO rally.api [-] Run Task a48492f3-680e-49d6-9335-02c49a14a0e0 against Deployment 9b0d529c-3e91-465e-aebd-a8e3f0bc9205
2019-07-30 21:41:00.483 22699 INFO rally.task.engine [-] Task a48492f3-680e-49d6-9335-02c49a14a0e0 | Starting: Running task.
2019-07-30 21:41:00.624 22699 INFO rally.task.engine [-] Running workload: position = 0 config = { "version": 2, "title": "A cropped version of a bigger task.", "description": "Auto-generated task from a single workload (uuid=48d18eff-86f2-4891-abab-de48cda36037)", "subtasks": [ { "title": "NeutronNetworks.create_and_list_networks", "description": "Check performance of list_networks action and ensure > network quotas are not exceeded", "scenario": { "NeutronNetworks.create_and_list_networks": {} }, "contexts": { "users": { "tenants": 1, "users_per_tenant": 1 }, "quotas": { "neutron": { "network": 119 } } }, "runner": { "constant": { "times": 100, "concurrency": 20 } }, "hooks": [], "sla": { "max_avg_duration_per_atomic": { "neutron.list_networks": 15 }, "failure_rate": { "max": 0 } } } ] }
2019-07-30 21:41:00.643 22699 RALLYDEBUG rally_openstack.contexts.keystone.users [-] Creating 1 tenants using 20 threads
2019-07-30 21:41:02.482 22699 RALLYDEBUG rally_openstack.contexts.keystone.users [-] Creating 1 users using 20 threads
2019-07-30 21:41:05.225 22699 INFO rally.task.context [-] Task a48492f3-680e-49d6-9335-02c49a14a0e0 | Context users@openstack setup() finished in 4.58 sec
2019-07-30 21:41:05.974 22699 INFO rally.task.context [-] Task a48492f3-680e-49d6-9335-02c49a14a0e0 | Context quotas@openstack setup() finished in 0.75 sec
2019-07-30 21:41:05.975 22699 INFO rally.task.context [-] Task a48492f3-680e-49d6-9335-02c49a14a0e0 | Context cleanup@openstack setup() finished in 0.03 msec
2019-07-30 21:41:05.982 22699 RALLYDEBUG rally.task.runner [-] Starting the constant runner (task UUID: a48492f3-680e-49d6-9335-02c49a14a0e0). timeout: 0 concurrency: 20 concurrency_per_worker: 1 times: 100 concurrency_overhead: 4 processes_to_start: 16 max_cpu_used: 16
2019-07-30 21:41:05.995 22823 RALLYDEBUG rally.task.runner [-] Starting a worker. concurrency: 2 args: {} times: 100 method_name: run timeout: 0 duration: None cls:
2019-07-30 21:41:05.997 22824 RALLYDEBUG rally.task.runner [-] Starting a worker. concurrency: 2 args: {} times: 100 method_name: run timeout: 0 duration: None cls:
2019-07-30 21:41:06.000 22825 RALLYDEBUG rally.task.runner [-] Starting a worker. concurrency: 2 args: {} times: 100 method_name: run timeout: 0 duration: None cls:
2019-07-30 21:41:06.003 22826 RALLYDEBUG rally.task.runner [-] Starting a worker. concurrency: 2 args: {} times: 100 method_name: run timeout: 0 duration: None cls:
2019-07-30 21:41:06.002 22824 INFO rally.task.runner [-] Task a48492f3-680e-49d6-9335-02c49a14a0e0 | ITER: 2 START
2019-07-30 21:41:06.004 22823 INFO rally.task.runner [-] Task a48492f3-680e-49d6-9335-02c49a14a0e0 | ITER: 1 START
2019-07-30 21:41:06.006 22825 INFO rally.task.runner [-] Task a48492f3-680e-49d6-9335-02c49a14a0e0 | ITER: 4 START
2019-07-30 21:41:06.007 22828 RALLYDEBUG rally.task.runner [-] Starting a worker. concurrency: 1 args: {} times: 100 method_name: run timeout: 0 duration: None cls:
2019-07-30 21:41:06.007 22823 INFO rally.task.runner [-] Task a48492f3-680e-49d6-9335-02c49a14a0e0 | ITER: 3 START
2019-07-30 21:41:06.009 22826 INFO rally.task.runner [-] Task a48492f3-680e-49d6-9335-02c49a14a0e0 | ITER: 6 START
2019-07-30 21:41:06.013 22833 RALLYDEBUG rally.task.runner [-] Starting a worker. concurrency: 1 args: {} times: 100 method_name: run timeout: 0 duration: None cls:
2019-07-30 21:41:06.018 22824 INFO rally.task.runner [-] Task a48492f3-680e-49d6-9335-02c49a14a0e0 | ITER: 5 START
2019-07-30 21:41:06.017 22840 RALLYDEBUG rally.task.runner [-] Starting a worker. concurrency: 1 args: {} times: 100 method_name: run timeout: 0 duration: None cls:
2019-07-30 21:41:06.018 22839 RALLYDEBUG rally.task.runner [-] Starting a worker. concurrency: 1 args: {} times: 100 method_name: run timeout: 0 duration: None cls:
2019-07-30 21:41:06.020 22828 INFO rally.task.runner [-] Task a48492f3-680e-49d6-9335-02c49a14a0e0 | ITER: 8 START
2019-07-30 21:41:06.018 22836 RALLYDEBUG rally.task.runner [-] Starting a worker. concurrency: 1 args: {} times: 100 method_name: run timeout: 0 duration: None cls:
2019-07-30 21:41:06.023 22826 INFO rally.task.runner [-] Task a48492f3-680e-49d6-9335-02c49a14a0e0 | ITER: 9 START
2019-07-30 21:41:06.022 22825 INFO rally.task.runner [-] Task a48492f3-680e-49d6-9335-02c49a14a0e0 | ITER: 7 START
2019-07-30 21:41:06.027 22833 INFO rally.task.runner [-] Task a48492f3-680e-49d6-9335-02c49a14a0e0 | ITER: 10 START
2019-07-30 21:41:06.025 22844 RALLYDEBUG rally.task.runner [-] Starting a worker. concurrency: 1 args: {} times: 100 method_name: run timeout: 0 duration: None cls:
2019-07-30 21:41:06.027 22840 INFO rally.task.runner [-] Task a48492f3-680e-49d6-9335-02c49a14a0e0 | ITER: 11 START
2019-07-30 21:41:06.028 22847 RALLYDEBUG rally.task.runner [-] Starting a worker. concurrency: 1 args: {} times: 100 method_name: run timeout: 0 duration: None cls:
2019-07-30 21:41:06.032 22852 RALLYDEBUG rally.task.runner [-] Starting a worker. concurrency: 1 args: {} times: 100 method_name: run timeout: 0 duration: None cls:
2019-07-30 21:41:06.036 22839 INFO rally.task.runner [-] Task a48492f3-680e-49d6-9335-02c49a14a0e0 | ITER: 12 START
2019-07-30 21:41:06.036 22836 INFO rally.task.runner [-] Task a48492f3-680e-49d6-9335-02c49a14a0e0 | ITER: 13 START
2019-07-30 21:41:06.037 22847 INFO rally.task.runner [-] Task a48492f3-680e-49d6-9335-02c49a14a0e0 | ITER: 15 START
2019-07-30 21:41:06.037 22844 INFO rally.task.runner [-] Task a48492f3-680e-49d6-9335-02c49a14a0e0 | ITER: 14 START
2019-07-30 21:41:06.037 22857 RALLYDEBUG rally.task.runner [-] Starting a worker. concurrency: 1 args: {} times: 100 method_name: run timeout: 0 duration: None cls:
2019-07-30 21:41:06.042 22852 INFO rally.task.runner [-] Task a48492f3-680e-49d6-9335-02c49a14a0e0 | ITER: 16 START
2019-07-30 21:41:06.047 22866 RALLYDEBUG rally.task.runner [-] Starting a worker. concurrency: 1 args: {} times: 100 method_name: run timeout: 0 duration: None cls:
2019-07-30 21:41:06.048 22865 RALLYDEBUG rally.task.runner [-] Starting a worker. concurrency: 1 args: {} times: 100 method_name: run timeout: 0 duration: None cls:
2019-07-30 21:41:06.048 22861 RALLYDEBUG rally.task.runner [-] Starting a worker. concurrency: 1 args: {} times: 100 method_name: run timeout: 0 duration: None cls:
2019-07-30 21:41:06.051 22866 INFO rally.task.runner [-] Task a48492f3-680e-49d6-9335-02c49a14a0e0 | ITER: 18 START
2019-07-30 21:41:06.054 22857 INFO rally.task.runner [-] Task a48492f3-680e-49d6-9335-02c49a14a0e0 | ITER: 17 START
2019-07-30 21:41:06.058 22861 INFO rally.task.runner [-] Task a48492f3-680e-49d6-9335-02c49a14a0e0 | ITER: 20 START
2019-07-30 21:41:06.060 22865 INFO rally.task.runner [-] Task a48492f3-680e-49d6-9335-02c49a14a0e0 | ITER: 19 START
2019-07-30 21:41:08.145 22861 INFO rally.task.runner [-] Task a48492f3-680e-49d6-9335-02c49a14a0e0 | ITER: 20 END: OK
2019-07-30 21:41:08.148 22861 INFO rally.task.runner [-] Task a48492f3-680e-49d6-9335-02c49a14a0e0 | ITER: 21 START
2019-07-30 21:41:08.157 22866 INFO rally.task.runner [-] Task a48492f3-680e-49d6-9335-02c49a14a0e0 | ITER: 18 END: OK
2019-07-30 21:41:08.160 22866 INFO rally.task.runner [-] Task a48492f3-680e-49d6-9335-02c49a14a0e0 | ITER: 22 START
2019-07-30 21:41:08.306 22852 INFO rally.task.runner [-] Task a48492f3-680e-49d6-9335-02c49a14a0e0 | ITER: 16 END: OK
2019-07-30 21:41:08.309 22852 INFO rally.task.runner [-] Task a48492f3-680e-49d6-9335-02c49a14a0e0 | ITER: 23 START
2019-07-30 21:41:08.313 22823 INFO rally.task.runner [-] Task a48492f3-680e-49d6-9335-02c49a14a0e0 | ITER: 1 END: OK
2019-07-30 21:41:08.314 22865 INFO rally.task.runner [-] Task a48492f3-680e-49d6-9335-02c49a14a0e0 | ITER: 19 END: OK
2019-07-30 21:41:08.315 22826 INFO rally.task.runner [-] Task a48492f3-680e-49d6-9335-02c49a14a0e0 | ITER: 6 END: OK
2019-07-30 21:41:08.316 22823 INFO rally.task.runner [-] Task a48492f3-680e-49d6-9335-02c49a14a0e0 | ITER: 24 START
2019-07-30 21:41:08.317 22826 INFO rally.task.runner [-] Task a48492f3-680e-49d6-9335-02c49a14a0e0 | ITER: 26 START
2019-07-30 21:41:08.317 22865 INFO rally.task.runner [-] Task a48492f3-680e-49d6-9335-02c49a14a0e0 | ITER: 25 START
2019-07-30 21:41:08.332 22836 INFO rally.task.runner [-] Task a48492f3-680e-49d6-9335-02c49a14a0e0 | ITER: 13 END: OK
2019-07-30 21:41:08.334 22836 INFO rally.task.runner [-] Task a48492f3-680e-49d6-9335-02c49a14a0e0 | ITER: 27 START
2019-07-30 21:41:08.370 22833 INFO rally.task.runner [-] Task a48492f3-680e-49d6-9335-02c49a14a0e0 | ITER: 10 END: OK
2019-07-30 21:41:08.373 22833 INFO rally.task.runner [-] Task a48492f3-680e-49d6-9335-02c49a14a0e0 | ITER: 28 START
2019-07-30 21:41:08.426 22847 INFO rally.task.runner [-] Task a48492f3-680e-49d6-9335-02c49a14a0e0 | ITER: 15 END: OK
2019-07-30 21:41:08.429 22847 INFO rally.task.runner [-] Task a48492f3-680e-49d6-9335-02c49a14a0e0 | ITER: 29 START
2019-07-30 21:41:08.511 22823 INFO rally.task.runner [-] Task a48492f3-680e-49d6-9335-02c49a14a0e0 | ITER: 3 END: OK
2019-07-30 21:41:08.514 22823 INFO rally.task.runner [-] Task a48492f3-680e-49d6-9335-02c49a14a0e0 | ITER: 30 START
2019-07-30 21:41:08.572 22844 INFO rally.task.runner [-] Task a48492f3-680e-49d6-9335-02c49a14a0e0 | ITER: 14 END: OK
2019-07-30 21:41:08.575 22844 INFO rally.task.runner [-] Task a48492f3-680e-49d6-9335-02c49a14a0e0 | ITER: 31 START
2019-07-30 21:41:08.577 22857 INFO rally.task.runner [-] Task a48492f3-680e-49d6-9335-02c49a14a0e0 | ITER: 17 END: OK
2019-07-30 21:41:08.580 22857 INFO rally.task.runner [-] Task a48492f3-680e-49d6-9335-02c49a14a0e0 | ITER: 32 START
2019-07-30 21:41:08.720 22825 INFO rally.task.runner [-] Task a48492f3-680e-49d6-9335-02c49a14a0e0 | ITER: 4 END: OK
2019-07-30 21:41:08.725 22825 INFO rally.task.runner [-] Task a48492f3-680e-49d6-9335-02c49a14a0e0 | ITER: 33 START
2019-07-30 21:41:08.824 22826 INFO rally.task.runner [-] Task a48492f3-680e-49d6-9335-02c49a14a0e0 | ITER: 9 END: OK
2019-07-30 21:41:08.827 22826 INFO rally.task.runner [-] Task a48492f3-680e-49d6-9335-02c49a14a0e0 | ITER: 34 START
2019-07-30 21:41:08.895 22825 INFO rally.task.runner [-] Task a48492f3-680e-49d6-9335-02c49a14a0e0 | ITER: 7 END: OK
2019-07-30 21:41:08.898 22825 INFO rally.task.runner [-] Task a48492f3-680e-49d6-9335-02c49a14a0e0 | ITER: 35 START
2019-07-30 21:41:08.981 22839 INFO rally.task.runner [-] Task a48492f3-680e-49d6-9335-02c49a14a0e0 | ITER: 12 END: OK
2019-07-30 21:41:08.986 22839 INFO rally.task.runner [-] Task a48492f3-680e-49d6-9335-02c49a14a0e0 | ITER: 36 START
2019-07-30 21:41:09.005 22840 INFO rally.task.runner [-] Task a48492f3-680e-49d6-9335-02c49a14a0e0 | ITER: 11 END: OK
2019-07-30 21:41:09.008 22840 INFO rally.task.runner [-] Task a48492f3-680e-49d6-9335-02c49a14a0e0 | ITER: 37 START
2019-07-30 21:41:09.020 22828 INFO rally.task.runner [-] Task a48492f3-680e-49d6-9335-02c49a14a0e0 | ITER: 8 END: OK
2019-07-30 21:41:09.023 22828 INFO rally.task.runner [-] Task a48492f3-680e-49d6-9335-02c49a14a0e0 | ITER: 38 START
2019-07-30 21:41:09.104 22824 INFO rally.task.runner [-] Task a48492f3-680e-49d6-9335-02c49a14a0e0 | ITER: 2 END: OK
2019-07-30 21:41:09.107 22824 INFO rally.task.runner [-] Task a48492f3-680e-49d6-9335-02c49a14a0e0 | ITER: 39 START
2019-07-30 21:41:09.155 22824 INFO rally.task.runner [-] Task a48492f3-680e-49d6-9335-02c49a14a0e0 | ITER: 5 END: OK
2019-07-30 21:41:09.157 22824 INFO rally.task.runner [-] Task a48492f3-680e-49d6-9335-02c49a14a0e0 | ITER: 40 START
2019-07-30 21:41:09.671 22866 INFO rally.task.runner [-] Task a48492f3-680e-49d6-9335-02c49a14a0e0 | ITER: 22 END: OK
2019-07-30 21:41:09.675 22866 INFO rally.task.runner [-] Task a48492f3-680e-49d6-9335-02c49a14a0e0 | ITER: 41 START
2019-07-30 21:41:09.763 22826 INFO rally.task.runner [-] Task a48492f3-680e-49d6-9335-02c49a14a0e0 | ITER: 26 END: OK
2019-07-30 21:41:09.766 22826 INFO rally.task.runner [-] Task a48492f3-680e-49d6-9335-02c49a14a0e0 | ITER: 42 START
2019-07-30 21:41:09.961 22865 INFO rally.task.runner [-] Task a48492f3-680e-49d6-9335-02c49a14a0e0 | ITER: 25 END: OK
2019-07-30 21:41:09.964 22865 INFO rally.task.runner [-] Task a48492f3-680e-49d6-9335-02c49a14a0e0 | ITER: 43 START
2019-07-30 21:41:09.976 22847 INFO rally.task.runner [-] Task a48492f3-680e-49d6-9335-02c49a14a0e0 | ITER: 29 END: OK
2019-07-30 21:41:09.979 22847 INFO rally.task.runner [-] Task a48492f3-680e-49d6-9335-02c49a14a0e0 | ITER: 44 START
2019-07-30 21:41:10.033 22823 INFO rally.task.runner [-] Task a48492f3-680e-49d6-9335-02c49a14a0e0 | ITER: 24 END: OK
2019-07-30 21:41:10.036 22823 INFO rally.task.runner [-] Task a48492f3-680e-49d6-9335-02c49a14a0e0 | ITER: 45 START
2019-07-30 21:41:10.098 22852 INFO rally.task.runner [-] Task a48492f3-680e-49d6-9335-02c49a14a0e0 | ITER: 23 END: OK
2019-07-30 21:41:10.102 22852 INFO rally.task.runner [-] Task a48492f3-680e-49d6-9335-02c49a14a0e0 | ITER: 46 START
2019-07-30 21:41:10.102 22833 INFO rally.task.runner [-] Task a48492f3-680e-49d6-9335-02c49a14a0e0 | ITER: 28 END: OK
2019-07-30 21:41:10.106 22833 INFO rally.task.runner [-] Task a48492f3-680e-49d6-9335-02c49a14a0e0 | ITER: 47 START
2019-07-30 21:41:10.473 22861 INFO rally.task.runner [-] Task a48492f3-680e-49d6-9335-02c49a14a0e0 | ITER: 21 END: OK
2019-07-30 21:41:10.476 22861 INFO rally.task.runner [-] Task a48492f3-680e-49d6-9335-02c49a14a0e0 | ITER: 48 START
2019-07-30 21:41:10.503 22823 INFO rally.task.runner [-] Task a48492f3-680e-49d6-9335-02c49a14a0e0 | ITER: 30 END: OK
2019-07-30 21:41:10.507 22823 INFO rally.task.runner [-] Task a48492f3-680e-49d6-9335-02c49a14a0e0 | ITER: 49 START
2019-07-30 21:41:10.529 22825 INFO rally.task.runner [-] Task a48492f3-680e-49d6-9335-02c49a14a0e0 | ITER: 33 END: OK
2019-07-30 21:41:10.532 22825 INFO rally.task.runner [-] Task a48492f3-680e-49d6-9335-02c49a14a0e0 | ITER: 50 START
2019-07-30 21:41:10.561 22836 INFO rally.task.runner [-] Task a48492f3-680e-49d6-9335-02c49a14a0e0 | ITER: 27 END: OK
2019-07-30 21:41:10.564 22836 INFO rally.task.runner [-] Task a48492f3-680e-49d6-9335-02c49a14a0e0 | ITER: 51 START
2019-07-30 21:41:10.572 22857 INFO rally.task.runner [-] Task a48492f3-680e-49d6-9335-02c49a14a0e0 | ITER: 32 END: OK
2019-07-30 21:41:10.575 22857 INFO rally.task.runner [-] Task a48492f3-680e-49d6-9335-02c49a14a0e0 | ITER: 52 START
2019-07-30 21:41:11.178 22825 INFO rally.task.runner [-] Task a48492f3-680e-49d6-9335-02c49a14a0e0 | ITER: 35 END: OK
2019-07-30 21:41:11.181 22825 INFO rally.task.runner [-] Task a48492f3-680e-49d6-9335-02c49a14a0e0 | ITER: 53 START
2019-07-30 21:41:11.290 22844 INFO rally.task.runner [-] Task a48492f3-680e-49d6-9335-02c49a14a0e0 | ITER: 31 END: OK
2019-07-30 21:41:11.293 22844 INFO rally.task.runner [-] Task a48492f3-680e-49d6-9335-02c49a14a0e0 | ITER: 54 START
2019-07-30 21:41:11.460 22833 INFO rally.task.runner [-] Task a48492f3-680e-49d6-9335-02c49a14a0e0 | ITER: 47 END: OK
2019-07-30 21:41:11.464 22833 INFO rally.task.runner [-] Task a48492f3-680e-49d6-9335-02c49a14a0e0 | ITER: 55 START
2019-07-30 21:41:11.690 22826 INFO rally.task.runner [-] Task a48492f3-680e-49d6-9335-02c49a14a0e0 | ITER: 34 END: OK
2019-07-30 21:41:11.693 22826 INFO rally.task.runner [-] Task a48492f3-680e-49d6-9335-02c49a14a0e0 | ITER: 56 START
2019-07-30 21:41:12.333 22840 INFO rally.task.runner [-] Task a48492f3-680e-49d6-9335-02c49a14a0e0 | ITER: 37 END: OK
2019-07-30 21:41:12.336 22840 INFO rally.task.runner [-] Task a48492f3-680e-49d6-9335-02c49a14a0e0 | ITER: 57 START
2019-07-30 21:41:12.496 22866 INFO rally.task.runner [-] Task a48492f3-680e-49d6-9335-02c49a14a0e0 | ITER: 41 END: OK
2019-07-30 21:41:12.499 22866 INFO rally.task.runner [-] Task a48492f3-680e-49d6-9335-02c49a14a0e0 | ITER: 58 START
2019-07-30 21:41:12.612 22824 INFO rally.task.runner [-] Task a48492f3-680e-49d6-9335-02c49a14a0e0 | ITER: 39 END: OK
2019-07-30 21:41:12.615 22824 INFO rally.task.runner [-] Task a48492f3-680e-49d6-9335-02c49a14a0e0 | ITER: 59 START
2019-07-30 21:41:12.857 22865 INFO rally.task.runner [-] Task a48492f3-680e-49d6-9335-02c49a14a0e0 | ITER: 43 END: OK
2019-07-30 21:41:12.861 22865 INFO rally.task.runner [-] Task a48492f3-680e-49d6-9335-02c49a14a0e0 | ITER: 60 START
2019-07-30 21:41:12.909 22828 INFO rally.task.runner [-] Task a48492f3-680e-49d6-9335-02c49a14a0e0 | ITER: 38 END: OK
2019-07-30 21:41:12.912 22828 INFO rally.task.runner [-] Task a48492f3-680e-49d6-9335-02c49a14a0e0 | ITER: 61 START
2019-07-30 21:41:12.956 22836 INFO rally.task.runner [-] Task a48492f3-680e-49d6-9335-02c49a14a0e0 | ITER: 51 END: OK
2019-07-30 21:41:12.959 22836 INFO rally.task.runner [-] Task a48492f3-680e-49d6-9335-02c49a14a0e0 | ITER: 62 START
2019-07-30 21:41:12.980 22824 INFO rally.task.runner [-] Task a48492f3-680e-49d6-9335-02c49a14a0e0 | ITER: 40 END: OK
2019-07-30 21:41:12.982 22824 INFO rally.task.runner [-] Task a48492f3-680e-49d6-9335-02c49a14a0e0 | ITER: 63 START
2019-07-30 21:41:13.029 22839 INFO rally.task.runner [-] Task a48492f3-680e-49d6-9335-02c49a14a0e0 | ITER: 36 END: OK
2019-07-30 21:41:13.032 22839 INFO rally.task.runner [-] Task a48492f3-680e-49d6-9335-02c49a14a0e0 | ITER: 64 START
2019-07-30 21:41:13.348 22825 INFO rally.task.runner [-] Task a48492f3-680e-49d6-9335-02c49a14a0e0 | ITER: 53 END: OK
2019-07-30 21:41:13.352 22825 INFO rally.task.runner [-] Task a48492f3-680e-49d6-9335-02c49a14a0e0 | ITER: 65 START
2019-07-30 21:41:13.373 22861 INFO rally.task.runner [-] Task a48492f3-680e-49d6-9335-02c49a14a0e0 | ITER: 48 END: OK
2019-07-30 21:41:13.377 22861 INFO rally.task.runner [-] Task a48492f3-680e-49d6-9335-02c49a14a0e0 | ITER: 66 START
2019-07-30 21:41:13.381 22847 INFO rally.task.runner [-] Task a48492f3-680e-49d6-9335-02c49a14a0e0 | ITER: 44 END: OK
2019-07-30 21:41:13.385 22847 INFO rally.task.runner [-] Task a48492f3-680e-49d6-9335-02c49a14a0e0 | ITER: 67 START
2019-07-30 21:41:13.391 22833 INFO rally.task.runner [-] Task a48492f3-680e-49d6-9335-02c49a14a0e0 | ITER: 55 END: OK
2019-07-30 21:41:13.394 22833 INFO rally.task.runner [-] Task a48492f3-680e-49d6-9335-02c49a14a0e0 | ITER: 68 START
2019-07-30 21:41:13.433 22852 INFO rally.task.runner [-] Task a48492f3-680e-49d6-9335-02c49a14a0e0 | ITER: 46 END: OK
2019-07-30 21:41:13.436 22852 INFO rally.task.runner [-] Task a48492f3-680e-49d6-9335-02c49a14a0e0 | ITER: 69 START
2019-07-30 21:41:13.449 22826 INFO rally.task.runner [-] Task a48492f3-680e-49d6-9335-02c49a14a0e0 | ITER: 42 END: OK
2019-07-30 21:41:13.452 22826 INFO rally.task.runner [-] Task a48492f3-680e-49d6-9335-02c49a14a0e0 | ITER: 70 START
2019-07-30 21:41:13.459 22844 INFO rally.task.runner [-] Task a48492f3-680e-49d6-9335-02c49a14a0e0 | ITER: 54 END: OK
2019-07-30 21:41:13.460 22826 INFO rally.task.runner [-] Task a48492f3-680e-49d6-9335-02c49a14a0e0 | ITER: 56 END: OK
2019-07-30 21:41:13.463 22844 INFO rally.task.runner [-] Task a48492f3-680e-49d6-9335-02c49a14a0e0 | ITER: 71 START
2019-07-30 21:41:13.467 22826 INFO rally.task.runner [-] Task a48492f3-680e-49d6-9335-02c49a14a0e0 | ITER: 72 START
2019-07-30 21:41:13.651 22825 INFO rally.task.runner [-] Task a48492f3-680e-49d6-9335-02c49a14a0e0 | ITER: 50 END: OK
2019-07-30 21:41:13.654 22825 INFO rally.task.runner [-] Task a48492f3-680e-49d6-9335-02c49a14a0e0 | ITER: 73 START
2019-07-30 21:41:14.024 22823 INFO rally.task.runner [-] Task a48492f3-680e-49d6-9335-02c49a14a0e0 | ITER: 49 END: OK
2019-07-30 21:41:14.027 22823 INFO rally.task.runner [-] Task a48492f3-680e-49d6-9335-02c49a14a0e0 | ITER: 74 START
2019-07-30 21:41:14.100 22866 INFO rally.task.runner [-] Task a48492f3-680e-49d6-9335-02c49a14a0e0 | ITER: 58 END: OK
2019-07-30 21:41:14.104 22866 INFO rally.task.runner [-] Task a48492f3-680e-49d6-9335-02c49a14a0e0 | ITER: 75 START
2019-07-30 21:41:14.194 22857 INFO rally.task.runner [-] Task a48492f3-680e-49d6-9335-02c49a14a0e0 | ITER: 52 END: OK
2019-07-30 21:41:14.197 22857 INFO rally.task.runner [-] Task a48492f3-680e-49d6-9335-02c49a14a0e0 | ITER: 76 START
2019-07-30 21:41:14.199 22840 INFO rally.task.runner [-] Task a48492f3-680e-49d6-9335-02c49a14a0e0 | ITER: 57 END: OK
2019-07-30 21:41:14.203 22840 INFO rally.task.runner [-] Task a48492f3-680e-49d6-9335-02c49a14a0e0 | ITER: 77 START
2019-07-30 21:41:14.221 22823 INFO rally.task.runner [-] Task a48492f3-680e-49d6-9335-02c49a14a0e0 | ITER: 45 END: OK
2019-07-30 21:41:14.224 22823 INFO rally.task.runner [-] Task a48492f3-680e-49d6-9335-02c49a14a0e0 | ITER: 78 START
2019-07-30 21:41:14.438 22828 INFO rally.task.runner [-] Task a48492f3-680e-49d6-9335-02c49a14a0e0 | ITER: 61 END: OK
2019-07-30 21:41:14.441 22828 INFO rally.task.runner [-] Task a48492f3-680e-49d6-9335-02c49a14a0e0 | ITER: 79 START
2019-07-30 21:41:14.564 22865 INFO rally.task.runner [-] Task a48492f3-680e-49d6-9335-02c49a14a0e0 | ITER: 60 END: OK
2019-07-30 21:41:14.567 22865 INFO rally.task.runner [-] Task a48492f3-680e-49d6-9335-02c49a14a0e0 | ITER: 80 START
2019-07-30 21:41:14.679 22836 INFO rally.task.runner [-] Task a48492f3-680e-49d6-9335-02c49a14a0e0 | ITER: 62 END: OK
2019-07-30 21:41:14.682 22836 INFO rally.task.runner [-] Task a48492f3-680e-49d6-9335-02c49a14a0e0 | ITER: 81 START
2019-07-30 21:41:14.711 22824 INFO rally.task.runner [-] Task a48492f3-680e-49d6-9335-02c49a14a0e0 | ITER: 59 END: OK
2019-07-30 21:41:14.714 22824 INFO rally.task.runner [-] Task a48492f3-680e-49d6-9335-02c49a14a0e0 | ITER: 82 START
2019-07-30 21:41:14.859 22839 INFO rally.task.runner [-] Task a48492f3-680e-49d6-9335-02c49a14a0e0 | ITER: 64 END: OK
2019-07-30 21:41:14.862 22839 INFO rally.task.runner [-] Task a48492f3-680e-49d6-9335-02c49a14a0e0 | ITER: 83 START
2019-07-30 21:41:15.136 22861 INFO rally.task.runner [-] Task a48492f3-680e-49d6-9335-02c49a14a0e0 | ITER: 66 END: OK
2019-07-30 21:41:15.140 22861 INFO rally.task.runner [-] Task a48492f3-680e-49d6-9335-02c49a14a0e0 | ITER: 84 START
2019-07-30 21:41:15.290 22824 INFO rally.task.runner [-] Task a48492f3-680e-49d6-9335-02c49a14a0e0 | ITER: 63 END: OK
2019-07-30 21:41:15.293 22824 INFO rally.task.runner [-] Task a48492f3-680e-49d6-9335-02c49a14a0e0 | ITER: 85 START
2019-07-30 21:41:15.302 22825 INFO rally.task.runner [-] Task a48492f3-680e-49d6-9335-02c49a14a0e0 | ITER: 65 END: OK
2019-07-30 21:41:15.305 22825 INFO rally.task.runner [-] Task a48492f3-680e-49d6-9335-02c49a14a0e0 | ITER: 86 START
2019-07-30 21:41:15.322 22844 INFO rally.task.runner [-] Task a48492f3-680e-49d6-9335-02c49a14a0e0 | ITER: 71 END: OK
2019-07-30 21:41:15.325 22844 INFO rally.task.runner [-] Task a48492f3-680e-49d6-9335-02c49a14a0e0 | ITER: 87 START
2019-07-30 21:41:15.457 22833 INFO rally.task.runner [-] Task a48492f3-680e-49d6-9335-02c49a14a0e0 | ITER: 68 END: OK
2019-07-30 21:41:15.460 22833 INFO rally.task.runner [-] Task a48492f3-680e-49d6-9335-02c49a14a0e0 | ITER: 88 START
2019-07-30 21:41:15.496 22826 INFO rally.task.runner [-] Task a48492f3-680e-49d6-9335-02c49a14a0e0 | ITER: 70 END: OK
2019-07-30 21:41:15.499 22826 INFO rally.task.runner [-] Task a48492f3-680e-49d6-9335-02c49a14a0e0 | ITER: 89 START
2019-07-30 21:41:15.528 22826 INFO rally.task.runner [-] Task a48492f3-680e-49d6-9335-02c49a14a0e0 | ITER: 72 END: OK
2019-07-30 21:41:15.531 22826 INFO rally.task.runner [-] Task a48492f3-680e-49d6-9335-02c49a14a0e0 | ITER: 90 START
2019-07-30 21:41:15.645 22852 INFO rally.task.runner [-] Task a48492f3-680e-49d6-9335-02c49a14a0e0 | ITER: 69 END: OK
2019-07-30 21:41:15.649 22852 INFO rally.task.runner [-] Task a48492f3-680e-49d6-9335-02c49a14a0e0 | ITER: 91 START
2019-07-30 21:41:15.753 22866 INFO rally.task.runner [-] Task a48492f3-680e-49d6-9335-02c49a14a0e0 | ITER: 75 END: OK
2019-07-30 21:41:15.756 22866 INFO rally.task.runner [-] Task a48492f3-680e-49d6-9335-02c49a14a0e0 | ITER: 92 START
2019-07-30 21:41:15.797 22823 INFO rally.task.runner [-] Task a48492f3-680e-49d6-9335-02c49a14a0e0 | ITER: 78 END: OK
2019-07-30 21:41:15.800 22823 INFO rally.task.runner [-] Task a48492f3-680e-49d6-9335-02c49a14a0e0 | ITER: 93 START
2019-07-30 21:41:15.898 22847 INFO rally.task.runner [-] Task a48492f3-680e-49d6-9335-02c49a14a0e0 | ITER: 67 END: OK
2019-07-30 21:41:15.901 22847 INFO rally.task.runner [-] Task a48492f3-680e-49d6-9335-02c49a14a0e0 | ITER: 94 START
2019-07-30 21:41:15.984 22857 INFO rally.task.runner [-] Task a48492f3-680e-49d6-9335-02c49a14a0e0 | ITER: 76 END: OK
2019-07-30 21:41:15.987 22857 INFO rally.task.runner [-] Task a48492f3-680e-49d6-9335-02c49a14a0e0 | ITER: 95 START
2019-07-30 21:41:16.130 22828 INFO rally.task.runner [-] Task a48492f3-680e-49d6-9335-02c49a14a0e0 | ITER: 79 END: OK
2019-07-30 21:41:16.132 22825 INFO rally.task.runner [-] Task a48492f3-680e-49d6-9335-02c49a14a0e0 | ITER: 73 END: OK
2019-07-30 21:41:16.134 22828 INFO rally.task.runner [-] Task a48492f3-680e-49d6-9335-02c49a14a0e0 | ITER: 96 START
2019-07-30 21:41:16.135 22825 INFO rally.task.runner [-] Task a48492f3-680e-49d6-9335-02c49a14a0e0 | ITER: 97 START
2019-07-30 21:41:16.195 22865 INFO rally.task.runner [-] Task a48492f3-680e-49d6-9335-02c49a14a0e0 | ITER: 80 END: OK
2019-07-30 21:41:16.198 22865 INFO rally.task.runner [-] Task a48492f3-680e-49d6-9335-02c49a14a0e0 | ITER: 98 START
2019-07-30 21:41:16.324 22823 INFO rally.task.runner [-] Task a48492f3-680e-49d6-9335-02c49a14a0e0 | ITER: 74 END: OK
2019-07-30 21:41:16.336 22823 INFO rally.task.runner [-] Task a48492f3-680e-49d6-9335-02c49a14a0e0 | ITER: 99 START
2019-07-30 21:41:16.425 22839 INFO rally.task.runner [-] Task a48492f3-680e-49d6-9335-02c49a14a0e0 | ITER: 83 END: OK
2019-07-30 21:41:16.428 22839 INFO rally.task.runner [-] Task a48492f3-680e-49d6-9335-02c49a14a0e0 | ITER: 100 START
2019-07-30 21:41:16.442 22840 INFO rally.task.runner [-] Task a48492f3-680e-49d6-9335-02c49a14a0e0 | ITER: 77 END: OK
2019-07-30 21:41:16.814 22824 INFO rally.task.runner [-] Task a48492f3-680e-49d6-9335-02c49a14a0e0 | ITER: 82 END: OK
2019-07-30 21:41:17.043 22836 INFO rally.task.runner [-] Task a48492f3-680e-49d6-9335-02c49a14a0e0 | ITER: 81 END: OK
2019-07-30 21:41:17.104 22824 INFO rally.task.runner [-] Task a48492f3-680e-49d6-9335-02c49a14a0e0 | ITER: 85 END: OK
2019-07-30 21:41:17.107 22861 INFO rally.task.runner [-] Task a48492f3-680e-49d6-9335-02c49a14a0e0 | ITER: 84 END: OK
2019-07-30 21:41:17.151 22844 INFO rally.task.runner [-] Task a48492f3-680e-49d6-9335-02c49a14a0e0 | ITER: 87 END: OK
2019-07-30 21:41:17.482 22825 INFO rally.task.runner [-] Task a48492f3-680e-49d6-9335-02c49a14a0e0 | ITER: 86 END: OK
2019-07-30 21:41:17.524 22852 INFO rally.task.runner [-] Task a48492f3-680e-49d6-9335-02c49a14a0e0 | ITER: 91 END: OK
2019-07-30 21:41:17.575 22826 INFO rally.task.runner [-] Task a48492f3-680e-49d6-9335-02c49a14a0e0 | ITER: 89 END: OK
2019-07-30 21:41:17.599 22826 INFO rally.task.runner [-] Task a48492f3-680e-49d6-9335-02c49a14a0e0 | ITER: 90 END: OK
2019-07-30 21:41:17.689 22825 INFO rally.task.runner [-] Task a48492f3-680e-49d6-9335-02c49a14a0e0 | ITER: 97 END: OK
2019-07-30 21:41:17.725 22828 INFO rally.task.runner [-] Task a48492f3-680e-49d6-9335-02c49a14a0e0 | ITER: 96 END: OK
2019-07-30 21:41:17.755 22823 INFO rally.task.runner [-] Task a48492f3-680e-49d6-9335-02c49a14a0e0 | ITER: 93 END: OK
2019-07-30 21:41:17.859 22857 INFO rally.task.runner [-] Task a48492f3-680e-49d6-9335-02c49a14a0e0 | ITER: 95 END: OK
2019-07-30 21:41:17.906 22833 INFO rally.task.runner [-] Task a48492f3-680e-49d6-9335-02c49a14a0e0 | ITER: 88 END: OK
2019-07-30 21:41:18.079 22847 INFO rally.task.runner [-] Task a48492f3-680e-49d6-9335-02c49a14a0e0 | ITER: 94 END: OK
2019-07-30 21:41:18.267 22823 INFO rally.task.runner [-] Task a48492f3-680e-49d6-9335-02c49a14a0e0 | ITER: 99 END: OK
2019-07-30 21:41:18.290 22839 INFO rally.task.runner [-] Task a48492f3-680e-49d6-9335-02c49a14a0e0 | ITER: 100 END: OK
2019-07-30 21:41:18.381 22865 INFO rally.task.runner [-] Task a48492f3-680e-49d6-9335-02c49a14a0e0 | ITER: 98 END: OK
2019-07-30 21:41:18.449 22866 INFO rally.task.runner [-] Task a48492f3-680e-49d6-9335-02c49a14a0e0 | ITER: 92 END: OK
2019-07-30 21:41:18.477 22699 INFO rally.task.context [-] Task a48492f3-680e-49d6-9335-02c49a14a0e0 | Context cleanup@openstack cleanup() started
2019-07-30 21:41:18.480 22699 RALLYDEBUG rally_openstack.cleanup.manager [-] Cleaning up neutron vip objects
2019-07-30 21:41:19.105 22699 RALLYDEBUG rally_openstack.cleanup.manager [-] Cleaning up neutron health_monitor objects
2019-07-30 21:41:19.755 22699 RALLYDEBUG rally_openstack.cleanup.manager [-] Cleaning up neutron pool objects
2019-07-30 21:41:20.406 22699 RALLYDEBUG rally_openstack.cleanup.manager [-] Cleaning up neutron loadbalancer objects
2019-07-30 21:41:21.119 22699 RALLYDEBUG rally_openstack.cleanup.manager [-] Cleaning up neutron floatingip objects
2019-07-30 21:41:21.812 22699 RALLYDEBUG rally_openstack.cleanup.manager [-] Cleaning up neutron port objects
2019-07-30 21:41:22.581 22699 RALLYDEBUG rally_openstack.cleanup.manager [-] Cleaning up neutron subnet objects
2019-07-30 21:41:23.227 22699 RALLYDEBUG rally_openstack.cleanup.manager [-] Cleaning up neutron network objects
2019-07-30 21:41:24.552 22699 RALLYDEBUG rally_openstack.cleanup.manager [-] Deleting neutron.network object s_rally_48d18eff_9fSySkvM (059c5837-14dd-4598-b21c-5d208ae6f2c2)
2019-07-30 21:41:24.554 22699 RALLYDEBUG rally_openstack.cleanup.manager [-] Deleting neutron.network object s_rally_48d18eff_9poUcfCj (1421c566-dcf5-4df7-a5fd-767a05b90fcc)
2019-07-30 21:41:24.556 22699 RALLYDEBUG rally_openstack.cleanup.manager [-] Deleting neutron.network object s_rally_48d18eff_8c1Ifzbn (0b26b1e8-7cab-49f4-8dd9-e84fe85cd1eb)
2019-07-30 21:41:24.557 22699 RALLYDEBUG rally_openstack.cleanup.manager [-] Deleting neutron.network object s_rally_48d18eff_jl4zYrWB (25a90438-009a-4bae-a0fc-71b72bfd3315)
2019-07-30 21:41:24.558 22699 RALLYDEBUG rally_openstack.cleanup.manager [-] Deleting neutron.network object s_rally_48d18eff_mbg6vemk (1f365a87-9961-4cab-b452-a0cd2997b877)
2019-07-30 21:41:24.559 22699 RALLYDEBUG rally_openstack.cleanup.manager [-] Deleting neutron.network object s_rally_48d18eff_ugiINuGX (18113921-f64a-40e2-9aa9-fd59b047fed9)
2019-07-30 21:41:24.566 22699 RALLYDEBUG rally_openstack.cleanup.manager [-] Deleting neutron.network object s_rally_48d18eff_z4mHWklp (2107c381-5c3d-4880-940f-909d7c1ed311)
2019-07-30 21:41:24.568 22699 RALLYDEBUG rally_openstack.cleanup.manager [-] Deleting neutron.network object s_rally_48d18eff_4g3t5mVF (1b1bea2d-5f1c-4376-9bfc-9a93f5cd7411)
2019-07-30 21:41:24.571 22699 RALLYDEBUG rally_openstack.cleanup.manager [-] Deleting neutron.network object s_rally_48d18eff_WdDISnSW (0c52b520-a251-4a32-a759-c65c6a10d787)
2019-07-30 21:41:24.577 22699 RALLYDEBUG rally_openstack.cleanup.manager [-] Deleting neutron.network object s_rally_48d18eff_pLbMdJgC (29b9f4e0-cb26-4638-a62c-9e8227ff9c0f)
2019-07-30 21:41:24.577 22699 RALLYDEBUG rally_openstack.cleanup.manager [-] Deleting neutron.network object s_rally_48d18eff_8OX3jt2t (277b9d83-c662-4ad8-a844-6f2f35e6a490)
2019-07-30 21:41:24.581 22699 RALLYDEBUG rally_openstack.cleanup.manager [-] Deleting neutron.network object s_rally_48d18eff_tIPjy5PQ (276c1134-fb44-4cf7-859c-7ffe574655a7)
2019-07-30 21:41:24.581 22699 RALLYDEBUG rally_openstack.cleanup.manager [-] Deleting neutron.network object s_rally_48d18eff_r31cOwNK (2950387a-61f5-4538-a48d-f48dff5a736a)
2019-07-30 21:41:24.582 22699 RALLYDEBUG rally_openstack.cleanup.manager [-] Deleting neutron.network object s_rally_48d18eff_vIqZSBkk (15d9c39a-cb3a-4f10-9cf5-1714b4680ae0)
2019-07-30 21:41:24.587 22699 RALLYDEBUG rally_openstack.cleanup.manager [-] Deleting neutron.network object s_rally_48d18eff_RhOLFFra (2268c107-8399-4fed-ac32-1f413b42c53a)
2019-07-30 21:41:24.594 22699 RALLYDEBUG rally_openstack.cleanup.manager [-] Deleting neutron.network object s_rally_48d18eff_lYSLwpfK (1dd2fef4-f04b-444a-a9bd-deb3b648c1e8)
2019-07-30 21:41:24.595 22699 RALLYDEBUG rally_openstack.cleanup.manager [-] Deleting neutron.network object s_rally_48d18eff_xsiKgkH9 (10904c84-5a3e-426c-a9e5-ac6221560a88)
2019-07-30 21:41:24.603 22699 RALLYDEBUG rally_openstack.cleanup.manager [-] Deleting neutron.network object s_rally_48d18eff_3sdcsuwl (203d72a9-1194-4c69-9a9b-80c9b96d35bb)
2019-07-30 21:41:24.605 22699 RALLYDEBUG rally_openstack.cleanup.manager [-] Deleting neutron.network object s_rally_48d18eff_bzNdvBX1 (2974c291-6fed-447f-9365-6c07bd275dff)
2019-07-30 21:41:24.605 22699 RALLYDEBUG rally_openstack.cleanup.manager [-] Deleting neutron.network object s_rally_48d18eff_VXRclGiC (1a585bbf-9f46-4242-93a0-0d719b0d9e82)
2019-07-30 21:41:27.370 22699 RALLYDEBUG rally_openstack.cleanup.manager [-] Deleting neutron.network object s_rally_48d18eff_MAPiUe5q (2bb37b8a-92f3-4fa0-add1-33d6d07e349b)
2019-07-30 21:41:27.371 22699 RALLYDEBUG rally_openstack.cleanup.manager [-] Deleting neutron.network object s_rally_48d18eff_Ulg49eiK (2bd384d0-048f-4004-a113-009c4dcc2bb3)
2019-07-30 21:41:27.590 22699 RALLYDEBUG rally_openstack.cleanup.manager [-] Deleting neutron.network object s_rally_48d18eff_tcN3zopP (2c121549-4fca-4ce5-91cd-2968945556e8)
2019-07-30 21:41:27.591 22699 RALLYDEBUG rally_openstack.cleanup.manager [-] Deleting neutron.network object s_rally_48d18eff_hQ3ChGY9 (30ef8df9-b6ed-4029-8310-5b08b442944b)
2019-07-30 21:41:27.621 22699 RALLYDEBUG rally_openstack.cleanup.manager [-] Deleting neutron.network object s_rally_48d18eff_GbTV0o7B (33319cc5-3d66-457c-944e-6c8ab7f31744)
2019-07-30 21:41:27.730 22699 RALLYDEBUG rally_openstack.cleanup.manager [-] Deleting neutron.network object s_rally_48d18eff_cZSHGcI4 (34363ffa-60c0-4047-b336-ca53647bff77)
2019-07-30 21:41:27.865 22699 RALLYDEBUG rally_openstack.cleanup.manager [-] Deleting neutron.network object s_rally_48d18eff_RXCcfQ4T (34f28074-47e5-4cd8-8792-d99690768a2e)
2019-07-30 21:41:28.032 22699 RALLYDEBUG rally_openstack.cleanup.manager [-] Deleting neutron.network object s_rally_48d18eff_MXbV0iz1 (365986e0-8584-403c-bbe6-626e0e511f50)
2019-07-30 21:41:28.045 22699 RALLYDEBUG rally_openstack.cleanup.manager [-] Deleting neutron.network object s_rally_48d18eff_WkL0VPqD (3ad0bb59-316f-4cbc-8dff-cea53df35428)
2019-07-30 21:41:28.067 22699 RALLYDEBUG rally_openstack.cleanup.manager [-] Deleting neutron.network object s_rally_48d18eff_TDjdwlih (3fb837e5-009b-4593-a8f1-75da99bbf722)
2019-07-30 21:41:28.106 22699 RALLYDEBUG rally_openstack.cleanup.manager [-] Deleting neutron.network object s_rally_48d18eff_glDpqbm0 (4058784b-6339-4245-9cdb-80b8a9bca690)
2019-07-30 21:41:28.121 22699 RALLYDEBUG rally_openstack.cleanup.manager [-] Deleting neutron.network object s_rally_48d18eff_qJMsaNH6 (410383fa-f938-4a9c-be38-8e0b30a6492e)
2019-07-30 21:41:28.600 22699 RALLYDEBUG rally_openstack.cleanup.manager [-] Deleting neutron.network object s_rally_48d18eff_xvy8n9gT (46161798-0305-42b7-b354-4d523a45e88e)
2019-07-30 21:41:28.707 22699 RALLYDEBUG rally_openstack.cleanup.manager [-] Deleting neutron.network object s_rally_48d18eff_uTzfD9JG (47d0b82c-0f3c-413d-b154-2a505440e8da)
2019-07-30 21:41:28.726 22699 RALLYDEBUG rally_openstack.cleanup.manager [-] Deleting neutron.network object s_rally_48d18eff_3GsLWFEb (49a9b783-bc91-4ecb-b2d2-36573a5ca1e6)
2019-07-30 21:41:28.905 22699 RALLYDEBUG rally_openstack.cleanup.manager [-] Deleting neutron.network object s_rally_48d18eff_ySMvIBD1 (4bf4b700-4b53-4c54-9413-8a4dc4767153)
2019-07-30 21:41:28.911 22699 RALLYDEBUG rally_openstack.cleanup.manager [-] Deleting neutron.network object s_rally_48d18eff_OT4Cz7b7 (4cad9cbb-2273-4b62-940f-905138f76b1b)
2019-07-30 21:41:29.022 22699 RALLYDEBUG rally_openstack.cleanup.manager [-] Deleting neutron.network object s_rally_48d18eff_O01DBvoJ (4e357c5d-48d2-450a-a972-9780f885e1d3)
2019-07-30 21:41:29.029 22699 RALLYDEBUG rally_openstack.cleanup.manager [-] Deleting neutron.network object s_rally_48d18eff_ytetR5rP (523fa71d-f778-442d-a690-dfcdd835400f)
2019-07-30 21:41:29.058 22699 RALLYDEBUG rally_openstack.cleanup.manager [-] Deleting neutron.network object s_rally_48d18eff_TddHItru (526b737b-11aa-4059-b95c-2618881189f3)
2019-07-30 21:41:29.716 22699 RALLYDEBUG rally_openstack.cleanup.manager [-] Deleting neutron.network object s_rally_48d18eff_Q6l43Aqp (583967cf-d41c-4a90-bda3-e3c2f52a1701)
2019-07-30 21:41:29.746 22699 RALLYDEBUG rally_openstack.cleanup.manager [-] Deleting neutron.network object s_rally_48d18eff_lwX49Lif (5a2d3980-2a56-406a-a6b8-4facf3975bf5)
2019-07-30 21:41:30.211 22699 RALLYDEBUG rally_openstack.cleanup.manager [-] Deleting neutron.network object s_rally_48d18eff_fNR7tIro (6040833e-8788-461a-b327-1715ad31d872)
2019-07-30 21:41:30.243 22699 RALLYDEBUG rally_openstack.cleanup.manager [-] Deleting neutron.network object s_rally_48d18eff_TxVWG6eT (621545dd-7c45-4522-b463-a9a934def4f2)
2019-07-30 21:41:30.409 22699 RALLYDEBUG rally_openstack.cleanup.manager [-] Deleting neutron.network object s_rally_48d18eff_vHutdbE9 (62d5c713-9282-42b4-b901-7a2c5e9ac0b7)
2019-07-30 21:41:30.428 22699 RALLYDEBUG rally_openstack.cleanup.manager [-] Deleting neutron.network object s_rally_48d18eff_wgwzkIpk (6374f1c9-658f-4ba3-8476-793426d4c5f6)
2019-07-30 21:41:30.498 22699 RALLYDEBUG rally_openstack.cleanup.manager [-] Deleting neutron.network object s_rally_48d18eff_PKSYhYsR (67dac5ef-6b9a-45d0-9a90-9347515e24ce)
2019-07-30 21:41:30.552 22699 RALLYDEBUG rally_openstack.cleanup.manager [-] Deleting neutron.network object s_rally_48d18eff_FxoLZYKr (67f61d8b-c357-45dd-98cd-1ac094ababcf)
2019-07-30 21:41:30.664 22699 RALLYDEBUG rally_openstack.cleanup.manager [-] Deleting neutron.network object s_rally_48d18eff_YtZ9JbFJ (69771084-53eb-473c-bece-bc7553287b78)
2019-07-30 21:41:30.823 22699 RALLYDEBUG rally_openstack.cleanup.manager [-] Deleting neutron.network object s_rally_48d18eff_7zyVlJ9E (69bff8bf-4698-4439-9a38-4c20a8924b8e)
2019-07-30 21:41:30.930 22699 RALLYDEBUG rally_openstack.cleanup.manager [-] Deleting neutron.network object s_rally_48d18eff_fYyUzPA8 (72cdea0d-6cd4-4d0a-b537-1f88ff422f20)
2019-07-30 21:41:30.955 22699 RALLYDEBUG rally_openstack.cleanup.manager [-] Deleting neutron.network object s_rally_48d18eff_InubBKhI (77af5214-c7b6-4809-a6c2-c3d3c79b8596)
2019-07-30 21:41:31.580 22699 RALLYDEBUG rally_openstack.cleanup.manager [-] Deleting neutron.network object s_rally_48d18eff_WvPm9CGp (84bc4333-c51f-416b-bdc5-779337c5f62c)
2019-07-30 21:41:31.734 22699 RALLYDEBUG rally_openstack.cleanup.manager [-] Deleting neutron.network object s_rally_48d18eff_QQESckJD (85f893fa-7043-4b19-8dde-9516a621e09d)
2019-07-30 21:41:31.968 22699 RALLYDEBUG rally_openstack.cleanup.manager [-] Deleting neutron.network object s_rally_48d18eff_mafFteFf (873c22ae-4562-4cc3-9d1b-713266c2d314)
2019-07-30 21:41:32.049 22699 RALLYDEBUG rally_openstack.cleanup.manager [-] Deleting neutron.network object s_rally_48d18eff_39q7o1Pe (8b1c121f-ba97-4b39-8be4-e6693b89337d)
2019-07-30 21:41:32.081 22699 RALLYDEBUG rally_openstack.cleanup.manager [-] Deleting neutron.network object s_rally_48d18eff_WbUZB4Ek (9169f72e-a983-4504-b58a-7e20b415984c)
2019-07-30 21:41:32.237 22699 RALLYDEBUG rally_openstack.cleanup.manager [-] Deleting neutron.network object s_rally_48d18eff_3S8gihvq (924b8c9d-820e-4d85-a5dc-56f6fca61232)
2019-07-30 21:41:32.393 22699 RALLYDEBUG rally_openstack.cleanup.manager [-] Deleting neutron.network object s_rally_48d18eff_nVeE3rpj (945bffb0-ba9d-4ace-8f2b-b770319515cc)
2019-07-30 21:41:32.449 22699 RALLYDEBUG rally_openstack.cleanup.manager [-] Deleting neutron.network object s_rally_48d18eff_5HHEG8tp (959f889a-acbe-4986-bd30-33565e781bc7)
2019-07-30 21:41:32.680 22699 RALLYDEBUG rally_openstack.cleanup.manager [-] Deleting neutron.network object s_rally_48d18eff_QI0ltRFF (96890b11-6b1d-4119-8022-440a968ae171)
2019-07-30 21:41:32.707 22699 RALLYDEBUG rally_openstack.cleanup.manager [-] Deleting neutron.network object s_rally_48d18eff_xiLeMt7R (9839cb52-d96d-452d-a6f2-2d6e060110a0)
2019-07-30 21:41:33.055 22699 RALLYDEBUG rally_openstack.cleanup.manager [-] Deleting neutron.network object s_rally_48d18eff_IMLXsGPi (9c3ce2d9-eee1-4f26-9991-3c4d581e6927)
2019-07-30 21:41:33.136 22699 RALLYDEBUG rally_openstack.cleanup.manager [-] Deleting neutron.network object s_rally_48d18eff_ceBzhTy0 (a07bee0b-bce5-4535-9d0b-5ecedef03cb1)
2019-07-30 21:41:33.137 22699 RALLYDEBUG rally_openstack.cleanup.manager [-] Deleting neutron.network object s_rally_48d18eff_mfXwNAah (9eb9b139-e623-482f-8442-32252b6a820b)
2019-07-30 21:41:33.143 22699 RALLYDEBUG rally_openstack.cleanup.manager [-] Deleting neutron.network object s_rally_48d18eff_DVxWpX21 (a41c850e-bcdb-4146-937e-70cc4f6a31f0)
2019-07-30 21:41:33.224 22699 RALLYDEBUG rally_openstack.cleanup.manager [-] Deleting neutron.network object s_rally_48d18eff_Es9aQEZ0 (a56c004b-9836-41bf-bb3f-6c3c6605b57d)
2019-07-30 21:41:33.246 22699 RALLYDEBUG rally_openstack.cleanup.manager [-] Deleting neutron.network object s_rally_48d18eff_GcJ1ZlFg (a72cb4d2-1e71-4d00-beb2-eadeb60d5020)
2019-07-30 21:41:33.607 22699 RALLYDEBUG rally_openstack.cleanup.manager [-] Deleting neutron.network object s_rally_48d18eff_MueXV6KR (a8f767fb-1f60-416d-b198-9f3ccb1aaa6e)
2019-07-30 21:41:33.692 22699 RALLYDEBUG rally_openstack.cleanup.manager [-] Deleting neutron.network object s_rally_48d18eff_qQMt3otC (a8fc6e62-5023-4cd6-9b8b-7be7fc12f095)
2019-07-30 21:41:33.990 22699 RALLYDEBUG rally_openstack.cleanup.manager [-] Deleting neutron.network object s_rally_48d18eff_cSPAaH4d (ab235b3b-9a00-4608-8739-0fa979f19320)
2019-07-30 21:41:34.398 22699 RALLYDEBUG rally_openstack.cleanup.manager [-] Deleting neutron.network object s_rally_48d18eff_M4aCqNOh (ac3ef29b-8e83-4bb5-beb3-9a349058fcd6)
2019-07-30 21:41:34.439 22699 RALLYDEBUG rally_openstack.cleanup.manager [-] Deleting neutron.network object s_rally_48d18eff_eVsgJTqn (aeaa68e2-829a-4efa-86d4-c577030640c5)
2019-07-30 21:41:34.451 22699 RALLYDEBUG rally_openstack.cleanup.manager [-] Deleting neutron.network object s_rally_48d18eff_3OMPkWHm (b293a6f0-3e91-4cce-98e1-419a09e8fe46)
2019-07-30 21:41:34.597 22699 RALLYDEBUG rally_openstack.cleanup.manager [-] Deleting neutron.network object s_rally_48d18eff_xCM9AAaP (b32435bf-e9cc-472f-b559-932c153f561b)
2019-07-30 21:41:34.679 22699 RALLYDEBUG rally_openstack.cleanup.manager [-] Deleting neutron.network object s_rally_48d18eff_Tz4u9hWb (b7175265-9d97-4d02-a544-066042369c42)
2019-07-30 21:41:34.779 22699 RALLYDEBUG rally_openstack.cleanup.manager [-] Deleting neutron.network object s_rally_48d18eff_BDfemzns (bd7b2cbe-b3da-4819-aa70-340a3b0be722)
2019-07-30 21:41:34.923 22699 RALLYDEBUG rally_openstack.cleanup.manager [-] Deleting neutron.network object s_rally_48d18eff_RQoXZ6OB (c0442e33-5f1e-470c-a676-6ae97373422e)
2019-07-30 21:41:35.137 22699 RALLYDEBUG rally_openstack.cleanup.manager [-] Deleting neutron.network object s_rally_48d18eff_JP5l6xjW (c2ebee34-42e2-4a61-be6f-4359fe393725)
2019-07-30 21:41:35.190 22699 RALLYDEBUG rally_openstack.cleanup.manager [-] Deleting neutron.network object s_rally_48d18eff_PLN7vTGB (c987db90-60ce-4932-a0b1-9fcbe77fc3f7)
2019-07-30 21:41:35.297 22699 RALLYDEBUG rally_openstack.cleanup.manager [-] Deleting neutron.network object s_rally_48d18eff_vkqImwBL (d41d124c-a588-4e9c-ae36-c9263be53ac0)
2019-07-30 21:41:35.441 22699 RALLYDEBUG rally_openstack.cleanup.manager [-] Deleting neutron.network object s_rally_48d18eff_JvwtEocr (d619a0ec-be83-4b4d-a0ef-3533b807c53e)
2019-07-30 21:41:35.665 22699 RALLYDEBUG rally_openstack.cleanup.manager [-] Deleting neutron.network object s_rally_48d18eff_hop5yPyD (d692f269-37b2-4852-861a-13afccd6fdc6)
2019-07-30 21:41:35.683 22699 RALLYDEBUG rally_openstack.cleanup.manager [-] Deleting neutron.network object s_rally_48d18eff_KIQ0dLeI (d7d80237-6a9a-4d57-bcca-100823dbd117)
2019-07-30 21:41:35.747 22699 RALLYDEBUG rally_openstack.cleanup.manager [-] Deleting neutron.network object s_rally_48d18eff_De0BGBDT (d8178efc-844e-4d1f-b24d-61d08be04ae4)
2019-07-30 21:41:35.759 22699 RALLYDEBUG rally_openstack.cleanup.manager [-] Deleting neutron.network object s_rally_48d18eff_evgLQ806 (da04aa96-457a-4b51-8d90-715793bef17b)
2019-07-30 21:41:35.971 22699 RALLYDEBUG rally_openstack.cleanup.manager [-] Deleting neutron.network object s_rally_48d18eff_U6ZYMt4u (da291fff-033c-4374-872f-f4223a34bf30)
2019-07-30 21:41:36.004 22699 RALLYDEBUG rally_openstack.cleanup.manager [-] Deleting neutron.network object s_rally_48d18eff_VopSYe4H (dd5257be-cd4d-481c-904b-6bc1e20729a1)
2019-07-30 21:41:36.093 22699 RALLYDEBUG rally_openstack.cleanup.manager [-] Deleting neutron.network object s_rally_48d18eff_aDPY8ymz (df70fb79-b609-45a8-952b-4e7cf3b4e13f)
2019-07-30 21:41:36.360 22699 RALLYDEBUG rally_openstack.cleanup.manager [-] Deleting neutron.network object s_rally_48d18eff_UKePxhpT (e1990dc5-39f7-45a0-9bc9-6511f8cd5a9a)
2019-07-30 21:41:36.532 22699 RALLYDEBUG rally_openstack.cleanup.manager [-] Deleting neutron.network object s_rally_48d18eff_iONrtLo2 (e5902115-61d6-4ad4-88c7-843f527c2fc2)
2019-07-30 21:41:36.979 22699 RALLYDEBUG rally_openstack.cleanup.manager [-] Deleting neutron.network object s_rally_48d18eff_gngILcP3 (e6356297-d2b7-4fa7-8a7e-3c3e981c0b46)
2019-07-30 21:41:37.176 22699 RALLYDEBUG rally_openstack.cleanup.manager [-] Deleting neutron.network object s_rally_48d18eff_FQk2sLHV (e682ac2d-fa6e-4f74-9d89-7418c975b916)
2019-07-30 21:41:37.304 22699 RALLYDEBUG rally_openstack.cleanup.manager [-] Deleting neutron.network object s_rally_48d18eff_8DgnmvgX (e8462816-d34d-4310-aabb-d96a15cdff9c)
2019-07-30 21:41:37.357 22699 RALLYDEBUG rally_openstack.cleanup.manager [-] Deleting neutron.network object s_rally_48d18eff_EU6XS0tR (e8d200e3-7ac3-4813-bc37-5f7b0f0c7564)
2019-07-30 21:41:37.421 22699 RALLYDEBUG rally_openstack.cleanup.manager [-] Deleting neutron.network object s_rally_48d18eff_BpkIjHFx (e966a7a8-d9be-494e-8404-b255aef21881)
