2019-07-30 21:59:17.243 22699 RALLYDEBUG rally_openstack.cleanup.manager [-] Deleting neutron.port object s_rally_c67fb96e_yQie2Ake (d7ea8675-f977-4dae-b0db-9dfda5ee5be9)
2019-07-30 21:59:17.289 22699 RALLYDEBUG rally_openstack.cleanup.manager [-] Deleting neutron.port object s_rally_c67fb96e_OzNZy87D (d8d561de-91fe-4c75-8e1a-561291c8fcc2)
2019-07-30 21:59:17.290 22699 RALLYDEBUG rally_openstack.cleanup.manager [-] Deleting neutron.port object s_rally_c67fb96e_PdXLJApU (da88cc4a-92ba-47ea-bf2f-f1610b2a2914)
2019-07-30 21:59:17.326 22699 RALLYDEBUG rally_openstack.cleanup.manager [-] Deleting neutron.port object s_rally_c67fb96e_e9liQaaX (dbb29711-2241-4e1f-a5cd-02ecda7bd65c)
2019-07-30 21:59:17.411 22699 RALLYDEBUG rally_openstack.cleanup.manager [-] Deleting neutron.port object s_rally_c67fb96e_XC3Odlv4 (dbd50401-bcae-4331-98f4-13fd75da696e)
2019-07-30 21:59:17.442 22699 RALLYDEBUG rally_openstack.cleanup.manager [-] Deleting neutron.port object s_rally_c67fb96e_f9GDZ3vm (dee5ef2b-d25d-464f-a71c-bd895aa358be)
2019-07-30 21:59:17.748 22699 RALLYDEBUG rally_openstack.cleanup.manager [-] Deleting neutron.port object s_rally_c67fb96e_qLqjsyCH (dfd3deeb-4658-4dca-b86e-cbe87e145ea7)
2019-07-30 21:59:17.893 22699 RALLYDEBUG rally_openstack.cleanup.manager [-] Deleting neutron.port object s_rally_c67fb96e_5RPaQGMA (e06a8a02-0350-4f5d-bbc6-0560402044c7)
2019-07-30 21:59:17.915 22699 RALLYDEBUG rally_openstack.cleanup.manager [-] Deleting neutron.port object s_rally_c67fb96e_HO0EuXYN (e0ab0e5c-819f-4adf-97cb-cd4a4d586ae7)
2019-07-30 21:59:17.933 22699 RALLYDEBUG rally_openstack.cleanup.manager [-] Deleting neutron.port object s_rally_c67fb96e_HgbhSjnV (e17e49cc-c5ad-4505-839b-7230384fb7fc)
2019-07-30 21:59:18.041 22699 RALLYDEBUG rally_openstack.cleanup.manager [-] Deleting neutron.port object s_rally_c67fb96e_lbubYHp5 (e2bb2cff-2b62-49ca-a55d-0d93ee0ac80d)
2019-07-30 21:59:18.460 22699 RALLYDEBUG rally_openstack.cleanup.manager [-] Deleting neutron.port object s_rally_c67fb96e_kllxChdt (e3107d44-9e8f-4aee-a9a5-396ae0c928b6)
2019-07-30 21:59:18.585 22699 RALLYDEBUG rally_openstack.cleanup.manager [-] Deleting neutron.port object s_rally_c67fb96e_OkXHO4QE (e3692edb-5db1-4769-befa-ad9e3dcf4015)
2019-07-30 21:59:18.655 22699 RALLYDEBUG rally_openstack.cleanup.manager [-] Deleting neutron.port object s_rally_c67fb96e_m6TYybFs (e47a4fe4-7909-47de-a53b-7d61372b6e08)
2019-07-30 21:59:18.679 22699 RALLYDEBUG rally_openstack.cleanup.manager [-] Deleting neutron.port object s_rally_c67fb96e_DgQwmqEc (e4f7f024-74d6-40ce-aa26-2c8ef6217f1d)
2019-07-30 21:59:18.990 22699 RALLYDEBUG rally_openstack.cleanup.manager [-] Deleting neutron.port object s_rally_c67fb96e_87qDgd1j (e582a104-5c76-4928-86f9-33498d887cc9)
2019-07-30 21:59:19.391 22699 RALLYDEBUG rally_openstack.cleanup.manager [-] Deleting neutron.port object s_rally_c67fb96e_Os7sD5FA (e5a608d6-e740-477b-af17-2ca09564e854)
2019-07-30 21:59:19.586 22699 RALLYDEBUG rally_openstack.cleanup.manager [-] Deleting neutron.port object s_rally_c67fb96e_7kQANvly (e614dd58-9158-4d5e-a58b-a60ac6e3b964)
2019-07-30 21:59:19.665 22699 RALLYDEBUG rally_openstack.cleanup.manager [-] Deleting neutron.port object s_rally_c67fb96e_HsREpaab (e632ad7b-5bc0-41b5-9bdf-87c8fcc4c5e6)
2019-07-30 21:59:19.672 22699 RALLYDEBUG rally_openstack.cleanup.manager [-] Deleting neutron.port object s_rally_c67fb96e_jrlJVOjZ (e640688e-1e06-4d21-9492-072e0b02f2ed)
2019-07-30 21:59:19.702 22699 RALLYDEBUG rally_openstack.cleanup.manager [-] Deleting neutron.port object s_rally_c67fb96e_TrbkCtKd (e66c9cdd-7dad-4bb0-8654-167ac3db12af)
2019-07-30 21:59:19.714 22699 RALLYDEBUG rally_openstack.cleanup.manager [-] Deleting neutron.port object s_rally_c67fb96e_ixTkAm5A (e697423a-4d2d-4176-80eb-796792694904)
2019-07-30 21:59:19.810 22699 RALLYDEBUG rally_openstack.cleanup.manager [-] Deleting neutron.port object s_rally_c67fb96e_Ckrifv3S (e70de9bc-bebb-4357-972c-43f585e45661)
2019-07-30 21:59:19.896 22699 RALLYDEBUG rally_openstack.cleanup.manager [-] Deleting neutron.port object s_rally_c67fb96e_G4xiQS2h (e7a8c855-d267-47dd-b7c8-d24b9f5499b9)
2019-07-30 21:59:19.984 22699 RALLYDEBUG rally_openstack.cleanup.manager [-] Deleting neutron.port object s_rally_c67fb96e_Vsyg6v5d (e7d6f21c-fcf5-4a6b-b78d-28d12fd2d495)
2019-07-30 21:59:20.037 22699 RALLYDEBUG rally_openstack.cleanup.manager [-] Deleting neutron.port object s_rally_c67fb96e_GLDqakeq (e944f94a-3676-416e-9e0e-04aee4d5d284)
2019-07-30 21:59:20.277 22699 RALLYDEBUG rally_openstack.cleanup.manager [-] Deleting neutron.port object s_rally_c67fb96e_UskhW9SH (e94b4f5e-f0b9-4900-b486-cddc0b27546f)
2019-07-30 21:59:20.293 22699 RALLYDEBUG rally_openstack.cleanup.manager [-] Deleting neutron.port object s_rally_c67fb96e_3xqNoYoU (eb2207b6-84a1-4566-a4f2-c30c13ae174a)
2019-07-30 21:59:20.322 22699 RALLYDEBUG rally_openstack.cleanup.manager [-] Deleting neutron.port object s_rally_c67fb96e_AbuucoKX (ebcd78c9-565e-43bf-a321-e42f7b339475)
2019-07-30 21:59:20.390 22699 RALLYDEBUG rally_openstack.cleanup.manager [-] Deleting neutron.port object s_rally_c67fb96e_KXjFO0dt (ec4ba371-9e84-4549-9ee1-25ece335b6c0)
2019-07-30 21:59:20.647 22699 RALLYDEBUG rally_openstack.cleanup.manager [-] Deleting neutron.port object s_rally_c67fb96e_vbwp4FbA (eccef0b0-0881-4f3d-803b-cfc084f626fe)
2019-07-30 21:59:20.715 22699 RALLYDEBUG rally_openstack.cleanup.manager [-] Deleting neutron.port object s_rally_c67fb96e_ITUdUMzP (ecdfd2ed-e0b2-4e44-b3fc-f4e748db4c17)
2019-07-30 21:59:20.869 22699 RALLYDEBUG rally_openstack.cleanup.manager [-] Deleting neutron.port object s_rally_c67fb96e_yfU61Aaq (ee0d3ef7-d9f3-4df5-a88d-237a56653ea6)
2019-07-30 21:59:20.926 22699 RALLYDEBUG rally_openstack.cleanup.manager [-] Deleting neutron.port object s_rally_c67fb96e_dpHHZWP1 (ee451b31-f9be-43c6-ae37-a4f30c5c5f09)
2019-07-30 21:59:21.241 22699 RALLYDEBUG rally_openstack.cleanup.manager [-] Deleting neutron.port object s_rally_c67fb96e_GAk4NEon (eeec6604-8f77-428d-9d0c-9c9287ca0ef6)
2019-07-30 21:59:21.252 22699 RALLYDEBUG rally_openstack.cleanup.manager [-] Deleting neutron.port object s_rally_c67fb96e_FCn0VtrD (eefa2462-2868-4f12-8669-745ed4011494)
2019-07-30 21:59:21.526 22699 RALLYDEBUG rally_openstack.cleanup.manager [-] Deleting neutron.port object s_rally_c67fb96e_UcaFo0em (f10c9440-b1f0-4f76-ae03-2966e8729000)
2019-07-30 21:59:21.884 22699 RALLYDEBUG rally_openstack.cleanup.manager [-] Deleting neutron.port object s_rally_c67fb96e_Bjvb2uqM (f1f1cde8-2e4e-4fc3-ba76-c1e328c9a805)
2019-07-30 21:59:22.061 22699 RALLYDEBUG rally_openstack.cleanup.manager [-] Deleting neutron.port object s_rally_c67fb96e_QQoQtm7Y (f24d487c-afe9-400a-8972-d03ce965c7fe)
2019-07-30 21:59:22.141 22699 RALLYDEBUG rally_openstack.cleanup.manager [-] Deleting neutron.port object s_rally_c67fb96e_WYPl0nVD (f28a4696-0ba4-4408-8471-32396cff5b36)
2019-07-30 21:59:22.166 22699 RALLYDEBUG rally_openstack.cleanup.manager [-] Deleting neutron.port object s_rally_c67fb96e_7WTx3dcB (f460f591-00b7-4364-808b-3744581b2807)
2019-07-30 21:59:22.247 22699 RALLYDEBUG rally_openstack.cleanup.manager [-] Deleting neutron.port object s_rally_c67fb96e_akWX1xZp (f4a7f80d-ff50-4b71-9486-5e05ecf740db)
2019-07-30 21:59:22.421 22699 RALLYDEBUG rally_openstack.cleanup.manager [-] Deleting neutron.port object s_rally_c67fb96e_c7UeUTYq (f5101206-8788-4bc4-afb9-d2705b55af7d)
2019-07-30 21:59:22.477 22699 RALLYDEBUG rally_openstack.cleanup.manager [-] Deleting neutron.port object s_rally_c67fb96e_8YUr67NQ (f683ca73-b5e5-4964-95f1-984a9142cfcf)
2019-07-30 21:59:22.480 22699 RALLYDEBUG rally_openstack.cleanup.manager [-] Deleting neutron.port object s_rally_c67fb96e_WvirmQah (f7d3b645-29b6-4b3e-9556-2a211104b358)
2019-07-30 21:59:22.535 22699 RALLYDEBUG rally_openstack.cleanup.manager [-] Deleting neutron.port object s_rally_c67fb96e_qwl2ZoOn (f7f0067a-28b0-41ca-a7f2-2cc334eccce3)
2019-07-30 21:59:22.700 22699 RALLYDEBUG rally_openstack.cleanup.manager [-] Deleting neutron.port object s_rally_c67fb96e_ItYVsRcA (f7f76d25-6d2d-42c2-af4c-7f63a4d83346)
2019-07-30 21:59:22.739 22699 RALLYDEBUG rally_openstack.cleanup.manager [-] Deleting neutron.port object s_rally_c67fb96e_NzEs3yqu (f84fa704-4ec7-417b-86be-8336eb5fad44)
2019-07-30 21:59:22.959 22699 RALLYDEBUG rally_openstack.cleanup.manager [-] Deleting neutron.port object s_rally_c67fb96e_kQnH8WLU (f858dab6-1333-4b9f-8605-650cf64e22a3)
2019-07-30 21:59:23.134 22699 RALLYDEBUG rally_openstack.cleanup.manager [-] Deleting neutron.port object s_rally_c67fb96e_cGAYo2sF (f85aff11-2efa-4dd5-9b45-ee7638f7641d)
2019-07-30 21:59:23.149 22699 RALLYDEBUG rally_openstack.cleanup.manager [-] Deleting neutron.port object s_rally_c67fb96e_UWnB9RyZ (fa80e918-1a9d-4951-81cd-0797db52060b)
2019-07-30 21:59:23.319 22699 RALLYDEBUG rally_openstack.cleanup.manager [-] Deleting neutron.port object s_rally_c67fb96e_FIFU7mUm (fb2f2d9a-6d24-43a2-9ecf-f20d8c1a6e5a)
2019-07-30 21:59:23.320 22699 RALLYDEBUG rally_openstack.cleanup.manager [-] Deleting neutron.port object s_rally_c67fb96e_s9bs5lQK (fb23abce-81ff-4150-9584-89180487da7a)
2019-07-30 21:59:23.418 22699 RALLYDEBUG rally_openstack.cleanup.manager [-] Deleting neutron.port object s_rally_c67fb96e_CJ5kJZ8P (fb48277f-9976-4a93-81dc-821efe3e3004)
2019-07-30 21:59:23.519 22699 RALLYDEBUG rally_openstack.cleanup.manager [-] Deleting neutron.port object s_rally_c67fb96e_OpATVgY1 (fb6aa47f-c6f6-4685-bd72-ccdb0b5ce504)
2019-07-30 21:59:23.818 22699 RALLYDEBUG rally_openstack.cleanup.manager [-] Deleting neutron.port object s_rally_c67fb96e_xdQ97U1p (fba48b82-3061-4957-8171-8f87c2922c0e)
2019-07-30 21:59:23.822 22699 RALLYDEBUG rally_openstack.cleanup.manager [-] Deleting neutron.port object s_rally_c67fb96e_HwROOe09 (fc2ab419-c901-477e-a390-d3797f331585)
2019-07-30 21:59:24.350 22699 RALLYDEBUG rally_openstack.cleanup.manager [-] Deleting neutron.port object s_rally_c67fb96e_LKkC9lON (fe4601a5-689b-426c-8120-3e94515c8634)
2019-07-30 21:59:24.351 22699 RALLYDEBUG rally_openstack.cleanup.manager [-] Deleting neutron.port object s_rally_c67fb96e_s3ch1rnJ (fcc47b8c-2dea-44d2-89d9-12e9b96580b8)
2019-07-30 21:59:24.410 22699 RALLYDEBUG rally_openstack.cleanup.manager [-] Deleting neutron.port object s_rally_c67fb96e_FHO15QEY (fe8c6084-6cd7-48ae-aab6-a432498876a9)
2019-07-30 21:59:24.507 22699 RALLYDEBUG rally_openstack.cleanup.manager [-] Deleting neutron.port object s_rally_c67fb96e_23Ualcxd (ff6d9a04-b051-4958-9229-b89ba194bcd9)
2019-07-30 21:59:24.571 22699 RALLYDEBUG rally_openstack.cleanup.manager [-] Deleting neutron.port object s_rally_c67fb96e_PlmRoyzI (ff839d23-87ec-4c40-924c-4bb05fa32fcc)
2019-07-30 21:59:27.035 22699 RALLYDEBUG rally_openstack.cleanup.manager [-] Cleaning up neutron subnet objects
2019-07-30 21:59:27.810 22699 RALLYDEBUG rally_openstack.cleanup.manager [-] Cleaning up neutron network objects
2019-07-30 21:59:28.547 22699 RALLYDEBUG rally_openstack.cleanup.manager [-] Deleting neutron.network object s_rally_c67fb96e_m9soeTCd (159ade77-14e5-4878-bfce-d11b193412de)
2019-07-30 21:59:28.551 22699 RALLYDEBUG rally_openstack.cleanup.manager [-] Deleting neutron.network object s_rally_c67fb96e_b2hFxm2z (83b3cd24-68d6-4a6b-8972-f529213d1c47)
2019-07-30 21:59:28.562 22699 RALLYDEBUG rally_openstack.cleanup.manager [-] Deleting neutron.network object s_rally_c67fb96e_hCIugntk (9c4e2cee-c252-4e1e-99c3-ea4b447cd943)
2019-07-30 21:59:28.563 22699 RALLYDEBUG rally_openstack.cleanup.manager [-] Deleting neutron.network object s_rally_c67fb96e_YM3HoovU (86d30f7b-090e-43ce-b516-ffd749627e9f)
2019-07-30 21:59:28.576 22699 RALLYDEBUG rally_openstack.cleanup.manager [-] Deleting neutron.network object s_rally_c67fb96e_K4mdSbE3 (9d02f46a-07b6-4bcc-99a1-ae0b56894c1c)
2019-07-30 21:59:28.584 22699 RALLYDEBUG rally_openstack.cleanup.manager [-] Deleting neutron.network object s_rally_c67fb96e_AVZw2vRj (d872fe32-54ac-48b4-88a0-0c1726503098)
2019-07-30 21:59:28.593 22699 RALLYDEBUG rally_openstack.cleanup.manager [-] Deleting neutron.network object s_rally_c67fb96e_InR8K3Ug (c0214f7e-f461-4ba1-a6f4-d6ef9d94cc05)
2019-07-30 21:59:28.600 22699 RALLYDEBUG rally_openstack.cleanup.manager [-] Deleting neutron.network object s_rally_c67fb96e_7fhHntml (efb0811b-cc89-4807-9860-ae6603bc479c)
2019-07-30 21:59:31.810 22699 RALLYDEBUG rally_openstack.cleanup.manager [-] Cleaning up neutron router objects
2019-07-30 21:59:32.617 22699 RALLYDEBUG rally_openstack.cleanup.manager [-] Cleaning up neutron security_group objects
2019-07-30 21:59:33.437 22699 INFO rally.task.context [-] Task a48492f3-680e-49d6-9335-02c49a14a0e0 | Context cleanup@openstack cleanup() finished in 1.05 min
2019-07-30 21:59:33.438 22699 INFO rally.task.context [-] Task a48492f3-680e-49d6-9335-02c49a14a0e0 | Context quotas@openstack cleanup() started
2019-07-30 21:59:33.756 22699 INFO rally.task.context [-] Task a48492f3-680e-49d6-9335-02c49a14a0e0 | Context quotas@openstack cleanup() finished in 0.32 sec
2019-07-30 21:59:33.756 22699 INFO rally.task.context [-] Task a48492f3-680e-49d6-9335-02c49a14a0e0 | Context users@openstack cleanup() started
2019-07-30 21:59:38.824 22699 INFO rally.task.context [-] Task a48492f3-680e-49d6-9335-02c49a14a0e0 | Context users@openstack cleanup() finished in 5.07 sec
2019-07-30 21:59:39.707 22699 INFO rally.task.engine [-] Load duration is: 93.554057
2019-07-30 21:59:39.708 22699 INFO rally.task.engine [-] Full runner duration is: 93.596958
2019-07-30 21:59:39.708 22699 INFO rally.task.engine [-] Full duration is: 167.777148
2019-07-30 21:59:39.896 22699 INFO rally.task.engine [-] Running workload: position = 1 config = { "version": 2, "title": "A cropped version of a bigger task.", "description": "Auto-generated task from a single workload (uuid=6732a56e-d3e1-4b7a-8caa-5419c690cbe9)", "subtasks": [ { "title": "NeutronNetworks.create_and_update_ports", "description": "Create and update a given number of ports.", "scenario": { "NeutronNetworks.create_and_update_ports": { "network_create_args": {}, "port_create_args": {}, "ports_per_network": 5, "port_update_args": { "admin_state_up": false, "device_id": "dummy_id", "device_owner": "dummy_owner", "name": "_port_updated" } } }, "contexts": { "users": { "tenants": 1, "users_per_tenant": 1 }, "quotas": { "neutron": { "network": -1, "port": -1 } } }, "runner": { "constant": { "times": 40, "concurrency": 20 } }, "hooks": [], "sla": { "failure_rate": { "max": 0 } } } ] }
2019-07-30 21:59:39.921 22699 RALLYDEBUG rally_openstack.contexts.keystone.users [-] Creating 1 tenants using 20 threads
2019-07-30 21:59:41.831 22699 RALLYDEBUG rally_openstack.contexts.keystone.users [-] Creating 1 users using 20 threads
2019-07-30 21:59:44.672 22699 INFO rally.task.context [-] Task a48492f3-680e-49d6-9335-02c49a14a0e0 | Context users@openstack setup() finished in 4.75 sec
2019-07-30 21:59:45.431 22699 INFO rally.task.context [-] Task a48492f3-680e-49d6-9335-02c49a14a0e0 | Context quotas@openstack setup() finished in 0.76 sec
2019-07-30 21:59:45.432 22699 INFO rally.task.context [-] Task a48492f3-680e-49d6-9335-02c49a14a0e0 | Context cleanup@openstack setup() finished in 0.00 msec
2019-07-30 21:59:45.441 22699 RALLYDEBUG rally.task.runner [-] Starting the constant runner (task UUID: a48492f3-680e-49d6-9335-02c49a14a0e0). timeout: 0 concurrency: 20 concurrency_per_worker: 1 times: 40 concurrency_overhead: 4 processes_to_start: 16 max_cpu_used: 16
2019-07-30 21:59:45.453 26575 RALLYDEBUG rally.task.runner [-] Starting a worker. concurrency: 2 args: {"network_create_args": {}, "port_create_args": {}, "ports_per_network": 5, "port_update_args": {"admin_state_up": false, "device_id": "dummy_id", "device_owner": "dummy_owner", "name": "_port_updated"}} times: 40 method_name: run timeout: 0 duration: None cls:
2019-07-30 21:59:45.457 26576 RALLYDEBUG rally.task.runner [-] Starting a worker. concurrency: 2 args: {"network_create_args": {}, "port_create_args": {}, "ports_per_network": 5, "port_update_args": {"admin_state_up": false, "device_id": "dummy_id", "device_owner": "dummy_owner", "name": "_port_updated"}} times: 40 method_name: run timeout: 0 duration: None cls:
2019-07-30 21:59:45.459 26577 RALLYDEBUG rally.task.runner [-] Starting a worker. concurrency: 2 args: {"network_create_args": {}, "port_create_args": {}, "ports_per_network": 5, "port_update_args": {"admin_state_up": false, "device_id": "dummy_id", "device_owner": "dummy_owner", "name": "_port_updated"}} times: 40 method_name: run timeout: 0 duration: None cls:
2019-07-30 21:59:45.461 26578 RALLYDEBUG rally.task.runner [-] Starting a worker. concurrency: 2 args: {"network_create_args": {}, "port_create_args": {}, "ports_per_network": 5, "port_update_args": {"admin_state_up": false, "device_id": "dummy_id", "device_owner": "dummy_owner", "name": "_port_updated"}} times: 40 method_name: run timeout: 0 duration: None cls:
2019-07-30 21:59:45.463 26575 INFO rally.task.runner [-] Task a48492f3-680e-49d6-9335-02c49a14a0e0 | ITER: 2 START
2019-07-30 21:59:45.464 26575 INFO rally.task.runner [-] Task a48492f3-680e-49d6-9335-02c49a14a0e0 | ITER: 1 START
2019-07-30 21:59:45.465 26580 RALLYDEBUG rally.task.runner [-] Starting a worker. concurrency: 1 args: {"network_create_args": {}, "port_create_args": {}, "ports_per_network": 5, "port_update_args": {"admin_state_up": false, "device_id": "dummy_id", "device_owner": "dummy_owner", "name": "_port_updated"}} times: 40 method_name: run timeout: 0 duration: None cls:
2019-07-30 21:59:45.466 26575 WARNING rally_openstack.scenarios.neutron.utils [-] Running this scenario without either the 'network' or 'existing_network' context is deprecated
2019-07-30 21:59:45.465 26576 INFO rally.task.runner [-] Task a48492f3-680e-49d6-9335-02c49a14a0e0 | ITER: 3 START
2019-07-30 21:59:45.469 26578 INFO rally.task.runner [-] Task a48492f3-680e-49d6-9335-02c49a14a0e0 | ITER: 6 START
2019-07-30 21:59:45.469 26577 INFO rally.task.runner [-] Task a48492f3-680e-49d6-9335-02c49a14a0e0 | ITER: 4 START
2019-07-30 21:59:45.469 26576 WARNING rally_openstack.scenarios.neutron.utils [-] Running this scenario without either the 'network' or 'existing_network' context is deprecated
2019-07-30 21:59:45.469 26584 RALLYDEBUG rally.task.runner [-] Starting a worker. concurrency: 1 args: {"network_create_args": {}, "port_create_args": {}, "ports_per_network": 5, "port_update_args": {"admin_state_up": false, "device_id": "dummy_id", "device_owner": "dummy_owner", "name": "_port_updated"}} times: 40 method_name: run timeout: 0 duration: None cls:
2019-07-30 21:59:45.471 26578 WARNING rally_openstack.scenarios.neutron.utils [-] Running this scenario without either the 'network' or 'existing_network' context is deprecated
2019-07-30 21:59:45.471 26577 WARNING rally_openstack.scenarios.neutron.utils [-] Running this scenario without either the 'network' or 'existing_network' context is deprecated
2019-07-30 21:59:45.472 26580 INFO rally.task.runner [-] Task a48492f3-680e-49d6-9335-02c49a14a0e0 | ITER: 9 START
2019-07-30 21:59:45.474 26580 WARNING rally_openstack.scenarios.neutron.utils [-] Running this scenario without either the 'network' or 'existing_network' context is deprecated
2019-07-30 21:59:45.475 26589 RALLYDEBUG rally.task.runner [-] Starting a worker. concurrency: 1 args: {"network_create_args": {}, "port_create_args": {}, "ports_per_network": 5, "port_update_args": {"admin_state_up": false, "device_id": "dummy_id", "device_owner": "dummy_owner", "name": "_port_updated"}} times: 40 method_name: run timeout: 0 duration: None cls:
2019-07-30 21:59:45.477 26593 RALLYDEBUG rally.task.runner [-] Starting a worker. concurrency: 1 args: {"network_create_args": {}, "port_create_args": {}, "ports_per_network": 5, "port_update_args": {"admin_state_up": false, "device_id": "dummy_id", "device_owner": "dummy_owner", "name": "_port_updated"}} times: 40 method_name: run timeout: 0 duration: None cls:
2019-07-30 21:59:45.483 26576 INFO rally.task.runner [-] Task a48492f3-680e-49d6-9335-02c49a14a0e0 | ITER: 5 START
2019-07-30 21:59:45.483 26584 INFO rally.task.runner [-] Task a48492f3-680e-49d6-9335-02c49a14a0e0 | ITER: 10 START
2019-07-30 21:59:45.473 26577 INFO rally.task.runner [-] Task a48492f3-680e-49d6-9335-02c49a14a0e0 | ITER: 7 START
2019-07-30 21:59:45.484 26577 WARNING rally_openstack.scenarios.neutron.utils [-] Running this scenario without either the 'network' or 'existing_network' context is deprecated
2019-07-30 21:59:45.485 26589 INFO rally.task.runner [-] Task a48492f3-680e-49d6-9335-02c49a14a0e0 | ITER: 11 START
2019-07-30 21:59:45.485 26593 INFO rally.task.runner [-] Task a48492f3-680e-49d6-9335-02c49a14a0e0 | ITER: 12 START
2019-07-30 21:59:45.484 26596 RALLYDEBUG rally.task.runner [-] Starting a worker. concurrency: 1 args: {"network_create_args": {}, "port_create_args": {}, "ports_per_network": 5, "port_update_args": {"admin_state_up": false, "device_id": "dummy_id", "device_owner": "dummy_owner", "name": "_port_updated"}} times: 40 method_name: run timeout: 0 duration: None cls:
2019-07-30 21:59:45.486 26576 WARNING rally_openstack.scenarios.neutron.utils [-] Running this scenario without either the 'network' or 'existing_network' context is deprecated
2019-07-30 21:59:45.485 26584 WARNING rally_openstack.scenarios.neutron.utils [-] Running this scenario without either the 'network' or 'existing_network' context is deprecated
2019-07-30 21:59:45.486 26593 WARNING rally_openstack.scenarios.neutron.utils [-] Running this scenario without either the 'network' or 'existing_network' context is deprecated
2019-07-30 21:59:45.486 26589 WARNING rally_openstack.scenarios.neutron.utils [-] Running this scenario without either the 'network' or 'existing_network' context is deprecated
2019-07-30 21:59:45.467 26575 WARNING rally_openstack.scenarios.neutron.utils [-] Running this scenario without either the 'network' or 'existing_network' context is deprecated
2019-07-30 21:59:45.490 26578 INFO rally.task.runner [-] Task a48492f3-680e-49d6-9335-02c49a14a0e0 | ITER: 8 START
2019-07-30 21:59:45.491 26578 WARNING rally_openstack.scenarios.neutron.utils [-] Running this scenario without either the 'network' or 'existing_network' context is deprecated
2019-07-30 21:59:45.490 26598 RALLYDEBUG rally.task.runner [-] Starting a worker. concurrency: 1 args: {"network_create_args": {}, "port_create_args": {}, "ports_per_network": 5, "port_update_args": {"admin_state_up": false, "device_id": "dummy_id", "device_owner": "dummy_owner", "name": "_port_updated"}} times: 40 method_name: run timeout: 0 duration: None cls:
2019-07-30 21:59:45.491 26596 INFO rally.task.runner [-] Task a48492f3-680e-49d6-9335-02c49a14a0e0 | ITER: 13 START
2019-07-30 21:59:45.493 26606 RALLYDEBUG rally.task.runner [-] Starting a worker. concurrency: 1 args: {"network_create_args": {}, "port_create_args": {}, "ports_per_network": 5, "port_update_args": {"admin_state_up": false, "device_id": "dummy_id", "device_owner": "dummy_owner", "name": "_port_updated"}} times: 40 method_name: run timeout: 0 duration: None cls:
2019-07-30 21:59:45.495 26596 WARNING rally_openstack.scenarios.neutron.utils [-] Running this scenario without either the 'network' or 'existing_network' context is deprecated
2019-07-30 21:59:45.497 26598 INFO rally.task.runner [-] Task a48492f3-680e-49d6-9335-02c49a14a0e0 | ITER: 14 START
2019-07-30 21:59:45.498 26602 RALLYDEBUG rally.task.runner [-] Starting a worker. concurrency: 1 args: {"network_create_args": {}, "port_create_args": {}, "ports_per_network": 5, "port_update_args": {"admin_state_up": false, "device_id": "dummy_id", "device_owner": "dummy_owner", "name": "_port_updated"}} times: 40 method_name: run timeout: 0 duration: None cls:
2019-07-30 21:59:45.499 26598 WARNING rally_openstack.scenarios.neutron.utils [-] Running this scenario without either the 'network' or 'existing_network' context is deprecated
2019-07-30 21:59:45.498 26600 RALLYDEBUG rally.task.runner [-] Starting a worker. concurrency: 1 args: {"network_create_args": {}, "port_create_args": {}, "ports_per_network": 5, "port_update_args": {"admin_state_up": false, "device_id": "dummy_id", "device_owner": "dummy_owner", "name": "_port_updated"}} times: 40 method_name: run timeout: 0 duration: None cls:
2019-07-30 21:59:45.502 26610 RALLYDEBUG rally.task.runner [-] Starting a worker. concurrency: 1 args: {"network_create_args": {}, "port_create_args": {}, "ports_per_network": 5, "port_update_args": {"admin_state_up": false, "device_id": "dummy_id", "device_owner": "dummy_owner", "name": "_port_updated"}} times: 40 method_name: run timeout: 0 duration: None cls:
2019-07-30 21:59:45.504 26606 INFO rally.task.runner [-] Task a48492f3-680e-49d6-9335-02c49a14a0e0 | ITER: 15 START
2019-07-30 21:59:45.505 26606 WARNING rally_openstack.scenarios.neutron.utils [-] Running this scenario without either the 'network' or 'existing_network' context is deprecated
2019-07-30 21:59:45.508 26610 INFO rally.task.runner [-] Task a48492f3-680e-49d6-9335-02c49a14a0e0 | ITER: 18 START
2019-07-30 21:59:45.510 26610 WARNING rally_openstack.scenarios.neutron.utils [-] Running this scenario without either the 'network' or 'existing_network' context is deprecated
2019-07-30 21:59:45.512 26602 INFO rally.task.runner [-] Task a48492f3-680e-49d6-9335-02c49a14a0e0 | ITER: 16 START
2019-07-30 21:59:45.512 26618 RALLYDEBUG rally.task.runner [-] Starting a worker. concurrency: 1 args: {"network_create_args": {}, "port_create_args": {}, "ports_per_network": 5, "port_update_args": {"admin_state_up": false, "device_id": "dummy_id", "device_owner": "dummy_owner", "name": "_port_updated"}} times: 40 method_name: run timeout: 0 duration: None cls:
2019-07-30 21:59:45.514 26602 WARNING rally_openstack.scenarios.neutron.utils [-] Running this scenario without either the 'network' or 'existing_network' context is deprecated
2019-07-30 21:59:45.516 26600 INFO rally.task.runner [-] Task a48492f3-680e-49d6-9335-02c49a14a0e0 | ITER: 17 START
2019-07-30 21:59:45.518 26600 WARNING rally_openstack.scenarios.neutron.utils [-] Running this scenario without either the 'network' or 'existing_network' context is deprecated
2019-07-30 21:59:45.519 26618 INFO rally.task.runner [-] Task a48492f3-680e-49d6-9335-02c49a14a0e0 | ITER: 19 START
2019-07-30 21:59:45.521 26618 WARNING rally_openstack.scenarios.neutron.utils [-] Running this scenario without either the 'network' or 'existing_network' context is deprecated
2019-07-30 21:59:45.521 26621 RALLYDEBUG rally.task.runner [-] Starting a worker. concurrency: 1 args: {"network_create_args": {}, "port_create_args": {}, "ports_per_network": 5, "port_update_args": {"admin_state_up": false, "device_id": "dummy_id", "device_owner": "dummy_owner", "name": "_port_updated"}} times: 40 method_name: run timeout: 0 duration: None cls:
2019-07-30 21:59:45.527 26621 INFO rally.task.runner [-] Task a48492f3-680e-49d6-9335-02c49a14a0e0 | ITER: 20 START
2019-07-30 21:59:45.528 26621 WARNING rally_openstack.scenarios.neutron.utils [-] Running this scenario without either the 'network' or 'existing_network' context is deprecated
2019-07-30 21:59:57.738 26578 INFO rally.task.runner [-] Task a48492f3-680e-49d6-9335-02c49a14a0e0 | ITER: 8 END: OK
2019-07-30 21:59:57.743 26578 INFO rally.task.runner [-] Task a48492f3-680e-49d6-9335-02c49a14a0e0 | ITER: 21 START
2019-07-30 21:59:57.744 26578 WARNING rally_openstack.scenarios.neutron.utils [-] Running this scenario without either the 'network' or 'existing_network' context is deprecated
2019-07-30 21:59:58.674 26576 INFO rally.task.runner [-] Task a48492f3-680e-49d6-9335-02c49a14a0e0 | ITER: 3 END: OK
2019-07-30 21:59:58.679 26576 INFO rally.task.runner [-] Task a48492f3-680e-49d6-9335-02c49a14a0e0 | ITER: 22 START
2019-07-30 21:59:58.679 26576 WARNING rally_openstack.scenarios.neutron.utils [-] Running this scenario without either the 'network' or 'existing_network' context is deprecated
2019-07-30 21:59:59.279 26584 INFO rally.task.runner [-] Task a48492f3-680e-49d6-9335-02c49a14a0e0 | ITER: 10 END: OK
2019-07-30 21:59:59.284 26584 INFO rally.task.runner [-] Task a48492f3-680e-49d6-9335-02c49a14a0e0 | ITER: 23 START
2019-07-30 21:59:59.285 26584 WARNING rally_openstack.scenarios.neutron.utils [-] Running this scenario without either the 'network' or 'existing_network' context is deprecated
2019-07-30 21:59:59.461 26606 INFO rally.task.runner [-] Task a48492f3-680e-49d6-9335-02c49a14a0e0 | ITER: 15 END: OK
2019-07-30 21:59:59.465 26606 INFO rally.task.runner [-] Task a48492f3-680e-49d6-9335-02c49a14a0e0 | ITER: 24 START
2019-07-30 21:59:59.466 26606 WARNING rally_openstack.scenarios.neutron.utils [-] Running this scenario without either the 'network' or 'existing_network' context is deprecated
2019-07-30 21:59:59.682 26621 INFO rally.task.runner [-] Task a48492f3-680e-49d6-9335-02c49a14a0e0 | ITER: 20 END: OK
2019-07-30 21:59:59.687 26621 INFO rally.task.runner [-] Task a48492f3-680e-49d6-9335-02c49a14a0e0 | ITER: 25 START
2019-07-30 21:59:59.688 26621 WARNING rally_openstack.scenarios.neutron.utils [-] Running this scenario without either the 'network' or 'existing_network' context is deprecated
2019-07-30 21:59:59.813 26593 INFO rally.task.runner [-] Task a48492f3-680e-49d6-9335-02c49a14a0e0 | ITER: 12 END: OK
2019-07-30 21:59:59.813 26578 INFO rally.task.runner [-] Task a48492f3-680e-49d6-9335-02c49a14a0e0 | ITER: 6 END: OK
2019-07-30 21:59:59.817 26578 INFO rally.task.runner [-] Task a48492f3-680e-49d6-9335-02c49a14a0e0 | ITER: 26 START
2019-07-30 21:59:59.818 26593 INFO rally.task.runner [-] Task a48492f3-680e-49d6-9335-02c49a14a0e0 | ITER: 27 START
2019-07-30 21:59:59.818 26578 WARNING rally_openstack.scenarios.neutron.utils [-] Running this scenario without either the 'network' or 'existing_network' context is deprecated
2019-07-30 21:59:59.818 26593 WARNING rally_openstack.scenarios.neutron.utils [-] Running this scenario without either the 'network' or 'existing_network' context is deprecated
2019-07-30 21:59:59.990 26602 INFO rally.task.runner [-] Task a48492f3-680e-49d6-9335-02c49a14a0e0 | ITER: 16 END: OK
2019-07-30 21:59:59.996 26602 INFO rally.task.runner [-] Task a48492f3-680e-49d6-9335-02c49a14a0e0 | ITER: 28 START
2019-07-30 21:59:59.996 26602 WARNING rally_openstack.scenarios.neutron.utils [-] Running this scenario without either the 'network' or 'existing_network' context is deprecated
2019-07-30 22:00:00.260 26575 INFO rally.task.runner [-] Task a48492f3-680e-49d6-9335-02c49a14a0e0 | ITER: 1 END: OK
2019-07-30 22:00:00.266 26575 INFO rally.task.runner [-] Task a48492f3-680e-49d6-9335-02c49a14a0e0 | ITER: 29 START
2019-07-30 22:00:00.266 26575 WARNING rally_openstack.scenarios.neutron.utils [-] Running this scenario without either the 'network' or 'existing_network' context is deprecated
2019-07-30 22:00:00.378 26610 INFO rally.task.runner [-] Task a48492f3-680e-49d6-9335-02c49a14a0e0 | ITER: 18 END: OK
2019-07-30 22:00:00.382 26610 INFO rally.task.runner [-] Task a48492f3-680e-49d6-9335-02c49a14a0e0 | ITER: 30 START
2019-07-30 22:00:00.383 26610 WARNING rally_openstack.scenarios.neutron.utils [-] Running this scenario without either the 'network' or 'existing_network' context is deprecated
2019-07-30 22:00:00.666 26580 INFO rally.task.runner [-] Task a48492f3-680e-49d6-9335-02c49a14a0e0 | ITER: 9 END: OK
2019-07-30 22:00:00.671 26580 INFO rally.task.runner [-] Task a48492f3-680e-49d6-9335-02c49a14a0e0 | ITER: 31 START
2019-07-30 22:00:00.671 26580 WARNING rally_openstack.scenarios.neutron.utils [-] Running this scenario without either the 'network' or 'existing_network' context is deprecated
2019-07-30 22:00:01.014 26596 INFO rally.task.runner [-] Task a48492f3-680e-49d6-9335-02c49a14a0e0 | ITER: 13 END: OK
2019-07-30 22:00:01.018 26596 INFO rally.task.runner [-] Task a48492f3-680e-49d6-9335-02c49a14a0e0 | ITER: 32 START
2019-07-30 22:00:01.019 26596 WARNING rally_openstack.scenarios.neutron.utils [-] Running this scenario without either the 'network' or 'existing_network' context is deprecated
2019-07-30 22:00:01.171 26618 INFO rally.task.runner [-] Task a48492f3-680e-49d6-9335-02c49a14a0e0 | ITER: 19 END: OK
2019-07-30 22:00:01.174 26618 INFO rally.task.runner [-] Task a48492f3-680e-49d6-9335-02c49a14a0e0 | ITER: 33 START
2019-07-30 22:00:01.175 26618 WARNING rally_openstack.scenarios.neutron.utils [-] Running this scenario without either the 'network' or 'existing_network' context is deprecated
2019-07-30 22:00:01.478 26589 INFO rally.task.runner [-] Task a48492f3-680e-49d6-9335-02c49a14a0e0 | ITER: 11 END: OK
2019-07-30 22:00:01.484 26589 INFO rally.task.runner [-] Task a48492f3-680e-49d6-9335-02c49a14a0e0 | ITER: 34 START
2019-07-30 22:00:01.484 26589 WARNING rally_openstack.scenarios.neutron.utils [-] Running this scenario without either the 'network' or 'existing_network' context is deprecated
2019-07-30 22:00:01.537 26598 INFO rally.task.runner [-] Task a48492f3-680e-49d6-9335-02c49a14a0e0 | ITER: 14 END: OK
2019-07-30 22:00:01.543 26598 INFO rally.task.runner [-] Task a48492f3-680e-49d6-9335-02c49a14a0e0 | ITER: 35 START
2019-07-30 22:00:01.543 26598 WARNING rally_openstack.scenarios.neutron.utils [-] Running this scenario without either the 'network' or 'existing_network' context is deprecated
2019-07-30 22:00:01.645 26600 INFO rally.task.runner [-] Task a48492f3-680e-49d6-9335-02c49a14a0e0 | ITER: 17 END: OK
2019-07-30 22:00:01.650 26600 INFO rally.task.runner [-] Task a48492f3-680e-49d6-9335-02c49a14a0e0 | ITER: 36 START
2019-07-30 22:00:01.650 26600 WARNING rally_openstack.scenarios.neutron.utils [-] Running this scenario without either the 'network' or 'existing_network' context is deprecated
2019-07-30 22:00:02.605 26575 INFO rally.task.runner [-] Task a48492f3-680e-49d6-9335-02c49a14a0e0 | ITER: 2 END: OK
2019-07-30 22:00:02.609 26575 INFO rally.task.runner [-] Task a48492f3-680e-49d6-9335-02c49a14a0e0 | ITER: 37 START
2019-07-30 22:00:02.610 26575 WARNING rally_openstack.scenarios.neutron.utils [-] Running this scenario without either the 'network' or 'existing_network' context is deprecated
2019-07-30 22:00:02.825 26576 INFO rally.task.runner [-] Task a48492f3-680e-49d6-9335-02c49a14a0e0 | ITER: 5 END: OK
2019-07-30 22:00:02.829 26576 INFO rally.task.runner [-] Task a48492f3-680e-49d6-9335-02c49a14a0e0 | ITER: 38 START
2019-07-30 22:00:02.830 26576 WARNING rally_openstack.scenarios.neutron.utils [-] Running this scenario without either the 'network' or 'existing_network' context is deprecated
2019-07-30 22:00:03.484 26577 INFO rally.task.runner [-] Task a48492f3-680e-49d6-9335-02c49a14a0e0 | ITER: 4 END: OK
2019-07-30 22:00:03.489 26577 INFO rally.task.runner [-] Task a48492f3-680e-49d6-9335-02c49a14a0e0 | ITER: 39 START
2019-07-30 22:00:03.490 26577 WARNING rally_openstack.scenarios.neutron.utils [-] Running this scenario without either the 'network' or 'existing_network' context is deprecated
2019-07-30 22:00:04.046 26577 INFO rally.task.runner [-] Task a48492f3-680e-49d6-9335-02c49a14a0e0 | ITER: 7 END: OK
2019-07-30 22:00:04.049 26577 INFO rally.task.runner [-] Task a48492f3-680e-49d6-9335-02c49a14a0e0 | ITER: 40 START
2019-07-30 22:00:04.050 26577 WARNING rally_openstack.scenarios.neutron.utils [-] Running this scenario without either the 'network' or 'existing_network' context is deprecated
2019-07-30 22:00:12.868 26576 INFO rally.task.runner [-] Task a48492f3-680e-49d6-9335-02c49a14a0e0 | ITER: 22 END: OK
2019-07-30 22:00:14.015 26578 INFO rally.task.runner [-] Task a48492f3-680e-49d6-9335-02c49a14a0e0 | ITER: 21 END: OK
2019-07-30 22:00:14.201 26621 INFO rally.task.runner [-] Task a48492f3-680e-49d6-9335-02c49a14a0e0 | ITER: 25 END: OK
2019-07-30 22:00:14.326 26606 INFO rally.task.runner [-] Task a48492f3-680e-49d6-9335-02c49a14a0e0 | ITER: 24 END: OK
2019-07-30 22:00:14.685 26584 INFO rally.task.runner [-] Task a48492f3-680e-49d6-9335-02c49a14a0e0 | ITER: 23 END: OK
2019-07-30 22:00:14.723 26575 INFO rally.task.runner [-] Task a48492f3-680e-49d6-9335-02c49a14a0e0 | ITER: 29 END: OK
2019-07-30 22:00:14.993 26578 INFO rally.task.runner [-] Task a48492f3-680e-49d6-9335-02c49a14a0e0 | ITER: 26 END: OK
2019-07-30 22:00:15.089 26575 INFO rally.task.runner [-] Task a48492f3-680e-49d6-9335-02c49a14a0e0 | ITER: 37 END: OK
2019-07-30 22:00:15.132 26618 INFO rally.task.runner [-] Task a48492f3-680e-49d6-9335-02c49a14a0e0 | ITER: 33 END: OK
2019-07-30 22:00:15.189 26602 INFO rally.task.runner [-] Task a48492f3-680e-49d6-9335-02c49a14a0e0 | ITER: 28 END: OK
2019-07-30 22:00:15.553 26593 INFO rally.task.runner [-] Task a48492f3-680e-49d6-9335-02c49a14a0e0 | ITER: 27 END: OK
2019-07-30 22:00:15.568 26580 INFO rally.task.runner [-] Task a48492f3-680e-49d6-9335-02c49a14a0e0 | ITER: 31 END: OK
2019-07-30 22:00:15.671 26576 INFO rally.task.runner [-] Task a48492f3-680e-49d6-9335-02c49a14a0e0 | ITER: 38 END: OK
2019-07-30 22:00:16.200 26610 INFO rally.task.runner [-] Task a48492f3-680e-49d6-9335-02c49a14a0e0 | ITER: 30 END: OK
2019-07-30 22:00:16.455 26589 INFO rally.task.runner [-] Task a48492f3-680e-49d6-9335-02c49a14a0e0 | ITER: 34 END: OK
2019-07-30 22:00:16.520 26598 INFO rally.task.runner [-] Task a48492f3-680e-49d6-9335-02c49a14a0e0 | ITER: 35 END: OK
2019-07-30 22:00:17.371 26577 INFO rally.task.runner [-] Task a48492f3-680e-49d6-9335-02c49a14a0e0 | ITER: 40 END: OK
2019-07-30 22:00:17.382 26596 INFO rally.task.runner [-] Task a48492f3-680e-49d6-9335-02c49a14a0e0 | ITER: 32 END: OK
2019-07-30 22:00:17.684 26577 INFO rally.task.runner [-] Task a48492f3-680e-49d6-9335-02c49a14a0e0 | ITER: 39 END: OK
2019-07-30 22:00:18.068 26600 INFO rally.task.runner [-] Task a48492f3-680e-49d6-9335-02c49a14a0e0 | ITER: 36 END: OK
2019-07-30 22:00:18.091 22699 INFO rally.task.context [-] Task a48492f3-680e-49d6-9335-02c49a14a0e0 | Context cleanup@openstack cleanup() started
2019-07-30 22:00:18.094 22699 RALLYDEBUG rally_openstack.cleanup.manager [-] Cleaning up neutron vip objects
2019-07-30 22:00:18.748 22699 RALLYDEBUG rally_openstack.cleanup.manager [-] Cleaning up neutron health_monitor objects
2019-07-30 22:00:19.466 22699 RALLYDEBUG rally_openstack.cleanup.manager [-] Cleaning up neutron pool objects
2019-07-30 22:00:20.115 22699 RALLYDEBUG rally_openstack.cleanup.manager [-] Cleaning up neutron loadbalancer objects
2019-07-30 22:00:20.849 22699 RALLYDEBUG rally_openstack.cleanup.manager [-] Cleaning up neutron floatingip objects
2019-07-30 22:00:21.639 22699 RALLYDEBUG rally_openstack.cleanup.manager [-] Cleaning up neutron port objects
2019-07-30 22:00:22.910 22699 RALLYDEBUG rally_openstack.cleanup.manager [-] Deleting neutron.port object s_rally_6732a56e_wlYy3gYS (00bc83c4-1876-4d2a-b7d4-aba07a033839)
2019-07-30 22:00:22.911 22699 RALLYDEBUG rally_openstack.cleanup.manager [-] Deleting neutron.port object s_rally_6732a56e_qyRnOfHQ (0644f9df-142f-4882-b689-67cf8e077851)
2019-07-30 22:00:22.914 22699 RALLYDEBUG rally_openstack.cleanup.manager [-] Deleting neutron.port object s_rally_6732a56e_TuB0MU0P (03658ee0-e2f6-48ba-bb75-5f026921ed05)
2019-07-30 22:00:22.915 22699 RALLYDEBUG rally_openstack.cleanup.manager [-] Deleting neutron.port object s_rally_6732a56e_8BIksZ3f (036efff5-4024-4c44-917a-b24dbb084371)
2019-07-30 22:00:22.919 22699 RALLYDEBUG rally_openstack.cleanup.manager [-] Deleting neutron.port object s_rally_6732a56e_mz5OOYYq (0605f9f1-8aaa-4068-9e74-62f9bf6034d2)
2019-07-30 22:00:22.920 22699 RALLYDEBUG rally_openstack.cleanup.manager [-] Deleting neutron.port object s_rally_6732a56e_KKr5Mf4N (0676c516-f7ba-43a3-ad2e-29d594dc9792)
2019-07-30 22:00:22.921 22699 RALLYDEBUG rally_openstack.cleanup.manager [-] Deleting neutron.port object s_rally_6732a56e_Yc3zEfL9 (0cb727d8-e92e-46de-8203-a250d7b51383)
2019-07-30 22:00:22.922 22699 RALLYDEBUG rally_openstack.cleanup.manager [-] Deleting neutron.port object s_rally_6732a56e_jpcnxVol (095854b3-19fe-4a98-958f-e0c08100356d)
2019-07-30 22:00:22.924 22699 RALLYDEBUG rally_openstack.cleanup.manager [-] Deleting neutron.port object s_rally_6732a56e_TIwfmcQo (06db4d74-dbcf-409b-ad05-2c650bf0a2ce)
2019-07-30 22:00:22.931 22699 RALLYDEBUG rally_openstack.cleanup.manager [-] Deleting neutron.port object s_rally_6732a56e_xc9KjtaP (0c81b675-02cd-4a80-b1c8-bced9c2f0a1d)
2019-07-30 22:00:22.933 22699 RALLYDEBUG rally_openstack.cleanup.manager [-] Deleting neutron.port object s_rally_6732a56e_KoA4YhoJ (063f3f5e-05fd-4ab8-9574-9fef507b9c8b)
2019-07-30 22:00:22.941 22699 RALLYDEBUG rally_openstack.cleanup.manager [-] Deleting neutron.port object s_rally_6732a56e_5DrESEuC (0d4fe32d-2a3c-41eb-964a-467af8ddd847)
2019-07-30 22:00:22.954 22699 RALLYDEBUG rally_openstack.cleanup.manager [-] Deleting neutron.port object s_rally_6732a56e_ODOmDzCS (09026ed0-6994-481d-b286-660cea36431c)
2019-07-30 22:00:22.958 22699 RALLYDEBUG rally_openstack.cleanup.manager [-] Deleting neutron.port object s_rally_6732a56e_SSCkIMdM (0fc8318e-f644-4276-8887-e1f2f6016f6a)
2019-07-30 22:00:22.965 22699 RALLYDEBUG rally_openstack.cleanup.manager [-] Deleting neutron.port object s_rally_6732a56e_MPv4Pzqt (0efb4537-2fa9-4b7a-8cfc-84f8bc0f6041)
2019-07-30 22:00:22.965 22699 RALLYDEBUG rally_openstack.cleanup.manager [-] Deleting neutron.port object s_rally_6732a56e_w1CPWYXD (0fcc5d2f-d0b0-4dfe-99df-df5e36b311ef)
2019-07-30 22:00:22.978 22699 RALLYDEBUG rally_openstack.cleanup.manager [-] Deleting neutron.port object s_rally_6732a56e_4ccecXTm (171da1f9-16be-4ffb-9a11-9ef922bf164d)
2019-07-30 22:00:22.985 22699 RALLYDEBUG rally_openstack.cleanup.manager [-] Deleting neutron.port object s_rally_6732a56e_ZdmUYzuQ (184d3680-b5a4-418f-a1a4-5caa9849af73)
2019-07-30 22:00:22.994 22699 RALLYDEBUG rally_openstack.cleanup.manager [-] Deleting neutron.port object s_rally_6732a56e_9QtwvFtU (1c310382-0e35-4fc0-a988-3706fa5a5298)
2019-07-30 22:00:22.994 22699 RALLYDEBUG rally_openstack.cleanup.manager [-] Deleting neutron.port object s_rally_6732a56e_RAuhysqX (10806f21-9ab8-4ac1-ab4d-ac55a4035892)
2019-07-30 22:00:25.474 22699 RALLYDEBUG rally_openstack.cleanup.manager [-] Deleting neutron.port object s_rally_6732a56e_2OfbnLgB (1c572526-0926-4617-83bd-93547e6f028c)
2019-07-30 22:00:25.486 22699 RALLYDEBUG rally_openstack.cleanup.manager [-] Deleting neutron.port object s_rally_6732a56e_1DYXJHud (1db87f15-fe55-4455-bcb9-459298c24b31)
2019-07-30 22:00:25.534 22699 RALLYDEBUG rally_openstack.cleanup.manager [-] Deleting neutron.port object s_rally_6732a56e_e3rHRUFm (1dc2b33e-82b7-4193-bb5e-a2504d13732c)
2019-07-30 22:00:25.538 22699 RALLYDEBUG rally_openstack.cleanup.manager [-] Deleting neutron.port object s_rally_6732a56e_fmLJ0jKC (1df799ba-0d76-43a6-a84a-f238f0eb21cb)
2019-07-30 22:00:25.561 22699 RALLYDEBUG rally_openstack.cleanup.manager [-] Deleting neutron.port object s_rally_6732a56e_F6e7LKpc (1e9da058-464e-4d77-835a-33fd92d9bc1d)
2019-07-30 22:00:25.627 22699 RALLYDEBUG rally_openstack.cleanup.manager [-] Deleting neutron.port object s_rally_6732a56e_SswRRL4O (1ee2debb-2718-49f0-97a1-23bc7949a103)
2019-07-30 22:00:25.667 22699 RALLYDEBUG rally_openstack.cleanup.manager [-] Deleting neutron.port object s_rally_6732a56e_fzYUEnZi (1ef270fb-4c11-4b32-9ef1-9f011480b009)
2019-07-30 22:00:25.718 22699 RALLYDEBUG rally_openstack.cleanup.manager [-] Deleting neutron.port object s_rally_6732a56e_5imnTcsg (1f21ea74-1967-4af0-b082-4e1c9a6b3f55)
2019-07-30 22:00:25.726 22699 RALLYDEBUG rally_openstack.cleanup.manager [-] Deleting neutron.port object s_rally_6732a56e_6ekBEgDf (219e8dac-c260-41a3-b939-6dfd9ee77787)
2019-07-30 22:00:25.749 22699 RALLYDEBUG rally_openstack.cleanup.manager [-] Deleting neutron.port object s_rally_6732a56e_PBCszkA8 (228af42c-8686-40df-8471-b15814e4a0f0)
2019-07-30 22:00:25.783 22699 RALLYDEBUG rally_openstack.cleanup.manager [-] Deleting neutron.port object s_rally_6732a56e_i7JutRvn (23ea3601-ad07-4ec6-8d58-5ad937134319)
2019-07-30 22:00:25.798 22699 RALLYDEBUG rally_openstack.cleanup.manager [-] Deleting neutron.port object s_rally_6732a56e_ZFlvCneo (2584e163-7137-4660-bd89-c01db0356bf0)
2019-07-30 22:00:25.833 22699 RALLYDEBUG rally_openstack.cleanup.manager [-] Deleting neutron.port object s_rally_6732a56e_9Tp3PU6d (26a7d6d7-37f9-4228-b203-72499db05ca1)
2019-07-30 22:00:25.845 22699 RALLYDEBUG rally_openstack.cleanup.manager [-] Deleting neutron.port object s_rally_6732a56e_twvGTuoP (2871df58-7fa5-49ae-884c-019a7b4c2ec1)
2019-07-30 22:00:25.902 22699 RALLYDEBUG rally_openstack.cleanup.manager [-] Deleting neutron.port object s_rally_6732a56e_Gw1cHPEX (2bbdaa62-92fb-4d1a-a099-217aa3ed868e)
2019-07-30 22:00:26.118 22699 RALLYDEBUG rally_openstack.cleanup.manager [-] Deleting neutron.port object s_rally_6732a56e_4rMh1FNw (2c293043-3f4d-4013-98a9-67fd57775bdc)
2019-07-30 22:00:26.118 22699 RALLYDEBUG rally_openstack.cleanup.manager [-] Deleting neutron.port object s_rally_6732a56e_z3k3mGYl (2c17e0ae-bd21-449b-80fd-93187b0ebf44)
2019-07-30 22:00:26.856 22699 RALLYDEBUG rally_openstack.cleanup.manager [-] Deleting neutron.port object s_rally_6732a56e_vjD7d6OG (2d411737-9241-460e-bfe0-422dbbfa98ac)
2019-07-30 22:00:26.857 22699 RALLYDEBUG rally_openstack.cleanup.manager [-] Deleting neutron.port object s_rally_6732a56e_ep6lQnCm (2d257b4e-f167-448b-baa5-c3ea1ae12929)
2019-07-30 22:00:26.862 22699 RALLYDEBUG rally_openstack.cleanup.manager [-] Deleting neutron.port object s_rally_6732a56e_mJdgsNz3 (2f674c18-ece4-4848-8e0c-f26366086159)
2019-07-30 22:00:28.060 22699 RALLYDEBUG rally_openstack.cleanup.manager [-] Deleting neutron.port object s_rally_6732a56e_sXHlaPjS (336f5f9d-9a36-45ba-94bc-df84dbed622a)
2019-07-30 22:00:28.067 22699 RALLYDEBUG rally_openstack.cleanup.manager [-] Deleting neutron.port object s_rally_6732a56e_BdezwkDQ (355422ef-3c54-4d29-8bdc-4a3be92611ba)
2019-07-30 22:00:28.080 22699 RALLYDEBUG rally_openstack.cleanup.manager [-] Deleting neutron.port object s_rally_6732a56e_hzJF8oLV (35b4be4a-a533-4049-b58f-1dd3fc450642)
2019-07-30 22:00:28.318 22699 RALLYDEBUG rally_openstack.cleanup.manager [-] Deleting neutron.port object s_rally_6732a56e_IvZl6xGs (36c626ee-b4c7-484a-b2c8-e830f377d310)
2019-07-30 22:00:28.376 22699 RALLYDEBUG rally_openstack.cleanup.manager [-] Deleting neutron.port object s_rally_6732a56e_TZeYM7py (36fb9caa-819a-4bf3-b482-109a0d00e709)
2019-07-30 22:00:28.417 22699 RALLYDEBUG rally_openstack.cleanup.manager [-] Deleting neutron.port object s_rally_6732a56e_TLqcsdKb (3a1405c5-e423-40d5-8f54-183da3f10f9a)
2019-07-30 22:00:28.449 22699 RALLYDEBUG rally_openstack.cleanup.manager [-] Deleting neutron.port object s_rally_6732a56e_VJlzRzfy (42e101f7-2c4f-4afb-9a02-9b74e636c71d)
2019-07-30 22:00:28.510 22699 RALLYDEBUG rally_openstack.cleanup.manager [-] Deleting neutron.port object s_rally_6732a56e_LBHAAoZK (4343e5f3-b05a-406b-95f5-b6cf8c350842)
2019-07-30 22:00:28.621 22699 RALLYDEBUG rally_openstack.cleanup.manager [-] Deleting neutron.port object s_rally_6732a56e_YJ75Od8b (455d2daa-f072-45d2-b2c4-202703aa6e88)
2019-07-30 22:00:28.676 22699 RALLYDEBUG rally_openstack.cleanup.manager [-] Deleting neutron.port object s_rally_6732a56e_sMhJ5DDx (46f076eb-0e90-40ac-b897-12e28aa8ee29)
2019-07-30 22:00:28.682 22699 RALLYDEBUG rally_openstack.cleanup.manager [-] Deleting neutron.port object s_rally_6732a56e_Czbs3o4g (48306c2a-bcaa-4d22-9607-c1c1bae34c90)
2019-07-30 22:00:28.703 22699 RALLYDEBUG rally_openstack.cleanup.manager [-] Deleting neutron.port object s_rally_6732a56e_pk0z9b5C (48a0c718-72e0-4c5b-8ca4-ab6b9b78de19)
2019-07-30 22:00:28.713 22699 RALLYDEBUG rally_openstack.cleanup.manager [-] Deleting neutron.port object s_rally_6732a56e_nMbwxPSQ (49ddd124-c88b-4ca6-bac4-d42c24f07911)
2019-07-30 22:00:28.820 22699 RALLYDEBUG rally_openstack.cleanup.manager [-] Deleting neutron.port object s_rally_6732a56e_oBC3vLtV (4a2e80cc-60d5-406f-8b01-2379143bf9f4)
2019-07-30 22:00:29.025 22699 RALLYDEBUG rally_openstack.cleanup.manager [-] Deleting neutron.port object s_rally_6732a56e_XbvzYEFh (4e2efa12-38ad-41f1-8c81-9c3559b862d0)
2019-07-30 22:00:29.228 22699 RALLYDEBUG rally_openstack.cleanup.manager [-] Deleting neutron.port object s_rally_6732a56e_hABHaLoQ (4e7456cc-ce11-4ac0-a2fd-e42414d179fc)
2019-07-30 22:00:29.289 22699 RALLYDEBUG rally_openstack.cleanup.manager [-] Deleting neutron.port object s_rally_6732a56e_u2j6X29Q (4f683e48-dfbb-4461-99c5-bb7fc72516e3)
2019-07-30 22:00:29.308 22699 RALLYDEBUG rally_openstack.cleanup.manager [-] Deleting neutron.port object s_rally_6732a56e_sBB1N1It (50b9b690-5aac-406e-b14b-39d86fe71dd4)
2019-07-30 22:00:29.402 22699 RALLYDEBUG rally_openstack.cleanup.manager [-] Deleting neutron.port object s_rally_6732a56e_WO8vszUf (5147da51-f21d-4004-bbfc-d8de0a371ad6)
2019-07-30 22:00:29.408 22699 RALLYDEBUG rally_openstack.cleanup.manager [-] Deleting neutron.port object s_rally_6732a56e_gfhWKPaP (51e27ca0-ef11-43e6-a0f0-c3ffcb8828e7)
2019-07-30 22:00:30.234 22699 RALLYDEBUG rally_openstack.cleanup.manager [-] Deleting neutron.port object s_rally_6732a56e_1zCDh8Ir (52cc763f-d14a-42e6-8ced-f64f75a65144)
2019-07-30 22:00:30.271 22699 RALLYDEBUG rally_openstack.cleanup.manager [-] Deleting neutron.port object s_rally_6732a56e_kByQDox6 (52e20292-ea3c-49a0-863a-a87d10bbe0c5)
2019-07-30 22:00:30.688 22699 RALLYDEBUG rally_openstack.cleanup.manager [-] Deleting neutron.port object s_rally_6732a56e_4BeEFvaS (531868c5-2298-460f-b8b2-c904f77cde4b)
2019-07-30 22:00:30.939 22699 RALLYDEBUG rally_openstack.cleanup.manager [-] Deleting neutron.port object s_rally_6732a56e_8kTu9aoR (55b484fa-8e8e-45cb-a51d-024ba2e0d18b)
2019-07-30 22:00:30.958 22699 RALLYDEBUG rally_openstack.cleanup.manager [-] Deleting neutron.port object s_rally_6732a56e_pATD3DFZ (55f1376f-e32c-4d20-91eb-17151d20cbb8)
2019-07-30 22:00:30.976 22699 RALLYDEBUG rally_openstack.cleanup.manager [-] Deleting neutron.port object s_rally_6732a56e_rtnH2RsF (5722976d-1061-4b39-bd56-f9dce69af31b)
2019-07-30 22:00:30.992 22699 RALLYDEBUG rally_openstack.cleanup.manager [-] Deleting neutron.port object s_rally_6732a56e_FaE7cwJE (57678b51-826c-4212-bb7c-826cb92069e5)
