2019-07-30 22:00:30.998 22699 RALLYDEBUG rally_openstack.cleanup.manager [-] Deleting neutron.port object s_rally_6732a56e_6kTZRWmq (59d0b100-edbf-4501-8313-ab9a76efbbcf)
2019-07-30 22:00:31.241 22699 RALLYDEBUG rally_openstack.cleanup.manager [-] Deleting neutron.port object s_rally_6732a56e_TnIC9oPC (5aa2d87b-2deb-419d-bbb4-38cffa973b08)
2019-07-30 22:00:31.254 22699 RALLYDEBUG rally_openstack.cleanup.manager [-] Deleting neutron.port object s_rally_6732a56e_4KzQCRH8 (5bd63f97-4208-4c75-8161-a7594492d990)
2019-07-30 22:00:31.354 22699 RALLYDEBUG rally_openstack.cleanup.manager [-] Deleting neutron.port object s_rally_6732a56e_24c7FaMQ (5bf4bcf1-064f-49c8-a96e-d5b998a2a99a)
2019-07-30 22:00:31.354 22699 RALLYDEBUG rally_openstack.cleanup.manager [-] Deleting neutron.port object s_rally_6732a56e_GNQzZvAR (5f3d1475-b6ba-45c3-a9b5-bcd30cd1c275)
2019-07-30 22:00:31.355 22699 RALLYDEBUG rally_openstack.cleanup.manager [-] Deleting neutron.port object s_rally_6732a56e_zhdRkWSD (5c8a7f34-1a2e-4274-b7e1-77de480affb3)
2019-07-30 22:00:31.603 22699 RALLYDEBUG rally_openstack.cleanup.manager [-] Deleting neutron.port object s_rally_6732a56e_8SZ8xTSR (5fa02720-a33d-4f4f-a9dc-26cf67d74b6c)
2019-07-30 22:00:31.610 22699 RALLYDEBUG rally_openstack.cleanup.manager [-] Deleting neutron.port object s_rally_6732a56e_xhORdNgY (60d123b9-f47e-4db2-8b38-22737d1bfdc2)
2019-07-30 22:00:31.673 22699 RALLYDEBUG rally_openstack.cleanup.manager [-] Deleting neutron.port object s_rally_6732a56e_CuHcuIG3 (61ef2ed9-425b-468f-a041-7d123bceb35d)
2019-07-30 22:00:31.765 22699 RALLYDEBUG rally_openstack.cleanup.manager [-] Deleting neutron.port object s_rally_6732a56e_eTFGGI2f (62b3bb2b-dbf2-401d-b343-d91d3c84d021)
2019-07-30 22:00:31.786 22699 RALLYDEBUG rally_openstack.cleanup.manager [-] Deleting neutron.port object s_rally_6732a56e_SYRWVqDX (658a5fa0-9a5f-48df-b417-396cddcf453c)
2019-07-30 22:00:31.840 22699 RALLYDEBUG rally_openstack.cleanup.manager [-] Deleting neutron.port object s_rally_6732a56e_tBx4jwAj (6a656a20-90b4-4a23-8e68-48eaa1a0e254)
2019-07-30 22:00:31.963 22699 RALLYDEBUG rally_openstack.cleanup.manager [-] Deleting neutron.port object s_rally_6732a56e_xW1uMGCW (6b7bef50-6721-4a55-b75f-7da1ab7a5a3e)
2019-07-30 22:00:32.361 22699 RALLYDEBUG rally_openstack.cleanup.manager [-] Deleting neutron.port object s_rally_6732a56e_VzH5yyNG (6c6af3b7-ac8a-4326-ac8f-d8dc3c0114a3)
2019-07-30 22:00:32.477 22699 RALLYDEBUG rally_openstack.cleanup.manager [-] Deleting neutron.port object s_rally_6732a56e_bX9zO3Jc (6cf36717-fd3b-4ca2-b452-9daead5c5ffa)
2019-07-30 22:00:32.946 22699 RALLYDEBUG rally_openstack.cleanup.manager [-] Deleting neutron.port object s_rally_6732a56e_sEKnYWN6 (6cf8561d-0e6d-422f-a197-4184c497a16d)
2019-07-30 22:00:33.125 22699 RALLYDEBUG rally_openstack.cleanup.manager [-] Deleting neutron.port object s_rally_6732a56e_xW5y9n87 (6e51e63a-2c49-4fe2-a0d5-e9048d9b4ba1)
2019-07-30 22:00:33.249 22699 RALLYDEBUG rally_openstack.cleanup.manager [-] Deleting neutron.port object s_rally_6732a56e_jlyq2QDE (70f5144f-3557-425e-8005-03a04935bb7d)
2019-07-30 22:00:33.326 22699 RALLYDEBUG rally_openstack.cleanup.manager [-] Deleting neutron.port object s_rally_6732a56e_rclzBnaU (7344663f-efa9-4c4b-ad7a-1444b1ff4530)
2019-07-30 22:00:33.454 22699 RALLYDEBUG rally_openstack.cleanup.manager [-] Deleting neutron.port object s_rally_6732a56e_Y9GJqyYJ (7457c7f4-b4cd-40eb-ae81-2bd17aadedb3)
2019-07-30 22:00:33.584 22699 RALLYDEBUG rally_openstack.cleanup.manager [-] Deleting neutron.port object s_rally_6732a56e_r1tN1M5o (7550d9bf-8470-4227-b8e0-f287075ab0aa)
2019-07-30 22:00:33.619 22699 RALLYDEBUG rally_openstack.cleanup.manager [-] Deleting neutron.port object s_rally_6732a56e_fEhNj5Ox (778576a1-26c5-47c9-bfbc-7f3a9e4bf543)
2019-07-30 22:00:33.842 22699 RALLYDEBUG rally_openstack.cleanup.manager [-] Deleting neutron.port object s_rally_6732a56e_gy98Qm3r (779c355b-61e6-4419-8cbc-372dffe44b9d)
2019-07-30 22:00:33.874 22699 RALLYDEBUG rally_openstack.cleanup.manager [-] Deleting neutron.port object s_rally_6732a56e_MskuDwiE (7acdf6b5-69b0-4efc-81af-632380f7575c)
2019-07-30 22:00:33.921 22699 RALLYDEBUG rally_openstack.cleanup.manager [-] Deleting neutron.port object s_rally_6732a56e_xBypPZPX (7cdf1a1d-b9a8-453e-95ff-08f515feae54)
2019-07-30 22:00:33.959 22699 RALLYDEBUG rally_openstack.cleanup.manager [-] Deleting neutron.port object s_rally_6732a56e_98C2zQuK (7dbf6a42-0e97-4d1f-94cc-5d2a3dab0e2d)
2019-07-30 22:00:34.006 22699 RALLYDEBUG rally_openstack.cleanup.manager [-] Deleting neutron.port object s_rally_6732a56e_42PQ3bd4 (7df0ad6a-fa1a-4722-8af1-c7d7efca0adc)
2019-07-30 22:00:34.033 22699 RALLYDEBUG rally_openstack.cleanup.manager [-] Deleting neutron.port object s_rally_6732a56e_fRkeR9aO (816cd99e-fa15-4ab2-b343-977dd57eb862)
2019-07-30 22:00:34.113 22699 RALLYDEBUG rally_openstack.cleanup.manager [-] Deleting neutron.port object s_rally_6732a56e_xNf3Cv38 (822edde2-7d65-4069-ab04-cf6a3ab511f5)
2019-07-30 22:00:34.272 22699 RALLYDEBUG rally_openstack.cleanup.manager [-] Deleting neutron.port object s_rally_6732a56e_bhneD2Xl (82445b34-d07d-4e7f-86c3-d4a5399cce41)
2019-07-30 22:00:34.378 22699 RALLYDEBUG rally_openstack.cleanup.manager [-] Deleting neutron.port object s_rally_6732a56e_qqMxT1QB (84b35c6d-3a9a-4e8a-bfde-79aa546f625c)
2019-07-30 22:00:34.615 22699 RALLYDEBUG rally_openstack.cleanup.manager [-] Deleting neutron.port object s_rally_6732a56e_h1xSFbjc (857c786c-8441-4952-92e1-fe43a02d9149)
2019-07-30 22:00:34.675 22699 RALLYDEBUG rally_openstack.cleanup.manager [-] Deleting neutron.port object s_rally_6732a56e_oSdiofhQ (86c3181c-8500-4494-8d88-b3d7120508bd)
2019-07-30 22:00:34.852 22699 RALLYDEBUG rally_openstack.cleanup.manager [-] Deleting neutron.port object s_rally_6732a56e_Jk8wCavW (873d14a6-1837-4288-a878-7f2c0ff7eeba)
2019-07-30 22:00:34.983 22699 RALLYDEBUG rally_openstack.cleanup.manager [-] Deleting neutron.port object s_rally_6732a56e_tDcM1GSs (87b7b746-c5d2-428c-8fa1-d5c75464efd6)
2019-07-30 22:00:35.224 22699 RALLYDEBUG rally_openstack.cleanup.manager [-] Deleting neutron.port object s_rally_6732a56e_sJbO3RMi (87cb9968-1796-4d10-ab64-6ac4ee4ad16a)
2019-07-30 22:00:35.318 22699 RALLYDEBUG rally_openstack.cleanup.manager [-] Deleting neutron.port object s_rally_6732a56e_4pYlVawB (891ea82d-ce9c-4de1-ae4e-c6bae36969b8)
2019-07-30 22:00:35.475 22699 RALLYDEBUG rally_openstack.cleanup.manager [-] Deleting neutron.port object s_rally_6732a56e_lmxzgKax (8b31a9ae-0dd9-4af8-9fd3-bdfc3ca30250)
2019-07-30 22:00:35.915 22699 RALLYDEBUG rally_openstack.cleanup.manager [-] Deleting neutron.port object s_rally_6732a56e_zA1UU6dp (8bada300-f5f2-4408-a4f9-aad611263058)
2019-07-30 22:00:36.001 22699 RALLYDEBUG rally_openstack.cleanup.manager [-] Deleting neutron.port object s_rally_6732a56e_pWEqjX2I (8bbcdb29-4884-448b-b973-ad8ea9f885c2)
2019-07-30 22:00:36.082 22699 RALLYDEBUG rally_openstack.cleanup.manager [-] Deleting neutron.port object s_rally_6732a56e_cmWYrCCN (8bbced63-b218-4834-8ff7-3a9038325732)
2019-07-30 22:00:36.088 22699 RALLYDEBUG rally_openstack.cleanup.manager [-] Deleting neutron.port object s_rally_6732a56e_mtez1a33 (8d1791b0-84d7-4c6f-9e33-f49832208584)
2019-07-30 22:00:36.133 22699 RALLYDEBUG rally_openstack.cleanup.manager [-] Deleting neutron.port object s_rally_6732a56e_24v77TT4 (90f505f1-16da-4472-bdd1-961b49feb456)
2019-07-30 22:00:36.282 22699 RALLYDEBUG rally_openstack.cleanup.manager [-] Deleting neutron.port object s_rally_6732a56e_0lrCNgDZ (9209c380-9262-44f5-ac1a-48ef6e5103eb)
2019-07-30 22:00:36.740 22699 RALLYDEBUG rally_openstack.cleanup.manager [-] Deleting neutron.port object s_rally_6732a56e_SF8tCibT (94d5166c-8934-454f-8930-c1fb7fcf5385)
2019-07-30 22:00:36.797 22699 RALLYDEBUG rally_openstack.cleanup.manager [-] Deleting neutron.port object s_rally_6732a56e_YFgIeY77 (96691034-8bbb-47ec-a411-0b12d0c40720)
2019-07-30 22:00:36.816 22699 RALLYDEBUG rally_openstack.cleanup.manager [-] Deleting neutron.port object s_rally_6732a56e_GCZ5Ymqg (9709e351-1897-428a-9316-0cfaf7de2c95)
2019-07-30 22:00:36.825 22699 RALLYDEBUG rally_openstack.cleanup.manager [-] Deleting neutron.port object s_rally_6732a56e_zpqf2jqa (986d5998-8292-41dc-8acd-1d1ef121c128)
2019-07-30 22:00:36.826 22699 RALLYDEBUG rally_openstack.cleanup.manager [-] Deleting neutron.port object s_rally_6732a56e_XRYlVgKT (98a3719f-252a-41e8-baf1-d0831d0114d0)
2019-07-30 22:00:36.902 22699 RALLYDEBUG rally_openstack.cleanup.manager [-] Deleting neutron.port object s_rally_6732a56e_2OnRAPdO (9a7fd00f-68f2-4f8d-aa4f-9b9ac7cb42de)
2019-07-30 22:00:36.924 22699 RALLYDEBUG rally_openstack.cleanup.manager [-] Deleting neutron.port object s_rally_6732a56e_IVJTwxc2 (9b141aad-5ba4-46b9-ae6a-50a4927c3629)
2019-07-30 22:00:36.965 22699 RALLYDEBUG rally_openstack.cleanup.manager [-] Deleting neutron.port object s_rally_6732a56e_deXL22DJ (9c04ce99-edd6-48c9-b0fc-5ef50dfc0b1d)
2019-07-30 22:00:37.060 22699 RALLYDEBUG rally_openstack.cleanup.manager [-] Deleting neutron.port object s_rally_6732a56e_QcO4kDQ2 (9db03fc7-9b63-4728-b149-466d550048bd)
2019-07-30 22:00:37.303 22699 RALLYDEBUG rally_openstack.cleanup.manager [-] Deleting neutron.port object s_rally_6732a56e_t78NLs5w (9f915d98-4f24-4286-8b48-bbd39c948cf2)
2019-07-30 22:00:37.347 22699 RALLYDEBUG rally_openstack.cleanup.manager [-] Deleting neutron.port object s_rally_6732a56e_4sbedmgP (a01b38d5-1fd6-4cf1-89f8-aa88daa61b36)
2019-07-30 22:00:37.481 22699 RALLYDEBUG rally_openstack.cleanup.manager [-] Deleting neutron.port object s_rally_6732a56e_gb3MA0Ji (a58e6a50-324c-42a8-ba39-cc8187331c07)
2019-07-30 22:00:37.631 22699 RALLYDEBUG rally_openstack.cleanup.manager [-] Deleting neutron.port object s_rally_6732a56e_gACC5TCH (a5b9e8dc-4c7e-4c38-adcb-24f8478b67d4)
2019-07-30 22:00:37.632 22699 RALLYDEBUG rally_openstack.cleanup.manager [-] Deleting neutron.port object s_rally_6732a56e_2kN5SGyA (a5b0f010-b81f-437e-9799-4d94b4f28188)
2019-07-30 22:00:38.116 22699 RALLYDEBUG rally_openstack.cleanup.manager [-] Deleting neutron.port object s_rally_6732a56e_iSAMb962 (a61db407-ed69-41a3-b982-1ec45528aa19)
2019-07-30 22:00:38.275 22699 RALLYDEBUG rally_openstack.cleanup.manager [-] Deleting neutron.port object s_rally_6732a56e_gqZ5LMjd (a6e1d865-fb26-4b34-8e79-aa238c0c4a27)
2019-07-30 22:00:38.282 22699 RALLYDEBUG rally_openstack.cleanup.manager [-] Deleting neutron.port object s_rally_6732a56e_M4biPzq9 (a7505bf8-3281-45a0-9aa9-7569bb6690ec)
2019-07-30 22:00:38.335 22699 RALLYDEBUG rally_openstack.cleanup.manager [-] Deleting neutron.port object s_rally_6732a56e_Gz1UHY2P (a88ee8b0-aa5e-493b-97a9-1ac1527f685b)
2019-07-30 22:00:38.400 22699 RALLYDEBUG rally_openstack.cleanup.manager [-] Deleting neutron.port object s_rally_6732a56e_dTveCQRH (a8a2f4dd-a3db-4590-bfc1-a1d611f05c9a)
2019-07-30 22:00:38.438 22699 RALLYDEBUG rally_openstack.cleanup.manager [-] Deleting neutron.port object s_rally_6732a56e_66rR1val (a94ac531-a597-42bb-bb7b-9627f838debe)
2019-07-30 22:00:39.009 22699 RALLYDEBUG rally_openstack.cleanup.manager [-] Deleting neutron.port object s_rally_6732a56e_4VehTXLd (a9d5f763-5161-48ad-9f21-c4dd99b9f517)
2019-07-30 22:00:39.226 22699 RALLYDEBUG rally_openstack.cleanup.manager [-] Deleting neutron.port object s_rally_6732a56e_ucmfLCdL (aaafc5a7-a240-41a4-92d8-e2bc42c2e2c6)
2019-07-30 22:00:39.294 22699 RALLYDEBUG rally_openstack.cleanup.manager [-] Deleting neutron.port object s_rally_6732a56e_xvTEmPPF (ac7d8d98-ee42-4852-8b54-915007436dc3)
2019-07-30 22:00:39.503 22699 RALLYDEBUG rally_openstack.cleanup.manager [-] Deleting neutron.port object s_rally_6732a56e_KCg6VFNO (b32881ec-cb43-425d-98fc-e352343d51ed)
2019-07-30 22:00:39.524 22699 RALLYDEBUG rally_openstack.cleanup.manager [-] Deleting neutron.port object s_rally_6732a56e_u9SSL5nr (b3ae4c22-6448-4276-a687-0a808351a93a)
2019-07-30 22:00:39.556 22699 RALLYDEBUG rally_openstack.cleanup.manager [-] Deleting neutron.port object s_rally_6732a56e_Ky7cZ0SO (b3fd778f-3c47-407c-ac7d-985bd4959ee1)
2019-07-30 22:00:39.632 22699 RALLYDEBUG rally_openstack.cleanup.manager [-] Deleting neutron.port object s_rally_6732a56e_4aXpZd2W (b46e0321-4fcd-42e6-84f1-2a0237f9392f)
2019-07-30 22:00:39.660 22699 RALLYDEBUG rally_openstack.cleanup.manager [-] Deleting neutron.port object s_rally_6732a56e_Stdu2pF4 (b6826f8b-ff0e-4935-a3e6-79550797ef36)
2019-07-30 22:00:39.787 22699 RALLYDEBUG rally_openstack.cleanup.manager [-] Deleting neutron.port object s_rally_6732a56e_MiXF7KkD (b7628e76-4818-48ef-a904-5492b84d3e20)
2019-07-30 22:00:39.829 22699 RALLYDEBUG rally_openstack.cleanup.manager [-] Deleting neutron.port object s_rally_6732a56e_ae5vpUpu (b8d0655a-7e3e-4c6e-bca7-0b8eaf3cf738)
2019-07-30 22:00:39.898 22699 RALLYDEBUG rally_openstack.cleanup.manager [-] Deleting neutron.port object s_rally_6732a56e_inieWki9 (b93b3838-dd3e-4659-9a0f-aba84736e209)
2019-07-30 22:00:40.034 22699 RALLYDEBUG rally_openstack.cleanup.manager [-] Deleting neutron.port object s_rally_6732a56e_k28LVaTJ (ba638876-9c72-4424-be50-1899af8a6ba0)
2019-07-30 22:00:40.044 22699 RALLYDEBUG rally_openstack.cleanup.manager [-] Deleting neutron.port object s_rally_6732a56e_83mGcP80 (bae3b86e-010c-47d1-a155-648dc7c3ed96)
2019-07-30 22:00:40.103 22699 RALLYDEBUG rally_openstack.cleanup.manager [-] Deleting neutron.port object s_rally_6732a56e_7vgfFagn (baf46de5-c302-4148-b296-bb05ed82c712)
2019-07-30 22:00:40.467 22699 RALLYDEBUG rally_openstack.cleanup.manager [-] Deleting neutron.port object s_rally_6732a56e_UaPQZUua (bc836602-a441-4824-9d4f-3912c25524d4)
2019-07-30 22:00:40.486 22699 RALLYDEBUG rally_openstack.cleanup.manager [-] Deleting neutron.port object s_rally_6732a56e_XKqDW95w (bd93a80e-7be6-43d0-ab01-4a6dd65571de)
2019-07-30 22:00:40.582 22699 RALLYDEBUG rally_openstack.cleanup.manager [-] Deleting neutron.port object s_rally_6732a56e_5IU0b7Iq (bdbd04ed-9fbe-4a8f-b85a-0760379daf55)
2019-07-30 22:00:40.592 22699 RALLYDEBUG rally_openstack.cleanup.manager [-] Deleting neutron.port object s_rally_6732a56e_meTFwyFJ (c0eece0d-c590-46be-9dd1-973db48c7173)
2019-07-30 22:00:40.650 22699 RALLYDEBUG rally_openstack.cleanup.manager [-] Deleting neutron.port object s_rally_6732a56e_6ogN8xEv (c17505a9-b622-48eb-a955-54f22dfba840)
2019-07-30 22:00:40.700 22699 RALLYDEBUG rally_openstack.cleanup.manager [-] Deleting neutron.port object s_rally_6732a56e_IEnsF8H7 (c255c83e-8bc9-4d16-8e39-0fd46c45930f)
2019-07-30 22:00:41.422 22699 RALLYDEBUG rally_openstack.cleanup.manager [-] Deleting neutron.port object s_rally_6732a56e_R9XzSWKM (c2c1dd2e-1698-4546-98ea-b9d34a5d99e1)
2019-07-30 22:00:41.545 22699 RALLYDEBUG rally_openstack.cleanup.manager [-] Deleting neutron.port object s_rally_6732a56e_Dh7ZOShk (c44bbc20-cf5b-4ce9-b523-1ff63a248458)
2019-07-30 22:00:41.708 22699 RALLYDEBUG rally_openstack.cleanup.manager [-] Deleting neutron.port object s_rally_6732a56e_u5e6v86F (c76a3942-d4c9-46fc-9040-e5dde4d2c667)
2019-07-30 22:00:41.725 22699 RALLYDEBUG rally_openstack.cleanup.manager [-] Deleting neutron.port object s_rally_6732a56e_1jYd83NP (c98ccdbe-1dd1-465f-aee5-71b96d29f534)
2019-07-30 22:00:41.935 22699 RALLYDEBUG rally_openstack.cleanup.manager [-] Deleting neutron.port object s_rally_6732a56e_kKiS1ADa (c9e6c5a4-4bac-45c6-b549-ec2bf7eeb419)
2019-07-30 22:00:41.994 22699 RALLYDEBUG rally_openstack.cleanup.manager [-] Deleting neutron.port object s_rally_6732a56e_kM7OMuXx (ca018852-f983-4a7d-a6bc-f47b90d8d7d7)
2019-07-30 22:00:42.045 22699 RALLYDEBUG rally_openstack.cleanup.manager [-] Deleting neutron.port object s_rally_6732a56e_38CafpQe (ccf2a29e-66b2-4a34-8650-78f4fbeaf83a)
2019-07-30 22:00:42.205 22699 RALLYDEBUG rally_openstack.cleanup.manager [-] Deleting neutron.port object s_rally_6732a56e_W95ZfuXb (ce226d0f-5d10-4732-930f-95fce4093221)
2019-07-30 22:00:42.422 22699 RALLYDEBUG rally_openstack.cleanup.manager [-] Deleting neutron.port object s_rally_6732a56e_Bz1e6uJ6 (ce933d92-010d-4a90-a295-8f455e60579e)
2019-07-30 22:00:42.561 22699 RALLYDEBUG rally_openstack.cleanup.manager [-] Deleting neutron.port object s_rally_6732a56e_ljDPvwsT (cea32a19-3a49-40f9-8ac3-e6be39339efe)
2019-07-30 22:00:42.605 22699 RALLYDEBUG rally_openstack.cleanup.manager [-] Deleting neutron.port object s_rally_6732a56e_B3ULLbW9 (d0d8bc59-50f6-481d-b449-02c09c5f3b98)
2019-07-30 22:00:42.648 22699 RALLYDEBUG rally_openstack.cleanup.manager [-] Deleting neutron.port object s_rally_6732a56e_PvpfJnRw (d1dc8969-5115-491f-948a-7a53db34a846)
2019-07-30 22:00:42.653 22699 RALLYDEBUG rally_openstack.cleanup.manager [-] Deleting neutron.port object s_rally_6732a56e_mLNSyxWM (d20310ba-d2da-424b-bdd1-fdd61030d1cb)
2019-07-30 22:00:42.660 22699 RALLYDEBUG rally_openstack.cleanup.manager [-] Deleting neutron.port object s_rally_6732a56e_Z0J9mYi4 (d3055ca4-d68a-4d05-8768-127241c1bf72)
2019-07-30 22:00:42.704 22699 RALLYDEBUG rally_openstack.cleanup.manager [-] Deleting neutron.port object s_rally_6732a56e_NVRPGiAk (d4514dfe-1030-48a7-8fd5-96a20ae30aba)
2019-07-30 22:00:42.726 22699 RALLYDEBUG rally_openstack.cleanup.manager [-] Deleting neutron.port object s_rally_6732a56e_NZYobOwk (d4ed330d-5e38-4b40-a698-7f5043b1335d)
2019-07-30 22:00:42.741 22699 RALLYDEBUG rally_openstack.cleanup.manager [-] Deleting neutron.port object s_rally_6732a56e_FMtPF9oH (d5621fdd-06d6-4297-81ac-4372c7d46738)
2019-07-30 22:00:42.852 22699 RALLYDEBUG rally_openstack.cleanup.manager [-] Deleting neutron.port object s_rally_6732a56e_DYeR4Lpq (d649b6d6-d6d6-4417-a2fc-539662ca75cf)
2019-07-30 22:00:43.096 22699 RALLYDEBUG rally_openstack.cleanup.manager [-] Deleting neutron.port object s_rally_6732a56e_71BLqUd3 (d763c0b5-f2a0-418a-a987-13110d438303)
2019-07-30 22:00:43.223 22699 RALLYDEBUG rally_openstack.cleanup.manager [-] Deleting neutron.port object s_rally_6732a56e_Oay8CSDV (d8e6f0c5-b2a2-4d83-aa3b-b9530a3cc4f3)
2019-07-30 22:00:43.933 22699 RALLYDEBUG rally_openstack.cleanup.manager [-] Deleting neutron.port object s_rally_6732a56e_DMHrbWlE (d957a697-9d55-4125-a35b-484d2f59e199)
2019-07-30 22:00:43.976 22699 RALLYDEBUG rally_openstack.cleanup.manager [-] Deleting neutron.port object s_rally_6732a56e_nx3wIsHY (da24878b-96e5-44ca-867e-a9ccd7db08a0)
2019-07-30 22:00:44.014 22699 RALLYDEBUG rally_openstack.cleanup.manager [-] Deleting neutron.port object s_rally_6732a56e_jVH6G5CZ (dccaddfc-fa89-4918-b129-55483bdadd93)
2019-07-30 22:00:44.183 22699 RALLYDEBUG rally_openstack.cleanup.manager [-] Deleting neutron.port object s_rally_6732a56e_8b2cTrND (df5c8901-b23a-4021-b68a-d1e815de302b)
2019-07-30 22:00:44.395 22699 RALLYDEBUG rally_openstack.cleanup.manager [-] Deleting neutron.port object s_rally_6732a56e_aGZrCgrt (e122ab9f-e0fa-4d0a-bd6d-c64353fed70e)
2019-07-30 22:00:44.417 22699 RALLYDEBUG rally_openstack.cleanup.manager [-] Deleting neutron.port object s_rally_6732a56e_APLTyrIm (e2576c5d-21f7-4b14-bc5a-1d372c1e44c2)
2019-07-30 22:00:44.438 22699 RALLYDEBUG rally_openstack.cleanup.manager [-] Deleting neutron.port object s_rally_6732a56e_FkYH7kpO (e44c7f3f-8e61-4202-8e4c-a5381eef6ec4)
2019-07-30 22:00:44.675 22699 RALLYDEBUG rally_openstack.cleanup.manager [-] Deleting neutron.port object s_rally_6732a56e_CIumODlf (e553746e-5ec3-44dc-a02e-94bf7d2f0a3a)
2019-07-30 22:00:44.758 22699 RALLYDEBUG rally_openstack.cleanup.manager [-] Deleting neutron.port object s_rally_6732a56e_l7ObgN7h (e70fe597-6da9-49da-a1d0-70ddbd4d20da)
2019-07-30 22:00:44.824 22699 RALLYDEBUG rally_openstack.cleanup.manager [-] Deleting neutron.port object s_rally_6732a56e_xAN3T6Aa (e840d0c5-2aac-4f29-974f-4a29607e3868)
2019-07-30 22:00:44.983 22699 RALLYDEBUG rally_openstack.cleanup.manager [-] Deleting neutron.port object s_rally_6732a56e_jPCLD8RK (e8e4b639-2635-42e0-b663-b4c4a17f9aa7)
2019-07-30 22:00:45.053 22699 RALLYDEBUG rally_openstack.cleanup.manager [-] Deleting neutron.port object s_rally_6732a56e_CeowMH5r (eba7ebb7-a07f-4d6a-aafb-a2752c90d6dd)
2019-07-30 22:00:45.317 22699 RALLYDEBUG rally_openstack.cleanup.manager [-] Deleting neutron.port object s_rally_6732a56e_Vb3RKxgj (ee02b829-3801-488f-ac39-68ef6e9aaea7)
2019-07-30 22:00:45.372 22699 RALLYDEBUG rally_openstack.cleanup.manager [-] Deleting neutron.port object s_rally_6732a56e_BroBbuQe (efccaa85-e18a-4c7a-9e34-749e99483ea9)
2019-07-30 22:00:45.376 22699 RALLYDEBUG rally_openstack.cleanup.manager [-] Deleting neutron.port object s_rally_6732a56e_nOH3xwaz (f53dc3df-55b5-4d40-ac27-ae22f0da2262)
2019-07-30 22:00:45.399 22699 RALLYDEBUG rally_openstack.cleanup.manager [-] Deleting neutron.port object s_rally_6732a56e_cfWJ2YvB (f6324a25-a770-488d-9b49-aa59f8d1dd56)
2019-07-30 22:00:45.399 22699 RALLYDEBUG rally_openstack.cleanup.manager [-] Deleting neutron.port object s_rally_6732a56e_4L74MdwF (f557c007-a30c-4570-bfe2-a9280edba211)
2019-07-30 22:00:45.530 22699 RALLYDEBUG rally_openstack.cleanup.manager [-] Deleting neutron.port object s_rally_6732a56e_yDRwPeD9 (f9388f23-4d68-4dd9-b47b-d242e645f81d)
2019-07-30 22:00:45.692 22699 RALLYDEBUG rally_openstack.cleanup.manager [-] Deleting neutron.port object s_rally_6732a56e_0BXIxbhE (fcbdf3f8-8542-4490-bed6-0e593d9d150c)
2019-07-30 22:00:45.697 22699 RALLYDEBUG rally_openstack.cleanup.manager [-] Deleting neutron.port object s_rally_6732a56e_N0qSwIdl (fd15b31a-014a-4caf-8c1c-180b925b14c8)
2019-07-30 22:00:46.105 22699 RALLYDEBUG rally_openstack.cleanup.manager [-] Deleting neutron.port object s_rally_6732a56e_izbl2yqp (fd56dda5-84df-46d0-8406-13c781dbee3c)
2019-07-30 22:00:46.184 22699 RALLYDEBUG rally_openstack.cleanup.manager [-] Deleting neutron.port object s_rally_6732a56e_hD4ObaIn (fd76fd31-bd0a-46c1-823e-6cdcbca38e12)
2019-07-30 22:00:46.370 22699 RALLYDEBUG rally_openstack.cleanup.manager [-] Deleting neutron.port object s_rally_6732a56e_5Ako4hdl (fdd8166c-3f24-4656-8218-7a818ef8dea8)
2019-07-30 22:00:46.426 22699 RALLYDEBUG rally_openstack.cleanup.manager [-] Deleting neutron.port object s_rally_6732a56e_cUXSBdNI (fe2e434f-ddec-41da-9663-1855e20989b1)
2019-07-30 22:00:46.592 22699 RALLYDEBUG rally_openstack.cleanup.manager [-] Deleting neutron.port object s_rally_6732a56e_Mu3TrlsW (fe3417b4-1cbe-4d79-90c4-0222c5546e3a)
2019-07-30 22:00:46.851 22699 RALLYDEBUG rally_openstack.cleanup.manager [-] Deleting neutron.port object s_rally_6732a56e_sQOY0OVM (fe9278f7-e6ea-41be-8aa7-5a1ed7cd19f2)
2019-07-30 22:00:46.906 22699 RALLYDEBUG rally_openstack.cleanup.manager [-] Deleting neutron.port object s_rally_6732a56e_PWYxcmTv (ff2afd04-5ad0-43f8-891e-b7f56d828c23)
2019-07-30 22:00:47.117 22699 RALLYDEBUG rally_openstack.cleanup.manager [-] Deleting neutron.port object s_rally_6732a56e_t2Rb1Neo (ffa59a98-5ed0-4514-ba60-355c6a30f5fa)
2019-07-30 22:00:47.147 22699 RALLYDEBUG rally_openstack.cleanup.manager [-] Deleting neutron.port object s_rally_6732a56e_cWMweYzG (fff39eec-5919-449a-a946-0d16be6189ed)
2019-07-30 22:00:49.456 22699 RALLYDEBUG rally_openstack.cleanup.manager [-] Cleaning up neutron subnet objects
2019-07-30 22:00:50.125 22699 RALLYDEBUG rally_openstack.cleanup.manager [-] Cleaning up neutron network objects
2019-07-30 22:00:50.960 22699 RALLYDEBUG rally_openstack.cleanup.manager [-] Deleting neutron.network object s_rally_6732a56e_8TwjKyNq (005669eb-d75a-4a3f-b1a7-8d383e5e4266)
2019-07-30 22:00:50.966 22699 RALLYDEBUG rally_openstack.cleanup.manager [-] Deleting neutron.network object s_rally_6732a56e_TcImgEYF (0cdab9fe-c9b0-4b18-843e-186d7bf19223)
2019-07-30 22:00:50.974 22699 RALLYDEBUG rally_openstack.cleanup.manager [-] Deleting neutron.network object s_rally_6732a56e_OxhKZxnd (1a3eb552-77a9-484f-8a30-beaab8268162)
2019-07-30 22:00:50.979 22699 RALLYDEBUG rally_openstack.cleanup.manager [-] Deleting neutron.network object s_rally_6732a56e_8CcRe43V (1f8ad5cc-a183-4c0d-981f-2862683a0b75)
2019-07-30 22:00:50.984 22699 RALLYDEBUG rally_openstack.cleanup.manager [-] Deleting neutron.network object s_rally_6732a56e_tflML9fM (07ae7f4c-3449-4b2e-90b7-8f184a1a9772)
2019-07-30 22:00:50.997 22699 RALLYDEBUG rally_openstack.cleanup.manager [-] Deleting neutron.network object s_rally_6732a56e_Qy30kX7T (26917998-3dcd-4ffd-b7d8-c02e2ce0a968)
2019-07-30 22:00:51.019 22699 RALLYDEBUG rally_openstack.cleanup.manager [-] Deleting neutron.network object s_rally_6732a56e_Limsd17m (3817823c-213b-4ebd-b1a5-e81219ce5758)
2019-07-30 22:00:51.023 22699 RALLYDEBUG rally_openstack.cleanup.manager [-] Deleting neutron.network object s_rally_6732a56e_Oi4vmsc1 (48a8dccd-e9ad-46ec-aad6-af6e7cfd24a2)
2019-07-30 22:00:51.030 22699 RALLYDEBUG rally_openstack.cleanup.manager [-] Deleting neutron.network object s_rally_6732a56e_K7t6q5mp (3248b880-53bd-41ff-9949-c86eda0bbc37)
2019-07-30 22:00:51.038 22699 RALLYDEBUG rally_openstack.cleanup.manager [-] Deleting neutron.network object s_rally_6732a56e_pr7PVFOw (4d87b89e-6040-4d81-9645-e6f8b984f28b)
2019-07-30 22:00:51.043 22699 RALLYDEBUG rally_openstack.cleanup.manager [-] Deleting neutron.network object s_rally_6732a56e_ie7i0DwD (4c8f36df-a91f-413e-84ef-12388e867edf)
2019-07-30 22:00:51.067 22699 RALLYDEBUG rally_openstack.cleanup.manager [-] Deleting neutron.network object s_rally_6732a56e_D8eCZhlu (5f912aaf-af49-41d5-ab41-509b3a0b98a9)
2019-07-30 22:00:51.089 22699 RALLYDEBUG rally_openstack.cleanup.manager [-] Deleting neutron.network object s_rally_6732a56e_UOVG5Sqk (6822a033-abeb-4534-b96f-703fe1d2c9a5)
2019-07-30 22:00:51.089 22699 RALLYDEBUG rally_openstack.cleanup.manager [-] Deleting neutron.network object s_rally_6732a56e_BAdmuzU7 (69d751d9-cb1b-4620-bd6d-d905294a4500)
2019-07-30 22:00:51.090 22699 RALLYDEBUG rally_openstack.cleanup.manager [-] Deleting neutron.network object s_rally_6732a56e_0CAcy1le (6a9ec6b6-c52f-4605-a2fa-614cdd8c2810)
2019-07-30 22:00:51.096 22699 RALLYDEBUG rally_openstack.cleanup.manager [-] Deleting neutron.network object s_rally_6732a56e_D13ss5aV (772a84f5-e5a2-4adc-9e41-340e06656cb8)
2019-07-30 22:00:51.120 22699 RALLYDEBUG rally_openstack.cleanup.manager [-] Deleting neutron.network object s_rally_6732a56e_NzblTP4W (79c876fb-8f2b-4b73-9786-f45d17c9ea93)
2019-07-30 22:00:51.128 22699 RALLYDEBUG rally_openstack.cleanup.manager [-] Deleting neutron.network object s_rally_6732a56e_0wkdPBGW (84026b43-2ca7-49f3-866c-4b117062fc0a)
2019-07-30 22:00:51.136 22699 RALLYDEBUG rally_openstack.cleanup.manager [-] Deleting neutron.network object s_rally_6732a56e_dXJHTUEN (88ccf6b3-e0f9-4fe8-9337-cb76fbb379e1)
2019-07-30 22:00:51.145 22699 RALLYDEBUG rally_openstack.cleanup.manager [-] Deleting neutron.network object s_rally_6732a56e_6xuIpoNw (8d9d6719-e9bb-4beb-a8b1-b99607f853de)
2019-07-30 22:00:53.738 22699 RALLYDEBUG rally_openstack.cleanup.manager [-] Deleting neutron.network object s_rally_6732a56e_ThDrCfp9 (920cc8cc-5fba-4d67-9a22-6262371523d2)
2019-07-30 22:00:53.881 22699 RALLYDEBUG rally_openstack.cleanup.manager [-] Deleting neutron.network object s_rally_6732a56e_6gS3QQim (9733143c-1ecd-4e9a-82b4-512fcfdd0ff7)
2019-07-30 22:00:53.928 22699 RALLYDEBUG rally_openstack.cleanup.manager [-] Deleting neutron.network object s_rally_6732a56e_2YlQVsCj (973759ab-d40d-4a44-b076-ab65a8612531)
2019-07-30 22:00:53.952 22699 RALLYDEBUG rally_openstack.cleanup.manager [-] Deleting neutron.network object s_rally_6732a56e_TAg2qvE2 (9a63260b-5e55-4eae-a477-0bf59fea913f)
2019-07-30 22:00:54.095 22699 RALLYDEBUG rally_openstack.cleanup.manager [-] Deleting neutron.network object s_rally_6732a56e_GVXy5VWv (9c5a5c68-b3a1-4334-b32d-b6442bdddc53)
2019-07-30 22:00:54.104 22699 RALLYDEBUG rally_openstack.cleanup.manager [-] Deleting neutron.network object s_rally_6732a56e_w4B3nXCo (9dbe7f87-8ce2-4392-9225-a6e3b52fb703)
2019-07-30 22:00:54.136 22699 RALLYDEBUG rally_openstack.cleanup.manager [-] Deleting neutron.network object s_rally_6732a56e_TQu1rz3J (af0838be-93fa-4dbc-af57-97cd23bc85f8)
2019-07-30 22:00:54.191 22699 RALLYDEBUG rally_openstack.cleanup.manager [-] Deleting neutron.network object s_rally_6732a56e_TpsUsFrY (b73d3118-5a74-46e5-a408-3c9246bebadb)
2019-07-30 22:00:54.238 22699 RALLYDEBUG rally_openstack.cleanup.manager [-] Deleting neutron.network object s_rally_6732a56e_MXKs8apR (befeefb7-c7df-4f88-80ef-bc0d337295fc)
2019-07-30 22:00:54.290 22699 RALLYDEBUG rally_openstack.cleanup.manager [-] Deleting neutron.network object s_rally_6732a56e_2sut3njz (c7cd04ed-de0d-40ea-a0aa-a57b9b2a3332)
2019-07-30 22:00:54.356 22699 RALLYDEBUG rally_openstack.cleanup.manager [-] Deleting neutron.network object s_rally_6732a56e_7r3muHL6 (c9903373-8403-4ddc-aad5-4db874abdbac)
2019-07-30 22:00:54.399 22699 RALLYDEBUG rally_openstack.cleanup.manager [-] Deleting neutron.network object s_rally_6732a56e_rjO7hAQE (cdba15da-c723-4802-b171-972ba50070da)
2019-07-30 22:00:54.553 22699 RALLYDEBUG rally_openstack.cleanup.manager [-] Deleting neutron.network object s_rally_6732a56e_2HnYoxPF (d1107518-6325-4899-8ece-10e6bf52a2e5)
2019-07-30 22:00:54.581 22699 RALLYDEBUG rally_openstack.cleanup.manager [-] Deleting neutron.network object s_rally_6732a56e_We51eKKB (dc3034b8-bf3f-4446-8023-378e0a0e9df1)
2019-07-30 22:00:54.582 22699 RALLYDEBUG rally_openstack.cleanup.manager [-] Deleting neutron.network object s_rally_6732a56e_GPef3v7u (da185a8d-1f55-4063-85c3-ecd8725fd93c)
2019-07-30 22:00:54.690 22699 RALLYDEBUG rally_openstack.cleanup.manager [-] Deleting neutron.network object s_rally_6732a56e_s4QoycEs (e60e3fb4-340f-4846-898d-a7f34dd92f63)
2019-07-30 22:00:55.571 22699 RALLYDEBUG rally_openstack.cleanup.manager [-] Deleting neutron.network object s_rally_6732a56e_hnKWUuTZ (f2501adc-9516-4379-9a55-8957d7d7bffb)
2019-07-30 22:00:55.658 22699 RALLYDEBUG rally_openstack.cleanup.manager [-] Deleting neutron.network object s_rally_6732a56e_cRHZnat4 (f3fd4c36-a21e-4166-bae0-67ffddce466a)
2019-07-30 22:00:56.177 22699 RALLYDEBUG rally_openstack.cleanup.manager [-] Deleting neutron.network object s_rally_6732a56e_b5jxK4DF (f9f98a41-3123-4066-8880-ab6d376eb07e)
2019-07-30 22:00:56.184 22699 RALLYDEBUG rally_openstack.cleanup.manager [-] Deleting neutron.network object s_rally_6732a56e_a7Yr2GCF (fd42a8f2-ba29-441c-a630-5a18a25462bd)
2019-07-30 22:00:58.752 22699 RALLYDEBUG rally_openstack.cleanup.manager [-] Cleaning up neutron router objects
2019-07-30 22:00:59.535 22699 RALLYDEBUG rally_openstack.cleanup.manager [-] Cleaning up neutron security_group objects
2019-07-30 22:01:00.336 22699 INFO rally.task.context [-] Task a48492f3-680e-49d6-9335-02c49a14a0e0 | Context cleanup@openstack cleanup() finished in 42.25 sec
2019-07-30 22:01:00.337 22699 INFO rally.task.context [-] Task a48492f3-680e-49d6-9335-02c49a14a0e0 | Context quotas@openstack cleanup() started
2019-07-30 22:01:00.636 22699 INFO rally.task.context [-] Task a48492f3-680e-49d6-9335-02c49a14a0e0 | Context quotas@openstack cleanup() finished in 0.30 sec
2019-07-30 22:01:00.636 22699 INFO rally.task.context [-] Task a48492f3-680e-49d6-9335-02c49a14a0e0 | Context users@openstack cleanup() started
2019-07-30 22:01:06.406 22699 INFO rally.task.context [-] Task a48492f3-680e-49d6-9335-02c49a14a0e0 | Context users@openstack cleanup() finished in 5.77 sec
2019-07-30 22:01:08.299 22699 INFO rally.task.engine [-] Load duration is: 32.60209
2019-07-30 22:01:08.299 22699 INFO rally.task.engine [-] Full runner duration is: 32.652432
2019-07-30 22:01:08.300 22699 INFO rally.task.engine [-] Full duration is: 86.49002
2019-07-30 22:01:08.492 22699 INFO rally.task.engine [-] Running workload: position = 2 config = { "version": 2, "title": "A cropped version of a bigger task.", "description": "Auto-generated task from a single workload (uuid=4d712082-7575-4c20-be87-4551fa5154f2)", "subtasks": [ { "title": "NeutronNetworks.create_and_delete_ports", "description": "Create and delete a port.", "scenario": { "NeutronNetworks.create_and_delete_ports": { "network_create_args": {}, "port_create_args": {}, "ports_per_network": 5 } }, "contexts": { "users": { "tenants": 1, "users_per_tenant": 1 }, "quotas": { "neutron": { "network": -1, "port": -1 } } }, "runner": { "constant": { "times": 40, "concurrency": 20 } }, "hooks": [], "sla": { "failure_rate": { "max": 0 } } } ] }
2019-07-30 22:01:08.515 22699 RALLYDEBUG rally_openstack.contexts.keystone.users [-] Creating 1 tenants using 20 threads
2019-07-30 22:01:10.412 22699 RALLYDEBUG rally_openstack.contexts.keystone.users [-] Creating 1 users using 20 threads
2019-07-30 22:01:13.196 22699 INFO rally.task.context [-] Task a48492f3-680e-49d6-9335-02c49a14a0e0 | Context users@openstack setup() finished in 4.68 sec
2019-07-30 22:01:14.029 22699 INFO rally.task.context [-] Task a48492f3-680e-49d6-9335-02c49a14a0e0 | Context quotas@openstack setup() finished in 0.83 sec
2019-07-30 22:01:14.029 22699 INFO rally.task.context [-] Task a48492f3-680e-49d6-9335-02c49a14a0e0 | Context cleanup@openstack setup() finished in 0.01 msec
2019-07-30 22:01:14.037 22699 RALLYDEBUG rally.task.runner [-] Starting the constant runner (task UUID: a48492f3-680e-49d6-9335-02c49a14a0e0). timeout: 0 concurrency: 20 concurrency_per_worker: 1 times: 40 concurrency_overhead: 4 processes_to_start: 16 max_cpu_used: 16
2019-07-30 22:01:14.049 26945 RALLYDEBUG rally.task.runner [-] Starting a worker. concurrency: 2 args: {"network_create_args": {}, "port_create_args": {}, "ports_per_network": 5} times: 40 method_name: run timeout: 0 duration: None cls:
2019-07-30 22:01:14.052 26946 RALLYDEBUG rally.task.runner [-] Starting a worker. concurrency: 2 args: {"network_create_args": {}, "port_create_args": {}, "ports_per_network": 5} times: 40 method_name: run timeout: 0 duration: None cls:
2019-07-30 22:01:14.055 26948 RALLYDEBUG rally.task.runner [-] Starting a worker. concurrency: 2 args: {"network_create_args": {}, "port_create_args": {}, "ports_per_network": 5} times: 40 method_name: run timeout: 0 duration: None cls:
2019-07-30 22:01:14.055 26947 RALLYDEBUG rally.task.runner [-] Starting a worker. concurrency: 2 args: {"network_create_args": {}, "port_create_args": {}, "ports_per_network": 5} times: 40 method_name: run timeout: 0 duration: None cls:
2019-07-30 22:01:14.058 26945 INFO rally.task.runner [-] Task a48492f3-680e-49d6-9335-02c49a14a0e0 | ITER: 1 START
2019-07-30 22:01:14.059 26948 INFO rally.task.runner [-] Task a48492f3-680e-49d6-9335-02c49a14a0e0 | ITER: 6 START
2019-07-30 22:01:14.060 26948 INFO rally.task.runner [-] Task a48492f3-680e-49d6-9335-02c49a14a0e0 | ITER: 4 START
2019-07-30 22:01:14.060 26948 WARNING rally_openstack.scenarios.neutron.utils [-] Running this scenario without either the 'network' or 'existing_network' context is deprecated
2019-07-30 22:01:14.060 26946 INFO rally.task.runner [-] Task a48492f3-680e-49d6-9335-02c49a14a0e0 | ITER: 2 START
2019-07-30 22:01:14.059 26945 INFO rally.task.runner [-] Task a48492f3-680e-49d6-9335-02c49a14a0e0 | ITER: 3 START
2019-07-30 22:01:14.061 26945 WARNING rally_openstack.scenarios.neutron.utils [-] Running this scenario without either the 'network' or 'existing_network' context is deprecated
2019-07-30 22:01:14.062 26946 WARNING rally_openstack.scenarios.neutron.utils [-] Running this scenario without either the 'network' or 'existing_network' context is deprecated
2019-07-30 22:01:14.064 26950 RALLYDEBUG rally.task.runner [-] Starting a worker. concurrency: 1 args: {"network_create_args": {}, "port_create_args": {}, "ports_per_network": 5} times: 40 method_name: run timeout: 0 duration: None cls:
2019-07-30 22:01:14.060 26948 WARNING rally_openstack.scenarios.neutron.utils [-] Running this scenario without either the 'network' or 'existing_network' context is deprecated
2019-07-30 22:01:14.066 26963 RALLYDEBUG rally.task.runner [-] Starting a worker. concurrency: 1 args: {"network_create_args": {}, "port_create_args": {}, "ports_per_network": 5} times: 40 method_name: run timeout: 0 duration: None cls:
2019-07-30 22:01:14.067 26959 RALLYDEBUG rally.task.runner [-] Starting a worker. concurrency: 1 args: {"network_create_args": {}, "port_create_args": {}, "ports_per_network": 5} times: 40 method_name: run timeout: 0 duration: None cls:
2019-07-30 22:01:14.061 26945 WARNING rally_openstack.scenarios.neutron.utils [-] Running this scenario without either the 'network' or 'existing_network' context is deprecated
2019-07-30 22:01:14.068 26946 INFO rally.task.runner [-] Task a48492f3-680e-49d6-9335-02c49a14a0e0 | ITER: 7 START
2019-07-30 22:01:14.069 26963 INFO rally.task.runner [-] Task a48492f3-680e-49d6-9335-02c49a14a0e0 | ITER: 10 START
2019-07-30 22:01:14.070 26963 WARNING rally_openstack.scenarios.neutron.utils [-] Running this scenario without either the 'network' or 'existing_network' context is deprecated
2019-07-30 22:01:14.069 26947 INFO rally.task.runner [-] Task a48492f3-680e-49d6-9335-02c49a14a0e0 | ITER: 5 START
2019-07-30 22:01:14.070 26950 INFO rally.task.runner [-] Task a48492f3-680e-49d6-9335-02c49a14a0e0 | ITER: 9 START
2019-07-30 22:01:14.069 26946 WARNING rally_openstack.scenarios.neutron.utils [-] Running this scenario without either the 'network' or 'existing_network' context is deprecated
2019-07-30 22:01:14.070 26947 INFO rally.task.runner [-] Task a48492f3-680e-49d6-9335-02c49a14a0e0 | ITER: 8 START
2019-07-30 22:01:14.072 26950 WARNING rally_openstack.scenarios.neutron.utils [-] Running this scenario without either the 'network' or 'existing_network' context is deprecated
2019-07-30 22:01:14.072 26947 WARNING rally_openstack.scenarios.neutron.utils [-] Running this scenario without either the 'network' or 'existing_network' context is deprecated
2019-07-30 22:01:14.072 26947 WARNING rally_openstack.scenarios.neutron.utils [-] Running this scenario without either the 'network' or 'existing_network' context is deprecated
2019-07-30 22:01:14.077 26959 INFO rally.task.runner [-] Task a48492f3-680e-49d6-9335-02c49a14a0e0 | ITER: 11 START
2019-07-30 22:01:14.076 26964 RALLYDEBUG rally.task.runner [-] Starting a worker. concurrency: 1 args: {"network_create_args": {}, "port_create_args": {}, "ports_per_network": 5} times: 40 method_name: run timeout: 0 duration: None cls:
2019-07-30 22:01:14.078 26971 RALLYDEBUG rally.task.runner [-] Starting a worker. concurrency: 1 args: {"network_create_args": {}, "port_create_args": {}, "ports_per_network": 5} times: 40 method_name: run timeout: 0 duration: None cls:
2019-07-30 22:01:14.079 26959 WARNING rally_openstack.scenarios.neutron.utils [-] Running this scenario without either the 'network' or 'existing_network' context is deprecated
2019-07-30 22:01:14.079 26969 RALLYDEBUG rally.task.runner [-] Starting a worker. concurrency: 1 args: {"network_create_args": {}, "port_create_args": {}, "ports_per_network": 5} times: 40 method_name: run timeout: 0 duration: None cls:
2019-07-30 22:01:14.082 26971 INFO rally.task.runner [-] Task a48492f3-680e-49d6-9335-02c49a14a0e0 | ITER: 13 START
2019-07-30 22:01:14.083 26964 INFO rally.task.runner [-] Task a48492f3-680e-49d6-9335-02c49a14a0e0 | ITER: 12 START
2019-07-30 22:01:14.084 26964 WARNING rally_openstack.scenarios.neutron.utils [-] Running this scenario without either the 'network' or 'existing_network' context is deprecated
2019-07-30 22:01:14.084 26974 RALLYDEBUG rally.task.runner [-] Starting a worker. concurrency: 1 args: {"network_create_args": {}, "port_create_args": {}, "ports_per_network": 5} times: 40 method_name: run timeout: 0 duration: None cls:
2019-07-30 22:01:14.084 26973 RALLYDEBUG rally.task.runner [-] Starting a worker. concurrency: 1 args: {"network_create_args": {}, "port_create_args": {}, "ports_per_network": 5} times: 40 method_name: run timeout: 0 duration: None cls:
2019-07-30 22:01:14.085 26969 INFO rally.task.runner [-] Task a48492f3-680e-49d6-9335-02c49a14a0e0 | ITER: 14 START
2019-07-30 22:01:14.085 26971 WARNING rally_openstack.scenarios.neutron.utils [-] Running this scenario without either the 'network' or 'existing_network' context is deprecated
2019-07-30 22:01:14.086 26969 WARNING rally_openstack.scenarios.neutron.utils [-] Running this scenario without either the 'network' or 'existing_network' context is deprecated
2019-07-30 22:01:14.089 26974 INFO rally.task.runner [-] Task a48492f3-680e-49d6-9335-02c49a14a0e0 | ITER: 15 START
2019-07-30 22:01:14.090 26974 WARNING rally_openstack.scenarios.neutron.utils [-] Running this scenario without either the 'network' or 'existing_network' context is deprecated
2019-07-30 22:01:14.090 26973 INFO rally.task.runner [-] Task a48492f3-680e-49d6-9335-02c49a14a0e0 | ITER: 16 START
2019-07-30 22:01:14.091 26973 WARNING rally_openstack.scenarios.neutron.utils [-] Running this scenario without either the 'network' or 'existing_network' context is deprecated
2019-07-30 22:01:14.092 26980 RALLYDEBUG rally.task.runner [-] Starting a worker. concurrency: 1 args: {"network_create_args": {}, "port_create_args": {}, "ports_per_network": 5} times: 40 method_name: run timeout: 0 duration: None cls:
2019-07-30 22:01:14.097 26986 RALLYDEBUG rally.task.runner [-] Starting a worker. concurrency: 1 args: {"network_create_args": {}, "port_create_args": {}, "ports_per_network": 5} times: 40 method_name: run timeout: 0 duration: None cls:
2019-07-30 22:01:14.099 26980 INFO rally.task.runner [-] Task a48492f3-680e-49d6-9335-02c49a14a0e0 | ITER: 17 START
2019-07-30 22:01:14.101 26980 WARNING rally_openstack.scenarios.neutron.utils [-] Running this scenario without either the 'network' or 'existing_network' context is deprecated
2019-07-30 22:01:14.101 26986 INFO rally.task.runner [-] Task a48492f3-680e-49d6-9335-02c49a14a0e0 | ITER: 18 START
2019-07-30 22:01:14.103 26986 WARNING rally_openstack.scenarios.neutron.utils [-] Running this scenario without either the 'network' or 'existing_network' context is deprecated
2019-07-30 22:01:14.110 26992 RALLYDEBUG rally.task.runner [-] Starting a worker. concurrency: 1 args: {"network_create_args": {}, "port_create_args": {}, "ports_per_network": 5} times: 40 method_name: run timeout: 0 duration: None cls:
2019-07-30 22:01:14.112 26989 RALLYDEBUG rally.task.runner [-] Starting a worker. concurrency: 1 args: {"network_create_args": {}, "port_create_args": {}, "ports_per_network": 5} times: 40 method_name: run timeout: 0 duration: None cls:
2019-07-30 22:01:14.114 26992 INFO rally.task.runner [-] Task a48492f3-680e-49d6-9335-02c49a14a0e0 | ITER: 19 START
2019-07-30 22:01:14.115 26992 WARNING rally_openstack.scenarios.neutron.utils [-] Running this scenario without either the 'network' or 'existing_network' context is deprecated
2019-07-30 22:01:14.116 26989 INFO rally.task.runner [-] Task a48492f3-680e-49d6-9335-02c49a14a0e0 | ITER: 20 START
2019-07-30 22:01:14.117 26989 WARNING rally_openstack.scenarios.neutron.utils [-] Running this scenario without either the 'network' or 'existing_network' context is deprecated
2019-07-30 22:01:27.548 26950 INFO rally.task.runner [-] Task a48492f3-680e-49d6-9335-02c49a14a0e0 | ITER: 9 END: OK
2019-07-30 22:01:27.552 26950 INFO rally.task.runner [-] Task a48492f3-680e-49d6-9335-02c49a14a0e0 | ITER: 21 START
2019-07-30 22:01:27.553 26950 WARNING rally_openstack.scenarios.neutron.utils [-] Running this scenario without either the 'network' or 'existing_network' context is deprecated
2019-07-30 22:01:27.849 26980 INFO rally.task.runner [-] Task a48492f3-680e-49d6-9335-02c49a14a0e0 | ITER: 17 END: OK
2019-07-30 22:01:27.853 26980 INFO rally.task.runner [-] Task a48492f3-680e-49d6-9335-02c49a14a0e0 | ITER: 22 START
2019-07-30 22:01:27.854 26980 WARNING rally_openstack.scenarios.neutron.utils [-] Running this scenario without either the 'network' or 'existing_network' context is deprecated
2019-07-30 22:01:27.894 26946 INFO rally.task.runner [-] Task a48492f3-680e-49d6-9335-02c49a14a0e0 | ITER: 7 END: OK
2019-07-30 22:01:27.897 26946 INFO rally.task.runner [-] Task a48492f3-680e-49d6-9335-02c49a14a0e0 | ITER: 23 START
2019-07-30 22:01:27.897 26946 WARNING rally_openstack.scenarios.neutron.utils [-] Running this scenario without either the 'network' or 'existing_network' context is deprecated
2019-07-30 22:01:27.938 26973 INFO rally.task.runner [-] Task a48492f3-680e-49d6-9335-02c49a14a0e0 | ITER: 16 END: OK
2019-07-30 22:01:27.942 26973 INFO rally.task.runner [-] Task a48492f3-680e-49d6-9335-02c49a14a0e0 | ITER: 24 START
2019-07-30 22:01:27.943 26973 WARNING rally_openstack.scenarios.neutron.utils [-] Running this scenario without either the 'network' or 'existing_network' context is deprecated
2019-07-30 22:01:28.162 26945 INFO rally.task.runner [-] Task a48492f3-680e-49d6-9335-02c49a14a0e0 | ITER: 3 END: OK
2019-07-30 22:01:28.167 26945 INFO rally.task.runner [-] Task a48492f3-680e-49d6-9335-02c49a14a0e0 | ITER: 25 START
2019-07-30 22:01:28.168 26945 WARNING rally_openstack.scenarios.neutron.utils [-] Running this scenario without either the 'network' or 'existing_network' context is deprecated
2019-07-30 22:01:28.299 26992 INFO rally.task.runner [-] Task a48492f3-680e-49d6-9335-02c49a14a0e0 | ITER: 19 END: OK
2019-07-30 22:01:28.303 26992 INFO rally.task.runner [-] Task a48492f3-680e-49d6-9335-02c49a14a0e0 | ITER: 26 START
2019-07-30 22:01:28.304 26992 WARNING rally_openstack.scenarios.neutron.utils [-] Running this scenario without either the 'network' or 'existing_network' context is deprecated
2019-07-30 22:01:28.509 26964 INFO rally.task.runner [-] Task a48492f3-680e-49d6-9335-02c49a14a0e0 | ITER: 12 END: OK
2019-07-30 22:01:28.513 26964 INFO rally.task.runner [-] Task a48492f3-680e-49d6-9335-02c49a14a0e0 | ITER: 27 START
2019-07-30 22:01:28.513 26964 WARNING rally_openstack.scenarios.neutron.utils [-] Running this scenario without either the 'network' or 'existing_network' context is deprecated
2019-07-30 22:01:28.627 26948 INFO rally.task.runner [-] Task a48492f3-680e-49d6-9335-02c49a14a0e0 | ITER: 6 END: OK
2019-07-30 22:01:28.632 26948 INFO rally.task.runner [-] Task a48492f3-680e-49d6-9335-02c49a14a0e0 | ITER: 28 START
2019-07-30 22:01:28.632 26948 WARNING rally_openstack.scenarios.neutron.utils [-] Running this scenario without either the 'network' or 'existing_network' context is deprecated
2019-07-30 22:01:28.861 26971 INFO rally.task.runner [-] Task a48492f3-680e-49d6-9335-02c49a14a0e0 | ITER: 13 END: OK
2019-07-30 22:01:28.866 26971 INFO rally.task.runner [-] Task a48492f3-680e-49d6-9335-02c49a14a0e0 | ITER: 29 START
2019-07-30 22:01:28.866 26971 WARNING rally_openstack.scenarios.neutron.utils [-] Running this scenario without either the 'network' or 'existing_network' context is deprecated
2019-07-30 22:01:29.544 26989 INFO rally.task.runner [-] Task a48492f3-680e-49d6-9335-02c49a14a0e0 | ITER: 20 END: OK
2019-07-30 22:01:29.548 26989 INFO rally.task.runner [-] Task a48492f3-680e-49d6-9335-02c49a14a0e0 | ITER: 30 START
2019-07-30 22:01:29.549 26989 WARNING rally_openstack.scenarios.neutron.utils [-] Running this scenario without either the 'network' or 'existing_network' context is deprecated
2019-07-30 22:01:29.589 26986 INFO rally.task.runner [-] Task a48492f3-680e-49d6-9335-02c49a14a0e0 | ITER: 18 END: OK
2019-07-30 22:01:29.593 26986 INFO rally.task.runner [-] Task a48492f3-680e-49d6-9335-02c49a14a0e0 | ITER: 31 START
2019-07-30 22:01:29.594 26986 WARNING rally_openstack.scenarios.neutron.utils [-] Running this scenario without either the 'network' or 'existing_network' context is deprecated
2019-07-30 22:01:29.646 26947 INFO rally.task.runner [-] Task a48492f3-680e-49d6-9335-02c49a14a0e0 | ITER: 8 END: OK
2019-07-30 22:01:29.651 26947 INFO rally.task.runner [-] Task a48492f3-680e-49d6-9335-02c49a14a0e0 | ITER: 32 START
2019-07-30 22:01:29.652 26947 WARNING rally_openstack.scenarios.neutron.utils [-] Running this scenario without either the 'network' or 'existing_network' context is deprecated
2019-07-30 22:01:29.839 26959 INFO rally.task.runner [-] Task a48492f3-680e-49d6-9335-02c49a14a0e0 | ITER: 11 END: OK
2019-07-30 22:01:29.843 26959 INFO rally.task.runner [-] Task a48492f3-680e-49d6-9335-02c49a14a0e0 | ITER: 33 START
2019-07-30 22:01:29.844 26959 WARNING rally_openstack.scenarios.neutron.utils [-] Running this scenario without either the 'network' or 'existing_network' context is deprecated
2019-07-30 22:01:29.950 26945 INFO rally.task.runner [-] Task a48492f3-680e-49d6-9335-02c49a14a0e0 | ITER: 1 END: OK
2019-07-30 22:01:29.954 26945 INFO rally.task.runner [-] Task a48492f3-680e-49d6-9335-02c49a14a0e0 | ITER: 34 START
2019-07-30 22:01:29.955 26945 WARNING rally_openstack.scenarios.neutron.utils [-] Running this scenario without either the 'network' or 'existing_network' context is deprecated
2019-07-30 22:01:30.005 26963 INFO rally.task.runner [-] Task a48492f3-680e-49d6-9335-02c49a14a0e0 | ITER: 10 END: OK
2019-07-30 22:01:30.009 26963 INFO rally.task.runner [-] Task a48492f3-680e-49d6-9335-02c49a14a0e0 | ITER: 35 START
2019-07-30 22:01:30.010 26963 WARNING rally_openstack.scenarios.neutron.utils [-] Running this scenario without either the 'network' or 'existing_network' context is deprecated
2019-07-30 22:01:30.131 26947 INFO rally.task.runner [-] Task a48492f3-680e-49d6-9335-02c49a14a0e0 | ITER: 5 END: OK
2019-07-30 22:01:30.135 26947 INFO rally.task.runner [-] Task a48492f3-680e-49d6-9335-02c49a14a0e0 | ITER: 36 START
2019-07-30 22:01:30.136 26947 WARNING rally_openstack.scenarios.neutron.utils [-] Running this scenario without either the 'network' or 'existing_network' context is deprecated
2019-07-30 22:01:30.154 26948 INFO rally.task.runner [-] Task a48492f3-680e-49d6-9335-02c49a14a0e0 | ITER: 4 END: OK
2019-07-30 22:01:30.158 26948 INFO rally.task.runner [-] Task a48492f3-680e-49d6-9335-02c49a14a0e0 | ITER: 37 START
2019-07-30 22:01:30.158 26948 WARNING rally_openstack.scenarios.neutron.utils [-] Running this scenario without either the 'network' or 'existing_network' context is deprecated
2019-07-30 22:01:30.301 26969 INFO rally.task.runner [-] Task a48492f3-680e-49d6-9335-02c49a14a0e0 | ITER: 14 END: OK
2019-07-30 22:01:30.305 26969 INFO rally.task.runner [-] Task a48492f3-680e-49d6-9335-02c49a14a0e0 | ITER: 38 START
2019-07-30 22:01:30.306 26969 WARNING rally_openstack.scenarios.neutron.utils [-] Running this scenario without either the 'network' or 'existing_network' context is deprecated
