2019-07-30 21:46:15.046 24795 WARNING rally_openstack.scenarios.neutron.utils [-] Running this scenario without either the 'network' or 'existing_network' context is deprecated
2019-07-30 21:46:15.047 24806 INFO rally.task.runner [-] Task a48492f3-680e-49d6-9335-02c49a14a0e0 | ITER: 10 START
2019-07-30 21:46:15.048 24806 WARNING rally_openstack.scenarios.neutron.utils [-] Running this scenario without either the 'network' or 'existing_network' context is deprecated
2019-07-30 21:46:15.048 24800 INFO rally.task.runner [-] Task a48492f3-680e-49d6-9335-02c49a14a0e0 | ITER: 9 START
2019-07-30 21:46:15.049 24800 WARNING rally_openstack.scenarios.neutron.utils [-] Running this scenario without either the 'network' or 'existing_network' context is deprecated
2019-07-30 21:46:15.049 24811 RALLYDEBUG rally.task.runner [-] Starting a worker. concurrency: 1 args: {"network_create_args": {}, "subnet_create_args": {}, "subnet_cidr_start": "1.1.0.0/30", "subnets_per_network": 2} times: 40 method_name: run timeout: 0 duration: None cls:
2019-07-30 21:46:15.049 24810 RALLYDEBUG rally.task.runner [-] Starting a worker. concurrency: 1 args: {"network_create_args": {}, "subnet_create_args": {}, "subnet_cidr_start": "1.1.0.0/30", "subnets_per_network": 2} times: 40 method_name: run timeout: 0 duration: None cls:
2019-07-30 21:46:15.044 24793 WARNING rally_openstack.scenarios.neutron.utils [-] Running this scenario without either the 'network' or 'existing_network' context is deprecated
2019-07-30 21:46:15.051 24796 INFO rally.task.runner [-] Task a48492f3-680e-49d6-9335-02c49a14a0e0 | ITER: 8 START
2019-07-30 21:46:15.052 24796 WARNING rally_openstack.scenarios.neutron.utils [-] Running this scenario without either the 'network' or 'existing_network' context is deprecated
2019-07-30 21:46:15.055 24811 INFO rally.task.runner [-] Task a48492f3-680e-49d6-9335-02c49a14a0e0 | ITER: 11 START
2019-07-30 21:46:15.055 24810 INFO rally.task.runner [-] Task a48492f3-680e-49d6-9335-02c49a14a0e0 | ITER: 12 START
2019-07-30 21:46:15.056 24810 WARNING rally_openstack.scenarios.neutron.utils [-] Running this scenario without either the 'network' or 'existing_network' context is deprecated
2019-07-30 21:46:15.056 24811 WARNING rally_openstack.scenarios.neutron.utils [-] Running this scenario without either the 'network' or 'existing_network' context is deprecated
2019-07-30 21:46:15.056 24816 RALLYDEBUG rally.task.runner [-] Starting a worker. concurrency: 1 args: {"network_create_args": {}, "subnet_create_args": {}, "subnet_cidr_start": "1.1.0.0/30", "subnets_per_network": 2} times: 40 method_name: run timeout: 0 duration: None cls:
2019-07-30 21:46:15.057 24820 RALLYDEBUG rally.task.runner [-] Starting a worker. concurrency: 1 args: {"network_create_args": {}, "subnet_create_args": {}, "subnet_cidr_start": "1.1.0.0/30", "subnets_per_network": 2} times: 40 method_name: run timeout: 0 duration: None cls:
2019-07-30 21:46:15.059 24823 RALLYDEBUG rally.task.runner [-] Starting a worker. concurrency: 1 args: {"network_create_args": {}, "subnet_create_args": {}, "subnet_cidr_start": "1.1.0.0/30", "subnets_per_network": 2} times: 40 method_name: run timeout: 0 duration: None cls:
2019-07-30 21:46:15.063 24823 INFO rally.task.runner [-] Task a48492f3-680e-49d6-9335-02c49a14a0e0 | ITER: 15 START
2019-07-30 21:46:15.064 24823 WARNING rally_openstack.scenarios.neutron.utils [-] Running this scenario without either the 'network' or 'existing_network' context is deprecated
2019-07-30 21:46:15.066 24816 INFO rally.task.runner [-] Task a48492f3-680e-49d6-9335-02c49a14a0e0 | ITER: 13 START
2019-07-30 21:46:15.067 24829 RALLYDEBUG rally.task.runner [-] Starting a worker. concurrency: 1 args: {"network_create_args": {}, "subnet_create_args": {}, "subnet_cidr_start": "1.1.0.0/30", "subnets_per_network": 2} times: 40 method_name: run timeout: 0 duration: None cls:
2019-07-30 21:46:15.067 24820 INFO rally.task.runner [-] Task a48492f3-680e-49d6-9335-02c49a14a0e0 | ITER: 14 START
2019-07-30 21:46:15.068 24816 WARNING rally_openstack.scenarios.neutron.utils [-] Running this scenario without either the 'network' or 'existing_network' context is deprecated
2019-07-30 21:46:15.069 24820 WARNING rally_openstack.scenarios.neutron.utils [-] Running this scenario without either the 'network' or 'existing_network' context is deprecated
2019-07-30 21:46:15.072 24829 INFO rally.task.runner [-] Task a48492f3-680e-49d6-9335-02c49a14a0e0 | ITER: 16 START
2019-07-30 21:46:15.073 24829 WARNING rally_openstack.scenarios.neutron.utils [-] Running this scenario without either the 'network' or 'existing_network' context is deprecated
2019-07-30 21:46:15.078 24834 RALLYDEBUG rally.task.runner [-] Starting a worker. concurrency: 1 args: {"network_create_args": {}, "subnet_create_args": {}, "subnet_cidr_start": "1.1.0.0/30", "subnets_per_network": 2} times: 40 method_name: run timeout: 0 duration: None cls:
2019-07-30 21:46:15.082 24834 INFO rally.task.runner [-] Task a48492f3-680e-49d6-9335-02c49a14a0e0 | ITER: 17 START
2019-07-30 21:46:15.084 24834 WARNING rally_openstack.scenarios.neutron.utils [-] Running this scenario without either the 'network' or 'existing_network' context is deprecated
2019-07-30 21:46:15.084 24831 RALLYDEBUG rally.task.runner [-] Starting a worker. concurrency: 1 args: {"network_create_args": {}, "subnet_create_args": {}, "subnet_cidr_start": "1.1.0.0/30", "subnets_per_network": 2} times: 40 method_name: run timeout: 0 duration: None cls:
2019-07-30 21:46:15.086 24837 RALLYDEBUG rally.task.runner [-] Starting a worker. concurrency: 1 args: {"network_create_args": {}, "subnet_create_args": {}, "subnet_cidr_start": "1.1.0.0/30", "subnets_per_network": 2} times: 40 method_name: run timeout: 0 duration: None cls:
2019-07-30 21:46:15.089 24831 INFO rally.task.runner [-] Task a48492f3-680e-49d6-9335-02c49a14a0e0 | ITER: 18 START
2019-07-30 21:46:15.090 24838 RALLYDEBUG rally.task.runner [-] Starting a worker. concurrency: 1 args: {"network_create_args": {}, "subnet_create_args": {}, "subnet_cidr_start": "1.1.0.0/30", "subnets_per_network": 2} times: 40 method_name: run timeout: 0 duration: None cls:
2019-07-30 21:46:15.090 24837 INFO rally.task.runner [-] Task a48492f3-680e-49d6-9335-02c49a14a0e0 | ITER: 19 START
2019-07-30 21:46:15.090 24831 WARNING rally_openstack.scenarios.neutron.utils [-] Running this scenario without either the 'network' or 'existing_network' context is deprecated
2019-07-30 21:46:15.091 24837 WARNING rally_openstack.scenarios.neutron.utils [-] Running this scenario without either the 'network' or 'existing_network' context is deprecated
2019-07-30 21:46:15.094 24838 INFO rally.task.runner [-] Task a48492f3-680e-49d6-9335-02c49a14a0e0 | ITER: 20 START
2019-07-30 21:46:15.096 24838 WARNING rally_openstack.scenarios.neutron.utils [-] Running this scenario without either the 'network' or 'existing_network' context is deprecated
2019-07-30 21:46:16.709 24816 RALLYDEBUG rally_openstack.wrappers.network [-] CIDR generated: 1.1.4.96/30
2019-07-30 21:46:16.775 24837 RALLYDEBUG rally_openstack.wrappers.network [-] CIDR generated: 1.1.4.100/30
2019-07-30 21:46:16.846 24831 RALLYDEBUG rally_openstack.wrappers.network [-] CIDR generated: 1.1.4.104/30
2019-07-30 21:46:16.858 24796 RALLYDEBUG rally_openstack.wrappers.network [-] CIDR generated: 1.1.4.108/30
2019-07-30 21:46:16.937 24838 RALLYDEBUG rally_openstack.wrappers.network [-] CIDR generated: 1.1.4.112/30
2019-07-30 21:46:16.966 24794 RALLYDEBUG rally_openstack.wrappers.network [-] CIDR generated: 1.1.4.116/30
2019-07-30 21:46:17.081 24795 RALLYDEBUG rally_openstack.wrappers.network [-] CIDR generated: 1.1.4.120/30
2019-07-30 21:46:17.181 24794 RALLYDEBUG rally_openstack.wrappers.network [-] CIDR generated: 1.1.4.124/30
2019-07-30 21:46:17.193 24793 RALLYDEBUG rally_openstack.wrappers.network [-] CIDR generated: 1.1.4.128/30
2019-07-30 21:46:17.211 24793 RALLYDEBUG rally_openstack.wrappers.network [-] CIDR generated: 1.1.4.132/30
2019-07-30 21:46:17.241 24806 RALLYDEBUG rally_openstack.wrappers.network [-] CIDR generated: 1.1.4.136/30
2019-07-30 21:46:17.270 24823 RALLYDEBUG rally_openstack.wrappers.network [-] CIDR generated: 1.1.4.140/30
2019-07-30 21:46:17.273 24811 RALLYDEBUG rally_openstack.wrappers.network [-] CIDR generated: 1.1.4.144/30
2019-07-30 21:46:17.359 24810 RALLYDEBUG rally_openstack.wrappers.network [-] CIDR generated: 1.1.4.148/30
2019-07-30 21:46:17.364 24820 RALLYDEBUG rally_openstack.wrappers.network [-] CIDR generated: 1.1.4.152/30
2019-07-30 21:46:17.431 24834 RALLYDEBUG rally_openstack.wrappers.network [-] CIDR generated: 1.1.4.156/30
2019-07-30 21:46:17.431 24829 RALLYDEBUG rally_openstack.wrappers.network [-] CIDR generated: 1.1.4.160/30
2019-07-30 21:46:17.433 24795 RALLYDEBUG rally_openstack.wrappers.network [-] CIDR generated: 1.1.4.164/30
2019-07-30 21:46:17.641 24800 RALLYDEBUG rally_openstack.wrappers.network [-] CIDR generated: 1.1.4.168/30
2019-07-30 21:46:17.672 24796 RALLYDEBUG rally_openstack.wrappers.network [-] CIDR generated: 1.1.4.172/30
2019-07-30 21:46:18.402 24837 RALLYDEBUG rally_openstack.wrappers.network [-] CIDR generated: 1.1.4.176/30
2019-07-30 21:46:18.451 24794 RALLYDEBUG rally_openstack.wrappers.network [-] CIDR generated: 1.1.4.180/30
2019-07-30 21:46:18.887 24829 RALLYDEBUG rally_openstack.wrappers.network [-] CIDR generated: 1.1.4.184/30
2019-07-30 21:46:18.925 24794 RALLYDEBUG rally_openstack.wrappers.network [-] CIDR generated: 1.1.4.188/30
2019-07-30 21:46:19.032 24793 RALLYDEBUG rally_openstack.wrappers.network [-] CIDR generated: 1.1.4.192/30
2019-07-30 21:46:19.055 24831 RALLYDEBUG rally_openstack.wrappers.network [-] CIDR generated: 1.1.4.196/30
2019-07-30 21:46:19.109 24816 RALLYDEBUG rally_openstack.wrappers.network [-] CIDR generated: 1.1.4.200/30
2019-07-30 21:46:19.421 24795 RALLYDEBUG rally_openstack.wrappers.network [-] CIDR generated: 1.1.4.204/30
2019-07-30 21:46:19.636 24838 RALLYDEBUG rally_openstack.wrappers.network [-] CIDR generated: 1.1.4.208/30
2019-07-30 21:46:19.840 24823 RALLYDEBUG rally_openstack.wrappers.network [-] CIDR generated: 1.1.4.212/30
2019-07-30 21:46:20.013 24796 RALLYDEBUG rally_openstack.wrappers.network [-] CIDR generated: 1.1.4.216/30
2019-07-30 21:46:20.223 24806 RALLYDEBUG rally_openstack.wrappers.network [-] CIDR generated: 1.1.4.220/30
2019-07-30 21:46:20.522 24800 RALLYDEBUG rally_openstack.wrappers.network [-] CIDR generated: 1.1.4.224/30
2019-07-30 21:46:20.744 24796 RALLYDEBUG rally_openstack.wrappers.network [-] CIDR generated: 1.1.4.228/30
2019-07-30 21:46:20.921 24793 RALLYDEBUG rally_openstack.wrappers.network [-] CIDR generated: 1.1.4.232/30
2019-07-30 21:46:20.975 24811 RALLYDEBUG rally_openstack.wrappers.network [-] CIDR generated: 1.1.4.236/30
2019-07-30 21:46:20.998 24820 RALLYDEBUG rally_openstack.wrappers.network [-] CIDR generated: 1.1.4.240/30
2019-07-30 21:46:21.217 24834 RALLYDEBUG rally_openstack.wrappers.network [-] CIDR generated: 1.1.4.244/30
2019-07-30 21:46:21.265 24795 RALLYDEBUG rally_openstack.wrappers.network [-] CIDR generated: 1.1.4.248/30
2019-07-30 21:46:21.349 24810 RALLYDEBUG rally_openstack.wrappers.network [-] CIDR generated: 1.1.4.252/30
2019-07-30 21:46:24.987 24795 INFO rally.task.runner [-] Task a48492f3-680e-49d6-9335-02c49a14a0e0 | ITER: 5 END: OK
2019-07-30 21:46:24.991 24795 INFO rally.task.runner [-] Task a48492f3-680e-49d6-9335-02c49a14a0e0 | ITER: 21 START
2019-07-30 21:46:24.992 24795 WARNING rally_openstack.scenarios.neutron.utils [-] Running this scenario without either the 'network' or 'existing_network' context is deprecated
2019-07-30 21:46:25.175 24823 INFO rally.task.runner [-] Task a48492f3-680e-49d6-9335-02c49a14a0e0 | ITER: 15 END: OK
2019-07-30 21:46:25.180 24823 INFO rally.task.runner [-] Task a48492f3-680e-49d6-9335-02c49a14a0e0 | ITER: 22 START
2019-07-30 21:46:25.180 24823 WARNING rally_openstack.scenarios.neutron.utils [-] Running this scenario without either the 'network' or 'existing_network' context is deprecated
2019-07-30 21:46:25.286 24829 INFO rally.task.runner [-] Task a48492f3-680e-49d6-9335-02c49a14a0e0 | ITER: 16 END: OK
2019-07-30 21:46:25.290 24829 INFO rally.task.runner [-] Task a48492f3-680e-49d6-9335-02c49a14a0e0 | ITER: 23 START
2019-07-30 21:46:25.291 24829 WARNING rally_openstack.scenarios.neutron.utils [-] Running this scenario without either the 'network' or 'existing_network' context is deprecated
2019-07-30 21:46:25.529 24810 INFO rally.task.runner [-] Task a48492f3-680e-49d6-9335-02c49a14a0e0 | ITER: 12 END: OK
2019-07-30 21:46:25.534 24810 INFO rally.task.runner [-] Task a48492f3-680e-49d6-9335-02c49a14a0e0 | ITER: 24 START
2019-07-30 21:46:25.534 24810 WARNING rally_openstack.scenarios.neutron.utils [-] Running this scenario without either the 'network' or 'existing_network' context is deprecated
2019-07-30 21:46:25.765 24794 INFO rally.task.runner [-] Task a48492f3-680e-49d6-9335-02c49a14a0e0 | ITER: 1 END: OK
2019-07-30 21:46:25.769 24794 INFO rally.task.runner [-] Task a48492f3-680e-49d6-9335-02c49a14a0e0 | ITER: 25 START
2019-07-30 21:46:25.770 24794 WARNING rally_openstack.scenarios.neutron.utils [-] Running this scenario without either the 'network' or 'existing_network' context is deprecated
2019-07-30 21:46:25.783 24793 INFO rally.task.runner [-] Task a48492f3-680e-49d6-9335-02c49a14a0e0 | ITER: 2 END: OK
2019-07-30 21:46:25.787 24793 INFO rally.task.runner [-] Task a48492f3-680e-49d6-9335-02c49a14a0e0 | ITER: 26 START
2019-07-30 21:46:25.788 24793 WARNING rally_openstack.scenarios.neutron.utils [-] Running this scenario without either the 'network' or 'existing_network' context is deprecated
2019-07-30 21:46:26.111 24837 INFO rally.task.runner [-] Task a48492f3-680e-49d6-9335-02c49a14a0e0 | ITER: 19 END: OK
2019-07-30 21:46:26.116 24837 INFO rally.task.runner [-] Task a48492f3-680e-49d6-9335-02c49a14a0e0 | ITER: 27 START
2019-07-30 21:46:26.116 24837 WARNING rally_openstack.scenarios.neutron.utils [-] Running this scenario without either the 'network' or 'existing_network' context is deprecated
2019-07-30 21:46:26.239 24831 INFO rally.task.runner [-] Task a48492f3-680e-49d6-9335-02c49a14a0e0 | ITER: 18 END: OK
2019-07-30 21:46:26.244 24831 INFO rally.task.runner [-] Task a48492f3-680e-49d6-9335-02c49a14a0e0 | ITER: 28 START
2019-07-30 21:46:26.244 24831 WARNING rally_openstack.scenarios.neutron.utils [-] Running this scenario without either the 'network' or 'existing_network' context is deprecated
2019-07-30 21:46:26.322 24838 INFO rally.task.runner [-] Task a48492f3-680e-49d6-9335-02c49a14a0e0 | ITER: 20 END: OK
2019-07-30 21:46:26.327 24838 INFO rally.task.runner [-] Task a48492f3-680e-49d6-9335-02c49a14a0e0 | ITER: 29 START
2019-07-30 21:46:26.328 24838 WARNING rally_openstack.scenarios.neutron.utils [-] Running this scenario without either the 'network' or 'existing_network' context is deprecated
2019-07-30 21:46:26.510 24795 RALLYDEBUG rally_openstack.wrappers.network [-] CIDR generated: 1.1.5.0/30
2019-07-30 21:46:26.729 24829 RALLYDEBUG rally_openstack.wrappers.network [-] CIDR generated: 1.1.5.4/30
2019-07-30 21:46:26.780 24816 INFO rally.task.runner [-] Task a48492f3-680e-49d6-9335-02c49a14a0e0 | ITER: 13 END: OK
2019-07-30 21:46:26.784 24816 INFO rally.task.runner [-] Task a48492f3-680e-49d6-9335-02c49a14a0e0 | ITER: 30 START
2019-07-30 21:46:26.785 24816 WARNING rally_openstack.scenarios.neutron.utils [-] Running this scenario without either the 'network' or 'existing_network' context is deprecated
2019-07-30 21:46:26.787 24823 RALLYDEBUG rally_openstack.wrappers.network [-] CIDR generated: 1.1.5.8/30
2019-07-30 21:46:27.016 24810 RALLYDEBUG rally_openstack.wrappers.network [-] CIDR generated: 1.1.5.12/30
2019-07-30 21:46:27.102 24794 INFO rally.task.runner [-] Task a48492f3-680e-49d6-9335-02c49a14a0e0 | ITER: 3 END: OK
2019-07-30 21:46:27.106 24794 INFO rally.task.runner [-] Task a48492f3-680e-49d6-9335-02c49a14a0e0 | ITER: 31 START
2019-07-30 21:46:27.107 24794 WARNING rally_openstack.scenarios.neutron.utils [-] Running this scenario without either the 'network' or 'existing_network' context is deprecated
2019-07-30 21:46:27.480 24794 RALLYDEBUG rally_openstack.wrappers.network [-] CIDR generated: 1.1.5.16/30
2019-07-30 21:46:27.489 24793 RALLYDEBUG rally_openstack.wrappers.network [-] CIDR generated: 1.1.5.20/30
2019-07-30 21:46:27.639 24837 RALLYDEBUG rally_openstack.wrappers.network [-] CIDR generated: 1.1.5.24/30
2019-07-30 21:46:27.777 24831 RALLYDEBUG rally_openstack.wrappers.network [-] CIDR generated: 1.1.5.28/30
2019-07-30 21:46:27.909 24800 INFO rally.task.runner [-] Task a48492f3-680e-49d6-9335-02c49a14a0e0 | ITER: 9 END: OK
2019-07-30 21:46:27.914 24800 INFO rally.task.runner [-] Task a48492f3-680e-49d6-9335-02c49a14a0e0 | ITER: 32 START
2019-07-30 21:46:27.914 24800 WARNING rally_openstack.scenarios.neutron.utils [-] Running this scenario without either the 'network' or 'existing_network' context is deprecated
2019-07-30 21:46:27.948 24796 INFO rally.task.runner [-] Task a48492f3-680e-49d6-9335-02c49a14a0e0 | ITER: 7 END: OK
2019-07-30 21:46:27.953 24796 INFO rally.task.runner [-] Task a48492f3-680e-49d6-9335-02c49a14a0e0 | ITER: 33 START
2019-07-30 21:46:27.954 24796 WARNING rally_openstack.scenarios.neutron.utils [-] Running this scenario without either the 'network' or 'existing_network' context is deprecated
2019-07-30 21:46:28.015 24793 INFO rally.task.runner [-] Task a48492f3-680e-49d6-9335-02c49a14a0e0 | ITER: 6 END: OK
2019-07-30 21:46:28.019 24793 INFO rally.task.runner [-] Task a48492f3-680e-49d6-9335-02c49a14a0e0 | ITER: 34 START
2019-07-30 21:46:28.020 24793 WARNING rally_openstack.scenarios.neutron.utils [-] Running this scenario without either the 'network' or 'existing_network' context is deprecated
2019-07-30 21:46:28.054 24838 RALLYDEBUG rally_openstack.wrappers.network [-] CIDR generated: 1.1.5.32/30
2019-07-30 21:46:28.329 24823 RALLYDEBUG rally_openstack.wrappers.network [-] CIDR generated: 1.1.5.36/30
2019-07-30 21:46:28.379 24829 RALLYDEBUG rally_openstack.wrappers.network [-] CIDR generated: 1.1.5.40/30
2019-07-30 21:46:28.473 24795 INFO rally.task.runner [-] Task a48492f3-680e-49d6-9335-02c49a14a0e0 | ITER: 4 END: OK
2019-07-30 21:46:28.478 24795 INFO rally.task.runner [-] Task a48492f3-680e-49d6-9335-02c49a14a0e0 | ITER: 35 START
2019-07-30 21:46:28.478 24795 WARNING rally_openstack.scenarios.neutron.utils [-] Running this scenario without either the 'network' or 'existing_network' context is deprecated
2019-07-30 21:46:28.516 24816 RALLYDEBUG rally_openstack.wrappers.network [-] CIDR generated: 1.1.5.44/30
2019-07-30 21:46:28.974 24820 INFO rally.task.runner [-] Task a48492f3-680e-49d6-9335-02c49a14a0e0 | ITER: 14 END: OK
2019-07-30 21:46:28.979 24820 INFO rally.task.runner [-] Task a48492f3-680e-49d6-9335-02c49a14a0e0 | ITER: 36 START
2019-07-30 21:46:28.980 24820 WARNING rally_openstack.scenarios.neutron.utils [-] Running this scenario without either the 'network' or 'existing_network' context is deprecated
2019-07-30 21:46:29.143 24794 RALLYDEBUG rally_openstack.wrappers.network [-] CIDR generated: 1.1.5.48/30
2019-07-30 21:46:29.360 24796 INFO rally.task.runner [-] Task a48492f3-680e-49d6-9335-02c49a14a0e0 | ITER: 8 END: OK
2019-07-30 21:46:29.363 24796 INFO rally.task.runner [-] Task a48492f3-680e-49d6-9335-02c49a14a0e0 | ITER: 37 START
2019-07-30 21:46:29.364 24796 WARNING rally_openstack.scenarios.neutron.utils [-] Running this scenario without either the 'network' or 'existing_network' context is deprecated
2019-07-30 21:46:29.397 24796 RALLYDEBUG rally_openstack.wrappers.network [-] CIDR generated: 1.1.5.52/30
2019-07-30 21:46:29.493 24795 RALLYDEBUG rally_openstack.wrappers.network [-] CIDR generated: 1.1.5.56/30
2019-07-30 21:46:29.648 24793 RALLYDEBUG rally_openstack.wrappers.network [-] CIDR generated: 1.1.5.60/30
2019-07-30 21:46:29.661 24806 INFO rally.task.runner [-] Task a48492f3-680e-49d6-9335-02c49a14a0e0 | ITER: 10 END: OK
2019-07-30 21:46:29.666 24806 INFO rally.task.runner [-] Task a48492f3-680e-49d6-9335-02c49a14a0e0 | ITER: 38 START
2019-07-30 21:46:29.667 24806 WARNING rally_openstack.scenarios.neutron.utils [-] Running this scenario without either the 'network' or 'existing_network' context is deprecated
2019-07-30 21:46:29.823 24810 RALLYDEBUG rally_openstack.wrappers.network [-] CIDR generated: 1.1.5.64/30
2019-07-30 21:46:29.868 24794 RALLYDEBUG rally_openstack.wrappers.network [-] CIDR generated: 1.1.5.68/30
2019-07-30 21:46:30.068 24837 RALLYDEBUG rally_openstack.wrappers.network [-] CIDR generated: 1.1.5.72/30
2019-07-30 21:46:30.082 24811 INFO rally.task.runner [-] Task a48492f3-680e-49d6-9335-02c49a14a0e0 | ITER: 11 END: OK
2019-07-30 21:46:30.086 24811 INFO rally.task.runner [-] Task a48492f3-680e-49d6-9335-02c49a14a0e0 | ITER: 39 START
2019-07-30 21:46:30.087 24811 WARNING rally_openstack.scenarios.neutron.utils [-] Running this scenario without either the 'network' or 'existing_network' context is deprecated
2019-07-30 21:46:30.384 24800 RALLYDEBUG rally_openstack.wrappers.network [-] CIDR generated: 1.1.5.76/30
2019-07-30 21:46:30.648 24838 RALLYDEBUG rally_openstack.wrappers.network [-] CIDR generated: 1.1.5.80/30
2019-07-30 21:46:30.703 24795 RALLYDEBUG rally_openstack.wrappers.network [-] CIDR generated: 1.1.5.84/30
2019-07-30 21:46:30.797 24831 RALLYDEBUG rally_openstack.wrappers.network [-] CIDR generated: 1.1.5.88/30
2019-07-30 21:46:30.860 24820 RALLYDEBUG rally_openstack.wrappers.network [-] CIDR generated: 1.1.5.92/30
2019-07-30 21:46:31.292 24796 RALLYDEBUG rally_openstack.wrappers.network [-] CIDR generated: 1.1.5.96/30
2019-07-30 21:46:31.487 24793 RALLYDEBUG rally_openstack.wrappers.network [-] CIDR generated: 1.1.5.100/30
2019-07-30 21:46:31.499 24806 RALLYDEBUG rally_openstack.wrappers.network [-] CIDR generated: 1.1.5.104/30
2019-07-30 21:46:31.703 24816 RALLYDEBUG rally_openstack.wrappers.network [-] CIDR generated: 1.1.5.108/30
2019-07-30 21:46:31.900 24811 RALLYDEBUG rally_openstack.wrappers.network [-] CIDR generated: 1.1.5.112/30
2019-07-30 21:46:32.240 24834 INFO rally.task.runner [-] Task a48492f3-680e-49d6-9335-02c49a14a0e0 | ITER: 17 END: OK
2019-07-30 21:46:32.244 24834 INFO rally.task.runner [-] Task a48492f3-680e-49d6-9335-02c49a14a0e0 | ITER: 40 START
2019-07-30 21:46:32.245 24834 WARNING rally_openstack.scenarios.neutron.utils [-] Running this scenario without either the 'network' or 'existing_network' context is deprecated
2019-07-30 21:46:32.732 24796 RALLYDEBUG rally_openstack.wrappers.network [-] CIDR generated: 1.1.5.116/30
2019-07-30 21:46:32.751 24794 RALLYDEBUG rally_openstack.wrappers.network [-] CIDR generated: 1.1.5.120/30
2019-07-30 21:46:33.008 24800 RALLYDEBUG rally_openstack.wrappers.network [-] CIDR generated: 1.1.5.124/30
2019-07-30 21:46:33.160 24793 RALLYDEBUG rally_openstack.wrappers.network [-] CIDR generated: 1.1.5.128/30
2019-07-30 21:46:33.775 24795 RALLYDEBUG rally_openstack.wrappers.network [-] CIDR generated: 1.1.5.132/30
2019-07-30 21:46:33.902 24834 RALLYDEBUG rally_openstack.wrappers.network [-] CIDR generated: 1.1.5.136/30
2019-07-30 21:46:34.351 24811 RALLYDEBUG rally_openstack.wrappers.network [-] CIDR generated: 1.1.5.140/30
2019-07-30 21:46:34.620 24829 INFO rally.task.runner [-] Task a48492f3-680e-49d6-9335-02c49a14a0e0 | ITER: 23 END: OK
2019-07-30 21:46:34.836 24820 RALLYDEBUG rally_openstack.wrappers.network [-] CIDR generated: 1.1.5.144/30
2019-07-30 21:46:34.950 24806 RALLYDEBUG rally_openstack.wrappers.network [-] CIDR generated: 1.1.5.148/30
2019-07-30 21:46:35.013 24796 RALLYDEBUG rally_openstack.wrappers.network [-] CIDR generated: 1.1.5.152/30
2019-07-30 21:46:36.528 24794 INFO rally.task.runner [-] Task a48492f3-680e-49d6-9335-02c49a14a0e0 | ITER: 25 END: OK
2019-07-30 21:46:36.541 24810 INFO rally.task.runner [-] Task a48492f3-680e-49d6-9335-02c49a14a0e0 | ITER: 24 END: OK
2019-07-30 21:46:36.864 24837 INFO rally.task.runner [-] Task a48492f3-680e-49d6-9335-02c49a14a0e0 | ITER: 27 END: OK
2019-07-30 21:46:37.466 24823 INFO rally.task.runner [-] Task a48492f3-680e-49d6-9335-02c49a14a0e0 | ITER: 22 END: OK
2019-07-30 21:46:37.542 24838 INFO rally.task.runner [-] Task a48492f3-680e-49d6-9335-02c49a14a0e0 | ITER: 29 END: OK
2019-07-30 21:46:37.699 24834 RALLYDEBUG rally_openstack.wrappers.network [-] CIDR generated: 1.1.5.156/30
2019-07-30 21:46:37.742 24831 INFO rally.task.runner [-] Task a48492f3-680e-49d6-9335-02c49a14a0e0 | ITER: 28 END: OK
2019-07-30 21:46:37.991 24816 INFO rally.task.runner [-] Task a48492f3-680e-49d6-9335-02c49a14a0e0 | ITER: 30 END: OK
2019-07-30 21:46:38.006 24795 INFO rally.task.runner [-] Task a48492f3-680e-49d6-9335-02c49a14a0e0 | ITER: 21 END: OK
2019-07-30 21:46:38.308 24793 INFO rally.task.runner [-] Task a48492f3-680e-49d6-9335-02c49a14a0e0 | ITER: 26 END: OK
2019-07-30 21:46:38.330 24796 INFO rally.task.runner [-] Task a48492f3-680e-49d6-9335-02c49a14a0e0 | ITER: 33 END: OK
2019-07-30 21:46:38.630 24794 INFO rally.task.runner [-] Task a48492f3-680e-49d6-9335-02c49a14a0e0 | ITER: 31 END: OK
2019-07-30 21:46:39.008 24800 INFO rally.task.runner [-] Task a48492f3-680e-49d6-9335-02c49a14a0e0 | ITER: 32 END: OK
2019-07-30 21:46:39.274 24795 INFO rally.task.runner [-] Task a48492f3-680e-49d6-9335-02c49a14a0e0 | ITER: 35 END: OK
2019-07-30 21:46:39.489 24793 INFO rally.task.runner [-] Task a48492f3-680e-49d6-9335-02c49a14a0e0 | ITER: 34 END: OK
2019-07-30 21:46:40.080 24806 INFO rally.task.runner [-] Task a48492f3-680e-49d6-9335-02c49a14a0e0 | ITER: 38 END: OK
2019-07-30 21:46:40.095 24820 INFO rally.task.runner [-] Task a48492f3-680e-49d6-9335-02c49a14a0e0 | ITER: 36 END: OK
2019-07-30 21:46:40.372 24796 INFO rally.task.runner [-] Task a48492f3-680e-49d6-9335-02c49a14a0e0 | ITER: 37 END: OK
2019-07-30 21:46:41.088 24811 INFO rally.task.runner [-] Task a48492f3-680e-49d6-9335-02c49a14a0e0 | ITER: 39 END: OK
2019-07-30 21:46:42.903 24834 INFO rally.task.runner [-] Task a48492f3-680e-49d6-9335-02c49a14a0e0 | ITER: 40 END: OK
2019-07-30 21:46:42.933 22699 INFO rally.task.context [-] Task a48492f3-680e-49d6-9335-02c49a14a0e0 | Context cleanup@openstack cleanup() started
2019-07-30 21:46:42.935 22699 RALLYDEBUG rally_openstack.cleanup.manager [-] Cleaning up neutron vip objects
2019-07-30 21:46:43.645 22699 RALLYDEBUG rally_openstack.cleanup.manager [-] Cleaning up neutron health_monitor objects
2019-07-30 21:46:44.410 22699 RALLYDEBUG rally_openstack.cleanup.manager [-] Cleaning up neutron pool objects
2019-07-30 21:46:45.280 22699 RALLYDEBUG rally_openstack.cleanup.manager [-] Cleaning up neutron loadbalancer objects
2019-07-30 21:46:46.059 22699 RALLYDEBUG rally_openstack.cleanup.manager [-] Cleaning up neutron floatingip objects
2019-07-30 21:46:46.917 22699 RALLYDEBUG rally_openstack.cleanup.manager [-] Cleaning up neutron port objects
2019-07-30 21:46:47.774 22699 RALLYDEBUG rally_openstack.cleanup.manager [-] Cleaning up neutron subnet objects
2019-07-30 21:46:48.474 22699 RALLYDEBUG rally_openstack.cleanup.manager [-] Cleaning up neutron network objects
2019-07-30 21:46:49.334 22699 RALLYDEBUG rally_openstack.cleanup.manager [-] Deleting neutron.network object s_rally_00a5fcdd_OQcbfYsP (020d33a6-a22f-43f9-9980-9de857efb7f1)
2019-07-30 21:46:49.341 22699 RALLYDEBUG rally_openstack.cleanup.manager [-] Deleting neutron.network object s_rally_00a5fcdd_FzIbTlJr (1799c2ee-5f7a-4c23-a400-0423511db99d)
2019-07-30 21:46:49.348 22699 RALLYDEBUG rally_openstack.cleanup.manager [-] Deleting neutron.network object s_rally_00a5fcdd_nP4QwbPy (189ad244-bcbe-4c60-a269-2ff1305796e0)
2019-07-30 21:46:49.351 22699 RALLYDEBUG rally_openstack.cleanup.manager [-] Deleting neutron.network object s_rally_00a5fcdd_dAO4Cpqo (2bd5556a-a0d3-4849-9e87-42d108844ffa)
2019-07-30 21:46:49.529 22699 RALLYDEBUG rally_openstack.cleanup.manager [-] Deleting neutron.network object s_rally_00a5fcdd_mXwd0VcS (2f675647-2b4c-4ed3-94fd-5e3b7794e181)
2019-07-30 21:46:49.530 22699 RALLYDEBUG rally_openstack.cleanup.manager [-] Deleting neutron.network object s_rally_00a5fcdd_Vph0V8je (359fe636-188c-4052-afcf-a3f7c9135e29)
2019-07-30 21:46:49.541 22699 RALLYDEBUG rally_openstack.cleanup.manager [-] Deleting neutron.network object s_rally_00a5fcdd_dpUF3NuN (3c19b27e-3ef8-4536-8fbe-846f6750661a)
2019-07-30 21:46:49.550 22699 RALLYDEBUG rally_openstack.cleanup.manager [-] Deleting neutron.network object s_rally_00a5fcdd_rG4tVjVI (3b004127-19b2-4517-90e0-ded9150ba4f7)
2019-07-30 21:46:49.563 22699 RALLYDEBUG rally_openstack.cleanup.manager [-] Deleting neutron.network object s_rally_00a5fcdd_59NNyamX (3ff00e4f-30bd-4730-a455-22ee4d448e73)
2019-07-30 21:46:49.568 22699 RALLYDEBUG rally_openstack.cleanup.manager [-] Deleting neutron.network object s_rally_00a5fcdd_7kOlEamW (401e26a0-d7e1-4c69-bcc6-9c944f4c5516)
2019-07-30 21:46:49.588 22699 RALLYDEBUG rally_openstack.cleanup.manager [-] Deleting neutron.network object s_rally_00a5fcdd_qQtjTUch (49857cbc-bc99-4c19-a285-853ceda5294d)
2019-07-30 21:46:49.597 22699 RALLYDEBUG rally_openstack.cleanup.manager [-] Deleting neutron.network object s_rally_00a5fcdd_QhIqQ3cM (503a0aba-32aa-48c6-aec6-b8e5d61cb2fe)
2019-07-30 21:46:49.600 22699 RALLYDEBUG rally_openstack.cleanup.manager [-] Deleting neutron.network object s_rally_00a5fcdd_rF7EYZ1s (495d2c31-b5e7-47fb-b561-5fa527ab19f1)
2019-07-30 21:46:49.616 22699 RALLYDEBUG rally_openstack.cleanup.manager [-] Deleting neutron.network object s_rally_00a5fcdd_PS0f4ClT (4d83be5d-7bc8-46f5-b1f6-e619461f2ea1)
2019-07-30 21:46:49.638 22699 RALLYDEBUG rally_openstack.cleanup.manager [-] Deleting neutron.network object s_rally_00a5fcdd_JCc0Ji3o (6a0dda13-afc9-40b9-ab5f-f607ee57c368)
2019-07-30 21:46:49.639 22699 RALLYDEBUG rally_openstack.cleanup.manager [-] Deleting neutron.network object s_rally_00a5fcdd_48eTu7HL (6b90b782-775d-4b71-983b-0ae6842a2d38)
2019-07-30 21:46:49.666 22699 RALLYDEBUG rally_openstack.cleanup.manager [-] Deleting neutron.network object s_rally_00a5fcdd_63ACc4GK (7385e084-e8ae-4c3a-bbd8-8875f14915c7)
2019-07-30 21:46:49.670 22699 RALLYDEBUG rally_openstack.cleanup.manager [-] Deleting neutron.network object s_rally_00a5fcdd_lu9hkZuN (560e8fa3-117d-4b85-97f0-a39f92863b33)
2019-07-30 21:46:49.682 22699 RALLYDEBUG rally_openstack.cleanup.manager [-] Deleting neutron.network object s_rally_00a5fcdd_RQmhe11o (74868734-2733-4264-8dac-d179066c7c6b)
2019-07-30 21:46:49.692 22699 RALLYDEBUG rally_openstack.cleanup.manager [-] Deleting neutron.network object s_rally_00a5fcdd_89B5Ra0r (787ca517-c307-4968-9504-e958dcb85ead)
2019-07-30 21:46:52.355 22699 RALLYDEBUG rally_openstack.cleanup.manager [-] Deleting neutron.network object s_rally_00a5fcdd_0qLw1VBp (793ce286-08a1-4ee7-bef4-4f090bac594f)
2019-07-30 21:46:52.506 22699 RALLYDEBUG rally_openstack.cleanup.manager [-] Deleting neutron.network object s_rally_00a5fcdd_C5u772eO (7b992026-556b-4cb8-ba48-3ae6ddb54ddc)
2019-07-30 21:46:52.573 22699 RALLYDEBUG rally_openstack.cleanup.manager [-] Deleting neutron.network object s_rally_00a5fcdd_q4TE2xuB (7fa184ec-95a2-4d30-9bbb-f7a9ef51c98c)
2019-07-30 21:46:52.579 22699 RALLYDEBUG rally_openstack.cleanup.manager [-] Deleting neutron.network object s_rally_00a5fcdd_KDJURbsX (841fe0f4-47a2-4579-a100-4f1bfd97e04a)
2019-07-30 21:46:52.599 22699 RALLYDEBUG rally_openstack.cleanup.manager [-] Deleting neutron.network object s_rally_00a5fcdd_s8LsDWJ6 (890a1c0c-85e9-4668-8585-f84ebfb327b6)
2019-07-30 21:46:52.644 22699 RALLYDEBUG rally_openstack.cleanup.manager [-] Deleting neutron.network object s_rally_00a5fcdd_0wvevCJ6 (8a0d6812-67bc-47f8-b578-b1369bd1adf9)
2019-07-30 21:46:52.754 22699 RALLYDEBUG rally_openstack.cleanup.manager [-] Deleting neutron.network object s_rally_00a5fcdd_mL1pEVfv (969a781e-5336-43c7-bccf-7af0494747e0)
2019-07-30 21:46:52.897 22699 RALLYDEBUG rally_openstack.cleanup.manager [-] Deleting neutron.network object s_rally_00a5fcdd_mJ04arkp (9714b50e-a329-45d0-bd2a-26dba245b9db)
2019-07-30 21:46:52.965 22699 RALLYDEBUG rally_openstack.cleanup.manager [-] Deleting neutron.network object s_rally_00a5fcdd_TJhIEb8G (9bcfb62b-08dd-4fc6-8582-448e2f854861)
2019-07-30 21:46:53.195 22699 RALLYDEBUG rally_openstack.cleanup.manager [-] Deleting neutron.network object s_rally_00a5fcdd_mjJVLM1X (a2811f84-6d96-4067-adc4-ac531a73d2fe)
2019-07-30 21:46:53.283 22699 RALLYDEBUG rally_openstack.cleanup.manager [-] Deleting neutron.network object s_rally_00a5fcdd_tFlkeEUS (a447b230-f677-4eb8-94cc-7ad9c44d4a54)
2019-07-30 21:46:53.326 22699 RALLYDEBUG rally_openstack.cleanup.manager [-] Deleting neutron.network object s_rally_00a5fcdd_PpTpN1P0 (af6b9322-10a3-4cd9-8d22-5fe33e60c6c5)
2019-07-30 21:46:53.347 22699 RALLYDEBUG rally_openstack.cleanup.manager [-] Deleting neutron.network object s_rally_00a5fcdd_p5Jqcjan (c723c583-d1eb-4eb2-bcff-b23220b8ea8a)
2019-07-30 21:46:53.407 22699 RALLYDEBUG rally_openstack.cleanup.manager [-] Deleting neutron.network object s_rally_00a5fcdd_gGVWnix1 (d3e3e5c4-cfb8-4b0c-9b85-699b3b57fcc4)
2019-07-30 21:46:53.727 22699 RALLYDEBUG rally_openstack.cleanup.manager [-] Deleting neutron.network object s_rally_00a5fcdd_GskGgIFx (e3c96f6b-df6b-4769-a616-30a629c793c9)
2019-07-30 21:46:53.732 22699 RALLYDEBUG rally_openstack.cleanup.manager [-] Deleting neutron.network object s_rally_00a5fcdd_SigWyLqT (d989ad29-7140-4e83-8953-5cf60021a9ab)
2019-07-30 21:46:53.980 22699 RALLYDEBUG rally_openstack.cleanup.manager [-] Deleting neutron.network object s_rally_00a5fcdd_YG3pUznb (e844312d-3b24-4af0-b4f5-8f10626eb41f)
2019-07-30 21:46:54.026 22699 RALLYDEBUG rally_openstack.cleanup.manager [-] Deleting neutron.network object s_rally_00a5fcdd_b7VOb6sk (edb4e0c2-9499-4111-9430-58f30d47ab5e)
2019-07-30 21:46:54.147 22699 RALLYDEBUG rally_openstack.cleanup.manager [-] Deleting neutron.network object s_rally_00a5fcdd_IWBhx9Xu (feb24fce-18b5-4202-b3fe-4391b268d90a)
2019-07-30 21:46:54.561 22699 RALLYDEBUG rally_openstack.cleanup.manager [-] Deleting neutron.network object s_rally_00a5fcdd_zkIFanwq (feba4e5b-8841-45ce-a542-0f9746e66831)
2019-07-30 21:46:57.160 22699 RALLYDEBUG rally_openstack.cleanup.manager [-] Cleaning up neutron router objects
2019-07-30 21:46:57.862 22699 RALLYDEBUG rally_openstack.cleanup.manager [-] Cleaning up neutron security_group objects
2019-07-30 21:46:58.739 22699 INFO rally.task.context [-] Task a48492f3-680e-49d6-9335-02c49a14a0e0 | Context cleanup@openstack cleanup() finished in 15.81 sec
2019-07-30 21:46:58.740 22699 INFO rally.task.context [-] Task a48492f3-680e-49d6-9335-02c49a14a0e0 | Context quotas@openstack cleanup() started
2019-07-30 21:46:59.090 22699 INFO rally.task.context [-] Task a48492f3-680e-49d6-9335-02c49a14a0e0 | Context quotas@openstack cleanup() finished in 0.35 sec
2019-07-30 21:46:59.090 22699 INFO rally.task.context [-] Task a48492f3-680e-49d6-9335-02c49a14a0e0 | Context users@openstack cleanup() started
2019-07-30 21:47:04.189 22699 INFO rally.task.context [-] Task a48492f3-680e-49d6-9335-02c49a14a0e0 | Context users@openstack cleanup() finished in 5.10 sec
2019-07-30 21:47:05.817 22699 INFO rally.task.engine [-] Load duration is: 27.865919
2019-07-30 21:47:05.818 22699 INFO rally.task.engine [-] Full runner duration is: 27.914493
2019-07-30 21:47:05.818 22699 INFO rally.task.engine [-] Full duration is: 54.633119
2019-07-30 21:47:06.076 22699 INFO rally.task.engine [-] Running workload: position = 0 config = { "version": 2, "title": "A cropped version of a bigger task.", "description": "Auto-generated task from a single workload (uuid=26a4b993-b120-4877-9c8b-5ac5266752a4)", "subtasks": [ { "title": "NeutronNetworks.create_and_list_routers", "description": "Create and a given number of routers and list all routers.", "scenario": { "NeutronNetworks.create_and_list_routers": { "network_create_args": null, "subnet_create_args": null, "subnet_cidr_start": "1.1.0.0/30", "subnets_per_network": 2, "router_create_args": null } }, "contexts": { "users": { "tenants": 1, "users_per_tenant": 1 }, "quotas": { "neutron": { "network": -1, "subnet": -1, "router": -1 } } }, "runner": { "constant": { "times": 40, "concurrency": 20 } }, "hooks": [], "sla": { "failure_rate": { "max": 0 } } } ] }
2019-07-30 21:47:06.101 22699 RALLYDEBUG rally_openstack.contexts.keystone.users [-] Creating 1 tenants using 20 threads
2019-07-30 21:47:07.811 22699 RALLYDEBUG rally_openstack.contexts.keystone.users [-] Creating 1 users using 20 threads
2019-07-30 21:47:10.591 22699 INFO rally.task.context [-] Task a48492f3-680e-49d6-9335-02c49a14a0e0 | Context users@openstack setup() finished in 4.49 sec
2019-07-30 21:47:11.388 22699 INFO rally.task.context [-] Task a48492f3-680e-49d6-9335-02c49a14a0e0 | Context quotas@openstack setup() finished in 0.80 sec
2019-07-30 21:47:11.388 22699 INFO rally.task.context [-] Task a48492f3-680e-49d6-9335-02c49a14a0e0 | Context cleanup@openstack setup() finished in 0.00 msec
2019-07-30 21:47:11.395 22699 RALLYDEBUG rally.task.runner [-] Starting the constant runner (task UUID: a48492f3-680e-49d6-9335-02c49a14a0e0). timeout: 0 concurrency: 20 concurrency_per_worker: 1 times: 40 concurrency_overhead: 4 processes_to_start: 16 max_cpu_used: 16
2019-07-30 21:47:11.407 25163 RALLYDEBUG rally.task.runner [-] Starting a worker. concurrency: 2 args: {"network_create_args": null, "subnet_create_args": null, "subnet_cidr_start": "1.1.0.0/30", "subnets_per_network": 2, "router_create_args": null} times: 40 method_name: run timeout: 0 duration: None cls:
2019-07-30 21:47:11.410 25164 RALLYDEBUG rally.task.runner [-] Starting a worker. concurrency: 2 args: {"network_create_args": null, "subnet_create_args": null, "subnet_cidr_start": "1.1.0.0/30", "subnets_per_network": 2, "router_create_args": null} times: 40 method_name: run timeout: 0 duration: None cls:
2019-07-30 21:47:11.412 25166 RALLYDEBUG rally.task.runner [-] Starting a worker. concurrency: 2 args: {"network_create_args": null, "subnet_create_args": null, "subnet_cidr_start": "1.1.0.0/30", "subnets_per_network": 2, "router_create_args": null} times: 40 method_name: run timeout: 0 duration: None cls:
2019-07-30 21:47:11.413 25165 RALLYDEBUG rally.task.runner [-] Starting a worker. concurrency: 2 args: {"network_create_args": null, "subnet_create_args": null, "subnet_cidr_start": "1.1.0.0/30", "subnets_per_network": 2, "router_create_args": null} times: 40 method_name: run timeout: 0 duration: None cls:
2019-07-30 21:47:11.414 25163 INFO rally.task.runner [-] Task a48492f3-680e-49d6-9335-02c49a14a0e0 | ITER: 1 START
2019-07-30 21:47:11.417 25164 INFO rally.task.runner [-] Task a48492f3-680e-49d6-9335-02c49a14a0e0 | ITER: 2 START
2019-07-30 21:47:11.418 25166 INFO rally.task.runner [-] Task a48492f3-680e-49d6-9335-02c49a14a0e0 | ITER: 4 START
2019-07-30 21:47:11.419 25165 INFO rally.task.runner [-] Task a48492f3-680e-49d6-9335-02c49a14a0e0 | ITER: 6 START
2019-07-30 21:47:11.418 25164 INFO rally.task.runner [-] Task a48492f3-680e-49d6-9335-02c49a14a0e0 | ITER: 5 START
2019-07-30 21:47:11.418 25166 INFO rally.task.runner [-] Task a48492f3-680e-49d6-9335-02c49a14a0e0 | ITER: 7 START
2019-07-30 21:47:11.421 25171 RALLYDEBUG rally.task.runner [-] Starting a worker. concurrency: 1 args: {"network_create_args": null, "subnet_create_args": null, "subnet_cidr_start": "1.1.0.0/30", "subnets_per_network": 2, "router_create_args": null} times: 40 method_name: run timeout: 0 duration: None cls:
2019-07-30 21:47:11.422 25163 INFO rally.task.runner [-] Task a48492f3-680e-49d6-9335-02c49a14a0e0 | ITER: 3 START
2019-07-30 21:47:11.425 25179 RALLYDEBUG rally.task.runner [-] Starting a worker. concurrency: 1 args: {"network_create_args": null, "subnet_create_args": null, "subnet_cidr_start": "1.1.0.0/30", "subnets_per_network": 2, "router_create_args": null} times: 40 method_name: run timeout: 0 duration: None cls:
2019-07-30 21:47:11.427 25171 INFO rally.task.runner [-] Task a48492f3-680e-49d6-9335-02c49a14a0e0 | ITER: 9 START
2019-07-30 21:47:11.428 25183 RALLYDEBUG rally.task.runner [-] Starting a worker. concurrency: 1 args: {"network_create_args": null, "subnet_create_args": null, "subnet_cidr_start": "1.1.0.0/30", "subnets_per_network": 2, "router_create_args": null} times: 40 method_name: run timeout: 0 duration: None cls:
2019-07-30 21:47:11.428 25181 RALLYDEBUG rally.task.runner [-] Starting a worker. concurrency: 1 args: {"network_create_args": null, "subnet_create_args": null, "subnet_cidr_start": "1.1.0.0/30", "subnets_per_network": 2, "router_create_args": null} times: 40 method_name: run timeout: 0 duration: None cls:
2019-07-30 21:47:11.430 25179 INFO rally.task.runner [-] Task a48492f3-680e-49d6-9335-02c49a14a0e0 | ITER: 10 START
2019-07-30 21:47:11.431 25183 INFO rally.task.runner [-] Task a48492f3-680e-49d6-9335-02c49a14a0e0 | ITER: 11 START
2019-07-30 21:47:11.432 25165 INFO rally.task.runner [-] Task a48492f3-680e-49d6-9335-02c49a14a0e0 | ITER: 8 START
2019-07-30 21:47:11.433 25181 INFO rally.task.runner [-] Task a48492f3-680e-49d6-9335-02c49a14a0e0 | ITER: 12 START
2019-07-30 21:47:11.437 25187 RALLYDEBUG rally.task.runner [-] Starting a worker. concurrency: 1 args: {"network_create_args": null, "subnet_create_args": null, "subnet_cidr_start": "1.1.0.0/30", "subnets_per_network": 2, "router_create_args": null} times: 40 method_name: run timeout: 0 duration: None cls:
2019-07-30 21:47:11.442 25187 INFO rally.task.runner [-] Task a48492f3-680e-49d6-9335-02c49a14a0e0 | ITER: 13 START
2019-07-30 21:47:11.442 25192 RALLYDEBUG rally.task.runner [-] Starting a worker. concurrency: 1 args: {"network_create_args": null, "subnet_create_args": null, "subnet_cidr_start": "1.1.0.0/30", "subnets_per_network": 2, "router_create_args": null} times: 40 method_name: run timeout: 0 duration: None cls:
2019-07-30 21:47:11.446 25192 INFO rally.task.runner [-] Task a48492f3-680e-49d6-9335-02c49a14a0e0 | ITER: 14 START
2019-07-30 21:47:11.449 25195 RALLYDEBUG rally.task.runner [-] Starting a worker. concurrency: 1 args: {"network_create_args": null, "subnet_create_args": null, "subnet_cidr_start": "1.1.0.0/30", "subnets_per_network": 2, "router_create_args": null} times: 40 method_name: run timeout: 0 duration: None cls:
2019-07-30 21:47:11.454 25195 INFO rally.task.runner [-] Task a48492f3-680e-49d6-9335-02c49a14a0e0 | ITER: 15 START
2019-07-30 21:47:11.458 25198 RALLYDEBUG rally.task.runner [-] Starting a worker. concurrency: 1 args: {"network_create_args": null, "subnet_create_args": null, "subnet_cidr_start": "1.1.0.0/30", "subnets_per_network": 2, "router_create_args": null} times: 40 method_name: run timeout: 0 duration: None cls:
2019-07-30 21:47:11.462 25198 INFO rally.task.runner [-] Task a48492f3-680e-49d6-9335-02c49a14a0e0 | ITER: 16 START
2019-07-30 21:47:11.464 25201 RALLYDEBUG rally.task.runner [-] Starting a worker. concurrency: 1 args: {"network_create_args": null, "subnet_create_args": null, "subnet_cidr_start": "1.1.0.0/30", "subnets_per_network": 2, "router_create_args": null} times: 40 method_name: run timeout: 0 duration: None cls:
2019-07-30 21:47:11.465 25204 RALLYDEBUG rally.task.runner [-] Starting a worker. concurrency: 1 args: {"network_create_args": null, "subnet_create_args": null, "subnet_cidr_start": "1.1.0.0/30", "subnets_per_network": 2, "router_create_args": null} times: 40 method_name: run timeout: 0 duration: None cls:
2019-07-30 21:47:11.468 25201 INFO rally.task.runner [-] Task a48492f3-680e-49d6-9335-02c49a14a0e0 | ITER: 17 START
2019-07-30 21:47:11.468 25204 INFO rally.task.runner [-] Task a48492f3-680e-49d6-9335-02c49a14a0e0 | ITER: 18 START
2019-07-30 21:47:11.472 25205 RALLYDEBUG rally.task.runner [-] Starting a worker. concurrency: 1 args: {"network_create_args": null, "subnet_create_args": null, "subnet_cidr_start": "1.1.0.0/30", "subnets_per_network": 2, "router_create_args": null} times: 40 method_name: run timeout: 0 duration: None cls:
2019-07-30 21:47:11.474 25210 RALLYDEBUG rally.task.runner [-] Starting a worker. concurrency: 1 args: {"network_create_args": null, "subnet_create_args": null, "subnet_cidr_start": "1.1.0.0/30", "subnets_per_network": 2, "router_create_args": null} times: 40 method_name: run timeout: 0 duration: None cls:
2019-07-30 21:47:11.475 25205 INFO rally.task.runner [-] Task a48492f3-680e-49d6-9335-02c49a14a0e0 | ITER: 19 START
2019-07-30 21:47:11.478 25210 INFO rally.task.runner [-] Task a48492f3-680e-49d6-9335-02c49a14a0e0 | ITER: 20 START
2019-07-30 21:47:13.110 25198 RALLYDEBUG rally_openstack.wrappers.network [-] CIDR generated: 1.1.5.160/30
2019-07-30 21:47:13.116 25181 RALLYDEBUG rally_openstack.wrappers.network [-] CIDR generated: 1.1.5.164/30
2019-07-30 21:47:13.182 25187 RALLYDEBUG rally_openstack.wrappers.network [-] CIDR generated: 1.1.5.168/30
2019-07-30 21:47:13.211 25163 RALLYDEBUG rally_openstack.wrappers.network [-] CIDR generated: 1.1.5.172/30
2019-07-30 21:47:13.225 25164 RALLYDEBUG rally_openstack.wrappers.network [-] CIDR generated: 1.1.5.176/30
2019-07-30 21:47:13.230 25164 RALLYDEBUG rally_openstack.wrappers.network [-] CIDR generated: 1.1.5.180/30
2019-07-30 21:47:13.236 25201 RALLYDEBUG rally_openstack.wrappers.network [-] CIDR generated: 1.1.5.184/30
2019-07-30 21:47:13.546 25195 RALLYDEBUG rally_openstack.wrappers.network [-] CIDR generated: 1.1.5.188/30
2019-07-30 21:47:13.553 25183 RALLYDEBUG rally_openstack.wrappers.network [-] CIDR generated: 1.1.5.192/30
2019-07-30 21:47:13.587 25163 RALLYDEBUG rally_openstack.wrappers.network [-] CIDR generated: 1.1.5.196/30
2019-07-30 21:47:13.621 25166 RALLYDEBUG rally_openstack.wrappers.network [-] CIDR generated: 1.1.5.200/30
2019-07-30 21:47:13.627 25165 RALLYDEBUG rally_openstack.wrappers.network [-] CIDR generated: 1.1.5.204/30
2019-07-30 21:47:13.629 25166 RALLYDEBUG rally_openstack.wrappers.network [-] CIDR generated: 1.1.5.208/30
2019-07-30 21:47:13.649 25179 RALLYDEBUG rally_openstack.wrappers.network [-] CIDR generated: 1.1.5.212/30
2019-07-30 21:47:13.701 25205 RALLYDEBUG rally_openstack.wrappers.network [-] CIDR generated: 1.1.5.216/30
2019-07-30 21:47:13.717 25171 RALLYDEBUG rally_openstack.wrappers.network [-] CIDR generated: 1.1.5.220/30
2019-07-30 21:47:13.733 25210 RALLYDEBUG rally_openstack.wrappers.network [-] CIDR generated: 1.1.5.224/30
2019-07-30 21:47:13.803 25192 RALLYDEBUG rally_openstack.wrappers.network [-] CIDR generated: 1.1.5.228/30
2019-07-30 21:47:13.959 25204 RALLYDEBUG rally_openstack.wrappers.network [-] CIDR generated: 1.1.5.232/30
2019-07-30 21:47:14.330 25165 RALLYDEBUG rally_openstack.wrappers.network [-] CIDR generated: 1.1.5.236/30
2019-07-30 21:47:14.456 25198 RALLYDEBUG rally_openstack.wrappers.network [-] CIDR generated: 1.1.5.240/30
2019-07-30 21:47:14.469 25181 RALLYDEBUG rally_openstack.wrappers.network [-] CIDR generated: 1.1.5.244/30
2019-07-30 21:47:14.640 25164 RALLYDEBUG rally_openstack.wrappers.network [-] CIDR generated: 1.1.5.248/30
2019-07-30 21:47:14.995 25164 RALLYDEBUG rally_openstack.wrappers.network [-] CIDR generated: 1.1.5.252/30
2019-07-30 21:47:15.068 25171 RALLYDEBUG rally_openstack.wrappers.network [-] CIDR generated: 1.1.6.0/30
2019-07-30 21:47:15.134 25163 RALLYDEBUG rally_openstack.wrappers.network [-] CIDR generated: 1.1.6.4/30
2019-07-30 21:47:15.181 25166 RALLYDEBUG rally_openstack.wrappers.network [-] CIDR generated: 1.1.6.8/30
2019-07-30 21:47:15.471 25195 RALLYDEBUG rally_openstack.wrappers.network [-] CIDR generated: 1.1.6.12/30
2019-07-30 21:47:15.824 25187 RALLYDEBUG rally_openstack.wrappers.network [-] CIDR generated: 1.1.6.16/30
2019-07-30 21:47:16.219 25163 RALLYDEBUG rally_openstack.wrappers.network [-] CIDR generated: 1.1.6.20/30
2019-07-30 21:47:16.350 25201 RALLYDEBUG rally_openstack.wrappers.network [-] CIDR generated: 1.1.6.24/30
2019-07-30 21:47:16.627 25192 RALLYDEBUG rally_openstack.wrappers.network [-] CIDR generated: 1.1.6.28/30
2019-07-30 21:47:16.806 25166 RALLYDEBUG rally_openstack.wrappers.network [-] CIDR generated: 1.1.6.32/30
2019-07-30 21:47:16.985 25205 RALLYDEBUG rally_openstack.wrappers.network [-] CIDR generated: 1.1.6.36/30
2019-07-30 21:47:17.069 25183 RALLYDEBUG rally_openstack.wrappers.network [-] CIDR generated: 1.1.6.40/30
2019-07-30 21:47:17.262 25204 RALLYDEBUG rally_openstack.wrappers.network [-] CIDR generated: 1.1.6.44/30
2019-07-30 21:47:17.575 25165 RALLYDEBUG rally_openstack.wrappers.network [-] CIDR generated: 1.1.6.48/30
2019-07-30 21:47:18.188 25210 RALLYDEBUG rally_openstack.wrappers.network [-] CIDR generated: 1.1.6.52/30
2019-07-30 21:47:18.242 25179 RALLYDEBUG rally_openstack.wrappers.network [-] CIDR generated: 1.1.6.56/30
2019-07-30 21:47:18.496 25165 RALLYDEBUG rally_openstack.wrappers.network [-] CIDR generated: 1.1.6.60/30
2019-07-30 21:47:44.503 25164 INFO rally.task.runner [-] Task a48492f3-680e-49d6-9335-02c49a14a0e0 | ITER: 5 END: OK
2019-07-30 21:47:44.510 25164 INFO rally.task.runner [-] Task a48492f3-680e-49d6-9335-02c49a14a0e0 | ITER: 21 START
2019-07-30 21:47:44.772 25195 INFO rally.task.runner [-] Task a48492f3-680e-49d6-9335-02c49a14a0e0 | ITER: 15 END: OK
2019-07-30 21:47:44.777 25195 INFO rally.task.runner [-] Task a48492f3-680e-49d6-9335-02c49a14a0e0 | ITER: 22 START
2019-07-30 21:47:45.674 25164 RALLYDEBUG rally_openstack.wrappers.network [-] CIDR generated: 1.1.6.64/30
2019-07-30 21:47:46.333 25195 RALLYDEBUG rally_openstack.wrappers.network [-] CIDR generated: 1.1.6.68/30
2019-07-30 21:47:47.063 25198 INFO rally.task.runner [-] Task a48492f3-680e-49d6-9335-02c49a14a0e0 | ITER: 16 END: OK
2019-07-30 21:47:47.068 25198 INFO rally.task.runner [-] Task a48492f3-680e-49d6-9335-02c49a14a0e0 | ITER: 23 START
2019-07-30 21:47:47.336 25192 INFO rally.task.runner [-] Task a48492f3-680e-49d6-9335-02c49a14a0e0 | ITER: 14 END: OK
2019-07-30 21:47:47.342 25192 INFO rally.task.runner [-] Task a48492f3-680e-49d6-9335-02c49a14a0e0 | ITER: 24 START
2019-07-30 21:47:47.494 25164 RALLYDEBUG rally_openstack.wrappers.network [-] CIDR generated: 1.1.6.72/30
