2019-07-30 20:08:00.316 6405 DEBUG cinderclient.v2.client [-] REQ: curl -g -i -X GET http://172.30.9.37:8776/v3/edf03ed5825242e6815404bc523058de/types/af927cea-eba1-48f5-9d91-b69d07ad6bba/os-volume-type-access -H "Accept: application/json" -H "User-Agent: python-cinderclient" -H "X-Auth-Token: {SHA1}46a423870241fff203a10d2ec6fddc4930486d26" -H "X-OpenStack-Request-ID: req-0b157a92-a1ea-43aa-bd14-81d448198ef1" _http_log_request /usr/lib/python2.7/site-packages/keystoneauth1/session.py:448
2019-07-30 20:08:00.325 6400 DEBUG cinderclient.v2.client [-] RESP: [202] Content-Length: 0 Content-Type: text/html; charset=UTF-8 Date: Tue, 30 Jul 2019 20:07:59 GMT OpenStack-API-Version: volume 3.0 Server: Apache Vary: OpenStack-API-Version x-openstack-request-id: req-5ab0effa-3cda-4779-8f3b-81a2c8d4cbbe _http_log_response /usr/lib/python2.7/site-packages/keystoneauth1/session.py:479
2019-07-30 20:08:00.326 6400 DEBUG cinderclient.v2.client [-] RESP BODY: Omitted, Content-Type is set to text/html; charset=UTF-8. Only application/json responses have their bodies logged. _http_log_response /usr/lib/python2.7/site-packages/keystoneauth1/session.py:511
2019-07-30 20:08:00.326 6400 DEBUG cinderclient.v2.client [-] POST call to volumev2 for http://172.30.9.37:8776/v3/edf03ed5825242e6815404bc523058de/types/443d8cf6-2d64-49f5-89ba-7fe1321399f5/action used request id req-5ab0effa-3cda-4779-8f3b-81a2c8d4cbbe request /usr/lib/python2.7/site-packages/keystoneauth1/session.py:844
2019-07-30 20:08:00.328 6400 DEBUG cinderclient.v2.client [-] REQ: curl -g -i -X GET http://172.30.9.37:8776/v3/edf03ed5825242e6815404bc523058de/types/443d8cf6-2d64-49f5-89ba-7fe1321399f5/os-volume-type-access -H "Accept: application/json" -H "User-Agent: python-cinderclient" -H "X-Auth-Token: {SHA1}b7ae1ad9a86930222c1387cc239c06155107de40" -H "X-OpenStack-Request-ID: req-c071d478-543f-4a4a-b953-172b3332609c" _http_log_request /usr/lib/python2.7/site-packages/keystoneauth1/session.py:448
2019-07-30 20:08:00.356 6399 DEBUG cinderclient.v2.client [-] RESP: [202] Content-Length: 0 Content-Type: text/html; charset=UTF-8 Date: Tue, 30 Jul 2019 20:08:00 GMT OpenStack-API-Version: volume 3.0 Server: Apache Vary: OpenStack-API-Version x-openstack-request-id: req-5f0db015-cf2b-47f8-b8bd-0967ddd8ca20 _http_log_response /usr/lib/python2.7/site-packages/keystoneauth1/session.py:479
2019-07-30 20:08:00.356 6399 DEBUG cinderclient.v2.client [-] RESP BODY: Omitted, Content-Type is set to text/html; charset=UTF-8. Only application/json responses have their bodies logged. _http_log_response /usr/lib/python2.7/site-packages/keystoneauth1/session.py:511
2019-07-30 20:08:00.357 6399 DEBUG cinderclient.v2.client [-] POST call to volumev2 for http://172.30.9.37:8776/v3/edf03ed5825242e6815404bc523058de/types/1ca9a90b-1fa8-45ca-b1ad-a9fda4b21820/action used request id req-5f0db015-cf2b-47f8-b8bd-0967ddd8ca20 request /usr/lib/python2.7/site-packages/keystoneauth1/session.py:844
2019-07-30 20:08:00.358 6399 DEBUG cinderclient.v2.client [-] REQ: curl -g -i -X GET http://172.30.9.37:8776/v3/edf03ed5825242e6815404bc523058de/types/1ca9a90b-1fa8-45ca-b1ad-a9fda4b21820/os-volume-type-access -H "Accept: application/json" -H "User-Agent: python-cinderclient" -H "X-Auth-Token: {SHA1}b5d3bd7b2381dda7631cd130fa5ac82d6ef0bc59" -H "X-OpenStack-Request-ID: req-f790835f-f241-425c-9853-00a03be22915" _http_log_request /usr/lib/python2.7/site-packages/keystoneauth1/session.py:448
2019-07-30 20:08:00.560 6398 DEBUG cinderclient.v2.client [-] RESP: [200] Content-Encoding: gzip Content-Length: 130 Content-Type: application/json Date: Tue, 30 Jul 2019 20:08:00 GMT OpenStack-API-Version: volume 3.0 Server: Apache Vary: OpenStack-API-Version,Accept-Encoding x-compute-request-id: req-22fbf4ca-0873-42cc-9d03-de8c1067b66c x-openstack-request-id: req-22fbf4ca-0873-42cc-9d03-de8c1067b66c _http_log_response /usr/lib/python2.7/site-packages/keystoneauth1/session.py:479
2019-07-30 20:08:00.561 6398 DEBUG cinderclient.v2.client [-] RESP BODY: {"volume_type_access": [{"volume_type_id": "4f7b9549-57f7-4233-80fa-9947bccbca6b", "project_id": "261e51d5f123456fb513aa20e0de1899"}]} _http_log_response /usr/lib/python2.7/site-packages/keystoneauth1/session.py:511
2019-07-30 20:08:00.561 6398 DEBUG cinderclient.v2.client [-] GET call to volumev2 for http://172.30.9.37:8776/v3/edf03ed5825242e6815404bc523058de/types/4f7b9549-57f7-4233-80fa-9947bccbca6b/os-volume-type-access used request id req-22fbf4ca-0873-42cc-9d03-de8c1067b66c request /usr/lib/python2.7/site-packages/keystoneauth1/session.py:844
2019-07-30 20:08:00.563 6398 INFO rally.task.runner [-] Task e13b72eb-5cb2-4396-909d-455e3c085517 | ITER: 1 END: OK
2019-07-30 20:08:00.568 6398 INFO rally.task.runner [-] Task e13b72eb-5cb2-4396-909d-455e3c085517 | ITER: 5 START
2019-07-30 20:08:00.619 6405 DEBUG cinderclient.v2.client [-] RESP: [200] Content-Encoding: gzip Content-Length: 128 Content-Type: application/json Date: Tue, 30 Jul 2019 20:08:00 GMT OpenStack-API-Version: volume 3.0 Server: Apache Vary: OpenStack-API-Version,Accept-Encoding x-compute-request-id: req-52dd2179-e95a-44d3-a900-c5bbe97ed15a x-openstack-request-id: req-52dd2179-e95a-44d3-a900-c5bbe97ed15a _http_log_response /usr/lib/python2.7/site-packages/keystoneauth1/session.py:479
2019-07-30 20:08:00.620 6405 DEBUG cinderclient.v2.client [-] RESP BODY: {"volume_type_access": [{"volume_type_id": "af927cea-eba1-48f5-9d91-b69d07ad6bba", "project_id": "45b522b241404b40ba0a7b824acf2720"}]} _http_log_response /usr/lib/python2.7/site-packages/keystoneauth1/session.py:511
2019-07-30 20:08:00.620 6405 DEBUG cinderclient.v2.client [-] GET call to volumev2 for http://172.30.9.37:8776/v3/edf03ed5825242e6815404bc523058de/types/af927cea-eba1-48f5-9d91-b69d07ad6bba/os-volume-type-access used request id req-52dd2179-e95a-44d3-a900-c5bbe97ed15a request /usr/lib/python2.7/site-packages/keystoneauth1/session.py:844
2019-07-30 20:08:00.621 6405 INFO rally.task.runner [-] Task e13b72eb-5cb2-4396-909d-455e3c085517 | ITER: 4 END: OK
2019-07-30 20:08:00.626 6405 INFO rally.task.runner [-] Task e13b72eb-5cb2-4396-909d-455e3c085517 | ITER: 6 START
2019-07-30 20:08:00.636 6400 DEBUG cinderclient.v2.client [-] RESP: [200] Content-Encoding: gzip Content-Length: 130 Content-Type: application/json Date: Tue, 30 Jul 2019 20:08:00 GMT OpenStack-API-Version: volume 3.0 Server: Apache Vary: OpenStack-API-Version,Accept-Encoding x-compute-request-id: req-4d14ff32-28c5-4503-8de3-c8484bac34a6 x-openstack-request-id: req-4d14ff32-28c5-4503-8de3-c8484bac34a6 _http_log_response /usr/lib/python2.7/site-packages/keystoneauth1/session.py:479
2019-07-30 20:08:00.637 6400 DEBUG cinderclient.v2.client [-] RESP BODY: {"volume_type_access": [{"volume_type_id": "443d8cf6-2d64-49f5-89ba-7fe1321399f5", "project_id": "67a5d2e3f24745b4b7ab46bb33ce049f"}]} _http_log_response /usr/lib/python2.7/site-packages/keystoneauth1/session.py:511
2019-07-30 20:08:00.637 6400 DEBUG cinderclient.v2.client [-] GET call to volumev2 for http://172.30.9.37:8776/v3/edf03ed5825242e6815404bc523058de/types/443d8cf6-2d64-49f5-89ba-7fe1321399f5/os-volume-type-access used request id req-4d14ff32-28c5-4503-8de3-c8484bac34a6 request /usr/lib/python2.7/site-packages/keystoneauth1/session.py:844
2019-07-30 20:08:00.638 6400 INFO rally.task.runner [-] Task e13b72eb-5cb2-4396-909d-455e3c085517 | ITER: 3 END: OK
2019-07-30 20:08:00.643 6400 INFO rally.task.runner [-] Task e13b72eb-5cb2-4396-909d-455e3c085517 | ITER: 7 START
2019-07-30 20:08:00.648 6399 DEBUG cinderclient.v2.client [-] RESP: [200] Content-Encoding: gzip Content-Length: 129 Content-Type: application/json Date: Tue, 30 Jul 2019 20:08:00 GMT OpenStack-API-Version: volume 3.0 Server: Apache Vary: OpenStack-API-Version,Accept-Encoding x-compute-request-id: req-980c9560-a6c8-48df-a9a9-e83b368fe6f9 x-openstack-request-id: req-980c9560-a6c8-48df-a9a9-e83b368fe6f9 _http_log_response /usr/lib/python2.7/site-packages/keystoneauth1/session.py:479
2019-07-30 20:08:00.649 6399 DEBUG cinderclient.v2.client [-] RESP BODY: {"volume_type_access": [{"volume_type_id": "1ca9a90b-1fa8-45ca-b1ad-a9fda4b21820", "project_id": "67a5d2e3f24745b4b7ab46bb33ce049f"}]} _http_log_response /usr/lib/python2.7/site-packages/keystoneauth1/session.py:511
2019-07-30 20:08:00.649 6399 DEBUG cinderclient.v2.client [-] GET call to volumev2 for http://172.30.9.37:8776/v3/edf03ed5825242e6815404bc523058de/types/1ca9a90b-1fa8-45ca-b1ad-a9fda4b21820/os-volume-type-access used request id req-980c9560-a6c8-48df-a9a9-e83b368fe6f9 request /usr/lib/python2.7/site-packages/keystoneauth1/session.py:844
2019-07-30 20:08:00.650 6399 INFO rally.task.runner [-] Task e13b72eb-5cb2-4396-909d-455e3c085517 | ITER: 2 END: OK
2019-07-30 20:08:00.655 6399 INFO rally.task.runner [-] Task e13b72eb-5cb2-4396-909d-455e3c085517 | ITER: 8 START
2019-07-30 20:08:00.994 6398 DEBUG cinderclient.v2.client [-] REQ: curl -g -i -X POST http://172.30.9.37:8776/v3/edf03ed5825242e6815404bc523058de/types -H "Accept: application/json" -H "Content-Type: application/json" -H "User-Agent: python-cinderclient" -H "X-Auth-Token: {SHA1}e34d403df45f7207c28c2c477b35ccaca5286b6b" -d '{"volume_type": {"os-volume-type-access:is_public": false, "name": "s_rally_cf4a086f_ZKGg2TA2", "description": "rally tests creating types"}}' _http_log_request /usr/lib/python2.7/site-packages/keystoneauth1/session.py:448
2019-07-30 20:08:01.056 6405 DEBUG cinderclient.v2.client [-] REQ: curl -g -i -X POST http://172.30.9.37:8776/v3/edf03ed5825242e6815404bc523058de/types -H "Accept: application/json" -H "Content-Type: application/json" -H "User-Agent: python-cinderclient" -H "X-Auth-Token: {SHA1}47bb5eed9b51d6393b0388e70a0fdd252299b015" -d '{"volume_type": {"os-volume-type-access:is_public": false, "name": "s_rally_cf4a086f_yv3wk6Mj", "description": "rally tests creating types"}}' _http_log_request /usr/lib/python2.7/site-packages/keystoneauth1/session.py:448
2019-07-30 20:08:01.074 6400 DEBUG cinderclient.v2.client [-] REQ: curl -g -i -X POST http://172.30.9.37:8776/v3/edf03ed5825242e6815404bc523058de/types -H "Accept: application/json" -H "Content-Type: application/json" -H "User-Agent: python-cinderclient" -H "X-Auth-Token: {SHA1}4a955d355a2278c168bf2458416a127f6331efd1" -d '{"volume_type": {"os-volume-type-access:is_public": false, "name": "s_rally_cf4a086f_JzOCqHsw", "description": "rally tests creating types"}}' _http_log_request /usr/lib/python2.7/site-packages/keystoneauth1/session.py:448
2019-07-30 20:08:01.089 6399 DEBUG cinderclient.v2.client [-] REQ: curl -g -i -X POST http://172.30.9.37:8776/v3/edf03ed5825242e6815404bc523058de/types -H "Accept: application/json" -H "Content-Type: application/json" -H "User-Agent: python-cinderclient" -H "X-Auth-Token: {SHA1}6c95b49c9c194476647f6934503c5d37e5729cc1" -d '{"volume_type": {"os-volume-type-access:is_public": false, "name": "s_rally_cf4a086f_tR2sotDO", "description": "rally tests creating types"}}' _http_log_request /usr/lib/python2.7/site-packages/keystoneauth1/session.py:448
2019-07-30 20:08:01.351 6398 DEBUG cinderclient.v2.client [-] RESP: [200] Content-Encoding: gzip Content-Length: 184 Content-Type: application/json Date: Tue, 30 Jul 2019 20:08:00 GMT OpenStack-API-Version: volume 3.0 Server: Apache Vary: OpenStack-API-Version,Accept-Encoding x-compute-request-id: req-97b964d7-6d39-4e96-814b-ba5e372685ff x-openstack-request-id: req-97b964d7-6d39-4e96-814b-ba5e372685ff _http_log_response /usr/lib/python2.7/site-packages/keystoneauth1/session.py:479
2019-07-30 20:08:01.351 6398 DEBUG cinderclient.v2.client [-] RESP BODY: {"volume_type": {"name": "s_rally_cf4a086f_ZKGg2TA2", "extra_specs": {}, "os-volume-type-access:is_public": false, "is_public": false, "id": "0a3f6006-cacd-4f1c-9cf6-f00bd815f82e", "description": "rally tests creating types"}} _http_log_response /usr/lib/python2.7/site-packages/keystoneauth1/session.py:511
2019-07-30 20:08:01.352 6398 DEBUG cinderclient.v2.client [-] POST call to volumev2 for http://172.30.9.37:8776/v3/edf03ed5825242e6815404bc523058de/types used request id req-97b964d7-6d39-4e96-814b-ba5e372685ff request /usr/lib/python2.7/site-packages/keystoneauth1/session.py:844
2019-07-30 20:08:01.354 6398 DEBUG cinderclient.v2.client [-] REQ: curl -g -i -X POST http://172.30.9.37:8776/v3/edf03ed5825242e6815404bc523058de/types/0a3f6006-cacd-4f1c-9cf6-f00bd815f82e/action -H "Accept: application/json" -H "Content-Type: application/json" -H "User-Agent: python-cinderclient" -H "X-Auth-Token: {SHA1}e34d403df45f7207c28c2c477b35ccaca5286b6b" -H "X-OpenStack-Request-ID: req-97b964d7-6d39-4e96-814b-ba5e372685ff" -d '{"addProjectAccess": {"project": "261e51d5f123456fb513aa20e0de1899"}}' _http_log_request /usr/lib/python2.7/site-packages/keystoneauth1/session.py:448
2019-07-30 20:08:01.404 6400 DEBUG cinderclient.v2.client [-] RESP: [200] Content-Encoding: gzip Content-Length: 183 Content-Type: application/json Date: Tue, 30 Jul 2019 20:08:01 GMT OpenStack-API-Version: volume 3.0 Server: Apache Vary: OpenStack-API-Version,Accept-Encoding x-compute-request-id: req-fda3a7ef-b398-43d9-97f2-7ac2917bac54 x-openstack-request-id: req-fda3a7ef-b398-43d9-97f2-7ac2917bac54 _http_log_response /usr/lib/python2.7/site-packages/keystoneauth1/session.py:479
2019-07-30 20:08:01.404 6400 DEBUG cinderclient.v2.client [-] RESP BODY: {"volume_type": {"name": "s_rally_cf4a086f_JzOCqHsw", "extra_specs": {}, "os-volume-type-access:is_public": false, "is_public": false, "id": "6468fe3c-e7db-4a63-999c-3e6becb44d12", "description": "rally tests creating types"}} _http_log_response /usr/lib/python2.7/site-packages/keystoneauth1/session.py:511
2019-07-30 20:08:01.405 6400 DEBUG cinderclient.v2.client [-] POST call to volumev2 for http://172.30.9.37:8776/v3/edf03ed5825242e6815404bc523058de/types used request id req-fda3a7ef-b398-43d9-97f2-7ac2917bac54 request /usr/lib/python2.7/site-packages/keystoneauth1/session.py:844
2019-07-30 20:08:01.407 6400 DEBUG cinderclient.v2.client [-] REQ: curl -g -i -X POST http://172.30.9.37:8776/v3/edf03ed5825242e6815404bc523058de/types/6468fe3c-e7db-4a63-999c-3e6becb44d12/action -H "Accept: application/json" -H "Content-Type: application/json" -H "User-Agent: python-cinderclient" -H "X-Auth-Token: {SHA1}4a955d355a2278c168bf2458416a127f6331efd1" -H "X-OpenStack-Request-ID: req-fda3a7ef-b398-43d9-97f2-7ac2917bac54" -d '{"addProjectAccess": {"project": "45b522b241404b40ba0a7b824acf2720"}}' _http_log_request /usr/lib/python2.7/site-packages/keystoneauth1/session.py:448
2019-07-30 20:08:01.431 6405 DEBUG cinderclient.v2.client [-] RESP: [200] Content-Encoding: gzip Content-Length: 182 Content-Type: application/json Date: Tue, 30 Jul 2019 20:08:01 GMT OpenStack-API-Version: volume 3.0 Server: Apache Vary: OpenStack-API-Version,Accept-Encoding x-compute-request-id: req-44023028-dbf3-47bd-b27a-8dabea7129ca x-openstack-request-id: req-44023028-dbf3-47bd-b27a-8dabea7129ca _http_log_response /usr/lib/python2.7/site-packages/keystoneauth1/session.py:479
2019-07-30 20:08:01.432 6405 DEBUG cinderclient.v2.client [-] RESP BODY: {"volume_type": {"name": "s_rally_cf4a086f_yv3wk6Mj", "extra_specs": {}, "os-volume-type-access:is_public": false, "is_public": false, "id": "0c62c36b-5483-4987-af51-30f243c8bb89", "description": "rally tests creating types"}} _http_log_response /usr/lib/python2.7/site-packages/keystoneauth1/session.py:511
2019-07-30 20:08:01.432 6405 DEBUG cinderclient.v2.client [-] POST call to volumev2 for http://172.30.9.37:8776/v3/edf03ed5825242e6815404bc523058de/types used request id req-44023028-dbf3-47bd-b27a-8dabea7129ca request /usr/lib/python2.7/site-packages/keystoneauth1/session.py:844
2019-07-30 20:08:01.434 6405 DEBUG cinderclient.v2.client [-] REQ: curl -g -i -X POST http://172.30.9.37:8776/v3/edf03ed5825242e6815404bc523058de/types/0c62c36b-5483-4987-af51-30f243c8bb89/action -H "Accept: application/json" -H "Content-Type: application/json" -H "User-Agent: python-cinderclient" -H "X-Auth-Token: {SHA1}47bb5eed9b51d6393b0388e70a0fdd252299b015" -H "X-OpenStack-Request-ID: req-44023028-dbf3-47bd-b27a-8dabea7129ca" -d '{"addProjectAccess": {"project": "67a5d2e3f24745b4b7ab46bb33ce049f"}}' _http_log_request /usr/lib/python2.7/site-packages/keystoneauth1/session.py:448
2019-07-30 20:08:01.526 6399 DEBUG cinderclient.v2.client [-] RESP: [200] Content-Encoding: gzip Content-Length: 180 Content-Type: application/json Date: Tue, 30 Jul 2019 20:08:01 GMT OpenStack-API-Version: volume 3.0 Server: Apache Vary: OpenStack-API-Version,Accept-Encoding x-compute-request-id: req-355b1c8e-579b-4674-82eb-f06282429a3e x-openstack-request-id: req-355b1c8e-579b-4674-82eb-f06282429a3e _http_log_response /usr/lib/python2.7/site-packages/keystoneauth1/session.py:479
2019-07-30 20:08:01.526 6399 DEBUG cinderclient.v2.client [-] RESP BODY: {"volume_type": {"name": "s_rally_cf4a086f_tR2sotDO", "extra_specs": {}, "os-volume-type-access:is_public": false, "is_public": false, "id": "0f1ea514-f7e0-47a2-a1dc-bbf55da26bf2", "description": "rally tests creating types"}} _http_log_response /usr/lib/python2.7/site-packages/keystoneauth1/session.py:511
2019-07-30 20:08:01.527 6399 DEBUG cinderclient.v2.client [-] POST call to volumev2 for http://172.30.9.37:8776/v3/edf03ed5825242e6815404bc523058de/types used request id req-355b1c8e-579b-4674-82eb-f06282429a3e request /usr/lib/python2.7/site-packages/keystoneauth1/session.py:844
2019-07-30 20:08:01.529 6399 DEBUG cinderclient.v2.client [-] REQ: curl -g -i -X POST http://172.30.9.37:8776/v3/edf03ed5825242e6815404bc523058de/types/0f1ea514-f7e0-47a2-a1dc-bbf55da26bf2/action -H "Accept: application/json" -H "Content-Type: application/json" -H "User-Agent: python-cinderclient" -H "X-Auth-Token: {SHA1}6c95b49c9c194476647f6934503c5d37e5729cc1" -H "X-OpenStack-Request-ID: req-355b1c8e-579b-4674-82eb-f06282429a3e" -d '{"addProjectAccess": {"project": "45b522b241404b40ba0a7b824acf2720"}}' _http_log_request /usr/lib/python2.7/site-packages/keystoneauth1/session.py:448
2019-07-30 20:08:01.684 6398 DEBUG cinderclient.v2.client [-] RESP: [202] Content-Length: 0 Content-Type: text/html; charset=UTF-8 Date: Tue, 30 Jul 2019 20:08:01 GMT OpenStack-API-Version: volume 3.0 Server: Apache Vary: OpenStack-API-Version x-openstack-request-id: req-1f59a8af-5277-416f-a1c6-172b416adbe9 _http_log_response /usr/lib/python2.7/site-packages/keystoneauth1/session.py:479
2019-07-30 20:08:01.685 6398 DEBUG cinderclient.v2.client [-] RESP BODY: Omitted, Content-Type is set to text/html; charset=UTF-8. Only application/json responses have their bodies logged. _http_log_response /usr/lib/python2.7/site-packages/keystoneauth1/session.py:511
2019-07-30 20:08:01.685 6398 DEBUG cinderclient.v2.client [-] POST call to volumev2 for http://172.30.9.37:8776/v3/edf03ed5825242e6815404bc523058de/types/0a3f6006-cacd-4f1c-9cf6-f00bd815f82e/action used request id req-1f59a8af-5277-416f-a1c6-172b416adbe9 request /usr/lib/python2.7/site-packages/keystoneauth1/session.py:844
2019-07-30 20:08:01.686 6398 DEBUG cinderclient.v2.client [-] REQ: curl -g -i -X GET http://172.30.9.37:8776/v3/edf03ed5825242e6815404bc523058de/types/0a3f6006-cacd-4f1c-9cf6-f00bd815f82e/os-volume-type-access -H "Accept: application/json" -H "User-Agent: python-cinderclient" -H "X-Auth-Token: {SHA1}e34d403df45f7207c28c2c477b35ccaca5286b6b" -H "X-OpenStack-Request-ID: req-97b964d7-6d39-4e96-814b-ba5e372685ff" _http_log_request /usr/lib/python2.7/site-packages/keystoneauth1/session.py:448
2019-07-30 20:08:01.744 6400 DEBUG cinderclient.v2.client [-] RESP: [202] Content-Length: 0 Content-Type: text/html; charset=UTF-8 Date: Tue, 30 Jul 2019 20:08:01 GMT OpenStack-API-Version: volume 3.0 Server: Apache Vary: OpenStack-API-Version x-openstack-request-id: req-19861a96-6c7f-4e41-9cd3-22964831d899 _http_log_response /usr/lib/python2.7/site-packages/keystoneauth1/session.py:479
2019-07-30 20:08:01.744 6400 DEBUG cinderclient.v2.client [-] RESP BODY: Omitted, Content-Type is set to text/html; charset=UTF-8. Only application/json responses have their bodies logged. _http_log_response /usr/lib/python2.7/site-packages/keystoneauth1/session.py:511
2019-07-30 20:08:01.744 6400 DEBUG cinderclient.v2.client [-] POST call to volumev2 for http://172.30.9.37:8776/v3/edf03ed5825242e6815404bc523058de/types/6468fe3c-e7db-4a63-999c-3e6becb44d12/action used request id req-19861a96-6c7f-4e41-9cd3-22964831d899 request /usr/lib/python2.7/site-packages/keystoneauth1/session.py:844
2019-07-30 20:08:01.746 6400 DEBUG cinderclient.v2.client [-] REQ: curl -g -i -X GET http://172.30.9.37:8776/v3/edf03ed5825242e6815404bc523058de/types/6468fe3c-e7db-4a63-999c-3e6becb44d12/os-volume-type-access -H "Accept: application/json" -H "User-Agent: python-cinderclient" -H "X-Auth-Token: {SHA1}4a955d355a2278c168bf2458416a127f6331efd1" -H "X-OpenStack-Request-ID: req-fda3a7ef-b398-43d9-97f2-7ac2917bac54" _http_log_request /usr/lib/python2.7/site-packages/keystoneauth1/session.py:448
2019-07-30 20:08:01.762 6405 DEBUG cinderclient.v2.client [-] RESP: [202] Content-Length: 0 Content-Type: text/html; charset=UTF-8 Date: Tue, 30 Jul 2019 20:08:01 GMT OpenStack-API-Version: volume 3.0 Server: Apache Vary: OpenStack-API-Version x-openstack-request-id: req-3002ffde-1edf-49ae-a5f6-b80a1f91e83c _http_log_response /usr/lib/python2.7/site-packages/keystoneauth1/session.py:479
2019-07-30 20:08:01.762 6405 DEBUG cinderclient.v2.client [-] RESP BODY: Omitted, Content-Type is set to text/html; charset=UTF-8. Only application/json responses have their bodies logged. _http_log_response /usr/lib/python2.7/site-packages/keystoneauth1/session.py:511
2019-07-30 20:08:01.762 6405 DEBUG cinderclient.v2.client [-] POST call to volumev2 for http://172.30.9.37:8776/v3/edf03ed5825242e6815404bc523058de/types/0c62c36b-5483-4987-af51-30f243c8bb89/action used request id req-3002ffde-1edf-49ae-a5f6-b80a1f91e83c request /usr/lib/python2.7/site-packages/keystoneauth1/session.py:844
2019-07-30 20:08:01.764 6405 DEBUG cinderclient.v2.client [-] REQ: curl -g -i -X GET http://172.30.9.37:8776/v3/edf03ed5825242e6815404bc523058de/types/0c62c36b-5483-4987-af51-30f243c8bb89/os-volume-type-access -H "Accept: application/json" -H "User-Agent: python-cinderclient" -H "X-Auth-Token: {SHA1}47bb5eed9b51d6393b0388e70a0fdd252299b015" -H "X-OpenStack-Request-ID: req-44023028-dbf3-47bd-b27a-8dabea7129ca" _http_log_request /usr/lib/python2.7/site-packages/keystoneauth1/session.py:448
2019-07-30 20:08:01.900 6398 DEBUG cinderclient.v2.client [-] RESP: [200] Content-Encoding: gzip Content-Length: 128 Content-Type: application/json Date: Tue, 30 Jul 2019 20:08:01 GMT OpenStack-API-Version: volume 3.0 Server: Apache Vary: OpenStack-API-Version,Accept-Encoding x-compute-request-id: req-cc317459-743d-4a4c-8616-5f79a71fa8a5 x-openstack-request-id: req-cc317459-743d-4a4c-8616-5f79a71fa8a5 _http_log_response /usr/lib/python2.7/site-packages/keystoneauth1/session.py:479
2019-07-30 20:08:01.900 6398 DEBUG cinderclient.v2.client [-] RESP BODY: {"volume_type_access": [{"volume_type_id": "0a3f6006-cacd-4f1c-9cf6-f00bd815f82e", "project_id": "261e51d5f123456fb513aa20e0de1899"}]} _http_log_response /usr/lib/python2.7/site-packages/keystoneauth1/session.py:511
2019-07-30 20:08:01.901 6398 DEBUG cinderclient.v2.client [-] GET call to volumev2 for http://172.30.9.37:8776/v3/edf03ed5825242e6815404bc523058de/types/0a3f6006-cacd-4f1c-9cf6-f00bd815f82e/os-volume-type-access used request id req-cc317459-743d-4a4c-8616-5f79a71fa8a5 request /usr/lib/python2.7/site-packages/keystoneauth1/session.py:844
2019-07-30 20:08:01.901 6398 INFO rally.task.runner [-] Task e13b72eb-5cb2-4396-909d-455e3c085517 | ITER: 5 END: OK
2019-07-30 20:08:01.906 6398 INFO rally.task.runner [-] Task e13b72eb-5cb2-4396-909d-455e3c085517 | ITER: 9 START
2019-07-30 20:08:01.953 6399 DEBUG cinderclient.v2.client [-] RESP: [202] Content-Length: 0 Content-Type: text/html; charset=UTF-8 Date: Tue, 30 Jul 2019 20:08:01 GMT OpenStack-API-Version: volume 3.0 Server: Apache Vary: OpenStack-API-Version x-openstack-request-id: req-348c496c-7f64-4668-8ed9-7218c5fb481d _http_log_response /usr/lib/python2.7/site-packages/keystoneauth1/session.py:479
2019-07-30 20:08:01.953 6399 DEBUG cinderclient.v2.client [-] RESP BODY: Omitted, Content-Type is set to text/html; charset=UTF-8. Only application/json responses have their bodies logged. _http_log_response /usr/lib/python2.7/site-packages/keystoneauth1/session.py:511
2019-07-30 20:08:01.954 6399 DEBUG cinderclient.v2.client [-] POST call to volumev2 for http://172.30.9.37:8776/v3/edf03ed5825242e6815404bc523058de/types/0f1ea514-f7e0-47a2-a1dc-bbf55da26bf2/action used request id req-348c496c-7f64-4668-8ed9-7218c5fb481d request /usr/lib/python2.7/site-packages/keystoneauth1/session.py:844
2019-07-30 20:08:01.955 6399 DEBUG cinderclient.v2.client [-] REQ: curl -g -i -X GET http://172.30.9.37:8776/v3/edf03ed5825242e6815404bc523058de/types/0f1ea514-f7e0-47a2-a1dc-bbf55da26bf2/os-volume-type-access -H "Accept: application/json" -H "User-Agent: python-cinderclient" -H "X-Auth-Token: {SHA1}6c95b49c9c194476647f6934503c5d37e5729cc1" -H "X-OpenStack-Request-ID: req-355b1c8e-579b-4674-82eb-f06282429a3e" _http_log_request /usr/lib/python2.7/site-packages/keystoneauth1/session.py:448
2019-07-30 20:08:01.978 6405 DEBUG cinderclient.v2.client [-] RESP: [200] Content-Encoding: gzip Content-Length: 129 Content-Type: application/json Date: Tue, 30 Jul 2019 20:08:01 GMT OpenStack-API-Version: volume 3.0 Server: Apache Vary: OpenStack-API-Version,Accept-Encoding x-compute-request-id: req-2dbd38f4-47ee-4b43-a4b9-d2e27136963f x-openstack-request-id: req-2dbd38f4-47ee-4b43-a4b9-d2e27136963f _http_log_response /usr/lib/python2.7/site-packages/keystoneauth1/session.py:479
2019-07-30 20:08:01.978 6405 DEBUG cinderclient.v2.client [-] RESP BODY: {"volume_type_access": [{"volume_type_id": "0c62c36b-5483-4987-af51-30f243c8bb89", "project_id": "67a5d2e3f24745b4b7ab46bb33ce049f"}]} _http_log_response /usr/lib/python2.7/site-packages/keystoneauth1/session.py:511
2019-07-30 20:08:01.978 6405 DEBUG cinderclient.v2.client [-] GET call to volumev2 for http://172.30.9.37:8776/v3/edf03ed5825242e6815404bc523058de/types/0c62c36b-5483-4987-af51-30f243c8bb89/os-volume-type-access used request id req-2dbd38f4-47ee-4b43-a4b9-d2e27136963f request /usr/lib/python2.7/site-packages/keystoneauth1/session.py:844
2019-07-30 20:08:01.979 6405 INFO rally.task.runner [-] Task e13b72eb-5cb2-4396-909d-455e3c085517 | ITER: 6 END: OK
2019-07-30 20:08:01.984 6405 INFO rally.task.runner [-] Task e13b72eb-5cb2-4396-909d-455e3c085517 | ITER: 10 START
2019-07-30 20:08:02.032 6400 DEBUG cinderclient.v2.client [-] RESP: [200] Content-Encoding: gzip Content-Length: 129 Content-Type: application/json Date: Tue, 30 Jul 2019 20:08:01 GMT OpenStack-API-Version: volume 3.0 Server: Apache Vary: OpenStack-API-Version,Accept-Encoding x-compute-request-id: req-e743a9f0-d5d5-4d12-aeff-7ec79d684993 x-openstack-request-id: req-e743a9f0-d5d5-4d12-aeff-7ec79d684993 _http_log_response /usr/lib/python2.7/site-packages/keystoneauth1/session.py:479
2019-07-30 20:08:02.033 6400 DEBUG cinderclient.v2.client [-] RESP BODY: {"volume_type_access": [{"volume_type_id": "6468fe3c-e7db-4a63-999c-3e6becb44d12", "project_id": "45b522b241404b40ba0a7b824acf2720"}]} _http_log_response /usr/lib/python2.7/site-packages/keystoneauth1/session.py:511
2019-07-30 20:08:02.033 6400 DEBUG cinderclient.v2.client [-] GET call to volumev2 for http://172.30.9.37:8776/v3/edf03ed5825242e6815404bc523058de/types/6468fe3c-e7db-4a63-999c-3e6becb44d12/os-volume-type-access used request id req-e743a9f0-d5d5-4d12-aeff-7ec79d684993 request /usr/lib/python2.7/site-packages/keystoneauth1/session.py:844
2019-07-30 20:08:02.034 6400 INFO rally.task.runner [-] Task e13b72eb-5cb2-4396-909d-455e3c085517 | ITER: 7 END: OK
2019-07-30 20:08:02.170 6399 DEBUG cinderclient.v2.client [-] RESP: [200] Content-Encoding: gzip Content-Length: 127 Content-Type: application/json Date: Tue, 30 Jul 2019 20:08:01 GMT OpenStack-API-Version: volume 3.0 Server: Apache Vary: OpenStack-API-Version,Accept-Encoding x-compute-request-id: req-08c5bd90-5c12-47fb-9ff0-fe4bc2c53056 x-openstack-request-id: req-08c5bd90-5c12-47fb-9ff0-fe4bc2c53056 _http_log_response /usr/lib/python2.7/site-packages/keystoneauth1/session.py:479
2019-07-30 20:08:02.170 6399 DEBUG cinderclient.v2.client [-] RESP BODY: {"volume_type_access": [{"volume_type_id": "0f1ea514-f7e0-47a2-a1dc-bbf55da26bf2", "project_id": "45b522b241404b40ba0a7b824acf2720"}]} _http_log_response /usr/lib/python2.7/site-packages/keystoneauth1/session.py:511
2019-07-30 20:08:02.171 6399 DEBUG cinderclient.v2.client [-] GET call to volumev2 for http://172.30.9.37:8776/v3/edf03ed5825242e6815404bc523058de/types/0f1ea514-f7e0-47a2-a1dc-bbf55da26bf2/os-volume-type-access used request id req-08c5bd90-5c12-47fb-9ff0-fe4bc2c53056 request /usr/lib/python2.7/site-packages/keystoneauth1/session.py:844
2019-07-30 20:08:02.172 6399 INFO rally.task.runner [-] Task e13b72eb-5cb2-4396-909d-455e3c085517 | ITER: 8 END: OK
2019-07-30 20:08:02.337 6398 DEBUG cinderclient.v2.client [-] REQ: curl -g -i -X POST http://172.30.9.37:8776/v3/edf03ed5825242e6815404bc523058de/types -H "Accept: application/json" -H "Content-Type: application/json" -H "User-Agent: python-cinderclient" -H "X-Auth-Token: {SHA1}e6cc0b5eebf951b7f345232455bd666e115a8154" -d '{"volume_type": {"os-volume-type-access:is_public": false, "name": "s_rally_cf4a086f_tBCcrJif", "description": "rally tests creating types"}}' _http_log_request /usr/lib/python2.7/site-packages/keystoneauth1/session.py:448
2019-07-30 20:08:02.413 6405 DEBUG cinderclient.v2.client [-] REQ: curl -g -i -X POST http://172.30.9.37:8776/v3/edf03ed5825242e6815404bc523058de/types -H "Accept: application/json" -H "Content-Type: application/json" -H "User-Agent: python-cinderclient" -H "X-Auth-Token: {SHA1}a6adbbe7172479ee69181a5a4ba4bfd74da0d960" -d '{"volume_type": {"os-volume-type-access:is_public": false, "name": "s_rally_cf4a086f_bHRcib4a", "description": "rally tests creating types"}}' _http_log_request /usr/lib/python2.7/site-packages/keystoneauth1/session.py:448
2019-07-30 20:08:02.591 6398 DEBUG cinderclient.v2.client [-] RESP: [200] Content-Encoding: gzip Content-Length: 179 Content-Type: application/json Date: Tue, 30 Jul 2019 20:08:02 GMT OpenStack-API-Version: volume 3.0 Server: Apache Vary: OpenStack-API-Version,Accept-Encoding x-compute-request-id: req-2c582267-bb3c-411d-a1ef-fae37ca5a20f x-openstack-request-id: req-2c582267-bb3c-411d-a1ef-fae37ca5a20f _http_log_response /usr/lib/python2.7/site-packages/keystoneauth1/session.py:479
2019-07-30 20:08:02.592 6398 DEBUG cinderclient.v2.client [-] RESP BODY: {"volume_type": {"name": "s_rally_cf4a086f_tBCcrJif", "extra_specs": {}, "os-volume-type-access:is_public": false, "is_public": false, "id": "ba9b6f11-6278-4a93-a151-60c90bb281c2", "description": "rally tests creating types"}} _http_log_response /usr/lib/python2.7/site-packages/keystoneauth1/session.py:511
2019-07-30 20:08:02.592 6398 DEBUG cinderclient.v2.client [-] POST call to volumev2 for http://172.30.9.37:8776/v3/edf03ed5825242e6815404bc523058de/types used request id req-2c582267-bb3c-411d-a1ef-fae37ca5a20f request /usr/lib/python2.7/site-packages/keystoneauth1/session.py:844
2019-07-30 20:08:02.594 6398 DEBUG cinderclient.v2.client [-] REQ: curl -g -i -X POST http://172.30.9.37:8776/v3/edf03ed5825242e6815404bc523058de/types/ba9b6f11-6278-4a93-a151-60c90bb281c2/action -H "Accept: application/json" -H "Content-Type: application/json" -H "User-Agent: python-cinderclient" -H "X-Auth-Token: {SHA1}e6cc0b5eebf951b7f345232455bd666e115a8154" -H "X-OpenStack-Request-ID: req-2c582267-bb3c-411d-a1ef-fae37ca5a20f" -d '{"addProjectAccess": {"project": "261e51d5f123456fb513aa20e0de1899"}}' _http_log_request /usr/lib/python2.7/site-packages/keystoneauth1/session.py:448
2019-07-30 20:08:02.652 6405 DEBUG cinderclient.v2.client [-] RESP: [200] Content-Encoding: gzip Content-Length: 180 Content-Type: application/json Date: Tue, 30 Jul 2019 20:08:02 GMT OpenStack-API-Version: volume 3.0 Server: Apache Vary: OpenStack-API-Version,Accept-Encoding x-compute-request-id: req-7a47f9ec-1df5-4a5a-9702-9f5f663d6cdb x-openstack-request-id: req-7a47f9ec-1df5-4a5a-9702-9f5f663d6cdb _http_log_response /usr/lib/python2.7/site-packages/keystoneauth1/session.py:479
2019-07-30 20:08:02.652 6405 DEBUG cinderclient.v2.client [-] RESP BODY: {"volume_type": {"name": "s_rally_cf4a086f_bHRcib4a", "extra_specs": {}, "os-volume-type-access:is_public": false, "is_public": false, "id": "ed5006ad-bae7-4bd2-8829-325ab4766a77", "description": "rally tests creating types"}} _http_log_response /usr/lib/python2.7/site-packages/keystoneauth1/session.py:511
2019-07-30 20:08:02.652 6405 DEBUG cinderclient.v2.client [-] POST call to volumev2 for http://172.30.9.37:8776/v3/edf03ed5825242e6815404bc523058de/types used request id req-7a47f9ec-1df5-4a5a-9702-9f5f663d6cdb request /usr/lib/python2.7/site-packages/keystoneauth1/session.py:844
2019-07-30 20:08:02.654 6405 DEBUG cinderclient.v2.client [-] REQ: curl -g -i -X POST http://172.30.9.37:8776/v3/edf03ed5825242e6815404bc523058de/types/ed5006ad-bae7-4bd2-8829-325ab4766a77/action -H "Accept: application/json" -H "Content-Type: application/json" -H "User-Agent: python-cinderclient" -H "X-Auth-Token: {SHA1}a6adbbe7172479ee69181a5a4ba4bfd74da0d960" -H "X-OpenStack-Request-ID: req-7a47f9ec-1df5-4a5a-9702-9f5f663d6cdb" -d '{"addProjectAccess": {"project": "261e51d5f123456fb513aa20e0de1899"}}' _http_log_request /usr/lib/python2.7/site-packages/keystoneauth1/session.py:448
2019-07-30 20:08:02.828 6398 DEBUG cinderclient.v2.client [-] RESP: [202] Content-Length: 0 Content-Type: text/html; charset=UTF-8 Date: Tue, 30 Jul 2019 20:08:02 GMT OpenStack-API-Version: volume 3.0 Server: Apache Vary: OpenStack-API-Version x-openstack-request-id: req-8ef90a14-08ed-4a24-a281-deca2fef2505 _http_log_response /usr/lib/python2.7/site-packages/keystoneauth1/session.py:479
2019-07-30 20:08:02.828 6398 DEBUG cinderclient.v2.client [-] RESP BODY: Omitted, Content-Type is set to text/html; charset=UTF-8. Only application/json responses have their bodies logged. _http_log_response /usr/lib/python2.7/site-packages/keystoneauth1/session.py:511
2019-07-30 20:08:02.829 6398 DEBUG cinderclient.v2.client [-] POST call to volumev2 for http://172.30.9.37:8776/v3/edf03ed5825242e6815404bc523058de/types/ba9b6f11-6278-4a93-a151-60c90bb281c2/action used request id req-8ef90a14-08ed-4a24-a281-deca2fef2505 request /usr/lib/python2.7/site-packages/keystoneauth1/session.py:844
2019-07-30 20:08:02.830 6398 DEBUG cinderclient.v2.client [-] REQ: curl -g -i -X GET http://172.30.9.37:8776/v3/edf03ed5825242e6815404bc523058de/types/ba9b6f11-6278-4a93-a151-60c90bb281c2/os-volume-type-access -H "Accept: application/json" -H "User-Agent: python-cinderclient" -H "X-Auth-Token: {SHA1}e6cc0b5eebf951b7f345232455bd666e115a8154" -H "X-OpenStack-Request-ID: req-2c582267-bb3c-411d-a1ef-fae37ca5a20f" _http_log_request /usr/lib/python2.7/site-packages/keystoneauth1/session.py:448
2019-07-30 20:08:02.888 6405 DEBUG cinderclient.v2.client [-] RESP: [202] Content-Length: 0 Content-Type: text/html; charset=UTF-8 Date: Tue, 30 Jul 2019 20:08:02 GMT OpenStack-API-Version: volume 3.0 Server: Apache Vary: OpenStack-API-Version x-openstack-request-id: req-c4263caa-f3d3-4ed4-8ea8-a01d1d8bc975 _http_log_response /usr/lib/python2.7/site-packages/keystoneauth1/session.py:479
2019-07-30 20:08:02.888 6405 DEBUG cinderclient.v2.client [-] RESP BODY: Omitted, Content-Type is set to text/html; charset=UTF-8. Only application/json responses have their bodies logged. _http_log_response /usr/lib/python2.7/site-packages/keystoneauth1/session.py:511
2019-07-30 20:08:02.888 6405 DEBUG cinderclient.v2.client [-] POST call to volumev2 for http://172.30.9.37:8776/v3/edf03ed5825242e6815404bc523058de/types/ed5006ad-bae7-4bd2-8829-325ab4766a77/action used request id req-c4263caa-f3d3-4ed4-8ea8-a01d1d8bc975 request /usr/lib/python2.7/site-packages/keystoneauth1/session.py:844
2019-07-30 20:08:02.889 6405 DEBUG cinderclient.v2.client [-] REQ: curl -g -i -X GET http://172.30.9.37:8776/v3/edf03ed5825242e6815404bc523058de/types/ed5006ad-bae7-4bd2-8829-325ab4766a77/os-volume-type-access -H "Accept: application/json" -H "User-Agent: python-cinderclient" -H "X-Auth-Token: {SHA1}a6adbbe7172479ee69181a5a4ba4bfd74da0d960" -H "X-OpenStack-Request-ID: req-7a47f9ec-1df5-4a5a-9702-9f5f663d6cdb" _http_log_request /usr/lib/python2.7/site-packages/keystoneauth1/session.py:448
2019-07-30 20:08:03.054 6398 DEBUG cinderclient.v2.client [-] RESP: [200] Content-Encoding: gzip Content-Length: 130 Content-Type: application/json Date: Tue, 30 Jul 2019 20:08:02 GMT OpenStack-API-Version: volume 3.0 Server: Apache Vary: OpenStack-API-Version,Accept-Encoding x-compute-request-id: req-e2d5de69-4c83-4345-913e-9c10fec3dfc9 x-openstack-request-id: req-e2d5de69-4c83-4345-913e-9c10fec3dfc9 _http_log_response /usr/lib/python2.7/site-packages/keystoneauth1/session.py:479
2019-07-30 20:08:03.055 6398 DEBUG cinderclient.v2.client [-] RESP BODY: {"volume_type_access": [{"volume_type_id": "ba9b6f11-6278-4a93-a151-60c90bb281c2", "project_id": "261e51d5f123456fb513aa20e0de1899"}]} _http_log_response /usr/lib/python2.7/site-packages/keystoneauth1/session.py:511
2019-07-30 20:08:03.055 6398 DEBUG cinderclient.v2.client [-] GET call to volumev2 for http://172.30.9.37:8776/v3/edf03ed5825242e6815404bc523058de/types/ba9b6f11-6278-4a93-a151-60c90bb281c2/os-volume-type-access used request id req-e2d5de69-4c83-4345-913e-9c10fec3dfc9 request /usr/lib/python2.7/site-packages/keystoneauth1/session.py:844
2019-07-30 20:08:03.056 6398 INFO rally.task.runner [-] Task e13b72eb-5cb2-4396-909d-455e3c085517 | ITER: 9 END: OK
2019-07-30 20:08:03.209 6405 DEBUG cinderclient.v2.client [-] RESP: [200] Content-Encoding: gzip Content-Length: 130 Content-Type: application/json Date: Tue, 30 Jul 2019 20:08:02 GMT OpenStack-API-Version: volume 3.0 Server: Apache Vary: OpenStack-API-Version,Accept-Encoding x-compute-request-id: req-96447bb0-1b54-4e9a-af97-0b3dc94649e5 x-openstack-request-id: req-96447bb0-1b54-4e9a-af97-0b3dc94649e5 _http_log_response /usr/lib/python2.7/site-packages/keystoneauth1/session.py:479
2019-07-30 20:08:03.209 6405 DEBUG cinderclient.v2.client [-] RESP BODY: {"volume_type_access": [{"volume_type_id": "ed5006ad-bae7-4bd2-8829-325ab4766a77", "project_id": "261e51d5f123456fb513aa20e0de1899"}]} _http_log_response /usr/lib/python2.7/site-packages/keystoneauth1/session.py:511
2019-07-30 20:08:03.210 6405 DEBUG cinderclient.v2.client [-] GET call to volumev2 for http://172.30.9.37:8776/v3/edf03ed5825242e6815404bc523058de/types/ed5006ad-bae7-4bd2-8829-325ab4766a77/os-volume-type-access used request id req-96447bb0-1b54-4e9a-af97-0b3dc94649e5 request /usr/lib/python2.7/site-packages/keystoneauth1/session.py:844
2019-07-30 20:08:03.211 6405 INFO rally.task.runner [-] Task e13b72eb-5cb2-4396-909d-455e3c085517 | ITER: 10 END: OK
2019-07-30 20:08:03.237 1842 INFO rally.task.context [-] Task e13b72eb-5cb2-4396-909d-455e3c085517 | Context admin_cleanup@openstack cleanup() started
2019-07-30 20:08:03.239 1842 RALLYDEBUG rally_openstack.cleanup.manager [-] Cleaning up cinder volume_types objects
2019-07-30 20:08:04.022 1842 RALLYDEBUG rally_openstack.cleanup.manager [-] Deleting cinder.volume_types object s_rally_cf4a086f_tBCcrJif (ba9b6f11-6278-4a93-a151-60c90bb281c2)
2019-07-30 20:08:04.024 1842 RALLYDEBUG rally_openstack.cleanup.manager [-] Deleting cinder.volume_types object s_rally_cf4a086f_tR2sotDO (0f1ea514-f7e0-47a2-a1dc-bbf55da26bf2)
2019-07-30 20:08:04.025 1842 RALLYDEBUG rally_openstack.cleanup.manager [-] Deleting cinder.volume_types object s_rally_cf4a086f_JzOCqHsw (6468fe3c-e7db-4a63-999c-3e6becb44d12)
2019-07-30 20:08:04.027 1842 RALLYDEBUG rally_openstack.cleanup.manager [-] Deleting cinder.volume_types object s_rally_cf4a086f_fwDItyRK (af927cea-eba1-48f5-9d91-b69d07ad6bba)
2019-07-30 20:08:04.030 1842 RALLYDEBUG rally_openstack.cleanup.manager [-] Deleting cinder.volume_types object s_rally_cf4a086f_OoHNoyAN (1ca9a90b-1fa8-45ca-b1ad-a9fda4b21820)
2019-07-30 20:08:04.034 1842 RALLYDEBUG rally_openstack.cleanup.manager [-] Deleting cinder.volume_types object s_rally_cf4a086f_ZKGg2TA2 (0a3f6006-cacd-4f1c-9cf6-f00bd815f82e)
2019-07-30 20:08:04.034 1842 RALLYDEBUG rally_openstack.cleanup.manager [-] Deleting cinder.volume_types object s_rally_cf4a086f_bHRcib4a (ed5006ad-bae7-4bd2-8829-325ab4766a77)
2019-07-30 20:08:04.036 1842 RALLYDEBUG rally_openstack.cleanup.manager [-] Deleting cinder.volume_types object s_rally_cf4a086f_msjWtdwQ (443d8cf6-2d64-49f5-89ba-7fe1321399f5)
2019-07-30 20:08:04.042 1842 RALLYDEBUG rally_openstack.cleanup.manager [-] Deleting cinder.volume_types object s_rally_cf4a086f_R79IQ6yW (4f7b9549-57f7-4233-80fa-9947bccbca6b)
2019-07-30 20:08:04.053 1842 RALLYDEBUG rally_openstack.cleanup.manager [-] Deleting cinder.volume_types object s_rally_cf4a086f_yv3wk6Mj (0c62c36b-5483-4987-af51-30f243c8bb89)
2019-07-30 20:08:06.419 1842 RALLYDEBUG rally_openstack.cleanup.manager [-] Cleaning up cinder image_volumes_cache objects
2019-07-30 20:08:07.941 1842 RALLYDEBUG rally_openstack.cleanup.manager [-] Cleaning up cinder quotas objects
2019-07-30 20:08:09.538 1842 RALLYDEBUG rally_openstack.cleanup.manager [-] Cleaning up cinder qos_specs objects
2019-07-30 20:08:10.208 1842 INFO rally.task.context [-] Task e13b72eb-5cb2-4396-909d-455e3c085517 | Context admin_cleanup@openstack cleanup() finished in 6.97 sec
2019-07-30 20:08:10.208 1842 INFO rally.task.context [-] Task e13b72eb-5cb2-4396-909d-455e3c085517 | Context api_versions@openstack cleanup() started
2019-07-30 20:08:10.209 1842 INFO rally.task.context [-] Task e13b72eb-5cb2-4396-909d-455e3c085517 | Context api_versions@openstack cleanup() finished in 0.30 msec
2019-07-30 20:08:10.209 1842 INFO rally.task.context [-] Task e13b72eb-5cb2-4396-909d-455e3c085517 | Context users@openstack cleanup() started
2019-07-30 20:08:18.606 1842 INFO rally.task.context [-] Task e13b72eb-5cb2-4396-909d-455e3c085517 | Context users@openstack cleanup() finished in 8.40 sec
2019-07-30 20:08:20.111 1842 INFO rally.task.engine [-] Load duration is: 4.041773
2019-07-30 20:08:20.111 1842 INFO rally.task.engine [-] Full runner duration is: 4.084064
2019-07-30 20:08:20.111 1842 INFO rally.task.engine [-] Full duration is: 24.695167
2019-07-30 20:08:20.299 1842 INFO rally.task.engine [-] Task e13b72eb-5cb2-4396-909d-455e3c085517 | Completed: Running task.
2019-07-30 20:08:21.312 6540 RALLYDEBUG rally.api [-] INFO logs from urllib3 and requests module are hide.
2019-07-30 20:08:21.313 6540 RALLYDEBUG rally.api [-] urllib3 insecure warnings are hidden.
2019-07-30 20:08:21.313 6540 RALLYDEBUG rally.api [-] ERROR log from boto module is hide.
2019-07-30 20:08:22.137 6541 RALLYDEBUG rally.api [-] INFO logs from urllib3 and requests module are hide.
2019-07-30 20:08:22.137 6541 RALLYDEBUG rally.api [-] urllib3 insecure warnings are hidden.
2019-07-30 20:08:22.137 6541 RALLYDEBUG rally.api [-] ERROR log from boto module is hide.
2019-07-30 20:08:23.457 6541 INFO rally.api [-] Building 'json' report for the following task(s): 'e13b72eb-5cb2-4396-909d-455e3c085517'.
2019-07-30 20:08:23.500 6541 INFO rally.api [-] The report has been successfully built.
2019-07-30 20:08:24.343 6543 RALLYDEBUG rally.api [-] INFO logs from urllib3 and requests module are hide.
2019-07-30 20:08:24.343 6543 RALLYDEBUG rally.api [-] urllib3 insecure warnings are hidden.
2019-07-30 20:08:24.343 6543 RALLYDEBUG rally.api [-] ERROR log from boto module is hide.
2019-07-30 20:08:25.616 6543 INFO rally.task.engine [-] Task 8733154d-8246-4f51-ac0c-6a985c82e74b | Starting: Task validation.
2019-07-30 20:08:25.652 6543 INFO rally.task.engine [-] Task 8733154d-8246-4f51-ac0c-6a985c82e74b | Starting: Task validation of syntax.
2019-07-30 20:08:25.842 6543 INFO rally.task.engine [-] Task 8733154d-8246-4f51-ac0c-6a985c82e74b | Completed: Task validation of syntax.
2019-07-30 20:08:25.842 6543 INFO rally.task.engine [-] Task 8733154d-8246-4f51-ac0c-6a985c82e74b | Starting: Task validation of required platforms.
2019-07-30 20:08:25.905 6543 INFO rally.task.engine [-] Task 8733154d-8246-4f51-ac0c-6a985c82e74b | Completed: Task validation of required platforms.
2019-07-30 20:08:25.905 6543 INFO rally.task.engine [-] Task 8733154d-8246-4f51-ac0c-6a985c82e74b | Starting: Task validation of semantic.
2019-07-30 20:08:25.905 6543 INFO rally.task.engine [-] Check health of the environment 'd118c37b-0965-4d9d-8e12-42aed18671df'.
2019-07-30 20:08:26.739 6543 INFO rally.task.engine [-] Platform existing@openstack (available: True): OK!
2019-07-30 20:08:26.757 6543 RALLYDEBUG rally_openstack.contexts.keystone.users [-] Creating 1 tenants using 20 threads
2019-07-30 20:08:28.631 6543 RALLYDEBUG rally_openstack.contexts.keystone.users [-] Creating 1 users using 20 threads
2019-07-30 20:08:31.437 6543 INFO rally.task.context [-] Task 8733154d-8246-4f51-ac0c-6a985c82e74b | Context users@openstack setup() finished in 4.68 sec
2019-07-30 20:08:38.622 6543 INFO rally.task.context [-] Task 8733154d-8246-4f51-ac0c-6a985c82e74b | Context users@openstack cleanup() started
2019-07-30 20:08:44.464 6543 INFO rally.task.context [-] Task 8733154d-8246-4f51-ac0c-6a985c82e74b | Context users@openstack cleanup() finished in 5.84 sec
2019-07-30 20:08:44.464 6543 INFO rally.task.engine [-] Task 8733154d-8246-4f51-ac0c-6a985c82e74b | Completed: Task validation of semantic.
2019-07-30 20:08:44.465 6543 INFO rally.task.engine [-] Task 8733154d-8246-4f51-ac0c-6a985c82e74b | Completed: Task validation.
2019-07-30 20:08:44.465 6543 INFO rally.api [-] Task 8733154d-8246-4f51-ac0c-6a985c82e74b input file is valid.
2019-07-30 20:08:44.465 6543 INFO rally.api [-] Run Task 8733154d-8246-4f51-ac0c-6a985c82e74b against Deployment d118c37b-0965-4d9d-8e12-42aed18671df
2019-07-30 20:08:44.465 6543 INFO rally.task.engine [-] Task 8733154d-8246-4f51-ac0c-6a985c82e74b | Starting: Running task.
2019-07-30 20:08:44.592 6543 INFO rally.task.engine [-] Running workload: position = 0 config = { "version": 2, "title": "A cropped version of a bigger task.", "description": "Auto-generated task from a single workload (uuid=ed66c669-5bcf-4c72-b775-a887b18cc7b0)", "subtasks": [ { "title": "Gnocchi.list_capabilities", "description": "List supported aggregation methods.", "scenario": { "Gnocchi.list_capabilities": {} }, "contexts": { "users": { "tenants": 3, "users_per_tenant": 2 } }, "runner": { "constant": { "concurrency": 4, "times": 10 } }, "hooks": [], "sla": { "failure_rate": { "max": 0 } } } ] }
2019-07-30 20:08:44.612 6543 RALLYDEBUG rally_openstack.contexts.keystone.users [-] Creating 3 tenants using 20 threads
2019-07-30 20:08:46.691 6543 RALLYDEBUG rally_openstack.contexts.keystone.users [-] Creating 6 users using 20 threads
2019-07-30 20:08:49.623 6543 INFO rally.task.context [-] Task 8733154d-8246-4f51-ac0c-6a985c82e74b | Context users@openstack setup() finished in 5.01 sec
2019-07-30 20:08:49.630 6543 RALLYDEBUG rally.task.runner [-] Starting the constant runner (task UUID: 8733154d-8246-4f51-ac0c-6a985c82e74b). timeout: 0 concurrency: 4 concurrency_per_worker: 1 times: 10 concurrency_overhead: 0 processes_to_start: 4 max_cpu_used: 16
2019-07-30 20:08:49.643 6667 RALLYDEBUG rally.task.runner [-] Starting a worker. concurrency: 1 args: {} times: 10 method_name: run timeout: 0 duration: None cls:
2019-07-30 20:08:49.646 6669 RALLYDEBUG rally.task.runner [-] Starting a worker. concurrency: 1 args: {} times: 10 method_name: run timeout: 0 duration: None cls:
2019-07-30 20:08:49.647 6668 RALLYDEBUG rally.task.runner [-] Starting a worker. concurrency: 1 args: {} times: 10 method_name: run timeout: 0 duration: None cls:
2019-07-30 20:08:49.649 6667 INFO rally.task.runner [-] Task 8733154d-8246-4f51-ac0c-6a985c82e74b | ITER: 1 START
2019-07-30 20:08:49.650 6669 INFO rally.task.runner [-] Task 8733154d-8246-4f51-ac0c-6a985c82e74b | ITER: 2 START
2019-07-30 20:08:49.652 6670 RALLYDEBUG rally.task.runner [-] Starting a worker. concurrency: 1 args: {} times: 10 method_name: run timeout: 0 duration: None cls:
2019-07-30 20:08:49.653 6668 INFO rally.task.runner [-] Task 8733154d-8246-4f51-ac0c-6a985c82e74b | ITER: 3 START
2019-07-30 20:08:49.658 6670 INFO rally.task.runner [-] Task 8733154d-8246-4f51-ac0c-6a985c82e74b | ITER: 4 START
2019-07-30 20:08:50.377 6667 INFO rally.task.runner [-] Task 8733154d-8246-4f51-ac0c-6a985c82e74b | ITER: 1 END: OK
2019-07-30 20:08:50.380 6669 INFO rally.task.runner [-] Task 8733154d-8246-4f51-ac0c-6a985c82e74b | ITER: 2 END: OK
2019-07-30 20:08:50.381 6668 INFO rally.task.runner [-] Task 8733154d-8246-4f51-ac0c-6a985c82e74b | ITER: 3 END: OK
2019-07-30 20:08:50.381 6667 INFO rally.task.runner [-] Task 8733154d-8246-4f51-ac0c-6a985c82e74b | ITER: 5 START
2019-07-30 20:08:50.383 6669 INFO rally.task.runner [-] Task 8733154d-8246-4f51-ac0c-6a985c82e74b | ITER: 6 START
2019-07-30 20:08:50.385 6668 INFO rally.task.runner [-] Task 8733154d-8246-4f51-ac0c-6a985c82e74b | ITER: 7 START
2019-07-30 20:08:50.397 6670 INFO rally.task.runner [-] Task 8733154d-8246-4f51-ac0c-6a985c82e74b | ITER: 4 END: OK
2019-07-30 20:08:50.401 6670 INFO rally.task.runner [-] Task 8733154d-8246-4f51-ac0c-6a985c82e74b | ITER: 8 START
2019-07-30 20:08:51.088 6669 INFO rally.task.runner [-] Task 8733154d-8246-4f51-ac0c-6a985c82e74b | ITER: 6 END: OK
2019-07-30 20:08:51.088 6668 INFO rally.task.runner [-] Task 8733154d-8246-4f51-ac0c-6a985c82e74b | ITER: 7 END: OK
2019-07-30 20:08:51.091 6669 INFO rally.task.runner [-] Task 8733154d-8246-4f51-ac0c-6a985c82e74b | ITER: 9 START
2019-07-30 20:08:51.092 6668 INFO rally.task.runner [-] Task 8733154d-8246-4f51-ac0c-6a985c82e74b | ITER: 10 START
2019-07-30 20:08:51.110 6667 INFO rally.task.runner [-] Task 8733154d-8246-4f51-ac0c-6a985c82e74b | ITER: 5 END: OK
