2019-07-30 19:33:18.014 7 RALLYDEBUG rally.api [-] INFO logs from urllib3 and requests module are hide.
2019-07-30 19:33:18.015 7 RALLYDEBUG rally.api [-] urllib3 insecure warnings are hidden.
2019-07-30 19:33:18.015 7 RALLYDEBUG rally.api [-] ERROR log from boto module is hide.
2019-07-30 19:33:19.203 7 ERROR rally.cli.cliutils [-] Unexpected exception in CLI: DBRecordNotFound: Record for uuid or name is opnfv-rally not found in table envs
2019-07-30 19:33:19.203 7 ERROR rally.cli.cliutils
Traceback (most recent call last):
2019-07-30 19:33:19.203 7 ERROR rally.cli.cliutils
File "/usr/lib/python2.7/site-packages/rally/cli/cliutils.py", line 674, in run
2019-07-30 19:33:19.203 7 ERROR rally.cli.cliutils ret = fn(*fn_args, **fn_kwargs)
2019-07-30 19:33:19.203 7 ERROR rally.cli.cliutils File "", line 2, in destroy
2019-07-30 19:33:19.203 7 ERROR rally.cli.cliutils
File "/usr/lib/python2.7/site-packages/rally/cli/envutils.py", line 69, in default_from_global
2019-07-30 19:33:19.203 7 ERROR rally.cli.cliutils return f(*args, **kwargs)
2019-07-30 19:33:19.203 7 ERROR rally.cli.cliutils File "", line 2, in destroy
2019-07-30 19:33:19.203 7 ERROR rally.cli.cliutils
File "/usr/lib/python2.7/site-packages/rally/plugins/__init__.py", line 51, in ensure_plugins_are_loaded
2019-07-30 19:33:19.203 7 ERROR rally.cli.cliutils return f(*args, **kwargs)
2019-07-30 19:33:19.203 7 ERROR rally.cli.cliutils
File "/usr/lib/python2.7/site-packages/rally/cli/commands/deployment.py", line 140, in destroy
2019-07-30 19:33:19.203 7 ERROR rally.cli.cliutils api.deployment.destroy(deployment=deployment)
2019-07-30 19:33:19.203 7 ERROR rally.cli.cliutils
File "/usr/lib/python2.7/site-packages/rally/api.py", line 115, in destroy
2019-07-30 19:33:19.203 7 ERROR rally.cli.cliutils deploy = objects.Deployment.get(deployment)
2019-07-30 19:33:19.203 7 ERROR rally.cli.cliutils
File "/usr/lib/python2.7/site-packages/rally/common/objects/deploy.py", line 124, in get
2019-07-30 19:33:19.203 7 ERROR rally.cli.cliutils return Deployment(env_mgr.EnvManager.get(deploy))
2019-07-30 19:33:19.203 7 ERROR rally.cli.cliutils
File "/usr/lib/python2.7/site-packages/rally/env/env_mgr.py", line 212, in get
2019-07-30 19:33:19.203 7 ERROR rally.cli.cliutils return cls(db.env_get(uuid_or_name))
2019-07-30 19:33:19.203 7 ERROR rally.cli.cliutils
File "/usr/lib/python2.7/site-packages/rally/common/db/api.py", line 135, in wrapper
2019-07-30 19:33:19.203 7 ERROR rally.cli.cliutils result = f(session, *args, **kwargs)
2019-07-30 19:33:19.203 7 ERROR rally.cli.cliutils
File "/usr/lib/python2.7/site-packages/rally/common/db/api.py", line 521, in env_get
2019-07-30 19:33:19.203 7 ERROR rally.cli.cliutils criteria="uuid or name is %s" % uuid_or_name, table="envs")
2019-07-30 19:33:19.203 7 ERROR rally.cli.cliutils DBRecordNotFound: Record for uuid or name is opnfv-rally not found in table envs
2019-07-30 19:33:19.203 7 ERROR rally.cli.cliutils
2019-07-30 19:33:19.941 9 RALLYDEBUG rally.api [-] INFO logs from urllib3 and requests module are hide.
2019-07-30 19:33:19.941 9 RALLYDEBUG rally.api [-] urllib3 insecure warnings are hidden.
2019-07-30 19:33:19.941 9 RALLYDEBUG rally.api [-] ERROR log from boto module is hide.
2019-07-30 19:33:21.140 9 WARNING rally_openstack.platforms.existing [-] endpoint is deprecated and not used.
2019-07-30 19:33:22.070 11 RALLYDEBUG rally.api [-] INFO logs from urllib3 and requests module are hide.
2019-07-30 19:33:22.071 11 RALLYDEBUG rally.api [-] urllib3 insecure warnings are hidden.
2019-07-30 19:33:22.071 11 RALLYDEBUG rally.api [-] ERROR log from boto module is hide.
2019-07-30 19:33:25.281 14 RALLYDEBUG rally.api [-] INFO logs from urllib3 and requests module are hide.
2019-07-30 19:33:25.281 14 RALLYDEBUG rally.api [-] urllib3 insecure warnings are hidden.
2019-07-30 19:33:25.281 14 RALLYDEBUG rally.api [-] ERROR log from boto module is hide.
2019-07-30 19:33:27.043 16 RALLYDEBUG rally.api [-] INFO logs from urllib3 and requests module are hide.
2019-07-30 19:33:27.043 16 RALLYDEBUG rally.api [-] urllib3 insecure warnings are hidden.
2019-07-30 19:33:27.044 16 RALLYDEBUG rally.api [-] ERROR log from boto module is hide.
2019-07-30 19:33:28.305 16 INFO rally.task.engine [-] Task 105d9ffd-5a3d-4336-92ec-4c82e6f9b55a | Starting: Task validation.
2019-07-30 19:33:28.337 16 INFO rally.task.engine [-] Task 105d9ffd-5a3d-4336-92ec-4c82e6f9b55a | Starting: Task validation of syntax.
2019-07-30 19:33:28.403 16 INFO rally.task.engine [-] Task 105d9ffd-5a3d-4336-92ec-4c82e6f9b55a | Completed: Task validation of syntax.
2019-07-30 19:33:28.404 16 INFO rally.task.engine [-] Task 105d9ffd-5a3d-4336-92ec-4c82e6f9b55a | Starting: Task validation of required platforms.
2019-07-30 19:33:28.442 16 INFO rally.task.engine [-] Task 105d9ffd-5a3d-4336-92ec-4c82e6f9b55a | Completed: Task validation of required platforms.
2019-07-30 19:33:28.443 16 INFO rally.task.engine [-] Task 105d9ffd-5a3d-4336-92ec-4c82e6f9b55a | Starting: Task validation of semantic.
2019-07-30 19:33:28.443 16 INFO rally.task.engine [-] Check health of the environment 'd118c37b-0965-4d9d-8e12-42aed18671df'.
2019-07-30 19:33:29.315 16 INFO rally.task.engine [-] Platform existing@openstack (available: True): OK!
2019-07-30 19:33:29.334 16 RALLYDEBUG rally_openstack.contexts.keystone.users [-] Creating 1 tenants using 20 threads
2019-07-30 19:33:31.269 16 RALLYDEBUG rally_openstack.contexts.keystone.users [-] Creating 1 users using 20 threads
2019-07-30 19:33:34.089 16 INFO rally.task.context [-] Task 105d9ffd-5a3d-4336-92ec-4c82e6f9b55a | Context users@openstack setup() finished in 4.76 sec
2019-07-30 19:33:34.136 16 INFO rally.task.context [-] Task 105d9ffd-5a3d-4336-92ec-4c82e6f9b55a | Context users@openstack cleanup() started
2019-07-30 19:33:39.346 16 INFO rally.task.context [-] Task 105d9ffd-5a3d-4336-92ec-4c82e6f9b55a | Context users@openstack cleanup() finished in 5.21 sec
2019-07-30 19:33:39.347 16 INFO rally.task.engine [-] Task 105d9ffd-5a3d-4336-92ec-4c82e6f9b55a | Completed: Task validation of semantic.
2019-07-30 19:33:39.347 16 INFO rally.task.engine [-] Task 105d9ffd-5a3d-4336-92ec-4c82e6f9b55a | Completed: Task validation.
2019-07-30 19:33:39.348 16 INFO rally.api [-] Task 105d9ffd-5a3d-4336-92ec-4c82e6f9b55a input file is valid.
2019-07-30 19:33:39.348 16 INFO rally.api [-] Run Task 105d9ffd-5a3d-4336-92ec-4c82e6f9b55a against Deployment d118c37b-0965-4d9d-8e12-42aed18671df
2019-07-30 19:33:39.348 16 INFO rally.task.engine [-] Task 105d9ffd-5a3d-4336-92ec-4c82e6f9b55a | Starting: Running task.
2019-07-30 19:33:39.482 16 INFO rally.task.engine [-] Running workload: position = 0 config = { "version": 2, "title": "A cropped version of a bigger task.", "description": "Auto-generated task from a single workload (uuid=ef8da173-883e-42d1-9278-c96700aaad50)", "subtasks": [ { "title": "Authenticate.keystone", "description": "Check Keystone Client.", "scenario": { "Authenticate.keystone": {} }, "contexts": { "users": { "tenants": 3, "users_per_tenant": 2 } }, "runner": { "constant": { "concurrency": 4, "times": 10 } }, "hooks": [], "sla": { "failure_rate": { "max": 0 } } } ] }
2019-07-30 19:33:39.502 16 RALLYDEBUG rally_openstack.contexts.keystone.users [-] Creating 3 tenants using 20 threads
2019-07-30 19:33:41.407 16 RALLYDEBUG rally_openstack.contexts.keystone.users [-] Creating 6 users using 20 threads
2019-07-30 19:33:44.767 16 INFO rally.task.context [-] Task 105d9ffd-5a3d-4336-92ec-4c82e6f9b55a | Context users@openstack setup() finished in 5.27 sec
2019-07-30 19:33:44.775 16 RALLYDEBUG rally.task.runner [-] Starting the constant runner (task UUID: 105d9ffd-5a3d-4336-92ec-4c82e6f9b55a). timeout: 0 concurrency: 4 concurrency_per_worker: 1 times: 10 concurrency_overhead: 0 processes_to_start: 4 max_cpu_used: 16
2019-07-30 19:33:44.788 140 RALLYDEBUG rally.task.runner [-] Starting a worker. concurrency: 1 args: {} times: 10 method_name: run timeout: 0 duration: None cls:
2019-07-30 19:33:44.790 141 RALLYDEBUG rally.task.runner [-] Starting a worker. concurrency: 1 args: {} times: 10 method_name: run timeout: 0 duration: None cls:
2019-07-30 19:33:44.792 142 RALLYDEBUG rally.task.runner [-] Starting a worker. concurrency: 1 args: {} times: 10 method_name: run timeout: 0 duration: None cls:
2019-07-30 19:33:44.795 143 RALLYDEBUG rally.task.runner [-] Starting a worker. concurrency: 1 args: {} times: 10 method_name: run timeout: 0 duration: None cls:
2019-07-30 19:33:44.795 140 INFO rally.task.runner [-] Task 105d9ffd-5a3d-4336-92ec-4c82e6f9b55a | ITER: 1 START
2019-07-30 19:33:44.796 141 INFO rally.task.runner [-] Task 105d9ffd-5a3d-4336-92ec-4c82e6f9b55a | ITER: 2 START
2019-07-30 19:33:44.797 142 INFO rally.task.runner [-] Task 105d9ffd-5a3d-4336-92ec-4c82e6f9b55a | ITER: 3 START
2019-07-30 19:33:44.799 143 INFO rally.task.runner [-] Task 105d9ffd-5a3d-4336-92ec-4c82e6f9b55a | ITER: 4 START
2019-07-30 19:33:45.404 142 INFO rally.task.runner [-] Task 105d9ffd-5a3d-4336-92ec-4c82e6f9b55a | ITER: 3 END: OK
2019-07-30 19:33:45.407 142 INFO rally.task.runner [-] Task 105d9ffd-5a3d-4336-92ec-4c82e6f9b55a | ITER: 5 START
2019-07-30 19:33:45.409 140 INFO rally.task.runner [-] Task 105d9ffd-5a3d-4336-92ec-4c82e6f9b55a | ITER: 1 END: OK
2019-07-30 19:33:45.412 140 INFO rally.task.runner [-] Task 105d9ffd-5a3d-4336-92ec-4c82e6f9b55a | ITER: 6 START
2019-07-30 19:33:45.415 143 INFO rally.task.runner [-] Task 105d9ffd-5a3d-4336-92ec-4c82e6f9b55a | ITER: 4 END: OK
2019-07-30 19:33:45.419 143 INFO rally.task.runner [-] Task 105d9ffd-5a3d-4336-92ec-4c82e6f9b55a | ITER: 7 START
2019-07-30 19:33:45.426 141 INFO rally.task.runner [-] Task 105d9ffd-5a3d-4336-92ec-4c82e6f9b55a | ITER: 2 END: OK
2019-07-30 19:33:45.429 141 INFO rally.task.runner [-] Task 105d9ffd-5a3d-4336-92ec-4c82e6f9b55a | ITER: 8 START
2019-07-30 19:33:46.001 140 INFO rally.task.runner [-] Task 105d9ffd-5a3d-4336-92ec-4c82e6f9b55a | ITER: 6 END: OK
2019-07-30 19:33:46.004 140 INFO rally.task.runner [-] Task 105d9ffd-5a3d-4336-92ec-4c82e6f9b55a | ITER: 9 START
2019-07-30 19:33:46.008 143 INFO rally.task.runner [-] Task 105d9ffd-5a3d-4336-92ec-4c82e6f9b55a | ITER: 7 END: OK
2019-07-30 19:33:46.010 142 INFO rally.task.runner [-] Task 105d9ffd-5a3d-4336-92ec-4c82e6f9b55a | ITER: 5 END: OK
2019-07-30 19:33:46.011 143 INFO rally.task.runner [-] Task 105d9ffd-5a3d-4336-92ec-4c82e6f9b55a | ITER: 10 START
2019-07-30 19:33:46.028 141 INFO rally.task.runner [-] Task 105d9ffd-5a3d-4336-92ec-4c82e6f9b55a | ITER: 8 END: OK
2019-07-30 19:33:46.608 140 INFO rally.task.runner [-] Task 105d9ffd-5a3d-4336-92ec-4c82e6f9b55a | ITER: 9 END: OK
2019-07-30 19:33:46.693 143 INFO rally.task.runner [-] Task 105d9ffd-5a3d-4336-92ec-4c82e6f9b55a | ITER: 10 END: OK
2019-07-30 19:33:46.715 16 INFO rally.task.context [-] Task 105d9ffd-5a3d-4336-92ec-4c82e6f9b55a | Context users@openstack cleanup() started
2019-07-30 19:33:54.748 16 INFO rally.task.context [-] Task 105d9ffd-5a3d-4336-92ec-4c82e6f9b55a | Context users@openstack cleanup() finished in 8.03 sec
2019-07-30 19:33:55.576 16 INFO rally.task.engine [-] Load duration is: 1.895605
2019-07-30 19:33:55.576 16 INFO rally.task.engine [-] Full runner duration is: 1.941298
2019-07-30 19:33:55.576 16 INFO rally.task.engine [-] Full duration is: 15.248117
2019-07-30 19:33:55.781 16 INFO rally.task.engine [-] Running workload: position = 0 config = { "version": 2, "title": "A cropped version of a bigger task.", "description": "Auto-generated task from a single workload (uuid=f9be4ee4-1699-46f4-9771-2a9ae3f24a59)", "subtasks": [ { "title": "Authenticate.validate_cinder", "description": "Check Cinder Client to ensure validation of token.", "scenario": { "Authenticate.validate_cinder": { "repetitions": 2 } }, "contexts": { "users": { "tenants": 3, "users_per_tenant": 2 } }, "runner": { "constant": { "concurrency": 4, "times": 10 } }, "hooks": [], "sla": { "failure_rate": { "max": 0 } } } ] }
2019-07-30 19:33:55.801 16 RALLYDEBUG rally_openstack.contexts.keystone.users [-] Creating 3 tenants using 20 threads
2019-07-30 19:33:57.772 16 RALLYDEBUG rally_openstack.contexts.keystone.users [-] Creating 6 users using 20 threads
2019-07-30 19:34:00.574 16 INFO rally.task.context [-] Task 105d9ffd-5a3d-4336-92ec-4c82e6f9b55a | Context users@openstack setup() finished in 4.77 sec
2019-07-30 19:34:00.579 16 RALLYDEBUG rally.task.runner [-] Starting the constant runner (task UUID: 105d9ffd-5a3d-4336-92ec-4c82e6f9b55a). timeout: 0 concurrency: 4 concurrency_per_worker: 1 times: 10 concurrency_overhead: 0 processes_to_start: 4 max_cpu_used: 16
2019-07-30 19:34:00.591 244 RALLYDEBUG rally.task.runner [-] Starting a worker. concurrency: 1 args: {"repetitions": 2} times: 10 method_name: run timeout: 0 duration: None cls:
2019-07-30 19:34:00.592 245 RALLYDEBUG rally.task.runner [-] Starting a worker. concurrency: 1 args: {"repetitions": 2} times: 10 method_name: run timeout: 0 duration: None cls:
2019-07-30 19:34:00.594 246 RALLYDEBUG rally.task.runner [-] Starting a worker. concurrency: 1 args: {"repetitions": 2} times: 10 method_name: run timeout: 0 duration: None cls:
2019-07-30 19:34:00.597 245 INFO rally.task.runner [-] Task 105d9ffd-5a3d-4336-92ec-4c82e6f9b55a | ITER: 2 START
2019-07-30 19:34:00.597 244 INFO rally.task.runner [-] Task 105d9ffd-5a3d-4336-92ec-4c82e6f9b55a | ITER: 1 START
2019-07-30 19:34:00.597 247 RALLYDEBUG rally.task.runner [-] Starting a worker. concurrency: 1 args: {"repetitions": 2} times: 10 method_name: run timeout: 0 duration: None cls:
2019-07-30 19:34:00.598 246 INFO rally.task.runner [-] Task 105d9ffd-5a3d-4336-92ec-4c82e6f9b55a | ITER: 3 START
2019-07-30 19:34:00.602 247 INFO rally.task.runner [-] Task 105d9ffd-5a3d-4336-92ec-4c82e6f9b55a | ITER: 4 START
2019-07-30 19:34:02.489 247 INFO rally.task.runner [-] Task 105d9ffd-5a3d-4336-92ec-4c82e6f9b55a | ITER: 4 END: OK
2019-07-30 19:34:02.492 247 INFO rally.task.runner [-] Task 105d9ffd-5a3d-4336-92ec-4c82e6f9b55a | ITER: 5 START
2019-07-30 19:34:02.519 244 INFO rally.task.runner [-] Task 105d9ffd-5a3d-4336-92ec-4c82e6f9b55a | ITER: 1 END: OK
2019-07-30 19:34:02.522 244 INFO rally.task.runner [-] Task 105d9ffd-5a3d-4336-92ec-4c82e6f9b55a | ITER: 6 START
2019-07-30 19:34:02.590 245 INFO rally.task.runner [-] Task 105d9ffd-5a3d-4336-92ec-4c82e6f9b55a | ITER: 2 END: OK
2019-07-30 19:34:02.594 245 INFO rally.task.runner [-] Task 105d9ffd-5a3d-4336-92ec-4c82e6f9b55a | ITER: 7 START
2019-07-30 19:34:02.624 246 INFO rally.task.runner [-] Task 105d9ffd-5a3d-4336-92ec-4c82e6f9b55a | ITER: 3 END: OK
2019-07-30 19:34:02.628 246 INFO rally.task.runner [-] Task 105d9ffd-5a3d-4336-92ec-4c82e6f9b55a | ITER: 8 START
2019-07-30 19:34:04.104 245 INFO rally.task.runner [-] Task 105d9ffd-5a3d-4336-92ec-4c82e6f9b55a | ITER: 7 END: OK
2019-07-30 19:34:04.109 245 INFO rally.task.runner [-] Task 105d9ffd-5a3d-4336-92ec-4c82e6f9b55a | ITER: 9 START
2019-07-30 19:34:04.253 247 INFO rally.task.runner [-] Task 105d9ffd-5a3d-4336-92ec-4c82e6f9b55a | ITER: 5 END: OK
2019-07-30 19:34:04.257 247 INFO rally.task.runner [-] Task 105d9ffd-5a3d-4336-92ec-4c82e6f9b55a | ITER: 10 START
2019-07-30 19:34:04.403 244 INFO rally.task.runner [-] Task 105d9ffd-5a3d-4336-92ec-4c82e6f9b55a | ITER: 6 END: OK
2019-07-30 19:34:04.510 246 INFO rally.task.runner [-] Task 105d9ffd-5a3d-4336-92ec-4c82e6f9b55a | ITER: 8 END: OK
2019-07-30 19:34:05.555 245 INFO rally.task.runner [-] Task 105d9ffd-5a3d-4336-92ec-4c82e6f9b55a | ITER: 9 END: OK
2019-07-30 19:34:05.611 247 INFO rally.task.runner [-] Task 105d9ffd-5a3d-4336-92ec-4c82e6f9b55a | ITER: 10 END: OK
2019-07-30 19:34:05.633 16 INFO rally.task.context [-] Task 105d9ffd-5a3d-4336-92ec-4c82e6f9b55a | Context users@openstack cleanup() started
2019-07-30 19:34:13.467 16 INFO rally.task.context [-] Task 105d9ffd-5a3d-4336-92ec-4c82e6f9b55a | Context users@openstack cleanup() finished in 7.83 sec
2019-07-30 19:34:13.911 16 INFO rally.task.engine [-] Load duration is: 5.012727
2019-07-30 19:34:13.912 16 INFO rally.task.engine [-] Full runner duration is: 5.054458
2019-07-30 19:34:13.912 16 INFO rally.task.engine [-] Full duration is: 17.667129
2019-07-30 19:34:14.122 16 INFO rally.task.engine [-] Running workload: position = 0 config = { "version": 2, "title": "A cropped version of a bigger task.", "description": "Auto-generated task from a single workload (uuid=71b2259e-82d9-404f-89c8-04a15551fae4)", "subtasks": [ { "title": "Authenticate.validate_glance", "description": "Check Glance Client to ensure validation of token.", "scenario": { "Authenticate.validate_glance": { "repetitions": 2 } }, "contexts": { "users": { "tenants": 3, "users_per_tenant": 2 } }, "runner": { "constant": { "concurrency": 4, "times": 10 } }, "hooks": [], "sla": { "failure_rate": { "max": 0 } } } ] }
2019-07-30 19:34:14.143 16 RALLYDEBUG rally_openstack.contexts.keystone.users [-] Creating 3 tenants using 20 threads
2019-07-30 19:34:15.939 16 RALLYDEBUG rally_openstack.contexts.keystone.users [-] Creating 6 users using 20 threads
2019-07-30 19:34:18.962 16 INFO rally.task.context [-] Task 105d9ffd-5a3d-4336-92ec-4c82e6f9b55a | Context users@openstack setup() finished in 4.82 sec
2019-07-30 19:34:18.969 16 RALLYDEBUG rally.task.runner [-] Starting the constant runner (task UUID: 105d9ffd-5a3d-4336-92ec-4c82e6f9b55a). timeout: 0 concurrency: 4 concurrency_per_worker: 1 times: 10 concurrency_overhead: 0 processes_to_start: 4 max_cpu_used: 16
2019-07-30 19:34:18.979 348 RALLYDEBUG rally.task.runner [-] Starting a worker. concurrency: 1 args: {"repetitions": 2} times: 10 method_name: run timeout: 0 duration: None cls:
2019-07-30 19:34:18.983 348 INFO rally.task.runner [-] Task 105d9ffd-5a3d-4336-92ec-4c82e6f9b55a | ITER: 1 START
2019-07-30 19:34:18.984 349 RALLYDEBUG rally.task.runner [-] Starting a worker. concurrency: 1 args: {"repetitions": 2} times: 10 method_name: run timeout: 0 duration: None cls:
2019-07-30 19:34:18.986 350 RALLYDEBUG rally.task.runner [-] Starting a worker. concurrency: 1 args: {"repetitions": 2} times: 10 method_name: run timeout: 0 duration: None cls:
2019-07-30 19:34:18.989 353 RALLYDEBUG rally.task.runner [-] Starting a worker. concurrency: 1 args: {"repetitions": 2} times: 10 method_name: run timeout: 0 duration: None cls:
2019-07-30 19:34:18.990 349 INFO rally.task.runner [-] Task 105d9ffd-5a3d-4336-92ec-4c82e6f9b55a | ITER: 2 START
2019-07-30 19:34:18.991 350 INFO rally.task.runner [-] Task 105d9ffd-5a3d-4336-92ec-4c82e6f9b55a | ITER: 3 START
2019-07-30 19:34:18.993 353 INFO rally.task.runner [-] Task 105d9ffd-5a3d-4336-92ec-4c82e6f9b55a | ITER: 4 START
2019-07-30 19:34:20.355 353 INFO rally.task.runner [-] Task 105d9ffd-5a3d-4336-92ec-4c82e6f9b55a | ITER: 4 END: OK
2019-07-30 19:34:20.361 353 INFO rally.task.runner [-] Task 105d9ffd-5a3d-4336-92ec-4c82e6f9b55a | ITER: 5 START
2019-07-30 19:34:20.363 349 INFO rally.task.runner [-] Task 105d9ffd-5a3d-4336-92ec-4c82e6f9b55a | ITER: 2 END: OK
2019-07-30 19:34:20.366 350 INFO rally.task.runner [-] Task 105d9ffd-5a3d-4336-92ec-4c82e6f9b55a | ITER: 3 END: OK
2019-07-30 19:34:20.368 349 INFO rally.task.runner [-] Task 105d9ffd-5a3d-4336-92ec-4c82e6f9b55a | ITER: 6 START
2019-07-30 19:34:20.371 350 INFO rally.task.runner [-] Task 105d9ffd-5a3d-4336-92ec-4c82e6f9b55a | ITER: 7 START
2019-07-30 19:34:20.396 348 INFO rally.task.runner [-] Task 105d9ffd-5a3d-4336-92ec-4c82e6f9b55a | ITER: 1 END: OK
2019-07-30 19:34:20.400 348 INFO rally.task.runner [-] Task 105d9ffd-5a3d-4336-92ec-4c82e6f9b55a | ITER: 8 START
2019-07-30 19:34:21.344 349 INFO rally.task.runner [-] Task 105d9ffd-5a3d-4336-92ec-4c82e6f9b55a | ITER: 6 END: OK
2019-07-30 19:34:21.348 349 INFO rally.task.runner [-] Task 105d9ffd-5a3d-4336-92ec-4c82e6f9b55a | ITER: 9 START
2019-07-30 19:34:21.458 353 INFO rally.task.runner [-] Task 105d9ffd-5a3d-4336-92ec-4c82e6f9b55a | ITER: 5 END: OK
2019-07-30 19:34:21.462 353 INFO rally.task.runner [-] Task 105d9ffd-5a3d-4336-92ec-4c82e6f9b55a | ITER: 10 START
2019-07-30 19:34:21.538 348 INFO rally.task.runner [-] Task 105d9ffd-5a3d-4336-92ec-4c82e6f9b55a | ITER: 8 END: OK
2019-07-30 19:34:21.745 350 INFO rally.task.runner [-] Task 105d9ffd-5a3d-4336-92ec-4c82e6f9b55a | ITER: 7 END: OK
2019-07-30 19:34:22.607 349 INFO rally.task.runner [-] Task 105d9ffd-5a3d-4336-92ec-4c82e6f9b55a | ITER: 9 END: OK
2019-07-30 19:34:22.625 353 INFO rally.task.runner [-] Task 105d9ffd-5a3d-4336-92ec-4c82e6f9b55a | ITER: 10 END: OK
2019-07-30 19:34:22.651 16 INFO rally.task.context [-] Task 105d9ffd-5a3d-4336-92ec-4c82e6f9b55a | Context users@openstack cleanup() started
2019-07-30 19:34:30.388 16 INFO rally.task.context [-] Task 105d9ffd-5a3d-4336-92ec-4c82e6f9b55a | Context users@openstack cleanup() finished in 7.74 sec
2019-07-30 19:34:32.222 16 INFO rally.task.engine [-] Load duration is: 3.640331
2019-07-30 19:34:32.222 16 INFO rally.task.engine [-] Full runner duration is: 3.682543
2019-07-30 19:34:32.223 16 INFO rally.task.engine [-] Full duration is: 16.246128
2019-07-30 19:34:32.428 16 INFO rally.task.engine [-] Running workload: position = 0 config = { "version": 2, "title": "A cropped version of a bigger task.", "description": "Auto-generated task from a single workload (uuid=f89f62b7-f408-4446-91a4-fb887d253ae0)", "subtasks": [ { "title": "Authenticate.validate_heat", "description": "Check Heat Client to ensure validation of token.", "scenario": { "Authenticate.validate_heat": { "repetitions": 2 } }, "contexts": { "users": { "tenants": 3, "users_per_tenant": 2 } }, "runner": { "constant": { "concurrency": 4, "times": 10 } }, "hooks": [], "sla": { "failure_rate": { "max": 0 } } } ] }
2019-07-30 19:34:32.449 16 RALLYDEBUG rally_openstack.contexts.keystone.users [-] Creating 3 tenants using 20 threads
2019-07-30 19:34:34.514 16 RALLYDEBUG rally_openstack.contexts.keystone.users [-] Creating 6 users using 20 threads
2019-07-30 19:34:37.677 16 INFO rally.task.context [-] Task 105d9ffd-5a3d-4336-92ec-4c82e6f9b55a | Context users@openstack setup() finished in 5.23 sec
2019-07-30 19:34:37.685 16 RALLYDEBUG rally.task.runner [-] Starting the constant runner (task UUID: 105d9ffd-5a3d-4336-92ec-4c82e6f9b55a). timeout: 0 concurrency: 4 concurrency_per_worker: 1 times: 10 concurrency_overhead: 0 processes_to_start: 4 max_cpu_used: 16
2019-07-30 19:34:37.697 452 RALLYDEBUG rally.task.runner [-] Starting a worker. concurrency: 1 args: {"repetitions": 2} times: 10 method_name: run timeout: 0 duration: None cls:
2019-07-30 19:34:37.700 453 RALLYDEBUG rally.task.runner [-] Starting a worker. concurrency: 1 args: {"repetitions": 2} times: 10 method_name: run timeout: 0 duration: None cls:
2019-07-30 19:34:37.702 452 INFO rally.task.runner [-] Task 105d9ffd-5a3d-4336-92ec-4c82e6f9b55a | ITER: 1 START
2019-07-30 19:34:37.704 454 RALLYDEBUG rally.task.runner [-] Starting a worker. concurrency: 1 args: {"repetitions": 2} times: 10 method_name: run timeout: 0 duration: None cls:
2019-07-30 19:34:37.706 453 INFO rally.task.runner [-] Task 105d9ffd-5a3d-4336-92ec-4c82e6f9b55a | ITER: 2 START
2019-07-30 19:34:37.709 456 RALLYDEBUG rally.task.runner [-] Starting a worker. concurrency: 1 args: {"repetitions": 2} times: 10 method_name: run timeout: 0 duration: None cls:
2019-07-30 19:34:37.710 454 INFO rally.task.runner [-] Task 105d9ffd-5a3d-4336-92ec-4c82e6f9b55a | ITER: 3 START
2019-07-30 19:34:37.714 456 INFO rally.task.runner [-] Task 105d9ffd-5a3d-4336-92ec-4c82e6f9b55a | ITER: 4 START
2019-07-30 19:34:39.603 454 INFO rally.task.runner [-] Task 105d9ffd-5a3d-4336-92ec-4c82e6f9b55a | ITER: 3 END: OK
2019-07-30 19:34:39.607 454 INFO rally.task.runner [-] Task 105d9ffd-5a3d-4336-92ec-4c82e6f9b55a | ITER: 5 START
2019-07-30 19:34:39.628 452 INFO rally.task.runner [-] Task 105d9ffd-5a3d-4336-92ec-4c82e6f9b55a | ITER: 1 END: OK
2019-07-30 19:34:39.632 452 INFO rally.task.runner [-] Task 105d9ffd-5a3d-4336-92ec-4c82e6f9b55a | ITER: 6 START
2019-07-30 19:34:39.720 453 INFO rally.task.runner [-] Task 105d9ffd-5a3d-4336-92ec-4c82e6f9b55a | ITER: 2 END: OK
2019-07-30 19:34:39.724 453 INFO rally.task.runner [-] Task 105d9ffd-5a3d-4336-92ec-4c82e6f9b55a | ITER: 7 START
2019-07-30 19:34:39.727 456 INFO rally.task.runner [-] Task 105d9ffd-5a3d-4336-92ec-4c82e6f9b55a | ITER: 4 END: OK
2019-07-30 19:34:39.731 456 INFO rally.task.runner [-] Task 105d9ffd-5a3d-4336-92ec-4c82e6f9b55a | ITER: 8 START
2019-07-30 19:34:41.275 454 INFO rally.task.runner [-] Task 105d9ffd-5a3d-4336-92ec-4c82e6f9b55a | ITER: 5 END: OK
2019-07-30 19:34:41.278 454 INFO rally.task.runner [-] Task 105d9ffd-5a3d-4336-92ec-4c82e6f9b55a | ITER: 9 START
2019-07-30 19:34:41.279 452 INFO rally.task.runner [-] Task 105d9ffd-5a3d-4336-92ec-4c82e6f9b55a | ITER: 6 END: OK
2019-07-30 19:34:41.283 452 INFO rally.task.runner [-] Task 105d9ffd-5a3d-4336-92ec-4c82e6f9b55a | ITER: 10 START
2019-07-30 19:34:41.394 453 INFO rally.task.runner [-] Task 105d9ffd-5a3d-4336-92ec-4c82e6f9b55a | ITER: 7 END: OK
2019-07-30 19:34:41.862 456 INFO rally.task.runner [-] Task 105d9ffd-5a3d-4336-92ec-4c82e6f9b55a | ITER: 8 END: OK
2019-07-30 19:34:42.769 454 INFO rally.task.runner [-] Task 105d9ffd-5a3d-4336-92ec-4c82e6f9b55a | ITER: 9 END: OK
2019-07-30 19:34:42.926 452 INFO rally.task.runner [-] Task 105d9ffd-5a3d-4336-92ec-4c82e6f9b55a | ITER: 10 END: OK
2019-07-30 19:34:42.953 16 INFO rally.task.context [-] Task 105d9ffd-5a3d-4336-92ec-4c82e6f9b55a | Context users@openstack cleanup() started
2019-07-30 19:34:50.671 16 INFO rally.task.context [-] Task 105d9ffd-5a3d-4336-92ec-4c82e6f9b55a | Context users@openstack cleanup() finished in 7.72 sec
2019-07-30 19:34:52.539 16 INFO rally.task.engine [-] Load duration is: 5.222806
2019-07-30 19:34:52.539 16 INFO rally.task.engine [-] Full runner duration is: 5.26838
2019-07-30 19:34:52.540 16 INFO rally.task.engine [-] Full duration is: 18.2237
2019-07-30 19:34:52.766 16 INFO rally.task.engine [-] Running workload: position = 0 config = { "version": 2, "title": "A cropped version of a bigger task.", "description": "Auto-generated task from a single workload (uuid=a1375030-21be-48ab-8fd3-9d33b12be911)", "subtasks": [ { "title": "Authenticate.validate_neutron", "description": "Check Neutron Client to ensure validation of token.", "scenario": { "Authenticate.validate_neutron": { "repetitions": 2 } }, "contexts": { "users": { "tenants": 3, "users_per_tenant": 2 } }, "runner": { "constant": { "concurrency": 4, "times": 10 } }, "hooks": [], "sla": { "failure_rate": { "max": 0 } } } ] }
2019-07-30 19:34:52.786 16 RALLYDEBUG rally_openstack.contexts.keystone.users [-] Creating 3 tenants using 20 threads
2019-07-30 19:34:54.677 16 RALLYDEBUG rally_openstack.contexts.keystone.users [-] Creating 6 users using 20 threads
2019-07-30 19:34:57.602 16 INFO rally.task.context [-] Task 105d9ffd-5a3d-4336-92ec-4c82e6f9b55a | Context users@openstack setup() finished in 4.82 sec
2019-07-30 19:34:57.610 16 RALLYDEBUG rally.task.runner [-] Starting the constant runner (task UUID: 105d9ffd-5a3d-4336-92ec-4c82e6f9b55a). timeout: 0 concurrency: 4 concurrency_per_worker: 1 times: 10 concurrency_overhead: 0 processes_to_start: 4 max_cpu_used: 16
2019-07-30 19:34:57.620 556 RALLYDEBUG rally.task.runner [-] Starting a worker. concurrency: 1 args: {"repetitions": 2} times: 10 method_name: run timeout: 0 duration: None cls:
2019-07-30 19:34:57.624 556 INFO rally.task.runner [-] Task 105d9ffd-5a3d-4336-92ec-4c82e6f9b55a | ITER: 1 START
2019-07-30 19:34:57.625 557 RALLYDEBUG rally.task.runner [-] Starting a worker. concurrency: 1 args: {"repetitions": 2} times: 10 method_name: run timeout: 0 duration: None cls:
2019-07-30 19:34:57.628 558 RALLYDEBUG rally.task.runner [-] Starting a worker. concurrency: 1 args: {"repetitions": 2} times: 10 method_name: run timeout: 0 duration: None cls:
2019-07-30 19:34:57.631 557 INFO rally.task.runner [-] Task 105d9ffd-5a3d-4336-92ec-4c82e6f9b55a | ITER: 2 START
2019-07-30 19:34:57.631 561 RALLYDEBUG rally.task.runner [-] Starting a worker. concurrency: 1 args: {"repetitions": 2} times: 10 method_name: run timeout: 0 duration: None cls:
2019-07-30 19:34:57.634 558 INFO rally.task.runner [-] Task 105d9ffd-5a3d-4336-92ec-4c82e6f9b55a | ITER: 3 START
2019-07-30 19:34:57.637 561 INFO rally.task.runner [-] Task 105d9ffd-5a3d-4336-92ec-4c82e6f9b55a | ITER: 4 START
2019-07-30 19:34:58.924 558 INFO rally.task.runner [-] Task 105d9ffd-5a3d-4336-92ec-4c82e6f9b55a | ITER: 3 END: OK
2019-07-30 19:34:58.929 558 INFO rally.task.runner [-] Task 105d9ffd-5a3d-4336-92ec-4c82e6f9b55a | ITER: 5 START
2019-07-30 19:34:58.932 561 INFO rally.task.runner [-] Task 105d9ffd-5a3d-4336-92ec-4c82e6f9b55a | ITER: 4 END: OK
2019-07-30 19:34:58.935 561 INFO rally.task.runner [-] Task 105d9ffd-5a3d-4336-92ec-4c82e6f9b55a | ITER: 6 START
2019-07-30 19:34:59.059 556 INFO rally.task.runner [-] Task 105d9ffd-5a3d-4336-92ec-4c82e6f9b55a | ITER: 1 END: OK
2019-07-30 19:34:59.063 556 INFO rally.task.runner [-] Task 105d9ffd-5a3d-4336-92ec-4c82e6f9b55a | ITER: 7 START
2019-07-30 19:34:59.086 557 INFO rally.task.runner [-] Task 105d9ffd-5a3d-4336-92ec-4c82e6f9b55a | ITER: 2 END: OK
2019-07-30 19:34:59.090 557 INFO rally.task.runner [-] Task 105d9ffd-5a3d-4336-92ec-4c82e6f9b55a | ITER: 8 START
2019-07-30 19:35:00.183 558 INFO rally.task.runner [-] Task 105d9ffd-5a3d-4336-92ec-4c82e6f9b55a | ITER: 5 END: OK
2019-07-30 19:35:00.187 558 INFO rally.task.runner [-] Task 105d9ffd-5a3d-4336-92ec-4c82e6f9b55a | ITER: 9 START
2019-07-30 19:35:00.283 557 INFO rally.task.runner [-] Task 105d9ffd-5a3d-4336-92ec-4c82e6f9b55a | ITER: 8 END: OK
2019-07-30 19:35:00.286 557 INFO rally.task.runner [-] Task 105d9ffd-5a3d-4336-92ec-4c82e6f9b55a | ITER: 10 START
2019-07-30 19:35:00.348 561 INFO rally.task.runner [-] Task 105d9ffd-5a3d-4336-92ec-4c82e6f9b55a | ITER: 6 END: OK
2019-07-30 19:35:00.573 556 INFO rally.task.runner [-] Task 105d9ffd-5a3d-4336-92ec-4c82e6f9b55a | ITER: 7 END: OK
2019-07-30 19:35:01.358 558 INFO rally.task.runner [-] Task 105d9ffd-5a3d-4336-92ec-4c82e6f9b55a | ITER: 9 END: OK
2019-07-30 19:35:01.524 557 INFO rally.task.runner [-] Task 105d9ffd-5a3d-4336-92ec-4c82e6f9b55a | ITER: 10 END: OK
2019-07-30 19:35:01.553 16 INFO rally.task.context [-] Task 105d9ffd-5a3d-4336-92ec-4c82e6f9b55a | Context users@openstack cleanup() started
2019-07-30 19:35:09.233 16 INFO rally.task.context [-] Task 105d9ffd-5a3d-4336-92ec-4c82e6f9b55a | Context users@openstack cleanup() finished in 7.68 sec
2019-07-30 19:35:10.872 16 INFO rally.task.engine [-] Load duration is: 3.898105
2019-07-30 19:35:10.873 16 INFO rally.task.engine [-] Full runner duration is: 3.944056
2019-07-30 19:35:10.873 16 INFO rally.task.engine [-] Full duration is: 16.450047
2019-07-30 19:35:11.093 16 INFO rally.task.engine [-] Running workload: position = 0 config = { "version": 2, "title": "A cropped version of a bigger task.", "description": "Auto-generated task from a single workload (uuid=2f9a1476-22d3-404d-8dbe-578846fcf8cc)", "subtasks": [ { "title": "Authenticate.validate_nova", "description": "Check Nova Client to ensure validation of token.", "scenario": { "Authenticate.validate_nova": { "repetitions": 2 } }, "contexts": { "users": { "tenants": 3, "users_per_tenant": 2 } }, "runner": { "constant": { "concurrency": 4, "times": 10 } }, "hooks": [], "sla": { "failure_rate": { "max": 0 } } } ] }
2019-07-30 19:35:11.114 16 RALLYDEBUG rally_openstack.contexts.keystone.users [-] Creating 3 tenants using 20 threads
2019-07-30 19:35:13.047 16 RALLYDEBUG rally_openstack.contexts.keystone.users [-] Creating 6 users using 20 threads
2019-07-30 19:35:15.922 16 INFO rally.task.context [-] Task 105d9ffd-5a3d-4336-92ec-4c82e6f9b55a | Context users@openstack setup() finished in 4.81 sec
2019-07-30 19:35:15.930 16 RALLYDEBUG rally.task.runner [-] Starting the constant runner (task UUID: 105d9ffd-5a3d-4336-92ec-4c82e6f9b55a). timeout: 0 concurrency: 4 concurrency_per_worker: 1 times: 10 concurrency_overhead: 0 processes_to_start: 4 max_cpu_used: 16
2019-07-30 19:35:15.942 660 RALLYDEBUG rally.task.runner [-] Starting a worker. concurrency: 1 args: {"repetitions": 2} times: 10 method_name: run timeout: 0 duration: None cls:
2019-07-30 19:35:15.945 661 RALLYDEBUG rally.task.runner [-] Starting a worker. concurrency: 1 args: {"repetitions": 2} times: 10 method_name: run timeout: 0 duration: None cls:
2019-07-30 19:35:15.947 662 RALLYDEBUG rally.task.runner [-] Starting a worker. concurrency: 1 args: {"repetitions": 2} times: 10 method_name: run timeout: 0 duration: None cls:
2019-07-30 19:35:15.949 660 INFO rally.task.runner [-] Task 105d9ffd-5a3d-4336-92ec-4c82e6f9b55a | ITER: 1 START
2019-07-30 19:35:15.950 663 RALLYDEBUG rally.task.runner [-] Starting a worker. concurrency: 1 args: {"repetitions": 2} times: 10 method_name: run timeout: 0 duration: None cls:
2019-07-30 19:35:15.952 661 INFO rally.task.runner [-] Task 105d9ffd-5a3d-4336-92ec-4c82e6f9b55a | ITER: 2 START
2019-07-30 19:35:15.953 662 INFO rally.task.runner [-] Task 105d9ffd-5a3d-4336-92ec-4c82e6f9b55a | ITER: 3 START
2019-07-30 19:35:15.956 663 INFO rally.task.runner [-] Task 105d9ffd-5a3d-4336-92ec-4c82e6f9b55a | ITER: 4 START
2019-07-30 19:35:16.446 660 DEBUG novaclient.v2.client [-] REQ: curl -g -i -X GET http://172.30.9.37:8774/v2.1/flavors/detail -H "Accept: application/json" -H "User-Agent: python-novaclient" -H "X-Auth-Token: {SHA1}c7edb0012ae8d9e5815906373d8efc1fec592758" _http_log_request /usr/lib/python2.7/site-packages/keystoneauth1/session.py:448
2019-07-30 19:35:16.452 661 DEBUG novaclient.v2.client [-] REQ: curl -g -i -X GET http://172.30.9.37:8774/v2.1/flavors/detail -H "Accept: application/json" -H "User-Agent: python-novaclient" -H "X-Auth-Token: {SHA1}1281ca7fd2dfb51644cb1b436446258ce9894167" _http_log_request /usr/lib/python2.7/site-packages/keystoneauth1/session.py:448
2019-07-30 19:35:16.464 663 DEBUG novaclient.v2.client [-] REQ: curl -g -i -X GET http://172.30.9.37:8774/v2.1/flavors/detail -H "Accept: application/json" -H "User-Agent: python-novaclient" -H "X-Auth-Token: {SHA1}39dfe94e1181eb64b3feb22e6e639d7d3767e1c7" _http_log_request /usr/lib/python2.7/site-packages/keystoneauth1/session.py:448
2019-07-30 19:35:16.468 662 DEBUG novaclient.v2.client [-] REQ: curl -g -i -X GET http://172.30.9.37:8774/v2.1/flavors/detail -H "Accept: application/json" -H "User-Agent: python-novaclient" -H "X-Auth-Token: {SHA1}14c8c509587504cd4270f436c1d5d1d0f82bb6d8" _http_log_request /usr/lib/python2.7/site-packages/keystoneauth1/session.py:448
2019-07-30 19:35:16.754 660 DEBUG novaclient.v2.client [-] RESP: [200] Content-Encoding: gzip Content-Length: 364 Content-Type: application/json Date: Tue, 30 Jul 2019 19:35:16 GMT OpenStack-API-Version: compute 2.1 Server: Apache Vary: OpenStack-API-Version,X-OpenStack-Nova-API-Version,Accept-Encoding X-OpenStack-Nova-API-Version: 2.1 x-compute-request-id: req-aeb7924e-414e-4b88-a4c6-9f08e3efba65 x-openstack-request-id: req-aeb7924e-414e-4b88-a4c6-9f08e3efba65 _http_log_response /usr/lib/python2.7/site-packages/keystoneauth1/session.py:479
2019-07-30 19:35:16.755 663 DEBUG novaclient.v2.client [-] RESP: [200] Content-Encoding: gzip Content-Length: 364 Content-Type: application/json Date: Tue, 30 Jul 2019 19:35:16 GMT OpenStack-API-Version: compute 2.1 Server: Apache Vary: OpenStack-API-Version,X-OpenStack-Nova-API-Version,Accept-Encoding X-OpenStack-Nova-API-Version: 2.1 x-compute-request-id: req-e7ff6960-f663-4d0d-94ba-47bf6877ee48 x-openstack-request-id: req-e7ff6960-f663-4d0d-94ba-47bf6877ee48 _http_log_response /usr/lib/python2.7/site-packages/keystoneauth1/session.py:479
2019-07-30 19:35:16.755 660 DEBUG novaclient.v2.client [-] RESP BODY: {"flavors": [{"name": "rally_full-flavor_360888a3-ea6f-4a4d-a660-d83e66fb5478", "links": [{"href": "http://172.30.9.37:8774/v2.1/flavors/54e4911a-6935-4754-a43c-31608e205fd9", "rel": "self"}, {"href": "http://172.30.9.37:8774/flavors/54e4911a-6935-4754-a43c-31608e205fd9", "rel": "bookmark"}], "ram": 512, "OS-FLV-DISABLED:disabled": false, "vcpus": 1, "swap": "", "os-flavor-access:is_public": true, "rxtx_factor": 1.0, "OS-FLV-EXT-DATA:ephemeral": 0, "disk": 1, "id": "54e4911a-6935-4754-a43c-31608e205fd9"}, {"name": "rally_full-flavor_alt_360888a3-ea6f-4a4d-a660-d83e66fb5478", "links": [{"href": "http://172.30.9.37:8774/v2.1/flavors/89bb530d-edfd-4ac7-bbdc-42925df063c2", "rel": "self"}, {"href": "http://172.30.9.37:8774/flavors/89bb530d-edfd-4ac7-bbdc-42925df063c2", "rel": "bookmark"}], "ram": 1024, "OS-FLV-DISABLED:disabled": false, "vcpus": 1, "swap": "", "os-flavor-access:is_public": true, "rxtx_factor": 1.0, "OS-FLV-EXT-DATA:ephemeral": 0, "disk": 1, "id": "89bb530d-edfd-4ac7-bbdc-42925df063c2"}]} _http_log_response /usr/lib/python2.7/site-packages/keystoneauth1/session.py:511
2019-07-30 19:35:16.755 663 DEBUG novaclient.v2.client [-] RESP BODY: {"flavors": [{"name": "rally_full-flavor_360888a3-ea6f-4a4d-a660-d83e66fb5478", "links": [{"href": "http://172.30.9.37:8774/v2.1/flavors/54e4911a-6935-4754-a43c-31608e205fd9", "rel": "self"}, {"href": "http://172.30.9.37:8774/flavors/54e4911a-6935-4754-a43c-31608e205fd9", "rel": "bookmark"}], "ram": 512, "OS-FLV-DISABLED:disabled": false, "vcpus": 1, "swap": "", "os-flavor-access:is_public": true, "rxtx_factor": 1.0, "OS-FLV-EXT-DATA:ephemeral": 0, "disk": 1, "id": "54e4911a-6935-4754-a43c-31608e205fd9"}, {"name": "rally_full-flavor_alt_360888a3-ea6f-4a4d-a660-d83e66fb5478", "links": [{"href": "http://172.30.9.37:8774/v2.1/flavors/89bb530d-edfd-4ac7-bbdc-42925df063c2", "rel": "self"}, {"href": "http://172.30.9.37:8774/flavors/89bb530d-edfd-4ac7-bbdc-42925df063c2", "rel": "bookmark"}], "ram": 1024, "OS-FLV-DISABLED:disabled": false, "vcpus": 1, "swap": "", "os-flavor-access:is_public": true, "rxtx_factor": 1.0, "OS-FLV-EXT-DATA:ephemeral": 0, "disk": 1, "id": "89bb530d-edfd-4ac7-bbdc-42925df063c2"}]} _http_log_response /usr/lib/python2.7/site-packages/keystoneauth1/session.py:511
2019-07-30 19:35:16.755 660 DEBUG novaclient.v2.client [-] GET call to compute for http://172.30.9.37:8774/v2.1/flavors/detail used request id req-aeb7924e-414e-4b88-a4c6-9f08e3efba65 request /usr/lib/python2.7/site-packages/keystoneauth1/session.py:844
2019-07-30 19:35:16.756 663 DEBUG novaclient.v2.client [-] GET call to compute for http://172.30.9.37:8774/v2.1/flavors/detail used request id req-e7ff6960-f663-4d0d-94ba-47bf6877ee48 request /usr/lib/python2.7/site-packages/keystoneauth1/session.py:844
2019-07-30 19:35:16.757 663 DEBUG novaclient.v2.client [-] REQ: curl -g -i -X GET http://172.30.9.37:8774/v2.1/flavors/detail -H "Accept: application/json" -H "User-Agent: python-novaclient" -H "X-Auth-Token: {SHA1}39dfe94e1181eb64b3feb22e6e639d7d3767e1c7" _http_log_request /usr/lib/python2.7/site-packages/keystoneauth1/session.py:448
2019-07-30 19:35:16.757 660 DEBUG novaclient.v2.client [-] REQ: curl -g -i -X GET http://172.30.9.37:8774/v2.1/flavors/detail -H "Accept: application/json" -H "User-Agent: python-novaclient" -H "X-Auth-Token: {SHA1}c7edb0012ae8d9e5815906373d8efc1fec592758" _http_log_request /usr/lib/python2.7/site-packages/keystoneauth1/session.py:448
2019-07-30 19:35:16.766 661 DEBUG novaclient.v2.client [-] RESP: [200] Content-Encoding: gzip Content-Length: 364 Content-Type: application/json Date: Tue, 30 Jul 2019 19:35:16 GMT OpenStack-API-Version: compute 2.1 Server: Apache Vary: OpenStack-API-Version,X-OpenStack-Nova-API-Version,Accept-Encoding X-OpenStack-Nova-API-Version: 2.1 x-compute-request-id: req-3223e9a1-4590-4379-92dd-bb0d58ec0475 x-openstack-request-id: req-3223e9a1-4590-4379-92dd-bb0d58ec0475 _http_log_response /usr/lib/python2.7/site-packages/keystoneauth1/session.py:479
2019-07-30 19:35:16.767 661 DEBUG novaclient.v2.client [-] RESP BODY: {"flavors": [{"name": "rally_full-flavor_360888a3-ea6f-4a4d-a660-d83e66fb5478", "links": [{"href": "http://172.30.9.37:8774/v2.1/flavors/54e4911a-6935-4754-a43c-31608e205fd9", "rel": "self"}, {"href": "http://172.30.9.37:8774/flavors/54e4911a-6935-4754-a43c-31608e205fd9", "rel": "bookmark"}], "ram": 512, "OS-FLV-DISABLED:disabled": false, "vcpus": 1, "swap": "", "os-flavor-access:is_public": true, "rxtx_factor": 1.0, "OS-FLV-EXT-DATA:ephemeral": 0, "disk": 1, "id": "54e4911a-6935-4754-a43c-31608e205fd9"}, {"name": "rally_full-flavor_alt_360888a3-ea6f-4a4d-a660-d83e66fb5478", "links": [{"href": "http://172.30.9.37:8774/v2.1/flavors/89bb530d-edfd-4ac7-bbdc-42925df063c2", "rel": "self"}, {"href": "http://172.30.9.37:8774/flavors/89bb530d-edfd-4ac7-bbdc-42925df063c2", "rel": "bookmark"}], "ram": 1024, "OS-FLV-DISABLED:disabled": false, "vcpus": 1, "swap": "", "os-flavor-access:is_public": true, "rxtx_factor": 1.0, "OS-FLV-EXT-DATA:ephemeral": 0, "disk": 1, "id": "89bb530d-edfd-4ac7-bbdc-42925df063c2"}]} _http_log_response /usr/lib/python2.7/site-packages/keystoneauth1/session.py:511
2019-07-30 19:35:16.767 661 DEBUG novaclient.v2.client [-] GET call to compute for http://172.30.9.37:8774/v2.1/flavors/detail used request id req-3223e9a1-4590-4379-92dd-bb0d58ec0475 request /usr/lib/python2.7/site-packages/keystoneauth1/session.py:844
2019-07-30 19:35:16.769 661 DEBUG novaclient.v2.client [-] REQ: curl -g -i -X GET http://172.30.9.37:8774/v2.1/flavors/detail -H "Accept: application/json" -H "User-Agent: python-novaclient" -H "X-Auth-Token: {SHA1}1281ca7fd2dfb51644cb1b436446258ce9894167" _http_log_request /usr/lib/python2.7/site-packages/keystoneauth1/session.py:448
2019-07-30 19:35:16.776 663 DEBUG novaclient.v2.client [-] RESP: [200] Content-Encoding: gzip Content-Length: 364 Content-Type: application/json Date: Tue, 30 Jul 2019 19:35:16 GMT OpenStack-API-Version: compute 2.1 Server: Apache Vary: OpenStack-API-Version,X-OpenStack-Nova-API-Version,Accept-Encoding X-OpenStack-Nova-API-Version: 2.1 x-compute-request-id: req-5b6efed0-7c8c-45a8-af45-931b4886c0e4 x-openstack-request-id: req-5b6efed0-7c8c-45a8-af45-931b4886c0e4 _http_log_response /usr/lib/python2.7/site-packages/keystoneauth1/session.py:479
2019-07-30 19:35:16.777 663 DEBUG novaclient.v2.client [-] RESP BODY: {"flavors": [{"name": "rally_full-flavor_360888a3-ea6f-4a4d-a660-d83e66fb5478", "links": [{"href": "http://172.30.9.37:8774/v2.1/flavors/54e4911a-6935-4754-a43c-31608e205fd9", "rel": "self"}, {"href": "http://172.30.9.37:8774/flavors/54e4911a-6935-4754-a43c-31608e205fd9", "rel": "bookmark"}], "ram": 512, "OS-FLV-DISABLED:disabled": false, "vcpus": 1, "swap": "", "os-flavor-access:is_public": true, "rxtx_factor": 1.0, "OS-FLV-EXT-DATA:ephemeral": 0, "disk": 1, "id": "54e4911a-6935-4754-a43c-31608e205fd9"}, {"name": "rally_full-flavor_alt_360888a3-ea6f-4a4d-a660-d83e66fb5478", "links": [{"href": "http://172.30.9.37:8774/v2.1/flavors/89bb530d-edfd-4ac7-bbdc-42925df063c2", "rel": "self"}, {"href": "http://172.30.9.37:8774/flavors/89bb530d-edfd-4ac7-bbdc-42925df063c2", "rel": "bookmark"}], "ram": 1024, "OS-FLV-DISABLED:disabled": false, "vcpus": 1, "swap": "", "os-flavor-access:is_public": true, "rxtx_factor": 1.0, "OS-FLV-EXT-DATA:ephemeral": 0, "disk": 1, "id": "89bb530d-edfd-4ac7-bbdc-42925df063c2"}]} _http_log_response /usr/lib/python2.7/site-packages/keystoneauth1/session.py:511
2019-07-30 19:35:16.777 663 DEBUG novaclient.v2.client [-] GET call to compute for http://172.30.9.37:8774/v2.1/flavors/detail used request id req-5b6efed0-7c8c-45a8-af45-931b4886c0e4 request /usr/lib/python2.7/site-packages/keystoneauth1/session.py:844
2019-07-30 19:35:16.778 660 DEBUG novaclient.v2.client [-] RESP: [200] Content-Encoding: gzip Content-Length: 364 Content-Type: application/json Date: Tue, 30 Jul 2019 19:35:16 GMT OpenStack-API-Version: compute 2.1 Server: Apache Vary: OpenStack-API-Version,X-OpenStack-Nova-API-Version,Accept-Encoding X-OpenStack-Nova-API-Version: 2.1 x-compute-request-id: req-4531779c-8ce5-420f-a6a7-cfe151999d0e x-openstack-request-id: req-4531779c-8ce5-420f-a6a7-cfe151999d0e _http_log_response /usr/lib/python2.7/site-packages/keystoneauth1/session.py:479
2019-07-30 19:35:16.778 663 INFO rally.task.runner [-] Task 105d9ffd-5a3d-4336-92ec-4c82e6f9b55a | ITER: 4 END: OK
2019-07-30 19:35:16.779 660 DEBUG novaclient.v2.client [-] RESP BODY: {"flavors": [{"name": "rally_full-flavor_360888a3-ea6f-4a4d-a660-d83e66fb5478", "links": [{"href": "http://172.30.9.37:8774/v2.1/flavors/54e4911a-6935-4754-a43c-31608e205fd9", "rel": "self"}, {"href": "http://172.30.9.37:8774/flavors/54e4911a-6935-4754-a43c-31608e205fd9", "rel": "bookmark"}], "ram": 512, "OS-FLV-DISABLED:disabled": false, "vcpus": 1, "swap": "", "os-flavor-access:is_public": true, "rxtx_factor": 1.0, "OS-FLV-EXT-DATA:ephemeral": 0, "disk": 1, "id": "54e4911a-6935-4754-a43c-31608e205fd9"}, {"name": "rally_full-flavor_alt_360888a3-ea6f-4a4d-a660-d83e66fb5478", "links": [{"href": "http://172.30.9.37:8774/v2.1/flavors/89bb530d-edfd-4ac7-bbdc-42925df063c2", "rel": "self"}, {"href": "http://172.30.9.37:8774/flavors/89bb530d-edfd-4ac7-bbdc-42925df063c2", "rel": "bookmark"}], "ram": 1024, "OS-FLV-DISABLED:disabled": false, "vcpus": 1, "swap": "", "os-flavor-access:is_public": true, "rxtx_factor": 1.0, "OS-FLV-EXT-DATA:ephemeral": 0, "disk": 1, "id": "89bb530d-edfd-4ac7-bbdc-42925df063c2"}]} _http_log_response /usr/lib/python2.7/site-packages/keystoneauth1/session.py:511
2019-07-30 19:35:16.779 660 DEBUG novaclient.v2.client [-] GET call to compute for http://172.30.9.37:8774/v2.1/flavors/detail used request id req-4531779c-8ce5-420f-a6a7-cfe151999d0e request /usr/lib/python2.7/site-packages/keystoneauth1/session.py:844
2019-07-30 19:35:16.780 660 INFO rally.task.runner [-] Task 105d9ffd-5a3d-4336-92ec-4c82e6f9b55a | ITER: 1 END: OK
2019-07-30 19:35:16.782 663 INFO rally.task.runner [-] Task 105d9ffd-5a3d-4336-92ec-4c82e6f9b55a | ITER: 5 START
2019-07-30 19:35:16.784 660 INFO rally.task.runner [-] Task 105d9ffd-5a3d-4336-92ec-4c82e6f9b55a | ITER: 6 START
2019-07-30 19:35:16.791 661 DEBUG novaclient.v2.client [-] RESP: [200] Content-Encoding: gzip Content-Length: 364 Content-Type: application/json Date: Tue, 30 Jul 2019 19:35:16 GMT OpenStack-API-Version: compute 2.1 Server: Apache Vary: OpenStack-API-Version,X-OpenStack-Nova-API-Version,Accept-Encoding X-OpenStack-Nova-API-Version: 2.1 x-compute-request-id: req-41004038-3a02-4820-92da-a71ff3acaafe x-openstack-request-id: req-41004038-3a02-4820-92da-a71ff3acaafe _http_log_response /usr/lib/python2.7/site-packages/keystoneauth1/session.py:479
2019-07-30 19:35:16.792 661 DEBUG novaclient.v2.client [-] RESP BODY: {"flavors": [{"name": "rally_full-flavor_360888a3-ea6f-4a4d-a660-d83e66fb5478", "links": [{"href": "http://172.30.9.37:8774/v2.1/flavors/54e4911a-6935-4754-a43c-31608e205fd9", "rel": "self"}, {"href": "http://172.30.9.37:8774/flavors/54e4911a-6935-4754-a43c-31608e205fd9", "rel": "bookmark"}], "ram": 512, "OS-FLV-DISABLED:disabled": false, "vcpus": 1, "swap": "", "os-flavor-access:is_public": true, "rxtx_factor": 1.0, "OS-FLV-EXT-DATA:ephemeral": 0, "disk": 1, "id": "54e4911a-6935-4754-a43c-31608e205fd9"}, {"name": "rally_full-flavor_alt_360888a3-ea6f-4a4d-a660-d83e66fb5478", "links": [{"href": "http://172.30.9.37:8774/v2.1/flavors/89bb530d-edfd-4ac7-bbdc-42925df063c2", "rel": "self"}, {"href": "http://172.30.9.37:8774/flavors/89bb530d-edfd-4ac7-bbdc-42925df063c2", "rel": "bookmark"}], "ram": 1024, "OS-FLV-DISABLED:disabled": false, "vcpus": 1, "swap": "", "os-flavor-access:is_public": true, "rxtx_factor": 1.0, "OS-FLV-EXT-DATA:ephemeral": 0, "disk": 1, "id": "89bb530d-edfd-4ac7-bbdc-42925df063c2"}]} _http_log_response /usr/lib/python2.7/site-packages/keystoneauth1/session.py:511
2019-07-30 19:35:16.792 661 DEBUG novaclient.v2.client [-] GET call to compute for http://172.30.9.37:8774/v2.1/flavors/detail used request id req-41004038-3a02-4820-92da-a71ff3acaafe request /usr/lib/python2.7/site-packages/keystoneauth1/session.py:844
2019-07-30 19:35:16.793 661 INFO rally.task.runner [-] Task 105d9ffd-5a3d-4336-92ec-4c82e6f9b55a | ITER: 2 END: OK
2019-07-30 19:35:16.797 661 INFO rally.task.runner [-] Task 105d9ffd-5a3d-4336-92ec-4c82e6f9b55a | ITER: 7 START
2019-07-30 19:35:16.874 662 DEBUG novaclient.v2.client [-] RESP: [200] Content-Encoding: gzip Content-Length: 364 Content-Type: application/json Date: Tue, 30 Jul 2019 19:35:16 GMT OpenStack-API-Version: compute 2.1 Server: Apache Vary: OpenStack-API-Version,X-OpenStack-Nova-API-Version,Accept-Encoding X-OpenStack-Nova-API-Version: 2.1 x-compute-request-id: req-71ebd4a5-28e0-4f68-9d70-3561fc62122b x-openstack-request-id: req-71ebd4a5-28e0-4f68-9d70-3561fc62122b _http_log_response /usr/lib/python2.7/site-packages/keystoneauth1/session.py:479
2019-07-30 19:35:16.875 662 DEBUG novaclient.v2.client [-] RESP BODY: {"flavors": [{"name": "rally_full-flavor_360888a3-ea6f-4a4d-a660-d83e66fb5478", "links": [{"href": "http://172.30.9.37:8774/v2.1/flavors/54e4911a-6935-4754-a43c-31608e205fd9", "rel": "self"}, {"href": "http://172.30.9.37:8774/flavors/54e4911a-6935-4754-a43c-31608e205fd9", "rel": "bookmark"}], "ram": 512, "OS-FLV-DISABLED:disabled": false, "vcpus": 1, "swap": "", "os-flavor-access:is_public": true, "rxtx_factor": 1.0, "OS-FLV-EXT-DATA:ephemeral": 0, "disk": 1, "id": "54e4911a-6935-4754-a43c-31608e205fd9"}, {"name": "rally_full-flavor_alt_360888a3-ea6f-4a4d-a660-d83e66fb5478", "links": [{"href": "http://172.30.9.37:8774/v2.1/flavors/89bb530d-edfd-4ac7-bbdc-42925df063c2", "rel": "self"}, {"href": "http://172.30.9.37:8774/flavors/89bb530d-edfd-4ac7-bbdc-42925df063c2", "rel": "bookmark"}], "ram": 1024, "OS-FLV-DISABLED:disabled": false, "vcpus": 1, "swap": "", "os-flavor-access:is_public": true, "rxtx_factor": 1.0, "OS-FLV-EXT-DATA:ephemeral": 0, "disk": 1, "id": "89bb530d-edfd-4ac7-bbdc-42925df063c2"}]} _http_log_response /usr/lib/python2.7/site-packages/keystoneauth1/session.py:511
2019-07-30 19:35:16.876 662 DEBUG novaclient.v2.client [-] GET call to compute for http://172.30.9.37:8774/v2.1/flavors/detail used request id req-71ebd4a5-28e0-4f68-9d70-3561fc62122b request /usr/lib/python2.7/site-packages/keystoneauth1/session.py:844
