2019-07-30 19:39:35.500 725 DEBUG glanceclient.common.http [-] Request returned failure status 404. _handle_response /usr/lib/python2.7/site-packages/glanceclient/common/http.py:125
2019-07-30 19:39:35.514 725 DEBUG glanceclient.common.http [-] Request returned failure status 404. _handle_response /usr/lib/python2.7/site-packages/glanceclient/common/http.py:125
2019-07-30 19:39:35.612 725 DEBUG glanceclient.common.http [-] Request returned failure status 404. _handle_response /usr/lib/python2.7/site-packages/glanceclient/common/http.py:125
2019-07-30 19:39:35.612 725 DEBUG glanceclient.common.http [-] Request returned failure status 404. _handle_response /usr/lib/python2.7/site-packages/glanceclient/common/http.py:125
2019-07-30 19:39:35.629 725 DEBUG glanceclient.common.http [-] Request returned failure status 404. _handle_response /usr/lib/python2.7/site-packages/glanceclient/common/http.py:125
2019-07-30 19:39:35.632 725 DEBUG glanceclient.common.http [-] Request returned failure status 404. _handle_response /usr/lib/python2.7/site-packages/glanceclient/common/http.py:125
2019-07-30 19:39:35.662 725 DEBUG glanceclient.common.http [-] Request returned failure status 404. _handle_response /usr/lib/python2.7/site-packages/glanceclient/common/http.py:125
2019-07-30 19:39:35.676 725 DEBUG glanceclient.common.http [-] Request returned failure status 404. _handle_response /usr/lib/python2.7/site-packages/glanceclient/common/http.py:125
2019-07-30 19:39:35.795 725 DEBUG glanceclient.common.http [-] Request returned failure status 404. _handle_response /usr/lib/python2.7/site-packages/glanceclient/common/http.py:125
2019-07-30 19:39:35.886 725 DEBUG glanceclient.common.http [-] Request returned failure status 404. _handle_response /usr/lib/python2.7/site-packages/glanceclient/common/http.py:125
2019-07-30 19:39:35.914 725 DEBUG glanceclient.common.http [-] Request returned failure status 404. _handle_response /usr/lib/python2.7/site-packages/glanceclient/common/http.py:125
2019-07-30 19:39:35.923 725 DEBUG glanceclient.common.http [-] Request returned failure status 404. _handle_response /usr/lib/python2.7/site-packages/glanceclient/common/http.py:125
2019-07-30 19:39:36.926 725 INFO rally.task.context [-] Task b0669983-ac64-4bc7-9f8c-5b700a37a6f0 | Context cleanup@openstack cleanup() finished in 33.43 sec
2019-07-30 19:39:36.926 725 INFO rally.task.context [-] Task b0669983-ac64-4bc7-9f8c-5b700a37a6f0 | Context quotas@openstack cleanup() started
2019-07-30 19:39:36.928 725 DEBUG novaclient.v2.client [-] REQ: curl -g -i -X DELETE http://172.30.9.37:8774/v2.1/os-quota-sets/94df9cb0560449289ffb874b3e8f67ec -H "Accept: application/json" -H "User-Agent: python-novaclient" -H "X-Auth-Token: {SHA1}385b4ef681a145077fe3b5ec41a21bd686ec52c1" _http_log_request /usr/lib/python2.7/site-packages/keystoneauth1/session.py:448
2019-07-30 19:39:36.955 725 DEBUG novaclient.v2.client [-] RESP: [202] Content-Length: 0 Content-Type: application/json Date: Tue, 30 Jul 2019 19:39:36 GMT OpenStack-API-Version: compute 2.1 Server: Apache Vary: OpenStack-API-Version,X-OpenStack-Nova-API-Version X-OpenStack-Nova-API-Version: 2.1 x-compute-request-id: req-9927cd9e-f43d-4978-bfa2-9d1622a612a1 x-openstack-request-id: req-9927cd9e-f43d-4978-bfa2-9d1622a612a1 _http_log_response /usr/lib/python2.7/site-packages/keystoneauth1/session.py:479
2019-07-30 19:39:36.955 725 DEBUG novaclient.v2.client [-] DELETE call to compute for http://172.30.9.37:8774/v2.1/os-quota-sets/94df9cb0560449289ffb874b3e8f67ec used request id req-9927cd9e-f43d-4978-bfa2-9d1622a612a1 request /usr/lib/python2.7/site-packages/keystoneauth1/session.py:844
2019-07-30 19:39:36.956 725 DEBUG novaclient.v2.client [-] REQ: curl -g -i -X DELETE http://172.30.9.37:8774/v2.1/os-quota-sets/6b06d14baef0444a836223ecaa225185 -H "Accept: application/json" -H "User-Agent: python-novaclient" -H "X-Auth-Token: {SHA1}385b4ef681a145077fe3b5ec41a21bd686ec52c1" _http_log_request /usr/lib/python2.7/site-packages/keystoneauth1/session.py:448
2019-07-30 19:39:36.979 725 DEBUG novaclient.v2.client [-] RESP: [202] Content-Length: 0 Content-Type: application/json Date: Tue, 30 Jul 2019 19:39:36 GMT OpenStack-API-Version: compute 2.1 Server: Apache Vary: OpenStack-API-Version,X-OpenStack-Nova-API-Version X-OpenStack-Nova-API-Version: 2.1 x-compute-request-id: req-39d197dc-0e07-41a5-bf66-1a05c703ee9a x-openstack-request-id: req-39d197dc-0e07-41a5-bf66-1a05c703ee9a _http_log_response /usr/lib/python2.7/site-packages/keystoneauth1/session.py:479
2019-07-30 19:39:36.979 725 DEBUG novaclient.v2.client [-] DELETE call to compute for http://172.30.9.37:8774/v2.1/os-quota-sets/6b06d14baef0444a836223ecaa225185 used request id req-39d197dc-0e07-41a5-bf66-1a05c703ee9a request /usr/lib/python2.7/site-packages/keystoneauth1/session.py:844
2019-07-30 19:39:36.981 725 DEBUG novaclient.v2.client [-] REQ: curl -g -i -X DELETE http://172.30.9.37:8774/v2.1/os-quota-sets/9163225ab42a4954b45a642f03054723 -H "Accept: application/json" -H "User-Agent: python-novaclient" -H "X-Auth-Token: {SHA1}385b4ef681a145077fe3b5ec41a21bd686ec52c1" _http_log_request /usr/lib/python2.7/site-packages/keystoneauth1/session.py:448
2019-07-30 19:39:37.003 725 DEBUG novaclient.v2.client [-] RESP: [202] Content-Length: 0 Content-Type: application/json Date: Tue, 30 Jul 2019 19:39:36 GMT OpenStack-API-Version: compute 2.1 Server: Apache Vary: OpenStack-API-Version,X-OpenStack-Nova-API-Version X-OpenStack-Nova-API-Version: 2.1 x-compute-request-id: req-a8107443-4881-492c-97db-4a76fa91ff1c x-openstack-request-id: req-a8107443-4881-492c-97db-4a76fa91ff1c _http_log_response /usr/lib/python2.7/site-packages/keystoneauth1/session.py:479
2019-07-30 19:39:37.004 725 DEBUG novaclient.v2.client [-] DELETE call to compute for http://172.30.9.37:8774/v2.1/os-quota-sets/9163225ab42a4954b45a642f03054723 used request id req-a8107443-4881-492c-97db-4a76fa91ff1c request /usr/lib/python2.7/site-packages/keystoneauth1/session.py:844
2019-07-30 19:39:37.004 725 INFO rally.task.context [-] Task b0669983-ac64-4bc7-9f8c-5b700a37a6f0 | Context quotas@openstack cleanup() finished in 77.62 msec
2019-07-30 19:39:37.004 725 INFO rally.task.context [-] Task b0669983-ac64-4bc7-9f8c-5b700a37a6f0 | Context users@openstack cleanup() started
2019-07-30 19:39:44.898 725 INFO rally.task.context [-] Task b0669983-ac64-4bc7-9f8c-5b700a37a6f0 | Context users@openstack cleanup() finished in 7.89 sec
2019-07-30 19:39:46.886 725 INFO rally.task.engine [-] Load duration is: 87.283133
2019-07-30 19:39:46.886 725 INFO rally.task.engine [-] Full runner duration is: 89.193664
2019-07-30 19:39:46.887 725 INFO rally.task.engine [-] Full duration is: 138.50718
2019-07-30 19:39:47.109 725 INFO rally.task.engine [-] Running workload: position = 0 config = { "version": 2, "title": "A cropped version of a bigger task.", "description": "Auto-generated task from a single workload (uuid=dcf88dc7-8a24-4fc1-b4f5-6a325ffcf876)", "subtasks": [ { "title": "GlanceImages.create_and_deactivate_image", "description": "Create an image, then deactivate it.", "scenario": { "GlanceImages.create_and_deactivate_image": { "container_format": "bare", "disk_format": "qcow2", "image_location": "/home/opnfv/functest/images/cirros-0.4.0-x86_64-disk.img" } }, "contexts": { "users": { "tenants": 3, "users_per_tenant": 2 } }, "runner": { "constant": { "concurrency": 4, "times": 10 } }, "hooks": [], "sla": { "failure_rate": { "max": 0 } } } ] }
2019-07-30 19:39:47.125 725 RALLYDEBUG rally_openstack.contexts.keystone.users [-] Creating 3 tenants using 20 threads
2019-07-30 19:39:49.065 725 RALLYDEBUG rally_openstack.contexts.keystone.users [-] Creating 6 users using 20 threads
2019-07-30 19:39:51.940 725 INFO rally.task.context [-] Task b0669983-ac64-4bc7-9f8c-5b700a37a6f0 | Context users@openstack setup() finished in 4.82 sec
2019-07-30 19:39:51.941 725 INFO rally.task.context [-] Task b0669983-ac64-4bc7-9f8c-5b700a37a6f0 | Context cleanup@openstack setup() finished in 0.01 msec
2019-07-30 19:39:51.948 725 RALLYDEBUG rally.task.runner [-] Starting the constant runner (task UUID: b0669983-ac64-4bc7-9f8c-5b700a37a6f0). timeout: 0 concurrency: 4 concurrency_per_worker: 1 times: 10 concurrency_overhead: 0 processes_to_start: 4 max_cpu_used: 16
2019-07-30 19:39:51.959 1385 RALLYDEBUG rally.task.runner [-] Starting a worker. concurrency: 1 args: {"container_format": "bare", "disk_format": "qcow2", "image_location": "/home/opnfv/functest/images/cirros-0.4.0-x86_64-disk.img"} times: 10 method_name: run timeout: 0 duration: None cls:
2019-07-30 19:39:51.964 1385 INFO rally.task.runner [-] Task b0669983-ac64-4bc7-9f8c-5b700a37a6f0 | ITER: 1 START
2019-07-30 19:39:51.964 1386 RALLYDEBUG rally.task.runner [-] Starting a worker. concurrency: 1 args: {"container_format": "bare", "disk_format": "qcow2", "image_location": "/home/opnfv/functest/images/cirros-0.4.0-x86_64-disk.img"} times: 10 method_name: run timeout: 0 duration: None cls:
2019-07-30 19:39:51.965 1387 RALLYDEBUG rally.task.runner [-] Starting a worker. concurrency: 1 args: {"container_format": "bare", "disk_format": "qcow2", "image_location": "/home/opnfv/functest/images/cirros-0.4.0-x86_64-disk.img"} times: 10 method_name: run timeout: 0 duration: None cls:
2019-07-30 19:39:51.967 1389 RALLYDEBUG rally.task.runner [-] Starting a worker. concurrency: 1 args: {"container_format": "bare", "disk_format": "qcow2", "image_location": "/home/opnfv/functest/images/cirros-0.4.0-x86_64-disk.img"} times: 10 method_name: run timeout: 0 duration: None cls:
2019-07-30 19:39:51.969 1387 INFO rally.task.runner [-] Task b0669983-ac64-4bc7-9f8c-5b700a37a6f0 | ITER: 3 START
2019-07-30 19:39:51.970 1386 INFO rally.task.runner [-] Task b0669983-ac64-4bc7-9f8c-5b700a37a6f0 | ITER: 2 START
2019-07-30 19:39:51.971 1389 INFO rally.task.runner [-] Task b0669983-ac64-4bc7-9f8c-5b700a37a6f0 | ITER: 4 START
2019-07-30 19:39:55.951 1389 RALLYDEBUG rally.task.utils [-] Waiting for resource u'7e2888c2-91e5-459b-b66b-05c77dc90ba8'. Status changed: NONE => QUEUED in 0.311810016632
2019-07-30 19:39:56.033 1387 RALLYDEBUG rally.task.utils [-] Waiting for resource u'36b7053f-f30c-4ff3-9664-02c59d81754e'. Status changed: NONE => QUEUED in 0.501063108444
2019-07-30 19:39:56.051 1386 RALLYDEBUG rally.task.utils [-] Waiting for resource u'a74cfb50-8627-498a-95f8-5b455498f01b'. Status changed: NONE => QUEUED in 0.503969907761
2019-07-30 19:39:56.304 1385 RALLYDEBUG rally.task.utils [-] Waiting for resource u'7c932d82-a1a7-41fc-ac07-c521a549762c'. Status changed: NONE => QUEUED in 0.591798067093
2019-07-30 19:39:56.788 1387 RALLYDEBUG rally.task.utils [-] Waiting for resource s_rally_dcf88dc7_HVlEvff6. Status changed: QUEUED => ACTIVE in 0.213939905167
2019-07-30 19:39:56.847 1386 RALLYDEBUG rally.task.utils [-] Waiting for resource s_rally_dcf88dc7_bNY7FiDs. Status changed: QUEUED => ACTIVE in 0.324659824371
2019-07-30 19:39:56.916 1386 INFO rally.task.runner [-] Task b0669983-ac64-4bc7-9f8c-5b700a37a6f0 | ITER: 2 END: OK
2019-07-30 19:39:56.920 1386 INFO rally.task.runner [-] Task b0669983-ac64-4bc7-9f8c-5b700a37a6f0 | ITER: 5 START
2019-07-30 19:39:57.059 1387 INFO rally.task.runner [-] Task b0669983-ac64-4bc7-9f8c-5b700a37a6f0 | ITER: 3 END: OK
2019-07-30 19:39:57.063 1387 INFO rally.task.runner [-] Task b0669983-ac64-4bc7-9f8c-5b700a37a6f0 | ITER: 6 START
2019-07-30 19:39:57.638 1389 RALLYDEBUG rally.task.utils [-] Waiting for resource s_rally_dcf88dc7_q0q4Ue0g. Status changed: QUEUED => ACTIVE in 0.0178179740906
2019-07-30 19:39:57.658 1385 RALLYDEBUG rally.task.utils [-] Waiting for resource s_rally_dcf88dc7_eBylZMWv. Status changed: QUEUED => ACTIVE in 0.0201449394226
2019-07-30 19:39:57.750 1385 INFO rally.task.runner [-] Task b0669983-ac64-4bc7-9f8c-5b700a37a6f0 | ITER: 1 END: OK
2019-07-30 19:39:57.754 1385 INFO rally.task.runner [-] Task b0669983-ac64-4bc7-9f8c-5b700a37a6f0 | ITER: 7 START
2019-07-30 19:39:57.926 1389 INFO rally.task.runner [-] Task b0669983-ac64-4bc7-9f8c-5b700a37a6f0 | ITER: 4 END: OK
2019-07-30 19:39:57.929 1389 INFO rally.task.runner [-] Task b0669983-ac64-4bc7-9f8c-5b700a37a6f0 | ITER: 8 START
2019-07-30 19:40:00.650 1386 RALLYDEBUG rally.task.utils [-] Waiting for resource u'9b05ec87-9e21-4494-98ae-e2445f3a4c10'. Status changed: NONE => QUEUED in 0.221378803253
2019-07-30 19:40:01.062 1387 RALLYDEBUG rally.task.utils [-] Waiting for resource u'4407155d-d05b-415d-b32a-95380f72078d'. Status changed: NONE => QUEUED in 0.508558988571
2019-07-30 19:40:01.652 1385 RALLYDEBUG rally.task.utils [-] Waiting for resource u'903e4389-4d6b-4df4-a0d9-f3296ea912f4'. Status changed: NONE => QUEUED in 0.415660858154
2019-07-30 19:40:01.728 1389 RALLYDEBUG rally.task.utils [-] Waiting for resource u'05c08191-8dd7-4525-98d7-1dfee45c9f2c'. Status changed: NONE => QUEUED in 0.314915180206
2019-07-30 19:40:02.007 1386 RALLYDEBUG rally.task.utils [-] Waiting for resource s_rally_dcf88dc7_n9yGzTlQ. Status changed: QUEUED => ACTIVE in 0.0175738334656
2019-07-30 19:40:02.373 1386 INFO rally.task.runner [-] Task b0669983-ac64-4bc7-9f8c-5b700a37a6f0 | ITER: 5 END: OK
2019-07-30 19:40:02.377 1386 INFO rally.task.runner [-] Task b0669983-ac64-4bc7-9f8c-5b700a37a6f0 | ITER: 9 START
2019-07-30 19:40:02.405 1387 RALLYDEBUG rally.task.utils [-] Waiting for resource s_rally_dcf88dc7_LrvPcSC7. Status changed: QUEUED => ACTIVE in 0.399998903275
2019-07-30 19:40:02.753 1387 INFO rally.task.runner [-] Task b0669983-ac64-4bc7-9f8c-5b700a37a6f0 | ITER: 6 END: OK
2019-07-30 19:40:02.757 1387 INFO rally.task.runner [-] Task b0669983-ac64-4bc7-9f8c-5b700a37a6f0 | ITER: 10 START
2019-07-30 19:40:03.090 1389 RALLYDEBUG rally.task.utils [-] Waiting for resource s_rally_dcf88dc7_3qvIXZAv. Status changed: QUEUED => ACTIVE in 0.0177891254425
2019-07-30 19:40:03.313 1385 RALLYDEBUG rally.task.utils [-] Waiting for resource s_rally_dcf88dc7_BcbWR7JD. Status changed: QUEUED => ACTIVE in 0.310643911362
2019-07-30 19:40:03.388 1389 INFO rally.task.runner [-] Task b0669983-ac64-4bc7-9f8c-5b700a37a6f0 | ITER: 8 END: OK
2019-07-30 19:40:03.408 1385 INFO rally.task.runner [-] Task b0669983-ac64-4bc7-9f8c-5b700a37a6f0 | ITER: 7 END: OK
2019-07-30 19:40:06.652 1386 RALLYDEBUG rally.task.utils [-] Waiting for resource u'd359a376-7a5f-4913-86dc-5e1ee888e5dc'. Status changed: NONE => QUEUED in 0.603815793991
2019-07-30 19:40:06.940 1387 RALLYDEBUG rally.task.utils [-] Waiting for resource u'38f5f6de-cac0-4ca6-a957-1efc3998d00e'. Status changed: NONE => QUEUED in 0.601423025131
2019-07-30 19:40:08.197 1386 RALLYDEBUG rally.task.utils [-] Waiting for resource s_rally_dcf88dc7_eUFkAOwT. Status changed: QUEUED => ACTIVE in 0.234703063965
2019-07-30 19:40:08.280 1387 RALLYDEBUG rally.task.utils [-] Waiting for resource s_rally_dcf88dc7_QreyKrvP. Status changed: QUEUED => ACTIVE in 0.305552959442
2019-07-30 19:40:08.557 1386 INFO rally.task.runner [-] Task b0669983-ac64-4bc7-9f8c-5b700a37a6f0 | ITER: 9 END: OK
2019-07-30 19:40:08.627 1387 INFO rally.task.runner [-] Task b0669983-ac64-4bc7-9f8c-5b700a37a6f0 | ITER: 10 END: OK
2019-07-30 19:40:08.649 725 INFO rally.task.context [-] Task b0669983-ac64-4bc7-9f8c-5b700a37a6f0 | Context cleanup@openstack cleanup() started
2019-07-30 19:40:08.653 725 RALLYDEBUG rally_openstack.cleanup.manager [-] Cleaning up glance images objects
2019-07-30 19:40:12.336 725 RALLYDEBUG rally_openstack.cleanup.manager [-] Deleting glance.images object s_rally_dcf88dc7_q0q4Ue0g (7e2888c2-91e5-459b-b66b-05c77dc90ba8)
2019-07-30 19:40:12.346 725 RALLYDEBUG rally_openstack.cleanup.manager [-] Deleting glance.images object s_rally_dcf88dc7_3qvIXZAv (05c08191-8dd7-4525-98d7-1dfee45c9f2c)
2019-07-30 19:40:12.346 725 RALLYDEBUG rally_openstack.cleanup.manager [-] Deleting glance.images object s_rally_dcf88dc7_HVlEvff6 (36b7053f-f30c-4ff3-9664-02c59d81754e)
2019-07-30 19:40:12.350 725 RALLYDEBUG rally_openstack.cleanup.manager [-] Deleting glance.images object s_rally_dcf88dc7_eBylZMWv (7c932d82-a1a7-41fc-ac07-c521a549762c)
2019-07-30 19:40:12.354 725 RALLYDEBUG rally_openstack.cleanup.manager [-] Deleting glance.images object s_rally_dcf88dc7_bNY7FiDs (a74cfb50-8627-498a-95f8-5b455498f01b)
2019-07-30 19:40:12.355 725 RALLYDEBUG rally_openstack.cleanup.manager [-] Deleting glance.images object s_rally_dcf88dc7_QreyKrvP (38f5f6de-cac0-4ca6-a957-1efc3998d00e)
2019-07-30 19:40:12.355 725 RALLYDEBUG rally_openstack.cleanup.manager [-] Deleting glance.images object s_rally_dcf88dc7_LrvPcSC7 (4407155d-d05b-415d-b32a-95380f72078d)
2019-07-30 19:40:12.359 725 RALLYDEBUG rally_openstack.cleanup.manager [-] Deleting glance.images object s_rally_dcf88dc7_BcbWR7JD (903e4389-4d6b-4df4-a0d9-f3296ea912f4)
2019-07-30 19:40:12.367 725 RALLYDEBUG rally_openstack.cleanup.manager [-] Deleting glance.images object s_rally_dcf88dc7_eUFkAOwT (d359a376-7a5f-4913-86dc-5e1ee888e5dc)
2019-07-30 19:40:12.375 725 RALLYDEBUG rally_openstack.cleanup.manager [-] Deleting glance.images object s_rally_dcf88dc7_n9yGzTlQ (9b05ec87-9e21-4494-98ae-e2445f3a4c10)
2019-07-30 19:40:14.369 725 DEBUG glanceclient.common.http [-] Request returned failure status 404. _handle_response /usr/lib/python2.7/site-packages/glanceclient/common/http.py:125
2019-07-30 19:40:14.430 725 DEBUG glanceclient.common.http [-] Request returned failure status 404. _handle_response /usr/lib/python2.7/site-packages/glanceclient/common/http.py:125
2019-07-30 19:40:14.451 725 DEBUG glanceclient.common.http [-] Request returned failure status 404. _handle_response /usr/lib/python2.7/site-packages/glanceclient/common/http.py:125
2019-07-30 19:40:14.464 725 DEBUG glanceclient.common.http [-] Request returned failure status 404. _handle_response /usr/lib/python2.7/site-packages/glanceclient/common/http.py:125
2019-07-30 19:40:14.564 725 DEBUG glanceclient.common.http [-] Request returned failure status 404. _handle_response /usr/lib/python2.7/site-packages/glanceclient/common/http.py:125
2019-07-30 19:40:14.728 725 DEBUG glanceclient.common.http [-] Request returned failure status 404. _handle_response /usr/lib/python2.7/site-packages/glanceclient/common/http.py:125
2019-07-30 19:40:15.046 725 DEBUG glanceclient.common.http [-] Request returned failure status 404. _handle_response /usr/lib/python2.7/site-packages/glanceclient/common/http.py:125
2019-07-30 19:40:15.352 725 DEBUG glanceclient.common.http [-] Request returned failure status 404. _handle_response /usr/lib/python2.7/site-packages/glanceclient/common/http.py:125
2019-07-30 19:40:15.456 725 DEBUG glanceclient.common.http [-] Request returned failure status 404. _handle_response /usr/lib/python2.7/site-packages/glanceclient/common/http.py:125
2019-07-30 19:40:15.492 725 DEBUG glanceclient.common.http [-] Request returned failure status 404. _handle_response /usr/lib/python2.7/site-packages/glanceclient/common/http.py:125
2019-07-30 19:40:15.653 725 DEBUG glanceclient.common.http [-] Request returned failure status 404. _handle_response /usr/lib/python2.7/site-packages/glanceclient/common/http.py:125
2019-07-30 19:40:15.710 725 DEBUG glanceclient.common.http [-] Request returned failure status 404. _handle_response /usr/lib/python2.7/site-packages/glanceclient/common/http.py:125
2019-07-30 19:40:15.724 725 DEBUG glanceclient.common.http [-] Request returned failure status 404. _handle_response /usr/lib/python2.7/site-packages/glanceclient/common/http.py:125
2019-07-30 19:40:15.746 725 DEBUG glanceclient.common.http [-] Request returned failure status 404. _handle_response /usr/lib/python2.7/site-packages/glanceclient/common/http.py:125
2019-07-30 19:40:15.761 725 DEBUG glanceclient.common.http [-] Request returned failure status 404. _handle_response /usr/lib/python2.7/site-packages/glanceclient/common/http.py:125
2019-07-30 19:40:15.773 725 DEBUG glanceclient.common.http [-] Request returned failure status 404. _handle_response /usr/lib/python2.7/site-packages/glanceclient/common/http.py:125
2019-07-30 19:40:15.777 725 DEBUG glanceclient.common.http [-] Request returned failure status 404. _handle_response /usr/lib/python2.7/site-packages/glanceclient/common/http.py:125
2019-07-30 19:40:15.804 725 DEBUG glanceclient.common.http [-] Request returned failure status 404. _handle_response /usr/lib/python2.7/site-packages/glanceclient/common/http.py:125
2019-07-30 19:40:15.961 725 DEBUG glanceclient.common.http [-] Request returned failure status 404. _handle_response /usr/lib/python2.7/site-packages/glanceclient/common/http.py:125
2019-07-30 19:40:15.980 725 DEBUG glanceclient.common.http [-] Request returned failure status 404. _handle_response /usr/lib/python2.7/site-packages/glanceclient/common/http.py:125
2019-07-30 19:40:16.983 725 INFO rally.task.context [-] Task b0669983-ac64-4bc7-9f8c-5b700a37a6f0 | Context cleanup@openstack cleanup() finished in 8.33 sec
2019-07-30 19:40:16.984 725 INFO rally.task.context [-] Task b0669983-ac64-4bc7-9f8c-5b700a37a6f0 | Context users@openstack cleanup() started
2019-07-30 19:40:24.766 725 INFO rally.task.context [-] Task b0669983-ac64-4bc7-9f8c-5b700a37a6f0 | Context users@openstack cleanup() finished in 7.78 sec
2019-07-30 19:40:25.296 725 INFO rally.task.engine [-] Load duration is: 15.789536
2019-07-30 19:40:25.296 725 INFO rally.task.engine [-] Full runner duration is: 16.701385
2019-07-30 19:40:25.296 725 INFO rally.task.engine [-] Full duration is: 37.642728
2019-07-30 19:40:25.527 725 INFO rally.task.engine [-] Running workload: position = 0 config = { "version": 2, "title": "A cropped version of a bigger task.", "description": "Auto-generated task from a single workload (uuid=f3e7c022-58f9-4874-a790-6991b93520f4)", "subtasks": [ { "title": "GlanceImages.create_and_download_image", "description": "Create an image, then download data of the image.", "scenario": { "GlanceImages.create_and_download_image": { "container_format": "bare", "disk_format": "qcow2", "image_location": "/home/opnfv/functest/images/cirros-0.4.0-x86_64-disk.img" } }, "contexts": { "users": { "tenants": 3, "users_per_tenant": 2 } }, "runner": { "constant": { "concurrency": 4, "times": 10 } }, "hooks": [], "sla": { "failure_rate": { "max": 0 } } } ] }
2019-07-30 19:40:25.550 725 RALLYDEBUG rally_openstack.contexts.keystone.users [-] Creating 3 tenants using 20 threads
2019-07-30 19:40:27.425 725 RALLYDEBUG rally_openstack.contexts.keystone.users [-] Creating 6 users using 20 threads
2019-07-30 19:40:30.305 725 INFO rally.task.context [-] Task b0669983-ac64-4bc7-9f8c-5b700a37a6f0 | Context users@openstack setup() finished in 4.75 sec
2019-07-30 19:40:30.305 725 INFO rally.task.context [-] Task b0669983-ac64-4bc7-9f8c-5b700a37a6f0 | Context cleanup@openstack setup() finished in 0.05 msec
2019-07-30 19:40:30.313 725 RALLYDEBUG rally.task.runner [-] Starting the constant runner (task UUID: b0669983-ac64-4bc7-9f8c-5b700a37a6f0). timeout: 0 concurrency: 4 concurrency_per_worker: 1 times: 10 concurrency_overhead: 0 processes_to_start: 4 max_cpu_used: 16
2019-07-30 19:40:30.323 1509 RALLYDEBUG rally.task.runner [-] Starting a worker. concurrency: 1 args: {"container_format": "bare", "disk_format": "qcow2", "image_location": "/home/opnfv/functest/images/cirros-0.4.0-x86_64-disk.img"} times: 10 method_name: run timeout: 0 duration: None cls:
2019-07-30 19:40:30.328 1510 RALLYDEBUG rally.task.runner [-] Starting a worker. concurrency: 1 args: {"container_format": "bare", "disk_format": "qcow2", "image_location": "/home/opnfv/functest/images/cirros-0.4.0-x86_64-disk.img"} times: 10 method_name: run timeout: 0 duration: None cls:
2019-07-30 19:40:30.329 1509 INFO rally.task.runner [-] Task b0669983-ac64-4bc7-9f8c-5b700a37a6f0 | ITER: 1 START
2019-07-30 19:40:30.329 1512 RALLYDEBUG rally.task.runner [-] Starting a worker. concurrency: 1 args: {"container_format": "bare", "disk_format": "qcow2", "image_location": "/home/opnfv/functest/images/cirros-0.4.0-x86_64-disk.img"} times: 10 method_name: run timeout: 0 duration: None cls:
2019-07-30 19:40:30.331 1511 RALLYDEBUG rally.task.runner [-] Starting a worker. concurrency: 1 args: {"container_format": "bare", "disk_format": "qcow2", "image_location": "/home/opnfv/functest/images/cirros-0.4.0-x86_64-disk.img"} times: 10 method_name: run timeout: 0 duration: None cls:
2019-07-30 19:40:30.332 1512 INFO rally.task.runner [-] Task b0669983-ac64-4bc7-9f8c-5b700a37a6f0 | ITER: 3 START
2019-07-30 19:40:30.334 1510 INFO rally.task.runner [-] Task b0669983-ac64-4bc7-9f8c-5b700a37a6f0 | ITER: 2 START
2019-07-30 19:40:30.336 1511 INFO rally.task.runner [-] Task b0669983-ac64-4bc7-9f8c-5b700a37a6f0 | ITER: 4 START
2019-07-30 19:40:33.878 1512 RALLYDEBUG rally.task.utils [-] Waiting for resource u'dfa21205-6de4-4142-9037-e014cffce200'. Status changed: NONE => QUEUED in 0.0318870544434
2019-07-30 19:40:33.894 1510 RALLYDEBUG rally.task.utils [-] Waiting for resource u'771448e5-7dbe-48a8-9104-141a76e3c33d'. Status changed: NONE => QUEUED in 0.0291981697083
2019-07-30 19:40:33.934 1511 RALLYDEBUG rally.task.utils [-] Waiting for resource u'b327f350-d1ee-4fe0-bed8-1e8475f9ee8b'. Status changed: NONE => QUEUED in 0.334685087204
2019-07-30 19:40:34.286 1509 RALLYDEBUG rally.task.utils [-] Waiting for resource u'7be4e73c-361d-4cb0-b558-07ed6014a4a9'. Status changed: NONE => QUEUED in 0.428866147995
2019-07-30 19:40:34.626 1510 RALLYDEBUG rally.task.utils [-] Waiting for resource s_rally_f3e7c022_N9775Xq2. Status changed: QUEUED => ACTIVE in 0.297104120255
2019-07-30 19:40:34.768 1511 RALLYDEBUG rally.task.utils [-] Waiting for resource s_rally_f3e7c022_YWIhrpca. Status changed: QUEUED => ACTIVE in 0.378654003143
2019-07-30 19:40:35.349 1510 INFO rally.task.runner [-] Task b0669983-ac64-4bc7-9f8c-5b700a37a6f0 | ITER: 2 END: OK
2019-07-30 19:40:35.353 1510 INFO rally.task.runner [-] Task b0669983-ac64-4bc7-9f8c-5b700a37a6f0 | ITER: 5 START
2019-07-30 19:40:35.452 1511 INFO rally.task.runner [-] Task b0669983-ac64-4bc7-9f8c-5b700a37a6f0 | ITER: 4 END: OK
2019-07-30 19:40:35.455 1511 INFO rally.task.runner [-] Task b0669983-ac64-4bc7-9f8c-5b700a37a6f0 | ITER: 6 START
2019-07-30 19:40:35.488 1509 RALLYDEBUG rally.task.utils [-] Waiting for resource s_rally_f3e7c022_JgRxBtbw. Status changed: QUEUED => ACTIVE in 0.0255899429321
2019-07-30 19:40:35.880 1512 RALLYDEBUG rally.task.utils [-] Waiting for resource s_rally_f3e7c022_VgJjHVL4. Status changed: QUEUED => ACTIVE in 0.387367963791
2019-07-30 19:40:36.218 1509 INFO rally.task.runner [-] Task b0669983-ac64-4bc7-9f8c-5b700a37a6f0 | ITER: 1 END: OK
2019-07-30 19:40:36.222 1509 INFO rally.task.runner [-] Task b0669983-ac64-4bc7-9f8c-5b700a37a6f0 | ITER: 7 START
2019-07-30 19:40:36.707 1512 INFO rally.task.runner [-] Task b0669983-ac64-4bc7-9f8c-5b700a37a6f0 | ITER: 3 END: OK
2019-07-30 19:40:36.711 1512 INFO rally.task.runner [-] Task b0669983-ac64-4bc7-9f8c-5b700a37a6f0 | ITER: 8 START
2019-07-30 19:40:38.826 1510 RALLYDEBUG rally.task.utils [-] Waiting for resource u'abbbc32e-6d1c-4f88-b7a1-b4d7cccf98ae'. Status changed: NONE => QUEUED in 0.29496216774
2019-07-30 19:40:39.035 1511 RALLYDEBUG rally.task.utils [-] Waiting for resource u'f253f279-3186-499c-83ad-b932b1aa385a'. Status changed: NONE => QUEUED in 0.218435049057
2019-07-30 19:40:39.903 1509 RALLYDEBUG rally.task.utils [-] Waiting for resource u'b7a3924f-56ca-40de-a972-2f5670b4d5d6'. Status changed: NONE => QUEUED in 0.218740940094
2019-07-30 19:40:40.152 1510 RALLYDEBUG rally.task.utils [-] Waiting for resource s_rally_f3e7c022_4in18aHK. Status changed: QUEUED => ACTIVE in 0.0171630382538
2019-07-30 19:40:40.365 1511 RALLYDEBUG rally.task.utils [-] Waiting for resource s_rally_f3e7c022_Y1PJk4y4. Status changed: QUEUED => ACTIVE in 0.215975999832
2019-07-30 19:40:40.481 1512 RALLYDEBUG rally.task.utils [-] Waiting for resource u'0ad9935a-1b42-4105-a6d9-ca2897a08294'. Status changed: NONE => QUEUED in 0.244760036469
2019-07-30 19:40:40.803 1511 INFO rally.task.runner [-] Task b0669983-ac64-4bc7-9f8c-5b700a37a6f0 | ITER: 6 END: OK
2019-07-30 19:40:40.807 1511 INFO rally.task.runner [-] Task b0669983-ac64-4bc7-9f8c-5b700a37a6f0 | ITER: 9 START
2019-07-30 19:40:41.149 1510 INFO rally.task.runner [-] Task b0669983-ac64-4bc7-9f8c-5b700a37a6f0 | ITER: 5 END: OK
2019-07-30 19:40:41.153 1510 INFO rally.task.runner [-] Task b0669983-ac64-4bc7-9f8c-5b700a37a6f0 | ITER: 10 START
2019-07-30 19:40:41.515 1509 RALLYDEBUG rally.task.utils [-] Waiting for resource s_rally_f3e7c022_IxA7iel9. Status changed: QUEUED => ACTIVE in 0.316830873489
2019-07-30 19:40:41.891 1509 INFO rally.task.runner [-] Task b0669983-ac64-4bc7-9f8c-5b700a37a6f0 | ITER: 7 END: OK
2019-07-30 19:40:42.361 1512 RALLYDEBUG rally.task.utils [-] Waiting for resource s_rally_f3e7c022_R7nGVKN4. Status changed: QUEUED => ACTIVE in 0.223340034485
2019-07-30 19:40:43.091 1512 INFO rally.task.runner [-] Task b0669983-ac64-4bc7-9f8c-5b700a37a6f0 | ITER: 8 END: OK
2019-07-30 19:40:44.364 1511 RALLYDEBUG rally.task.utils [-] Waiting for resource u'd33f33fb-0f3f-4945-bb45-a3bc87d4afab'. Status changed: NONE => QUEUED in 0.0315239429474
2019-07-30 19:40:45.004 1511 RALLYDEBUG rally.task.utils [-] Waiting for resource s_rally_f3e7c022_ynOsEsnl. Status changed: QUEUED => ACTIVE in 0.0177390575409
2019-07-30 19:40:45.039 1510 RALLYDEBUG rally.task.utils [-] Waiting for resource u'fcd54710-7416-4ebe-9fdc-e53d0a76eeb7'. Status changed: NONE => QUEUED in 0.598708152771
2019-07-30 19:40:45.869 1511 INFO rally.task.runner [-] Task b0669983-ac64-4bc7-9f8c-5b700a37a6f0 | ITER: 9 END: OK
2019-07-30 19:40:47.348 1510 RALLYDEBUG rally.task.utils [-] Waiting for resource s_rally_f3e7c022_4H3LifHD. Status changed: QUEUED => ACTIVE in 0.220911026001
2019-07-30 19:40:47.780 1510 INFO rally.task.runner [-] Task b0669983-ac64-4bc7-9f8c-5b700a37a6f0 | ITER: 10 END: OK
2019-07-30 19:40:47.802 725 INFO rally.task.context [-] Task b0669983-ac64-4bc7-9f8c-5b700a37a6f0 | Context cleanup@openstack cleanup() started
2019-07-30 19:40:47.805 725 RALLYDEBUG rally_openstack.cleanup.manager [-] Cleaning up glance images objects
2019-07-30 19:40:51.722 725 RALLYDEBUG rally_openstack.cleanup.manager [-] Deleting glance.images object s_rally_f3e7c022_R7nGVKN4 (0ad9935a-1b42-4105-a6d9-ca2897a08294)
2019-07-30 19:40:51.722 725 RALLYDEBUG rally_openstack.cleanup.manager [-] Deleting glance.images object s_rally_f3e7c022_N9775Xq2 (771448e5-7dbe-48a8-9104-141a76e3c33d)
2019-07-30 19:40:51.730 725 RALLYDEBUG rally_openstack.cleanup.manager [-] Deleting glance.images object s_rally_f3e7c022_YWIhrpca (b327f350-d1ee-4fe0-bed8-1e8475f9ee8b)
2019-07-30 19:40:51.734 725 RALLYDEBUG rally_openstack.cleanup.manager [-] Deleting glance.images object s_rally_f3e7c022_VgJjHVL4 (dfa21205-6de4-4142-9037-e014cffce200)
2019-07-30 19:40:51.742 725 RALLYDEBUG rally_openstack.cleanup.manager [-] Deleting glance.images object s_rally_f3e7c022_JgRxBtbw (7be4e73c-361d-4cb0-b558-07ed6014a4a9)
2019-07-30 19:40:51.742 725 RALLYDEBUG rally_openstack.cleanup.manager [-] Deleting glance.images object s_rally_f3e7c022_Y1PJk4y4 (f253f279-3186-499c-83ad-b932b1aa385a)
2019-07-30 19:40:51.743 725 RALLYDEBUG rally_openstack.cleanup.manager [-] Deleting glance.images object s_rally_f3e7c022_4in18aHK (abbbc32e-6d1c-4f88-b7a1-b4d7cccf98ae)
2019-07-30 19:40:51.745 725 RALLYDEBUG rally_openstack.cleanup.manager [-] Deleting glance.images object s_rally_f3e7c022_4H3LifHD (fcd54710-7416-4ebe-9fdc-e53d0a76eeb7)
2019-07-30 19:40:51.746 725 RALLYDEBUG rally_openstack.cleanup.manager [-] Deleting glance.images object s_rally_f3e7c022_IxA7iel9 (b7a3924f-56ca-40de-a972-2f5670b4d5d6)
2019-07-30 19:40:51.748 725 RALLYDEBUG rally_openstack.cleanup.manager [-] Deleting glance.images object s_rally_f3e7c022_ynOsEsnl (d33f33fb-0f3f-4945-bb45-a3bc87d4afab)
2019-07-30 19:40:54.597 725 DEBUG glanceclient.common.http [-] Request returned failure status 404. _handle_response /usr/lib/python2.7/site-packages/glanceclient/common/http.py:125
2019-07-30 19:40:54.601 725 DEBUG glanceclient.common.http [-] Request returned failure status 404. _handle_response /usr/lib/python2.7/site-packages/glanceclient/common/http.py:125
2019-07-30 19:40:54.638 725 DEBUG glanceclient.common.http [-] Request returned failure status 404. _handle_response /usr/lib/python2.7/site-packages/glanceclient/common/http.py:125
2019-07-30 19:40:54.704 725 DEBUG glanceclient.common.http [-] Request returned failure status 404. _handle_response /usr/lib/python2.7/site-packages/glanceclient/common/http.py:125
2019-07-30 19:40:54.717 725 DEBUG glanceclient.common.http [-] Request returned failure status 404. _handle_response /usr/lib/python2.7/site-packages/glanceclient/common/http.py:125
2019-07-30 19:40:54.719 725 DEBUG glanceclient.common.http [-] Request returned failure status 404. _handle_response /usr/lib/python2.7/site-packages/glanceclient/common/http.py:125
2019-07-30 19:40:54.753 725 DEBUG glanceclient.common.http [-] Request returned failure status 404. _handle_response /usr/lib/python2.7/site-packages/glanceclient/common/http.py:125
2019-07-30 19:40:54.775 725 DEBUG glanceclient.common.http [-] Request returned failure status 404. _handle_response /usr/lib/python2.7/site-packages/glanceclient/common/http.py:125
2019-07-30 19:40:54.829 725 DEBUG glanceclient.common.http [-] Request returned failure status 404. _handle_response /usr/lib/python2.7/site-packages/glanceclient/common/http.py:125
2019-07-30 19:40:54.837 725 DEBUG glanceclient.common.http [-] Request returned failure status 404. _handle_response /usr/lib/python2.7/site-packages/glanceclient/common/http.py:125
2019-07-30 19:40:54.852 725 DEBUG glanceclient.common.http [-] Request returned failure status 404. _handle_response /usr/lib/python2.7/site-packages/glanceclient/common/http.py:125
2019-07-30 19:40:54.884 725 DEBUG glanceclient.common.http [-] Request returned failure status 404. _handle_response /usr/lib/python2.7/site-packages/glanceclient/common/http.py:125
2019-07-30 19:40:54.887 725 DEBUG glanceclient.common.http [-] Request returned failure status 404. _handle_response /usr/lib/python2.7/site-packages/glanceclient/common/http.py:125
2019-07-30 19:40:54.901 725 DEBUG glanceclient.common.http [-] Request returned failure status 404. _handle_response /usr/lib/python2.7/site-packages/glanceclient/common/http.py:125
2019-07-30 19:40:54.902 725 DEBUG glanceclient.common.http [-] Request returned failure status 404. _handle_response /usr/lib/python2.7/site-packages/glanceclient/common/http.py:125
2019-07-30 19:40:54.917 725 DEBUG glanceclient.common.http [-] Request returned failure status 404. _handle_response /usr/lib/python2.7/site-packages/glanceclient/common/http.py:125
2019-07-30 19:40:54.948 725 DEBUG glanceclient.common.http [-] Request returned failure status 404. _handle_response /usr/lib/python2.7/site-packages/glanceclient/common/http.py:125
2019-07-30 19:40:54.957 725 DEBUG glanceclient.common.http [-] Request returned failure status 404. _handle_response /usr/lib/python2.7/site-packages/glanceclient/common/http.py:125
2019-07-30 19:40:55.039 725 DEBUG glanceclient.common.http [-] Request returned failure status 404. _handle_response /usr/lib/python2.7/site-packages/glanceclient/common/http.py:125
2019-07-30 19:40:55.185 725 DEBUG glanceclient.common.http [-] Request returned failure status 404. _handle_response /usr/lib/python2.7/site-packages/glanceclient/common/http.py:125
2019-07-30 19:40:56.188 725 INFO rally.task.context [-] Task b0669983-ac64-4bc7-9f8c-5b700a37a6f0 | Context cleanup@openstack cleanup() finished in 8.39 sec
2019-07-30 19:40:56.189 725 INFO rally.task.context [-] Task b0669983-ac64-4bc7-9f8c-5b700a37a6f0 | Context users@openstack cleanup() started
2019-07-30 19:41:04.251 725 INFO rally.task.context [-] Task b0669983-ac64-4bc7-9f8c-5b700a37a6f0 | Context users@openstack cleanup() finished in 8.06 sec
2019-07-30 19:41:05.730 725 INFO rally.task.engine [-] Load duration is: 16.582521
2019-07-30 19:41:05.730 725 INFO rally.task.engine [-] Full runner duration is: 17.489962
2019-07-30 19:41:05.731 725 INFO rally.task.engine [-] Full duration is: 38.703469
2019-07-30 19:41:05.963 725 INFO rally.task.engine [-] Running workload: position = 0 config = { "version": 2, "title": "A cropped version of a bigger task.", "description": "Auto-generated task from a single workload (uuid=2ea1be9b-40ef-4425-80af-70c0622e4e7f)", "subtasks": [ { "title": "GlanceImages.create_and_get_image", "description": "Create and get detailed information of an image.", "scenario": { "GlanceImages.create_and_get_image": { "container_format": "bare", "disk_format": "qcow2", "image_location": "/home/opnfv/functest/images/cirros-0.4.0-x86_64-disk.img" } }, "contexts": { "users": { "tenants": 3, "users_per_tenant": 2 } }, "runner": { "constant": { "concurrency": 4, "times": 10 } }, "hooks": [], "sla": { "failure_rate": { "max": 0 } } } ] }
2019-07-30 19:41:05.985 725 RALLYDEBUG rally_openstack.contexts.keystone.users [-] Creating 3 tenants using 20 threads
2019-07-30 19:41:07.916 725 RALLYDEBUG rally_openstack.contexts.keystone.users [-] Creating 6 users using 20 threads
2019-07-30 19:41:10.792 725 INFO rally.task.context [-] Task b0669983-ac64-4bc7-9f8c-5b700a37a6f0 | Context users@openstack setup() finished in 4.81 sec
2019-07-30 19:41:10.793 725 INFO rally.task.context [-] Task b0669983-ac64-4bc7-9f8c-5b700a37a6f0 | Context cleanup@openstack setup() finished in 0.01 msec
2019-07-30 19:41:10.800 725 RALLYDEBUG rally.task.runner [-] Starting the constant runner (task UUID: b0669983-ac64-4bc7-9f8c-5b700a37a6f0). timeout: 0 concurrency: 4 concurrency_per_worker: 1 times: 10 concurrency_overhead: 0 processes_to_start: 4 max_cpu_used: 16
2019-07-30 19:41:10.812 1634 RALLYDEBUG rally.task.runner [-] Starting a worker. concurrency: 1 args: {"container_format": "bare", "disk_format": "qcow2", "image_location": "/home/opnfv/functest/images/cirros-0.4.0-x86_64-disk.img"} times: 10 method_name: run timeout: 0 duration: None cls:
2019-07-30 19:41:10.813 1633 RALLYDEBUG rally.task.runner [-] Starting a worker. concurrency: 1 args: {"container_format": "bare", "disk_format": "qcow2", "image_location": "/home/opnfv/functest/images/cirros-0.4.0-x86_64-disk.img"} times: 10 method_name: run timeout: 0 duration: None cls:
2019-07-30 19:41:10.815 1634 INFO rally.task.runner [-] Task b0669983-ac64-4bc7-9f8c-5b700a37a6f0 | ITER: 1 START
2019-07-30 19:41:10.818 1638 RALLYDEBUG rally.task.runner [-] Starting a worker. concurrency: 1 args: {"container_format": "bare", "disk_format": "qcow2", "image_location": "/home/opnfv/functest/images/cirros-0.4.0-x86_64-disk.img"} times: 10 method_name: run timeout: 0 duration: None cls:
2019-07-30 19:41:10.818 1633 INFO rally.task.runner [-] Task b0669983-ac64-4bc7-9f8c-5b700a37a6f0 | ITER: 2 START
2019-07-30 19:41:10.818 1635 RALLYDEBUG rally.task.runner [-] Starting a worker. concurrency: 1 args: {"container_format": "bare", "disk_format": "qcow2", "image_location": "/home/opnfv/functest/images/cirros-0.4.0-x86_64-disk.img"} times: 10 method_name: run timeout: 0 duration: None cls:
2019-07-30 19:41:10.821 1638 INFO rally.task.runner [-] Task b0669983-ac64-4bc7-9f8c-5b700a37a6f0 | ITER: 3 START
2019-07-30 19:41:10.824 1635 INFO rally.task.runner [-] Task b0669983-ac64-4bc7-9f8c-5b700a37a6f0 | ITER: 4 START
2019-07-30 19:41:14.630 1638 RALLYDEBUG rally.task.utils [-] Waiting for resource u'528330dd-b04e-4395-ae9e-00d666c86c13'. Status changed: NONE => QUEUED in 0.509121894836
2019-07-30 19:41:14.946 1634 RALLYDEBUG rally.task.utils [-] Waiting for resource u'681cd48b-02d2-40fe-b657-45853027a0fe'. Status changed: NONE => QUEUED in 0.560022115707
2019-07-30 19:41:15.043 1635 RALLYDEBUG rally.task.utils [-] Waiting for resource u'f085c3a1-959c-42ca-a376-c4f5c114f369'. Status changed: NONE => QUEUED in 0.60294508934
2019-07-30 19:41:15.083 1633 RALLYDEBUG rally.task.utils [-] Waiting for resource u'59ecd6a3-b40e-46e8-b304-f86eb162c59d'. Status changed: NONE => QUEUED in 0.60676407814
2019-07-30 19:41:16.083 1638 RALLYDEBUG rally.task.utils [-] Waiting for resource s_rally_2ea1be9b_ax7WTWZp. Status changed: QUEUED => ACTIVE in 0.0185639858246
2019-07-30 19:41:16.127 1633 RALLYDEBUG rally.task.utils [-] Waiting for resource s_rally_2ea1be9b_RbFEDSOn. Status changed: QUEUED => ACTIVE in 0.0189950466156
2019-07-30 19:41:16.145 1633 INFO rally.task.runner [-] Task b0669983-ac64-4bc7-9f8c-5b700a37a6f0 | ITER: 2 END: OK
2019-07-30 19:41:16.149 1633 INFO rally.task.runner [-] Task b0669983-ac64-4bc7-9f8c-5b700a37a6f0 | ITER: 5 START
2019-07-30 19:41:16.412 1635 RALLYDEBUG rally.task.utils [-] Waiting for resource s_rally_2ea1be9b_BF1WGv55. Status changed: QUEUED => ACTIVE in 0.31569314003
2019-07-30 19:41:16.419 1638 INFO rally.task.runner [-] Task b0669983-ac64-4bc7-9f8c-5b700a37a6f0 | ITER: 3 END: OK
2019-07-30 19:41:16.423 1638 INFO rally.task.runner [-] Task b0669983-ac64-4bc7-9f8c-5b700a37a6f0 | ITER: 6 START
2019-07-30 19:41:16.424 1634 RALLYDEBUG rally.task.utils [-] Waiting for resource s_rally_2ea1be9b_415IRYny. Status changed: QUEUED => ACTIVE in 0.237525939941
2019-07-30 19:41:16.658 1634 INFO rally.task.runner [-] Task b0669983-ac64-4bc7-9f8c-5b700a37a6f0 | ITER: 1 END: OK
2019-07-30 19:41:16.662 1634 INFO rally.task.runner [-] Task b0669983-ac64-4bc7-9f8c-5b700a37a6f0 | ITER: 7 START
2019-07-30 19:41:16.727 1635 INFO rally.task.runner [-] Task b0669983-ac64-4bc7-9f8c-5b700a37a6f0 | ITER: 4 END: OK
2019-07-30 19:41:16.731 1635 INFO rally.task.runner [-] Task b0669983-ac64-4bc7-9f8c-5b700a37a6f0 | ITER: 8 START
2019-07-30 19:41:20.002 1633 RALLYDEBUG rally.task.utils [-] Waiting for resource u'a8f4b202-ee3b-4e38-974d-68d7acb54ff5'. Status changed: NONE => QUEUED in 0.306951999664
2019-07-30 19:41:20.144 1634 RALLYDEBUG rally.task.utils [-] Waiting for resource u'3daa9868-1175-4365-938a-07b505d394f8'. Status changed: NONE => QUEUED in 0.22518491745
2019-07-30 19:41:20.144 1638 RALLYDEBUG rally.task.utils [-] Waiting for resource u'cdb28a8a-45c3-4288-9b00-9ec7d061e63e'. Status changed: NONE => QUEUED in 0.50877404213
2019-07-30 19:41:20.606 1633 RALLYDEBUG rally.task.utils [-] Waiting for resource s_rally_2ea1be9b_xRe0YuF6. Status changed: QUEUED => ACTIVE in 0.0162389278412
2019-07-30 19:41:20.621 1638 RALLYDEBUG rally.task.utils [-] Waiting for resource s_rally_2ea1be9b_Kvkz9T4t. Status changed: QUEUED => ACTIVE in 0.0177919864655
2019-07-30 19:41:20.830 1633 INFO rally.task.runner [-] Task b0669983-ac64-4bc7-9f8c-5b700a37a6f0 | ITER: 5 END: OK
2019-07-30 19:41:20.834 1633 INFO rally.task.runner [-] Task b0669983-ac64-4bc7-9f8c-5b700a37a6f0 | ITER: 9 START
2019-07-30 19:41:20.885 1635 RALLYDEBUG rally.task.utils [-] Waiting for resource u'78221bb7-7155-4226-acdf-29a548b78d1c'. Status changed: NONE => QUEUED in 0.614673137665
2019-07-30 19:41:20.890 1638 INFO rally.task.runner [-] Task b0669983-ac64-4bc7-9f8c-5b700a37a6f0 | ITER: 6 END: OK
2019-07-30 19:41:20.893 1638 INFO rally.task.runner [-] Task b0669983-ac64-4bc7-9f8c-5b700a37a6f0 | ITER: 10 START
2019-07-30 19:41:22.099 1634 RALLYDEBUG rally.task.utils [-] Waiting for resource s_rally_2ea1be9b_V4xDTbXC. Status changed: QUEUED => ACTIVE in 0.0179860591888
2019-07-30 19:41:22.411 1634 INFO rally.task.runner [-] Task b0669983-ac64-4bc7-9f8c-5b700a37a6f0 | ITER: 7 END: OK
2019-07-30 19:41:23.206 1635 RALLYDEBUG rally.task.utils [-] Waiting for resource s_rally_2ea1be9b_xgAy1KRH. Status changed: QUEUED => ACTIVE in 0.410106182098
2019-07-30 19:41:23.436 1635 INFO rally.task.runner [-] Task b0669983-ac64-4bc7-9f8c-5b700a37a6f0 | ITER: 8 END: OK
2019-07-30 19:41:24.312 1633 RALLYDEBUG rally.task.utils [-] Waiting for resource u'8294869c-8574-4110-85e8-30553a5ac974'. Status changed: NONE => QUEUED in 0.0298480987549
2019-07-30 19:41:24.727 1638 RALLYDEBUG rally.task.utils [-] Waiting for resource u'aa1fba2f-53eb-4aa7-9405-8d7120feca9d'. Status changed: NONE => QUEUED in 0.283313035965
2019-07-30 19:41:25.323 1633 RALLYDEBUG rally.task.utils [-] Waiting for resource s_rally_2ea1be9b_iXmMszBz. Status changed: QUEUED => ACTIVE in 0.306835889816
2019-07-30 19:41:25.630 1633 INFO rally.task.runner [-] Task b0669983-ac64-4bc7-9f8c-5b700a37a6f0 | ITER: 9 END: OK
2019-07-30 19:41:26.086 1638 RALLYDEBUG rally.task.utils [-] Waiting for resource s_rally_2ea1be9b_poWYPI3n. Status changed: QUEUED => ACTIVE in 0.0166888237
2019-07-30 19:41:26.312 1638 INFO rally.task.runner [-] Task b0669983-ac64-4bc7-9f8c-5b700a37a6f0 | ITER: 10 END: OK
2019-07-30 19:41:26.341 725 INFO rally.task.context [-] Task b0669983-ac64-4bc7-9f8c-5b700a37a6f0 | Context cleanup@openstack cleanup() started
2019-07-30 19:41:26.342 725 RALLYDEBUG rally_openstack.cleanup.manager [-] Cleaning up glance images objects
2019-07-30 19:41:30.535 725 RALLYDEBUG rally_openstack.cleanup.manager [-] Deleting glance.images object s_rally_2ea1be9b_poWYPI3n (aa1fba2f-53eb-4aa7-9405-8d7120feca9d)
2019-07-30 19:41:30.538 725 RALLYDEBUG rally_openstack.cleanup.manager [-] Deleting glance.images object s_rally_2ea1be9b_V4xDTbXC (3daa9868-1175-4365-938a-07b505d394f8)
2019-07-30 19:41:30.545 725 RALLYDEBUG rally_openstack.cleanup.manager [-] Deleting glance.images object s_rally_2ea1be9b_iXmMszBz (8294869c-8574-4110-85e8-30553a5ac974)
2019-07-30 19:41:30.546 725 RALLYDEBUG rally_openstack.cleanup.manager [-] Deleting glance.images object s_rally_2ea1be9b_BF1WGv55 (f085c3a1-959c-42ca-a376-c4f5c114f369)
2019-07-30 19:41:30.547 725 RALLYDEBUG rally_openstack.cleanup.manager [-] Deleting glance.images object s_rally_2ea1be9b_Kvkz9T4t (cdb28a8a-45c3-4288-9b00-9ec7d061e63e)
2019-07-30 19:41:30.555 725 RALLYDEBUG rally_openstack.cleanup.manager [-] Deleting glance.images object s_rally_2ea1be9b_RbFEDSOn (59ecd6a3-b40e-46e8-b304-f86eb162c59d)
2019-07-30 19:41:30.554 725 RALLYDEBUG rally_openstack.cleanup.manager [-] Deleting glance.images object s_rally_2ea1be9b_415IRYny (681cd48b-02d2-40fe-b657-45853027a0fe)
2019-07-30 19:41:30.555 725 RALLYDEBUG rally_openstack.cleanup.manager [-] Deleting glance.images object s_rally_2ea1be9b_ax7WTWZp (528330dd-b04e-4395-ae9e-00d666c86c13)
2019-07-30 19:41:30.567 725 RALLYDEBUG rally_openstack.cleanup.manager [-] Deleting glance.images object s_rally_2ea1be9b_xRe0YuF6 (a8f4b202-ee3b-4e38-974d-68d7acb54ff5)
2019-07-30 19:41:30.568 725 RALLYDEBUG rally_openstack.cleanup.manager [-] Deleting glance.images object s_rally_2ea1be9b_xgAy1KRH (78221bb7-7155-4226-acdf-29a548b78d1c)
2019-07-30 19:41:32.301 725 DEBUG glanceclient.common.http [-] Request returned failure status 404. _handle_response /usr/lib/python2.7/site-packages/glanceclient/common/http.py:125
2019-07-30 19:41:32.321 725 DEBUG glanceclient.common.http [-] Request returned failure status 404. _handle_response /usr/lib/python2.7/site-packages/glanceclient/common/http.py:125
2019-07-30 19:41:32.495 725 DEBUG glanceclient.common.http [-] Request returned failure status 404. _handle_response /usr/lib/python2.7/site-packages/glanceclient/common/http.py:125
2019-07-30 19:41:32.542 725 DEBUG glanceclient.common.http [-] Request returned failure status 404. _handle_response /usr/lib/python2.7/site-packages/glanceclient/common/http.py:125
2019-07-30 19:41:32.557 725 DEBUG glanceclient.common.http [-] Request returned failure status 404. _handle_response /usr/lib/python2.7/site-packages/glanceclient/common/http.py:125
2019-07-30 19:41:32.612 725 DEBUG glanceclient.common.http [-] Request returned failure status 404. _handle_response /usr/lib/python2.7/site-packages/glanceclient/common/http.py:125
2019-07-30 19:41:32.619 725 DEBUG glanceclient.common.http [-] Request returned failure status 404. _handle_response /usr/lib/python2.7/site-packages/glanceclient/common/http.py:125
2019-07-30 19:41:32.625 725 DEBUG glanceclient.common.http [-] Request returned failure status 404. _handle_response /usr/lib/python2.7/site-packages/glanceclient/common/http.py:125
2019-07-30 19:41:32.629 725 DEBUG glanceclient.common.http [-] Request returned failure status 404. _handle_response /usr/lib/python2.7/site-packages/glanceclient/common/http.py:125
2019-07-30 19:41:32.641 725 DEBUG glanceclient.common.http [-] Request returned failure status 404. _handle_response /usr/lib/python2.7/site-packages/glanceclient/common/http.py:125
2019-07-30 19:41:32.781 725 DEBUG glanceclient.common.http [-] Request returned failure status 404. _handle_response /usr/lib/python2.7/site-packages/glanceclient/common/http.py:125
2019-07-30 19:41:32.809 725 DEBUG glanceclient.common.http [-] Request returned failure status 404. _handle_response /usr/lib/python2.7/site-packages/glanceclient/common/http.py:125
2019-07-30 19:41:33.224 725 DEBUG glanceclient.common.http [-] Request returned failure status 404. _handle_response /usr/lib/python2.7/site-packages/glanceclient/common/http.py:125
2019-07-30 19:41:33.444 725 DEBUG glanceclient.common.http [-] Request returned failure status 404. _handle_response /usr/lib/python2.7/site-packages/glanceclient/common/http.py:125
2019-07-30 19:41:33.528 725 DEBUG glanceclient.common.http [-] Request returned failure status 404. _handle_response /usr/lib/python2.7/site-packages/glanceclient/common/http.py:125
2019-07-30 19:41:33.532 725 DEBUG glanceclient.common.http [-] Request returned failure status 404. _handle_response /usr/lib/python2.7/site-packages/glanceclient/common/http.py:125
2019-07-30 19:41:33.540 725 DEBUG glanceclient.common.http [-] Request returned failure status 404. _handle_response /usr/lib/python2.7/site-packages/glanceclient/common/http.py:125
2019-07-30 19:41:33.647 725 DEBUG glanceclient.common.http [-] Request returned failure status 404. _handle_response /usr/lib/python2.7/site-packages/glanceclient/common/http.py:125
2019-07-30 19:41:33.817 725 DEBUG glanceclient.common.http [-] Request returned failure status 404. _handle_response /usr/lib/python2.7/site-packages/glanceclient/common/http.py:125
