2019-07-30 19:56:24.653 1842 DEBUG novaclient.v2.client [-] RESP BODY: {"server_groups": []} _http_log_response /usr/lib/python2.7/site-packages/keystoneauth1/session.py:511
2019-07-30 19:56:24.653 1842 DEBUG novaclient.v2.client [-] GET call to compute for http://172.30.9.37:8774/v2.1/os-server-groups used request id req-c19495e7-53c9-4a7c-980a-f4cde03586cc request /usr/lib/python2.7/site-packages/keystoneauth1/session.py:844
2019-07-30 19:56:24.660 1842 RALLYDEBUG rally_openstack.cleanup.manager [-] Cleaning up nova keypairs objects
2019-07-30 19:56:25.103 1842 DEBUG novaclient.v2.client [-] REQ: curl -g -i -X GET http://172.30.9.37:8774/v2.1/os-keypairs -H "Accept: application/json" -H "User-Agent: python-novaclient" -H "X-Auth-Token: {SHA1}011c9ef345355d27eb5cf30a8a15f86f4c4c5e0e" _http_log_request /usr/lib/python2.7/site-packages/keystoneauth1/session.py:448
2019-07-30 19:56:25.388 1842 DEBUG novaclient.v2.client [-] RESP: [200] Content-Length: 16 Content-Type: application/json Date: Tue, 30 Jul 2019 19:56:25 GMT OpenStack-API-Version: compute 2.1 Server: Apache Vary: OpenStack-API-Version,X-OpenStack-Nova-API-Version X-OpenStack-Nova-API-Version: 2.1 x-compute-request-id: req-1582a4c4-8c11-47aa-bffa-b684d0e0dd3e x-openstack-request-id: req-1582a4c4-8c11-47aa-bffa-b684d0e0dd3e _http_log_response /usr/lib/python2.7/site-packages/keystoneauth1/session.py:479
2019-07-30 19:56:25.389 1842 DEBUG novaclient.v2.client [-] RESP BODY: {"keypairs": []} _http_log_response /usr/lib/python2.7/site-packages/keystoneauth1/session.py:511
2019-07-30 19:56:25.389 1842 DEBUG novaclient.v2.client [-] GET call to compute for http://172.30.9.37:8774/v2.1/os-keypairs used request id req-1582a4c4-8c11-47aa-bffa-b684d0e0dd3e request /usr/lib/python2.7/site-packages/keystoneauth1/session.py:844
2019-07-30 19:56:25.828 1842 DEBUG novaclient.v2.client [-] REQ: curl -g -i -X GET http://172.30.9.37:8774/v2.1/os-keypairs -H "Accept: application/json" -H "User-Agent: python-novaclient" -H "X-Auth-Token: {SHA1}63a0c140c19ee9dd3b8322e2495e1e7d4ecd8a46" _http_log_request /usr/lib/python2.7/site-packages/keystoneauth1/session.py:448
2019-07-30 19:56:26.130 1842 DEBUG novaclient.v2.client [-] RESP: [200] Content-Length: 16 Content-Type: application/json Date: Tue, 30 Jul 2019 19:56:25 GMT OpenStack-API-Version: compute 2.1 Server: Apache Vary: OpenStack-API-Version,X-OpenStack-Nova-API-Version X-OpenStack-Nova-API-Version: 2.1 x-compute-request-id: req-cd477782-826c-4463-9aab-91273bc28df3 x-openstack-request-id: req-cd477782-826c-4463-9aab-91273bc28df3 _http_log_response /usr/lib/python2.7/site-packages/keystoneauth1/session.py:479
2019-07-30 19:56:26.131 1842 DEBUG novaclient.v2.client [-] RESP BODY: {"keypairs": []} _http_log_response /usr/lib/python2.7/site-packages/keystoneauth1/session.py:511
2019-07-30 19:56:26.131 1842 DEBUG novaclient.v2.client [-] GET call to compute for http://172.30.9.37:8774/v2.1/os-keypairs used request id req-cd477782-826c-4463-9aab-91273bc28df3 request /usr/lib/python2.7/site-packages/keystoneauth1/session.py:844
2019-07-30 19:56:26.557 1842 DEBUG novaclient.v2.client [-] REQ: curl -g -i -X GET http://172.30.9.37:8774/v2.1/os-keypairs -H "Accept: application/json" -H "User-Agent: python-novaclient" -H "X-Auth-Token: {SHA1}d368c317ff36f0d3b6ce451957642f5ee39e193d" _http_log_request /usr/lib/python2.7/site-packages/keystoneauth1/session.py:448
2019-07-30 19:56:26.768 1842 DEBUG novaclient.v2.client [-] RESP: [200] Content-Length: 16 Content-Type: application/json Date: Tue, 30 Jul 2019 19:56:26 GMT OpenStack-API-Version: compute 2.1 Server: Apache Vary: OpenStack-API-Version,X-OpenStack-Nova-API-Version X-OpenStack-Nova-API-Version: 2.1 x-compute-request-id: req-f174d954-a26a-4596-995f-7f8a663d81ea x-openstack-request-id: req-f174d954-a26a-4596-995f-7f8a663d81ea _http_log_response /usr/lib/python2.7/site-packages/keystoneauth1/session.py:479
2019-07-30 19:56:26.769 1842 DEBUG novaclient.v2.client [-] RESP BODY: {"keypairs": []} _http_log_response /usr/lib/python2.7/site-packages/keystoneauth1/session.py:511
2019-07-30 19:56:26.769 1842 DEBUG novaclient.v2.client [-] GET call to compute for http://172.30.9.37:8774/v2.1/os-keypairs used request id req-f174d954-a26a-4596-995f-7f8a663d81ea request /usr/lib/python2.7/site-packages/keystoneauth1/session.py:844
2019-07-30 19:56:27.200 1842 DEBUG novaclient.v2.client [-] REQ: curl -g -i -X GET http://172.30.9.37:8774/v2.1/os-keypairs -H "Accept: application/json" -H "User-Agent: python-novaclient" -H "X-Auth-Token: {SHA1}b8923ab9ea7a29d9633722f7275ef3eee9f6992f" _http_log_request /usr/lib/python2.7/site-packages/keystoneauth1/session.py:448
2019-07-30 19:56:27.505 1842 DEBUG novaclient.v2.client [-] RESP: [200] Content-Length: 16 Content-Type: application/json Date: Tue, 30 Jul 2019 19:56:27 GMT OpenStack-API-Version: compute 2.1 Server: Apache Vary: OpenStack-API-Version,X-OpenStack-Nova-API-Version X-OpenStack-Nova-API-Version: 2.1 x-compute-request-id: req-07fc8a3f-ce89-4426-bc4d-8656ab910525 x-openstack-request-id: req-07fc8a3f-ce89-4426-bc4d-8656ab910525 _http_log_response /usr/lib/python2.7/site-packages/keystoneauth1/session.py:479
2019-07-30 19:56:27.505 1842 DEBUG novaclient.v2.client [-] RESP BODY: {"keypairs": []} _http_log_response /usr/lib/python2.7/site-packages/keystoneauth1/session.py:511
2019-07-30 19:56:27.506 1842 DEBUG novaclient.v2.client [-] GET call to compute for http://172.30.9.37:8774/v2.1/os-keypairs used request id req-07fc8a3f-ce89-4426-bc4d-8656ab910525 request /usr/lib/python2.7/site-packages/keystoneauth1/session.py:844
2019-07-30 19:56:27.936 1842 DEBUG novaclient.v2.client [-] REQ: curl -g -i -X GET http://172.30.9.37:8774/v2.1/os-keypairs -H "Accept: application/json" -H "User-Agent: python-novaclient" -H "X-Auth-Token: {SHA1}9e5d66715d91a368b62413094e27f4946feecc1a" _http_log_request /usr/lib/python2.7/site-packages/keystoneauth1/session.py:448
2019-07-30 19:56:28.259 1842 DEBUG novaclient.v2.client [-] RESP: [200] Content-Length: 16 Content-Type: application/json Date: Tue, 30 Jul 2019 19:56:27 GMT OpenStack-API-Version: compute 2.1 Server: Apache Vary: OpenStack-API-Version,X-OpenStack-Nova-API-Version X-OpenStack-Nova-API-Version: 2.1 x-compute-request-id: req-cefd426a-a9dd-42fa-b8ac-b6a4507e5350 x-openstack-request-id: req-cefd426a-a9dd-42fa-b8ac-b6a4507e5350 _http_log_response /usr/lib/python2.7/site-packages/keystoneauth1/session.py:479
2019-07-30 19:56:28.259 1842 DEBUG novaclient.v2.client [-] RESP BODY: {"keypairs": []} _http_log_response /usr/lib/python2.7/site-packages/keystoneauth1/session.py:511
2019-07-30 19:56:28.259 1842 DEBUG novaclient.v2.client [-] GET call to compute for http://172.30.9.37:8774/v2.1/os-keypairs used request id req-cefd426a-a9dd-42fa-b8ac-b6a4507e5350 request /usr/lib/python2.7/site-packages/keystoneauth1/session.py:844
2019-07-30 19:56:28.717 1842 DEBUG novaclient.v2.client [-] REQ: curl -g -i -X GET http://172.30.9.37:8774/v2.1/os-keypairs -H "Accept: application/json" -H "User-Agent: python-novaclient" -H "X-Auth-Token: {SHA1}78aefc697e3fc39c019e4caaaafa8ce7d2c5de19" _http_log_request /usr/lib/python2.7/site-packages/keystoneauth1/session.py:448
2019-07-30 19:56:28.939 1842 DEBUG novaclient.v2.client [-] RESP: [200] Content-Length: 16 Content-Type: application/json Date: Tue, 30 Jul 2019 19:56:28 GMT OpenStack-API-Version: compute 2.1 Server: Apache Vary: OpenStack-API-Version,X-OpenStack-Nova-API-Version X-OpenStack-Nova-API-Version: 2.1 x-compute-request-id: req-da1cf548-2121-444e-af60-a3acc3b36866 x-openstack-request-id: req-da1cf548-2121-444e-af60-a3acc3b36866 _http_log_response /usr/lib/python2.7/site-packages/keystoneauth1/session.py:479
2019-07-30 19:56:28.940 1842 DEBUG novaclient.v2.client [-] RESP BODY: {"keypairs": []} _http_log_response /usr/lib/python2.7/site-packages/keystoneauth1/session.py:511
2019-07-30 19:56:28.940 1842 DEBUG novaclient.v2.client [-] GET call to compute for http://172.30.9.37:8774/v2.1/os-keypairs used request id req-da1cf548-2121-444e-af60-a3acc3b36866 request /usr/lib/python2.7/site-packages/keystoneauth1/session.py:844
2019-07-30 19:56:28.946 1842 RALLYDEBUG rally_openstack.cleanup.manager [-] Cleaning up cinder backups objects
2019-07-30 19:56:31.281 1842 RALLYDEBUG rally_openstack.cleanup.manager [-] Cleaning up cinder volume_snapshots objects
2019-07-30 19:56:33.401 1842 RALLYDEBUG rally_openstack.cleanup.manager [-] Cleaning up cinder transfers objects
2019-07-30 19:56:35.643 1842 RALLYDEBUG rally_openstack.cleanup.manager [-] Cleaning up cinder volumes objects
2019-07-30 19:56:37.948 1842 INFO rally.task.context [-] Task e13b72eb-5cb2-4396-909d-455e3c085517 | Context cleanup@openstack cleanup() finished in 17.80 sec
2019-07-30 19:56:37.949 1842 INFO rally.task.context [-] Task e13b72eb-5cb2-4396-909d-455e3c085517 | Context quotas@openstack cleanup() started
2019-07-30 19:56:38.909 1842 INFO rally.task.context [-] Task e13b72eb-5cb2-4396-909d-455e3c085517 | Context quotas@openstack cleanup() finished in 0.96 sec
2019-07-30 19:56:38.909 1842 INFO rally.task.context [-] Task e13b72eb-5cb2-4396-909d-455e3c085517 | Context api_versions@openstack cleanup() started
2019-07-30 19:56:38.910 1842 INFO rally.task.context [-] Task e13b72eb-5cb2-4396-909d-455e3c085517 | Context api_versions@openstack cleanup() finished in 0.32 msec
2019-07-30 19:56:38.910 1842 INFO rally.task.context [-] Task e13b72eb-5cb2-4396-909d-455e3c085517 | Context users@openstack cleanup() started
2019-07-30 19:56:46.833 1842 INFO rally.task.context [-] Task e13b72eb-5cb2-4396-909d-455e3c085517 | Context users@openstack cleanup() finished in 7.92 sec
2019-07-30 19:56:46.999 1842 INFO rally.task.engine [-] Load duration is: 112.009813
2019-07-30 19:56:47.000 1842 INFO rally.task.engine [-] Full runner duration is: 113.056158
2019-07-30 19:56:47.000 1842 INFO rally.task.engine [-] Full duration is: 148.38536
2019-07-30 19:56:47.248 1842 INFO rally.task.engine [-] Running workload: position = 0 config = { "version": 2, "title": "A cropped version of a bigger task.", "description": "Auto-generated task from a single workload (uuid=75c0e519-f070-4551-993f-0d567819f3e5)", "subtasks": [ { "title": "CinderVolumes.create_volume", "description": "Create a volume.", "scenario": { "CinderVolumes.create_volume": { "size": 1 } }, "contexts": { "users": { "tenants": 3, "users_per_tenant": 2 }, "api_versions": { "cinder": { "version": 3, "service_type": "volumev3" } } }, "runner": { "constant": { "concurrency": 4, "times": 10 } }, "hooks": [], "sla": { "failure_rate": { "max": 0 } } } ] }
2019-07-30 19:56:47.272 1842 RALLYDEBUG rally_openstack.contexts.keystone.users [-] Creating 3 tenants using 20 threads
2019-07-30 19:56:49.091 1842 RALLYDEBUG rally_openstack.contexts.keystone.users [-] Creating 6 users using 20 threads
2019-07-30 19:56:51.958 1842 INFO rally.task.context [-] Task e13b72eb-5cb2-4396-909d-455e3c085517 | Context users@openstack setup() finished in 4.69 sec
2019-07-30 19:56:52.399 1842 INFO rally.task.context [-] Task e13b72eb-5cb2-4396-909d-455e3c085517 | Context api_versions@openstack setup() finished in 0.44 sec
2019-07-30 19:56:52.400 1842 INFO rally.task.context [-] Task e13b72eb-5cb2-4396-909d-455e3c085517 | Context cleanup@openstack setup() finished in 0.01 msec
2019-07-30 19:56:52.405 1842 RALLYDEBUG rally.task.runner [-] Starting the constant runner (task UUID: e13b72eb-5cb2-4396-909d-455e3c085517). timeout: 0 concurrency: 4 concurrency_per_worker: 1 times: 10 concurrency_overhead: 0 processes_to_start: 4 max_cpu_used: 16
2019-07-30 19:56:52.416 3475 RALLYDEBUG rally.task.runner [-] Starting a worker. concurrency: 1 args: {"size": 1} times: 10 method_name: run timeout: 0 duration: None cls:
2019-07-30 19:56:52.417 3474 RALLYDEBUG rally.task.runner [-] Starting a worker. concurrency: 1 args: {"size": 1} times: 10 method_name: run timeout: 0 duration: None cls:
2019-07-30 19:56:52.421 3475 INFO rally.task.runner [-] Task e13b72eb-5cb2-4396-909d-455e3c085517 | ITER: 1 START
2019-07-30 19:56:52.421 3477 RALLYDEBUG rally.task.runner [-] Starting a worker. concurrency: 1 args: {"size": 1} times: 10 method_name: run timeout: 0 duration: None cls:
2019-07-30 19:56:52.422 3476 RALLYDEBUG rally.task.runner [-] Starting a worker. concurrency: 1 args: {"size": 1} times: 10 method_name: run timeout: 0 duration: None cls:
2019-07-30 19:56:52.425 3474 INFO rally.task.runner [-] Task e13b72eb-5cb2-4396-909d-455e3c085517 | ITER: 2 START
2019-07-30 19:56:52.426 3477 INFO rally.task.runner [-] Task e13b72eb-5cb2-4396-909d-455e3c085517 | ITER: 3 START
2019-07-30 19:56:52.430 3476 INFO rally.task.runner [-] Task e13b72eb-5cb2-4396-909d-455e3c085517 | ITER: 4 START
2019-07-30 19:56:55.944 3476 INFO rally.task.runner [-] Task e13b72eb-5cb2-4396-909d-455e3c085517 | ITER: 4 END: OK
2019-07-30 19:56:55.949 3476 INFO rally.task.runner [-] Task e13b72eb-5cb2-4396-909d-455e3c085517 | ITER: 5 START
2019-07-30 19:56:56.059 3477 INFO rally.task.runner [-] Task e13b72eb-5cb2-4396-909d-455e3c085517 | ITER: 3 END: OK
2019-07-30 19:56:56.064 3477 INFO rally.task.runner [-] Task e13b72eb-5cb2-4396-909d-455e3c085517 | ITER: 6 START
2019-07-30 19:56:56.177 3474 INFO rally.task.runner [-] Task e13b72eb-5cb2-4396-909d-455e3c085517 | ITER: 2 END: OK
2019-07-30 19:56:56.182 3474 INFO rally.task.runner [-] Task e13b72eb-5cb2-4396-909d-455e3c085517 | ITER: 7 START
2019-07-30 19:56:56.214 3475 INFO rally.task.runner [-] Task e13b72eb-5cb2-4396-909d-455e3c085517 | ITER: 1 END: OK
2019-07-30 19:56:56.220 3475 INFO rally.task.runner [-] Task e13b72eb-5cb2-4396-909d-455e3c085517 | ITER: 8 START
2019-07-30 19:56:59.604 3476 INFO rally.task.runner [-] Task e13b72eb-5cb2-4396-909d-455e3c085517 | ITER: 5 END: OK
2019-07-30 19:56:59.608 3476 INFO rally.task.runner [-] Task e13b72eb-5cb2-4396-909d-455e3c085517 | ITER: 9 START
2019-07-30 19:56:59.659 3477 INFO rally.task.runner [-] Task e13b72eb-5cb2-4396-909d-455e3c085517 | ITER: 6 END: OK
2019-07-30 19:56:59.663 3477 INFO rally.task.runner [-] Task e13b72eb-5cb2-4396-909d-455e3c085517 | ITER: 10 START
2019-07-30 19:57:00.009 3474 INFO rally.task.runner [-] Task e13b72eb-5cb2-4396-909d-455e3c085517 | ITER: 7 END: OK
2019-07-30 19:57:00.136 3475 INFO rally.task.runner [-] Task e13b72eb-5cb2-4396-909d-455e3c085517 | ITER: 8 END: OK
2019-07-30 19:57:03.133 3476 INFO rally.task.runner [-] Task e13b72eb-5cb2-4396-909d-455e3c085517 | ITER: 9 END: OK
2019-07-30 19:57:03.246 3477 INFO rally.task.runner [-] Task e13b72eb-5cb2-4396-909d-455e3c085517 | ITER: 10 END: OK
2019-07-30 19:57:03.273 1842 INFO rally.task.context [-] Task e13b72eb-5cb2-4396-909d-455e3c085517 | Context cleanup@openstack cleanup() started
2019-07-30 19:57:03.276 1842 RALLYDEBUG rally_openstack.cleanup.manager [-] Cleaning up cinder backups objects
2019-07-30 19:57:05.409 1842 RALLYDEBUG rally_openstack.cleanup.manager [-] Cleaning up cinder volume_snapshots objects
2019-07-30 19:57:07.638 1842 RALLYDEBUG rally_openstack.cleanup.manager [-] Cleaning up cinder transfers objects
2019-07-30 19:57:09.868 1842 RALLYDEBUG rally_openstack.cleanup.manager [-] Cleaning up cinder volumes objects
2019-07-30 19:57:12.217 1842 RALLYDEBUG rally_openstack.cleanup.manager [-] Deleting cinder.volumes object s_rally_75c0e519_G3GWneci (0b8283e0-2710-43d5-b5a7-05696009e98c)
2019-07-30 19:57:12.217 1842 RALLYDEBUG rally_openstack.cleanup.manager [-] Deleting cinder.volumes object s_rally_75c0e519_glOC02SG (170e8ed0-c1cb-4b90-9b44-70ab30b9c56e)
2019-07-30 19:57:12.218 1842 RALLYDEBUG rally_openstack.cleanup.manager [-] Deleting cinder.volumes object s_rally_75c0e519_Bv4DR8jl (cfd2602a-f7c2-4aed-9c3e-11c9cc45defc)
2019-07-30 19:57:12.232 1842 RALLYDEBUG rally_openstack.cleanup.manager [-] Deleting cinder.volumes object s_rally_75c0e519_ZR8sQ1j1 (b14b5445-d775-4a1e-a95b-bd65ec0ff27e)
2019-07-30 19:57:12.232 1842 RALLYDEBUG rally_openstack.cleanup.manager [-] Deleting cinder.volumes object s_rally_75c0e519_zQPGxwii (d4b631f2-2a42-42a0-b011-5df95882e86c)
2019-07-30 19:57:12.238 1842 RALLYDEBUG rally_openstack.cleanup.manager [-] Deleting cinder.volumes object s_rally_75c0e519_w6UUXaix (332f7fba-ed36-4f0f-8dcb-1edf4833adc4)
2019-07-30 19:57:12.251 1842 RALLYDEBUG rally_openstack.cleanup.manager [-] Deleting cinder.volumes object s_rally_75c0e519_TmRaJ3L6 (3b014d0f-1d87-41b8-bca8-8aae317622b9)
2019-07-30 19:57:12.257 1842 RALLYDEBUG rally_openstack.cleanup.manager [-] Deleting cinder.volumes object s_rally_75c0e519_a4FMZIzl (0d582782-eb3f-4eab-a6ab-783feb1c112a)
2019-07-30 19:57:12.268 1842 RALLYDEBUG rally_openstack.cleanup.manager [-] Deleting cinder.volumes object s_rally_75c0e519_hjMYc8BC (ea8cead2-22ef-4a10-9b07-0d3c878c2375)
2019-07-30 19:57:12.275 1842 RALLYDEBUG rally_openstack.cleanup.manager [-] Deleting cinder.volumes object s_rally_75c0e519_qqtoOsb7 (ae252bb4-ad2f-4ab3-9dc5-5840b6c0ec49)
2019-07-30 19:57:16.008 1842 INFO rally.task.context [-] Task e13b72eb-5cb2-4396-909d-455e3c085517 | Context cleanup@openstack cleanup() finished in 12.74 sec
2019-07-30 19:57:16.009 1842 INFO rally.task.context [-] Task e13b72eb-5cb2-4396-909d-455e3c085517 | Context api_versions@openstack cleanup() started
2019-07-30 19:57:16.009 1842 INFO rally.task.context [-] Task e13b72eb-5cb2-4396-909d-455e3c085517 | Context api_versions@openstack cleanup() finished in 0.34 msec
2019-07-30 19:57:16.010 1842 INFO rally.task.context [-] Task e13b72eb-5cb2-4396-909d-455e3c085517 | Context users@openstack cleanup() started
2019-07-30 19:57:24.048 1842 INFO rally.task.context [-] Task e13b72eb-5cb2-4396-909d-455e3c085517 | Context users@openstack cleanup() finished in 8.04 sec
2019-07-30 19:57:25.441 1842 INFO rally.task.engine [-] Load duration is: 10.820498
2019-07-30 19:57:25.441 1842 INFO rally.task.engine [-] Full runner duration is: 10.868183
2019-07-30 19:57:25.442 1842 INFO rally.task.engine [-] Full duration is: 36.778251
2019-07-30 19:57:25.589 1842 INFO rally.task.engine [-] Running workload: position = 1 config = { "version": 2, "title": "A cropped version of a bigger task.", "description": "Auto-generated task from a single workload (uuid=296d4c75-4029-4789-98a8-ecc23742f529)", "subtasks": [ { "title": "CinderVolumes.create_volume", "description": "Create a volume.", "scenario": { "CinderVolumes.create_volume": { "size": { "min": 1, "max": 1 } } }, "contexts": { "users": { "tenants": 3, "users_per_tenant": 2 }, "quotas": { "cinder": { "gigabytes": -1, "snapshots": -1, "volumes": -1 } }, "api_versions": { "cinder": { "version": 3, "service_type": "volumev3" } } }, "runner": { "constant": { "concurrency": 4, "times": 10 } }, "hooks": [], "sla": { "failure_rate": { "max": 0 } } } ] }
2019-07-30 19:57:25.612 1842 RALLYDEBUG rally_openstack.contexts.keystone.users [-] Creating 3 tenants using 20 threads
2019-07-30 19:57:27.518 1842 RALLYDEBUG rally_openstack.contexts.keystone.users [-] Creating 6 users using 20 threads
2019-07-30 19:57:30.419 1842 INFO rally.task.context [-] Task e13b72eb-5cb2-4396-909d-455e3c085517 | Context users@openstack setup() finished in 4.81 sec
2019-07-30 19:57:30.871 1842 INFO rally.task.context [-] Task e13b72eb-5cb2-4396-909d-455e3c085517 | Context api_versions@openstack setup() finished in 0.45 sec
2019-07-30 19:57:32.687 1842 INFO rally.task.context [-] Task e13b72eb-5cb2-4396-909d-455e3c085517 | Context quotas@openstack setup() finished in 1.82 sec
2019-07-30 19:57:32.687 1842 INFO rally.task.context [-] Task e13b72eb-5cb2-4396-909d-455e3c085517 | Context cleanup@openstack setup() finished in 0.00 msec
2019-07-30 19:57:32.695 1842 RALLYDEBUG rally.task.runner [-] Starting the constant runner (task UUID: e13b72eb-5cb2-4396-909d-455e3c085517). timeout: 0 concurrency: 4 concurrency_per_worker: 1 times: 10 concurrency_overhead: 0 processes_to_start: 4 max_cpu_used: 16
2019-07-30 19:57:32.708 3658 RALLYDEBUG rally.task.runner [-] Starting a worker. concurrency: 1 args: {"size": {"min": 1, "max": 1}} times: 10 method_name: run timeout: 0 duration: None cls:
2019-07-30 19:57:32.711 3660 RALLYDEBUG rally.task.runner [-] Starting a worker. concurrency: 1 args: {"size": {"min": 1, "max": 1}} times: 10 method_name: run timeout: 0 duration: None cls:
2019-07-30 19:57:32.711 3659 RALLYDEBUG rally.task.runner [-] Starting a worker. concurrency: 1 args: {"size": {"min": 1, "max": 1}} times: 10 method_name: run timeout: 0 duration: None cls:
2019-07-30 19:57:32.716 3658 INFO rally.task.runner [-] Task e13b72eb-5cb2-4396-909d-455e3c085517 | ITER: 1 START
2019-07-30 19:57:32.717 3660 INFO rally.task.runner [-] Task e13b72eb-5cb2-4396-909d-455e3c085517 | ITER: 2 START
2019-07-30 19:57:32.717 3661 RALLYDEBUG rally.task.runner [-] Starting a worker. concurrency: 1 args: {"size": {"min": 1, "max": 1}} times: 10 method_name: run timeout: 0 duration: None cls:
2019-07-30 19:57:32.720 3659 INFO rally.task.runner [-] Task e13b72eb-5cb2-4396-909d-455e3c085517 | ITER: 3 START
2019-07-30 19:57:32.724 3661 INFO rally.task.runner [-] Task e13b72eb-5cb2-4396-909d-455e3c085517 | ITER: 4 START
2019-07-30 19:57:36.249 3661 INFO rally.task.runner [-] Task e13b72eb-5cb2-4396-909d-455e3c085517 | ITER: 4 END: OK
2019-07-30 19:57:36.254 3661 INFO rally.task.runner [-] Task e13b72eb-5cb2-4396-909d-455e3c085517 | ITER: 5 START
2019-07-30 19:57:36.351 3660 INFO rally.task.runner [-] Task e13b72eb-5cb2-4396-909d-455e3c085517 | ITER: 2 END: OK
2019-07-30 19:57:36.356 3660 INFO rally.task.runner [-] Task e13b72eb-5cb2-4396-909d-455e3c085517 | ITER: 6 START
2019-07-30 19:57:36.429 3659 INFO rally.task.runner [-] Task e13b72eb-5cb2-4396-909d-455e3c085517 | ITER: 3 END: OK
2019-07-30 19:57:36.434 3659 INFO rally.task.runner [-] Task e13b72eb-5cb2-4396-909d-455e3c085517 | ITER: 7 START
2019-07-30 19:57:36.460 3658 INFO rally.task.runner [-] Task e13b72eb-5cb2-4396-909d-455e3c085517 | ITER: 1 END: OK
2019-07-30 19:57:36.465 3658 INFO rally.task.runner [-] Task e13b72eb-5cb2-4396-909d-455e3c085517 | ITER: 8 START
2019-07-30 19:57:39.909 3661 INFO rally.task.runner [-] Task e13b72eb-5cb2-4396-909d-455e3c085517 | ITER: 5 END: OK
2019-07-30 19:57:39.915 3661 INFO rally.task.runner [-] Task e13b72eb-5cb2-4396-909d-455e3c085517 | ITER: 9 START
2019-07-30 19:57:39.961 3660 INFO rally.task.runner [-] Task e13b72eb-5cb2-4396-909d-455e3c085517 | ITER: 6 END: OK
2019-07-30 19:57:39.966 3660 INFO rally.task.runner [-] Task e13b72eb-5cb2-4396-909d-455e3c085517 | ITER: 10 START
2019-07-30 19:57:40.233 3659 INFO rally.task.runner [-] Task e13b72eb-5cb2-4396-909d-455e3c085517 | ITER: 7 END: OK
2019-07-30 19:57:40.314 3658 INFO rally.task.runner [-] Task e13b72eb-5cb2-4396-909d-455e3c085517 | ITER: 8 END: OK
2019-07-30 19:57:43.622 3661 INFO rally.task.runner [-] Task e13b72eb-5cb2-4396-909d-455e3c085517 | ITER: 9 END: OK
2019-07-30 19:57:43.666 3660 INFO rally.task.runner [-] Task e13b72eb-5cb2-4396-909d-455e3c085517 | ITER: 10 END: OK
2019-07-30 19:57:43.692 1842 INFO rally.task.context [-] Task e13b72eb-5cb2-4396-909d-455e3c085517 | Context cleanup@openstack cleanup() started
2019-07-30 19:57:43.695 1842 RALLYDEBUG rally_openstack.cleanup.manager [-] Cleaning up cinder backups objects
2019-07-30 19:57:45.764 1842 RALLYDEBUG rally_openstack.cleanup.manager [-] Cleaning up cinder volume_snapshots objects
2019-07-30 19:57:48.023 1842 RALLYDEBUG rally_openstack.cleanup.manager [-] Cleaning up cinder transfers objects
2019-07-30 19:57:50.199 1842 RALLYDEBUG rally_openstack.cleanup.manager [-] Cleaning up cinder volumes objects
2019-07-30 19:57:52.618 1842 RALLYDEBUG rally_openstack.cleanup.manager [-] Deleting cinder.volumes object s_rally_296d4c75_oE7vEh8f (3d44cdb4-69f8-4f13-9bb3-9a4428f77997)
2019-07-30 19:57:52.621 1842 RALLYDEBUG rally_openstack.cleanup.manager [-] Deleting cinder.volumes object s_rally_296d4c75_Wrm5Jfpr (1a19c02f-8800-448c-9e47-d8a5569054f6)
2019-07-30 19:57:52.624 1842 RALLYDEBUG rally_openstack.cleanup.manager [-] Deleting cinder.volumes object s_rally_296d4c75_QqOcmQw5 (5cbc1d5c-9846-4fbc-97e9-1db59796e0de)
2019-07-30 19:57:52.629 1842 RALLYDEBUG rally_openstack.cleanup.manager [-] Deleting cinder.volumes object s_rally_296d4c75_kKLQDOCg (5e077339-7db5-4def-a753-d18372cbacb1)
2019-07-30 19:57:52.639 1842 RALLYDEBUG rally_openstack.cleanup.manager [-] Deleting cinder.volumes object s_rally_296d4c75_BPdBRcrX (cbbb75cf-e2f3-4267-bb8b-046ec501771c)
2019-07-30 19:57:52.642 1842 RALLYDEBUG rally_openstack.cleanup.manager [-] Deleting cinder.volumes object s_rally_296d4c75_kXrYqYV8 (9bce44eb-bc3e-4253-9d0b-16fce887e87f)
2019-07-30 19:57:52.643 1842 RALLYDEBUG rally_openstack.cleanup.manager [-] Deleting cinder.volumes object s_rally_296d4c75_crXXgHHU (231659ae-52dc-4a07-903f-0bdb96bb6d61)
2019-07-30 19:57:52.651 1842 RALLYDEBUG rally_openstack.cleanup.manager [-] Deleting cinder.volumes object s_rally_296d4c75_tnuT3PlJ (3a4b3a5d-cb88-42c6-98eb-3e4edd3be4c5)
2019-07-30 19:57:52.664 1842 RALLYDEBUG rally_openstack.cleanup.manager [-] Deleting cinder.volumes object s_rally_296d4c75_KAKEkQ9B (7f894895-6ff0-4e0f-94a8-b924b04e4eee)
2019-07-30 19:57:52.670 1842 RALLYDEBUG rally_openstack.cleanup.manager [-] Deleting cinder.volumes object s_rally_296d4c75_JCLv3RBF (a1b73d15-7608-4095-a91b-b204c487ec01)
2019-07-30 19:57:56.623 1842 INFO rally.task.context [-] Task e13b72eb-5cb2-4396-909d-455e3c085517 | Context cleanup@openstack cleanup() finished in 12.93 sec
2019-07-30 19:57:56.624 1842 INFO rally.task.context [-] Task e13b72eb-5cb2-4396-909d-455e3c085517 | Context quotas@openstack cleanup() started
2019-07-30 19:57:57.496 1842 INFO rally.task.context [-] Task e13b72eb-5cb2-4396-909d-455e3c085517 | Context quotas@openstack cleanup() finished in 0.87 sec
2019-07-30 19:57:57.496 1842 INFO rally.task.context [-] Task e13b72eb-5cb2-4396-909d-455e3c085517 | Context api_versions@openstack cleanup() started
2019-07-30 19:57:57.497 1842 INFO rally.task.context [-] Task e13b72eb-5cb2-4396-909d-455e3c085517 | Context api_versions@openstack cleanup() finished in 0.32 msec
2019-07-30 19:57:57.497 1842 INFO rally.task.context [-] Task e13b72eb-5cb2-4396-909d-455e3c085517 | Context users@openstack cleanup() started
2019-07-30 19:58:05.612 1842 INFO rally.task.context [-] Task e13b72eb-5cb2-4396-909d-455e3c085517 | Context users@openstack cleanup() finished in 8.11 sec
2019-07-30 19:58:05.782 1842 INFO rally.task.engine [-] Load duration is: 10.946114
2019-07-30 19:58:05.782 1842 INFO rally.task.engine [-] Full runner duration is: 10.997691
2019-07-30 19:58:05.782 1842 INFO rally.task.engine [-] Full duration is: 40.003372
2019-07-30 19:58:05.991 1842 INFO rally.task.engine [-] Running workload: position = 0 config = { "version": 2, "title": "A cropped version of a bigger task.", "description": "Auto-generated task from a single workload (uuid=34070483-5c4a-487c-96d3-baa1c73fa7e0)", "subtasks": [ { "title": "CinderVolumes.list_volumes", "description": "List all volumes.", "scenario": { "CinderVolumes.list_volumes": { "detailed": true } }, "contexts": { "users": { "tenants": 3, "users_per_tenant": 2 }, "quotas": { "cinder": { "gigabytes": -1, "snapshots": -1, "volumes": -1 } }, "api_versions": { "cinder": { "version": 3, "service_type": "volumev3" } }, "volumes": { "size": 1, "volumes_per_tenant": 4 } }, "runner": { "constant": { "concurrency": 4, "times": 10 } }, "hooks": [], "sla": { "failure_rate": { "max": 0 } } } ] }
2019-07-30 19:58:06.013 1842 RALLYDEBUG rally_openstack.contexts.keystone.users [-] Creating 3 tenants using 20 threads
2019-07-30 19:58:07.965 1842 RALLYDEBUG rally_openstack.contexts.keystone.users [-] Creating 6 users using 20 threads
2019-07-30 19:58:10.811 1842 INFO rally.task.context [-] Task e13b72eb-5cb2-4396-909d-455e3c085517 | Context users@openstack setup() finished in 4.80 sec
2019-07-30 19:58:11.252 1842 INFO rally.task.context [-] Task e13b72eb-5cb2-4396-909d-455e3c085517 | Context api_versions@openstack setup() finished in 0.44 sec
2019-07-30 19:58:12.896 1842 INFO rally.task.context [-] Task e13b72eb-5cb2-4396-909d-455e3c085517 | Context quotas@openstack setup() finished in 1.64 sec
2019-07-30 19:58:52.435 1842 INFO rally.task.context [-] Task e13b72eb-5cb2-4396-909d-455e3c085517 | Context volumes@openstack setup() finished in 39.54 sec
2019-07-30 19:58:52.443 1842 RALLYDEBUG rally.task.runner [-] Starting the constant runner (task UUID: e13b72eb-5cb2-4396-909d-455e3c085517). timeout: 0 concurrency: 4 concurrency_per_worker: 1 times: 10 concurrency_overhead: 0 processes_to_start: 4 max_cpu_used: 16
2019-07-30 19:58:52.454 3842 RALLYDEBUG rally.task.runner [-] Starting a worker. concurrency: 1 args: {"detailed": true} times: 10 method_name: run timeout: 0 duration: None cls:
2019-07-30 19:58:52.457 3843 RALLYDEBUG rally.task.runner [-] Starting a worker. concurrency: 1 args: {"detailed": true} times: 10 method_name: run timeout: 0 duration: None cls:
2019-07-30 19:58:52.460 3844 RALLYDEBUG rally.task.runner [-] Starting a worker. concurrency: 1 args: {"detailed": true} times: 10 method_name: run timeout: 0 duration: None cls:
2019-07-30 19:58:52.462 3842 INFO rally.task.runner [-] Task e13b72eb-5cb2-4396-909d-455e3c085517 | ITER: 1 START
2019-07-30 19:58:52.464 3843 INFO rally.task.runner [-] Task e13b72eb-5cb2-4396-909d-455e3c085517 | ITER: 2 START
2019-07-30 19:58:52.464 3845 RALLYDEBUG rally.task.runner [-] Starting a worker. concurrency: 1 args: {"detailed": true} times: 10 method_name: run timeout: 0 duration: None cls:
2019-07-30 19:58:52.467 3844 INFO rally.task.runner [-] Task e13b72eb-5cb2-4396-909d-455e3c085517 | ITER: 3 START
2019-07-30 19:58:52.470 3845 INFO rally.task.runner [-] Task e13b72eb-5cb2-4396-909d-455e3c085517 | ITER: 4 START
2019-07-30 19:58:53.176 3844 INFO rally.task.runner [-] Task e13b72eb-5cb2-4396-909d-455e3c085517 | ITER: 3 END: OK
2019-07-30 19:58:53.182 3844 INFO rally.task.runner [-] Task e13b72eb-5cb2-4396-909d-455e3c085517 | ITER: 5 START
2019-07-30 19:58:53.254 3842 INFO rally.task.runner [-] Task e13b72eb-5cb2-4396-909d-455e3c085517 | ITER: 1 END: OK
2019-07-30 19:58:53.256 3843 INFO rally.task.runner [-] Task e13b72eb-5cb2-4396-909d-455e3c085517 | ITER: 2 END: OK
2019-07-30 19:58:53.259 3842 INFO rally.task.runner [-] Task e13b72eb-5cb2-4396-909d-455e3c085517 | ITER: 6 START
2019-07-30 19:58:53.262 3843 INFO rally.task.runner [-] Task e13b72eb-5cb2-4396-909d-455e3c085517 | ITER: 7 START
2019-07-30 19:58:53.291 3845 INFO rally.task.runner [-] Task e13b72eb-5cb2-4396-909d-455e3c085517 | ITER: 4 END: OK
2019-07-30 19:58:53.295 3845 INFO rally.task.runner [-] Task e13b72eb-5cb2-4396-909d-455e3c085517 | ITER: 8 START
2019-07-30 19:58:53.961 3843 INFO rally.task.runner [-] Task e13b72eb-5cb2-4396-909d-455e3c085517 | ITER: 7 END: OK
2019-07-30 19:58:53.967 3843 INFO rally.task.runner [-] Task e13b72eb-5cb2-4396-909d-455e3c085517 | ITER: 9 START
2019-07-30 19:58:54.031 3845 INFO rally.task.runner [-] Task e13b72eb-5cb2-4396-909d-455e3c085517 | ITER: 8 END: OK
2019-07-30 19:58:54.036 3845 INFO rally.task.runner [-] Task e13b72eb-5cb2-4396-909d-455e3c085517 | ITER: 10 START
2019-07-30 19:58:54.092 3844 INFO rally.task.runner [-] Task e13b72eb-5cb2-4396-909d-455e3c085517 | ITER: 5 END: OK
2019-07-30 19:58:54.195 3842 INFO rally.task.runner [-] Task e13b72eb-5cb2-4396-909d-455e3c085517 | ITER: 6 END: OK
2019-07-30 19:58:54.768 3843 INFO rally.task.runner [-] Task e13b72eb-5cb2-4396-909d-455e3c085517 | ITER: 9 END: OK
2019-07-30 19:58:54.849 3845 INFO rally.task.runner [-] Task e13b72eb-5cb2-4396-909d-455e3c085517 | ITER: 10 END: OK
2019-07-30 19:58:54.877 1842 INFO rally.task.context [-] Task e13b72eb-5cb2-4396-909d-455e3c085517 | Context volumes@openstack cleanup() started
2019-07-30 19:58:54.879 1842 RALLYDEBUG rally_openstack.cleanup.manager [-] Cleaning up cinder volumes objects
2019-07-30 19:58:57.283 1842 RALLYDEBUG rally_openstack.cleanup.manager [-] Deleting cinder.volumes object c_rally_34070483_lYKIu02Y (5c33bbd1-8391-4ec5-b430-f2a44bb3341c)
2019-07-30 19:58:57.283 1842 RALLYDEBUG rally_openstack.cleanup.manager [-] Deleting cinder.volumes object c_rally_34070483_WBar31Hg (e7111286-f48d-4c3d-86f0-b30d5b6ecb07)
2019-07-30 19:58:57.288 1842 RALLYDEBUG rally_openstack.cleanup.manager [-] Deleting cinder.volumes object c_rally_34070483_249Gpcro (e6cbb886-e4cc-4243-b58e-649c9c97d59b)
2019-07-30 19:58:57.293 1842 RALLYDEBUG rally_openstack.cleanup.manager [-] Deleting cinder.volumes object c_rally_34070483_eutOwZDf (7a0d8c89-ebe1-4851-8fdc-0ffbe5808a5a)
2019-07-30 19:58:57.293 1842 RALLYDEBUG rally_openstack.cleanup.manager [-] Deleting cinder.volumes object c_rally_34070483_bJWuDDKc (aba030df-87d2-4f3b-90aa-b2e8fc6f1161)
2019-07-30 19:58:57.300 1842 RALLYDEBUG rally_openstack.cleanup.manager [-] Deleting cinder.volumes object c_rally_34070483_deySGost (cca43def-4a26-41b2-a463-da3bccffda5c)
2019-07-30 19:58:57.304 1842 RALLYDEBUG rally_openstack.cleanup.manager [-] Deleting cinder.volumes object c_rally_34070483_e80JxTZw (c76ddc0a-a185-47de-99df-f945c61d16b1)
2019-07-30 19:58:57.308 1842 RALLYDEBUG rally_openstack.cleanup.manager [-] Deleting cinder.volumes object c_rally_34070483_xWYIsQS3 (6ec4cf4c-09e4-46a4-a88c-ade778d55574)
2019-07-30 19:58:57.315 1842 RALLYDEBUG rally_openstack.cleanup.manager [-] Deleting cinder.volumes object c_rally_34070483_BBD8OtC6 (8de2f17b-27bd-4875-8992-6e311d603447)
2019-07-30 19:58:57.328 1842 RALLYDEBUG rally_openstack.cleanup.manager [-] Deleting cinder.volumes object c_rally_34070483_5GJuyOkD (3c0ac1e3-f8a4-4e11-84ee-d0ba8360a65f)
2019-07-30 19:58:57.340 1842 RALLYDEBUG rally_openstack.cleanup.manager [-] Deleting cinder.volumes object c_rally_34070483_qLtOKkTS (cfdc92ee-c899-434e-a73f-93e6fd326d5a)
2019-07-30 19:58:57.360 1842 RALLYDEBUG rally_openstack.cleanup.manager [-] Deleting cinder.volumes object c_rally_34070483_x5sQ4CbW (8fcb4907-b742-4459-bc5f-65d51dfbbad4)
2019-07-30 19:59:02.477 1842 INFO rally.task.context [-] Task e13b72eb-5cb2-4396-909d-455e3c085517 | Context volumes@openstack cleanup() finished in 7.60 sec
2019-07-30 19:59:02.478 1842 INFO rally.task.context [-] Task e13b72eb-5cb2-4396-909d-455e3c085517 | Context quotas@openstack cleanup() started
2019-07-30 19:59:03.346 1842 INFO rally.task.context [-] Task e13b72eb-5cb2-4396-909d-455e3c085517 | Context quotas@openstack cleanup() finished in 0.87 sec
2019-07-30 19:59:03.347 1842 INFO rally.task.context [-] Task e13b72eb-5cb2-4396-909d-455e3c085517 | Context api_versions@openstack cleanup() started
2019-07-30 19:59:03.347 1842 INFO rally.task.context [-] Task e13b72eb-5cb2-4396-909d-455e3c085517 | Context api_versions@openstack cleanup() finished in 0.33 msec
2019-07-30 19:59:03.347 1842 INFO rally.task.context [-] Task e13b72eb-5cb2-4396-909d-455e3c085517 | Context users@openstack cleanup() started
2019-07-30 19:59:11.223 1842 INFO rally.task.context [-] Task e13b72eb-5cb2-4396-909d-455e3c085517 | Context users@openstack cleanup() finished in 7.88 sec
2019-07-30 19:59:12.300 1842 INFO rally.task.engine [-] Load duration is: 2.383773
2019-07-30 19:59:12.301 1842 INFO rally.task.engine [-] Full runner duration is: 2.435914
2019-07-30 19:59:12.301 1842 INFO rally.task.engine [-] Full duration is: 65.212135
2019-07-30 19:59:12.529 1842 INFO rally.task.engine [-] Running workload: position = 0 config = { "version": 2, "title": "A cropped version of a bigger task.", "description": "Auto-generated task from a single workload (uuid=0a64eb20-9072-4bc1-ae5e-151b3acd2390)", "subtasks": [ { "title": "CinderVolumes.create_and_delete_snapshot", "description": "Create and then delete a volume-snapshot.", "scenario": { "CinderVolumes.create_and_delete_snapshot": { "force": false } }, "contexts": { "users": { "tenants": 3, "users_per_tenant": 2 }, "quotas": { "cinder": { "gigabytes": -1, "snapshots": -1, "volumes": -1 } }, "api_versions": { "cinder": { "version": 3, "service_type": "volumev3" } }, "volumes": { "size": 1, "volumes_per_tenant": 1 } }, "runner": { "constant": { "concurrency": 4, "times": 10 } }, "hooks": [], "sla": { "failure_rate": { "max": 0 } } } ] }
2019-07-30 19:59:12.553 1842 RALLYDEBUG rally_openstack.contexts.keystone.users [-] Creating 3 tenants using 20 threads
2019-07-30 19:59:14.481 1842 RALLYDEBUG rally_openstack.contexts.keystone.users [-] Creating 6 users using 20 threads
2019-07-30 19:59:17.169 1842 INFO rally.task.context [-] Task e13b72eb-5cb2-4396-909d-455e3c085517 | Context users@openstack setup() finished in 4.62 sec
2019-07-30 19:59:17.600 1842 INFO rally.task.context [-] Task e13b72eb-5cb2-4396-909d-455e3c085517 | Context api_versions@openstack setup() finished in 0.43 sec
2019-07-30 19:59:19.220 1842 INFO rally.task.context [-] Task e13b72eb-5cb2-4396-909d-455e3c085517 | Context quotas@openstack setup() finished in 1.62 sec
2019-07-30 19:59:30.367 1842 INFO rally.task.context [-] Task e13b72eb-5cb2-4396-909d-455e3c085517 | Context volumes@openstack setup() finished in 11.15 sec
2019-07-30 19:59:30.368 1842 INFO rally.task.context [-] Task e13b72eb-5cb2-4396-909d-455e3c085517 | Context cleanup@openstack setup() finished in 0.01 msec
2019-07-30 19:59:30.375 1842 RALLYDEBUG rally.task.runner [-] Starting the constant runner (task UUID: e13b72eb-5cb2-4396-909d-455e3c085517). timeout: 0 concurrency: 4 concurrency_per_worker: 1 times: 10 concurrency_overhead: 0 processes_to_start: 4 max_cpu_used: 16
2019-07-30 19:59:30.388 3966 RALLYDEBUG rally.task.runner [-] Starting a worker. concurrency: 1 args: {"force": false} times: 10 method_name: run timeout: 0 duration: None cls:
2019-07-30 19:59:30.391 3967 RALLYDEBUG rally.task.runner [-] Starting a worker. concurrency: 1 args: {"force": false} times: 10 method_name: run timeout: 0 duration: None cls:
2019-07-30 19:59:30.394 3968 RALLYDEBUG rally.task.runner [-] Starting a worker. concurrency: 1 args: {"force": false} times: 10 method_name: run timeout: 0 duration: None cls:
2019-07-30 19:59:30.398 3966 INFO rally.task.runner [-] Task e13b72eb-5cb2-4396-909d-455e3c085517 | ITER: 1 START
2019-07-30 19:59:30.397 3969 RALLYDEBUG rally.task.runner [-] Starting a worker. concurrency: 1 args: {"force": false} times: 10 method_name: run timeout: 0 duration: None cls:
2019-07-30 19:59:30.402 3967 INFO rally.task.runner [-] Task e13b72eb-5cb2-4396-909d-455e3c085517 | ITER: 2 START
2019-07-30 19:59:30.404 3968 INFO rally.task.runner [-] Task e13b72eb-5cb2-4396-909d-455e3c085517 | ITER: 3 START
2019-07-30 19:59:30.407 3969 INFO rally.task.runner [-] Task e13b72eb-5cb2-4396-909d-455e3c085517 | ITER: 4 START
2019-07-30 19:59:34.330 3966 RALLYDEBUG rally.task.utils [-] Waiting for resource s_rally_0a64eb20_y4BUCjIQ. Status changed: AVAILABLE => DELETING in 0.0271110534668
2019-07-30 19:59:34.439 3967 RALLYDEBUG rally.task.utils [-] Waiting for resource s_rally_0a64eb20_kJ6w7NOG. Status changed: AVAILABLE => DELETING in 0.0350620746613
2019-07-30 19:59:34.620 3969 RALLYDEBUG rally.task.utils [-] Waiting for resource s_rally_0a64eb20_TIcE53Wn. Status changed: AVAILABLE => DELETING in 0.227600097656
2019-07-30 19:59:34.673 3968 RALLYDEBUG rally.task.utils [-] Waiting for resource s_rally_0a64eb20_akh4fB4p. Status changed: AVAILABLE => DELETING in 0.337929010391
2019-07-30 19:59:36.646 3966 INFO rally.task.runner [-] Task e13b72eb-5cb2-4396-909d-455e3c085517 | ITER: 1 END: OK
2019-07-30 19:59:36.651 3966 INFO rally.task.runner [-] Task e13b72eb-5cb2-4396-909d-455e3c085517 | ITER: 5 START
2019-07-30 19:59:36.762 3967 INFO rally.task.runner [-] Task e13b72eb-5cb2-4396-909d-455e3c085517 | ITER: 2 END: OK
2019-07-30 19:59:36.767 3967 INFO rally.task.runner [-] Task e13b72eb-5cb2-4396-909d-455e3c085517 | ITER: 6 START
2019-07-30 19:59:36.837 3969 INFO rally.task.runner [-] Task e13b72eb-5cb2-4396-909d-455e3c085517 | ITER: 4 END: OK
2019-07-30 19:59:36.842 3969 INFO rally.task.runner [-] Task e13b72eb-5cb2-4396-909d-455e3c085517 | ITER: 7 START
2019-07-30 19:59:37.090 3968 INFO rally.task.runner [-] Task e13b72eb-5cb2-4396-909d-455e3c085517 | ITER: 3 END: OK
2019-07-30 19:59:37.095 3968 INFO rally.task.runner [-] Task e13b72eb-5cb2-4396-909d-455e3c085517 | ITER: 8 START
2019-07-30 19:59:40.599 3966 RALLYDEBUG rally.task.utils [-] Waiting for resource s_rally_0a64eb20_sT8MI52S. Status changed: AVAILABLE => DELETING in 0.237096071243
2019-07-30 19:59:40.867 3967 RALLYDEBUG rally.task.utils [-] Waiting for resource s_rally_0a64eb20_GOT5uzbs. Status changed: AVAILABLE => DELETING in 0.299787998199
2019-07-30 19:59:40.910 3969 RALLYDEBUG rally.task.utils [-] Waiting for resource s_rally_0a64eb20_A8DVKHWj. Status changed: AVAILABLE => DELETING in 0.321310043335
2019-07-30 19:59:41.181 3968 RALLYDEBUG rally.task.utils [-] Waiting for resource s_rally_0a64eb20_T5K1rYcK. Status changed: AVAILABLE => DELETING in 0.314183950424
2019-07-30 19:59:42.625 3966 INFO rally.task.runner [-] Task e13b72eb-5cb2-4396-909d-455e3c085517 | ITER: 5 END: OK
2019-07-30 19:59:42.630 3966 INFO rally.task.runner [-] Task e13b72eb-5cb2-4396-909d-455e3c085517 | ITER: 9 START
2019-07-30 19:59:42.937 3969 INFO rally.task.runner [-] Task e13b72eb-5cb2-4396-909d-455e3c085517 | ITER: 7 END: OK
2019-07-30 19:59:42.941 3969 INFO rally.task.runner [-] Task e13b72eb-5cb2-4396-909d-455e3c085517 | ITER: 10 START
2019-07-30 19:59:43.088 3967 INFO rally.task.runner [-] Task e13b72eb-5cb2-4396-909d-455e3c085517 | ITER: 6 END: OK
2019-07-30 19:59:43.401 3968 INFO rally.task.runner [-] Task e13b72eb-5cb2-4396-909d-455e3c085517 | ITER: 8 END: OK
2019-07-30 19:59:46.657 3966 RALLYDEBUG rally.task.utils [-] Waiting for resource s_rally_0a64eb20_24QElbvy. Status changed: AVAILABLE => DELETING in 0.318279027939
2019-07-30 19:59:47.073 3969 RALLYDEBUG rally.task.utils [-] Waiting for resource s_rally_0a64eb20_ckVYiZWU. Status changed: AVAILABLE => DELETING in 0.327949047089
2019-07-30 19:59:48.964 3966 INFO rally.task.runner [-] Task e13b72eb-5cb2-4396-909d-455e3c085517 | ITER: 9 END: OK
2019-07-30 19:59:49.320 3969 INFO rally.task.runner [-] Task e13b72eb-5cb2-4396-909d-455e3c085517 | ITER: 10 END: OK
2019-07-30 19:59:49.343 1842 INFO rally.task.context [-] Task e13b72eb-5cb2-4396-909d-455e3c085517 | Context cleanup@openstack cleanup() started
2019-07-30 19:59:49.346 1842 RALLYDEBUG rally_openstack.cleanup.manager [-] Cleaning up cinder backups objects
2019-07-30 19:59:51.534 1842 RALLYDEBUG rally_openstack.cleanup.manager [-] Cleaning up cinder volume_snapshots objects
2019-07-30 19:59:53.659 1842 RALLYDEBUG rally_openstack.cleanup.manager [-] Cleaning up cinder transfers objects
2019-07-30 19:59:55.881 1842 RALLYDEBUG rally_openstack.cleanup.manager [-] Cleaning up cinder volumes objects
2019-07-30 19:59:58.256 1842 INFO rally.task.context [-] Task e13b72eb-5cb2-4396-909d-455e3c085517 | Context cleanup@openstack cleanup() finished in 8.91 sec
2019-07-30 19:59:58.256 1842 INFO rally.task.context [-] Task e13b72eb-5cb2-4396-909d-455e3c085517 | Context volumes@openstack cleanup() started
2019-07-30 19:59:58.257 1842 RALLYDEBUG rally_openstack.cleanup.manager [-] Cleaning up cinder volumes objects
2019-07-30 20:00:00.480 1842 RALLYDEBUG rally_openstack.cleanup.manager [-] Deleting cinder.volumes object c_rally_0a64eb20_kEM2iMBF (df66f7a0-3d02-4366-9a2d-55263f53750b)
2019-07-30 20:00:00.480 1842 RALLYDEBUG rally_openstack.cleanup.manager [-] Deleting cinder.volumes object c_rally_0a64eb20_E4AIzLXw (ee076ba0-21a8-4e29-b0b2-3c323e15ab80)
2019-07-30 20:00:00.481 1842 RALLYDEBUG rally_openstack.cleanup.manager [-] Deleting cinder.volumes object c_rally_0a64eb20_gwvY1wZ0 (fca03fac-0420-4517-9aeb-ac61a73c9d43)
2019-07-30 20:00:03.974 1842 INFO rally.task.context [-] Task e13b72eb-5cb2-4396-909d-455e3c085517 | Context volumes@openstack cleanup() finished in 5.72 sec
2019-07-30 20:00:03.975 1842 INFO rally.task.context [-] Task e13b72eb-5cb2-4396-909d-455e3c085517 | Context quotas@openstack cleanup() started
2019-07-30 20:00:04.879 1842 INFO rally.task.context [-] Task e13b72eb-5cb2-4396-909d-455e3c085517 | Context quotas@openstack cleanup() finished in 0.90 sec
2019-07-30 20:00:04.880 1842 INFO rally.task.context [-] Task e13b72eb-5cb2-4396-909d-455e3c085517 | Context api_versions@openstack cleanup() started
2019-07-30 20:00:04.880 1842 INFO rally.task.context [-] Task e13b72eb-5cb2-4396-909d-455e3c085517 | Context api_versions@openstack cleanup() finished in 0.30 msec
2019-07-30 20:00:04.881 1842 INFO rally.task.context [-] Task e13b72eb-5cb2-4396-909d-455e3c085517 | Context users@openstack cleanup() started
2019-07-30 20:00:13.216 1842 INFO rally.task.context [-] Task e13b72eb-5cb2-4396-909d-455e3c085517 | Context users@openstack cleanup() finished in 8.34 sec
2019-07-30 20:00:14.775 1842 INFO rally.task.engine [-] Load duration is: 18.920449
2019-07-30 20:00:14.775 1842 INFO rally.task.engine [-] Full runner duration is: 18.968588
2019-07-30 20:00:14.776 1842 INFO rally.task.engine [-] Full duration is: 60.666973
2019-07-30 20:00:14.984 1842 INFO rally.task.engine [-] Running workload: position = 0 config = { "version": 2, "title": "A cropped version of a bigger task.", "description": "Auto-generated task from a single workload (uuid=40921de7-3a45-4324-993c-ac7945ca7f72)", "subtasks": [ { "title": "CinderVolumes.create_and_delete_volume", "description": "Create and then delete a volume.", "scenario": { "CinderVolumes.create_and_delete_volume": { "size": { "max": 1, "min": 1 } } }, "contexts": { "users": { "tenants": 3, "users_per_tenant": 2 }, "quotas": { "cinder": { "gigabytes": -1, "snapshots": -1, "volumes": -1 } }, "api_versions": { "cinder": { "version": 3, "service_type": "volumev3" } } }, "runner": { "constant": { "concurrency": 4, "times": 10 } }, "hooks": [], "sla": { "failure_rate": { "max": 0 } } } ] }
2019-07-30 20:00:15.003 1842 RALLYDEBUG rally_openstack.contexts.keystone.users [-] Creating 3 tenants using 20 threads
2019-07-30 20:00:16.852 1842 RALLYDEBUG rally_openstack.contexts.keystone.users [-] Creating 6 users using 20 threads
2019-07-30 20:00:19.625 1842 INFO rally.task.context [-] Task e13b72eb-5cb2-4396-909d-455e3c085517 | Context users@openstack setup() finished in 4.62 sec
2019-07-30 20:00:20.059 1842 INFO rally.task.context [-] Task e13b72eb-5cb2-4396-909d-455e3c085517 | Context api_versions@openstack setup() finished in 0.43 sec
2019-07-30 20:00:21.706 1842 INFO rally.task.context [-] Task e13b72eb-5cb2-4396-909d-455e3c085517 | Context quotas@openstack setup() finished in 1.65 sec
2019-07-30 20:00:21.706 1842 INFO rally.task.context [-] Task e13b72eb-5cb2-4396-909d-455e3c085517 | Context cleanup@openstack setup() finished in 0.01 msec
2019-07-30 20:00:21.714 1842 RALLYDEBUG rally.task.runner [-] Starting the constant runner (task UUID: e13b72eb-5cb2-4396-909d-455e3c085517). timeout: 0 concurrency: 4 concurrency_per_worker: 1 times: 10 concurrency_overhead: 0 processes_to_start: 4 max_cpu_used: 16
2019-07-30 20:00:21.724 4170 RALLYDEBUG rally.task.runner [-] Starting a worker. concurrency: 1 args: {"size": {"max": 1, "min": 1}} times: 10 method_name: run timeout: 0 duration: None cls:
2019-07-30 20:00:21.730 4170 INFO rally.task.runner [-] Task e13b72eb-5cb2-4396-909d-455e3c085517 | ITER: 1 START
2019-07-30 20:00:21.730 4171 RALLYDEBUG rally.task.runner [-] Starting a worker. concurrency: 1 args: {"size": {"max": 1, "min": 1}} times: 10 method_name: run timeout: 0 duration: None cls:
2019-07-30 20:00:21.733 4175 RALLYDEBUG rally.task.runner [-] Starting a worker. concurrency: 1 args: {"size": {"max": 1, "min": 1}} times: 10 method_name: run timeout: 0 duration: None cls:
2019-07-30 20:00:21.733 4172 RALLYDEBUG rally.task.runner [-] Starting a worker. concurrency: 1 args: {"size": {"max": 1, "min": 1}} times: 10 method_name: run timeout: 0 duration: None cls:
2019-07-30 20:00:21.738 4175 INFO rally.task.runner [-] Task e13b72eb-5cb2-4396-909d-455e3c085517 | ITER: 3 START
2019-07-30 20:00:21.738 4171 INFO rally.task.runner [-] Task e13b72eb-5cb2-4396-909d-455e3c085517 | ITER: 2 START
2019-07-30 20:00:21.741 4172 INFO rally.task.runner [-] Task e13b72eb-5cb2-4396-909d-455e3c085517 | ITER: 4 START
2019-07-30 20:00:26.035 4172 RALLYDEBUG rally.task.utils [-] Waiting for resource s_rally_40921de7_jiiyhGh6. Status changed: AVAILABLE => DELETING in 0.331520080566
2019-07-30 20:00:26.109 4171 RALLYDEBUG rally.task.utils [-] Waiting for resource s_rally_40921de7_iyDiVYWY. Status changed: AVAILABLE => DELETING in 0.351988077164
2019-07-30 20:00:26.140 4175 RALLYDEBUG rally.task.utils [-] Waiting for resource s_rally_40921de7_cI8eGmlR. Status changed: AVAILABLE => DELETING in 0.352472066879
2019-07-30 20:00:26.362 4170 RALLYDEBUG rally.task.utils [-] Waiting for resource s_rally_40921de7_jo04SWYA. Status changed: AVAILABLE => DELETING in 0.353502035141
2019-07-30 20:00:28.075 4172 INFO rally.task.runner [-] Task e13b72eb-5cb2-4396-909d-455e3c085517 | ITER: 4 END: OK
2019-07-30 20:00:28.081 4172 INFO rally.task.runner [-] Task e13b72eb-5cb2-4396-909d-455e3c085517 | ITER: 5 START
2019-07-30 20:00:28.340 4171 INFO rally.task.runner [-] Task e13b72eb-5cb2-4396-909d-455e3c085517 | ITER: 2 END: OK
2019-07-30 20:00:28.346 4171 INFO rally.task.runner [-] Task e13b72eb-5cb2-4396-909d-455e3c085517 | ITER: 6 START
2019-07-30 20:00:28.446 4175 INFO rally.task.runner [-] Task e13b72eb-5cb2-4396-909d-455e3c085517 | ITER: 3 END: OK
2019-07-30 20:00:28.451 4175 INFO rally.task.runner [-] Task e13b72eb-5cb2-4396-909d-455e3c085517 | ITER: 7 START
2019-07-30 20:00:28.628 4170 INFO rally.task.runner [-] Task e13b72eb-5cb2-4396-909d-455e3c085517 | ITER: 1 END: OK
2019-07-30 20:00:28.634 4170 INFO rally.task.runner [-] Task e13b72eb-5cb2-4396-909d-455e3c085517 | ITER: 8 START
2019-07-30 20:00:32.317 4172 INFO rally.task.runner [-] Task e13b72eb-5cb2-4396-909d-455e3c085517 | ITER: 5 END: OK
2019-07-30 20:00:32.322 4172 INFO rally.task.runner [-] Task e13b72eb-5cb2-4396-909d-455e3c085517 | ITER: 9 START
2019-07-30 20:00:32.543 4171 RALLYDEBUG rally.task.utils [-] Waiting for resource s_rally_40921de7_KF4WgwK9. Status changed: AVAILABLE => DELETING in 0.365323066711
