2019-07-30 20:00:32.931 4170 RALLYDEBUG rally.task.utils [-] Waiting for resource s_rally_40921de7_YPd7S6nn. Status changed: AVAILABLE => DELETING in 0.33583521843
2019-07-30 20:00:32.975 4175 RALLYDEBUG rally.task.utils [-] Waiting for resource s_rally_40921de7_haU9URhR. Status changed: AVAILABLE => DELETING in 0.253809928894
2019-07-30 20:00:34.883 4171 INFO rally.task.runner [-] Task e13b72eb-5cb2-4396-909d-455e3c085517 | ITER: 6 END: OK
2019-07-30 20:00:34.888 4171 INFO rally.task.runner [-] Task e13b72eb-5cb2-4396-909d-455e3c085517 | ITER: 10 START
2019-07-30 20:00:35.011 4175 INFO rally.task.runner [-] Task e13b72eb-5cb2-4396-909d-455e3c085517 | ITER: 7 END: OK
2019-07-30 20:00:35.162 4170 INFO rally.task.runner [-] Task e13b72eb-5cb2-4396-909d-455e3c085517 | ITER: 8 END: OK
2019-07-30 20:00:36.682 4172 INFO rally.task.runner [-] Task e13b72eb-5cb2-4396-909d-455e3c085517 | ITER: 9 END: OK
2019-07-30 20:00:39.429 4171 INFO rally.task.runner [-] Task e13b72eb-5cb2-4396-909d-455e3c085517 | ITER: 10 END: OK
2019-07-30 20:00:39.460 1842 INFO rally.task.context [-] Task e13b72eb-5cb2-4396-909d-455e3c085517 | Context cleanup@openstack cleanup() started
2019-07-30 20:00:39.463 1842 RALLYDEBUG rally_openstack.cleanup.manager [-] Cleaning up cinder backups objects
2019-07-30 20:00:41.630 1842 RALLYDEBUG rally_openstack.cleanup.manager [-] Cleaning up cinder volume_snapshots objects
2019-07-30 20:00:43.894 1842 RALLYDEBUG rally_openstack.cleanup.manager [-] Cleaning up cinder transfers objects
2019-07-30 20:00:46.143 1842 RALLYDEBUG rally_openstack.cleanup.manager [-] Cleaning up cinder volumes objects
2019-07-30 20:00:48.260 1842 INFO rally.task.context [-] Task e13b72eb-5cb2-4396-909d-455e3c085517 | Context cleanup@openstack cleanup() finished in 8.80 sec
2019-07-30 20:00:48.260 1842 INFO rally.task.context [-] Task e13b72eb-5cb2-4396-909d-455e3c085517 | Context quotas@openstack cleanup() started
2019-07-30 20:00:49.268 1842 INFO rally.task.context [-] Task e13b72eb-5cb2-4396-909d-455e3c085517 | Context quotas@openstack cleanup() finished in 1.01 sec
2019-07-30 20:00:49.269 1842 INFO rally.task.context [-] Task e13b72eb-5cb2-4396-909d-455e3c085517 | Context api_versions@openstack cleanup() started
2019-07-30 20:00:49.269 1842 INFO rally.task.context [-] Task e13b72eb-5cb2-4396-909d-455e3c085517 | Context api_versions@openstack cleanup() finished in 0.34 msec
2019-07-30 20:00:49.269 1842 INFO rally.task.context [-] Task e13b72eb-5cb2-4396-909d-455e3c085517 | Context users@openstack cleanup() started
2019-07-30 20:00:57.959 1842 INFO rally.task.context [-] Task e13b72eb-5cb2-4396-909d-455e3c085517 | Context users@openstack cleanup() finished in 8.69 sec
2019-07-30 20:00:59.171 1842 INFO rally.task.engine [-] Load duration is: 17.695416
2019-07-30 20:00:59.172 1842 INFO rally.task.engine [-] Full runner duration is: 17.746693
2019-07-30 20:00:59.172 1842 INFO rally.task.engine [-] Full duration is: 42.96074
2019-07-30 20:00:59.312 1842 INFO rally.task.engine [-] Running workload: position = 1 config = { "version": 2, "title": "A cropped version of a bigger task.", "description": "Auto-generated task from a single workload (uuid=8883855e-11a2-476c-873e-fe3ea35cc302)", "subtasks": [ { "title": "CinderVolumes.create_and_delete_volume", "description": "Create and then delete a volume.", "scenario": { "CinderVolumes.create_and_delete_volume": { "image": { "name": "rally_full-img_360888a3-ea6f-4a4d-a660-d83e66fb5478" }, "size": 1 } }, "contexts": { "users": { "tenants": 3, "users_per_tenant": 2 }, "quotas": { "cinder": { "gigabytes": -1, "snapshots": -1, "volumes": -1 } }, "api_versions": { "cinder": { "version": 3, "service_type": "volumev3" } } }, "runner": { "constant": { "concurrency": 4, "times": 10 } }, "hooks": [], "sla": { "failure_rate": { "max": 0 } } } ] }
2019-07-30 20:00:59.335 1842 RALLYDEBUG rally_openstack.contexts.keystone.users [-] Creating 3 tenants using 20 threads
2019-07-30 20:01:01.283 1842 RALLYDEBUG rally_openstack.contexts.keystone.users [-] Creating 6 users using 20 threads
2019-07-30 20:01:04.230 1842 INFO rally.task.context [-] Task e13b72eb-5cb2-4396-909d-455e3c085517 | Context users@openstack setup() finished in 4.90 sec
2019-07-30 20:01:04.666 1842 INFO rally.task.context [-] Task e13b72eb-5cb2-4396-909d-455e3c085517 | Context api_versions@openstack setup() finished in 0.43 sec
2019-07-30 20:01:06.425 1842 INFO rally.task.context [-] Task e13b72eb-5cb2-4396-909d-455e3c085517 | Context quotas@openstack setup() finished in 1.76 sec
2019-07-30 20:01:06.425 1842 INFO rally.task.context [-] Task e13b72eb-5cb2-4396-909d-455e3c085517 | Context cleanup@openstack setup() finished in 0.00 msec
2019-07-30 20:01:07.473 1842 RALLYDEBUG rally.task.runner [-] Starting the constant runner (task UUID: e13b72eb-5cb2-4396-909d-455e3c085517). timeout: 0 concurrency: 4 concurrency_per_worker: 1 times: 10 concurrency_overhead: 0 processes_to_start: 4 max_cpu_used: 16
2019-07-30 20:01:07.486 4354 RALLYDEBUG rally.task.runner [-] Starting a worker. concurrency: 1 args: {"image": "0543f5d3-0fd8-470e-9978-aeca3cbe7692", "size": 1} times: 10 method_name: run timeout: 0 duration: None cls:
2019-07-30 20:01:07.489 4355 RALLYDEBUG rally.task.runner [-] Starting a worker. concurrency: 1 args: {"image": "0543f5d3-0fd8-470e-9978-aeca3cbe7692", "size": 1} times: 10 method_name: run timeout: 0 duration: None cls:
2019-07-30 20:01:07.492 4356 RALLYDEBUG rally.task.runner [-] Starting a worker. concurrency: 1 args: {"image": "0543f5d3-0fd8-470e-9978-aeca3cbe7692", "size": 1} times: 10 method_name: run timeout: 0 duration: None cls:
2019-07-30 20:01:07.494 4354 INFO rally.task.runner [-] Task e13b72eb-5cb2-4396-909d-455e3c085517 | ITER: 1 START
2019-07-30 20:01:07.495 4357 RALLYDEBUG rally.task.runner [-] Starting a worker. concurrency: 1 args: {"image": "0543f5d3-0fd8-470e-9978-aeca3cbe7692", "size": 1} times: 10 method_name: run timeout: 0 duration: None cls:
2019-07-30 20:01:07.496 4355 INFO rally.task.runner [-] Task e13b72eb-5cb2-4396-909d-455e3c085517 | ITER: 2 START
2019-07-30 20:01:07.501 4356 INFO rally.task.runner [-] Task e13b72eb-5cb2-4396-909d-455e3c085517 | ITER: 3 START
2019-07-30 20:01:07.502 4357 INFO rally.task.runner [-] Task e13b72eb-5cb2-4396-909d-455e3c085517 | ITER: 4 START
2019-07-30 20:01:15.118 4357 RALLYDEBUG rally.task.utils [-] Waiting for resource s_rally_8883855e_GJby5JPL. Status changed: CREATING => DOWNLOADING in 3.01121592522
2019-07-30 20:01:19.835 4354 RALLYDEBUG rally.task.utils [-] Waiting for resource s_rally_8883855e_OTYGBRX7. Status changed: CREATING => DOWNLOADING in 7.6581389904
2019-07-30 20:01:19.873 4355 RALLYDEBUG rally.task.utils [-] Waiting for resource s_rally_8883855e_3ka20zAS. Status changed: CREATING => DOWNLOADING in 7.65037298203
2019-07-30 20:01:24.268 4356 RALLYDEBUG rally.task.utils [-] Waiting for resource s_rally_8883855e_9F1E8mhc. Status changed: CREATING => DOWNLOADING in 11.831799984
2019-07-30 20:01:24.591 4355 RALLYDEBUG rally.task.utils [-] Waiting for resource s_rally_8883855e_3ka20zAS. Status changed: DOWNLOADING => AVAILABLE in 4.71818804741
2019-07-30 20:01:25.276 4355 RALLYDEBUG rally.task.utils [-] Waiting for resource s_rally_8883855e_3ka20zAS. Status changed: AVAILABLE => DELETING in 0.345044851303
2019-07-30 20:01:26.296 4354 RALLYDEBUG rally.task.utils [-] Waiting for resource s_rally_8883855e_OTYGBRX7. Status changed: DOWNLOADING => AVAILABLE in 6.46089696884
2019-07-30 20:01:26.389 4357 RALLYDEBUG rally.task.utils [-] Waiting for resource s_rally_8883855e_GJby5JPL. Status changed: DOWNLOADING => AVAILABLE in 11.2708351612
2019-07-30 20:01:27.077 4357 RALLYDEBUG rally.task.utils [-] Waiting for resource s_rally_8883855e_GJby5JPL. Status changed: AVAILABLE => DELETING in 0.342284917831
2019-07-30 20:01:27.097 4354 RALLYDEBUG rally.task.utils [-] Waiting for resource s_rally_8883855e_OTYGBRX7. Status changed: AVAILABLE => DELETING in 0.453258037567
2019-07-30 20:01:27.591 4355 INFO rally.task.runner [-] Task e13b72eb-5cb2-4396-909d-455e3c085517 | ITER: 2 END: OK
2019-07-30 20:01:27.597 4355 INFO rally.task.runner [-] Task e13b72eb-5cb2-4396-909d-455e3c085517 | ITER: 5 START
2019-07-30 20:01:28.836 4356 RALLYDEBUG rally.task.utils [-] Waiting for resource s_rally_8883855e_9F1E8mhc. Status changed: DOWNLOADING => AVAILABLE in 4.56843996048
2019-07-30 20:01:29.116 4357 INFO rally.task.runner [-] Task e13b72eb-5cb2-4396-909d-455e3c085517 | ITER: 4 END: OK
2019-07-30 20:01:29.121 4357 INFO rally.task.runner [-] Task e13b72eb-5cb2-4396-909d-455e3c085517 | ITER: 6 START
2019-07-30 20:01:29.424 4354 INFO rally.task.runner [-] Task e13b72eb-5cb2-4396-909d-455e3c085517 | ITER: 1 END: OK
2019-07-30 20:01:29.429 4354 INFO rally.task.runner [-] Task e13b72eb-5cb2-4396-909d-455e3c085517 | ITER: 7 START
2019-07-30 20:01:29.470 4356 INFO rally.task.runner [-] Task e13b72eb-5cb2-4396-909d-455e3c085517 | ITER: 3 END: OK
2019-07-30 20:01:29.475 4356 INFO rally.task.runner [-] Task e13b72eb-5cb2-4396-909d-455e3c085517 | ITER: 8 START
2019-07-30 20:01:35.980 4357 RALLYDEBUG rally.task.utils [-] Waiting for resource s_rally_8883855e_a0oLtVz6. Status changed: CREATING => DOWNLOADING in 2.71986293793
2019-07-30 20:01:37.593 4355 RALLYDEBUG rally.task.utils [-] Waiting for resource s_rally_8883855e_wARRiBa6. Status changed: CREATING => DOWNLOADING in 5.10116696358
2019-07-30 20:01:43.779 4354 RALLYDEBUG rally.task.utils [-] Waiting for resource s_rally_8883855e_6zQO6go5. Status changed: CREATING => DOWNLOADING in 10.032022953
2019-07-30 20:01:44.560 4355 RALLYDEBUG rally.task.utils [-] Waiting for resource s_rally_8883855e_wARRiBa6. Status changed: DOWNLOADING => AVAILABLE in 6.96722102165
2019-07-30 20:01:45.271 4355 RALLYDEBUG rally.task.utils [-] Waiting for resource s_rally_8883855e_wARRiBa6. Status changed: AVAILABLE => DELETING in 0.33970785141
2019-07-30 20:01:45.901 4356 RALLYDEBUG rally.task.utils [-] Waiting for resource s_rally_8883855e_VBVY1LuU. Status changed: CREATING => DOWNLOADING in 11.8650209904
2019-07-30 20:01:47.422 4357 RALLYDEBUG rally.task.utils [-] Waiting for resource s_rally_8883855e_a0oLtVz6. Status changed: DOWNLOADING => AVAILABLE in 11.4425780773
2019-07-30 20:01:47.620 4355 INFO rally.task.runner [-] Task e13b72eb-5cb2-4396-909d-455e3c085517 | ITER: 5 END: OK
2019-07-30 20:01:47.624 4355 INFO rally.task.runner [-] Task e13b72eb-5cb2-4396-909d-455e3c085517 | ITER: 9 START
2019-07-30 20:01:48.112 4354 RALLYDEBUG rally.task.utils [-] Waiting for resource s_rally_8883855e_6zQO6go5. Status changed: DOWNLOADING => AVAILABLE in 4.33289694786
2019-07-30 20:01:48.149 4357 RALLYDEBUG rally.task.utils [-] Waiting for resource s_rally_8883855e_a0oLtVz6. Status changed: AVAILABLE => DELETING in 0.241833925247
2019-07-30 20:01:48.742 4354 RALLYDEBUG rally.task.utils [-] Waiting for resource s_rally_8883855e_6zQO6go5. Status changed: AVAILABLE => DELETING in 0.248237848282
2019-07-30 20:01:50.473 4357 INFO rally.task.runner [-] Task e13b72eb-5cb2-4396-909d-455e3c085517 | ITER: 6 END: OK
2019-07-30 20:01:50.478 4357 INFO rally.task.runner [-] Task e13b72eb-5cb2-4396-909d-455e3c085517 | ITER: 10 START
2019-07-30 20:01:50.531 4356 RALLYDEBUG rally.task.utils [-] Waiting for resource s_rally_8883855e_VBVY1LuU. Status changed: DOWNLOADING => AVAILABLE in 4.62989997864
2019-07-30 20:01:51.083 4354 INFO rally.task.runner [-] Task e13b72eb-5cb2-4396-909d-455e3c085517 | ITER: 7 END: OK
2019-07-30 20:01:51.113 4356 INFO rally.task.runner [-] Task e13b72eb-5cb2-4396-909d-455e3c085517 | ITER: 8 END: OK
2019-07-30 20:01:55.618 4355 RALLYDEBUG rally.task.utils [-] Waiting for resource s_rally_8883855e_Y5qI4YYU. Status changed: CREATING => DOWNLOADING in 2.66755414009
2019-07-30 20:01:57.963 4355 RALLYDEBUG rally.task.utils [-] Waiting for resource s_rally_8883855e_Y5qI4YYU. Status changed: DOWNLOADING => AVAILABLE in 2.34554600716
2019-07-30 20:01:58.679 4355 RALLYDEBUG rally.task.utils [-] Waiting for resource s_rally_8883855e_Y5qI4YYU. Status changed: AVAILABLE => DELETING in 0.269402980804
2019-07-30 20:02:00.621 4357 RALLYDEBUG rally.task.utils [-] Waiting for resource s_rally_8883855e_barshk5D. Status changed: CREATING => DOWNLOADING in 5.37293791771
2019-07-30 20:02:00.941 4355 INFO rally.task.runner [-] Task e13b72eb-5cb2-4396-909d-455e3c085517 | ITER: 9 END: OK
2019-07-30 20:02:02.956 4357 RALLYDEBUG rally.task.utils [-] Waiting for resource s_rally_8883855e_barshk5D. Status changed: DOWNLOADING => AVAILABLE in 2.33494305611
2019-07-30 20:02:03.648 4357 INFO rally.task.runner [-] Task e13b72eb-5cb2-4396-909d-455e3c085517 | ITER: 10 END: OK
2019-07-30 20:02:03.674 1842 INFO rally.task.context [-] Task e13b72eb-5cb2-4396-909d-455e3c085517 | Context cleanup@openstack cleanup() started
2019-07-30 20:02:03.676 1842 RALLYDEBUG rally_openstack.cleanup.manager [-] Cleaning up cinder backups objects
2019-07-30 20:02:06.068 1842 RALLYDEBUG rally_openstack.cleanup.manager [-] Cleaning up cinder volume_snapshots objects
2019-07-30 20:02:08.293 1842 RALLYDEBUG rally_openstack.cleanup.manager [-] Cleaning up cinder transfers objects
2019-07-30 20:02:10.512 1842 RALLYDEBUG rally_openstack.cleanup.manager [-] Cleaning up cinder volumes objects
2019-07-30 20:02:12.965 1842 INFO rally.task.context [-] Task e13b72eb-5cb2-4396-909d-455e3c085517 | Context cleanup@openstack cleanup() finished in 9.29 sec
2019-07-30 20:02:12.966 1842 INFO rally.task.context [-] Task e13b72eb-5cb2-4396-909d-455e3c085517 | Context quotas@openstack cleanup() started
2019-07-30 20:02:13.940 1842 INFO rally.task.context [-] Task e13b72eb-5cb2-4396-909d-455e3c085517 | Context quotas@openstack cleanup() finished in 0.97 sec
2019-07-30 20:02:13.941 1842 INFO rally.task.context [-] Task e13b72eb-5cb2-4396-909d-455e3c085517 | Context api_versions@openstack cleanup() started
2019-07-30 20:02:13.941 1842 INFO rally.task.context [-] Task e13b72eb-5cb2-4396-909d-455e3c085517 | Context api_versions@openstack cleanup() finished in 0.32 msec
2019-07-30 20:02:13.941 1842 INFO rally.task.context [-] Task e13b72eb-5cb2-4396-909d-455e3c085517 | Context users@openstack cleanup() started
2019-07-30 20:02:21.930 1842 INFO rally.task.context [-] Task e13b72eb-5cb2-4396-909d-455e3c085517 | Context users@openstack cleanup() finished in 7.99 sec
2019-07-30 20:02:23.635 1842 INFO rally.task.engine [-] Load duration is: 56.150602
2019-07-30 20:02:23.635 1842 INFO rally.task.engine [-] Full runner duration is: 56.202424
2019-07-30 20:02:23.635 1842 INFO rally.task.engine [-] Full duration is: 82.598385
2019-07-30 20:02:23.765 1842 INFO rally.task.engine [-] Running workload: position = 2 config = { "version": 2, "title": "A cropped version of a bigger task.", "description": "Auto-generated task from a single workload (uuid=9eb66df4-8a23-4e21-81de-bc1723157004)", "subtasks": [ { "title": "CinderVolumes.create_and_delete_volume", "description": "Create and then delete a volume.", "scenario": { "CinderVolumes.create_and_delete_volume": { "size": 1 } }, "contexts": { "users": { "tenants": 3, "users_per_tenant": 2 }, "quotas": { "cinder": { "gigabytes": -1, "snapshots": -1, "volumes": -1 } }, "api_versions": { "cinder": { "version": 3, "service_type": "volumev3" } } }, "runner": { "constant": { "concurrency": 4, "times": 10 } }, "hooks": [], "sla": { "failure_rate": { "max": 0 } } } ] }
2019-07-30 20:02:23.777 1842 RALLYDEBUG rally_openstack.contexts.keystone.users [-] Creating 3 tenants using 20 threads
2019-07-30 20:02:25.665 1842 RALLYDEBUG rally_openstack.contexts.keystone.users [-] Creating 6 users using 20 threads
2019-07-30 20:02:28.443 1842 INFO rally.task.context [-] Task e13b72eb-5cb2-4396-909d-455e3c085517 | Context users@openstack setup() finished in 4.67 sec
2019-07-30 20:02:28.916 1842 INFO rally.task.context [-] Task e13b72eb-5cb2-4396-909d-455e3c085517 | Context api_versions@openstack setup() finished in 0.47 sec
2019-07-30 20:02:30.564 1842 INFO rally.task.context [-] Task e13b72eb-5cb2-4396-909d-455e3c085517 | Context quotas@openstack setup() finished in 1.65 sec
2019-07-30 20:02:30.564 1842 INFO rally.task.context [-] Task e13b72eb-5cb2-4396-909d-455e3c085517 | Context cleanup@openstack setup() finished in 0.01 msec
2019-07-30 20:02:30.572 1842 RALLYDEBUG rally.task.runner [-] Starting the constant runner (task UUID: e13b72eb-5cb2-4396-909d-455e3c085517). timeout: 0 concurrency: 4 concurrency_per_worker: 1 times: 10 concurrency_overhead: 0 processes_to_start: 4 max_cpu_used: 16
2019-07-30 20:02:30.584 4538 RALLYDEBUG rally.task.runner [-] Starting a worker. concurrency: 1 args: {"size": 1} times: 10 method_name: run timeout: 0 duration: None cls:
2019-07-30 20:02:30.586 4539 RALLYDEBUG rally.task.runner [-] Starting a worker. concurrency: 1 args: {"size": 1} times: 10 method_name: run timeout: 0 duration: None cls:
2019-07-30 20:02:30.589 4540 RALLYDEBUG rally.task.runner [-] Starting a worker. concurrency: 1 args: {"size": 1} times: 10 method_name: run timeout: 0 duration: None cls:
2019-07-30 20:02:30.591 4539 INFO rally.task.runner [-] Task e13b72eb-5cb2-4396-909d-455e3c085517 | ITER: 2 START
2019-07-30 20:02:30.592 4538 INFO rally.task.runner [-] Task e13b72eb-5cb2-4396-909d-455e3c085517 | ITER: 1 START
2019-07-30 20:02:30.593 4541 RALLYDEBUG rally.task.runner [-] Starting a worker. concurrency: 1 args: {"size": 1} times: 10 method_name: run timeout: 0 duration: None cls:
2019-07-30 20:02:30.596 4540 INFO rally.task.runner [-] Task e13b72eb-5cb2-4396-909d-455e3c085517 | ITER: 3 START
2019-07-30 20:02:30.601 4541 INFO rally.task.runner [-] Task e13b72eb-5cb2-4396-909d-455e3c085517 | ITER: 4 START
2019-07-30 20:02:34.907 4539 RALLYDEBUG rally.task.utils [-] Waiting for resource s_rally_9eb66df4_tuwbuOzt. Status changed: AVAILABLE => DELETING in 0.340595960617
2019-07-30 20:02:35.026 4541 RALLYDEBUG rally.task.utils [-] Waiting for resource s_rally_9eb66df4_Ac9CnSfq. Status changed: AVAILABLE => DELETING in 0.352407217026
2019-07-30 20:02:35.196 4540 RALLYDEBUG rally.task.utils [-] Waiting for resource s_rally_9eb66df4_ZQcU3KBr. Status changed: AVAILABLE => DELETING in 0.270503044128
2019-07-30 20:02:35.238 4538 INFO rally.task.runner [-] Task e13b72eb-5cb2-4396-909d-455e3c085517 | ITER: 1 END: OK
2019-07-30 20:02:35.243 4538 INFO rally.task.runner [-] Task e13b72eb-5cb2-4396-909d-455e3c085517 | ITER: 5 START
2019-07-30 20:02:37.233 4540 INFO rally.task.runner [-] Task e13b72eb-5cb2-4396-909d-455e3c085517 | ITER: 3 END: OK
2019-07-30 20:02:37.238 4540 INFO rally.task.runner [-] Task e13b72eb-5cb2-4396-909d-455e3c085517 | ITER: 6 START
2019-07-30 20:02:37.242 4539 INFO rally.task.runner [-] Task e13b72eb-5cb2-4396-909d-455e3c085517 | ITER: 2 END: OK
2019-07-30 20:02:37.248 4539 INFO rally.task.runner [-] Task e13b72eb-5cb2-4396-909d-455e3c085517 | ITER: 7 START
2019-07-30 20:02:37.254 4541 INFO rally.task.runner [-] Task e13b72eb-5cb2-4396-909d-455e3c085517 | ITER: 4 END: OK
2019-07-30 20:02:37.259 4541 INFO rally.task.runner [-] Task e13b72eb-5cb2-4396-909d-455e3c085517 | ITER: 8 START
2019-07-30 20:02:39.720 4538 INFO rally.task.runner [-] Task e13b72eb-5cb2-4396-909d-455e3c085517 | ITER: 5 END: OK
2019-07-30 20:02:39.725 4538 INFO rally.task.runner [-] Task e13b72eb-5cb2-4396-909d-455e3c085517 | ITER: 9 START
2019-07-30 20:02:41.511 4541 RALLYDEBUG rally.task.utils [-] Waiting for resource s_rally_9eb66df4_TjggyhQW. Status changed: AVAILABLE => DELETING in 0.250003099442
2019-07-30 20:02:41.567 4540 RALLYDEBUG rally.task.utils [-] Waiting for resource s_rally_9eb66df4_oFPI7jys. Status changed: AVAILABLE => DELETING in 0.36031794548
2019-07-30 20:02:41.635 4539 RALLYDEBUG rally.task.utils [-] Waiting for resource s_rally_9eb66df4_NCo7GFDL. Status changed: AVAILABLE => DELETING in 0.320361852646
2019-07-30 20:02:43.687 4539 INFO rally.task.runner [-] Task e13b72eb-5cb2-4396-909d-455e3c085517 | ITER: 7 END: OK
2019-07-30 20:02:43.692 4539 INFO rally.task.runner [-] Task e13b72eb-5cb2-4396-909d-455e3c085517 | ITER: 10 START
2019-07-30 20:02:43.758 4540 INFO rally.task.runner [-] Task e13b72eb-5cb2-4396-909d-455e3c085517 | ITER: 6 END: OK
2019-07-30 20:02:43.759 4541 INFO rally.task.runner [-] Task e13b72eb-5cb2-4396-909d-455e3c085517 | ITER: 8 END: OK
2019-07-30 20:02:43.953 4538 INFO rally.task.runner [-] Task e13b72eb-5cb2-4396-909d-455e3c085517 | ITER: 9 END: OK
2019-07-30 20:02:47.948 4539 INFO rally.task.runner [-] Task e13b72eb-5cb2-4396-909d-455e3c085517 | ITER: 10 END: OK
2019-07-30 20:02:47.972 1842 INFO rally.task.context [-] Task e13b72eb-5cb2-4396-909d-455e3c085517 | Context cleanup@openstack cleanup() started
2019-07-30 20:02:47.974 1842 RALLYDEBUG rally_openstack.cleanup.manager [-] Cleaning up cinder backups objects
2019-07-30 20:02:50.138 1842 RALLYDEBUG rally_openstack.cleanup.manager [-] Cleaning up cinder volume_snapshots objects
2019-07-30 20:02:52.423 1842 RALLYDEBUG rally_openstack.cleanup.manager [-] Cleaning up cinder transfers objects
2019-07-30 20:02:54.647 1842 RALLYDEBUG rally_openstack.cleanup.manager [-] Cleaning up cinder volumes objects
2019-07-30 20:02:56.842 1842 INFO rally.task.context [-] Task e13b72eb-5cb2-4396-909d-455e3c085517 | Context cleanup@openstack cleanup() finished in 8.87 sec
2019-07-30 20:02:56.842 1842 INFO rally.task.context [-] Task e13b72eb-5cb2-4396-909d-455e3c085517 | Context quotas@openstack cleanup() started
2019-07-30 20:02:57.622 1842 INFO rally.task.context [-] Task e13b72eb-5cb2-4396-909d-455e3c085517 | Context quotas@openstack cleanup() finished in 0.78 sec
2019-07-30 20:02:57.623 1842 INFO rally.task.context [-] Task e13b72eb-5cb2-4396-909d-455e3c085517 | Context api_versions@openstack cleanup() started
2019-07-30 20:02:57.623 1842 INFO rally.task.context [-] Task e13b72eb-5cb2-4396-909d-455e3c085517 | Context api_versions@openstack cleanup() finished in 0.32 msec
2019-07-30 20:02:57.623 1842 INFO rally.task.context [-] Task e13b72eb-5cb2-4396-909d-455e3c085517 | Context users@openstack cleanup() started
2019-07-30 20:03:06.038 1842 INFO rally.task.context [-] Task e13b72eb-5cb2-4396-909d-455e3c085517 | Context users@openstack cleanup() finished in 8.41 sec
2019-07-30 20:03:07.938 1842 INFO rally.task.engine [-] Load duration is: 17.355429
2019-07-30 20:03:07.938 1842 INFO rally.task.engine [-] Full runner duration is: 17.400599
2019-07-30 20:03:07.938 1842 INFO rally.task.engine [-] Full duration is: 42.26375
2019-07-30 20:03:08.171 1842 INFO rally.task.engine [-] Running workload: position = 0 config = { "version": 2, "title": "A cropped version of a bigger task.", "description": "Auto-generated task from a single workload (uuid=cbcab08e-d14b-4237-a169-05e8a13ec583)", "subtasks": [ { "title": "CinderVolumes.create_and_extend_volume", "description": "Create and extend a volume and then delete it.", "scenario": { "CinderVolumes.create_and_extend_volume": { "new_size": 2, "size": 1 } }, "contexts": { "users": { "tenants": 3, "users_per_tenant": 2 }, "quotas": { "cinder": { "gigabytes": -1, "snapshots": -1, "volumes": -1 } }, "api_versions": { "cinder": { "version": 3, "service_type": "volumev3" } } }, "runner": { "constant": { "concurrency": 4, "times": 10 } }, "hooks": [], "sla": { "failure_rate": { "max": 0 } } } ] }
2019-07-30 20:03:08.187 1842 RALLYDEBUG rally_openstack.contexts.keystone.users [-] Creating 3 tenants using 20 threads
2019-07-30 20:03:10.188 1842 RALLYDEBUG rally_openstack.contexts.keystone.users [-] Creating 6 users using 20 threads
2019-07-30 20:03:13.123 1842 INFO rally.task.context [-] Task e13b72eb-5cb2-4396-909d-455e3c085517 | Context users@openstack setup() finished in 4.94 sec
2019-07-30 20:03:13.555 1842 INFO rally.task.context [-] Task e13b72eb-5cb2-4396-909d-455e3c085517 | Context api_versions@openstack setup() finished in 0.43 sec
2019-07-30 20:03:15.530 1842 INFO rally.task.context [-] Task e13b72eb-5cb2-4396-909d-455e3c085517 | Context quotas@openstack setup() finished in 1.97 sec
2019-07-30 20:03:15.530 1842 INFO rally.task.context [-] Task e13b72eb-5cb2-4396-909d-455e3c085517 | Context cleanup@openstack setup() finished in 0.01 msec
2019-07-30 20:03:15.537 1842 RALLYDEBUG rally.task.runner [-] Starting the constant runner (task UUID: e13b72eb-5cb2-4396-909d-455e3c085517). timeout: 0 concurrency: 4 concurrency_per_worker: 1 times: 10 concurrency_overhead: 0 processes_to_start: 4 max_cpu_used: 16
2019-07-30 20:03:15.546 4722 RALLYDEBUG rally.task.runner [-] Starting a worker. concurrency: 1 args: {"new_size": 2, "size": 1} times: 10 method_name: run timeout: 0 duration: None cls:
2019-07-30 20:03:15.550 4723 RALLYDEBUG rally.task.runner [-] Starting a worker. concurrency: 1 args: {"new_size": 2, "size": 1} times: 10 method_name: run timeout: 0 duration: None cls:
2019-07-30 20:03:15.552 4722 INFO rally.task.runner [-] Task e13b72eb-5cb2-4396-909d-455e3c085517 | ITER: 1 START
2019-07-30 20:03:15.552 4724 RALLYDEBUG rally.task.runner [-] Starting a worker. concurrency: 1 args: {"new_size": 2, "size": 1} times: 10 method_name: run timeout: 0 duration: None cls:
2019-07-30 20:03:15.556 4725 RALLYDEBUG rally.task.runner [-] Starting a worker. concurrency: 1 args: {"new_size": 2, "size": 1} times: 10 method_name: run timeout: 0 duration: None cls:
2019-07-30 20:03:15.557 4724 INFO rally.task.runner [-] Task e13b72eb-5cb2-4396-909d-455e3c085517 | ITER: 3 START
2019-07-30 20:03:15.557 4723 INFO rally.task.runner [-] Task e13b72eb-5cb2-4396-909d-455e3c085517 | ITER: 2 START
2019-07-30 20:03:15.561 4725 INFO rally.task.runner [-] Task e13b72eb-5cb2-4396-909d-455e3c085517 | ITER: 4 START
2019-07-30 20:03:20.112 4722 RALLYDEBUG rally.task.utils [-] Waiting for resource s_rally_cbcab08e_KA2ASdXY. Status changed: AVAILABLE => EXTENDING in 0.265511989594
2019-07-30 20:03:20.144 4723 RALLYDEBUG rally.task.utils [-] Waiting for resource s_rally_cbcab08e_21sMWwiG. Status changed: AVAILABLE => EXTENDING in 0.336807012558
2019-07-30 20:03:20.170 4724 RALLYDEBUG rally.task.utils [-] Waiting for resource s_rally_cbcab08e_fvzuOdfx. Status changed: AVAILABLE => EXTENDING in 0.341508150101
2019-07-30 20:03:20.739 4725 INFO rally.task.runner [-] Task e13b72eb-5cb2-4396-909d-455e3c085517 | ITER: 4 END: OK
2019-07-30 20:03:20.744 4725 INFO rally.task.runner [-] Task e13b72eb-5cb2-4396-909d-455e3c085517 | ITER: 5 START
2019-07-30 20:03:22.181 4722 RALLYDEBUG rally.task.utils [-] Waiting for resource s_rally_cbcab08e_KA2ASdXY. Status changed: EXTENDING => AVAILABLE in 2.06864595413
2019-07-30 20:03:22.209 4723 RALLYDEBUG rally.task.utils [-] Waiting for resource s_rally_cbcab08e_21sMWwiG. Status changed: EXTENDING => AVAILABLE in 2.064868927
2019-07-30 20:03:22.425 4724 RALLYDEBUG rally.task.utils [-] Waiting for resource s_rally_cbcab08e_fvzuOdfx. Status changed: EXTENDING => AVAILABLE in 2.25549006462
2019-07-30 20:03:22.719 4722 INFO rally.task.runner [-] Task e13b72eb-5cb2-4396-909d-455e3c085517 | ITER: 1 END: OK
2019-07-30 20:03:22.723 4722 INFO rally.task.runner [-] Task e13b72eb-5cb2-4396-909d-455e3c085517 | ITER: 6 START
2019-07-30 20:03:23.053 4723 RALLYDEBUG rally.task.utils [-] Waiting for resource s_rally_cbcab08e_21sMWwiG. Status changed: AVAILABLE => DELETING in 0.325623989105
2019-07-30 20:03:23.064 4724 RALLYDEBUG rally.task.utils [-] Waiting for resource s_rally_cbcab08e_fvzuOdfx. Status changed: AVAILABLE => DELETING in 0.349189043045
2019-07-30 20:03:25.093 4723 INFO rally.task.runner [-] Task e13b72eb-5cb2-4396-909d-455e3c085517 | ITER: 2 END: OK
2019-07-30 20:03:25.098 4723 INFO rally.task.runner [-] Task e13b72eb-5cb2-4396-909d-455e3c085517 | ITER: 7 START
2019-07-30 20:03:25.384 4724 INFO rally.task.runner [-] Task e13b72eb-5cb2-4396-909d-455e3c085517 | ITER: 3 END: OK
2019-07-30 20:03:25.388 4724 INFO rally.task.runner [-] Task e13b72eb-5cb2-4396-909d-455e3c085517 | ITER: 8 START
2019-07-30 20:03:25.700 4725 INFO rally.task.runner [-] Task e13b72eb-5cb2-4396-909d-455e3c085517 | ITER: 5 END: OK
2019-07-30 20:03:25.704 4725 INFO rally.task.runner [-] Task e13b72eb-5cb2-4396-909d-455e3c085517 | ITER: 9 START
2019-07-30 20:03:27.614 4722 INFO rally.task.runner [-] Task e13b72eb-5cb2-4396-909d-455e3c085517 | ITER: 6 END: OK
2019-07-30 20:03:27.618 4722 INFO rally.task.runner [-] Task e13b72eb-5cb2-4396-909d-455e3c085517 | ITER: 10 START
2019-07-30 20:03:30.142 4725 RALLYDEBUG rally.task.utils [-] Waiting for resource s_rally_cbcab08e_vStzV2aC. Status changed: AVAILABLE => EXTENDING in 0.325220108032
2019-07-30 20:03:30.149 4723 RALLYDEBUG rally.task.utils [-] Waiting for resource s_rally_cbcab08e_umIrv6TM. Status changed: AVAILABLE => DELETING in 0.248428106308
2019-07-30 20:03:30.287 4724 RALLYDEBUG rally.task.utils [-] Waiting for resource s_rally_cbcab08e_LObnQhQ8. Status changed: AVAILABLE => DELETING in 0.350790023804
2019-07-30 20:03:32.186 4723 INFO rally.task.runner [-] Task e13b72eb-5cb2-4396-909d-455e3c085517 | ITER: 7 END: OK
2019-07-30 20:03:32.361 4722 INFO rally.task.runner [-] Task e13b72eb-5cb2-4396-909d-455e3c085517 | ITER: 10 END: OK
2019-07-30 20:03:32.397 4725 RALLYDEBUG rally.task.utils [-] Waiting for resource s_rally_cbcab08e_vStzV2aC. Status changed: EXTENDING => AVAILABLE in 2.25496101379
2019-07-30 20:03:32.541 4724 INFO rally.task.runner [-] Task e13b72eb-5cb2-4396-909d-455e3c085517 | ITER: 8 END: OK
2019-07-30 20:03:32.743 4725 INFO rally.task.runner [-] Task e13b72eb-5cb2-4396-909d-455e3c085517 | ITER: 9 END: OK
2019-07-30 20:03:32.767 1842 INFO rally.task.context [-] Task e13b72eb-5cb2-4396-909d-455e3c085517 | Context cleanup@openstack cleanup() started
2019-07-30 20:03:32.769 1842 RALLYDEBUG rally_openstack.cleanup.manager [-] Cleaning up cinder backups objects
2019-07-30 20:03:34.748 1842 RALLYDEBUG rally_openstack.cleanup.manager [-] Cleaning up cinder volume_snapshots objects
2019-07-30 20:03:36.940 1842 RALLYDEBUG rally_openstack.cleanup.manager [-] Cleaning up cinder transfers objects
2019-07-30 20:03:39.175 1842 RALLYDEBUG rally_openstack.cleanup.manager [-] Cleaning up cinder volumes objects
2019-07-30 20:03:41.484 1842 INFO rally.task.context [-] Task e13b72eb-5cb2-4396-909d-455e3c085517 | Context cleanup@openstack cleanup() finished in 8.72 sec
2019-07-30 20:03:41.484 1842 INFO rally.task.context [-] Task e13b72eb-5cb2-4396-909d-455e3c085517 | Context quotas@openstack cleanup() started
2019-07-30 20:03:42.491 1842 INFO rally.task.context [-] Task e13b72eb-5cb2-4396-909d-455e3c085517 | Context quotas@openstack cleanup() finished in 1.01 sec
2019-07-30 20:03:42.491 1842 INFO rally.task.context [-] Task e13b72eb-5cb2-4396-909d-455e3c085517 | Context api_versions@openstack cleanup() started
2019-07-30 20:03:42.491 1842 INFO rally.task.context [-] Task e13b72eb-5cb2-4396-909d-455e3c085517 | Context api_versions@openstack cleanup() finished in 0.31 msec
2019-07-30 20:03:42.492 1842 INFO rally.task.context [-] Task e13b72eb-5cb2-4396-909d-455e3c085517 | Context users@openstack cleanup() started
2019-07-30 20:03:50.887 1842 INFO rally.task.context [-] Task e13b72eb-5cb2-4396-909d-455e3c085517 | Context users@openstack cleanup() finished in 8.40 sec
2019-07-30 20:03:52.372 1842 INFO rally.task.engine [-] Load duration is: 17.187995
2019-07-30 20:03:52.373 1842 INFO rally.task.engine [-] Full runner duration is: 17.22963
2019-07-30 20:03:52.373 1842 INFO rally.task.engine [-] Full duration is: 42.703558
2019-07-30 20:03:52.609 1842 INFO rally.task.engine [-] Running workload: position = 0 config = { "version": 2, "title": "A cropped version of a bigger task.", "description": "Auto-generated task from a single workload (uuid=8c631020-635a-45a3-a4af-e8593444bec3)", "subtasks": [ { "title": "CinderVolumes.create_from_volume_and_delete_volume", "description": "Create volume from volume and then delete it.", "scenario": { "CinderVolumes.create_from_volume_and_delete_volume": { "size": 1 } }, "contexts": { "users": { "tenants": 3, "users_per_tenant": 2 }, "quotas": { "cinder": { "gigabytes": -1, "snapshots": -1, "volumes": -1 } }, "api_versions": { "cinder": { "version": 3, "service_type": "volumev3" } }, "volumes": { "size": 1, "volumes_per_tenant": 1 } }, "runner": { "constant": { "concurrency": 4, "times": 10 } }, "hooks": [], "sla": { "failure_rate": { "max": 0 } } } ] }
2019-07-30 20:03:52.630 1842 RALLYDEBUG rally_openstack.contexts.keystone.users [-] Creating 3 tenants using 20 threads
2019-07-30 20:03:54.823 1842 RALLYDEBUG rally_openstack.contexts.keystone.users [-] Creating 6 users using 20 threads
2019-07-30 20:03:57.553 1842 INFO rally.task.context [-] Task e13b72eb-5cb2-4396-909d-455e3c085517 | Context users@openstack setup() finished in 4.92 sec
2019-07-30 20:03:57.991 1842 INFO rally.task.context [-] Task e13b72eb-5cb2-4396-909d-455e3c085517 | Context api_versions@openstack setup() finished in 0.44 sec
2019-07-30 20:03:59.691 1842 INFO rally.task.context [-] Task e13b72eb-5cb2-4396-909d-455e3c085517 | Context quotas@openstack setup() finished in 1.70 sec
2019-07-30 20:04:10.930 1842 INFO rally.task.context [-] Task e13b72eb-5cb2-4396-909d-455e3c085517 | Context volumes@openstack setup() finished in 11.24 sec
2019-07-30 20:04:10.931 1842 INFO rally.task.context [-] Task e13b72eb-5cb2-4396-909d-455e3c085517 | Context cleanup@openstack setup() finished in 0.00 msec
2019-07-30 20:04:10.938 1842 RALLYDEBUG rally.task.runner [-] Starting the constant runner (task UUID: e13b72eb-5cb2-4396-909d-455e3c085517). timeout: 0 concurrency: 4 concurrency_per_worker: 1 times: 10 concurrency_overhead: 0 processes_to_start: 4 max_cpu_used: 16
2019-07-30 20:04:10.949 4906 RALLYDEBUG rally.task.runner [-] Starting a worker. concurrency: 1 args: {"size": 1} times: 10 method_name: run timeout: 0 duration: None cls:
2019-07-30 20:04:10.952 4907 RALLYDEBUG rally.task.runner [-] Starting a worker. concurrency: 1 args: {"size": 1} times: 10 method_name: run timeout: 0 duration: None cls:
2019-07-30 20:04:10.954 4908 RALLYDEBUG rally.task.runner [-] Starting a worker. concurrency: 1 args: {"size": 1} times: 10 method_name: run timeout: 0 duration: None cls:
2019-07-30 20:04:10.956 4906 INFO rally.task.runner [-] Task e13b72eb-5cb2-4396-909d-455e3c085517 | ITER: 1 START
2019-07-30 20:04:10.958 4909 RALLYDEBUG rally.task.runner [-] Starting a worker. concurrency: 1 args: {"size": 1} times: 10 method_name: run timeout: 0 duration: None cls:
2019-07-30 20:04:10.960 4907 INFO rally.task.runner [-] Task e13b72eb-5cb2-4396-909d-455e3c085517 | ITER: 2 START
2019-07-30 20:04:10.962 4908 INFO rally.task.runner [-] Task e13b72eb-5cb2-4396-909d-455e3c085517 | ITER: 3 START
2019-07-30 20:04:10.966 4909 INFO rally.task.runner [-] Task e13b72eb-5cb2-4396-909d-455e3c085517 | ITER: 4 START
2019-07-30 20:04:15.367 4907 RALLYDEBUG rally.task.utils [-] Waiting for resource s_rally_8c631020_guenPrk2. Status changed: AVAILABLE => DELETING in 0.321878910065
2019-07-30 20:04:16.988 4906 RALLYDEBUG rally.task.utils [-] Waiting for resource s_rally_8c631020_432Nd2CQ. Status changed: CREATING => AVAILABLE in 2.92144703865
2019-07-30 20:04:17.300 4909 RALLYDEBUG rally.task.utils [-] Waiting for resource s_rally_8c631020_vYgiTNWu. Status changed: CREATING => AVAILABLE in 3.02266597748
2019-07-30 20:04:17.617 4906 RALLYDEBUG rally.task.utils [-] Waiting for resource s_rally_8c631020_432Nd2CQ. Status changed: AVAILABLE => DELETING in 0.355595111847
2019-07-30 20:04:17.934 4909 RALLYDEBUG rally.task.utils [-] Waiting for resource s_rally_8c631020_vYgiTNWu. Status changed: AVAILABLE => DELETING in 0.343971967697
2019-07-30 20:04:19.081 4908 RALLYDEBUG rally.task.utils [-] Waiting for resource s_rally_8c631020_SWNQNSZA. Status changed: CREATING => AVAILABLE in 4.98294401169
2019-07-30 20:04:19.683 4908 RALLYDEBUG rally.task.utils [-] Waiting for resource s_rally_8c631020_SWNQNSZA. Status changed: AVAILABLE => DELETING in 0.312941074371
2019-07-30 20:04:19.863 4906 INFO rally.task.runner [-] Task e13b72eb-5cb2-4396-909d-455e3c085517 | ITER: 1 END: OK
2019-07-30 20:04:19.868 4906 INFO rally.task.runner [-] Task e13b72eb-5cb2-4396-909d-455e3c085517 | ITER: 5 START
2019-07-30 20:04:19.940 4907 INFO rally.task.runner [-] Task e13b72eb-5cb2-4396-909d-455e3c085517 | ITER: 2 END: OK
2019-07-30 20:04:19.945 4907 INFO rally.task.runner [-] Task e13b72eb-5cb2-4396-909d-455e3c085517 | ITER: 6 START
2019-07-30 20:04:20.249 4909 INFO rally.task.runner [-] Task e13b72eb-5cb2-4396-909d-455e3c085517 | ITER: 4 END: OK
2019-07-30 20:04:20.253 4909 INFO rally.task.runner [-] Task e13b72eb-5cb2-4396-909d-455e3c085517 | ITER: 7 START
2019-07-30 20:04:21.926 4908 INFO rally.task.runner [-] Task e13b72eb-5cb2-4396-909d-455e3c085517 | ITER: 3 END: OK
2019-07-30 20:04:21.931 4908 INFO rally.task.runner [-] Task e13b72eb-5cb2-4396-909d-455e3c085517 | ITER: 8 START
2019-07-30 20:04:24.352 4907 RALLYDEBUG rally.task.utils [-] Waiting for resource s_rally_8c631020_iWarF9U7. Status changed: AVAILABLE => DELETING in 0.349025964737
2019-07-30 20:04:24.587 4906 RALLYDEBUG rally.task.utils [-] Waiting for resource s_rally_8c631020_9SMEqYRc. Status changed: AVAILABLE => DELETING in 0.338205099106
2019-07-30 20:04:26.052 4908 RALLYDEBUG rally.task.utils [-] Waiting for resource s_rally_8c631020_uki2Moet. Status changed: AVAILABLE => DELETING in 0.251535892487
2019-07-30 20:04:26.142 4909 RALLYDEBUG rally.task.utils [-] Waiting for resource s_rally_8c631020_mLirSfTo. Status changed: CREATING => AVAILABLE in 2.87400197983
2019-07-30 20:04:26.571 4909 RALLYDEBUG rally.task.utils [-] Waiting for resource s_rally_8c631020_mLirSfTo. Status changed: AVAILABLE => DELETING in 0.0534760951996
2019-07-30 20:04:29.046 4907 INFO rally.task.runner [-] Task e13b72eb-5cb2-4396-909d-455e3c085517 | ITER: 6 END: OK
2019-07-30 20:04:29.051 4907 INFO rally.task.runner [-] Task e13b72eb-5cb2-4396-909d-455e3c085517 | ITER: 9 START
2019-07-30 20:04:29.071 4906 INFO rally.task.runner [-] Task e13b72eb-5cb2-4396-909d-455e3c085517 | ITER: 5 END: OK
2019-07-30 20:04:29.075 4906 INFO rally.task.runner [-] Task e13b72eb-5cb2-4396-909d-455e3c085517 | ITER: 10 START
2019-07-30 20:04:30.631 4908 INFO rally.task.runner [-] Task e13b72eb-5cb2-4396-909d-455e3c085517 | ITER: 8 END: OK
2019-07-30 20:04:31.060 4909 INFO rally.task.runner [-] Task e13b72eb-5cb2-4396-909d-455e3c085517 | ITER: 7 END: OK
2019-07-30 20:04:33.133 4906 RALLYDEBUG rally.task.utils [-] Waiting for resource s_rally_8c631020_5r9F7kCX. Status changed: CREATING => AVAILABLE in 0.640816926956
2019-07-30 20:04:33.785 4906 RALLYDEBUG rally.task.utils [-] Waiting for resource s_rally_8c631020_5r9F7kCX. Status changed: AVAILABLE => DELETING in 0.361238002777
2019-07-30 20:04:33.890 4907 RALLYDEBUG rally.task.utils [-] Waiting for resource s_rally_8c631020_Q4an0Trg. Status changed: AVAILABLE => DELETING in 0.342803955078
2019-07-30 20:04:36.129 4906 INFO rally.task.runner [-] Task e13b72eb-5cb2-4396-909d-455e3c085517 | ITER: 10 END: OK
2019-07-30 20:04:36.223 4907 INFO rally.task.runner [-] Task e13b72eb-5cb2-4396-909d-455e3c085517 | ITER: 9 END: OK
2019-07-30 20:04:36.243 1842 INFO rally.task.context [-] Task e13b72eb-5cb2-4396-909d-455e3c085517 | Context cleanup@openstack cleanup() started
2019-07-30 20:04:36.246 1842 RALLYDEBUG rally_openstack.cleanup.manager [-] Cleaning up cinder backups objects
2019-07-30 20:04:38.346 1842 RALLYDEBUG rally_openstack.cleanup.manager [-] Cleaning up cinder volume_snapshots objects
2019-07-30 20:04:40.593 1842 RALLYDEBUG rally_openstack.cleanup.manager [-] Cleaning up cinder transfers objects
2019-07-30 20:04:42.726 1842 RALLYDEBUG rally_openstack.cleanup.manager [-] Cleaning up cinder volumes objects
2019-07-30 20:04:45.025 1842 INFO rally.task.context [-] Task e13b72eb-5cb2-4396-909d-455e3c085517 | Context cleanup@openstack cleanup() finished in 8.78 sec
2019-07-30 20:04:45.026 1842 INFO rally.task.context [-] Task e13b72eb-5cb2-4396-909d-455e3c085517 | Context volumes@openstack cleanup() started
2019-07-30 20:04:45.026 1842 RALLYDEBUG rally_openstack.cleanup.manager [-] Cleaning up cinder volumes objects
2019-07-30 20:04:47.176 1842 RALLYDEBUG rally_openstack.cleanup.manager [-] Deleting cinder.volumes object c_rally_8c631020_CtaRwbFV (b0cdae4f-fd2c-43a5-94e3-a744cc222483)
2019-07-30 20:04:47.179 1842 RALLYDEBUG rally_openstack.cleanup.manager [-] Deleting cinder.volumes object c_rally_8c631020_gPiRfcLQ (923921bd-280e-4289-8a0c-99b5db70de47)
2019-07-30 20:04:47.180 1842 RALLYDEBUG rally_openstack.cleanup.manager [-] Deleting cinder.volumes object c_rally_8c631020_vSuZa103 (2b0f2d6e-103b-45ba-84dd-e48876c485e0)
2019-07-30 20:04:50.719 1842 INFO rally.task.context [-] Task e13b72eb-5cb2-4396-909d-455e3c085517 | Context volumes@openstack cleanup() finished in 5.69 sec
2019-07-30 20:04:50.720 1842 INFO rally.task.context [-] Task e13b72eb-5cb2-4396-909d-455e3c085517 | Context quotas@openstack cleanup() started
2019-07-30 20:04:51.712 1842 INFO rally.task.context [-] Task e13b72eb-5cb2-4396-909d-455e3c085517 | Context quotas@openstack cleanup() finished in 0.99 sec
2019-07-30 20:04:51.712 1842 INFO rally.task.context [-] Task e13b72eb-5cb2-4396-909d-455e3c085517 | Context api_versions@openstack cleanup() started
2019-07-30 20:04:51.713 1842 INFO rally.task.context [-] Task e13b72eb-5cb2-4396-909d-455e3c085517 | Context api_versions@openstack cleanup() finished in 0.32 msec
2019-07-30 20:04:51.713 1842 INFO rally.task.context [-] Task e13b72eb-5cb2-4396-909d-455e3c085517 | Context users@openstack cleanup() started
2019-07-30 20:04:59.480 1842 INFO rally.task.context [-] Task e13b72eb-5cb2-4396-909d-455e3c085517 | Context users@openstack cleanup() finished in 7.77 sec
2019-07-30 20:05:00.899 1842 INFO rally.task.engine [-] Load duration is: 25.262703
2019-07-30 20:05:00.899 1842 INFO rally.task.engine [-] Full runner duration is: 25.305747
2019-07-30 20:05:00.900 1842 INFO rally.task.engine [-] Full duration is: 66.853001
2019-07-30 20:05:01.174 1842 INFO rally.task.engine [-] Running workload: position = 0 config = { "version": 2, "title": "A cropped version of a bigger task.", "description": "Auto-generated task from a single workload (uuid=d06c53fc-7622-4099-b1b0-55f6f38a886f)", "subtasks": [ { "title": "CinderQos.create_and_get_qos", "description": "Create a qos, then get details of the qos.", "scenario": { "CinderQos.create_and_get_qos": { "consumer": "both", "write_iops_sec": "10", "read_iops_sec": "1000" } }, "contexts": { "users": { "tenants": 3, "users_per_tenant": 2 }, "api_versions": { "cinder": { "version": 3, "service_type": "volumev3" } } }, "runner": { "constant": { "concurrency": 4, "times": 10 } }, "hooks": [], "sla": { "failure_rate": { "max": 0 } } } ] }
2019-07-30 20:05:01.197 1842 RALLYDEBUG rally_openstack.contexts.keystone.users [-] Creating 3 tenants using 20 threads
2019-07-30 20:05:03.079 1842 RALLYDEBUG rally_openstack.contexts.keystone.users [-] Creating 6 users using 20 threads
2019-07-30 20:05:05.947 1842 INFO rally.task.context [-] Task e13b72eb-5cb2-4396-909d-455e3c085517 | Context users@openstack setup() finished in 4.75 sec
2019-07-30 20:05:06.382 1842 INFO rally.task.context [-] Task e13b72eb-5cb2-4396-909d-455e3c085517 | Context api_versions@openstack setup() finished in 0.43 sec
2019-07-30 20:05:06.383 1842 INFO rally.task.context [-] Task e13b72eb-5cb2-4396-909d-455e3c085517 | Context admin_cleanup@openstack setup() finished in 0.01 msec
2019-07-30 20:05:06.390 1842 RALLYDEBUG rally.task.runner [-] Starting the constant runner (task UUID: e13b72eb-5cb2-4396-909d-455e3c085517). timeout: 0 concurrency: 4 concurrency_per_worker: 1 times: 10 concurrency_overhead: 0 processes_to_start: 4 max_cpu_used: 16
2019-07-30 20:05:06.400 5110 RALLYDEBUG rally.task.runner [-] Starting a worker. concurrency: 1 args: {"consumer": "both", "write_iops_sec": "10", "read_iops_sec": "1000"} times: 10 method_name: run timeout: 0 duration: None cls:
2019-07-30 20:05:06.405 5110 INFO rally.task.runner [-] Task e13b72eb-5cb2-4396-909d-455e3c085517 | ITER: 1 START
2019-07-30 20:05:06.406 5111 RALLYDEBUG rally.task.runner [-] Starting a worker. concurrency: 1 args: {"consumer": "both", "write_iops_sec": "10", "read_iops_sec": "1000"} times: 10 method_name: run timeout: 0 duration: None cls:
2019-07-30 20:05:06.407 5112 RALLYDEBUG rally.task.runner [-] Starting a worker. concurrency: 1 args: {"consumer": "both", "write_iops_sec": "10", "read_iops_sec": "1000"} times: 10 method_name: run timeout: 0 duration: None cls:
2019-07-30 20:05:06.412 5115 RALLYDEBUG rally.task.runner [-] Starting a worker. concurrency: 1 args: {"consumer": "both", "write_iops_sec": "10", "read_iops_sec": "1000"} times: 10 method_name: run timeout: 0 duration: None cls:
2019-07-30 20:05:06.413 5112 INFO rally.task.runner [-] Task e13b72eb-5cb2-4396-909d-455e3c085517 | ITER: 3 START
2019-07-30 20:05:06.413 5111 INFO rally.task.runner [-] Task e13b72eb-5cb2-4396-909d-455e3c085517 | ITER: 2 START
2019-07-30 20:05:06.416 5115 INFO rally.task.runner [-] Task e13b72eb-5cb2-4396-909d-455e3c085517 | ITER: 4 START
2019-07-30 20:05:07.487 5111 INFO rally.task.runner [-] Task e13b72eb-5cb2-4396-909d-455e3c085517 | ITER: 2 END: OK
2019-07-30 20:05:07.492 5111 INFO rally.task.runner [-] Task e13b72eb-5cb2-4396-909d-455e3c085517 | ITER: 5 START
2019-07-30 20:05:07.507 5110 INFO rally.task.runner [-] Task e13b72eb-5cb2-4396-909d-455e3c085517 | ITER: 1 END: OK
2019-07-30 20:05:07.509 5115 INFO rally.task.runner [-] Task e13b72eb-5cb2-4396-909d-455e3c085517 | ITER: 4 END: OK
2019-07-30 20:05:07.513 5110 INFO rally.task.runner [-] Task e13b72eb-5cb2-4396-909d-455e3c085517 | ITER: 6 START
2019-07-30 20:05:07.514 5115 INFO rally.task.runner [-] Task e13b72eb-5cb2-4396-909d-455e3c085517 | ITER: 7 START
2019-07-30 20:05:07.631 5112 INFO rally.task.runner [-] Task e13b72eb-5cb2-4396-909d-455e3c085517 | ITER: 3 END: OK
2019-07-30 20:05:07.635 5112 INFO rally.task.runner [-] Task e13b72eb-5cb2-4396-909d-455e3c085517 | ITER: 8 START
2019-07-30 20:05:08.582 5115 INFO rally.task.runner [-] Task e13b72eb-5cb2-4396-909d-455e3c085517 | ITER: 7 END: OK
2019-07-30 20:05:08.586 5115 INFO rally.task.runner [-] Task e13b72eb-5cb2-4396-909d-455e3c085517 | ITER: 9 START
2019-07-30 20:05:08.590 5111 INFO rally.task.runner [-] Task e13b72eb-5cb2-4396-909d-455e3c085517 | ITER: 5 END: OK
2019-07-30 20:05:08.595 5111 INFO rally.task.runner [-] Task e13b72eb-5cb2-4396-909d-455e3c085517 | ITER: 10 START
2019-07-30 20:05:08.607 5110 INFO rally.task.runner [-] Task e13b72eb-5cb2-4396-909d-455e3c085517 | ITER: 6 END: OK
2019-07-30 20:05:08.722 5112 INFO rally.task.runner [-] Task e13b72eb-5cb2-4396-909d-455e3c085517 | ITER: 8 END: OK
2019-07-30 20:05:09.667 5111 INFO rally.task.runner [-] Task e13b72eb-5cb2-4396-909d-455e3c085517 | ITER: 10 END: OK
2019-07-30 20:05:09.709 5115 INFO rally.task.runner [-] Task e13b72eb-5cb2-4396-909d-455e3c085517 | ITER: 9 END: OK
2019-07-30 20:05:09.728 1842 INFO rally.task.context [-] Task e13b72eb-5cb2-4396-909d-455e3c085517 | Context admin_cleanup@openstack cleanup() started
2019-07-30 20:05:09.730 1842 RALLYDEBUG rally_openstack.cleanup.manager [-] Cleaning up cinder volume_types objects
2019-07-30 20:05:10.509 1842 RALLYDEBUG rally_openstack.cleanup.manager [-] Cleaning up cinder image_volumes_cache objects
2019-07-30 20:05:11.913 1842 RALLYDEBUG rally_openstack.cleanup.manager [-] Cleaning up cinder quotas objects
2019-07-30 20:05:13.763 1842 RALLYDEBUG rally_openstack.cleanup.manager [-] Cleaning up cinder qos_specs objects
2019-07-30 20:05:14.540 1842 RALLYDEBUG rally_openstack.cleanup.manager [-] Deleting cinder.qos_specs object s_rally_d06c53fc_535bjYOl (66fb9fe7-9d04-47aa-9121-78c4f7ba849c)
2019-07-30 20:05:14.548 1842 RALLYDEBUG rally_openstack.cleanup.manager [-] Deleting cinder.qos_specs object s_rally_d06c53fc_urhuZ0q5 (0074d625-5921-4707-ab43-5369d1f15fff)
2019-07-30 20:05:14.552 1842 RALLYDEBUG rally_openstack.cleanup.manager [-] Deleting cinder.qos_specs object s_rally_d06c53fc_cxbeRq2q (feb9c895-f4a5-49ac-b93f-4abde73cf005)
2019-07-30 20:05:14.566 1842 RALLYDEBUG rally_openstack.cleanup.manager [-] Deleting cinder.qos_specs object s_rally_d06c53fc_OJH6gIc3 (70bbb351-afa5-419b-ae9b-ce015052f786)
2019-07-30 20:05:14.573 1842 RALLYDEBUG rally_openstack.cleanup.manager [-] Deleting cinder.qos_specs object s_rally_d06c53fc_ti2J7YJR (242b7d2b-1489-45eb-85e4-a6de0ec1efd8)
2019-07-30 20:05:14.575 1842 RALLYDEBUG rally_openstack.cleanup.manager [-] Deleting cinder.qos_specs object s_rally_d06c53fc_ZBO0qZ9w (43bb33d5-66ca-458d-9a87-bfd09aaa47bc)
2019-07-30 20:05:14.590 1842 RALLYDEBUG rally_openstack.cleanup.manager [-] Deleting cinder.qos_specs object s_rally_d06c53fc_JuuGqqmm (95d1c79a-1470-49fb-8943-1162090d5f44)
2019-07-30 20:05:14.603 1842 RALLYDEBUG rally_openstack.cleanup.manager [-] Deleting cinder.qos_specs object s_rally_d06c53fc_mnXpu4c3 (62117ce7-0620-4b05-904f-4c3767a6f844)
2019-07-30 20:05:14.612 1842 RALLYDEBUG rally_openstack.cleanup.manager [-] Deleting cinder.qos_specs object s_rally_d06c53fc_Bnh49Oqm (4824869a-03af-455b-9e82-09694eda60c2)
2019-07-30 20:05:14.617 1842 RALLYDEBUG rally_openstack.cleanup.manager [-] Deleting cinder.qos_specs object s_rally_d06c53fc_qbTHdJyE (14ebec28-b48c-4c28-8eb6-34e1a5861077)
2019-07-30 20:05:16.986 1842 INFO rally.task.context [-] Task e13b72eb-5cb2-4396-909d-455e3c085517 | Context admin_cleanup@openstack cleanup() finished in 7.26 sec
2019-07-30 20:05:16.987 1842 INFO rally.task.context [-] Task e13b72eb-5cb2-4396-909d-455e3c085517 | Context api_versions@openstack cleanup() started
2019-07-30 20:05:16.987 1842 INFO rally.task.context [-] Task e13b72eb-5cb2-4396-909d-455e3c085517 | Context api_versions@openstack cleanup() finished in 0.34 msec
2019-07-30 20:05:16.987 1842 INFO rally.task.context [-] Task e13b72eb-5cb2-4396-909d-455e3c085517 | Context users@openstack cleanup() started
2019-07-30 20:05:24.780 1842 INFO rally.task.context [-] Task e13b72eb-5cb2-4396-909d-455e3c085517 | Context users@openstack cleanup() finished in 7.79 sec
2019-07-30 20:05:25.311 1842 INFO rally.task.engine [-] Load duration is: 3.300173
