2019-07-30 09:40:20.724 22705 RALLYDEBUG rally_openstack.cleanup.manager [-] Deleting neutron.port object s_rally_860e5d8c_Q2zhr4sk (da8cc35b-73b8-43e9-86fa-5afcf760fb6b)
2019-07-30 09:40:20.750 22705 RALLYDEBUG rally_openstack.cleanup.manager [-] Deleting neutron.port object s_rally_860e5d8c_BT63YdxK (dabb6019-6050-4cef-9427-f0b65452e5ff)
2019-07-30 09:40:20.841 22705 RALLYDEBUG rally_openstack.cleanup.manager [-] Deleting neutron.port object s_rally_860e5d8c_CiHEdlk3 (dc3691e6-010f-411d-9f06-28b0ce6d5746)
2019-07-30 09:40:20.842 22705 RALLYDEBUG rally_openstack.cleanup.manager [-] Deleting neutron.port object s_rally_860e5d8c_hLrQfya9 (db1276bf-1dd2-42e0-8200-513c5cb4eee0)
2019-07-30 09:40:21.011 22705 RALLYDEBUG rally_openstack.cleanup.manager [-] Deleting neutron.port object s_rally_860e5d8c_qEvwkLDf (dcb58264-135d-4abb-95b9-9ed8e95fe221)
2019-07-30 09:40:21.144 22705 RALLYDEBUG rally_openstack.cleanup.manager [-] Deleting neutron.port object s_rally_860e5d8c_LMBUljyF (dcdd87d6-c5af-4b02-a369-44fed5cc751e)
2019-07-30 09:40:21.247 22705 RALLYDEBUG rally_openstack.cleanup.manager [-] Deleting neutron.port object s_rally_860e5d8c_w5H4Isux (dd589133-ad24-47d5-8ac2-94872b768ee0)
2019-07-30 09:40:21.253 22705 RALLYDEBUG rally_openstack.cleanup.manager [-] Deleting neutron.port object s_rally_860e5d8c_Xu5lExVh (dddf23a4-b555-49b6-a78d-2f0f6a280c87)
2019-07-30 09:40:21.259 22705 RALLYDEBUG rally_openstack.cleanup.manager [-] Deleting neutron.port object s_rally_860e5d8c_hLDsRpqW (df4d60dc-d380-425c-a08a-5271533eb502)
2019-07-30 09:40:21.470 22705 RALLYDEBUG rally_openstack.cleanup.manager [-] Deleting neutron.port object s_rally_860e5d8c_8ja6MK6G (dff05cce-eb3d-49d8-bdd5-5a8e605c93bf)
2019-07-30 09:40:21.489 22705 RALLYDEBUG rally_openstack.cleanup.manager [-] Deleting neutron.port object s_rally_860e5d8c_mzyczNvo (e08b1960-4e9c-45dc-a00c-cd22bed30a04)
2019-07-30 09:40:21.776 22705 RALLYDEBUG rally_openstack.cleanup.manager [-] Deleting neutron.port object s_rally_860e5d8c_yhLoXnxH (e0cb2fbb-9ada-429a-81d8-d42aec487e7f)
2019-07-30 09:40:21.776 22705 RALLYDEBUG rally_openstack.cleanup.manager [-] Deleting neutron.port object s_rally_860e5d8c_iiI5uuYj (e13aeade-435c-4509-a10e-b46ab49e42a0)
2019-07-30 09:40:21.877 22705 RALLYDEBUG rally_openstack.cleanup.manager [-] Deleting neutron.port object s_rally_860e5d8c_4puuBXJm (e1ac6e04-be1c-495c-9a02-b5c60967dc1c)
2019-07-30 09:40:21.979 22705 RALLYDEBUG rally_openstack.cleanup.manager [-] Deleting neutron.port object s_rally_860e5d8c_9VFwvKHZ (e1b96633-a329-4590-a4bc-83a79b49ada4)
2019-07-30 09:40:22.178 22705 RALLYDEBUG rally_openstack.cleanup.manager [-] Deleting neutron.port object s_rally_860e5d8c_V5UaytAC (e3a12da2-e07d-439f-af87-d91d11fa539d)
2019-07-30 09:40:22.472 22705 RALLYDEBUG rally_openstack.cleanup.manager [-] Deleting neutron.port object s_rally_860e5d8c_KWOE5c4N (e4700d04-51d0-48ef-9c10-b54079f1f100)
2019-07-30 09:40:22.486 22705 RALLYDEBUG rally_openstack.cleanup.manager [-] Deleting neutron.port object s_rally_860e5d8c_c4nTXoEA (e49bb8ef-ee7f-481e-a623-dc30962c6f23)
2019-07-30 09:40:23.387 22705 RALLYDEBUG rally_openstack.cleanup.manager [-] Deleting neutron.port object s_rally_860e5d8c_z6SGOJq9 (e4b204b8-ffff-4af5-9912-6adb52a30ee0)
2019-07-30 09:40:23.541 22705 RALLYDEBUG rally_openstack.cleanup.manager [-] Deleting neutron.port object s_rally_860e5d8c_k1stEVEI (e4fd5a3d-5526-434c-84c5-7501b1ed7c1e)
2019-07-30 09:40:23.585 22705 RALLYDEBUG rally_openstack.cleanup.manager [-] Deleting neutron.port object s_rally_860e5d8c_mx4t4bi5 (e55ca242-34e0-480f-b73e-449f965db6f6)
2019-07-30 09:40:23.655 22705 RALLYDEBUG rally_openstack.cleanup.manager [-] Deleting neutron.port object s_rally_860e5d8c_Nmj60S7t (e591f996-d91e-4ef0-b94e-a78da2616284)
2019-07-30 09:40:23.687 22705 RALLYDEBUG rally_openstack.cleanup.manager [-] Deleting neutron.port object s_rally_860e5d8c_1dAjA3O2 (e5a856aa-e935-4beb-8366-889f7f65fc59)
2019-07-30 09:40:23.694 22705 RALLYDEBUG rally_openstack.cleanup.manager [-] Deleting neutron.port object s_rally_860e5d8c_3FkkCwEf (e5d3144b-bfd0-4030-ad9e-af93c6791dc7)
2019-07-30 09:40:23.788 22705 RALLYDEBUG rally_openstack.cleanup.manager [-] Deleting neutron.port object s_rally_860e5d8c_NTtBqFHI (e64974f5-8aa7-4043-ae7a-a122731fcd68)
2019-07-30 09:40:24.021 22705 RALLYDEBUG rally_openstack.cleanup.manager [-] Deleting neutron.port object s_rally_860e5d8c_WzXJDE2r (e7238b64-53e2-4e3a-9c75-996e23cad361)
2019-07-30 09:40:24.094 22705 RALLYDEBUG rally_openstack.cleanup.manager [-] Deleting neutron.port object s_rally_860e5d8c_LBRBTwrr (e72627e4-367f-47b1-84d0-52a5048ed2d0)
2019-07-30 09:40:24.154 22705 RALLYDEBUG rally_openstack.cleanup.manager [-] Deleting neutron.port object s_rally_860e5d8c_H3o1dxmP (e7883ed1-36f0-4f06-be14-1f95bea97dcc)
2019-07-30 09:40:24.576 22705 RALLYDEBUG rally_openstack.cleanup.manager [-] Deleting neutron.port object s_rally_860e5d8c_4dUETTN7 (e89da83e-f88d-41d8-b152-03f82d311c1a)
2019-07-30 09:40:24.579 22705 RALLYDEBUG rally_openstack.cleanup.manager [-] Deleting neutron.port object s_rally_860e5d8c_Am8tyNWY (e82e3512-5b8b-477f-9aa9-edb11ce26950)
2019-07-30 09:40:24.815 22705 RALLYDEBUG rally_openstack.cleanup.manager [-] Deleting neutron.port object s_rally_860e5d8c_rYbeNyAU (e9f582ea-3a56-4a5f-bc0a-3812183c5ed3)
2019-07-30 09:40:24.816 22705 RALLYDEBUG rally_openstack.cleanup.manager [-] Deleting neutron.port object s_rally_860e5d8c_2FOhj1u9 (ea1f57ed-6fe7-4806-a523-f110f84da5a9)
2019-07-30 09:40:24.835 22705 RALLYDEBUG rally_openstack.cleanup.manager [-] Deleting neutron.port object s_rally_860e5d8c_p7u4gxKc (ec6cc516-bad4-43c9-b246-f1115b4c78fe)
2019-07-30 09:40:24.849 22705 RALLYDEBUG rally_openstack.cleanup.manager [-] Deleting neutron.port object s_rally_860e5d8c_CwlKgEuX (ecf982c4-aa88-4936-9c78-695187b2631c)
2019-07-30 09:40:24.853 22705 RALLYDEBUG rally_openstack.cleanup.manager [-] Deleting neutron.port object s_rally_860e5d8c_E1i6koZK (ef0f4104-a65d-4068-b254-b05904d6ab48)
2019-07-30 09:40:25.204 22705 RALLYDEBUG rally_openstack.cleanup.manager [-] Deleting neutron.port object s_rally_860e5d8c_rXTbdKfT (f1e2c553-f440-4b67-bac6-5396d2de6a06)
2019-07-30 09:40:25.435 22705 RALLYDEBUG rally_openstack.cleanup.manager [-] Deleting neutron.port object s_rally_860e5d8c_HaNKFaNC (f213071a-bef8-46be-b07b-eee96ff966ec)
2019-07-30 09:40:25.440 22705 RALLYDEBUG rally_openstack.cleanup.manager [-] Deleting neutron.port object s_rally_860e5d8c_dnH1TLFf (f2ab2197-0d4a-4ca1-b192-9aab65ae1564)
2019-07-30 09:40:26.023 22705 RALLYDEBUG rally_openstack.cleanup.manager [-] Deleting neutron.port object s_rally_860e5d8c_3P4wN8kX (f3395263-0b2d-4a0b-a9a6-647a821fb438)
2019-07-30 09:40:26.308 22705 RALLYDEBUG rally_openstack.cleanup.manager [-] Deleting neutron.port object s_rally_860e5d8c_67S4kVNf (f36f72c0-298c-4add-b88d-2e0d28539a92)
2019-07-30 09:40:26.316 22705 RALLYDEBUG rally_openstack.cleanup.manager [-] Deleting neutron.port object s_rally_860e5d8c_9ETsDlqm (f41a6599-47d2-42e2-9261-8c3b29403d6e)
2019-07-30 09:40:26.319 22705 RALLYDEBUG rally_openstack.cleanup.manager [-] Deleting neutron.port object s_rally_860e5d8c_jDUHWr3B (f4216709-acbe-4eb8-96df-7c3fa1667666)
2019-07-30 09:40:26.726 22705 RALLYDEBUG rally_openstack.cleanup.manager [-] Deleting neutron.port object s_rally_860e5d8c_2a1z8YLg (f5bf2658-0ca8-450f-8017-591fdf2e78c7)
2019-07-30 09:40:26.733 22705 RALLYDEBUG rally_openstack.cleanup.manager [-] Deleting neutron.port object s_rally_860e5d8c_xJoRQXKY (f65f4e25-8a2c-4785-ad47-b4c09e915137)
2019-07-30 09:40:26.872 22705 RALLYDEBUG rally_openstack.cleanup.manager [-] Deleting neutron.port object s_rally_860e5d8c_L8Zs7F7H (f704ed33-a429-4c79-a101-e7b0de2b19b2)
2019-07-30 09:40:27.037 22705 RALLYDEBUG rally_openstack.cleanup.manager [-] Deleting neutron.port object s_rally_860e5d8c_oJWCjJrB (f7174a6f-3cb3-491c-b61a-10223b8cf2a9)
2019-07-30 09:40:27.301 22705 RALLYDEBUG rally_openstack.cleanup.manager [-] Deleting neutron.port object s_rally_860e5d8c_AEbMbJ5t (f7eaf82b-9cc2-4128-8a69-25a4c3d10ca2)
2019-07-30 09:40:27.319 22705 RALLYDEBUG rally_openstack.cleanup.manager [-] Deleting neutron.port object s_rally_860e5d8c_PEFY6cmU (f8312064-403b-4f50-9c02-637638e71e76)
2019-07-30 09:40:27.646 22705 RALLYDEBUG rally_openstack.cleanup.manager [-] Deleting neutron.port object s_rally_860e5d8c_6YpE9ZNk (f8a1462d-2db6-4fc1-b85b-14648fe2d212)
2019-07-30 09:40:27.696 22705 RALLYDEBUG rally_openstack.cleanup.manager [-] Deleting neutron.port object s_rally_860e5d8c_kvVre1K5 (f8d5f3f8-e8a0-4967-9b0b-dd0257aaff86)
2019-07-30 09:40:27.752 22705 RALLYDEBUG rally_openstack.cleanup.manager [-] Deleting neutron.port object s_rally_860e5d8c_aOWPHUqs (f90914e2-e277-4bdf-910b-e7f9edb2edff)
2019-07-30 09:40:27.967 22705 RALLYDEBUG rally_openstack.cleanup.manager [-] Deleting neutron.port object s_rally_860e5d8c_bGrUuTYy (f9616f8e-1876-4ed0-9e1c-dfc0f72956a2)
2019-07-30 09:40:27.980 22705 RALLYDEBUG rally_openstack.cleanup.manager [-] Deleting neutron.port object s_rally_860e5d8c_KpiMll8m (f9aa2f8e-c42e-44bf-9f3a-54986ad80f86)
2019-07-30 09:40:28.038 22705 RALLYDEBUG rally_openstack.cleanup.manager [-] Deleting neutron.port object s_rally_860e5d8c_q6rgvyf2 (fa1b7c64-8e59-4c8f-b125-ae985891e3be)
2019-07-30 09:40:28.087 22705 RALLYDEBUG rally_openstack.cleanup.manager [-] Deleting neutron.port object s_rally_860e5d8c_vbiq9dlB (faacc2d1-9d32-4d6e-944c-024b4a774f50)
2019-07-30 09:40:28.129 22705 RALLYDEBUG rally_openstack.cleanup.manager [-] Deleting neutron.port object s_rally_860e5d8c_qp02mTWO (faf251eb-0d3c-4b00-b7e7-f1b74ba9c874)
2019-07-30 09:40:28.211 22705 RALLYDEBUG rally_openstack.cleanup.manager [-] Deleting neutron.port object s_rally_860e5d8c_bFDSSsKc (fe1f005c-96d5-4978-887f-c5cc2834f79b)
2019-07-30 09:40:28.215 22705 RALLYDEBUG rally_openstack.cleanup.manager [-] Deleting neutron.port object s_rally_860e5d8c_OX1U1Ai7 (fe244c5e-0d82-41e2-86eb-52fd838248dd)
2019-07-30 09:40:28.561 22705 RALLYDEBUG rally_openstack.cleanup.manager [-] Deleting neutron.port object s_rally_860e5d8c_64j4d7nP (ff191165-ed07-45cf-9b8f-924e375264b6)
2019-07-30 09:40:28.660 22705 RALLYDEBUG rally_openstack.cleanup.manager [-] Deleting neutron.port object s_rally_860e5d8c_7NRYZ2n0 (ff39f798-4183-4085-be06-fd2bd239669d)
2019-07-30 09:40:28.665 22705 RALLYDEBUG rally_openstack.cleanup.manager [-] Deleting neutron.port object s_rally_860e5d8c_qywu9S0Q (ff865ccc-9da1-4c40-b556-36631bfd4278)
2019-07-30 09:40:28.699 22705 RALLYDEBUG rally_openstack.cleanup.manager [-] Deleting neutron.port object s_rally_860e5d8c_4WXbXcRx (ffe8de76-03c6-4148-a717-783b589d9f80)
2019-07-30 09:40:31.687 22705 RALLYDEBUG rally_openstack.cleanup.manager [-] Cleaning up neutron subnet objects
2019-07-30 09:40:32.494 22705 RALLYDEBUG rally_openstack.cleanup.manager [-] Cleaning up neutron network objects
2019-07-30 09:40:33.225 22705 RALLYDEBUG rally_openstack.cleanup.manager [-] Deleting neutron.network object s_rally_860e5d8c_z7y0mP6y (5fe0d4ce-ffd2-4c1d-84fa-c2a362a90921)
2019-07-30 09:40:33.233 22705 RALLYDEBUG rally_openstack.cleanup.manager [-] Deleting neutron.network object s_rally_860e5d8c_yezajO5b (717d3008-cc29-4ff4-98e5-de0f7fcb02da)
2019-07-30 09:40:33.246 22705 RALLYDEBUG rally_openstack.cleanup.manager [-] Deleting neutron.network object s_rally_860e5d8c_Fil3y0yD (92bdf5f3-53b3-428f-a124-04282662a5e8)
2019-07-30 09:40:33.246 22705 RALLYDEBUG rally_openstack.cleanup.manager [-] Deleting neutron.network object s_rally_860e5d8c_VKlWooB9 (8e5fb07f-54c4-4a62-95ef-8bf63db3511c)
2019-07-30 09:40:33.251 22705 RALLYDEBUG rally_openstack.cleanup.manager [-] Deleting neutron.network object s_rally_860e5d8c_evdxx9mr (96a0e8da-0336-4e9e-bca4-b71e8d5b036d)
2019-07-30 09:40:33.261 22705 RALLYDEBUG rally_openstack.cleanup.manager [-] Deleting neutron.network object s_rally_860e5d8c_5BSFvOBx (bc9a9887-097f-4910-84e6-3495085bc697)
2019-07-30 09:40:33.285 22705 RALLYDEBUG rally_openstack.cleanup.manager [-] Deleting neutron.network object s_rally_860e5d8c_crn82tv7 (fd98a541-ad17-446f-bc30-99143e107656)
2019-07-30 09:40:33.287 22705 RALLYDEBUG rally_openstack.cleanup.manager [-] Deleting neutron.network object s_rally_860e5d8c_lyVMM2PN (d9fe48a8-dbb7-4de6-9b7c-538407dad62b)
2019-07-30 09:40:36.776 22705 RALLYDEBUG rally_openstack.cleanup.manager [-] Cleaning up neutron router objects
2019-07-30 09:40:37.549 22705 RALLYDEBUG rally_openstack.cleanup.manager [-] Cleaning up neutron security_group objects
2019-07-30 09:40:38.226 22705 INFO rally.task.context [-] Task bf3beea5-bb52-491e-9d49-35ad5cad1f16 | Context cleanup@openstack cleanup() finished in 1.28 min
2019-07-30 09:40:38.227 22705 INFO rally.task.context [-] Task bf3beea5-bb52-491e-9d49-35ad5cad1f16 | Context quotas@openstack cleanup() started
2019-07-30 09:40:38.461 22705 INFO rally.task.context [-] Task bf3beea5-bb52-491e-9d49-35ad5cad1f16 | Context quotas@openstack cleanup() finished in 0.23 sec
2019-07-30 09:40:38.461 22705 INFO rally.task.context [-] Task bf3beea5-bb52-491e-9d49-35ad5cad1f16 | Context users@openstack cleanup() started
2019-07-30 09:40:42.769 22705 INFO rally.task.context [-] Task bf3beea5-bb52-491e-9d49-35ad5cad1f16 | Context users@openstack cleanup() finished in 4.31 sec
2019-07-30 09:40:43.603 22705 INFO rally.task.engine [-] Load duration is: 101.457386
2019-07-30 09:40:43.603 22705 INFO rally.task.engine [-] Full runner duration is: 101.504906
2019-07-30 09:40:43.604 22705 INFO rally.task.engine [-] Full duration is: 187.871019
2019-07-30 09:40:43.776 22705 INFO rally.task.engine [-] Running workload: position = 1 config = { "version": 2, "title": "A cropped version of a bigger task.", "description": "Auto-generated task from a single workload (uuid=e0758058-3281-426d-80d5-36c5354ea06f)", "subtasks": [ { "title": "NeutronNetworks.create_and_update_ports", "description": "Create and update a given number of ports.", "scenario": { "NeutronNetworks.create_and_update_ports": { "network_create_args": {}, "port_create_args": {}, "ports_per_network": 5, "port_update_args": { "admin_state_up": false, "device_id": "dummy_id", "device_owner": "dummy_owner", "name": "_port_updated" } } }, "contexts": { "users": { "tenants": 1, "users_per_tenant": 1 }, "quotas": { "neutron": { "network": -1, "port": -1 } } }, "runner": { "constant": { "times": 40, "concurrency": 20 } }, "hooks": [], "sla": { "failure_rate": { "max": 0 } } } ] }
2019-07-30 09:40:43.798 22705 RALLYDEBUG rally_openstack.contexts.keystone.users [-] Creating 1 tenants using 20 threads
2019-07-30 09:40:45.472 22705 RALLYDEBUG rally_openstack.contexts.keystone.users [-] Creating 1 users using 20 threads
2019-07-30 09:40:48.239 22705 INFO rally.task.context [-] Task bf3beea5-bb52-491e-9d49-35ad5cad1f16 | Context users@openstack setup() finished in 4.44 sec
2019-07-30 09:40:49.012 22705 INFO rally.task.context [-] Task bf3beea5-bb52-491e-9d49-35ad5cad1f16 | Context quotas@openstack setup() finished in 0.77 sec
2019-07-30 09:40:49.013 22705 INFO rally.task.context [-] Task bf3beea5-bb52-491e-9d49-35ad5cad1f16 | Context cleanup@openstack setup() finished in 0.00 msec
2019-07-30 09:40:49.020 22705 RALLYDEBUG rally.task.runner [-] Starting the constant runner (task UUID: bf3beea5-bb52-491e-9d49-35ad5cad1f16). timeout: 0 concurrency: 20 concurrency_per_worker: 1 times: 40 concurrency_overhead: 4 processes_to_start: 16 max_cpu_used: 16
2019-07-30 09:40:49.031 26581 RALLYDEBUG rally.task.runner [-] Starting a worker. concurrency: 2 args: {"network_create_args": {}, "port_create_args": {}, "ports_per_network": 5, "port_update_args": {"admin_state_up": false, "device_id": "dummy_id", "device_owner": "dummy_owner", "name": "_port_updated"}} times: 40 method_name: run timeout: 0 duration: None cls:
2019-07-30 09:40:49.036 26582 RALLYDEBUG rally.task.runner [-] Starting a worker. concurrency: 2 args: {"network_create_args": {}, "port_create_args": {}, "ports_per_network": 5, "port_update_args": {"admin_state_up": false, "device_id": "dummy_id", "device_owner": "dummy_owner", "name": "_port_updated"}} times: 40 method_name: run timeout: 0 duration: None cls:
2019-07-30 09:40:49.037 26583 RALLYDEBUG rally.task.runner [-] Starting a worker. concurrency: 2 args: {"network_create_args": {}, "port_create_args": {}, "ports_per_network": 5, "port_update_args": {"admin_state_up": false, "device_id": "dummy_id", "device_owner": "dummy_owner", "name": "_port_updated"}} times: 40 method_name: run timeout: 0 duration: None cls:
2019-07-30 09:40:49.039 26581 INFO rally.task.runner [-] Task bf3beea5-bb52-491e-9d49-35ad5cad1f16 | ITER: 1 START
2019-07-30 09:40:49.041 26585 RALLYDEBUG rally.task.runner [-] Starting a worker. concurrency: 2 args: {"network_create_args": {}, "port_create_args": {}, "ports_per_network": 5, "port_update_args": {"admin_state_up": false, "device_id": "dummy_id", "device_owner": "dummy_owner", "name": "_port_updated"}} times: 40 method_name: run timeout: 0 duration: None cls:
2019-07-30 09:40:49.040 26581 INFO rally.task.runner [-] Task bf3beea5-bb52-491e-9d49-35ad5cad1f16 | ITER: 2 START
2019-07-30 09:40:49.043 26583 INFO rally.task.runner [-] Task bf3beea5-bb52-491e-9d49-35ad5cad1f16 | ITER: 4 START
2019-07-30 09:40:49.043 26581 WARNING rally_openstack.scenarios.neutron.utils [-] Running this scenario without either the 'network' or 'existing_network' context is deprecated
2019-07-30 09:40:49.044 26588 RALLYDEBUG rally.task.runner [-] Starting a worker. concurrency: 1 args: {"network_create_args": {}, "port_create_args": {}, "ports_per_network": 5, "port_update_args": {"admin_state_up": false, "device_id": "dummy_id", "device_owner": "dummy_owner", "name": "_port_updated"}} times: 40 method_name: run timeout: 0 duration: None cls:
2019-07-30 09:40:49.044 26582 INFO rally.task.runner [-] Task bf3beea5-bb52-491e-9d49-35ad5cad1f16 | ITER: 3 START
2019-07-30 09:40:49.044 26583 INFO rally.task.runner [-] Task bf3beea5-bb52-491e-9d49-35ad5cad1f16 | ITER: 5 START
2019-07-30 09:40:49.046 26583 WARNING rally_openstack.scenarios.neutron.utils [-] Running this scenario without either the 'network' or 'existing_network' context is deprecated
2019-07-30 09:40:49.046 26582 WARNING rally_openstack.scenarios.neutron.utils [-] Running this scenario without either the 'network' or 'existing_network' context is deprecated
2019-07-30 09:40:49.048 26585 INFO rally.task.runner [-] Task bf3beea5-bb52-491e-9d49-35ad5cad1f16 | ITER: 7 START
2019-07-30 09:40:49.048 26588 INFO rally.task.runner [-] Task bf3beea5-bb52-491e-9d49-35ad5cad1f16 | ITER: 8 START
2019-07-30 09:40:49.049 26585 WARNING rally_openstack.scenarios.neutron.utils [-] Running this scenario without either the 'network' or 'existing_network' context is deprecated
2019-07-30 09:40:49.050 26588 WARNING rally_openstack.scenarios.neutron.utils [-] Running this scenario without either the 'network' or 'existing_network' context is deprecated
2019-07-30 09:40:49.050 26583 WARNING rally_openstack.scenarios.neutron.utils [-] Running this scenario without either the 'network' or 'existing_network' context is deprecated
2019-07-30 09:40:49.049 26592 RALLYDEBUG rally.task.runner [-] Starting a worker. concurrency: 1 args: {"network_create_args": {}, "port_create_args": {}, "ports_per_network": 5, "port_update_args": {"admin_state_up": false, "device_id": "dummy_id", "device_owner": "dummy_owner", "name": "_port_updated"}} times: 40 method_name: run timeout: 0 duration: None cls:
2019-07-30 09:40:49.052 26595 RALLYDEBUG rally.task.runner [-] Starting a worker. concurrency: 1 args: {"network_create_args": {}, "port_create_args": {}, "ports_per_network": 5, "port_update_args": {"admin_state_up": false, "device_id": "dummy_id", "device_owner": "dummy_owner", "name": "_port_updated"}} times: 40 method_name: run timeout: 0 duration: None cls:
2019-07-30 09:40:49.055 26585 INFO rally.task.runner [-] Task bf3beea5-bb52-491e-9d49-35ad5cad1f16 | ITER: 9 START
2019-07-30 09:40:49.055 26585 WARNING rally_openstack.scenarios.neutron.utils [-] Running this scenario without either the 'network' or 'existing_network' context is deprecated
2019-07-30 09:40:49.044 26581 WARNING rally_openstack.scenarios.neutron.utils [-] Running this scenario without either the 'network' or 'existing_network' context is deprecated
2019-07-30 09:40:49.058 26595 INFO rally.task.runner [-] Task bf3beea5-bb52-491e-9d49-35ad5cad1f16 | ITER: 11 START
2019-07-30 09:40:49.059 26592 INFO rally.task.runner [-] Task bf3beea5-bb52-491e-9d49-35ad5cad1f16 | ITER: 10 START
2019-07-30 09:40:49.059 26582 INFO rally.task.runner [-] Task bf3beea5-bb52-491e-9d49-35ad5cad1f16 | ITER: 6 START
2019-07-30 09:40:49.060 26582 WARNING rally_openstack.scenarios.neutron.utils [-] Running this scenario without either the 'network' or 'existing_network' context is deprecated
2019-07-30 09:40:49.060 26595 WARNING rally_openstack.scenarios.neutron.utils [-] Running this scenario without either the 'network' or 'existing_network' context is deprecated
2019-07-30 09:40:49.059 26601 RALLYDEBUG rally.task.runner [-] Starting a worker. concurrency: 1 args: {"network_create_args": {}, "port_create_args": {}, "ports_per_network": 5, "port_update_args": {"admin_state_up": false, "device_id": "dummy_id", "device_owner": "dummy_owner", "name": "_port_updated"}} times: 40 method_name: run timeout: 0 duration: None cls:
2019-07-30 09:40:49.060 26592 WARNING rally_openstack.scenarios.neutron.utils [-] Running this scenario without either the 'network' or 'existing_network' context is deprecated
2019-07-30 09:40:49.063 26607 RALLYDEBUG rally.task.runner [-] Starting a worker. concurrency: 1 args: {"network_create_args": {}, "port_create_args": {}, "ports_per_network": 5, "port_update_args": {"admin_state_up": false, "device_id": "dummy_id", "device_owner": "dummy_owner", "name": "_port_updated"}} times: 40 method_name: run timeout: 0 duration: None cls:
2019-07-30 09:40:49.065 26601 INFO rally.task.runner [-] Task bf3beea5-bb52-491e-9d49-35ad5cad1f16 | ITER: 12 START
2019-07-30 09:40:49.067 26601 WARNING rally_openstack.scenarios.neutron.utils [-] Running this scenario without either the 'network' or 'existing_network' context is deprecated
2019-07-30 09:40:49.069 26607 INFO rally.task.runner [-] Task bf3beea5-bb52-491e-9d49-35ad5cad1f16 | ITER: 13 START
2019-07-30 09:40:49.070 26607 WARNING rally_openstack.scenarios.neutron.utils [-] Running this scenario without either the 'network' or 'existing_network' context is deprecated
2019-07-30 09:40:49.075 26612 RALLYDEBUG rally.task.runner [-] Starting a worker. concurrency: 1 args: {"network_create_args": {}, "port_create_args": {}, "ports_per_network": 5, "port_update_args": {"admin_state_up": false, "device_id": "dummy_id", "device_owner": "dummy_owner", "name": "_port_updated"}} times: 40 method_name: run timeout: 0 duration: None cls:
2019-07-30 09:40:49.079 26613 RALLYDEBUG rally.task.runner [-] Starting a worker. concurrency: 1 args: {"network_create_args": {}, "port_create_args": {}, "ports_per_network": 5, "port_update_args": {"admin_state_up": false, "device_id": "dummy_id", "device_owner": "dummy_owner", "name": "_port_updated"}} times: 40 method_name: run timeout: 0 duration: None cls:
2019-07-30 09:40:49.080 26612 INFO rally.task.runner [-] Task bf3beea5-bb52-491e-9d49-35ad5cad1f16 | ITER: 14 START
2019-07-30 09:40:49.081 26612 WARNING rally_openstack.scenarios.neutron.utils [-] Running this scenario without either the 'network' or 'existing_network' context is deprecated
2019-07-30 09:40:49.084 26613 INFO rally.task.runner [-] Task bf3beea5-bb52-491e-9d49-35ad5cad1f16 | ITER: 15 START
2019-07-30 09:40:49.085 26613 WARNING rally_openstack.scenarios.neutron.utils [-] Running this scenario without either the 'network' or 'existing_network' context is deprecated
2019-07-30 09:40:49.088 26616 RALLYDEBUG rally.task.runner [-] Starting a worker. concurrency: 1 args: {"network_create_args": {}, "port_create_args": {}, "ports_per_network": 5, "port_update_args": {"admin_state_up": false, "device_id": "dummy_id", "device_owner": "dummy_owner", "name": "_port_updated"}} times: 40 method_name: run timeout: 0 duration: None cls:
2019-07-30 09:40:49.091 26616 INFO rally.task.runner [-] Task bf3beea5-bb52-491e-9d49-35ad5cad1f16 | ITER: 16 START
2019-07-30 09:40:49.092 26616 WARNING rally_openstack.scenarios.neutron.utils [-] Running this scenario without either the 'network' or 'existing_network' context is deprecated
2019-07-30 09:40:49.092 26619 RALLYDEBUG rally.task.runner [-] Starting a worker. concurrency: 1 args: {"network_create_args": {}, "port_create_args": {}, "ports_per_network": 5, "port_update_args": {"admin_state_up": false, "device_id": "dummy_id", "device_owner": "dummy_owner", "name": "_port_updated"}} times: 40 method_name: run timeout: 0 duration: None cls:
2019-07-30 09:40:49.096 26619 INFO rally.task.runner [-] Task bf3beea5-bb52-491e-9d49-35ad5cad1f16 | ITER: 17 START
2019-07-30 09:40:49.096 26622 RALLYDEBUG rally.task.runner [-] Starting a worker. concurrency: 1 args: {"network_create_args": {}, "port_create_args": {}, "ports_per_network": 5, "port_update_args": {"admin_state_up": false, "device_id": "dummy_id", "device_owner": "dummy_owner", "name": "_port_updated"}} times: 40 method_name: run timeout: 0 duration: None cls:
2019-07-30 09:40:49.097 26619 WARNING rally_openstack.scenarios.neutron.utils [-] Running this scenario without either the 'network' or 'existing_network' context is deprecated
2019-07-30 09:40:49.100 26622 INFO rally.task.runner [-] Task bf3beea5-bb52-491e-9d49-35ad5cad1f16 | ITER: 18 START
2019-07-30 09:40:49.101 26622 WARNING rally_openstack.scenarios.neutron.utils [-] Running this scenario without either the 'network' or 'existing_network' context is deprecated
2019-07-30 09:40:49.103 26625 RALLYDEBUG rally.task.runner [-] Starting a worker. concurrency: 1 args: {"network_create_args": {}, "port_create_args": {}, "ports_per_network": 5, "port_update_args": {"admin_state_up": false, "device_id": "dummy_id", "device_owner": "dummy_owner", "name": "_port_updated"}} times: 40 method_name: run timeout: 0 duration: None cls:
2019-07-30 09:40:49.104 26628 RALLYDEBUG rally.task.runner [-] Starting a worker. concurrency: 1 args: {"network_create_args": {}, "port_create_args": {}, "ports_per_network": 5, "port_update_args": {"admin_state_up": false, "device_id": "dummy_id", "device_owner": "dummy_owner", "name": "_port_updated"}} times: 40 method_name: run timeout: 0 duration: None cls:
2019-07-30 09:40:49.107 26625 INFO rally.task.runner [-] Task bf3beea5-bb52-491e-9d49-35ad5cad1f16 | ITER: 19 START
2019-07-30 09:40:49.108 26625 WARNING rally_openstack.scenarios.neutron.utils [-] Running this scenario without either the 'network' or 'existing_network' context is deprecated
2019-07-30 09:40:49.108 26628 INFO rally.task.runner [-] Task bf3beea5-bb52-491e-9d49-35ad5cad1f16 | ITER: 20 START
2019-07-30 09:40:49.109 26628 WARNING rally_openstack.scenarios.neutron.utils [-] Running this scenario without either the 'network' or 'existing_network' context is deprecated
2019-07-30 09:40:59.684 26583 INFO rally.task.runner [-] Task bf3beea5-bb52-491e-9d49-35ad5cad1f16 | ITER: 4 END: OK
2019-07-30 09:40:59.688 26583 INFO rally.task.runner [-] Task bf3beea5-bb52-491e-9d49-35ad5cad1f16 | ITER: 21 START
2019-07-30 09:40:59.689 26583 WARNING rally_openstack.scenarios.neutron.utils [-] Running this scenario without either the 'network' or 'existing_network' context is deprecated
2019-07-30 09:40:59.710 26592 INFO rally.task.runner [-] Task bf3beea5-bb52-491e-9d49-35ad5cad1f16 | ITER: 10 END: OK
2019-07-30 09:40:59.713 26592 INFO rally.task.runner [-] Task bf3beea5-bb52-491e-9d49-35ad5cad1f16 | ITER: 22 START
2019-07-30 09:40:59.714 26592 WARNING rally_openstack.scenarios.neutron.utils [-] Running this scenario without either the 'network' or 'existing_network' context is deprecated
2019-07-30 09:41:00.094 26619 INFO rally.task.runner [-] Task bf3beea5-bb52-491e-9d49-35ad5cad1f16 | ITER: 17 END: OK
2019-07-30 09:41:00.097 26619 INFO rally.task.runner [-] Task bf3beea5-bb52-491e-9d49-35ad5cad1f16 | ITER: 23 START
2019-07-30 09:41:00.097 26619 WARNING rally_openstack.scenarios.neutron.utils [-] Running this scenario without either the 'network' or 'existing_network' context is deprecated
2019-07-30 09:41:04.806 26581 INFO rally.task.runner [-] Task bf3beea5-bb52-491e-9d49-35ad5cad1f16 | ITER: 1 END: OK
2019-07-30 09:41:04.811 26581 INFO rally.task.runner [-] Task bf3beea5-bb52-491e-9d49-35ad5cad1f16 | ITER: 24 START
2019-07-30 09:41:04.811 26581 WARNING rally_openstack.scenarios.neutron.utils [-] Running this scenario without either the 'network' or 'existing_network' context is deprecated
2019-07-30 09:41:05.126 26612 INFO rally.task.runner [-] Task bf3beea5-bb52-491e-9d49-35ad5cad1f16 | ITER: 14 END: OK
2019-07-30 09:41:05.130 26612 INFO rally.task.runner [-] Task bf3beea5-bb52-491e-9d49-35ad5cad1f16 | ITER: 25 START
2019-07-30 09:41:05.130 26612 WARNING rally_openstack.scenarios.neutron.utils [-] Running this scenario without either the 'network' or 'existing_network' context is deprecated
2019-07-30 09:41:05.342 26625 INFO rally.task.runner [-] Task bf3beea5-bb52-491e-9d49-35ad5cad1f16 | ITER: 19 END: OK
2019-07-30 09:41:05.342 26595 INFO rally.task.runner [-] Task bf3beea5-bb52-491e-9d49-35ad5cad1f16 | ITER: 11 END: OK
2019-07-30 09:41:05.345 26625 INFO rally.task.runner [-] Task bf3beea5-bb52-491e-9d49-35ad5cad1f16 | ITER: 26 START
2019-07-30 09:41:05.345 26625 WARNING rally_openstack.scenarios.neutron.utils [-] Running this scenario without either the 'network' or 'existing_network' context is deprecated
2019-07-30 09:41:05.347 26595 INFO rally.task.runner [-] Task bf3beea5-bb52-491e-9d49-35ad5cad1f16 | ITER: 27 START
2019-07-30 09:41:05.347 26595 WARNING rally_openstack.scenarios.neutron.utils [-] Running this scenario without either the 'network' or 'existing_network' context is deprecated
2019-07-30 09:41:06.379 26585 INFO rally.task.runner [-] Task bf3beea5-bb52-491e-9d49-35ad5cad1f16 | ITER: 9 END: OK
2019-07-30 09:41:06.384 26585 INFO rally.task.runner [-] Task bf3beea5-bb52-491e-9d49-35ad5cad1f16 | ITER: 28 START
2019-07-30 09:41:06.384 26585 WARNING rally_openstack.scenarios.neutron.utils [-] Running this scenario without either the 'network' or 'existing_network' context is deprecated
2019-07-30 09:41:06.583 26582 INFO rally.task.runner [-] Task bf3beea5-bb52-491e-9d49-35ad5cad1f16 | ITER: 6 END: OK
2019-07-30 09:41:06.587 26582 INFO rally.task.runner [-] Task bf3beea5-bb52-491e-9d49-35ad5cad1f16 | ITER: 29 START
2019-07-30 09:41:06.588 26582 WARNING rally_openstack.scenarios.neutron.utils [-] Running this scenario without either the 'network' or 'existing_network' context is deprecated
2019-07-30 09:41:07.322 26585 INFO rally.task.runner [-] Task bf3beea5-bb52-491e-9d49-35ad5cad1f16 | ITER: 7 END: OK
2019-07-30 09:41:07.326 26585 INFO rally.task.runner [-] Task bf3beea5-bb52-491e-9d49-35ad5cad1f16 | ITER: 30 START
2019-07-30 09:41:07.327 26585 WARNING rally_openstack.scenarios.neutron.utils [-] Running this scenario without either the 'network' or 'existing_network' context is deprecated
2019-07-30 09:41:08.094 26628 INFO rally.task.runner [-] Task bf3beea5-bb52-491e-9d49-35ad5cad1f16 | ITER: 20 END: OK
2019-07-30 09:41:08.099 26628 INFO rally.task.runner [-] Task bf3beea5-bb52-491e-9d49-35ad5cad1f16 | ITER: 31 START
2019-07-30 09:41:08.100 26628 WARNING rally_openstack.scenarios.neutron.utils [-] Running this scenario without either the 'network' or 'existing_network' context is deprecated
2019-07-30 09:41:09.441 26581 INFO rally.task.runner [-] Task bf3beea5-bb52-491e-9d49-35ad5cad1f16 | ITER: 2 END: OK
2019-07-30 09:41:09.445 26581 INFO rally.task.runner [-] Task bf3beea5-bb52-491e-9d49-35ad5cad1f16 | ITER: 32 START
2019-07-30 09:41:09.446 26581 WARNING rally_openstack.scenarios.neutron.utils [-] Running this scenario without either the 'network' or 'existing_network' context is deprecated
2019-07-30 09:41:10.581 26607 INFO rally.task.runner [-] Task bf3beea5-bb52-491e-9d49-35ad5cad1f16 | ITER: 13 END: OK
2019-07-30 09:41:10.586 26607 INFO rally.task.runner [-] Task bf3beea5-bb52-491e-9d49-35ad5cad1f16 | ITER: 33 START
2019-07-30 09:41:10.586 26607 WARNING rally_openstack.scenarios.neutron.utils [-] Running this scenario without either the 'network' or 'existing_network' context is deprecated
2019-07-30 09:41:11.592 26592 INFO rally.task.runner [-] Task bf3beea5-bb52-491e-9d49-35ad5cad1f16 | ITER: 22 END: OK
2019-07-30 09:41:11.597 26592 INFO rally.task.runner [-] Task bf3beea5-bb52-491e-9d49-35ad5cad1f16 | ITER: 34 START
2019-07-30 09:41:11.598 26592 WARNING rally_openstack.scenarios.neutron.utils [-] Running this scenario without either the 'network' or 'existing_network' context is deprecated
2019-07-30 09:41:13.004 26619 INFO rally.task.runner [-] Task bf3beea5-bb52-491e-9d49-35ad5cad1f16 | ITER: 23 END: OK
2019-07-30 09:41:13.008 26619 INFO rally.task.runner [-] Task bf3beea5-bb52-491e-9d49-35ad5cad1f16 | ITER: 35 START
2019-07-30 09:41:13.009 26619 WARNING rally_openstack.scenarios.neutron.utils [-] Running this scenario without either the 'network' or 'existing_network' context is deprecated
2019-07-30 09:41:13.121 26583 INFO rally.task.runner [-] Task bf3beea5-bb52-491e-9d49-35ad5cad1f16 | ITER: 5 END: OK
2019-07-30 09:41:13.126 26583 INFO rally.task.runner [-] Task bf3beea5-bb52-491e-9d49-35ad5cad1f16 | ITER: 36 START
2019-07-30 09:41:13.126 26583 WARNING rally_openstack.scenarios.neutron.utils [-] Running this scenario without either the 'network' or 'existing_network' context is deprecated
2019-07-30 09:41:13.133 26613 INFO rally.task.runner [-] Task bf3beea5-bb52-491e-9d49-35ad5cad1f16 | ITER: 15 END: OK
2019-07-30 09:41:13.138 26613 INFO rally.task.runner [-] Task bf3beea5-bb52-491e-9d49-35ad5cad1f16 | ITER: 37 START
2019-07-30 09:41:13.139 26613 WARNING rally_openstack.scenarios.neutron.utils [-] Running this scenario without either the 'network' or 'existing_network' context is deprecated
2019-07-30 09:41:13.876 26622 INFO rally.task.runner [-] Task bf3beea5-bb52-491e-9d49-35ad5cad1f16 | ITER: 18 END: OK
2019-07-30 09:41:13.880 26622 INFO rally.task.runner [-] Task bf3beea5-bb52-491e-9d49-35ad5cad1f16 | ITER: 38 START
2019-07-30 09:41:13.881 26622 WARNING rally_openstack.scenarios.neutron.utils [-] Running this scenario without either the 'network' or 'existing_network' context is deprecated
2019-07-30 09:41:15.090 26612 INFO rally.task.runner [-] Task bf3beea5-bb52-491e-9d49-35ad5cad1f16 | ITER: 25 END: OK
2019-07-30 09:41:15.095 26612 INFO rally.task.runner [-] Task bf3beea5-bb52-491e-9d49-35ad5cad1f16 | ITER: 39 START
2019-07-30 09:41:15.095 26612 WARNING rally_openstack.scenarios.neutron.utils [-] Running this scenario without either the 'network' or 'existing_network' context is deprecated
2019-07-30 09:41:15.530 26595 INFO rally.task.runner [-] Task bf3beea5-bb52-491e-9d49-35ad5cad1f16 | ITER: 27 END: OK
2019-07-30 09:41:15.534 26595 INFO rally.task.runner [-] Task bf3beea5-bb52-491e-9d49-35ad5cad1f16 | ITER: 40 START
2019-07-30 09:41:15.535 26595 WARNING rally_openstack.scenarios.neutron.utils [-] Running this scenario without either the 'network' or 'existing_network' context is deprecated
2019-07-30 09:41:15.974 26581 INFO rally.task.runner [-] Task bf3beea5-bb52-491e-9d49-35ad5cad1f16 | ITER: 24 END: OK
2019-07-30 09:41:18.103 26583 INFO rally.task.runner [-] Task bf3beea5-bb52-491e-9d49-35ad5cad1f16 | ITER: 21 END: OK
2019-07-30 09:41:20.033 26581 INFO rally.task.runner [-] Task bf3beea5-bb52-491e-9d49-35ad5cad1f16 | ITER: 32 END: OK
2019-07-30 09:41:21.256 26625 INFO rally.task.runner [-] Task bf3beea5-bb52-491e-9d49-35ad5cad1f16 | ITER: 26 END: OK
2019-07-30 09:41:22.039 26582 INFO rally.task.runner [-] Task bf3beea5-bb52-491e-9d49-35ad5cad1f16 | ITER: 29 END: OK
2019-07-30 09:41:22.175 26585 INFO rally.task.runner [-] Task bf3beea5-bb52-491e-9d49-35ad5cad1f16 | ITER: 30 END: OK
2019-07-30 09:41:23.103 26585 INFO rally.task.runner [-] Task bf3beea5-bb52-491e-9d49-35ad5cad1f16 | ITER: 28 END: OK
2019-07-30 09:41:23.378 26588 INFO rally.task.runner [-] Task bf3beea5-bb52-491e-9d49-35ad5cad1f16 | ITER: 8 END: OK
2019-07-30 09:41:23.461 26601 INFO rally.task.runner [-] Task bf3beea5-bb52-491e-9d49-35ad5cad1f16 | ITER: 12 END: OK
2019-07-30 09:41:23.739 26582 INFO rally.task.runner [-] Task bf3beea5-bb52-491e-9d49-35ad5cad1f16 | ITER: 3 END: OK
2019-07-30 09:41:23.915 26628 INFO rally.task.runner [-] Task bf3beea5-bb52-491e-9d49-35ad5cad1f16 | ITER: 31 END: OK
2019-07-30 09:41:23.929 26616 INFO rally.task.runner [-] Task bf3beea5-bb52-491e-9d49-35ad5cad1f16 | ITER: 16 END: OK
2019-07-30 09:41:23.966 26583 INFO rally.task.runner [-] Task bf3beea5-bb52-491e-9d49-35ad5cad1f16 | ITER: 36 END: OK
2019-07-30 09:41:23.986 26613 INFO rally.task.runner [-] Task bf3beea5-bb52-491e-9d49-35ad5cad1f16 | ITER: 37 END: OK
2019-07-30 09:41:24.586 26612 INFO rally.task.runner [-] Task bf3beea5-bb52-491e-9d49-35ad5cad1f16 | ITER: 39 END: OK
2019-07-30 09:41:24.668 26619 INFO rally.task.runner [-] Task bf3beea5-bb52-491e-9d49-35ad5cad1f16 | ITER: 35 END: OK
2019-07-30 09:41:24.705 26595 INFO rally.task.runner [-] Task bf3beea5-bb52-491e-9d49-35ad5cad1f16 | ITER: 40 END: OK
2019-07-30 09:41:24.922 26607 INFO rally.task.runner [-] Task bf3beea5-bb52-491e-9d49-35ad5cad1f16 | ITER: 33 END: OK
2019-07-30 09:41:25.619 26592 INFO rally.task.runner [-] Task bf3beea5-bb52-491e-9d49-35ad5cad1f16 | ITER: 34 END: OK
2019-07-30 09:41:25.685 26622 INFO rally.task.runner [-] Task bf3beea5-bb52-491e-9d49-35ad5cad1f16 | ITER: 38 END: OK
2019-07-30 09:41:25.716 22705 INFO rally.task.context [-] Task bf3beea5-bb52-491e-9d49-35ad5cad1f16 | Context cleanup@openstack cleanup() started
2019-07-30 09:41:25.718 22705 RALLYDEBUG rally_openstack.cleanup.manager [-] Cleaning up neutron vip objects
2019-07-30 09:41:26.424 22705 RALLYDEBUG rally_openstack.cleanup.manager [-] Cleaning up neutron health_monitor objects
2019-07-30 09:41:27.055 22705 RALLYDEBUG rally_openstack.cleanup.manager [-] Cleaning up neutron pool objects
2019-07-30 09:41:27.682 22705 RALLYDEBUG rally_openstack.cleanup.manager [-] Cleaning up neutron loadbalancer objects
2019-07-30 09:41:28.307 22705 RALLYDEBUG rally_openstack.cleanup.manager [-] Cleaning up neutron floatingip objects
2019-07-30 09:41:29.059 22705 RALLYDEBUG rally_openstack.cleanup.manager [-] Cleaning up neutron port objects
2019-07-30 09:41:30.163 22705 RALLYDEBUG rally_openstack.cleanup.manager [-] Deleting neutron.port object s_rally_e0758058_CV4tljUh (059effb3-cb3a-4ae2-99a0-0a880789ec8c)
2019-07-30 09:41:30.164 22705 RALLYDEBUG rally_openstack.cleanup.manager [-] Deleting neutron.port object s_rally_e0758058_47ATHU95 (0a989b42-ccdd-4ca6-8835-a042217f91c1)
2019-07-30 09:41:30.164 22705 RALLYDEBUG rally_openstack.cleanup.manager [-] Deleting neutron.port object s_rally_e0758058_7QgxZ1qG (0cda4c10-affd-431a-9674-6e82e6b781cb)
2019-07-30 09:41:30.165 22705 RALLYDEBUG rally_openstack.cleanup.manager [-] Deleting neutron.port object s_rally_e0758058_i1cusdQM (01f0cf4c-060b-4674-93b9-5665c0433bf3)
2019-07-30 09:41:30.172 22705 RALLYDEBUG rally_openstack.cleanup.manager [-] Deleting neutron.port object s_rally_e0758058_TFPL6Uf9 (0d526e57-b2c2-466d-a8e7-c9a6c0bcbcb8)
2019-07-30 09:41:30.173 22705 RALLYDEBUG rally_openstack.cleanup.manager [-] Deleting neutron.port object s_rally_e0758058_Z2XIi9HC (062e1722-d55c-4992-91b3-34e5d43644d2)
2019-07-30 09:41:30.175 22705 RALLYDEBUG rally_openstack.cleanup.manager [-] Deleting neutron.port object s_rally_e0758058_D1pVTQlq (08b699e9-b0ed-450a-bdac-dc5b521734f6)
2019-07-30 09:41:30.188 22705 RALLYDEBUG rally_openstack.cleanup.manager [-] Deleting neutron.port object s_rally_e0758058_PmbReIvS (0c98a845-99c1-4086-91e0-9919b97e5d67)
2019-07-30 09:41:30.191 22705 RALLYDEBUG rally_openstack.cleanup.manager [-] Deleting neutron.port object s_rally_e0758058_1IfoUA2G (0cd3acf0-48a1-4808-a224-3b675c8ff8c0)
2019-07-30 09:41:30.191 22705 RALLYDEBUG rally_openstack.cleanup.manager [-] Deleting neutron.port object s_rally_e0758058_NCputDed (04e86d64-8024-4828-a0d4-ad5d0a57d878)
2019-07-30 09:41:30.205 22705 RALLYDEBUG rally_openstack.cleanup.manager [-] Deleting neutron.port object s_rally_e0758058_7WC3q8SQ (107fe5cf-1501-4743-b819-7b79b8ec9931)
2019-07-30 09:41:30.211 22705 RALLYDEBUG rally_openstack.cleanup.manager [-] Deleting neutron.port object s_rally_e0758058_BB2lJAfI (150910c8-fd7e-4eff-bb03-363097a2cf52)
2019-07-30 09:41:30.216 22705 RALLYDEBUG rally_openstack.cleanup.manager [-] Deleting neutron.port object s_rally_e0758058_bjSW40gg (14018c23-9ebc-4446-9efe-7eb6f990b596)
2019-07-30 09:41:30.225 22705 RALLYDEBUG rally_openstack.cleanup.manager [-] Deleting neutron.port object s_rally_e0758058_ZV802nXp (15736773-ae1f-4912-8f58-6395d8dd13cf)
2019-07-30 09:41:30.244 22705 RALLYDEBUG rally_openstack.cleanup.manager [-] Deleting neutron.port object s_rally_e0758058_gDxdLAOy (1915e2d3-48c9-4842-8fe2-6f5edbf8c24c)
2019-07-30 09:41:30.271 22705 RALLYDEBUG rally_openstack.cleanup.manager [-] Deleting neutron.port object s_rally_e0758058_DpxAW14a (1bdce003-0b36-4aaf-b3ea-29e31eda54aa)
2019-07-30 09:41:30.273 22705 RALLYDEBUG rally_openstack.cleanup.manager [-] Deleting neutron.port object s_rally_e0758058_CoGYfKU3 (1f67520b-cefd-42c9-b858-512026fc00ac)
2019-07-30 09:41:30.273 22705 RALLYDEBUG rally_openstack.cleanup.manager [-] Deleting neutron.port object s_rally_e0758058_3fDleSjV (1b85ca9a-7fee-470c-94e4-0fdc8cfe7603)
2019-07-30 09:41:30.276 22705 RALLYDEBUG rally_openstack.cleanup.manager [-] Deleting neutron.port object s_rally_e0758058_HdjTgWso (22f29125-7d3b-465d-b14d-fee4524bf6a2)
2019-07-30 09:41:30.278 22705 RALLYDEBUG rally_openstack.cleanup.manager [-] Deleting neutron.port object s_rally_e0758058_UUpmjthf (24c28ade-367d-42ae-844f-4f5c07012f06)
2019-07-30 09:41:33.060 22705 RALLYDEBUG rally_openstack.cleanup.manager [-] Deleting neutron.port object s_rally_e0758058_5N42HZey (259d37cb-6462-4eba-9d0f-33935f95aebc)
2019-07-30 09:41:33.224 22705 RALLYDEBUG rally_openstack.cleanup.manager [-] Deleting neutron.port object s_rally_e0758058_3EPnaYSS (25bdb89a-2028-48a2-8aa3-65a0c9082146)
2019-07-30 09:41:33.242 22705 RALLYDEBUG rally_openstack.cleanup.manager [-] Deleting neutron.port object s_rally_e0758058_xeAZh9qI (26153c2e-a3d3-4b8b-bcb7-59d8cfc71387)
2019-07-30 09:41:33.279 22705 RALLYDEBUG rally_openstack.cleanup.manager [-] Deleting neutron.port object s_rally_e0758058_dT314abt (2837f4bf-8f64-4b85-8d21-7fe0a4748669)
2019-07-30 09:41:33.404 22705 RALLYDEBUG rally_openstack.cleanup.manager [-] Deleting neutron.port object s_rally_e0758058_alBZxald (2af1d893-f779-44dd-9bac-8e12dc028106)
2019-07-30 09:41:33.485 22705 RALLYDEBUG rally_openstack.cleanup.manager [-] Deleting neutron.port object s_rally_e0758058_b1VsNGiR (2bac4a8a-423e-4b07-99cd-edcf445acb30)
2019-07-30 09:41:33.508 22705 RALLYDEBUG rally_openstack.cleanup.manager [-] Deleting neutron.port object s_rally_e0758058_KrR6pZ5C (2c515473-fa54-4988-bd90-cab1609df025)
2019-07-30 09:41:33.634 22705 RALLYDEBUG rally_openstack.cleanup.manager [-] Deleting neutron.port object s_rally_e0758058_ZrcACymO (2d43eb60-c4ff-4eb3-84f6-9d2b987da248)
2019-07-30 09:41:33.640 22705 RALLYDEBUG rally_openstack.cleanup.manager [-] Deleting neutron.port object s_rally_e0758058_zJbbSvJU (2dad639e-3053-4ffd-861a-c342b2255489)
2019-07-30 09:41:34.351 22705 RALLYDEBUG rally_openstack.cleanup.manager [-] Deleting neutron.port object s_rally_e0758058_niMWab1B (2e654404-5b3b-4a50-bb8c-717a4ff6bcc2)
2019-07-30 09:41:34.369 22705 RALLYDEBUG rally_openstack.cleanup.manager [-] Deleting neutron.port object s_rally_e0758058_UFrIjlvX (2eaa8e60-2242-4cce-83e0-2070b8e386ad)
2019-07-30 09:41:35.162 22705 RALLYDEBUG rally_openstack.cleanup.manager [-] Deleting neutron.port object s_rally_e0758058_618BCvwb (2ecb0b48-9239-4eaa-96f9-0d0f134a51d7)
2019-07-30 09:41:35.320 22705 RALLYDEBUG rally_openstack.cleanup.manager [-] Deleting neutron.port object s_rally_e0758058_krgAzSok (2f275a93-0535-44d1-b764-dca3e08884fb)
2019-07-30 09:41:35.487 22705 RALLYDEBUG rally_openstack.cleanup.manager [-] Deleting neutron.port object s_rally_e0758058_cX3IrtrD (2fb2b51d-23e0-4183-944d-1727c9f9eaa0)
2019-07-30 09:41:35.598 22705 RALLYDEBUG rally_openstack.cleanup.manager [-] Deleting neutron.port object s_rally_e0758058_o02aP20P (2fc08df8-2eb6-45bf-a498-902b36c44fd5)
2019-07-30 09:41:35.648 22705 RALLYDEBUG rally_openstack.cleanup.manager [-] Deleting neutron.port object s_rally_e0758058_TnPV2zVY (302a4ab6-e535-4a99-b18c-777bc6440bb9)
2019-07-30 09:41:35.795 22705 RALLYDEBUG rally_openstack.cleanup.manager [-] Deleting neutron.port object s_rally_e0758058_C2zp6wTQ (3042bab3-6566-49d3-87c6-1d8833540099)
2019-07-30 09:41:35.795 22705 RALLYDEBUG rally_openstack.cleanup.manager [-] Deleting neutron.port object s_rally_e0758058_X0WXC4lc (332a50a0-d310-4505-8362-64da34acae8b)
2019-07-30 09:41:36.112 22705 RALLYDEBUG rally_openstack.cleanup.manager [-] Deleting neutron.port object s_rally_e0758058_gTqE1mt2 (34a3e6d0-b07f-4398-96fe-9727775fdded)
2019-07-30 09:41:36.217 22705 RALLYDEBUG rally_openstack.cleanup.manager [-] Deleting neutron.port object s_rally_e0758058_teeHeLeo (34e2f98a-c56c-46e9-af63-e5a2572d99dc)
2019-07-30 09:41:36.392 22705 RALLYDEBUG rally_openstack.cleanup.manager [-] Deleting neutron.port object s_rally_e0758058_8xooLh60 (3650053f-4730-4efe-86ee-9d819260c9dc)
2019-07-30 09:41:36.430 22705 RALLYDEBUG rally_openstack.cleanup.manager [-] Deleting neutron.port object s_rally_e0758058_ncnlMfdp (36c1249f-74dc-4511-981c-835438617cf4)
2019-07-30 09:41:36.487 22705 RALLYDEBUG rally_openstack.cleanup.manager [-] Deleting neutron.port object s_rally_e0758058_tx60e4fC (36fd1743-be46-4c94-91ff-46f68d1d29eb)
2019-07-30 09:41:36.574 22705 RALLYDEBUG rally_openstack.cleanup.manager [-] Deleting neutron.port object s_rally_e0758058_xMtR3yRI (37d5de5a-a4c3-49d7-8d9e-587f0dab1840)
2019-07-30 09:41:37.218 22705 RALLYDEBUG rally_openstack.cleanup.manager [-] Deleting neutron.port object s_rally_e0758058_aPQUzXXH (3a004cd3-bcd1-40c0-8940-7acb5407967e)
2019-07-30 09:41:37.332 22705 RALLYDEBUG rally_openstack.cleanup.manager [-] Deleting neutron.port object s_rally_e0758058_zETeHIpe (3a6c3234-3e6a-4fe9-bbe3-10d771d2c461)
2019-07-30 09:41:37.340 22705 RALLYDEBUG rally_openstack.cleanup.manager [-] Deleting neutron.port object s_rally_e0758058_bgsOwL9z (3bdfdd61-13dd-47e6-9228-1555c1523674)
2019-07-30 09:41:37.523 22705 RALLYDEBUG rally_openstack.cleanup.manager [-] Deleting neutron.port object s_rally_e0758058_np5IqPp4 (3e1798eb-6165-497e-bb31-78ab09d7809a)
2019-07-30 09:41:37.962 22705 RALLYDEBUG rally_openstack.cleanup.manager [-] Deleting neutron.port object s_rally_e0758058_iyPcSqgv (3edb0038-85e0-46d2-913a-adf2169e1216)
2019-07-30 09:41:38.295 22705 RALLYDEBUG rally_openstack.cleanup.manager [-] Deleting neutron.port object s_rally_e0758058_H2WBNB54 (3f69f66c-661c-4455-ad6e-2eec16d5aa80)
2019-07-30 09:41:38.320 22705 RALLYDEBUG rally_openstack.cleanup.manager [-] Deleting neutron.port object s_rally_e0758058_50PqFlrE (3fdf52ce-130f-497e-855b-3d9fc8fd8db0)
2019-07-30 09:41:38.553 22705 RALLYDEBUG rally_openstack.cleanup.manager [-] Deleting neutron.port object s_rally_e0758058_bK3ZaERN (40a305fa-9bef-4421-96f4-15a1889ce092)
2019-07-30 09:41:38.598 22705 RALLYDEBUG rally_openstack.cleanup.manager [-] Deleting neutron.port object s_rally_e0758058_xNBYGOzX (4306e444-0137-430a-b19f-f333b6ae7ad8)
2019-07-30 09:41:38.791 22705 RALLYDEBUG rally_openstack.cleanup.manager [-] Deleting neutron.port object s_rally_e0758058_cFlhrzxD (43512f85-24f0-4ecd-b09b-f25a6ebf47cc)
2019-07-30 09:41:38.828 22705 RALLYDEBUG rally_openstack.cleanup.manager [-] Deleting neutron.port object s_rally_e0758058_9fwCK0Wj (4446e4d2-2f5a-438f-9382-eb2b6e4249c8)
2019-07-30 09:41:38.877 22705 RALLYDEBUG rally_openstack.cleanup.manager [-] Deleting neutron.port object s_rally_e0758058_W1IEU2Fl (45761888-10ba-47a3-b57e-e533549e07a2)
2019-07-30 09:41:38.918 22705 RALLYDEBUG rally_openstack.cleanup.manager [-] Deleting neutron.port object s_rally_e0758058_NxyaiDVX (4599dca8-a310-4405-a586-ae2837dcfc56)
2019-07-30 09:41:39.083 22705 RALLYDEBUG rally_openstack.cleanup.manager [-] Deleting neutron.port object s_rally_e0758058_R3lxBgAw (46048784-7f09-49d7-9837-3a3f7f97a6df)
2019-07-30 09:41:39.104 22705 RALLYDEBUG rally_openstack.cleanup.manager [-] Deleting neutron.port object s_rally_e0758058_15obSMH2 (46e40811-5dc3-49cf-b47c-4309b734d737)
2019-07-30 09:41:39.311 22705 RALLYDEBUG rally_openstack.cleanup.manager [-] Deleting neutron.port object s_rally_e0758058_WSx2R9OU (47a1569e-c3c1-4e0b-a2b5-6fd175092941)
2019-07-30 09:41:39.326 22705 RALLYDEBUG rally_openstack.cleanup.manager [-] Deleting neutron.port object s_rally_e0758058_DW2Fs6Qq (48442387-b9c6-44d5-b35d-3c8587fcdcba)
2019-07-30 09:41:39.717 22705 RALLYDEBUG rally_openstack.cleanup.manager [-] Deleting neutron.port object s_rally_e0758058_51zTJvGo (485788fd-7ecf-4571-982d-3f91ef43371b)
2019-07-30 09:41:39.749 22705 RALLYDEBUG rally_openstack.cleanup.manager [-] Deleting neutron.port object s_rally_e0758058_WmyQ2HtB (48a312c6-94b3-4386-bdd0-9568bce0b74e)
2019-07-30 09:41:39.781 22705 RALLYDEBUG rally_openstack.cleanup.manager [-] Deleting neutron.port object s_rally_e0758058_22z5t30l (48a5d9d7-c7f3-4411-914b-745695611460)
2019-07-30 09:41:40.543 22705 RALLYDEBUG rally_openstack.cleanup.manager [-] Deleting neutron.port object s_rally_e0758058_ZeYhNokU (49cd1720-1ad8-4023-807e-fcff8ff1ee00)
2019-07-30 09:41:40.974 22705 RALLYDEBUG rally_openstack.cleanup.manager [-] Deleting neutron.port object s_rally_e0758058_106Z1oYM (4caf8c3d-2a97-4b08-823b-eb5343fd21db)
2019-07-30 09:41:40.993 22705 RALLYDEBUG rally_openstack.cleanup.manager [-] Deleting neutron.port object s_rally_e0758058_KBvv87ET (4f3b779e-80af-45a3-a254-64fa09bb2d34)
