2019-07-30 09:42:54.687 26954 INFO rally.task.runner [-] Task bf3beea5-bb52-491e-9d49-35ad5cad1f16 | ITER: 8 END: OK
2019-07-30 09:42:54.690 26954 INFO rally.task.runner [-] Task bf3beea5-bb52-491e-9d49-35ad5cad1f16 | ITER: 39 START
2019-07-30 09:42:54.690 26954 WARNING rally_openstack.scenarios.neutron.utils [-] Running this scenario without either the 'network' or 'existing_network' context is deprecated
2019-07-30 09:42:54.708 26973 INFO rally.task.runner [-] Task bf3beea5-bb52-491e-9d49-35ad5cad1f16 | ITER: 12 END: OK
2019-07-30 09:42:54.709 26960 INFO rally.task.runner [-] Task bf3beea5-bb52-491e-9d49-35ad5cad1f16 | ITER: 9 END: OK
2019-07-30 09:42:54.712 26973 INFO rally.task.runner [-] Task bf3beea5-bb52-491e-9d49-35ad5cad1f16 | ITER: 40 START
2019-07-30 09:42:54.712 26973 WARNING rally_openstack.scenarios.neutron.utils [-] Running this scenario without either the 'network' or 'existing_network' context is deprecated
2019-07-30 09:42:58.696 26995 INFO rally.task.runner [-] Task bf3beea5-bb52-491e-9d49-35ad5cad1f16 | ITER: 19 END: OK
2019-07-30 09:42:59.143 26989 INFO rally.task.runner [-] Task bf3beea5-bb52-491e-9d49-35ad5cad1f16 | ITER: 17 END: OK
2019-07-30 09:43:00.027 26998 INFO rally.task.runner [-] Task bf3beea5-bb52-491e-9d49-35ad5cad1f16 | ITER: 20 END: OK
2019-07-30 09:43:00.161 26992 INFO rally.task.runner [-] Task bf3beea5-bb52-491e-9d49-35ad5cad1f16 | ITER: 18 END: OK
2019-07-30 09:43:01.834 26985 INFO rally.task.runner [-] Task bf3beea5-bb52-491e-9d49-35ad5cad1f16 | ITER: 29 END: OK
2019-07-30 09:43:01.997 26962 INFO rally.task.runner [-] Task bf3beea5-bb52-491e-9d49-35ad5cad1f16 | ITER: 31 END: OK
2019-07-30 09:43:02.467 26980 INFO rally.task.runner [-] Task bf3beea5-bb52-491e-9d49-35ad5cad1f16 | ITER: 30 END: OK
2019-07-30 09:43:02.888 26953 INFO rally.task.runner [-] Task bf3beea5-bb52-491e-9d49-35ad5cad1f16 | ITER: 33 END: OK
2019-07-30 09:43:03.128 26951 INFO rally.task.runner [-] Task bf3beea5-bb52-491e-9d49-35ad5cad1f16 | ITER: 32 END: OK
2019-07-30 09:43:07.838 26954 INFO rally.task.runner [-] Task bf3beea5-bb52-491e-9d49-35ad5cad1f16 | ITER: 34 END: OK
2019-07-30 09:43:08.345 26952 INFO rally.task.runner [-] Task bf3beea5-bb52-491e-9d49-35ad5cad1f16 | ITER: 35 END: OK
2019-07-30 09:43:09.090 26973 INFO rally.task.runner [-] Task bf3beea5-bb52-491e-9d49-35ad5cad1f16 | ITER: 40 END: OK
2019-07-30 09:43:09.210 26966 INFO rally.task.runner [-] Task bf3beea5-bb52-491e-9d49-35ad5cad1f16 | ITER: 38 END: OK
2019-07-30 09:43:09.239 26951 INFO rally.task.runner [-] Task bf3beea5-bb52-491e-9d49-35ad5cad1f16 | ITER: 26 END: OK
2019-07-30 09:43:09.678 26968 INFO rally.task.runner [-] Task bf3beea5-bb52-491e-9d49-35ad5cad1f16 | ITER: 27 END: OK
2019-07-30 09:43:09.679 26986 INFO rally.task.runner [-] Task bf3beea5-bb52-491e-9d49-35ad5cad1f16 | ITER: 28 END: OK
2019-07-30 09:43:14.404 26952 INFO rally.task.runner [-] Task bf3beea5-bb52-491e-9d49-35ad5cad1f16 | ITER: 36 END: OK
2019-07-30 09:43:14.618 26953 INFO rally.task.runner [-] Task bf3beea5-bb52-491e-9d49-35ad5cad1f16 | ITER: 37 END: OK
2019-07-30 09:43:14.619 26954 INFO rally.task.runner [-] Task bf3beea5-bb52-491e-9d49-35ad5cad1f16 | ITER: 39 END: OK
2019-07-30 09:43:14.643 22705 INFO rally.task.context [-] Task bf3beea5-bb52-491e-9d49-35ad5cad1f16 | Context cleanup@openstack cleanup() started
2019-07-30 09:43:14.645 22705 RALLYDEBUG rally_openstack.cleanup.manager [-] Cleaning up neutron vip objects
2019-07-30 09:43:15.687 22705 RALLYDEBUG rally_openstack.cleanup.manager [-] Cleaning up neutron health_monitor objects
2019-07-30 09:43:16.390 22705 RALLYDEBUG rally_openstack.cleanup.manager [-] Cleaning up neutron pool objects
2019-07-30 09:43:17.122 22705 RALLYDEBUG rally_openstack.cleanup.manager [-] Cleaning up neutron loadbalancer objects
2019-07-30 09:43:17.739 22705 RALLYDEBUG rally_openstack.cleanup.manager [-] Cleaning up neutron floatingip objects
2019-07-30 09:43:18.682 22705 RALLYDEBUG rally_openstack.cleanup.manager [-] Cleaning up neutron port objects
2019-07-30 09:43:19.438 22705 RALLYDEBUG rally_openstack.cleanup.manager [-] Cleaning up neutron subnet objects
2019-07-30 09:43:20.093 22705 RALLYDEBUG rally_openstack.cleanup.manager [-] Cleaning up neutron network objects
2019-07-30 09:43:21.014 22705 RALLYDEBUG rally_openstack.cleanup.manager [-] Deleting neutron.network object s_rally_c56f81ff_b0xdycKZ (15b997e3-190f-4082-b2c6-34fa61c50e08)
2019-07-30 09:43:21.016 22705 RALLYDEBUG rally_openstack.cleanup.manager [-] Deleting neutron.network object s_rally_c56f81ff_L7hnXWam (0d17f20c-1dbb-4f75-97dd-42c275da5ae7)
2019-07-30 09:43:21.019 22705 RALLYDEBUG rally_openstack.cleanup.manager [-] Deleting neutron.network object s_rally_c56f81ff_JcdKvk3e (24fef260-0e76-488d-98bd-9f66996e362e)
2019-07-30 09:43:21.033 22705 RALLYDEBUG rally_openstack.cleanup.manager [-] Deleting neutron.network object s_rally_c56f81ff_vOfBO0uc (03089a5c-37ee-4f92-a0cc-3076961c727e)
2019-07-30 09:43:21.035 22705 RALLYDEBUG rally_openstack.cleanup.manager [-] Deleting neutron.network object s_rally_c56f81ff_6I6520yZ (0c4cd510-4d68-40df-9348-72465b8876d6)
2019-07-30 09:43:21.037 22705 RALLYDEBUG rally_openstack.cleanup.manager [-] Deleting neutron.network object s_rally_c56f81ff_nNapDMGG (32fb6033-95ca-434e-9acd-129048398d7c)
2019-07-30 09:43:21.042 22705 RALLYDEBUG rally_openstack.cleanup.manager [-] Deleting neutron.network object s_rally_c56f81ff_m2TSjNSB (1072c31f-36e8-4bb5-a429-3323143494d2)
2019-07-30 09:43:21.044 22705 RALLYDEBUG rally_openstack.cleanup.manager [-] Deleting neutron.network object s_rally_c56f81ff_uYWwef6b (2539f176-4108-44c7-bf13-eac1cf598eab)
2019-07-30 09:43:21.049 22705 RALLYDEBUG rally_openstack.cleanup.manager [-] Deleting neutron.network object s_rally_c56f81ff_JoR239Hl (34810077-c968-409f-b22c-082521aa4c2d)
2019-07-30 09:43:21.063 22705 RALLYDEBUG rally_openstack.cleanup.manager [-] Deleting neutron.network object s_rally_c56f81ff_zJGHFpB6 (13b14987-dca5-48b9-a4c3-417b9c0ef548)
2019-07-30 09:43:21.076 22705 RALLYDEBUG rally_openstack.cleanup.manager [-] Deleting neutron.network object s_rally_c56f81ff_r5B5yMV8 (37260936-640e-4e8a-bf35-574e02395651)
2019-07-30 09:43:21.080 22705 RALLYDEBUG rally_openstack.cleanup.manager [-] Deleting neutron.network object s_rally_c56f81ff_utG8I0hQ (3d06373a-13d8-468d-a55c-499eadb122c1)
2019-07-30 09:43:21.106 22705 RALLYDEBUG rally_openstack.cleanup.manager [-] Deleting neutron.network object s_rally_c56f81ff_ap6jUun3 (4558e8ac-d31e-4677-a7c8-e72d2ce86258)
2019-07-30 09:43:21.125 22705 RALLYDEBUG rally_openstack.cleanup.manager [-] Deleting neutron.network object s_rally_c56f81ff_hxT8rZrZ (3c2cb694-530d-4f06-a52c-8491932e47e4)
2019-07-30 09:43:21.130 22705 RALLYDEBUG rally_openstack.cleanup.manager [-] Deleting neutron.network object s_rally_c56f81ff_Icqbg3CW (49cdedcd-2a73-4832-94e4-df8a0f8703c7)
2019-07-30 09:43:21.137 22705 RALLYDEBUG rally_openstack.cleanup.manager [-] Deleting neutron.network object s_rally_c56f81ff_Y0ysDO5v (4131fd20-a7a4-439a-b33c-86661460ca70)
2019-07-30 09:43:21.143 22705 RALLYDEBUG rally_openstack.cleanup.manager [-] Deleting neutron.network object s_rally_c56f81ff_s0R9YLdd (47ec80cd-9713-4550-b54b-1e017fc0bf42)
2019-07-30 09:43:21.152 22705 RALLYDEBUG rally_openstack.cleanup.manager [-] Deleting neutron.network object s_rally_c56f81ff_l2HA4H0g (4b035076-b10c-463f-94cb-9180be91b5f7)
2019-07-30 09:43:21.163 22705 RALLYDEBUG rally_openstack.cleanup.manager [-] Deleting neutron.network object s_rally_c56f81ff_OaMVdrEs (4f989320-4cf1-4622-9bf9-7dd733b43480)
2019-07-30 09:43:21.192 22705 RALLYDEBUG rally_openstack.cleanup.manager [-] Deleting neutron.network object s_rally_c56f81ff_FGq5MlBu (57e6983d-8a33-4d3b-91ce-7f5860c1867c)
2019-07-30 09:43:23.853 22705 RALLYDEBUG rally_openstack.cleanup.manager [-] Deleting neutron.network object s_rally_c56f81ff_NR8WhnoM (6974e731-1303-4558-9307-b4ba60acdc4d)
2019-07-30 09:43:23.918 22705 RALLYDEBUG rally_openstack.cleanup.manager [-] Deleting neutron.network object s_rally_c56f81ff_bQ7cCjFg (6a257edd-715c-4be9-80c9-a70c52590a7a)
2019-07-30 09:43:24.135 22705 RALLYDEBUG rally_openstack.cleanup.manager [-] Deleting neutron.network object s_rally_c56f81ff_yEcTMwxD (6d0e881e-5d59-4a3e-abd2-1ee1266efbfc)
2019-07-30 09:43:24.322 22705 RALLYDEBUG rally_openstack.cleanup.manager [-] Deleting neutron.network object s_rally_c56f81ff_K8pQAX5x (7e32567f-d234-46e9-b273-ced2e0019f16)
2019-07-30 09:43:25.163 22705 RALLYDEBUG rally_openstack.cleanup.manager [-] Deleting neutron.network object s_rally_c56f81ff_zhagG1eF (8aab52c2-18d5-4692-971b-48a46d636921)
2019-07-30 09:43:26.889 22705 RALLYDEBUG rally_openstack.cleanup.manager [-] Deleting neutron.network object s_rally_c56f81ff_XRNtvz9r (95d2abaf-100d-4952-b01c-f85c07657bb5)
2019-07-30 09:43:27.352 22705 RALLYDEBUG rally_openstack.cleanup.manager [-] Deleting neutron.network object s_rally_c56f81ff_NqNBkFcx (96eeb382-000d-4651-b4cf-17f525272944)
2019-07-30 09:43:27.913 22705 RALLYDEBUG rally_openstack.cleanup.manager [-] Deleting neutron.network object s_rally_c56f81ff_PX8kZR5m (9dbe1d37-40ea-4651-b708-4b7cdd8d89d6)
2019-07-30 09:43:27.920 22705 RALLYDEBUG rally_openstack.cleanup.manager [-] Deleting neutron.network object s_rally_c56f81ff_ypP94EiN (a7834441-29d8-43f8-ac27-d8404cf00a35)
2019-07-30 09:43:27.925 22705 RALLYDEBUG rally_openstack.cleanup.manager [-] Deleting neutron.network object s_rally_c56f81ff_d90dIDqJ (b235d1a6-f959-48da-b092-4cde9b7f26b0)
2019-07-30 09:43:27.940 22705 RALLYDEBUG rally_openstack.cleanup.manager [-] Deleting neutron.network object s_rally_c56f81ff_gqkJ1m9Z (b3e632e4-19ae-46ea-bedd-b7ba4079174f)
2019-07-30 09:43:28.058 22705 RALLYDEBUG rally_openstack.cleanup.manager [-] Deleting neutron.network object s_rally_c56f81ff_LGx1X48A (c6909699-c3f0-469e-9448-a6b2a7ad7463)
2019-07-30 09:43:28.474 22705 RALLYDEBUG rally_openstack.cleanup.manager [-] Deleting neutron.network object s_rally_c56f81ff_59YXGP0r (c9a6ad95-7c12-418d-a0f0-4bb6473f288f)
2019-07-30 09:43:28.490 22705 RALLYDEBUG rally_openstack.cleanup.manager [-] Deleting neutron.network object s_rally_c56f81ff_CO4o6qCs (cc3eb7dc-8bbd-448a-bab4-d9788fc95f76)
2019-07-30 09:43:28.524 22705 RALLYDEBUG rally_openstack.cleanup.manager [-] Deleting neutron.network object s_rally_c56f81ff_8LuK0cxo (cdde2405-c8da-4ca2-b136-7b1a5bcf9ec6)
2019-07-30 09:43:28.539 22705 RALLYDEBUG rally_openstack.cleanup.manager [-] Deleting neutron.network object s_rally_c56f81ff_2TfoZnfN (d05cee03-6747-4a6e-8a33-f94acdebdce9)
2019-07-30 09:43:28.607 22705 RALLYDEBUG rally_openstack.cleanup.manager [-] Deleting neutron.network object s_rally_c56f81ff_RkTkvhcf (e9afbba8-847b-46ae-8b9b-59be2a1ce287)
2019-07-30 09:43:28.764 22705 RALLYDEBUG rally_openstack.cleanup.manager [-] Deleting neutron.network object s_rally_c56f81ff_LtwpDYXW (f2da7a03-1dc2-4f16-add1-4fcb52263ccf)
2019-07-30 09:43:28.860 22705 RALLYDEBUG rally_openstack.cleanup.manager [-] Deleting neutron.network object s_rally_c56f81ff_YJeC80Ws (fd3eb3c3-f771-4d75-b1db-91c74953dbc6)
2019-07-30 09:43:28.940 22705 RALLYDEBUG rally_openstack.cleanup.manager [-] Deleting neutron.network object s_rally_c56f81ff_mnXvp6nl (ffc05d9d-1d24-449e-b561-78e783d4c1eb)
2019-07-30 09:43:32.629 22705 RALLYDEBUG rally_openstack.cleanup.manager [-] Cleaning up neutron router objects
2019-07-30 09:43:33.298 22705 RALLYDEBUG rally_openstack.cleanup.manager [-] Cleaning up neutron security_group objects
2019-07-30 09:43:34.045 22705 INFO rally.task.context [-] Task bf3beea5-bb52-491e-9d49-35ad5cad1f16 | Context cleanup@openstack cleanup() finished in 19.40 sec
2019-07-30 09:43:34.046 22705 INFO rally.task.context [-] Task bf3beea5-bb52-491e-9d49-35ad5cad1f16 | Context quotas@openstack cleanup() started
2019-07-30 09:43:34.259 22705 INFO rally.task.context [-] Task bf3beea5-bb52-491e-9d49-35ad5cad1f16 | Context quotas@openstack cleanup() finished in 0.21 sec
2019-07-30 09:43:34.260 22705 INFO rally.task.context [-] Task bf3beea5-bb52-491e-9d49-35ad5cad1f16 | Context users@openstack cleanup() started
2019-07-30 09:43:39.137 22705 INFO rally.task.context [-] Task bf3beea5-bb52-491e-9d49-35ad5cad1f16 | Context users@openstack cleanup() finished in 4.88 sec
2019-07-30 09:43:40.853 22705 INFO rally.task.engine [-] Load duration is: 47.18581
2019-07-30 09:43:40.853 22705 INFO rally.task.engine [-] Full runner duration is: 47.228371
2019-07-30 09:43:40.854 22705 INFO rally.task.engine [-] Full duration is: 76.572003
2019-07-30 09:43:41.078 22705 INFO rally.task.engine [-] Running workload: position = 0 config = { "version": 2, "title": "A cropped version of a bigger task.", "description": "Auto-generated task from a single workload (uuid=8eac5f32-ae81-4c00-b0af-86ef41195f32)", "subtasks": [ { "title": "Quotas.neutron_update", "description": "Update quotas for neutron.", "scenario": { "Quotas.neutron_update": { "max_quota": 1024 } }, "contexts": { "users": { "tenants": 20, "users_per_tenant": 1 } }, "runner": { "constant": { "times": 40, "concurrency": 20 } }, "hooks": [], "sla": { "failure_rate": { "max": 0 } } } ] }
2019-07-30 09:43:41.097 22705 RALLYDEBUG rally_openstack.contexts.keystone.users [-] Creating 20 tenants using 20 threads
2019-07-30 09:43:45.793 22705 RALLYDEBUG rally_openstack.contexts.keystone.users [-] Creating 20 users using 20 threads
2019-07-30 09:43:51.223 22705 INFO rally.task.context [-] Task bf3beea5-bb52-491e-9d49-35ad5cad1f16 | Context users@openstack setup() finished in 10.13 sec
2019-07-30 09:43:51.224 22705 INFO rally.task.context [-] Task bf3beea5-bb52-491e-9d49-35ad5cad1f16 | Context admin_cleanup@openstack setup() finished in 0.01 msec
2019-07-30 09:43:51.231 22705 RALLYDEBUG rally.task.runner [-] Starting the constant runner (task UUID: bf3beea5-bb52-491e-9d49-35ad5cad1f16). timeout: 0 concurrency: 20 concurrency_per_worker: 1 times: 40 concurrency_overhead: 4 processes_to_start: 16 max_cpu_used: 16
2019-07-30 09:43:51.245 27321 RALLYDEBUG rally.task.runner [-] Starting a worker. concurrency: 2 args: {"max_quota": 1024} times: 40 method_name: run timeout: 0 duration: None cls:
2019-07-30 09:43:51.247 27322 RALLYDEBUG rally.task.runner [-] Starting a worker. concurrency: 2 args: {"max_quota": 1024} times: 40 method_name: run timeout: 0 duration: None cls:
2019-07-30 09:43:51.250 27323 RALLYDEBUG rally.task.runner [-] Starting a worker. concurrency: 2 args: {"max_quota": 1024} times: 40 method_name: run timeout: 0 duration: None cls:
2019-07-30 09:43:51.254 27324 RALLYDEBUG rally.task.runner [-] Starting a worker. concurrency: 2 args: {"max_quota": 1024} times: 40 method_name: run timeout: 0 duration: None cls:
2019-07-30 09:43:51.256 27322 INFO rally.task.runner [-] Task bf3beea5-bb52-491e-9d49-35ad5cad1f16 | ITER: 2 START
2019-07-30 09:43:51.258 27325 RALLYDEBUG rally.task.runner [-] Starting a worker. concurrency: 1 args: {"max_quota": 1024} times: 40 method_name: run timeout: 0 duration: None cls:
2019-07-30 09:43:51.261 27321 INFO rally.task.runner [-] Task bf3beea5-bb52-491e-9d49-35ad5cad1f16 | ITER: 1 START
2019-07-30 09:43:51.262 27321 INFO rally.task.runner [-] Task bf3beea5-bb52-491e-9d49-35ad5cad1f16 | ITER: 4 START
2019-07-30 09:43:51.264 27330 RALLYDEBUG rally.task.runner [-] Starting a worker. concurrency: 1 args: {"max_quota": 1024} times: 40 method_name: run timeout: 0 duration: None cls:
2019-07-30 09:43:51.264 27327 RALLYDEBUG rally.task.runner [-] Starting a worker. concurrency: 1 args: {"max_quota": 1024} times: 40 method_name: run timeout: 0 duration: None cls:
2019-07-30 09:43:51.267 27324 INFO rally.task.runner [-] Task bf3beea5-bb52-491e-9d49-35ad5cad1f16 | ITER: 6 START
2019-07-30 09:43:51.265 27323 INFO rally.task.runner [-] Task bf3beea5-bb52-491e-9d49-35ad5cad1f16 | ITER: 3 START
2019-07-30 09:43:51.269 27325 INFO rally.task.runner [-] Task bf3beea5-bb52-491e-9d49-35ad5cad1f16 | ITER: 8 START
2019-07-30 09:43:51.268 27332 RALLYDEBUG rally.task.runner [-] Starting a worker. concurrency: 1 args: {"max_quota": 1024} times: 40 method_name: run timeout: 0 duration: None cls:
2019-07-30 09:43:51.273 27330 INFO rally.task.runner [-] Task bf3beea5-bb52-491e-9d49-35ad5cad1f16 | ITER: 10 START
2019-07-30 09:43:51.273 27337 RALLYDEBUG rally.task.runner [-] Starting a worker. concurrency: 1 args: {"max_quota": 1024} times: 40 method_name: run timeout: 0 duration: None cls:
2019-07-30 09:43:51.276 27323 INFO rally.task.runner [-] Task bf3beea5-bb52-491e-9d49-35ad5cad1f16 | ITER: 7 START
2019-07-30 09:43:51.278 27327 INFO rally.task.runner [-] Task bf3beea5-bb52-491e-9d49-35ad5cad1f16 | ITER: 11 START
2019-07-30 09:43:51.281 27332 INFO rally.task.runner [-] Task bf3beea5-bb52-491e-9d49-35ad5cad1f16 | ITER: 12 START
2019-07-30 09:43:51.281 27324 INFO rally.task.runner [-] Task bf3beea5-bb52-491e-9d49-35ad5cad1f16 | ITER: 9 START
2019-07-30 09:43:51.283 27322 INFO rally.task.runner [-] Task bf3beea5-bb52-491e-9d49-35ad5cad1f16 | ITER: 5 START
2019-07-30 09:43:51.283 27343 RALLYDEBUG rally.task.runner [-] Starting a worker. concurrency: 1 args: {"max_quota": 1024} times: 40 method_name: run timeout: 0 duration: None cls:
2019-07-30 09:43:51.285 27337 INFO rally.task.runner [-] Task bf3beea5-bb52-491e-9d49-35ad5cad1f16 | ITER: 13 START
2019-07-30 09:43:51.284 27341 RALLYDEBUG rally.task.runner [-] Starting a worker. concurrency: 1 args: {"max_quota": 1024} times: 40 method_name: run timeout: 0 duration: None cls:
2019-07-30 09:43:51.288 27349 RALLYDEBUG rally.task.runner [-] Starting a worker. concurrency: 1 args: {"max_quota": 1024} times: 40 method_name: run timeout: 0 duration: None cls:
2019-07-30 09:43:51.296 27341 INFO rally.task.runner [-] Task bf3beea5-bb52-491e-9d49-35ad5cad1f16 | ITER: 15 START
2019-07-30 09:43:51.296 27343 INFO rally.task.runner [-] Task bf3beea5-bb52-491e-9d49-35ad5cad1f16 | ITER: 14 START
2019-07-30 09:43:51.297 27349 INFO rally.task.runner [-] Task bf3beea5-bb52-491e-9d49-35ad5cad1f16 | ITER: 16 START
2019-07-30 09:43:51.302 27355 RALLYDEBUG rally.task.runner [-] Starting a worker. concurrency: 1 args: {"max_quota": 1024} times: 40 method_name: run timeout: 0 duration: None cls:
2019-07-30 09:43:51.308 27362 RALLYDEBUG rally.task.runner [-] Starting a worker. concurrency: 1 args: {"max_quota": 1024} times: 40 method_name: run timeout: 0 duration: None cls:
2019-07-30 09:43:51.311 27355 INFO rally.task.runner [-] Task bf3beea5-bb52-491e-9d49-35ad5cad1f16 | ITER: 17 START
2019-07-30 09:43:51.314 27363 RALLYDEBUG rally.task.runner [-] Starting a worker. concurrency: 1 args: {"max_quota": 1024} times: 40 method_name: run timeout: 0 duration: None cls:
2019-07-30 09:43:51.317 27362 INFO rally.task.runner [-] Task bf3beea5-bb52-491e-9d49-35ad5cad1f16 | ITER: 18 START
2019-07-30 09:43:51.319 27366 RALLYDEBUG rally.task.runner [-] Starting a worker. concurrency: 1 args: {"max_quota": 1024} times: 40 method_name: run timeout: 0 duration: None cls:
2019-07-30 09:43:51.321 27363 INFO rally.task.runner [-] Task bf3beea5-bb52-491e-9d49-35ad5cad1f16 | ITER: 19 START
2019-07-30 09:43:51.324 27366 INFO rally.task.runner [-] Task bf3beea5-bb52-491e-9d49-35ad5cad1f16 | ITER: 20 START
2019-07-30 09:43:52.845 27332 INFO rally.task.runner [-] Task bf3beea5-bb52-491e-9d49-35ad5cad1f16 | ITER: 12 END: OK
2019-07-30 09:43:52.848 27322 INFO rally.task.runner [-] Task bf3beea5-bb52-491e-9d49-35ad5cad1f16 | ITER: 2 END: OK
2019-07-30 09:43:52.850 27332 INFO rally.task.runner [-] Task bf3beea5-bb52-491e-9d49-35ad5cad1f16 | ITER: 21 START
2019-07-30 09:43:52.853 27322 INFO rally.task.runner [-] Task bf3beea5-bb52-491e-9d49-35ad5cad1f16 | ITER: 22 START
2019-07-30 09:43:52.883 27321 INFO rally.task.runner [-] Task bf3beea5-bb52-491e-9d49-35ad5cad1f16 | ITER: 1 END: OK
2019-07-30 09:43:52.888 27337 INFO rally.task.runner [-] Task bf3beea5-bb52-491e-9d49-35ad5cad1f16 | ITER: 13 END: OK
2019-07-30 09:43:52.889 27321 INFO rally.task.runner [-] Task bf3beea5-bb52-491e-9d49-35ad5cad1f16 | ITER: 23 START
2019-07-30 09:43:52.893 27337 INFO rally.task.runner [-] Task bf3beea5-bb52-491e-9d49-35ad5cad1f16 | ITER: 24 START
2019-07-30 09:43:52.899 27323 INFO rally.task.runner [-] Task bf3beea5-bb52-491e-9d49-35ad5cad1f16 | ITER: 3 END: OK
2019-07-30 09:43:52.904 27323 INFO rally.task.runner [-] Task bf3beea5-bb52-491e-9d49-35ad5cad1f16 | ITER: 25 START
2019-07-30 09:43:52.906 27324 INFO rally.task.runner [-] Task bf3beea5-bb52-491e-9d49-35ad5cad1f16 | ITER: 9 END: OK
2019-07-30 09:43:52.910 27324 INFO rally.task.runner [-] Task bf3beea5-bb52-491e-9d49-35ad5cad1f16 | ITER: 26 START
2019-07-30 09:43:52.946 27330 INFO rally.task.runner [-] Task bf3beea5-bb52-491e-9d49-35ad5cad1f16 | ITER: 10 END: OK
2019-07-30 09:43:52.951 27330 INFO rally.task.runner [-] Task bf3beea5-bb52-491e-9d49-35ad5cad1f16 | ITER: 27 START
2019-07-30 09:43:52.966 27325 INFO rally.task.runner [-] Task bf3beea5-bb52-491e-9d49-35ad5cad1f16 | ITER: 8 END: OK
2019-07-30 09:43:52.972 27325 INFO rally.task.runner [-] Task bf3beea5-bb52-491e-9d49-35ad5cad1f16 | ITER: 28 START
2019-07-30 09:43:53.014 27324 INFO rally.task.runner [-] Task bf3beea5-bb52-491e-9d49-35ad5cad1f16 | ITER: 6 END: OK
2019-07-30 09:43:53.018 27324 INFO rally.task.runner [-] Task bf3beea5-bb52-491e-9d49-35ad5cad1f16 | ITER: 29 START
2019-07-30 09:43:53.031 27321 INFO rally.task.runner [-] Task bf3beea5-bb52-491e-9d49-35ad5cad1f16 | ITER: 4 END: OK
2019-07-30 09:43:53.039 27321 INFO rally.task.runner [-] Task bf3beea5-bb52-491e-9d49-35ad5cad1f16 | ITER: 30 START
2019-07-30 09:43:53.071 27327 INFO rally.task.runner [-] Task bf3beea5-bb52-491e-9d49-35ad5cad1f16 | ITER: 11 END: OK
2019-07-30 09:43:53.079 27327 INFO rally.task.runner [-] Task bf3beea5-bb52-491e-9d49-35ad5cad1f16 | ITER: 31 START
2019-07-30 09:43:53.115 27322 INFO rally.task.runner [-] Task bf3beea5-bb52-491e-9d49-35ad5cad1f16 | ITER: 5 END: OK
2019-07-30 09:43:53.119 27322 INFO rally.task.runner [-] Task bf3beea5-bb52-491e-9d49-35ad5cad1f16 | ITER: 32 START
2019-07-30 09:43:53.189 27343 INFO rally.task.runner [-] Task bf3beea5-bb52-491e-9d49-35ad5cad1f16 | ITER: 14 END: OK
2019-07-30 09:43:53.195 27343 INFO rally.task.runner [-] Task bf3beea5-bb52-491e-9d49-35ad5cad1f16 | ITER: 33 START
2019-07-30 09:43:53.208 27323 INFO rally.task.runner [-] Task bf3beea5-bb52-491e-9d49-35ad5cad1f16 | ITER: 7 END: OK
2019-07-30 09:43:53.213 27323 INFO rally.task.runner [-] Task bf3beea5-bb52-491e-9d49-35ad5cad1f16 | ITER: 34 START
2019-07-30 09:43:53.221 27341 INFO rally.task.runner [-] Task bf3beea5-bb52-491e-9d49-35ad5cad1f16 | ITER: 15 END: OK
2019-07-30 09:43:53.227 27341 INFO rally.task.runner [-] Task bf3beea5-bb52-491e-9d49-35ad5cad1f16 | ITER: 35 START
2019-07-30 09:43:53.269 27366 INFO rally.task.runner [-] Task bf3beea5-bb52-491e-9d49-35ad5cad1f16 | ITER: 20 END: OK
2019-07-30 09:43:53.275 27366 INFO rally.task.runner [-] Task bf3beea5-bb52-491e-9d49-35ad5cad1f16 | ITER: 36 START
2019-07-30 09:43:53.294 27355 INFO rally.task.runner [-] Task bf3beea5-bb52-491e-9d49-35ad5cad1f16 | ITER: 17 END: OK
2019-07-30 09:43:53.300 27355 INFO rally.task.runner [-] Task bf3beea5-bb52-491e-9d49-35ad5cad1f16 | ITER: 37 START
2019-07-30 09:43:53.313 27363 INFO rally.task.runner [-] Task bf3beea5-bb52-491e-9d49-35ad5cad1f16 | ITER: 19 END: OK
2019-07-30 09:43:53.318 27363 INFO rally.task.runner [-] Task bf3beea5-bb52-491e-9d49-35ad5cad1f16 | ITER: 38 START
2019-07-30 09:43:53.657 27349 INFO rally.task.runner [-] Task bf3beea5-bb52-491e-9d49-35ad5cad1f16 | ITER: 16 END: OK
2019-07-30 09:43:53.664 27349 INFO rally.task.runner [-] Task bf3beea5-bb52-491e-9d49-35ad5cad1f16 | ITER: 39 START
2019-07-30 09:43:53.689 27362 INFO rally.task.runner [-] Task bf3beea5-bb52-491e-9d49-35ad5cad1f16 | ITER: 18 END: OK
2019-07-30 09:43:53.696 27362 INFO rally.task.runner [-] Task bf3beea5-bb52-491e-9d49-35ad5cad1f16 | ITER: 40 START
2019-07-30 09:43:54.231 27332 INFO rally.task.runner [-] Task bf3beea5-bb52-491e-9d49-35ad5cad1f16 | ITER: 21 END: OK
2019-07-30 09:43:54.296 27323 INFO rally.task.runner [-] Task bf3beea5-bb52-491e-9d49-35ad5cad1f16 | ITER: 25 END: OK
2019-07-30 09:43:54.309 27324 INFO rally.task.runner [-] Task bf3beea5-bb52-491e-9d49-35ad5cad1f16 | ITER: 26 END: OK
2019-07-30 09:43:54.366 27330 INFO rally.task.runner [-] Task bf3beea5-bb52-491e-9d49-35ad5cad1f16 | ITER: 27 END: OK
2019-07-30 09:43:54.372 27321 INFO rally.task.runner [-] Task bf3beea5-bb52-491e-9d49-35ad5cad1f16 | ITER: 23 END: OK
2019-07-30 09:43:54.406 27324 INFO rally.task.runner [-] Task bf3beea5-bb52-491e-9d49-35ad5cad1f16 | ITER: 29 END: OK
2019-07-30 09:43:54.427 27322 INFO rally.task.runner [-] Task bf3beea5-bb52-491e-9d49-35ad5cad1f16 | ITER: 22 END: OK
2019-07-30 09:43:54.442 27325 INFO rally.task.runner [-] Task bf3beea5-bb52-491e-9d49-35ad5cad1f16 | ITER: 28 END: OK
2019-07-30 09:43:54.511 27321 INFO rally.task.runner [-] Task bf3beea5-bb52-491e-9d49-35ad5cad1f16 | ITER: 30 END: OK
2019-07-30 09:43:54.514 27337 INFO rally.task.runner [-] Task bf3beea5-bb52-491e-9d49-35ad5cad1f16 | ITER: 24 END: OK
2019-07-30 09:43:54.524 27327 INFO rally.task.runner [-] Task bf3beea5-bb52-491e-9d49-35ad5cad1f16 | ITER: 31 END: OK
2019-07-30 09:43:54.544 27322 INFO rally.task.runner [-] Task bf3beea5-bb52-491e-9d49-35ad5cad1f16 | ITER: 32 END: OK
2019-07-30 09:43:54.591 27343 INFO rally.task.runner [-] Task bf3beea5-bb52-491e-9d49-35ad5cad1f16 | ITER: 33 END: OK
2019-07-30 09:43:54.627 27363 INFO rally.task.runner [-] Task bf3beea5-bb52-491e-9d49-35ad5cad1f16 | ITER: 38 END: OK
2019-07-30 09:43:54.659 27323 INFO rally.task.runner [-] Task bf3beea5-bb52-491e-9d49-35ad5cad1f16 | ITER: 34 END: OK
2019-07-30 09:43:54.671 27366 INFO rally.task.runner [-] Task bf3beea5-bb52-491e-9d49-35ad5cad1f16 | ITER: 36 END: OK
2019-07-30 09:43:54.677 27341 INFO rally.task.runner [-] Task bf3beea5-bb52-491e-9d49-35ad5cad1f16 | ITER: 35 END: OK
2019-07-30 09:43:54.749 27349 INFO rally.task.runner [-] Task bf3beea5-bb52-491e-9d49-35ad5cad1f16 | ITER: 39 END: OK
2019-07-30 09:43:54.761 27362 INFO rally.task.runner [-] Task bf3beea5-bb52-491e-9d49-35ad5cad1f16 | ITER: 40 END: OK
2019-07-30 09:43:54.987 27355 INFO rally.task.runner [-] Task bf3beea5-bb52-491e-9d49-35ad5cad1f16 | ITER: 37 END: OK
2019-07-30 09:43:55.016 22705 INFO rally.task.context [-] Task bf3beea5-bb52-491e-9d49-35ad5cad1f16 | Context admin_cleanup@openstack cleanup() started
2019-07-30 09:43:55.019 22705 RALLYDEBUG rally_openstack.cleanup.manager [-] Cleaning up neutron quota objects
2019-07-30 09:43:58.665 22705 INFO rally.task.context [-] Task bf3beea5-bb52-491e-9d49-35ad5cad1f16 | Context admin_cleanup@openstack cleanup() finished in 3.65 sec
2019-07-30 09:43:58.665 22705 INFO rally.task.context [-] Task bf3beea5-bb52-491e-9d49-35ad5cad1f16 | Context users@openstack cleanup() started
2019-07-30 09:44:26.526 22705 INFO rally.task.context [-] Task bf3beea5-bb52-491e-9d49-35ad5cad1f16 | Context users@openstack cleanup() finished in 27.86 sec
2019-07-30 09:44:27.388 22705 INFO rally.task.engine [-] Load duration is: 3.726275
2019-07-30 09:44:27.388 22705 INFO rally.task.engine [-] Full runner duration is: 3.785346
2019-07-30 09:44:27.389 22705 INFO rally.task.engine [-] Full duration is: 45.433613
2019-07-30 09:44:27.600 22705 INFO rally.task.engine [-] Running workload: position = 0 config = { "version": 2, "title": "A cropped version of a bigger task.", "description": "Auto-generated task from a single workload (uuid=d48acf76-b63b-4d4b-b154-bbf8c2e90779)", "subtasks": [ { "title": "NeutronTrunks.create_and_list_trunk_subports", "description": "", "scenario": { "NeutronTrunks.create_and_list_trunk_subports": { "subport_count": 125 } }, "contexts": { "users": { "tenants": 1, "users_per_tenant": 1 }, "quotas": { "neutron": { "network": -1, "port": 1000 } } }, "runner": { "constant": { "times": 4, "concurrency": 4 } }, "hooks": [], "sla": { "failure_rate": { "max": 0 } } } ] }
2019-07-30 09:44:27.620 22705 RALLYDEBUG rally_openstack.contexts.keystone.users [-] Creating 1 tenants using 20 threads
2019-07-30 09:44:29.162 22705 RALLYDEBUG rally_openstack.contexts.keystone.users [-] Creating 1 users using 20 threads
2019-07-30 09:44:31.580 22705 INFO rally.task.context [-] Task bf3beea5-bb52-491e-9d49-35ad5cad1f16 | Context users@openstack setup() finished in 3.96 sec
2019-07-30 09:44:32.319 22705 INFO rally.task.context [-] Task bf3beea5-bb52-491e-9d49-35ad5cad1f16 | Context quotas@openstack setup() finished in 0.74 sec
2019-07-30 09:44:32.320 22705 INFO rally.task.context [-] Task bf3beea5-bb52-491e-9d49-35ad5cad1f16 | Context cleanup@openstack setup() finished in 0.00 msec
2019-07-30 09:44:32.328 22705 RALLYDEBUG rally.task.runner [-] Starting the constant runner (task UUID: bf3beea5-bb52-491e-9d49-35ad5cad1f16). timeout: 0 concurrency: 4 concurrency_per_worker: 1 times: 4 concurrency_overhead: 0 processes_to_start: 4 max_cpu_used: 16
2019-07-30 09:44:32.341 27511 RALLYDEBUG rally.task.runner [-] Starting a worker. concurrency: 1 args: {"subport_count": 125} times: 4 method_name: run timeout: 0 duration: None cls:
2019-07-30 09:44:32.345 27512 RALLYDEBUG rally.task.runner [-] Starting a worker. concurrency: 1 args: {"subport_count": 125} times: 4 method_name: run timeout: 0 duration: None cls:
2019-07-30 09:44:32.347 27511 INFO rally.task.runner [-] Task bf3beea5-bb52-491e-9d49-35ad5cad1f16 | ITER: 1 START
2019-07-30 09:44:32.348 27513 RALLYDEBUG rally.task.runner [-] Starting a worker. concurrency: 1 args: {"subport_count": 125} times: 4 method_name: run timeout: 0 duration: None cls:
2019-07-30 09:44:32.350 27512 INFO rally.task.runner [-] Task bf3beea5-bb52-491e-9d49-35ad5cad1f16 | ITER: 2 START
2019-07-30 09:44:32.351 27514 RALLYDEBUG rally.task.runner [-] Starting a worker. concurrency: 1 args: {"subport_count": 125} times: 4 method_name: run timeout: 0 duration: None cls:
2019-07-30 09:44:32.353 27513 INFO rally.task.runner [-] Task bf3beea5-bb52-491e-9d49-35ad5cad1f16 | ITER: 3 START
2019-07-30 09:44:32.355 27514 INFO rally.task.runner [-] Task bf3beea5-bb52-491e-9d49-35ad5cad1f16 | ITER: 4 START
2019-07-30 09:46:47.384 27512 WARNING rally.task.atomic [-] 'optional_action_timer' is deprecated since rally v0.10.0.Please use action_timer instead, we have improved atomic actions, now do not need to explicitly close original action.
2019-07-30 09:46:47.425 27512 WARNING rally.task.atomic [-] 'optional_action_timer' is deprecated since rally v0.10.0.Please use action_timer instead, we have improved atomic actions, now do not need to explicitly close original action.
2019-07-30 09:46:48.309 27512 INFO rally.task.runner [-] Task bf3beea5-bb52-491e-9d49-35ad5cad1f16 | ITER: 2 END: OK
2019-07-30 09:50:42.126 27511 WARNING rally.task.atomic [-] 'optional_action_timer' is deprecated since rally v0.10.0.Please use action_timer instead, we have improved atomic actions, now do not need to explicitly close original action.
2019-07-30 09:50:42.222 27511 WARNING rally.task.atomic [-] 'optional_action_timer' is deprecated since rally v0.10.0.Please use action_timer instead, we have improved atomic actions, now do not need to explicitly close original action.
2019-07-30 09:50:43.458 27514 WARNING rally.task.atomic [-] 'optional_action_timer' is deprecated since rally v0.10.0.Please use action_timer instead, we have improved atomic actions, now do not need to explicitly close original action.
2019-07-30 09:50:43.500 27514 WARNING rally.task.atomic [-] 'optional_action_timer' is deprecated since rally v0.10.0.Please use action_timer instead, we have improved atomic actions, now do not need to explicitly close original action.
2019-07-30 09:50:44.126 27511 INFO rally.task.runner [-] Task bf3beea5-bb52-491e-9d49-35ad5cad1f16 | ITER: 1 END: OK
2019-07-30 09:50:45.101 27514 INFO rally.task.runner [-] Task bf3beea5-bb52-491e-9d49-35ad5cad1f16 | ITER: 4 END: OK
2019-07-30 09:50:46.011 27513 WARNING rally.task.atomic [-] 'optional_action_timer' is deprecated since rally v0.10.0.Please use action_timer instead, we have improved atomic actions, now do not need to explicitly close original action.
2019-07-30 09:50:46.054 27513 WARNING rally.task.atomic [-] 'optional_action_timer' is deprecated since rally v0.10.0.Please use action_timer instead, we have improved atomic actions, now do not need to explicitly close original action.
2019-07-30 09:50:46.587 27513 INFO rally.task.runner [-] Task bf3beea5-bb52-491e-9d49-35ad5cad1f16 | ITER: 3 END: OK
2019-07-30 09:50:46.612 22705 INFO rally.task.context [-] Task bf3beea5-bb52-491e-9d49-35ad5cad1f16 | Context cleanup@openstack cleanup() started
2019-07-30 09:50:46.616 22705 RALLYDEBUG rally_openstack.cleanup.manager [-] Cleaning up neutron vip objects
2019-07-30 09:50:47.346 22705 RALLYDEBUG rally_openstack.cleanup.manager [-] Cleaning up neutron health_monitor objects
2019-07-30 09:50:48.062 22705 RALLYDEBUG rally_openstack.cleanup.manager [-] Cleaning up neutron pool objects
2019-07-30 09:50:48.771 22705 RALLYDEBUG rally_openstack.cleanup.manager [-] Cleaning up neutron loadbalancer objects
2019-07-30 09:50:49.874 22705 RALLYDEBUG rally_openstack.cleanup.manager [-] Cleaning up neutron floatingip objects
2019-07-30 09:50:50.636 22705 RALLYDEBUG rally_openstack.cleanup.manager [-] Cleaning up neutron port objects
2019-07-30 09:50:52.926 22705 RALLYDEBUG rally_openstack.cleanup.manager [-] Deleting neutron.port object s_rally_d48acf76_mXY1eCTq (005f283a-3e16-479c-b982-418453d5b73a)
2019-07-30 09:50:52.930 22705 RALLYDEBUG rally_openstack.cleanup.manager [-] Deleting neutron.port object s_rally_d48acf76_UJkDndd9 (0246ed48-bf59-4aef-9496-8bb79fe49a65)
2019-07-30 09:50:52.932 22705 RALLYDEBUG rally_openstack.cleanup.manager [-] Deleting neutron.port object s_rally_d48acf76_epmUymKP (022a0747-8cf9-470c-928c-0dbd2efb8ef0)
2019-07-30 09:50:52.934 22705 RALLYDEBUG rally_openstack.cleanup.manager [-] Deleting neutron.port object s_rally_d48acf76_qQR4vS0S (006c6dd1-c8be-4e97-91e5-ed1b89422ab8)
2019-07-30 09:50:52.937 22705 RALLYDEBUG rally_openstack.cleanup.manager [-] Deleting neutron.port object s_rally_d48acf76_l6ThWtDM (033c6b89-707d-41a4-bca2-b33ba050bce4)
2019-07-30 09:50:52.943 22705 RALLYDEBUG rally_openstack.cleanup.manager [-] Deleting neutron.port object s_rally_d48acf76_unyMGKvm (0124d8dd-45a8-4c9b-9c81-c0b421b7ccf4)
2019-07-30 09:50:52.944 22705 RALLYDEBUG rally_openstack.cleanup.manager [-] Deleting neutron.port object s_rally_d48acf76_2KQuaB5v (026ac59e-9970-4f8e-83e0-f4cd4f37b880)
2019-07-30 09:50:52.949 22705 RALLYDEBUG rally_openstack.cleanup.manager [-] Deleting neutron.port object s_rally_d48acf76_n63z3aqU (04a48dac-2670-425c-87ec-08d326f20950)
2019-07-30 09:50:52.949 22705 RALLYDEBUG rally_openstack.cleanup.manager [-] Deleting neutron.port object s_rally_d48acf76_SYtc8ebU (001bf89b-0fca-440b-ac5d-ed198c9c456f)
2019-07-30 09:50:52.966 22705 RALLYDEBUG rally_openstack.cleanup.manager [-] Deleting neutron.port object s_rally_d48acf76_9CKwoOtP (062ab209-3ecf-41da-828c-548a7bdc5e34)
2019-07-30 09:50:52.968 22705 RALLYDEBUG rally_openstack.cleanup.manager [-] Deleting neutron.port object s_rally_d48acf76_f5fgB3sd (04f99ec5-b862-40d3-833b-58fdbdbd6557)
2019-07-30 09:50:52.974 22705 RALLYDEBUG rally_openstack.cleanup.manager [-] Deleting neutron.port object s_rally_d48acf76_pKFBzFZh (06a35dea-b34f-4f53-904e-c4fd63c166cb)
2019-07-30 09:50:52.996 22705 RALLYDEBUG rally_openstack.cleanup.manager [-] Deleting neutron.port object s_rally_d48acf76_bMZmNeTj (07580838-76ac-42af-8aed-4873b52a058e)
2019-07-30 09:50:53.004 22705 RALLYDEBUG rally_openstack.cleanup.manager [-] Deleting neutron.port object s_rally_d48acf76_BkS46Fpf (0743b8c3-63bc-4efd-bd1b-c7d9f67ac915)
2019-07-30 09:50:53.024 22705 RALLYDEBUG rally_openstack.cleanup.manager [-] Deleting neutron.port object s_rally_d48acf76_qb48X4GM (0785d541-c33e-474a-bb11-596ca09f7741)
2019-07-30 09:50:53.040 22705 RALLYDEBUG rally_openstack.cleanup.manager [-] Deleting neutron.port object s_rally_d48acf76_h2aipeBA (088a4330-51d6-45b5-bf59-f4f9db15266b)
2019-07-30 09:50:53.059 22705 RALLYDEBUG rally_openstack.cleanup.manager [-] Deleting neutron.port object s_rally_d48acf76_BlarSVuk (08919639-b08e-4623-800b-8930433b3923)
2019-07-30 09:50:53.090 22705 RALLYDEBUG rally_openstack.cleanup.manager [-] Deleting neutron.port object s_rally_d48acf76_pH5vsrK7 (0a31a4ef-baaf-434d-91d3-f3122c94033d)
2019-07-30 09:50:53.096 22705 RALLYDEBUG rally_openstack.cleanup.manager [-] Deleting neutron.port object s_rally_d48acf76_p930WUe1 (0a5d46d6-06d5-4b02-aa3c-b95121ae4d0f)
2019-07-30 09:50:53.103 22705 RALLYDEBUG rally_openstack.cleanup.manager [-] Deleting neutron.port object s_rally_d48acf76_Hp04lLrZ (0a51effc-43dc-4fc0-887e-95a58862597e)
2019-07-30 09:50:55.584 22705 RALLYDEBUG rally_openstack.cleanup.manager [-] Deleting neutron.port object s_rally_d48acf76_HEfuJYm4 (0a9996ec-1dd5-4cc5-acf4-eab6b569d3ab)
2019-07-30 09:50:57.532 22705 RALLYDEBUG rally_openstack.cleanup.manager [-] Deleting neutron.port object s_rally_d48acf76_BLaKcJdG (0bdfb7df-8dba-48ac-94ec-12b8aedb830d)
2019-07-30 09:50:58.240 22705 RALLYDEBUG rally_openstack.cleanup.manager [-] Deleting neutron.port object s_rally_d48acf76_sZAQdV6o (0be1c0e8-ddfa-4f45-9629-6fd282ad7f08)
2019-07-30 09:50:58.313 22705 RALLYDEBUG rally_openstack.cleanup.manager [-] Deleting neutron.port object s_rally_d48acf76_lwdyGzXG (0bfecba1-bda1-45ce-9e44-eace660ebaac)
2019-07-30 09:50:59.368 22705 RALLYDEBUG rally_openstack.cleanup.manager [-] Deleting neutron.port object s_rally_d48acf76_UAJApMM0 (0c70f394-4a5d-4a2b-918e-88f777d13040)
2019-07-30 09:50:59.492 22705 RALLYDEBUG rally_openstack.cleanup.manager [-] Deleting neutron.port object s_rally_d48acf76_uDt0n9U3 (0ca883af-aa66-48d3-930a-35277c0d2f6c)
2019-07-30 09:50:59.815 22705 RALLYDEBUG rally_openstack.cleanup.manager [-] Deleting neutron.port object s_rally_d48acf76_yLCoF89y (0cfbf908-a612-4ce0-8d19-4c53a6ff9719)
2019-07-30 09:51:00.240 22705 RALLYDEBUG rally_openstack.cleanup.manager [-] Deleting neutron.port object s_rally_d48acf76_3ndmLI0m (0d1e291d-473c-4dbf-b868-82922d17768c)
2019-07-30 09:51:00.247 22705 RALLYDEBUG rally_openstack.cleanup.manager [-] Deleting neutron.port object s_rally_d48acf76_8jcXbem4 (0dc806ee-bd15-4126-b62f-3e903b6800b3)
2019-07-30 09:51:00.381 22705 RALLYDEBUG rally_openstack.cleanup.manager [-] Deleting neutron.port object s_rally_d48acf76_Mkw5zWz1 (0e250be6-363e-45e9-bfe0-e875a991b5ca)
2019-07-30 09:51:00.407 22705 RALLYDEBUG rally_openstack.cleanup.manager [-] Deleting neutron.port object s_rally_d48acf76_SCCwtSRs (0eec8546-6bb6-41ed-95d9-094966a644fa)
2019-07-30 09:51:01.515 22705 RALLYDEBUG rally_openstack.cleanup.manager [-] Deleting neutron.port object s_rally_d48acf76_xcvkQHvd (0f293b3f-f4a8-4fed-bf28-cb55b17a9333)
2019-07-30 09:51:01.532 22705 RALLYDEBUG rally_openstack.cleanup.manager [-] Deleting neutron.port object s_rally_d48acf76_Ygf2ADK8 (0f7e4b9e-d05e-4883-b072-8f09c72cb536)
2019-07-30 09:51:01.583 22705 RALLYDEBUG rally_openstack.cleanup.manager [-] Deleting neutron.port object s_rally_d48acf76_k7b1baWz (0fabf9b4-1071-4e86-991c-2c21a3e8149b)
2019-07-30 09:51:01.590 22705 RALLYDEBUG rally_openstack.cleanup.manager [-] Deleting neutron.port object s_rally_d48acf76_Vapyn0Jl (0fdbe06f-7c8a-42cc-8299-6578da5f8e94)
2019-07-30 09:51:01.591 22705 RALLYDEBUG rally_openstack.cleanup.manager [-] Deleting neutron.port object s_rally_d48acf76_NabEA0ZP (10a6df4a-112b-484f-8a36-b7941fe81121)
2019-07-30 09:51:02.146 22705 RALLYDEBUG rally_openstack.cleanup.manager [-] Deleting neutron.port object s_rally_d48acf76_HVDIaqhM (10b22b4f-ef6f-4791-8f8a-943265fac84e)
2019-07-30 09:51:02.212 22705 RALLYDEBUG rally_openstack.cleanup.manager [-] Deleting neutron.port object s_rally_d48acf76_PdzwRdHu (10f60c01-3102-4919-b16e-b1692da2f186)
2019-07-30 09:51:02.227 22705 RALLYDEBUG rally_openstack.cleanup.manager [-] Deleting neutron.port object s_rally_d48acf76_OJJc5KZk (11538dfa-d10c-47e5-a3cc-e9d8012d89ce)
2019-07-30 09:51:02.242 22705 RALLYDEBUG rally_openstack.cleanup.manager [-] Deleting neutron.port object s_rally_d48acf76_80SPpsYg (11653fe1-188a-40e5-9498-f59fd4c588e3)
2019-07-30 09:51:02.269 22705 RALLYDEBUG rally_openstack.cleanup.manager [-] Deleting neutron.port object s_rally_d48acf76_52DTsxVn (11c87d86-1b8f-4617-93f9-dc17fb9c9a11)
2019-07-30 09:51:02.279 22705 RALLYDEBUG rally_openstack.cleanup.manager [-] Deleting neutron.port object s_rally_d48acf76_z2umZ55R (1298f2c1-23a2-4a0b-84a0-32a78af0b3ef)
2019-07-30 09:51:02.283 22705 RALLYDEBUG rally_openstack.cleanup.manager [-] Deleting neutron.port object s_rally_d48acf76_EUGHInqh (13aee583-7b4d-4199-9165-10dd0dae9622)
2019-07-30 09:51:02.354 22705 RALLYDEBUG rally_openstack.cleanup.manager [-] Deleting neutron.port object s_rally_d48acf76_MJHZqaOu (14ebfc81-a9d9-4d2a-810a-28fd096c1bc5)
2019-07-30 09:51:02.365 22705 RALLYDEBUG rally_openstack.cleanup.manager [-] Deleting neutron.port object s_rally_d48acf76_HPCVN0di (173bf5e8-e79f-4086-8543-699dbed50a89)
2019-07-30 09:51:02.379 22705 RALLYDEBUG rally_openstack.cleanup.manager [-] Deleting neutron.port object s_rally_d48acf76_ZswXSe5h (174cc136-bb85-469c-9e20-dd47f1cff97b)
2019-07-30 09:51:02.389 22705 RALLYDEBUG rally_openstack.cleanup.manager [-] Deleting neutron.port object s_rally_d48acf76_5da9Xbgm (17b2b059-7370-4440-88ba-490a7da6fed5)
2019-07-30 09:51:02.969 22705 RALLYDEBUG rally_openstack.cleanup.manager [-] Deleting neutron.port object s_rally_d48acf76_obQndejV (17b557eb-0b09-4455-87d5-65c780146e5b)
2019-07-30 09:51:03.060 22705 RALLYDEBUG rally_openstack.cleanup.manager [-] Deleting neutron.port object s_rally_d48acf76_CK1u8wyH (18fdb923-aba8-4d16-97c4-1fce9cad6fba)
2019-07-30 09:51:04.072 22705 RALLYDEBUG rally_openstack.cleanup.manager [-] Deleting neutron.port object s_rally_d48acf76_GTpzqynq (19a04a46-636c-4579-af4d-a22ab70e383f)
2019-07-30 09:51:04.073 22705 RALLYDEBUG rally_openstack.cleanup.manager [-] Deleting neutron.port object s_rally_d48acf76_g6W4W03H (1900a22c-5802-404d-8645-c80ec1599b99)
2019-07-30 09:51:04.244 22705 RALLYDEBUG rally_openstack.cleanup.manager [-] Deleting neutron.port object s_rally_d48acf76_eerJnDTH (1a2e2117-65a2-477c-bcc0-e00e29ae56a2)
2019-07-30 09:51:04.325 22705 RALLYDEBUG rally_openstack.cleanup.manager [-] Deleting neutron.port object s_rally_d48acf76_demVu7Za (1a4e6b50-d764-4891-b9e0-7cc77ac2a36e)
2019-07-30 09:51:04.732 22705 RALLYDEBUG rally_openstack.cleanup.manager [-] Deleting neutron.port object s_rally_d48acf76_6rKrXjMd (1b4dd057-54f4-4848-ba5c-3e0a3c635f1a)
2019-07-30 09:51:05.229 22705 RALLYDEBUG rally_openstack.cleanup.manager [-] Deleting neutron.port object s_rally_d48acf76_BKxoJIrY (1b77cd80-5dc3-4d4d-9034-ea1c8958be50)
2019-07-30 09:51:05.236 22705 RALLYDEBUG rally_openstack.cleanup.manager [-] Deleting neutron.port object s_rally_d48acf76_qwZvI2WY (1c42011a-ff36-45c2-a14f-8b97f8ee5e40)
2019-07-30 09:51:05.494 22705 RALLYDEBUG rally_openstack.cleanup.manager [-] Deleting neutron.port object s_rally_d48acf76_QejYl2NP (1c634ac7-a191-457f-bfd4-c0900866967a)
2019-07-30 09:51:06.028 22705 RALLYDEBUG rally_openstack.cleanup.manager [-] Deleting neutron.port object s_rally_d48acf76_7hrosrsK (1d45df05-1cf2-4cc1-8ec7-d968798dc9b1)
2019-07-30 09:51:06.790 22705 RALLYDEBUG rally_openstack.cleanup.manager [-] Deleting neutron.port object s_rally_d48acf76_2dqXksPL (1f2e7b3f-727b-461d-b884-2333f86929f1)
2019-07-30 09:51:06.792 22705 RALLYDEBUG rally_openstack.cleanup.manager [-] Deleting neutron.port object s_rally_d48acf76_Gxlm0rcO (1eeaafcf-5688-4a83-8160-69a67153e75f)
2019-07-30 09:51:06.815 22705 RALLYDEBUG rally_openstack.cleanup.manager [-] Deleting neutron.port object s_rally_d48acf76_BnyWB8nu (1f685596-bdc0-4171-8d14-ebbaf30ba757)
2019-07-30 09:51:06.841 22705 RALLYDEBUG rally_openstack.cleanup.manager [-] Deleting neutron.port object s_rally_d48acf76_64LrFsLq (207e834e-8e4d-457e-8657-ee24c8806ecb)
2019-07-30 09:51:06.965 22705 RALLYDEBUG rally_openstack.cleanup.manager [-] Deleting neutron.port object s_rally_d48acf76_mgZs4HUV (20e7d901-ec37-4ffb-bddc-5ea89a750444)
2019-07-30 09:51:07.036 22705 RALLYDEBUG rally_openstack.cleanup.manager [-] Deleting neutron.port object s_rally_d48acf76_GPRhirn0 (217785fd-56bd-4d93-97c9-8a7e78411461)
2019-07-30 09:51:07.039 22705 RALLYDEBUG rally_openstack.cleanup.manager [-] Deleting neutron.port object s_rally_d48acf76_EPmbXG7E (22ad819f-8157-434c-b167-df58a39643b7)
2019-07-30 09:51:07.580 22705 RALLYDEBUG rally_openstack.cleanup.manager [-] Deleting neutron.port object s_rally_d48acf76_IvzGHYiZ (22b95539-2dbb-4442-ab1d-99558acf0fad)
2019-07-30 09:51:08.031 22705 RALLYDEBUG rally_openstack.cleanup.manager [-] Deleting neutron.port object s_rally_d48acf76_44uBjw8R (22ef9f15-91bb-4445-b4ec-e8900d9d69f6)
2019-07-30 09:51:08.202 22705 RALLYDEBUG rally_openstack.cleanup.manager [-] Deleting neutron.port object s_rally_d48acf76_yqaxn6Am (239d921e-5fb2-4c1b-a0ae-a279bdae23fd)
2019-07-30 09:51:08.288 22705 RALLYDEBUG rally_openstack.cleanup.manager [-] Deleting neutron.port object s_rally_d48acf76_sgL3NTdV (23f94c5f-e7ce-4d7f-a46f-83531f99c7e4)
2019-07-30 09:51:08.300 22705 RALLYDEBUG rally_openstack.cleanup.manager [-] Deleting neutron.port object s_rally_d48acf76_mKPFE2Fw (246b6469-50d5-4edc-9d5c-11bce601d479)
2019-07-30 09:51:08.528 22705 RALLYDEBUG rally_openstack.cleanup.manager [-] Deleting neutron.port object s_rally_d48acf76_GtR0xF1O (2473a325-9f52-440c-89d8-2f52ef7892de)
2019-07-30 09:51:08.537 22705 RALLYDEBUG rally_openstack.cleanup.manager [-] Deleting neutron.port object s_rally_d48acf76_2qINUSrR (24903067-100f-4b97-bf16-1e0f72c350d0)
2019-07-30 09:51:08.578 22705 RALLYDEBUG rally_openstack.cleanup.manager [-] Deleting neutron.port object s_rally_d48acf76_PuVZhmxD (24929e34-0bc9-4f69-ad99-e8d8a423dc26)
2019-07-30 09:51:08.609 22705 RALLYDEBUG rally_openstack.cleanup.manager [-] Deleting neutron.port object s_rally_d48acf76_69fERW1t (24fd0034-5a20-4964-9192-c09a42483283)
2019-07-30 09:51:08.649 22705 RALLYDEBUG rally_openstack.cleanup.manager [-] Deleting neutron.port object s_rally_d48acf76_VaMbhbxa (25d4de5b-f196-4c04-a551-4388aff5afd5)
2019-07-30 09:51:08.714 22705 RALLYDEBUG rally_openstack.cleanup.manager [-] Deleting neutron.port object s_rally_d48acf76_h4VWy7Dc (261119b4-9e90-4b02-aa2a-c484638db659)
2019-07-30 09:51:08.721 22705 RALLYDEBUG rally_openstack.cleanup.manager [-] Deleting neutron.port object s_rally_d48acf76_t7duTm3A (2791ab2b-9e5a-4f17-8188-ce1c9111d8c6)
2019-07-30 09:51:08.781 22705 RALLYDEBUG rally_openstack.cleanup.manager [-] Deleting neutron.port object s_rally_d48acf76_qnikeR5u (284330da-9824-4954-b9d9-a9f18692165d)
2019-07-30 09:51:09.281 22705 RALLYDEBUG rally_openstack.cleanup.manager [-] Deleting neutron.port object s_rally_d48acf76_VjbBbXx2 (28cc5294-aeb9-4cd1-a070-fd36a5ab873d)
2019-07-30 09:51:09.890 22705 RALLYDEBUG rally_openstack.cleanup.manager [-] Deleting neutron.port object s_rally_d48acf76_BInFRpfF (2b5eaaa9-da66-4a97-9a3c-8b111ffe01e2)
2019-07-30 09:51:10.340 22705 RALLYDEBUG rally_openstack.cleanup.manager [-] Deleting neutron.port object s_rally_d48acf76_aXahbhT5 (2b7eefc1-69e5-4fec-a119-9ac6ef1757a2)
2019-07-30 09:51:11.156 22705 RALLYDEBUG rally_openstack.cleanup.manager [-] Deleting neutron.port object s_rally_d48acf76_7oWRTHpq (2ba775e0-9b8b-4cf8-bd07-00b23c261e92)
2019-07-30 09:51:11.970 22705 RALLYDEBUG rally_openstack.cleanup.manager [-] Deleting neutron.port object s_rally_d48acf76_9bdgcXo0 (2bc63bcb-697e-4e13-a651-7a275654890a)
2019-07-30 09:51:12.048 22705 RALLYDEBUG rally_openstack.cleanup.manager [-] Deleting neutron.port object s_rally_d48acf76_XhgabnnI (2c9ff14c-38d6-4e1d-815e-3386e02ddefd)
2019-07-30 09:51:12.188 22705 RALLYDEBUG rally_openstack.cleanup.manager [-] Deleting neutron.port object s_rally_d48acf76_6rGn0fPM (2caaff59-cb65-427d-9a9e-3f0128a76198)
2019-07-30 09:51:12.533 22705 RALLYDEBUG rally_openstack.cleanup.manager [-] Deleting neutron.port object s_rally_d48acf76_myvQJOuJ (2d18203c-f2bf-4491-a71f-781f11a46416)
2019-07-30 09:51:12.552 22705 RALLYDEBUG rally_openstack.cleanup.manager [-] Deleting neutron.port object s_rally_d48acf76_WhJbmcIR (2d30234b-abe0-43d1-8227-990df3d77ebe)
2019-07-30 09:51:12.604 22705 RALLYDEBUG rally_openstack.cleanup.manager [-] Deleting neutron.port object s_rally_d48acf76_xV9u2Xd6 (2e02ce8d-c668-4a19-9421-2a5e23ce8d4b)
2019-07-30 09:51:12.740 22705 RALLYDEBUG rally_openstack.cleanup.manager [-] Deleting neutron.port object s_rally_d48acf76_Cbc4RdhU (2efd7a0e-fd82-4324-b487-d1741bb849c6)
2019-07-30 09:51:12.803 22705 RALLYDEBUG rally_openstack.cleanup.manager [-] Deleting neutron.port object s_rally_d48acf76_NSpXt5Co (2f748dbe-b4ed-4423-baca-1d14da2cace5)
2019-07-30 09:51:12.809 22705 RALLYDEBUG rally_openstack.cleanup.manager [-] Deleting neutron.port object s_rally_d48acf76_lEWwu67F (307f379a-9af6-48eb-a428-ec46b5e5897a)
2019-07-30 09:51:12.874 22705 RALLYDEBUG rally_openstack.cleanup.manager [-] Deleting neutron.port object s_rally_d48acf76_LfaAsfff (31622f4d-66d8-48f1-a093-ebdd5ba97183)
2019-07-30 09:51:12.879 22705 RALLYDEBUG rally_openstack.cleanup.manager [-] Deleting neutron.port object s_rally_d48acf76_2tMtL7DR (320cdbfa-fd44-4023-ac07-73595756953a)
2019-07-30 09:51:12.895 22705 RALLYDEBUG rally_openstack.cleanup.manager [-] Deleting neutron.port object s_rally_d48acf76_6YT2oIuX (324cfa58-4b54-4fc5-9935-c408c5a7666d)
2019-07-30 09:51:12.901 22705 RALLYDEBUG rally_openstack.cleanup.manager [-] Deleting neutron.port object s_rally_d48acf76_6Z0RdSZO (330c5d78-6bf1-4191-b6de-6ceb98f3378e)
2019-07-30 09:51:13.175 22705 RALLYDEBUG rally_openstack.cleanup.manager [-] Deleting neutron.port object s_rally_d48acf76_gE2TuPF9 (33735c3a-3f5d-4a19-b4b1-f335884a1d4e)
2019-07-30 09:51:13.280 22705 RALLYDEBUG rally_openstack.cleanup.manager [-] Deleting neutron.port object s_rally_d48acf76_CkA0TkYD (344d28e4-4483-4a13-9864-a84c807c9596)
2019-07-30 09:51:13.280 22705 RALLYDEBUG rally_openstack.cleanup.manager [-] Deleting neutron.port object s_rally_d48acf76_tl3LrIEg (34f4efe0-0490-4a7a-8f63-2044afea480d)
