2019-07-30 09:41:41.289 22705 RALLYDEBUG rally_openstack.cleanup.manager [-] Deleting neutron.port object s_rally_e0758058_D7Dt7YaS (4f4968b4-d515-4b77-9ec9-53af0e04f063)
2019-07-30 09:41:41.379 22705 RALLYDEBUG rally_openstack.cleanup.manager [-] Deleting neutron.port object s_rally_e0758058_TSPDcv6u (50675bae-7287-4365-b8ca-f093d71395cb)
2019-07-30 09:41:41.471 22705 RALLYDEBUG rally_openstack.cleanup.manager [-] Deleting neutron.port object s_rally_e0758058_hn5uRrtW (509334c7-8497-45a7-b45e-47fcd1324ff6)
2019-07-30 09:41:41.623 22705 RALLYDEBUG rally_openstack.cleanup.manager [-] Deleting neutron.port object s_rally_e0758058_efxbiDOZ (53a99a7c-ec8c-4b72-89fa-c3c645a80623)
2019-07-30 09:41:41.625 22705 RALLYDEBUG rally_openstack.cleanup.manager [-] Deleting neutron.port object s_rally_e0758058_hsVe2ln7 (520b6bd9-230b-4fd5-832a-04499b706ff1)
2019-07-30 09:41:41.630 22705 RALLYDEBUG rally_openstack.cleanup.manager [-] Deleting neutron.port object s_rally_e0758058_BFYbVubG (56f530ca-c592-4377-b423-3ccd35108564)
2019-07-30 09:41:41.633 22705 RALLYDEBUG rally_openstack.cleanup.manager [-] Deleting neutron.port object s_rally_e0758058_Pi3Ebx1M (55f7d833-aa90-4c5b-84ac-8118c0f04f8b)
2019-07-30 09:41:41.906 22705 RALLYDEBUG rally_openstack.cleanup.manager [-] Deleting neutron.port object s_rally_e0758058_N4YwrxOe (5a90f6bc-fb9d-4914-af6c-0471face9a68)
2019-07-30 09:41:41.909 22705 RALLYDEBUG rally_openstack.cleanup.manager [-] Deleting neutron.port object s_rally_e0758058_jY6rzrJg (5b384f9a-f8a4-45cc-a9fc-aa7aee464cd8)
2019-07-30 09:41:42.116 22705 RALLYDEBUG rally_openstack.cleanup.manager [-] Deleting neutron.port object s_rally_e0758058_weqyX63f (5c24c774-3702-4de0-9e04-a74f46a05b7e)
2019-07-30 09:41:42.122 22705 RALLYDEBUG rally_openstack.cleanup.manager [-] Deleting neutron.port object s_rally_e0758058_BN2LxTee (5dae61b9-09fe-45e3-bc8f-f48f9aedc8e3)
2019-07-30 09:41:42.129 22705 RALLYDEBUG rally_openstack.cleanup.manager [-] Deleting neutron.port object s_rally_e0758058_VfNkUtat (5e9007ba-5148-41b6-90a9-f6325d8678a9)
2019-07-30 09:41:42.262 22705 RALLYDEBUG rally_openstack.cleanup.manager [-] Deleting neutron.port object s_rally_e0758058_sGXA5aFV (5fb9834d-84ea-454a-836a-05b4f33c6f69)
2019-07-30 09:41:42.674 22705 RALLYDEBUG rally_openstack.cleanup.manager [-] Deleting neutron.port object s_rally_e0758058_6hqteQZe (636c13ce-4088-490d-8a2b-3fb7f25afed5)
2019-07-30 09:41:43.278 22705 RALLYDEBUG rally_openstack.cleanup.manager [-] Deleting neutron.port object s_rally_e0758058_I4VAnDYJ (64d73232-c1fc-400c-9cd6-7eb279853733)
2019-07-30 09:41:43.354 22705 RALLYDEBUG rally_openstack.cleanup.manager [-] Deleting neutron.port object s_rally_e0758058_BLDcpq0Y (64e3527f-5257-4a98-921c-80194468b242)
2019-07-30 09:41:43.552 22705 RALLYDEBUG rally_openstack.cleanup.manager [-] Deleting neutron.port object s_rally_e0758058_CFc2PUc6 (659a67c9-89e0-49ee-8bad-0653c1ee1ad3)
2019-07-30 09:41:43.908 22705 RALLYDEBUG rally_openstack.cleanup.manager [-] Deleting neutron.port object s_rally_e0758058_d1Pr7qN5 (684f4d35-0d96-4089-9c75-be9e39724ff3)
2019-07-30 09:41:43.909 22705 RALLYDEBUG rally_openstack.cleanup.manager [-] Deleting neutron.port object s_rally_e0758058_KxCahxsW (690d9713-16fa-40a8-a7fe-03ace4282707)
2019-07-30 09:41:43.935 22705 RALLYDEBUG rally_openstack.cleanup.manager [-] Deleting neutron.port object s_rally_e0758058_pv0c323w (6cdce15b-3fe0-45da-bf4e-9abf88b86a62)
2019-07-30 09:41:44.031 22705 RALLYDEBUG rally_openstack.cleanup.manager [-] Deleting neutron.port object s_rally_e0758058_0fxVf2Qj (6e5afefe-31df-406a-ab6a-bf358e12457a)
2019-07-30 09:41:44.121 22705 RALLYDEBUG rally_openstack.cleanup.manager [-] Deleting neutron.port object s_rally_e0758058_vFfekCSA (6efa3fe6-042a-4edf-a6dc-9522c17aa3d9)
2019-07-30 09:41:44.162 22705 RALLYDEBUG rally_openstack.cleanup.manager [-] Deleting neutron.port object s_rally_e0758058_u4TgvMkf (6f8d4730-23fe-4089-9d0c-9f8242e2b313)
2019-07-30 09:41:44.368 22705 RALLYDEBUG rally_openstack.cleanup.manager [-] Deleting neutron.port object s_rally_e0758058_5GNfmZlj (72abdafa-abd9-4077-a230-10865a21a87e)
2019-07-30 09:41:44.575 22705 RALLYDEBUG rally_openstack.cleanup.manager [-] Deleting neutron.port object s_rally_e0758058_FBDJExG7 (72eb704e-9ec9-41a2-a77a-974fc262d797)
2019-07-30 09:41:44.657 22705 RALLYDEBUG rally_openstack.cleanup.manager [-] Deleting neutron.port object s_rally_e0758058_T7tI11P3 (759df616-5933-4cac-9a91-662a4f721ed9)
2019-07-30 09:41:44.825 22705 RALLYDEBUG rally_openstack.cleanup.manager [-] Deleting neutron.port object s_rally_e0758058_Hin39gXf (76459cde-b36e-495b-9dd5-2496efbb458e)
2019-07-30 09:41:44.993 22705 RALLYDEBUG rally_openstack.cleanup.manager [-] Deleting neutron.port object s_rally_e0758058_8OvvhDCU (7673b4dc-4ae0-47cc-9cbd-a178aebe40e9)
2019-07-30 09:41:45.284 22705 RALLYDEBUG rally_openstack.cleanup.manager [-] Deleting neutron.port object s_rally_e0758058_hb6EWdDW (78290fc8-a728-4999-92d8-9cef46ef1d50)
2019-07-30 09:41:45.341 22705 RALLYDEBUG rally_openstack.cleanup.manager [-] Deleting neutron.port object s_rally_e0758058_nRaW17iD (7970c6d0-cc04-406f-bb30-1652344b87b6)
2019-07-30 09:41:45.548 22705 RALLYDEBUG rally_openstack.cleanup.manager [-] Deleting neutron.port object s_rally_e0758058_WykYMOyL (7ce70ea7-9f17-4a3f-848f-b64a85200a27)
2019-07-30 09:41:45.639 22705 RALLYDEBUG rally_openstack.cleanup.manager [-] Deleting neutron.port object s_rally_e0758058_7cLnkDQE (7d849c08-90aa-4645-a3ce-37a8937e8b6d)
2019-07-30 09:41:45.653 22705 RALLYDEBUG rally_openstack.cleanup.manager [-] Deleting neutron.port object s_rally_e0758058_FLHlSm3b (8068a315-0a78-4f9f-86a7-f95c80d92a3d)
2019-07-30 09:41:46.204 22705 RALLYDEBUG rally_openstack.cleanup.manager [-] Deleting neutron.port object s_rally_e0758058_zPyUwxq9 (83078c04-16ac-4e01-96bb-6b9ecde4503d)
2019-07-30 09:41:46.208 22705 RALLYDEBUG rally_openstack.cleanup.manager [-] Deleting neutron.port object s_rally_e0758058_rkmbddlA (80f13cf2-9341-425d-8305-9de17df36ccc)
2019-07-30 09:41:46.228 22705 RALLYDEBUG rally_openstack.cleanup.manager [-] Deleting neutron.port object s_rally_e0758058_b6a97Tyg (8375ca2c-5f52-46c1-956b-a71c6eeafb1a)
2019-07-30 09:41:46.311 22705 RALLYDEBUG rally_openstack.cleanup.manager [-] Deleting neutron.port object s_rally_e0758058_JTDRUkSq (839822fc-1883-45f4-8584-ff611672793e)
2019-07-30 09:41:46.369 22705 RALLYDEBUG rally_openstack.cleanup.manager [-] Deleting neutron.port object s_rally_e0758058_BcyVME8g (83afa872-5b7f-4c85-b81c-64dabb5b6092)
2019-07-30 09:41:46.751 22705 RALLYDEBUG rally_openstack.cleanup.manager [-] Deleting neutron.port object s_rally_e0758058_Bf8981tT (83ebe96c-1924-43f9-b730-98a921d1da72)
2019-07-30 09:41:46.878 22705 RALLYDEBUG rally_openstack.cleanup.manager [-] Deleting neutron.port object s_rally_e0758058_SzE4BUJX (856e7292-692c-4ac8-a335-d1f742eefbfa)
2019-07-30 09:41:47.060 22705 RALLYDEBUG rally_openstack.cleanup.manager [-] Deleting neutron.port object s_rally_e0758058_GN9YH0jn (86aa132f-f59a-44af-b28e-0853537a7551)
2019-07-30 09:41:47.159 22705 RALLYDEBUG rally_openstack.cleanup.manager [-] Deleting neutron.port object s_rally_e0758058_aR7NtEw1 (8709828e-9302-486a-8aee-ffd15afbdc76)
2019-07-30 09:41:47.584 22705 RALLYDEBUG rally_openstack.cleanup.manager [-] Deleting neutron.port object s_rally_e0758058_SKunzAO0 (8741f37f-9f2c-44dd-b1d1-1718d45aadc3)
2019-07-30 09:41:47.584 22705 RALLYDEBUG rally_openstack.cleanup.manager [-] Deleting neutron.port object s_rally_e0758058_y2rO3nrW (89aa397f-d9c6-494d-8076-c34e03dadca0)
2019-07-30 09:41:47.849 22705 RALLYDEBUG rally_openstack.cleanup.manager [-] Deleting neutron.port object s_rally_e0758058_65jI4utT (89df1de8-a194-4456-b318-1fcd40962df6)
2019-07-30 09:41:47.946 22705 RALLYDEBUG rally_openstack.cleanup.manager [-] Deleting neutron.port object s_rally_e0758058_njA91PLo (8da04bc4-ed7e-4b6f-9df5-5cb6bbdd8350)
2019-07-30 09:41:47.960 22705 RALLYDEBUG rally_openstack.cleanup.manager [-] Deleting neutron.port object s_rally_e0758058_IAH58pHi (8e0d8b71-749c-46f3-89a5-651c401915e8)
2019-07-30 09:41:48.000 22705 RALLYDEBUG rally_openstack.cleanup.manager [-] Deleting neutron.port object s_rally_e0758058_RB0VqKKP (8f889076-6d8a-4cd6-ab48-4b0b068bb341)
2019-07-30 09:41:48.048 22705 RALLYDEBUG rally_openstack.cleanup.manager [-] Deleting neutron.port object s_rally_e0758058_a2k1iTrG (938c5f23-7936-4a2f-a553-c3e9caeae6a8)
2019-07-30 09:41:48.213 22705 RALLYDEBUG rally_openstack.cleanup.manager [-] Deleting neutron.port object s_rally_e0758058_RqQrElZi (93a20dd4-05b8-4d4f-8cab-bce8219e3412)
2019-07-30 09:41:48.428 22705 RALLYDEBUG rally_openstack.cleanup.manager [-] Deleting neutron.port object s_rally_e0758058_BbY29nby (978ab021-9c77-4b1c-b370-33fb02b72ac5)
2019-07-30 09:41:48.655 22705 RALLYDEBUG rally_openstack.cleanup.manager [-] Deleting neutron.port object s_rally_e0758058_w04Flnex (99e35a35-e770-4c32-a25c-f305be4513a7)
2019-07-30 09:41:48.694 22705 RALLYDEBUG rally_openstack.cleanup.manager [-] Deleting neutron.port object s_rally_e0758058_ZMc2qbka (9b225d78-d193-4c7e-8398-b99118602e02)
2019-07-30 09:41:48.812 22705 RALLYDEBUG rally_openstack.cleanup.manager [-] Deleting neutron.port object s_rally_e0758058_MXUsZOY7 (9c2a8e73-d2c7-4d07-87b3-eea356f77145)
2019-07-30 09:41:48.997 22705 RALLYDEBUG rally_openstack.cleanup.manager [-] Deleting neutron.port object s_rally_e0758058_xi8TkyPy (9f4a31f8-58e1-49dd-9caf-d8689805165f)
2019-07-30 09:41:49.301 22705 RALLYDEBUG rally_openstack.cleanup.manager [-] Deleting neutron.port object s_rally_e0758058_X4gxD99s (a0b19c8d-65d9-40ed-ba92-f58de1b56d36)
2019-07-30 09:41:49.424 22705 RALLYDEBUG rally_openstack.cleanup.manager [-] Deleting neutron.port object s_rally_e0758058_2SuHXwkP (a5fc5b08-32cf-4a5c-a16a-a961f4d9d4f5)
2019-07-30 09:41:49.430 22705 RALLYDEBUG rally_openstack.cleanup.manager [-] Deleting neutron.port object s_rally_e0758058_rSRoTl6v (a76fcfe0-7774-4045-8886-ad26639c8ae0)
2019-07-30 09:41:49.662 22705 RALLYDEBUG rally_openstack.cleanup.manager [-] Deleting neutron.port object s_rally_e0758058_Qkp8F37J (a7cbf5e0-30c3-47af-97dc-f37009b15597)
2019-07-30 09:41:50.057 22705 RALLYDEBUG rally_openstack.cleanup.manager [-] Deleting neutron.port object s_rally_e0758058_RBiQm1LR (a81d3ac7-58f9-47b6-bfe1-f334b99fa2a6)
2019-07-30 09:41:50.078 22705 RALLYDEBUG rally_openstack.cleanup.manager [-] Deleting neutron.port object s_rally_e0758058_6u65Gu93 (a93b5304-1c95-4985-90c8-43defa0ff205)
2019-07-30 09:41:50.187 22705 RALLYDEBUG rally_openstack.cleanup.manager [-] Deleting neutron.port object s_rally_e0758058_ktOwxriB (a981a7a6-22b5-4357-a5c1-aace831dcfe3)
2019-07-30 09:41:50.270 22705 RALLYDEBUG rally_openstack.cleanup.manager [-] Deleting neutron.port object s_rally_e0758058_GlJobTEk (ac66a767-97f1-4915-8f22-4944eee3104c)
2019-07-30 09:41:50.270 22705 RALLYDEBUG rally_openstack.cleanup.manager [-] Deleting neutron.port object s_rally_e0758058_2GxHgo9k (ab48cde9-6622-4d6d-9e77-bf4a890427de)
2019-07-30 09:41:50.800 22705 RALLYDEBUG rally_openstack.cleanup.manager [-] Deleting neutron.port object s_rally_e0758058_WzU5QKH6 (adef1e9e-dcb7-4027-bd47-9e12734e9d6b)
2019-07-30 09:41:50.992 22705 RALLYDEBUG rally_openstack.cleanup.manager [-] Deleting neutron.port object s_rally_e0758058_NX9BXmua (af2ead8b-0ca4-4bf5-9175-030061e2ba11)
2019-07-30 09:41:51.037 22705 RALLYDEBUG rally_openstack.cleanup.manager [-] Deleting neutron.port object s_rally_e0758058_hurGSkGv (af37f15c-0fae-492c-b9ab-fb564105e9df)
2019-07-30 09:41:51.041 22705 RALLYDEBUG rally_openstack.cleanup.manager [-] Deleting neutron.port object s_rally_e0758058_iRaOvh7m (af717ad0-263c-40d0-a62b-26e2f8824c42)
2019-07-30 09:41:51.558 22705 RALLYDEBUG rally_openstack.cleanup.manager [-] Deleting neutron.port object s_rally_e0758058_RfbQCovi (b28e9038-0a83-4fc4-bf00-1a0bdfb54f2e)
2019-07-30 09:41:51.559 22705 RALLYDEBUG rally_openstack.cleanup.manager [-] Deleting neutron.port object s_rally_e0758058_pGQ1Dd2S (b2d358dd-16b4-4762-afd9-176df6de2fe7)
2019-07-30 09:41:51.654 22705 RALLYDEBUG rally_openstack.cleanup.manager [-] Deleting neutron.port object s_rally_e0758058_c45qZoW2 (b315fcaa-51c8-4f49-b7bc-6a73dd3b0b7f)
2019-07-30 09:41:51.843 22705 RALLYDEBUG rally_openstack.cleanup.manager [-] Deleting neutron.port object s_rally_e0758058_m6nuZshP (b4fe67c4-03b6-4f6f-9a1c-e866324c5b8b)
2019-07-30 09:41:51.965 22705 RALLYDEBUG rally_openstack.cleanup.manager [-] Deleting neutron.port object s_rally_e0758058_gWyk53qn (b62c279a-47c3-4c34-99f4-a8471b1464f2)
2019-07-30 09:41:52.078 22705 RALLYDEBUG rally_openstack.cleanup.manager [-] Deleting neutron.port object s_rally_e0758058_145lcGil (b64ef8b5-ddd0-4710-b290-5a8fcf5bb9c4)
2019-07-30 09:41:52.084 22705 RALLYDEBUG rally_openstack.cleanup.manager [-] Deleting neutron.port object s_rally_e0758058_GlnAiVSq (b79863c6-5ec2-4ed5-a799-a6c44517b08c)
2019-07-30 09:41:52.133 22705 RALLYDEBUG rally_openstack.cleanup.manager [-] Deleting neutron.port object s_rally_e0758058_ZpDrEwoV (b91cfd90-9298-4985-89c0-934a3b8a5aa8)
2019-07-30 09:41:52.288 22705 RALLYDEBUG rally_openstack.cleanup.manager [-] Deleting neutron.port object s_rally_e0758058_WRMEZOM4 (bb4b4e9a-3da6-4b14-abf5-0ebcd74d6e31)
2019-07-30 09:41:52.551 22705 RALLYDEBUG rally_openstack.cleanup.manager [-] Deleting neutron.port object s_rally_e0758058_rDaV3msy (bd2c8227-5864-4511-825e-1beb03f718d1)
2019-07-30 09:41:52.551 22705 RALLYDEBUG rally_openstack.cleanup.manager [-] Deleting neutron.port object s_rally_e0758058_itNF984X (bea17957-4f50-439f-bd9d-73ec6ebb4def)
2019-07-30 09:41:53.007 22705 RALLYDEBUG rally_openstack.cleanup.manager [-] Deleting neutron.port object s_rally_e0758058_mvIDAOEs (bec56fe8-1892-47de-9050-096c3234a788)
2019-07-30 09:41:53.192 22705 RALLYDEBUG rally_openstack.cleanup.manager [-] Deleting neutron.port object s_rally_e0758058_lWQbxlcl (bf260ac2-20b0-42a5-9343-166ba6711f71)
2019-07-30 09:41:53.408 22705 RALLYDEBUG rally_openstack.cleanup.manager [-] Deleting neutron.port object s_rally_e0758058_sDIGOB7w (bff93ec0-e810-49ba-a505-2ecd19f26bd9)
2019-07-30 09:41:53.412 22705 RALLYDEBUG rally_openstack.cleanup.manager [-] Deleting neutron.port object s_rally_e0758058_eOB8o5EV (c0fce700-1dc7-4ce4-8161-84735b5cd67d)
2019-07-30 09:41:53.954 22705 RALLYDEBUG rally_openstack.cleanup.manager [-] Deleting neutron.port object s_rally_e0758058_PIIPrMFq (c14d915d-2e8e-49d1-a572-923b79cada25)
2019-07-30 09:41:54.065 22705 RALLYDEBUG rally_openstack.cleanup.manager [-] Deleting neutron.port object s_rally_e0758058_7sBwFxcn (c1ce3acf-364e-42a9-bf12-ff8e587393c1)
2019-07-30 09:41:54.065 22705 RALLYDEBUG rally_openstack.cleanup.manager [-] Deleting neutron.port object s_rally_e0758058_noCX7cZ2 (c1e3e343-5e74-4c2a-924a-8f31949cb1bf)
2019-07-30 09:41:54.145 22705 RALLYDEBUG rally_openstack.cleanup.manager [-] Deleting neutron.port object s_rally_e0758058_LSUBKSas (c2a9f5f0-98de-4ca6-b97f-3d6052044774)
2019-07-30 09:41:54.212 22705 RALLYDEBUG rally_openstack.cleanup.manager [-] Deleting neutron.port object s_rally_e0758058_g3kTSxB0 (c517698d-0f8d-4d31-8ac5-ba3453f595bd)
2019-07-30 09:41:54.427 22705 RALLYDEBUG rally_openstack.cleanup.manager [-] Deleting neutron.port object s_rally_e0758058_jZi4C1YD (c58a9807-fa79-4fc0-9585-d457617bc3c6)
2019-07-30 09:41:54.460 22705 RALLYDEBUG rally_openstack.cleanup.manager [-] Deleting neutron.port object s_rally_e0758058_R1t3ANtg (c64a30b7-8a35-437c-b5a5-d2c3e68911b2)
2019-07-30 09:41:54.474 22705 RALLYDEBUG rally_openstack.cleanup.manager [-] Deleting neutron.port object s_rally_e0758058_Tj7CDYsG (c64c9e4b-0a7f-49c1-bce0-035ad1868fcc)
2019-07-30 09:41:54.507 22705 RALLYDEBUG rally_openstack.cleanup.manager [-] Deleting neutron.port object s_rally_e0758058_yiEn9eir (c67ba3a7-0343-4d8e-a462-09cadd0f97a3)
2019-07-30 09:41:54.619 22705 RALLYDEBUG rally_openstack.cleanup.manager [-] Deleting neutron.port object s_rally_e0758058_btuKBjFE (c76dd6c6-6aaf-4dab-8e1c-a3420140f070)
2019-07-30 09:41:54.876 22705 RALLYDEBUG rally_openstack.cleanup.manager [-] Deleting neutron.port object s_rally_e0758058_ItIPJirO (c7c7f36e-ff4c-48b2-84c5-9a25cfbe7d9e)
2019-07-30 09:41:55.043 22705 RALLYDEBUG rally_openstack.cleanup.manager [-] Deleting neutron.port object s_rally_e0758058_8rDHCNFH (c89aaf7e-6367-431f-9425-b17c9f9302d2)
2019-07-30 09:41:55.076 22705 RALLYDEBUG rally_openstack.cleanup.manager [-] Deleting neutron.port object s_rally_e0758058_ijuXbS6W (cc671a83-27ad-48ec-b79f-9ffabb235527)
2019-07-30 09:41:55.308 22705 RALLYDEBUG rally_openstack.cleanup.manager [-] Deleting neutron.port object s_rally_e0758058_gOGZPU6L (ce73dd25-2e70-4bea-be64-406f2b63b7b5)
2019-07-30 09:41:55.505 22705 RALLYDEBUG rally_openstack.cleanup.manager [-] Deleting neutron.port object s_rally_e0758058_DUiDbw7U (d47f440e-9ae0-4a52-b0f4-8f9b67e3ed8f)
2019-07-30 09:41:55.824 22705 RALLYDEBUG rally_openstack.cleanup.manager [-] Deleting neutron.port object s_rally_e0758058_Z1J9R4R7 (d83cee26-9eca-47e9-be4f-894e45c34ba2)
2019-07-30 09:41:55.839 22705 RALLYDEBUG rally_openstack.cleanup.manager [-] Deleting neutron.port object s_rally_e0758058_IyFmIItf (d8b9c8bb-db85-48f9-a519-2b0d76893b9e)
2019-07-30 09:41:55.879 22705 RALLYDEBUG rally_openstack.cleanup.manager [-] Deleting neutron.port object s_rally_e0758058_8wLzDfYY (d9009577-3feb-4ad3-8de7-90d96d48e9b4)
2019-07-30 09:41:56.052 22705 RALLYDEBUG rally_openstack.cleanup.manager [-] Deleting neutron.port object s_rally_e0758058_mwAAPKaz (d9672bde-1058-46a7-ac81-282f7d2cc1ee)
2019-07-30 09:41:56.178 22705 RALLYDEBUG rally_openstack.cleanup.manager [-] Deleting neutron.port object s_rally_e0758058_lY0rY56O (d9734cd5-6f5c-4a79-8de1-77f44107b475)
2019-07-30 09:41:56.667 22705 RALLYDEBUG rally_openstack.cleanup.manager [-] Deleting neutron.port object s_rally_e0758058_3rYl5eIu (d97fd5a4-6e2a-4f8a-8bdd-55c14cd60ebd)
2019-07-30 09:41:56.684 22705 RALLYDEBUG rally_openstack.cleanup.manager [-] Deleting neutron.port object s_rally_e0758058_zVQgy90X (da542d25-996f-4f5f-8955-92cc90a913a6)
2019-07-30 09:41:56.740 22705 RALLYDEBUG rally_openstack.cleanup.manager [-] Deleting neutron.port object s_rally_e0758058_pLCQhRsY (db61e1c8-4bbe-468f-add2-570f16a2a9bb)
2019-07-30 09:41:57.001 22705 RALLYDEBUG rally_openstack.cleanup.manager [-] Deleting neutron.port object s_rally_e0758058_5Xi8eA2S (dcd36a12-0a97-400c-8e64-d2d9a308cb4c)
2019-07-30 09:41:57.333 22705 RALLYDEBUG rally_openstack.cleanup.manager [-] Deleting neutron.port object s_rally_e0758058_Sge9CJPr (dd1626d0-cff1-46c4-8425-213c2582b49e)
2019-07-30 09:41:57.505 22705 RALLYDEBUG rally_openstack.cleanup.manager [-] Deleting neutron.port object s_rally_e0758058_W8UQLSfV (dd94f16a-22eb-420d-8ff7-0f48005d2810)
2019-07-30 09:41:57.527 22705 RALLYDEBUG rally_openstack.cleanup.manager [-] Deleting neutron.port object s_rally_e0758058_GmEGEGIx (deb8d4d9-b72e-4490-b43a-b88b15eb5470)
2019-07-30 09:41:57.548 22705 RALLYDEBUG rally_openstack.cleanup.manager [-] Deleting neutron.port object s_rally_e0758058_4mJD9H3d (df011049-7b57-4285-9319-d9c04bfb97a5)
2019-07-30 09:41:57.747 22705 RALLYDEBUG rally_openstack.cleanup.manager [-] Deleting neutron.port object s_rally_e0758058_vRsUgHMK (e0a357a7-607f-4336-a32a-3afdb8216916)
2019-07-30 09:41:57.907 22705 RALLYDEBUG rally_openstack.cleanup.manager [-] Deleting neutron.port object s_rally_e0758058_HqV2BNP5 (e53e16c9-3477-4337-9779-19bfabc777f5)
2019-07-30 09:41:57.917 22705 RALLYDEBUG rally_openstack.cleanup.manager [-] Deleting neutron.port object s_rally_e0758058_wlpybudp (e595323f-c1b5-43e2-ae82-7e0419b0dee5)
2019-07-30 09:41:58.180 22705 RALLYDEBUG rally_openstack.cleanup.manager [-] Deleting neutron.port object s_rally_e0758058_WF5mPZYM (e6747142-363c-4b0b-933d-3f947eb963a4)
2019-07-30 09:41:58.297 22705 RALLYDEBUG rally_openstack.cleanup.manager [-] Deleting neutron.port object s_rally_e0758058_clc4tceh (e6ba7bf3-a376-4e33-be7a-69f982228c20)
2019-07-30 09:41:58.353 22705 RALLYDEBUG rally_openstack.cleanup.manager [-] Deleting neutron.port object s_rally_e0758058_NjyJeZZg (e922c216-a1b4-43b6-8dd7-e0a6e52522ae)
2019-07-30 09:41:58.456 22705 RALLYDEBUG rally_openstack.cleanup.manager [-] Deleting neutron.port object s_rally_e0758058_IocQBCVY (ebb25872-bd68-480a-a022-253576e3fd6e)
2019-07-30 09:41:58.579 22705 RALLYDEBUG rally_openstack.cleanup.manager [-] Deleting neutron.port object s_rally_e0758058_3dWi5Qby (ed4b196c-551d-48c9-8426-143d86c4f42c)
2019-07-30 09:41:58.589 22705 RALLYDEBUG rally_openstack.cleanup.manager [-] Deleting neutron.port object s_rally_e0758058_hdOQYhpg (f161aa82-2149-4357-816f-7133195748d0)
2019-07-30 09:41:58.947 22705 RALLYDEBUG rally_openstack.cleanup.manager [-] Deleting neutron.port object s_rally_e0758058_vILsno9c (f1f62755-45b9-4e10-ba87-e5df4b1293e3)
2019-07-30 09:41:59.144 22705 RALLYDEBUG rally_openstack.cleanup.manager [-] Deleting neutron.port object s_rally_e0758058_LTuadsco (f3ff794b-cb9b-4621-9ab0-56e9749faabd)
2019-07-30 09:41:59.152 22705 RALLYDEBUG rally_openstack.cleanup.manager [-] Deleting neutron.port object s_rally_e0758058_Q71rlB3t (f5a952ef-7fce-437a-92a3-b83d80b08d81)
2019-07-30 09:41:59.327 22705 RALLYDEBUG rally_openstack.cleanup.manager [-] Deleting neutron.port object s_rally_e0758058_Me9bsqlm (f772ec97-f7bd-4941-93ed-7bebc7455ba4)
2019-07-30 09:41:59.677 22705 RALLYDEBUG rally_openstack.cleanup.manager [-] Deleting neutron.port object s_rally_e0758058_2Y2BeuQI (f87eedaf-ecfd-45b4-bc06-24e2fefd3d45)
2019-07-30 09:41:59.691 22705 RALLYDEBUG rally_openstack.cleanup.manager [-] Deleting neutron.port object s_rally_e0758058_oLJVF7d9 (faab3f8e-c50c-4f51-894d-99a2318eadf2)
2019-07-30 09:41:59.691 22705 RALLYDEBUG rally_openstack.cleanup.manager [-] Deleting neutron.port object s_rally_e0758058_cNIbhCso (f93903d9-f5bd-418d-8588-b97f64906f60)
2019-07-30 09:41:59.715 22705 RALLYDEBUG rally_openstack.cleanup.manager [-] Deleting neutron.port object s_rally_e0758058_JQIUSxCd (fb3adcdb-f8db-4b45-9676-ee15cc30b3b8)
2019-07-30 09:42:00.228 22705 RALLYDEBUG rally_openstack.cleanup.manager [-] Deleting neutron.port object s_rally_e0758058_QOPHIGhZ (fcdd570a-b375-427a-aa6c-3fab44196c4b)
2019-07-30 09:42:00.495 22705 RALLYDEBUG rally_openstack.cleanup.manager [-] Deleting neutron.port object s_rally_e0758058_yjsyhHCT (fd4858a6-3b35-484f-b9c9-8d19758ae3f3)
2019-07-30 09:42:00.502 22705 RALLYDEBUG rally_openstack.cleanup.manager [-] Deleting neutron.port object s_rally_e0758058_jv8EQR4f (fd4b0e0b-b37d-4de1-8893-5f5041166491)
2019-07-30 09:42:00.551 22705 RALLYDEBUG rally_openstack.cleanup.manager [-] Deleting neutron.port object s_rally_e0758058_8EuYvtPD (fe678585-d9d1-40fa-8e46-71ca09b20942)
2019-07-30 09:42:00.664 22705 RALLYDEBUG rally_openstack.cleanup.manager [-] Deleting neutron.port object s_rally_e0758058_iRmXXWwJ (fec51c80-67a5-4a8f-a3ba-5e588744dd88)
2019-07-30 09:42:03.363 22705 RALLYDEBUG rally_openstack.cleanup.manager [-] Cleaning up neutron subnet objects
2019-07-30 09:42:04.101 22705 RALLYDEBUG rally_openstack.cleanup.manager [-] Cleaning up neutron network objects
2019-07-30 09:42:04.929 22705 RALLYDEBUG rally_openstack.cleanup.manager [-] Deleting neutron.network object s_rally_e0758058_FOIlmfEi (09bd5430-58aa-4587-b229-7895a514600f)
2019-07-30 09:42:04.935 22705 RALLYDEBUG rally_openstack.cleanup.manager [-] Deleting neutron.network object s_rally_e0758058_91ddSfT5 (0a71d51d-70a9-424f-9908-a50c7e7ae6a0)
2019-07-30 09:42:04.945 22705 RALLYDEBUG rally_openstack.cleanup.manager [-] Deleting neutron.network object s_rally_e0758058_1cRUzm9E (2342d1d4-6f59-4701-b68e-c653e8215b14)
2019-07-30 09:42:04.950 22705 RALLYDEBUG rally_openstack.cleanup.manager [-] Deleting neutron.network object s_rally_e0758058_NarGspWJ (270e00fc-a6af-47de-833f-2924b45c3ceb)
2019-07-30 09:42:04.963 22705 RALLYDEBUG rally_openstack.cleanup.manager [-] Deleting neutron.network object s_rally_e0758058_tKT3Dan9 (328ac2f0-3951-4ef4-ab72-aebace6fcd34)
2019-07-30 09:42:04.969 22705 RALLYDEBUG rally_openstack.cleanup.manager [-] Deleting neutron.network object s_rally_e0758058_6bJqWhZu (3320dc97-27dd-4549-a4f5-f9aa09704e3f)
2019-07-30 09:42:04.982 22705 RALLYDEBUG rally_openstack.cleanup.manager [-] Deleting neutron.network object s_rally_e0758058_1kgPgbkS (359e5558-a1dd-4e38-8516-9050451a8615)
2019-07-30 09:42:04.993 22705 RALLYDEBUG rally_openstack.cleanup.manager [-] Deleting neutron.network object s_rally_e0758058_g0OSfORP (3a870402-f8cc-4310-99cf-c6b12defae8e)
2019-07-30 09:42:05.005 22705 RALLYDEBUG rally_openstack.cleanup.manager [-] Deleting neutron.network object s_rally_e0758058_uZHqlz2t (437b461a-7093-4b06-8dd0-0b882b4b5de5)
2019-07-30 09:42:05.014 22705 RALLYDEBUG rally_openstack.cleanup.manager [-] Deleting neutron.network object s_rally_e0758058_8NBGaDCg (49642c1f-e1a2-45dc-bca3-96981d2d8fcf)
2019-07-30 09:42:05.048 22705 RALLYDEBUG rally_openstack.cleanup.manager [-] Deleting neutron.network object s_rally_e0758058_byWzetMj (50790004-9238-4bbd-a555-c7df36cfad79)
2019-07-30 09:42:05.070 22705 RALLYDEBUG rally_openstack.cleanup.manager [-] Deleting neutron.network object s_rally_e0758058_af3oncVe (508f1c77-cb73-4517-9f8f-22c68aa2a1b5)
2019-07-30 09:42:05.082 22705 RALLYDEBUG rally_openstack.cleanup.manager [-] Deleting neutron.network object s_rally_e0758058_koKNpHMF (52163f75-b0f6-4f0f-a69a-cf7c6814401b)
2019-07-30 09:42:05.084 22705 RALLYDEBUG rally_openstack.cleanup.manager [-] Deleting neutron.network object s_rally_e0758058_rTV56lEy (5872e8fd-c805-4aa7-8648-fa6b93c1a495)
2019-07-30 09:42:05.102 22705 RALLYDEBUG rally_openstack.cleanup.manager [-] Deleting neutron.network object s_rally_e0758058_uETuoBuc (59937f60-389d-41a2-83a8-b1631ada9565)
2019-07-30 09:42:05.109 22705 RALLYDEBUG rally_openstack.cleanup.manager [-] Deleting neutron.network object s_rally_e0758058_21pg2hLa (59b0e26b-8d1b-4f6a-986d-0b503ac452e9)
2019-07-30 09:42:05.132 22705 RALLYDEBUG rally_openstack.cleanup.manager [-] Deleting neutron.network object s_rally_e0758058_tOFmFANA (636dd975-79b9-4c64-b3ce-ea3c52ef58e4)
2019-07-30 09:42:05.133 22705 RALLYDEBUG rally_openstack.cleanup.manager [-] Deleting neutron.network object s_rally_e0758058_O2zgh3SM (74a5b52f-de10-45f9-b6ca-0ab96a656706)
2019-07-30 09:42:05.140 22705 RALLYDEBUG rally_openstack.cleanup.manager [-] Deleting neutron.network object s_rally_e0758058_08iwZYZI (7a40ee97-f4ea-4118-9cd4-9dfbb82668ab)
2019-07-30 09:42:05.147 22705 RALLYDEBUG rally_openstack.cleanup.manager [-] Deleting neutron.network object s_rally_e0758058_JxAxt0ef (7b5a4caf-6a5f-41a3-bb03-807739bfc558)
2019-07-30 09:42:08.225 22705 RALLYDEBUG rally_openstack.cleanup.manager [-] Deleting neutron.network object s_rally_e0758058_2z7cyEeT (855cb808-4d2e-4642-9b6b-b93c014285f3)
2019-07-30 09:42:08.528 22705 RALLYDEBUG rally_openstack.cleanup.manager [-] Deleting neutron.network object s_rally_e0758058_3xyyrQyO (967fa0b5-ace0-49cf-acc1-f914e3e56f78)
2019-07-30 09:42:08.892 22705 RALLYDEBUG rally_openstack.cleanup.manager [-] Deleting neutron.network object s_rally_e0758058_g16UWHBs (96caea72-9ffc-4cac-8946-699bfff27215)
2019-07-30 09:42:08.893 22705 RALLYDEBUG rally_openstack.cleanup.manager [-] Deleting neutron.network object s_rally_e0758058_q93atz3h (9a98c09f-1f42-4aef-b4f1-b5d05c0051dc)
2019-07-30 09:42:09.152 22705 RALLYDEBUG rally_openstack.cleanup.manager [-] Deleting neutron.network object s_rally_e0758058_Sc2Xph2K (9bc12012-db09-4b37-96ff-35711bacc067)
2019-07-30 09:42:09.191 22705 RALLYDEBUG rally_openstack.cleanup.manager [-] Deleting neutron.network object s_rally_e0758058_hpFLiEkA (ad2270cc-1d9a-4ccd-a516-ddf385f6dae8)
2019-07-30 09:42:09.191 22705 RALLYDEBUG rally_openstack.cleanup.manager [-] Deleting neutron.network object s_rally_e0758058_qY9MfVuQ (b5b5ebda-ef97-4cc8-b222-b2b7558f04c6)
2019-07-30 09:42:09.227 22705 RALLYDEBUG rally_openstack.cleanup.manager [-] Deleting neutron.network object s_rally_e0758058_MAQEaLwX (b6929255-6cec-4018-a3a6-dcdd3cc58430)
2019-07-30 09:42:09.279 22705 RALLYDEBUG rally_openstack.cleanup.manager [-] Deleting neutron.network object s_rally_e0758058_dbirXq3V (cda007e8-9f90-49ea-80e1-853355b7f354)
2019-07-30 09:42:09.286 22705 RALLYDEBUG rally_openstack.cleanup.manager [-] Deleting neutron.network object s_rally_e0758058_awZUnw6s (cee23d51-5f1a-40ca-b6a1-05a5fc5c286a)
2019-07-30 09:42:09.511 22705 RALLYDEBUG rally_openstack.cleanup.manager [-] Deleting neutron.network object s_rally_e0758058_aA5YVj4b (d48f67f1-a0b3-4fc3-adcd-854370e7ee3e)
2019-07-30 09:42:09.550 22705 RALLYDEBUG rally_openstack.cleanup.manager [-] Deleting neutron.network object s_rally_e0758058_D5ffWjTC (d8ca8133-d380-48ef-bed2-090c98151163)
2019-07-30 09:42:09.580 22705 RALLYDEBUG rally_openstack.cleanup.manager [-] Deleting neutron.network object s_rally_e0758058_Bs27yoek (dbbbb075-5524-4e77-ac7d-0ad081b9c07c)
2019-07-30 09:42:10.617 22705 RALLYDEBUG rally_openstack.cleanup.manager [-] Deleting neutron.network object s_rally_e0758058_QVh0T0As (e4fb3a8f-69aa-4a95-8927-07c1d67b9b79)
2019-07-30 09:42:10.623 22705 RALLYDEBUG rally_openstack.cleanup.manager [-] Deleting neutron.network object s_rally_e0758058_LHIdCs8U (e66752b1-ff33-4ac0-be99-ed2e8f5ce71a)
2019-07-30 09:42:10.643 22705 RALLYDEBUG rally_openstack.cleanup.manager [-] Deleting neutron.network object s_rally_e0758058_6vtH0Qgs (e87b2ff4-2388-4e4a-aae3-e34594b4c8e3)
2019-07-30 09:42:10.917 22705 RALLYDEBUG rally_openstack.cleanup.manager [-] Deleting neutron.network object s_rally_e0758058_yURHhqeu (eb344cb8-ba8a-4e98-868a-e9d2f8c4a7d9)
2019-07-30 09:42:10.939 22705 RALLYDEBUG rally_openstack.cleanup.manager [-] Deleting neutron.network object s_rally_e0758058_WavfBKqR (ec1ee62b-ba08-49a3-b9b1-e140865db68c)
2019-07-30 09:42:11.035 22705 RALLYDEBUG rally_openstack.cleanup.manager [-] Deleting neutron.network object s_rally_e0758058_AMIIbzog (fcb3e2a0-0197-4385-a802-075a002cadb2)
2019-07-30 09:42:11.051 22705 RALLYDEBUG rally_openstack.cleanup.manager [-] Deleting neutron.network object s_rally_e0758058_KZOLGUXW (fe24995a-aa96-43ba-9de2-bf2bd204700a)
2019-07-30 09:42:14.956 22705 RALLYDEBUG rally_openstack.cleanup.manager [-] Cleaning up neutron router objects
2019-07-30 09:42:15.640 22705 RALLYDEBUG rally_openstack.cleanup.manager [-] Cleaning up neutron security_group objects
2019-07-30 09:42:16.293 22705 INFO rally.task.context [-] Task bf3beea5-bb52-491e-9d49-35ad5cad1f16 | Context cleanup@openstack cleanup() finished in 50.58 sec
2019-07-30 09:42:16.293 22705 INFO rally.task.context [-] Task bf3beea5-bb52-491e-9d49-35ad5cad1f16 | Context quotas@openstack cleanup() started
2019-07-30 09:42:16.597 22705 INFO rally.task.context [-] Task bf3beea5-bb52-491e-9d49-35ad5cad1f16 | Context quotas@openstack cleanup() finished in 0.30 sec
2019-07-30 09:42:16.598 22705 INFO rally.task.context [-] Task bf3beea5-bb52-491e-9d49-35ad5cad1f16 | Context users@openstack cleanup() started
2019-07-30 09:42:21.012 22705 INFO rally.task.context [-] Task bf3beea5-bb52-491e-9d49-35ad5cad1f16 | Context users@openstack cleanup() finished in 4.41 sec
2019-07-30 09:42:22.168 22705 INFO rally.task.engine [-] Load duration is: 36.642557
2019-07-30 09:42:22.168 22705 INFO rally.task.engine [-] Full runner duration is: 36.695317
2019-07-30 09:42:22.168 22705 INFO rally.task.engine [-] Full duration is: 97.218145
2019-07-30 09:42:22.545 22705 INFO rally.task.engine [-] Running workload: position = 2 config = { "version": 2, "title": "A cropped version of a bigger task.", "description": "Auto-generated task from a single workload (uuid=c56f81ff-2a4b-434f-854a-469fdd86ea21)", "subtasks": [ { "title": "NeutronNetworks.create_and_delete_ports", "description": "Create and delete a port.", "scenario": { "NeutronNetworks.create_and_delete_ports": { "network_create_args": {}, "port_create_args": {}, "ports_per_network": 5 } }, "contexts": { "users": { "tenants": 1, "users_per_tenant": 1 }, "quotas": { "neutron": { "network": -1, "port": -1 } } }, "runner": { "constant": { "times": 40, "concurrency": 20 } }, "hooks": [], "sla": { "failure_rate": { "max": 0 } } } ] }
2019-07-30 09:42:22.567 22705 RALLYDEBUG rally_openstack.contexts.keystone.users [-] Creating 1 tenants using 20 threads
2019-07-30 09:42:24.247 22705 RALLYDEBUG rally_openstack.contexts.keystone.users [-] Creating 1 users using 20 threads
2019-07-30 09:42:26.721 22705 INFO rally.task.context [-] Task bf3beea5-bb52-491e-9d49-35ad5cad1f16 | Context users@openstack setup() finished in 4.15 sec
2019-07-30 09:42:27.407 22705 INFO rally.task.context [-] Task bf3beea5-bb52-491e-9d49-35ad5cad1f16 | Context quotas@openstack setup() finished in 0.69 sec
2019-07-30 09:42:27.407 22705 INFO rally.task.context [-] Task bf3beea5-bb52-491e-9d49-35ad5cad1f16 | Context cleanup@openstack setup() finished in 0.00 msec
2019-07-30 09:42:27.415 22705 RALLYDEBUG rally.task.runner [-] Starting the constant runner (task UUID: bf3beea5-bb52-491e-9d49-35ad5cad1f16). timeout: 0 concurrency: 20 concurrency_per_worker: 1 times: 40 concurrency_overhead: 4 processes_to_start: 16 max_cpu_used: 16
2019-07-30 09:42:27.426 26951 RALLYDEBUG rally.task.runner [-] Starting a worker. concurrency: 2 args: {"network_create_args": {}, "port_create_args": {}, "ports_per_network": 5} times: 40 method_name: run timeout: 0 duration: None cls:
2019-07-30 09:42:27.428 26952 RALLYDEBUG rally.task.runner [-] Starting a worker. concurrency: 2 args: {"network_create_args": {}, "port_create_args": {}, "ports_per_network": 5} times: 40 method_name: run timeout: 0 duration: None cls:
2019-07-30 09:42:27.432 26951 INFO rally.task.runner [-] Task bf3beea5-bb52-491e-9d49-35ad5cad1f16 | ITER: 1 START
2019-07-30 09:42:27.432 26953 RALLYDEBUG rally.task.runner [-] Starting a worker. concurrency: 2 args: {"network_create_args": {}, "port_create_args": {}, "ports_per_network": 5} times: 40 method_name: run timeout: 0 duration: None cls:
2019-07-30 09:42:27.434 26951 WARNING rally_openstack.scenarios.neutron.utils [-] Running this scenario without either the 'network' or 'existing_network' context is deprecated
2019-07-30 09:42:27.434 26952 INFO rally.task.runner [-] Task bf3beea5-bb52-491e-9d49-35ad5cad1f16 | ITER: 2 START
2019-07-30 09:42:27.436 26952 WARNING rally_openstack.scenarios.neutron.utils [-] Running this scenario without either the 'network' or 'existing_network' context is deprecated
2019-07-30 09:42:27.437 26954 RALLYDEBUG rally.task.runner [-] Starting a worker. concurrency: 2 args: {"network_create_args": {}, "port_create_args": {}, "ports_per_network": 5} times: 40 method_name: run timeout: 0 duration: None cls:
2019-07-30 09:42:27.440 26952 INFO rally.task.runner [-] Task bf3beea5-bb52-491e-9d49-35ad5cad1f16 | ITER: 4 START
2019-07-30 09:42:27.441 26952 WARNING rally_openstack.scenarios.neutron.utils [-] Running this scenario without either the 'network' or 'existing_network' context is deprecated
2019-07-30 09:42:27.441 26960 RALLYDEBUG rally.task.runner [-] Starting a worker. concurrency: 1 args: {"network_create_args": {}, "port_create_args": {}, "ports_per_network": 5} times: 40 method_name: run timeout: 0 duration: None cls:
2019-07-30 09:42:27.442 26953 INFO rally.task.runner [-] Task bf3beea5-bb52-491e-9d49-35ad5cad1f16 | ITER: 5 START
2019-07-30 09:42:27.443 26953 WARNING rally_openstack.scenarios.neutron.utils [-] Running this scenario without either the 'network' or 'existing_network' context is deprecated
2019-07-30 09:42:27.443 26951 INFO rally.task.runner [-] Task bf3beea5-bb52-491e-9d49-35ad5cad1f16 | ITER: 3 START
2019-07-30 09:42:27.443 26962 RALLYDEBUG rally.task.runner [-] Starting a worker. concurrency: 1 args: {"network_create_args": {}, "port_create_args": {}, "ports_per_network": 5} times: 40 method_name: run timeout: 0 duration: None cls:
2019-07-30 09:42:27.445 26951 WARNING rally_openstack.scenarios.neutron.utils [-] Running this scenario without either the 'network' or 'existing_network' context is deprecated
2019-07-30 09:42:27.446 26953 INFO rally.task.runner [-] Task bf3beea5-bb52-491e-9d49-35ad5cad1f16 | ITER: 6 START
2019-07-30 09:42:27.445 26966 RALLYDEBUG rally.task.runner [-] Starting a worker. concurrency: 1 args: {"network_create_args": {}, "port_create_args": {}, "ports_per_network": 5} times: 40 method_name: run timeout: 0 duration: None cls:
2019-07-30 09:42:27.447 26953 WARNING rally_openstack.scenarios.neutron.utils [-] Running this scenario without either the 'network' or 'existing_network' context is deprecated
2019-07-30 09:42:27.448 26954 INFO rally.task.runner [-] Task bf3beea5-bb52-491e-9d49-35ad5cad1f16 | ITER: 8 START
2019-07-30 09:42:27.449 26960 INFO rally.task.runner [-] Task bf3beea5-bb52-491e-9d49-35ad5cad1f16 | ITER: 9 START
2019-07-30 09:42:27.450 26962 INFO rally.task.runner [-] Task bf3beea5-bb52-491e-9d49-35ad5cad1f16 | ITER: 10 START
2019-07-30 09:42:27.450 26960 WARNING rally_openstack.scenarios.neutron.utils [-] Running this scenario without either the 'network' or 'existing_network' context is deprecated
2019-07-30 09:42:27.448 26954 INFO rally.task.runner [-] Task bf3beea5-bb52-491e-9d49-35ad5cad1f16 | ITER: 7 START
2019-07-30 09:42:27.450 26954 WARNING rally_openstack.scenarios.neutron.utils [-] Running this scenario without either the 'network' or 'existing_network' context is deprecated
2019-07-30 09:42:27.451 26966 INFO rally.task.runner [-] Task bf3beea5-bb52-491e-9d49-35ad5cad1f16 | ITER: 11 START
2019-07-30 09:42:27.451 26962 WARNING rally_openstack.scenarios.neutron.utils [-] Running this scenario without either the 'network' or 'existing_network' context is deprecated
2019-07-30 09:42:27.451 26973 RALLYDEBUG rally.task.runner [-] Starting a worker. concurrency: 1 args: {"network_create_args": {}, "port_create_args": {}, "ports_per_network": 5} times: 40 method_name: run timeout: 0 duration: None cls:
2019-07-30 09:42:27.451 26968 RALLYDEBUG rally.task.runner [-] Starting a worker. concurrency: 1 args: {"network_create_args": {}, "port_create_args": {}, "ports_per_network": 5} times: 40 method_name: run timeout: 0 duration: None cls:
2019-07-30 09:42:27.452 26966 WARNING rally_openstack.scenarios.neutron.utils [-] Running this scenario without either the 'network' or 'existing_network' context is deprecated
2019-07-30 09:42:27.454 26973 INFO rally.task.runner [-] Task bf3beea5-bb52-491e-9d49-35ad5cad1f16 | ITER: 12 START
2019-07-30 09:42:27.450 26954 WARNING rally_openstack.scenarios.neutron.utils [-] Running this scenario without either the 'network' or 'existing_network' context is deprecated
2019-07-30 09:42:27.459 26980 RALLYDEBUG rally.task.runner [-] Starting a worker. concurrency: 1 args: {"network_create_args": {}, "port_create_args": {}, "ports_per_network": 5} times: 40 method_name: run timeout: 0 duration: None cls:
2019-07-30 09:42:27.455 26973 WARNING rally_openstack.scenarios.neutron.utils [-] Running this scenario without either the 'network' or 'existing_network' context is deprecated
2019-07-30 09:42:27.461 26968 INFO rally.task.runner [-] Task bf3beea5-bb52-491e-9d49-35ad5cad1f16 | ITER: 13 START
2019-07-30 09:42:27.463 26968 WARNING rally_openstack.scenarios.neutron.utils [-] Running this scenario without either the 'network' or 'existing_network' context is deprecated
2019-07-30 09:42:27.471 26980 INFO rally.task.runner [-] Task bf3beea5-bb52-491e-9d49-35ad5cad1f16 | ITER: 14 START
2019-07-30 09:42:27.472 26980 WARNING rally_openstack.scenarios.neutron.utils [-] Running this scenario without either the 'network' or 'existing_network' context is deprecated
2019-07-30 09:42:27.472 26985 RALLYDEBUG rally.task.runner [-] Starting a worker. concurrency: 1 args: {"network_create_args": {}, "port_create_args": {}, "ports_per_network": 5} times: 40 method_name: run timeout: 0 duration: None cls:
2019-07-30 09:42:27.477 26985 INFO rally.task.runner [-] Task bf3beea5-bb52-491e-9d49-35ad5cad1f16 | ITER: 15 START
2019-07-30 09:42:27.478 26985 WARNING rally_openstack.scenarios.neutron.utils [-] Running this scenario without either the 'network' or 'existing_network' context is deprecated
2019-07-30 09:42:27.480 26986 RALLYDEBUG rally.task.runner [-] Starting a worker. concurrency: 1 args: {"network_create_args": {}, "port_create_args": {}, "ports_per_network": 5} times: 40 method_name: run timeout: 0 duration: None cls:
2019-07-30 09:42:27.484 26986 INFO rally.task.runner [-] Task bf3beea5-bb52-491e-9d49-35ad5cad1f16 | ITER: 16 START
2019-07-30 09:42:27.486 26986 WARNING rally_openstack.scenarios.neutron.utils [-] Running this scenario without either the 'network' or 'existing_network' context is deprecated
2019-07-30 09:42:27.488 26989 RALLYDEBUG rally.task.runner [-] Starting a worker. concurrency: 1 args: {"network_create_args": {}, "port_create_args": {}, "ports_per_network": 5} times: 40 method_name: run timeout: 0 duration: None cls:
2019-07-30 09:42:27.490 26992 RALLYDEBUG rally.task.runner [-] Starting a worker. concurrency: 1 args: {"network_create_args": {}, "port_create_args": {}, "ports_per_network": 5} times: 40 method_name: run timeout: 0 duration: None cls:
2019-07-30 09:42:27.493 26989 INFO rally.task.runner [-] Task bf3beea5-bb52-491e-9d49-35ad5cad1f16 | ITER: 17 START
2019-07-30 09:42:27.494 26989 WARNING rally_openstack.scenarios.neutron.utils [-] Running this scenario without either the 'network' or 'existing_network' context is deprecated
2019-07-30 09:42:27.495 26992 INFO rally.task.runner [-] Task bf3beea5-bb52-491e-9d49-35ad5cad1f16 | ITER: 18 START
2019-07-30 09:42:27.496 26992 WARNING rally_openstack.scenarios.neutron.utils [-] Running this scenario without either the 'network' or 'existing_network' context is deprecated
2019-07-30 09:42:27.496 26995 RALLYDEBUG rally.task.runner [-] Starting a worker. concurrency: 1 args: {"network_create_args": {}, "port_create_args": {}, "ports_per_network": 5} times: 40 method_name: run timeout: 0 duration: None cls:
2019-07-30 09:42:27.500 26995 INFO rally.task.runner [-] Task bf3beea5-bb52-491e-9d49-35ad5cad1f16 | ITER: 19 START
2019-07-30 09:42:27.501 26995 WARNING rally_openstack.scenarios.neutron.utils [-] Running this scenario without either the 'network' or 'existing_network' context is deprecated
2019-07-30 09:42:27.500 26998 RALLYDEBUG rally.task.runner [-] Starting a worker. concurrency: 1 args: {"network_create_args": {}, "port_create_args": {}, "ports_per_network": 5} times: 40 method_name: run timeout: 0 duration: None cls:
2019-07-30 09:42:27.504 26998 INFO rally.task.runner [-] Task bf3beea5-bb52-491e-9d49-35ad5cad1f16 | ITER: 20 START
2019-07-30 09:42:27.505 26998 WARNING rally_openstack.scenarios.neutron.utils [-] Running this scenario without either the 'network' or 'existing_network' context is deprecated
2019-07-30 09:42:38.211 26985 INFO rally.task.runner [-] Task bf3beea5-bb52-491e-9d49-35ad5cad1f16 | ITER: 15 END: OK
2019-07-30 09:42:38.216 26985 INFO rally.task.runner [-] Task bf3beea5-bb52-491e-9d49-35ad5cad1f16 | ITER: 21 START
2019-07-30 09:42:38.216 26985 WARNING rally_openstack.scenarios.neutron.utils [-] Running this scenario without either the 'network' or 'existing_network' context is deprecated
2019-07-30 09:42:38.226 26986 INFO rally.task.runner [-] Task bf3beea5-bb52-491e-9d49-35ad5cad1f16 | ITER: 16 END: OK
2019-07-30 09:42:38.230 26986 INFO rally.task.runner [-] Task bf3beea5-bb52-491e-9d49-35ad5cad1f16 | ITER: 22 START
2019-07-30 09:42:38.230 26986 WARNING rally_openstack.scenarios.neutron.utils [-] Running this scenario without either the 'network' or 'existing_network' context is deprecated
2019-07-30 09:42:38.537 26980 INFO rally.task.runner [-] Task bf3beea5-bb52-491e-9d49-35ad5cad1f16 | ITER: 14 END: OK
2019-07-30 09:42:38.542 26980 INFO rally.task.runner [-] Task bf3beea5-bb52-491e-9d49-35ad5cad1f16 | ITER: 23 START
2019-07-30 09:42:38.542 26980 WARNING rally_openstack.scenarios.neutron.utils [-] Running this scenario without either the 'network' or 'existing_network' context is deprecated
2019-07-30 09:42:44.264 26952 INFO rally.task.runner [-] Task bf3beea5-bb52-491e-9d49-35ad5cad1f16 | ITER: 4 END: OK
2019-07-30 09:42:44.269 26952 INFO rally.task.runner [-] Task bf3beea5-bb52-491e-9d49-35ad5cad1f16 | ITER: 24 START
2019-07-30 09:42:44.270 26952 WARNING rally_openstack.scenarios.neutron.utils [-] Running this scenario without either the 'network' or 'existing_network' context is deprecated
2019-07-30 09:42:44.411 26954 INFO rally.task.runner [-] Task bf3beea5-bb52-491e-9d49-35ad5cad1f16 | ITER: 7 END: OK
2019-07-30 09:42:44.415 26954 INFO rally.task.runner [-] Task bf3beea5-bb52-491e-9d49-35ad5cad1f16 | ITER: 25 START
2019-07-30 09:42:44.416 26954 WARNING rally_openstack.scenarios.neutron.utils [-] Running this scenario without either the 'network' or 'existing_network' context is deprecated
2019-07-30 09:42:46.711 26951 INFO rally.task.runner [-] Task bf3beea5-bb52-491e-9d49-35ad5cad1f16 | ITER: 3 END: OK
2019-07-30 09:42:46.716 26951 INFO rally.task.runner [-] Task bf3beea5-bb52-491e-9d49-35ad5cad1f16 | ITER: 26 START
2019-07-30 09:42:46.716 26951 WARNING rally_openstack.scenarios.neutron.utils [-] Running this scenario without either the 'network' or 'existing_network' context is deprecated
2019-07-30 09:42:46.717 26968 INFO rally.task.runner [-] Task bf3beea5-bb52-491e-9d49-35ad5cad1f16 | ITER: 13 END: OK
2019-07-30 09:42:46.721 26968 INFO rally.task.runner [-] Task bf3beea5-bb52-491e-9d49-35ad5cad1f16 | ITER: 27 START
2019-07-30 09:42:46.721 26968 WARNING rally_openstack.scenarios.neutron.utils [-] Running this scenario without either the 'network' or 'existing_network' context is deprecated
2019-07-30 09:42:46.755 26986 INFO rally.task.runner [-] Task bf3beea5-bb52-491e-9d49-35ad5cad1f16 | ITER: 22 END: OK
2019-07-30 09:42:46.758 26986 INFO rally.task.runner [-] Task bf3beea5-bb52-491e-9d49-35ad5cad1f16 | ITER: 28 START
2019-07-30 09:42:46.758 26986 WARNING rally_openstack.scenarios.neutron.utils [-] Running this scenario without either the 'network' or 'existing_network' context is deprecated
2019-07-30 09:42:47.465 26985 INFO rally.task.runner [-] Task bf3beea5-bb52-491e-9d49-35ad5cad1f16 | ITER: 21 END: OK
2019-07-30 09:42:47.469 26985 INFO rally.task.runner [-] Task bf3beea5-bb52-491e-9d49-35ad5cad1f16 | ITER: 29 START
2019-07-30 09:42:47.469 26985 WARNING rally_openstack.scenarios.neutron.utils [-] Running this scenario without either the 'network' or 'existing_network' context is deprecated
2019-07-30 09:42:48.522 26980 INFO rally.task.runner [-] Task bf3beea5-bb52-491e-9d49-35ad5cad1f16 | ITER: 23 END: OK
2019-07-30 09:42:48.526 26980 INFO rally.task.runner [-] Task bf3beea5-bb52-491e-9d49-35ad5cad1f16 | ITER: 30 START
2019-07-30 09:42:48.527 26980 WARNING rally_openstack.scenarios.neutron.utils [-] Running this scenario without either the 'network' or 'existing_network' context is deprecated
2019-07-30 09:42:52.544 26962 INFO rally.task.runner [-] Task bf3beea5-bb52-491e-9d49-35ad5cad1f16 | ITER: 10 END: OK
2019-07-30 09:42:52.550 26962 INFO rally.task.runner [-] Task bf3beea5-bb52-491e-9d49-35ad5cad1f16 | ITER: 31 START
2019-07-30 09:42:52.550 26962 WARNING rally_openstack.scenarios.neutron.utils [-] Running this scenario without either the 'network' or 'existing_network' context is deprecated
2019-07-30 09:42:53.083 26951 INFO rally.task.runner [-] Task bf3beea5-bb52-491e-9d49-35ad5cad1f16 | ITER: 1 END: OK
2019-07-30 09:42:53.086 26951 INFO rally.task.runner [-] Task bf3beea5-bb52-491e-9d49-35ad5cad1f16 | ITER: 32 START
2019-07-30 09:42:53.087 26951 WARNING rally_openstack.scenarios.neutron.utils [-] Running this scenario without either the 'network' or 'existing_network' context is deprecated
2019-07-30 09:42:53.664 26953 INFO rally.task.runner [-] Task bf3beea5-bb52-491e-9d49-35ad5cad1f16 | ITER: 5 END: OK
2019-07-30 09:42:53.668 26953 INFO rally.task.runner [-] Task bf3beea5-bb52-491e-9d49-35ad5cad1f16 | ITER: 33 START
2019-07-30 09:42:53.668 26953 WARNING rally_openstack.scenarios.neutron.utils [-] Running this scenario without either the 'network' or 'existing_network' context is deprecated
2019-07-30 09:42:53.768 26954 INFO rally.task.runner [-] Task bf3beea5-bb52-491e-9d49-35ad5cad1f16 | ITER: 25 END: OK
2019-07-30 09:42:53.771 26954 INFO rally.task.runner [-] Task bf3beea5-bb52-491e-9d49-35ad5cad1f16 | ITER: 34 START
2019-07-30 09:42:53.772 26954 WARNING rally_openstack.scenarios.neutron.utils [-] Running this scenario without either the 'network' or 'existing_network' context is deprecated
2019-07-30 09:42:54.117 26952 INFO rally.task.runner [-] Task bf3beea5-bb52-491e-9d49-35ad5cad1f16 | ITER: 2 END: OK
2019-07-30 09:42:54.120 26952 INFO rally.task.runner [-] Task bf3beea5-bb52-491e-9d49-35ad5cad1f16 | ITER: 35 START
2019-07-30 09:42:54.120 26952 WARNING rally_openstack.scenarios.neutron.utils [-] Running this scenario without either the 'network' or 'existing_network' context is deprecated
2019-07-30 09:42:54.208 26952 INFO rally.task.runner [-] Task bf3beea5-bb52-491e-9d49-35ad5cad1f16 | ITER: 24 END: OK
2019-07-30 09:42:54.211 26952 INFO rally.task.runner [-] Task bf3beea5-bb52-491e-9d49-35ad5cad1f16 | ITER: 36 START
2019-07-30 09:42:54.211 26952 WARNING rally_openstack.scenarios.neutron.utils [-] Running this scenario without either the 'network' or 'existing_network' context is deprecated
2019-07-30 09:42:54.660 26953 INFO rally.task.runner [-] Task bf3beea5-bb52-491e-9d49-35ad5cad1f16 | ITER: 6 END: OK
2019-07-30 09:42:54.663 26953 INFO rally.task.runner [-] Task bf3beea5-bb52-491e-9d49-35ad5cad1f16 | ITER: 37 START
2019-07-30 09:42:54.664 26953 WARNING rally_openstack.scenarios.neutron.utils [-] Running this scenario without either the 'network' or 'existing_network' context is deprecated
2019-07-30 09:42:54.669 26966 INFO rally.task.runner [-] Task bf3beea5-bb52-491e-9d49-35ad5cad1f16 | ITER: 11 END: OK
2019-07-30 09:42:54.673 26966 INFO rally.task.runner [-] Task bf3beea5-bb52-491e-9d49-35ad5cad1f16 | ITER: 38 START
2019-07-30 09:42:54.673 26966 WARNING rally_openstack.scenarios.neutron.utils [-] Running this scenario without either the 'network' or 'existing_network' context is deprecated
