2019-07-30 09:27:38.685 24811 RALLYDEBUG rally.task.runner [-] Starting a worker. concurrency: 1 args: {"network_create_args": {}, "subnet_create_args": {}, "subnet_cidr_start": "1.1.0.0/30", "subnets_per_network": 2} times: 40 method_name: run timeout: 0 duration: None cls:
2019-07-30 09:27:38.687 24807 INFO rally.task.runner [-] Task bf3beea5-bb52-491e-9d49-35ad5cad1f16 | ITER: 10 START
2019-07-30 09:27:38.681 24801 WARNING rally_openstack.scenarios.neutron.utils [-] Running this scenario without either the 'network' or 'existing_network' context is deprecated
2019-07-30 09:27:38.689 24807 WARNING rally_openstack.scenarios.neutron.utils [-] Running this scenario without either the 'network' or 'existing_network' context is deprecated
2019-07-30 09:27:38.690 24799 INFO rally.task.runner [-] Task bf3beea5-bb52-491e-9d49-35ad5cad1f16 | ITER: 3 START
2019-07-30 09:27:38.691 24799 WARNING rally_openstack.scenarios.neutron.utils [-] Running this scenario without either the 'network' or 'existing_network' context is deprecated
2019-07-30 09:27:38.692 24800 INFO rally.task.runner [-] Task bf3beea5-bb52-491e-9d49-35ad5cad1f16 | ITER: 5 START
2019-07-30 09:27:38.685 24802 INFO rally.task.runner [-] Task bf3beea5-bb52-491e-9d49-35ad5cad1f16 | ITER: 9 START
2019-07-30 09:27:38.693 24800 WARNING rally_openstack.scenarios.neutron.utils [-] Running this scenario without either the 'network' or 'existing_network' context is deprecated
2019-07-30 09:27:38.693 24802 WARNING rally_openstack.scenarios.neutron.utils [-] Running this scenario without either the 'network' or 'existing_network' context is deprecated
2019-07-30 09:27:38.692 24817 RALLYDEBUG rally.task.runner [-] Starting a worker. concurrency: 1 args: {"network_create_args": {}, "subnet_create_args": {}, "subnet_cidr_start": "1.1.0.0/30", "subnets_per_network": 2} times: 40 method_name: run timeout: 0 duration: None cls:
2019-07-30 09:27:38.694 24818 RALLYDEBUG rally.task.runner [-] Starting a worker. concurrency: 1 args: {"network_create_args": {}, "subnet_create_args": {}, "subnet_cidr_start": "1.1.0.0/30", "subnets_per_network": 2} times: 40 method_name: run timeout: 0 duration: None cls:
2019-07-30 09:27:38.697 24825 RALLYDEBUG rally.task.runner [-] Starting a worker. concurrency: 1 args: {"network_create_args": {}, "subnet_create_args": {}, "subnet_cidr_start": "1.1.0.0/30", "subnets_per_network": 2} times: 40 method_name: run timeout: 0 duration: None cls:
2019-07-30 09:27:38.697 24811 INFO rally.task.runner [-] Task bf3beea5-bb52-491e-9d49-35ad5cad1f16 | ITER: 11 START
2019-07-30 09:27:38.699 24811 WARNING rally_openstack.scenarios.neutron.utils [-] Running this scenario without either the 'network' or 'existing_network' context is deprecated
2019-07-30 09:27:38.700 24822 RALLYDEBUG rally.task.runner [-] Starting a worker. concurrency: 1 args: {"network_create_args": {}, "subnet_create_args": {}, "subnet_cidr_start": "1.1.0.0/30", "subnets_per_network": 2} times: 40 method_name: run timeout: 0 duration: None cls:
2019-07-30 09:27:38.701 24817 INFO rally.task.runner [-] Task bf3beea5-bb52-491e-9d49-35ad5cad1f16 | ITER: 12 START
2019-07-30 09:27:38.702 24818 INFO rally.task.runner [-] Task bf3beea5-bb52-491e-9d49-35ad5cad1f16 | ITER: 13 START
2019-07-30 09:27:38.701 24827 RALLYDEBUG rally.task.runner [-] Starting a worker. concurrency: 1 args: {"network_create_args": {}, "subnet_create_args": {}, "subnet_cidr_start": "1.1.0.0/30", "subnets_per_network": 2} times: 40 method_name: run timeout: 0 duration: None cls:
2019-07-30 09:27:38.703 24817 WARNING rally_openstack.scenarios.neutron.utils [-] Running this scenario without either the 'network' or 'existing_network' context is deprecated
2019-07-30 09:27:38.704 24818 WARNING rally_openstack.scenarios.neutron.utils [-] Running this scenario without either the 'network' or 'existing_network' context is deprecated
2019-07-30 09:27:38.705 24822 INFO rally.task.runner [-] Task bf3beea5-bb52-491e-9d49-35ad5cad1f16 | ITER: 15 START
2019-07-30 09:27:38.705 24825 INFO rally.task.runner [-] Task bf3beea5-bb52-491e-9d49-35ad5cad1f16 | ITER: 14 START
2019-07-30 09:27:38.706 24822 WARNING rally_openstack.scenarios.neutron.utils [-] Running this scenario without either the 'network' or 'existing_network' context is deprecated
2019-07-30 09:27:38.707 24825 WARNING rally_openstack.scenarios.neutron.utils [-] Running this scenario without either the 'network' or 'existing_network' context is deprecated
2019-07-30 09:27:38.708 24829 RALLYDEBUG rally.task.runner [-] Starting a worker. concurrency: 1 args: {"network_create_args": {}, "subnet_create_args": {}, "subnet_cidr_start": "1.1.0.0/30", "subnets_per_network": 2} times: 40 method_name: run timeout: 0 duration: None cls:
2019-07-30 09:27:38.709 24830 RALLYDEBUG rally.task.runner [-] Starting a worker. concurrency: 1 args: {"network_create_args": {}, "subnet_create_args": {}, "subnet_cidr_start": "1.1.0.0/30", "subnets_per_network": 2} times: 40 method_name: run timeout: 0 duration: None cls:
2019-07-30 09:27:38.714 24827 INFO rally.task.runner [-] Task bf3beea5-bb52-491e-9d49-35ad5cad1f16 | ITER: 16 START
2019-07-30 09:27:38.715 24827 WARNING rally_openstack.scenarios.neutron.utils [-] Running this scenario without either the 'network' or 'existing_network' context is deprecated
2019-07-30 09:27:38.716 24830 INFO rally.task.runner [-] Task bf3beea5-bb52-491e-9d49-35ad5cad1f16 | ITER: 18 START
2019-07-30 09:27:38.718 24829 INFO rally.task.runner [-] Task bf3beea5-bb52-491e-9d49-35ad5cad1f16 | ITER: 17 START
2019-07-30 09:27:38.718 24830 WARNING rally_openstack.scenarios.neutron.utils [-] Running this scenario without either the 'network' or 'existing_network' context is deprecated
2019-07-30 09:27:38.720 24829 WARNING rally_openstack.scenarios.neutron.utils [-] Running this scenario without either the 'network' or 'existing_network' context is deprecated
2019-07-30 09:27:38.722 24842 RALLYDEBUG rally.task.runner [-] Starting a worker. concurrency: 1 args: {"network_create_args": {}, "subnet_create_args": {}, "subnet_cidr_start": "1.1.0.0/30", "subnets_per_network": 2} times: 40 method_name: run timeout: 0 duration: None cls:
2019-07-30 09:27:38.729 24842 INFO rally.task.runner [-] Task bf3beea5-bb52-491e-9d49-35ad5cad1f16 | ITER: 19 START
2019-07-30 09:27:38.731 24842 WARNING rally_openstack.scenarios.neutron.utils [-] Running this scenario without either the 'network' or 'existing_network' context is deprecated
2019-07-30 09:27:38.733 24848 RALLYDEBUG rally.task.runner [-] Starting a worker. concurrency: 1 args: {"network_create_args": {}, "subnet_create_args": {}, "subnet_cidr_start": "1.1.0.0/30", "subnets_per_network": 2} times: 40 method_name: run timeout: 0 duration: None cls:
2019-07-30 09:27:38.738 24848 INFO rally.task.runner [-] Task bf3beea5-bb52-491e-9d49-35ad5cad1f16 | ITER: 20 START
2019-07-30 09:27:38.739 24848 WARNING rally_openstack.scenarios.neutron.utils [-] Running this scenario without either the 'network' or 'existing_network' context is deprecated
2019-07-30 09:27:40.448 24817 RALLYDEBUG rally_openstack.wrappers.network [-] CIDR generated: 1.1.4.96/30
2019-07-30 09:27:40.464 24800 RALLYDEBUG rally_openstack.wrappers.network [-] CIDR generated: 1.1.4.100/30
2019-07-30 09:27:40.739 24801 RALLYDEBUG rally_openstack.wrappers.network [-] CIDR generated: 1.1.4.104/30
2019-07-30 09:27:40.776 24825 RALLYDEBUG rally_openstack.wrappers.network [-] CIDR generated: 1.1.4.108/30
2019-07-30 09:27:40.777 24811 RALLYDEBUG rally_openstack.wrappers.network [-] CIDR generated: 1.1.4.112/30
2019-07-30 09:27:40.846 24803 RALLYDEBUG rally_openstack.wrappers.network [-] CIDR generated: 1.1.4.116/30
2019-07-30 09:27:40.850 24799 RALLYDEBUG rally_openstack.wrappers.network [-] CIDR generated: 1.1.4.120/30
2019-07-30 09:27:40.862 24801 RALLYDEBUG rally_openstack.wrappers.network [-] CIDR generated: 1.1.4.124/30
2019-07-30 09:27:40.896 24800 RALLYDEBUG rally_openstack.wrappers.network [-] CIDR generated: 1.1.4.128/30
2019-07-30 09:27:40.974 24802 RALLYDEBUG rally_openstack.wrappers.network [-] CIDR generated: 1.1.4.132/30
2019-07-30 09:27:41.069 24818 RALLYDEBUG rally_openstack.wrappers.network [-] CIDR generated: 1.1.4.136/30
2019-07-30 09:27:41.159 24848 RALLYDEBUG rally_openstack.wrappers.network [-] CIDR generated: 1.1.4.140/30
2019-07-30 09:27:41.328 24829 RALLYDEBUG rally_openstack.wrappers.network [-] CIDR generated: 1.1.4.144/30
2019-07-30 09:27:41.498 24799 RALLYDEBUG rally_openstack.wrappers.network [-] CIDR generated: 1.1.4.148/30
2019-07-30 09:27:41.562 24827 RALLYDEBUG rally_openstack.wrappers.network [-] CIDR generated: 1.1.4.152/30
2019-07-30 09:27:41.648 24802 RALLYDEBUG rally_openstack.wrappers.network [-] CIDR generated: 1.1.4.156/30
2019-07-30 09:27:41.801 24822 RALLYDEBUG rally_openstack.wrappers.network [-] CIDR generated: 1.1.4.160/30
2019-07-30 09:27:41.833 24818 RALLYDEBUG rally_openstack.wrappers.network [-] CIDR generated: 1.1.4.164/30
2019-07-30 09:27:42.077 24830 RALLYDEBUG rally_openstack.wrappers.network [-] CIDR generated: 1.1.4.168/30
2019-07-30 09:27:42.112 24807 RALLYDEBUG rally_openstack.wrappers.network [-] CIDR generated: 1.1.4.172/30
2019-07-30 09:27:42.196 24842 RALLYDEBUG rally_openstack.wrappers.network [-] CIDR generated: 1.1.4.176/30
2019-07-30 09:27:42.339 24800 RALLYDEBUG rally_openstack.wrappers.network [-] CIDR generated: 1.1.4.180/30
2019-07-30 09:27:42.852 24829 RALLYDEBUG rally_openstack.wrappers.network [-] CIDR generated: 1.1.4.184/30
2019-07-30 09:27:43.050 24817 RALLYDEBUG rally_openstack.wrappers.network [-] CIDR generated: 1.1.4.188/30
2019-07-30 09:27:43.853 24848 RALLYDEBUG rally_openstack.wrappers.network [-] CIDR generated: 1.1.4.192/30
2019-07-30 09:27:43.866 24811 RALLYDEBUG rally_openstack.wrappers.network [-] CIDR generated: 1.1.4.196/30
2019-07-30 09:27:44.096 24802 RALLYDEBUG rally_openstack.wrappers.network [-] CIDR generated: 1.1.4.200/30
2019-07-30 09:27:44.322 24803 RALLYDEBUG rally_openstack.wrappers.network [-] CIDR generated: 1.1.4.204/30
2019-07-30 09:27:44.542 24799 RALLYDEBUG rally_openstack.wrappers.network [-] CIDR generated: 1.1.4.208/30
2019-07-30 09:27:46.204 24818 INFO rally.task.runner [-] Task bf3beea5-bb52-491e-9d49-35ad5cad1f16 | ITER: 13 END: OK
2019-07-30 09:27:46.208 24818 INFO rally.task.runner [-] Task bf3beea5-bb52-491e-9d49-35ad5cad1f16 | ITER: 21 START
2019-07-30 09:27:46.209 24818 WARNING rally_openstack.scenarios.neutron.utils [-] Running this scenario without either the 'network' or 'existing_network' context is deprecated
2019-07-30 09:27:46.336 24825 RALLYDEBUG rally_openstack.wrappers.network [-] CIDR generated: 1.1.4.212/30
2019-07-30 09:27:46.339 24801 RALLYDEBUG rally_openstack.wrappers.network [-] CIDR generated: 1.1.4.216/30
2019-07-30 09:27:46.415 24800 RALLYDEBUG rally_openstack.wrappers.network [-] CIDR generated: 1.1.4.220/30
2019-07-30 09:27:47.181 24818 RALLYDEBUG rally_openstack.wrappers.network [-] CIDR generated: 1.1.4.224/30
2019-07-30 09:27:47.289 24801 RALLYDEBUG rally_openstack.wrappers.network [-] CIDR generated: 1.1.4.228/30
2019-07-30 09:27:47.325 24799 RALLYDEBUG rally_openstack.wrappers.network [-] CIDR generated: 1.1.4.232/30
2019-07-30 09:27:47.855 24842 RALLYDEBUG rally_openstack.wrappers.network [-] CIDR generated: 1.1.4.236/30
2019-07-30 09:27:47.855 24822 RALLYDEBUG rally_openstack.wrappers.network [-] CIDR generated: 1.1.4.240/30
2019-07-30 09:27:48.467 24800 INFO rally.task.runner [-] Task bf3beea5-bb52-491e-9d49-35ad5cad1f16 | ITER: 5 END: OK
2019-07-30 09:27:48.471 24800 INFO rally.task.runner [-] Task bf3beea5-bb52-491e-9d49-35ad5cad1f16 | ITER: 22 START
2019-07-30 09:27:48.472 24800 WARNING rally_openstack.scenarios.neutron.utils [-] Running this scenario without either the 'network' or 'existing_network' context is deprecated
2019-07-30 09:27:48.876 24807 RALLYDEBUG rally_openstack.wrappers.network [-] CIDR generated: 1.1.4.244/30
2019-07-30 09:27:48.877 24802 RALLYDEBUG rally_openstack.wrappers.network [-] CIDR generated: 1.1.4.248/30
2019-07-30 09:27:48.877 24830 RALLYDEBUG rally_openstack.wrappers.network [-] CIDR generated: 1.1.4.252/30
2019-07-30 09:27:48.881 24827 RALLYDEBUG rally_openstack.wrappers.network [-] CIDR generated: 1.1.5.0/30
2019-07-30 09:27:49.123 24829 INFO rally.task.runner [-] Task bf3beea5-bb52-491e-9d49-35ad5cad1f16 | ITER: 17 END: OK
2019-07-30 09:27:49.129 24829 INFO rally.task.runner [-] Task bf3beea5-bb52-491e-9d49-35ad5cad1f16 | ITER: 23 START
2019-07-30 09:27:49.129 24829 WARNING rally_openstack.scenarios.neutron.utils [-] Running this scenario without either the 'network' or 'existing_network' context is deprecated
2019-07-30 09:27:49.193 24818 RALLYDEBUG rally_openstack.wrappers.network [-] CIDR generated: 1.1.5.4/30
2019-07-30 09:27:49.546 24800 RALLYDEBUG rally_openstack.wrappers.network [-] CIDR generated: 1.1.5.8/30
2019-07-30 09:27:50.504 24829 RALLYDEBUG rally_openstack.wrappers.network [-] CIDR generated: 1.1.5.12/30
2019-07-30 09:27:51.295 24803 INFO rally.task.runner [-] Task bf3beea5-bb52-491e-9d49-35ad5cad1f16 | ITER: 8 END: OK
2019-07-30 09:27:51.299 24803 INFO rally.task.runner [-] Task bf3beea5-bb52-491e-9d49-35ad5cad1f16 | ITER: 24 START
2019-07-30 09:27:51.300 24803 WARNING rally_openstack.scenarios.neutron.utils [-] Running this scenario without either the 'network' or 'existing_network' context is deprecated
2019-07-30 09:27:51.770 24829 RALLYDEBUG rally_openstack.wrappers.network [-] CIDR generated: 1.1.5.16/30
2019-07-30 09:27:51.893 24800 RALLYDEBUG rally_openstack.wrappers.network [-] CIDR generated: 1.1.5.20/30
2019-07-30 09:27:52.408 24803 RALLYDEBUG rally_openstack.wrappers.network [-] CIDR generated: 1.1.5.24/30
2019-07-30 09:27:52.826 24817 INFO rally.task.runner [-] Task bf3beea5-bb52-491e-9d49-35ad5cad1f16 | ITER: 12 END: OK
2019-07-30 09:27:52.831 24817 INFO rally.task.runner [-] Task bf3beea5-bb52-491e-9d49-35ad5cad1f16 | ITER: 25 START
2019-07-30 09:27:52.831 24817 WARNING rally_openstack.scenarios.neutron.utils [-] Running this scenario without either the 'network' or 'existing_network' context is deprecated
2019-07-30 09:27:52.848 24802 INFO rally.task.runner [-] Task bf3beea5-bb52-491e-9d49-35ad5cad1f16 | ITER: 9 END: OK
2019-07-30 09:27:52.852 24811 INFO rally.task.runner [-] Task bf3beea5-bb52-491e-9d49-35ad5cad1f16 | ITER: 11 END: OK
2019-07-30 09:27:52.853 24802 INFO rally.task.runner [-] Task bf3beea5-bb52-491e-9d49-35ad5cad1f16 | ITER: 26 START
2019-07-30 09:27:52.853 24802 WARNING rally_openstack.scenarios.neutron.utils [-] Running this scenario without either the 'network' or 'existing_network' context is deprecated
2019-07-30 09:27:52.857 24811 INFO rally.task.runner [-] Task bf3beea5-bb52-491e-9d49-35ad5cad1f16 | ITER: 27 START
2019-07-30 09:27:52.858 24811 WARNING rally_openstack.scenarios.neutron.utils [-] Running this scenario without either the 'network' or 'existing_network' context is deprecated
2019-07-30 09:27:53.349 24848 INFO rally.task.runner [-] Task bf3beea5-bb52-491e-9d49-35ad5cad1f16 | ITER: 20 END: OK
2019-07-30 09:27:53.352 24848 INFO rally.task.runner [-] Task bf3beea5-bb52-491e-9d49-35ad5cad1f16 | ITER: 28 START
2019-07-30 09:27:53.352 24848 WARNING rally_openstack.scenarios.neutron.utils [-] Running this scenario without either the 'network' or 'existing_network' context is deprecated
2019-07-30 09:27:53.400 24799 INFO rally.task.runner [-] Task bf3beea5-bb52-491e-9d49-35ad5cad1f16 | ITER: 1 END: OK
2019-07-30 09:27:53.403 24799 INFO rally.task.runner [-] Task bf3beea5-bb52-491e-9d49-35ad5cad1f16 | ITER: 29 START
2019-07-30 09:27:53.404 24799 WARNING rally_openstack.scenarios.neutron.utils [-] Running this scenario without either the 'network' or 'existing_network' context is deprecated
2019-07-30 09:27:53.783 24803 RALLYDEBUG rally_openstack.wrappers.network [-] CIDR generated: 1.1.5.28/30
2019-07-30 09:27:54.067 24818 INFO rally.task.runner [-] Task bf3beea5-bb52-491e-9d49-35ad5cad1f16 | ITER: 21 END: OK
2019-07-30 09:27:54.070 24818 INFO rally.task.runner [-] Task bf3beea5-bb52-491e-9d49-35ad5cad1f16 | ITER: 30 START
2019-07-30 09:27:54.071 24818 WARNING rally_openstack.scenarios.neutron.utils [-] Running this scenario without either the 'network' or 'existing_network' context is deprecated
2019-07-30 09:27:54.231 24802 RALLYDEBUG rally_openstack.wrappers.network [-] CIDR generated: 1.1.5.32/30
2019-07-30 09:27:54.317 24811 RALLYDEBUG rally_openstack.wrappers.network [-] CIDR generated: 1.1.5.36/30
2019-07-30 09:27:54.628 24817 RALLYDEBUG rally_openstack.wrappers.network [-] CIDR generated: 1.1.5.40/30
2019-07-30 09:27:54.765 24829 INFO rally.task.runner [-] Task bf3beea5-bb52-491e-9d49-35ad5cad1f16 | ITER: 23 END: OK
2019-07-30 09:27:54.769 24829 INFO rally.task.runner [-] Task bf3beea5-bb52-491e-9d49-35ad5cad1f16 | ITER: 31 START
2019-07-30 09:27:54.769 24829 WARNING rally_openstack.scenarios.neutron.utils [-] Running this scenario without either the 'network' or 'existing_network' context is deprecated
2019-07-30 09:27:55.108 24799 RALLYDEBUG rally_openstack.wrappers.network [-] CIDR generated: 1.1.5.44/30
2019-07-30 09:27:55.218 24848 RALLYDEBUG rally_openstack.wrappers.network [-] CIDR generated: 1.1.5.48/30
2019-07-30 09:27:55.412 24818 RALLYDEBUG rally_openstack.wrappers.network [-] CIDR generated: 1.1.5.52/30
2019-07-30 09:27:55.492 24802 RALLYDEBUG rally_openstack.wrappers.network [-] CIDR generated: 1.1.5.56/30
2019-07-30 09:27:56.138 24800 INFO rally.task.runner [-] Task bf3beea5-bb52-491e-9d49-35ad5cad1f16 | ITER: 22 END: OK
2019-07-30 09:27:56.141 24800 INFO rally.task.runner [-] Task bf3beea5-bb52-491e-9d49-35ad5cad1f16 | ITER: 32 START
2019-07-30 09:27:56.142 24800 WARNING rally_openstack.scenarios.neutron.utils [-] Running this scenario without either the 'network' or 'existing_network' context is deprecated
2019-07-30 09:27:56.347 24829 RALLYDEBUG rally_openstack.wrappers.network [-] CIDR generated: 1.1.5.60/30
2019-07-30 09:27:57.260 24817 RALLYDEBUG rally_openstack.wrappers.network [-] CIDR generated: 1.1.5.64/30
2019-07-30 09:27:57.820 24800 RALLYDEBUG rally_openstack.wrappers.network [-] CIDR generated: 1.1.5.68/30
2019-07-30 09:27:57.833 24818 RALLYDEBUG rally_openstack.wrappers.network [-] CIDR generated: 1.1.5.72/30
2019-07-30 09:27:58.795 24811 RALLYDEBUG rally_openstack.wrappers.network [-] CIDR generated: 1.1.5.76/30
2019-07-30 09:27:58.946 24802 INFO rally.task.runner [-] Task bf3beea5-bb52-491e-9d49-35ad5cad1f16 | ITER: 26 END: OK
2019-07-30 09:27:58.950 24802 INFO rally.task.runner [-] Task bf3beea5-bb52-491e-9d49-35ad5cad1f16 | ITER: 33 START
2019-07-30 09:27:58.951 24802 WARNING rally_openstack.scenarios.neutron.utils [-] Running this scenario without either the 'network' or 'existing_network' context is deprecated
2019-07-30 09:27:58.984 24829 RALLYDEBUG rally_openstack.wrappers.network [-] CIDR generated: 1.1.5.80/30
2019-07-30 09:27:59.236 24800 RALLYDEBUG rally_openstack.wrappers.network [-] CIDR generated: 1.1.5.84/30
2019-07-30 09:27:59.278 24803 INFO rally.task.runner [-] Task bf3beea5-bb52-491e-9d49-35ad5cad1f16 | ITER: 24 END: OK
2019-07-30 09:27:59.282 24803 INFO rally.task.runner [-] Task bf3beea5-bb52-491e-9d49-35ad5cad1f16 | ITER: 34 START
2019-07-30 09:27:59.283 24803 WARNING rally_openstack.scenarios.neutron.utils [-] Running this scenario without either the 'network' or 'existing_network' context is deprecated
2019-07-30 09:27:59.363 24799 RALLYDEBUG rally_openstack.wrappers.network [-] CIDR generated: 1.1.5.88/30
2019-07-30 09:27:59.483 24848 RALLYDEBUG rally_openstack.wrappers.network [-] CIDR generated: 1.1.5.92/30
2019-07-30 09:28:00.261 24800 INFO rally.task.runner [-] Task bf3beea5-bb52-491e-9d49-35ad5cad1f16 | ITER: 2 END: OK
2019-07-30 09:28:00.266 24800 INFO rally.task.runner [-] Task bf3beea5-bb52-491e-9d49-35ad5cad1f16 | ITER: 35 START
2019-07-30 09:28:00.266 24800 WARNING rally_openstack.scenarios.neutron.utils [-] Running this scenario without either the 'network' or 'existing_network' context is deprecated
2019-07-30 09:28:00.373 24802 RALLYDEBUG rally_openstack.wrappers.network [-] CIDR generated: 1.1.5.96/30
2019-07-30 09:28:01.200 24803 RALLYDEBUG rally_openstack.wrappers.network [-] CIDR generated: 1.1.5.100/30
2019-07-30 09:28:01.661 24799 INFO rally.task.runner [-] Task bf3beea5-bb52-491e-9d49-35ad5cad1f16 | ITER: 3 END: OK
2019-07-30 09:28:01.666 24799 INFO rally.task.runner [-] Task bf3beea5-bb52-491e-9d49-35ad5cad1f16 | ITER: 36 START
2019-07-30 09:28:01.667 24799 WARNING rally_openstack.scenarios.neutron.utils [-] Running this scenario without either the 'network' or 'existing_network' context is deprecated
2019-07-30 09:28:01.711 24800 RALLYDEBUG rally_openstack.wrappers.network [-] CIDR generated: 1.1.5.104/30
2019-07-30 09:28:02.049 24817 INFO rally.task.runner [-] Task bf3beea5-bb52-491e-9d49-35ad5cad1f16 | ITER: 25 END: OK
2019-07-30 09:28:02.054 24817 INFO rally.task.runner [-] Task bf3beea5-bb52-491e-9d49-35ad5cad1f16 | ITER: 37 START
2019-07-30 09:28:02.055 24817 WARNING rally_openstack.scenarios.neutron.utils [-] Running this scenario without either the 'network' or 'existing_network' context is deprecated
2019-07-30 09:28:02.063 24825 INFO rally.task.runner [-] Task bf3beea5-bb52-491e-9d49-35ad5cad1f16 | ITER: 14 END: OK
2019-07-30 09:28:02.067 24825 INFO rally.task.runner [-] Task bf3beea5-bb52-491e-9d49-35ad5cad1f16 | ITER: 38 START
2019-07-30 09:28:02.068 24825 WARNING rally_openstack.scenarios.neutron.utils [-] Running this scenario without either the 'network' or 'existing_network' context is deprecated
2019-07-30 09:28:02.223 24842 INFO rally.task.runner [-] Task bf3beea5-bb52-491e-9d49-35ad5cad1f16 | ITER: 19 END: OK
2019-07-30 09:28:02.227 24842 INFO rally.task.runner [-] Task bf3beea5-bb52-491e-9d49-35ad5cad1f16 | ITER: 39 START
2019-07-30 09:28:02.228 24842 WARNING rally_openstack.scenarios.neutron.utils [-] Running this scenario without either the 'network' or 'existing_network' context is deprecated
2019-07-30 09:28:02.469 24802 RALLYDEBUG rally_openstack.wrappers.network [-] CIDR generated: 1.1.5.108/30
2019-07-30 09:28:02.727 24801 INFO rally.task.runner [-] Task bf3beea5-bb52-491e-9d49-35ad5cad1f16 | ITER: 6 END: OK
2019-07-30 09:28:02.732 24801 INFO rally.task.runner [-] Task bf3beea5-bb52-491e-9d49-35ad5cad1f16 | ITER: 40 START
2019-07-30 09:28:02.733 24801 WARNING rally_openstack.scenarios.neutron.utils [-] Running this scenario without either the 'network' or 'existing_network' context is deprecated
2019-07-30 09:28:03.089 24800 INFO rally.task.runner [-] Task bf3beea5-bb52-491e-9d49-35ad5cad1f16 | ITER: 32 END: OK
2019-07-30 09:28:03.214 24803 RALLYDEBUG rally_openstack.wrappers.network [-] CIDR generated: 1.1.5.112/30
2019-07-30 09:28:03.252 24818 INFO rally.task.runner [-] Task bf3beea5-bb52-491e-9d49-35ad5cad1f16 | ITER: 30 END: OK
2019-07-30 09:28:03.342 24822 INFO rally.task.runner [-] Task bf3beea5-bb52-491e-9d49-35ad5cad1f16 | ITER: 15 END: OK
2019-07-30 09:28:03.436 24799 RALLYDEBUG rally_openstack.wrappers.network [-] CIDR generated: 1.1.5.116/30
2019-07-30 09:28:03.602 24817 RALLYDEBUG rally_openstack.wrappers.network [-] CIDR generated: 1.1.5.120/30
2019-07-30 09:28:03.655 24800 RALLYDEBUG rally_openstack.wrappers.network [-] CIDR generated: 1.1.5.124/30
2019-07-30 09:28:03.812 24842 RALLYDEBUG rally_openstack.wrappers.network [-] CIDR generated: 1.1.5.128/30
2019-07-30 09:28:03.920 24825 RALLYDEBUG rally_openstack.wrappers.network [-] CIDR generated: 1.1.5.132/30
2019-07-30 09:28:03.934 24829 INFO rally.task.runner [-] Task bf3beea5-bb52-491e-9d49-35ad5cad1f16 | ITER: 31 END: OK
2019-07-30 09:28:04.122 24801 RALLYDEBUG rally_openstack.wrappers.network [-] CIDR generated: 1.1.5.136/30
2019-07-30 09:28:04.469 24827 INFO rally.task.runner [-] Task bf3beea5-bb52-491e-9d49-35ad5cad1f16 | ITER: 16 END: OK
2019-07-30 09:28:04.560 24817 RALLYDEBUG rally_openstack.wrappers.network [-] CIDR generated: 1.1.5.140/30
2019-07-30 09:28:04.743 24807 INFO rally.task.runner [-] Task bf3beea5-bb52-491e-9d49-35ad5cad1f16 | ITER: 10 END: OK
2019-07-30 09:28:05.307 24803 INFO rally.task.runner [-] Task bf3beea5-bb52-491e-9d49-35ad5cad1f16 | ITER: 34 END: OK
2019-07-30 09:28:05.456 24801 INFO rally.task.runner [-] Task bf3beea5-bb52-491e-9d49-35ad5cad1f16 | ITER: 4 END: OK
2019-07-30 09:28:05.932 24842 RALLYDEBUG rally_openstack.wrappers.network [-] CIDR generated: 1.1.5.144/30
2019-07-30 09:28:06.015 24799 RALLYDEBUG rally_openstack.wrappers.network [-] CIDR generated: 1.1.5.148/30
2019-07-30 09:28:06.104 24825 RALLYDEBUG rally_openstack.wrappers.network [-] CIDR generated: 1.1.5.152/30
2019-07-30 09:28:06.479 24801 RALLYDEBUG rally_openstack.wrappers.network [-] CIDR generated: 1.1.5.156/30
2019-07-30 09:28:06.503 24830 INFO rally.task.runner [-] Task bf3beea5-bb52-491e-9d49-35ad5cad1f16 | ITER: 18 END: OK
2019-07-30 09:28:06.658 24802 INFO rally.task.runner [-] Task bf3beea5-bb52-491e-9d49-35ad5cad1f16 | ITER: 7 END: OK
2019-07-30 09:28:06.811 24811 INFO rally.task.runner [-] Task bf3beea5-bb52-491e-9d49-35ad5cad1f16 | ITER: 27 END: OK
2019-07-30 09:28:06.994 24848 INFO rally.task.runner [-] Task bf3beea5-bb52-491e-9d49-35ad5cad1f16 | ITER: 28 END: OK
2019-07-30 09:28:07.075 24817 INFO rally.task.runner [-] Task bf3beea5-bb52-491e-9d49-35ad5cad1f16 | ITER: 37 END: OK
2019-07-30 09:28:07.267 24799 INFO rally.task.runner [-] Task bf3beea5-bb52-491e-9d49-35ad5cad1f16 | ITER: 29 END: OK
2019-07-30 09:28:07.373 24802 INFO rally.task.runner [-] Task bf3beea5-bb52-491e-9d49-35ad5cad1f16 | ITER: 33 END: OK
2019-07-30 09:28:08.277 24800 INFO rally.task.runner [-] Task bf3beea5-bb52-491e-9d49-35ad5cad1f16 | ITER: 35 END: OK
2019-07-30 09:28:09.041 24799 INFO rally.task.runner [-] Task bf3beea5-bb52-491e-9d49-35ad5cad1f16 | ITER: 36 END: OK
2019-07-30 09:28:09.168 24825 INFO rally.task.runner [-] Task bf3beea5-bb52-491e-9d49-35ad5cad1f16 | ITER: 38 END: OK
2019-07-30 09:28:10.334 24801 INFO rally.task.runner [-] Task bf3beea5-bb52-491e-9d49-35ad5cad1f16 | ITER: 40 END: OK
2019-07-30 09:28:10.912 24842 INFO rally.task.runner [-] Task bf3beea5-bb52-491e-9d49-35ad5cad1f16 | ITER: 39 END: OK
2019-07-30 09:28:10.938 22705 INFO rally.task.context [-] Task bf3beea5-bb52-491e-9d49-35ad5cad1f16 | Context cleanup@openstack cleanup() started
2019-07-30 09:28:10.940 22705 RALLYDEBUG rally_openstack.cleanup.manager [-] Cleaning up neutron vip objects
2019-07-30 09:28:11.637 22705 RALLYDEBUG rally_openstack.cleanup.manager [-] Cleaning up neutron health_monitor objects
2019-07-30 09:28:12.367 22705 RALLYDEBUG rally_openstack.cleanup.manager [-] Cleaning up neutron pool objects
2019-07-30 09:28:13.077 22705 RALLYDEBUG rally_openstack.cleanup.manager [-] Cleaning up neutron loadbalancer objects
2019-07-30 09:28:13.862 22705 RALLYDEBUG rally_openstack.cleanup.manager [-] Cleaning up neutron floatingip objects
2019-07-30 09:28:14.531 22705 RALLYDEBUG rally_openstack.cleanup.manager [-] Cleaning up neutron port objects
2019-07-30 09:28:15.216 22705 RALLYDEBUG rally_openstack.cleanup.manager [-] Cleaning up neutron subnet objects
2019-07-30 09:28:15.961 22705 RALLYDEBUG rally_openstack.cleanup.manager [-] Cleaning up neutron network objects
2019-07-30 09:28:16.757 22705 RALLYDEBUG rally_openstack.cleanup.manager [-] Deleting neutron.network object s_rally_a63377bc_vssQcStI (0277e5bb-0408-4f59-98a6-06d5c2a958b6)
2019-07-30 09:28:16.762 22705 RALLYDEBUG rally_openstack.cleanup.manager [-] Deleting neutron.network object s_rally_a63377bc_bXDmepDe (0a729a45-5f76-471c-9a7b-a113f06b9868)
2019-07-30 09:28:16.772 22705 RALLYDEBUG rally_openstack.cleanup.manager [-] Deleting neutron.network object s_rally_a63377bc_THfJzouN (0dbc8d1a-a7e4-480c-be3d-c0ffda52e085)
2019-07-30 09:28:16.775 22705 RALLYDEBUG rally_openstack.cleanup.manager [-] Deleting neutron.network object s_rally_a63377bc_VGnn7bbM (1112c1ef-e95b-4ead-af49-ef2883434acc)
2019-07-30 09:28:16.789 22705 RALLYDEBUG rally_openstack.cleanup.manager [-] Deleting neutron.network object s_rally_a63377bc_DNtC4iUQ (180a9310-3e4c-4ebd-b355-d234d0a840cd)
2019-07-30 09:28:16.792 22705 RALLYDEBUG rally_openstack.cleanup.manager [-] Deleting neutron.network object s_rally_a63377bc_jNtWag33 (171a3679-1ffd-4bf1-a7d8-589814134faa)
2019-07-30 09:28:16.808 22705 RALLYDEBUG rally_openstack.cleanup.manager [-] Deleting neutron.network object s_rally_a63377bc_tl0O2VRp (2b4191f3-831a-4df2-b2fd-87ed8a92835c)
2019-07-30 09:28:16.822 22705 RALLYDEBUG rally_openstack.cleanup.manager [-] Deleting neutron.network object s_rally_a63377bc_FKmtz1uF (3ba991d4-0e91-4d28-804d-f3d8027b4d88)
2019-07-30 09:28:16.822 22705 RALLYDEBUG rally_openstack.cleanup.manager [-] Deleting neutron.network object s_rally_a63377bc_y7NCDEvs (3c78aaad-87c1-4b6d-8292-c49887eefc69)
2019-07-30 09:28:16.842 22705 RALLYDEBUG rally_openstack.cleanup.manager [-] Deleting neutron.network object s_rally_a63377bc_fNYmbKei (3cc9af82-4a4c-41b0-be9c-69cde4860c8e)
2019-07-30 09:28:16.843 22705 RALLYDEBUG rally_openstack.cleanup.manager [-] Deleting neutron.network object s_rally_a63377bc_JME2mygL (3cd20397-74e9-441e-97a4-ac994bbe1b81)
2019-07-30 09:28:16.861 22705 RALLYDEBUG rally_openstack.cleanup.manager [-] Deleting neutron.network object s_rally_a63377bc_OzXaqQvo (456c7f9e-b940-4324-bd08-b15b88f8293f)
2019-07-30 09:28:16.886 22705 RALLYDEBUG rally_openstack.cleanup.manager [-] Deleting neutron.network object s_rally_a63377bc_BFomowpg (4ae46d89-5973-4f49-90c1-baa6d6d9185b)
2019-07-30 09:28:16.899 22705 RALLYDEBUG rally_openstack.cleanup.manager [-] Deleting neutron.network object s_rally_a63377bc_iG90liCu (46e509c4-094b-4b44-ba5e-a26cabad3bc3)
2019-07-30 09:28:16.915 22705 RALLYDEBUG rally_openstack.cleanup.manager [-] Deleting neutron.network object s_rally_a63377bc_uf3pDXGb (4d9ee4a3-6ede-40be-b1d2-0f0aa0a9aac4)
2019-07-30 09:28:16.920 22705 RALLYDEBUG rally_openstack.cleanup.manager [-] Deleting neutron.network object s_rally_a63377bc_9Ch68ugj (6697c6ac-4d57-4a45-8b6d-da233c74c381)
2019-07-30 09:28:16.939 22705 RALLYDEBUG rally_openstack.cleanup.manager [-] Deleting neutron.network object s_rally_a63377bc_l0ZU3iHC (6902939e-ec83-4bd4-bb64-47bcd89264b0)
2019-07-30 09:28:16.955 22705 RALLYDEBUG rally_openstack.cleanup.manager [-] Deleting neutron.network object s_rally_a63377bc_qMRfswxU (6d21223c-e8a9-47f9-b12b-1c4d9e7f7d16)
2019-07-30 09:28:16.967 22705 RALLYDEBUG rally_openstack.cleanup.manager [-] Deleting neutron.network object s_rally_a63377bc_5EwLkwSC (6dd85c85-d37b-4aa9-82b1-30b3c43d4fd7)
2019-07-30 09:28:16.983 22705 RALLYDEBUG rally_openstack.cleanup.manager [-] Deleting neutron.network object s_rally_a63377bc_OPkXq3w9 (813849e9-fe15-4c96-a047-06f8fab910f5)
2019-07-30 09:28:20.230 22705 RALLYDEBUG rally_openstack.cleanup.manager [-] Deleting neutron.network object s_rally_a63377bc_rEiZbmTG (82584cad-30c2-49ff-aa45-c709d7bbdafc)
2019-07-30 09:28:20.547 22705 RALLYDEBUG rally_openstack.cleanup.manager [-] Deleting neutron.network object s_rally_a63377bc_bG1L8mqm (89769216-d1fc-4d91-900a-5b7ea9c6566d)
2019-07-30 09:28:20.824 22705 RALLYDEBUG rally_openstack.cleanup.manager [-] Deleting neutron.network object s_rally_a63377bc_git7zq2q (96ac4b83-7252-4133-8b69-5fe73476dbd8)
2019-07-30 09:28:21.072 22705 RALLYDEBUG rally_openstack.cleanup.manager [-] Deleting neutron.network object s_rally_a63377bc_yFBYdQnn (9e492648-44dc-4205-b208-23bff992e97a)
2019-07-30 09:28:21.215 22705 RALLYDEBUG rally_openstack.cleanup.manager [-] Deleting neutron.network object s_rally_a63377bc_HYggTRgR (9ed0f991-774f-4f33-b47f-93caa23a0d49)
2019-07-30 09:28:21.292 22705 RALLYDEBUG rally_openstack.cleanup.manager [-] Deleting neutron.network object s_rally_a63377bc_JhZdOiup (a36cfb08-a07b-4d89-b357-2d614eb5ae96)
2019-07-30 09:28:21.455 22705 RALLYDEBUG rally_openstack.cleanup.manager [-] Deleting neutron.network object s_rally_a63377bc_b0vrzel2 (a393e9c8-42ed-408a-a56c-afccf5e96132)
2019-07-30 09:28:22.157 22705 RALLYDEBUG rally_openstack.cleanup.manager [-] Deleting neutron.network object s_rally_a63377bc_Me84Qxvm (aa5eedc8-fc26-4368-af93-239c3d981c87)
2019-07-30 09:28:22.172 22705 RALLYDEBUG rally_openstack.cleanup.manager [-] Deleting neutron.network object s_rally_a63377bc_kbXxqoBb (aaeb5c39-da0e-4345-8653-3c24ab8c0539)
2019-07-30 09:28:22.560 22705 RALLYDEBUG rally_openstack.cleanup.manager [-] Deleting neutron.network object s_rally_a63377bc_WyEIxies (b3205116-85c8-42ad-acb0-98f3ff0c4e98)
2019-07-30 09:28:22.712 22705 RALLYDEBUG rally_openstack.cleanup.manager [-] Deleting neutron.network object s_rally_a63377bc_jMf1ItKb (b39dd9c8-d92f-40a1-b706-ec5d664882c4)
2019-07-30 09:28:23.341 22705 RALLYDEBUG rally_openstack.cleanup.manager [-] Deleting neutron.network object s_rally_a63377bc_fGSLTFrY (b9bdba67-ac92-40e7-98c8-5c31d0fdd2e7)
2019-07-30 09:28:23.395 22705 RALLYDEBUG rally_openstack.cleanup.manager [-] Deleting neutron.network object s_rally_a63377bc_3YEBuC0y (ba6af79f-2c93-4dca-b80a-ce30ad0a1d9d)
2019-07-30 09:28:23.515 22705 RALLYDEBUG rally_openstack.cleanup.manager [-] Deleting neutron.network object s_rally_a63377bc_Xc6Fx2cb (d18712c3-7c7d-4b4d-9dcf-1d0a19778d67)
2019-07-30 09:28:23.635 22705 RALLYDEBUG rally_openstack.cleanup.manager [-] Deleting neutron.network object s_rally_a63377bc_W9nyh7Sq (db227fd6-92ab-4eda-9cd6-9f25fb5c9803)
2019-07-30 09:28:23.811 22705 RALLYDEBUG rally_openstack.cleanup.manager [-] Deleting neutron.network object s_rally_a63377bc_nsCbPvps (db255c63-7239-47e7-b307-32a0ca7d207e)
2019-07-30 09:28:23.828 22705 RALLYDEBUG rally_openstack.cleanup.manager [-] Deleting neutron.network object s_rally_a63377bc_LLXoCUHx (e4340fde-1c6a-46a4-add6-532f89b1ba4c)
2019-07-30 09:28:23.831 22705 RALLYDEBUG rally_openstack.cleanup.manager [-] Deleting neutron.network object s_rally_a63377bc_qlpRCakZ (e9b26156-dfd4-4127-a0b4-70b2259a1dc1)
2019-07-30 09:28:24.009 22705 RALLYDEBUG rally_openstack.cleanup.manager [-] Deleting neutron.network object s_rally_a63377bc_59RaWBfc (ea7f1829-eb2a-4b63-b390-3195559e0fc2)
2019-07-30 09:28:24.011 22705 RALLYDEBUG rally_openstack.cleanup.manager [-] Deleting neutron.network object s_rally_a63377bc_6OopgNSz (f64a68ab-649a-4115-86bd-54449392e17c)
2019-07-30 09:28:27.789 22705 RALLYDEBUG rally_openstack.cleanup.manager [-] Cleaning up neutron router objects
2019-07-30 09:28:28.462 22705 RALLYDEBUG rally_openstack.cleanup.manager [-] Cleaning up neutron security_group objects
2019-07-30 09:28:29.228 22705 INFO rally.task.context [-] Task bf3beea5-bb52-491e-9d49-35ad5cad1f16 | Context cleanup@openstack cleanup() finished in 18.29 sec
2019-07-30 09:28:29.229 22705 INFO rally.task.context [-] Task bf3beea5-bb52-491e-9d49-35ad5cad1f16 | Context quotas@openstack cleanup() started
2019-07-30 09:28:29.447 22705 INFO rally.task.context [-] Task bf3beea5-bb52-491e-9d49-35ad5cad1f16 | Context quotas@openstack cleanup() finished in 0.22 sec
2019-07-30 09:28:29.448 22705 INFO rally.task.context [-] Task bf3beea5-bb52-491e-9d49-35ad5cad1f16 | Context users@openstack cleanup() started
2019-07-30 09:28:33.863 22705 INFO rally.task.context [-] Task bf3beea5-bb52-491e-9d49-35ad5cad1f16 | Context users@openstack cleanup() finished in 4.41 sec
2019-07-30 09:28:33.934 22705 INFO rally.task.engine [-] Load duration is: 32.236474
2019-07-30 09:28:33.934 22705 INFO rally.task.engine [-] Full runner duration is: 32.286165
2019-07-30 09:28:33.935 22705 INFO rally.task.engine [-] Full duration is: 60.17438
2019-07-30 09:28:34.159 22705 INFO rally.task.engine [-] Running workload: position = 0 config = { "version": 2, "title": "A cropped version of a bigger task.", "description": "Auto-generated task from a single workload (uuid=4d01dd8f-f410-4e53-83c0-1b4a57fa7d6a)", "subtasks": [ { "title": "NeutronNetworks.create_and_list_routers", "description": "Create and a given number of routers and list all routers.", "scenario": { "NeutronNetworks.create_and_list_routers": { "network_create_args": null, "subnet_create_args": null, "subnet_cidr_start": "1.1.0.0/30", "subnets_per_network": 2, "router_create_args": null } }, "contexts": { "users": { "tenants": 1, "users_per_tenant": 1 }, "quotas": { "neutron": { "network": -1, "subnet": -1, "router": -1 } } }, "runner": { "constant": { "times": 40, "concurrency": 20 } }, "hooks": [], "sla": { "failure_rate": { "max": 0 } } } ] }
2019-07-30 09:28:34.179 22705 RALLYDEBUG rally_openstack.contexts.keystone.users [-] Creating 1 tenants using 20 threads
2019-07-30 09:28:35.805 22705 RALLYDEBUG rally_openstack.contexts.keystone.users [-] Creating 1 users using 20 threads
2019-07-30 09:28:38.472 22705 INFO rally.task.context [-] Task bf3beea5-bb52-491e-9d49-35ad5cad1f16 | Context users@openstack setup() finished in 4.29 sec
2019-07-30 09:28:39.240 22705 INFO rally.task.context [-] Task bf3beea5-bb52-491e-9d49-35ad5cad1f16 | Context quotas@openstack setup() finished in 0.77 sec
2019-07-30 09:28:39.241 22705 INFO rally.task.context [-] Task bf3beea5-bb52-491e-9d49-35ad5cad1f16 | Context cleanup@openstack setup() finished in 0.00 msec
2019-07-30 09:28:39.248 22705 RALLYDEBUG rally.task.runner [-] Starting the constant runner (task UUID: bf3beea5-bb52-491e-9d49-35ad5cad1f16). timeout: 0 concurrency: 20 concurrency_per_worker: 1 times: 40 concurrency_overhead: 4 processes_to_start: 16 max_cpu_used: 16
2019-07-30 09:28:39.261 25169 RALLYDEBUG rally.task.runner [-] Starting a worker. concurrency: 2 args: {"network_create_args": null, "subnet_create_args": null, "subnet_cidr_start": "1.1.0.0/30", "subnets_per_network": 2, "router_create_args": null} times: 40 method_name: run timeout: 0 duration: None cls:
2019-07-30 09:28:39.263 25170 RALLYDEBUG rally.task.runner [-] Starting a worker. concurrency: 2 args: {"network_create_args": null, "subnet_create_args": null, "subnet_cidr_start": "1.1.0.0/30", "subnets_per_network": 2, "router_create_args": null} times: 40 method_name: run timeout: 0 duration: None cls:
2019-07-30 09:28:39.266 25171 RALLYDEBUG rally.task.runner [-] Starting a worker. concurrency: 2 args: {"network_create_args": null, "subnet_create_args": null, "subnet_cidr_start": "1.1.0.0/30", "subnets_per_network": 2, "router_create_args": null} times: 40 method_name: run timeout: 0 duration: None cls:
2019-07-30 09:28:39.269 25172 RALLYDEBUG rally.task.runner [-] Starting a worker. concurrency: 2 args: {"network_create_args": null, "subnet_create_args": null, "subnet_cidr_start": "1.1.0.0/30", "subnets_per_network": 2, "router_create_args": null} times: 40 method_name: run timeout: 0 duration: None cls:
2019-07-30 09:28:39.268 25169 INFO rally.task.runner [-] Task bf3beea5-bb52-491e-9d49-35ad5cad1f16 | ITER: 1 START
2019-07-30 09:28:39.272 25170 INFO rally.task.runner [-] Task bf3beea5-bb52-491e-9d49-35ad5cad1f16 | ITER: 2 START
2019-07-30 09:28:39.272 25173 RALLYDEBUG rally.task.runner [-] Starting a worker. concurrency: 1 args: {"network_create_args": null, "subnet_create_args": null, "subnet_cidr_start": "1.1.0.0/30", "subnets_per_network": 2, "router_create_args": null} times: 40 method_name: run timeout: 0 duration: None cls:
2019-07-30 09:28:39.275 25171 INFO rally.task.runner [-] Task bf3beea5-bb52-491e-9d49-35ad5cad1f16 | ITER: 4 START
2019-07-30 09:28:39.274 25177 RALLYDEBUG rally.task.runner [-] Starting a worker. concurrency: 1 args: {"network_create_args": null, "subnet_create_args": null, "subnet_cidr_start": "1.1.0.0/30", "subnets_per_network": 2, "router_create_args": null} times: 40 method_name: run timeout: 0 duration: None cls:
2019-07-30 09:28:39.274 25170 INFO rally.task.runner [-] Task bf3beea5-bb52-491e-9d49-35ad5cad1f16 | ITER: 5 START
2019-07-30 09:28:39.271 25169 INFO rally.task.runner [-] Task bf3beea5-bb52-491e-9d49-35ad5cad1f16 | ITER: 3 START
2019-07-30 09:28:39.277 25172 INFO rally.task.runner [-] Task bf3beea5-bb52-491e-9d49-35ad5cad1f16 | ITER: 7 START
2019-07-30 09:28:39.281 25173 INFO rally.task.runner [-] Task bf3beea5-bb52-491e-9d49-35ad5cad1f16 | ITER: 8 START
2019-07-30 09:28:39.281 25181 RALLYDEBUG rally.task.runner [-] Starting a worker. concurrency: 1 args: {"network_create_args": null, "subnet_create_args": null, "subnet_cidr_start": "1.1.0.0/30", "subnets_per_network": 2, "router_create_args": null} times: 40 method_name: run timeout: 0 duration: None cls:
2019-07-30 09:28:39.282 25185 RALLYDEBUG rally.task.runner [-] Starting a worker. concurrency: 1 args: {"network_create_args": null, "subnet_create_args": null, "subnet_cidr_start": "1.1.0.0/30", "subnets_per_network": 2, "router_create_args": null} times: 40 method_name: run timeout: 0 duration: None cls:
2019-07-30 09:28:39.286 25189 RALLYDEBUG rally.task.runner [-] Starting a worker. concurrency: 1 args: {"network_create_args": null, "subnet_create_args": null, "subnet_cidr_start": "1.1.0.0/30", "subnets_per_network": 2, "router_create_args": null} times: 40 method_name: run timeout: 0 duration: None cls:
2019-07-30 09:28:39.288 25185 INFO rally.task.runner [-] Task bf3beea5-bb52-491e-9d49-35ad5cad1f16 | ITER: 11 START
2019-07-30 09:28:39.289 25171 INFO rally.task.runner [-] Task bf3beea5-bb52-491e-9d49-35ad5cad1f16 | ITER: 6 START
2019-07-30 09:28:39.290 25192 RALLYDEBUG rally.task.runner [-] Starting a worker. concurrency: 1 args: {"network_create_args": null, "subnet_create_args": null, "subnet_cidr_start": "1.1.0.0/30", "subnets_per_network": 2, "router_create_args": null} times: 40 method_name: run timeout: 0 duration: None cls:
2019-07-30 09:28:39.293 25177 INFO rally.task.runner [-] Task bf3beea5-bb52-491e-9d49-35ad5cad1f16 | ITER: 10 START
2019-07-30 09:28:39.294 25189 INFO rally.task.runner [-] Task bf3beea5-bb52-491e-9d49-35ad5cad1f16 | ITER: 13 START
2019-07-30 09:28:39.294 25181 INFO rally.task.runner [-] Task bf3beea5-bb52-491e-9d49-35ad5cad1f16 | ITER: 12 START
2019-07-30 09:28:39.295 25172 INFO rally.task.runner [-] Task bf3beea5-bb52-491e-9d49-35ad5cad1f16 | ITER: 9 START
2019-07-30 09:28:39.298 25193 RALLYDEBUG rally.task.runner [-] Starting a worker. concurrency: 1 args: {"network_create_args": null, "subnet_create_args": null, "subnet_cidr_start": "1.1.0.0/30", "subnets_per_network": 2, "router_create_args": null} times: 40 method_name: run timeout: 0 duration: None cls:
2019-07-30 09:28:39.300 25204 RALLYDEBUG rally.task.runner [-] Starting a worker. concurrency: 1 args: {"network_create_args": null, "subnet_create_args": null, "subnet_cidr_start": "1.1.0.0/30", "subnets_per_network": 2, "router_create_args": null} times: 40 method_name: run timeout: 0 duration: None cls:
2019-07-30 09:28:39.304 25197 RALLYDEBUG rally.task.runner [-] Starting a worker. concurrency: 1 args: {"network_create_args": null, "subnet_create_args": null, "subnet_cidr_start": "1.1.0.0/30", "subnets_per_network": 2, "router_create_args": null} times: 40 method_name: run timeout: 0 duration: None cls:
2019-07-30 09:28:39.305 25192 INFO rally.task.runner [-] Task bf3beea5-bb52-491e-9d49-35ad5cad1f16 | ITER: 14 START
2019-07-30 09:28:39.305 25204 INFO rally.task.runner [-] Task bf3beea5-bb52-491e-9d49-35ad5cad1f16 | ITER: 16 START
2019-07-30 09:28:39.306 25193 INFO rally.task.runner [-] Task bf3beea5-bb52-491e-9d49-35ad5cad1f16 | ITER: 15 START
2019-07-30 09:28:39.305 25199 RALLYDEBUG rally.task.runner [-] Starting a worker. concurrency: 1 args: {"network_create_args": null, "subnet_create_args": null, "subnet_cidr_start": "1.1.0.0/30", "subnets_per_network": 2, "router_create_args": null} times: 40 method_name: run timeout: 0 duration: None cls:
2019-07-30 09:28:39.311 25197 INFO rally.task.runner [-] Task bf3beea5-bb52-491e-9d49-35ad5cad1f16 | ITER: 17 START
2019-07-30 09:28:39.312 25199 INFO rally.task.runner [-] Task bf3beea5-bb52-491e-9d49-35ad5cad1f16 | ITER: 18 START
2019-07-30 09:28:39.327 25215 RALLYDEBUG rally.task.runner [-] Starting a worker. concurrency: 1 args: {"network_create_args": null, "subnet_create_args": null, "subnet_cidr_start": "1.1.0.0/30", "subnets_per_network": 2, "router_create_args": null} times: 40 method_name: run timeout: 0 duration: None cls:
2019-07-30 09:28:39.332 25215 INFO rally.task.runner [-] Task bf3beea5-bb52-491e-9d49-35ad5cad1f16 | ITER: 19 START
2019-07-30 09:28:39.336 25216 RALLYDEBUG rally.task.runner [-] Starting a worker. concurrency: 1 args: {"network_create_args": null, "subnet_create_args": null, "subnet_cidr_start": "1.1.0.0/30", "subnets_per_network": 2, "router_create_args": null} times: 40 method_name: run timeout: 0 duration: None cls:
2019-07-30 09:28:39.340 25216 INFO rally.task.runner [-] Task bf3beea5-bb52-491e-9d49-35ad5cad1f16 | ITER: 20 START
2019-07-30 09:28:40.925 25171 RALLYDEBUG rally_openstack.wrappers.network [-] CIDR generated: 1.1.5.160/30
2019-07-30 09:28:40.979 25171 RALLYDEBUG rally_openstack.wrappers.network [-] CIDR generated: 1.1.5.164/30
2019-07-30 09:28:41.067 25173 RALLYDEBUG rally_openstack.wrappers.network [-] CIDR generated: 1.1.5.168/30
2019-07-30 09:28:41.089 25170 RALLYDEBUG rally_openstack.wrappers.network [-] CIDR generated: 1.1.5.172/30
2019-07-30 09:28:41.094 25172 RALLYDEBUG rally_openstack.wrappers.network [-] CIDR generated: 1.1.5.176/30
2019-07-30 09:28:41.151 25170 RALLYDEBUG rally_openstack.wrappers.network [-] CIDR generated: 1.1.5.180/30
2019-07-30 09:28:41.182 25189 RALLYDEBUG rally_openstack.wrappers.network [-] CIDR generated: 1.1.5.184/30
2019-07-30 09:28:41.431 25185 RALLYDEBUG rally_openstack.wrappers.network [-] CIDR generated: 1.1.5.188/30
2019-07-30 09:28:41.472 25177 RALLYDEBUG rally_openstack.wrappers.network [-] CIDR generated: 1.1.5.196/30
2019-07-30 09:28:41.471 25169 RALLYDEBUG rally_openstack.wrappers.network [-] CIDR generated: 1.1.5.192/30
2019-07-30 09:28:41.473 25169 RALLYDEBUG rally_openstack.wrappers.network [-] CIDR generated: 1.1.5.200/30
2019-07-30 09:28:41.535 25215 RALLYDEBUG rally_openstack.wrappers.network [-] CIDR generated: 1.1.5.204/30
2019-07-30 09:28:41.634 25181 RALLYDEBUG rally_openstack.wrappers.network [-] CIDR generated: 1.1.5.208/30
2019-07-30 09:28:41.746 25199 RALLYDEBUG rally_openstack.wrappers.network [-] CIDR generated: 1.1.5.212/30
2019-07-30 09:28:41.754 25192 RALLYDEBUG rally_openstack.wrappers.network [-] CIDR generated: 1.1.5.216/30
2019-07-30 09:28:41.868 25193 RALLYDEBUG rally_openstack.wrappers.network [-] CIDR generated: 1.1.5.220/30
2019-07-30 09:28:41.906 25197 RALLYDEBUG rally_openstack.wrappers.network [-] CIDR generated: 1.1.5.224/30
2019-07-30 09:28:41.914 25216 RALLYDEBUG rally_openstack.wrappers.network [-] CIDR generated: 1.1.5.228/30
2019-07-30 09:28:41.915 25204 RALLYDEBUG rally_openstack.wrappers.network [-] CIDR generated: 1.1.5.232/30
2019-07-30 09:28:42.158 25173 RALLYDEBUG rally_openstack.wrappers.network [-] CIDR generated: 1.1.5.236/30
2019-07-30 09:28:43.134 25171 RALLYDEBUG rally_openstack.wrappers.network [-] CIDR generated: 1.1.5.240/30
2019-07-30 09:28:43.275 25172 RALLYDEBUG rally_openstack.wrappers.network [-] CIDR generated: 1.1.5.244/30
2019-07-30 09:28:43.569 25181 RALLYDEBUG rally_openstack.wrappers.network [-] CIDR generated: 1.1.5.248/30
2019-07-30 09:28:43.661 25170 RALLYDEBUG rally_openstack.wrappers.network [-] CIDR generated: 1.1.5.252/30
2019-07-30 09:28:43.709 25170 RALLYDEBUG rally_openstack.wrappers.network [-] CIDR generated: 1.1.6.0/30
2019-07-30 09:28:43.871 25192 RALLYDEBUG rally_openstack.wrappers.network [-] CIDR generated: 1.1.6.4/30
2019-07-30 09:28:43.909 25215 RALLYDEBUG rally_openstack.wrappers.network [-] CIDR generated: 1.1.6.8/30
2019-07-30 09:28:44.229 25199 RALLYDEBUG rally_openstack.wrappers.network [-] CIDR generated: 1.1.6.12/30
2019-07-30 09:28:44.251 25171 RALLYDEBUG rally_openstack.wrappers.network [-] CIDR generated: 1.1.6.16/30
2019-07-30 09:28:44.606 25204 RALLYDEBUG rally_openstack.wrappers.network [-] CIDR generated: 1.1.6.20/30
2019-07-30 09:28:44.647 25172 RALLYDEBUG rally_openstack.wrappers.network [-] CIDR generated: 1.1.6.24/30
2019-07-30 09:28:44.805 25189 RALLYDEBUG rally_openstack.wrappers.network [-] CIDR generated: 1.1.6.28/30
2019-07-30 09:28:45.196 25193 RALLYDEBUG rally_openstack.wrappers.network [-] CIDR generated: 1.1.6.32/30
2019-07-30 09:28:45.879 25197 RALLYDEBUG rally_openstack.wrappers.network [-] CIDR generated: 1.1.6.36/30
2019-07-30 09:28:45.879 25216 RALLYDEBUG rally_openstack.wrappers.network [-] CIDR generated: 1.1.6.40/30
2019-07-30 09:28:47.837 25185 RALLYDEBUG rally_openstack.wrappers.network [-] CIDR generated: 1.1.6.44/30
2019-07-30 09:28:48.042 25169 RALLYDEBUG rally_openstack.wrappers.network [-] CIDR generated: 1.1.6.48/30
2019-07-30 09:28:48.051 25169 RALLYDEBUG rally_openstack.wrappers.network [-] CIDR generated: 1.1.6.52/30
2019-07-30 09:28:48.319 25177 RALLYDEBUG rally_openstack.wrappers.network [-] CIDR generated: 1.1.6.56/30
2019-07-30 09:28:48.336 25172 RALLYDEBUG rally_openstack.wrappers.network [-] CIDR generated: 1.1.6.60/30
2019-07-30 09:28:51.796 25173 INFO rally.task.runner [-] Task bf3beea5-bb52-491e-9d49-35ad5cad1f16 | ITER: 8 END: OK
2019-07-30 09:28:51.799 25173 INFO rally.task.runner [-] Task bf3beea5-bb52-491e-9d49-35ad5cad1f16 | ITER: 21 START
2019-07-30 09:28:52.907 25173 RALLYDEBUG rally_openstack.wrappers.network [-] CIDR generated: 1.1.6.64/30
2019-07-30 09:28:54.455 25173 RALLYDEBUG rally_openstack.wrappers.network [-] CIDR generated: 1.1.6.68/30
2019-07-30 09:29:01.736 25171 INFO rally.task.runner [-] Task bf3beea5-bb52-491e-9d49-35ad5cad1f16 | ITER: 6 END: OK
2019-07-30 09:29:01.740 25171 INFO rally.task.runner [-] Task bf3beea5-bb52-491e-9d49-35ad5cad1f16 | ITER: 22 START
2019-07-30 09:29:02.000 25181 INFO rally.task.runner [-] Task bf3beea5-bb52-491e-9d49-35ad5cad1f16 | ITER: 12 END: OK
2019-07-30 09:29:02.004 25181 INFO rally.task.runner [-] Task bf3beea5-bb52-491e-9d49-35ad5cad1f16 | ITER: 23 START
2019-07-30 09:29:02.514 25170 INFO rally.task.runner [-] Task bf3beea5-bb52-491e-9d49-35ad5cad1f16 | ITER: 5 END: OK
2019-07-30 09:29:02.518 25170 INFO rally.task.runner [-] Task bf3beea5-bb52-491e-9d49-35ad5cad1f16 | ITER: 24 START
