2019-07-30 09:21:17.627 22696 RALLYDEBUG rally.api [-] INFO logs from urllib3 and requests module are hide.
2019-07-30 09:21:17.627 22696 RALLYDEBUG rally.api [-] urllib3 insecure warnings are hidden.
2019-07-30 09:21:17.627 22696 RALLYDEBUG rally.api [-] ERROR log from boto module is hide.
2019-07-30 09:21:19.978 22698 RALLYDEBUG rally.api [-] INFO logs from urllib3 and requests module are hide.
2019-07-30 09:21:19.978 22698 RALLYDEBUG rally.api [-] urllib3 insecure warnings are hidden.
2019-07-30 09:21:19.978 22698 RALLYDEBUG rally.api [-] ERROR log from boto module is hide.
2019-07-30 09:21:21.349 22698 WARNING rally_openstack.platforms.existing [-] endpoint is deprecated and not used.
2019-07-30 09:21:22.369 22700 RALLYDEBUG rally.api [-] INFO logs from urllib3 and requests module are hide.
2019-07-30 09:21:22.369 22700 RALLYDEBUG rally.api [-] urllib3 insecure warnings are hidden.
2019-07-30 09:21:22.369 22700 RALLYDEBUG rally.api [-] ERROR log from boto module is hide.
2019-07-30 09:21:25.358 22703 RALLYDEBUG rally.api [-] INFO logs from urllib3 and requests module are hide.
2019-07-30 09:21:25.359 22703 RALLYDEBUG rally.api [-] urllib3 insecure warnings are hidden.
2019-07-30 09:21:25.359 22703 RALLYDEBUG rally.api [-] ERROR log from boto module is hide.
2019-07-30 09:21:27.385 22705 RALLYDEBUG rally.api [-] INFO logs from urllib3 and requests module are hide.
2019-07-30 09:21:27.385 22705 RALLYDEBUG rally.api [-] urllib3 insecure warnings are hidden.
2019-07-30 09:21:27.385 22705 RALLYDEBUG rally.api [-] ERROR log from boto module is hide.
2019-07-30 09:21:28.403 22705 INFO rally.common.plugin.discover [-] Loading plugins from directories /root/.rally/plugins/*
2019-07-30 09:21:28.404 22705 INFO rally.common.plugin.discover [-] Loaded module with plugins: /root/.rally/plugins/__init__.py
2019-07-30 09:21:28.406 22705 INFO rally.common.plugin.discover [-] Loaded module with plugins: /root/.rally/plugins/trunk_scenario.py
2019-07-30 09:21:28.599 22705 INFO rally.task.engine [-] Task bf3beea5-bb52-491e-9d49-35ad5cad1f16 | Starting: Task validation.
2019-07-30 09:21:28.634 22705 INFO rally.task.engine [-] Task bf3beea5-bb52-491e-9d49-35ad5cad1f16 | Starting: Task validation of syntax.
2019-07-30 09:21:28.847 22705 INFO rally.task.engine [-] Task bf3beea5-bb52-491e-9d49-35ad5cad1f16 | Completed: Task validation of syntax.
2019-07-30 09:21:28.847 22705 INFO rally.task.engine [-] Task bf3beea5-bb52-491e-9d49-35ad5cad1f16 | Starting: Task validation of required platforms.
2019-07-30 09:21:28.905 22705 INFO rally.task.engine [-] Task bf3beea5-bb52-491e-9d49-35ad5cad1f16 | Completed: Task validation of required platforms.
2019-07-30 09:21:28.906 22705 INFO rally.task.engine [-] Task bf3beea5-bb52-491e-9d49-35ad5cad1f16 | Starting: Task validation of semantic.
2019-07-30 09:21:28.906 22705 INFO rally.task.engine [-] Check health of the environment '221268bb-3c61-47c3-a3eb-2f01ec209199'.
2019-07-30 09:21:29.725 22705 INFO rally.task.engine [-] Platform existing@openstack (available: True): OK!
2019-07-30 09:21:29.740 22705 RALLYDEBUG rally_openstack.contexts.keystone.users [-] Creating 1 tenants using 20 threads
2019-07-30 09:21:31.483 22705 RALLYDEBUG rally_openstack.contexts.keystone.users [-] Creating 1 users using 20 threads
2019-07-30 09:21:34.092 22705 INFO rally.task.context [-] Task bf3beea5-bb52-491e-9d49-35ad5cad1f16 | Context users@openstack setup() finished in 4.35 sec
2019-07-30 09:21:40.190 22705 INFO rally.task.context [-] Task bf3beea5-bb52-491e-9d49-35ad5cad1f16 | Context users@openstack cleanup() started
2019-07-30 09:21:44.545 22705 INFO rally.task.context [-] Task bf3beea5-bb52-491e-9d49-35ad5cad1f16 | Context users@openstack cleanup() finished in 4.36 sec
2019-07-30 09:21:44.546 22705 INFO rally.task.engine [-] Task bf3beea5-bb52-491e-9d49-35ad5cad1f16 | Completed: Task validation of semantic.
2019-07-30 09:21:44.546 22705 INFO rally.task.engine [-] Task bf3beea5-bb52-491e-9d49-35ad5cad1f16 | Completed: Task validation.
2019-07-30 09:21:44.546 22705 INFO rally.api [-] Task bf3beea5-bb52-491e-9d49-35ad5cad1f16 input file is valid.
2019-07-30 09:21:44.547 22705 INFO rally.api [-] Run Task bf3beea5-bb52-491e-9d49-35ad5cad1f16 against Deployment 221268bb-3c61-47c3-a3eb-2f01ec209199
2019-07-30 09:21:44.547 22705 INFO rally.task.engine [-] Task bf3beea5-bb52-491e-9d49-35ad5cad1f16 | Starting: Running task.
2019-07-30 09:21:44.673 22705 INFO rally.task.engine [-] Running workload: position = 0 config = { "version": 2, "title": "A cropped version of a bigger task.", "description": "Auto-generated task from a single workload (uuid=b5ed823d-b391-4da7-9070-b10e9b41cb31)", "subtasks": [ { "title": "NeutronNetworks.create_and_list_networks", "description": "Check performance of list_networks action and ensure > network quotas are not exceeded", "scenario": { "NeutronNetworks.create_and_list_networks": {} }, "contexts": { "users": { "tenants": 1, "users_per_tenant": 1 }, "quotas": { "neutron": { "network": 119 } } }, "runner": { "constant": { "times": 100, "concurrency": 20 } }, "hooks": [], "sla": { "max_avg_duration_per_atomic": { "neutron.list_networks": 15 }, "failure_rate": { "max": 0 } } } ] }
2019-07-30 09:21:44.692 22705 RALLYDEBUG rally_openstack.contexts.keystone.users [-] Creating 1 tenants using 20 threads
2019-07-30 09:21:46.796 22705 RALLYDEBUG rally_openstack.contexts.keystone.users [-] Creating 1 users using 20 threads
2019-07-30 09:21:49.231 22705 INFO rally.task.context [-] Task bf3beea5-bb52-491e-9d49-35ad5cad1f16 | Context users@openstack setup() finished in 4.54 sec
2019-07-30 09:21:49.943 22705 INFO rally.task.context [-] Task bf3beea5-bb52-491e-9d49-35ad5cad1f16 | Context quotas@openstack setup() finished in 0.71 sec
2019-07-30 09:21:49.943 22705 INFO rally.task.context [-] Task bf3beea5-bb52-491e-9d49-35ad5cad1f16 | Context cleanup@openstack setup() finished in 0.01 msec
2019-07-30 09:21:49.950 22705 RALLYDEBUG rally.task.runner [-] Starting the constant runner (task UUID: bf3beea5-bb52-491e-9d49-35ad5cad1f16). timeout: 0 concurrency: 20 concurrency_per_worker: 1 times: 100 concurrency_overhead: 4 processes_to_start: 16 max_cpu_used: 16
2019-07-30 09:21:49.963 22829 RALLYDEBUG rally.task.runner [-] Starting a worker. concurrency: 2 args: {} times: 100 method_name: run timeout: 0 duration: None cls:
2019-07-30 09:21:49.965 22830 RALLYDEBUG rally.task.runner [-] Starting a worker. concurrency: 2 args: {} times: 100 method_name: run timeout: 0 duration: None cls:
2019-07-30 09:21:49.968 22831 RALLYDEBUG rally.task.runner [-] Starting a worker. concurrency: 2 args: {} times: 100 method_name: run timeout: 0 duration: None cls:
2019-07-30 09:21:49.971 22832 RALLYDEBUG rally.task.runner [-] Starting a worker. concurrency: 2 args: {} times: 100 method_name: run timeout: 0 duration: None cls:
2019-07-30 09:21:49.973 22829 INFO rally.task.runner [-] Task bf3beea5-bb52-491e-9d49-35ad5cad1f16 | ITER: 1 START
2019-07-30 09:21:49.974 22835 RALLYDEBUG rally.task.runner [-] Starting a worker. concurrency: 1 args: {} times: 100 method_name: run timeout: 0 duration: None cls:
2019-07-30 09:21:49.975 22830 INFO rally.task.runner [-] Task bf3beea5-bb52-491e-9d49-35ad5cad1f16 | ITER: 2 START
2019-07-30 09:21:49.979 22829 INFO rally.task.runner [-] Task bf3beea5-bb52-491e-9d49-35ad5cad1f16 | ITER: 3 START
2019-07-30 09:21:49.976 22832 INFO rally.task.runner [-] Task bf3beea5-bb52-491e-9d49-35ad5cad1f16 | ITER: 6 START
2019-07-30 09:21:49.979 22837 RALLYDEBUG rally.task.runner [-] Starting a worker. concurrency: 1 args: {} times: 100 method_name: run timeout: 0 duration: None cls:
2019-07-30 09:21:49.980 22831 INFO rally.task.runner [-] Task bf3beea5-bb52-491e-9d49-35ad5cad1f16 | ITER: 5 START
2019-07-30 09:21:49.976 22830 INFO rally.task.runner [-] Task bf3beea5-bb52-491e-9d49-35ad5cad1f16 | ITER: 4 START
2019-07-30 09:21:49.980 22842 RALLYDEBUG rally.task.runner [-] Starting a worker. concurrency: 1 args: {} times: 100 method_name: run timeout: 0 duration: None cls:
2019-07-30 09:21:49.983 22835 INFO rally.task.runner [-] Task bf3beea5-bb52-491e-9d49-35ad5cad1f16 | ITER: 8 START
2019-07-30 09:21:49.981 22831 INFO rally.task.runner [-] Task bf3beea5-bb52-491e-9d49-35ad5cad1f16 | ITER: 7 START
2019-07-30 09:21:49.984 22846 RALLYDEBUG rally.task.runner [-] Starting a worker. concurrency: 1 args: {} times: 100 method_name: run timeout: 0 duration: None cls:
2019-07-30 09:21:49.987 22842 INFO rally.task.runner [-] Task bf3beea5-bb52-491e-9d49-35ad5cad1f16 | ITER: 11 START
2019-07-30 09:21:49.986 22837 INFO rally.task.runner [-] Task bf3beea5-bb52-491e-9d49-35ad5cad1f16 | ITER: 10 START
2019-07-30 09:21:49.989 22851 RALLYDEBUG rally.task.runner [-] Starting a worker. concurrency: 1 args: {} times: 100 method_name: run timeout: 0 duration: None cls:
2019-07-30 09:21:49.991 22849 RALLYDEBUG rally.task.runner [-] Starting a worker. concurrency: 1 args: {} times: 100 method_name: run timeout: 0 duration: None cls:
2019-07-30 09:21:49.994 22832 INFO rally.task.runner [-] Task bf3beea5-bb52-491e-9d49-35ad5cad1f16 | ITER: 9 START
2019-07-30 09:21:49.994 22846 INFO rally.task.runner [-] Task bf3beea5-bb52-491e-9d49-35ad5cad1f16 | ITER: 12 START
2019-07-30 09:21:49.997 22856 RALLYDEBUG rally.task.runner [-] Starting a worker. concurrency: 1 args: {} times: 100 method_name: run timeout: 0 duration: None cls:
2019-07-30 09:21:49.998 22851 INFO rally.task.runner [-] Task bf3beea5-bb52-491e-9d49-35ad5cad1f16 | ITER: 13 START
2019-07-30 09:21:49.999 22849 INFO rally.task.runner [-] Task bf3beea5-bb52-491e-9d49-35ad5cad1f16 | ITER: 14 START
2019-07-30 09:21:50.001 22860 RALLYDEBUG rally.task.runner [-] Starting a worker. concurrency: 1 args: {} times: 100 method_name: run timeout: 0 duration: None cls:
2019-07-30 09:21:50.007 22860 INFO rally.task.runner [-] Task bf3beea5-bb52-491e-9d49-35ad5cad1f16 | ITER: 16 START
2019-07-30 09:21:50.007 22856 INFO rally.task.runner [-] Task bf3beea5-bb52-491e-9d49-35ad5cad1f16 | ITER: 15 START
2019-07-30 09:21:50.013 22870 RALLYDEBUG rally.task.runner [-] Starting a worker. concurrency: 1 args: {} times: 100 method_name: run timeout: 0 duration: None cls:
2019-07-30 09:21:50.013 22865 RALLYDEBUG rally.task.runner [-] Starting a worker. concurrency: 1 args: {} times: 100 method_name: run timeout: 0 duration: None cls:
2019-07-30 09:21:50.019 22870 INFO rally.task.runner [-] Task bf3beea5-bb52-491e-9d49-35ad5cad1f16 | ITER: 17 START
2019-07-30 09:21:50.023 22871 RALLYDEBUG rally.task.runner [-] Starting a worker. concurrency: 1 args: {} times: 100 method_name: run timeout: 0 duration: None cls:
2019-07-30 09:21:50.024 22865 INFO rally.task.runner [-] Task bf3beea5-bb52-491e-9d49-35ad5cad1f16 | ITER: 18 START
2019-07-30 09:21:50.025 22874 RALLYDEBUG rally.task.runner [-] Starting a worker. concurrency: 1 args: {} times: 100 method_name: run timeout: 0 duration: None cls:
2019-07-30 09:21:50.029 22871 INFO rally.task.runner [-] Task bf3beea5-bb52-491e-9d49-35ad5cad1f16 | ITER: 19 START
2019-07-30 09:21:50.032 22874 INFO rally.task.runner [-] Task bf3beea5-bb52-491e-9d49-35ad5cad1f16 | ITER: 20 START
2019-07-30 09:21:51.322 22842 INFO rally.task.runner [-] Task bf3beea5-bb52-491e-9d49-35ad5cad1f16 | ITER: 11 END: OK
2019-07-30 09:21:51.327 22842 INFO rally.task.runner [-] Task bf3beea5-bb52-491e-9d49-35ad5cad1f16 | ITER: 21 START
2019-07-30 09:21:51.473 22829 INFO rally.task.runner [-] Task bf3beea5-bb52-491e-9d49-35ad5cad1f16 | ITER: 3 END: OK
2019-07-30 09:21:51.478 22829 INFO rally.task.runner [-] Task bf3beea5-bb52-491e-9d49-35ad5cad1f16 | ITER: 22 START
2019-07-30 09:21:52.101 22830 INFO rally.task.runner [-] Task bf3beea5-bb52-491e-9d49-35ad5cad1f16 | ITER: 4 END: OK
2019-07-30 09:21:52.105 22830 INFO rally.task.runner [-] Task bf3beea5-bb52-491e-9d49-35ad5cad1f16 | ITER: 23 START
2019-07-30 09:21:52.132 22851 INFO rally.task.runner [-] Task bf3beea5-bb52-491e-9d49-35ad5cad1f16 | ITER: 13 END: OK
2019-07-30 09:21:52.135 22851 INFO rally.task.runner [-] Task bf3beea5-bb52-491e-9d49-35ad5cad1f16 | ITER: 24 START
2019-07-30 09:21:52.395 22830 INFO rally.task.runner [-] Task bf3beea5-bb52-491e-9d49-35ad5cad1f16 | ITER: 2 END: OK
2019-07-30 09:21:52.398 22830 INFO rally.task.runner [-] Task bf3beea5-bb52-491e-9d49-35ad5cad1f16 | ITER: 25 START
2019-07-30 09:21:52.665 22849 INFO rally.task.runner [-] Task bf3beea5-bb52-491e-9d49-35ad5cad1f16 | ITER: 14 END: OK
2019-07-30 09:21:52.670 22849 INFO rally.task.runner [-] Task bf3beea5-bb52-491e-9d49-35ad5cad1f16 | ITER: 26 START
2019-07-30 09:21:52.929 22835 INFO rally.task.runner [-] Task bf3beea5-bb52-491e-9d49-35ad5cad1f16 | ITER: 8 END: OK
2019-07-30 09:21:52.933 22835 INFO rally.task.runner [-] Task bf3beea5-bb52-491e-9d49-35ad5cad1f16 | ITER: 27 START
2019-07-30 09:21:53.011 22832 INFO rally.task.runner [-] Task bf3beea5-bb52-491e-9d49-35ad5cad1f16 | ITER: 6 END: OK
2019-07-30 09:21:53.015 22832 INFO rally.task.runner [-] Task bf3beea5-bb52-491e-9d49-35ad5cad1f16 | ITER: 28 START
2019-07-30 09:21:53.365 22837 INFO rally.task.runner [-] Task bf3beea5-bb52-491e-9d49-35ad5cad1f16 | ITER: 10 END: OK
2019-07-30 09:21:53.367 22829 INFO rally.task.runner [-] Task bf3beea5-bb52-491e-9d49-35ad5cad1f16 | ITER: 1 END: OK
2019-07-30 09:21:53.370 22837 INFO rally.task.runner [-] Task bf3beea5-bb52-491e-9d49-35ad5cad1f16 | ITER: 29 START
2019-07-30 09:21:53.370 22829 INFO rally.task.runner [-] Task bf3beea5-bb52-491e-9d49-35ad5cad1f16 | ITER: 30 START
2019-07-30 09:21:53.371 22831 INFO rally.task.runner [-] Task bf3beea5-bb52-491e-9d49-35ad5cad1f16 | ITER: 7 END: OK
2019-07-30 09:21:53.374 22831 INFO rally.task.runner [-] Task bf3beea5-bb52-491e-9d49-35ad5cad1f16 | ITER: 31 START
2019-07-30 09:21:53.648 22832 INFO rally.task.runner [-] Task bf3beea5-bb52-491e-9d49-35ad5cad1f16 | ITER: 9 END: OK
2019-07-30 09:21:53.652 22832 INFO rally.task.runner [-] Task bf3beea5-bb52-491e-9d49-35ad5cad1f16 | ITER: 32 START
2019-07-30 09:21:53.936 22871 INFO rally.task.runner [-] Task bf3beea5-bb52-491e-9d49-35ad5cad1f16 | ITER: 19 END: OK
2019-07-30 09:21:53.939 22871 INFO rally.task.runner [-] Task bf3beea5-bb52-491e-9d49-35ad5cad1f16 | ITER: 33 START
2019-07-30 09:21:53.977 22846 INFO rally.task.runner [-] Task bf3beea5-bb52-491e-9d49-35ad5cad1f16 | ITER: 12 END: OK
2019-07-30 09:21:53.981 22846 INFO rally.task.runner [-] Task bf3beea5-bb52-491e-9d49-35ad5cad1f16 | ITER: 34 START
2019-07-30 09:21:54.343 22870 INFO rally.task.runner [-] Task bf3beea5-bb52-491e-9d49-35ad5cad1f16 | ITER: 17 END: OK
2019-07-30 09:21:54.347 22870 INFO rally.task.runner [-] Task bf3beea5-bb52-491e-9d49-35ad5cad1f16 | ITER: 35 START
2019-07-30 09:21:54.571 22865 INFO rally.task.runner [-] Task bf3beea5-bb52-491e-9d49-35ad5cad1f16 | ITER: 18 END: OK
2019-07-30 09:21:54.575 22865 INFO rally.task.runner [-] Task bf3beea5-bb52-491e-9d49-35ad5cad1f16 | ITER: 36 START
2019-07-30 09:21:54.618 22831 INFO rally.task.runner [-] Task bf3beea5-bb52-491e-9d49-35ad5cad1f16 | ITER: 5 END: OK
2019-07-30 09:21:54.621 22831 INFO rally.task.runner [-] Task bf3beea5-bb52-491e-9d49-35ad5cad1f16 | ITER: 37 START
2019-07-30 09:21:54.733 22874 INFO rally.task.runner [-] Task bf3beea5-bb52-491e-9d49-35ad5cad1f16 | ITER: 20 END: OK
2019-07-30 09:21:54.736 22874 INFO rally.task.runner [-] Task bf3beea5-bb52-491e-9d49-35ad5cad1f16 | ITER: 38 START
2019-07-30 09:21:54.744 22860 INFO rally.task.runner [-] Task bf3beea5-bb52-491e-9d49-35ad5cad1f16 | ITER: 16 END: OK
2019-07-30 09:21:54.747 22860 INFO rally.task.runner [-] Task bf3beea5-bb52-491e-9d49-35ad5cad1f16 | ITER: 39 START
2019-07-30 09:21:55.417 22835 INFO rally.task.runner [-] Task bf3beea5-bb52-491e-9d49-35ad5cad1f16 | ITER: 27 END: OK
2019-07-30 09:21:55.417 22842 INFO rally.task.runner [-] Task bf3beea5-bb52-491e-9d49-35ad5cad1f16 | ITER: 21 END: OK
2019-07-30 09:21:55.419 22856 INFO rally.task.runner [-] Task bf3beea5-bb52-491e-9d49-35ad5cad1f16 | ITER: 15 END: OK
2019-07-30 09:21:55.420 22835 INFO rally.task.runner [-] Task bf3beea5-bb52-491e-9d49-35ad5cad1f16 | ITER: 40 START
2019-07-30 09:21:55.420 22842 INFO rally.task.runner [-] Task bf3beea5-bb52-491e-9d49-35ad5cad1f16 | ITER: 41 START
2019-07-30 09:21:55.422 22856 INFO rally.task.runner [-] Task bf3beea5-bb52-491e-9d49-35ad5cad1f16 | ITER: 42 START
2019-07-30 09:21:55.698 22829 INFO rally.task.runner [-] Task bf3beea5-bb52-491e-9d49-35ad5cad1f16 | ITER: 22 END: OK
2019-07-30 09:21:55.702 22829 INFO rally.task.runner [-] Task bf3beea5-bb52-491e-9d49-35ad5cad1f16 | ITER: 43 START
2019-07-30 09:21:55.749 22851 INFO rally.task.runner [-] Task bf3beea5-bb52-491e-9d49-35ad5cad1f16 | ITER: 24 END: OK
2019-07-30 09:21:55.752 22851 INFO rally.task.runner [-] Task bf3beea5-bb52-491e-9d49-35ad5cad1f16 | ITER: 44 START
2019-07-30 09:21:56.845 22871 INFO rally.task.runner [-] Task bf3beea5-bb52-491e-9d49-35ad5cad1f16 | ITER: 33 END: OK
2019-07-30 09:21:56.848 22871 INFO rally.task.runner [-] Task bf3beea5-bb52-491e-9d49-35ad5cad1f16 | ITER: 45 START
2019-07-30 09:21:56.875 22874 INFO rally.task.runner [-] Task bf3beea5-bb52-491e-9d49-35ad5cad1f16 | ITER: 38 END: OK
2019-07-30 09:21:56.878 22874 INFO rally.task.runner [-] Task bf3beea5-bb52-491e-9d49-35ad5cad1f16 | ITER: 46 START
2019-07-30 09:21:56.994 22835 INFO rally.task.runner [-] Task bf3beea5-bb52-491e-9d49-35ad5cad1f16 | ITER: 40 END: OK
2019-07-30 09:21:56.998 22835 INFO rally.task.runner [-] Task bf3beea5-bb52-491e-9d49-35ad5cad1f16 | ITER: 47 START
2019-07-30 09:21:57.293 22856 INFO rally.task.runner [-] Task bf3beea5-bb52-491e-9d49-35ad5cad1f16 | ITER: 42 END: OK
2019-07-30 09:21:57.296 22856 INFO rally.task.runner [-] Task bf3beea5-bb52-491e-9d49-35ad5cad1f16 | ITER: 48 START
2019-07-30 09:21:57.315 22846 INFO rally.task.runner [-] Task bf3beea5-bb52-491e-9d49-35ad5cad1f16 | ITER: 34 END: OK
2019-07-30 09:21:57.318 22846 INFO rally.task.runner [-] Task bf3beea5-bb52-491e-9d49-35ad5cad1f16 | ITER: 49 START
2019-07-30 09:21:57.321 22860 INFO rally.task.runner [-] Task bf3beea5-bb52-491e-9d49-35ad5cad1f16 | ITER: 39 END: OK
2019-07-30 09:21:57.324 22860 INFO rally.task.runner [-] Task bf3beea5-bb52-491e-9d49-35ad5cad1f16 | ITER: 50 START
2019-07-30 09:21:57.341 22842 INFO rally.task.runner [-] Task bf3beea5-bb52-491e-9d49-35ad5cad1f16 | ITER: 41 END: OK
2019-07-30 09:21:57.344 22842 INFO rally.task.runner [-] Task bf3beea5-bb52-491e-9d49-35ad5cad1f16 | ITER: 51 START
2019-07-30 09:21:57.345 22829 INFO rally.task.runner [-] Task bf3beea5-bb52-491e-9d49-35ad5cad1f16 | ITER: 43 END: OK
2019-07-30 09:21:57.348 22829 INFO rally.task.runner [-] Task bf3beea5-bb52-491e-9d49-35ad5cad1f16 | ITER: 52 START
2019-07-30 09:21:57.466 22870 INFO rally.task.runner [-] Task bf3beea5-bb52-491e-9d49-35ad5cad1f16 | ITER: 35 END: OK
2019-07-30 09:21:57.469 22870 INFO rally.task.runner [-] Task bf3beea5-bb52-491e-9d49-35ad5cad1f16 | ITER: 53 START
2019-07-30 09:21:57.531 22830 INFO rally.task.runner [-] Task bf3beea5-bb52-491e-9d49-35ad5cad1f16 | ITER: 23 END: OK
2019-07-30 09:21:57.533 22849 INFO rally.task.runner [-] Task bf3beea5-bb52-491e-9d49-35ad5cad1f16 | ITER: 26 END: OK
2019-07-30 09:21:57.534 22830 INFO rally.task.runner [-] Task bf3beea5-bb52-491e-9d49-35ad5cad1f16 | ITER: 54 START
2019-07-30 09:21:57.537 22849 INFO rally.task.runner [-] Task bf3beea5-bb52-491e-9d49-35ad5cad1f16 | ITER: 55 START
2019-07-30 09:21:57.600 22837 INFO rally.task.runner [-] Task bf3beea5-bb52-491e-9d49-35ad5cad1f16 | ITER: 29 END: OK
2019-07-30 09:21:57.602 22830 INFO rally.task.runner [-] Task bf3beea5-bb52-491e-9d49-35ad5cad1f16 | ITER: 25 END: OK
2019-07-30 09:21:57.604 22837 INFO rally.task.runner [-] Task bf3beea5-bb52-491e-9d49-35ad5cad1f16 | ITER: 56 START
2019-07-30 09:21:57.606 22830 INFO rally.task.runner [-] Task bf3beea5-bb52-491e-9d49-35ad5cad1f16 | ITER: 57 START
2019-07-30 09:21:57.717 22831 INFO rally.task.runner [-] Task bf3beea5-bb52-491e-9d49-35ad5cad1f16 | ITER: 31 END: OK
2019-07-30 09:21:57.721 22851 INFO rally.task.runner [-] Task bf3beea5-bb52-491e-9d49-35ad5cad1f16 | ITER: 44 END: OK
2019-07-30 09:21:57.722 22831 INFO rally.task.runner [-] Task bf3beea5-bb52-491e-9d49-35ad5cad1f16 | ITER: 58 START
2019-07-30 09:21:57.724 22851 INFO rally.task.runner [-] Task bf3beea5-bb52-491e-9d49-35ad5cad1f16 | ITER: 59 START
2019-07-30 09:21:57.836 22832 INFO rally.task.runner [-] Task bf3beea5-bb52-491e-9d49-35ad5cad1f16 | ITER: 32 END: OK
2019-07-30 09:21:57.840 22832 INFO rally.task.runner [-] Task bf3beea5-bb52-491e-9d49-35ad5cad1f16 | ITER: 60 START
2019-07-30 09:21:57.850 22832 INFO rally.task.runner [-] Task bf3beea5-bb52-491e-9d49-35ad5cad1f16 | ITER: 28 END: OK
2019-07-30 09:21:57.858 22832 INFO rally.task.runner [-] Task bf3beea5-bb52-491e-9d49-35ad5cad1f16 | ITER: 61 START
2019-07-30 09:21:58.031 22865 INFO rally.task.runner [-] Task bf3beea5-bb52-491e-9d49-35ad5cad1f16 | ITER: 36 END: OK
2019-07-30 09:21:58.034 22865 INFO rally.task.runner [-] Task bf3beea5-bb52-491e-9d49-35ad5cad1f16 | ITER: 62 START
2019-07-30 09:21:58.446 22874 INFO rally.task.runner [-] Task bf3beea5-bb52-491e-9d49-35ad5cad1f16 | ITER: 46 END: OK
2019-07-30 09:21:58.449 22874 INFO rally.task.runner [-] Task bf3beea5-bb52-491e-9d49-35ad5cad1f16 | ITER: 63 START
2019-07-30 09:21:58.617 22831 INFO rally.task.runner [-] Task bf3beea5-bb52-491e-9d49-35ad5cad1f16 | ITER: 37 END: OK
2019-07-30 09:21:58.620 22831 INFO rally.task.runner [-] Task bf3beea5-bb52-491e-9d49-35ad5cad1f16 | ITER: 64 START
2019-07-30 09:21:58.826 22829 INFO rally.task.runner [-] Task bf3beea5-bb52-491e-9d49-35ad5cad1f16 | ITER: 30 END: OK
2019-07-30 09:21:58.830 22829 INFO rally.task.runner [-] Task bf3beea5-bb52-491e-9d49-35ad5cad1f16 | ITER: 65 START
2019-07-30 09:21:58.861 22835 INFO rally.task.runner [-] Task bf3beea5-bb52-491e-9d49-35ad5cad1f16 | ITER: 47 END: OK
2019-07-30 09:21:58.864 22835 INFO rally.task.runner [-] Task bf3beea5-bb52-491e-9d49-35ad5cad1f16 | ITER: 66 START
2019-07-30 09:21:59.290 22871 INFO rally.task.runner [-] Task bf3beea5-bb52-491e-9d49-35ad5cad1f16 | ITER: 45 END: OK
2019-07-30 09:21:59.291 22842 INFO rally.task.runner [-] Task bf3beea5-bb52-491e-9d49-35ad5cad1f16 | ITER: 51 END: OK
2019-07-30 09:21:59.293 22871 INFO rally.task.runner [-] Task bf3beea5-bb52-491e-9d49-35ad5cad1f16 | ITER: 67 START
2019-07-30 09:21:59.294 22842 INFO rally.task.runner [-] Task bf3beea5-bb52-491e-9d49-35ad5cad1f16 | ITER: 68 START
2019-07-30 09:21:59.310 22856 INFO rally.task.runner [-] Task bf3beea5-bb52-491e-9d49-35ad5cad1f16 | ITER: 48 END: OK
2019-07-30 09:21:59.313 22856 INFO rally.task.runner [-] Task bf3beea5-bb52-491e-9d49-35ad5cad1f16 | ITER: 69 START
2019-07-30 09:22:00.038 22837 INFO rally.task.runner [-] Task bf3beea5-bb52-491e-9d49-35ad5cad1f16 | ITER: 56 END: OK
2019-07-30 09:22:00.042 22837 INFO rally.task.runner [-] Task bf3beea5-bb52-491e-9d49-35ad5cad1f16 | ITER: 70 START
2019-07-30 09:22:00.110 22849 INFO rally.task.runner [-] Task bf3beea5-bb52-491e-9d49-35ad5cad1f16 | ITER: 55 END: OK
2019-07-30 09:22:00.113 22849 INFO rally.task.runner [-] Task bf3beea5-bb52-491e-9d49-35ad5cad1f16 | ITER: 71 START
2019-07-30 09:22:00.170 22832 INFO rally.task.runner [-] Task bf3beea5-bb52-491e-9d49-35ad5cad1f16 | ITER: 60 END: OK
2019-07-30 09:22:00.173 22832 INFO rally.task.runner [-] Task bf3beea5-bb52-491e-9d49-35ad5cad1f16 | ITER: 72 START
2019-07-30 09:22:00.260 22830 INFO rally.task.runner [-] Task bf3beea5-bb52-491e-9d49-35ad5cad1f16 | ITER: 54 END: OK
2019-07-30 09:22:00.263 22830 INFO rally.task.runner [-] Task bf3beea5-bb52-491e-9d49-35ad5cad1f16 | ITER: 73 START
2019-07-30 09:22:00.324 22846 INFO rally.task.runner [-] Task bf3beea5-bb52-491e-9d49-35ad5cad1f16 | ITER: 49 END: OK
2019-07-30 09:22:00.327 22846 INFO rally.task.runner [-] Task bf3beea5-bb52-491e-9d49-35ad5cad1f16 | ITER: 74 START
2019-07-30 09:22:00.386 22860 INFO rally.task.runner [-] Task bf3beea5-bb52-491e-9d49-35ad5cad1f16 | ITER: 50 END: OK
2019-07-30 09:22:00.389 22860 INFO rally.task.runner [-] Task bf3beea5-bb52-491e-9d49-35ad5cad1f16 | ITER: 75 START
2019-07-30 09:22:00.521 22870 INFO rally.task.runner [-] Task bf3beea5-bb52-491e-9d49-35ad5cad1f16 | ITER: 53 END: OK
2019-07-30 09:22:00.524 22870 INFO rally.task.runner [-] Task bf3beea5-bb52-491e-9d49-35ad5cad1f16 | ITER: 76 START
2019-07-30 09:22:00.726 22871 INFO rally.task.runner [-] Task bf3beea5-bb52-491e-9d49-35ad5cad1f16 | ITER: 67 END: OK
2019-07-30 09:22:00.730 22871 INFO rally.task.runner [-] Task bf3beea5-bb52-491e-9d49-35ad5cad1f16 | ITER: 77 START
2019-07-30 09:22:01.132 22832 INFO rally.task.runner [-] Task bf3beea5-bb52-491e-9d49-35ad5cad1f16 | ITER: 61 END: OK
2019-07-30 09:22:01.135 22832 INFO rally.task.runner [-] Task bf3beea5-bb52-491e-9d49-35ad5cad1f16 | ITER: 78 START
2019-07-30 09:22:01.249 22856 INFO rally.task.runner [-] Task bf3beea5-bb52-491e-9d49-35ad5cad1f16 | ITER: 69 END: OK
2019-07-30 09:22:01.252 22856 INFO rally.task.runner [-] Task bf3beea5-bb52-491e-9d49-35ad5cad1f16 | ITER: 79 START
2019-07-30 09:22:01.383 22835 INFO rally.task.runner [-] Task bf3beea5-bb52-491e-9d49-35ad5cad1f16 | ITER: 66 END: OK
2019-07-30 09:22:01.386 22835 INFO rally.task.runner [-] Task bf3beea5-bb52-491e-9d49-35ad5cad1f16 | ITER: 80 START
2019-07-30 09:22:01.457 22830 INFO rally.task.runner [-] Task bf3beea5-bb52-491e-9d49-35ad5cad1f16 | ITER: 57 END: OK
2019-07-30 09:22:01.460 22830 INFO rally.task.runner [-] Task bf3beea5-bb52-491e-9d49-35ad5cad1f16 | ITER: 81 START
2019-07-30 09:22:01.910 22832 INFO rally.task.runner [-] Task bf3beea5-bb52-491e-9d49-35ad5cad1f16 | ITER: 72 END: OK
2019-07-30 09:22:01.913 22832 INFO rally.task.runner [-] Task bf3beea5-bb52-491e-9d49-35ad5cad1f16 | ITER: 82 START
2019-07-30 09:22:02.112 22829 INFO rally.task.runner [-] Task bf3beea5-bb52-491e-9d49-35ad5cad1f16 | ITER: 65 END: OK
2019-07-30 09:22:02.115 22829 INFO rally.task.runner [-] Task bf3beea5-bb52-491e-9d49-35ad5cad1f16 | ITER: 83 START
2019-07-30 09:22:02.147 22829 INFO rally.task.runner [-] Task bf3beea5-bb52-491e-9d49-35ad5cad1f16 | ITER: 52 END: OK
2019-07-30 09:22:02.150 22829 INFO rally.task.runner [-] Task bf3beea5-bb52-491e-9d49-35ad5cad1f16 | ITER: 84 START
2019-07-30 09:22:02.195 22874 INFO rally.task.runner [-] Task bf3beea5-bb52-491e-9d49-35ad5cad1f16 | ITER: 63 END: OK
2019-07-30 09:22:02.199 22874 INFO rally.task.runner [-] Task bf3beea5-bb52-491e-9d49-35ad5cad1f16 | ITER: 85 START
2019-07-30 09:22:02.233 22849 INFO rally.task.runner [-] Task bf3beea5-bb52-491e-9d49-35ad5cad1f16 | ITER: 71 END: OK
2019-07-30 09:22:02.236 22849 INFO rally.task.runner [-] Task bf3beea5-bb52-491e-9d49-35ad5cad1f16 | ITER: 86 START
2019-07-30 09:22:02.245 22837 INFO rally.task.runner [-] Task bf3beea5-bb52-491e-9d49-35ad5cad1f16 | ITER: 70 END: OK
2019-07-30 09:22:02.248 22837 INFO rally.task.runner [-] Task bf3beea5-bb52-491e-9d49-35ad5cad1f16 | ITER: 87 START
2019-07-30 09:22:02.303 22860 INFO rally.task.runner [-] Task bf3beea5-bb52-491e-9d49-35ad5cad1f16 | ITER: 75 END: OK
2019-07-30 09:22:02.306 22860 INFO rally.task.runner [-] Task bf3beea5-bb52-491e-9d49-35ad5cad1f16 | ITER: 88 START
2019-07-30 09:22:02.324 22831 INFO rally.task.runner [-] Task bf3beea5-bb52-491e-9d49-35ad5cad1f16 | ITER: 64 END: OK
2019-07-30 09:22:02.327 22831 INFO rally.task.runner [-] Task bf3beea5-bb52-491e-9d49-35ad5cad1f16 | ITER: 89 START
2019-07-30 09:22:02.350 22830 INFO rally.task.runner [-] Task bf3beea5-bb52-491e-9d49-35ad5cad1f16 | ITER: 73 END: OK
2019-07-30 09:22:02.353 22830 INFO rally.task.runner [-] Task bf3beea5-bb52-491e-9d49-35ad5cad1f16 | ITER: 90 START
2019-07-30 09:22:02.426 22846 INFO rally.task.runner [-] Task bf3beea5-bb52-491e-9d49-35ad5cad1f16 | ITER: 74 END: OK
2019-07-30 09:22:02.430 22846 INFO rally.task.runner [-] Task bf3beea5-bb52-491e-9d49-35ad5cad1f16 | ITER: 91 START
2019-07-30 09:22:02.467 22865 INFO rally.task.runner [-] Task bf3beea5-bb52-491e-9d49-35ad5cad1f16 | ITER: 62 END: OK
2019-07-30 09:22:02.470 22865 INFO rally.task.runner [-] Task bf3beea5-bb52-491e-9d49-35ad5cad1f16 | ITER: 92 START
2019-07-30 09:22:02.530 22851 INFO rally.task.runner [-] Task bf3beea5-bb52-491e-9d49-35ad5cad1f16 | ITER: 59 END: OK
2019-07-30 09:22:02.533 22851 INFO rally.task.runner [-] Task bf3beea5-bb52-491e-9d49-35ad5cad1f16 | ITER: 93 START
2019-07-30 09:22:02.668 22842 INFO rally.task.runner [-] Task bf3beea5-bb52-491e-9d49-35ad5cad1f16 | ITER: 68 END: OK
2019-07-30 09:22:02.672 22842 INFO rally.task.runner [-] Task bf3beea5-bb52-491e-9d49-35ad5cad1f16 | ITER: 94 START
2019-07-30 09:22:02.838 22832 INFO rally.task.runner [-] Task bf3beea5-bb52-491e-9d49-35ad5cad1f16 | ITER: 78 END: OK
2019-07-30 09:22:02.841 22832 INFO rally.task.runner [-] Task bf3beea5-bb52-491e-9d49-35ad5cad1f16 | ITER: 95 START
2019-07-30 09:22:02.871 22831 INFO rally.task.runner [-] Task bf3beea5-bb52-491e-9d49-35ad5cad1f16 | ITER: 58 END: OK
2019-07-30 09:22:02.875 22831 INFO rally.task.runner [-] Task bf3beea5-bb52-491e-9d49-35ad5cad1f16 | ITER: 96 START
2019-07-30 09:22:02.937 22870 INFO rally.task.runner [-] Task bf3beea5-bb52-491e-9d49-35ad5cad1f16 | ITER: 76 END: OK
2019-07-30 09:22:02.941 22870 INFO rally.task.runner [-] Task bf3beea5-bb52-491e-9d49-35ad5cad1f16 | ITER: 97 START
2019-07-30 09:22:03.127 22856 INFO rally.task.runner [-] Task bf3beea5-bb52-491e-9d49-35ad5cad1f16 | ITER: 79 END: OK
2019-07-30 09:22:03.130 22856 INFO rally.task.runner [-] Task bf3beea5-bb52-491e-9d49-35ad5cad1f16 | ITER: 98 START
2019-07-30 09:22:03.307 22871 INFO rally.task.runner [-] Task bf3beea5-bb52-491e-9d49-35ad5cad1f16 | ITER: 77 END: OK
2019-07-30 09:22:03.310 22871 INFO rally.task.runner [-] Task bf3beea5-bb52-491e-9d49-35ad5cad1f16 | ITER: 99 START
2019-07-30 09:22:03.395 22830 INFO rally.task.runner [-] Task bf3beea5-bb52-491e-9d49-35ad5cad1f16 | ITER: 81 END: OK
2019-07-30 09:22:03.398 22830 INFO rally.task.runner [-] Task bf3beea5-bb52-491e-9d49-35ad5cad1f16 | ITER: 100 START
2019-07-30 09:22:04.413 22835 INFO rally.task.runner [-] Task bf3beea5-bb52-491e-9d49-35ad5cad1f16 | ITER: 80 END: OK
2019-07-30 09:22:04.930 22849 INFO rally.task.runner [-] Task bf3beea5-bb52-491e-9d49-35ad5cad1f16 | ITER: 86 END: OK
2019-07-30 09:22:05.045 22832 INFO rally.task.runner [-] Task bf3beea5-bb52-491e-9d49-35ad5cad1f16 | ITER: 82 END: OK
2019-07-30 09:22:05.059 22829 INFO rally.task.runner [-] Task bf3beea5-bb52-491e-9d49-35ad5cad1f16 | ITER: 83 END: OK
2019-07-30 09:22:05.060 22874 INFO rally.task.runner [-] Task bf3beea5-bb52-491e-9d49-35ad5cad1f16 | ITER: 85 END: OK
2019-07-30 09:22:05.097 22860 INFO rally.task.runner [-] Task bf3beea5-bb52-491e-9d49-35ad5cad1f16 | ITER: 88 END: OK
2019-07-30 09:22:05.129 22830 INFO rally.task.runner [-] Task bf3beea5-bb52-491e-9d49-35ad5cad1f16 | ITER: 90 END: OK
2019-07-30 09:22:05.492 22831 INFO rally.task.runner [-] Task bf3beea5-bb52-491e-9d49-35ad5cad1f16 | ITER: 89 END: OK
2019-07-30 09:22:05.567 22829 INFO rally.task.runner [-] Task bf3beea5-bb52-491e-9d49-35ad5cad1f16 | ITER: 84 END: OK
2019-07-30 09:22:05.772 22871 INFO rally.task.runner [-] Task bf3beea5-bb52-491e-9d49-35ad5cad1f16 | ITER: 99 END: OK
2019-07-30 09:22:05.773 22832 INFO rally.task.runner [-] Task bf3beea5-bb52-491e-9d49-35ad5cad1f16 | ITER: 95 END: OK
2019-07-30 09:22:05.822 22831 INFO rally.task.runner [-] Task bf3beea5-bb52-491e-9d49-35ad5cad1f16 | ITER: 96 END: OK
2019-07-30 09:22:05.832 22870 INFO rally.task.runner [-] Task bf3beea5-bb52-491e-9d49-35ad5cad1f16 | ITER: 97 END: OK
2019-07-30 09:22:05.855 22842 INFO rally.task.runner [-] Task bf3beea5-bb52-491e-9d49-35ad5cad1f16 | ITER: 94 END: OK
2019-07-30 09:22:05.872 22856 INFO rally.task.runner [-] Task bf3beea5-bb52-491e-9d49-35ad5cad1f16 | ITER: 98 END: OK
2019-07-30 09:22:05.922 22830 INFO rally.task.runner [-] Task bf3beea5-bb52-491e-9d49-35ad5cad1f16 | ITER: 100 END: OK
2019-07-30 09:22:06.025 22851 INFO rally.task.runner [-] Task bf3beea5-bb52-491e-9d49-35ad5cad1f16 | ITER: 93 END: OK
2019-07-30 09:22:06.171 22865 INFO rally.task.runner [-] Task bf3beea5-bb52-491e-9d49-35ad5cad1f16 | ITER: 92 END: OK
2019-07-30 09:22:06.178 22846 INFO rally.task.runner [-] Task bf3beea5-bb52-491e-9d49-35ad5cad1f16 | ITER: 91 END: OK
2019-07-30 09:22:06.182 22837 INFO rally.task.runner [-] Task bf3beea5-bb52-491e-9d49-35ad5cad1f16 | ITER: 87 END: OK
2019-07-30 09:22:06.204 22705 INFO rally.task.context [-] Task bf3beea5-bb52-491e-9d49-35ad5cad1f16 | Context cleanup@openstack cleanup() started
2019-07-30 09:22:06.206 22705 RALLYDEBUG rally_openstack.cleanup.manager [-] Cleaning up neutron vip objects
2019-07-30 09:22:06.838 22705 RALLYDEBUG rally_openstack.cleanup.manager [-] Cleaning up neutron health_monitor objects
2019-07-30 09:22:07.563 22705 RALLYDEBUG rally_openstack.cleanup.manager [-] Cleaning up neutron pool objects
2019-07-30 09:22:08.202 22705 RALLYDEBUG rally_openstack.cleanup.manager [-] Cleaning up neutron loadbalancer objects
2019-07-30 09:22:08.835 22705 RALLYDEBUG rally_openstack.cleanup.manager [-] Cleaning up neutron floatingip objects
2019-07-30 09:22:09.611 22705 RALLYDEBUG rally_openstack.cleanup.manager [-] Cleaning up neutron port objects
2019-07-30 09:22:10.354 22705 RALLYDEBUG rally_openstack.cleanup.manager [-] Cleaning up neutron subnet objects
2019-07-30 09:22:10.987 22705 RALLYDEBUG rally_openstack.cleanup.manager [-] Cleaning up neutron network objects
2019-07-30 09:22:11.988 22705 RALLYDEBUG rally_openstack.cleanup.manager [-] Deleting neutron.network object s_rally_b5ed823d_ouVYZMZb (04ab8806-df49-4f76-b266-24bb62f1da0d)
2019-07-30 09:22:11.988 22705 RALLYDEBUG rally_openstack.cleanup.manager [-] Deleting neutron.network object s_rally_b5ed823d_icPnvf8H (12187f63-7b09-4587-b6e7-4fbfb740a7b5)
2019-07-30 09:22:11.991 22705 RALLYDEBUG rally_openstack.cleanup.manager [-] Deleting neutron.network object s_rally_b5ed823d_cx9b28oB (11d5b793-f3d2-4819-8bbb-27c97e2bf3b5)
2019-07-30 09:22:11.993 22705 RALLYDEBUG rally_openstack.cleanup.manager [-] Deleting neutron.network object s_rally_b5ed823d_JgRNhE0S (1999a111-398e-4299-9ab1-58000f08ebe2)
2019-07-30 09:22:11.995 22705 RALLYDEBUG rally_openstack.cleanup.manager [-] Deleting neutron.network object s_rally_b5ed823d_9eIPBmWe (12e293e4-f184-4a0c-8bab-8edc2d8d2622)
2019-07-30 09:22:11.996 22705 RALLYDEBUG rally_openstack.cleanup.manager [-] Deleting neutron.network object s_rally_b5ed823d_7aD3i38r (09677719-cec3-47c6-93e2-7f94fec80eef)
2019-07-30 09:22:11.999 22705 RALLYDEBUG rally_openstack.cleanup.manager [-] Deleting neutron.network object s_rally_b5ed823d_icSP8UwB (12b7eb44-5ada-4782-b2bf-226cd920fbad)
2019-07-30 09:22:12.003 22705 RALLYDEBUG rally_openstack.cleanup.manager [-] Deleting neutron.network object s_rally_b5ed823d_Rt4Za73K (1a1b5b79-e47f-4723-9c59-e594c862e2ed)
2019-07-30 09:22:12.003 22705 RALLYDEBUG rally_openstack.cleanup.manager [-] Deleting neutron.network object s_rally_b5ed823d_oMopuPCb (0c7c668d-4b1d-4a11-beb6-33e89a63845a)
2019-07-30 09:22:12.008 22705 RALLYDEBUG rally_openstack.cleanup.manager [-] Deleting neutron.network object s_rally_b5ed823d_NbKyRNLi (10a8db30-253d-4eea-8042-15bd87e0513a)
2019-07-30 09:22:12.010 22705 RALLYDEBUG rally_openstack.cleanup.manager [-] Deleting neutron.network object s_rally_b5ed823d_VtLp8SF2 (0682e4ea-3a62-4a1b-8ac5-081d9c783af3)
2019-07-30 09:22:12.017 22705 RALLYDEBUG rally_openstack.cleanup.manager [-] Deleting neutron.network object s_rally_b5ed823d_eFvPZfNi (209d0048-dccc-4945-8b88-27494c656ae6)
2019-07-30 09:22:12.025 22705 RALLYDEBUG rally_openstack.cleanup.manager [-] Deleting neutron.network object s_rally_b5ed823d_rbfODrm0 (233c6629-e17f-4b6c-bf37-180e62101968)
2019-07-30 09:22:12.035 22705 RALLYDEBUG rally_openstack.cleanup.manager [-] Deleting neutron.network object s_rally_b5ed823d_oopYRi4z (082e06b9-8e7d-4f78-b8c4-90b5a2447ab6)
2019-07-30 09:22:12.041 22705 RALLYDEBUG rally_openstack.cleanup.manager [-] Deleting neutron.network object s_rally_b5ed823d_WRUe9YEx (23d15f3f-3cc7-443d-94ee-dd0821f42b14)
2019-07-30 09:22:12.048 22705 RALLYDEBUG rally_openstack.cleanup.manager [-] Deleting neutron.network object s_rally_b5ed823d_RSnQbXHj (0d11848e-c4aa-4018-897b-ea57c42ac787)
2019-07-30 09:22:12.050 22705 RALLYDEBUG rally_openstack.cleanup.manager [-] Deleting neutron.network object s_rally_b5ed823d_PJhO5tdP (26e76530-582e-4556-9c0a-95d8736674e1)
2019-07-30 09:22:12.052 22705 RALLYDEBUG rally_openstack.cleanup.manager [-] Deleting neutron.network object s_rally_b5ed823d_jpAmik4X (2821e614-e589-4bc6-a8a1-a37abdaf5efe)
2019-07-30 09:22:12.069 22705 RALLYDEBUG rally_openstack.cleanup.manager [-] Deleting neutron.network object s_rally_b5ed823d_ODunS0bU (28ff4d73-aee2-4037-9caa-e9895ce3a366)
2019-07-30 09:22:12.082 22705 RALLYDEBUG rally_openstack.cleanup.manager [-] Deleting neutron.network object s_rally_b5ed823d_TeSv5k4B (295a8890-af9c-4086-9030-d693cc7660c3)
2019-07-30 09:22:15.112 22705 RALLYDEBUG rally_openstack.cleanup.manager [-] Deleting neutron.network object s_rally_b5ed823d_oeCVL9Yz (29717ad5-a25d-4388-94f8-f083bb892e22)
2019-07-30 09:22:15.658 22705 RALLYDEBUG rally_openstack.cleanup.manager [-] Deleting neutron.network object s_rally_b5ed823d_hGSqzFTN (2cb541df-9998-4fa2-8afa-85f590f04590)
2019-07-30 09:22:15.873 22705 RALLYDEBUG rally_openstack.cleanup.manager [-] Deleting neutron.network object s_rally_b5ed823d_2hfMRB6y (2d763373-7caa-4e16-9a72-2e58f804599b)
2019-07-30 09:22:15.891 22705 RALLYDEBUG rally_openstack.cleanup.manager [-] Deleting neutron.network object s_rally_b5ed823d_QWWqXFEM (320e1279-a788-4838-8d21-63e391f86c92)
2019-07-30 09:22:15.942 22705 RALLYDEBUG rally_openstack.cleanup.manager [-] Deleting neutron.network object s_rally_b5ed823d_lwNQHKFB (33bbf4c5-acd4-4371-8406-d63b02fe37f6)
2019-07-30 09:22:16.314 22705 RALLYDEBUG rally_openstack.cleanup.manager [-] Deleting neutron.network object s_rally_b5ed823d_a09vc6As (352f06ae-6bb2-40d6-9234-e49dee59e50f)
2019-07-30 09:22:16.411 22705 RALLYDEBUG rally_openstack.cleanup.manager [-] Deleting neutron.network object s_rally_b5ed823d_sBDkYk2g (3583f01f-e2a6-41ad-864e-665f49796db1)
2019-07-30 09:22:16.891 22705 RALLYDEBUG rally_openstack.cleanup.manager [-] Deleting neutron.network object s_rally_b5ed823d_O2Iqbtoe (36613383-2048-41f5-b986-6812f43028fa)
2019-07-30 09:22:16.937 22705 RALLYDEBUG rally_openstack.cleanup.manager [-] Deleting neutron.network object s_rally_b5ed823d_8Ol7Gfvh (370e0782-35fe-4830-9b3a-1622b3bda335)
2019-07-30 09:22:16.945 22705 RALLYDEBUG rally_openstack.cleanup.manager [-] Deleting neutron.network object s_rally_b5ed823d_rhSsZNSU (38e5214c-447c-4091-a94a-c2b2af47f6cf)
2019-07-30 09:22:17.045 22705 RALLYDEBUG rally_openstack.cleanup.manager [-] Deleting neutron.network object s_rally_b5ed823d_mCqKaft2 (3c70a134-342b-4b1a-a9fe-1e1c012debd9)
2019-07-30 09:22:17.471 22705 RALLYDEBUG rally_openstack.cleanup.manager [-] Deleting neutron.network object s_rally_b5ed823d_5tfnF6sm (3defceb5-ca5a-49fb-8497-7d0e3bc68e3e)
2019-07-30 09:22:17.748 22705 RALLYDEBUG rally_openstack.cleanup.manager [-] Deleting neutron.network object s_rally_b5ed823d_tPLSiomq (3ec4dcae-e33d-482e-b231-0b64dcadde67)
2019-07-30 09:22:17.938 22705 RALLYDEBUG rally_openstack.cleanup.manager [-] Deleting neutron.network object s_rally_b5ed823d_YGcGb1mN (45d69999-18e0-4764-b964-1911323e3db2)
2019-07-30 09:22:18.000 22705 RALLYDEBUG rally_openstack.cleanup.manager [-] Deleting neutron.network object s_rally_b5ed823d_v0CmMygY (4a235fdc-d196-432c-b171-dd3f6bb62e6f)
2019-07-30 09:22:18.007 22705 RALLYDEBUG rally_openstack.cleanup.manager [-] Deleting neutron.network object s_rally_b5ed823d_YS5lgTdL (4b1d0a7f-f453-4eb8-9398-e81f3f7ce0fc)
2019-07-30 09:22:18.889 22705 RALLYDEBUG rally_openstack.cleanup.manager [-] Deleting neutron.network object s_rally_b5ed823d_bOBMseML (4b71156e-cab6-4433-9347-5e180fe73290)
2019-07-30 09:22:18.920 22705 RALLYDEBUG rally_openstack.cleanup.manager [-] Deleting neutron.network object s_rally_b5ed823d_88HxUwyq (4cb17750-10d7-4b80-94f3-78c2eee60b10)
2019-07-30 09:22:18.977 22705 RALLYDEBUG rally_openstack.cleanup.manager [-] Deleting neutron.network object s_rally_b5ed823d_orCaJsOt (4f180430-d2e8-4953-b68e-9596a0af83b1)
2019-07-30 09:22:18.997 22705 RALLYDEBUG rally_openstack.cleanup.manager [-] Deleting neutron.network object s_rally_b5ed823d_rLBj1KQA (506708c1-17a0-4674-8f87-f8d9fa0e068a)
2019-07-30 09:22:19.030 22705 RALLYDEBUG rally_openstack.cleanup.manager [-] Deleting neutron.network object s_rally_b5ed823d_KSkVgeHR (515d2ebe-bb86-442a-994a-18a5ca54734f)
2019-07-30 09:22:19.071 22705 RALLYDEBUG rally_openstack.cleanup.manager [-] Deleting neutron.network object s_rally_b5ed823d_BXP63HWr (52154f18-a2bd-48d3-9cf4-8fbb751c0f04)
2019-07-30 09:22:19.218 22705 RALLYDEBUG rally_openstack.cleanup.manager [-] Deleting neutron.network object s_rally_b5ed823d_14klyrph (52e77906-7245-48e5-990e-e847bcb00060)
2019-07-30 09:22:19.275 22705 RALLYDEBUG rally_openstack.cleanup.manager [-] Deleting neutron.network object s_rally_b5ed823d_ZP1wEKub (5349b94c-0e90-4229-b561-2e56e9c11c83)
2019-07-30 09:22:19.348 22705 RALLYDEBUG rally_openstack.cleanup.manager [-] Deleting neutron.network object s_rally_b5ed823d_QTiqeTdh (543b0a73-6d7c-43f6-a05a-2e0a08b22b7a)
2019-07-30 09:22:19.386 22705 RALLYDEBUG rally_openstack.cleanup.manager [-] Deleting neutron.network object s_rally_b5ed823d_cmMrzv0V (58c48e14-e5b5-49a5-8544-728792161eaf)
2019-07-30 09:22:19.404 22705 RALLYDEBUG rally_openstack.cleanup.manager [-] Deleting neutron.network object s_rally_b5ed823d_bhSOTvpY (5d91479f-e9c1-4f20-9e87-7e679667dbec)
2019-07-30 09:22:20.316 22705 RALLYDEBUG rally_openstack.cleanup.manager [-] Deleting neutron.network object s_rally_b5ed823d_olwGEStY (603c76bd-86fb-49fe-9487-c2185f7d8f28)
2019-07-30 09:22:20.338 22705 RALLYDEBUG rally_openstack.cleanup.manager [-] Deleting neutron.network object s_rally_b5ed823d_EdMKWrVH (6223265d-38aa-4ca3-b940-141e00a33526)
2019-07-30 09:22:20.541 22705 RALLYDEBUG rally_openstack.cleanup.manager [-] Deleting neutron.network object s_rally_b5ed823d_FiAIZMYO (62792daf-d350-475a-b98c-8bac6bf6cd20)
2019-07-30 09:22:20.773 22705 RALLYDEBUG rally_openstack.cleanup.manager [-] Deleting neutron.network object s_rally_b5ed823d_yPriHaxi (650e8c5f-7a5a-4a30-bd5a-812b8ca146f3)
2019-07-30 09:22:21.258 22705 RALLYDEBUG rally_openstack.cleanup.manager [-] Deleting neutron.network object s_rally_b5ed823d_IIyhQdTZ (66447caa-5099-4648-b82b-77f87a87fab5)
2019-07-30 09:22:21.286 22705 RALLYDEBUG rally_openstack.cleanup.manager [-] Deleting neutron.network object s_rally_b5ed823d_RqZFIfug (667888e6-b6d5-4c0e-8613-356bb0b2b096)
2019-07-30 09:22:21.448 22705 RALLYDEBUG rally_openstack.cleanup.manager [-] Deleting neutron.network object s_rally_b5ed823d_zueTLASr (6866e80f-2aaa-44f9-ad07-66d1519d6721)
2019-07-30 09:22:21.706 22705 RALLYDEBUG rally_openstack.cleanup.manager [-] Deleting neutron.network object s_rally_b5ed823d_8Z7M2eTj (72255ce8-8326-4537-b97b-6a57a2ad19de)
2019-07-30 09:22:21.845 22705 RALLYDEBUG rally_openstack.cleanup.manager [-] Deleting neutron.network object s_rally_b5ed823d_F6mb99ar (76d8e599-148c-4d6d-bab8-a6644c871f87)
2019-07-30 09:22:21.866 22705 RALLYDEBUG rally_openstack.cleanup.manager [-] Deleting neutron.network object s_rally_b5ed823d_WT7mD4Fl (7d79bf9e-5984-49d2-998e-107e5bc6cc9a)
2019-07-30 09:22:21.896 22705 RALLYDEBUG rally_openstack.cleanup.manager [-] Deleting neutron.network object s_rally_b5ed823d_KohsSbi2 (7e40a715-8061-4220-afa3-082e3a436769)
2019-07-30 09:22:21.973 22705 RALLYDEBUG rally_openstack.cleanup.manager [-] Deleting neutron.network object s_rally_b5ed823d_COsT8llM (80cc4438-10a1-4778-bbc4-ac5358e6a1de)
2019-07-30 09:22:22.224 22705 RALLYDEBUG rally_openstack.cleanup.manager [-] Deleting neutron.network object s_rally_b5ed823d_IbYISk2L (88a34559-d840-422f-9382-31b157247bf8)
2019-07-30 09:22:22.238 22705 RALLYDEBUG rally_openstack.cleanup.manager [-] Deleting neutron.network object s_rally_b5ed823d_pZlV6cYb (8ab69861-17dd-440f-a66f-4c2c82143ed0)
2019-07-30 09:22:22.718 22705 RALLYDEBUG rally_openstack.cleanup.manager [-] Deleting neutron.network object s_rally_b5ed823d_UDZX0Afw (8c6094e0-f854-4887-9a2a-93ac25d5e506)
2019-07-30 09:22:22.725 22705 RALLYDEBUG rally_openstack.cleanup.manager [-] Deleting neutron.network object s_rally_b5ed823d_FJlYevhn (8f49cf19-7de1-42e6-b5ac-25ac31e029a4)
2019-07-30 09:22:23.413 22705 RALLYDEBUG rally_openstack.cleanup.manager [-] Deleting neutron.network object s_rally_b5ed823d_737ahWiQ (96420408-8bc7-4d48-ba97-70d586fca12d)
2019-07-30 09:22:23.872 22705 RALLYDEBUG rally_openstack.cleanup.manager [-] Deleting neutron.network object s_rally_b5ed823d_7xhZNJNK (97f4cbb6-724d-413d-bfb5-c70c30556910)
2019-07-30 09:22:24.215 22705 RALLYDEBUG rally_openstack.cleanup.manager [-] Deleting neutron.network object s_rally_b5ed823d_L3uDeZyp (9deebd9d-8f83-4bcd-ab68-c716b400d9c0)
2019-07-30 09:22:24.250 22705 RALLYDEBUG rally_openstack.cleanup.manager [-] Deleting neutron.network object s_rally_b5ed823d_VRry4lHS (9f0efca1-37fb-45e2-9c32-8dd09929aacd)
2019-07-30 09:22:24.568 22705 RALLYDEBUG rally_openstack.cleanup.manager [-] Deleting neutron.network object s_rally_b5ed823d_nGGZrZdd (9f53fd23-814a-4ac2-806f-d1ab00c11d10)
2019-07-30 09:22:24.658 22705 RALLYDEBUG rally_openstack.cleanup.manager [-] Deleting neutron.network object s_rally_b5ed823d_mMQz82MD (9fc22d31-91de-4037-a51b-183ad226ee4b)
2019-07-30 09:22:24.965 22705 RALLYDEBUG rally_openstack.cleanup.manager [-] Deleting neutron.network object s_rally_b5ed823d_utcMevgC (a0ebd082-4a50-4fb1-9936-1f987ce43033)
2019-07-30 09:22:25.004 22705 RALLYDEBUG rally_openstack.cleanup.manager [-] Deleting neutron.network object s_rally_b5ed823d_PqQHa712 (a3b2dd26-c83c-4f31-9c58-de004f0d13dc)
2019-07-30 09:22:25.010 22705 RALLYDEBUG rally_openstack.cleanup.manager [-] Deleting neutron.network object s_rally_b5ed823d_bVRDT2aW (a3c9eea9-918f-4f61-920c-e7447231668e)
2019-07-30 09:22:25.056 22705 RALLYDEBUG rally_openstack.cleanup.manager [-] Deleting neutron.network object s_rally_b5ed823d_6ldoVtCc (aceb191b-4e31-41f6-b8a5-8b1faa4b32bc)
2019-07-30 09:22:25.107 22705 RALLYDEBUG rally_openstack.cleanup.manager [-] Deleting neutron.network object s_rally_b5ed823d_fwxHJlxS (ae74fa1f-50e0-47c9-a0a9-b98e24c8ac5b)
2019-07-30 09:22:25.137 22705 RALLYDEBUG rally_openstack.cleanup.manager [-] Deleting neutron.network object s_rally_b5ed823d_jMsK8ukH (af758d1e-889d-419a-979e-f9a7ddf93976)
2019-07-30 09:22:25.295 22705 RALLYDEBUG rally_openstack.cleanup.manager [-] Deleting neutron.network object s_rally_b5ed823d_dVOyUy4Z (afb77ecc-c0a1-4559-a920-a26e1cbd2d33)
2019-07-30 09:22:25.541 22705 RALLYDEBUG rally_openstack.cleanup.manager [-] Deleting neutron.network object s_rally_b5ed823d_rPT5rjab (afdc9341-2ff7-458f-86bb-49bc4a63816c)
2019-07-30 09:22:25.682 22705 RALLYDEBUG rally_openstack.cleanup.manager [-] Deleting neutron.network object s_rally_b5ed823d_0QfSB1ow (b6a2c60b-ac72-4361-8060-764e6381270b)
2019-07-30 09:22:26.049 22705 RALLYDEBUG rally_openstack.cleanup.manager [-] Deleting neutron.network object s_rally_b5ed823d_xfSmRF6o (baff65fb-847f-4e8d-8bb4-1ce2d002cd02)
2019-07-30 09:22:26.166 22705 RALLYDEBUG rally_openstack.cleanup.manager [-] Deleting neutron.network object s_rally_b5ed823d_gCVPkA4Y (bc92a633-9ac2-4105-a3f4-3dec33a70e33)
2019-07-30 09:22:26.301 22705 RALLYDEBUG rally_openstack.cleanup.manager [-] Deleting neutron.network object s_rally_b5ed823d_RSbKoA7W (bc9edeb5-faf1-4c30-aa72-444b05424fce)
2019-07-30 09:22:26.673 22705 RALLYDEBUG rally_openstack.cleanup.manager [-] Deleting neutron.network object s_rally_b5ed823d_QYu748vC (bccfa072-6ced-4e98-aa0e-68ee399554d7)
2019-07-30 09:22:26.760 22705 RALLYDEBUG rally_openstack.cleanup.manager [-] Deleting neutron.network object s_rally_b5ed823d_yeB2torP (beae65d8-38a7-4ccd-be11-d47d06b079ef)
2019-07-30 09:22:26.780 22705 RALLYDEBUG rally_openstack.cleanup.manager [-] Deleting neutron.network object s_rally_b5ed823d_TZAFNSqn (cbfb42e8-8794-4be7-a15a-5da07cbf9c35)
2019-07-30 09:22:26.999 22705 RALLYDEBUG rally_openstack.cleanup.manager [-] Deleting neutron.network object s_rally_b5ed823d_eSnxikQm (cc247c32-d3bb-4c47-add5-1eb82d5618bb)
2019-07-30 09:22:27.384 22705 RALLYDEBUG rally_openstack.cleanup.manager [-] Deleting neutron.network object s_rally_b5ed823d_2e1zSOxn (ce63ee47-b59d-400a-b64c-ab979b0ef981)
2019-07-30 09:22:27.687 22705 RALLYDEBUG rally_openstack.cleanup.manager [-] Deleting neutron.network object s_rally_b5ed823d_dcKCcvjr (cf6f5797-d59a-4f4e-a25d-b43eaa3f545b)
2019-07-30 09:22:27.701 22705 RALLYDEBUG rally_openstack.cleanup.manager [-] Deleting neutron.network object s_rally_b5ed823d_MKluXzEK (d1b20561-6242-4ad8-896b-213439518471)
2019-07-30 09:22:27.709 22705 RALLYDEBUG rally_openstack.cleanup.manager [-] Deleting neutron.network object s_rally_b5ed823d_jsPpAQg3 (d749869a-d4f8-4642-a115-3f86a30977b7)
2019-07-30 09:22:27.861 22705 RALLYDEBUG rally_openstack.cleanup.manager [-] Deleting neutron.network object s_rally_b5ed823d_DQFdBu7m (dd7b300d-f1c2-4765-ad69-12eb855aac57)
2019-07-30 09:22:28.491 22705 RALLYDEBUG rally_openstack.cleanup.manager [-] Deleting neutron.network object s_rally_b5ed823d_XodPYyIK (dda08c31-d125-4ad8-bde7-53aba2662e8c)
2019-07-30 09:22:28.911 22705 RALLYDEBUG rally_openstack.cleanup.manager [-] Deleting neutron.network object s_rally_b5ed823d_Cw963Pl7 (df1748af-70f5-4049-8434-a1f8c9c9b406)
2019-07-30 09:22:28.920 22705 RALLYDEBUG rally_openstack.cleanup.manager [-] Deleting neutron.network object s_rally_b5ed823d_O0cc7tmg (e31edc2b-233c-4b1d-9f07-16beb17d0c5e)
2019-07-30 09:22:29.103 22705 RALLYDEBUG rally_openstack.cleanup.manager [-] Deleting neutron.network object s_rally_b5ed823d_mhYGncgt (e3d75f47-c4f7-4783-8fb0-06b594a594dd)
2019-07-30 09:22:29.180 22705 RALLYDEBUG rally_openstack.cleanup.manager [-] Deleting neutron.network object s_rally_b5ed823d_hrN8z0J4 (e49f2f6e-7b1f-4f5f-9a46-52cdfb219d60)
2019-07-30 09:22:29.278 22705 RALLYDEBUG rally_openstack.cleanup.manager [-] Deleting neutron.network object s_rally_b5ed823d_H8oEtIit (e5e61597-490e-469e-a726-df878a01c2ca)
