2019-07-30 07:44:19.487 1842 DEBUG novaclient.v2.client [-] RESP: [200] Content-Length: 21 Content-Type: application/json Date: Tue, 30 Jul 2019 07:44:19 GMT OpenStack-API-Version: compute 2.1 Server: Apache Vary: OpenStack-API-Version,X-OpenStack-Nova-API-Version X-OpenStack-Nova-API-Version: 2.1 x-compute-request-id: req-910ec47b-6c81-4740-9d46-d282ae51b3d0 x-openstack-request-id: req-910ec47b-6c81-4740-9d46-d282ae51b3d0 _http_log_response /usr/lib/python2.7/site-packages/keystoneauth1/session.py:479
2019-07-30 07:44:19.488 1842 DEBUG novaclient.v2.client [-] RESP BODY: {"server_groups": []} _http_log_response /usr/lib/python2.7/site-packages/keystoneauth1/session.py:511
2019-07-30 07:44:19.488 1842 DEBUG novaclient.v2.client [-] GET call to compute for http://172.30.9.24:8774/v2.1/os-server-groups used request id req-910ec47b-6c81-4740-9d46-d282ae51b3d0 request /usr/lib/python2.7/site-packages/keystoneauth1/session.py:844
2019-07-30 07:44:19.912 1842 DEBUG novaclient.v2.client [-] REQ: curl -g -i -X GET http://172.30.9.24:8774/v2.1/os-server-groups -H "Accept: application/json" -H "User-Agent: python-novaclient" -H "X-Auth-Token: {SHA1}065e79ce6b57d3c50440cce37d8274b6a45b926e" _http_log_request /usr/lib/python2.7/site-packages/keystoneauth1/session.py:448
2019-07-30 07:44:20.199 1842 DEBUG novaclient.v2.client [-] RESP: [200] Content-Length: 21 Content-Type: application/json Date: Tue, 30 Jul 2019 07:44:19 GMT OpenStack-API-Version: compute 2.1 Server: Apache Vary: OpenStack-API-Version,X-OpenStack-Nova-API-Version X-OpenStack-Nova-API-Version: 2.1 x-compute-request-id: req-3dd63e2b-f2b4-4889-b428-501de838888b x-openstack-request-id: req-3dd63e2b-f2b4-4889-b428-501de838888b _http_log_response /usr/lib/python2.7/site-packages/keystoneauth1/session.py:479
2019-07-30 07:44:20.199 1842 DEBUG novaclient.v2.client [-] RESP BODY: {"server_groups": []} _http_log_response /usr/lib/python2.7/site-packages/keystoneauth1/session.py:511
2019-07-30 07:44:20.199 1842 DEBUG novaclient.v2.client [-] GET call to compute for http://172.30.9.24:8774/v2.1/os-server-groups used request id req-3dd63e2b-f2b4-4889-b428-501de838888b request /usr/lib/python2.7/site-packages/keystoneauth1/session.py:844
2019-07-30 07:44:20.626 1842 DEBUG novaclient.v2.client [-] REQ: curl -g -i -X GET http://172.30.9.24:8774/v2.1/os-server-groups -H "Accept: application/json" -H "User-Agent: python-novaclient" -H "X-Auth-Token: {SHA1}c2282e84f0d0a6a69cda7d497d0b06e37fef88f9" _http_log_request /usr/lib/python2.7/site-packages/keystoneauth1/session.py:448
2019-07-30 07:44:20.903 1842 DEBUG novaclient.v2.client [-] RESP: [200] Content-Length: 21 Content-Type: application/json Date: Tue, 30 Jul 2019 07:44:20 GMT OpenStack-API-Version: compute 2.1 Server: Apache Vary: OpenStack-API-Version,X-OpenStack-Nova-API-Version X-OpenStack-Nova-API-Version: 2.1 x-compute-request-id: req-28fbfa5d-48a0-4629-8aba-c81fbd99af3f x-openstack-request-id: req-28fbfa5d-48a0-4629-8aba-c81fbd99af3f _http_log_response /usr/lib/python2.7/site-packages/keystoneauth1/session.py:479
2019-07-30 07:44:20.904 1842 DEBUG novaclient.v2.client [-] RESP BODY: {"server_groups": []} _http_log_response /usr/lib/python2.7/site-packages/keystoneauth1/session.py:511
2019-07-30 07:44:20.904 1842 DEBUG novaclient.v2.client [-] GET call to compute for http://172.30.9.24:8774/v2.1/os-server-groups used request id req-28fbfa5d-48a0-4629-8aba-c81fbd99af3f request /usr/lib/python2.7/site-packages/keystoneauth1/session.py:844
2019-07-30 07:44:20.912 1842 RALLYDEBUG rally_openstack.cleanup.manager [-] Cleaning up nova keypairs objects
2019-07-30 07:44:21.334 1842 DEBUG novaclient.v2.client [-] REQ: curl -g -i -X GET http://172.30.9.24:8774/v2.1/os-keypairs -H "Accept: application/json" -H "User-Agent: python-novaclient" -H "X-Auth-Token: {SHA1}3716ba394af3cfc0f764ee1ffd020e93458ec020" _http_log_request /usr/lib/python2.7/site-packages/keystoneauth1/session.py:448
2019-07-30 07:44:21.535 1842 DEBUG novaclient.v2.client [-] RESP: [200] Content-Length: 16 Content-Type: application/json Date: Tue, 30 Jul 2019 07:44:21 GMT OpenStack-API-Version: compute 2.1 Server: Apache Vary: OpenStack-API-Version,X-OpenStack-Nova-API-Version X-OpenStack-Nova-API-Version: 2.1 x-compute-request-id: req-049829d4-bf2c-4541-bf24-df581d9af1af x-openstack-request-id: req-049829d4-bf2c-4541-bf24-df581d9af1af _http_log_response /usr/lib/python2.7/site-packages/keystoneauth1/session.py:479
2019-07-30 07:44:21.536 1842 DEBUG novaclient.v2.client [-] RESP BODY: {"keypairs": []} _http_log_response /usr/lib/python2.7/site-packages/keystoneauth1/session.py:511
2019-07-30 07:44:21.536 1842 DEBUG novaclient.v2.client [-] GET call to compute for http://172.30.9.24:8774/v2.1/os-keypairs used request id req-049829d4-bf2c-4541-bf24-df581d9af1af request /usr/lib/python2.7/site-packages/keystoneauth1/session.py:844
2019-07-30 07:44:21.948 1842 DEBUG novaclient.v2.client [-] REQ: curl -g -i -X GET http://172.30.9.24:8774/v2.1/os-keypairs -H "Accept: application/json" -H "User-Agent: python-novaclient" -H "X-Auth-Token: {SHA1}fbd54b959b881839f709cb933c8f99b793b58b06" _http_log_request /usr/lib/python2.7/site-packages/keystoneauth1/session.py:448
2019-07-30 07:44:22.251 1842 DEBUG novaclient.v2.client [-] RESP: [200] Content-Length: 16 Content-Type: application/json Date: Tue, 30 Jul 2019 07:44:21 GMT OpenStack-API-Version: compute 2.1 Server: Apache Vary: OpenStack-API-Version,X-OpenStack-Nova-API-Version X-OpenStack-Nova-API-Version: 2.1 x-compute-request-id: req-d876b222-93df-4090-882a-193668412251 x-openstack-request-id: req-d876b222-93df-4090-882a-193668412251 _http_log_response /usr/lib/python2.7/site-packages/keystoneauth1/session.py:479
2019-07-30 07:44:22.252 1842 DEBUG novaclient.v2.client [-] RESP BODY: {"keypairs": []} _http_log_response /usr/lib/python2.7/site-packages/keystoneauth1/session.py:511
2019-07-30 07:44:22.252 1842 DEBUG novaclient.v2.client [-] GET call to compute for http://172.30.9.24:8774/v2.1/os-keypairs used request id req-d876b222-93df-4090-882a-193668412251 request /usr/lib/python2.7/site-packages/keystoneauth1/session.py:844
2019-07-30 07:44:22.678 1842 DEBUG novaclient.v2.client [-] REQ: curl -g -i -X GET http://172.30.9.24:8774/v2.1/os-keypairs -H "Accept: application/json" -H "User-Agent: python-novaclient" -H "X-Auth-Token: {SHA1}5cdcdfad5985dd1766d7fe641e771c12165a3bb0" _http_log_request /usr/lib/python2.7/site-packages/keystoneauth1/session.py:448
2019-07-30 07:44:22.953 1842 DEBUG novaclient.v2.client [-] RESP: [200] Content-Length: 16 Content-Type: application/json Date: Tue, 30 Jul 2019 07:44:22 GMT OpenStack-API-Version: compute 2.1 Server: Apache Vary: OpenStack-API-Version,X-OpenStack-Nova-API-Version X-OpenStack-Nova-API-Version: 2.1 x-compute-request-id: req-fec7b16c-ba92-4db1-8f13-79d066993d4c x-openstack-request-id: req-fec7b16c-ba92-4db1-8f13-79d066993d4c _http_log_response /usr/lib/python2.7/site-packages/keystoneauth1/session.py:479
2019-07-30 07:44:22.953 1842 DEBUG novaclient.v2.client [-] RESP BODY: {"keypairs": []} _http_log_response /usr/lib/python2.7/site-packages/keystoneauth1/session.py:511
2019-07-30 07:44:22.953 1842 DEBUG novaclient.v2.client [-] GET call to compute for http://172.30.9.24:8774/v2.1/os-keypairs used request id req-fec7b16c-ba92-4db1-8f13-79d066993d4c request /usr/lib/python2.7/site-packages/keystoneauth1/session.py:844
2019-07-30 07:44:23.364 1842 DEBUG novaclient.v2.client [-] REQ: curl -g -i -X GET http://172.30.9.24:8774/v2.1/os-keypairs -H "Accept: application/json" -H "User-Agent: python-novaclient" -H "X-Auth-Token: {SHA1}79632ab90a81d7f46f9d82d0b0572e9d3ab9f45f" _http_log_request /usr/lib/python2.7/site-packages/keystoneauth1/session.py:448
2019-07-30 07:44:23.571 1842 DEBUG novaclient.v2.client [-] RESP: [200] Content-Length: 16 Content-Type: application/json Date: Tue, 30 Jul 2019 07:44:23 GMT OpenStack-API-Version: compute 2.1 Server: Apache Vary: OpenStack-API-Version,X-OpenStack-Nova-API-Version X-OpenStack-Nova-API-Version: 2.1 x-compute-request-id: req-0782e64b-7b92-4728-8081-7588b517504c x-openstack-request-id: req-0782e64b-7b92-4728-8081-7588b517504c _http_log_response /usr/lib/python2.7/site-packages/keystoneauth1/session.py:479
2019-07-30 07:44:23.571 1842 DEBUG novaclient.v2.client [-] RESP BODY: {"keypairs": []} _http_log_response /usr/lib/python2.7/site-packages/keystoneauth1/session.py:511
2019-07-30 07:44:23.572 1842 DEBUG novaclient.v2.client [-] GET call to compute for http://172.30.9.24:8774/v2.1/os-keypairs used request id req-0782e64b-7b92-4728-8081-7588b517504c request /usr/lib/python2.7/site-packages/keystoneauth1/session.py:844
2019-07-30 07:44:23.984 1842 DEBUG novaclient.v2.client [-] REQ: curl -g -i -X GET http://172.30.9.24:8774/v2.1/os-keypairs -H "Accept: application/json" -H "User-Agent: python-novaclient" -H "X-Auth-Token: {SHA1}b9e34a0a5449ad7afed9e71b409674d4446885b9" _http_log_request /usr/lib/python2.7/site-packages/keystoneauth1/session.py:448
2019-07-30 07:44:24.249 1842 DEBUG novaclient.v2.client [-] RESP: [200] Content-Length: 16 Content-Type: application/json Date: Tue, 30 Jul 2019 07:44:23 GMT OpenStack-API-Version: compute 2.1 Server: Apache Vary: OpenStack-API-Version,X-OpenStack-Nova-API-Version X-OpenStack-Nova-API-Version: 2.1 x-compute-request-id: req-8ca18a8f-4288-4e6c-b3b7-7d4c9bc8bafa x-openstack-request-id: req-8ca18a8f-4288-4e6c-b3b7-7d4c9bc8bafa _http_log_response /usr/lib/python2.7/site-packages/keystoneauth1/session.py:479
2019-07-30 07:44:24.249 1842 DEBUG novaclient.v2.client [-] RESP BODY: {"keypairs": []} _http_log_response /usr/lib/python2.7/site-packages/keystoneauth1/session.py:511
2019-07-30 07:44:24.249 1842 DEBUG novaclient.v2.client [-] GET call to compute for http://172.30.9.24:8774/v2.1/os-keypairs used request id req-8ca18a8f-4288-4e6c-b3b7-7d4c9bc8bafa request /usr/lib/python2.7/site-packages/keystoneauth1/session.py:844
2019-07-30 07:44:24.706 1842 DEBUG novaclient.v2.client [-] REQ: curl -g -i -X GET http://172.30.9.24:8774/v2.1/os-keypairs -H "Accept: application/json" -H "User-Agent: python-novaclient" -H "X-Auth-Token: {SHA1}b37ae88734bd715e339d04e10b2bda9076df5c9b" _http_log_request /usr/lib/python2.7/site-packages/keystoneauth1/session.py:448
2019-07-30 07:44:24.987 1842 DEBUG novaclient.v2.client [-] RESP: [200] Content-Length: 16 Content-Type: application/json Date: Tue, 30 Jul 2019 07:44:24 GMT OpenStack-API-Version: compute 2.1 Server: Apache Vary: OpenStack-API-Version,X-OpenStack-Nova-API-Version X-OpenStack-Nova-API-Version: 2.1 x-compute-request-id: req-bdab1f7e-20ad-49ea-865d-102a382a7666 x-openstack-request-id: req-bdab1f7e-20ad-49ea-865d-102a382a7666 _http_log_response /usr/lib/python2.7/site-packages/keystoneauth1/session.py:479
2019-07-30 07:44:24.988 1842 DEBUG novaclient.v2.client [-] RESP BODY: {"keypairs": []} _http_log_response /usr/lib/python2.7/site-packages/keystoneauth1/session.py:511
2019-07-30 07:44:24.988 1842 DEBUG novaclient.v2.client [-] GET call to compute for http://172.30.9.24:8774/v2.1/os-keypairs used request id req-bdab1f7e-20ad-49ea-865d-102a382a7666 request /usr/lib/python2.7/site-packages/keystoneauth1/session.py:844
2019-07-30 07:44:24.995 1842 RALLYDEBUG rally_openstack.cleanup.manager [-] Cleaning up cinder backups objects
2019-07-30 07:44:27.256 1842 RALLYDEBUG rally_openstack.cleanup.manager [-] Cleaning up cinder volume_snapshots objects
2019-07-30 07:44:29.339 1842 RALLYDEBUG rally_openstack.cleanup.manager [-] Cleaning up cinder transfers objects
2019-07-30 07:44:31.308 1842 RALLYDEBUG rally_openstack.cleanup.manager [-] Cleaning up cinder volumes objects
2019-07-30 07:44:33.522 1842 INFO rally.task.context [-] Task 19b5bf05-3d7d-46ce-9e44-0424a03cba1c | Context cleanup@openstack cleanup() finished in 16.93 sec
2019-07-30 07:44:33.523 1842 INFO rally.task.context [-] Task 19b5bf05-3d7d-46ce-9e44-0424a03cba1c | Context quotas@openstack cleanup() started
2019-07-30 07:44:34.275 1842 INFO rally.task.context [-] Task 19b5bf05-3d7d-46ce-9e44-0424a03cba1c | Context quotas@openstack cleanup() finished in 0.75 sec
2019-07-30 07:44:34.275 1842 INFO rally.task.context [-] Task 19b5bf05-3d7d-46ce-9e44-0424a03cba1c | Context api_versions@openstack cleanup() started
2019-07-30 07:44:34.276 1842 INFO rally.task.context [-] Task 19b5bf05-3d7d-46ce-9e44-0424a03cba1c | Context api_versions@openstack cleanup() finished in 0.32 msec
2019-07-30 07:44:34.276 1842 INFO rally.task.context [-] Task 19b5bf05-3d7d-46ce-9e44-0424a03cba1c | Context users@openstack cleanup() started
2019-07-30 07:44:40.883 1842 INFO rally.task.context [-] Task 19b5bf05-3d7d-46ce-9e44-0424a03cba1c | Context users@openstack cleanup() finished in 6.61 sec
2019-07-30 07:44:41.785 1842 INFO rally.task.engine [-] Load duration is: 89.848876
2019-07-30 07:44:41.786 1842 INFO rally.task.engine [-] Full runner duration is: 90.895518
2019-07-30 07:44:41.786 1842 INFO rally.task.engine [-] Full duration is: 123.540537
2019-07-30 07:44:42.005 1842 INFO rally.task.engine [-] Running workload: position = 0 config = { "version": 2, "title": "A cropped version of a bigger task.", "description": "Auto-generated task from a single workload (uuid=056f435d-ef33-4b51-a7f8-1baed09f3df5)", "subtasks": [ { "title": "CinderVolumes.create_and_list_snapshots", "description": "Create and then list a volume-snapshot.", "scenario": { "CinderVolumes.create_and_list_snapshots": { "detailed": true, "force": false } }, "contexts": { "users": { "tenants": 3, "users_per_tenant": 2 }, "quotas": { "cinder": { "gigabytes": -1, "snapshots": -1, "volumes": -1 } }, "api_versions": { "cinder": { "version": 3, "service_type": "volumev3" } }, "volumes": { "size": 1, "volumes_per_tenant": 1 } }, "runner": { "constant": { "concurrency": 4, "times": 10 } }, "hooks": [], "sla": { "failure_rate": { "max": 0 } } } ] }
2019-07-30 07:44:42.033 1842 RALLYDEBUG rally_openstack.contexts.keystone.users [-] Creating 3 tenants using 20 threads
2019-07-30 07:44:43.941 1842 RALLYDEBUG rally_openstack.contexts.keystone.users [-] Creating 6 users using 20 threads
2019-07-30 07:44:46.704 1842 INFO rally.task.context [-] Task 19b5bf05-3d7d-46ce-9e44-0424a03cba1c | Context users@openstack setup() finished in 4.67 sec
2019-07-30 07:44:47.135 1842 INFO rally.task.context [-] Task 19b5bf05-3d7d-46ce-9e44-0424a03cba1c | Context api_versions@openstack setup() finished in 0.43 sec
2019-07-30 07:44:48.662 1842 INFO rally.task.context [-] Task 19b5bf05-3d7d-46ce-9e44-0424a03cba1c | Context quotas@openstack setup() finished in 1.53 sec
2019-07-30 07:44:59.072 1842 INFO rally.task.context [-] Task 19b5bf05-3d7d-46ce-9e44-0424a03cba1c | Context volumes@openstack setup() finished in 10.41 sec
2019-07-30 07:44:59.072 1842 INFO rally.task.context [-] Task 19b5bf05-3d7d-46ce-9e44-0424a03cba1c | Context cleanup@openstack setup() finished in 0.01 msec
2019-07-30 07:44:59.080 1842 RALLYDEBUG rally.task.runner [-] Starting the constant runner (task UUID: 19b5bf05-3d7d-46ce-9e44-0424a03cba1c). timeout: 0 concurrency: 4 concurrency_per_worker: 1 times: 10 concurrency_overhead: 0 processes_to_start: 4 max_cpu_used: 16
2019-07-30 07:44:59.092 2210 RALLYDEBUG rally.task.runner [-] Starting a worker. concurrency: 1 args: {"detailed": true, "force": false} times: 10 method_name: run timeout: 0 duration: None cls:
2019-07-30 07:44:59.095 2211 RALLYDEBUG rally.task.runner [-] Starting a worker. concurrency: 1 args: {"detailed": true, "force": false} times: 10 method_name: run timeout: 0 duration: None cls:
2019-07-30 07:44:59.098 2212 RALLYDEBUG rally.task.runner [-] Starting a worker. concurrency: 1 args: {"detailed": true, "force": false} times: 10 method_name: run timeout: 0 duration: None cls:
2019-07-30 07:44:59.100 2213 RALLYDEBUG rally.task.runner [-] Starting a worker. concurrency: 1 args: {"detailed": true, "force": false} times: 10 method_name: run timeout: 0 duration: None cls:
2019-07-30 07:44:59.104 2210 INFO rally.task.runner [-] Task 19b5bf05-3d7d-46ce-9e44-0424a03cba1c | ITER: 1 START
2019-07-30 07:44:59.107 2211 INFO rally.task.runner [-] Task 19b5bf05-3d7d-46ce-9e44-0424a03cba1c | ITER: 2 START
2019-07-30 07:44:59.109 2212 INFO rally.task.runner [-] Task 19b5bf05-3d7d-46ce-9e44-0424a03cba1c | ITER: 3 START
2019-07-30 07:44:59.110 2213 INFO rally.task.runner [-] Task 19b5bf05-3d7d-46ce-9e44-0424a03cba1c | ITER: 4 START
2019-07-30 07:45:02.551 2212 INFO rally.task.runner [-] Task 19b5bf05-3d7d-46ce-9e44-0424a03cba1c | ITER: 3 END: OK
2019-07-30 07:45:02.556 2212 INFO rally.task.runner [-] Task 19b5bf05-3d7d-46ce-9e44-0424a03cba1c | ITER: 5 START
2019-07-30 07:45:02.571 2210 INFO rally.task.runner [-] Task 19b5bf05-3d7d-46ce-9e44-0424a03cba1c | ITER: 1 END: OK
2019-07-30 07:45:02.576 2210 INFO rally.task.runner [-] Task 19b5bf05-3d7d-46ce-9e44-0424a03cba1c | ITER: 6 START
2019-07-30 07:45:02.766 2213 INFO rally.task.runner [-] Task 19b5bf05-3d7d-46ce-9e44-0424a03cba1c | ITER: 4 END: OK
2019-07-30 07:45:02.772 2213 INFO rally.task.runner [-] Task 19b5bf05-3d7d-46ce-9e44-0424a03cba1c | ITER: 7 START
2019-07-30 07:45:02.895 2211 INFO rally.task.runner [-] Task 19b5bf05-3d7d-46ce-9e44-0424a03cba1c | ITER: 2 END: OK
2019-07-30 07:45:02.900 2211 INFO rally.task.runner [-] Task 19b5bf05-3d7d-46ce-9e44-0424a03cba1c | ITER: 8 START
2019-07-30 07:45:06.019 2212 INFO rally.task.runner [-] Task 19b5bf05-3d7d-46ce-9e44-0424a03cba1c | ITER: 5 END: OK
2019-07-30 07:45:06.024 2212 INFO rally.task.runner [-] Task 19b5bf05-3d7d-46ce-9e44-0424a03cba1c | ITER: 9 START
2019-07-30 07:45:06.211 2213 INFO rally.task.runner [-] Task 19b5bf05-3d7d-46ce-9e44-0424a03cba1c | ITER: 7 END: OK
2019-07-30 07:45:06.217 2213 INFO rally.task.runner [-] Task 19b5bf05-3d7d-46ce-9e44-0424a03cba1c | ITER: 10 START
2019-07-30 07:45:06.444 2210 INFO rally.task.runner [-] Task 19b5bf05-3d7d-46ce-9e44-0424a03cba1c | ITER: 6 END: OK
2019-07-30 07:45:06.455 2211 INFO rally.task.runner [-] Task 19b5bf05-3d7d-46ce-9e44-0424a03cba1c | ITER: 8 END: OK
2019-07-30 07:45:09.268 2212 INFO rally.task.runner [-] Task 19b5bf05-3d7d-46ce-9e44-0424a03cba1c | ITER: 9 END: OK
2019-07-30 07:45:09.704 2213 INFO rally.task.runner [-] Task 19b5bf05-3d7d-46ce-9e44-0424a03cba1c | ITER: 10 END: OK
2019-07-30 07:45:09.731 1842 INFO rally.task.context [-] Task 19b5bf05-3d7d-46ce-9e44-0424a03cba1c | Context cleanup@openstack cleanup() started
2019-07-30 07:45:09.733 1842 RALLYDEBUG rally_openstack.cleanup.manager [-] Cleaning up cinder backups objects
2019-07-30 07:45:11.736 1842 RALLYDEBUG rally_openstack.cleanup.manager [-] Cleaning up cinder volume_snapshots objects
2019-07-30 07:45:13.760 1842 RALLYDEBUG rally_openstack.cleanup.manager [-] Deleting cinder.volume_snapshots object s_rally_056f435d_U1al89Mw (4168b6f1-56f0-4295-8c87-fadd3828207b)
2019-07-30 07:45:13.762 1842 RALLYDEBUG rally_openstack.cleanup.manager [-] Deleting cinder.volume_snapshots object s_rally_056f435d_sBW9ALV6 (7c7a060c-9b82-45ce-a56e-1a33aa882f9b)
2019-07-30 07:45:13.766 1842 RALLYDEBUG rally_openstack.cleanup.manager [-] Deleting cinder.volume_snapshots object s_rally_056f435d_lQCxmwaI (0e907a1c-e891-4f02-ba3e-90f8e68ea070)
2019-07-30 07:45:13.771 1842 RALLYDEBUG rally_openstack.cleanup.manager [-] Deleting cinder.volume_snapshots object s_rally_056f435d_oCwGlWCz (eeafcdf6-1155-481f-a569-3dffc694a0ea)
2019-07-30 07:45:13.773 1842 RALLYDEBUG rally_openstack.cleanup.manager [-] Deleting cinder.volume_snapshots object s_rally_056f435d_hrvjamG8 (5fdccdc2-5e30-447a-940f-24e6a6734740)
2019-07-30 07:45:13.776 1842 RALLYDEBUG rally_openstack.cleanup.manager [-] Deleting cinder.volume_snapshots object s_rally_056f435d_b50dlmDz (f7a02fd6-7f9e-41c0-9fe1-e5e42fe27c6f)
2019-07-30 07:45:13.780 1842 RALLYDEBUG rally_openstack.cleanup.manager [-] Deleting cinder.volume_snapshots object s_rally_056f435d_Ac13PXod (fc82b624-fe70-4e86-9587-0ce499ee3568)
2019-07-30 07:45:13.787 1842 RALLYDEBUG rally_openstack.cleanup.manager [-] Deleting cinder.volume_snapshots object s_rally_056f435d_ms42Gp83 (60355132-2bc1-4a8d-a07e-4ef2351c3b86)
2019-07-30 07:45:13.789 1842 RALLYDEBUG rally_openstack.cleanup.manager [-] Deleting cinder.volume_snapshots object s_rally_056f435d_wxdWOuul (00d09423-4f80-45ae-bd7d-c7f567b20507)
2019-07-30 07:45:13.802 1842 RALLYDEBUG rally_openstack.cleanup.manager [-] Deleting cinder.volume_snapshots object s_rally_056f435d_RHTSgTux (e90029d0-2b48-4e97-a25c-308b62dadb67)
2019-07-30 07:45:19.626 1842 RALLYDEBUG rally_openstack.cleanup.manager [-] Cleaning up cinder transfers objects
2019-07-30 07:45:21.533 1842 RALLYDEBUG rally_openstack.cleanup.manager [-] Cleaning up cinder volumes objects
2019-07-30 07:45:23.856 1842 INFO rally.task.context [-] Task 19b5bf05-3d7d-46ce-9e44-0424a03cba1c | Context cleanup@openstack cleanup() finished in 14.13 sec
2019-07-30 07:45:23.857 1842 INFO rally.task.context [-] Task 19b5bf05-3d7d-46ce-9e44-0424a03cba1c | Context volumes@openstack cleanup() started
2019-07-30 07:45:23.857 1842 RALLYDEBUG rally_openstack.cleanup.manager [-] Cleaning up cinder volumes objects
2019-07-30 07:45:25.920 1842 RALLYDEBUG rally_openstack.cleanup.manager [-] Deleting cinder.volumes object c_rally_056f435d_IdKCpAvZ (c125433c-9734-4b26-9e17-78b0feecaed5)
2019-07-30 07:45:25.921 1842 RALLYDEBUG rally_openstack.cleanup.manager [-] Deleting cinder.volumes object c_rally_056f435d_CzpCJFfD (a3f9114d-53ba-4f00-af99-930aa5ee3d5b)
2019-07-30 07:45:25.923 1842 RALLYDEBUG rally_openstack.cleanup.manager [-] Deleting cinder.volumes object c_rally_056f435d_J95GFRG2 (b02ed5bf-7b1c-439c-b727-5a2800b48afa)
2019-07-30 07:45:29.261 1842 INFO rally.task.context [-] Task 19b5bf05-3d7d-46ce-9e44-0424a03cba1c | Context volumes@openstack cleanup() finished in 5.40 sec
2019-07-30 07:45:29.262 1842 INFO rally.task.context [-] Task 19b5bf05-3d7d-46ce-9e44-0424a03cba1c | Context quotas@openstack cleanup() started
2019-07-30 07:45:30.013 1842 INFO rally.task.context [-] Task 19b5bf05-3d7d-46ce-9e44-0424a03cba1c | Context quotas@openstack cleanup() finished in 0.75 sec
2019-07-30 07:45:30.013 1842 INFO rally.task.context [-] Task 19b5bf05-3d7d-46ce-9e44-0424a03cba1c | Context api_versions@openstack cleanup() started
2019-07-30 07:45:30.014 1842 INFO rally.task.context [-] Task 19b5bf05-3d7d-46ce-9e44-0424a03cba1c | Context api_versions@openstack cleanup() finished in 0.36 msec
2019-07-30 07:45:30.014 1842 INFO rally.task.context [-] Task 19b5bf05-3d7d-46ce-9e44-0424a03cba1c | Context users@openstack cleanup() started
2019-07-30 07:45:36.824 1842 INFO rally.task.context [-] Task 19b5bf05-3d7d-46ce-9e44-0424a03cba1c | Context users@openstack cleanup() finished in 6.81 sec
2019-07-30 07:45:38.279 1842 INFO rally.task.engine [-] Load duration is: 10.596157
2019-07-30 07:45:38.279 1842 INFO rally.task.engine [-] Full runner duration is: 10.651259
2019-07-30 07:45:38.280 1842 INFO rally.task.engine [-] Full duration is: 54.796599
2019-07-30 07:45:38.489 1842 INFO rally.task.engine [-] Running workload: position = 0 config = { "version": 2, "title": "A cropped version of a bigger task.", "description": "Auto-generated task from a single workload (uuid=a874c27a-f183-48cc-a585-c2cf9c88252a)", "subtasks": [ { "title": "CinderVolumes.create_and_list_volume", "description": "Create a volume and list all volumes.", "scenario": { "CinderVolumes.create_and_list_volume": { "detailed": true, "image": { "name": "rally_full-img_f4b3ecee-a82f-4832-95a8-3b2a0a2246c8" }, "size": 1 } }, "contexts": { "users": { "tenants": 3, "users_per_tenant": 2 }, "quotas": { "cinder": { "gigabytes": -1, "snapshots": -1, "volumes": -1 } }, "api_versions": { "cinder": { "version": 3, "service_type": "volumev3" } } }, "runner": { "constant": { "concurrency": 4, "times": 10 } }, "hooks": [], "sla": { "failure_rate": { "max": 0 } } } ] }
2019-07-30 07:45:38.508 1842 RALLYDEBUG rally_openstack.contexts.keystone.users [-] Creating 3 tenants using 20 threads
2019-07-30 07:45:40.349 1842 RALLYDEBUG rally_openstack.contexts.keystone.users [-] Creating 6 users using 20 threads
2019-07-30 07:45:43.146 1842 INFO rally.task.context [-] Task 19b5bf05-3d7d-46ce-9e44-0424a03cba1c | Context users@openstack setup() finished in 4.64 sec
2019-07-30 07:45:43.565 1842 INFO rally.task.context [-] Task 19b5bf05-3d7d-46ce-9e44-0424a03cba1c | Context api_versions@openstack setup() finished in 0.42 sec
2019-07-30 07:45:45.211 1842 INFO rally.task.context [-] Task 19b5bf05-3d7d-46ce-9e44-0424a03cba1c | Context quotas@openstack setup() finished in 1.65 sec
2019-07-30 07:45:45.211 1842 INFO rally.task.context [-] Task 19b5bf05-3d7d-46ce-9e44-0424a03cba1c | Context cleanup@openstack setup() finished in 0.00 msec
2019-07-30 07:45:45.955 1842 RALLYDEBUG rally.task.runner [-] Starting the constant runner (task UUID: 19b5bf05-3d7d-46ce-9e44-0424a03cba1c). timeout: 0 concurrency: 4 concurrency_per_worker: 1 times: 10 concurrency_overhead: 0 processes_to_start: 4 max_cpu_used: 16
2019-07-30 07:45:45.968 2414 RALLYDEBUG rally.task.runner [-] Starting a worker. concurrency: 1 args: {"detailed": true, "image": "17307e1f-063b-4c52-b9aa-4731eba1a257", "size": 1} times: 10 method_name: run timeout: 0 duration: None cls:
2019-07-30 07:45:45.971 2415 RALLYDEBUG rally.task.runner [-] Starting a worker. concurrency: 1 args: {"detailed": true, "image": "17307e1f-063b-4c52-b9aa-4731eba1a257", "size": 1} times: 10 method_name: run timeout: 0 duration: None cls:
2019-07-30 07:45:45.974 2414 INFO rally.task.runner [-] Task 19b5bf05-3d7d-46ce-9e44-0424a03cba1c | ITER: 1 START
2019-07-30 07:45:45.974 2416 RALLYDEBUG rally.task.runner [-] Starting a worker. concurrency: 1 args: {"detailed": true, "image": "17307e1f-063b-4c52-b9aa-4731eba1a257", "size": 1} times: 10 method_name: run timeout: 0 duration: None cls:
2019-07-30 07:45:45.977 2417 RALLYDEBUG rally.task.runner [-] Starting a worker. concurrency: 1 args: {"detailed": true, "image": "17307e1f-063b-4c52-b9aa-4731eba1a257", "size": 1} times: 10 method_name: run timeout: 0 duration: None cls:
2019-07-30 07:45:45.979 2415 INFO rally.task.runner [-] Task 19b5bf05-3d7d-46ce-9e44-0424a03cba1c | ITER: 2 START
2019-07-30 07:45:45.983 2416 INFO rally.task.runner [-] Task 19b5bf05-3d7d-46ce-9e44-0424a03cba1c | ITER: 3 START
2019-07-30 07:45:45.985 2417 INFO rally.task.runner [-] Task 19b5bf05-3d7d-46ce-9e44-0424a03cba1c | ITER: 4 START
2019-07-30 07:45:50.083 2415 RALLYDEBUG rally.task.utils [-] Waiting for resource s_rally_a874c27a_b67AM4bH. Status changed: CREATING => DOWNLOADING in 0.750837087631
2019-07-30 07:45:52.002 2414 RALLYDEBUG rally.task.utils [-] Waiting for resource s_rally_a874c27a_RkWnms7X. Status changed: DOWNLOADING => AVAILABLE in 2.69550395012
2019-07-30 07:45:52.075 2414 INFO rally.task.runner [-] Task 19b5bf05-3d7d-46ce-9e44-0424a03cba1c | ITER: 1 END: OK
2019-07-30 07:45:52.080 2414 INFO rally.task.runner [-] Task 19b5bf05-3d7d-46ce-9e44-0424a03cba1c | ITER: 5 START
2019-07-30 07:45:52.218 2417 RALLYDEBUG rally.task.utils [-] Waiting for resource s_rally_a874c27a_L6mXRvs4. Status changed: DOWNLOADING => AVAILABLE in 2.79486989975
2019-07-30 07:45:52.329 2415 RALLYDEBUG rally.task.utils [-] Waiting for resource s_rally_a874c27a_b67AM4bH. Status changed: DOWNLOADING => AVAILABLE in 2.24636006355
2019-07-30 07:45:52.535 2417 INFO rally.task.runner [-] Task 19b5bf05-3d7d-46ce-9e44-0424a03cba1c | ITER: 4 END: OK
2019-07-30 07:45:52.540 2417 INFO rally.task.runner [-] Task 19b5bf05-3d7d-46ce-9e44-0424a03cba1c | ITER: 6 START
2019-07-30 07:45:52.692 2415 INFO rally.task.runner [-] Task 19b5bf05-3d7d-46ce-9e44-0424a03cba1c | ITER: 2 END: OK
2019-07-30 07:45:52.697 2415 INFO rally.task.runner [-] Task 19b5bf05-3d7d-46ce-9e44-0424a03cba1c | ITER: 7 START
2019-07-30 07:45:54.643 2416 RALLYDEBUG rally.task.utils [-] Waiting for resource s_rally_a874c27a_vySwQnSw. Status changed: DOWNLOADING => AVAILABLE in 5.28244185448
2019-07-30 07:45:54.705 2416 INFO rally.task.runner [-] Task 19b5bf05-3d7d-46ce-9e44-0424a03cba1c | ITER: 3 END: OK
2019-07-30 07:45:54.711 2416 INFO rally.task.runner [-] Task 19b5bf05-3d7d-46ce-9e44-0424a03cba1c | ITER: 8 START
2019-07-30 07:45:58.202 2414 RALLYDEBUG rally.task.utils [-] Waiting for resource s_rally_a874c27a_cDHqI5EV. Status changed: DOWNLOADING => AVAILABLE in 2.83613395691
2019-07-30 07:45:58.265 2414 INFO rally.task.runner [-] Task 19b5bf05-3d7d-46ce-9e44-0424a03cba1c | ITER: 5 END: OK
2019-07-30 07:45:58.269 2414 INFO rally.task.runner [-] Task 19b5bf05-3d7d-46ce-9e44-0424a03cba1c | ITER: 9 START
2019-07-30 07:45:58.678 2417 RALLYDEBUG rally.task.utils [-] Waiting for resource s_rally_a874c27a_xcUpuigd. Status changed: DOWNLOADING => AVAILABLE in 2.87837696075
2019-07-30 07:45:58.738 2417 INFO rally.task.runner [-] Task 19b5bf05-3d7d-46ce-9e44-0424a03cba1c | ITER: 6 END: OK
2019-07-30 07:45:58.743 2417 INFO rally.task.runner [-] Task 19b5bf05-3d7d-46ce-9e44-0424a03cba1c | ITER: 10 START
2019-07-30 07:45:58.961 2415 RALLYDEBUG rally.task.utils [-] Waiting for resource s_rally_a874c27a_vDTGOrUS. Status changed: DOWNLOADING => AVAILABLE in 3.05356502533
2019-07-30 07:45:59.240 2415 INFO rally.task.runner [-] Task 19b5bf05-3d7d-46ce-9e44-0424a03cba1c | ITER: 7 END: OK
2019-07-30 07:46:00.887 2416 RALLYDEBUG rally.task.utils [-] Waiting for resource s_rally_a874c27a_DOglvY2A. Status changed: DOWNLOADING => AVAILABLE in 2.92302203178
2019-07-30 07:46:01.206 2416 INFO rally.task.runner [-] Task 19b5bf05-3d7d-46ce-9e44-0424a03cba1c | ITER: 8 END: OK
2019-07-30 07:46:04.464 2414 RALLYDEBUG rally.task.utils [-] Waiting for resource s_rally_a874c27a_f7doAz5K. Status changed: DOWNLOADING => AVAILABLE in 2.96601891518
2019-07-30 07:46:04.542 2414 INFO rally.task.runner [-] Task 19b5bf05-3d7d-46ce-9e44-0424a03cba1c | ITER: 9 END: OK
2019-07-30 07:46:04.738 2417 RALLYDEBUG rally.task.utils [-] Waiting for resource s_rally_a874c27a_AvT945or. Status changed: DOWNLOADING => AVAILABLE in 2.60285902023
2019-07-30 07:46:04.816 2417 INFO rally.task.runner [-] Task 19b5bf05-3d7d-46ce-9e44-0424a03cba1c | ITER: 10 END: OK
2019-07-30 07:46:04.843 1842 INFO rally.task.context [-] Task 19b5bf05-3d7d-46ce-9e44-0424a03cba1c | Context cleanup@openstack cleanup() started
2019-07-30 07:46:04.846 1842 RALLYDEBUG rally_openstack.cleanup.manager [-] Cleaning up cinder backups objects
2019-07-30 07:46:06.909 1842 RALLYDEBUG rally_openstack.cleanup.manager [-] Cleaning up cinder volume_snapshots objects
2019-07-30 07:46:08.916 1842 RALLYDEBUG rally_openstack.cleanup.manager [-] Cleaning up cinder transfers objects
2019-07-30 07:46:10.819 1842 RALLYDEBUG rally_openstack.cleanup.manager [-] Cleaning up cinder volumes objects
2019-07-30 07:46:13.024 1842 RALLYDEBUG rally_openstack.cleanup.manager [-] Deleting cinder.volumes object s_rally_a874c27a_RkWnms7X (0c1c6392-17f5-4aec-bdaf-b427f8b6f199)
2019-07-30 07:46:13.026 1842 RALLYDEBUG rally_openstack.cleanup.manager [-] Deleting cinder.volumes object s_rally_a874c27a_DOglvY2A (7793bed6-0cf0-48ca-84e8-93c37ae3e478)
2019-07-30 07:46:13.029 1842 RALLYDEBUG rally_openstack.cleanup.manager [-] Deleting cinder.volumes object s_rally_a874c27a_xcUpuigd (efc66d8f-1df6-4f60-a9e0-94e8ae374dc7)
2019-07-30 07:46:13.029 1842 RALLYDEBUG rally_openstack.cleanup.manager [-] Deleting cinder.volumes object s_rally_a874c27a_vDTGOrUS (1dbb6f73-627a-499c-b7c6-d2d97236710b)
2019-07-30 07:46:13.030 1842 RALLYDEBUG rally_openstack.cleanup.manager [-] Deleting cinder.volumes object s_rally_a874c27a_vySwQnSw (659b1984-932d-418e-8910-3ffce1fd5a9d)
2019-07-30 07:46:13.044 1842 RALLYDEBUG rally_openstack.cleanup.manager [-] Deleting cinder.volumes object s_rally_a874c27a_L6mXRvs4 (0ac80c69-65a6-42d4-aac9-850af696bd21)
2019-07-30 07:46:13.045 1842 RALLYDEBUG rally_openstack.cleanup.manager [-] Deleting cinder.volumes object s_rally_a874c27a_f7doAz5K (9605d364-4758-46f8-83bc-ea185bb4dfc2)
2019-07-30 07:46:13.055 1842 RALLYDEBUG rally_openstack.cleanup.manager [-] Deleting cinder.volumes object s_rally_a874c27a_cDHqI5EV (8968b43e-f27a-4ce9-80c4-edc48fb897ae)
2019-07-30 07:46:13.056 1842 RALLYDEBUG rally_openstack.cleanup.manager [-] Deleting cinder.volumes object s_rally_a874c27a_AvT945or (f73444b0-9050-4749-b78d-6a3afa227709)
2019-07-30 07:46:13.060 1842 RALLYDEBUG rally_openstack.cleanup.manager [-] Deleting cinder.volumes object s_rally_a874c27a_b67AM4bH (f1b38869-6511-4c3a-ae62-db10f769c7ae)
2019-07-30 07:46:17.748 1842 INFO rally.task.context [-] Task 19b5bf05-3d7d-46ce-9e44-0424a03cba1c | Context cleanup@openstack cleanup() finished in 12.91 sec
2019-07-30 07:46:17.749 1842 INFO rally.task.context [-] Task 19b5bf05-3d7d-46ce-9e44-0424a03cba1c | Context quotas@openstack cleanup() started
2019-07-30 07:46:18.016 1842 INFO rally.task.context [-] Task 19b5bf05-3d7d-46ce-9e44-0424a03cba1c | Context quotas@openstack cleanup() finished in 0.27 sec
2019-07-30 07:46:18.017 1842 INFO rally.task.context [-] Task 19b5bf05-3d7d-46ce-9e44-0424a03cba1c | Context api_versions@openstack cleanup() started
2019-07-30 07:46:18.017 1842 INFO rally.task.context [-] Task 19b5bf05-3d7d-46ce-9e44-0424a03cba1c | Context api_versions@openstack cleanup() finished in 0.33 msec
2019-07-30 07:46:18.017 1842 INFO rally.task.context [-] Task 19b5bf05-3d7d-46ce-9e44-0424a03cba1c | Context users@openstack cleanup() started
2019-07-30 07:46:26.049 1842 INFO rally.task.context [-] Task 19b5bf05-3d7d-46ce-9e44-0424a03cba1c | Context users@openstack cleanup() finished in 8.03 sec
2019-07-30 07:46:26.691 1842 INFO rally.task.engine [-] Load duration is: 18.837888
2019-07-30 07:46:26.692 1842 INFO rally.task.engine [-] Full runner duration is: 18.888277
2019-07-30 07:46:26.692 1842 INFO rally.task.engine [-] Full duration is: 47.543581
2019-07-30 07:46:26.836 1842 INFO rally.task.engine [-] Running workload: position = 1 config = { "version": 2, "title": "A cropped version of a bigger task.", "description": "Auto-generated task from a single workload (uuid=41291931-a776-40e8-bdcc-07502b4a5b9c)", "subtasks": [ { "title": "CinderVolumes.create_and_list_volume", "description": "Create a volume and list all volumes.", "scenario": { "CinderVolumes.create_and_list_volume": { "detailed": true, "size": 1 } }, "contexts": { "users": { "tenants": 3, "users_per_tenant": 2 }, "quotas": { "cinder": { "gigabytes": -1, "snapshots": -1, "volumes": -1 } }, "api_versions": { "cinder": { "version": 3, "service_type": "volumev3" } } }, "runner": { "constant": { "concurrency": 4, "times": 10 } }, "hooks": [], "sla": { "failure_rate": { "max": 0 } } } ] }
2019-07-30 07:46:26.859 1842 RALLYDEBUG rally_openstack.contexts.keystone.users [-] Creating 3 tenants using 20 threads
2019-07-30 07:46:28.624 1842 RALLYDEBUG rally_openstack.contexts.keystone.users [-] Creating 6 users using 20 threads
2019-07-30 07:46:31.540 1842 INFO rally.task.context [-] Task 19b5bf05-3d7d-46ce-9e44-0424a03cba1c | Context users@openstack setup() finished in 4.68 sec
2019-07-30 07:46:31.968 1842 INFO rally.task.context [-] Task 19b5bf05-3d7d-46ce-9e44-0424a03cba1c | Context api_versions@openstack setup() finished in 0.43 sec
2019-07-30 07:46:33.468 1842 INFO rally.task.context [-] Task 19b5bf05-3d7d-46ce-9e44-0424a03cba1c | Context quotas@openstack setup() finished in 1.50 sec
2019-07-30 07:46:33.468 1842 INFO rally.task.context [-] Task 19b5bf05-3d7d-46ce-9e44-0424a03cba1c | Context cleanup@openstack setup() finished in 0.01 msec
2019-07-30 07:46:33.477 1842 RALLYDEBUG rally.task.runner [-] Starting the constant runner (task UUID: 19b5bf05-3d7d-46ce-9e44-0424a03cba1c). timeout: 0 concurrency: 4 concurrency_per_worker: 1 times: 10 concurrency_overhead: 0 processes_to_start: 4 max_cpu_used: 16
2019-07-30 07:46:33.490 2598 RALLYDEBUG rally.task.runner [-] Starting a worker. concurrency: 1 args: {"detailed": true, "size": 1} times: 10 method_name: run timeout: 0 duration: None cls:
2019-07-30 07:46:33.493 2599 RALLYDEBUG rally.task.runner [-] Starting a worker. concurrency: 1 args: {"detailed": true, "size": 1} times: 10 method_name: run timeout: 0 duration: None cls:
2019-07-30 07:46:33.495 2600 RALLYDEBUG rally.task.runner [-] Starting a worker. concurrency: 1 args: {"detailed": true, "size": 1} times: 10 method_name: run timeout: 0 duration: None cls:
2019-07-30 07:46:33.497 2598 INFO rally.task.runner [-] Task 19b5bf05-3d7d-46ce-9e44-0424a03cba1c | ITER: 1 START
2019-07-30 07:46:33.501 2600 INFO rally.task.runner [-] Task 19b5bf05-3d7d-46ce-9e44-0424a03cba1c | ITER: 3 START
2019-07-30 07:46:33.501 2599 INFO rally.task.runner [-] Task 19b5bf05-3d7d-46ce-9e44-0424a03cba1c | ITER: 2 START
2019-07-30 07:46:33.500 2601 RALLYDEBUG rally.task.runner [-] Starting a worker. concurrency: 1 args: {"detailed": true, "size": 1} times: 10 method_name: run timeout: 0 duration: None cls:
2019-07-30 07:46:33.509 2601 INFO rally.task.runner [-] Task 19b5bf05-3d7d-46ce-9e44-0424a03cba1c | ITER: 4 START
2019-07-30 07:46:37.379 2600 INFO rally.task.runner [-] Task 19b5bf05-3d7d-46ce-9e44-0424a03cba1c | ITER: 3 END: OK
2019-07-30 07:46:37.384 2600 INFO rally.task.runner [-] Task 19b5bf05-3d7d-46ce-9e44-0424a03cba1c | ITER: 5 START
2019-07-30 07:46:37.409 2599 INFO rally.task.runner [-] Task 19b5bf05-3d7d-46ce-9e44-0424a03cba1c | ITER: 2 END: OK
2019-07-30 07:46:37.414 2599 INFO rally.task.runner [-] Task 19b5bf05-3d7d-46ce-9e44-0424a03cba1c | ITER: 6 START
2019-07-30 07:46:37.548 2601 INFO rally.task.runner [-] Task 19b5bf05-3d7d-46ce-9e44-0424a03cba1c | ITER: 4 END: OK
2019-07-30 07:46:37.553 2601 INFO rally.task.runner [-] Task 19b5bf05-3d7d-46ce-9e44-0424a03cba1c | ITER: 7 START
2019-07-30 07:46:37.601 2598 INFO rally.task.runner [-] Task 19b5bf05-3d7d-46ce-9e44-0424a03cba1c | ITER: 1 END: OK
2019-07-30 07:46:37.607 2598 INFO rally.task.runner [-] Task 19b5bf05-3d7d-46ce-9e44-0424a03cba1c | ITER: 8 START
2019-07-30 07:46:40.793 2600 INFO rally.task.runner [-] Task 19b5bf05-3d7d-46ce-9e44-0424a03cba1c | ITER: 5 END: OK
2019-07-30 07:46:40.798 2600 INFO rally.task.runner [-] Task 19b5bf05-3d7d-46ce-9e44-0424a03cba1c | ITER: 9 START
2019-07-30 07:46:41.848 2599 INFO rally.task.runner [-] Task 19b5bf05-3d7d-46ce-9e44-0424a03cba1c | ITER: 6 END: OK
2019-07-30 07:46:41.854 2599 INFO rally.task.runner [-] Task 19b5bf05-3d7d-46ce-9e44-0424a03cba1c | ITER: 10 START
2019-07-30 07:46:42.194 2598 INFO rally.task.runner [-] Task 19b5bf05-3d7d-46ce-9e44-0424a03cba1c | ITER: 8 END: OK
2019-07-30 07:46:42.390 2601 INFO rally.task.runner [-] Task 19b5bf05-3d7d-46ce-9e44-0424a03cba1c | ITER: 7 END: OK
2019-07-30 07:46:44.467 2600 INFO rally.task.runner [-] Task 19b5bf05-3d7d-46ce-9e44-0424a03cba1c | ITER: 9 END: OK
2019-07-30 07:46:45.637 2599 INFO rally.task.runner [-] Task 19b5bf05-3d7d-46ce-9e44-0424a03cba1c | ITER: 10 END: OK
2019-07-30 07:46:45.658 1842 INFO rally.task.context [-] Task 19b5bf05-3d7d-46ce-9e44-0424a03cba1c | Context cleanup@openstack cleanup() started
2019-07-30 07:46:45.660 1842 RALLYDEBUG rally_openstack.cleanup.manager [-] Cleaning up cinder backups objects
2019-07-30 07:46:47.578 1842 RALLYDEBUG rally_openstack.cleanup.manager [-] Cleaning up cinder volume_snapshots objects
2019-07-30 07:46:49.573 1842 RALLYDEBUG rally_openstack.cleanup.manager [-] Cleaning up cinder transfers objects
2019-07-30 07:46:51.430 1842 RALLYDEBUG rally_openstack.cleanup.manager [-] Cleaning up cinder volumes objects
2019-07-30 07:46:53.584 1842 RALLYDEBUG rally_openstack.cleanup.manager [-] Deleting cinder.volumes object s_rally_41291931_Cibx5l6K (c9f11968-aba3-4bf9-aff9-52a51e3ff48d)
2019-07-30 07:46:53.585 1842 RALLYDEBUG rally_openstack.cleanup.manager [-] Deleting cinder.volumes object s_rally_41291931_ZMCM6tEo (edbaa5d9-1155-418e-b22a-076712a9a7fa)
2019-07-30 07:46:53.586 1842 RALLYDEBUG rally_openstack.cleanup.manager [-] Deleting cinder.volumes object s_rally_41291931_byq8ZkIC (549502c1-3055-4d2a-a80b-044c69ca6213)
2019-07-30 07:46:53.594 1842 RALLYDEBUG rally_openstack.cleanup.manager [-] Deleting cinder.volumes object s_rally_41291931_CrUn7O3H (783f38a5-ce26-4d14-b4d8-b6f36fb0cabb)
2019-07-30 07:46:53.604 1842 RALLYDEBUG rally_openstack.cleanup.manager [-] Deleting cinder.volumes object s_rally_41291931_Do343og8 (1026b467-c541-4a51-a173-8cab3456af88)
2019-07-30 07:46:53.607 1842 RALLYDEBUG rally_openstack.cleanup.manager [-] Deleting cinder.volumes object s_rally_41291931_RX8Dbbux (9529013b-d110-4604-93ba-645d0f5df5d1)
2019-07-30 07:46:53.612 1842 RALLYDEBUG rally_openstack.cleanup.manager [-] Deleting cinder.volumes object s_rally_41291931_YmZmSoiC (1934f800-e01d-416f-a87d-3da8814aefb6)
2019-07-30 07:46:53.615 1842 RALLYDEBUG rally_openstack.cleanup.manager [-] Deleting cinder.volumes object s_rally_41291931_sYjLhpk8 (1f90da8c-b102-4e00-9435-a0efd38f6526)
2019-07-30 07:46:53.621 1842 RALLYDEBUG rally_openstack.cleanup.manager [-] Deleting cinder.volumes object s_rally_41291931_s5bNAIab (c2466634-ab62-4575-a6d1-e2be1c034300)
2019-07-30 07:46:53.624 1842 RALLYDEBUG rally_openstack.cleanup.manager [-] Deleting cinder.volumes object s_rally_41291931_l2Aq0iiU (bb3c284e-8b02-4aef-a692-dd6fbb2351b6)
2019-07-30 07:46:57.554 1842 INFO rally.task.context [-] Task 19b5bf05-3d7d-46ce-9e44-0424a03cba1c | Context cleanup@openstack cleanup() finished in 11.90 sec
2019-07-30 07:46:57.554 1842 INFO rally.task.context [-] Task 19b5bf05-3d7d-46ce-9e44-0424a03cba1c | Context quotas@openstack cleanup() started
2019-07-30 07:46:58.270 1842 INFO rally.task.context [-] Task 19b5bf05-3d7d-46ce-9e44-0424a03cba1c | Context quotas@openstack cleanup() finished in 0.72 sec
2019-07-30 07:46:58.271 1842 INFO rally.task.context [-] Task 19b5bf05-3d7d-46ce-9e44-0424a03cba1c | Context api_versions@openstack cleanup() started
2019-07-30 07:46:58.271 1842 INFO rally.task.context [-] Task 19b5bf05-3d7d-46ce-9e44-0424a03cba1c | Context api_versions@openstack cleanup() finished in 0.30 msec
2019-07-30 07:46:58.271 1842 INFO rally.task.context [-] Task 19b5bf05-3d7d-46ce-9e44-0424a03cba1c | Context users@openstack cleanup() started
2019-07-30 07:47:05.124 1842 INFO rally.task.context [-] Task 19b5bf05-3d7d-46ce-9e44-0424a03cba1c | Context users@openstack cleanup() finished in 6.85 sec
2019-07-30 07:47:07.022 1842 INFO rally.task.engine [-] Load duration is: 12.135314
2019-07-30 07:47:07.022 1842 INFO rally.task.engine [-] Full runner duration is: 12.181521
2019-07-30 07:47:07.023 1842 INFO rally.task.engine [-] Full duration is: 38.269332
2019-07-30 07:47:07.225 1842 INFO rally.task.engine [-] Running workload: position = 0 config = { "version": 2, "title": "A cropped version of a bigger task.", "description": "Auto-generated task from a single workload (uuid=0de42f0d-246c-48b1-a249-8e8db17816b9)", "subtasks": [ { "title": "CinderVolumes.create_and_upload_volume_to_image", "description": "Create and upload a volume to image.", "scenario": { "CinderVolumes.create_and_upload_volume_to_image": { "container_format": "bare", "disk_format": "raw", "do_delete": true, "force": false, "size": 1 } }, "contexts": { "users": { "tenants": 3, "users_per_tenant": 2 }, "quotas": { "cinder": { "gigabytes": -1, "snapshots": -1, "volumes": -1 } }, "api_versions": { "cinder": { "version": 3, "service_type": "volumev3" } } }, "runner": { "constant": { "concurrency": 4, "times": 10 } }, "hooks": [], "sla": { "failure_rate": { "max": 0 } } } ] }
2019-07-30 07:47:07.251 1842 RALLYDEBUG rally_openstack.contexts.keystone.users [-] Creating 3 tenants using 20 threads
2019-07-30 07:47:09.016 1842 RALLYDEBUG rally_openstack.contexts.keystone.users [-] Creating 6 users using 20 threads
2019-07-30 07:47:11.664 1842 INFO rally.task.context [-] Task 19b5bf05-3d7d-46ce-9e44-0424a03cba1c | Context users@openstack setup() finished in 4.41 sec
2019-07-30 07:47:12.087 1842 INFO rally.task.context [-] Task 19b5bf05-3d7d-46ce-9e44-0424a03cba1c | Context api_versions@openstack setup() finished in 0.42 sec
2019-07-30 07:47:13.676 1842 INFO rally.task.context [-] Task 19b5bf05-3d7d-46ce-9e44-0424a03cba1c | Context quotas@openstack setup() finished in 1.59 sec
2019-07-30 07:47:13.677 1842 INFO rally.task.context [-] Task 19b5bf05-3d7d-46ce-9e44-0424a03cba1c | Context cleanup@openstack setup() finished in 0.01 msec
2019-07-30 07:47:13.684 1842 RALLYDEBUG rally.task.runner [-] Starting the constant runner (task UUID: 19b5bf05-3d7d-46ce-9e44-0424a03cba1c). timeout: 0 concurrency: 4 concurrency_per_worker: 1 times: 10 concurrency_overhead: 0 processes_to_start: 4 max_cpu_used: 16
2019-07-30 07:47:13.697 2782 RALLYDEBUG rally.task.runner [-] Starting a worker. concurrency: 1 args: {"container_format": "bare", "disk_format": "raw", "do_delete": true, "force": false, "size": 1} times: 10 method_name: run timeout: 0 duration: None cls:
2019-07-30 07:47:13.700 2783 RALLYDEBUG rally.task.runner [-] Starting a worker. concurrency: 1 args: {"container_format": "bare", "disk_format": "raw", "do_delete": true, "force": false, "size": 1} times: 10 method_name: run timeout: 0 duration: None cls:
2019-07-30 07:47:13.702 2784 RALLYDEBUG rally.task.runner [-] Starting a worker. concurrency: 1 args: {"container_format": "bare", "disk_format": "raw", "do_delete": true, "force": false, "size": 1} times: 10 method_name: run timeout: 0 duration: None cls:
2019-07-30 07:47:13.704 2782 INFO rally.task.runner [-] Task 19b5bf05-3d7d-46ce-9e44-0424a03cba1c | ITER: 1 START
2019-07-30 07:47:13.706 2785 RALLYDEBUG rally.task.runner [-] Starting a worker. concurrency: 1 args: {"container_format": "bare", "disk_format": "raw", "do_delete": true, "force": false, "size": 1} times: 10 method_name: run timeout: 0 duration: None cls:
2019-07-30 07:47:13.708 2783 INFO rally.task.runner [-] Task 19b5bf05-3d7d-46ce-9e44-0424a03cba1c | ITER: 2 START
2019-07-30 07:47:13.710 2784 INFO rally.task.runner [-] Task 19b5bf05-3d7d-46ce-9e44-0424a03cba1c | ITER: 3 START
2019-07-30 07:47:13.714 2785 INFO rally.task.runner [-] Task 19b5bf05-3d7d-46ce-9e44-0424a03cba1c | ITER: 4 START
2019-07-30 07:47:18.890 2782 RALLYDEBUG rally.task.utils [-] Waiting for resource s_rally_0de42f0d_p18F8MBq. Status changed: AVAILABLE => UPLOADING in 0.265277147293
2019-07-30 07:47:18.909 2784 RALLYDEBUG rally.task.utils [-] Waiting for resource s_rally_0de42f0d_kIQoU30W. Status changed: AVAILABLE => UPLOADING in 0.279733896255
2019-07-30 07:47:18.960 2785 RALLYDEBUG rally.task.utils [-] Waiting for resource s_rally_0de42f0d_qi6Jal6o. Status changed: AVAILABLE => UPLOADING in 0.313742876053
2019-07-30 07:47:19.708 2783 RALLYDEBUG rally.task.utils [-] Waiting for resource s_rally_0de42f0d_rtNIpJLn. Status changed: AVAILABLE => UPLOADING in 0.248298883438
2019-07-30 07:47:55.640 2782 RALLYDEBUG rally.task.utils [-] Waiting for resource s_rally_0de42f0d_p18F8MBq. Status changed: UPLOADING => AVAILABLE in 36.7498390675
2019-07-30 07:47:56.127 2782 RALLYDEBUG rally.task.utils [-] Waiting for resource s_rally_0de42f0d_p18F8MBq. Status changed: AVAILABLE => DELETING in 0.0591781139374
2019-07-30 07:47:56.171 2783 RALLYDEBUG rally.task.utils [-] Waiting for resource s_rally_0de42f0d_rtNIpJLn. Status changed: UPLOADING => AVAILABLE in 36.4634330273
2019-07-30 07:47:56.636 2783 RALLYDEBUG rally.task.utils [-] Waiting for resource s_rally_0de42f0d_rtNIpJLn. Status changed: AVAILABLE => DELETING in 0.0567820072174
2019-07-30 07:47:59.297 2782 INFO rally.task.runner [-] Task 19b5bf05-3d7d-46ce-9e44-0424a03cba1c | ITER: 1 END: OK
2019-07-30 07:47:59.304 2782 INFO rally.task.runner [-] Task 19b5bf05-3d7d-46ce-9e44-0424a03cba1c | ITER: 5 START
2019-07-30 07:48:00.283 2783 INFO rally.task.runner [-] Task 19b5bf05-3d7d-46ce-9e44-0424a03cba1c | ITER: 2 END: OK
2019-07-30 07:48:00.290 2783 INFO rally.task.runner [-] Task 19b5bf05-3d7d-46ce-9e44-0424a03cba1c | ITER: 6 START
2019-07-30 07:48:04.228 2782 RALLYDEBUG rally.task.utils [-] Waiting for resource s_rally_0de42f0d_neGfuoHD. Status changed: AVAILABLE => UPLOADING in 0.0581948757172
2019-07-30 07:48:04.934 2783 RALLYDEBUG rally.task.utils [-] Waiting for resource s_rally_0de42f0d_arQohSod. Status changed: AVAILABLE => UPLOADING in 0.0608429908752
2019-07-30 07:48:18.100 2784 RALLYDEBUG rally.task.utils [-] Waiting for resource s_rally_0de42f0d_kIQoU30W. Status changed: UPLOADING => AVAILABLE in 59.1910521984
2019-07-30 07:48:18.154 2785 RALLYDEBUG rally.task.utils [-] Waiting for resource s_rally_0de42f0d_qi6Jal6o. Status changed: UPLOADING => AVAILABLE in 59.194494009
2019-07-30 07:48:18.351 2785 RALLYDEBUG rally.task.utils [-] Waiting for resource s_rally_0de42f0d_qi6Jal6o. Status changed: AVAILABLE => DELETING in 0.0555481910706
2019-07-30 07:48:18.563 2784 RALLYDEBUG rally.task.utils [-] Waiting for resource s_rally_0de42f0d_kIQoU30W. Status changed: AVAILABLE => DELETING in 0.0574371814728
2019-07-30 07:48:22.771 2784 INFO rally.task.runner [-] Task 19b5bf05-3d7d-46ce-9e44-0424a03cba1c | ITER: 3 END: OK
2019-07-30 07:48:22.778 2784 INFO rally.task.runner [-] Task 19b5bf05-3d7d-46ce-9e44-0424a03cba1c | ITER: 7 START
2019-07-30 07:48:22.794 2785 INFO rally.task.runner [-] Task 19b5bf05-3d7d-46ce-9e44-0424a03cba1c | ITER: 4 END: OK
2019-07-30 07:48:22.800 2785 INFO rally.task.runner [-] Task 19b5bf05-3d7d-46ce-9e44-0424a03cba1c | ITER: 8 START
2019-07-30 07:48:27.907 2784 RALLYDEBUG rally.task.utils [-] Waiting for resource s_rally_0de42f0d_JC68kMyp. Status changed: AVAILABLE => UPLOADING in 0.272504091263
2019-07-30 07:48:28.030 2785 RALLYDEBUG rally.task.utils [-] Waiting for resource s_rally_0de42f0d_4aKjmq5I. Status changed: AVAILABLE => UPLOADING in 0.273528814316
2019-07-30 07:48:41.095 2782 RALLYDEBUG rally.task.utils [-] Waiting for resource s_rally_0de42f0d_neGfuoHD. Status changed: UPLOADING => AVAILABLE in 36.8672440052
2019-07-30 07:48:41.274 2782 RALLYDEBUG rally.task.utils [-] Waiting for resource s_rally_0de42f0d_neGfuoHD. Status changed: AVAILABLE => DELETING in 0.0574519634247
2019-07-30 07:48:43.417 2783 RALLYDEBUG rally.task.utils [-] Waiting for resource s_rally_0de42f0d_arQohSod. Status changed: UPLOADING => AVAILABLE in 38.4829010963
