2019-07-30 07:34:00.853 7 RALLYDEBUG rally.api [-] INFO logs from urllib3 and requests module are hide.
2019-07-30 07:34:00.854 7 RALLYDEBUG rally.api [-] urllib3 insecure warnings are hidden.
2019-07-30 07:34:00.854 7 RALLYDEBUG rally.api [-] ERROR log from boto module is hide.
2019-07-30 07:34:02.089 7 ERROR rally.cli.cliutils [-] Unexpected exception in CLI: DBRecordNotFound: Record for uuid or name is opnfv-rally not found in table envs
2019-07-30 07:34:02.089 7 ERROR rally.cli.cliutils
Traceback (most recent call last):
2019-07-30 07:34:02.089 7 ERROR rally.cli.cliutils
File "/usr/lib/python2.7/site-packages/rally/cli/cliutils.py", line 674, in run
2019-07-30 07:34:02.089 7 ERROR rally.cli.cliutils ret = fn(*fn_args, **fn_kwargs)
2019-07-30 07:34:02.089 7 ERROR rally.cli.cliutils File "", line 2, in destroy
2019-07-30 07:34:02.089 7 ERROR rally.cli.cliutils
File "/usr/lib/python2.7/site-packages/rally/cli/envutils.py", line 69, in default_from_global
2019-07-30 07:34:02.089 7 ERROR rally.cli.cliutils return f(*args, **kwargs)
2019-07-30 07:34:02.089 7 ERROR rally.cli.cliutils File "", line 2, in destroy
2019-07-30 07:34:02.089 7 ERROR rally.cli.cliutils
File "/usr/lib/python2.7/site-packages/rally/plugins/__init__.py", line 51, in ensure_plugins_are_loaded
2019-07-30 07:34:02.089 7 ERROR rally.cli.cliutils return f(*args, **kwargs)
2019-07-30 07:34:02.089 7 ERROR rally.cli.cliutils
File "/usr/lib/python2.7/site-packages/rally/cli/commands/deployment.py", line 140, in destroy
2019-07-30 07:34:02.089 7 ERROR rally.cli.cliutils api.deployment.destroy(deployment=deployment)
2019-07-30 07:34:02.089 7 ERROR rally.cli.cliutils
File "/usr/lib/python2.7/site-packages/rally/api.py", line 115, in destroy
2019-07-30 07:34:02.089 7 ERROR rally.cli.cliutils deploy = objects.Deployment.get(deployment)
2019-07-30 07:34:02.089 7 ERROR rally.cli.cliutils
File "/usr/lib/python2.7/site-packages/rally/common/objects/deploy.py", line 124, in get
2019-07-30 07:34:02.089 7 ERROR rally.cli.cliutils return Deployment(env_mgr.EnvManager.get(deploy))
2019-07-30 07:34:02.089 7 ERROR rally.cli.cliutils
File "/usr/lib/python2.7/site-packages/rally/env/env_mgr.py", line 212, in get
2019-07-30 07:34:02.089 7 ERROR rally.cli.cliutils return cls(db.env_get(uuid_or_name))
2019-07-30 07:34:02.089 7 ERROR rally.cli.cliutils
File "/usr/lib/python2.7/site-packages/rally/common/db/api.py", line 135, in wrapper
2019-07-30 07:34:02.089 7 ERROR rally.cli.cliutils result = f(session, *args, **kwargs)
2019-07-30 07:34:02.089 7 ERROR rally.cli.cliutils
File "/usr/lib/python2.7/site-packages/rally/common/db/api.py", line 521, in env_get
2019-07-30 07:34:02.089 7 ERROR rally.cli.cliutils criteria="uuid or name is %s" % uuid_or_name, table="envs")
2019-07-30 07:34:02.089 7 ERROR rally.cli.cliutils DBRecordNotFound: Record for uuid or name is opnfv-rally not found in table envs
2019-07-30 07:34:02.089 7 ERROR rally.cli.cliutils
2019-07-30 07:34:02.917 9 RALLYDEBUG rally.api [-] INFO logs from urllib3 and requests module are hide.
2019-07-30 07:34:02.917 9 RALLYDEBUG rally.api [-] urllib3 insecure warnings are hidden.
2019-07-30 07:34:02.917 9 RALLYDEBUG rally.api [-] ERROR log from boto module is hide.
2019-07-30 07:34:04.221 9 WARNING rally_openstack.platforms.existing [-] endpoint is deprecated and not used.
2019-07-30 07:34:05.210 11 RALLYDEBUG rally.api [-] INFO logs from urllib3 and requests module are hide.
2019-07-30 07:34:05.211 11 RALLYDEBUG rally.api [-] urllib3 insecure warnings are hidden.
2019-07-30 07:34:05.211 11 RALLYDEBUG rally.api [-] ERROR log from boto module is hide.
2019-07-30 07:34:08.289 14 RALLYDEBUG rally.api [-] INFO logs from urllib3 and requests module are hide.
2019-07-30 07:34:08.289 14 RALLYDEBUG rally.api [-] urllib3 insecure warnings are hidden.
2019-07-30 07:34:08.289 14 RALLYDEBUG rally.api [-] ERROR log from boto module is hide.
2019-07-30 07:34:09.911 16 RALLYDEBUG rally.api [-] INFO logs from urllib3 and requests module are hide.
2019-07-30 07:34:09.911 16 RALLYDEBUG rally.api [-] urllib3 insecure warnings are hidden.
2019-07-30 07:34:09.912 16 RALLYDEBUG rally.api [-] ERROR log from boto module is hide.
2019-07-30 07:34:11.295 16 INFO rally.task.engine [-] Task 3379d828-9c2e-45b2-8663-0d578c7ca79b | Starting: Task validation.
2019-07-30 07:34:11.340 16 INFO rally.task.engine [-] Task 3379d828-9c2e-45b2-8663-0d578c7ca79b | Starting: Task validation of syntax.
2019-07-30 07:34:11.404 16 INFO rally.task.engine [-] Task 3379d828-9c2e-45b2-8663-0d578c7ca79b | Completed: Task validation of syntax.
2019-07-30 07:34:11.404 16 INFO rally.task.engine [-] Task 3379d828-9c2e-45b2-8663-0d578c7ca79b | Starting: Task validation of required platforms.
2019-07-30 07:34:11.436 16 INFO rally.task.engine [-] Task 3379d828-9c2e-45b2-8663-0d578c7ca79b | Completed: Task validation of required platforms.
2019-07-30 07:34:11.436 16 INFO rally.task.engine [-] Task 3379d828-9c2e-45b2-8663-0d578c7ca79b | Starting: Task validation of semantic.
2019-07-30 07:34:11.437 16 INFO rally.task.engine [-] Check health of the environment '978dcbb8-a367-4e06-be1a-e1b02f83a141'.
2019-07-30 07:34:12.179 16 INFO rally.task.engine [-] Platform existing@openstack (available: True): OK!
2019-07-30 07:34:12.196 16 RALLYDEBUG rally_openstack.contexts.keystone.users [-] Creating 1 tenants using 20 threads
2019-07-30 07:34:13.857 16 RALLYDEBUG rally_openstack.contexts.keystone.users [-] Creating 1 users using 20 threads
2019-07-30 07:34:16.343 16 INFO rally.task.context [-] Task 3379d828-9c2e-45b2-8663-0d578c7ca79b | Context users@openstack setup() finished in 4.15 sec
2019-07-30 07:34:16.362 16 INFO rally.task.context [-] Task 3379d828-9c2e-45b2-8663-0d578c7ca79b | Context users@openstack cleanup() started
2019-07-30 07:34:21.269 16 INFO rally.task.context [-] Task 3379d828-9c2e-45b2-8663-0d578c7ca79b | Context users@openstack cleanup() finished in 4.91 sec
2019-07-30 07:34:21.269 16 INFO rally.task.engine [-] Task 3379d828-9c2e-45b2-8663-0d578c7ca79b | Completed: Task validation of semantic.
2019-07-30 07:34:21.269 16 INFO rally.task.engine [-] Task 3379d828-9c2e-45b2-8663-0d578c7ca79b | Completed: Task validation.
2019-07-30 07:34:21.270 16 INFO rally.api [-] Task 3379d828-9c2e-45b2-8663-0d578c7ca79b input file is valid.
2019-07-30 07:34:21.270 16 INFO rally.api [-] Run Task 3379d828-9c2e-45b2-8663-0d578c7ca79b against Deployment 978dcbb8-a367-4e06-be1a-e1b02f83a141
2019-07-30 07:34:21.270 16 INFO rally.task.engine [-] Task 3379d828-9c2e-45b2-8663-0d578c7ca79b | Starting: Running task.
2019-07-30 07:34:21.394 16 INFO rally.task.engine [-] Running workload: position = 0 config = { "version": 2, "title": "A cropped version of a bigger task.", "description": "Auto-generated task from a single workload (uuid=03160a11-8d53-4378-b7ba-dc159220160d)", "subtasks": [ { "title": "Authenticate.keystone", "description": "Check Keystone Client.", "scenario": { "Authenticate.keystone": {} }, "contexts": { "users": { "tenants": 3, "users_per_tenant": 2 } }, "runner": { "constant": { "concurrency": 4, "times": 10 } }, "hooks": [], "sla": { "failure_rate": { "max": 0 } } } ] }
2019-07-30 07:34:21.415 16 RALLYDEBUG rally_openstack.contexts.keystone.users [-] Creating 3 tenants using 20 threads
2019-07-30 07:34:23.301 16 RALLYDEBUG rally_openstack.contexts.keystone.users [-] Creating 6 users using 20 threads
2019-07-30 07:34:25.979 16 INFO rally.task.context [-] Task 3379d828-9c2e-45b2-8663-0d578c7ca79b | Context users@openstack setup() finished in 4.56 sec
2019-07-30 07:34:25.986 16 RALLYDEBUG rally.task.runner [-] Starting the constant runner (task UUID: 3379d828-9c2e-45b2-8663-0d578c7ca79b). timeout: 0 concurrency: 4 concurrency_per_worker: 1 times: 10 concurrency_overhead: 0 processes_to_start: 4 max_cpu_used: 16
2019-07-30 07:34:25.999 140 RALLYDEBUG rally.task.runner [-] Starting a worker. concurrency: 1 args: {} times: 10 method_name: run timeout: 0 duration: None cls:
2019-07-30 07:34:26.002 141 RALLYDEBUG rally.task.runner [-] Starting a worker. concurrency: 1 args: {} times: 10 method_name: run timeout: 0 duration: None cls:
2019-07-30 07:34:26.004 140 INFO rally.task.runner [-] Task 3379d828-9c2e-45b2-8663-0d578c7ca79b | ITER: 1 START
2019-07-30 07:34:26.004 142 RALLYDEBUG rally.task.runner [-] Starting a worker. concurrency: 1 args: {} times: 10 method_name: run timeout: 0 duration: None cls:
2019-07-30 07:34:26.007 143 RALLYDEBUG rally.task.runner [-] Starting a worker. concurrency: 1 args: {} times: 10 method_name: run timeout: 0 duration: None cls:
2019-07-30 07:34:26.008 141 INFO rally.task.runner [-] Task 3379d828-9c2e-45b2-8663-0d578c7ca79b | ITER: 2 START
2019-07-30 07:34:26.009 142 INFO rally.task.runner [-] Task 3379d828-9c2e-45b2-8663-0d578c7ca79b | ITER: 3 START
2019-07-30 07:34:26.013 143 INFO rally.task.runner [-] Task 3379d828-9c2e-45b2-8663-0d578c7ca79b | ITER: 4 START
2019-07-30 07:34:26.613 140 INFO rally.task.runner [-] Task 3379d828-9c2e-45b2-8663-0d578c7ca79b | ITER: 1 END: OK
2019-07-30 07:34:26.618 140 INFO rally.task.runner [-] Task 3379d828-9c2e-45b2-8663-0d578c7ca79b | ITER: 5 START
2019-07-30 07:34:26.620 142 INFO rally.task.runner [-] Task 3379d828-9c2e-45b2-8663-0d578c7ca79b | ITER: 3 END: OK
2019-07-30 07:34:26.624 142 INFO rally.task.runner [-] Task 3379d828-9c2e-45b2-8663-0d578c7ca79b | ITER: 6 START
2019-07-30 07:34:26.677 141 INFO rally.task.runner [-] Task 3379d828-9c2e-45b2-8663-0d578c7ca79b | ITER: 2 END: OK
2019-07-30 07:34:26.681 141 INFO rally.task.runner [-] Task 3379d828-9c2e-45b2-8663-0d578c7ca79b | ITER: 7 START
2019-07-30 07:34:26.731 143 INFO rally.task.runner [-] Task 3379d828-9c2e-45b2-8663-0d578c7ca79b | ITER: 4 END: OK
2019-07-30 07:34:26.735 143 INFO rally.task.runner [-] Task 3379d828-9c2e-45b2-8663-0d578c7ca79b | ITER: 8 START
2019-07-30 07:34:27.224 140 INFO rally.task.runner [-] Task 3379d828-9c2e-45b2-8663-0d578c7ca79b | ITER: 5 END: OK
2019-07-30 07:34:27.228 140 INFO rally.task.runner [-] Task 3379d828-9c2e-45b2-8663-0d578c7ca79b | ITER: 9 START
2019-07-30 07:34:27.260 142 INFO rally.task.runner [-] Task 3379d828-9c2e-45b2-8663-0d578c7ca79b | ITER: 6 END: OK
2019-07-30 07:34:27.263 142 INFO rally.task.runner [-] Task 3379d828-9c2e-45b2-8663-0d578c7ca79b | ITER: 10 START
2019-07-30 07:34:27.274 143 INFO rally.task.runner [-] Task 3379d828-9c2e-45b2-8663-0d578c7ca79b | ITER: 8 END: OK
2019-07-30 07:34:27.286 141 INFO rally.task.runner [-] Task 3379d828-9c2e-45b2-8663-0d578c7ca79b | ITER: 7 END: OK
2019-07-30 07:34:27.793 140 INFO rally.task.runner [-] Task 3379d828-9c2e-45b2-8663-0d578c7ca79b | ITER: 9 END: OK
2019-07-30 07:34:27.826 142 INFO rally.task.runner [-] Task 3379d828-9c2e-45b2-8663-0d578c7ca79b | ITER: 10 END: OK
2019-07-30 07:34:27.847 16 INFO rally.task.context [-] Task 3379d828-9c2e-45b2-8663-0d578c7ca79b | Context users@openstack cleanup() started
2019-07-30 07:34:34.904 16 INFO rally.task.context [-] Task 3379d828-9c2e-45b2-8663-0d578c7ca79b | Context users@openstack cleanup() finished in 7.06 sec
2019-07-30 07:34:35.483 16 INFO rally.task.engine [-] Load duration is: 1.820836
2019-07-30 07:34:35.483 16 INFO rally.task.engine [-] Full runner duration is: 1.861592
2019-07-30 07:34:35.484 16 INFO rally.task.engine [-] Full duration is: 13.491249
2019-07-30 07:34:35.669 16 INFO rally.task.engine [-] Running workload: position = 0 config = { "version": 2, "title": "A cropped version of a bigger task.", "description": "Auto-generated task from a single workload (uuid=f141cc72-ee89-46ed-ba81-66604d97bbad)", "subtasks": [ { "title": "Authenticate.validate_cinder", "description": "Check Cinder Client to ensure validation of token.", "scenario": { "Authenticate.validate_cinder": { "repetitions": 2 } }, "contexts": { "users": { "tenants": 3, "users_per_tenant": 2 } }, "runner": { "constant": { "concurrency": 4, "times": 10 } }, "hooks": [], "sla": { "failure_rate": { "max": 0 } } } ] }
2019-07-30 07:34:35.681 16 RALLYDEBUG rally_openstack.contexts.keystone.users [-] Creating 3 tenants using 20 threads
2019-07-30 07:34:37.611 16 RALLYDEBUG rally_openstack.contexts.keystone.users [-] Creating 6 users using 20 threads
2019-07-30 07:34:40.187 16 INFO rally.task.context [-] Task 3379d828-9c2e-45b2-8663-0d578c7ca79b | Context users@openstack setup() finished in 4.51 sec
2019-07-30 07:34:40.195 16 RALLYDEBUG rally.task.runner [-] Starting the constant runner (task UUID: 3379d828-9c2e-45b2-8663-0d578c7ca79b). timeout: 0 concurrency: 4 concurrency_per_worker: 1 times: 10 concurrency_overhead: 0 processes_to_start: 4 max_cpu_used: 16
2019-07-30 07:34:40.207 244 RALLYDEBUG rally.task.runner [-] Starting a worker. concurrency: 1 args: {"repetitions": 2} times: 10 method_name: run timeout: 0 duration: None cls:
2019-07-30 07:34:40.209 246 RALLYDEBUG rally.task.runner [-] Starting a worker. concurrency: 1 args: {"repetitions": 2} times: 10 method_name: run timeout: 0 duration: None cls:
2019-07-30 07:34:40.209 245 RALLYDEBUG rally.task.runner [-] Starting a worker. concurrency: 1 args: {"repetitions": 2} times: 10 method_name: run timeout: 0 duration: None cls:
2019-07-30 07:34:40.213 244 INFO rally.task.runner [-] Task 3379d828-9c2e-45b2-8663-0d578c7ca79b | ITER: 1 START
2019-07-30 07:34:40.213 246 INFO rally.task.runner [-] Task 3379d828-9c2e-45b2-8663-0d578c7ca79b | ITER: 2 START
2019-07-30 07:34:40.214 247 RALLYDEBUG rally.task.runner [-] Starting a worker. concurrency: 1 args: {"repetitions": 2} times: 10 method_name: run timeout: 0 duration: None cls:
2019-07-30 07:34:40.216 245 INFO rally.task.runner [-] Task 3379d828-9c2e-45b2-8663-0d578c7ca79b | ITER: 3 START
2019-07-30 07:34:40.220 247 INFO rally.task.runner [-] Task 3379d828-9c2e-45b2-8663-0d578c7ca79b | ITER: 4 START
2019-07-30 07:34:42.149 245 INFO rally.task.runner [-] Task 3379d828-9c2e-45b2-8663-0d578c7ca79b | ITER: 3 END: OK
2019-07-30 07:34:42.153 245 INFO rally.task.runner [-] Task 3379d828-9c2e-45b2-8663-0d578c7ca79b | ITER: 5 START
2019-07-30 07:34:42.182 246 INFO rally.task.runner [-] Task 3379d828-9c2e-45b2-8663-0d578c7ca79b | ITER: 2 END: OK
2019-07-30 07:34:42.185 246 INFO rally.task.runner [-] Task 3379d828-9c2e-45b2-8663-0d578c7ca79b | ITER: 6 START
2019-07-30 07:34:42.244 244 INFO rally.task.runner [-] Task 3379d828-9c2e-45b2-8663-0d578c7ca79b | ITER: 1 END: OK
2019-07-30 07:34:42.248 244 INFO rally.task.runner [-] Task 3379d828-9c2e-45b2-8663-0d578c7ca79b | ITER: 7 START
2019-07-30 07:34:42.285 247 INFO rally.task.runner [-] Task 3379d828-9c2e-45b2-8663-0d578c7ca79b | ITER: 4 END: OK
2019-07-30 07:34:42.288 247 INFO rally.task.runner [-] Task 3379d828-9c2e-45b2-8663-0d578c7ca79b | ITER: 8 START
2019-07-30 07:34:43.183 246 INFO rally.task.runner [-] Task 3379d828-9c2e-45b2-8663-0d578c7ca79b | ITER: 6 END: OK
2019-07-30 07:34:43.186 246 INFO rally.task.runner [-] Task 3379d828-9c2e-45b2-8663-0d578c7ca79b | ITER: 9 START
2019-07-30 07:34:43.285 244 INFO rally.task.runner [-] Task 3379d828-9c2e-45b2-8663-0d578c7ca79b | ITER: 7 END: OK
2019-07-30 07:34:43.288 244 INFO rally.task.runner [-] Task 3379d828-9c2e-45b2-8663-0d578c7ca79b | ITER: 10 START
2019-07-30 07:34:44.898 245 INFO rally.task.runner [-] Task 3379d828-9c2e-45b2-8663-0d578c7ca79b | ITER: 5 END: OK
2019-07-30 07:34:45.252 244 INFO rally.task.runner [-] Task 3379d828-9c2e-45b2-8663-0d578c7ca79b | ITER: 10 END: OK
2019-07-30 07:34:45.273 246 INFO rally.task.runner [-] Task 3379d828-9c2e-45b2-8663-0d578c7ca79b | ITER: 9 END: OK
2019-07-30 07:34:45.754 247 INFO rally.task.runner [-] Task 3379d828-9c2e-45b2-8663-0d578c7ca79b | ITER: 8 END: OK
2019-07-30 07:34:45.782 16 INFO rally.task.context [-] Task 3379d828-9c2e-45b2-8663-0d578c7ca79b | Context users@openstack cleanup() started
2019-07-30 07:34:53.726 16 INFO rally.task.context [-] Task 3379d828-9c2e-45b2-8663-0d578c7ca79b | Context users@openstack cleanup() finished in 7.94 sec
2019-07-30 07:34:53.827 16 INFO rally.task.engine [-] Load duration is: 5.539746
2019-07-30 07:34:53.827 16 INFO rally.task.engine [-] Full runner duration is: 5.588102
2019-07-30 07:34:53.828 16 INFO rally.task.engine [-] Full duration is: 18.047629
2019-07-30 07:34:54.031 16 INFO rally.task.engine [-] Running workload: position = 0 config = { "version": 2, "title": "A cropped version of a bigger task.", "description": "Auto-generated task from a single workload (uuid=171b6e12-c04d-4582-b0e3-388a8a57ad1f)", "subtasks": [ { "title": "Authenticate.validate_glance", "description": "Check Glance Client to ensure validation of token.", "scenario": { "Authenticate.validate_glance": { "repetitions": 2 } }, "contexts": { "users": { "tenants": 3, "users_per_tenant": 2 } }, "runner": { "constant": { "concurrency": 4, "times": 10 } }, "hooks": [], "sla": { "failure_rate": { "max": 0 } } } ] }
2019-07-30 07:34:54.052 16 RALLYDEBUG rally_openstack.contexts.keystone.users [-] Creating 3 tenants using 20 threads
2019-07-30 07:34:55.920 16 RALLYDEBUG rally_openstack.contexts.keystone.users [-] Creating 6 users using 20 threads
2019-07-30 07:34:58.693 16 INFO rally.task.context [-] Task 3379d828-9c2e-45b2-8663-0d578c7ca79b | Context users@openstack setup() finished in 4.64 sec
2019-07-30 07:34:58.713 16 RALLYDEBUG rally.task.runner [-] Starting the constant runner (task UUID: 3379d828-9c2e-45b2-8663-0d578c7ca79b). timeout: 0 concurrency: 4 concurrency_per_worker: 1 times: 10 concurrency_overhead: 0 processes_to_start: 4 max_cpu_used: 16
2019-07-30 07:34:58.728 348 RALLYDEBUG rally.task.runner [-] Starting a worker. concurrency: 1 args: {"repetitions": 2} times: 10 method_name: run timeout: 0 duration: None cls:
2019-07-30 07:34:58.729 349 RALLYDEBUG rally.task.runner [-] Starting a worker. concurrency: 1 args: {"repetitions": 2} times: 10 method_name: run timeout: 0 duration: None cls:
2019-07-30 07:34:58.732 350 RALLYDEBUG rally.task.runner [-] Starting a worker. concurrency: 1 args: {"repetitions": 2} times: 10 method_name: run timeout: 0 duration: None cls:
2019-07-30 07:34:58.735 351 RALLYDEBUG rally.task.runner [-] Starting a worker. concurrency: 1 args: {"repetitions": 2} times: 10 method_name: run timeout: 0 duration: None cls:
2019-07-30 07:34:58.737 349 INFO rally.task.runner [-] Task 3379d828-9c2e-45b2-8663-0d578c7ca79b | ITER: 2 START
2019-07-30 07:34:58.738 348 INFO rally.task.runner [-] Task 3379d828-9c2e-45b2-8663-0d578c7ca79b | ITER: 1 START
2019-07-30 07:34:58.739 350 INFO rally.task.runner [-] Task 3379d828-9c2e-45b2-8663-0d578c7ca79b | ITER: 3 START
2019-07-30 07:34:58.741 351 INFO rally.task.runner [-] Task 3379d828-9c2e-45b2-8663-0d578c7ca79b | ITER: 4 START
2019-07-30 07:34:59.566 351 INFO rally.task.runner [-] Task 3379d828-9c2e-45b2-8663-0d578c7ca79b | ITER: 4 END: OK
2019-07-30 07:34:59.571 351 INFO rally.task.runner [-] Task 3379d828-9c2e-45b2-8663-0d578c7ca79b | ITER: 5 START
2019-07-30 07:34:59.573 348 INFO rally.task.runner [-] Task 3379d828-9c2e-45b2-8663-0d578c7ca79b | ITER: 1 END: OK
2019-07-30 07:34:59.577 348 INFO rally.task.runner [-] Task 3379d828-9c2e-45b2-8663-0d578c7ca79b | ITER: 6 START
2019-07-30 07:34:59.589 350 INFO rally.task.runner [-] Task 3379d828-9c2e-45b2-8663-0d578c7ca79b | ITER: 3 END: OK
2019-07-30 07:34:59.593 350 INFO rally.task.runner [-] Task 3379d828-9c2e-45b2-8663-0d578c7ca79b | ITER: 7 START
2019-07-30 07:34:59.618 349 INFO rally.task.runner [-] Task 3379d828-9c2e-45b2-8663-0d578c7ca79b | ITER: 2 END: OK
2019-07-30 07:34:59.622 349 INFO rally.task.runner [-] Task 3379d828-9c2e-45b2-8663-0d578c7ca79b | ITER: 8 START
2019-07-30 07:35:00.361 348 INFO rally.task.runner [-] Task 3379d828-9c2e-45b2-8663-0d578c7ca79b | ITER: 6 END: OK
2019-07-30 07:35:00.365 348 INFO rally.task.runner [-] Task 3379d828-9c2e-45b2-8663-0d578c7ca79b | ITER: 9 START
2019-07-30 07:35:00.450 351 INFO rally.task.runner [-] Task 3379d828-9c2e-45b2-8663-0d578c7ca79b | ITER: 5 END: OK
2019-07-30 07:35:00.452 349 INFO rally.task.runner [-] Task 3379d828-9c2e-45b2-8663-0d578c7ca79b | ITER: 8 END: OK
2019-07-30 07:35:00.454 351 INFO rally.task.runner [-] Task 3379d828-9c2e-45b2-8663-0d578c7ca79b | ITER: 10 START
2019-07-30 07:35:00.580 350 INFO rally.task.runner [-] Task 3379d828-9c2e-45b2-8663-0d578c7ca79b | ITER: 7 END: OK
2019-07-30 07:35:01.040 348 INFO rally.task.runner [-] Task 3379d828-9c2e-45b2-8663-0d578c7ca79b | ITER: 9 END: OK
2019-07-30 07:35:01.218 351 INFO rally.task.runner [-] Task 3379d828-9c2e-45b2-8663-0d578c7ca79b | ITER: 10 END: OK
2019-07-30 07:35:01.245 16 INFO rally.task.context [-] Task 3379d828-9c2e-45b2-8663-0d578c7ca79b | Context users@openstack cleanup() started
2019-07-30 07:35:08.377 16 INFO rally.task.context [-] Task 3379d828-9c2e-45b2-8663-0d578c7ca79b | Context users@openstack cleanup() finished in 7.13 sec
2019-07-30 07:35:10.131 16 INFO rally.task.engine [-] Load duration is: 2.478205
2019-07-30 07:35:10.132 16 INFO rally.task.engine [-] Full runner duration is: 2.534679
2019-07-30 07:35:10.132 16 INFO rally.task.engine [-] Full duration is: 14.32871
2019-07-30 07:35:10.318 16 INFO rally.task.engine [-] Running workload: position = 0 config = { "version": 2, "title": "A cropped version of a bigger task.", "description": "Auto-generated task from a single workload (uuid=78dee388-4996-40c3-921d-867b5e8207b3)", "subtasks": [ { "title": "Authenticate.validate_heat", "description": "Check Heat Client to ensure validation of token.", "scenario": { "Authenticate.validate_heat": { "repetitions": 2 } }, "contexts": { "users": { "tenants": 3, "users_per_tenant": 2 } }, "runner": { "constant": { "concurrency": 4, "times": 10 } }, "hooks": [], "sla": { "failure_rate": { "max": 0 } } } ] }
2019-07-30 07:35:10.341 16 RALLYDEBUG rally_openstack.contexts.keystone.users [-] Creating 3 tenants using 20 threads
2019-07-30 07:35:12.125 16 RALLYDEBUG rally_openstack.contexts.keystone.users [-] Creating 6 users using 20 threads
2019-07-30 07:35:14.903 16 INFO rally.task.context [-] Task 3379d828-9c2e-45b2-8663-0d578c7ca79b | Context users@openstack setup() finished in 4.56 sec
2019-07-30 07:35:14.909 16 RALLYDEBUG rally.task.runner [-] Starting the constant runner (task UUID: 3379d828-9c2e-45b2-8663-0d578c7ca79b). timeout: 0 concurrency: 4 concurrency_per_worker: 1 times: 10 concurrency_overhead: 0 processes_to_start: 4 max_cpu_used: 16
2019-07-30 07:35:14.921 452 RALLYDEBUG rally.task.runner [-] Starting a worker. concurrency: 1 args: {"repetitions": 2} times: 10 method_name: run timeout: 0 duration: None cls:
2019-07-30 07:35:14.924 453 RALLYDEBUG rally.task.runner [-] Starting a worker. concurrency: 1 args: {"repetitions": 2} times: 10 method_name: run timeout: 0 duration: None cls:
2019-07-30 07:35:14.927 452 INFO rally.task.runner [-] Task 3379d828-9c2e-45b2-8663-0d578c7ca79b | ITER: 1 START
2019-07-30 07:35:14.927 454 RALLYDEBUG rally.task.runner [-] Starting a worker. concurrency: 1 args: {"repetitions": 2} times: 10 method_name: run timeout: 0 duration: None cls:
2019-07-30 07:35:14.929 455 RALLYDEBUG rally.task.runner [-] Starting a worker. concurrency: 1 args: {"repetitions": 2} times: 10 method_name: run timeout: 0 duration: None cls:
2019-07-30 07:35:14.930 453 INFO rally.task.runner [-] Task 3379d828-9c2e-45b2-8663-0d578c7ca79b | ITER: 2 START
2019-07-30 07:35:14.932 454 INFO rally.task.runner [-] Task 3379d828-9c2e-45b2-8663-0d578c7ca79b | ITER: 3 START
2019-07-30 07:35:14.935 455 INFO rally.task.runner [-] Task 3379d828-9c2e-45b2-8663-0d578c7ca79b | ITER: 4 START
2019-07-30 07:35:16.438 455 INFO rally.task.runner [-] Task 3379d828-9c2e-45b2-8663-0d578c7ca79b | ITER: 4 END: OK
2019-07-30 07:35:16.442 455 INFO rally.task.runner [-] Task 3379d828-9c2e-45b2-8663-0d578c7ca79b | ITER: 5 START
2019-07-30 07:35:16.806 452 INFO rally.task.runner [-] Task 3379d828-9c2e-45b2-8663-0d578c7ca79b | ITER: 1 END: OK
2019-07-30 07:35:16.810 452 INFO rally.task.runner [-] Task 3379d828-9c2e-45b2-8663-0d578c7ca79b | ITER: 6 START
2019-07-30 07:35:16.856 454 INFO rally.task.runner [-] Task 3379d828-9c2e-45b2-8663-0d578c7ca79b | ITER: 3 END: OK
2019-07-30 07:35:16.860 454 INFO rally.task.runner [-] Task 3379d828-9c2e-45b2-8663-0d578c7ca79b | ITER: 7 START
2019-07-30 07:35:16.931 453 INFO rally.task.runner [-] Task 3379d828-9c2e-45b2-8663-0d578c7ca79b | ITER: 2 END: OK
2019-07-30 07:35:16.935 453 INFO rally.task.runner [-] Task 3379d828-9c2e-45b2-8663-0d578c7ca79b | ITER: 8 START
2019-07-30 07:35:17.788 455 INFO rally.task.runner [-] Task 3379d828-9c2e-45b2-8663-0d578c7ca79b | ITER: 5 END: OK
2019-07-30 07:35:17.791 455 INFO rally.task.runner [-] Task 3379d828-9c2e-45b2-8663-0d578c7ca79b | ITER: 9 START
2019-07-30 07:35:17.998 453 INFO rally.task.runner [-] Task 3379d828-9c2e-45b2-8663-0d578c7ca79b | ITER: 8 END: OK
2019-07-30 07:35:18.002 453 INFO rally.task.runner [-] Task 3379d828-9c2e-45b2-8663-0d578c7ca79b | ITER: 10 START
2019-07-30 07:35:18.120 452 INFO rally.task.runner [-] Task 3379d828-9c2e-45b2-8663-0d578c7ca79b | ITER: 6 END: OK
2019-07-30 07:35:18.250 454 INFO rally.task.runner [-] Task 3379d828-9c2e-45b2-8663-0d578c7ca79b | ITER: 7 END: OK
2019-07-30 07:35:18.622 455 INFO rally.task.runner [-] Task 3379d828-9c2e-45b2-8663-0d578c7ca79b | ITER: 9 END: OK
2019-07-30 07:35:18.916 453 INFO rally.task.runner [-] Task 3379d828-9c2e-45b2-8663-0d578c7ca79b | ITER: 10 END: OK
2019-07-30 07:35:18.944 16 INFO rally.task.context [-] Task 3379d828-9c2e-45b2-8663-0d578c7ca79b | Context users@openstack cleanup() started
2019-07-30 07:35:26.760 16 INFO rally.task.context [-] Task 3379d828-9c2e-45b2-8663-0d578c7ca79b | Context users@openstack cleanup() finished in 7.82 sec
2019-07-30 07:35:28.439 16 INFO rally.task.engine [-] Load duration is: 3.986964
2019-07-30 07:35:28.440 16 INFO rally.task.engine [-] Full runner duration is: 4.034727
2019-07-30 07:35:28.440 16 INFO rally.task.engine [-] Full duration is: 16.422708
2019-07-30 07:35:28.642 16 INFO rally.task.engine [-] Running workload: position = 0 config = { "version": 2, "title": "A cropped version of a bigger task.", "description": "Auto-generated task from a single workload (uuid=11d9f2c4-c5ab-4a85-ba45-394e42518de9)", "subtasks": [ { "title": "Authenticate.validate_neutron", "description": "Check Neutron Client to ensure validation of token.", "scenario": { "Authenticate.validate_neutron": { "repetitions": 2 } }, "contexts": { "users": { "tenants": 3, "users_per_tenant": 2 } }, "runner": { "constant": { "concurrency": 4, "times": 10 } }, "hooks": [], "sla": { "failure_rate": { "max": 0 } } } ] }
2019-07-30 07:35:28.661 16 RALLYDEBUG rally_openstack.contexts.keystone.users [-] Creating 3 tenants using 20 threads
2019-07-30 07:35:30.491 16 RALLYDEBUG rally_openstack.contexts.keystone.users [-] Creating 6 users using 20 threads
2019-07-30 07:35:33.241 16 INFO rally.task.context [-] Task 3379d828-9c2e-45b2-8663-0d578c7ca79b | Context users@openstack setup() finished in 4.58 sec
2019-07-30 07:35:33.248 16 RALLYDEBUG rally.task.runner [-] Starting the constant runner (task UUID: 3379d828-9c2e-45b2-8663-0d578c7ca79b). timeout: 0 concurrency: 4 concurrency_per_worker: 1 times: 10 concurrency_overhead: 0 processes_to_start: 4 max_cpu_used: 16
2019-07-30 07:35:33.261 556 RALLYDEBUG rally.task.runner [-] Starting a worker. concurrency: 1 args: {"repetitions": 2} times: 10 method_name: run timeout: 0 duration: None cls:
2019-07-30 07:35:33.263 557 RALLYDEBUG rally.task.runner [-] Starting a worker. concurrency: 1 args: {"repetitions": 2} times: 10 method_name: run timeout: 0 duration: None cls:
2019-07-30 07:35:33.266 558 RALLYDEBUG rally.task.runner [-] Starting a worker. concurrency: 1 args: {"repetitions": 2} times: 10 method_name: run timeout: 0 duration: None cls:
2019-07-30 07:35:33.267 556 INFO rally.task.runner [-] Task 3379d828-9c2e-45b2-8663-0d578c7ca79b | ITER: 1 START
2019-07-30 07:35:33.269 557 INFO rally.task.runner [-] Task 3379d828-9c2e-45b2-8663-0d578c7ca79b | ITER: 2 START
2019-07-30 07:35:33.270 559 RALLYDEBUG rally.task.runner [-] Starting a worker. concurrency: 1 args: {"repetitions": 2} times: 10 method_name: run timeout: 0 duration: None cls:
2019-07-30 07:35:33.273 558 INFO rally.task.runner [-] Task 3379d828-9c2e-45b2-8663-0d578c7ca79b | ITER: 3 START
2019-07-30 07:35:33.276 559 INFO rally.task.runner [-] Task 3379d828-9c2e-45b2-8663-0d578c7ca79b | ITER: 4 START
2019-07-30 07:35:34.176 559 INFO rally.task.runner [-] Task 3379d828-9c2e-45b2-8663-0d578c7ca79b | ITER: 4 END: OK
2019-07-30 07:35:34.181 559 INFO rally.task.runner [-] Task 3379d828-9c2e-45b2-8663-0d578c7ca79b | ITER: 5 START
2019-07-30 07:35:34.201 556 INFO rally.task.runner [-] Task 3379d828-9c2e-45b2-8663-0d578c7ca79b | ITER: 1 END: OK
2019-07-30 07:35:34.205 556 INFO rally.task.runner [-] Task 3379d828-9c2e-45b2-8663-0d578c7ca79b | ITER: 6 START
2019-07-30 07:35:34.330 558 INFO rally.task.runner [-] Task 3379d828-9c2e-45b2-8663-0d578c7ca79b | ITER: 3 END: OK
2019-07-30 07:35:34.335 558 INFO rally.task.runner [-] Task 3379d828-9c2e-45b2-8663-0d578c7ca79b | ITER: 7 START
2019-07-30 07:35:34.349 557 INFO rally.task.runner [-] Task 3379d828-9c2e-45b2-8663-0d578c7ca79b | ITER: 2 END: OK
2019-07-30 07:35:34.353 557 INFO rally.task.runner [-] Task 3379d828-9c2e-45b2-8663-0d578c7ca79b | ITER: 8 START
2019-07-30 07:35:35.064 556 INFO rally.task.runner [-] Task 3379d828-9c2e-45b2-8663-0d578c7ca79b | ITER: 6 END: OK
2019-07-30 07:35:35.068 556 INFO rally.task.runner [-] Task 3379d828-9c2e-45b2-8663-0d578c7ca79b | ITER: 9 START
2019-07-30 07:35:35.121 559 INFO rally.task.runner [-] Task 3379d828-9c2e-45b2-8663-0d578c7ca79b | ITER: 5 END: OK
2019-07-30 07:35:35.126 559 INFO rally.task.runner [-] Task 3379d828-9c2e-45b2-8663-0d578c7ca79b | ITER: 10 START
2019-07-30 07:35:35.245 557 INFO rally.task.runner [-] Task 3379d828-9c2e-45b2-8663-0d578c7ca79b | ITER: 8 END: OK
2019-07-30 07:35:35.246 558 INFO rally.task.runner [-] Task 3379d828-9c2e-45b2-8663-0d578c7ca79b | ITER: 7 END: OK
2019-07-30 07:35:35.931 556 INFO rally.task.runner [-] Task 3379d828-9c2e-45b2-8663-0d578c7ca79b | ITER: 9 END: OK
2019-07-30 07:35:36.020 559 INFO rally.task.runner [-] Task 3379d828-9c2e-45b2-8663-0d578c7ca79b | ITER: 10 END: OK
2019-07-30 07:35:36.040 16 INFO rally.task.context [-] Task 3379d828-9c2e-45b2-8663-0d578c7ca79b | Context users@openstack cleanup() started
2019-07-30 07:35:42.732 16 INFO rally.task.context [-] Task 3379d828-9c2e-45b2-8663-0d578c7ca79b | Context users@openstack cleanup() finished in 6.69 sec
2019-07-30 07:35:42.800 16 INFO rally.task.engine [-] Load duration is: 2.751684
2019-07-30 07:35:42.800 16 INFO rally.task.engine [-] Full runner duration is: 2.792609
2019-07-30 07:35:42.800 16 INFO rally.task.engine [-] Full duration is: 14.071875
2019-07-30 07:35:42.988 16 INFO rally.task.engine [-] Running workload: position = 0 config = { "version": 2, "title": "A cropped version of a bigger task.", "description": "Auto-generated task from a single workload (uuid=9771e27b-7640-48e1-9d3a-e029670a4491)", "subtasks": [ { "title": "Authenticate.validate_nova", "description": "Check Nova Client to ensure validation of token.", "scenario": { "Authenticate.validate_nova": { "repetitions": 2 } }, "contexts": { "users": { "tenants": 3, "users_per_tenant": 2 } }, "runner": { "constant": { "concurrency": 4, "times": 10 } }, "hooks": [], "sla": { "failure_rate": { "max": 0 } } } ] }
2019-07-30 07:35:43.010 16 RALLYDEBUG rally_openstack.contexts.keystone.users [-] Creating 3 tenants using 20 threads
2019-07-30 07:35:44.904 16 RALLYDEBUG rally_openstack.contexts.keystone.users [-] Creating 6 users using 20 threads
2019-07-30 07:35:47.564 16 INFO rally.task.context [-] Task 3379d828-9c2e-45b2-8663-0d578c7ca79b | Context users@openstack setup() finished in 4.55 sec
2019-07-30 07:35:47.571 16 RALLYDEBUG rally.task.runner [-] Starting the constant runner (task UUID: 3379d828-9c2e-45b2-8663-0d578c7ca79b). timeout: 0 concurrency: 4 concurrency_per_worker: 1 times: 10 concurrency_overhead: 0 processes_to_start: 4 max_cpu_used: 16
2019-07-30 07:35:47.584 660 RALLYDEBUG rally.task.runner [-] Starting a worker. concurrency: 1 args: {"repetitions": 2} times: 10 method_name: run timeout: 0 duration: None cls:
2019-07-30 07:35:47.586 661 RALLYDEBUG rally.task.runner [-] Starting a worker. concurrency: 1 args: {"repetitions": 2} times: 10 method_name: run timeout: 0 duration: None cls:
2019-07-30 07:35:47.590 662 RALLYDEBUG rally.task.runner [-] Starting a worker. concurrency: 1 args: {"repetitions": 2} times: 10 method_name: run timeout: 0 duration: None cls:
2019-07-30 07:35:47.590 660 INFO rally.task.runner [-] Task 3379d828-9c2e-45b2-8663-0d578c7ca79b | ITER: 1 START
2019-07-30 07:35:47.592 661 INFO rally.task.runner [-] Task 3379d828-9c2e-45b2-8663-0d578c7ca79b | ITER: 2 START
2019-07-30 07:35:47.593 663 RALLYDEBUG rally.task.runner [-] Starting a worker. concurrency: 1 args: {"repetitions": 2} times: 10 method_name: run timeout: 0 duration: None cls:
2019-07-30 07:35:47.595 662 INFO rally.task.runner [-] Task 3379d828-9c2e-45b2-8663-0d578c7ca79b | ITER: 3 START
2019-07-30 07:35:47.599 663 INFO rally.task.runner [-] Task 3379d828-9c2e-45b2-8663-0d578c7ca79b | ITER: 4 START
2019-07-30 07:35:48.074 661 DEBUG novaclient.v2.client [-] REQ: curl -g -i -X GET http://172.30.9.24:8774/v2.1/flavors/detail -H "Accept: application/json" -H "User-Agent: python-novaclient" -H "X-Auth-Token: {SHA1}6a3db5ed3bc5567cf74e1f57c2fbf665836dad9a" _http_log_request /usr/lib/python2.7/site-packages/keystoneauth1/session.py:448
2019-07-30 07:35:48.078 663 DEBUG novaclient.v2.client [-] REQ: curl -g -i -X GET http://172.30.9.24:8774/v2.1/flavors/detail -H "Accept: application/json" -H "User-Agent: python-novaclient" -H "X-Auth-Token: {SHA1}ae4eda93e9894d586a5ee0441bf1e0feaf5c4da3" _http_log_request /usr/lib/python2.7/site-packages/keystoneauth1/session.py:448
2019-07-30 07:35:48.094 662 DEBUG novaclient.v2.client [-] REQ: curl -g -i -X GET http://172.30.9.24:8774/v2.1/flavors/detail -H "Accept: application/json" -H "User-Agent: python-novaclient" -H "X-Auth-Token: {SHA1}3e5b5ddf9fd1b97c71935c3a0b31b6400dbaacc2" _http_log_request /usr/lib/python2.7/site-packages/keystoneauth1/session.py:448
2019-07-30 07:35:48.189 660 DEBUG novaclient.v2.client [-] REQ: curl -g -i -X GET http://172.30.9.24:8774/v2.1/flavors/detail -H "Accept: application/json" -H "User-Agent: python-novaclient" -H "X-Auth-Token: {SHA1}225823d673ff65e8060983132f0d34cca887b80d" _http_log_request /usr/lib/python2.7/site-packages/keystoneauth1/session.py:448
2019-07-30 07:35:48.352 661 DEBUG novaclient.v2.client [-] RESP: [200] Content-Encoding: gzip Content-Length: 363 Content-Type: application/json Date: Tue, 30 Jul 2019 07:35:48 GMT OpenStack-API-Version: compute 2.1 Server: Apache Vary: OpenStack-API-Version,X-OpenStack-Nova-API-Version,Accept-Encoding X-OpenStack-Nova-API-Version: 2.1 x-compute-request-id: req-77af5640-68dc-436d-987c-b6d9063264ae x-openstack-request-id: req-77af5640-68dc-436d-987c-b6d9063264ae _http_log_response /usr/lib/python2.7/site-packages/keystoneauth1/session.py:479
2019-07-30 07:35:48.353 661 DEBUG novaclient.v2.client [-] RESP BODY: {"flavors": [{"name": "rally_full-flavor_alt_f4b3ecee-a82f-4832-95a8-3b2a0a2246c8", "links": [{"href": "http://172.30.9.24:8774/v2.1/flavors/15a98872-ae1a-493a-983e-4138994e5ef4", "rel": "self"}, {"href": "http://172.30.9.24:8774/flavors/15a98872-ae1a-493a-983e-4138994e5ef4", "rel": "bookmark"}], "ram": 1024, "OS-FLV-DISABLED:disabled": false, "vcpus": 1, "swap": "", "os-flavor-access:is_public": true, "rxtx_factor": 1.0, "OS-FLV-EXT-DATA:ephemeral": 0, "disk": 1, "id": "15a98872-ae1a-493a-983e-4138994e5ef4"}, {"name": "rally_full-flavor_f4b3ecee-a82f-4832-95a8-3b2a0a2246c8", "links": [{"href": "http://172.30.9.24:8774/v2.1/flavors/3b28f575-997c-4367-b653-19327eb9f271", "rel": "self"}, {"href": "http://172.30.9.24:8774/flavors/3b28f575-997c-4367-b653-19327eb9f271", "rel": "bookmark"}], "ram": 512, "OS-FLV-DISABLED:disabled": false, "vcpus": 1, "swap": "", "os-flavor-access:is_public": true, "rxtx_factor": 1.0, "OS-FLV-EXT-DATA:ephemeral": 0, "disk": 1, "id": "3b28f575-997c-4367-b653-19327eb9f271"}]} _http_log_response /usr/lib/python2.7/site-packages/keystoneauth1/session.py:511
2019-07-30 07:35:48.353 661 DEBUG novaclient.v2.client [-] GET call to compute for http://172.30.9.24:8774/v2.1/flavors/detail used request id req-77af5640-68dc-436d-987c-b6d9063264ae request /usr/lib/python2.7/site-packages/keystoneauth1/session.py:844
2019-07-30 07:35:48.355 661 DEBUG novaclient.v2.client [-] REQ: curl -g -i -X GET http://172.30.9.24:8774/v2.1/flavors/detail -H "Accept: application/json" -H "User-Agent: python-novaclient" -H "X-Auth-Token: {SHA1}6a3db5ed3bc5567cf74e1f57c2fbf665836dad9a" _http_log_request /usr/lib/python2.7/site-packages/keystoneauth1/session.py:448
2019-07-30 07:35:48.376 661 DEBUG novaclient.v2.client [-] RESP: [200] Content-Encoding: gzip Content-Length: 363 Content-Type: application/json Date: Tue, 30 Jul 2019 07:35:48 GMT OpenStack-API-Version: compute 2.1 Server: Apache Vary: OpenStack-API-Version,X-OpenStack-Nova-API-Version,Accept-Encoding X-OpenStack-Nova-API-Version: 2.1 x-compute-request-id: req-7732b863-ee77-49b1-a51a-2591ca850bb0 x-openstack-request-id: req-7732b863-ee77-49b1-a51a-2591ca850bb0 _http_log_response /usr/lib/python2.7/site-packages/keystoneauth1/session.py:479
2019-07-30 07:35:48.377 661 DEBUG novaclient.v2.client [-] RESP BODY: {"flavors": [{"name": "rally_full-flavor_alt_f4b3ecee-a82f-4832-95a8-3b2a0a2246c8", "links": [{"href": "http://172.30.9.24:8774/v2.1/flavors/15a98872-ae1a-493a-983e-4138994e5ef4", "rel": "self"}, {"href": "http://172.30.9.24:8774/flavors/15a98872-ae1a-493a-983e-4138994e5ef4", "rel": "bookmark"}], "ram": 1024, "OS-FLV-DISABLED:disabled": false, "vcpus": 1, "swap": "", "os-flavor-access:is_public": true, "rxtx_factor": 1.0, "OS-FLV-EXT-DATA:ephemeral": 0, "disk": 1, "id": "15a98872-ae1a-493a-983e-4138994e5ef4"}, {"name": "rally_full-flavor_f4b3ecee-a82f-4832-95a8-3b2a0a2246c8", "links": [{"href": "http://172.30.9.24:8774/v2.1/flavors/3b28f575-997c-4367-b653-19327eb9f271", "rel": "self"}, {"href": "http://172.30.9.24:8774/flavors/3b28f575-997c-4367-b653-19327eb9f271", "rel": "bookmark"}], "ram": 512, "OS-FLV-DISABLED:disabled": false, "vcpus": 1, "swap": "", "os-flavor-access:is_public": true, "rxtx_factor": 1.0, "OS-FLV-EXT-DATA:ephemeral": 0, "disk": 1, "id": "3b28f575-997c-4367-b653-19327eb9f271"}]} _http_log_response /usr/lib/python2.7/site-packages/keystoneauth1/session.py:511
2019-07-30 07:35:48.377 661 DEBUG novaclient.v2.client [-] GET call to compute for http://172.30.9.24:8774/v2.1/flavors/detail used request id req-7732b863-ee77-49b1-a51a-2591ca850bb0 request /usr/lib/python2.7/site-packages/keystoneauth1/session.py:844
2019-07-30 07:35:48.378 661 INFO rally.task.runner [-] Task 3379d828-9c2e-45b2-8663-0d578c7ca79b | ITER: 2 END: OK
2019-07-30 07:35:48.379 663 DEBUG novaclient.v2.client [-] RESP: [200] Content-Encoding: gzip Content-Length: 363 Content-Type: application/json Date: Tue, 30 Jul 2019 07:35:48 GMT OpenStack-API-Version: compute 2.1 Server: Apache Vary: OpenStack-API-Version,X-OpenStack-Nova-API-Version,Accept-Encoding X-OpenStack-Nova-API-Version: 2.1 x-compute-request-id: req-716614e7-9921-45b2-89d5-0bb4695f205a x-openstack-request-id: req-716614e7-9921-45b2-89d5-0bb4695f205a _http_log_response /usr/lib/python2.7/site-packages/keystoneauth1/session.py:479
2019-07-30 07:35:48.380 663 DEBUG novaclient.v2.client [-] RESP BODY: {"flavors": [{"name": "rally_full-flavor_alt_f4b3ecee-a82f-4832-95a8-3b2a0a2246c8", "links": [{"href": "http://172.30.9.24:8774/v2.1/flavors/15a98872-ae1a-493a-983e-4138994e5ef4", "rel": "self"}, {"href": "http://172.30.9.24:8774/flavors/15a98872-ae1a-493a-983e-4138994e5ef4", "rel": "bookmark"}], "ram": 1024, "OS-FLV-DISABLED:disabled": false, "vcpus": 1, "swap": "", "os-flavor-access:is_public": true, "rxtx_factor": 1.0, "OS-FLV-EXT-DATA:ephemeral": 0, "disk": 1, "id": "15a98872-ae1a-493a-983e-4138994e5ef4"}, {"name": "rally_full-flavor_f4b3ecee-a82f-4832-95a8-3b2a0a2246c8", "links": [{"href": "http://172.30.9.24:8774/v2.1/flavors/3b28f575-997c-4367-b653-19327eb9f271", "rel": "self"}, {"href": "http://172.30.9.24:8774/flavors/3b28f575-997c-4367-b653-19327eb9f271", "rel": "bookmark"}], "ram": 512, "OS-FLV-DISABLED:disabled": false, "vcpus": 1, "swap": "", "os-flavor-access:is_public": true, "rxtx_factor": 1.0, "OS-FLV-EXT-DATA:ephemeral": 0, "disk": 1, "id": "3b28f575-997c-4367-b653-19327eb9f271"}]} _http_log_response /usr/lib/python2.7/site-packages/keystoneauth1/session.py:511
2019-07-30 07:35:48.381 663 DEBUG novaclient.v2.client [-] GET call to compute for http://172.30.9.24:8774/v2.1/flavors/detail used request id req-716614e7-9921-45b2-89d5-0bb4695f205a request /usr/lib/python2.7/site-packages/keystoneauth1/session.py:844
2019-07-30 07:35:48.382 663 DEBUG novaclient.v2.client [-] REQ: curl -g -i -X GET http://172.30.9.24:8774/v2.1/flavors/detail -H "Accept: application/json" -H "User-Agent: python-novaclient" -H "X-Auth-Token: {SHA1}ae4eda93e9894d586a5ee0441bf1e0feaf5c4da3" _http_log_request /usr/lib/python2.7/site-packages/keystoneauth1/session.py:448
2019-07-30 07:35:48.383 661 INFO rally.task.runner [-] Task 3379d828-9c2e-45b2-8663-0d578c7ca79b | ITER: 5 START
2019-07-30 07:35:48.395 662 DEBUG novaclient.v2.client [-] RESP: [200] Content-Encoding: gzip Content-Length: 363 Content-Type: application/json Date: Tue, 30 Jul 2019 07:35:48 GMT OpenStack-API-Version: compute 2.1 Server: Apache Vary: OpenStack-API-Version,X-OpenStack-Nova-API-Version,Accept-Encoding X-OpenStack-Nova-API-Version: 2.1 x-compute-request-id: req-26d71a9e-d015-4708-9e51-2b3cd7a80710 x-openstack-request-id: req-26d71a9e-d015-4708-9e51-2b3cd7a80710 _http_log_response /usr/lib/python2.7/site-packages/keystoneauth1/session.py:479
2019-07-30 07:35:48.395 662 DEBUG novaclient.v2.client [-] RESP BODY: {"flavors": [{"name": "rally_full-flavor_alt_f4b3ecee-a82f-4832-95a8-3b2a0a2246c8", "links": [{"href": "http://172.30.9.24:8774/v2.1/flavors/15a98872-ae1a-493a-983e-4138994e5ef4", "rel": "self"}, {"href": "http://172.30.9.24:8774/flavors/15a98872-ae1a-493a-983e-4138994e5ef4", "rel": "bookmark"}], "ram": 1024, "OS-FLV-DISABLED:disabled": false, "vcpus": 1, "swap": "", "os-flavor-access:is_public": true, "rxtx_factor": 1.0, "OS-FLV-EXT-DATA:ephemeral": 0, "disk": 1, "id": "15a98872-ae1a-493a-983e-4138994e5ef4"}, {"name": "rally_full-flavor_f4b3ecee-a82f-4832-95a8-3b2a0a2246c8", "links": [{"href": "http://172.30.9.24:8774/v2.1/flavors/3b28f575-997c-4367-b653-19327eb9f271", "rel": "self"}, {"href": "http://172.30.9.24:8774/flavors/3b28f575-997c-4367-b653-19327eb9f271", "rel": "bookmark"}], "ram": 512, "OS-FLV-DISABLED:disabled": false, "vcpus": 1, "swap": "", "os-flavor-access:is_public": true, "rxtx_factor": 1.0, "OS-FLV-EXT-DATA:ephemeral": 0, "disk": 1, "id": "3b28f575-997c-4367-b653-19327eb9f271"}]} _http_log_response /usr/lib/python2.7/site-packages/keystoneauth1/session.py:511
2019-07-30 07:35:48.396 662 DEBUG novaclient.v2.client [-] GET call to compute for http://172.30.9.24:8774/v2.1/flavors/detail used request id req-26d71a9e-d015-4708-9e51-2b3cd7a80710 request /usr/lib/python2.7/site-packages/keystoneauth1/session.py:844
2019-07-30 07:35:48.397 662 DEBUG novaclient.v2.client [-] REQ: curl -g -i -X GET http://172.30.9.24:8774/v2.1/flavors/detail -H "Accept: application/json" -H "User-Agent: python-novaclient" -H "X-Auth-Token: {SHA1}3e5b5ddf9fd1b97c71935c3a0b31b6400dbaacc2" _http_log_request /usr/lib/python2.7/site-packages/keystoneauth1/session.py:448
2019-07-30 07:35:48.406 663 DEBUG novaclient.v2.client [-] RESP: [200] Content-Encoding: gzip Content-Length: 363 Content-Type: application/json Date: Tue, 30 Jul 2019 07:35:48 GMT OpenStack-API-Version: compute 2.1 Server: Apache Vary: OpenStack-API-Version,X-OpenStack-Nova-API-Version,Accept-Encoding X-OpenStack-Nova-API-Version: 2.1 x-compute-request-id: req-a89705f3-f062-4a15-8d78-ca338e335fef x-openstack-request-id: req-a89705f3-f062-4a15-8d78-ca338e335fef _http_log_response /usr/lib/python2.7/site-packages/keystoneauth1/session.py:479
2019-07-30 07:35:48.406 663 DEBUG novaclient.v2.client [-] RESP BODY: {"flavors": [{"name": "rally_full-flavor_alt_f4b3ecee-a82f-4832-95a8-3b2a0a2246c8", "links": [{"href": "http://172.30.9.24:8774/v2.1/flavors/15a98872-ae1a-493a-983e-4138994e5ef4", "rel": "self"}, {"href": "http://172.30.9.24:8774/flavors/15a98872-ae1a-493a-983e-4138994e5ef4", "rel": "bookmark"}], "ram": 1024, "OS-FLV-DISABLED:disabled": false, "vcpus": 1, "swap": "", "os-flavor-access:is_public": true, "rxtx_factor": 1.0, "OS-FLV-EXT-DATA:ephemeral": 0, "disk": 1, "id": "15a98872-ae1a-493a-983e-4138994e5ef4"}, {"name": "rally_full-flavor_f4b3ecee-a82f-4832-95a8-3b2a0a2246c8", "links": [{"href": "http://172.30.9.24:8774/v2.1/flavors/3b28f575-997c-4367-b653-19327eb9f271", "rel": "self"}, {"href": "http://172.30.9.24:8774/flavors/3b28f575-997c-4367-b653-19327eb9f271", "rel": "bookmark"}], "ram": 512, "OS-FLV-DISABLED:disabled": false, "vcpus": 1, "swap": "", "os-flavor-access:is_public": true, "rxtx_factor": 1.0, "OS-FLV-EXT-DATA:ephemeral": 0, "disk": 1, "id": "3b28f575-997c-4367-b653-19327eb9f271"}]} _http_log_response /usr/lib/python2.7/site-packages/keystoneauth1/session.py:511
2019-07-30 07:35:48.407 663 DEBUG novaclient.v2.client [-] GET call to compute for http://172.30.9.24:8774/v2.1/flavors/detail used request id req-a89705f3-f062-4a15-8d78-ca338e335fef request /usr/lib/python2.7/site-packages/keystoneauth1/session.py:844
2019-07-30 07:35:48.407 663 INFO rally.task.runner [-] Task 3379d828-9c2e-45b2-8663-0d578c7ca79b | ITER: 4 END: OK
2019-07-30 07:35:48.411 663 INFO rally.task.runner [-] Task 3379d828-9c2e-45b2-8663-0d578c7ca79b | ITER: 6 START
2019-07-30 07:35:48.417 662 DEBUG novaclient.v2.client [-] RESP: [200] Content-Encoding: gzip Content-Length: 363 Content-Type: application/json Date: Tue, 30 Jul 2019 07:35:48 GMT OpenStack-API-Version: compute 2.1 Server: Apache Vary: OpenStack-API-Version,X-OpenStack-Nova-API-Version,Accept-Encoding X-OpenStack-Nova-API-Version: 2.1 x-compute-request-id: req-d87c0252-dee6-4d31-935b-65773419a426 x-openstack-request-id: req-d87c0252-dee6-4d31-935b-65773419a426 _http_log_response /usr/lib/python2.7/site-packages/keystoneauth1/session.py:479
2019-07-30 07:35:48.417 662 DEBUG novaclient.v2.client [-] RESP BODY: {"flavors": [{"name": "rally_full-flavor_alt_f4b3ecee-a82f-4832-95a8-3b2a0a2246c8", "links": [{"href": "http://172.30.9.24:8774/v2.1/flavors/15a98872-ae1a-493a-983e-4138994e5ef4", "rel": "self"}, {"href": "http://172.30.9.24:8774/flavors/15a98872-ae1a-493a-983e-4138994e5ef4", "rel": "bookmark"}], "ram": 1024, "OS-FLV-DISABLED:disabled": false, "vcpus": 1, "swap": "", "os-flavor-access:is_public": true, "rxtx_factor": 1.0, "OS-FLV-EXT-DATA:ephemeral": 0, "disk": 1, "id": "15a98872-ae1a-493a-983e-4138994e5ef4"}, {"name": "rally_full-flavor_f4b3ecee-a82f-4832-95a8-3b2a0a2246c8", "links": [{"href": "http://172.30.9.24:8774/v2.1/flavors/3b28f575-997c-4367-b653-19327eb9f271", "rel": "self"}, {"href": "http://172.30.9.24:8774/flavors/3b28f575-997c-4367-b653-19327eb9f271", "rel": "bookmark"}], "ram": 512, "OS-FLV-DISABLED:disabled": false, "vcpus": 1, "swap": "", "os-flavor-access:is_public": true, "rxtx_factor": 1.0, "OS-FLV-EXT-DATA:ephemeral": 0, "disk": 1, "id": "3b28f575-997c-4367-b653-19327eb9f271"}]} _http_log_response /usr/lib/python2.7/site-packages/keystoneauth1/session.py:511
2019-07-30 07:35:48.418 662 DEBUG novaclient.v2.client [-] GET call to compute for http://172.30.9.24:8774/v2.1/flavors/detail used request id req-d87c0252-dee6-4d31-935b-65773419a426 request /usr/lib/python2.7/site-packages/keystoneauth1/session.py:844
2019-07-30 07:35:48.418 662 INFO rally.task.runner [-] Task 3379d828-9c2e-45b2-8663-0d578c7ca79b | ITER: 3 END: OK
2019-07-30 07:35:48.422 662 INFO rally.task.runner [-] Task 3379d828-9c2e-45b2-8663-0d578c7ca79b | ITER: 7 START
2019-07-30 07:35:48.492 660 DEBUG novaclient.v2.client [-] RESP: [200] Content-Encoding: gzip Content-Length: 363 Content-Type: application/json Date: Tue, 30 Jul 2019 07:35:48 GMT OpenStack-API-Version: compute 2.1 Server: Apache Vary: OpenStack-API-Version,X-OpenStack-Nova-API-Version,Accept-Encoding X-OpenStack-Nova-API-Version: 2.1 x-compute-request-id: req-d3551344-9a7b-49fc-9286-b3a9f6be02ef x-openstack-request-id: req-d3551344-9a7b-49fc-9286-b3a9f6be02ef _http_log_response /usr/lib/python2.7/site-packages/keystoneauth1/session.py:479
2019-07-30 07:35:48.493 660 DEBUG novaclient.v2.client [-] RESP BODY: {"flavors": [{"name": "rally_full-flavor_alt_f4b3ecee-a82f-4832-95a8-3b2a0a2246c8", "links": [{"href": "http://172.30.9.24:8774/v2.1/flavors/15a98872-ae1a-493a-983e-4138994e5ef4", "rel": "self"}, {"href": "http://172.30.9.24:8774/flavors/15a98872-ae1a-493a-983e-4138994e5ef4", "rel": "bookmark"}], "ram": 1024, "OS-FLV-DISABLED:disabled": false, "vcpus": 1, "swap": "", "os-flavor-access:is_public": true, "rxtx_factor": 1.0, "OS-FLV-EXT-DATA:ephemeral": 0, "disk": 1, "id": "15a98872-ae1a-493a-983e-4138994e5ef4"}, {"name": "rally_full-flavor_f4b3ecee-a82f-4832-95a8-3b2a0a2246c8", "links": [{"href": "http://172.30.9.24:8774/v2.1/flavors/3b28f575-997c-4367-b653-19327eb9f271", "rel": "self"}, {"href": "http://172.30.9.24:8774/flavors/3b28f575-997c-4367-b653-19327eb9f271", "rel": "bookmark"}], "ram": 512, "OS-FLV-DISABLED:disabled": false, "vcpus": 1, "swap": "", "os-flavor-access:is_public": true, "rxtx_factor": 1.0, "OS-FLV-EXT-DATA:ephemeral": 0, "disk": 1, "id": "3b28f575-997c-4367-b653-19327eb9f271"}]} _http_log_response /usr/lib/python2.7/site-packages/keystoneauth1/session.py:511
2019-07-30 07:35:48.494 660 DEBUG novaclient.v2.client [-] GET call to compute for http://172.30.9.24:8774/v2.1/flavors/detail used request id req-d3551344-9a7b-49fc-9286-b3a9f6be02ef request /usr/lib/python2.7/site-packages/keystoneauth1/session.py:844
