2019-07-30 08:01:01.361 4908 RALLYDEBUG rally.task.utils [-] Waiting for resource s_rally_20f4e061_oxhn8Lu2. Status changed: AVAILABLE => DELETING in 0.334182977676
2019-07-30 08:01:01.385 4907 RALLYDEBUG rally.task.utils [-] Waiting for resource s_rally_20f4e061_5HJsFE1V. Status changed: AVAILABLE => DELETING in 0.0566670894623
2019-07-30 08:01:03.399 4908 INFO rally.task.runner [-] Task 19b5bf05-3d7d-46ce-9e44-0424a03cba1c | ITER: 9 END: OK
2019-07-30 08:01:03.629 4907 INFO rally.task.runner [-] Task 19b5bf05-3d7d-46ce-9e44-0424a03cba1c | ITER: 10 END: OK
2019-07-30 08:01:03.654 1842 INFO rally.task.context [-] Task 19b5bf05-3d7d-46ce-9e44-0424a03cba1c | Context cleanup@openstack cleanup() started
2019-07-30 08:01:03.656 1842 RALLYDEBUG rally_openstack.cleanup.manager [-] Cleaning up cinder backups objects
2019-07-30 08:01:05.646 1842 RALLYDEBUG rally_openstack.cleanup.manager [-] Cleaning up cinder volume_snapshots objects
2019-07-30 08:01:07.641 1842 RALLYDEBUG rally_openstack.cleanup.manager [-] Cleaning up cinder transfers objects
2019-07-30 08:01:09.675 1842 RALLYDEBUG rally_openstack.cleanup.manager [-] Cleaning up cinder volumes objects
2019-07-30 08:01:11.699 1842 INFO rally.task.context [-] Task 19b5bf05-3d7d-46ce-9e44-0424a03cba1c | Context cleanup@openstack cleanup() finished in 8.05 sec
2019-07-30 08:01:11.700 1842 INFO rally.task.context [-] Task 19b5bf05-3d7d-46ce-9e44-0424a03cba1c | Context volumes@openstack cleanup() started
2019-07-30 08:01:11.700 1842 RALLYDEBUG rally_openstack.cleanup.manager [-] Cleaning up cinder volumes objects
2019-07-30 08:01:13.785 1842 RALLYDEBUG rally_openstack.cleanup.manager [-] Deleting cinder.volumes object c_rally_20f4e061_wAFAJ8cr (8a9a74dd-0dd3-4e9e-8c91-4662ab6760c4)
2019-07-30 08:01:13.789 1842 RALLYDEBUG rally_openstack.cleanup.manager [-] Deleting cinder.volumes object c_rally_20f4e061_ppFSTYHH (5f80cc89-977e-46b9-ab79-29e4b7b9d244)
2019-07-30 08:01:13.797 1842 RALLYDEBUG rally_openstack.cleanup.manager [-] Deleting cinder.volumes object c_rally_20f4e061_sRZXhpOw (d727644c-3c51-4831-8736-26aa0932630c)
2019-07-30 08:01:17.130 1842 INFO rally.task.context [-] Task 19b5bf05-3d7d-46ce-9e44-0424a03cba1c | Context volumes@openstack cleanup() finished in 5.43 sec
2019-07-30 08:01:17.131 1842 INFO rally.task.context [-] Task 19b5bf05-3d7d-46ce-9e44-0424a03cba1c | Context quotas@openstack cleanup() started
2019-07-30 08:01:17.392 1842 INFO rally.task.context [-] Task 19b5bf05-3d7d-46ce-9e44-0424a03cba1c | Context quotas@openstack cleanup() finished in 0.26 sec
2019-07-30 08:01:17.393 1842 INFO rally.task.context [-] Task 19b5bf05-3d7d-46ce-9e44-0424a03cba1c | Context api_versions@openstack cleanup() started
2019-07-30 08:01:17.393 1842 INFO rally.task.context [-] Task 19b5bf05-3d7d-46ce-9e44-0424a03cba1c | Context api_versions@openstack cleanup() finished in 0.31 msec
2019-07-30 08:01:17.393 1842 INFO rally.task.context [-] Task 19b5bf05-3d7d-46ce-9e44-0424a03cba1c | Context users@openstack cleanup() started
2019-07-30 08:01:25.459 1842 INFO rally.task.context [-] Task 19b5bf05-3d7d-46ce-9e44-0424a03cba1c | Context users@openstack cleanup() finished in 8.07 sec
2019-07-30 08:01:27.162 1842 INFO rally.task.engine [-] Load duration is: 23.810937
2019-07-30 08:01:27.162 1842 INFO rally.task.engine [-] Full runner duration is: 23.855096
2019-07-30 08:01:27.163 1842 INFO rally.task.engine [-] Full duration is: 62.541005
2019-07-30 08:01:27.366 1842 INFO rally.task.engine [-] Running workload: position = 0 config = { "version": 2, "title": "A cropped version of a bigger task.", "description": "Auto-generated task from a single workload (uuid=76f2ccfc-64fa-4639-a03f-a98b12d363de)", "subtasks": [ { "title": "CinderQos.create_and_get_qos", "description": "Create a qos, then get details of the qos.", "scenario": { "CinderQos.create_and_get_qos": { "consumer": "both", "write_iops_sec": "10", "read_iops_sec": "1000" } }, "contexts": { "users": { "tenants": 3, "users_per_tenant": 2 }, "api_versions": { "cinder": { "version": 3, "service_type": "volumev3" } } }, "runner": { "constant": { "concurrency": 4, "times": 10 } }, "hooks": [], "sla": { "failure_rate": { "max": 0 } } } ] }
2019-07-30 08:01:27.386 1842 RALLYDEBUG rally_openstack.contexts.keystone.users [-] Creating 3 tenants using 20 threads
2019-07-30 08:01:29.270 1842 RALLYDEBUG rally_openstack.contexts.keystone.users [-] Creating 6 users using 20 threads
2019-07-30 08:01:31.911 1842 INFO rally.task.context [-] Task 19b5bf05-3d7d-46ce-9e44-0424a03cba1c | Context users@openstack setup() finished in 4.52 sec
2019-07-30 08:01:32.322 1842 INFO rally.task.context [-] Task 19b5bf05-3d7d-46ce-9e44-0424a03cba1c | Context api_versions@openstack setup() finished in 0.41 sec
2019-07-30 08:01:32.322 1842 INFO rally.task.context [-] Task 19b5bf05-3d7d-46ce-9e44-0424a03cba1c | Context admin_cleanup@openstack setup() finished in 0.01 msec
2019-07-30 08:01:32.332 1842 RALLYDEBUG rally.task.runner [-] Starting the constant runner (task UUID: 19b5bf05-3d7d-46ce-9e44-0424a03cba1c). timeout: 0 concurrency: 4 concurrency_per_worker: 1 times: 10 concurrency_overhead: 0 processes_to_start: 4 max_cpu_used: 16
2019-07-30 08:01:32.344 5110 RALLYDEBUG rally.task.runner [-] Starting a worker. concurrency: 1 args: {"consumer": "both", "write_iops_sec": "10", "read_iops_sec": "1000"} times: 10 method_name: run timeout: 0 duration: None cls:
2019-07-30 08:01:32.347 5111 RALLYDEBUG rally.task.runner [-] Starting a worker. concurrency: 1 args: {"consumer": "both", "write_iops_sec": "10", "read_iops_sec": "1000"} times: 10 method_name: run timeout: 0 duration: None cls:
2019-07-30 08:01:32.349 5112 RALLYDEBUG rally.task.runner [-] Starting a worker. concurrency: 1 args: {"consumer": "both", "write_iops_sec": "10", "read_iops_sec": "1000"} times: 10 method_name: run timeout: 0 duration: None cls:
2019-07-30 08:01:32.351 5110 INFO rally.task.runner [-] Task 19b5bf05-3d7d-46ce-9e44-0424a03cba1c | ITER: 1 START
2019-07-30 08:01:32.352 5113 RALLYDEBUG rally.task.runner [-] Starting a worker. concurrency: 1 args: {"consumer": "both", "write_iops_sec": "10", "read_iops_sec": "1000"} times: 10 method_name: run timeout: 0 duration: None cls:
2019-07-30 08:01:32.355 5111 INFO rally.task.runner [-] Task 19b5bf05-3d7d-46ce-9e44-0424a03cba1c | ITER: 2 START
2019-07-30 08:01:32.357 5112 INFO rally.task.runner [-] Task 19b5bf05-3d7d-46ce-9e44-0424a03cba1c | ITER: 3 START
2019-07-30 08:01:32.359 5113 INFO rally.task.runner [-] Task 19b5bf05-3d7d-46ce-9e44-0424a03cba1c | ITER: 4 START
2019-07-30 08:01:33.386 5110 INFO rally.task.runner [-] Task 19b5bf05-3d7d-46ce-9e44-0424a03cba1c | ITER: 1 END: OK
2019-07-30 08:01:33.392 5110 INFO rally.task.runner [-] Task 19b5bf05-3d7d-46ce-9e44-0424a03cba1c | ITER: 5 START
2019-07-30 08:01:33.423 5112 INFO rally.task.runner [-] Task 19b5bf05-3d7d-46ce-9e44-0424a03cba1c | ITER: 3 END: OK
2019-07-30 08:01:33.429 5112 INFO rally.task.runner [-] Task 19b5bf05-3d7d-46ce-9e44-0424a03cba1c | ITER: 6 START
2019-07-30 08:01:33.431 5113 INFO rally.task.runner [-] Task 19b5bf05-3d7d-46ce-9e44-0424a03cba1c | ITER: 4 END: OK
2019-07-30 08:01:33.436 5113 INFO rally.task.runner [-] Task 19b5bf05-3d7d-46ce-9e44-0424a03cba1c | ITER: 7 START
2019-07-30 08:01:33.453 5111 INFO rally.task.runner [-] Task 19b5bf05-3d7d-46ce-9e44-0424a03cba1c | ITER: 2 END: OK
2019-07-30 08:01:33.458 5111 INFO rally.task.runner [-] Task 19b5bf05-3d7d-46ce-9e44-0424a03cba1c | ITER: 8 START
2019-07-30 08:01:34.385 5112 INFO rally.task.runner [-] Task 19b5bf05-3d7d-46ce-9e44-0424a03cba1c | ITER: 6 END: OK
2019-07-30 08:01:34.391 5112 INFO rally.task.runner [-] Task 19b5bf05-3d7d-46ce-9e44-0424a03cba1c | ITER: 9 START
2019-07-30 08:01:34.427 5110 INFO rally.task.runner [-] Task 19b5bf05-3d7d-46ce-9e44-0424a03cba1c | ITER: 5 END: OK
2019-07-30 08:01:34.430 5110 INFO rally.task.runner [-] Task 19b5bf05-3d7d-46ce-9e44-0424a03cba1c | ITER: 10 START
2019-07-30 08:01:34.434 5113 INFO rally.task.runner [-] Task 19b5bf05-3d7d-46ce-9e44-0424a03cba1c | ITER: 7 END: OK
2019-07-30 08:01:34.570 5111 INFO rally.task.runner [-] Task 19b5bf05-3d7d-46ce-9e44-0424a03cba1c | ITER: 8 END: OK
2019-07-30 08:01:35.313 5112 INFO rally.task.runner [-] Task 19b5bf05-3d7d-46ce-9e44-0424a03cba1c | ITER: 9 END: OK
2019-07-30 08:01:35.342 5110 INFO rally.task.runner [-] Task 19b5bf05-3d7d-46ce-9e44-0424a03cba1c | ITER: 10 END: OK
2019-07-30 08:01:35.364 1842 INFO rally.task.context [-] Task 19b5bf05-3d7d-46ce-9e44-0424a03cba1c | Context admin_cleanup@openstack cleanup() started
2019-07-30 08:01:35.365 1842 RALLYDEBUG rally_openstack.cleanup.manager [-] Cleaning up cinder volume_types objects
2019-07-30 08:01:35.995 1842 RALLYDEBUG rally_openstack.cleanup.manager [-] Cleaning up cinder image_volumes_cache objects
2019-07-30 08:01:36.917 1842 RALLYDEBUG rally_openstack.cleanup.manager [-] Cleaning up cinder quotas objects
2019-07-30 08:01:38.376 1842 RALLYDEBUG rally_openstack.cleanup.manager [-] Cleaning up cinder qos_specs objects
2019-07-30 08:01:38.998 1842 RALLYDEBUG rally_openstack.cleanup.manager [-] Deleting cinder.qos_specs object s_rally_76f2ccfc_bTh1O2xN (7da3597a-cea8-482f-8db3-db7ef05e4929)
2019-07-30 08:01:39.001 1842 RALLYDEBUG rally_openstack.cleanup.manager [-] Deleting cinder.qos_specs object s_rally_76f2ccfc_u694Wuj7 (d1d37316-897b-4075-99ac-d939a5661b1e)
2019-07-30 08:01:39.006 1842 RALLYDEBUG rally_openstack.cleanup.manager [-] Deleting cinder.qos_specs object s_rally_76f2ccfc_257ieuvM (dcf375ba-ed8a-4d87-b15c-f3806a2c4ecf)
2019-07-30 08:01:39.014 1842 RALLYDEBUG rally_openstack.cleanup.manager [-] Deleting cinder.qos_specs object s_rally_76f2ccfc_kCeuXTqQ (9b746a1c-677e-4c06-916a-0a9fd122fc11)
2019-07-30 08:01:39.026 1842 RALLYDEBUG rally_openstack.cleanup.manager [-] Deleting cinder.qos_specs object s_rally_76f2ccfc_xERF2fXc (6cf17caa-4e00-4afc-8a2e-fd07fe722107)
2019-07-30 08:01:39.038 1842 RALLYDEBUG rally_openstack.cleanup.manager [-] Deleting cinder.qos_specs object s_rally_76f2ccfc_gxyA6H1U (ef27754f-131e-4547-b5d5-70e7784e0e3d)
2019-07-30 08:01:39.039 1842 RALLYDEBUG rally_openstack.cleanup.manager [-] Deleting cinder.qos_specs object s_rally_76f2ccfc_km87jsag (4ba763f8-28bc-4bfa-b8ce-e65c922c4ecb)
2019-07-30 08:01:39.058 1842 RALLYDEBUG rally_openstack.cleanup.manager [-] Deleting cinder.qos_specs object s_rally_76f2ccfc_nRk4wiG4 (8d3e8549-85dd-4c65-8c81-d6d378dec545)
2019-07-30 08:01:39.060 1842 RALLYDEBUG rally_openstack.cleanup.manager [-] Deleting cinder.qos_specs object s_rally_76f2ccfc_KT23tpdz (4ad39e27-5599-4399-9d7e-8728ca8cde89)
2019-07-30 08:01:39.072 1842 RALLYDEBUG rally_openstack.cleanup.manager [-] Deleting cinder.qos_specs object s_rally_76f2ccfc_IKTFHJHS (2086cc6f-0da8-41cf-b33c-f759ed7d33d4)
2019-07-30 08:01:41.456 1842 INFO rally.task.context [-] Task 19b5bf05-3d7d-46ce-9e44-0424a03cba1c | Context admin_cleanup@openstack cleanup() finished in 6.09 sec
2019-07-30 08:01:41.457 1842 INFO rally.task.context [-] Task 19b5bf05-3d7d-46ce-9e44-0424a03cba1c | Context api_versions@openstack cleanup() started
2019-07-30 08:01:41.457 1842 INFO rally.task.context [-] Task 19b5bf05-3d7d-46ce-9e44-0424a03cba1c | Context api_versions@openstack cleanup() finished in 0.34 msec
2019-07-30 08:01:41.458 1842 INFO rally.task.context [-] Task 19b5bf05-3d7d-46ce-9e44-0424a03cba1c | Context users@openstack cleanup() started
2019-07-30 08:01:48.550 1842 INFO rally.task.context [-] Task 19b5bf05-3d7d-46ce-9e44-0424a03cba1c | Context users@openstack cleanup() finished in 7.09 sec
2019-07-30 08:01:49.489 1842 INFO rally.task.engine [-] Load duration is: 2.98789
2019-07-30 08:01:49.489 1842 INFO rally.task.engine [-] Full runner duration is: 3.0321
2019-07-30 08:01:49.490 1842 INFO rally.task.engine [-] Full duration is: 21.166159
2019-07-30 08:01:49.676 1842 INFO rally.task.engine [-] Running workload: position = 0 config = { "version": 2, "title": "A cropped version of a bigger task.", "description": "Auto-generated task from a single workload (uuid=1f16322b-657c-405f-aec3-0e3a2d8178da)", "subtasks": [ { "title": "CinderQos.create_and_list_qos", "description": "Create a qos, then list all qos.", "scenario": { "CinderQos.create_and_list_qos": { "consumer": "both", "write_iops_sec": "10", "read_iops_sec": "1000" } }, "contexts": { "users": { "tenants": 3, "users_per_tenant": 2 }, "api_versions": { "cinder": { "version": 3, "service_type": "volumev3" } } }, "runner": { "constant": { "concurrency": 4, "times": 10 } }, "hooks": [], "sla": { "failure_rate": { "max": 0 } } } ] }
2019-07-30 08:01:49.698 1842 RALLYDEBUG rally_openstack.contexts.keystone.users [-] Creating 3 tenants using 20 threads
2019-07-30 08:01:51.478 1842 RALLYDEBUG rally_openstack.contexts.keystone.users [-] Creating 6 users using 20 threads
2019-07-30 08:01:54.198 1842 INFO rally.task.context [-] Task 19b5bf05-3d7d-46ce-9e44-0424a03cba1c | Context users@openstack setup() finished in 4.50 sec
2019-07-30 08:01:54.617 1842 INFO rally.task.context [-] Task 19b5bf05-3d7d-46ce-9e44-0424a03cba1c | Context api_versions@openstack setup() finished in 0.42 sec
2019-07-30 08:01:54.617 1842 INFO rally.task.context [-] Task 19b5bf05-3d7d-46ce-9e44-0424a03cba1c | Context admin_cleanup@openstack setup() finished in 0.01 msec
2019-07-30 08:01:54.624 1842 RALLYDEBUG rally.task.runner [-] Starting the constant runner (task UUID: 19b5bf05-3d7d-46ce-9e44-0424a03cba1c). timeout: 0 concurrency: 4 concurrency_per_worker: 1 times: 10 concurrency_overhead: 0 processes_to_start: 4 max_cpu_used: 16
2019-07-30 08:01:54.637 5294 RALLYDEBUG rally.task.runner [-] Starting a worker. concurrency: 1 args: {"consumer": "both", "write_iops_sec": "10", "read_iops_sec": "1000"} times: 10 method_name: run timeout: 0 duration: None cls:
2019-07-30 08:01:54.639 5295 RALLYDEBUG rally.task.runner [-] Starting a worker. concurrency: 1 args: {"consumer": "both", "write_iops_sec": "10", "read_iops_sec": "1000"} times: 10 method_name: run timeout: 0 duration: None cls:
2019-07-30 08:01:54.643 5296 RALLYDEBUG rally.task.runner [-] Starting a worker. concurrency: 1 args: {"consumer": "both", "write_iops_sec": "10", "read_iops_sec": "1000"} times: 10 method_name: run timeout: 0 duration: None cls:
2019-07-30 08:01:54.645 5294 INFO rally.task.runner [-] Task 19b5bf05-3d7d-46ce-9e44-0424a03cba1c | ITER: 1 START
2019-07-30 08:01:54.646 5295 INFO rally.task.runner [-] Task 19b5bf05-3d7d-46ce-9e44-0424a03cba1c | ITER: 2 START
2019-07-30 08:01:54.646 5297 RALLYDEBUG rally.task.runner [-] Starting a worker. concurrency: 1 args: {"consumer": "both", "write_iops_sec": "10", "read_iops_sec": "1000"} times: 10 method_name: run timeout: 0 duration: None cls:
2019-07-30 08:01:54.651 5296 INFO rally.task.runner [-] Task 19b5bf05-3d7d-46ce-9e44-0424a03cba1c | ITER: 3 START
2019-07-30 08:01:54.654 5297 INFO rally.task.runner [-] Task 19b5bf05-3d7d-46ce-9e44-0424a03cba1c | ITER: 4 START
2019-07-30 08:01:55.696 5294 INFO rally.task.runner [-] Task 19b5bf05-3d7d-46ce-9e44-0424a03cba1c | ITER: 1 END: OK
2019-07-30 08:01:55.697 5295 INFO rally.task.runner [-] Task 19b5bf05-3d7d-46ce-9e44-0424a03cba1c | ITER: 2 END: OK
2019-07-30 08:01:55.702 5295 INFO rally.task.runner [-] Task 19b5bf05-3d7d-46ce-9e44-0424a03cba1c | ITER: 6 START
2019-07-30 08:01:55.702 5294 INFO rally.task.runner [-] Task 19b5bf05-3d7d-46ce-9e44-0424a03cba1c | ITER: 5 START
2019-07-30 08:01:55.707 5296 INFO rally.task.runner [-] Task 19b5bf05-3d7d-46ce-9e44-0424a03cba1c | ITER: 3 END: OK
2019-07-30 08:01:55.712 5296 INFO rally.task.runner [-] Task 19b5bf05-3d7d-46ce-9e44-0424a03cba1c | ITER: 7 START
2019-07-30 08:01:55.772 5297 INFO rally.task.runner [-] Task 19b5bf05-3d7d-46ce-9e44-0424a03cba1c | ITER: 4 END: OK
2019-07-30 08:01:55.777 5297 INFO rally.task.runner [-] Task 19b5bf05-3d7d-46ce-9e44-0424a03cba1c | ITER: 8 START
2019-07-30 08:01:56.682 5297 INFO rally.task.runner [-] Task 19b5bf05-3d7d-46ce-9e44-0424a03cba1c | ITER: 8 END: OK
2019-07-30 08:01:56.687 5297 INFO rally.task.runner [-] Task 19b5bf05-3d7d-46ce-9e44-0424a03cba1c | ITER: 9 START
2019-07-30 08:01:56.792 5296 INFO rally.task.runner [-] Task 19b5bf05-3d7d-46ce-9e44-0424a03cba1c | ITER: 7 END: OK
2019-07-30 08:01:56.797 5296 INFO rally.task.runner [-] Task 19b5bf05-3d7d-46ce-9e44-0424a03cba1c | ITER: 10 START
2019-07-30 08:01:56.819 5294 INFO rally.task.runner [-] Task 19b5bf05-3d7d-46ce-9e44-0424a03cba1c | ITER: 5 END: OK
2019-07-30 08:01:56.852 5295 INFO rally.task.runner [-] Task 19b5bf05-3d7d-46ce-9e44-0424a03cba1c | ITER: 6 END: OK
2019-07-30 08:01:57.583 5297 INFO rally.task.runner [-] Task 19b5bf05-3d7d-46ce-9e44-0424a03cba1c | ITER: 9 END: OK
2019-07-30 08:01:57.672 5296 INFO rally.task.runner [-] Task 19b5bf05-3d7d-46ce-9e44-0424a03cba1c | ITER: 10 END: OK
2019-07-30 08:01:57.693 1842 INFO rally.task.context [-] Task 19b5bf05-3d7d-46ce-9e44-0424a03cba1c | Context admin_cleanup@openstack cleanup() started
2019-07-30 08:01:57.696 1842 RALLYDEBUG rally_openstack.cleanup.manager [-] Cleaning up cinder volume_types objects
2019-07-30 08:01:58.326 1842 RALLYDEBUG rally_openstack.cleanup.manager [-] Cleaning up cinder image_volumes_cache objects
2019-07-30 08:01:59.265 1842 RALLYDEBUG rally_openstack.cleanup.manager [-] Cleaning up cinder quotas objects
2019-07-30 08:02:00.781 1842 RALLYDEBUG rally_openstack.cleanup.manager [-] Cleaning up cinder qos_specs objects
2019-07-30 08:02:01.496 1842 RALLYDEBUG rally_openstack.cleanup.manager [-] Deleting cinder.qos_specs object s_rally_1f16322b_fQLZi5EU (7758c780-d7b5-49cc-a692-4582e87111fc)
2019-07-30 08:02:01.503 1842 RALLYDEBUG rally_openstack.cleanup.manager [-] Deleting cinder.qos_specs object s_rally_1f16322b_qiRCc8yz (6b6653c5-ea68-438c-ae13-020b266f33d8)
2019-07-30 08:02:01.509 1842 RALLYDEBUG rally_openstack.cleanup.manager [-] Deleting cinder.qos_specs object s_rally_1f16322b_lY6JPeVd (90f198f6-e950-436e-bd75-2644549a0a89)
2019-07-30 08:02:01.521 1842 RALLYDEBUG rally_openstack.cleanup.manager [-] Deleting cinder.qos_specs object s_rally_1f16322b_GjMPpT8v (854724b0-5fae-4e21-92b1-6102a3e351ec)
2019-07-30 08:02:01.524 1842 RALLYDEBUG rally_openstack.cleanup.manager [-] Deleting cinder.qos_specs object s_rally_1f16322b_HX8gIWXn (18f4f2a4-fd7e-4940-a14e-40c8f8cae74f)
2019-07-30 08:02:01.532 1842 RALLYDEBUG rally_openstack.cleanup.manager [-] Deleting cinder.qos_specs object s_rally_1f16322b_lrS2qUtT (0e7dea95-d11e-4915-a46a-3baa1a722d04)
2019-07-30 08:02:01.541 1842 RALLYDEBUG rally_openstack.cleanup.manager [-] Deleting cinder.qos_specs object s_rally_1f16322b_Lcj1MtHX (f8335a55-237c-4ab7-9767-c2c9a2c2149d)
2019-07-30 08:02:01.541 1842 RALLYDEBUG rally_openstack.cleanup.manager [-] Deleting cinder.qos_specs object s_rally_1f16322b_s8JF2Gns (c589f24d-da5f-4b14-a37e-7b0f83cfbe1c)
2019-07-30 08:02:01.552 1842 RALLYDEBUG rally_openstack.cleanup.manager [-] Deleting cinder.qos_specs object s_rally_1f16322b_LaeHqb0Z (5ccc48c2-c65b-4f63-b44a-5061bc86449d)
2019-07-30 08:02:01.558 1842 RALLYDEBUG rally_openstack.cleanup.manager [-] Deleting cinder.qos_specs object s_rally_1f16322b_Z2VbX1ho (170b4b6b-121e-4c03-9bba-a1613bcb5690)
2019-07-30 08:02:03.907 1842 INFO rally.task.context [-] Task 19b5bf05-3d7d-46ce-9e44-0424a03cba1c | Context admin_cleanup@openstack cleanup() finished in 6.21 sec
2019-07-30 08:02:03.907 1842 INFO rally.task.context [-] Task 19b5bf05-3d7d-46ce-9e44-0424a03cba1c | Context api_versions@openstack cleanup() started
2019-07-30 08:02:03.908 1842 INFO rally.task.context [-] Task 19b5bf05-3d7d-46ce-9e44-0424a03cba1c | Context api_versions@openstack cleanup() finished in 0.31 msec
2019-07-30 08:02:03.908 1842 INFO rally.task.context [-] Task 19b5bf05-3d7d-46ce-9e44-0424a03cba1c | Context users@openstack cleanup() started
2019-07-30 08:02:12.602 1842 INFO rally.task.context [-] Task 19b5bf05-3d7d-46ce-9e44-0424a03cba1c | Context users@openstack cleanup() finished in 8.69 sec
2019-07-30 08:02:13.821 1842 INFO rally.task.engine [-] Load duration is: 3.022158
2019-07-30 08:02:13.821 1842 INFO rally.task.engine [-] Full runner duration is: 3.069124
2019-07-30 08:02:13.822 1842 INFO rally.task.engine [-] Full duration is: 22.907478
2019-07-30 08:02:14.017 1842 INFO rally.task.engine [-] Running workload: position = 0 config = { "version": 2, "title": "A cropped version of a bigger task.", "description": "Auto-generated task from a single workload (uuid=694ffdeb-194d-4677-afc1-e8ac0d366953)", "subtasks": [ { "title": "CinderQos.create_and_set_qos", "description": "Create a qos, then Add/Update keys in qos specs.", "scenario": { "CinderQos.create_and_set_qos": { "consumer": "back-end", "write_iops_sec": "10", "read_iops_sec": "1000", "set_consumer": "both", "set_write_iops_sec": "11", "set_read_iops_sec": "1001" } }, "contexts": { "users": { "tenants": 3, "users_per_tenant": 2 }, "api_versions": { "cinder": { "version": 3, "service_type": "volumev3" } } }, "runner": { "constant": { "concurrency": 4, "times": 10 } }, "hooks": [], "sla": { "failure_rate": { "max": 0 } } } ] }
2019-07-30 08:02:14.041 1842 RALLYDEBUG rally_openstack.contexts.keystone.users [-] Creating 3 tenants using 20 threads
2019-07-30 08:02:15.938 1842 RALLYDEBUG rally_openstack.contexts.keystone.users [-] Creating 6 users using 20 threads
2019-07-30 08:02:18.592 1842 INFO rally.task.context [-] Task 19b5bf05-3d7d-46ce-9e44-0424a03cba1c | Context users@openstack setup() finished in 4.55 sec
2019-07-30 08:02:19.011 1842 INFO rally.task.context [-] Task 19b5bf05-3d7d-46ce-9e44-0424a03cba1c | Context api_versions@openstack setup() finished in 0.42 sec
2019-07-30 08:02:19.012 1842 INFO rally.task.context [-] Task 19b5bf05-3d7d-46ce-9e44-0424a03cba1c | Context admin_cleanup@openstack setup() finished in 0.01 msec
2019-07-30 08:02:19.021 1842 RALLYDEBUG rally.task.runner [-] Starting the constant runner (task UUID: 19b5bf05-3d7d-46ce-9e44-0424a03cba1c). timeout: 0 concurrency: 4 concurrency_per_worker: 1 times: 10 concurrency_overhead: 0 processes_to_start: 4 max_cpu_used: 16
2019-07-30 08:02:19.035 5478 RALLYDEBUG rally.task.runner [-] Starting a worker. concurrency: 1 args: {"consumer": "back-end", "write_iops_sec": "10", "read_iops_sec": "1000", "set_consumer": "both", "set_write_iops_sec": "11", "set_read_iops_sec": "1001"} times: 10 method_name: run timeout: 0 duration: None cls:
2019-07-30 08:02:19.037 5479 RALLYDEBUG rally.task.runner [-] Starting a worker. concurrency: 1 args: {"consumer": "back-end", "write_iops_sec": "10", "read_iops_sec": "1000", "set_consumer": "both", "set_write_iops_sec": "11", "set_read_iops_sec": "1001"} times: 10 method_name: run timeout: 0 duration: None cls:
2019-07-30 08:02:19.040 5480 RALLYDEBUG rally.task.runner [-] Starting a worker. concurrency: 1 args: {"consumer": "back-end", "write_iops_sec": "10", "read_iops_sec": "1000", "set_consumer": "both", "set_write_iops_sec": "11", "set_read_iops_sec": "1001"} times: 10 method_name: run timeout: 0 duration: None cls:
2019-07-30 08:02:19.043 5481 RALLYDEBUG rally.task.runner [-] Starting a worker. concurrency: 1 args: {"consumer": "back-end", "write_iops_sec": "10", "read_iops_sec": "1000", "set_consumer": "both", "set_write_iops_sec": "11", "set_read_iops_sec": "1001"} times: 10 method_name: run timeout: 0 duration: None cls:
2019-07-30 08:02:19.045 5478 INFO rally.task.runner [-] Task 19b5bf05-3d7d-46ce-9e44-0424a03cba1c | ITER: 1 START
2019-07-30 08:02:19.045 5479 INFO rally.task.runner [-] Task 19b5bf05-3d7d-46ce-9e44-0424a03cba1c | ITER: 2 START
2019-07-30 08:02:19.048 5480 INFO rally.task.runner [-] Task 19b5bf05-3d7d-46ce-9e44-0424a03cba1c | ITER: 3 START
2019-07-30 08:02:19.050 5481 INFO rally.task.runner [-] Task 19b5bf05-3d7d-46ce-9e44-0424a03cba1c | ITER: 4 START
2019-07-30 08:02:20.109 5481 INFO rally.task.runner [-] Task 19b5bf05-3d7d-46ce-9e44-0424a03cba1c | ITER: 4 END: OK
2019-07-30 08:02:20.115 5481 INFO rally.task.runner [-] Task 19b5bf05-3d7d-46ce-9e44-0424a03cba1c | ITER: 5 START
2019-07-30 08:02:20.127 5479 INFO rally.task.runner [-] Task 19b5bf05-3d7d-46ce-9e44-0424a03cba1c | ITER: 2 END: OK
2019-07-30 08:02:20.133 5479 INFO rally.task.runner [-] Task 19b5bf05-3d7d-46ce-9e44-0424a03cba1c | ITER: 6 START
2019-07-30 08:02:20.151 5478 INFO rally.task.runner [-] Task 19b5bf05-3d7d-46ce-9e44-0424a03cba1c | ITER: 1 END: OK
2019-07-30 08:02:20.157 5478 INFO rally.task.runner [-] Task 19b5bf05-3d7d-46ce-9e44-0424a03cba1c | ITER: 7 START
2019-07-30 08:02:20.271 5480 INFO rally.task.runner [-] Task 19b5bf05-3d7d-46ce-9e44-0424a03cba1c | ITER: 3 END: OK
2019-07-30 08:02:20.276 5480 INFO rally.task.runner [-] Task 19b5bf05-3d7d-46ce-9e44-0424a03cba1c | ITER: 8 START
2019-07-30 08:02:21.070 5481 INFO rally.task.runner [-] Task 19b5bf05-3d7d-46ce-9e44-0424a03cba1c | ITER: 5 END: OK
2019-07-30 08:02:21.075 5481 INFO rally.task.runner [-] Task 19b5bf05-3d7d-46ce-9e44-0424a03cba1c | ITER: 9 START
2019-07-30 08:02:21.136 5479 INFO rally.task.runner [-] Task 19b5bf05-3d7d-46ce-9e44-0424a03cba1c | ITER: 6 END: OK
2019-07-30 08:02:21.141 5479 INFO rally.task.runner [-] Task 19b5bf05-3d7d-46ce-9e44-0424a03cba1c | ITER: 10 START
2019-07-30 08:02:21.142 5478 INFO rally.task.runner [-] Task 19b5bf05-3d7d-46ce-9e44-0424a03cba1c | ITER: 7 END: OK
2019-07-30 08:02:21.257 5480 INFO rally.task.runner [-] Task 19b5bf05-3d7d-46ce-9e44-0424a03cba1c | ITER: 8 END: OK
2019-07-30 08:02:22.013 5479 INFO rally.task.runner [-] Task 19b5bf05-3d7d-46ce-9e44-0424a03cba1c | ITER: 10 END: OK
2019-07-30 08:02:22.061 5481 INFO rally.task.runner [-] Task 19b5bf05-3d7d-46ce-9e44-0424a03cba1c | ITER: 9 END: OK
2019-07-30 08:02:22.088 1842 INFO rally.task.context [-] Task 19b5bf05-3d7d-46ce-9e44-0424a03cba1c | Context admin_cleanup@openstack cleanup() started
2019-07-30 08:02:22.093 1842 RALLYDEBUG rally_openstack.cleanup.manager [-] Cleaning up cinder volume_types objects
2019-07-30 08:02:22.760 1842 RALLYDEBUG rally_openstack.cleanup.manager [-] Cleaning up cinder image_volumes_cache objects
2019-07-30 08:02:23.913 1842 RALLYDEBUG rally_openstack.cleanup.manager [-] Cleaning up cinder quotas objects
2019-07-30 08:02:25.444 1842 RALLYDEBUG rally_openstack.cleanup.manager [-] Cleaning up cinder qos_specs objects
2019-07-30 08:02:26.167 1842 RALLYDEBUG rally_openstack.cleanup.manager [-] Deleting cinder.qos_specs object s_rally_694ffdeb_Sor5Uz56 (de1007e1-5c3f-4d7a-b577-fe860a00d411)
2019-07-30 08:02:26.170 1842 RALLYDEBUG rally_openstack.cleanup.manager [-] Deleting cinder.qos_specs object s_rally_694ffdeb_i3IxHArH (10ddbd4c-0601-4968-a570-5d67b5700285)
2019-07-30 08:02:26.173 1842 RALLYDEBUG rally_openstack.cleanup.manager [-] Deleting cinder.qos_specs object s_rally_694ffdeb_hN9iN9Gu (d3992a4b-cb51-4d9e-bce7-a5cf9cf04a0f)
2019-07-30 08:02:26.180 1842 RALLYDEBUG rally_openstack.cleanup.manager [-] Deleting cinder.qos_specs object s_rally_694ffdeb_dkgk7P8S (a9220df1-322d-4286-a254-dc7cb159a04d)
2019-07-30 08:02:26.186 1842 RALLYDEBUG rally_openstack.cleanup.manager [-] Deleting cinder.qos_specs object s_rally_694ffdeb_pc2cI5sf (69341184-11f9-4ece-afad-d5df1bf5bb2b)
2019-07-30 08:02:26.195 1842 RALLYDEBUG rally_openstack.cleanup.manager [-] Deleting cinder.qos_specs object s_rally_694ffdeb_mxcOO2yB (3b923bab-8076-4a72-955c-8f222d39934f)
2019-07-30 08:02:26.203 1842 RALLYDEBUG rally_openstack.cleanup.manager [-] Deleting cinder.qos_specs object s_rally_694ffdeb_87TclGvj (e87f4d53-f52d-4da2-8736-e7819daeeb03)
2019-07-30 08:02:26.209 1842 RALLYDEBUG rally_openstack.cleanup.manager [-] Deleting cinder.qos_specs object s_rally_694ffdeb_W4PY6puJ (e00534cb-6bb9-4c74-a28b-77e813c5815b)
2019-07-30 08:02:26.218 1842 RALLYDEBUG rally_openstack.cleanup.manager [-] Deleting cinder.qos_specs object s_rally_694ffdeb_haS4Mt1s (bc550844-1ae9-4b81-a9d7-a246344f88ab)
2019-07-30 08:02:26.246 1842 RALLYDEBUG rally_openstack.cleanup.manager [-] Deleting cinder.qos_specs object s_rally_694ffdeb_6QrsNBZp (0e440b27-61ce-42c4-8cd8-fb4f878717da)
2019-07-30 08:02:28.646 1842 INFO rally.task.context [-] Task 19b5bf05-3d7d-46ce-9e44-0424a03cba1c | Context admin_cleanup@openstack cleanup() finished in 6.56 sec
2019-07-30 08:02:28.646 1842 INFO rally.task.context [-] Task 19b5bf05-3d7d-46ce-9e44-0424a03cba1c | Context api_versions@openstack cleanup() started
2019-07-30 08:02:28.647 1842 INFO rally.task.context [-] Task 19b5bf05-3d7d-46ce-9e44-0424a03cba1c | Context api_versions@openstack cleanup() finished in 0.18 msec
2019-07-30 08:02:28.647 1842 INFO rally.task.context [-] Task 19b5bf05-3d7d-46ce-9e44-0424a03cba1c | Context users@openstack cleanup() started
2019-07-30 08:02:35.704 1842 INFO rally.task.context [-] Task 19b5bf05-3d7d-46ce-9e44-0424a03cba1c | Context users@openstack cleanup() finished in 7.06 sec
2019-07-30 08:02:36.154 1842 INFO rally.task.engine [-] Load duration is: 3.012426
2019-07-30 08:02:36.154 1842 INFO rally.task.engine [-] Full runner duration is: 3.06717
2019-07-30 08:02:36.154 1842 INFO rally.task.engine [-] Full duration is: 21.6659
2019-07-30 08:02:36.379 1842 INFO rally.task.engine [-] Running workload: position = 0 config = { "version": 2, "title": "A cropped version of a bigger task.", "description": "Auto-generated task from a single workload (uuid=d6b1bc7f-65aa-4d7b-9d6b-f11f3ed6bc8e)", "subtasks": [ { "title": "CinderVolumeTypes.create_and_get_volume_type", "description": "Create a volume Type, then get the details of the type.", "scenario": { "CinderVolumeTypes.create_and_get_volume_type": { "description": "rally tests creating types" } }, "contexts": { "users": { "tenants": 3, "users_per_tenant": 2 }, "api_versions": { "cinder": { "version": 3, "service_type": "volumev3" } } }, "runner": { "constant": { "concurrency": 4, "times": 10 } }, "hooks": [], "sla": { "failure_rate": { "max": 0 } } } ] }
2019-07-30 08:02:36.399 1842 RALLYDEBUG rally_openstack.contexts.keystone.users [-] Creating 3 tenants using 20 threads
2019-07-30 08:02:38.229 1842 RALLYDEBUG rally_openstack.contexts.keystone.users [-] Creating 6 users using 20 threads
2019-07-30 08:02:40.889 1842 INFO rally.task.context [-] Task 19b5bf05-3d7d-46ce-9e44-0424a03cba1c | Context users@openstack setup() finished in 4.49 sec
2019-07-30 08:02:41.316 1842 INFO rally.task.context [-] Task 19b5bf05-3d7d-46ce-9e44-0424a03cba1c | Context api_versions@openstack setup() finished in 0.43 sec
2019-07-30 08:02:41.316 1842 INFO rally.task.context [-] Task 19b5bf05-3d7d-46ce-9e44-0424a03cba1c | Context admin_cleanup@openstack setup() finished in 0.01 msec
2019-07-30 08:02:41.324 1842 RALLYDEBUG rally.task.runner [-] Starting the constant runner (task UUID: 19b5bf05-3d7d-46ce-9e44-0424a03cba1c). timeout: 0 concurrency: 4 concurrency_per_worker: 1 times: 10 concurrency_overhead: 0 processes_to_start: 4 max_cpu_used: 16
2019-07-30 08:02:41.336 5662 RALLYDEBUG rally.task.runner [-] Starting a worker. concurrency: 1 args: {"description": "rally tests creating types"} times: 10 method_name: run timeout: 0 duration: None cls:
2019-07-30 08:02:41.338 5663 RALLYDEBUG rally.task.runner [-] Starting a worker. concurrency: 1 args: {"description": "rally tests creating types"} times: 10 method_name: run timeout: 0 duration: None cls:
2019-07-30 08:02:41.340 5664 RALLYDEBUG rally.task.runner [-] Starting a worker. concurrency: 1 args: {"description": "rally tests creating types"} times: 10 method_name: run timeout: 0 duration: None cls:
2019-07-30 08:02:41.344 5663 INFO rally.task.runner [-] Task 19b5bf05-3d7d-46ce-9e44-0424a03cba1c | ITER: 2 START
2019-07-30 08:02:41.345 5662 INFO rally.task.runner [-] Task 19b5bf05-3d7d-46ce-9e44-0424a03cba1c | ITER: 1 START
2019-07-30 08:02:41.346 5664 INFO rally.task.runner [-] Task 19b5bf05-3d7d-46ce-9e44-0424a03cba1c | ITER: 3 START
2019-07-30 08:02:41.346 5665 RALLYDEBUG rally.task.runner [-] Starting a worker. concurrency: 1 args: {"description": "rally tests creating types"} times: 10 method_name: run timeout: 0 duration: None cls:
2019-07-30 08:02:41.353 5665 INFO rally.task.runner [-] Task 19b5bf05-3d7d-46ce-9e44-0424a03cba1c | ITER: 4 START
2019-07-30 08:02:42.429 5665 INFO rally.task.runner [-] Task 19b5bf05-3d7d-46ce-9e44-0424a03cba1c | ITER: 4 END: OK
2019-07-30 08:02:42.433 5664 INFO rally.task.runner [-] Task 19b5bf05-3d7d-46ce-9e44-0424a03cba1c | ITER: 3 END: OK
2019-07-30 08:02:42.434 5665 INFO rally.task.runner [-] Task 19b5bf05-3d7d-46ce-9e44-0424a03cba1c | ITER: 5 START
2019-07-30 08:02:42.438 5664 INFO rally.task.runner [-] Task 19b5bf05-3d7d-46ce-9e44-0424a03cba1c | ITER: 6 START
2019-07-30 08:02:42.441 5663 INFO rally.task.runner [-] Task 19b5bf05-3d7d-46ce-9e44-0424a03cba1c | ITER: 2 END: OK
2019-07-30 08:02:42.446 5663 INFO rally.task.runner [-] Task 19b5bf05-3d7d-46ce-9e44-0424a03cba1c | ITER: 7 START
2019-07-30 08:02:42.448 5662 INFO rally.task.runner [-] Task 19b5bf05-3d7d-46ce-9e44-0424a03cba1c | ITER: 1 END: OK
2019-07-30 08:02:42.453 5662 INFO rally.task.runner [-] Task 19b5bf05-3d7d-46ce-9e44-0424a03cba1c | ITER: 8 START
2019-07-30 08:02:43.413 5664 INFO rally.task.runner [-] Task 19b5bf05-3d7d-46ce-9e44-0424a03cba1c | ITER: 6 END: OK
2019-07-30 08:02:43.417 5664 INFO rally.task.runner [-] Task 19b5bf05-3d7d-46ce-9e44-0424a03cba1c | ITER: 9 START
2019-07-30 08:02:43.446 5662 INFO rally.task.runner [-] Task 19b5bf05-3d7d-46ce-9e44-0424a03cba1c | ITER: 8 END: OK
2019-07-30 08:02:43.450 5662 INFO rally.task.runner [-] Task 19b5bf05-3d7d-46ce-9e44-0424a03cba1c | ITER: 10 START
2019-07-30 08:02:43.501 5663 INFO rally.task.runner [-] Task 19b5bf05-3d7d-46ce-9e44-0424a03cba1c | ITER: 7 END: OK
2019-07-30 08:02:43.573 5665 INFO rally.task.runner [-] Task 19b5bf05-3d7d-46ce-9e44-0424a03cba1c | ITER: 5 END: OK
2019-07-30 08:02:44.322 5664 INFO rally.task.runner [-] Task 19b5bf05-3d7d-46ce-9e44-0424a03cba1c | ITER: 9 END: OK
2019-07-30 08:02:44.383 5662 INFO rally.task.runner [-] Task 19b5bf05-3d7d-46ce-9e44-0424a03cba1c | ITER: 10 END: OK
2019-07-30 08:02:44.405 1842 INFO rally.task.context [-] Task 19b5bf05-3d7d-46ce-9e44-0424a03cba1c | Context admin_cleanup@openstack cleanup() started
2019-07-30 08:02:44.406 1842 RALLYDEBUG rally_openstack.cleanup.manager [-] Cleaning up cinder volume_types objects
2019-07-30 08:02:45.077 1842 RALLYDEBUG rally_openstack.cleanup.manager [-] Deleting cinder.volume_types object s_rally_d6b1bc7f_N0YdUSqe (f4bab675-a928-4682-9511-08ada912ba90)
2019-07-30 08:02:45.081 1842 RALLYDEBUG rally_openstack.cleanup.manager [-] Deleting cinder.volume_types object s_rally_d6b1bc7f_EDSuTSAs (37b01505-3b56-4cb8-96b3-e0952ca1b87f)
2019-07-30 08:02:45.081 1842 RALLYDEBUG rally_openstack.cleanup.manager [-] Deleting cinder.volume_types object s_rally_d6b1bc7f_ilUaHhxM (59b2b971-db5b-40f5-bb10-0bfa6cfbc36b)
2019-07-30 08:02:45.082 1842 RALLYDEBUG rally_openstack.cleanup.manager [-] Deleting cinder.volume_types object s_rally_d6b1bc7f_b8SnEvwi (5af29650-3a94-4b9c-b262-ad81eecea843)
2019-07-30 08:02:45.086 1842 RALLYDEBUG rally_openstack.cleanup.manager [-] Deleting cinder.volume_types object s_rally_d6b1bc7f_SkNtjmNq (df378806-1597-4ad3-983c-bca2b9c4be76)
2019-07-30 08:02:45.093 1842 RALLYDEBUG rally_openstack.cleanup.manager [-] Deleting cinder.volume_types object s_rally_d6b1bc7f_d9UweQYE (03e0d883-27e3-44b1-ae6f-bbd717927855)
2019-07-30 08:02:45.094 1842 RALLYDEBUG rally_openstack.cleanup.manager [-] Deleting cinder.volume_types object s_rally_d6b1bc7f_qaRGBrnN (b74a48a8-f823-437e-a1c0-1d59888607db)
2019-07-30 08:02:45.113 1842 RALLYDEBUG rally_openstack.cleanup.manager [-] Deleting cinder.volume_types object s_rally_d6b1bc7f_1lLJa38u (60b95a79-3fdd-4faa-9de1-1e580b0198ae)
2019-07-30 08:02:45.118 1842 RALLYDEBUG rally_openstack.cleanup.manager [-] Deleting cinder.volume_types object s_rally_d6b1bc7f_J0rbpe8O (dd98013c-125a-450f-a18f-879beb56a9ba)
2019-07-30 08:02:45.119 1842 RALLYDEBUG rally_openstack.cleanup.manager [-] Deleting cinder.volume_types object s_rally_d6b1bc7f_fgdTOjlf (4009741a-cb0f-4827-a1c0-3c99a89e92ba)
2019-07-30 08:02:47.428 1842 RALLYDEBUG rally_openstack.cleanup.manager [-] Cleaning up cinder image_volumes_cache objects
2019-07-30 08:02:48.422 1842 RALLYDEBUG rally_openstack.cleanup.manager [-] Cleaning up cinder quotas objects
2019-07-30 08:02:50.003 1842 RALLYDEBUG rally_openstack.cleanup.manager [-] Cleaning up cinder qos_specs objects
2019-07-30 08:02:50.749 1842 INFO rally.task.context [-] Task 19b5bf05-3d7d-46ce-9e44-0424a03cba1c | Context admin_cleanup@openstack cleanup() finished in 6.34 sec
2019-07-30 08:02:50.749 1842 INFO rally.task.context [-] Task 19b5bf05-3d7d-46ce-9e44-0424a03cba1c | Context api_versions@openstack cleanup() started
2019-07-30 08:02:50.749 1842 INFO rally.task.context [-] Task 19b5bf05-3d7d-46ce-9e44-0424a03cba1c | Context api_versions@openstack cleanup() finished in 0.32 msec
2019-07-30 08:02:50.750 1842 INFO rally.task.context [-] Task 19b5bf05-3d7d-46ce-9e44-0424a03cba1c | Context users@openstack cleanup() started
2019-07-30 08:02:57.428 1842 INFO rally.task.context [-] Task 19b5bf05-3d7d-46ce-9e44-0424a03cba1c | Context users@openstack cleanup() finished in 6.68 sec
2019-07-30 08:02:58.501 1842 INFO rally.task.engine [-] Load duration is: 3.034476
2019-07-30 08:02:58.502 1842 INFO rally.task.engine [-] Full runner duration is: 3.081709
2019-07-30 08:02:58.502 1842 INFO rally.task.engine [-] Full duration is: 21.030827
2019-07-30 08:02:58.712 1842 INFO rally.task.engine [-] Running workload: position = 0 config = { "version": 2, "title": "A cropped version of a bigger task.", "description": "Auto-generated task from a single workload (uuid=d500a174-a647-44d4-9069-3f85c2819695)", "subtasks": [ { "title": "CinderVolumeTypes.create_and_list_volume_types", "description": "Create a volume Type, then list all types.", "scenario": { "CinderVolumeTypes.create_and_list_volume_types": { "description": "rally tests creating types" } }, "contexts": { "users": { "tenants": 3, "users_per_tenant": 2 }, "api_versions": { "cinder": { "version": 3, "service_type": "volumev3" } } }, "runner": { "constant": { "concurrency": 4, "times": 10 } }, "hooks": [], "sla": { "failure_rate": { "max": 0 } } } ] }
2019-07-30 08:02:58.735 1842 RALLYDEBUG rally_openstack.contexts.keystone.users [-] Creating 3 tenants using 20 threads
2019-07-30 08:03:00.593 1842 RALLYDEBUG rally_openstack.contexts.keystone.users [-] Creating 6 users using 20 threads
2019-07-30 08:03:03.309 1842 INFO rally.task.context [-] Task 19b5bf05-3d7d-46ce-9e44-0424a03cba1c | Context users@openstack setup() finished in 4.57 sec
2019-07-30 08:03:03.719 1842 INFO rally.task.context [-] Task 19b5bf05-3d7d-46ce-9e44-0424a03cba1c | Context api_versions@openstack setup() finished in 0.41 sec
2019-07-30 08:03:03.719 1842 INFO rally.task.context [-] Task 19b5bf05-3d7d-46ce-9e44-0424a03cba1c | Context admin_cleanup@openstack setup() finished in 0.01 msec
2019-07-30 08:03:03.726 1842 RALLYDEBUG rally.task.runner [-] Starting the constant runner (task UUID: 19b5bf05-3d7d-46ce-9e44-0424a03cba1c). timeout: 0 concurrency: 4 concurrency_per_worker: 1 times: 10 concurrency_overhead: 0 processes_to_start: 4 max_cpu_used: 16
2019-07-30 08:03:03.738 5846 RALLYDEBUG rally.task.runner [-] Starting a worker. concurrency: 1 args: {"description": "rally tests creating types"} times: 10 method_name: run timeout: 0 duration: None cls:
2019-07-30 08:03:03.742 5847 RALLYDEBUG rally.task.runner [-] Starting a worker. concurrency: 1 args: {"description": "rally tests creating types"} times: 10 method_name: run timeout: 0 duration: None cls:
2019-07-30 08:03:03.744 5848 RALLYDEBUG rally.task.runner [-] Starting a worker. concurrency: 1 args: {"description": "rally tests creating types"} times: 10 method_name: run timeout: 0 duration: None cls:
2019-07-30 08:03:03.746 5849 RALLYDEBUG rally.task.runner [-] Starting a worker. concurrency: 1 args: {"description": "rally tests creating types"} times: 10 method_name: run timeout: 0 duration: None cls:
2019-07-30 08:03:03.748 5846 INFO rally.task.runner [-] Task 19b5bf05-3d7d-46ce-9e44-0424a03cba1c | ITER: 1 START
2019-07-30 08:03:03.750 5847 INFO rally.task.runner [-] Task 19b5bf05-3d7d-46ce-9e44-0424a03cba1c | ITER: 2 START
2019-07-30 08:03:03.751 5849 INFO rally.task.runner [-] Task 19b5bf05-3d7d-46ce-9e44-0424a03cba1c | ITER: 4 START
2019-07-30 08:03:03.751 5848 INFO rally.task.runner [-] Task 19b5bf05-3d7d-46ce-9e44-0424a03cba1c | ITER: 3 START
2019-07-30 08:03:04.809 5848 INFO rally.task.runner [-] Task 19b5bf05-3d7d-46ce-9e44-0424a03cba1c | ITER: 3 END: OK
2019-07-30 08:03:04.814 5848 INFO rally.task.runner [-] Task 19b5bf05-3d7d-46ce-9e44-0424a03cba1c | ITER: 5 START
2019-07-30 08:03:04.820 5846 INFO rally.task.runner [-] Task 19b5bf05-3d7d-46ce-9e44-0424a03cba1c | ITER: 1 END: OK
2019-07-30 08:03:04.826 5846 INFO rally.task.runner [-] Task 19b5bf05-3d7d-46ce-9e44-0424a03cba1c | ITER: 6 START
2019-07-30 08:03:04.838 5849 INFO rally.task.runner [-] Task 19b5bf05-3d7d-46ce-9e44-0424a03cba1c | ITER: 4 END: OK
2019-07-30 08:03:04.838 5847 INFO rally.task.runner [-] Task 19b5bf05-3d7d-46ce-9e44-0424a03cba1c | ITER: 2 END: OK
2019-07-30 08:03:04.842 5847 INFO rally.task.runner [-] Task 19b5bf05-3d7d-46ce-9e44-0424a03cba1c | ITER: 8 START
2019-07-30 08:03:04.842 5849 INFO rally.task.runner [-] Task 19b5bf05-3d7d-46ce-9e44-0424a03cba1c | ITER: 7 START
2019-07-30 08:03:05.779 5848 INFO rally.task.runner [-] Task 19b5bf05-3d7d-46ce-9e44-0424a03cba1c | ITER: 5 END: OK
2019-07-30 08:03:05.784 5848 INFO rally.task.runner [-] Task 19b5bf05-3d7d-46ce-9e44-0424a03cba1c | ITER: 9 START
2019-07-30 08:03:05.817 5846 INFO rally.task.runner [-] Task 19b5bf05-3d7d-46ce-9e44-0424a03cba1c | ITER: 6 END: OK
2019-07-30 08:03:05.821 5846 INFO rally.task.runner [-] Task 19b5bf05-3d7d-46ce-9e44-0424a03cba1c | ITER: 10 START
2019-07-30 08:03:05.841 5847 INFO rally.task.runner [-] Task 19b5bf05-3d7d-46ce-9e44-0424a03cba1c | ITER: 8 END: OK
2019-07-30 08:03:05.850 5849 INFO rally.task.runner [-] Task 19b5bf05-3d7d-46ce-9e44-0424a03cba1c | ITER: 7 END: OK
2019-07-30 08:03:06.667 5848 INFO rally.task.runner [-] Task 19b5bf05-3d7d-46ce-9e44-0424a03cba1c | ITER: 9 END: OK
2019-07-30 08:03:06.859 5846 INFO rally.task.runner [-] Task 19b5bf05-3d7d-46ce-9e44-0424a03cba1c | ITER: 10 END: OK
2019-07-30 08:03:06.881 1842 INFO rally.task.context [-] Task 19b5bf05-3d7d-46ce-9e44-0424a03cba1c | Context admin_cleanup@openstack cleanup() started
2019-07-30 08:03:06.883 1842 RALLYDEBUG rally_openstack.cleanup.manager [-] Cleaning up cinder volume_types objects
2019-07-30 08:03:07.647 1842 RALLYDEBUG rally_openstack.cleanup.manager [-] Deleting cinder.volume_types object s_rally_d500a174_ib8W2ZAt (58e4d42d-aab2-4c96-8868-fa96d19f69cc)
2019-07-30 08:03:07.648 1842 RALLYDEBUG rally_openstack.cleanup.manager [-] Deleting cinder.volume_types object s_rally_d500a174_utMABJh6 (39de7671-e712-4207-a0f5-7d16da725ca1)
2019-07-30 08:03:07.653 1842 RALLYDEBUG rally_openstack.cleanup.manager [-] Deleting cinder.volume_types object s_rally_d500a174_TXaGy1Vq (9318bcf3-824c-4f86-8cfe-4005bef1b551)
2019-07-30 08:03:07.655 1842 RALLYDEBUG rally_openstack.cleanup.manager [-] Deleting cinder.volume_types object s_rally_d500a174_1OHs5TET (f1b4f50c-ec65-4153-9091-9abccda4f357)
2019-07-30 08:03:07.656 1842 RALLYDEBUG rally_openstack.cleanup.manager [-] Deleting cinder.volume_types object s_rally_d500a174_KE0ZwDJi (9f6678a3-5533-473e-911a-5c92db283854)
2019-07-30 08:03:07.658 1842 RALLYDEBUG rally_openstack.cleanup.manager [-] Deleting cinder.volume_types object s_rally_d500a174_LSJzJkdS (e592e494-8966-4035-baf4-31bb2ce95cec)
2019-07-30 08:03:07.667 1842 RALLYDEBUG rally_openstack.cleanup.manager [-] Deleting cinder.volume_types object s_rally_d500a174_kfPRkCMy (8c6920b9-c349-4a7d-9820-9e3e2cdd384c)
2019-07-30 08:03:07.667 1842 RALLYDEBUG rally_openstack.cleanup.manager [-] Deleting cinder.volume_types object s_rally_d500a174_6n014ATx (a79c5ae0-3ce2-44f8-a5e1-ebcc873214a3)
2019-07-30 08:03:07.670 1842 RALLYDEBUG rally_openstack.cleanup.manager [-] Deleting cinder.volume_types object s_rally_d500a174_8IVN8Wnz (2bcdd67f-0c14-4319-8f36-3c77353d9766)
2019-07-30 08:03:07.679 1842 RALLYDEBUG rally_openstack.cleanup.manager [-] Deleting cinder.volume_types object s_rally_d500a174_dmmVn19X (100421ee-5843-4915-b20b-e210836ea6a6)
2019-07-30 08:03:09.938 1842 RALLYDEBUG rally_openstack.cleanup.manager [-] Cleaning up cinder image_volumes_cache objects
2019-07-30 08:03:10.896 1842 RALLYDEBUG rally_openstack.cleanup.manager [-] Cleaning up cinder quotas objects
2019-07-30 08:03:12.491 1842 RALLYDEBUG rally_openstack.cleanup.manager [-] Cleaning up cinder qos_specs objects
2019-07-30 08:03:13.217 1842 INFO rally.task.context [-] Task 19b5bf05-3d7d-46ce-9e44-0424a03cba1c | Context admin_cleanup@openstack cleanup() finished in 6.34 sec
2019-07-30 08:03:13.218 1842 INFO rally.task.context [-] Task 19b5bf05-3d7d-46ce-9e44-0424a03cba1c | Context api_versions@openstack cleanup() started
2019-07-30 08:03:13.218 1842 INFO rally.task.context [-] Task 19b5bf05-3d7d-46ce-9e44-0424a03cba1c | Context api_versions@openstack cleanup() finished in 0.35 msec
2019-07-30 08:03:13.219 1842 INFO rally.task.context [-] Task 19b5bf05-3d7d-46ce-9e44-0424a03cba1c | Context users@openstack cleanup() started
2019-07-30 08:03:20.116 1842 INFO rally.task.context [-] Task 19b5bf05-3d7d-46ce-9e44-0424a03cba1c | Context users@openstack cleanup() finished in 6.90 sec
2019-07-30 08:03:20.838 1842 INFO rally.task.engine [-] Load duration is: 3.10629
2019-07-30 08:03:20.838 1842 INFO rally.task.engine [-] Full runner duration is: 3.155314
2019-07-30 08:03:20.839 1842 INFO rally.task.engine [-] Full duration is: 21.384938
2019-07-30 08:03:21.042 1842 INFO rally.task.engine [-] Running workload: position = 0 config = { "version": 2, "title": "A cropped version of a bigger task.", "description": "Auto-generated task from a single workload (uuid=1a2c9951-34b1-4378-82b9-c594e6babb50)", "subtasks": [ { "title": "CinderVolumeTypes.create_and_update_volume_type", "description": "create a volume type, then update the type.", "scenario": { "CinderVolumeTypes.create_and_update_volume_type": { "description": "test", "update_description": "test update" } }, "contexts": { "users": { "tenants": 3, "users_per_tenant": 2 }, "api_versions": { "cinder": { "version": 3, "service_type": "volumev3" } } }, "runner": { "constant": { "concurrency": 4, "times": 10 } }, "hooks": [], "sla": { "failure_rate": { "max": 0 } } } ] }
2019-07-30 08:03:21.066 1842 RALLYDEBUG rally_openstack.contexts.keystone.users [-] Creating 3 tenants using 20 threads
2019-07-30 08:03:22.902 1842 RALLYDEBUG rally_openstack.contexts.keystone.users [-] Creating 6 users using 20 threads
2019-07-30 08:03:25.696 1842 INFO rally.task.context [-] Task 19b5bf05-3d7d-46ce-9e44-0424a03cba1c | Context users@openstack setup() finished in 4.63 sec
2019-07-30 08:03:26.131 1842 INFO rally.task.context [-] Task 19b5bf05-3d7d-46ce-9e44-0424a03cba1c | Context api_versions@openstack setup() finished in 0.43 sec
2019-07-30 08:03:26.132 1842 INFO rally.task.context [-] Task 19b5bf05-3d7d-46ce-9e44-0424a03cba1c | Context admin_cleanup@openstack setup() finished in 0.00 msec
2019-07-30 08:03:26.138 1842 RALLYDEBUG rally.task.runner [-] Starting the constant runner (task UUID: 19b5bf05-3d7d-46ce-9e44-0424a03cba1c). timeout: 0 concurrency: 4 concurrency_per_worker: 1 times: 10 concurrency_overhead: 0 processes_to_start: 4 max_cpu_used: 16
2019-07-30 08:03:26.151 6030 RALLYDEBUG rally.task.runner [-] Starting a worker. concurrency: 1 args: {"description": "test", "update_description": "test update"} times: 10 method_name: run timeout: 0 duration: None cls:
2019-07-30 08:03:26.152 6031 RALLYDEBUG rally.task.runner [-] Starting a worker. concurrency: 1 args: {"description": "test", "update_description": "test update"} times: 10 method_name: run timeout: 0 duration: None cls:
2019-07-30 08:03:26.153 6032 RALLYDEBUG rally.task.runner [-] Starting a worker. concurrency: 1 args: {"description": "test", "update_description": "test update"} times: 10 method_name: run timeout: 0 duration: None cls:
2019-07-30 08:03:26.157 6032 INFO rally.task.runner [-] Task 19b5bf05-3d7d-46ce-9e44-0424a03cba1c | ITER: 3 START
2019-07-30 08:03:26.159 6031 INFO rally.task.runner [-] Task 19b5bf05-3d7d-46ce-9e44-0424a03cba1c | ITER: 2 START
2019-07-30 08:03:26.159 6030 INFO rally.task.runner [-] Task 19b5bf05-3d7d-46ce-9e44-0424a03cba1c | ITER: 1 START
2019-07-30 08:03:26.159 6033 RALLYDEBUG rally.task.runner [-] Starting a worker. concurrency: 1 args: {"description": "test", "update_description": "test update"} times: 10 method_name: run timeout: 0 duration: None cls:
2019-07-30 08:03:26.166 6033 INFO rally.task.runner [-] Task 19b5bf05-3d7d-46ce-9e44-0424a03cba1c | ITER: 4 START
2019-07-30 08:03:26.600 6032 DEBUG cinderclient.v2.client [-] REQ: curl -g -i -X POST http://172.30.9.24:8776/v3/6e4854748d794ec8a83d63ca9e1ca3ab/types -H "Accept: application/json" -H "Content-Type: application/json" -H "User-Agent: python-cinderclient" -H "X-Auth-Token: {SHA1}cfed98613e3ac22086344bfe650385d4084ab5f5" -d '{"volume_type": {"os-volume-type-access:is_public": true, "name": "s_rally_1a2c9951_HvrPndCp", "description": "test"}}' _http_log_request /usr/lib/python2.7/site-packages/keystoneauth1/session.py:448
2019-07-30 08:03:26.644 6033 DEBUG cinderclient.v2.client [-] REQ: curl -g -i -X POST http://172.30.9.24:8776/v3/6e4854748d794ec8a83d63ca9e1ca3ab/types -H "Accept: application/json" -H "Content-Type: application/json" -H "User-Agent: python-cinderclient" -H "X-Auth-Token: {SHA1}6cdc33972bcf0bc0d3cbedf7f115e4c0141b5ea4" -d '{"volume_type": {"os-volume-type-access:is_public": true, "name": "s_rally_1a2c9951_DQsU2rBZ", "description": "test"}}' _http_log_request /usr/lib/python2.7/site-packages/keystoneauth1/session.py:448
