2019-07-30 07:56:56.045 3966 RALLYDEBUG rally.task.runner [-] Starting a worker. concurrency: 1 args: {"force": false} times: 10 method_name: run timeout: 0 duration: None cls:
2019-07-30 07:56:56.050 3967 RALLYDEBUG rally.task.runner [-] Starting a worker. concurrency: 1 args: {"force": false} times: 10 method_name: run timeout: 0 duration: None cls:
2019-07-30 07:56:56.052 3966 INFO rally.task.runner [-] Task 19b5bf05-3d7d-46ce-9e44-0424a03cba1c | ITER: 1 START
2019-07-30 07:56:56.052 3968 RALLYDEBUG rally.task.runner [-] Starting a worker. concurrency: 1 args: {"force": false} times: 10 method_name: run timeout: 0 duration: None cls:
2019-07-30 07:56:56.055 3969 RALLYDEBUG rally.task.runner [-] Starting a worker. concurrency: 1 args: {"force": false} times: 10 method_name: run timeout: 0 duration: None cls:
2019-07-30 07:56:56.056 3967 INFO rally.task.runner [-] Task 19b5bf05-3d7d-46ce-9e44-0424a03cba1c | ITER: 2 START
2019-07-30 07:56:56.060 3968 INFO rally.task.runner [-] Task 19b5bf05-3d7d-46ce-9e44-0424a03cba1c | ITER: 3 START
2019-07-30 07:56:56.062 3969 INFO rally.task.runner [-] Task 19b5bf05-3d7d-46ce-9e44-0424a03cba1c | ITER: 4 START
2019-07-30 07:56:59.885 3968 RALLYDEBUG rally.task.utils [-] Waiting for resource s_rally_30fee240_cJyv5FvL. Status changed: AVAILABLE => DELETING in 0.0282189846039
2019-07-30 07:56:59.929 3969 RALLYDEBUG rally.task.utils [-] Waiting for resource s_rally_30fee240_VuJalFBT. Status changed: AVAILABLE => DELETING in 0.229796886444
2019-07-30 07:57:00.335 3966 RALLYDEBUG rally.task.utils [-] Waiting for resource s_rally_30fee240_G1DyTzwe. Status changed: AVAILABLE => DELETING in 0.376684904099
2019-07-30 07:57:00.372 3967 RALLYDEBUG rally.task.utils [-] Waiting for resource s_rally_30fee240_r3Qoxizw. Status changed: AVAILABLE => DELETING in 0.336092233658
2019-07-30 07:57:01.952 3969 INFO rally.task.runner [-] Task 19b5bf05-3d7d-46ce-9e44-0424a03cba1c | ITER: 4 END: OK
2019-07-30 07:57:01.958 3969 INFO rally.task.runner [-] Task 19b5bf05-3d7d-46ce-9e44-0424a03cba1c | ITER: 5 START
2019-07-30 07:57:02.101 3968 INFO rally.task.runner [-] Task 19b5bf05-3d7d-46ce-9e44-0424a03cba1c | ITER: 3 END: OK
2019-07-30 07:57:02.106 3968 INFO rally.task.runner [-] Task 19b5bf05-3d7d-46ce-9e44-0424a03cba1c | ITER: 6 START
2019-07-30 07:57:02.402 3967 INFO rally.task.runner [-] Task 19b5bf05-3d7d-46ce-9e44-0424a03cba1c | ITER: 2 END: OK
2019-07-30 07:57:02.407 3967 INFO rally.task.runner [-] Task 19b5bf05-3d7d-46ce-9e44-0424a03cba1c | ITER: 7 START
2019-07-30 07:57:02.547 3966 INFO rally.task.runner [-] Task 19b5bf05-3d7d-46ce-9e44-0424a03cba1c | ITER: 1 END: OK
2019-07-30 07:57:02.553 3966 INFO rally.task.runner [-] Task 19b5bf05-3d7d-46ce-9e44-0424a03cba1c | ITER: 8 START
2019-07-30 07:57:05.797 3967 RALLYDEBUG rally.task.utils [-] Waiting for resource s_rally_30fee240_0dbWV19x. Status changed: AVAILABLE => DELETING in 0.0249180793762
2019-07-30 07:57:06.134 3968 RALLYDEBUG rally.task.utils [-] Waiting for resource s_rally_30fee240_H0o4chGq. Status changed: AVAILABLE => DELETING in 0.211120128632
2019-07-30 07:57:06.196 3969 RALLYDEBUG rally.task.utils [-] Waiting for resource s_rally_30fee240_oKwRrEUe. Status changed: AVAILABLE => DELETING in 0.303467035294
2019-07-30 07:57:06.387 3966 RALLYDEBUG rally.task.utils [-] Waiting for resource s_rally_30fee240_IcEK0qFd. Status changed: AVAILABLE => DELETING in 0.217704057693
2019-07-30 07:57:07.825 3967 INFO rally.task.runner [-] Task 19b5bf05-3d7d-46ce-9e44-0424a03cba1c | ITER: 7 END: OK
2019-07-30 07:57:07.830 3967 INFO rally.task.runner [-] Task 19b5bf05-3d7d-46ce-9e44-0424a03cba1c | ITER: 9 START
2019-07-30 07:57:08.160 3968 INFO rally.task.runner [-] Task 19b5bf05-3d7d-46ce-9e44-0424a03cba1c | ITER: 6 END: OK
2019-07-30 07:57:08.165 3968 INFO rally.task.runner [-] Task 19b5bf05-3d7d-46ce-9e44-0424a03cba1c | ITER: 10 START
2019-07-30 07:57:08.454 3969 INFO rally.task.runner [-] Task 19b5bf05-3d7d-46ce-9e44-0424a03cba1c | ITER: 5 END: OK
2019-07-30 07:57:08.610 3966 INFO rally.task.runner [-] Task 19b5bf05-3d7d-46ce-9e44-0424a03cba1c | ITER: 8 END: OK
2019-07-30 07:57:11.375 3967 RALLYDEBUG rally.task.utils [-] Waiting for resource s_rally_30fee240_czpLj4ZG. Status changed: AVAILABLE => DELETING in 0.0252537727356
2019-07-30 07:57:11.716 3968 RALLYDEBUG rally.task.utils [-] Waiting for resource s_rally_30fee240_nEHKGYDU. Status changed: AVAILABLE => DELETING in 0.291773080826
2019-07-30 07:57:13.598 3967 INFO rally.task.runner [-] Task 19b5bf05-3d7d-46ce-9e44-0424a03cba1c | ITER: 9 END: OK
2019-07-30 07:57:13.927 3968 INFO rally.task.runner [-] Task 19b5bf05-3d7d-46ce-9e44-0424a03cba1c | ITER: 10 END: OK
2019-07-30 07:57:13.955 1842 INFO rally.task.context [-] Task 19b5bf05-3d7d-46ce-9e44-0424a03cba1c | Context cleanup@openstack cleanup() started
2019-07-30 07:57:13.957 1842 RALLYDEBUG rally_openstack.cleanup.manager [-] Cleaning up cinder backups objects
2019-07-30 07:57:15.964 1842 RALLYDEBUG rally_openstack.cleanup.manager [-] Cleaning up cinder volume_snapshots objects
2019-07-30 07:57:18.067 1842 RALLYDEBUG rally_openstack.cleanup.manager [-] Cleaning up cinder transfers objects
2019-07-30 07:57:19.924 1842 RALLYDEBUG rally_openstack.cleanup.manager [-] Cleaning up cinder volumes objects
2019-07-30 07:57:21.896 1842 INFO rally.task.context [-] Task 19b5bf05-3d7d-46ce-9e44-0424a03cba1c | Context cleanup@openstack cleanup() finished in 7.94 sec
2019-07-30 07:57:21.897 1842 INFO rally.task.context [-] Task 19b5bf05-3d7d-46ce-9e44-0424a03cba1c | Context volumes@openstack cleanup() started
2019-07-30 07:57:21.897 1842 RALLYDEBUG rally_openstack.cleanup.manager [-] Cleaning up cinder volumes objects
2019-07-30 07:57:24.045 1842 RALLYDEBUG rally_openstack.cleanup.manager [-] Deleting cinder.volumes object c_rally_30fee240_VsZL9XGu (ed275209-5864-4b00-a379-7bdfaf601846)
2019-07-30 07:57:24.045 1842 RALLYDEBUG rally_openstack.cleanup.manager [-] Deleting cinder.volumes object c_rally_30fee240_gbklbrDA (3e6824e1-495b-48d9-a2ec-20f9c44e41ad)
2019-07-30 07:57:24.048 1842 RALLYDEBUG rally_openstack.cleanup.manager [-] Deleting cinder.volumes object c_rally_30fee240_5mA44ZLe (ee927249-2f73-453c-a51f-65d0e88554fc)
2019-07-30 07:57:27.545 1842 INFO rally.task.context [-] Task 19b5bf05-3d7d-46ce-9e44-0424a03cba1c | Context volumes@openstack cleanup() finished in 5.65 sec
2019-07-30 07:57:27.546 1842 INFO rally.task.context [-] Task 19b5bf05-3d7d-46ce-9e44-0424a03cba1c | Context quotas@openstack cleanup() started
2019-07-30 07:57:27.809 1842 INFO rally.task.context [-] Task 19b5bf05-3d7d-46ce-9e44-0424a03cba1c | Context quotas@openstack cleanup() finished in 0.26 sec
2019-07-30 07:57:27.810 1842 INFO rally.task.context [-] Task 19b5bf05-3d7d-46ce-9e44-0424a03cba1c | Context api_versions@openstack cleanup() started
2019-07-30 07:57:27.810 1842 INFO rally.task.context [-] Task 19b5bf05-3d7d-46ce-9e44-0424a03cba1c | Context api_versions@openstack cleanup() finished in 0.37 msec
2019-07-30 07:57:27.811 1842 INFO rally.task.context [-] Task 19b5bf05-3d7d-46ce-9e44-0424a03cba1c | Context users@openstack cleanup() started
2019-07-30 07:57:34.992 1842 INFO rally.task.context [-] Task 19b5bf05-3d7d-46ce-9e44-0424a03cba1c | Context users@openstack cleanup() finished in 7.18 sec
2019-07-30 07:57:35.154 1842 INFO rally.task.engine [-] Load duration is: 17.872719
2019-07-30 07:57:35.155 1842 INFO rally.task.engine [-] Full runner duration is: 17.920968
2019-07-30 07:57:35.155 1842 INFO rally.task.engine [-] Full duration is: 56.200171
2019-07-30 07:57:35.338 1842 INFO rally.task.engine [-] Running workload: position = 0 config = { "version": 2, "title": "A cropped version of a bigger task.", "description": "Auto-generated task from a single workload (uuid=1bed02d7-4020-46bf-825f-387fb780296d)", "subtasks": [ { "title": "CinderVolumes.create_and_delete_volume", "description": "Create and then delete a volume.", "scenario": { "CinderVolumes.create_and_delete_volume": { "size": { "max": 1, "min": 1 } } }, "contexts": { "users": { "tenants": 3, "users_per_tenant": 2 }, "quotas": { "cinder": { "gigabytes": -1, "snapshots": -1, "volumes": -1 } }, "api_versions": { "cinder": { "version": 3, "service_type": "volumev3" } } }, "runner": { "constant": { "concurrency": 4, "times": 10 } }, "hooks": [], "sla": { "failure_rate": { "max": 0 } } } ] }
2019-07-30 07:57:35.363 1842 RALLYDEBUG rally_openstack.contexts.keystone.users [-] Creating 3 tenants using 20 threads
2019-07-30 07:57:37.145 1842 RALLYDEBUG rally_openstack.contexts.keystone.users [-] Creating 6 users using 20 threads
2019-07-30 07:57:39.879 1842 INFO rally.task.context [-] Task 19b5bf05-3d7d-46ce-9e44-0424a03cba1c | Context users@openstack setup() finished in 4.52 sec
2019-07-30 07:57:40.294 1842 INFO rally.task.context [-] Task 19b5bf05-3d7d-46ce-9e44-0424a03cba1c | Context api_versions@openstack setup() finished in 0.41 sec
2019-07-30 07:57:41.822 1842 INFO rally.task.context [-] Task 19b5bf05-3d7d-46ce-9e44-0424a03cba1c | Context quotas@openstack setup() finished in 1.53 sec
2019-07-30 07:57:41.822 1842 INFO rally.task.context [-] Task 19b5bf05-3d7d-46ce-9e44-0424a03cba1c | Context cleanup@openstack setup() finished in 0.00 msec
2019-07-30 07:57:41.831 1842 RALLYDEBUG rally.task.runner [-] Starting the constant runner (task UUID: 19b5bf05-3d7d-46ce-9e44-0424a03cba1c). timeout: 0 concurrency: 4 concurrency_per_worker: 1 times: 10 concurrency_overhead: 0 processes_to_start: 4 max_cpu_used: 16
2019-07-30 07:57:41.843 4170 RALLYDEBUG rally.task.runner [-] Starting a worker. concurrency: 1 args: {"size": {"max": 1, "min": 1}} times: 10 method_name: run timeout: 0 duration: None cls:
2019-07-30 07:57:41.846 4171 RALLYDEBUG rally.task.runner [-] Starting a worker. concurrency: 1 args: {"size": {"max": 1, "min": 1}} times: 10 method_name: run timeout: 0 duration: None cls:
2019-07-30 07:57:41.849 4172 RALLYDEBUG rally.task.runner [-] Starting a worker. concurrency: 1 args: {"size": {"max": 1, "min": 1}} times: 10 method_name: run timeout: 0 duration: None cls:
2019-07-30 07:57:41.850 4173 RALLYDEBUG rally.task.runner [-] Starting a worker. concurrency: 1 args: {"size": {"max": 1, "min": 1}} times: 10 method_name: run timeout: 0 duration: None cls:
2019-07-30 07:57:41.852 4170 INFO rally.task.runner [-] Task 19b5bf05-3d7d-46ce-9e44-0424a03cba1c | ITER: 1 START
2019-07-30 07:57:41.854 4171 INFO rally.task.runner [-] Task 19b5bf05-3d7d-46ce-9e44-0424a03cba1c | ITER: 2 START
2019-07-30 07:57:41.857 4173 INFO rally.task.runner [-] Task 19b5bf05-3d7d-46ce-9e44-0424a03cba1c | ITER: 4 START
2019-07-30 07:57:41.857 4172 INFO rally.task.runner [-] Task 19b5bf05-3d7d-46ce-9e44-0424a03cba1c | ITER: 3 START
2019-07-30 07:57:45.793 4172 RALLYDEBUG rally.task.utils [-] Waiting for resource s_rally_1bed02d7_x1T8MEG9. Status changed: AVAILABLE => DELETING in 0.0889570713043
2019-07-30 07:57:46.040 4173 RALLYDEBUG rally.task.utils [-] Waiting for resource s_rally_1bed02d7_Sa3AX1wa. Status changed: AVAILABLE => DELETING in 0.403748989105
2019-07-30 07:57:46.076 4170 RALLYDEBUG rally.task.utils [-] Waiting for resource s_rally_1bed02d7_ixHjJoPC. Status changed: AVAILABLE => DELETING in 0.286708116531
2019-07-30 07:57:46.226 4171 RALLYDEBUG rally.task.utils [-] Waiting for resource s_rally_1bed02d7_PkXnM3kd. Status changed: AVAILABLE => DELETING in 0.436494827271
2019-07-30 07:57:48.077 4172 INFO rally.task.runner [-] Task 19b5bf05-3d7d-46ce-9e44-0424a03cba1c | ITER: 3 END: OK
2019-07-30 07:57:48.081 4173 INFO rally.task.runner [-] Task 19b5bf05-3d7d-46ce-9e44-0424a03cba1c | ITER: 4 END: OK
2019-07-30 07:57:48.082 4172 INFO rally.task.runner [-] Task 19b5bf05-3d7d-46ce-9e44-0424a03cba1c | ITER: 5 START
2019-07-30 07:57:48.086 4173 INFO rally.task.runner [-] Task 19b5bf05-3d7d-46ce-9e44-0424a03cba1c | ITER: 6 START
2019-07-30 07:57:48.263 4171 INFO rally.task.runner [-] Task 19b5bf05-3d7d-46ce-9e44-0424a03cba1c | ITER: 2 END: OK
2019-07-30 07:57:48.268 4171 INFO rally.task.runner [-] Task 19b5bf05-3d7d-46ce-9e44-0424a03cba1c | ITER: 7 START
2019-07-30 07:57:48.295 4170 INFO rally.task.runner [-] Task 19b5bf05-3d7d-46ce-9e44-0424a03cba1c | ITER: 1 END: OK
2019-07-30 07:57:48.301 4170 INFO rally.task.runner [-] Task 19b5bf05-3d7d-46ce-9e44-0424a03cba1c | ITER: 8 START
2019-07-30 07:57:51.919 4172 INFO rally.task.runner [-] Task 19b5bf05-3d7d-46ce-9e44-0424a03cba1c | ITER: 5 END: OK
2019-07-30 07:57:51.924 4172 INFO rally.task.runner [-] Task 19b5bf05-3d7d-46ce-9e44-0424a03cba1c | ITER: 9 START
2019-07-30 07:57:52.004 4173 INFO rally.task.runner [-] Task 19b5bf05-3d7d-46ce-9e44-0424a03cba1c | ITER: 6 END: OK
2019-07-30 07:57:52.009 4173 INFO rally.task.runner [-] Task 19b5bf05-3d7d-46ce-9e44-0424a03cba1c | ITER: 10 START
2019-07-30 07:57:52.512 4171 INFO rally.task.runner [-] Task 19b5bf05-3d7d-46ce-9e44-0424a03cba1c | ITER: 7 END: OK
2019-07-30 07:57:52.557 4170 RALLYDEBUG rally.task.utils [-] Waiting for resource s_rally_1bed02d7_xp74QNmI. Status changed: AVAILABLE => DELETING in 0.285537004471
2019-07-30 07:57:54.781 4170 INFO rally.task.runner [-] Task 19b5bf05-3d7d-46ce-9e44-0424a03cba1c | ITER: 8 END: OK
2019-07-30 07:57:55.973 4172 INFO rally.task.runner [-] Task 19b5bf05-3d7d-46ce-9e44-0424a03cba1c | ITER: 9 END: OK
2019-07-30 07:57:56.158 4173 RALLYDEBUG rally.task.utils [-] Waiting for resource s_rally_1bed02d7_uOdJckY3. Status changed: AVAILABLE => DELETING in 0.246595144272
2019-07-30 07:57:58.199 4173 INFO rally.task.runner [-] Task 19b5bf05-3d7d-46ce-9e44-0424a03cba1c | ITER: 10 END: OK
2019-07-30 07:57:58.217 1842 INFO rally.task.context [-] Task 19b5bf05-3d7d-46ce-9e44-0424a03cba1c | Context cleanup@openstack cleanup() started
2019-07-30 07:57:58.219 1842 RALLYDEBUG rally_openstack.cleanup.manager [-] Cleaning up cinder backups objects
2019-07-30 07:58:00.239 1842 RALLYDEBUG rally_openstack.cleanup.manager [-] Cleaning up cinder volume_snapshots objects
2019-07-30 07:58:02.204 1842 RALLYDEBUG rally_openstack.cleanup.manager [-] Cleaning up cinder transfers objects
2019-07-30 07:58:04.201 1842 RALLYDEBUG rally_openstack.cleanup.manager [-] Cleaning up cinder volumes objects
2019-07-30 07:58:06.148 1842 INFO rally.task.context [-] Task 19b5bf05-3d7d-46ce-9e44-0424a03cba1c | Context cleanup@openstack cleanup() finished in 7.93 sec
2019-07-30 07:58:06.149 1842 INFO rally.task.context [-] Task 19b5bf05-3d7d-46ce-9e44-0424a03cba1c | Context quotas@openstack cleanup() started
2019-07-30 07:58:06.594 1842 INFO rally.task.context [-] Task 19b5bf05-3d7d-46ce-9e44-0424a03cba1c | Context quotas@openstack cleanup() finished in 0.44 sec
2019-07-30 07:58:06.594 1842 INFO rally.task.context [-] Task 19b5bf05-3d7d-46ce-9e44-0424a03cba1c | Context api_versions@openstack cleanup() started
2019-07-30 07:58:06.594 1842 INFO rally.task.context [-] Task 19b5bf05-3d7d-46ce-9e44-0424a03cba1c | Context api_versions@openstack cleanup() finished in 0.33 msec
2019-07-30 07:58:06.595 1842 INFO rally.task.context [-] Task 19b5bf05-3d7d-46ce-9e44-0424a03cba1c | Context users@openstack cleanup() started
2019-07-30 07:58:13.447 1842 INFO rally.task.context [-] Task 19b5bf05-3d7d-46ce-9e44-0424a03cba1c | Context users@openstack cleanup() finished in 6.85 sec
2019-07-30 07:58:13.534 1842 INFO rally.task.engine [-] Load duration is: 16.342434
2019-07-30 07:58:13.534 1842 INFO rally.task.engine [-] Full runner duration is: 16.387685
2019-07-30 07:58:13.535 1842 INFO rally.task.engine [-] Full duration is: 38.087731
2019-07-30 07:58:13.693 1842 INFO rally.task.engine [-] Running workload: position = 1 config = { "version": 2, "title": "A cropped version of a bigger task.", "description": "Auto-generated task from a single workload (uuid=af5cd61c-affd-4f3f-a305-3bb39f58f545)", "subtasks": [ { "title": "CinderVolumes.create_and_delete_volume", "description": "Create and then delete a volume.", "scenario": { "CinderVolumes.create_and_delete_volume": { "image": { "name": "rally_full-img_f4b3ecee-a82f-4832-95a8-3b2a0a2246c8" }, "size": 1 } }, "contexts": { "users": { "tenants": 3, "users_per_tenant": 2 }, "quotas": { "cinder": { "gigabytes": -1, "snapshots": -1, "volumes": -1 } }, "api_versions": { "cinder": { "version": 3, "service_type": "volumev3" } } }, "runner": { "constant": { "concurrency": 4, "times": 10 } }, "hooks": [], "sla": { "failure_rate": { "max": 0 } } } ] }
2019-07-30 07:58:13.722 1842 RALLYDEBUG rally_openstack.contexts.keystone.users [-] Creating 3 tenants using 20 threads
2019-07-30 07:58:15.462 1842 RALLYDEBUG rally_openstack.contexts.keystone.users [-] Creating 6 users using 20 threads
2019-07-30 07:58:18.202 1842 INFO rally.task.context [-] Task 19b5bf05-3d7d-46ce-9e44-0424a03cba1c | Context users@openstack setup() finished in 4.48 sec
2019-07-30 07:58:18.614 1842 INFO rally.task.context [-] Task 19b5bf05-3d7d-46ce-9e44-0424a03cba1c | Context api_versions@openstack setup() finished in 0.41 sec
2019-07-30 07:58:20.119 1842 INFO rally.task.context [-] Task 19b5bf05-3d7d-46ce-9e44-0424a03cba1c | Context quotas@openstack setup() finished in 1.50 sec
2019-07-30 07:58:20.119 1842 INFO rally.task.context [-] Task 19b5bf05-3d7d-46ce-9e44-0424a03cba1c | Context cleanup@openstack setup() finished in 0.01 msec
2019-07-30 07:58:21.335 1842 RALLYDEBUG rally.task.runner [-] Starting the constant runner (task UUID: 19b5bf05-3d7d-46ce-9e44-0424a03cba1c). timeout: 0 concurrency: 4 concurrency_per_worker: 1 times: 10 concurrency_overhead: 0 processes_to_start: 4 max_cpu_used: 16
2019-07-30 07:58:21.348 4354 RALLYDEBUG rally.task.runner [-] Starting a worker. concurrency: 1 args: {"image": "17307e1f-063b-4c52-b9aa-4731eba1a257", "size": 1} times: 10 method_name: run timeout: 0 duration: None cls:
2019-07-30 07:58:21.351 4355 RALLYDEBUG rally.task.runner [-] Starting a worker. concurrency: 1 args: {"image": "17307e1f-063b-4c52-b9aa-4731eba1a257", "size": 1} times: 10 method_name: run timeout: 0 duration: None cls:
2019-07-30 07:58:21.354 4356 RALLYDEBUG rally.task.runner [-] Starting a worker. concurrency: 1 args: {"image": "17307e1f-063b-4c52-b9aa-4731eba1a257", "size": 1} times: 10 method_name: run timeout: 0 duration: None cls:
2019-07-30 07:58:21.356 4354 INFO rally.task.runner [-] Task 19b5bf05-3d7d-46ce-9e44-0424a03cba1c | ITER: 1 START
2019-07-30 07:58:21.357 4357 RALLYDEBUG rally.task.runner [-] Starting a worker. concurrency: 1 args: {"image": "17307e1f-063b-4c52-b9aa-4731eba1a257", "size": 1} times: 10 method_name: run timeout: 0 duration: None cls:
2019-07-30 07:58:21.360 4355 INFO rally.task.runner [-] Task 19b5bf05-3d7d-46ce-9e44-0424a03cba1c | ITER: 2 START
2019-07-30 07:58:21.362 4356 INFO rally.task.runner [-] Task 19b5bf05-3d7d-46ce-9e44-0424a03cba1c | ITER: 3 START
2019-07-30 07:58:21.365 4357 INFO rally.task.runner [-] Task 19b5bf05-3d7d-46ce-9e44-0424a03cba1c | ITER: 4 START
2019-07-30 07:58:25.553 4354 RALLYDEBUG rally.task.utils [-] Waiting for resource s_rally_af5cd61c_eqHh8RoK. Status changed: CREATING => DOWNLOADING in 0.870164871216
2019-07-30 07:58:27.614 4354 RALLYDEBUG rally.task.utils [-] Waiting for resource s_rally_af5cd61c_eqHh8RoK. Status changed: DOWNLOADING => AVAILABLE in 2.06108117104
2019-07-30 07:58:27.646 4355 RALLYDEBUG rally.task.utils [-] Waiting for resource s_rally_af5cd61c_zXJbd2fg. Status changed: CREATING => DOWNLOADING in 2.96564006805
2019-07-30 07:58:27.916 4356 RALLYDEBUG rally.task.utils [-] Waiting for resource s_rally_af5cd61c_RcmpdcFr. Status changed: DOWNLOADING => AVAILABLE in 2.7362408638
2019-07-30 07:58:27.946 4354 RALLYDEBUG rally.task.utils [-] Waiting for resource s_rally_af5cd61c_eqHh8RoK. Status changed: AVAILABLE => DELETING in 0.250048160553
2019-07-30 07:58:28.143 4357 RALLYDEBUG rally.task.utils [-] Waiting for resource s_rally_af5cd61c_2EVrggoz. Status changed: DOWNLOADING => AVAILABLE in 3.03716087341
2019-07-30 07:58:28.303 4357 RALLYDEBUG rally.task.utils [-] Waiting for resource s_rally_af5cd61c_2EVrggoz. Status changed: AVAILABLE => DELETING in 0.0627689361572
2019-07-30 07:58:28.466 4356 RALLYDEBUG rally.task.utils [-] Waiting for resource s_rally_af5cd61c_RcmpdcFr. Status changed: AVAILABLE => DELETING in 0.245256900787
2019-07-30 07:58:29.897 4355 RALLYDEBUG rally.task.utils [-] Waiting for resource s_rally_af5cd61c_zXJbd2fg. Status changed: DOWNLOADING => AVAILABLE in 2.25074505806
2019-07-30 07:58:30.166 4354 INFO rally.task.runner [-] Task 19b5bf05-3d7d-46ce-9e44-0424a03cba1c | ITER: 1 END: OK
2019-07-30 07:58:30.172 4354 INFO rally.task.runner [-] Task 19b5bf05-3d7d-46ce-9e44-0424a03cba1c | ITER: 5 START
2019-07-30 07:58:30.305 4355 RALLYDEBUG rally.task.utils [-] Waiting for resource s_rally_af5cd61c_zXJbd2fg. Status changed: AVAILABLE => DELETING in 0.0539119243622
2019-07-30 07:58:30.352 4357 INFO rally.task.runner [-] Task 19b5bf05-3d7d-46ce-9e44-0424a03cba1c | ITER: 4 END: OK
2019-07-30 07:58:30.357 4357 INFO rally.task.runner [-] Task 19b5bf05-3d7d-46ce-9e44-0424a03cba1c | ITER: 6 START
2019-07-30 07:58:30.502 4356 INFO rally.task.runner [-] Task 19b5bf05-3d7d-46ce-9e44-0424a03cba1c | ITER: 3 END: OK
2019-07-30 07:58:30.508 4356 INFO rally.task.runner [-] Task 19b5bf05-3d7d-46ce-9e44-0424a03cba1c | ITER: 7 START
2019-07-30 07:58:32.623 4355 INFO rally.task.runner [-] Task 19b5bf05-3d7d-46ce-9e44-0424a03cba1c | ITER: 2 END: OK
2019-07-30 07:58:32.629 4355 INFO rally.task.runner [-] Task 19b5bf05-3d7d-46ce-9e44-0424a03cba1c | ITER: 8 START
2019-07-30 07:58:36.192 4355 RALLYDEBUG rally.task.utils [-] Waiting for resource s_rally_af5cd61c_WrCvazON. Status changed: CREATING => DOWNLOADING in 0.337037086487
2019-07-30 07:58:36.375 4357 RALLYDEBUG rally.task.utils [-] Waiting for resource s_rally_af5cd61c_AnUEOTSu. Status changed: DOWNLOADING => AVAILABLE in 2.57834601402
2019-07-30 07:58:36.673 4354 RALLYDEBUG rally.task.utils [-] Waiting for resource s_rally_af5cd61c_lRFDJpXa. Status changed: DOWNLOADING => AVAILABLE in 3.03944683075
2019-07-30 07:58:36.756 4356 RALLYDEBUG rally.task.utils [-] Waiting for resource s_rally_af5cd61c_Dra0gsLP. Status changed: DOWNLOADING => AVAILABLE in 2.86690115929
2019-07-30 07:58:36.908 4357 RALLYDEBUG rally.task.utils [-] Waiting for resource s_rally_af5cd61c_AnUEOTSu. Status changed: AVAILABLE => DELETING in 0.257188081741
2019-07-30 07:58:37.017 4354 RALLYDEBUG rally.task.utils [-] Waiting for resource s_rally_af5cd61c_lRFDJpXa. Status changed: AVAILABLE => DELETING in 0.262004137039
2019-07-30 07:58:37.476 4356 RALLYDEBUG rally.task.utils [-] Waiting for resource s_rally_af5cd61c_Dra0gsLP. Status changed: AVAILABLE => DELETING in 0.347056865692
2019-07-30 07:58:38.652 4355 RALLYDEBUG rally.task.utils [-] Waiting for resource s_rally_af5cd61c_WrCvazON. Status changed: DOWNLOADING => AVAILABLE in 2.45911502838
2019-07-30 07:58:38.947 4357 INFO rally.task.runner [-] Task 19b5bf05-3d7d-46ce-9e44-0424a03cba1c | ITER: 6 END: OK
2019-07-30 07:58:38.952 4357 INFO rally.task.runner [-] Task 19b5bf05-3d7d-46ce-9e44-0424a03cba1c | ITER: 9 START
2019-07-30 07:58:39.139 4355 INFO rally.task.runner [-] Task 19b5bf05-3d7d-46ce-9e44-0424a03cba1c | ITER: 8 END: OK
2019-07-30 07:58:39.143 4355 INFO rally.task.runner [-] Task 19b5bf05-3d7d-46ce-9e44-0424a03cba1c | ITER: 10 START
2019-07-30 07:58:39.364 4354 INFO rally.task.runner [-] Task 19b5bf05-3d7d-46ce-9e44-0424a03cba1c | ITER: 5 END: OK
2019-07-30 07:58:39.530 4356 INFO rally.task.runner [-] Task 19b5bf05-3d7d-46ce-9e44-0424a03cba1c | ITER: 7 END: OK
2019-07-30 07:58:45.001 4357 RALLYDEBUG rally.task.utils [-] Waiting for resource s_rally_af5cd61c_zrGyXe2z. Status changed: DOWNLOADING => AVAILABLE in 2.8347389698
2019-07-30 07:58:45.277 4355 RALLYDEBUG rally.task.utils [-] Waiting for resource s_rally_af5cd61c_iDe7jad6. Status changed: DOWNLOADING => AVAILABLE in 2.81823706627
2019-07-30 07:58:45.402 4357 RALLYDEBUG rally.task.utils [-] Waiting for resource s_rally_af5cd61c_zrGyXe2z. Status changed: AVAILABLE => DELETING in 0.0565600395203
2019-07-30 07:58:45.587 4355 RALLYDEBUG rally.task.utils [-] Waiting for resource s_rally_af5cd61c_iDe7jad6. Status changed: AVAILABLE => DELETING in 0.0512590408325
2019-07-30 07:58:47.709 4357 INFO rally.task.runner [-] Task 19b5bf05-3d7d-46ce-9e44-0424a03cba1c | ITER: 9 END: OK
2019-07-30 07:58:47.894 4355 INFO rally.task.runner [-] Task 19b5bf05-3d7d-46ce-9e44-0424a03cba1c | ITER: 10 END: OK
2019-07-30 07:58:47.913 1842 INFO rally.task.context [-] Task 19b5bf05-3d7d-46ce-9e44-0424a03cba1c | Context cleanup@openstack cleanup() started
2019-07-30 07:58:47.916 1842 RALLYDEBUG rally_openstack.cleanup.manager [-] Cleaning up cinder backups objects
2019-07-30 07:58:49.870 1842 RALLYDEBUG rally_openstack.cleanup.manager [-] Cleaning up cinder volume_snapshots objects
2019-07-30 07:58:51.847 1842 RALLYDEBUG rally_openstack.cleanup.manager [-] Cleaning up cinder transfers objects
2019-07-30 07:58:53.910 1842 RALLYDEBUG rally_openstack.cleanup.manager [-] Cleaning up cinder volumes objects
2019-07-30 07:58:56.050 1842 INFO rally.task.context [-] Task 19b5bf05-3d7d-46ce-9e44-0424a03cba1c | Context cleanup@openstack cleanup() finished in 8.14 sec
2019-07-30 07:58:56.050 1842 INFO rally.task.context [-] Task 19b5bf05-3d7d-46ce-9e44-0424a03cba1c | Context quotas@openstack cleanup() started
2019-07-30 07:58:56.330 1842 INFO rally.task.context [-] Task 19b5bf05-3d7d-46ce-9e44-0424a03cba1c | Context quotas@openstack cleanup() finished in 0.28 sec
2019-07-30 07:58:56.330 1842 INFO rally.task.context [-] Task 19b5bf05-3d7d-46ce-9e44-0424a03cba1c | Context api_versions@openstack cleanup() started
2019-07-30 07:58:56.331 1842 INFO rally.task.context [-] Task 19b5bf05-3d7d-46ce-9e44-0424a03cba1c | Context api_versions@openstack cleanup() finished in 0.32 msec
2019-07-30 07:58:56.331 1842 INFO rally.task.context [-] Task 19b5bf05-3d7d-46ce-9e44-0424a03cba1c | Context users@openstack cleanup() started
2019-07-30 07:59:03.494 1842 INFO rally.task.context [-] Task 19b5bf05-3d7d-46ce-9e44-0424a03cba1c | Context users@openstack cleanup() finished in 7.16 sec
2019-07-30 07:59:03.943 1842 INFO rally.task.engine [-] Load duration is: 26.534384
2019-07-30 07:59:03.944 1842 INFO rally.task.engine [-] Full runner duration is: 26.578947
2019-07-30 07:59:03.944 1842 INFO rally.task.engine [-] Full duration is: 49.779718
2019-07-30 07:59:04.083 1842 INFO rally.task.engine [-] Running workload: position = 2 config = { "version": 2, "title": "A cropped version of a bigger task.", "description": "Auto-generated task from a single workload (uuid=6b433d21-b9b2-49a1-a367-63a1e7e3af6d)", "subtasks": [ { "title": "CinderVolumes.create_and_delete_volume", "description": "Create and then delete a volume.", "scenario": { "CinderVolumes.create_and_delete_volume": { "size": 1 } }, "contexts": { "users": { "tenants": 3, "users_per_tenant": 2 }, "quotas": { "cinder": { "gigabytes": -1, "snapshots": -1, "volumes": -1 } }, "api_versions": { "cinder": { "version": 3, "service_type": "volumev3" } } }, "runner": { "constant": { "concurrency": 4, "times": 10 } }, "hooks": [], "sla": { "failure_rate": { "max": 0 } } } ] }
2019-07-30 07:59:04.107 1842 RALLYDEBUG rally_openstack.contexts.keystone.users [-] Creating 3 tenants using 20 threads
2019-07-30 07:59:05.896 1842 RALLYDEBUG rally_openstack.contexts.keystone.users [-] Creating 6 users using 20 threads
2019-07-30 07:59:08.532 1842 INFO rally.task.context [-] Task 19b5bf05-3d7d-46ce-9e44-0424a03cba1c | Context users@openstack setup() finished in 4.42 sec
2019-07-30 07:59:09.044 1842 INFO rally.task.context [-] Task 19b5bf05-3d7d-46ce-9e44-0424a03cba1c | Context api_versions@openstack setup() finished in 0.51 sec
2019-07-30 07:59:10.544 1842 INFO rally.task.context [-] Task 19b5bf05-3d7d-46ce-9e44-0424a03cba1c | Context quotas@openstack setup() finished in 1.50 sec
2019-07-30 07:59:10.544 1842 INFO rally.task.context [-] Task 19b5bf05-3d7d-46ce-9e44-0424a03cba1c | Context cleanup@openstack setup() finished in 0.01 msec
2019-07-30 07:59:10.553 1842 RALLYDEBUG rally.task.runner [-] Starting the constant runner (task UUID: 19b5bf05-3d7d-46ce-9e44-0424a03cba1c). timeout: 0 concurrency: 4 concurrency_per_worker: 1 times: 10 concurrency_overhead: 0 processes_to_start: 4 max_cpu_used: 16
2019-07-30 07:59:10.566 4538 RALLYDEBUG rally.task.runner [-] Starting a worker. concurrency: 1 args: {"size": 1} times: 10 method_name: run timeout: 0 duration: None cls:
2019-07-30 07:59:10.569 4539 RALLYDEBUG rally.task.runner [-] Starting a worker. concurrency: 1 args: {"size": 1} times: 10 method_name: run timeout: 0 duration: None cls:
2019-07-30 07:59:10.573 4540 RALLYDEBUG rally.task.runner [-] Starting a worker. concurrency: 1 args: {"size": 1} times: 10 method_name: run timeout: 0 duration: None cls:
2019-07-30 07:59:10.574 4541 RALLYDEBUG rally.task.runner [-] Starting a worker. concurrency: 1 args: {"size": 1} times: 10 method_name: run timeout: 0 duration: None cls:
2019-07-30 07:59:10.575 4538 INFO rally.task.runner [-] Task 19b5bf05-3d7d-46ce-9e44-0424a03cba1c | ITER: 1 START
2019-07-30 07:59:10.577 4539 INFO rally.task.runner [-] Task 19b5bf05-3d7d-46ce-9e44-0424a03cba1c | ITER: 2 START
2019-07-30 07:59:10.580 4541 INFO rally.task.runner [-] Task 19b5bf05-3d7d-46ce-9e44-0424a03cba1c | ITER: 4 START
2019-07-30 07:59:10.582 4540 INFO rally.task.runner [-] Task 19b5bf05-3d7d-46ce-9e44-0424a03cba1c | ITER: 3 START
2019-07-30 07:59:14.416 4541 INFO rally.task.runner [-] Task 19b5bf05-3d7d-46ce-9e44-0424a03cba1c | ITER: 4 END: OK
2019-07-30 07:59:14.422 4541 INFO rally.task.runner [-] Task 19b5bf05-3d7d-46ce-9e44-0424a03cba1c | ITER: 5 START
2019-07-30 07:59:14.624 4538 RALLYDEBUG rally.task.utils [-] Waiting for resource s_rally_6b433d21_naNsnhKX. Status changed: AVAILABLE => DELETING in 0.0758168697357
2019-07-30 07:59:14.834 4539 INFO rally.task.runner [-] Task 19b5bf05-3d7d-46ce-9e44-0424a03cba1c | ITER: 2 END: OK
2019-07-30 07:59:14.838 4539 INFO rally.task.runner [-] Task 19b5bf05-3d7d-46ce-9e44-0424a03cba1c | ITER: 6 START
2019-07-30 07:59:15.230 4540 RALLYDEBUG rally.task.utils [-] Waiting for resource s_rally_6b433d21_KWfg61GL. Status changed: AVAILABLE => DELETING in 0.372030973434
2019-07-30 07:59:16.848 4538 INFO rally.task.runner [-] Task 19b5bf05-3d7d-46ce-9e44-0424a03cba1c | ITER: 1 END: OK
2019-07-30 07:59:16.854 4538 INFO rally.task.runner [-] Task 19b5bf05-3d7d-46ce-9e44-0424a03cba1c | ITER: 7 START
2019-07-30 07:59:17.464 4540 INFO rally.task.runner [-] Task 19b5bf05-3d7d-46ce-9e44-0424a03cba1c | ITER: 3 END: OK
2019-07-30 07:59:17.471 4540 INFO rally.task.runner [-] Task 19b5bf05-3d7d-46ce-9e44-0424a03cba1c | ITER: 8 START
2019-07-30 07:59:18.176 4541 RALLYDEBUG rally.task.utils [-] Waiting for resource s_rally_6b433d21_rH3CkE8d. Status changed: AVAILABLE => DELETING in 0.0576479434967
2019-07-30 07:59:18.949 4539 INFO rally.task.runner [-] Task 19b5bf05-3d7d-46ce-9e44-0424a03cba1c | ITER: 6 END: OK
2019-07-30 07:59:18.954 4539 INFO rally.task.runner [-] Task 19b5bf05-3d7d-46ce-9e44-0424a03cba1c | ITER: 9 START
2019-07-30 07:59:20.423 4541 INFO rally.task.runner [-] Task 19b5bf05-3d7d-46ce-9e44-0424a03cba1c | ITER: 5 END: OK
2019-07-30 07:59:20.427 4541 INFO rally.task.runner [-] Task 19b5bf05-3d7d-46ce-9e44-0424a03cba1c | ITER: 10 START
2019-07-30 07:59:20.835 4538 INFO rally.task.runner [-] Task 19b5bf05-3d7d-46ce-9e44-0424a03cba1c | ITER: 7 END: OK
2019-07-30 07:59:21.247 4540 INFO rally.task.runner [-] Task 19b5bf05-3d7d-46ce-9e44-0424a03cba1c | ITER: 8 END: OK
2019-07-30 07:59:22.640 4539 INFO rally.task.runner [-] Task 19b5bf05-3d7d-46ce-9e44-0424a03cba1c | ITER: 9 END: OK
2019-07-30 07:59:24.429 4541 INFO rally.task.runner [-] Task 19b5bf05-3d7d-46ce-9e44-0424a03cba1c | ITER: 10 END: OK
2019-07-30 07:59:24.458 1842 INFO rally.task.context [-] Task 19b5bf05-3d7d-46ce-9e44-0424a03cba1c | Context cleanup@openstack cleanup() started
2019-07-30 07:59:24.460 1842 RALLYDEBUG rally_openstack.cleanup.manager [-] Cleaning up cinder backups objects
2019-07-30 07:59:26.412 1842 RALLYDEBUG rally_openstack.cleanup.manager [-] Cleaning up cinder volume_snapshots objects
2019-07-30 07:59:28.358 1842 RALLYDEBUG rally_openstack.cleanup.manager [-] Cleaning up cinder transfers objects
2019-07-30 07:59:30.278 1842 RALLYDEBUG rally_openstack.cleanup.manager [-] Cleaning up cinder volumes objects
2019-07-30 07:59:32.198 1842 INFO rally.task.context [-] Task 19b5bf05-3d7d-46ce-9e44-0424a03cba1c | Context cleanup@openstack cleanup() finished in 7.74 sec
2019-07-30 07:59:32.198 1842 INFO rally.task.context [-] Task 19b5bf05-3d7d-46ce-9e44-0424a03cba1c | Context quotas@openstack cleanup() started
2019-07-30 07:59:32.639 1842 INFO rally.task.context [-] Task 19b5bf05-3d7d-46ce-9e44-0424a03cba1c | Context quotas@openstack cleanup() finished in 0.44 sec
2019-07-30 07:59:32.639 1842 INFO rally.task.context [-] Task 19b5bf05-3d7d-46ce-9e44-0424a03cba1c | Context api_versions@openstack cleanup() started
2019-07-30 07:59:32.639 1842 INFO rally.task.context [-] Task 19b5bf05-3d7d-46ce-9e44-0424a03cba1c | Context api_versions@openstack cleanup() finished in 0.32 msec
2019-07-30 07:59:32.640 1842 INFO rally.task.context [-] Task 19b5bf05-3d7d-46ce-9e44-0424a03cba1c | Context users@openstack cleanup() started
2019-07-30 07:59:39.406 1842 INFO rally.task.context [-] Task 19b5bf05-3d7d-46ce-9e44-0424a03cba1c | Context users@openstack cleanup() finished in 6.77 sec
2019-07-30 07:59:40.267 1842 INFO rally.task.engine [-] Load duration is: 13.850873
2019-07-30 07:59:40.267 1842 INFO rally.task.engine [-] Full runner duration is: 13.906132
2019-07-30 07:59:40.268 1842 INFO rally.task.engine [-] Full duration is: 35.303245
2019-07-30 07:59:40.473 1842 INFO rally.task.engine [-] Running workload: position = 0 config = { "version": 2, "title": "A cropped version of a bigger task.", "description": "Auto-generated task from a single workload (uuid=0265747a-f738-444d-956d-2a722cdd2a3c)", "subtasks": [ { "title": "CinderVolumes.create_and_extend_volume", "description": "Create and extend a volume and then delete it.", "scenario": { "CinderVolumes.create_and_extend_volume": { "new_size": 2, "size": 1 } }, "contexts": { "users": { "tenants": 3, "users_per_tenant": 2 }, "quotas": { "cinder": { "gigabytes": -1, "snapshots": -1, "volumes": -1 } }, "api_versions": { "cinder": { "version": 3, "service_type": "volumev3" } } }, "runner": { "constant": { "concurrency": 4, "times": 10 } }, "hooks": [], "sla": { "failure_rate": { "max": 0 } } } ] }
2019-07-30 07:59:40.495 1842 RALLYDEBUG rally_openstack.contexts.keystone.users [-] Creating 3 tenants using 20 threads
2019-07-30 07:59:42.286 1842 RALLYDEBUG rally_openstack.contexts.keystone.users [-] Creating 6 users using 20 threads
2019-07-30 07:59:44.949 1842 INFO rally.task.context [-] Task 19b5bf05-3d7d-46ce-9e44-0424a03cba1c | Context users@openstack setup() finished in 4.45 sec
2019-07-30 07:59:45.362 1842 INFO rally.task.context [-] Task 19b5bf05-3d7d-46ce-9e44-0424a03cba1c | Context api_versions@openstack setup() finished in 0.41 sec
2019-07-30 07:59:46.957 1842 INFO rally.task.context [-] Task 19b5bf05-3d7d-46ce-9e44-0424a03cba1c | Context quotas@openstack setup() finished in 1.59 sec
2019-07-30 07:59:46.958 1842 INFO rally.task.context [-] Task 19b5bf05-3d7d-46ce-9e44-0424a03cba1c | Context cleanup@openstack setup() finished in 0.00 msec
2019-07-30 07:59:46.965 1842 RALLYDEBUG rally.task.runner [-] Starting the constant runner (task UUID: 19b5bf05-3d7d-46ce-9e44-0424a03cba1c). timeout: 0 concurrency: 4 concurrency_per_worker: 1 times: 10 concurrency_overhead: 0 processes_to_start: 4 max_cpu_used: 16
2019-07-30 07:59:46.976 4722 RALLYDEBUG rally.task.runner [-] Starting a worker. concurrency: 1 args: {"new_size": 2, "size": 1} times: 10 method_name: run timeout: 0 duration: None cls:
2019-07-30 07:59:46.979 4723 RALLYDEBUG rally.task.runner [-] Starting a worker. concurrency: 1 args: {"new_size": 2, "size": 1} times: 10 method_name: run timeout: 0 duration: None cls:
2019-07-30 07:59:46.981 4724 RALLYDEBUG rally.task.runner [-] Starting a worker. concurrency: 1 args: {"new_size": 2, "size": 1} times: 10 method_name: run timeout: 0 duration: None cls:
2019-07-30 07:59:46.984 4722 INFO rally.task.runner [-] Task 19b5bf05-3d7d-46ce-9e44-0424a03cba1c | ITER: 1 START
2019-07-30 07:59:46.985 4725 RALLYDEBUG rally.task.runner [-] Starting a worker. concurrency: 1 args: {"new_size": 2, "size": 1} times: 10 method_name: run timeout: 0 duration: None cls:
2019-07-30 07:59:46.987 4723 INFO rally.task.runner [-] Task 19b5bf05-3d7d-46ce-9e44-0424a03cba1c | ITER: 2 START
2019-07-30 07:59:46.988 4724 INFO rally.task.runner [-] Task 19b5bf05-3d7d-46ce-9e44-0424a03cba1c | ITER: 3 START
2019-07-30 07:59:46.992 4725 INFO rally.task.runner [-] Task 19b5bf05-3d7d-46ce-9e44-0424a03cba1c | ITER: 4 START
2019-07-30 07:59:51.083 4722 RALLYDEBUG rally.task.utils [-] Waiting for resource s_rally_0265747a_m3hIFKEN. Status changed: AVAILABLE => EXTENDING in 0.0828261375427
2019-07-30 07:59:51.106 4725 RALLYDEBUG rally.task.utils [-] Waiting for resource s_rally_0265747a_ZFfshHSp. Status changed: AVAILABLE => EXTENDING in 0.0602869987488
2019-07-30 07:59:51.168 4724 RALLYDEBUG rally.task.utils [-] Waiting for resource s_rally_0265747a_XfncwdqS. Status changed: AVAILABLE => DELETING in 0.0504899024963
2019-07-30 07:59:51.450 4723 RALLYDEBUG rally.task.utils [-] Waiting for resource s_rally_0265747a_G7vLfrPe. Status changed: AVAILABLE => EXTENDING in 0.261147022247
2019-07-30 07:59:53.150 4722 RALLYDEBUG rally.task.utils [-] Waiting for resource s_rally_0265747a_m3hIFKEN. Status changed: EXTENDING => AVAILABLE in 2.06739187241
2019-07-30 07:59:53.374 4725 RALLYDEBUG rally.task.utils [-] Waiting for resource s_rally_0265747a_ZFfshHSp. Status changed: EXTENDING => AVAILABLE in 2.26798510551
2019-07-30 07:59:53.404 4724 INFO rally.task.runner [-] Task 19b5bf05-3d7d-46ce-9e44-0424a03cba1c | ITER: 3 END: OK
2019-07-30 07:59:53.409 4724 INFO rally.task.runner [-] Task 19b5bf05-3d7d-46ce-9e44-0424a03cba1c | ITER: 5 START
2019-07-30 07:59:53.473 4722 INFO rally.task.runner [-] Task 19b5bf05-3d7d-46ce-9e44-0424a03cba1c | ITER: 1 END: OK
2019-07-30 07:59:53.478 4722 INFO rally.task.runner [-] Task 19b5bf05-3d7d-46ce-9e44-0424a03cba1c | ITER: 6 START
2019-07-30 07:59:53.724 4723 RALLYDEBUG rally.task.utils [-] Waiting for resource s_rally_0265747a_G7vLfrPe. Status changed: EXTENDING => AVAILABLE in 2.27414894104
2019-07-30 07:59:53.917 4725 INFO rally.task.runner [-] Task 19b5bf05-3d7d-46ce-9e44-0424a03cba1c | ITER: 4 END: OK
2019-07-30 07:59:53.923 4725 INFO rally.task.runner [-] Task 19b5bf05-3d7d-46ce-9e44-0424a03cba1c | ITER: 7 START
2019-07-30 07:59:54.247 4723 INFO rally.task.runner [-] Task 19b5bf05-3d7d-46ce-9e44-0424a03cba1c | ITER: 2 END: OK
2019-07-30 07:59:54.253 4723 INFO rally.task.runner [-] Task 19b5bf05-3d7d-46ce-9e44-0424a03cba1c | ITER: 8 START
2019-07-30 07:59:57.179 4724 RALLYDEBUG rally.task.utils [-] Waiting for resource s_rally_0265747a_4Z7hWmH9. Status changed: AVAILABLE => EXTENDING in 0.0629560947418
2019-07-30 07:59:57.765 4722 RALLYDEBUG rally.task.utils [-] Waiting for resource s_rally_0265747a_GzTTgRTJ. Status changed: AVAILABLE => DELETING in 0.0554630756378
2019-07-30 07:59:58.262 4723 RALLYDEBUG rally.task.utils [-] Waiting for resource s_rally_0265747a_qKKS9Vqp. Status changed: AVAILABLE => EXTENDING in 0.243810176849
2019-07-30 07:59:58.456 4725 INFO rally.task.runner [-] Task 19b5bf05-3d7d-46ce-9e44-0424a03cba1c | ITER: 7 END: OK
2019-07-30 07:59:58.461 4725 INFO rally.task.runner [-] Task 19b5bf05-3d7d-46ce-9e44-0424a03cba1c | ITER: 9 START
2019-07-30 07:59:59.445 4724 RALLYDEBUG rally.task.utils [-] Waiting for resource s_rally_0265747a_4Z7hWmH9. Status changed: EXTENDING => AVAILABLE in 2.26607990265
2019-07-30 07:59:59.773 4724 RALLYDEBUG rally.task.utils [-] Waiting for resource s_rally_0265747a_4Z7hWmH9. Status changed: AVAILABLE => DELETING in 0.0539560317993
2019-07-30 08:00:00.080 4722 INFO rally.task.runner [-] Task 19b5bf05-3d7d-46ce-9e44-0424a03cba1c | ITER: 6 END: OK
2019-07-30 08:00:00.085 4722 INFO rally.task.runner [-] Task 19b5bf05-3d7d-46ce-9e44-0424a03cba1c | ITER: 10 START
2019-07-30 08:00:00.317 4723 RALLYDEBUG rally.task.utils [-] Waiting for resource s_rally_0265747a_qKKS9Vqp. Status changed: EXTENDING => AVAILABLE in 2.05539989471
2019-07-30 08:00:00.632 4723 RALLYDEBUG rally.task.utils [-] Waiting for resource s_rally_0265747a_qKKS9Vqp. Status changed: AVAILABLE => DELETING in 0.0544571876526
2019-07-30 08:00:01.812 4724 INFO rally.task.runner [-] Task 19b5bf05-3d7d-46ce-9e44-0424a03cba1c | ITER: 5 END: OK
2019-07-30 08:00:02.960 4723 INFO rally.task.runner [-] Task 19b5bf05-3d7d-46ce-9e44-0424a03cba1c | ITER: 8 END: OK
2019-07-30 08:00:02.961 4725 INFO rally.task.runner [-] Task 19b5bf05-3d7d-46ce-9e44-0424a03cba1c | ITER: 9 END: OK
2019-07-30 08:00:04.273 4722 RALLYDEBUG rally.task.utils [-] Waiting for resource s_rally_0265747a_WnlZ3xmw. Status changed: AVAILABLE => DELETING in 0.0512709617615
2019-07-30 08:00:06.512 4722 INFO rally.task.runner [-] Task 19b5bf05-3d7d-46ce-9e44-0424a03cba1c | ITER: 10 END: OK
2019-07-30 08:00:06.541 1842 INFO rally.task.context [-] Task 19b5bf05-3d7d-46ce-9e44-0424a03cba1c | Context cleanup@openstack cleanup() started
2019-07-30 08:00:06.544 1842 RALLYDEBUG rally_openstack.cleanup.manager [-] Cleaning up cinder backups objects
2019-07-30 08:00:08.447 1842 RALLYDEBUG rally_openstack.cleanup.manager [-] Cleaning up cinder volume_snapshots objects
2019-07-30 08:00:10.427 1842 RALLYDEBUG rally_openstack.cleanup.manager [-] Cleaning up cinder transfers objects
2019-07-30 08:00:12.388 1842 RALLYDEBUG rally_openstack.cleanup.manager [-] Cleaning up cinder volumes objects
2019-07-30 08:00:14.595 1842 INFO rally.task.context [-] Task 19b5bf05-3d7d-46ce-9e44-0424a03cba1c | Context cleanup@openstack cleanup() finished in 8.05 sec
2019-07-30 08:00:14.596 1842 INFO rally.task.context [-] Task 19b5bf05-3d7d-46ce-9e44-0424a03cba1c | Context quotas@openstack cleanup() started
2019-07-30 08:00:15.419 1842 INFO rally.task.context [-] Task 19b5bf05-3d7d-46ce-9e44-0424a03cba1c | Context quotas@openstack cleanup() finished in 0.82 sec
2019-07-30 08:00:15.419 1842 INFO rally.task.context [-] Task 19b5bf05-3d7d-46ce-9e44-0424a03cba1c | Context api_versions@openstack cleanup() started
2019-07-30 08:00:15.420 1842 INFO rally.task.context [-] Task 19b5bf05-3d7d-46ce-9e44-0424a03cba1c | Context api_versions@openstack cleanup() finished in 0.30 msec
2019-07-30 08:00:15.420 1842 INFO rally.task.context [-] Task 19b5bf05-3d7d-46ce-9e44-0424a03cba1c | Context users@openstack cleanup() started
2019-07-30 08:00:22.353 1842 INFO rally.task.context [-] Task 19b5bf05-3d7d-46ce-9e44-0424a03cba1c | Context users@openstack cleanup() finished in 6.93 sec
2019-07-30 08:00:22.688 1842 INFO rally.task.engine [-] Load duration is: 19.52491
2019-07-30 08:00:22.688 1842 INFO rally.task.engine [-] Full runner duration is: 19.577279
2019-07-30 08:00:22.689 1842 INFO rally.task.engine [-] Full duration is: 41.861276
2019-07-30 08:00:22.897 1842 INFO rally.task.engine [-] Running workload: position = 0 config = { "version": 2, "title": "A cropped version of a bigger task.", "description": "Auto-generated task from a single workload (uuid=20f4e061-51f0-4cb6-b800-172a5d0d310a)", "subtasks": [ { "title": "CinderVolumes.create_from_volume_and_delete_volume", "description": "Create volume from volume and then delete it.", "scenario": { "CinderVolumes.create_from_volume_and_delete_volume": { "size": 1 } }, "contexts": { "users": { "tenants": 3, "users_per_tenant": 2 }, "quotas": { "cinder": { "gigabytes": -1, "snapshots": -1, "volumes": -1 } }, "api_versions": { "cinder": { "version": 3, "service_type": "volumev3" } }, "volumes": { "size": 1, "volumes_per_tenant": 1 } }, "runner": { "constant": { "concurrency": 4, "times": 10 } }, "hooks": [], "sla": { "failure_rate": { "max": 0 } } } ] }
2019-07-30 08:00:22.922 1842 RALLYDEBUG rally_openstack.contexts.keystone.users [-] Creating 3 tenants using 20 threads
2019-07-30 08:00:24.689 1842 RALLYDEBUG rally_openstack.contexts.keystone.users [-] Creating 6 users using 20 threads
2019-07-30 08:00:27.330 1842 INFO rally.task.context [-] Task 19b5bf05-3d7d-46ce-9e44-0424a03cba1c | Context users@openstack setup() finished in 4.41 sec
2019-07-30 08:00:27.764 1842 INFO rally.task.context [-] Task 19b5bf05-3d7d-46ce-9e44-0424a03cba1c | Context api_versions@openstack setup() finished in 0.43 sec
2019-07-30 08:00:29.359 1842 INFO rally.task.context [-] Task 19b5bf05-3d7d-46ce-9e44-0424a03cba1c | Context quotas@openstack setup() finished in 1.59 sec
2019-07-30 08:00:39.792 1842 INFO rally.task.context [-] Task 19b5bf05-3d7d-46ce-9e44-0424a03cba1c | Context volumes@openstack setup() finished in 10.43 sec
2019-07-30 08:00:39.792 1842 INFO rally.task.context [-] Task 19b5bf05-3d7d-46ce-9e44-0424a03cba1c | Context cleanup@openstack setup() finished in 0.00 msec
2019-07-30 08:00:39.799 1842 RALLYDEBUG rally.task.runner [-] Starting the constant runner (task UUID: 19b5bf05-3d7d-46ce-9e44-0424a03cba1c). timeout: 0 concurrency: 4 concurrency_per_worker: 1 times: 10 concurrency_overhead: 0 processes_to_start: 4 max_cpu_used: 16
2019-07-30 08:00:39.809 4906 RALLYDEBUG rally.task.runner [-] Starting a worker. concurrency: 1 args: {"size": 1} times: 10 method_name: run timeout: 0 duration: None cls:
2019-07-30 08:00:39.813 4907 RALLYDEBUG rally.task.runner [-] Starting a worker. concurrency: 1 args: {"size": 1} times: 10 method_name: run timeout: 0 duration: None cls:
2019-07-30 08:00:39.814 4906 INFO rally.task.runner [-] Task 19b5bf05-3d7d-46ce-9e44-0424a03cba1c | ITER: 1 START
2019-07-30 08:00:39.816 4908 RALLYDEBUG rally.task.runner [-] Starting a worker. concurrency: 1 args: {"size": 1} times: 10 method_name: run timeout: 0 duration: None cls:
2019-07-30 08:00:39.819 4909 RALLYDEBUG rally.task.runner [-] Starting a worker. concurrency: 1 args: {"size": 1} times: 10 method_name: run timeout: 0 duration: None cls:
2019-07-30 08:00:39.821 4907 INFO rally.task.runner [-] Task 19b5bf05-3d7d-46ce-9e44-0424a03cba1c | ITER: 2 START
2019-07-30 08:00:39.823 4908 INFO rally.task.runner [-] Task 19b5bf05-3d7d-46ce-9e44-0424a03cba1c | ITER: 3 START
2019-07-30 08:00:39.827 4909 INFO rally.task.runner [-] Task 19b5bf05-3d7d-46ce-9e44-0424a03cba1c | ITER: 4 START
2019-07-30 08:00:43.467 4909 RALLYDEBUG rally.task.utils [-] Waiting for resource s_rally_20f4e061_GM4qSmOK. Status changed: CREATING => AVAILABLE in 0.588249921799
2019-07-30 08:00:43.976 4908 RALLYDEBUG rally.task.utils [-] Waiting for resource s_rally_20f4e061_xwfvzeHD. Status changed: AVAILABLE => DELETING in 0.241991996765
2019-07-30 08:00:43.985 4909 RALLYDEBUG rally.task.utils [-] Waiting for resource s_rally_20f4e061_GM4qSmOK. Status changed: AVAILABLE => DELETING in 0.231131076813
2019-07-30 08:00:45.486 4907 RALLYDEBUG rally.task.utils [-] Waiting for resource s_rally_20f4e061_dfz2lxzf. Status changed: CREATING => AVAILABLE in 2.64277815819
2019-07-30 08:00:46.174 4907 RALLYDEBUG rally.task.utils [-] Waiting for resource s_rally_20f4e061_dfz2lxzf. Status changed: AVAILABLE => DELETING in 0.238323926926
2019-07-30 08:00:48.035 4906 RALLYDEBUG rally.task.utils [-] Waiting for resource s_rally_20f4e061_ZtPP43Lc. Status changed: CREATING => AVAILABLE in 5.19107985497
2019-07-30 08:00:48.484 4906 RALLYDEBUG rally.task.utils [-] Waiting for resource s_rally_20f4e061_ZtPP43Lc. Status changed: AVAILABLE => DELETING in 0.0626180171967
2019-07-30 08:00:48.512 4908 INFO rally.task.runner [-] Task 19b5bf05-3d7d-46ce-9e44-0424a03cba1c | ITER: 3 END: OK
2019-07-30 08:00:48.516 4908 INFO rally.task.runner [-] Task 19b5bf05-3d7d-46ce-9e44-0424a03cba1c | ITER: 5 START
2019-07-30 08:00:48.569 4907 INFO rally.task.runner [-] Task 19b5bf05-3d7d-46ce-9e44-0424a03cba1c | ITER: 2 END: OK
2019-07-30 08:00:48.574 4907 INFO rally.task.runner [-] Task 19b5bf05-3d7d-46ce-9e44-0424a03cba1c | ITER: 6 START
2019-07-30 08:00:50.157 4909 INFO rally.task.runner [-] Task 19b5bf05-3d7d-46ce-9e44-0424a03cba1c | ITER: 4 END: OK
2019-07-30 08:00:50.162 4909 INFO rally.task.runner [-] Task 19b5bf05-3d7d-46ce-9e44-0424a03cba1c | ITER: 7 START
2019-07-30 08:00:50.712 4906 INFO rally.task.runner [-] Task 19b5bf05-3d7d-46ce-9e44-0424a03cba1c | ITER: 1 END: OK
2019-07-30 08:00:50.718 4906 INFO rally.task.runner [-] Task 19b5bf05-3d7d-46ce-9e44-0424a03cba1c | ITER: 8 START
2019-07-30 08:00:52.743 4908 RALLYDEBUG rally.task.utils [-] Waiting for resource s_rally_20f4e061_TW8ypX65. Status changed: AVAILABLE => DELETING in 0.247225999832
2019-07-30 08:00:53.033 4907 RALLYDEBUG rally.task.utils [-] Waiting for resource s_rally_20f4e061_re8HRAH4. Status changed: AVAILABLE => DELETING in 0.248259067535
2019-07-30 08:00:54.962 4909 RALLYDEBUG rally.task.utils [-] Waiting for resource s_rally_20f4e061_MBcfaYfR. Status changed: AVAILABLE => DELETING in 0.254194021225
2019-07-30 08:00:56.338 4906 RALLYDEBUG rally.task.utils [-] Waiting for resource s_rally_20f4e061_frI8oGMe. Status changed: CREATING => AVAILABLE in 2.63180589676
2019-07-30 08:00:56.746 4906 RALLYDEBUG rally.task.utils [-] Waiting for resource s_rally_20f4e061_frI8oGMe. Status changed: AVAILABLE => DELETING in 0.0514152050018
2019-07-30 08:00:57.163 4908 INFO rally.task.runner [-] Task 19b5bf05-3d7d-46ce-9e44-0424a03cba1c | ITER: 5 END: OK
2019-07-30 08:00:57.168 4908 INFO rally.task.runner [-] Task 19b5bf05-3d7d-46ce-9e44-0424a03cba1c | ITER: 9 START
2019-07-30 08:00:57.309 4907 INFO rally.task.runner [-] Task 19b5bf05-3d7d-46ce-9e44-0424a03cba1c | ITER: 6 END: OK
2019-07-30 08:00:57.314 4907 INFO rally.task.runner [-] Task 19b5bf05-3d7d-46ce-9e44-0424a03cba1c | ITER: 10 START
2019-07-30 08:00:59.054 4909 INFO rally.task.runner [-] Task 19b5bf05-3d7d-46ce-9e44-0424a03cba1c | ITER: 7 END: OK
2019-07-30 08:00:59.091 4906 INFO rally.task.runner [-] Task 19b5bf05-3d7d-46ce-9e44-0424a03cba1c | ITER: 8 END: OK
