2019-07-30 07:39:21.918 725 DEBUG novaclient.v2.client [-] RESP BODY: {"itemNotFound": {"message": "Instance 30655ff7-41fc-45be-b7ef-95cfed8f2eb9 could not be found.", "code": 404}} _http_log_response /usr/lib/python2.7/site-packages/keystoneauth1/session.py:511
2019-07-30 07:39:21.918 725 DEBUG novaclient.v2.client [-] GET call to compute for http://172.30.9.24:8774/v2.1/servers/30655ff7-41fc-45be-b7ef-95cfed8f2eb9 used request id req-6ffc203b-37e0-40a0-84ce-ed3986b7a9ae request /usr/lib/python2.7/site-packages/keystoneauth1/session.py:844
2019-07-30 07:39:22.115 725 DEBUG novaclient.v2.client [-] REQ: curl -g -i -X GET http://172.30.9.24:8774/v2.1/servers/808faa45-14c6-40df-bece-18628c00bee1 -H "Accept: application/json" -H "User-Agent: python-novaclient" -H "X-Auth-Token: {SHA1}fa1b94f3ad466d2ed52afb8f363a19428c6547a4" _http_log_request /usr/lib/python2.7/site-packages/keystoneauth1/session.py:448
2019-07-30 07:39:22.159 725 DEBUG novaclient.v2.client [-] RESP: [404] Content-Length: 111 Content-Type: application/json; charset=UTF-8 Date: Tue, 30 Jul 2019 07:39:22 GMT OpenStack-API-Version: compute 2.1 Server: Apache Vary: OpenStack-API-Version,X-OpenStack-Nova-API-Version X-OpenStack-Nova-API-Version: 2.1 x-compute-request-id: req-7187fbf8-09e8-4a19-8c74-b283fbc1f384 x-openstack-request-id: req-7187fbf8-09e8-4a19-8c74-b283fbc1f384 _http_log_response /usr/lib/python2.7/site-packages/keystoneauth1/session.py:479
2019-07-30 07:39:22.160 725 DEBUG novaclient.v2.client [-] RESP BODY: {"itemNotFound": {"message": "Instance 808faa45-14c6-40df-bece-18628c00bee1 could not be found.", "code": 404}} _http_log_response /usr/lib/python2.7/site-packages/keystoneauth1/session.py:511
2019-07-30 07:39:22.160 725 DEBUG novaclient.v2.client [-] GET call to compute for http://172.30.9.24:8774/v2.1/servers/808faa45-14c6-40df-bece-18628c00bee1 used request id req-7187fbf8-09e8-4a19-8c74-b283fbc1f384 request /usr/lib/python2.7/site-packages/keystoneauth1/session.py:844
2019-07-30 07:39:22.285 725 DEBUG novaclient.v2.client [-] REQ: curl -g -i -X GET http://172.30.9.24:8774/v2.1/servers/8ad5c935-6d1f-4428-9fc8-3b8e8c4576f4 -H "Accept: application/json" -H "User-Agent: python-novaclient" -H "X-Auth-Token: {SHA1}44d311fc72160f1ae3fb5d8cb521829cac9f1c34" _http_log_request /usr/lib/python2.7/site-packages/keystoneauth1/session.py:448
2019-07-30 07:39:22.329 725 DEBUG novaclient.v2.client [-] RESP: [404] Content-Length: 111 Content-Type: application/json; charset=UTF-8 Date: Tue, 30 Jul 2019 07:39:22 GMT OpenStack-API-Version: compute 2.1 Server: Apache Vary: OpenStack-API-Version,X-OpenStack-Nova-API-Version X-OpenStack-Nova-API-Version: 2.1 x-compute-request-id: req-769f7d4a-7cf2-4a42-800c-19a2f486290d x-openstack-request-id: req-769f7d4a-7cf2-4a42-800c-19a2f486290d _http_log_response /usr/lib/python2.7/site-packages/keystoneauth1/session.py:479
2019-07-30 07:39:22.329 725 DEBUG novaclient.v2.client [-] RESP BODY: {"itemNotFound": {"message": "Instance 8ad5c935-6d1f-4428-9fc8-3b8e8c4576f4 could not be found.", "code": 404}} _http_log_response /usr/lib/python2.7/site-packages/keystoneauth1/session.py:511
2019-07-30 07:39:22.330 725 DEBUG novaclient.v2.client [-] GET call to compute for http://172.30.9.24:8774/v2.1/servers/8ad5c935-6d1f-4428-9fc8-3b8e8c4576f4 used request id req-769f7d4a-7cf2-4a42-800c-19a2f486290d request /usr/lib/python2.7/site-packages/keystoneauth1/session.py:844
2019-07-30 07:39:23.332 725 RALLYDEBUG rally_openstack.cleanup.manager [-] Cleaning up nova server_groups objects
2019-07-30 07:39:23.754 725 DEBUG novaclient.v2.client [-] REQ: curl -g -i -X GET http://172.30.9.24:8774/v2.1/os-server-groups -H "Accept: application/json" -H "User-Agent: python-novaclient" -H "X-Auth-Token: {SHA1}ee676fbcd96850960ef9526a86efa5a8e1e2d0c6" _http_log_request /usr/lib/python2.7/site-packages/keystoneauth1/session.py:448
2019-07-30 07:39:24.031 725 DEBUG novaclient.v2.client [-] RESP: [200] Content-Length: 21 Content-Type: application/json Date: Tue, 30 Jul 2019 07:39:23 GMT OpenStack-API-Version: compute 2.1 Server: Apache Vary: OpenStack-API-Version,X-OpenStack-Nova-API-Version X-OpenStack-Nova-API-Version: 2.1 x-compute-request-id: req-d36daca8-6fc1-4c5f-b5a0-63c66a93f445 x-openstack-request-id: req-d36daca8-6fc1-4c5f-b5a0-63c66a93f445 _http_log_response /usr/lib/python2.7/site-packages/keystoneauth1/session.py:479
2019-07-30 07:39:24.032 725 DEBUG novaclient.v2.client [-] RESP BODY: {"server_groups": []} _http_log_response /usr/lib/python2.7/site-packages/keystoneauth1/session.py:511
2019-07-30 07:39:24.032 725 DEBUG novaclient.v2.client [-] GET call to compute for http://172.30.9.24:8774/v2.1/os-server-groups used request id req-d36daca8-6fc1-4c5f-b5a0-63c66a93f445 request /usr/lib/python2.7/site-packages/keystoneauth1/session.py:844
2019-07-30 07:39:24.454 725 DEBUG novaclient.v2.client [-] REQ: curl -g -i -X GET http://172.30.9.24:8774/v2.1/os-server-groups -H "Accept: application/json" -H "User-Agent: python-novaclient" -H "X-Auth-Token: {SHA1}6a44aadba656a36f35b32f4fe7e1caf27a38e4e4" _http_log_request /usr/lib/python2.7/site-packages/keystoneauth1/session.py:448
2019-07-30 07:39:24.723 725 DEBUG novaclient.v2.client [-] RESP: [200] Content-Length: 21 Content-Type: application/json Date: Tue, 30 Jul 2019 07:39:24 GMT OpenStack-API-Version: compute 2.1 Server: Apache Vary: OpenStack-API-Version,X-OpenStack-Nova-API-Version X-OpenStack-Nova-API-Version: 2.1 x-compute-request-id: req-31289217-23f7-4c05-ae8f-6b7253254173 x-openstack-request-id: req-31289217-23f7-4c05-ae8f-6b7253254173 _http_log_response /usr/lib/python2.7/site-packages/keystoneauth1/session.py:479
2019-07-30 07:39:24.723 725 DEBUG novaclient.v2.client [-] RESP BODY: {"server_groups": []} _http_log_response /usr/lib/python2.7/site-packages/keystoneauth1/session.py:511
2019-07-30 07:39:24.724 725 DEBUG novaclient.v2.client [-] GET call to compute for http://172.30.9.24:8774/v2.1/os-server-groups used request id req-31289217-23f7-4c05-ae8f-6b7253254173 request /usr/lib/python2.7/site-packages/keystoneauth1/session.py:844
2019-07-30 07:39:25.148 725 DEBUG novaclient.v2.client [-] REQ: curl -g -i -X GET http://172.30.9.24:8774/v2.1/os-server-groups -H "Accept: application/json" -H "User-Agent: python-novaclient" -H "X-Auth-Token: {SHA1}55a4cec8523ff2456af90fc55db546309334ba82" _http_log_request /usr/lib/python2.7/site-packages/keystoneauth1/session.py:448
2019-07-30 07:39:25.420 725 DEBUG novaclient.v2.client [-] RESP: [200] Content-Length: 21 Content-Type: application/json Date: Tue, 30 Jul 2019 07:39:25 GMT OpenStack-API-Version: compute 2.1 Server: Apache Vary: OpenStack-API-Version,X-OpenStack-Nova-API-Version X-OpenStack-Nova-API-Version: 2.1 x-compute-request-id: req-1305545a-d2e5-49fb-a7d7-ee0caba1e612 x-openstack-request-id: req-1305545a-d2e5-49fb-a7d7-ee0caba1e612 _http_log_response /usr/lib/python2.7/site-packages/keystoneauth1/session.py:479
2019-07-30 07:39:25.420 725 DEBUG novaclient.v2.client [-] RESP BODY: {"server_groups": []} _http_log_response /usr/lib/python2.7/site-packages/keystoneauth1/session.py:511
2019-07-30 07:39:25.421 725 DEBUG novaclient.v2.client [-] GET call to compute for http://172.30.9.24:8774/v2.1/os-server-groups used request id req-1305545a-d2e5-49fb-a7d7-ee0caba1e612 request /usr/lib/python2.7/site-packages/keystoneauth1/session.py:844
2019-07-30 07:39:25.428 725 RALLYDEBUG rally_openstack.cleanup.manager [-] Cleaning up nova keypairs objects
2019-07-30 07:39:25.843 725 DEBUG novaclient.v2.client [-] REQ: curl -g -i -X GET http://172.30.9.24:8774/v2.1/os-keypairs -H "Accept: application/json" -H "User-Agent: python-novaclient" -H "X-Auth-Token: {SHA1}e456b27eb851b5c905d007b9fa1c85436b67bff8" _http_log_request /usr/lib/python2.7/site-packages/keystoneauth1/session.py:448
2019-07-30 07:39:26.123 725 DEBUG novaclient.v2.client [-] RESP: [200] Content-Length: 16 Content-Type: application/json Date: Tue, 30 Jul 2019 07:39:25 GMT OpenStack-API-Version: compute 2.1 Server: Apache Vary: OpenStack-API-Version,X-OpenStack-Nova-API-Version X-OpenStack-Nova-API-Version: 2.1 x-compute-request-id: req-389dc2b9-90a9-4f24-bb6f-93f63f7dfd6f x-openstack-request-id: req-389dc2b9-90a9-4f24-bb6f-93f63f7dfd6f _http_log_response /usr/lib/python2.7/site-packages/keystoneauth1/session.py:479
2019-07-30 07:39:26.124 725 DEBUG novaclient.v2.client [-] RESP BODY: {"keypairs": []} _http_log_response /usr/lib/python2.7/site-packages/keystoneauth1/session.py:511
2019-07-30 07:39:26.124 725 DEBUG novaclient.v2.client [-] GET call to compute for http://172.30.9.24:8774/v2.1/os-keypairs used request id req-389dc2b9-90a9-4f24-bb6f-93f63f7dfd6f request /usr/lib/python2.7/site-packages/keystoneauth1/session.py:844
2019-07-30 07:39:26.566 725 DEBUG novaclient.v2.client [-] REQ: curl -g -i -X GET http://172.30.9.24:8774/v2.1/os-keypairs -H "Accept: application/json" -H "User-Agent: python-novaclient" -H "X-Auth-Token: {SHA1}30d2b9e7deaf896f0b4e3c795c8206fdf28e5e00" _http_log_request /usr/lib/python2.7/site-packages/keystoneauth1/session.py:448
2019-07-30 07:39:26.840 725 DEBUG novaclient.v2.client [-] RESP: [200] Content-Length: 16 Content-Type: application/json Date: Tue, 30 Jul 2019 07:39:26 GMT OpenStack-API-Version: compute 2.1 Server: Apache Vary: OpenStack-API-Version,X-OpenStack-Nova-API-Version X-OpenStack-Nova-API-Version: 2.1 x-compute-request-id: req-e7854bcd-2657-40c0-9aca-a2f61a6c12fb x-openstack-request-id: req-e7854bcd-2657-40c0-9aca-a2f61a6c12fb _http_log_response /usr/lib/python2.7/site-packages/keystoneauth1/session.py:479
2019-07-30 07:39:26.840 725 DEBUG novaclient.v2.client [-] RESP BODY: {"keypairs": []} _http_log_response /usr/lib/python2.7/site-packages/keystoneauth1/session.py:511
2019-07-30 07:39:26.841 725 DEBUG novaclient.v2.client [-] GET call to compute for http://172.30.9.24:8774/v2.1/os-keypairs used request id req-e7854bcd-2657-40c0-9aca-a2f61a6c12fb request /usr/lib/python2.7/site-packages/keystoneauth1/session.py:844
2019-07-30 07:39:27.342 725 DEBUG novaclient.v2.client [-] REQ: curl -g -i -X GET http://172.30.9.24:8774/v2.1/os-keypairs -H "Accept: application/json" -H "User-Agent: python-novaclient" -H "X-Auth-Token: {SHA1}a1030c9cac617a9e9e29023694139abb8e8f6b36" _http_log_request /usr/lib/python2.7/site-packages/keystoneauth1/session.py:448
2019-07-30 07:39:27.611 725 DEBUG novaclient.v2.client [-] RESP: [200] Content-Length: 16 Content-Type: application/json Date: Tue, 30 Jul 2019 07:39:27 GMT OpenStack-API-Version: compute 2.1 Server: Apache Vary: OpenStack-API-Version,X-OpenStack-Nova-API-Version X-OpenStack-Nova-API-Version: 2.1 x-compute-request-id: req-38a27358-0bc1-49c8-b12d-6924ac7a5967 x-openstack-request-id: req-38a27358-0bc1-49c8-b12d-6924ac7a5967 _http_log_response /usr/lib/python2.7/site-packages/keystoneauth1/session.py:479
2019-07-30 07:39:27.612 725 DEBUG novaclient.v2.client [-] RESP BODY: {"keypairs": []} _http_log_response /usr/lib/python2.7/site-packages/keystoneauth1/session.py:511
2019-07-30 07:39:27.612 725 DEBUG novaclient.v2.client [-] GET call to compute for http://172.30.9.24:8774/v2.1/os-keypairs used request id req-38a27358-0bc1-49c8-b12d-6924ac7a5967 request /usr/lib/python2.7/site-packages/keystoneauth1/session.py:844
2019-07-30 07:39:28.133 725 DEBUG novaclient.v2.client [-] REQ: curl -g -i -X GET http://172.30.9.24:8774/v2.1/os-keypairs -H "Accept: application/json" -H "User-Agent: python-novaclient" -H "X-Auth-Token: {SHA1}47a51c793f61294dc9bbb7859fe253c62ef8f111" _http_log_request /usr/lib/python2.7/site-packages/keystoneauth1/session.py:448
2019-07-30 07:39:28.494 725 DEBUG novaclient.v2.client [-] RESP: [200] Content-Length: 16 Content-Type: application/json Date: Tue, 30 Jul 2019 07:39:28 GMT OpenStack-API-Version: compute 2.1 Server: Apache Vary: OpenStack-API-Version,X-OpenStack-Nova-API-Version X-OpenStack-Nova-API-Version: 2.1 x-compute-request-id: req-b4d0df30-062e-4add-bd20-eab5adf2efbb x-openstack-request-id: req-b4d0df30-062e-4add-bd20-eab5adf2efbb _http_log_response /usr/lib/python2.7/site-packages/keystoneauth1/session.py:479
2019-07-30 07:39:28.495 725 DEBUG novaclient.v2.client [-] RESP BODY: {"keypairs": []} _http_log_response /usr/lib/python2.7/site-packages/keystoneauth1/session.py:511
2019-07-30 07:39:28.495 725 DEBUG novaclient.v2.client [-] GET call to compute for http://172.30.9.24:8774/v2.1/os-keypairs used request id req-b4d0df30-062e-4add-bd20-eab5adf2efbb request /usr/lib/python2.7/site-packages/keystoneauth1/session.py:844
2019-07-30 07:39:28.911 725 DEBUG novaclient.v2.client [-] REQ: curl -g -i -X GET http://172.30.9.24:8774/v2.1/os-keypairs -H "Accept: application/json" -H "User-Agent: python-novaclient" -H "X-Auth-Token: {SHA1}d46d05f29afacf30dd86c6c484b2dc6255380ad5" _http_log_request /usr/lib/python2.7/site-packages/keystoneauth1/session.py:448
2019-07-30 07:39:29.299 725 DEBUG novaclient.v2.client [-] RESP: [200] Content-Length: 16 Content-Type: application/json Date: Tue, 30 Jul 2019 07:39:28 GMT OpenStack-API-Version: compute 2.1 Server: Apache Vary: OpenStack-API-Version,X-OpenStack-Nova-API-Version X-OpenStack-Nova-API-Version: 2.1 x-compute-request-id: req-e42f539a-0f82-4d87-a6e7-31379296fd32 x-openstack-request-id: req-e42f539a-0f82-4d87-a6e7-31379296fd32 _http_log_response /usr/lib/python2.7/site-packages/keystoneauth1/session.py:479
2019-07-30 07:39:29.300 725 DEBUG novaclient.v2.client [-] RESP BODY: {"keypairs": []} _http_log_response /usr/lib/python2.7/site-packages/keystoneauth1/session.py:511
2019-07-30 07:39:29.300 725 DEBUG novaclient.v2.client [-] GET call to compute for http://172.30.9.24:8774/v2.1/os-keypairs used request id req-e42f539a-0f82-4d87-a6e7-31379296fd32 request /usr/lib/python2.7/site-packages/keystoneauth1/session.py:844
2019-07-30 07:39:29.722 725 DEBUG novaclient.v2.client [-] REQ: curl -g -i -X GET http://172.30.9.24:8774/v2.1/os-keypairs -H "Accept: application/json" -H "User-Agent: python-novaclient" -H "X-Auth-Token: {SHA1}9764f358124ce221aea1c16ebb7179b1cc30775d" _http_log_request /usr/lib/python2.7/site-packages/keystoneauth1/session.py:448
2019-07-30 07:39:29.927 725 DEBUG novaclient.v2.client [-] RESP: [200] Content-Length: 16 Content-Type: application/json Date: Tue, 30 Jul 2019 07:39:29 GMT OpenStack-API-Version: compute 2.1 Server: Apache Vary: OpenStack-API-Version,X-OpenStack-Nova-API-Version X-OpenStack-Nova-API-Version: 2.1 x-compute-request-id: req-2ef2ead6-5bbd-4954-a48c-cfd29bb89b23 x-openstack-request-id: req-2ef2ead6-5bbd-4954-a48c-cfd29bb89b23 _http_log_response /usr/lib/python2.7/site-packages/keystoneauth1/session.py:479
2019-07-30 07:39:29.928 725 DEBUG novaclient.v2.client [-] RESP BODY: {"keypairs": []} _http_log_response /usr/lib/python2.7/site-packages/keystoneauth1/session.py:511
2019-07-30 07:39:29.928 725 DEBUG novaclient.v2.client [-] GET call to compute for http://172.30.9.24:8774/v2.1/os-keypairs used request id req-2ef2ead6-5bbd-4954-a48c-cfd29bb89b23 request /usr/lib/python2.7/site-packages/keystoneauth1/session.py:844
2019-07-30 07:39:29.937 725 RALLYDEBUG rally_openstack.cleanup.manager [-] Cleaning up glance images objects
2019-07-30 07:39:32.217 725 RALLYDEBUG rally_openstack.cleanup.manager [-] Deleting glance.images object s_rally_02408247_AMYMmuuD (ab5e8557-25f2-4bc5-9cd4-ee2207459c42)
2019-07-30 07:39:32.218 725 RALLYDEBUG rally_openstack.cleanup.manager [-] Deleting glance.images object s_rally_02408247_RAW2ZK0H (4118b59a-62a0-49c2-8c93-a55f473e59a6)
2019-07-30 07:39:32.228 725 RALLYDEBUG rally_openstack.cleanup.manager [-] Deleting glance.images object s_rally_02408247_ttvEfn1p (4de958aa-166b-46c8-886f-ef635cdf3bd4)
2019-07-30 07:39:32.229 725 RALLYDEBUG rally_openstack.cleanup.manager [-] Deleting glance.images object s_rally_02408247_x2jj1cgT (e1b779b7-a475-4a01-8070-5682061803d0)
2019-07-30 07:39:32.251 725 RALLYDEBUG rally_openstack.cleanup.manager [-] Deleting glance.images object s_rally_02408247_Jg7OhZtr (86b1b891-bdb4-44b2-9b07-5ac451f9fd4f)
2019-07-30 07:39:32.254 725 RALLYDEBUG rally_openstack.cleanup.manager [-] Deleting glance.images object s_rally_02408247_kLbGwu1z (ef021ece-a020-4a77-b20d-c7b773f29778)
2019-07-30 07:39:32.267 725 RALLYDEBUG rally_openstack.cleanup.manager [-] Deleting glance.images object s_rally_02408247_5Wjx5zzJ (bca637b7-3e9b-403a-a5cd-4e8effb842e2)
2019-07-30 07:39:32.292 725 RALLYDEBUG rally_openstack.cleanup.manager [-] Deleting glance.images object s_rally_02408247_38dr2zay (35b7c19f-e8e2-4b78-9cd7-b6e2e6fe1fad)
2019-07-30 07:39:32.295 725 RALLYDEBUG rally_openstack.cleanup.manager [-] Deleting glance.images object s_rally_02408247_szerp1rM (9076f0a8-e0eb-4019-b68a-8df430d05d3a)
2019-07-30 07:39:32.300 725 RALLYDEBUG rally_openstack.cleanup.manager [-] Deleting glance.images object s_rally_02408247_DES7skKr (a2622132-89b0-4d42-bed3-d35ab9632147)
2019-07-30 07:39:33.504 725 DEBUG glanceclient.common.http [-] Request returned failure status 404. _handle_response /usr/lib/python2.7/site-packages/glanceclient/common/http.py:125
2019-07-30 07:39:33.515 725 DEBUG glanceclient.common.http [-] Request returned failure status 404. _handle_response /usr/lib/python2.7/site-packages/glanceclient/common/http.py:125
2019-07-30 07:39:33.520 725 DEBUG glanceclient.common.http [-] Request returned failure status 404. _handle_response /usr/lib/python2.7/site-packages/glanceclient/common/http.py:125
2019-07-30 07:39:33.529 725 DEBUG glanceclient.common.http [-] Request returned failure status 404. _handle_response /usr/lib/python2.7/site-packages/glanceclient/common/http.py:125
2019-07-30 07:39:34.738 725 DEBUG glanceclient.common.http [-] Request returned failure status 404. _handle_response /usr/lib/python2.7/site-packages/glanceclient/common/http.py:125
2019-07-30 07:39:34.751 725 DEBUG glanceclient.common.http [-] Request returned failure status 404. _handle_response /usr/lib/python2.7/site-packages/glanceclient/common/http.py:125
2019-07-30 07:39:34.756 725 DEBUG glanceclient.common.http [-] Request returned failure status 404. _handle_response /usr/lib/python2.7/site-packages/glanceclient/common/http.py:125
2019-07-30 07:39:34.765 725 DEBUG glanceclient.common.http [-] Request returned failure status 404. _handle_response /usr/lib/python2.7/site-packages/glanceclient/common/http.py:125
2019-07-30 07:39:34.770 725 DEBUG glanceclient.common.http [-] Request returned failure status 404. _handle_response /usr/lib/python2.7/site-packages/glanceclient/common/http.py:125
2019-07-30 07:39:34.782 725 DEBUG glanceclient.common.http [-] Request returned failure status 404. _handle_response /usr/lib/python2.7/site-packages/glanceclient/common/http.py:125
2019-07-30 07:39:34.864 725 DEBUG glanceclient.common.http [-] Request returned failure status 404. _handle_response /usr/lib/python2.7/site-packages/glanceclient/common/http.py:125
2019-07-30 07:39:34.878 725 DEBUG glanceclient.common.http [-] Request returned failure status 404. _handle_response /usr/lib/python2.7/site-packages/glanceclient/common/http.py:125
2019-07-30 07:39:36.690 725 DEBUG glanceclient.common.http [-] Request returned failure status 404. _handle_response /usr/lib/python2.7/site-packages/glanceclient/common/http.py:125
2019-07-30 07:39:36.731 725 DEBUG glanceclient.common.http [-] Request returned failure status 404. _handle_response /usr/lib/python2.7/site-packages/glanceclient/common/http.py:125
2019-07-30 07:39:36.735 725 DEBUG glanceclient.common.http [-] Request returned failure status 404. _handle_response /usr/lib/python2.7/site-packages/glanceclient/common/http.py:125
2019-07-30 07:39:36.736 725 DEBUG glanceclient.common.http [-] Request returned failure status 404. _handle_response /usr/lib/python2.7/site-packages/glanceclient/common/http.py:125
2019-07-30 07:39:36.738 725 DEBUG glanceclient.common.http [-] Request returned failure status 404. _handle_response /usr/lib/python2.7/site-packages/glanceclient/common/http.py:125
2019-07-30 07:39:36.755 725 DEBUG glanceclient.common.http [-] Request returned failure status 404. _handle_response /usr/lib/python2.7/site-packages/glanceclient/common/http.py:125
2019-07-30 07:39:36.763 725 DEBUG glanceclient.common.http [-] Request returned failure status 404. _handle_response /usr/lib/python2.7/site-packages/glanceclient/common/http.py:125
2019-07-30 07:39:36.765 725 DEBUG glanceclient.common.http [-] Request returned failure status 404. _handle_response /usr/lib/python2.7/site-packages/glanceclient/common/http.py:125
2019-07-30 07:39:37.767 725 INFO rally.task.context [-] Task 5fd2f0c8-5616-4e5b-974e-cde75f9e052e | Context cleanup@openstack cleanup() finished in 32.16 sec
2019-07-30 07:39:37.768 725 INFO rally.task.context [-] Task 5fd2f0c8-5616-4e5b-974e-cde75f9e052e | Context quotas@openstack cleanup() started
2019-07-30 07:39:37.769 725 DEBUG novaclient.v2.client [-] REQ: curl -g -i -X DELETE http://172.30.9.24:8774/v2.1/os-quota-sets/9aaf909463fc4663bc30b763cdd4567a -H "Accept: application/json" -H "User-Agent: python-novaclient" -H "X-Auth-Token: {SHA1}7f158af54b843e21294a2fc4a5e38ef061902b8c" _http_log_request /usr/lib/python2.7/site-packages/keystoneauth1/session.py:448
2019-07-30 07:39:37.809 725 DEBUG novaclient.v2.client [-] RESP: [202] Content-Length: 0 Content-Type: application/json Date: Tue, 30 Jul 2019 07:39:37 GMT OpenStack-API-Version: compute 2.1 Server: Apache Vary: OpenStack-API-Version,X-OpenStack-Nova-API-Version X-OpenStack-Nova-API-Version: 2.1 x-compute-request-id: req-ee5b9b34-c069-48e9-9b33-d4ea5dbbda28 x-openstack-request-id: req-ee5b9b34-c069-48e9-9b33-d4ea5dbbda28 _http_log_response /usr/lib/python2.7/site-packages/keystoneauth1/session.py:479
2019-07-30 07:39:37.809 725 DEBUG novaclient.v2.client [-] DELETE call to compute for http://172.30.9.24:8774/v2.1/os-quota-sets/9aaf909463fc4663bc30b763cdd4567a used request id req-ee5b9b34-c069-48e9-9b33-d4ea5dbbda28 request /usr/lib/python2.7/site-packages/keystoneauth1/session.py:844
2019-07-30 07:39:37.810 725 DEBUG novaclient.v2.client [-] REQ: curl -g -i -X DELETE http://172.30.9.24:8774/v2.1/os-quota-sets/51fc1805fe894c07a52121e632374e38 -H "Accept: application/json" -H "User-Agent: python-novaclient" -H "X-Auth-Token: {SHA1}7f158af54b843e21294a2fc4a5e38ef061902b8c" _http_log_request /usr/lib/python2.7/site-packages/keystoneauth1/session.py:448
2019-07-30 07:39:37.841 725 DEBUG novaclient.v2.client [-] RESP: [202] Content-Length: 0 Content-Type: application/json Date: Tue, 30 Jul 2019 07:39:37 GMT OpenStack-API-Version: compute 2.1 Server: Apache Vary: OpenStack-API-Version,X-OpenStack-Nova-API-Version X-OpenStack-Nova-API-Version: 2.1 x-compute-request-id: req-c7cee700-08f2-489d-ae4c-d95ffc854a66 x-openstack-request-id: req-c7cee700-08f2-489d-ae4c-d95ffc854a66 _http_log_response /usr/lib/python2.7/site-packages/keystoneauth1/session.py:479
2019-07-30 07:39:37.841 725 DEBUG novaclient.v2.client [-] DELETE call to compute for http://172.30.9.24:8774/v2.1/os-quota-sets/51fc1805fe894c07a52121e632374e38 used request id req-c7cee700-08f2-489d-ae4c-d95ffc854a66 request /usr/lib/python2.7/site-packages/keystoneauth1/session.py:844
2019-07-30 07:39:37.842 725 DEBUG novaclient.v2.client [-] REQ: curl -g -i -X DELETE http://172.30.9.24:8774/v2.1/os-quota-sets/d7286f7f50924696b9daebe8c0ec10d6 -H "Accept: application/json" -H "User-Agent: python-novaclient" -H "X-Auth-Token: {SHA1}7f158af54b843e21294a2fc4a5e38ef061902b8c" _http_log_request /usr/lib/python2.7/site-packages/keystoneauth1/session.py:448
2019-07-30 07:39:37.870 725 DEBUG novaclient.v2.client [-] RESP: [202] Content-Length: 0 Content-Type: application/json Date: Tue, 30 Jul 2019 07:39:37 GMT OpenStack-API-Version: compute 2.1 Server: Apache Vary: OpenStack-API-Version,X-OpenStack-Nova-API-Version X-OpenStack-Nova-API-Version: 2.1 x-compute-request-id: req-651d3413-6c95-469c-b177-120bab27317a x-openstack-request-id: req-651d3413-6c95-469c-b177-120bab27317a _http_log_response /usr/lib/python2.7/site-packages/keystoneauth1/session.py:479
2019-07-30 07:39:37.871 725 DEBUG novaclient.v2.client [-] DELETE call to compute for http://172.30.9.24:8774/v2.1/os-quota-sets/d7286f7f50924696b9daebe8c0ec10d6 used request id req-651d3413-6c95-469c-b177-120bab27317a request /usr/lib/python2.7/site-packages/keystoneauth1/session.py:844
2019-07-30 07:39:37.871 725 INFO rally.task.context [-] Task 5fd2f0c8-5616-4e5b-974e-cde75f9e052e | Context quotas@openstack cleanup() finished in 0.10 sec
2019-07-30 07:39:37.872 725 INFO rally.task.context [-] Task 5fd2f0c8-5616-4e5b-974e-cde75f9e052e | Context users@openstack cleanup() started
2019-07-30 07:39:44.518 725 INFO rally.task.context [-] Task 5fd2f0c8-5616-4e5b-974e-cde75f9e052e | Context users@openstack cleanup() finished in 6.65 sec
2019-07-30 07:39:44.714 725 INFO rally.task.engine [-] Load duration is: 76.585384
2019-07-30 07:39:44.714 725 INFO rally.task.engine [-] Full runner duration is: 78.491809
2019-07-30 07:39:44.714 725 INFO rally.task.engine [-] Full duration is: 124.284603
2019-07-30 07:39:44.964 725 INFO rally.task.engine [-] Running workload: position = 0 config = { "version": 2, "title": "A cropped version of a bigger task.", "description": "Auto-generated task from a single workload (uuid=dd7e170e-5d27-4108-b8fb-12d8ca1bc299)", "subtasks": [ { "title": "GlanceImages.create_and_deactivate_image", "description": "Create an image, then deactivate it.", "scenario": { "GlanceImages.create_and_deactivate_image": { "container_format": "bare", "disk_format": "qcow2", "image_location": "/home/opnfv/functest/images/cirros-0.4.0-x86_64-disk.img" } }, "contexts": { "users": { "tenants": 3, "users_per_tenant": 2 } }, "runner": { "constant": { "concurrency": 4, "times": 10 } }, "hooks": [], "sla": { "failure_rate": { "max": 0 } } } ] }
2019-07-30 07:39:44.988 725 RALLYDEBUG rally_openstack.contexts.keystone.users [-] Creating 3 tenants using 20 threads
2019-07-30 07:39:46.772 725 RALLYDEBUG rally_openstack.contexts.keystone.users [-] Creating 6 users using 20 threads
2019-07-30 07:39:49.385 725 INFO rally.task.context [-] Task 5fd2f0c8-5616-4e5b-974e-cde75f9e052e | Context users@openstack setup() finished in 4.40 sec
2019-07-30 07:39:49.385 725 INFO rally.task.context [-] Task 5fd2f0c8-5616-4e5b-974e-cde75f9e052e | Context cleanup@openstack setup() finished in 0.03 msec
2019-07-30 07:39:49.393 725 RALLYDEBUG rally.task.runner [-] Starting the constant runner (task UUID: 5fd2f0c8-5616-4e5b-974e-cde75f9e052e). timeout: 0 concurrency: 4 concurrency_per_worker: 1 times: 10 concurrency_overhead: 0 processes_to_start: 4 max_cpu_used: 16
2019-07-30 07:39:49.407 1385 RALLYDEBUG rally.task.runner [-] Starting a worker. concurrency: 1 args: {"container_format": "bare", "disk_format": "qcow2", "image_location": "/home/opnfv/functest/images/cirros-0.4.0-x86_64-disk.img"} times: 10 method_name: run timeout: 0 duration: None cls:
2019-07-30 07:39:49.409 1386 RALLYDEBUG rally.task.runner [-] Starting a worker. concurrency: 1 args: {"container_format": "bare", "disk_format": "qcow2", "image_location": "/home/opnfv/functest/images/cirros-0.4.0-x86_64-disk.img"} times: 10 method_name: run timeout: 0 duration: None cls:
2019-07-30 07:39:49.412 1387 RALLYDEBUG rally.task.runner [-] Starting a worker. concurrency: 1 args: {"container_format": "bare", "disk_format": "qcow2", "image_location": "/home/opnfv/functest/images/cirros-0.4.0-x86_64-disk.img"} times: 10 method_name: run timeout: 0 duration: None cls:
2019-07-30 07:39:49.413 1385 INFO rally.task.runner [-] Task 5fd2f0c8-5616-4e5b-974e-cde75f9e052e | ITER: 1 START
2019-07-30 07:39:49.415 1386 INFO rally.task.runner [-] Task 5fd2f0c8-5616-4e5b-974e-cde75f9e052e | ITER: 2 START
2019-07-30 07:39:49.416 1388 RALLYDEBUG rally.task.runner [-] Starting a worker. concurrency: 1 args: {"container_format": "bare", "disk_format": "qcow2", "image_location": "/home/opnfv/functest/images/cirros-0.4.0-x86_64-disk.img"} times: 10 method_name: run timeout: 0 duration: None cls:
2019-07-30 07:39:49.419 1387 INFO rally.task.runner [-] Task 5fd2f0c8-5616-4e5b-974e-cde75f9e052e | ITER: 3 START
2019-07-30 07:39:49.422 1388 INFO rally.task.runner [-] Task 5fd2f0c8-5616-4e5b-974e-cde75f9e052e | ITER: 4 START
2019-07-30 07:39:52.718 1388 RALLYDEBUG rally.task.utils [-] Waiting for resource u'76acbef8-dff5-4cd7-bd4b-1a7f70b0809f'. Status changed: NONE => QUEUED in 0.0323450565338
2019-07-30 07:39:52.734 1387 RALLYDEBUG rally.task.utils [-] Waiting for resource u'4b89da97-57c5-46db-9c42-4b0179f3c99c'. Status changed: NONE => QUEUED in 0.0321671962738
2019-07-30 07:39:52.838 1386 RALLYDEBUG rally.task.utils [-] Waiting for resource u'2e2bc0c7-b935-4f43-9500-583c7614617d'. Status changed: NONE => QUEUED in 0.0429840087891
2019-07-30 07:39:52.840 1385 RALLYDEBUG rally.task.utils [-] Waiting for resource u'c69c8949-f22b-4274-abd8-c7525753579a'. Status changed: NONE => QUEUED in 0.0387191772461
2019-07-30 07:39:54.559 1385 RALLYDEBUG rally.task.utils [-] Waiting for resource s_rally_dd7e170e_rIYPfss3. Status changed: QUEUED => ACTIVE in 0.0344569683075
2019-07-30 07:39:54.564 1388 RALLYDEBUG rally.task.utils [-] Waiting for resource s_rally_dd7e170e_2hR0lP3W. Status changed: QUEUED => ACTIVE in 0.0352580547333
2019-07-30 07:39:54.607 1387 RALLYDEBUG rally.task.utils [-] Waiting for resource s_rally_dd7e170e_I9Jepoem. Status changed: QUEUED => ACTIVE in 0.0293259620667
2019-07-30 07:39:54.614 1386 RALLYDEBUG rally.task.utils [-] Waiting for resource s_rally_dd7e170e_oxIhd27i. Status changed: QUEUED => ACTIVE in 0.0330619812012
2019-07-30 07:39:54.680 1385 INFO rally.task.runner [-] Task 5fd2f0c8-5616-4e5b-974e-cde75f9e052e | ITER: 1 END: OK
2019-07-30 07:39:54.684 1385 INFO rally.task.runner [-] Task 5fd2f0c8-5616-4e5b-974e-cde75f9e052e | ITER: 5 START
2019-07-30 07:39:54.685 1386 INFO rally.task.runner [-] Task 5fd2f0c8-5616-4e5b-974e-cde75f9e052e | ITER: 2 END: OK
2019-07-30 07:39:54.687 1388 INFO rally.task.runner [-] Task 5fd2f0c8-5616-4e5b-974e-cde75f9e052e | ITER: 4 END: OK
2019-07-30 07:39:54.690 1386 INFO rally.task.runner [-] Task 5fd2f0c8-5616-4e5b-974e-cde75f9e052e | ITER: 6 START
2019-07-30 07:39:54.691 1388 INFO rally.task.runner [-] Task 5fd2f0c8-5616-4e5b-974e-cde75f9e052e | ITER: 7 START
2019-07-30 07:39:54.697 1387 INFO rally.task.runner [-] Task 5fd2f0c8-5616-4e5b-974e-cde75f9e052e | ITER: 3 END: OK
2019-07-30 07:39:54.701 1387 INFO rally.task.runner [-] Task 5fd2f0c8-5616-4e5b-974e-cde75f9e052e | ITER: 8 START
2019-07-30 07:39:57.959 1388 RALLYDEBUG rally.task.utils [-] Waiting for resource u'5208f65f-8487-4ac6-8ddf-c3fb8466a42c'. Status changed: NONE => QUEUED in 0.030179977417
2019-07-30 07:39:58.008 1385 RALLYDEBUG rally.task.utils [-] Waiting for resource u'79439f3d-81b4-42ef-abf6-54e3c8a10d05'. Status changed: NONE => QUEUED in 0.0375680923462
2019-07-30 07:39:58.382 1386 RALLYDEBUG rally.task.utils [-] Waiting for resource u'398ee7bf-e12c-4aba-ba74-2ea688927831'. Status changed: NONE => QUEUED in 0.361321210861
2019-07-30 07:39:58.384 1387 RALLYDEBUG rally.task.utils [-] Waiting for resource u'ef3e371f-5d35-4ebd-8d7d-97dab49e6019'. Status changed: NONE => QUEUED in 0.311941146851
2019-07-30 07:40:00.481 1388 RALLYDEBUG rally.task.utils [-] Waiting for resource s_rally_dd7e170e_8Trv35fy. Status changed: QUEUED => ACTIVE in 1.02681684494
2019-07-30 07:40:01.542 1385 RALLYDEBUG rally.task.utils [-] Waiting for resource s_rally_dd7e170e_pkFArwgF. Status changed: QUEUED => ACTIVE in 0.99064207077
2019-07-30 07:40:01.609 1386 RALLYDEBUG rally.task.utils [-] Waiting for resource s_rally_dd7e170e_jgiDSjLt. Status changed: QUEUED => ACTIVE in 0.0428810119629
2019-07-30 07:40:01.693 1388 INFO rally.task.runner [-] Task 5fd2f0c8-5616-4e5b-974e-cde75f9e052e | ITER: 7 END: OK
2019-07-30 07:40:01.696 1387 RALLYDEBUG rally.task.utils [-] Waiting for resource s_rally_dd7e170e_HH9ink0k. Status changed: QUEUED => ACTIVE in 0.0474059581757
2019-07-30 07:40:01.696 1388 INFO rally.task.runner [-] Task 5fd2f0c8-5616-4e5b-974e-cde75f9e052e | ITER: 9 START
2019-07-30 07:40:01.710 1385 INFO rally.task.runner [-] Task 5fd2f0c8-5616-4e5b-974e-cde75f9e052e | ITER: 5 END: OK
2019-07-30 07:40:01.713 1385 INFO rally.task.runner [-] Task 5fd2f0c8-5616-4e5b-974e-cde75f9e052e | ITER: 10 START
2019-07-30 07:40:01.731 1386 INFO rally.task.runner [-] Task 5fd2f0c8-5616-4e5b-974e-cde75f9e052e | ITER: 6 END: OK
2019-07-30 07:40:01.766 1387 INFO rally.task.runner [-] Task 5fd2f0c8-5616-4e5b-974e-cde75f9e052e | ITER: 8 END: OK
2019-07-30 07:40:04.901 1385 RALLYDEBUG rally.task.utils [-] Waiting for resource u'34dffb8d-6935-4ad3-9119-6b127f44a5f1'. Status changed: NONE => QUEUED in 0.0316619873047
2019-07-30 07:40:05.414 1388 RALLYDEBUG rally.task.utils [-] Waiting for resource u'5923641d-ad16-41f3-a0cb-78af58f5758f'. Status changed: NONE => QUEUED in 0.470596075058
2019-07-30 07:40:06.425 1385 RALLYDEBUG rally.task.utils [-] Waiting for resource s_rally_dd7e170e_LBTCJKJP. Status changed: QUEUED => ACTIVE in 0.968089818954
2019-07-30 07:40:06.501 1385 INFO rally.task.runner [-] Task 5fd2f0c8-5616-4e5b-974e-cde75f9e052e | ITER: 10 END: OK
2019-07-30 07:40:06.503 1388 RALLYDEBUG rally.task.utils [-] Waiting for resource s_rally_dd7e170e_c1c1FlYd. Status changed: QUEUED => ACTIVE in 0.0216670036316
2019-07-30 07:40:06.558 1388 INFO rally.task.runner [-] Task 5fd2f0c8-5616-4e5b-974e-cde75f9e052e | ITER: 9 END: OK
2019-07-30 07:40:06.586 725 INFO rally.task.context [-] Task 5fd2f0c8-5616-4e5b-974e-cde75f9e052e | Context cleanup@openstack cleanup() started
2019-07-30 07:40:06.588 725 RALLYDEBUG rally_openstack.cleanup.manager [-] Cleaning up glance images objects
2019-07-30 07:40:09.090 725 RALLYDEBUG rally_openstack.cleanup.manager [-] Deleting glance.images object s_rally_dd7e170e_pkFArwgF (79439f3d-81b4-42ef-abf6-54e3c8a10d05)
2019-07-30 07:40:09.093 725 RALLYDEBUG rally_openstack.cleanup.manager [-] Deleting glance.images object s_rally_dd7e170e_HH9ink0k (ef3e371f-5d35-4ebd-8d7d-97dab49e6019)
2019-07-30 07:40:09.094 725 RALLYDEBUG rally_openstack.cleanup.manager [-] Deleting glance.images object s_rally_dd7e170e_I9Jepoem (4b89da97-57c5-46db-9c42-4b0179f3c99c)
2019-07-30 07:40:09.096 725 RALLYDEBUG rally_openstack.cleanup.manager [-] Deleting glance.images object s_rally_dd7e170e_rIYPfss3 (c69c8949-f22b-4274-abd8-c7525753579a)
2019-07-30 07:40:09.097 725 RALLYDEBUG rally_openstack.cleanup.manager [-] Deleting glance.images object s_rally_dd7e170e_8Trv35fy (5208f65f-8487-4ac6-8ddf-c3fb8466a42c)
2019-07-30 07:40:09.105 725 RALLYDEBUG rally_openstack.cleanup.manager [-] Deleting glance.images object s_rally_dd7e170e_oxIhd27i (2e2bc0c7-b935-4f43-9500-583c7614617d)
2019-07-30 07:40:09.111 725 RALLYDEBUG rally_openstack.cleanup.manager [-] Deleting glance.images object s_rally_dd7e170e_jgiDSjLt (398ee7bf-e12c-4aba-ba74-2ea688927831)
2019-07-30 07:40:09.114 725 RALLYDEBUG rally_openstack.cleanup.manager [-] Deleting glance.images object s_rally_dd7e170e_c1c1FlYd (5923641d-ad16-41f3-a0cb-78af58f5758f)
2019-07-30 07:40:09.118 725 RALLYDEBUG rally_openstack.cleanup.manager [-] Deleting glance.images object s_rally_dd7e170e_LBTCJKJP (34dffb8d-6935-4ad3-9119-6b127f44a5f1)
2019-07-30 07:40:09.129 725 RALLYDEBUG rally_openstack.cleanup.manager [-] Deleting glance.images object s_rally_dd7e170e_2hR0lP3W (76acbef8-dff5-4cd7-bd4b-1a7f70b0809f)
2019-07-30 07:40:10.429 725 DEBUG glanceclient.common.http [-] Request returned failure status 404. _handle_response /usr/lib/python2.7/site-packages/glanceclient/common/http.py:125
2019-07-30 07:40:10.443 725 DEBUG glanceclient.common.http [-] Request returned failure status 404. _handle_response /usr/lib/python2.7/site-packages/glanceclient/common/http.py:125
2019-07-30 07:40:10.446 725 DEBUG glanceclient.common.http [-] Request returned failure status 404. _handle_response /usr/lib/python2.7/site-packages/glanceclient/common/http.py:125
2019-07-30 07:40:10.457 725 DEBUG glanceclient.common.http [-] Request returned failure status 404. _handle_response /usr/lib/python2.7/site-packages/glanceclient/common/http.py:125
2019-07-30 07:40:11.419 725 DEBUG glanceclient.common.http [-] Request returned failure status 404. _handle_response /usr/lib/python2.7/site-packages/glanceclient/common/http.py:125
2019-07-30 07:40:11.446 725 DEBUG glanceclient.common.http [-] Request returned failure status 404. _handle_response /usr/lib/python2.7/site-packages/glanceclient/common/http.py:125
2019-07-30 07:40:11.477 725 DEBUG glanceclient.common.http [-] Request returned failure status 404. _handle_response /usr/lib/python2.7/site-packages/glanceclient/common/http.py:125
2019-07-30 07:40:11.480 725 DEBUG glanceclient.common.http [-] Request returned failure status 404. _handle_response /usr/lib/python2.7/site-packages/glanceclient/common/http.py:125
2019-07-30 07:40:11.480 725 DEBUG glanceclient.common.http [-] Request returned failure status 404. _handle_response /usr/lib/python2.7/site-packages/glanceclient/common/http.py:125
2019-07-30 07:40:11.500 725 DEBUG glanceclient.common.http [-] Request returned failure status 404. _handle_response /usr/lib/python2.7/site-packages/glanceclient/common/http.py:125
2019-07-30 07:40:11.505 725 DEBUG glanceclient.common.http [-] Request returned failure status 404. _handle_response /usr/lib/python2.7/site-packages/glanceclient/common/http.py:125
2019-07-30 07:40:11.510 725 DEBUG glanceclient.common.http [-] Request returned failure status 404. _handle_response /usr/lib/python2.7/site-packages/glanceclient/common/http.py:125
2019-07-30 07:40:11.511 725 DEBUG glanceclient.common.http [-] Request returned failure status 404. _handle_response /usr/lib/python2.7/site-packages/glanceclient/common/http.py:125
2019-07-30 07:40:11.511 725 DEBUG glanceclient.common.http [-] Request returned failure status 404. _handle_response /usr/lib/python2.7/site-packages/glanceclient/common/http.py:125
2019-07-30 07:40:11.518 725 DEBUG glanceclient.common.http [-] Request returned failure status 404. _handle_response /usr/lib/python2.7/site-packages/glanceclient/common/http.py:125
2019-07-30 07:40:11.523 725 DEBUG glanceclient.common.http [-] Request returned failure status 404. _handle_response /usr/lib/python2.7/site-packages/glanceclient/common/http.py:125
2019-07-30 07:40:12.482 725 DEBUG glanceclient.common.http [-] Request returned failure status 404. _handle_response /usr/lib/python2.7/site-packages/glanceclient/common/http.py:125
2019-07-30 07:40:12.498 725 DEBUG glanceclient.common.http [-] Request returned failure status 404. _handle_response /usr/lib/python2.7/site-packages/glanceclient/common/http.py:125
2019-07-30 07:40:12.500 725 DEBUG glanceclient.common.http [-] Request returned failure status 404. _handle_response /usr/lib/python2.7/site-packages/glanceclient/common/http.py:125
2019-07-30 07:40:12.511 725 DEBUG glanceclient.common.http [-] Request returned failure status 404. _handle_response /usr/lib/python2.7/site-packages/glanceclient/common/http.py:125
2019-07-30 07:40:13.514 725 INFO rally.task.context [-] Task 5fd2f0c8-5616-4e5b-974e-cde75f9e052e | Context cleanup@openstack cleanup() finished in 6.93 sec
2019-07-30 07:40:13.515 725 INFO rally.task.context [-] Task 5fd2f0c8-5616-4e5b-974e-cde75f9e052e | Context users@openstack cleanup() started
2019-07-30 07:40:20.314 725 INFO rally.task.context [-] Task 5fd2f0c8-5616-4e5b-974e-cde75f9e052e | Context users@openstack cleanup() finished in 6.80 sec
2019-07-30 07:40:21.161 725 INFO rally.task.engine [-] Load duration is: 16.288236
2019-07-30 07:40:21.161 725 INFO rally.task.engine [-] Full runner duration is: 17.193215
2019-07-30 07:40:21.162 725 INFO rally.task.engine [-] Full duration is: 35.329672
2019-07-30 07:40:21.370 725 INFO rally.task.engine [-] Running workload: position = 0 config = { "version": 2, "title": "A cropped version of a bigger task.", "description": "Auto-generated task from a single workload (uuid=47278dc3-cfb9-49c9-a1d2-07e00c927103)", "subtasks": [ { "title": "GlanceImages.create_and_download_image", "description": "Create an image, then download data of the image.", "scenario": { "GlanceImages.create_and_download_image": { "container_format": "bare", "disk_format": "qcow2", "image_location": "/home/opnfv/functest/images/cirros-0.4.0-x86_64-disk.img" } }, "contexts": { "users": { "tenants": 3, "users_per_tenant": 2 } }, "runner": { "constant": { "concurrency": 4, "times": 10 } }, "hooks": [], "sla": { "failure_rate": { "max": 0 } } } ] }
2019-07-30 07:40:21.394 725 RALLYDEBUG rally_openstack.contexts.keystone.users [-] Creating 3 tenants using 20 threads
2019-07-30 07:40:23.120 725 RALLYDEBUG rally_openstack.contexts.keystone.users [-] Creating 6 users using 20 threads
2019-07-30 07:40:25.863 725 INFO rally.task.context [-] Task 5fd2f0c8-5616-4e5b-974e-cde75f9e052e | Context users@openstack setup() finished in 4.47 sec
2019-07-30 07:40:25.864 725 INFO rally.task.context [-] Task 5fd2f0c8-5616-4e5b-974e-cde75f9e052e | Context cleanup@openstack setup() finished in 0.00 msec
2019-07-30 07:40:25.872 725 RALLYDEBUG rally.task.runner [-] Starting the constant runner (task UUID: 5fd2f0c8-5616-4e5b-974e-cde75f9e052e). timeout: 0 concurrency: 4 concurrency_per_worker: 1 times: 10 concurrency_overhead: 0 processes_to_start: 4 max_cpu_used: 16
2019-07-30 07:40:25.885 1509 RALLYDEBUG rally.task.runner [-] Starting a worker. concurrency: 1 args: {"container_format": "bare", "disk_format": "qcow2", "image_location": "/home/opnfv/functest/images/cirros-0.4.0-x86_64-disk.img"} times: 10 method_name: run timeout: 0 duration: None cls:
2019-07-30 07:40:25.886 1510 RALLYDEBUG rally.task.runner [-] Starting a worker. concurrency: 1 args: {"container_format": "bare", "disk_format": "qcow2", "image_location": "/home/opnfv/functest/images/cirros-0.4.0-x86_64-disk.img"} times: 10 method_name: run timeout: 0 duration: None cls:
2019-07-30 07:40:25.891 1509 INFO rally.task.runner [-] Task 5fd2f0c8-5616-4e5b-974e-cde75f9e052e | ITER: 1 START
2019-07-30 07:40:25.891 1511 RALLYDEBUG rally.task.runner [-] Starting a worker. concurrency: 1 args: {"container_format": "bare", "disk_format": "qcow2", "image_location": "/home/opnfv/functest/images/cirros-0.4.0-x86_64-disk.img"} times: 10 method_name: run timeout: 0 duration: None cls:
2019-07-30 07:40:25.892 1510 INFO rally.task.runner [-] Task 5fd2f0c8-5616-4e5b-974e-cde75f9e052e | ITER: 2 START
2019-07-30 07:40:25.894 1512 RALLYDEBUG rally.task.runner [-] Starting a worker. concurrency: 1 args: {"container_format": "bare", "disk_format": "qcow2", "image_location": "/home/opnfv/functest/images/cirros-0.4.0-x86_64-disk.img"} times: 10 method_name: run timeout: 0 duration: None cls:
2019-07-30 07:40:25.897 1511 INFO rally.task.runner [-] Task 5fd2f0c8-5616-4e5b-974e-cde75f9e052e | ITER: 3 START
2019-07-30 07:40:25.900 1512 INFO rally.task.runner [-] Task 5fd2f0c8-5616-4e5b-974e-cde75f9e052e | ITER: 4 START
2019-07-30 07:40:29.163 1511 RALLYDEBUG rally.task.utils [-] Waiting for resource u'e238a1e7-9e42-4a88-bf38-9e08c427084e'. Status changed: NONE => QUEUED in 0.0310990810394
2019-07-30 07:40:29.182 1512 RALLYDEBUG rally.task.utils [-] Waiting for resource u'b2ec035d-cd99-420a-8a09-197ff198c002'. Status changed: NONE => QUEUED in 0.0383560657501
2019-07-30 07:40:29.185 1510 RALLYDEBUG rally.task.utils [-] Waiting for resource u'08a9f482-fb5e-489e-bee9-7795333cf68b'. Status changed: NONE => QUEUED in 0.0395090579987
2019-07-30 07:40:29.530 1509 RALLYDEBUG rally.task.utils [-] Waiting for resource u'333e3a91-e1ec-42c3-b3e2-0be8176ab587'. Status changed: NONE => QUEUED in 0.249818086624
2019-07-30 07:40:29.609 1511 RALLYDEBUG rally.task.utils [-] Waiting for resource s_rally_47278dc3_MN1LGlYW. Status changed: QUEUED => ACTIVE in 0.0257828235626
2019-07-30 07:40:30.622 1512 RALLYDEBUG rally.task.utils [-] Waiting for resource s_rally_47278dc3_wmX778p5. Status changed: QUEUED => ACTIVE in 0.0251910686493
2019-07-30 07:40:30.650 1510 RALLYDEBUG rally.task.utils [-] Waiting for resource s_rally_47278dc3_CAwXpchr. Status changed: QUEUED => ACTIVE in 0.0269429683685
2019-07-30 07:40:30.712 1511 INFO rally.task.runner [-] Task 5fd2f0c8-5616-4e5b-974e-cde75f9e052e | ITER: 3 END: OK
2019-07-30 07:40:30.716 1511 INFO rally.task.runner [-] Task 5fd2f0c8-5616-4e5b-974e-cde75f9e052e | ITER: 5 START
2019-07-30 07:40:30.761 1509 RALLYDEBUG rally.task.utils [-] Waiting for resource s_rally_47278dc3_V3icTsbv. Status changed: QUEUED => ACTIVE in 0.0175981521606
2019-07-30 07:40:30.791 1512 INFO rally.task.runner [-] Task 5fd2f0c8-5616-4e5b-974e-cde75f9e052e | ITER: 4 END: OK
2019-07-30 07:40:30.795 1512 INFO rally.task.runner [-] Task 5fd2f0c8-5616-4e5b-974e-cde75f9e052e | ITER: 6 START
2019-07-30 07:40:30.905 1509 INFO rally.task.runner [-] Task 5fd2f0c8-5616-4e5b-974e-cde75f9e052e | ITER: 1 END: OK
2019-07-30 07:40:30.909 1509 INFO rally.task.runner [-] Task 5fd2f0c8-5616-4e5b-974e-cde75f9e052e | ITER: 7 START
2019-07-30 07:40:30.941 1510 INFO rally.task.runner [-] Task 5fd2f0c8-5616-4e5b-974e-cde75f9e052e | ITER: 2 END: OK
2019-07-30 07:40:30.945 1510 INFO rally.task.runner [-] Task 5fd2f0c8-5616-4e5b-974e-cde75f9e052e | ITER: 8 START
2019-07-30 07:40:33.882 1511 RALLYDEBUG rally.task.utils [-] Waiting for resource u'070fbd63-95c2-4221-ab1e-e0046debaa0f'. Status changed: NONE => QUEUED in 0.028058052063
2019-07-30 07:40:34.124 1512 RALLYDEBUG rally.task.utils [-] Waiting for resource u'f2c175ea-411c-4de4-b3b3-65bda523b332'. Status changed: NONE => QUEUED in 0.0275230407715
2019-07-30 07:40:34.145 1510 RALLYDEBUG rally.task.utils [-] Waiting for resource u'd1b3fe61-d0f9-4b5f-b3ce-1db477cf5c14'. Status changed: NONE => QUEUED in 0.0310759544373
2019-07-30 07:40:34.318 1511 RALLYDEBUG rally.task.utils [-] Waiting for resource s_rally_47278dc3_xg9b6HLm. Status changed: QUEUED => ACTIVE in 0.0194318294525
2019-07-30 07:40:34.475 1511 INFO rally.task.runner [-] Task 5fd2f0c8-5616-4e5b-974e-cde75f9e052e | ITER: 5 END: OK
2019-07-30 07:40:34.479 1511 INFO rally.task.runner [-] Task 5fd2f0c8-5616-4e5b-974e-cde75f9e052e | ITER: 9 START
2019-07-30 07:40:35.281 1509 RALLYDEBUG rally.task.utils [-] Waiting for resource u'0fe7aac0-20a0-4c7f-91b4-d1bc4b6afe25'. Status changed: NONE => QUEUED in 1.06673383713
2019-07-30 07:40:35.338 1512 RALLYDEBUG rally.task.utils [-] Waiting for resource s_rally_47278dc3_vUBPWWDS. Status changed: QUEUED => ACTIVE in 0.0295910835266
2019-07-30 07:40:35.365 1510 RALLYDEBUG rally.task.utils [-] Waiting for resource s_rally_47278dc3_dt3PzbKB. Status changed: QUEUED => ACTIVE in 0.0242350101471
2019-07-30 07:40:35.658 1512 INFO rally.task.runner [-] Task 5fd2f0c8-5616-4e5b-974e-cde75f9e052e | ITER: 6 END: OK
2019-07-30 07:40:35.661 1512 INFO rally.task.runner [-] Task 5fd2f0c8-5616-4e5b-974e-cde75f9e052e | ITER: 10 START
2019-07-30 07:40:36.501 1510 INFO rally.task.runner [-] Task 5fd2f0c8-5616-4e5b-974e-cde75f9e052e | ITER: 8 END: OK
2019-07-30 07:40:36.546 1509 RALLYDEBUG rally.task.utils [-] Waiting for resource s_rally_47278dc3_MlJ4dGdM. Status changed: QUEUED => ACTIVE in 0.0165688991547
2019-07-30 07:40:36.681 1509 INFO rally.task.runner [-] Task 5fd2f0c8-5616-4e5b-974e-cde75f9e052e | ITER: 7 END: OK
2019-07-30 07:40:37.677 1511 RALLYDEBUG rally.task.utils [-] Waiting for resource u'd4edd1ef-6cf9-43e8-acd4-13c73d198fd4'. Status changed: NONE => QUEUED in 0.0335011482239
2019-07-30 07:40:38.750 1511 RALLYDEBUG rally.task.utils [-] Waiting for resource s_rally_47278dc3_35r6rSjB. Status changed: QUEUED => ACTIVE in 0.113988876343
2019-07-30 07:40:38.915 1512 RALLYDEBUG rally.task.utils [-] Waiting for resource u'83e6c4e2-8219-40d6-9dde-295c5f7ac7c6'. Status changed: NONE => QUEUED in 0.0278000831604
2019-07-30 07:40:38.972 1511 INFO rally.task.runner [-] Task 5fd2f0c8-5616-4e5b-974e-cde75f9e052e | ITER: 9 END: OK
2019-07-30 07:40:39.578 1512 RALLYDEBUG rally.task.utils [-] Waiting for resource s_rally_47278dc3_ALfGldYQ. Status changed: QUEUED => ACTIVE in 0.0173530578613
2019-07-30 07:40:39.717 1512 INFO rally.task.runner [-] Task 5fd2f0c8-5616-4e5b-974e-cde75f9e052e | ITER: 10 END: OK
2019-07-30 07:40:39.741 725 INFO rally.task.context [-] Task 5fd2f0c8-5616-4e5b-974e-cde75f9e052e | Context cleanup@openstack cleanup() started
2019-07-30 07:40:39.743 725 RALLYDEBUG rally_openstack.cleanup.manager [-] Cleaning up glance images objects
2019-07-30 07:40:42.093 725 RALLYDEBUG rally_openstack.cleanup.manager [-] Deleting glance.images object s_rally_47278dc3_xg9b6HLm (070fbd63-95c2-4221-ab1e-e0046debaa0f)
2019-07-30 07:40:42.103 725 RALLYDEBUG rally_openstack.cleanup.manager [-] Deleting glance.images object s_rally_47278dc3_MN1LGlYW (e238a1e7-9e42-4a88-bf38-9e08c427084e)
2019-07-30 07:40:42.106 725 RALLYDEBUG rally_openstack.cleanup.manager [-] Deleting glance.images object s_rally_47278dc3_35r6rSjB (d4edd1ef-6cf9-43e8-acd4-13c73d198fd4)
2019-07-30 07:40:42.106 725 RALLYDEBUG rally_openstack.cleanup.manager [-] Deleting glance.images object s_rally_47278dc3_dt3PzbKB (d1b3fe61-d0f9-4b5f-b3ce-1db477cf5c14)
2019-07-30 07:40:42.109 725 RALLYDEBUG rally_openstack.cleanup.manager [-] Deleting glance.images object s_rally_47278dc3_wmX778p5 (b2ec035d-cd99-420a-8a09-197ff198c002)
2019-07-30 07:40:42.114 725 RALLYDEBUG rally_openstack.cleanup.manager [-] Deleting glance.images object s_rally_47278dc3_MlJ4dGdM (0fe7aac0-20a0-4c7f-91b4-d1bc4b6afe25)
2019-07-30 07:40:42.136 725 RALLYDEBUG rally_openstack.cleanup.manager [-] Deleting glance.images object s_rally_47278dc3_V3icTsbv (333e3a91-e1ec-42c3-b3e2-0be8176ab587)
2019-07-30 07:40:42.138 725 RALLYDEBUG rally_openstack.cleanup.manager [-] Deleting glance.images object s_rally_47278dc3_ALfGldYQ (83e6c4e2-8219-40d6-9dde-295c5f7ac7c6)
2019-07-30 07:40:42.143 725 RALLYDEBUG rally_openstack.cleanup.manager [-] Deleting glance.images object s_rally_47278dc3_CAwXpchr (08a9f482-fb5e-489e-bee9-7795333cf68b)
