2019-07-29 08:55:28.637 22704 RALLYDEBUG rally_openstack.cleanup.manager [-] Deleting neutron.port object s_rally_be935dc4_hi1Iuv44 (d72d9b64-dceb-4092-b339-83a5f6b0d4a8)
2019-07-29 08:55:28.638 22704 RALLYDEBUG rally_openstack.cleanup.manager [-] Deleting neutron.port object s_rally_be935dc4_ZXNv6HJi (d70752e1-5814-42ed-9233-ce6a7363a8fd)
2019-07-29 08:55:28.733 22704 RALLYDEBUG rally_openstack.cleanup.manager [-] Deleting neutron.port object s_rally_be935dc4_FDb9ZMKZ (d7b5aed1-0c4d-4f78-9957-0d5e71bacf7c)
2019-07-29 08:55:28.759 22704 RALLYDEBUG rally_openstack.cleanup.manager [-] Deleting neutron.port object s_rally_be935dc4_Ih9GN067 (d8d7eb24-c88b-4bd0-8cd3-3d17914aba4a)
2019-07-29 08:55:28.813 22704 RALLYDEBUG rally_openstack.cleanup.manager [-] Deleting neutron.port object s_rally_be935dc4_iXrDYXQg (d9835256-b7ea-4526-a881-a5b5cedfe07f)
2019-07-29 08:55:28.890 22704 RALLYDEBUG rally_openstack.cleanup.manager [-] Deleting neutron.port object s_rally_be935dc4_saHK21e1 (da343f7d-11e5-4183-83ab-4f915130f938)
2019-07-29 08:55:29.274 22704 RALLYDEBUG rally_openstack.cleanup.manager [-] Deleting neutron.port object s_rally_be935dc4_s2x9hAjw (da6007e9-00e5-485a-af87-619f5da58a42)
2019-07-29 08:55:29.282 22704 RALLYDEBUG rally_openstack.cleanup.manager [-] Deleting neutron.port object s_rally_be935dc4_eez7b5ko (db4ded04-9e1a-494d-8659-9875f092a6e4)
2019-07-29 08:55:29.289 22704 RALLYDEBUG rally_openstack.cleanup.manager [-] Deleting neutron.port object s_rally_be935dc4_V85fFnm6 (dbf8dd2f-9636-4a76-85ea-620655d34a38)
2019-07-29 08:55:29.382 22704 RALLYDEBUG rally_openstack.cleanup.manager [-] Deleting neutron.port object s_rally_be935dc4_eBtd1y1M (dc60b7d8-4ca7-470e-84b1-c1db4386bcac)
2019-07-29 08:55:29.440 22704 RALLYDEBUG rally_openstack.cleanup.manager [-] Deleting neutron.port object s_rally_be935dc4_pthIrNSI (dcb4316c-395f-42f5-aff2-189fd0323446)
2019-07-29 08:55:29.447 22704 RALLYDEBUG rally_openstack.cleanup.manager [-] Deleting neutron.port object s_rally_be935dc4_pVt3vNf9 (dcf6ab11-caeb-4796-9bbe-8fd45ae0ea86)
2019-07-29 08:55:29.831 22704 RALLYDEBUG rally_openstack.cleanup.manager [-] Deleting neutron.port object s_rally_be935dc4_eoqOQpBI (dd6f6871-9cf0-4cbe-9463-2a0472ba2858)
2019-07-29 08:55:29.919 22704 RALLYDEBUG rally_openstack.cleanup.manager [-] Deleting neutron.port object s_rally_be935dc4_qNix1zk7 (df3deb50-3f03-46c4-8c55-91bd7de44101)
2019-07-29 08:55:30.048 22704 RALLYDEBUG rally_openstack.cleanup.manager [-] Deleting neutron.port object s_rally_be935dc4_W3hPacnX (e0c54c36-bfde-4b63-bd3e-2cf4a42d6ab9)
2019-07-29 08:55:30.124 22704 RALLYDEBUG rally_openstack.cleanup.manager [-] Deleting neutron.port object s_rally_be935dc4_UW7cN4rH (e18bafad-8856-4c6f-bdd1-6febc6e4c02b)
2019-07-29 08:55:30.235 22704 RALLYDEBUG rally_openstack.cleanup.manager [-] Deleting neutron.port object s_rally_be935dc4_6yhZtifn (e1df4a16-6e07-4825-8264-8e73540f8f02)
2019-07-29 08:55:30.499 22704 RALLYDEBUG rally_openstack.cleanup.manager [-] Deleting neutron.port object s_rally_be935dc4_Lgg9AxOp (e2e5902d-3076-4861-9702-ccad8ade5eb0)
2019-07-29 08:55:30.702 22704 RALLYDEBUG rally_openstack.cleanup.manager [-] Deleting neutron.port object s_rally_be935dc4_PQKJE5VV (e4280d7c-a610-4d4f-8b68-0a26c48bb73d)
2019-07-29 08:55:30.729 22704 RALLYDEBUG rally_openstack.cleanup.manager [-] Deleting neutron.port object s_rally_be935dc4_qAXd7uQG (e48232ce-d24d-45b6-a95d-cc2f2b026482)
2019-07-29 08:55:30.806 22704 RALLYDEBUG rally_openstack.cleanup.manager [-] Deleting neutron.port object s_rally_be935dc4_BqV35hYx (e56c4d84-7698-44e4-a75a-58e805cbc43e)
2019-07-29 08:55:31.083 22704 RALLYDEBUG rally_openstack.cleanup.manager [-] Deleting neutron.port object s_rally_be935dc4_hL8qc31D (e5843b6d-ff29-4d3d-88c7-3f86771c4735)
2019-07-29 08:55:31.126 22704 RALLYDEBUG rally_openstack.cleanup.manager [-] Deleting neutron.port object s_rally_be935dc4_ZxSdctBg (e599116a-494e-44dc-b34f-5c45d0f1248f)
2019-07-29 08:55:31.202 22704 RALLYDEBUG rally_openstack.cleanup.manager [-] Deleting neutron.port object s_rally_be935dc4_xgo5pNgT (e601e17e-345a-4d52-9933-27207b0a9e96)
2019-07-29 08:55:31.355 22704 RALLYDEBUG rally_openstack.cleanup.manager [-] Deleting neutron.port object s_rally_be935dc4_pik561xZ (e69da734-00e8-43a6-96ff-41514341e7a5)
2019-07-29 08:55:31.528 22704 RALLYDEBUG rally_openstack.cleanup.manager [-] Deleting neutron.port object s_rally_be935dc4_71QNrDil (e7729392-23d1-45f5-ab99-835f4b3f2f22)
2019-07-29 08:55:31.546 22704 RALLYDEBUG rally_openstack.cleanup.manager [-] Deleting neutron.port object s_rally_be935dc4_45tQJ9hr (e7ef18fb-5a7b-4c8e-a960-b6dff605dc15)
2019-07-29 08:55:31.562 22704 RALLYDEBUG rally_openstack.cleanup.manager [-] Deleting neutron.port object s_rally_be935dc4_Ip1488tq (e88dd728-102d-47a4-a10b-8cd28eb04da7)
2019-07-29 08:55:31.631 22704 RALLYDEBUG rally_openstack.cleanup.manager [-] Deleting neutron.port object s_rally_be935dc4_iH1DKw9N (e93e41c8-66fe-40a7-b7cc-87647e8d92d4)
2019-07-29 08:55:31.718 22704 RALLYDEBUG rally_openstack.cleanup.manager [-] Deleting neutron.port object s_rally_be935dc4_aBJK35s3 (ea771c0d-3d11-4248-8d53-e98c1d71f5ed)
2019-07-29 08:55:31.732 22704 RALLYDEBUG rally_openstack.cleanup.manager [-] Deleting neutron.port object s_rally_be935dc4_wY3Dyqec (ebf016b4-2b03-47f9-8635-1d880894c31a)
2019-07-29 08:55:31.852 22704 RALLYDEBUG rally_openstack.cleanup.manager [-] Deleting neutron.port object s_rally_be935dc4_447g2TAt (ecb629a4-a116-4e41-a01b-ac98cb64a24f)
2019-07-29 08:55:31.953 22704 RALLYDEBUG rally_openstack.cleanup.manager [-] Deleting neutron.port object s_rally_be935dc4_KYVbWcsb (ed1e1a17-90e0-401f-9d80-5cf4425e0f7f)
2019-07-29 08:55:32.358 22704 RALLYDEBUG rally_openstack.cleanup.manager [-] Deleting neutron.port object s_rally_be935dc4_sdFEUb1C (ee34bb3c-0be7-4001-83f1-dc3960029634)
2019-07-29 08:55:32.409 22704 RALLYDEBUG rally_openstack.cleanup.manager [-] Deleting neutron.port object s_rally_be935dc4_2tbcuefr (ef55ab46-452d-47ad-9258-89d9d8277b10)
2019-07-29 08:55:32.416 22704 RALLYDEBUG rally_openstack.cleanup.manager [-] Deleting neutron.port object s_rally_be935dc4_z9kyhaTl (ef9e6a6a-d1e8-439e-9101-672d3a684c3a)
2019-07-29 08:55:32.741 22704 RALLYDEBUG rally_openstack.cleanup.manager [-] Deleting neutron.port object s_rally_be935dc4_3csZrPAL (f05d7a50-4373-4b1d-af5b-b87f6d4c8380)
2019-07-29 08:55:32.824 22704 RALLYDEBUG rally_openstack.cleanup.manager [-] Deleting neutron.port object s_rally_be935dc4_E1Qo0TMD (f154ee49-c253-4eb6-84f6-e2a5223550ad)
2019-07-29 08:55:32.882 22704 RALLYDEBUG rally_openstack.cleanup.manager [-] Deleting neutron.port object s_rally_be935dc4_vgkxwCEF (f2cc6c95-f0c1-459e-9524-6fec55ba148f)
2019-07-29 08:55:33.098 22704 RALLYDEBUG rally_openstack.cleanup.manager [-] Deleting neutron.port object s_rally_be935dc4_lG4fPlXR (f2df150c-433e-4e9f-8a33-f914d7615d78)
2019-07-29 08:55:33.455 22704 RALLYDEBUG rally_openstack.cleanup.manager [-] Deleting neutron.port object s_rally_be935dc4_Ao1RQoxL (f379cfda-8c05-4863-b08d-65f3dcb4d3af)
2019-07-29 08:55:33.546 22704 RALLYDEBUG rally_openstack.cleanup.manager [-] Deleting neutron.port object s_rally_be935dc4_7yXTCYWb (f3b8d94a-a30a-4789-be8b-5b8111f83ca5)
2019-07-29 08:55:33.661 22704 RALLYDEBUG rally_openstack.cleanup.manager [-] Deleting neutron.port object s_rally_be935dc4_8LxENobN (f417ac14-4551-42f4-bf1f-43a53e384d3f)
2019-07-29 08:55:33.697 22704 RALLYDEBUG rally_openstack.cleanup.manager [-] Deleting neutron.port object s_rally_be935dc4_4lhWkI4R (f4b320c4-abea-4fba-8a20-bd5f3c86f12c)
2019-07-29 08:55:33.778 22704 RALLYDEBUG rally_openstack.cleanup.manager [-] Deleting neutron.port object s_rally_be935dc4_BdugJ8Mt (f5b211d5-c4a0-4ead-958d-67dc78ed55b8)
2019-07-29 08:55:33.840 22704 RALLYDEBUG rally_openstack.cleanup.manager [-] Deleting neutron.port object s_rally_be935dc4_VCDii7Kc (f61f4f1a-88cd-4c9b-998b-2f362b2b1578)
2019-07-29 08:55:34.111 22704 RALLYDEBUG rally_openstack.cleanup.manager [-] Deleting neutron.port object s_rally_be935dc4_bBH6J07z (f66356d8-56d1-452b-b04d-94175edc6307)
2019-07-29 08:55:34.208 22704 RALLYDEBUG rally_openstack.cleanup.manager [-] Deleting neutron.port object s_rally_be935dc4_GuSH9dkH (f68b4921-b282-4256-bc8e-ff7ed481df7c)
2019-07-29 08:55:34.319 22704 RALLYDEBUG rally_openstack.cleanup.manager [-] Deleting neutron.port object s_rally_be935dc4_UpxVazt3 (f77a1d05-7f0d-4a8b-bba5-58812db3bae4)
2019-07-29 08:55:34.476 22704 RALLYDEBUG rally_openstack.cleanup.manager [-] Deleting neutron.port object s_rally_be935dc4_wCWH1P32 (f878a600-2259-49d8-b799-7ea089626f74)
2019-07-29 08:55:34.558 22704 RALLYDEBUG rally_openstack.cleanup.manager [-] Deleting neutron.port object s_rally_be935dc4_vdYlW9Wt (f8e59c0e-473a-4a99-80f5-6cb4f5eed010)
2019-07-29 08:55:34.586 22704 RALLYDEBUG rally_openstack.cleanup.manager [-] Deleting neutron.port object s_rally_be935dc4_iLZ8i7xZ (f93772ab-d0d2-44b0-84db-bab1ce8cbd22)
2019-07-29 08:55:34.588 22704 RALLYDEBUG rally_openstack.cleanup.manager [-] Deleting neutron.port object s_rally_be935dc4_nllFlF8n (f8fb6575-8f4c-4ec7-8607-dfc4972f021d)
2019-07-29 08:55:34.660 22704 RALLYDEBUG rally_openstack.cleanup.manager [-] Deleting neutron.port object s_rally_be935dc4_8wAre1wk (f9427b2a-3faa-410d-916b-f5d38da36a65)
2019-07-29 08:55:34.701 22704 RALLYDEBUG rally_openstack.cleanup.manager [-] Deleting neutron.port object s_rally_be935dc4_BxJ3bFgv (fa2377d2-6eb4-4d1e-9c87-480e3af13764)
2019-07-29 08:55:34.885 22704 RALLYDEBUG rally_openstack.cleanup.manager [-] Deleting neutron.port object s_rally_be935dc4_Ji27LmOf (fa512dfb-c354-4df0-8668-7b9d48b6fe11)
2019-07-29 08:55:34.916 22704 RALLYDEBUG rally_openstack.cleanup.manager [-] Deleting neutron.port object s_rally_be935dc4_9ZyJIaAm (fa93b604-8109-435a-8217-f6659161c099)
2019-07-29 08:55:34.973 22704 RALLYDEBUG rally_openstack.cleanup.manager [-] Deleting neutron.port object s_rally_be935dc4_yIyaIZdn (fb09a94f-99e9-4f1a-9864-fef45996fbda)
2019-07-29 08:55:35.367 22704 RALLYDEBUG rally_openstack.cleanup.manager [-] Deleting neutron.port object s_rally_be935dc4_Veof5hm3 (fb77bead-4f80-4690-bd9d-fb7df012e064)
2019-07-29 08:55:35.383 22704 RALLYDEBUG rally_openstack.cleanup.manager [-] Deleting neutron.port object s_rally_be935dc4_EcRX9J3J (fc14e386-cded-4b4b-a2c5-1377c7a1b0e4)
2019-07-29 08:55:37.963 22704 RALLYDEBUG rally_openstack.cleanup.manager [-] Cleaning up neutron subnet objects
2019-07-29 08:55:38.735 22704 RALLYDEBUG rally_openstack.cleanup.manager [-] Cleaning up neutron network objects
2019-07-29 08:55:39.455 22704 RALLYDEBUG rally_openstack.cleanup.manager [-] Deleting neutron.network object s_rally_be935dc4_oeLZ7laH (04eae72b-5426-48bd-be14-fc052c1a7ef4)
2019-07-29 08:55:39.458 22704 RALLYDEBUG rally_openstack.cleanup.manager [-] Deleting neutron.network object s_rally_be935dc4_gySLZa9g (0eb1516e-e88c-4c67-972f-d7edeab3cd16)
2019-07-29 08:55:39.465 22704 RALLYDEBUG rally_openstack.cleanup.manager [-] Deleting neutron.network object s_rally_be935dc4_LURYPR96 (a3da8eb3-e4b0-4398-b513-f3220dfa665f)
2019-07-29 08:55:39.470 22704 RALLYDEBUG rally_openstack.cleanup.manager [-] Deleting neutron.network object s_rally_be935dc4_73S4S6YW (aaeba3a2-a75b-4728-93e8-ef7e5bb62552)
2019-07-29 08:55:39.474 22704 RALLYDEBUG rally_openstack.cleanup.manager [-] Deleting neutron.network object s_rally_be935dc4_jOURUVgq (af77133a-a609-46d2-a38f-67d9a361474d)
2019-07-29 08:55:39.482 22704 RALLYDEBUG rally_openstack.cleanup.manager [-] Deleting neutron.network object s_rally_be935dc4_aYktEfRq (baa0278f-17c8-4441-b3cf-78b04635b67a)
2019-07-29 08:55:39.488 22704 RALLYDEBUG rally_openstack.cleanup.manager [-] Deleting neutron.network object s_rally_be935dc4_2a72kVx1 (bbbee030-33ff-4c66-9511-50cbb4c64337)
2019-07-29 08:55:39.506 22704 RALLYDEBUG rally_openstack.cleanup.manager [-] Deleting neutron.network object s_rally_be935dc4_jtMaIOV2 (d9631147-0bec-4260-90f1-75d4213e4613)
2019-07-29 08:55:43.476 22704 RALLYDEBUG rally_openstack.cleanup.manager [-] Cleaning up neutron router objects
2019-07-29 08:55:44.263 22704 RALLYDEBUG rally_openstack.cleanup.manager [-] Cleaning up neutron security_group objects
2019-07-29 08:55:44.936 22704 INFO rally.task.context [-] Task 8b3a5eca-9dc2-4c92-b181-10c4a2808dbb | Context cleanup@openstack cleanup() finished in 1.05 min
2019-07-29 08:55:44.936 22704 INFO rally.task.context [-] Task 8b3a5eca-9dc2-4c92-b181-10c4a2808dbb | Context quotas@openstack cleanup() started
2019-07-29 08:55:45.278 22704 INFO rally.task.context [-] Task 8b3a5eca-9dc2-4c92-b181-10c4a2808dbb | Context quotas@openstack cleanup() finished in 0.34 sec
2019-07-29 08:55:45.279 22704 INFO rally.task.context [-] Task 8b3a5eca-9dc2-4c92-b181-10c4a2808dbb | Context users@openstack cleanup() started
2019-07-29 08:55:51.664 22704 INFO rally.task.context [-] Task 8b3a5eca-9dc2-4c92-b181-10c4a2808dbb | Context users@openstack cleanup() finished in 6.39 sec
2019-07-29 08:55:53.341 22704 INFO rally.task.engine [-] Load duration is: 93.997708
2019-07-29 08:55:53.342 22704 INFO rally.task.engine [-] Full runner duration is: 94.046012
2019-07-29 08:55:53.342 22704 INFO rally.task.engine [-] Full duration is: 168.999389
2019-07-29 08:55:53.501 22704 INFO rally.task.engine [-] Running workload: position = 1 config = { "version": 2, "title": "A cropped version of a bigger task.", "description": "Auto-generated task from a single workload (uuid=5a80b067-b882-421e-9dbe-f581eb5e63a7)", "subtasks": [ { "title": "NeutronNetworks.create_and_update_ports", "description": "Create and update a given number of ports.", "scenario": { "NeutronNetworks.create_and_update_ports": { "network_create_args": {}, "port_create_args": {}, "ports_per_network": 5, "port_update_args": { "admin_state_up": false, "device_id": "dummy_id", "device_owner": "dummy_owner", "name": "_port_updated" } } }, "contexts": { "users": { "tenants": 1, "users_per_tenant": 1 }, "quotas": { "neutron": { "network": -1, "port": -1 } } }, "runner": { "constant": { "times": 40, "concurrency": 20 } }, "hooks": [], "sla": { "failure_rate": { "max": 0 } } } ] }
2019-07-29 08:55:53.520 22704 RALLYDEBUG rally_openstack.contexts.keystone.users [-] Creating 1 tenants using 20 threads
2019-07-29 08:55:56.606 22704 RALLYDEBUG rally_openstack.contexts.keystone.users [-] Creating 1 users using 20 threads
2019-07-29 08:56:00.373 22704 INFO rally.task.context [-] Task 8b3a5eca-9dc2-4c92-b181-10c4a2808dbb | Context users@openstack setup() finished in 6.85 sec
2019-07-29 08:56:01.182 22704 INFO rally.task.context [-] Task 8b3a5eca-9dc2-4c92-b181-10c4a2808dbb | Context quotas@openstack setup() finished in 0.81 sec
2019-07-29 08:56:01.182 22704 INFO rally.task.context [-] Task 8b3a5eca-9dc2-4c92-b181-10c4a2808dbb | Context cleanup@openstack setup() finished in 0.00 msec
2019-07-29 08:56:01.189 22704 RALLYDEBUG rally.task.runner [-] Starting the constant runner (task UUID: 8b3a5eca-9dc2-4c92-b181-10c4a2808dbb). timeout: 0 concurrency: 20 concurrency_per_worker: 1 times: 40 concurrency_overhead: 4 processes_to_start: 16 max_cpu_used: 16
2019-07-29 08:56:01.202 26580 RALLYDEBUG rally.task.runner [-] Starting a worker. concurrency: 2 args: {"network_create_args": {}, "port_create_args": {}, "ports_per_network": 5, "port_update_args": {"admin_state_up": false, "device_id": "dummy_id", "device_owner": "dummy_owner", "name": "_port_updated"}} times: 40 method_name: run timeout: 0 duration: None cls:
2019-07-29 08:56:01.204 26581 RALLYDEBUG rally.task.runner [-] Starting a worker. concurrency: 2 args: {"network_create_args": {}, "port_create_args": {}, "ports_per_network": 5, "port_update_args": {"admin_state_up": false, "device_id": "dummy_id", "device_owner": "dummy_owner", "name": "_port_updated"}} times: 40 method_name: run timeout: 0 duration: None cls:
2019-07-29 08:56:01.204 26582 RALLYDEBUG rally.task.runner [-] Starting a worker. concurrency: 2 args: {"network_create_args": {}, "port_create_args": {}, "ports_per_network": 5, "port_update_args": {"admin_state_up": false, "device_id": "dummy_id", "device_owner": "dummy_owner", "name": "_port_updated"}} times: 40 method_name: run timeout: 0 duration: None cls:
2019-07-29 08:56:01.210 26580 INFO rally.task.runner [-] Task 8b3a5eca-9dc2-4c92-b181-10c4a2808dbb | ITER: 1 START
2019-07-29 08:56:01.211 26582 INFO rally.task.runner [-] Task 8b3a5eca-9dc2-4c92-b181-10c4a2808dbb | ITER: 3 START
2019-07-29 08:56:01.211 26584 RALLYDEBUG rally.task.runner [-] Starting a worker. concurrency: 1 args: {"network_create_args": {}, "port_create_args": {}, "ports_per_network": 5, "port_update_args": {"admin_state_up": false, "device_id": "dummy_id", "device_owner": "dummy_owner", "name": "_port_updated"}} times: 40 method_name: run timeout: 0 duration: None cls:
2019-07-29 08:56:01.210 26583 RALLYDEBUG rally.task.runner [-] Starting a worker. concurrency: 2 args: {"network_create_args": {}, "port_create_args": {}, "ports_per_network": 5, "port_update_args": {"admin_state_up": false, "device_id": "dummy_id", "device_owner": "dummy_owner", "name": "_port_updated"}} times: 40 method_name: run timeout: 0 duration: None cls:
2019-07-29 08:56:01.212 26580 WARNING rally_openstack.scenarios.neutron.utils [-] Running this scenario without either the 'network' or 'existing_network' context is deprecated
2019-07-29 08:56:01.212 26582 WARNING rally_openstack.scenarios.neutron.utils [-] Running this scenario without either the 'network' or 'existing_network' context is deprecated
2019-07-29 08:56:01.212 26581 INFO rally.task.runner [-] Task 8b3a5eca-9dc2-4c92-b181-10c4a2808dbb | ITER: 2 START
2019-07-29 08:56:01.214 26581 WARNING rally_openstack.scenarios.neutron.utils [-] Running this scenario without either the 'network' or 'existing_network' context is deprecated
2019-07-29 08:56:01.216 26586 RALLYDEBUG rally.task.runner [-] Starting a worker. concurrency: 1 args: {"network_create_args": {}, "port_create_args": {}, "ports_per_network": 5, "port_update_args": {"admin_state_up": false, "device_id": "dummy_id", "device_owner": "dummy_owner", "name": "_port_updated"}} times: 40 method_name: run timeout: 0 duration: None cls:
2019-07-29 08:56:01.218 26593 RALLYDEBUG rally.task.runner [-] Starting a worker. concurrency: 1 args: {"network_create_args": {}, "port_create_args": {}, "ports_per_network": 5, "port_update_args": {"admin_state_up": false, "device_id": "dummy_id", "device_owner": "dummy_owner", "name": "_port_updated"}} times: 40 method_name: run timeout: 0 duration: None cls:
2019-07-29 08:56:01.220 26598 RALLYDEBUG rally.task.runner [-] Starting a worker. concurrency: 1 args: {"network_create_args": {}, "port_create_args": {}, "ports_per_network": 5, "port_update_args": {"admin_state_up": false, "device_id": "dummy_id", "device_owner": "dummy_owner", "name": "_port_updated"}} times: 40 method_name: run timeout: 0 duration: None cls:
2019-07-29 08:56:01.221 26581 INFO rally.task.runner [-] Task 8b3a5eca-9dc2-4c92-b181-10c4a2808dbb | ITER: 5 START
2019-07-29 08:56:01.222 26581 WARNING rally_openstack.scenarios.neutron.utils [-] Running this scenario without either the 'network' or 'existing_network' context is deprecated
2019-07-29 08:56:01.223 26580 INFO rally.task.runner [-] Task 8b3a5eca-9dc2-4c92-b181-10c4a2808dbb | ITER: 4 START
2019-07-29 08:56:01.224 26580 WARNING rally_openstack.scenarios.neutron.utils [-] Running this scenario without either the 'network' or 'existing_network' context is deprecated
2019-07-29 08:56:01.224 26596 RALLYDEBUG rally.task.runner [-] Starting a worker. concurrency: 1 args: {"network_create_args": {}, "port_create_args": {}, "ports_per_network": 5, "port_update_args": {"admin_state_up": false, "device_id": "dummy_id", "device_owner": "dummy_owner", "name": "_port_updated"}} times: 40 method_name: run timeout: 0 duration: None cls:
2019-07-29 08:56:01.225 26601 RALLYDEBUG rally.task.runner [-] Starting a worker. concurrency: 1 args: {"network_create_args": {}, "port_create_args": {}, "ports_per_network": 5, "port_update_args": {"admin_state_up": false, "device_id": "dummy_id", "device_owner": "dummy_owner", "name": "_port_updated"}} times: 40 method_name: run timeout: 0 duration: None cls:
2019-07-29 08:56:01.226 26598 INFO rally.task.runner [-] Task 8b3a5eca-9dc2-4c92-b181-10c4a2808dbb | ITER: 11 START
2019-07-29 08:56:01.227 26583 INFO rally.task.runner [-] Task 8b3a5eca-9dc2-4c92-b181-10c4a2808dbb | ITER: 8 START
2019-07-29 08:56:01.227 26598 WARNING rally_openstack.scenarios.neutron.utils [-] Running this scenario without either the 'network' or 'existing_network' context is deprecated
2019-07-29 08:56:01.228 26583 WARNING rally_openstack.scenarios.neutron.utils [-] Running this scenario without either the 'network' or 'existing_network' context is deprecated
2019-07-29 08:56:01.228 26600 RALLYDEBUG rally.task.runner [-] Starting a worker. concurrency: 1 args: {"network_create_args": {}, "port_create_args": {}, "ports_per_network": 5, "port_update_args": {"admin_state_up": false, "device_id": "dummy_id", "device_owner": "dummy_owner", "name": "_port_updated"}} times: 40 method_name: run timeout: 0 duration: None cls:
2019-07-29 08:56:01.222 26582 INFO rally.task.runner [-] Task 8b3a5eca-9dc2-4c92-b181-10c4a2808dbb | ITER: 6 START
2019-07-29 08:56:01.230 26593 INFO rally.task.runner [-] Task 8b3a5eca-9dc2-4c92-b181-10c4a2808dbb | ITER: 10 START
2019-07-29 08:56:01.230 26584 INFO rally.task.runner [-] Task 8b3a5eca-9dc2-4c92-b181-10c4a2808dbb | ITER: 7 START
2019-07-29 08:56:01.230 26603 RALLYDEBUG rally.task.runner [-] Starting a worker. concurrency: 1 args: {"network_create_args": {}, "port_create_args": {}, "ports_per_network": 5, "port_update_args": {"admin_state_up": false, "device_id": "dummy_id", "device_owner": "dummy_owner", "name": "_port_updated"}} times: 40 method_name: run timeout: 0 duration: None cls:
2019-07-29 08:56:01.231 26582 WARNING rally_openstack.scenarios.neutron.utils [-] Running this scenario without either the 'network' or 'existing_network' context is deprecated
2019-07-29 08:56:01.231 26593 WARNING rally_openstack.scenarios.neutron.utils [-] Running this scenario without either the 'network' or 'existing_network' context is deprecated
2019-07-29 08:56:01.231 26584 WARNING rally_openstack.scenarios.neutron.utils [-] Running this scenario without either the 'network' or 'existing_network' context is deprecated
2019-07-29 08:56:01.233 26586 INFO rally.task.runner [-] Task 8b3a5eca-9dc2-4c92-b181-10c4a2808dbb | ITER: 9 START
2019-07-29 08:56:01.233 26601 INFO rally.task.runner [-] Task 8b3a5eca-9dc2-4c92-b181-10c4a2808dbb | ITER: 14 START
2019-07-29 08:56:01.234 26586 WARNING rally_openstack.scenarios.neutron.utils [-] Running this scenario without either the 'network' or 'existing_network' context is deprecated
2019-07-29 08:56:01.235 26601 WARNING rally_openstack.scenarios.neutron.utils [-] Running this scenario without either the 'network' or 'existing_network' context is deprecated
2019-07-29 08:56:01.235 26600 INFO rally.task.runner [-] Task 8b3a5eca-9dc2-4c92-b181-10c4a2808dbb | ITER: 15 START
2019-07-29 08:56:01.237 26600 WARNING rally_openstack.scenarios.neutron.utils [-] Running this scenario without either the 'network' or 'existing_network' context is deprecated
2019-07-29 08:56:01.237 26611 RALLYDEBUG rally.task.runner [-] Starting a worker. concurrency: 1 args: {"network_create_args": {}, "port_create_args": {}, "ports_per_network": 5, "port_update_args": {"admin_state_up": false, "device_id": "dummy_id", "device_owner": "dummy_owner", "name": "_port_updated"}} times: 40 method_name: run timeout: 0 duration: None cls:
2019-07-29 08:56:01.238 26583 INFO rally.task.runner [-] Task 8b3a5eca-9dc2-4c92-b181-10c4a2808dbb | ITER: 12 START
2019-07-29 08:56:01.238 26583 WARNING rally_openstack.scenarios.neutron.utils [-] Running this scenario without either the 'network' or 'existing_network' context is deprecated
2019-07-29 08:56:01.240 26603 INFO rally.task.runner [-] Task 8b3a5eca-9dc2-4c92-b181-10c4a2808dbb | ITER: 16 START
2019-07-29 08:56:01.244 26603 WARNING rally_openstack.scenarios.neutron.utils [-] Running this scenario without either the 'network' or 'existing_network' context is deprecated
2019-07-29 08:56:01.247 26611 INFO rally.task.runner [-] Task 8b3a5eca-9dc2-4c92-b181-10c4a2808dbb | ITER: 17 START
2019-07-29 08:56:01.247 26622 RALLYDEBUG rally.task.runner [-] Starting a worker. concurrency: 1 args: {"network_create_args": {}, "port_create_args": {}, "ports_per_network": 5, "port_update_args": {"admin_state_up": false, "device_id": "dummy_id", "device_owner": "dummy_owner", "name": "_port_updated"}} times: 40 method_name: run timeout: 0 duration: None cls:
2019-07-29 08:56:01.249 26611 WARNING rally_openstack.scenarios.neutron.utils [-] Running this scenario without either the 'network' or 'existing_network' context is deprecated
2019-07-29 08:56:01.249 26619 RALLYDEBUG rally.task.runner [-] Starting a worker. concurrency: 1 args: {"network_create_args": {}, "port_create_args": {}, "ports_per_network": 5, "port_update_args": {"admin_state_up": false, "device_id": "dummy_id", "device_owner": "dummy_owner", "name": "_port_updated"}} times: 40 method_name: run timeout: 0 duration: None cls:
2019-07-29 08:56:01.249 26596 INFO rally.task.runner [-] Task 8b3a5eca-9dc2-4c92-b181-10c4a2808dbb | ITER: 13 START
2019-07-29 08:56:01.251 26596 WARNING rally_openstack.scenarios.neutron.utils [-] Running this scenario without either the 'network' or 'existing_network' context is deprecated
2019-07-29 08:56:01.255 26622 INFO rally.task.runner [-] Task 8b3a5eca-9dc2-4c92-b181-10c4a2808dbb | ITER: 18 START
2019-07-29 08:56:01.256 26622 WARNING rally_openstack.scenarios.neutron.utils [-] Running this scenario without either the 'network' or 'existing_network' context is deprecated
2019-07-29 08:56:01.257 26619 INFO rally.task.runner [-] Task 8b3a5eca-9dc2-4c92-b181-10c4a2808dbb | ITER: 19 START
2019-07-29 08:56:01.258 26619 WARNING rally_openstack.scenarios.neutron.utils [-] Running this scenario without either the 'network' or 'existing_network' context is deprecated
2019-07-29 08:56:01.263 26625 RALLYDEBUG rally.task.runner [-] Starting a worker. concurrency: 1 args: {"network_create_args": {}, "port_create_args": {}, "ports_per_network": 5, "port_update_args": {"admin_state_up": false, "device_id": "dummy_id", "device_owner": "dummy_owner", "name": "_port_updated"}} times: 40 method_name: run timeout: 0 duration: None cls:
2019-07-29 08:56:01.268 26625 INFO rally.task.runner [-] Task 8b3a5eca-9dc2-4c92-b181-10c4a2808dbb | ITER: 20 START
2019-07-29 08:56:01.269 26625 WARNING rally_openstack.scenarios.neutron.utils [-] Running this scenario without either the 'network' or 'existing_network' context is deprecated
2019-07-29 08:56:13.789 26593 INFO rally.task.runner [-] Task 8b3a5eca-9dc2-4c92-b181-10c4a2808dbb | ITER: 10 END: OK
2019-07-29 08:56:13.793 26593 INFO rally.task.runner [-] Task 8b3a5eca-9dc2-4c92-b181-10c4a2808dbb | ITER: 21 START
2019-07-29 08:56:13.794 26593 WARNING rally_openstack.scenarios.neutron.utils [-] Running this scenario without either the 'network' or 'existing_network' context is deprecated
2019-07-29 08:56:14.190 26625 INFO rally.task.runner [-] Task 8b3a5eca-9dc2-4c92-b181-10c4a2808dbb | ITER: 20 END: OK
2019-07-29 08:56:14.193 26625 INFO rally.task.runner [-] Task 8b3a5eca-9dc2-4c92-b181-10c4a2808dbb | ITER: 22 START
2019-07-29 08:56:14.194 26625 WARNING rally_openstack.scenarios.neutron.utils [-] Running this scenario without either the 'network' or 'existing_network' context is deprecated
2019-07-29 08:56:14.374 26598 INFO rally.task.runner [-] Task 8b3a5eca-9dc2-4c92-b181-10c4a2808dbb | ITER: 11 END: OK
2019-07-29 08:56:14.378 26598 INFO rally.task.runner [-] Task 8b3a5eca-9dc2-4c92-b181-10c4a2808dbb | ITER: 23 START
2019-07-29 08:56:14.379 26598 WARNING rally_openstack.scenarios.neutron.utils [-] Running this scenario without either the 'network' or 'existing_network' context is deprecated
2019-07-29 08:56:14.418 26619 INFO rally.task.runner [-] Task 8b3a5eca-9dc2-4c92-b181-10c4a2808dbb | ITER: 19 END: OK
2019-07-29 08:56:14.422 26619 INFO rally.task.runner [-] Task 8b3a5eca-9dc2-4c92-b181-10c4a2808dbb | ITER: 24 START
2019-07-29 08:56:14.423 26619 WARNING rally_openstack.scenarios.neutron.utils [-] Running this scenario without either the 'network' or 'existing_network' context is deprecated
2019-07-29 08:56:15.176 26600 INFO rally.task.runner [-] Task 8b3a5eca-9dc2-4c92-b181-10c4a2808dbb | ITER: 15 END: OK
2019-07-29 08:56:15.179 26600 INFO rally.task.runner [-] Task 8b3a5eca-9dc2-4c92-b181-10c4a2808dbb | ITER: 25 START
2019-07-29 08:56:15.180 26600 WARNING rally_openstack.scenarios.neutron.utils [-] Running this scenario without either the 'network' or 'existing_network' context is deprecated
2019-07-29 08:56:15.600 26586 INFO rally.task.runner [-] Task 8b3a5eca-9dc2-4c92-b181-10c4a2808dbb | ITER: 9 END: OK
2019-07-29 08:56:15.603 26586 INFO rally.task.runner [-] Task 8b3a5eca-9dc2-4c92-b181-10c4a2808dbb | ITER: 26 START
2019-07-29 08:56:15.603 26586 WARNING rally_openstack.scenarios.neutron.utils [-] Running this scenario without either the 'network' or 'existing_network' context is deprecated
2019-07-29 08:56:16.009 26583 INFO rally.task.runner [-] Task 8b3a5eca-9dc2-4c92-b181-10c4a2808dbb | ITER: 8 END: OK
2019-07-29 08:56:16.012 26583 INFO rally.task.runner [-] Task 8b3a5eca-9dc2-4c92-b181-10c4a2808dbb | ITER: 27 START
2019-07-29 08:56:16.013 26583 WARNING rally_openstack.scenarios.neutron.utils [-] Running this scenario without either the 'network' or 'existing_network' context is deprecated
2019-07-29 08:56:16.330 26582 INFO rally.task.runner [-] Task 8b3a5eca-9dc2-4c92-b181-10c4a2808dbb | ITER: 3 END: OK
2019-07-29 08:56:16.335 26582 INFO rally.task.runner [-] Task 8b3a5eca-9dc2-4c92-b181-10c4a2808dbb | ITER: 28 START
2019-07-29 08:56:16.336 26582 WARNING rally_openstack.scenarios.neutron.utils [-] Running this scenario without either the 'network' or 'existing_network' context is deprecated
2019-07-29 08:56:17.459 26611 INFO rally.task.runner [-] Task 8b3a5eca-9dc2-4c92-b181-10c4a2808dbb | ITER: 17 END: OK
2019-07-29 08:56:17.462 26611 INFO rally.task.runner [-] Task 8b3a5eca-9dc2-4c92-b181-10c4a2808dbb | ITER: 29 START
2019-07-29 08:56:17.463 26611 WARNING rally_openstack.scenarios.neutron.utils [-] Running this scenario without either the 'network' or 'existing_network' context is deprecated
2019-07-29 08:56:17.718 26603 INFO rally.task.runner [-] Task 8b3a5eca-9dc2-4c92-b181-10c4a2808dbb | ITER: 16 END: OK
2019-07-29 08:56:17.722 26603 INFO rally.task.runner [-] Task 8b3a5eca-9dc2-4c92-b181-10c4a2808dbb | ITER: 30 START
2019-07-29 08:56:17.722 26603 WARNING rally_openstack.scenarios.neutron.utils [-] Running this scenario without either the 'network' or 'existing_network' context is deprecated
2019-07-29 08:56:17.844 26601 INFO rally.task.runner [-] Task 8b3a5eca-9dc2-4c92-b181-10c4a2808dbb | ITER: 14 END: OK
2019-07-29 08:56:17.847 26601 INFO rally.task.runner [-] Task 8b3a5eca-9dc2-4c92-b181-10c4a2808dbb | ITER: 31 START
2019-07-29 08:56:17.848 26601 WARNING rally_openstack.scenarios.neutron.utils [-] Running this scenario without either the 'network' or 'existing_network' context is deprecated
2019-07-29 08:56:17.889 26581 INFO rally.task.runner [-] Task 8b3a5eca-9dc2-4c92-b181-10c4a2808dbb | ITER: 5 END: OK
2019-07-29 08:56:17.893 26581 INFO rally.task.runner [-] Task 8b3a5eca-9dc2-4c92-b181-10c4a2808dbb | ITER: 32 START
2019-07-29 08:56:17.894 26581 WARNING rally_openstack.scenarios.neutron.utils [-] Running this scenario without either the 'network' or 'existing_network' context is deprecated
2019-07-29 08:56:17.915 26584 INFO rally.task.runner [-] Task 8b3a5eca-9dc2-4c92-b181-10c4a2808dbb | ITER: 7 END: OK
2019-07-29 08:56:17.918 26584 INFO rally.task.runner [-] Task 8b3a5eca-9dc2-4c92-b181-10c4a2808dbb | ITER: 33 START
2019-07-29 08:56:17.918 26584 WARNING rally_openstack.scenarios.neutron.utils [-] Running this scenario without either the 'network' or 'existing_network' context is deprecated
2019-07-29 08:56:18.198 26622 INFO rally.task.runner [-] Task 8b3a5eca-9dc2-4c92-b181-10c4a2808dbb | ITER: 18 END: OK
2019-07-29 08:56:18.203 26622 INFO rally.task.runner [-] Task 8b3a5eca-9dc2-4c92-b181-10c4a2808dbb | ITER: 34 START
2019-07-29 08:56:18.203 26622 WARNING rally_openstack.scenarios.neutron.utils [-] Running this scenario without either the 'network' or 'existing_network' context is deprecated
2019-07-29 08:56:18.344 26583 INFO rally.task.runner [-] Task 8b3a5eca-9dc2-4c92-b181-10c4a2808dbb | ITER: 12 END: OK
2019-07-29 08:56:18.347 26583 INFO rally.task.runner [-] Task 8b3a5eca-9dc2-4c92-b181-10c4a2808dbb | ITER: 35 START
2019-07-29 08:56:18.348 26583 WARNING rally_openstack.scenarios.neutron.utils [-] Running this scenario without either the 'network' or 'existing_network' context is deprecated
2019-07-29 08:56:18.444 26581 INFO rally.task.runner [-] Task 8b3a5eca-9dc2-4c92-b181-10c4a2808dbb | ITER: 2 END: OK
2019-07-29 08:56:18.448 26581 INFO rally.task.runner [-] Task 8b3a5eca-9dc2-4c92-b181-10c4a2808dbb | ITER: 36 START
2019-07-29 08:56:18.448 26581 WARNING rally_openstack.scenarios.neutron.utils [-] Running this scenario without either the 'network' or 'existing_network' context is deprecated
2019-07-29 08:56:19.194 26596 INFO rally.task.runner [-] Task 8b3a5eca-9dc2-4c92-b181-10c4a2808dbb | ITER: 13 END: OK
2019-07-29 08:56:19.198 26596 INFO rally.task.runner [-] Task 8b3a5eca-9dc2-4c92-b181-10c4a2808dbb | ITER: 37 START
2019-07-29 08:56:19.199 26596 WARNING rally_openstack.scenarios.neutron.utils [-] Running this scenario without either the 'network' or 'existing_network' context is deprecated
2019-07-29 08:56:19.571 26580 INFO rally.task.runner [-] Task 8b3a5eca-9dc2-4c92-b181-10c4a2808dbb | ITER: 1 END: OK
2019-07-29 08:56:19.575 26580 INFO rally.task.runner [-] Task 8b3a5eca-9dc2-4c92-b181-10c4a2808dbb | ITER: 38 START
2019-07-29 08:56:19.575 26580 WARNING rally_openstack.scenarios.neutron.utils [-] Running this scenario without either the 'network' or 'existing_network' context is deprecated
2019-07-29 08:56:19.987 26580 INFO rally.task.runner [-] Task 8b3a5eca-9dc2-4c92-b181-10c4a2808dbb | ITER: 4 END: OK
2019-07-29 08:56:19.991 26580 INFO rally.task.runner [-] Task 8b3a5eca-9dc2-4c92-b181-10c4a2808dbb | ITER: 39 START
2019-07-29 08:56:19.991 26580 WARNING rally_openstack.scenarios.neutron.utils [-] Running this scenario without either the 'network' or 'existing_network' context is deprecated
2019-07-29 08:56:20.019 26582 INFO rally.task.runner [-] Task 8b3a5eca-9dc2-4c92-b181-10c4a2808dbb | ITER: 6 END: OK
2019-07-29 08:56:20.022 26582 INFO rally.task.runner [-] Task 8b3a5eca-9dc2-4c92-b181-10c4a2808dbb | ITER: 40 START
2019-07-29 08:56:20.023 26582 WARNING rally_openstack.scenarios.neutron.utils [-] Running this scenario without either the 'network' or 'existing_network' context is deprecated
2019-07-29 08:56:28.487 26625 INFO rally.task.runner [-] Task 8b3a5eca-9dc2-4c92-b181-10c4a2808dbb | ITER: 22 END: OK
2019-07-29 08:56:28.675 26593 INFO rally.task.runner [-] Task 8b3a5eca-9dc2-4c92-b181-10c4a2808dbb | ITER: 21 END: OK
2019-07-29 08:56:30.020 26598 INFO rally.task.runner [-] Task 8b3a5eca-9dc2-4c92-b181-10c4a2808dbb | ITER: 23 END: OK
2019-07-29 08:56:30.168 26619 INFO rally.task.runner [-] Task 8b3a5eca-9dc2-4c92-b181-10c4a2808dbb | ITER: 24 END: OK
2019-07-29 08:56:30.218 26611 INFO rally.task.runner [-] Task 8b3a5eca-9dc2-4c92-b181-10c4a2808dbb | ITER: 29 END: OK
2019-07-29 08:56:30.449 26583 INFO rally.task.runner [-] Task 8b3a5eca-9dc2-4c92-b181-10c4a2808dbb | ITER: 27 END: OK
2019-07-29 08:56:30.522 26600 INFO rally.task.runner [-] Task 8b3a5eca-9dc2-4c92-b181-10c4a2808dbb | ITER: 25 END: OK
2019-07-29 08:56:31.055 26582 INFO rally.task.runner [-] Task 8b3a5eca-9dc2-4c92-b181-10c4a2808dbb | ITER: 28 END: OK
2019-07-29 08:56:31.512 26581 INFO rally.task.runner [-] Task 8b3a5eca-9dc2-4c92-b181-10c4a2808dbb | ITER: 32 END: OK
2019-07-29 08:56:31.529 26586 INFO rally.task.runner [-] Task 8b3a5eca-9dc2-4c92-b181-10c4a2808dbb | ITER: 26 END: OK
2019-07-29 08:56:31.742 26584 INFO rally.task.runner [-] Task 8b3a5eca-9dc2-4c92-b181-10c4a2808dbb | ITER: 33 END: OK
2019-07-29 08:56:31.822 26581 INFO rally.task.runner [-] Task 8b3a5eca-9dc2-4c92-b181-10c4a2808dbb | ITER: 36 END: OK
2019-07-29 08:56:31.967 26580 INFO rally.task.runner [-] Task 8b3a5eca-9dc2-4c92-b181-10c4a2808dbb | ITER: 39 END: OK
2019-07-29 08:56:31.974 26583 INFO rally.task.runner [-] Task 8b3a5eca-9dc2-4c92-b181-10c4a2808dbb | ITER: 35 END: OK
2019-07-29 08:56:31.976 26601 INFO rally.task.runner [-] Task 8b3a5eca-9dc2-4c92-b181-10c4a2808dbb | ITER: 31 END: OK
2019-07-29 08:56:32.184 26622 INFO rally.task.runner [-] Task 8b3a5eca-9dc2-4c92-b181-10c4a2808dbb | ITER: 34 END: OK
2019-07-29 08:56:32.272 26603 INFO rally.task.runner [-] Task 8b3a5eca-9dc2-4c92-b181-10c4a2808dbb | ITER: 30 END: OK
2019-07-29 08:56:32.992 26582 INFO rally.task.runner [-] Task 8b3a5eca-9dc2-4c92-b181-10c4a2808dbb | ITER: 40 END: OK
2019-07-29 08:56:32.998 26580 INFO rally.task.runner [-] Task 8b3a5eca-9dc2-4c92-b181-10c4a2808dbb | ITER: 38 END: OK
2019-07-29 08:56:33.337 26596 INFO rally.task.runner [-] Task 8b3a5eca-9dc2-4c92-b181-10c4a2808dbb | ITER: 37 END: OK
2019-07-29 08:56:33.365 22704 INFO rally.task.context [-] Task 8b3a5eca-9dc2-4c92-b181-10c4a2808dbb | Context cleanup@openstack cleanup() started
2019-07-29 08:56:33.367 22704 RALLYDEBUG rally_openstack.cleanup.manager [-] Cleaning up neutron vip objects
2019-07-29 08:56:34.119 22704 RALLYDEBUG rally_openstack.cleanup.manager [-] Cleaning up neutron health_monitor objects
2019-07-29 08:56:34.760 22704 RALLYDEBUG rally_openstack.cleanup.manager [-] Cleaning up neutron pool objects
2019-07-29 08:56:35.431 22704 RALLYDEBUG rally_openstack.cleanup.manager [-] Cleaning up neutron loadbalancer objects
2019-07-29 08:56:36.146 22704 RALLYDEBUG rally_openstack.cleanup.manager [-] Cleaning up neutron floatingip objects
2019-07-29 08:56:36.930 22704 RALLYDEBUG rally_openstack.cleanup.manager [-] Cleaning up neutron port objects
2019-07-29 08:56:38.150 22704 RALLYDEBUG rally_openstack.cleanup.manager [-] Deleting neutron.port object s_rally_5a80b067_ixOQfnma (02a483a8-b6dc-4e65-ab53-f7bfbeb54ec2)
2019-07-29 08:56:38.151 22704 RALLYDEBUG rally_openstack.cleanup.manager [-] Deleting neutron.port object s_rally_5a80b067_tSFMuOlS (0baed714-588b-40f8-abb2-69cbcac1fc02)
2019-07-29 08:56:38.152 22704 RALLYDEBUG rally_openstack.cleanup.manager [-] Deleting neutron.port object s_rally_5a80b067_NlS4u1Hh (085602fa-e791-409d-9606-08172af051ca)
2019-07-29 08:56:38.156 22704 RALLYDEBUG rally_openstack.cleanup.manager [-] Deleting neutron.port object s_rally_5a80b067_3U0Nedrt (12edea7e-8797-4f03-bcb5-308ad3e4744e)
2019-07-29 08:56:38.164 22704 RALLYDEBUG rally_openstack.cleanup.manager [-] Deleting neutron.port object s_rally_5a80b067_P3nsveLM (12cb4bf3-fd51-4d01-87f4-2992bdfb929d)
2019-07-29 08:56:38.171 22704 RALLYDEBUG rally_openstack.cleanup.manager [-] Deleting neutron.port object s_rally_5a80b067_SDOZnKom (086615c0-4496-4b04-a4d3-e7b6708fd7c1)
2019-07-29 08:56:38.175 22704 RALLYDEBUG rally_openstack.cleanup.manager [-] Deleting neutron.port object s_rally_5a80b067_pn1iY2G4 (0b4c30f0-1715-4068-9632-273740b652b8)
2019-07-29 08:56:38.177 22704 RALLYDEBUG rally_openstack.cleanup.manager [-] Deleting neutron.port object s_rally_5a80b067_k3ry6KnF (12922f14-3031-4803-9ae0-3cde9943d651)
2019-07-29 08:56:38.178 22704 RALLYDEBUG rally_openstack.cleanup.manager [-] Deleting neutron.port object s_rally_5a80b067_UvG5ZI2d (0ba403f0-86cf-40d1-801d-e667fd99636b)
2019-07-29 08:56:38.180 22704 RALLYDEBUG rally_openstack.cleanup.manager [-] Deleting neutron.port object s_rally_5a80b067_7lq4Arnu (140b94fb-8cb7-4d98-9be5-0b9cc7fa9773)
2019-07-29 08:56:38.181 22704 RALLYDEBUG rally_openstack.cleanup.manager [-] Deleting neutron.port object s_rally_5a80b067_D1XKH3v1 (0b0d3443-82a9-4967-8033-ce596cc6afbc)
2019-07-29 08:56:38.183 22704 RALLYDEBUG rally_openstack.cleanup.manager [-] Deleting neutron.port object s_rally_5a80b067_68ZaZH1T (09807c48-9b7a-4a34-92ea-812514b8ab52)
2019-07-29 08:56:38.187 22704 RALLYDEBUG rally_openstack.cleanup.manager [-] Deleting neutron.port object s_rally_5a80b067_F20dJfli (095d1ad4-474a-4b0b-b79e-ad52ec2df2fa)
2019-07-29 08:56:38.188 22704 RALLYDEBUG rally_openstack.cleanup.manager [-] Deleting neutron.port object s_rally_5a80b067_DmjWF6qb (04e6d15e-4337-462f-b758-8f24a8c162fa)
2019-07-29 08:56:38.189 22704 RALLYDEBUG rally_openstack.cleanup.manager [-] Deleting neutron.port object s_rally_5a80b067_RQW5IPLf (06fb5766-5517-4813-b461-f697f882ba10)
2019-07-29 08:56:38.191 22704 RALLYDEBUG rally_openstack.cleanup.manager [-] Deleting neutron.port object s_rally_5a80b067_J16oFe1P (0faa06cb-632f-4e1e-8fe6-9e919f2d5dd4)
2019-07-29 08:56:38.186 22704 RALLYDEBUG rally_openstack.cleanup.manager [-] Deleting neutron.port object s_rally_5a80b067_wLEGvIVv (1061c553-9fb1-491d-a26f-5c0bfc986785)
2019-07-29 08:56:38.192 22704 RALLYDEBUG rally_openstack.cleanup.manager [-] Deleting neutron.port object s_rally_5a80b067_Nxwr4dFA (06743bef-3022-46dd-b392-82fc479e1b5a)
2019-07-29 08:56:38.219 22704 RALLYDEBUG rally_openstack.cleanup.manager [-] Deleting neutron.port object s_rally_5a80b067_2tx3YzEs (1578d021-f974-416b-ab13-9f463dbffbdd)
2019-07-29 08:56:38.226 22704 RALLYDEBUG rally_openstack.cleanup.manager [-] Deleting neutron.port object s_rally_5a80b067_FflNPh6W (0853f77b-baa5-415d-880b-3e3c954e88b7)
2019-07-29 08:56:40.648 22704 RALLYDEBUG rally_openstack.cleanup.manager [-] Deleting neutron.port object s_rally_5a80b067_pyVJSPhz (15f2e393-a5c5-444b-ac82-3b4960001c3c)
2019-07-29 08:56:40.727 22704 RALLYDEBUG rally_openstack.cleanup.manager [-] Deleting neutron.port object s_rally_5a80b067_sYvYdYdC (176a7c03-0108-4edf-89fc-644c6148d522)
2019-07-29 08:56:40.787 22704 RALLYDEBUG rally_openstack.cleanup.manager [-] Deleting neutron.port object s_rally_5a80b067_SHgNquQd (178134d8-264b-4a55-b073-c4ab3faaef04)
2019-07-29 08:56:41.097 22704 RALLYDEBUG rally_openstack.cleanup.manager [-] Deleting neutron.port object s_rally_5a80b067_YZvqHKe9 (1acf8a86-0526-4b68-9308-212fb36e36ab)
2019-07-29 08:56:41.246 22704 RALLYDEBUG rally_openstack.cleanup.manager [-] Deleting neutron.port object s_rally_5a80b067_vcqFCjl4 (1c88a597-30e5-4c1a-9b6b-e5ebb3c6ec7d)
2019-07-29 08:56:41.430 22704 RALLYDEBUG rally_openstack.cleanup.manager [-] Deleting neutron.port object s_rally_5a80b067_C3JRcL5s (1ed15c0e-1067-44ae-9c8e-6d4790c0093b)
2019-07-29 08:56:41.431 22704 RALLYDEBUG rally_openstack.cleanup.manager [-] Deleting neutron.port object s_rally_5a80b067_TAup0jaH (1d9342bd-38c4-457b-9937-4b0b3c9aafe6)
2019-07-29 08:56:41.454 22704 RALLYDEBUG rally_openstack.cleanup.manager [-] Deleting neutron.port object s_rally_5a80b067_u3GYFlXi (20dee31f-78db-44c4-9d01-2acc94815dae)
2019-07-29 08:56:41.827 22704 RALLYDEBUG rally_openstack.cleanup.manager [-] Deleting neutron.port object s_rally_5a80b067_XUqAaQUd (22e7ba09-948c-4047-a03a-4b15368cad3b)
2019-07-29 08:56:42.319 22704 RALLYDEBUG rally_openstack.cleanup.manager [-] Deleting neutron.port object s_rally_5a80b067_xCkfvII2 (22f32a14-8a33-4f27-b6d8-d713e3755b13)
2019-07-29 08:56:42.326 22704 RALLYDEBUG rally_openstack.cleanup.manager [-] Deleting neutron.port object s_rally_5a80b067_FSn4fYdM (281409b1-5169-45f4-ab5d-19a4f579b3cd)
2019-07-29 08:56:42.346 22704 RALLYDEBUG rally_openstack.cleanup.manager [-] Deleting neutron.port object s_rally_5a80b067_rdWJApXC (29f9c15f-68c8-45f8-9e68-eb746b15e36d)
2019-07-29 08:56:42.355 22704 RALLYDEBUG rally_openstack.cleanup.manager [-] Deleting neutron.port object s_rally_5a80b067_RFSJv6zn (2c9664b3-4e64-41e8-90b4-14967ee04ef9)
2019-07-29 08:56:42.448 22704 RALLYDEBUG rally_openstack.cleanup.manager [-] Deleting neutron.port object s_rally_5a80b067_zn4KYWfD (2cf84bee-f270-4302-93fc-be32c11ee355)
2019-07-29 08:56:42.869 22704 RALLYDEBUG rally_openstack.cleanup.manager [-] Deleting neutron.port object s_rally_5a80b067_7Mz6MR1T (2d43fcdf-565c-40d4-af38-45212c383c7c)
2019-07-29 08:56:42.922 22704 RALLYDEBUG rally_openstack.cleanup.manager [-] Deleting neutron.port object s_rally_5a80b067_nV0pJfR1 (311ab07e-1265-44b0-95dd-4ccbfda452ea)
2019-07-29 08:56:43.028 22704 RALLYDEBUG rally_openstack.cleanup.manager [-] Deleting neutron.port object s_rally_5a80b067_rh1NRvQp (31e1357e-ed4b-4a41-aca4-974ccd375fa4)
2019-07-29 08:56:43.148 22704 RALLYDEBUG rally_openstack.cleanup.manager [-] Deleting neutron.port object s_rally_5a80b067_x35EwAJd (32847caa-2a7e-42a3-b1d5-99ac7a81b193)
2019-07-29 08:56:43.153 22704 RALLYDEBUG rally_openstack.cleanup.manager [-] Deleting neutron.port object s_rally_5a80b067_koU1RUwT (32c2813e-5bdd-44a2-a9a0-0246b0e55952)
2019-07-29 08:56:43.283 22704 RALLYDEBUG rally_openstack.cleanup.manager [-] Deleting neutron.port object s_rally_5a80b067_N2uAqHtw (335588da-b54e-4008-bdf1-c3bce09ffceb)
2019-07-29 08:56:43.346 22704 RALLYDEBUG rally_openstack.cleanup.manager [-] Deleting neutron.port object s_rally_5a80b067_YwMKQOEL (34f053e8-fb0c-4e23-bc89-a1a9be5b55b4)
2019-07-29 08:56:43.361 22704 RALLYDEBUG rally_openstack.cleanup.manager [-] Deleting neutron.port object s_rally_5a80b067_8AtKBOqf (350fd57d-f21a-4579-b1e4-2b6a36e18a57)
2019-07-29 08:56:43.517 22704 RALLYDEBUG rally_openstack.cleanup.manager [-] Deleting neutron.port object s_rally_5a80b067_dZvWHINf (35e74479-bdcf-4eae-8473-4194ac4f3149)
2019-07-29 08:56:43.556 22704 RALLYDEBUG rally_openstack.cleanup.manager [-] Deleting neutron.port object s_rally_5a80b067_tVYgJsNh (37f6d86e-3dd0-42ac-aedd-1d60d732895c)
2019-07-29 08:56:43.881 22704 RALLYDEBUG rally_openstack.cleanup.manager [-] Deleting neutron.port object s_rally_5a80b067_LP3qSOaa (3a8aead9-dd95-442b-a893-f211186e31c3)
2019-07-29 08:56:43.974 22704 RALLYDEBUG rally_openstack.cleanup.manager [-] Deleting neutron.port object s_rally_5a80b067_nfQGC5Uf (3b397bc5-e734-45ec-b8df-6e7e1c47f170)
2019-07-29 08:56:44.069 22704 RALLYDEBUG rally_openstack.cleanup.manager [-] Deleting neutron.port object s_rally_5a80b067_qqDG9pX4 (3d2dad3b-a311-44d6-8cff-92c0b73a5b66)
2019-07-29 08:56:44.209 22704 RALLYDEBUG rally_openstack.cleanup.manager [-] Deleting neutron.port object s_rally_5a80b067_NqK6OyPZ (3f29f07d-f957-4e2d-9a8c-6c7766ec97c2)
2019-07-29 08:56:44.399 22704 RALLYDEBUG rally_openstack.cleanup.manager [-] Deleting neutron.port object s_rally_5a80b067_yuH9KZNB (3fb397ae-e175-4471-94cb-e72e29f1c2c1)
2019-07-29 08:56:44.575 22704 RALLYDEBUG rally_openstack.cleanup.manager [-] Deleting neutron.port object s_rally_5a80b067_UD2HKG0D (3fcf4361-1401-404f-bf05-6d05b7a4188d)
2019-07-29 08:56:44.629 22704 RALLYDEBUG rally_openstack.cleanup.manager [-] Deleting neutron.port object s_rally_5a80b067_iSaaYeuY (41404a1d-2c58-48d9-8192-9ab3feee6439)
2019-07-29 08:56:44.893 22704 RALLYDEBUG rally_openstack.cleanup.manager [-] Deleting neutron.port object s_rally_5a80b067_EmcgjO06 (46077b8a-f088-4eca-bc94-ed82c9f0b147)
2019-07-29 08:56:44.942 22704 RALLYDEBUG rally_openstack.cleanup.manager [-] Deleting neutron.port object s_rally_5a80b067_tTmWawod (4739a082-867e-487a-9701-00dffee25f14)
2019-07-29 08:56:45.032 22704 RALLYDEBUG rally_openstack.cleanup.manager [-] Deleting neutron.port object s_rally_5a80b067_MbEUFzXH (49197461-004f-4ed3-885a-041978e26383)
2019-07-29 08:56:45.282 22704 RALLYDEBUG rally_openstack.cleanup.manager [-] Deleting neutron.port object s_rally_5a80b067_jJgMVqhN (4aa3e103-ba4f-4760-b4da-b5fa90c94b2c)
2019-07-29 08:56:45.333 22704 RALLYDEBUG rally_openstack.cleanup.manager [-] Deleting neutron.port object s_rally_5a80b067_eslN3kJe (4c6043e8-2cc7-4e65-97f3-c0ae237b4f36)
2019-07-29 08:56:45.545 22704 RALLYDEBUG rally_openstack.cleanup.manager [-] Deleting neutron.port object s_rally_5a80b067_bhccrq8H (4eef0daf-ba49-43c5-b01a-0c4d69d6be85)
2019-07-29 08:56:45.597 22704 RALLYDEBUG rally_openstack.cleanup.manager [-] Deleting neutron.port object s_rally_5a80b067_q2ET1Dfr (4f13e6aa-d81c-4607-8bfd-cb5812c24cea)
2019-07-29 08:56:45.653 22704 RALLYDEBUG rally_openstack.cleanup.manager [-] Deleting neutron.port object s_rally_5a80b067_Psw08dGe (503eb1c2-a288-4cc6-b5f8-a7eddbacc854)
2019-07-29 08:56:45.839 22704 RALLYDEBUG rally_openstack.cleanup.manager [-] Deleting neutron.port object s_rally_5a80b067_5xtTE9Co (5050046e-145e-4f3c-ac12-5bb7c4f47817)
2019-07-29 08:56:45.913 22704 RALLYDEBUG rally_openstack.cleanup.manager [-] Deleting neutron.port object s_rally_5a80b067_zexNo19A (50af6bec-512f-405d-b53c-254d4fd134fc)
2019-07-29 08:56:45.982 22704 RALLYDEBUG rally_openstack.cleanup.manager [-] Deleting neutron.port object s_rally_5a80b067_UtiTmgcr (50e1713d-89c0-4a01-a70a-9a76219707fd)
2019-07-29 08:56:46.096 22704 RALLYDEBUG rally_openstack.cleanup.manager [-] Deleting neutron.port object s_rally_5a80b067_uOJ5OR10 (5183bf12-862f-48a5-9241-6b1f1795cba0)
2019-07-29 08:56:46.136 22704 RALLYDEBUG rally_openstack.cleanup.manager [-] Deleting neutron.port object s_rally_5a80b067_aWoLvQnN (5275412b-8b71-459c-82dd-bc4342eaa7b5)
2019-07-29 08:56:46.224 22704 RALLYDEBUG rally_openstack.cleanup.manager [-] Deleting neutron.port object s_rally_5a80b067_gQmmboNx (52a5a7fd-06f1-4750-a9bc-b59c93f93efd)
2019-07-29 08:56:46.266 22704 RALLYDEBUG rally_openstack.cleanup.manager [-] Deleting neutron.port object s_rally_5a80b067_laWGUcOc (541559c2-d6ec-46ab-a1ed-83e97eb723f4)
2019-07-29 08:56:46.648 22704 RALLYDEBUG rally_openstack.cleanup.manager [-] Deleting neutron.port object s_rally_5a80b067_fIw2cKI9 (550758f2-56fe-4a50-8dd3-c4137d106587)
2019-07-29 08:56:46.654 22704 RALLYDEBUG rally_openstack.cleanup.manager [-] Deleting neutron.port object s_rally_5a80b067_5yJDHWAC (573fd8a6-8889-4442-8d52-9352cd3feec3)
2019-07-29 08:56:46.693 22704 RALLYDEBUG rally_openstack.cleanup.manager [-] Deleting neutron.port object s_rally_5a80b067_zgccrddg (585f14b4-0cd3-4699-a6bc-3ab518a44755)
