2019-07-29 08:36:50.034 22695 RALLYDEBUG rally.api [-] INFO logs from urllib3 and requests module are hide.
2019-07-29 08:36:50.034 22695 RALLYDEBUG rally.api [-] urllib3 insecure warnings are hidden.
2019-07-29 08:36:50.034 22695 RALLYDEBUG rally.api [-] ERROR log from boto module is hide.
2019-07-29 08:36:52.069 22697 RALLYDEBUG rally.api [-] INFO logs from urllib3 and requests module are hide.
2019-07-29 08:36:52.069 22697 RALLYDEBUG rally.api [-] urllib3 insecure warnings are hidden.
2019-07-29 08:36:52.069 22697 RALLYDEBUG rally.api [-] ERROR log from boto module is hide.
2019-07-29 08:36:53.380 22697 WARNING rally_openstack.platforms.existing [-] endpoint is deprecated and not used.
2019-07-29 08:36:54.369 22699 RALLYDEBUG rally.api [-] INFO logs from urllib3 and requests module are hide.
2019-07-29 08:36:54.369 22699 RALLYDEBUG rally.api [-] urllib3 insecure warnings are hidden.
2019-07-29 08:36:54.369 22699 RALLYDEBUG rally.api [-] ERROR log from boto module is hide.
2019-07-29 08:36:57.704 22702 RALLYDEBUG rally.api [-] INFO logs from urllib3 and requests module are hide.
2019-07-29 08:36:57.704 22702 RALLYDEBUG rally.api [-] urllib3 insecure warnings are hidden.
2019-07-29 08:36:57.704 22702 RALLYDEBUG rally.api [-] ERROR log from boto module is hide.
2019-07-29 08:36:59.649 22704 RALLYDEBUG rally.api [-] INFO logs from urllib3 and requests module are hide.
2019-07-29 08:36:59.649 22704 RALLYDEBUG rally.api [-] urllib3 insecure warnings are hidden.
2019-07-29 08:36:59.649 22704 RALLYDEBUG rally.api [-] ERROR log from boto module is hide.
2019-07-29 08:37:00.658 22704 INFO rally.common.plugin.discover [-] Loading plugins from directories /root/.rally/plugins/*
2019-07-29 08:37:00.659 22704 INFO rally.common.plugin.discover [-] Loaded module with plugins: /root/.rally/plugins/__init__.py
2019-07-29 08:37:00.661 22704 INFO rally.common.plugin.discover [-] Loaded module with plugins: /root/.rally/plugins/trunk_scenario.py
2019-07-29 08:37:00.846 22704 INFO rally.task.engine [-] Task 8b3a5eca-9dc2-4c92-b181-10c4a2808dbb | Starting: Task validation.
2019-07-29 08:37:00.876 22704 INFO rally.task.engine [-] Task 8b3a5eca-9dc2-4c92-b181-10c4a2808dbb | Starting: Task validation of syntax.
2019-07-29 08:37:01.074 22704 INFO rally.task.engine [-] Task 8b3a5eca-9dc2-4c92-b181-10c4a2808dbb | Completed: Task validation of syntax.
2019-07-29 08:37:01.075 22704 INFO rally.task.engine [-] Task 8b3a5eca-9dc2-4c92-b181-10c4a2808dbb | Starting: Task validation of required platforms.
2019-07-29 08:37:01.132 22704 INFO rally.task.engine [-] Task 8b3a5eca-9dc2-4c92-b181-10c4a2808dbb | Completed: Task validation of required platforms.
2019-07-29 08:37:01.133 22704 INFO rally.task.engine [-] Task 8b3a5eca-9dc2-4c92-b181-10c4a2808dbb | Starting: Task validation of semantic.
2019-07-29 08:37:01.133 22704 INFO rally.task.engine [-] Check health of the environment '403a6dae-4a7e-4636-96c2-d39b31352692'.
2019-07-29 08:37:01.942 22704 INFO rally.task.engine [-] Platform existing@openstack (available: True): OK!
2019-07-29 08:37:01.960 22704 RALLYDEBUG rally_openstack.contexts.keystone.users [-] Creating 1 tenants using 20 threads
2019-07-29 08:37:03.923 22704 RALLYDEBUG rally_openstack.contexts.keystone.users [-] Creating 1 users using 20 threads
2019-07-29 08:37:06.681 22704 INFO rally.task.context [-] Task 8b3a5eca-9dc2-4c92-b181-10c4a2808dbb | Context users@openstack setup() finished in 4.72 sec
2019-07-29 08:37:13.070 22704 INFO rally.task.context [-] Task 8b3a5eca-9dc2-4c92-b181-10c4a2808dbb | Context users@openstack cleanup() started
2019-07-29 08:37:18.409 22704 INFO rally.task.context [-] Task 8b3a5eca-9dc2-4c92-b181-10c4a2808dbb | Context users@openstack cleanup() finished in 5.34 sec
2019-07-29 08:37:18.409 22704 INFO rally.task.engine [-] Task 8b3a5eca-9dc2-4c92-b181-10c4a2808dbb | Completed: Task validation of semantic.
2019-07-29 08:37:18.410 22704 INFO rally.task.engine [-] Task 8b3a5eca-9dc2-4c92-b181-10c4a2808dbb | Completed: Task validation.
2019-07-29 08:37:18.410 22704 INFO rally.api [-] Task 8b3a5eca-9dc2-4c92-b181-10c4a2808dbb input file is valid.
2019-07-29 08:37:18.410 22704 INFO rally.api [-] Run Task 8b3a5eca-9dc2-4c92-b181-10c4a2808dbb against Deployment 403a6dae-4a7e-4636-96c2-d39b31352692
2019-07-29 08:37:18.410 22704 INFO rally.task.engine [-] Task 8b3a5eca-9dc2-4c92-b181-10c4a2808dbb | Starting: Running task.
2019-07-29 08:37:18.532 22704 INFO rally.task.engine [-] Running workload: position = 0 config = { "version": 2, "title": "A cropped version of a bigger task.", "description": "Auto-generated task from a single workload (uuid=cdc4a06d-a810-4a94-be4e-05d1f834e73d)", "subtasks": [ { "title": "NeutronNetworks.create_and_list_networks", "description": "Check performance of list_networks action and ensure > network quotas are not exceeded", "scenario": { "NeutronNetworks.create_and_list_networks": {} }, "contexts": { "users": { "tenants": 1, "users_per_tenant": 1 }, "quotas": { "neutron": { "network": 119 } } }, "runner": { "constant": { "times": 100, "concurrency": 20 } }, "hooks": [], "sla": { "max_avg_duration_per_atomic": { "neutron.list_networks": 15 }, "failure_rate": { "max": 0 } } } ] }
2019-07-29 08:37:18.546 22704 RALLYDEBUG rally_openstack.contexts.keystone.users [-] Creating 1 tenants using 20 threads
2019-07-29 08:37:20.480 22704 RALLYDEBUG rally_openstack.contexts.keystone.users [-] Creating 1 users using 20 threads
2019-07-29 08:37:23.250 22704 INFO rally.task.context [-] Task 8b3a5eca-9dc2-4c92-b181-10c4a2808dbb | Context users@openstack setup() finished in 4.70 sec
2019-07-29 08:37:24.013 22704 INFO rally.task.context [-] Task 8b3a5eca-9dc2-4c92-b181-10c4a2808dbb | Context quotas@openstack setup() finished in 0.76 sec
2019-07-29 08:37:24.013 22704 INFO rally.task.context [-] Task 8b3a5eca-9dc2-4c92-b181-10c4a2808dbb | Context cleanup@openstack setup() finished in 0.01 msec
2019-07-29 08:37:24.021 22704 RALLYDEBUG rally.task.runner [-] Starting the constant runner (task UUID: 8b3a5eca-9dc2-4c92-b181-10c4a2808dbb). timeout: 0 concurrency: 20 concurrency_per_worker: 1 times: 100 concurrency_overhead: 4 processes_to_start: 16 max_cpu_used: 16
2019-07-29 08:37:24.033 22828 RALLYDEBUG rally.task.runner [-] Starting a worker. concurrency: 2 args: {} times: 100 method_name: run timeout: 0 duration: None cls:
2019-07-29 08:37:24.036 22829 RALLYDEBUG rally.task.runner [-] Starting a worker. concurrency: 2 args: {} times: 100 method_name: run timeout: 0 duration: None cls:
2019-07-29 08:37:24.038 22830 RALLYDEBUG rally.task.runner [-] Starting a worker. concurrency: 2 args: {} times: 100 method_name: run timeout: 0 duration: None cls:
2019-07-29 08:37:24.042 22831 RALLYDEBUG rally.task.runner [-] Starting a worker. concurrency: 2 args: {} times: 100 method_name: run timeout: 0 duration: None cls:
2019-07-29 08:37:24.043 22833 RALLYDEBUG rally.task.runner [-] Starting a worker. concurrency: 1 args: {} times: 100 method_name: run timeout: 0 duration: None cls:
2019-07-29 08:37:24.044 22828 INFO rally.task.runner [-] Task 8b3a5eca-9dc2-4c92-b181-10c4a2808dbb | ITER: 1 START
2019-07-29 08:37:24.046 22829 INFO rally.task.runner [-] Task 8b3a5eca-9dc2-4c92-b181-10c4a2808dbb | ITER: 2 START
2019-07-29 08:37:24.047 22830 INFO rally.task.runner [-] Task 8b3a5eca-9dc2-4c92-b181-10c4a2808dbb | ITER: 4 START
2019-07-29 08:37:24.049 22836 RALLYDEBUG rally.task.runner [-] Starting a worker. concurrency: 1 args: {} times: 100 method_name: run timeout: 0 duration: None cls:
2019-07-29 08:37:24.044 22828 INFO rally.task.runner [-] Task 8b3a5eca-9dc2-4c92-b181-10c4a2808dbb | ITER: 3 START
2019-07-29 08:37:24.051 22829 INFO rally.task.runner [-] Task 8b3a5eca-9dc2-4c92-b181-10c4a2808dbb | ITER: 5 START
2019-07-29 08:37:24.050 22840 RALLYDEBUG rally.task.runner [-] Starting a worker. concurrency: 1 args: {} times: 100 method_name: run timeout: 0 duration: None cls:
2019-07-29 08:37:24.048 22831 INFO rally.task.runner [-] Task 8b3a5eca-9dc2-4c92-b181-10c4a2808dbb | ITER: 7 START
2019-07-29 08:37:24.048 22830 INFO rally.task.runner [-] Task 8b3a5eca-9dc2-4c92-b181-10c4a2808dbb | ITER: 6 START
2019-07-29 08:37:24.051 22833 INFO rally.task.runner [-] Task 8b3a5eca-9dc2-4c92-b181-10c4a2808dbb | ITER: 8 START
2019-07-29 08:37:24.054 22845 RALLYDEBUG rally.task.runner [-] Starting a worker. concurrency: 1 args: {} times: 100 method_name: run timeout: 0 duration: None cls:
2019-07-29 08:37:24.055 22849 RALLYDEBUG rally.task.runner [-] Starting a worker. concurrency: 1 args: {} times: 100 method_name: run timeout: 0 duration: None cls:
2019-07-29 08:37:24.058 22850 RALLYDEBUG rally.task.runner [-] Starting a worker. concurrency: 1 args: {} times: 100 method_name: run timeout: 0 duration: None cls:
2019-07-29 08:37:24.064 22831 INFO rally.task.runner [-] Task 8b3a5eca-9dc2-4c92-b181-10c4a2808dbb | ITER: 9 START
2019-07-29 08:37:24.064 22851 RALLYDEBUG rally.task.runner [-] Starting a worker. concurrency: 1 args: {} times: 100 method_name: run timeout: 0 duration: None cls:
2019-07-29 08:37:24.067 22845 INFO rally.task.runner [-] Task 8b3a5eca-9dc2-4c92-b181-10c4a2808dbb | ITER: 12 START
2019-07-29 08:37:24.067 22849 INFO rally.task.runner [-] Task 8b3a5eca-9dc2-4c92-b181-10c4a2808dbb | ITER: 13 START
2019-07-29 08:37:24.067 22852 RALLYDEBUG rally.task.runner [-] Starting a worker. concurrency: 1 args: {} times: 100 method_name: run timeout: 0 duration: None cls:
2019-07-29 08:37:24.068 22840 INFO rally.task.runner [-] Task 8b3a5eca-9dc2-4c92-b181-10c4a2808dbb | ITER: 11 START
2019-07-29 08:37:24.069 22858 RALLYDEBUG rally.task.runner [-] Starting a worker. concurrency: 1 args: {} times: 100 method_name: run timeout: 0 duration: None cls:
2019-07-29 08:37:24.072 22851 INFO rally.task.runner [-] Task 8b3a5eca-9dc2-4c92-b181-10c4a2808dbb | ITER: 15 START
2019-07-29 08:37:24.072 22836 INFO rally.task.runner [-] Task 8b3a5eca-9dc2-4c92-b181-10c4a2808dbb | ITER: 10 START
2019-07-29 08:37:24.075 22850 INFO rally.task.runner [-] Task 8b3a5eca-9dc2-4c92-b181-10c4a2808dbb | ITER: 14 START
2019-07-29 08:37:24.076 22852 INFO rally.task.runner [-] Task 8b3a5eca-9dc2-4c92-b181-10c4a2808dbb | ITER: 16 START
2019-07-29 08:37:24.076 22858 INFO rally.task.runner [-] Task 8b3a5eca-9dc2-4c92-b181-10c4a2808dbb | ITER: 17 START
2019-07-29 08:37:24.088 22865 RALLYDEBUG rally.task.runner [-] Starting a worker. concurrency: 1 args: {} times: 100 method_name: run timeout: 0 duration: None cls:
2019-07-29 08:37:24.092 22872 RALLYDEBUG rally.task.runner [-] Starting a worker. concurrency: 1 args: {} times: 100 method_name: run timeout: 0 duration: None cls:
2019-07-29 08:37:24.096 22865 INFO rally.task.runner [-] Task 8b3a5eca-9dc2-4c92-b181-10c4a2808dbb | ITER: 18 START
2019-07-29 08:37:24.098 22872 INFO rally.task.runner [-] Task 8b3a5eca-9dc2-4c92-b181-10c4a2808dbb | ITER: 19 START
2019-07-29 08:37:24.098 22873 RALLYDEBUG rally.task.runner [-] Starting a worker. concurrency: 1 args: {} times: 100 method_name: run timeout: 0 duration: None cls:
2019-07-29 08:37:24.103 22873 INFO rally.task.runner [-] Task 8b3a5eca-9dc2-4c92-b181-10c4a2808dbb | ITER: 20 START
2019-07-29 08:37:26.325 22828 INFO rally.task.runner [-] Task 8b3a5eca-9dc2-4c92-b181-10c4a2808dbb | ITER: 1 END: OK
2019-07-29 08:37:26.329 22828 INFO rally.task.runner [-] Task 8b3a5eca-9dc2-4c92-b181-10c4a2808dbb | ITER: 21 START
2019-07-29 08:37:26.345 22865 INFO rally.task.runner [-] Task 8b3a5eca-9dc2-4c92-b181-10c4a2808dbb | ITER: 18 END: OK
2019-07-29 08:37:26.349 22831 INFO rally.task.runner [-] Task 8b3a5eca-9dc2-4c92-b181-10c4a2808dbb | ITER: 9 END: OK
2019-07-29 08:37:26.349 22865 INFO rally.task.runner [-] Task 8b3a5eca-9dc2-4c92-b181-10c4a2808dbb | ITER: 22 START
2019-07-29 08:37:26.353 22831 INFO rally.task.runner [-] Task 8b3a5eca-9dc2-4c92-b181-10c4a2808dbb | ITER: 23 START
2019-07-29 08:37:26.424 22852 INFO rally.task.runner [-] Task 8b3a5eca-9dc2-4c92-b181-10c4a2808dbb | ITER: 16 END: OK
2019-07-29 08:37:26.428 22852 INFO rally.task.runner [-] Task 8b3a5eca-9dc2-4c92-b181-10c4a2808dbb | ITER: 24 START
2019-07-29 08:37:26.432 22873 INFO rally.task.runner [-] Task 8b3a5eca-9dc2-4c92-b181-10c4a2808dbb | ITER: 20 END: OK
2019-07-29 08:37:26.435 22872 INFO rally.task.runner [-] Task 8b3a5eca-9dc2-4c92-b181-10c4a2808dbb | ITER: 19 END: OK
2019-07-29 08:37:26.436 22873 INFO rally.task.runner [-] Task 8b3a5eca-9dc2-4c92-b181-10c4a2808dbb | ITER: 25 START
2019-07-29 08:37:26.438 22872 INFO rally.task.runner [-] Task 8b3a5eca-9dc2-4c92-b181-10c4a2808dbb | ITER: 26 START
2019-07-29 08:37:26.459 22845 INFO rally.task.runner [-] Task 8b3a5eca-9dc2-4c92-b181-10c4a2808dbb | ITER: 12 END: OK
2019-07-29 08:37:26.461 22845 INFO rally.task.runner [-] Task 8b3a5eca-9dc2-4c92-b181-10c4a2808dbb | ITER: 27 START
2019-07-29 08:37:26.486 22833 INFO rally.task.runner [-] Task 8b3a5eca-9dc2-4c92-b181-10c4a2808dbb | ITER: 8 END: OK
2019-07-29 08:37:26.489 22833 INFO rally.task.runner [-] Task 8b3a5eca-9dc2-4c92-b181-10c4a2808dbb | ITER: 28 START
2019-07-29 08:37:26.503 22829 INFO rally.task.runner [-] Task 8b3a5eca-9dc2-4c92-b181-10c4a2808dbb | ITER: 5 END: OK
2019-07-29 08:37:26.506 22829 INFO rally.task.runner [-] Task 8b3a5eca-9dc2-4c92-b181-10c4a2808dbb | ITER: 29 START
2019-07-29 08:37:26.522 22828 INFO rally.task.runner [-] Task 8b3a5eca-9dc2-4c92-b181-10c4a2808dbb | ITER: 3 END: OK
2019-07-29 08:37:26.525 22828 INFO rally.task.runner [-] Task 8b3a5eca-9dc2-4c92-b181-10c4a2808dbb | ITER: 30 START
2019-07-29 08:37:26.539 22850 INFO rally.task.runner [-] Task 8b3a5eca-9dc2-4c92-b181-10c4a2808dbb | ITER: 14 END: OK
2019-07-29 08:37:26.542 22850 INFO rally.task.runner [-] Task 8b3a5eca-9dc2-4c92-b181-10c4a2808dbb | ITER: 31 START
2019-07-29 08:37:26.572 22830 INFO rally.task.runner [-] Task 8b3a5eca-9dc2-4c92-b181-10c4a2808dbb | ITER: 6 END: OK
2019-07-29 08:37:26.575 22830 INFO rally.task.runner [-] Task 8b3a5eca-9dc2-4c92-b181-10c4a2808dbb | ITER: 32 START
2019-07-29 08:37:26.681 22840 INFO rally.task.runner [-] Task 8b3a5eca-9dc2-4c92-b181-10c4a2808dbb | ITER: 11 END: OK
2019-07-29 08:37:26.684 22840 INFO rally.task.runner [-] Task 8b3a5eca-9dc2-4c92-b181-10c4a2808dbb | ITER: 33 START
2019-07-29 08:37:26.688 22849 INFO rally.task.runner [-] Task 8b3a5eca-9dc2-4c92-b181-10c4a2808dbb | ITER: 13 END: OK
2019-07-29 08:37:26.693 22849 INFO rally.task.runner [-] Task 8b3a5eca-9dc2-4c92-b181-10c4a2808dbb | ITER: 34 START
2019-07-29 08:37:26.696 22836 INFO rally.task.runner [-] Task 8b3a5eca-9dc2-4c92-b181-10c4a2808dbb | ITER: 10 END: OK
2019-07-29 08:37:26.700 22836 INFO rally.task.runner [-] Task 8b3a5eca-9dc2-4c92-b181-10c4a2808dbb | ITER: 35 START
2019-07-29 08:37:26.725 22830 INFO rally.task.runner [-] Task 8b3a5eca-9dc2-4c92-b181-10c4a2808dbb | ITER: 4 END: OK
2019-07-29 08:37:26.728 22830 INFO rally.task.runner [-] Task 8b3a5eca-9dc2-4c92-b181-10c4a2808dbb | ITER: 36 START
2019-07-29 08:37:26.756 22851 INFO rally.task.runner [-] Task 8b3a5eca-9dc2-4c92-b181-10c4a2808dbb | ITER: 15 END: OK
2019-07-29 08:37:26.759 22851 INFO rally.task.runner [-] Task 8b3a5eca-9dc2-4c92-b181-10c4a2808dbb | ITER: 37 START
2019-07-29 08:37:26.765 22858 INFO rally.task.runner [-] Task 8b3a5eca-9dc2-4c92-b181-10c4a2808dbb | ITER: 17 END: OK
2019-07-29 08:37:26.769 22858 INFO rally.task.runner [-] Task 8b3a5eca-9dc2-4c92-b181-10c4a2808dbb | ITER: 38 START
2019-07-29 08:37:26.837 22831 INFO rally.task.runner [-] Task 8b3a5eca-9dc2-4c92-b181-10c4a2808dbb | ITER: 7 END: OK
2019-07-29 08:37:26.841 22831 INFO rally.task.runner [-] Task 8b3a5eca-9dc2-4c92-b181-10c4a2808dbb | ITER: 39 START
2019-07-29 08:37:26.986 22829 INFO rally.task.runner [-] Task 8b3a5eca-9dc2-4c92-b181-10c4a2808dbb | ITER: 2 END: OK
2019-07-29 08:37:26.992 22829 INFO rally.task.runner [-] Task 8b3a5eca-9dc2-4c92-b181-10c4a2808dbb | ITER: 40 START
2019-07-29 08:37:27.679 22873 INFO rally.task.runner [-] Task 8b3a5eca-9dc2-4c92-b181-10c4a2808dbb | ITER: 25 END: OK
2019-07-29 08:37:27.682 22873 INFO rally.task.runner [-] Task 8b3a5eca-9dc2-4c92-b181-10c4a2808dbb | ITER: 41 START
2019-07-29 08:37:27.696 22831 INFO rally.task.runner [-] Task 8b3a5eca-9dc2-4c92-b181-10c4a2808dbb | ITER: 23 END: OK
2019-07-29 08:37:27.699 22831 INFO rally.task.runner [-] Task 8b3a5eca-9dc2-4c92-b181-10c4a2808dbb | ITER: 42 START
2019-07-29 08:37:27.893 22852 INFO rally.task.runner [-] Task 8b3a5eca-9dc2-4c92-b181-10c4a2808dbb | ITER: 24 END: OK
2019-07-29 08:37:27.897 22852 INFO rally.task.runner [-] Task 8b3a5eca-9dc2-4c92-b181-10c4a2808dbb | ITER: 43 START
2019-07-29 08:37:28.134 22865 INFO rally.task.runner [-] Task 8b3a5eca-9dc2-4c92-b181-10c4a2808dbb | ITER: 22 END: OK
2019-07-29 08:37:28.135 22833 INFO rally.task.runner [-] Task 8b3a5eca-9dc2-4c92-b181-10c4a2808dbb | ITER: 28 END: OK
2019-07-29 08:37:28.137 22865 INFO rally.task.runner [-] Task 8b3a5eca-9dc2-4c92-b181-10c4a2808dbb | ITER: 44 START
2019-07-29 08:37:28.138 22833 INFO rally.task.runner [-] Task 8b3a5eca-9dc2-4c92-b181-10c4a2808dbb | ITER: 45 START
2019-07-29 08:37:28.206 22829 INFO rally.task.runner [-] Task 8b3a5eca-9dc2-4c92-b181-10c4a2808dbb | ITER: 29 END: OK
2019-07-29 08:37:28.210 22829 INFO rally.task.runner [-] Task 8b3a5eca-9dc2-4c92-b181-10c4a2808dbb | ITER: 46 START
2019-07-29 08:37:28.279 22872 INFO rally.task.runner [-] Task 8b3a5eca-9dc2-4c92-b181-10c4a2808dbb | ITER: 26 END: OK
2019-07-29 08:37:28.282 22872 INFO rally.task.runner [-] Task 8b3a5eca-9dc2-4c92-b181-10c4a2808dbb | ITER: 47 START
2019-07-29 08:37:28.457 22836 INFO rally.task.runner [-] Task 8b3a5eca-9dc2-4c92-b181-10c4a2808dbb | ITER: 35 END: OK
2019-07-29 08:37:28.460 22836 INFO rally.task.runner [-] Task 8b3a5eca-9dc2-4c92-b181-10c4a2808dbb | ITER: 48 START
2019-07-29 08:37:28.602 22851 INFO rally.task.runner [-] Task 8b3a5eca-9dc2-4c92-b181-10c4a2808dbb | ITER: 37 END: OK
2019-07-29 08:37:28.605 22851 INFO rally.task.runner [-] Task 8b3a5eca-9dc2-4c92-b181-10c4a2808dbb | ITER: 49 START
2019-07-29 08:37:28.638 22828 INFO rally.task.runner [-] Task 8b3a5eca-9dc2-4c92-b181-10c4a2808dbb | ITER: 30 END: OK
2019-07-29 08:37:28.640 22850 INFO rally.task.runner [-] Task 8b3a5eca-9dc2-4c92-b181-10c4a2808dbb | ITER: 31 END: OK
2019-07-29 08:37:28.641 22828 INFO rally.task.runner [-] Task 8b3a5eca-9dc2-4c92-b181-10c4a2808dbb | ITER: 50 START
2019-07-29 08:37:28.643 22850 INFO rally.task.runner [-] Task 8b3a5eca-9dc2-4c92-b181-10c4a2808dbb | ITER: 51 START
2019-07-29 08:37:28.650 22828 INFO rally.task.runner [-] Task 8b3a5eca-9dc2-4c92-b181-10c4a2808dbb | ITER: 21 END: OK
2019-07-29 08:37:28.658 22828 INFO rally.task.runner [-] Task 8b3a5eca-9dc2-4c92-b181-10c4a2808dbb | ITER: 52 START
2019-07-29 08:37:28.673 22830 INFO rally.task.runner [-] Task 8b3a5eca-9dc2-4c92-b181-10c4a2808dbb | ITER: 32 END: OK
2019-07-29 08:37:28.676 22830 INFO rally.task.runner [-] Task 8b3a5eca-9dc2-4c92-b181-10c4a2808dbb | ITER: 53 START
2019-07-29 08:37:28.896 22845 INFO rally.task.runner [-] Task 8b3a5eca-9dc2-4c92-b181-10c4a2808dbb | ITER: 27 END: OK
2019-07-29 08:37:28.900 22845 INFO rally.task.runner [-] Task 8b3a5eca-9dc2-4c92-b181-10c4a2808dbb | ITER: 54 START
2019-07-29 08:37:29.012 22849 INFO rally.task.runner [-] Task 8b3a5eca-9dc2-4c92-b181-10c4a2808dbb | ITER: 34 END: OK
2019-07-29 08:37:29.015 22849 INFO rally.task.runner [-] Task 8b3a5eca-9dc2-4c92-b181-10c4a2808dbb | ITER: 55 START
2019-07-29 08:37:29.218 22858 INFO rally.task.runner [-] Task 8b3a5eca-9dc2-4c92-b181-10c4a2808dbb | ITER: 38 END: OK
2019-07-29 08:37:29.221 22858 INFO rally.task.runner [-] Task 8b3a5eca-9dc2-4c92-b181-10c4a2808dbb | ITER: 56 START
2019-07-29 08:37:29.612 22865 INFO rally.task.runner [-] Task 8b3a5eca-9dc2-4c92-b181-10c4a2808dbb | ITER: 44 END: OK
2019-07-29 08:37:29.615 22865 INFO rally.task.runner [-] Task 8b3a5eca-9dc2-4c92-b181-10c4a2808dbb | ITER: 57 START
2019-07-29 08:37:29.667 22830 INFO rally.task.runner [-] Task 8b3a5eca-9dc2-4c92-b181-10c4a2808dbb | ITER: 36 END: OK
2019-07-29 08:37:29.670 22830 INFO rally.task.runner [-] Task 8b3a5eca-9dc2-4c92-b181-10c4a2808dbb | ITER: 58 START
2019-07-29 08:37:29.704 22852 INFO rally.task.runner [-] Task 8b3a5eca-9dc2-4c92-b181-10c4a2808dbb | ITER: 43 END: OK
2019-07-29 08:37:29.707 22852 INFO rally.task.runner [-] Task 8b3a5eca-9dc2-4c92-b181-10c4a2808dbb | ITER: 59 START
2019-07-29 08:37:29.795 22831 INFO rally.task.runner [-] Task 8b3a5eca-9dc2-4c92-b181-10c4a2808dbb | ITER: 39 END: OK
2019-07-29 08:37:29.799 22831 INFO rally.task.runner [-] Task 8b3a5eca-9dc2-4c92-b181-10c4a2808dbb | ITER: 60 START
2019-07-29 08:37:29.889 22840 INFO rally.task.runner [-] Task 8b3a5eca-9dc2-4c92-b181-10c4a2808dbb | ITER: 33 END: OK
2019-07-29 08:37:29.892 22840 INFO rally.task.runner [-] Task 8b3a5eca-9dc2-4c92-b181-10c4a2808dbb | ITER: 61 START
2019-07-29 08:37:30.063 22828 INFO rally.task.runner [-] Task 8b3a5eca-9dc2-4c92-b181-10c4a2808dbb | ITER: 52 END: OK
2019-07-29 08:37:30.066 22828 INFO rally.task.runner [-] Task 8b3a5eca-9dc2-4c92-b181-10c4a2808dbb | ITER: 62 START
2019-07-29 08:37:30.127 22828 INFO rally.task.runner [-] Task 8b3a5eca-9dc2-4c92-b181-10c4a2808dbb | ITER: 50 END: OK
2019-07-29 08:37:30.130 22828 INFO rally.task.runner [-] Task 8b3a5eca-9dc2-4c92-b181-10c4a2808dbb | ITER: 63 START
2019-07-29 08:37:30.216 22872 INFO rally.task.runner [-] Task 8b3a5eca-9dc2-4c92-b181-10c4a2808dbb | ITER: 47 END: OK
2019-07-29 08:37:30.219 22872 INFO rally.task.runner [-] Task 8b3a5eca-9dc2-4c92-b181-10c4a2808dbb | ITER: 64 START
2019-07-29 08:37:30.237 22831 INFO rally.task.runner [-] Task 8b3a5eca-9dc2-4c92-b181-10c4a2808dbb | ITER: 42 END: OK
2019-07-29 08:37:30.240 22831 INFO rally.task.runner [-] Task 8b3a5eca-9dc2-4c92-b181-10c4a2808dbb | ITER: 65 START
2019-07-29 08:37:30.566 22829 INFO rally.task.runner [-] Task 8b3a5eca-9dc2-4c92-b181-10c4a2808dbb | ITER: 40 END: OK
2019-07-29 08:37:30.570 22829 INFO rally.task.runner [-] Task 8b3a5eca-9dc2-4c92-b181-10c4a2808dbb | ITER: 66 START
2019-07-29 08:37:30.640 22873 INFO rally.task.runner [-] Task 8b3a5eca-9dc2-4c92-b181-10c4a2808dbb | ITER: 41 END: OK
2019-07-29 08:37:30.644 22873 INFO rally.task.runner [-] Task 8b3a5eca-9dc2-4c92-b181-10c4a2808dbb | ITER: 67 START
2019-07-29 08:37:30.696 22836 INFO rally.task.runner [-] Task 8b3a5eca-9dc2-4c92-b181-10c4a2808dbb | ITER: 48 END: OK
2019-07-29 08:37:30.699 22836 INFO rally.task.runner [-] Task 8b3a5eca-9dc2-4c92-b181-10c4a2808dbb | ITER: 68 START
2019-07-29 08:37:30.955 22850 INFO rally.task.runner [-] Task 8b3a5eca-9dc2-4c92-b181-10c4a2808dbb | ITER: 51 END: OK
2019-07-29 08:37:30.958 22850 INFO rally.task.runner [-] Task 8b3a5eca-9dc2-4c92-b181-10c4a2808dbb | ITER: 69 START
2019-07-29 08:37:30.974 22829 INFO rally.task.runner [-] Task 8b3a5eca-9dc2-4c92-b181-10c4a2808dbb | ITER: 46 END: OK
2019-07-29 08:37:30.978 22829 INFO rally.task.runner [-] Task 8b3a5eca-9dc2-4c92-b181-10c4a2808dbb | ITER: 70 START
2019-07-29 08:37:31.041 22851 INFO rally.task.runner [-] Task 8b3a5eca-9dc2-4c92-b181-10c4a2808dbb | ITER: 49 END: OK
2019-07-29 08:37:31.044 22851 INFO rally.task.runner [-] Task 8b3a5eca-9dc2-4c92-b181-10c4a2808dbb | ITER: 71 START
2019-07-29 08:37:31.075 22830 INFO rally.task.runner [-] Task 8b3a5eca-9dc2-4c92-b181-10c4a2808dbb | ITER: 53 END: OK
2019-07-29 08:37:31.078 22830 INFO rally.task.runner [-] Task 8b3a5eca-9dc2-4c92-b181-10c4a2808dbb | ITER: 72 START
2019-07-29 08:37:31.082 22849 INFO rally.task.runner [-] Task 8b3a5eca-9dc2-4c92-b181-10c4a2808dbb | ITER: 55 END: OK
2019-07-29 08:37:31.085 22849 INFO rally.task.runner [-] Task 8b3a5eca-9dc2-4c92-b181-10c4a2808dbb | ITER: 73 START
2019-07-29 08:37:31.340 22833 INFO rally.task.runner [-] Task 8b3a5eca-9dc2-4c92-b181-10c4a2808dbb | ITER: 45 END: OK
2019-07-29 08:37:31.344 22833 INFO rally.task.runner [-] Task 8b3a5eca-9dc2-4c92-b181-10c4a2808dbb | ITER: 74 START
2019-07-29 08:37:31.660 22830 INFO rally.task.runner [-] Task 8b3a5eca-9dc2-4c92-b181-10c4a2808dbb | ITER: 58 END: OK
2019-07-29 08:37:31.661 22858 INFO rally.task.runner [-] Task 8b3a5eca-9dc2-4c92-b181-10c4a2808dbb | ITER: 56 END: OK
2019-07-29 08:37:31.663 22830 INFO rally.task.runner [-] Task 8b3a5eca-9dc2-4c92-b181-10c4a2808dbb | ITER: 75 START
2019-07-29 08:37:31.664 22858 INFO rally.task.runner [-] Task 8b3a5eca-9dc2-4c92-b181-10c4a2808dbb | ITER: 76 START
2019-07-29 08:37:31.825 22831 INFO rally.task.runner [-] Task 8b3a5eca-9dc2-4c92-b181-10c4a2808dbb | ITER: 60 END: OK
2019-07-29 08:37:31.829 22831 INFO rally.task.runner [-] Task 8b3a5eca-9dc2-4c92-b181-10c4a2808dbb | ITER: 77 START
2019-07-29 08:37:31.850 22840 INFO rally.task.runner [-] Task 8b3a5eca-9dc2-4c92-b181-10c4a2808dbb | ITER: 61 END: OK
2019-07-29 08:37:31.853 22840 INFO rally.task.runner [-] Task 8b3a5eca-9dc2-4c92-b181-10c4a2808dbb | ITER: 78 START
2019-07-29 08:37:31.884 22845 INFO rally.task.runner [-] Task 8b3a5eca-9dc2-4c92-b181-10c4a2808dbb | ITER: 54 END: OK
2019-07-29 08:37:31.887 22845 INFO rally.task.runner [-] Task 8b3a5eca-9dc2-4c92-b181-10c4a2808dbb | ITER: 79 START
2019-07-29 08:37:32.270 22865 INFO rally.task.runner [-] Task 8b3a5eca-9dc2-4c92-b181-10c4a2808dbb | ITER: 57 END: OK
2019-07-29 08:37:32.273 22865 INFO rally.task.runner [-] Task 8b3a5eca-9dc2-4c92-b181-10c4a2808dbb | ITER: 80 START
2019-07-29 08:37:32.311 22831 INFO rally.task.runner [-] Task 8b3a5eca-9dc2-4c92-b181-10c4a2808dbb | ITER: 65 END: OK
2019-07-29 08:37:32.310 22828 INFO rally.task.runner [-] Task 8b3a5eca-9dc2-4c92-b181-10c4a2808dbb | ITER: 63 END: OK
2019-07-29 08:37:32.314 22831 INFO rally.task.runner [-] Task 8b3a5eca-9dc2-4c92-b181-10c4a2808dbb | ITER: 81 START
2019-07-29 08:37:32.320 22828 INFO rally.task.runner [-] Task 8b3a5eca-9dc2-4c92-b181-10c4a2808dbb | ITER: 62 END: OK
2019-07-29 08:37:32.321 22828 INFO rally.task.runner [-] Task 8b3a5eca-9dc2-4c92-b181-10c4a2808dbb | ITER: 82 START
2019-07-29 08:37:32.328 22828 INFO rally.task.runner [-] Task 8b3a5eca-9dc2-4c92-b181-10c4a2808dbb | ITER: 83 START
2019-07-29 08:37:32.367 22852 INFO rally.task.runner [-] Task 8b3a5eca-9dc2-4c92-b181-10c4a2808dbb | ITER: 59 END: OK
2019-07-29 08:37:32.370 22852 INFO rally.task.runner [-] Task 8b3a5eca-9dc2-4c92-b181-10c4a2808dbb | ITER: 84 START
2019-07-29 08:37:32.445 22872 INFO rally.task.runner [-] Task 8b3a5eca-9dc2-4c92-b181-10c4a2808dbb | ITER: 64 END: OK
2019-07-29 08:37:32.448 22872 INFO rally.task.runner [-] Task 8b3a5eca-9dc2-4c92-b181-10c4a2808dbb | ITER: 85 START
2019-07-29 08:37:32.564 22836 INFO rally.task.runner [-] Task 8b3a5eca-9dc2-4c92-b181-10c4a2808dbb | ITER: 68 END: OK
2019-07-29 08:37:32.567 22836 INFO rally.task.runner [-] Task 8b3a5eca-9dc2-4c92-b181-10c4a2808dbb | ITER: 86 START
2019-07-29 08:37:32.822 22829 INFO rally.task.runner [-] Task 8b3a5eca-9dc2-4c92-b181-10c4a2808dbb | ITER: 66 END: OK
2019-07-29 08:37:32.825 22829 INFO rally.task.runner [-] Task 8b3a5eca-9dc2-4c92-b181-10c4a2808dbb | ITER: 87 START
2019-07-29 08:37:32.877 22873 INFO rally.task.runner [-] Task 8b3a5eca-9dc2-4c92-b181-10c4a2808dbb | ITER: 67 END: OK
2019-07-29 08:37:32.879 22873 INFO rally.task.runner [-] Task 8b3a5eca-9dc2-4c92-b181-10c4a2808dbb | ITER: 88 START
2019-07-29 08:37:32.899 22849 INFO rally.task.runner [-] Task 8b3a5eca-9dc2-4c92-b181-10c4a2808dbb | ITER: 73 END: OK
2019-07-29 08:37:32.903 22849 INFO rally.task.runner [-] Task 8b3a5eca-9dc2-4c92-b181-10c4a2808dbb | ITER: 89 START
2019-07-29 08:37:33.007 22829 INFO rally.task.runner [-] Task 8b3a5eca-9dc2-4c92-b181-10c4a2808dbb | ITER: 70 END: OK
2019-07-29 08:37:33.009 22829 INFO rally.task.runner [-] Task 8b3a5eca-9dc2-4c92-b181-10c4a2808dbb | ITER: 90 START
2019-07-29 08:37:33.058 22830 INFO rally.task.runner [-] Task 8b3a5eca-9dc2-4c92-b181-10c4a2808dbb | ITER: 72 END: OK
2019-07-29 08:37:33.061 22830 INFO rally.task.runner [-] Task 8b3a5eca-9dc2-4c92-b181-10c4a2808dbb | ITER: 91 START
2019-07-29 08:37:33.529 22858 INFO rally.task.runner [-] Task 8b3a5eca-9dc2-4c92-b181-10c4a2808dbb | ITER: 76 END: OK
2019-07-29 08:37:33.532 22858 INFO rally.task.runner [-] Task 8b3a5eca-9dc2-4c92-b181-10c4a2808dbb | ITER: 92 START
2019-07-29 08:37:33.606 22833 INFO rally.task.runner [-] Task 8b3a5eca-9dc2-4c92-b181-10c4a2808dbb | ITER: 74 END: OK
2019-07-29 08:37:33.609 22833 INFO rally.task.runner [-] Task 8b3a5eca-9dc2-4c92-b181-10c4a2808dbb | ITER: 93 START
2019-07-29 08:37:33.633 22851 INFO rally.task.runner [-] Task 8b3a5eca-9dc2-4c92-b181-10c4a2808dbb | ITER: 71 END: OK
2019-07-29 08:37:33.635 22830 INFO rally.task.runner [-] Task 8b3a5eca-9dc2-4c92-b181-10c4a2808dbb | ITER: 75 END: OK
2019-07-29 08:37:33.636 22851 INFO rally.task.runner [-] Task 8b3a5eca-9dc2-4c92-b181-10c4a2808dbb | ITER: 94 START
2019-07-29 08:37:33.638 22830 INFO rally.task.runner [-] Task 8b3a5eca-9dc2-4c92-b181-10c4a2808dbb | ITER: 95 START
2019-07-29 08:37:33.651 22850 INFO rally.task.runner [-] Task 8b3a5eca-9dc2-4c92-b181-10c4a2808dbb | ITER: 69 END: OK
2019-07-29 08:37:33.654 22850 INFO rally.task.runner [-] Task 8b3a5eca-9dc2-4c92-b181-10c4a2808dbb | ITER: 96 START
2019-07-29 08:37:33.764 22840 INFO rally.task.runner [-] Task 8b3a5eca-9dc2-4c92-b181-10c4a2808dbb | ITER: 78 END: OK
2019-07-29 08:37:33.768 22840 INFO rally.task.runner [-] Task 8b3a5eca-9dc2-4c92-b181-10c4a2808dbb | ITER: 97 START
2019-07-29 08:37:33.832 22831 INFO rally.task.runner [-] Task 8b3a5eca-9dc2-4c92-b181-10c4a2808dbb | ITER: 81 END: OK
2019-07-29 08:37:33.836 22831 INFO rally.task.runner [-] Task 8b3a5eca-9dc2-4c92-b181-10c4a2808dbb | ITER: 98 START
2019-07-29 08:37:33.842 22845 INFO rally.task.runner [-] Task 8b3a5eca-9dc2-4c92-b181-10c4a2808dbb | ITER: 79 END: OK
2019-07-29 08:37:33.845 22845 INFO rally.task.runner [-] Task 8b3a5eca-9dc2-4c92-b181-10c4a2808dbb | ITER: 99 START
2019-07-29 08:37:33.994 22828 INFO rally.task.runner [-] Task 8b3a5eca-9dc2-4c92-b181-10c4a2808dbb | ITER: 82 END: OK
2019-07-29 08:37:33.998 22828 INFO rally.task.runner [-] Task 8b3a5eca-9dc2-4c92-b181-10c4a2808dbb | ITER: 100 START
2019-07-29 08:37:34.028 22828 INFO rally.task.runner [-] Task 8b3a5eca-9dc2-4c92-b181-10c4a2808dbb | ITER: 83 END: OK
2019-07-29 08:37:34.092 22852 INFO rally.task.runner [-] Task 8b3a5eca-9dc2-4c92-b181-10c4a2808dbb | ITER: 84 END: OK
2019-07-29 08:37:34.169 22872 INFO rally.task.runner [-] Task 8b3a5eca-9dc2-4c92-b181-10c4a2808dbb | ITER: 85 END: OK
2019-07-29 08:37:34.172 22831 INFO rally.task.runner [-] Task 8b3a5eca-9dc2-4c92-b181-10c4a2808dbb | ITER: 77 END: OK
2019-07-29 08:37:34.368 22865 INFO rally.task.runner [-] Task 8b3a5eca-9dc2-4c92-b181-10c4a2808dbb | ITER: 80 END: OK
2019-07-29 08:37:34.601 22873 INFO rally.task.runner [-] Task 8b3a5eca-9dc2-4c92-b181-10c4a2808dbb | ITER: 88 END: OK
2019-07-29 08:37:34.656 22829 INFO rally.task.runner [-] Task 8b3a5eca-9dc2-4c92-b181-10c4a2808dbb | ITER: 87 END: OK
2019-07-29 08:37:34.687 22836 INFO rally.task.runner [-] Task 8b3a5eca-9dc2-4c92-b181-10c4a2808dbb | ITER: 86 END: OK
2019-07-29 08:37:34.873 22849 INFO rally.task.runner [-] Task 8b3a5eca-9dc2-4c92-b181-10c4a2808dbb | ITER: 89 END: OK
2019-07-29 08:37:34.874 22829 INFO rally.task.runner [-] Task 8b3a5eca-9dc2-4c92-b181-10c4a2808dbb | ITER: 90 END: OK
2019-07-29 08:37:34.982 22858 INFO rally.task.runner [-] Task 8b3a5eca-9dc2-4c92-b181-10c4a2808dbb | ITER: 92 END: OK
2019-07-29 08:37:35.012 22830 INFO rally.task.runner [-] Task 8b3a5eca-9dc2-4c92-b181-10c4a2808dbb | ITER: 91 END: OK
2019-07-29 08:37:35.021 22830 INFO rally.task.runner [-] Task 8b3a5eca-9dc2-4c92-b181-10c4a2808dbb | ITER: 95 END: OK
2019-07-29 08:37:35.038 22833 INFO rally.task.runner [-] Task 8b3a5eca-9dc2-4c92-b181-10c4a2808dbb | ITER: 93 END: OK
2019-07-29 08:37:35.380 22850 INFO rally.task.runner [-] Task 8b3a5eca-9dc2-4c92-b181-10c4a2808dbb | ITER: 96 END: OK
2019-07-29 08:37:35.467 22840 INFO rally.task.runner [-] Task 8b3a5eca-9dc2-4c92-b181-10c4a2808dbb | ITER: 97 END: OK
2019-07-29 08:37:35.484 22845 INFO rally.task.runner [-] Task 8b3a5eca-9dc2-4c92-b181-10c4a2808dbb | ITER: 99 END: OK
2019-07-29 08:37:35.508 22851 INFO rally.task.runner [-] Task 8b3a5eca-9dc2-4c92-b181-10c4a2808dbb | ITER: 94 END: OK
2019-07-29 08:37:35.564 22831 INFO rally.task.runner [-] Task 8b3a5eca-9dc2-4c92-b181-10c4a2808dbb | ITER: 98 END: OK
2019-07-29 08:37:35.758 22828 INFO rally.task.runner [-] Task 8b3a5eca-9dc2-4c92-b181-10c4a2808dbb | ITER: 100 END: OK
2019-07-29 08:37:35.784 22704 INFO rally.task.context [-] Task 8b3a5eca-9dc2-4c92-b181-10c4a2808dbb | Context cleanup@openstack cleanup() started
2019-07-29 08:37:35.786 22704 RALLYDEBUG rally_openstack.cleanup.manager [-] Cleaning up neutron vip objects
2019-07-29 08:37:36.416 22704 RALLYDEBUG rally_openstack.cleanup.manager [-] Cleaning up neutron health_monitor objects
2019-07-29 08:37:37.060 22704 RALLYDEBUG rally_openstack.cleanup.manager [-] Cleaning up neutron pool objects
2019-07-29 08:37:37.705 22704 RALLYDEBUG rally_openstack.cleanup.manager [-] Cleaning up neutron loadbalancer objects
2019-07-29 08:37:38.361 22704 RALLYDEBUG rally_openstack.cleanup.manager [-] Cleaning up neutron floatingip objects
2019-07-29 08:37:39.117 22704 RALLYDEBUG rally_openstack.cleanup.manager [-] Cleaning up neutron port objects
2019-07-29 08:37:39.800 22704 RALLYDEBUG rally_openstack.cleanup.manager [-] Cleaning up neutron subnet objects
2019-07-29 08:37:40.580 22704 RALLYDEBUG rally_openstack.cleanup.manager [-] Cleaning up neutron network objects
2019-07-29 08:37:41.802 22704 RALLYDEBUG rally_openstack.cleanup.manager [-] Deleting neutron.network object s_rally_cdc4a06d_ly6hoQnv (01502365-6dc2-49c8-9154-368de2534410)
2019-07-29 08:37:41.807 22704 RALLYDEBUG rally_openstack.cleanup.manager [-] Deleting neutron.network object s_rally_cdc4a06d_QdXQdn7j (0962f60e-8b23-4457-90bf-b4fa69754839)
2019-07-29 08:37:41.812 22704 RALLYDEBUG rally_openstack.cleanup.manager [-] Deleting neutron.network object s_rally_cdc4a06d_4XJY91CG (0d8532ff-8fb1-4686-8cbf-141005864a9d)
2019-07-29 08:37:41.820 22704 RALLYDEBUG rally_openstack.cleanup.manager [-] Deleting neutron.network object s_rally_cdc4a06d_rk1hlPEQ (0dc12583-e0ad-4b04-817e-57c590a8f10c)
2019-07-29 08:37:41.821 22704 RALLYDEBUG rally_openstack.cleanup.manager [-] Deleting neutron.network object s_rally_cdc4a06d_Zz0cEzT7 (093f6165-baef-4df1-96bb-0cb074a52466)
2019-07-29 08:37:41.826 22704 RALLYDEBUG rally_openstack.cleanup.manager [-] Deleting neutron.network object s_rally_cdc4a06d_GioXVbPe (0ecb2a88-3c3c-4220-8b3c-294fa7e9026b)
2019-07-29 08:37:41.827 22704 RALLYDEBUG rally_openstack.cleanup.manager [-] Deleting neutron.network object s_rally_cdc4a06d_UyOhTgZO (03bd063c-aed6-4b3b-8b95-4c0bb14d6c95)
2019-07-29 08:37:41.827 22704 RALLYDEBUG rally_openstack.cleanup.manager [-] Deleting neutron.network object s_rally_cdc4a06d_fKs3YQrU (062f447b-80de-4b56-a4cd-051798ab8bea)
2019-07-29 08:37:41.827 22704 RALLYDEBUG rally_openstack.cleanup.manager [-] Deleting neutron.network object s_rally_cdc4a06d_SQkfG5i6 (0b90ac7d-1ed0-4c93-8b82-5c02d138c8bf)
2019-07-29 08:37:41.830 22704 RALLYDEBUG rally_openstack.cleanup.manager [-] Deleting neutron.network object s_rally_cdc4a06d_hXLpG6Ek (03f4ba34-a06a-4fe0-9d0d-d261ba7cf1a1)
2019-07-29 08:37:41.835 22704 RALLYDEBUG rally_openstack.cleanup.manager [-] Deleting neutron.network object s_rally_cdc4a06d_dsnEFKZU (10341edf-d8c2-4747-a6e5-248130045202)
2019-07-29 08:37:41.837 22704 RALLYDEBUG rally_openstack.cleanup.manager [-] Deleting neutron.network object s_rally_cdc4a06d_3QLHYoG6 (0c30b446-1cce-44fe-b80f-5561c819f0be)
2019-07-29 08:37:41.842 22704 RALLYDEBUG rally_openstack.cleanup.manager [-] Deleting neutron.network object s_rally_cdc4a06d_rzBq81EI (1040e968-e997-4a24-a841-b17c28b7f18f)
2019-07-29 08:37:41.848 22704 RALLYDEBUG rally_openstack.cleanup.manager [-] Deleting neutron.network object s_rally_cdc4a06d_jGG0oYht (17d1a8d2-4ca7-4bce-99fc-d956608e1e7f)
2019-07-29 08:37:41.842 22704 RALLYDEBUG rally_openstack.cleanup.manager [-] Deleting neutron.network object s_rally_cdc4a06d_jTWaOi0r (16b7e2ba-94e1-49a4-9b52-2c023ab881e4)
2019-07-29 08:37:41.851 22704 RALLYDEBUG rally_openstack.cleanup.manager [-] Deleting neutron.network object s_rally_cdc4a06d_3E5MPtoX (1848c1f6-58ad-4114-9d7e-3089ffa94441)
2019-07-29 08:37:41.854 22704 RALLYDEBUG rally_openstack.cleanup.manager [-] Deleting neutron.network object s_rally_cdc4a06d_2hcZQ1da (0a71b9ad-a93a-4fcd-b0a4-3223fb6fc3e4)
2019-07-29 08:37:41.873 22704 RALLYDEBUG rally_openstack.cleanup.manager [-] Deleting neutron.network object s_rally_cdc4a06d_UCPoBrZm (1b58b8d9-ef1d-4ceb-9f85-ebe530e0815c)
2019-07-29 08:37:41.897 22704 RALLYDEBUG rally_openstack.cleanup.manager [-] Deleting neutron.network object s_rally_cdc4a06d_nvIgfMkT (1c69e144-ac79-4404-99ba-516cbac86d05)
2019-07-29 08:37:41.901 22704 RALLYDEBUG rally_openstack.cleanup.manager [-] Deleting neutron.network object s_rally_cdc4a06d_WFaWq676 (1c3b004f-e612-47fb-ac78-ce6e6f5a66f5)
2019-07-29 08:37:44.512 22704 RALLYDEBUG rally_openstack.cleanup.manager [-] Deleting neutron.network object s_rally_cdc4a06d_9PJrYkzg (1d408f2e-a9c2-42ce-8dfe-a95ed6c39034)
2019-07-29 08:37:44.630 22704 RALLYDEBUG rally_openstack.cleanup.manager [-] Deleting neutron.network object s_rally_cdc4a06d_hqJUL1WA (21047386-5bf2-4461-8386-addc8829b0b1)
2019-07-29 08:37:44.661 22704 RALLYDEBUG rally_openstack.cleanup.manager [-] Deleting neutron.network object s_rally_cdc4a06d_ZYcPKDM6 (243f6bdd-0393-43eb-a655-f07fb5dd3f42)
2019-07-29 08:37:44.692 22704 RALLYDEBUG rally_openstack.cleanup.manager [-] Deleting neutron.network object s_rally_cdc4a06d_qhmFLeqK (24ed8239-2f28-49a5-bd77-bb092c8b975f)
2019-07-29 08:37:44.764 22704 RALLYDEBUG rally_openstack.cleanup.manager [-] Deleting neutron.network object s_rally_cdc4a06d_GP4ZOn8C (26d95773-15e2-4182-83e0-a3f04c908335)
2019-07-29 08:37:44.806 22704 RALLYDEBUG rally_openstack.cleanup.manager [-] Deleting neutron.network object s_rally_cdc4a06d_5P5WwJbq (27859d24-afdb-4733-ae89-34e7f428c9d4)
2019-07-29 08:37:44.837 22704 RALLYDEBUG rally_openstack.cleanup.manager [-] Deleting neutron.network object s_rally_cdc4a06d_v7XRXpUI (29de6ee7-8022-4e24-ac7e-e9be45c451fb)
2019-07-29 08:37:44.855 22704 RALLYDEBUG rally_openstack.cleanup.manager [-] Deleting neutron.network object s_rally_cdc4a06d_rjAohdIM (2a87356e-c06f-4c60-a62c-c7d2f3ac2a7e)
2019-07-29 08:37:45.255 22704 RALLYDEBUG rally_openstack.cleanup.manager [-] Deleting neutron.network object s_rally_cdc4a06d_FyYXM6Ti (2eacb2b5-5ccb-44b8-9125-e16185e05ad6)
2019-07-29 08:37:45.354 22704 RALLYDEBUG rally_openstack.cleanup.manager [-] Deleting neutron.network object s_rally_cdc4a06d_9n9MDCcn (30f471c8-4ba7-4359-89d9-348810914907)
2019-07-29 08:37:45.384 22704 RALLYDEBUG rally_openstack.cleanup.manager [-] Deleting neutron.network object s_rally_cdc4a06d_PG9ylghb (30f491be-9abb-413c-b4e6-80a7b08434a1)
2019-07-29 08:37:45.637 22704 RALLYDEBUG rally_openstack.cleanup.manager [-] Deleting neutron.network object s_rally_cdc4a06d_dIyOGza2 (311edd24-0b42-4773-98bc-563bd8ded307)
2019-07-29 08:37:45.686 22704 RALLYDEBUG rally_openstack.cleanup.manager [-] Deleting neutron.network object s_rally_cdc4a06d_WHBXakDW (393fc981-1001-4ba5-bacd-526f8406b682)
2019-07-29 08:37:45.686 22704 RALLYDEBUG rally_openstack.cleanup.manager [-] Deleting neutron.network object s_rally_cdc4a06d_2NSjTtvI (3df71da5-24a9-4530-9ea7-022f4dd3d689)
2019-07-29 08:37:45.943 22704 RALLYDEBUG rally_openstack.cleanup.manager [-] Deleting neutron.network object s_rally_cdc4a06d_gyE2hqZ6 (426e12c8-d66d-4e7e-a2c3-47417399a9bb)
2019-07-29 08:37:45.982 22704 RALLYDEBUG rally_openstack.cleanup.manager [-] Deleting neutron.network object s_rally_cdc4a06d_0jaZ3mpS (45181798-41bb-4971-baf7-12bb0b057a63)
2019-07-29 08:37:46.148 22704 RALLYDEBUG rally_openstack.cleanup.manager [-] Deleting neutron.network object s_rally_cdc4a06d_krRLIkgs (4534f3fa-f84e-4a40-a753-72ab4854774f)
2019-07-29 08:37:46.158 22704 RALLYDEBUG rally_openstack.cleanup.manager [-] Deleting neutron.network object s_rally_cdc4a06d_mJ58JODB (46b5b64b-a775-4167-9b8e-525d9a969155)
2019-07-29 08:37:46.160 22704 RALLYDEBUG rally_openstack.cleanup.manager [-] Deleting neutron.network object s_rally_cdc4a06d_CyLv9F5k (471e9557-0542-42b6-aacd-93d7ad3b2450)
2019-07-29 08:37:46.170 22704 RALLYDEBUG rally_openstack.cleanup.manager [-] Deleting neutron.network object s_rally_cdc4a06d_xD2hF0UR (48209768-9dd5-45ea-aad4-17ecacd55303)
2019-07-29 08:37:47.001 22704 RALLYDEBUG rally_openstack.cleanup.manager [-] Deleting neutron.network object s_rally_cdc4a06d_DH4cgGZt (49398995-bb72-4f53-a45d-728236ebf3f9)
2019-07-29 08:37:47.271 22704 RALLYDEBUG rally_openstack.cleanup.manager [-] Deleting neutron.network object s_rally_cdc4a06d_aYbK6CEY (4ef21aec-beda-41ed-82aa-b0dc03a2c60f)
2019-07-29 08:37:47.314 22704 RALLYDEBUG rally_openstack.cleanup.manager [-] Deleting neutron.network object s_rally_cdc4a06d_4d3KU8Td (5741a4f8-374f-45c3-84b7-6b0592a81878)
2019-07-29 08:37:47.638 22704 RALLYDEBUG rally_openstack.cleanup.manager [-] Deleting neutron.network object s_rally_cdc4a06d_Gc1jC1ZF (58f3a520-1c57-434e-aa7d-fd1487fb92b4)
2019-07-29 08:37:47.699 22704 RALLYDEBUG rally_openstack.cleanup.manager [-] Deleting neutron.network object s_rally_cdc4a06d_4X8Veliu (61661f8e-cc64-4d01-96f2-6825059c5bb6)
2019-07-29 08:37:47.719 22704 RALLYDEBUG rally_openstack.cleanup.manager [-] Deleting neutron.network object s_rally_cdc4a06d_NuR4YCKF (64f31732-0d6b-45c8-ac46-6810306c2310)
2019-07-29 08:37:47.951 22704 RALLYDEBUG rally_openstack.cleanup.manager [-] Deleting neutron.network object s_rally_cdc4a06d_9sQmBhn4 (68a047db-837c-439f-a3c9-d992841838df)
2019-07-29 08:37:48.010 22704 RALLYDEBUG rally_openstack.cleanup.manager [-] Deleting neutron.network object s_rally_cdc4a06d_e3ws17Sj (6c046792-85a2-4b3d-b1c9-3f37c7732a36)
2019-07-29 08:37:48.026 22704 RALLYDEBUG rally_openstack.cleanup.manager [-] Deleting neutron.network object s_rally_cdc4a06d_l3yUJuT7 (6ed5a616-0188-41bd-9baa-7277e613ae53)
2019-07-29 08:37:48.037 22704 RALLYDEBUG rally_openstack.cleanup.manager [-] Deleting neutron.network object s_rally_cdc4a06d_yxC5ondn (71778dad-adcb-4ed9-a976-5ae4f93ed27c)
2019-07-29 08:37:48.078 22704 RALLYDEBUG rally_openstack.cleanup.manager [-] Deleting neutron.network object s_rally_cdc4a06d_3nXtcn2F (725f9ede-1468-491a-980f-d53a5acd138d)
2019-07-29 08:37:48.158 22704 RALLYDEBUG rally_openstack.cleanup.manager [-] Deleting neutron.network object s_rally_cdc4a06d_3xWz4ppG (73a24994-fbfc-463d-b113-1a614d0404f0)
2019-07-29 08:37:48.235 22704 RALLYDEBUG rally_openstack.cleanup.manager [-] Deleting neutron.network object s_rally_cdc4a06d_QGQRuR0Z (75107d13-4533-4d9c-b833-609bd45683ab)
2019-07-29 08:37:48.341 22704 RALLYDEBUG rally_openstack.cleanup.manager [-] Deleting neutron.network object s_rally_cdc4a06d_p7eOM3rj (7a04a153-080c-4ae8-9e47-8f4196b8f506)
2019-07-29 08:37:48.501 22704 RALLYDEBUG rally_openstack.cleanup.manager [-] Deleting neutron.network object s_rally_cdc4a06d_iaTmg4RJ (7d35133a-4fd0-42b5-a3a1-becea3d96f93)
2019-07-29 08:37:48.618 22704 RALLYDEBUG rally_openstack.cleanup.manager [-] Deleting neutron.network object s_rally_cdc4a06d_U787MZSI (7e7af94c-ad0c-41da-a4ac-4c3bafebfcdf)
2019-07-29 08:37:48.629 22704 RALLYDEBUG rally_openstack.cleanup.manager [-] Deleting neutron.network object s_rally_cdc4a06d_cgAmXbYk (817317a1-ceab-4474-8543-2d0bdbeb8d56)
2019-07-29 08:37:48.659 22704 RALLYDEBUG rally_openstack.cleanup.manager [-] Deleting neutron.network object s_rally_cdc4a06d_LiKxzVD3 (8249b9a8-84ba-4379-a51b-0ea6cd426280)
2019-07-29 08:37:48.669 22704 RALLYDEBUG rally_openstack.cleanup.manager [-] Deleting neutron.network object s_rally_cdc4a06d_BCeGXiFC (880b3811-4263-4b25-8e48-7c5b9c0429db)
2019-07-29 08:37:48.748 22704 RALLYDEBUG rally_openstack.cleanup.manager [-] Deleting neutron.network object s_rally_cdc4a06d_AM4YJdjs (8c44cc9b-7992-40c9-beb2-1b392d506556)
2019-07-29 08:37:49.563 22704 RALLYDEBUG rally_openstack.cleanup.manager [-] Deleting neutron.network object s_rally_cdc4a06d_zDd7s0xg (9033ab33-96cd-4c62-b274-c43ec773c1f2)
2019-07-29 08:37:50.004 22704 RALLYDEBUG rally_openstack.cleanup.manager [-] Deleting neutron.network object s_rally_cdc4a06d_jrH7z4Xd (90cf8717-33af-4348-8c47-00083fee33bb)
2019-07-29 08:37:50.159 22704 RALLYDEBUG rally_openstack.cleanup.manager [-] Deleting neutron.network object s_rally_cdc4a06d_AiPt1Xmp (93b8aa7f-edcf-4e9a-848a-b880312b1c66)
2019-07-29 08:37:50.213 22704 RALLYDEBUG rally_openstack.cleanup.manager [-] Deleting neutron.network object s_rally_cdc4a06d_Oif9mfvt (96df1f30-5c45-4b93-be04-8ef2f78be426)
2019-07-29 08:37:50.321 22704 RALLYDEBUG rally_openstack.cleanup.manager [-] Deleting neutron.network object s_rally_cdc4a06d_xSSBfjYc (99245e6c-4af0-4f28-91b5-1e8f79e56094)
2019-07-29 08:37:50.352 22704 RALLYDEBUG rally_openstack.cleanup.manager [-] Deleting neutron.network object s_rally_cdc4a06d_RpDBaCS3 (9ff9453e-a796-4758-975c-c80398b7c7cf)
2019-07-29 08:37:50.393 22704 RALLYDEBUG rally_openstack.cleanup.manager [-] Deleting neutron.network object s_rally_cdc4a06d_sr835NbL (adaffaab-455e-4484-b6c2-7c125175a10b)
2019-07-29 08:37:50.708 22704 RALLYDEBUG rally_openstack.cleanup.manager [-] Deleting neutron.network object s_rally_cdc4a06d_ebLvFqZM (ae025fcb-0e66-4749-89e8-fa46c396de26)
2019-07-29 08:37:50.708 22704 RALLYDEBUG rally_openstack.cleanup.manager [-] Deleting neutron.network object s_rally_cdc4a06d_Ao5j4QY5 (b23f2583-ffef-40b6-ac84-d49d13952c67)
2019-07-29 08:37:50.813 22704 RALLYDEBUG rally_openstack.cleanup.manager [-] Deleting neutron.network object s_rally_cdc4a06d_yvlHisYv (b262cfd9-d817-4331-b626-e632cbb68f42)
2019-07-29 08:37:50.847 22704 RALLYDEBUG rally_openstack.cleanup.manager [-] Deleting neutron.network object s_rally_cdc4a06d_XCIBuyQA (b50510ad-d32a-4313-851b-357a71b3c282)
2019-07-29 08:37:50.863 22704 RALLYDEBUG rally_openstack.cleanup.manager [-] Deleting neutron.network object s_rally_cdc4a06d_uVAT2aQZ (b578e50b-6dfc-4ea9-9731-2cafe33cdcc8)
2019-07-29 08:37:50.896 22704 RALLYDEBUG rally_openstack.cleanup.manager [-] Deleting neutron.network object s_rally_cdc4a06d_bjOlaoFl (ba88654b-e75c-41c0-9150-66dd953d32ce)
2019-07-29 08:37:51.121 22704 RALLYDEBUG rally_openstack.cleanup.manager [-] Deleting neutron.network object s_rally_cdc4a06d_6HJoo1xy (c07ece7a-62e1-447b-91bc-f08880619a3b)
2019-07-29 08:37:51.213 22704 RALLYDEBUG rally_openstack.cleanup.manager [-] Deleting neutron.network object s_rally_cdc4a06d_oKESva4e (c131d5ae-7bf9-4ec0-ad2d-3653dbc02b38)
2019-07-29 08:37:51.266 22704 RALLYDEBUG rally_openstack.cleanup.manager [-] Deleting neutron.network object s_rally_cdc4a06d_qmkccqyJ (c4d0105d-ec95-4fcc-869c-37eb5df76e09)
2019-07-29 08:37:51.284 22704 RALLYDEBUG rally_openstack.cleanup.manager [-] Deleting neutron.network object s_rally_cdc4a06d_n9FPnC9E (ca472dc7-9053-46e3-bb37-29c517fee3b9)
2019-07-29 08:37:51.298 22704 RALLYDEBUG rally_openstack.cleanup.manager [-] Deleting neutron.network object s_rally_cdc4a06d_UPsCBKV6 (cf667b81-9934-4021-8aff-973d8655821d)
2019-07-29 08:37:51.388 22704 RALLYDEBUG rally_openstack.cleanup.manager [-] Deleting neutron.network object s_rally_cdc4a06d_dwwpoC6X (d17866a6-9010-4f43-b4be-6a9da61603be)
2019-07-29 08:37:51.417 22704 RALLYDEBUG rally_openstack.cleanup.manager [-] Deleting neutron.network object s_rally_cdc4a06d_NOfg4Hh2 (d6e76176-6cb5-4a0a-862b-e80cca5729dd)
2019-07-29 08:37:52.059 22704 RALLYDEBUG rally_openstack.cleanup.manager [-] Deleting neutron.network object s_rally_cdc4a06d_4vsBUqdo (d83dc03d-8305-484d-a796-fb4d5d0e1b65)
2019-07-29 08:37:52.536 22704 RALLYDEBUG rally_openstack.cleanup.manager [-] Deleting neutron.network object s_rally_cdc4a06d_Rz46Ipf7 (d98c3b95-2223-42fc-9d12-b6621e56aea9)
2019-07-29 08:37:52.654 22704 RALLYDEBUG rally_openstack.cleanup.manager [-] Deleting neutron.network object s_rally_cdc4a06d_u8AgMo7X (daf30ca4-a8ae-4d62-acfe-234602edcda6)
2019-07-29 08:37:52.720 22704 RALLYDEBUG rally_openstack.cleanup.manager [-] Deleting neutron.network object s_rally_cdc4a06d_F4USKhjD (db215958-8703-494b-94c7-ccb6b328e753)
2019-07-29 08:37:52.751 22704 RALLYDEBUG rally_openstack.cleanup.manager [-] Deleting neutron.network object s_rally_cdc4a06d_fsdROX3V (dd61daf6-77ca-407c-a092-b779f3a35767)
2019-07-29 08:37:52.865 22704 RALLYDEBUG rally_openstack.cleanup.manager [-] Deleting neutron.network object s_rally_cdc4a06d_hkYTswcq (e22d09d5-8e9c-489d-a760-919b3c116f14)
2019-07-29 08:37:53.216 22704 RALLYDEBUG rally_openstack.cleanup.manager [-] Deleting neutron.network object s_rally_cdc4a06d_A4Tms4z4 (e2882842-a835-48bb-9c27-b3acb446ec88)
2019-07-29 08:37:53.261 22704 RALLYDEBUG rally_openstack.cleanup.manager [-] Deleting neutron.network object s_rally_cdc4a06d_pA8GZagn (e3d1e026-d114-48ac-929f-9e84fe577b9a)
2019-07-29 08:37:53.280 22704 RALLYDEBUG rally_openstack.cleanup.manager [-] Deleting neutron.network object s_rally_cdc4a06d_xPHCs7LJ (e4be59a0-9afe-4622-a5f1-031d27e4b021)
2019-07-29 08:37:53.333 22704 RALLYDEBUG rally_openstack.cleanup.manager [-] Deleting neutron.network object s_rally_cdc4a06d_euOJITu0 (e621e8a9-f60d-4a40-bb74-56ff60985f3c)
2019-07-29 08:37:53.402 22704 RALLYDEBUG rally_openstack.cleanup.manager [-] Deleting neutron.network object s_rally_cdc4a06d_TaQz689W (e87cb0d3-3ba4-43ea-ab6f-a476781f8356)
2019-07-29 08:37:53.511 22704 RALLYDEBUG rally_openstack.cleanup.manager [-] Deleting neutron.network object s_rally_cdc4a06d_DPPJAvuj (eb214051-0cd1-48a8-a7fc-1a64ad736ca4)
2019-07-29 08:37:53.709 22704 RALLYDEBUG rally_openstack.cleanup.manager [-] Deleting neutron.network object s_rally_cdc4a06d_npyv2KC0 (f2bb1e7d-63ce-4fd4-a8e1-83b9e5bc2216)
2019-07-29 08:37:53.780 22704 RALLYDEBUG rally_openstack.cleanup.manager [-] Deleting neutron.network object s_rally_cdc4a06d_jF3FF7Za (f53d6a62-96d3-4b04-aa98-92f2abc42d7f)
2019-07-29 08:37:53.782 22704 RALLYDEBUG rally_openstack.cleanup.manager [-] Deleting neutron.network object s_rally_cdc4a06d_fuFmP1eS (f43edaf7-a632-4d8d-b341-e6cb8fdf88df)
2019-07-29 08:37:53.848 22704 RALLYDEBUG rally_openstack.cleanup.manager [-] Deleting neutron.network object s_rally_cdc4a06d_9iP3LuAk (f67aed41-fef7-417e-b1dd-479518562461)
