2019-07-29 08:57:49.640 26979 WARNING rally_openstack.scenarios.neutron.utils [-] Running this scenario without either the 'network' or 'existing_network' context is deprecated
2019-07-29 08:57:49.959 26991 INFO rally.task.runner [-] Task 8b3a5eca-9dc2-4c92-b181-10c4a2808dbb | ITER: 18 END: OK
2019-07-29 08:57:49.964 26991 INFO rally.task.runner [-] Task 8b3a5eca-9dc2-4c92-b181-10c4a2808dbb | ITER: 40 START
2019-07-29 08:57:49.965 26991 WARNING rally_openstack.scenarios.neutron.utils [-] Running this scenario without either the 'network' or 'existing_network' context is deprecated
2019-07-29 08:57:57.264 26951 INFO rally.task.runner [-] Task 8b3a5eca-9dc2-4c92-b181-10c4a2808dbb | ITER: 22 END: OK
2019-07-29 08:57:58.232 26987 INFO rally.task.runner [-] Task 8b3a5eca-9dc2-4c92-b181-10c4a2808dbb | ITER: 27 END: OK
2019-07-29 08:57:58.372 26959 INFO rally.task.runner [-] Task 8b3a5eca-9dc2-4c92-b181-10c4a2808dbb | ITER: 26 END: OK
2019-07-29 08:57:59.101 26950 INFO rally.task.runner [-] Task 8b3a5eca-9dc2-4c92-b181-10c4a2808dbb | ITER: 31 END: OK
2019-07-29 08:57:59.177 26951 INFO rally.task.runner [-] Task 8b3a5eca-9dc2-4c92-b181-10c4a2808dbb | ITER: 23 END: OK
2019-07-29 08:57:59.226 26963 INFO rally.task.runner [-] Task 8b3a5eca-9dc2-4c92-b181-10c4a2808dbb | ITER: 28 END: OK
2019-07-29 08:57:59.645 26973 INFO rally.task.runner [-] Task 8b3a5eca-9dc2-4c92-b181-10c4a2808dbb | ITER: 21 END: OK
2019-07-29 08:58:00.077 26981 INFO rally.task.runner [-] Task 8b3a5eca-9dc2-4c92-b181-10c4a2808dbb | ITER: 29 END: OK
2019-07-29 08:58:00.135 26950 INFO rally.task.runner [-] Task 8b3a5eca-9dc2-4c92-b181-10c4a2808dbb | ITER: 32 END: OK
2019-07-29 08:58:00.330 26997 INFO rally.task.runner [-] Task 8b3a5eca-9dc2-4c92-b181-10c4a2808dbb | ITER: 33 END: OK
2019-07-29 08:58:00.476 26956 INFO rally.task.runner [-] Task 8b3a5eca-9dc2-4c92-b181-10c4a2808dbb | ITER: 25 END: OK
2019-07-29 08:58:00.521 26952 INFO rally.task.runner [-] Task 8b3a5eca-9dc2-4c92-b181-10c4a2808dbb | ITER: 37 END: OK
2019-07-29 08:58:00.786 26952 INFO rally.task.runner [-] Task 8b3a5eca-9dc2-4c92-b181-10c4a2808dbb | ITER: 35 END: OK
2019-07-29 08:58:00.882 26992 INFO rally.task.runner [-] Task 8b3a5eca-9dc2-4c92-b181-10c4a2808dbb | ITER: 24 END: OK
2019-07-29 08:58:00.929 26988 INFO rally.task.runner [-] Task 8b3a5eca-9dc2-4c92-b181-10c4a2808dbb | ITER: 30 END: OK
2019-07-29 08:58:00.931 26967 INFO rally.task.runner [-] Task 8b3a5eca-9dc2-4c92-b181-10c4a2808dbb | ITER: 34 END: OK
2019-07-29 08:58:01.509 26953 INFO rally.task.runner [-] Task 8b3a5eca-9dc2-4c92-b181-10c4a2808dbb | ITER: 38 END: OK
2019-07-29 08:58:02.596 26991 INFO rally.task.runner [-] Task 8b3a5eca-9dc2-4c92-b181-10c4a2808dbb | ITER: 40 END: OK
2019-07-29 08:58:02.635 26953 INFO rally.task.runner [-] Task 8b3a5eca-9dc2-4c92-b181-10c4a2808dbb | ITER: 36 END: OK
2019-07-29 08:58:03.019 26979 INFO rally.task.runner [-] Task 8b3a5eca-9dc2-4c92-b181-10c4a2808dbb | ITER: 39 END: OK
2019-07-29 08:58:03.043 22704 INFO rally.task.context [-] Task 8b3a5eca-9dc2-4c92-b181-10c4a2808dbb | Context cleanup@openstack cleanup() started
2019-07-29 08:58:03.046 22704 RALLYDEBUG rally_openstack.cleanup.manager [-] Cleaning up neutron vip objects
2019-07-29 08:58:03.690 22704 RALLYDEBUG rally_openstack.cleanup.manager [-] Cleaning up neutron health_monitor objects
2019-07-29 08:58:04.451 22704 RALLYDEBUG rally_openstack.cleanup.manager [-] Cleaning up neutron pool objects
2019-07-29 08:58:05.286 22704 RALLYDEBUG rally_openstack.cleanup.manager [-] Cleaning up neutron loadbalancer objects
2019-07-29 08:58:06.033 22704 RALLYDEBUG rally_openstack.cleanup.manager [-] Cleaning up neutron floatingip objects
2019-07-29 08:58:06.797 22704 RALLYDEBUG rally_openstack.cleanup.manager [-] Cleaning up neutron port objects
2019-07-29 08:58:07.686 22704 RALLYDEBUG rally_openstack.cleanup.manager [-] Cleaning up neutron subnet objects
2019-07-29 08:58:08.446 22704 RALLYDEBUG rally_openstack.cleanup.manager [-] Cleaning up neutron network objects
2019-07-29 08:58:09.399 22704 RALLYDEBUG rally_openstack.cleanup.manager [-] Deleting neutron.network object s_rally_528381f7_zB5hwR7z (1282fcbd-58df-430d-93d2-1b0aafc91b6e)
2019-07-29 08:58:09.400 22704 RALLYDEBUG rally_openstack.cleanup.manager [-] Deleting neutron.network object s_rally_528381f7_e9dwyoLc (1f833c70-9af8-447f-8f19-7a2a7bfccdeb)
2019-07-29 08:58:09.401 22704 RALLYDEBUG rally_openstack.cleanup.manager [-] Deleting neutron.network object s_rally_528381f7_GvV6NE0z (02c9d7c9-f0ba-44f7-a7fd-aa775f3a1920)
2019-07-29 08:58:09.405 22704 RALLYDEBUG rally_openstack.cleanup.manager [-] Deleting neutron.network object s_rally_528381f7_HSgtUK0J (2f3eef6b-3774-4570-88b8-dbdf87ebed72)
2019-07-29 08:58:09.405 22704 RALLYDEBUG rally_openstack.cleanup.manager [-] Deleting neutron.network object s_rally_528381f7_2K2vuH9I (2ba2daf5-bedd-4388-a8fc-f4eafce3d7da)
2019-07-29 08:58:09.412 22704 RALLYDEBUG rally_openstack.cleanup.manager [-] Deleting neutron.network object s_rally_528381f7_dDy3W82e (14cdf593-835b-4d19-90e3-451a507a4c1a)
2019-07-29 08:58:09.414 22704 RALLYDEBUG rally_openstack.cleanup.manager [-] Deleting neutron.network object s_rally_528381f7_CnIKf5oT (3f88d592-5d04-4030-8137-38f1e01f3f08)
2019-07-29 08:58:09.421 22704 RALLYDEBUG rally_openstack.cleanup.manager [-] Deleting neutron.network object s_rally_528381f7_zcd9tYo9 (168e6b0e-6358-4b91-937e-8a65ef712080)
2019-07-29 08:58:09.428 22704 RALLYDEBUG rally_openstack.cleanup.manager [-] Deleting neutron.network object s_rally_528381f7_GKNqxeIg (47ef9a1b-7f92-4903-bb38-8c2b79ffd7d8)
2019-07-29 08:58:09.447 22704 RALLYDEBUG rally_openstack.cleanup.manager [-] Deleting neutron.network object s_rally_528381f7_NrJfnAma (5be7fceb-d5a1-4361-8c14-8cfb0cf28265)
2019-07-29 08:58:09.451 22704 RALLYDEBUG rally_openstack.cleanup.manager [-] Deleting neutron.network object s_rally_528381f7_6twCHsl2 (1d237bf9-e559-4e2f-9026-795ac80b8eec)
2019-07-29 08:58:09.459 22704 RALLYDEBUG rally_openstack.cleanup.manager [-] Deleting neutron.network object s_rally_528381f7_WyPS368B (5c09e781-a2de-40ff-a82f-f9ba5a1a9dbe)
2019-07-29 08:58:09.464 22704 RALLYDEBUG rally_openstack.cleanup.manager [-] Deleting neutron.network object s_rally_528381f7_PtW8GsHC (0fd97017-e337-494b-89e4-8b6d602c23c4)
2019-07-29 08:58:09.494 22704 RALLYDEBUG rally_openstack.cleanup.manager [-] Deleting neutron.network object s_rally_528381f7_U0ldtfA8 (77292318-4b69-41d1-b847-3fc15f62993d)
2019-07-29 08:58:09.494 22704 RALLYDEBUG rally_openstack.cleanup.manager [-] Deleting neutron.network object s_rally_528381f7_YvrgVx9D (6b848667-3ea0-4322-b3fb-1df59e7154ea)
2019-07-29 08:58:09.501 22704 RALLYDEBUG rally_openstack.cleanup.manager [-] Deleting neutron.network object s_rally_528381f7_9yvVsQPh (68b333bd-be14-4695-831d-4cb67a334739)
2019-07-29 08:58:09.506 22704 RALLYDEBUG rally_openstack.cleanup.manager [-] Deleting neutron.network object s_rally_528381f7_qHKFejky (78a955c2-ab6a-4dfe-8bae-8db72526e78a)
2019-07-29 08:58:09.534 22704 RALLYDEBUG rally_openstack.cleanup.manager [-] Deleting neutron.network object s_rally_528381f7_29ZF97qt (7b5aecdc-e4ec-4fb4-9325-877cf76a7f91)
2019-07-29 08:58:09.542 22704 RALLYDEBUG rally_openstack.cleanup.manager [-] Deleting neutron.network object s_rally_528381f7_k1EvBdRA (7a3ec7bc-13c1-4b57-b9ea-499f623df20c)
2019-07-29 08:58:09.570 22704 RALLYDEBUG rally_openstack.cleanup.manager [-] Deleting neutron.network object s_rally_528381f7_LIF80srH (7b921400-fe4d-4ba3-8d0b-8ae9da37fb8b)
2019-07-29 08:58:12.189 22704 RALLYDEBUG rally_openstack.cleanup.manager [-] Deleting neutron.network object s_rally_528381f7_Ps7iFX6R (7c63aea4-7ee4-4834-9df3-e18024a82ac1)
2019-07-29 08:58:12.379 22704 RALLYDEBUG rally_openstack.cleanup.manager [-] Deleting neutron.network object s_rally_528381f7_RjSVTV3r (87d883a9-898e-4012-b8c6-4cfc3d2adc87)
2019-07-29 08:58:12.396 22704 RALLYDEBUG rally_openstack.cleanup.manager [-] Deleting neutron.network object s_rally_528381f7_PMAjSHpQ (8ed916bc-3dd5-41bc-a904-69537665a039)
2019-07-29 08:58:12.465 22704 RALLYDEBUG rally_openstack.cleanup.manager [-] Deleting neutron.network object s_rally_528381f7_35J22a3x (92136418-4c72-40f9-802c-85b16eea4753)
2019-07-29 08:58:12.511 22704 RALLYDEBUG rally_openstack.cleanup.manager [-] Deleting neutron.network object s_rally_528381f7_Wc10mADb (93c6f0aa-341c-45b5-86a1-87c95387187b)
2019-07-29 08:58:12.633 22704 RALLYDEBUG rally_openstack.cleanup.manager [-] Deleting neutron.network object s_rally_528381f7_tkC57IyX (94d0c1b0-67cd-48a1-ba74-c85c4057cd5b)
2019-07-29 08:58:12.657 22704 RALLYDEBUG rally_openstack.cleanup.manager [-] Deleting neutron.network object s_rally_528381f7_GDWoKhWs (9cc6c264-410a-4474-ac47-af84858448b7)
2019-07-29 08:58:12.659 22704 RALLYDEBUG rally_openstack.cleanup.manager [-] Deleting neutron.network object s_rally_528381f7_sLNmv4vO (ad079d43-19b4-4633-b785-4d07e957d7ba)
2019-07-29 08:58:12.665 22704 RALLYDEBUG rally_openstack.cleanup.manager [-] Deleting neutron.network object s_rally_528381f7_nUJFnpBL (ae640157-98b1-4231-911e-e67673c7778a)
2019-07-29 08:58:12.694 22704 RALLYDEBUG rally_openstack.cleanup.manager [-] Deleting neutron.network object s_rally_528381f7_eTNRrpSj (b4f313c6-24e0-40da-9826-91d39de8a79f)
2019-07-29 08:58:12.759 22704 RALLYDEBUG rally_openstack.cleanup.manager [-] Deleting neutron.network object s_rally_528381f7_DR7thDEW (b6ccb48d-9d08-4693-a264-46e65f27d1ed)
2019-07-29 08:58:12.774 22704 RALLYDEBUG rally_openstack.cleanup.manager [-] Deleting neutron.network object s_rally_528381f7_jBRpjXFE (ba3818ba-0961-4d6f-997b-58ca01e34246)
2019-07-29 08:58:12.785 22704 RALLYDEBUG rally_openstack.cleanup.manager [-] Deleting neutron.network object s_rally_528381f7_p4fGitQG (bd283216-e3e7-4651-89c8-31f0f26a395c)
2019-07-29 08:58:12.888 22704 RALLYDEBUG rally_openstack.cleanup.manager [-] Deleting neutron.network object s_rally_528381f7_OaPl3kJa (be654746-5a30-4649-bdde-07ca7f63742b)
2019-07-29 08:58:13.049 22704 RALLYDEBUG rally_openstack.cleanup.manager [-] Deleting neutron.network object s_rally_528381f7_tHIT5iBF (c148c6c0-7eef-4797-825d-498144fc2766)
2019-07-29 08:58:13.128 22704 RALLYDEBUG rally_openstack.cleanup.manager [-] Deleting neutron.network object s_rally_528381f7_gwz2dQ6r (cc8c2ec0-4a33-4f82-b7f0-5bcfb4edfd1e)
2019-07-29 08:58:13.141 22704 RALLYDEBUG rally_openstack.cleanup.manager [-] Deleting neutron.network object s_rally_528381f7_tSyss7Uc (d5417f11-aac9-4de7-9d53-03d7980ecbf6)
2019-07-29 08:58:13.150 22704 RALLYDEBUG rally_openstack.cleanup.manager [-] Deleting neutron.network object s_rally_528381f7_kONMHa0K (e3107e7a-766a-4f27-8e7d-87c229904a4e)
2019-07-29 08:58:13.240 22704 RALLYDEBUG rally_openstack.cleanup.manager [-] Deleting neutron.network object s_rally_528381f7_ZEZASy1N (e44796b1-6701-43a2-9d40-327aa72f6ad5)
2019-07-29 08:58:13.373 22704 RALLYDEBUG rally_openstack.cleanup.manager [-] Deleting neutron.network object s_rally_528381f7_fgvAAb6W (f6b85555-79b6-4a9f-b819-8413d5516c96)
2019-07-29 08:58:16.968 22704 RALLYDEBUG rally_openstack.cleanup.manager [-] Cleaning up neutron router objects
2019-07-29 08:58:17.655 22704 RALLYDEBUG rally_openstack.cleanup.manager [-] Cleaning up neutron security_group objects
2019-07-29 08:58:18.426 22704 INFO rally.task.context [-] Task 8b3a5eca-9dc2-4c92-b181-10c4a2808dbb | Context cleanup@openstack cleanup() finished in 15.38 sec
2019-07-29 08:58:18.426 22704 INFO rally.task.context [-] Task 8b3a5eca-9dc2-4c92-b181-10c4a2808dbb | Context quotas@openstack cleanup() started
2019-07-29 08:58:18.740 22704 INFO rally.task.context [-] Task 8b3a5eca-9dc2-4c92-b181-10c4a2808dbb | Context quotas@openstack cleanup() finished in 0.31 sec
2019-07-29 08:58:18.740 22704 INFO rally.task.context [-] Task 8b3a5eca-9dc2-4c92-b181-10c4a2808dbb | Context users@openstack cleanup() started
2019-07-29 08:58:24.701 22704 INFO rally.task.context [-] Task 8b3a5eca-9dc2-4c92-b181-10c4a2808dbb | Context users@openstack cleanup() finished in 5.96 sec
2019-07-29 08:58:26.535 22704 INFO rally.task.engine [-] Load duration is: 32.156226
2019-07-29 08:58:26.535 22704 INFO rally.task.engine [-] Full runner duration is: 32.206163
2019-07-29 08:58:26.535 22704 INFO rally.task.engine [-] Full duration is: 60.415717
2019-07-29 08:58:26.767 22704 INFO rally.task.engine [-] Running workload: position = 0 config = { "version": 2, "title": "A cropped version of a bigger task.", "description": "Auto-generated task from a single workload (uuid=4f6a21a0-483a-47ac-8861-d2feed5af529)", "subtasks": [ { "title": "Quotas.neutron_update", "description": "Update quotas for neutron.", "scenario": { "Quotas.neutron_update": { "max_quota": 1024 } }, "contexts": { "users": { "tenants": 20, "users_per_tenant": 1 } }, "runner": { "constant": { "times": 40, "concurrency": 20 } }, "hooks": [], "sla": { "failure_rate": { "max": 0 } } } ] }
2019-07-29 08:58:26.790 22704 RALLYDEBUG rally_openstack.contexts.keystone.users [-] Creating 20 tenants using 20 threads
2019-07-29 08:58:30.398 22704 RALLYDEBUG rally_openstack.contexts.keystone.users [-] Creating 20 users using 20 threads
2019-07-29 08:58:34.842 22704 INFO rally.task.context [-] Task 8b3a5eca-9dc2-4c92-b181-10c4a2808dbb | Context users@openstack setup() finished in 8.05 sec
2019-07-29 08:58:34.843 22704 INFO rally.task.context [-] Task 8b3a5eca-9dc2-4c92-b181-10c4a2808dbb | Context admin_cleanup@openstack setup() finished in 0.01 msec
2019-07-29 08:58:34.852 22704 RALLYDEBUG rally.task.runner [-] Starting the constant runner (task UUID: 8b3a5eca-9dc2-4c92-b181-10c4a2808dbb). timeout: 0 concurrency: 20 concurrency_per_worker: 1 times: 40 concurrency_overhead: 4 processes_to_start: 16 max_cpu_used: 16
2019-07-29 08:58:34.866 27320 RALLYDEBUG rally.task.runner [-] Starting a worker. concurrency: 2 args: {"max_quota": 1024} times: 40 method_name: run timeout: 0 duration: None cls:
2019-07-29 08:58:34.869 27321 RALLYDEBUG rally.task.runner [-] Starting a worker. concurrency: 2 args: {"max_quota": 1024} times: 40 method_name: run timeout: 0 duration: None cls:
2019-07-29 08:58:34.872 27322 RALLYDEBUG rally.task.runner [-] Starting a worker. concurrency: 2 args: {"max_quota": 1024} times: 40 method_name: run timeout: 0 duration: None cls:
2019-07-29 08:58:34.876 27320 INFO rally.task.runner [-] Task 8b3a5eca-9dc2-4c92-b181-10c4a2808dbb | ITER: 1 START
2019-07-29 08:58:34.876 27323 RALLYDEBUG rally.task.runner [-] Starting a worker. concurrency: 2 args: {"max_quota": 1024} times: 40 method_name: run timeout: 0 duration: None cls:
2019-07-29 08:58:34.880 27324 RALLYDEBUG rally.task.runner [-] Starting a worker. concurrency: 1 args: {"max_quota": 1024} times: 40 method_name: run timeout: 0 duration: None cls:
2019-07-29 08:58:34.881 27322 INFO rally.task.runner [-] Task 8b3a5eca-9dc2-4c92-b181-10c4a2808dbb | ITER: 3 START
2019-07-29 08:58:34.886 27321 INFO rally.task.runner [-] Task 8b3a5eca-9dc2-4c92-b181-10c4a2808dbb | ITER: 2 START
2019-07-29 08:58:34.886 27327 RALLYDEBUG rally.task.runner [-] Starting a worker. concurrency: 1 args: {"max_quota": 1024} times: 40 method_name: run timeout: 0 duration: None cls:
2019-07-29 08:58:34.889 27324 INFO rally.task.runner [-] Task 8b3a5eca-9dc2-4c92-b181-10c4a2808dbb | ITER: 8 START
2019-07-29 08:58:34.892 27320 INFO rally.task.runner [-] Task 8b3a5eca-9dc2-4c92-b181-10c4a2808dbb | ITER: 4 START
2019-07-29 08:58:34.892 27323 INFO rally.task.runner [-] Task 8b3a5eca-9dc2-4c92-b181-10c4a2808dbb | ITER: 5 START
2019-07-29 08:58:34.892 27321 INFO rally.task.runner [-] Task 8b3a5eca-9dc2-4c92-b181-10c4a2808dbb | ITER: 6 START
2019-07-29 08:58:34.895 27333 RALLYDEBUG rally.task.runner [-] Starting a worker. concurrency: 1 args: {"max_quota": 1024} times: 40 method_name: run timeout: 0 duration: None cls:
2019-07-29 08:58:34.900 27322 INFO rally.task.runner [-] Task 8b3a5eca-9dc2-4c92-b181-10c4a2808dbb | ITER: 7 START
2019-07-29 08:58:34.892 27323 INFO rally.task.runner [-] Task 8b3a5eca-9dc2-4c92-b181-10c4a2808dbb | ITER: 9 START
2019-07-29 08:58:34.902 27327 INFO rally.task.runner [-] Task 8b3a5eca-9dc2-4c92-b181-10c4a2808dbb | ITER: 10 START
2019-07-29 08:58:34.903 27340 RALLYDEBUG rally.task.runner [-] Starting a worker. concurrency: 1 args: {"max_quota": 1024} times: 40 method_name: run timeout: 0 duration: None cls:
2019-07-29 08:58:34.911 27345 RALLYDEBUG rally.task.runner [-] Starting a worker. concurrency: 1 args: {"max_quota": 1024} times: 40 method_name: run timeout: 0 duration: None cls:
2019-07-29 08:58:34.913 27333 INFO rally.task.runner [-] Task 8b3a5eca-9dc2-4c92-b181-10c4a2808dbb | ITER: 11 START
2019-07-29 08:58:34.914 27340 INFO rally.task.runner [-] Task 8b3a5eca-9dc2-4c92-b181-10c4a2808dbb | ITER: 12 START
2019-07-29 08:58:34.917 27347 RALLYDEBUG rally.task.runner [-] Starting a worker. concurrency: 1 args: {"max_quota": 1024} times: 40 method_name: run timeout: 0 duration: None cls:
2019-07-29 08:58:34.920 27345 INFO rally.task.runner [-] Task 8b3a5eca-9dc2-4c92-b181-10c4a2808dbb | ITER: 13 START
2019-07-29 08:58:34.927 27350 RALLYDEBUG rally.task.runner [-] Starting a worker. concurrency: 1 args: {"max_quota": 1024} times: 40 method_name: run timeout: 0 duration: None cls:
2019-07-29 08:58:34.929 27347 INFO rally.task.runner [-] Task 8b3a5eca-9dc2-4c92-b181-10c4a2808dbb | ITER: 14 START
2019-07-29 08:58:34.934 27350 INFO rally.task.runner [-] Task 8b3a5eca-9dc2-4c92-b181-10c4a2808dbb | ITER: 15 START
2019-07-29 08:58:34.934 27353 RALLYDEBUG rally.task.runner [-] Starting a worker. concurrency: 1 args: {"max_quota": 1024} times: 40 method_name: run timeout: 0 duration: None cls:
2019-07-29 08:58:34.941 27358 RALLYDEBUG rally.task.runner [-] Starting a worker. concurrency: 1 args: {"max_quota": 1024} times: 40 method_name: run timeout: 0 duration: None cls:
2019-07-29 08:58:34.943 27353 INFO rally.task.runner [-] Task 8b3a5eca-9dc2-4c92-b181-10c4a2808dbb | ITER: 16 START
2019-07-29 08:58:34.946 27359 RALLYDEBUG rally.task.runner [-] Starting a worker. concurrency: 1 args: {"max_quota": 1024} times: 40 method_name: run timeout: 0 duration: None cls:
2019-07-29 08:58:34.948 27358 INFO rally.task.runner [-] Task 8b3a5eca-9dc2-4c92-b181-10c4a2808dbb | ITER: 17 START
2019-07-29 08:58:34.953 27364 RALLYDEBUG rally.task.runner [-] Starting a worker. concurrency: 1 args: {"max_quota": 1024} times: 40 method_name: run timeout: 0 duration: None cls:
2019-07-29 08:58:34.956 27359 INFO rally.task.runner [-] Task 8b3a5eca-9dc2-4c92-b181-10c4a2808dbb | ITER: 18 START
2019-07-29 08:58:34.960 27364 INFO rally.task.runner [-] Task 8b3a5eca-9dc2-4c92-b181-10c4a2808dbb | ITER: 19 START
2019-07-29 08:58:34.962 27367 RALLYDEBUG rally.task.runner [-] Starting a worker. concurrency: 1 args: {"max_quota": 1024} times: 40 method_name: run timeout: 0 duration: None cls:
2019-07-29 08:58:34.969 27367 INFO rally.task.runner [-] Task 8b3a5eca-9dc2-4c92-b181-10c4a2808dbb | ITER: 20 START
2019-07-29 08:58:37.351 27358 INFO rally.task.runner [-] Task 8b3a5eca-9dc2-4c92-b181-10c4a2808dbb | ITER: 17 END: OK
2019-07-29 08:58:37.358 27358 INFO rally.task.runner [-] Task 8b3a5eca-9dc2-4c92-b181-10c4a2808dbb | ITER: 21 START
2019-07-29 08:58:37.479 27350 INFO rally.task.runner [-] Task 8b3a5eca-9dc2-4c92-b181-10c4a2808dbb | ITER: 15 END: OK
2019-07-29 08:58:37.485 27350 INFO rally.task.runner [-] Task 8b3a5eca-9dc2-4c92-b181-10c4a2808dbb | ITER: 22 START
2019-07-29 08:58:37.522 27353 INFO rally.task.runner [-] Task 8b3a5eca-9dc2-4c92-b181-10c4a2808dbb | ITER: 16 END: OK
2019-07-29 08:58:37.528 27353 INFO rally.task.runner [-] Task 8b3a5eca-9dc2-4c92-b181-10c4a2808dbb | ITER: 23 START
2019-07-29 08:58:37.582 27340 INFO rally.task.runner [-] Task 8b3a5eca-9dc2-4c92-b181-10c4a2808dbb | ITER: 12 END: OK
2019-07-29 08:58:37.587 27340 INFO rally.task.runner [-] Task 8b3a5eca-9dc2-4c92-b181-10c4a2808dbb | ITER: 24 START
2019-07-29 08:58:37.614 27321 INFO rally.task.runner [-] Task 8b3a5eca-9dc2-4c92-b181-10c4a2808dbb | ITER: 6 END: OK
2019-07-29 08:58:37.620 27321 INFO rally.task.runner [-] Task 8b3a5eca-9dc2-4c92-b181-10c4a2808dbb | ITER: 25 START
2019-07-29 08:58:37.730 27345 INFO rally.task.runner [-] Task 8b3a5eca-9dc2-4c92-b181-10c4a2808dbb | ITER: 13 END: OK
2019-07-29 08:58:37.736 27345 INFO rally.task.runner [-] Task 8b3a5eca-9dc2-4c92-b181-10c4a2808dbb | ITER: 26 START
2019-07-29 08:58:37.754 27364 INFO rally.task.runner [-] Task 8b3a5eca-9dc2-4c92-b181-10c4a2808dbb | ITER: 19 END: OK
2019-07-29 08:58:37.761 27364 INFO rally.task.runner [-] Task 8b3a5eca-9dc2-4c92-b181-10c4a2808dbb | ITER: 27 START
2019-07-29 08:58:37.797 27327 INFO rally.task.runner [-] Task 8b3a5eca-9dc2-4c92-b181-10c4a2808dbb | ITER: 10 END: OK
2019-07-29 08:58:37.802 27327 INFO rally.task.runner [-] Task 8b3a5eca-9dc2-4c92-b181-10c4a2808dbb | ITER: 28 START
2019-07-29 08:58:37.816 27347 INFO rally.task.runner [-] Task 8b3a5eca-9dc2-4c92-b181-10c4a2808dbb | ITER: 14 END: OK
2019-07-29 08:58:37.822 27347 INFO rally.task.runner [-] Task 8b3a5eca-9dc2-4c92-b181-10c4a2808dbb | ITER: 29 START
2019-07-29 08:58:37.823 27320 INFO rally.task.runner [-] Task 8b3a5eca-9dc2-4c92-b181-10c4a2808dbb | ITER: 4 END: OK
2019-07-29 08:58:37.830 27320 INFO rally.task.runner [-] Task 8b3a5eca-9dc2-4c92-b181-10c4a2808dbb | ITER: 30 START
2019-07-29 08:58:37.837 27367 INFO rally.task.runner [-] Task 8b3a5eca-9dc2-4c92-b181-10c4a2808dbb | ITER: 20 END: OK
2019-07-29 08:58:37.844 27367 INFO rally.task.runner [-] Task 8b3a5eca-9dc2-4c92-b181-10c4a2808dbb | ITER: 31 START
2019-07-29 08:58:37.866 27324 INFO rally.task.runner [-] Task 8b3a5eca-9dc2-4c92-b181-10c4a2808dbb | ITER: 8 END: OK
2019-07-29 08:58:37.872 27321 INFO rally.task.runner [-] Task 8b3a5eca-9dc2-4c92-b181-10c4a2808dbb | ITER: 2 END: OK
2019-07-29 08:58:37.874 27324 INFO rally.task.runner [-] Task 8b3a5eca-9dc2-4c92-b181-10c4a2808dbb | ITER: 32 START
2019-07-29 08:58:37.878 27321 INFO rally.task.runner [-] Task 8b3a5eca-9dc2-4c92-b181-10c4a2808dbb | ITER: 33 START
2019-07-29 08:58:37.895 27323 INFO rally.task.runner [-] Task 8b3a5eca-9dc2-4c92-b181-10c4a2808dbb | ITER: 5 END: OK
2019-07-29 08:58:37.899 27323 INFO rally.task.runner [-] Task 8b3a5eca-9dc2-4c92-b181-10c4a2808dbb | ITER: 34 START
2019-07-29 08:58:37.908 27359 INFO rally.task.runner [-] Task 8b3a5eca-9dc2-4c92-b181-10c4a2808dbb | ITER: 18 END: OK
2019-07-29 08:58:37.913 27359 INFO rally.task.runner [-] Task 8b3a5eca-9dc2-4c92-b181-10c4a2808dbb | ITER: 35 START
2019-07-29 08:58:37.921 27322 INFO rally.task.runner [-] Task 8b3a5eca-9dc2-4c92-b181-10c4a2808dbb | ITER: 7 END: OK
2019-07-29 08:58:37.925 27322 INFO rally.task.runner [-] Task 8b3a5eca-9dc2-4c92-b181-10c4a2808dbb | ITER: 36 START
2019-07-29 08:58:37.934 27322 INFO rally.task.runner [-] Task 8b3a5eca-9dc2-4c92-b181-10c4a2808dbb | ITER: 3 END: OK
2019-07-29 08:58:37.942 27322 INFO rally.task.runner [-] Task 8b3a5eca-9dc2-4c92-b181-10c4a2808dbb | ITER: 37 START
2019-07-29 08:58:37.947 27333 INFO rally.task.runner [-] Task 8b3a5eca-9dc2-4c92-b181-10c4a2808dbb | ITER: 11 END: OK
2019-07-29 08:58:37.951 27333 INFO rally.task.runner [-] Task 8b3a5eca-9dc2-4c92-b181-10c4a2808dbb | ITER: 38 START
2019-07-29 08:58:37.958 27320 INFO rally.task.runner [-] Task 8b3a5eca-9dc2-4c92-b181-10c4a2808dbb | ITER: 1 END: OK
2019-07-29 08:58:37.962 27320 INFO rally.task.runner [-] Task 8b3a5eca-9dc2-4c92-b181-10c4a2808dbb | ITER: 39 START
2019-07-29 08:58:37.967 27323 INFO rally.task.runner [-] Task 8b3a5eca-9dc2-4c92-b181-10c4a2808dbb | ITER: 9 END: OK
2019-07-29 08:58:37.975 27323 INFO rally.task.runner [-] Task 8b3a5eca-9dc2-4c92-b181-10c4a2808dbb | ITER: 40 START
2019-07-29 08:58:38.215 27358 INFO rally.task.runner [-] Task 8b3a5eca-9dc2-4c92-b181-10c4a2808dbb | ITER: 21 END: OK
2019-07-29 08:58:38.568 27353 INFO rally.task.runner [-] Task 8b3a5eca-9dc2-4c92-b181-10c4a2808dbb | ITER: 23 END: OK
2019-07-29 08:58:38.686 27350 INFO rally.task.runner [-] Task 8b3a5eca-9dc2-4c92-b181-10c4a2808dbb | ITER: 22 END: OK
2019-07-29 08:58:38.826 27340 INFO rally.task.runner [-] Task 8b3a5eca-9dc2-4c92-b181-10c4a2808dbb | ITER: 24 END: OK
2019-07-29 08:58:39.081 27321 INFO rally.task.runner [-] Task 8b3a5eca-9dc2-4c92-b181-10c4a2808dbb | ITER: 25 END: OK
2019-07-29 08:58:39.603 27364 INFO rally.task.runner [-] Task 8b3a5eca-9dc2-4c92-b181-10c4a2808dbb | ITER: 27 END: OK
2019-07-29 08:58:39.670 27327 INFO rally.task.runner [-] Task 8b3a5eca-9dc2-4c92-b181-10c4a2808dbb | ITER: 28 END: OK
2019-07-29 08:58:39.728 27345 INFO rally.task.runner [-] Task 8b3a5eca-9dc2-4c92-b181-10c4a2808dbb | ITER: 26 END: OK
2019-07-29 08:58:39.741 27347 INFO rally.task.runner [-] Task 8b3a5eca-9dc2-4c92-b181-10c4a2808dbb | ITER: 29 END: OK
2019-07-29 08:58:39.765 27367 INFO rally.task.runner [-] Task 8b3a5eca-9dc2-4c92-b181-10c4a2808dbb | ITER: 31 END: OK
2019-07-29 08:58:39.831 27321 INFO rally.task.runner [-] Task 8b3a5eca-9dc2-4c92-b181-10c4a2808dbb | ITER: 33 END: OK
2019-07-29 08:58:39.938 27324 INFO rally.task.runner [-] Task 8b3a5eca-9dc2-4c92-b181-10c4a2808dbb | ITER: 32 END: OK
2019-07-29 08:58:40.012 27320 INFO rally.task.runner [-] Task 8b3a5eca-9dc2-4c92-b181-10c4a2808dbb | ITER: 39 END: OK
2019-07-29 08:58:40.022 27320 INFO rally.task.runner [-] Task 8b3a5eca-9dc2-4c92-b181-10c4a2808dbb | ITER: 30 END: OK
2019-07-29 08:58:40.059 27323 INFO rally.task.runner [-] Task 8b3a5eca-9dc2-4c92-b181-10c4a2808dbb | ITER: 34 END: OK
2019-07-29 08:58:40.088 27333 INFO rally.task.runner [-] Task 8b3a5eca-9dc2-4c92-b181-10c4a2808dbb | ITER: 38 END: OK
2019-07-29 08:58:40.152 27323 INFO rally.task.runner [-] Task 8b3a5eca-9dc2-4c92-b181-10c4a2808dbb | ITER: 40 END: OK
2019-07-29 08:58:40.177 27359 INFO rally.task.runner [-] Task 8b3a5eca-9dc2-4c92-b181-10c4a2808dbb | ITER: 35 END: OK
2019-07-29 08:58:40.218 27322 INFO rally.task.runner [-] Task 8b3a5eca-9dc2-4c92-b181-10c4a2808dbb | ITER: 36 END: OK
2019-07-29 08:58:40.231 27322 INFO rally.task.runner [-] Task 8b3a5eca-9dc2-4c92-b181-10c4a2808dbb | ITER: 37 END: OK
2019-07-29 08:58:40.252 22704 INFO rally.task.context [-] Task 8b3a5eca-9dc2-4c92-b181-10c4a2808dbb | Context admin_cleanup@openstack cleanup() started
2019-07-29 08:58:40.254 22704 RALLYDEBUG rally_openstack.cleanup.manager [-] Cleaning up neutron quota objects
2019-07-29 08:58:45.074 22704 INFO rally.task.context [-] Task 8b3a5eca-9dc2-4c92-b181-10c4a2808dbb | Context admin_cleanup@openstack cleanup() finished in 4.82 sec
2019-07-29 08:58:45.075 22704 INFO rally.task.context [-] Task 8b3a5eca-9dc2-4c92-b181-10c4a2808dbb | Context users@openstack cleanup() started
2019-07-29 08:59:16.289 22704 INFO rally.task.context [-] Task 8b3a5eca-9dc2-4c92-b181-10c4a2808dbb | Context users@openstack cleanup() finished in 31.21 sec
2019-07-29 08:59:17.048 22704 INFO rally.task.engine [-] Load duration is: 5.353859
2019-07-29 08:59:17.048 22704 INFO rally.task.engine [-] Full runner duration is: 5.400862
2019-07-29 08:59:17.048 22704 INFO rally.task.engine [-] Full duration is: 49.503262
2019-07-29 08:59:17.257 22704 INFO rally.task.engine [-] Running workload: position = 0 config = { "version": 2, "title": "A cropped version of a bigger task.", "description": "Auto-generated task from a single workload (uuid=a340a3bf-028b-4e71-ba93-1f0af7b1492e)", "subtasks": [ { "title": "NeutronTrunks.create_and_list_trunk_subports", "description": "", "scenario": { "NeutronTrunks.create_and_list_trunk_subports": { "subport_count": 125 } }, "contexts": { "users": { "tenants": 1, "users_per_tenant": 1 }, "quotas": { "neutron": { "network": -1, "port": 1000 } } }, "runner": { "constant": { "times": 4, "concurrency": 4 } }, "hooks": [], "sla": { "failure_rate": { "max": 0 } } } ] }
2019-07-29 08:59:17.279 22704 RALLYDEBUG rally_openstack.contexts.keystone.users [-] Creating 1 tenants using 20 threads
2019-07-29 08:59:19.132 22704 RALLYDEBUG rally_openstack.contexts.keystone.users [-] Creating 1 users using 20 threads
2019-07-29 08:59:22.005 22704 INFO rally.task.context [-] Task 8b3a5eca-9dc2-4c92-b181-10c4a2808dbb | Context users@openstack setup() finished in 4.73 sec
2019-07-29 08:59:22.799 22704 INFO rally.task.context [-] Task 8b3a5eca-9dc2-4c92-b181-10c4a2808dbb | Context quotas@openstack setup() finished in 0.79 sec
2019-07-29 08:59:22.799 22704 INFO rally.task.context [-] Task 8b3a5eca-9dc2-4c92-b181-10c4a2808dbb | Context cleanup@openstack setup() finished in 0.01 msec
2019-07-29 08:59:22.807 22704 RALLYDEBUG rally.task.runner [-] Starting the constant runner (task UUID: 8b3a5eca-9dc2-4c92-b181-10c4a2808dbb). timeout: 0 concurrency: 4 concurrency_per_worker: 1 times: 4 concurrency_overhead: 0 processes_to_start: 4 max_cpu_used: 16
2019-07-29 08:59:22.820 27510 RALLYDEBUG rally.task.runner [-] Starting a worker. concurrency: 1 args: {"subport_count": 125} times: 4 method_name: run timeout: 0 duration: None cls:
2019-07-29 08:59:22.823 27511 RALLYDEBUG rally.task.runner [-] Starting a worker. concurrency: 1 args: {"subport_count": 125} times: 4 method_name: run timeout: 0 duration: None cls:
2019-07-29 08:59:22.826 27510 INFO rally.task.runner [-] Task 8b3a5eca-9dc2-4c92-b181-10c4a2808dbb | ITER: 1 START
2019-07-29 08:59:22.827 27512 RALLYDEBUG rally.task.runner [-] Starting a worker. concurrency: 1 args: {"subport_count": 125} times: 4 method_name: run timeout: 0 duration: None cls:
2019-07-29 08:59:22.829 27511 INFO rally.task.runner [-] Task 8b3a5eca-9dc2-4c92-b181-10c4a2808dbb | ITER: 2 START
2019-07-29 08:59:22.829 27513 RALLYDEBUG rally.task.runner [-] Starting a worker. concurrency: 1 args: {"subport_count": 125} times: 4 method_name: run timeout: 0 duration: None cls:
2019-07-29 08:59:22.833 27512 INFO rally.task.runner [-] Task 8b3a5eca-9dc2-4c92-b181-10c4a2808dbb | ITER: 3 START
2019-07-29 08:59:22.834 27513 INFO rally.task.runner [-] Task 8b3a5eca-9dc2-4c92-b181-10c4a2808dbb | ITER: 4 START
2019-07-29 09:02:11.895 27511 WARNING rally.task.atomic [-] 'optional_action_timer' is deprecated since rally v0.10.0.Please use action_timer instead, we have improved atomic actions, now do not need to explicitly close original action.
2019-07-29 09:02:11.941 27511 WARNING rally.task.atomic [-] 'optional_action_timer' is deprecated since rally v0.10.0.Please use action_timer instead, we have improved atomic actions, now do not need to explicitly close original action.
2019-07-29 09:02:12.321 27512 WARNING rally.task.atomic [-] 'optional_action_timer' is deprecated since rally v0.10.0.Please use action_timer instead, we have improved atomic actions, now do not need to explicitly close original action.
2019-07-29 09:02:12.369 27512 WARNING rally.task.atomic [-] 'optional_action_timer' is deprecated since rally v0.10.0.Please use action_timer instead, we have improved atomic actions, now do not need to explicitly close original action.
2019-07-29 09:02:12.633 27511 INFO rally.task.runner [-] Task 8b3a5eca-9dc2-4c92-b181-10c4a2808dbb | ITER: 2 END: OK
2019-07-29 09:02:12.667 27513 WARNING rally.task.atomic [-] 'optional_action_timer' is deprecated since rally v0.10.0.Please use action_timer instead, we have improved atomic actions, now do not need to explicitly close original action.
2019-07-29 09:02:12.703 27513 WARNING rally.task.atomic [-] 'optional_action_timer' is deprecated since rally v0.10.0.Please use action_timer instead, we have improved atomic actions, now do not need to explicitly close original action.
2019-07-29 09:02:13.276 27512 INFO rally.task.runner [-] Task 8b3a5eca-9dc2-4c92-b181-10c4a2808dbb | ITER: 3 END: OK
2019-07-29 09:02:13.407 27513 INFO rally.task.runner [-] Task 8b3a5eca-9dc2-4c92-b181-10c4a2808dbb | ITER: 4 END: OK
2019-07-29 09:02:14.813 27510 WARNING rally.task.atomic [-] 'optional_action_timer' is deprecated since rally v0.10.0.Please use action_timer instead, we have improved atomic actions, now do not need to explicitly close original action.
2019-07-29 09:02:14.856 27510 WARNING rally.task.atomic [-] 'optional_action_timer' is deprecated since rally v0.10.0.Please use action_timer instead, we have improved atomic actions, now do not need to explicitly close original action.
2019-07-29 09:02:15.616 27510 INFO rally.task.runner [-] Task 8b3a5eca-9dc2-4c92-b181-10c4a2808dbb | ITER: 1 END: OK
2019-07-29 09:02:15.638 22704 INFO rally.task.context [-] Task 8b3a5eca-9dc2-4c92-b181-10c4a2808dbb | Context cleanup@openstack cleanup() started
2019-07-29 09:02:15.640 22704 RALLYDEBUG rally_openstack.cleanup.manager [-] Cleaning up neutron vip objects
2019-07-29 09:02:16.471 22704 RALLYDEBUG rally_openstack.cleanup.manager [-] Cleaning up neutron health_monitor objects
2019-07-29 09:02:17.218 22704 RALLYDEBUG rally_openstack.cleanup.manager [-] Cleaning up neutron pool objects
2019-07-29 09:02:17.963 22704 RALLYDEBUG rally_openstack.cleanup.manager [-] Cleaning up neutron loadbalancer objects
2019-07-29 09:02:18.691 22704 RALLYDEBUG rally_openstack.cleanup.manager [-] Cleaning up neutron floatingip objects
2019-07-29 09:02:19.468 22704 RALLYDEBUG rally_openstack.cleanup.manager [-] Cleaning up neutron port objects
2019-07-29 09:02:21.574 22704 RALLYDEBUG rally_openstack.cleanup.manager [-] Deleting neutron.port object s_rally_a340a3bf_jJw8Q1IM (02519f5f-2fd9-4f30-ad26-ab1a36e1bf3b)
2019-07-29 09:02:21.580 22704 RALLYDEBUG rally_openstack.cleanup.manager [-] Deleting neutron.port object s_rally_a340a3bf_1IlOjaK3 (0272ef95-9466-462c-b6a6-0a3fa001f8c8)
2019-07-29 09:02:21.580 22704 RALLYDEBUG rally_openstack.cleanup.manager [-] Deleting neutron.port object s_rally_a340a3bf_AQbV8EDt (02b9b928-b9cb-4008-87ac-3c7326fa5bf0)
2019-07-29 09:02:21.583 22704 RALLYDEBUG rally_openstack.cleanup.manager [-] Deleting neutron.port object s_rally_a340a3bf_IpSjh4po (02e8f8d1-d67e-4dd9-ab58-b3949307ab24)
2019-07-29 09:02:21.592 22704 RALLYDEBUG rally_openstack.cleanup.manager [-] Deleting neutron.port object s_rally_a340a3bf_UqVA0i9g (00b96ba8-8853-4068-ad46-e03d99995250)
2019-07-29 09:02:21.593 22704 RALLYDEBUG rally_openstack.cleanup.manager [-] Deleting neutron.port object s_rally_a340a3bf_ozqPV2VE (009d127c-1a11-4ada-86ff-dab33ce8471a)
2019-07-29 09:02:21.593 22704 RALLYDEBUG rally_openstack.cleanup.manager [-] Deleting neutron.port object s_rally_a340a3bf_tzGoBjyw (032178e3-7598-4a54-b691-9e2950c6c14f)
2019-07-29 09:02:21.597 22704 RALLYDEBUG rally_openstack.cleanup.manager [-] Deleting neutron.port object s_rally_a340a3bf_nIhyDC1h (006bfd93-b216-4a44-9bf8-d7fccb0f1423)
2019-07-29 09:02:21.600 22704 RALLYDEBUG rally_openstack.cleanup.manager [-] Deleting neutron.port object s_rally_a340a3bf_DmZkC4M5 (0349a076-8333-424f-bb31-a1d0649bbee0)
2019-07-29 09:02:21.607 22704 RALLYDEBUG rally_openstack.cleanup.manager [-] Deleting neutron.port object s_rally_a340a3bf_RTv3qRxV (0413f76a-761e-4fc4-bfa8-4453a5a00bb8)
2019-07-29 09:02:21.613 22704 RALLYDEBUG rally_openstack.cleanup.manager [-] Deleting neutron.port object s_rally_a340a3bf_ADItIk2C (049d3713-0e2d-4421-a18c-326f2927faa3)
2019-07-29 09:02:21.615 22704 RALLYDEBUG rally_openstack.cleanup.manager [-] Deleting neutron.port object s_rally_a340a3bf_nnCX8Rjn (006ac3ad-b93f-4051-b1bb-1c9dd12c3bb7)
2019-07-29 09:02:21.624 22704 RALLYDEBUG rally_openstack.cleanup.manager [-] Deleting neutron.port object s_rally_a340a3bf_E8VmTOjZ (050e302c-fd90-4775-8058-b1e9d868b5ee)
2019-07-29 09:02:21.629 22704 RALLYDEBUG rally_openstack.cleanup.manager [-] Deleting neutron.port object s_rally_a340a3bf_j5HsSgM9 (06559a79-2d2e-4bca-a3c3-02c17f8d9ed9)
2019-07-29 09:02:21.654 22704 RALLYDEBUG rally_openstack.cleanup.manager [-] Deleting neutron.port object s_rally_a340a3bf_6Saiygb9 (06e92fe7-50f1-43b5-aa2f-c8fe96885787)
2019-07-29 09:02:21.666 22704 RALLYDEBUG rally_openstack.cleanup.manager [-] Deleting neutron.port object s_rally_a340a3bf_dPPyEQWg (071d8300-774e-4191-b369-4d91a95eeba4)
2019-07-29 09:02:21.672 22704 RALLYDEBUG rally_openstack.cleanup.manager [-] Deleting neutron.port object s_rally_a340a3bf_sgKfrOII (07ffaa10-1440-437d-89d0-9f468b8e7fd9)
2019-07-29 09:02:21.693 22704 RALLYDEBUG rally_openstack.cleanup.manager [-] Deleting neutron.port object s_rally_a340a3bf_JhaucimC (08044b7e-03c2-44f0-8158-d13fb20cd4ab)
2019-07-29 09:02:21.719 22704 RALLYDEBUG rally_openstack.cleanup.manager [-] Deleting neutron.port object s_rally_a340a3bf_KEVWBCsm (084cb90a-7bbf-464b-be09-a9e1df9c947f)
2019-07-29 09:02:21.726 22704 RALLYDEBUG rally_openstack.cleanup.manager [-] Deleting neutron.port object s_rally_a340a3bf_xNznq1dx (08051dc5-68ff-4eb3-b8e7-f574cb205db1)
2019-07-29 09:02:24.213 22704 RALLYDEBUG rally_openstack.cleanup.manager [-] Deleting neutron.port object s_rally_a340a3bf_jzcyXqND (086c0457-e725-400f-b5eb-267e26030b05)
2019-07-29 09:02:24.424 22704 RALLYDEBUG rally_openstack.cleanup.manager [-] Deleting neutron.port object s_rally_a340a3bf_2sE3gFLB (08b32c67-fd51-4ca4-9298-aedc76a447ab)
2019-07-29 09:02:24.461 22704 RALLYDEBUG rally_openstack.cleanup.manager [-] Deleting neutron.port object s_rally_a340a3bf_hxOD3dy5 (08ddc46a-0763-4043-a72f-cf0e6e6a270a)
2019-07-29 09:02:24.544 22704 RALLYDEBUG rally_openstack.cleanup.manager [-] Deleting neutron.port object s_rally_a340a3bf_eGgwQpqa (09b2963c-1fe4-413e-8224-c72f56d2b045)
2019-07-29 09:02:24.585 22704 RALLYDEBUG rally_openstack.cleanup.manager [-] Deleting neutron.port object s_rally_a340a3bf_faIioLyU (09ff1833-afe3-454b-b4e9-fa928f039c27)
2019-07-29 09:02:24.599 22704 RALLYDEBUG rally_openstack.cleanup.manager [-] Deleting neutron.port object s_rally_a340a3bf_LK6gHXLx (0a935d36-b1b3-4f94-82fd-153444bfa183)
2019-07-29 09:02:24.599 22704 RALLYDEBUG rally_openstack.cleanup.manager [-] Deleting neutron.port object s_rally_a340a3bf_k648RSrz (0a4f9267-99c9-4e76-8308-bd6e7b5925cb)
2019-07-29 09:02:24.607 22704 RALLYDEBUG rally_openstack.cleanup.manager [-] Deleting neutron.port object s_rally_a340a3bf_oOfDu5zQ (0b26840e-bada-4df2-a057-f4603a756541)
2019-07-29 09:02:24.749 22704 RALLYDEBUG rally_openstack.cleanup.manager [-] Deleting neutron.port object s_rally_a340a3bf_huagYdGp (0be6532b-6f37-4cd1-83db-97267e9acafe)
2019-07-29 09:02:24.768 22704 RALLYDEBUG rally_openstack.cleanup.manager [-] Deleting neutron.port object s_rally_a340a3bf_T8qIU6Iq (0dc96ee5-ab9f-4af6-a125-783b4f3243c5)
2019-07-29 09:02:24.841 22704 RALLYDEBUG rally_openstack.cleanup.manager [-] Deleting neutron.port object s_rally_a340a3bf_6NCsnat0 (0e0773f3-9424-4b6c-8728-bef12f817e09)
2019-07-29 09:02:24.887 22704 RALLYDEBUG rally_openstack.cleanup.manager [-] Deleting neutron.port object s_rally_a340a3bf_pXYCSdPy (0e59d1d6-6880-4c9f-a31d-ad7290959a60)
2019-07-29 09:02:24.891 22704 RALLYDEBUG rally_openstack.cleanup.manager [-] Deleting neutron.port object s_rally_a340a3bf_9FasPCzQ (10996075-103d-4edc-ae70-4670c37ad564)
2019-07-29 09:02:24.995 22704 RALLYDEBUG rally_openstack.cleanup.manager [-] Deleting neutron.port object s_rally_a340a3bf_pFpLN2BH (109e5b5a-7e0e-464e-871e-1a23f9d1b8ba)
2019-07-29 09:02:25.032 22704 RALLYDEBUG rally_openstack.cleanup.manager [-] Deleting neutron.port object s_rally_a340a3bf_r3Dp39op (1159c12c-d588-40ff-a0a8-14cb2240625b)
2019-07-29 09:02:25.032 22704 RALLYDEBUG rally_openstack.cleanup.manager [-] Deleting neutron.port object s_rally_a340a3bf_RLrQVcmF (115b7283-6913-4833-a230-6e4355816a19)
2019-07-29 09:02:25.049 22704 RALLYDEBUG rally_openstack.cleanup.manager [-] Deleting neutron.port object s_rally_a340a3bf_biZBim7R (11839ff9-21c2-4c4f-8b35-df4e2dd7558d)
2019-07-29 09:02:25.098 22704 RALLYDEBUG rally_openstack.cleanup.manager [-] Deleting neutron.port object s_rally_a340a3bf_q6FC3wOL (128d857e-02a7-4c47-8998-af42040069ab)
2019-07-29 09:02:25.133 22704 RALLYDEBUG rally_openstack.cleanup.manager [-] Deleting neutron.port object s_rally_a340a3bf_O8MDnxpr (12b13d1e-b3b9-460f-be42-1d61a1e46d2e)
2019-07-29 09:02:25.142 22704 RALLYDEBUG rally_openstack.cleanup.manager [-] Deleting neutron.port object s_rally_a340a3bf_189oEOYf (13b39026-b954-482c-a6dc-bee2ba836eca)
2019-07-29 09:02:26.745 22704 RALLYDEBUG rally_openstack.cleanup.manager [-] Deleting neutron.port object s_rally_a340a3bf_urCw1zRU (142a1727-ddbf-4864-a06a-a9893abee740)
2019-07-29 09:02:27.044 22704 RALLYDEBUG rally_openstack.cleanup.manager [-] Deleting neutron.port object s_rally_a340a3bf_0jC1aj4z (14379c7d-5c36-441a-8bdf-13ba5084d98f)
2019-07-29 09:02:27.050 22704 RALLYDEBUG rally_openstack.cleanup.manager [-] Deleting neutron.port object s_rally_a340a3bf_RlMOMzsi (14a93a51-e44c-450e-ab7f-eecef284ce07)
2019-07-29 09:02:27.253 22704 RALLYDEBUG rally_openstack.cleanup.manager [-] Deleting neutron.port object s_rally_a340a3bf_m6HAR157 (17231cca-6d0a-46bb-9f3a-5e5438afab54)
2019-07-29 09:02:27.545 22704 RALLYDEBUG rally_openstack.cleanup.manager [-] Deleting neutron.port object s_rally_a340a3bf_X0l3Iqra (1748b35a-443e-411f-99a0-27bbbdb44b6a)
2019-07-29 09:02:27.588 22704 RALLYDEBUG rally_openstack.cleanup.manager [-] Deleting neutron.port object s_rally_a340a3bf_CXOpPrJf (17d56f99-f053-451a-bbc1-b7b249164cc5)
2019-07-29 09:02:27.644 22704 RALLYDEBUG rally_openstack.cleanup.manager [-] Deleting neutron.port object s_rally_a340a3bf_CQcHMfl7 (18376b6c-2035-4ad0-a854-b3da4992b907)
2019-07-29 09:02:27.668 22704 RALLYDEBUG rally_openstack.cleanup.manager [-] Deleting neutron.port object s_rally_a340a3bf_ilYNq1g6 (183ddb03-4ed1-4b76-9a6b-7f6a21467964)
2019-07-29 09:02:27.675 22704 RALLYDEBUG rally_openstack.cleanup.manager [-] Deleting neutron.port object s_rally_a340a3bf_9TCwQwr5 (194874a0-6fca-4c8a-87a6-69006b736baf)
2019-07-29 09:02:27.681 22704 RALLYDEBUG rally_openstack.cleanup.manager [-] Deleting neutron.port object s_rally_a340a3bf_VE30DFkA (1955a36b-becb-451c-b6cb-b10b811c0cc2)
2019-07-29 09:02:27.849 22704 RALLYDEBUG rally_openstack.cleanup.manager [-] Deleting neutron.port object s_rally_a340a3bf_lBTElMyx (19bf95fd-9692-453d-ac21-4206631235a1)
2019-07-29 09:02:27.944 22704 RALLYDEBUG rally_openstack.cleanup.manager [-] Deleting neutron.port object s_rally_a340a3bf_yKJFKo5G (1a1b1edd-6b3f-46ce-9f8a-abc46ea929de)
2019-07-29 09:02:28.098 22704 RALLYDEBUG rally_openstack.cleanup.manager [-] Deleting neutron.port object s_rally_a340a3bf_MCgjmigV (1a41e122-7226-4aef-9dde-04c9eea9991e)
2019-07-29 09:02:28.216 22704 RALLYDEBUG rally_openstack.cleanup.manager [-] Deleting neutron.port object s_rally_a340a3bf_5svkKAkj (1a5dfb6b-eaf5-43e5-80cf-42c3c88f47c6)
2019-07-29 09:02:28.257 22704 RALLYDEBUG rally_openstack.cleanup.manager [-] Deleting neutron.port object s_rally_a340a3bf_rTXKgeJF (1b0f32d0-a537-4960-98bd-82f3633b02f1)
2019-07-29 09:02:28.585 22704 RALLYDEBUG rally_openstack.cleanup.manager [-] Deleting neutron.port object s_rally_a340a3bf_4nrME2Ta (1b350462-0fef-487a-b0e6-71c159b66258)
2019-07-29 09:02:28.611 22704 RALLYDEBUG rally_openstack.cleanup.manager [-] Deleting neutron.port object s_rally_a340a3bf_Uk8j1i51 (1c1116f0-e782-4503-a8ce-ff14e668ada9)
2019-07-29 09:02:29.020 22704 RALLYDEBUG rally_openstack.cleanup.manager [-] Deleting neutron.port object s_rally_a340a3bf_Em1j08pZ (1c66157a-3d55-4cef-ae38-39d60189cbf8)
2019-07-29 09:02:29.329 22704 RALLYDEBUG rally_openstack.cleanup.manager [-] Deleting neutron.port object s_rally_a340a3bf_0Jz6xWqx (1cb1cd6d-2167-4359-97df-22c8e9fa5f72)
2019-07-29 09:02:29.346 22704 RALLYDEBUG rally_openstack.cleanup.manager [-] Deleting neutron.port object s_rally_a340a3bf_QiOSVmuA (1cfbb60f-b4e2-4750-8aa1-0543d070f6ce)
2019-07-29 09:02:29.371 22704 RALLYDEBUG rally_openstack.cleanup.manager [-] Deleting neutron.port object s_rally_a340a3bf_FKHiIzcT (1d192a56-fe9d-4916-b9ee-c741fa75a130)
2019-07-29 09:02:29.434 22704 RALLYDEBUG rally_openstack.cleanup.manager [-] Deleting neutron.port object s_rally_a340a3bf_AImtl9GC (1d369be4-ea34-477d-9ddc-2d10c18f819c)
2019-07-29 09:02:29.740 22704 RALLYDEBUG rally_openstack.cleanup.manager [-] Deleting neutron.port object s_rally_a340a3bf_aw9anHO2 (1d99054a-75fc-491c-b087-60ca6f7b2c52)
2019-07-29 09:02:29.869 22704 RALLYDEBUG rally_openstack.cleanup.manager [-] Deleting neutron.port object s_rally_a340a3bf_hpOQwDoa (1db6ea2f-dedd-4e3d-8710-983fd83f34d1)
2019-07-29 09:02:29.978 22704 RALLYDEBUG rally_openstack.cleanup.manager [-] Deleting neutron.port object s_rally_a340a3bf_05uq6aO9 (1e5aada9-d469-46d2-ab8c-be527baff327)
2019-07-29 09:02:30.334 22704 RALLYDEBUG rally_openstack.cleanup.manager [-] Deleting neutron.port object s_rally_a340a3bf_kPMJPNuY (1e67849f-34d7-4cdd-8fb2-985e885dfbdc)
2019-07-29 09:02:30.373 22704 RALLYDEBUG rally_openstack.cleanup.manager [-] Deleting neutron.port object s_rally_a340a3bf_0R0u10Id (1ea95b68-4f7e-41cf-9340-bf10d84954bb)
2019-07-29 09:02:30.479 22704 RALLYDEBUG rally_openstack.cleanup.manager [-] Deleting neutron.port object s_rally_a340a3bf_wPI6aCR0 (1eb61ac1-8b89-45b2-a139-17f69eb49660)
2019-07-29 09:02:30.517 22704 RALLYDEBUG rally_openstack.cleanup.manager [-] Deleting neutron.port object s_rally_a340a3bf_9P7MqueV (1ef48b6c-5bdc-404c-b12e-d0653b7b99e6)
2019-07-29 09:02:30.543 22704 RALLYDEBUG rally_openstack.cleanup.manager [-] Deleting neutron.port object s_rally_a340a3bf_N8fkt5dp (1f2b19ac-00ce-433a-a8da-970d0c0411aa)
2019-07-29 09:02:30.550 22704 RALLYDEBUG rally_openstack.cleanup.manager [-] Deleting neutron.port object s_rally_a340a3bf_LffQAijN (1f7dae93-86cc-4fe6-8591-953634b9276c)
2019-07-29 09:02:30.622 22704 RALLYDEBUG rally_openstack.cleanup.manager [-] Deleting neutron.port object s_rally_a340a3bf_ZdD7QUUN (1fcae71e-0f3f-4217-8624-2cffe9bce912)
2019-07-29 09:02:30.891 22704 RALLYDEBUG rally_openstack.cleanup.manager [-] Deleting neutron.port object s_rally_a340a3bf_7t4JQrgc (2010e92e-ea1e-4e35-b3f5-d75d5405af51)
2019-07-29 09:02:30.898 22704 RALLYDEBUG rally_openstack.cleanup.manager [-] Deleting neutron.port object s_rally_a340a3bf_qM8MkyZn (20b058bf-c042-47cb-83cd-eb7ea5d81f0e)
2019-07-29 09:02:30.917 22704 RALLYDEBUG rally_openstack.cleanup.manager [-] Deleting neutron.port object s_rally_a340a3bf_zHFUnTcy (210816bb-6c5a-4f82-851b-37608bb00cf5)
2019-07-29 09:02:30.956 22704 RALLYDEBUG rally_openstack.cleanup.manager [-] Deleting neutron.port object s_rally_a340a3bf_ekTTibgq (2108f0de-4274-444a-bf60-41f0000ad2f2)
2019-07-29 09:02:31.532 22704 RALLYDEBUG rally_openstack.cleanup.manager [-] Deleting neutron.port object s_rally_a340a3bf_GL7Gftjs (210e68d9-02df-4b7f-9773-d202ba0b5531)
2019-07-29 09:02:31.757 22704 RALLYDEBUG rally_openstack.cleanup.manager [-] Deleting neutron.port object s_rally_a340a3bf_Rjxa4mG2 (214c5434-cf4b-420e-8267-da211694ee0e)
2019-07-29 09:02:32.081 22704 RALLYDEBUG rally_openstack.cleanup.manager [-] Deleting neutron.port object s_rally_a340a3bf_FLUHmYMM (21dde385-c6eb-48a1-b2d9-80d422d642b7)
2019-07-29 09:02:32.163 22704 RALLYDEBUG rally_openstack.cleanup.manager [-] Deleting neutron.port object s_rally_a340a3bf_wXdUAEyj (23409e17-c2c4-4bac-91a5-7dac48e70980)
2019-07-29 09:02:32.338 22704 RALLYDEBUG rally_openstack.cleanup.manager [-] Deleting neutron.port object s_rally_a340a3bf_hcifUDXX (23f7c9eb-f22f-4942-86ec-f67b8afc54e0)
2019-07-29 09:02:32.489 22704 RALLYDEBUG rally_openstack.cleanup.manager [-] Deleting neutron.port object s_rally_a340a3bf_8IFxsQnW (240fd6e5-3b35-4f9b-98f9-c5923b5b036f)
2019-07-29 09:02:32.503 22704 RALLYDEBUG rally_openstack.cleanup.manager [-] Deleting neutron.port object s_rally_a340a3bf_91NH2vPo (24f1ea09-a74e-404a-bebe-986cd9ad8029)
2019-07-29 09:02:32.504 22704 RALLYDEBUG rally_openstack.cleanup.manager [-] Deleting neutron.port object s_rally_a340a3bf_cYGjbtZ4 (2458d363-c388-4260-bfaa-eafede8b0b31)
2019-07-29 09:02:32.882 22704 RALLYDEBUG rally_openstack.cleanup.manager [-] Deleting neutron.port object s_rally_a340a3bf_iN1PWW6l (25010ffa-b64b-43f0-b572-03ae8cabf43c)
2019-07-29 09:02:32.990 22704 RALLYDEBUG rally_openstack.cleanup.manager [-] Deleting neutron.port object s_rally_a340a3bf_4GYjQQ2M (251510ee-4e03-4344-a53a-d3bd18f19d80)
2019-07-29 09:02:32.997 22704 RALLYDEBUG rally_openstack.cleanup.manager [-] Deleting neutron.port object s_rally_a340a3bf_tONMjn13 (2563fca5-8f34-47ff-b5f0-d9884f306a24)
2019-07-29 09:02:33.070 22704 RALLYDEBUG rally_openstack.cleanup.manager [-] Deleting neutron.port object s_rally_a340a3bf_vXQvTKcg (2578c0d6-ffa1-46ad-b7f3-44d3a68a37fa)
2019-07-29 09:02:33.083 22704 RALLYDEBUG rally_openstack.cleanup.manager [-] Deleting neutron.port object s_rally_a340a3bf_GWMfM7iu (25a9b8a5-96fa-41da-a353-ce4776918b48)
2019-07-29 09:02:33.160 22704 RALLYDEBUG rally_openstack.cleanup.manager [-] Deleting neutron.port object s_rally_a340a3bf_IfDV3VHp (25fd0a6f-0640-4ddb-bd92-e0e11e42a393)
2019-07-29 09:02:33.311 22704 RALLYDEBUG rally_openstack.cleanup.manager [-] Deleting neutron.port object s_rally_a340a3bf_QOeRJwKK (26167196-f599-4741-ab99-6e8dca3fcfd5)
2019-07-29 09:02:33.354 22704 RALLYDEBUG rally_openstack.cleanup.manager [-] Deleting neutron.port object s_rally_a340a3bf_kYyAUr7p (26b6eec5-8be1-4335-97ef-4f6db2aaa5c9)
2019-07-29 09:02:33.435 22704 RALLYDEBUG rally_openstack.cleanup.manager [-] Deleting neutron.port object s_rally_a340a3bf_gPhB6KNA (2783ef38-fb3d-4f64-bf0f-8f0509f60adc)
2019-07-29 09:02:33.811 22704 RALLYDEBUG rally_openstack.cleanup.manager [-] Deleting neutron.port object s_rally_a340a3bf_N4fvJ7RW (27d54b1e-795f-4f72-a0b8-7613501a82e4)
2019-07-29 09:02:34.011 22704 RALLYDEBUG rally_openstack.cleanup.manager [-] Deleting neutron.port object s_rally_a340a3bf_zNHVmcYj (28190e62-f0b5-4eaf-b96c-16bc80d17f33)
2019-07-29 09:02:34.018 22704 RALLYDEBUG rally_openstack.cleanup.manager [-] Deleting neutron.port object s_rally_a340a3bf_2wV1oRDi (28b9824a-6d2f-428e-b1cb-83e37a0f4795)
2019-07-29 09:02:34.116 22704 RALLYDEBUG rally_openstack.cleanup.manager [-] Deleting neutron.port object s_rally_a340a3bf_C8hZ80BN (2a5a8561-c58b-47eb-a597-aeac97838760)
2019-07-29 09:02:34.213 22704 RALLYDEBUG rally_openstack.cleanup.manager [-] Deleting neutron.port object s_rally_a340a3bf_6quNxxka (2b1b8497-5ea6-4cef-9918-f101a078e692)
2019-07-29 09:02:34.829 22704 RALLYDEBUG rally_openstack.cleanup.manager [-] Deleting neutron.port object s_rally_a340a3bf_c9ScfcGC (2b5307f2-4394-46e9-8d5c-392e048b0208)
