2019-07-29 08:42:42.887 24802 WARNING rally_openstack.scenarios.neutron.utils [-] Running this scenario without either the 'network' or 'existing_network' context is deprecated
2019-07-29 08:42:42.886 24811 RALLYDEBUG rally.task.runner [-] Starting a worker. concurrency: 1 args: {"network_create_args": {}, "subnet_create_args": {}, "subnet_cidr_start": "1.1.0.0/30", "subnets_per_network": 2} times: 40 method_name: run timeout: 0 duration: None cls:
2019-07-29 08:42:42.880 24798 WARNING rally_openstack.scenarios.neutron.utils [-] Running this scenario without either the 'network' or 'existing_network' context is deprecated
2019-07-29 08:42:42.888 24801 INFO rally.task.runner [-] Task 8b3a5eca-9dc2-4c92-b181-10c4a2808dbb | ITER: 8 START
2019-07-29 08:42:42.881 24799 WARNING rally_openstack.scenarios.neutron.utils [-] Running this scenario without either the 'network' or 'existing_network' context is deprecated
2019-07-29 08:42:42.888 24801 WARNING rally_openstack.scenarios.neutron.utils [-] Running this scenario without either the 'network' or 'existing_network' context is deprecated
2019-07-29 08:42:42.892 24811 INFO rally.task.runner [-] Task 8b3a5eca-9dc2-4c92-b181-10c4a2808dbb | ITER: 11 START
2019-07-29 08:42:42.892 24820 RALLYDEBUG rally.task.runner [-] Starting a worker. concurrency: 1 args: {"network_create_args": {}, "subnet_create_args": {}, "subnet_cidr_start": "1.1.0.0/30", "subnets_per_network": 2} times: 40 method_name: run timeout: 0 duration: None cls:
2019-07-29 08:42:42.893 24816 RALLYDEBUG rally.task.runner [-] Starting a worker. concurrency: 1 args: {"network_create_args": {}, "subnet_create_args": {}, "subnet_cidr_start": "1.1.0.0/30", "subnets_per_network": 2} times: 40 method_name: run timeout: 0 duration: None cls:
2019-07-29 08:42:42.893 24823 RALLYDEBUG rally.task.runner [-] Starting a worker. concurrency: 1 args: {"network_create_args": {}, "subnet_create_args": {}, "subnet_cidr_start": "1.1.0.0/30", "subnets_per_network": 2} times: 40 method_name: run timeout: 0 duration: None cls:
2019-07-29 08:42:42.894 24811 WARNING rally_openstack.scenarios.neutron.utils [-] Running this scenario without either the 'network' or 'existing_network' context is deprecated
2019-07-29 08:42:42.894 24800 INFO rally.task.runner [-] Task 8b3a5eca-9dc2-4c92-b181-10c4a2808dbb | ITER: 7 START
2019-07-29 08:42:42.895 24800 WARNING rally_openstack.scenarios.neutron.utils [-] Running this scenario without either the 'network' or 'existing_network' context is deprecated
2019-07-29 08:42:42.897 24820 INFO rally.task.runner [-] Task 8b3a5eca-9dc2-4c92-b181-10c4a2808dbb | ITER: 12 START
2019-07-29 08:42:42.899 24820 WARNING rally_openstack.scenarios.neutron.utils [-] Running this scenario without either the 'network' or 'existing_network' context is deprecated
2019-07-29 08:42:42.899 24816 INFO rally.task.runner [-] Task 8b3a5eca-9dc2-4c92-b181-10c4a2808dbb | ITER: 13 START
2019-07-29 08:42:42.899 24823 INFO rally.task.runner [-] Task 8b3a5eca-9dc2-4c92-b181-10c4a2808dbb | ITER: 14 START
2019-07-29 08:42:42.900 24816 WARNING rally_openstack.scenarios.neutron.utils [-] Running this scenario without either the 'network' or 'existing_network' context is deprecated
2019-07-29 08:42:42.901 24825 RALLYDEBUG rally.task.runner [-] Starting a worker. concurrency: 1 args: {"network_create_args": {}, "subnet_create_args": {}, "subnet_cidr_start": "1.1.0.0/30", "subnets_per_network": 2} times: 40 method_name: run timeout: 0 duration: None cls:
2019-07-29 08:42:42.901 24823 WARNING rally_openstack.scenarios.neutron.utils [-] Running this scenario without either the 'network' or 'existing_network' context is deprecated
2019-07-29 08:42:42.903 24828 RALLYDEBUG rally.task.runner [-] Starting a worker. concurrency: 1 args: {"network_create_args": {}, "subnet_create_args": {}, "subnet_cidr_start": "1.1.0.0/30", "subnets_per_network": 2} times: 40 method_name: run timeout: 0 duration: None cls:
2019-07-29 08:42:42.905 24825 INFO rally.task.runner [-] Task 8b3a5eca-9dc2-4c92-b181-10c4a2808dbb | ITER: 15 START
2019-07-29 08:42:42.906 24825 WARNING rally_openstack.scenarios.neutron.utils [-] Running this scenario without either the 'network' or 'existing_network' context is deprecated
2019-07-29 08:42:42.909 24834 RALLYDEBUG rally.task.runner [-] Starting a worker. concurrency: 1 args: {"network_create_args": {}, "subnet_create_args": {}, "subnet_cidr_start": "1.1.0.0/30", "subnets_per_network": 2} times: 40 method_name: run timeout: 0 duration: None cls:
2019-07-29 08:42:42.910 24835 RALLYDEBUG rally.task.runner [-] Starting a worker. concurrency: 1 args: {"network_create_args": {}, "subnet_create_args": {}, "subnet_cidr_start": "1.1.0.0/30", "subnets_per_network": 2} times: 40 method_name: run timeout: 0 duration: None cls:
2019-07-29 08:42:42.910 24828 INFO rally.task.runner [-] Task 8b3a5eca-9dc2-4c92-b181-10c4a2808dbb | ITER: 16 START
2019-07-29 08:42:42.912 24828 WARNING rally_openstack.scenarios.neutron.utils [-] Running this scenario without either the 'network' or 'existing_network' context is deprecated
2019-07-29 08:42:42.914 24835 INFO rally.task.runner [-] Task 8b3a5eca-9dc2-4c92-b181-10c4a2808dbb | ITER: 18 START
2019-07-29 08:42:42.914 24838 RALLYDEBUG rally.task.runner [-] Starting a worker. concurrency: 1 args: {"network_create_args": {}, "subnet_create_args": {}, "subnet_cidr_start": "1.1.0.0/30", "subnets_per_network": 2} times: 40 method_name: run timeout: 0 duration: None cls:
2019-07-29 08:42:42.915 24835 WARNING rally_openstack.scenarios.neutron.utils [-] Running this scenario without either the 'network' or 'existing_network' context is deprecated
2019-07-29 08:42:42.916 24834 INFO rally.task.runner [-] Task 8b3a5eca-9dc2-4c92-b181-10c4a2808dbb | ITER: 17 START
2019-07-29 08:42:42.917 24834 WARNING rally_openstack.scenarios.neutron.utils [-] Running this scenario without either the 'network' or 'existing_network' context is deprecated
2019-07-29 08:42:42.918 24841 RALLYDEBUG rally.task.runner [-] Starting a worker. concurrency: 1 args: {"network_create_args": {}, "subnet_create_args": {}, "subnet_cidr_start": "1.1.0.0/30", "subnets_per_network": 2} times: 40 method_name: run timeout: 0 duration: None cls:
2019-07-29 08:42:42.922 24841 INFO rally.task.runner [-] Task 8b3a5eca-9dc2-4c92-b181-10c4a2808dbb | ITER: 20 START
2019-07-29 08:42:42.920 24838 INFO rally.task.runner [-] Task 8b3a5eca-9dc2-4c92-b181-10c4a2808dbb | ITER: 19 START
2019-07-29 08:42:42.923 24841 WARNING rally_openstack.scenarios.neutron.utils [-] Running this scenario without either the 'network' or 'existing_network' context is deprecated
2019-07-29 08:42:42.924 24838 WARNING rally_openstack.scenarios.neutron.utils [-] Running this scenario without either the 'network' or 'existing_network' context is deprecated
2019-07-29 08:42:44.252 24801 RALLYDEBUG rally_openstack.wrappers.network [-] CIDR generated: 1.1.4.96/30
2019-07-29 08:42:44.396 24807 RALLYDEBUG rally_openstack.wrappers.network [-] CIDR generated: 1.1.4.100/30
2019-07-29 08:42:44.443 24823 RALLYDEBUG rally_openstack.wrappers.network [-] CIDR generated: 1.1.4.104/30
2019-07-29 08:42:44.443 24828 RALLYDEBUG rally_openstack.wrappers.network [-] CIDR generated: 1.1.4.108/30
2019-07-29 08:42:44.573 24802 RALLYDEBUG rally_openstack.wrappers.network [-] CIDR generated: 1.1.4.112/30
2019-07-29 08:42:44.599 24841 RALLYDEBUG rally_openstack.wrappers.network [-] CIDR generated: 1.1.4.116/30
2019-07-29 08:42:44.650 24798 RALLYDEBUG rally_openstack.wrappers.network [-] CIDR generated: 1.1.4.120/30
2019-07-29 08:42:44.708 24799 RALLYDEBUG rally_openstack.wrappers.network [-] CIDR generated: 1.1.4.124/30
2019-07-29 08:42:44.758 24798 RALLYDEBUG rally_openstack.wrappers.network [-] CIDR generated: 1.1.4.128/30
2019-07-29 08:42:45.035 24825 RALLYDEBUG rally_openstack.wrappers.network [-] CIDR generated: 1.1.4.136/30
2019-07-29 08:42:45.035 24800 RALLYDEBUG rally_openstack.wrappers.network [-] CIDR generated: 1.1.4.132/30
2019-07-29 08:42:45.081 24838 RALLYDEBUG rally_openstack.wrappers.network [-] CIDR generated: 1.1.4.140/30
2019-07-29 08:42:45.138 24811 RALLYDEBUG rally_openstack.wrappers.network [-] CIDR generated: 1.1.4.144/30
2019-07-29 08:42:46.678 24816 RALLYDEBUG rally_openstack.wrappers.network [-] CIDR generated: 1.1.4.148/30
2019-07-29 08:42:47.264 24835 RALLYDEBUG rally_openstack.wrappers.network [-] CIDR generated: 1.1.4.152/30
2019-07-29 08:42:47.288 24834 RALLYDEBUG rally_openstack.wrappers.network [-] CIDR generated: 1.1.4.156/30
2019-07-29 08:42:47.335 24799 RALLYDEBUG rally_openstack.wrappers.network [-] CIDR generated: 1.1.4.160/30
2019-07-29 08:42:47.354 24800 RALLYDEBUG rally_openstack.wrappers.network [-] CIDR generated: 1.1.4.164/30
2019-07-29 08:42:47.430 24801 RALLYDEBUG rally_openstack.wrappers.network [-] CIDR generated: 1.1.4.168/30
2019-07-29 08:42:47.654 24820 RALLYDEBUG rally_openstack.wrappers.network [-] CIDR generated: 1.1.4.172/30
2019-07-29 08:42:47.844 24801 RALLYDEBUG rally_openstack.wrappers.network [-] CIDR generated: 1.1.4.176/30
2019-07-29 08:42:48.192 24841 RALLYDEBUG rally_openstack.wrappers.network [-] CIDR generated: 1.1.4.180/30
2019-07-29 08:42:48.283 24799 RALLYDEBUG rally_openstack.wrappers.network [-] CIDR generated: 1.1.4.184/30
2019-07-29 08:42:48.343 24802 RALLYDEBUG rally_openstack.wrappers.network [-] CIDR generated: 1.1.4.188/30
2019-07-29 08:42:48.420 24807 RALLYDEBUG rally_openstack.wrappers.network [-] CIDR generated: 1.1.4.192/30
2019-07-29 08:42:48.565 24798 RALLYDEBUG rally_openstack.wrappers.network [-] CIDR generated: 1.1.4.196/30
2019-07-29 08:42:48.695 24823 RALLYDEBUG rally_openstack.wrappers.network [-] CIDR generated: 1.1.4.200/30
2019-07-29 08:42:48.803 24800 RALLYDEBUG rally_openstack.wrappers.network [-] CIDR generated: 1.1.4.204/30
2019-07-29 08:42:48.954 24838 RALLYDEBUG rally_openstack.wrappers.network [-] CIDR generated: 1.1.4.208/30
2019-07-29 08:42:49.008 24828 RALLYDEBUG rally_openstack.wrappers.network [-] CIDR generated: 1.1.4.212/30
2019-07-29 08:42:49.289 24820 RALLYDEBUG rally_openstack.wrappers.network [-] CIDR generated: 1.1.4.216/30
2019-07-29 08:42:49.594 24825 RALLYDEBUG rally_openstack.wrappers.network [-] CIDR generated: 1.1.4.220/30
2019-07-29 08:42:50.401 24811 RALLYDEBUG rally_openstack.wrappers.network [-] CIDR generated: 1.1.4.224/30
2019-07-29 08:42:50.457 24801 RALLYDEBUG rally_openstack.wrappers.network [-] CIDR generated: 1.1.4.228/30
2019-07-29 08:42:50.661 24835 RALLYDEBUG rally_openstack.wrappers.network [-] CIDR generated: 1.1.4.232/30
2019-07-29 08:42:50.895 24800 RALLYDEBUG rally_openstack.wrappers.network [-] CIDR generated: 1.1.4.236/30
2019-07-29 08:42:51.040 24798 RALLYDEBUG rally_openstack.wrappers.network [-] CIDR generated: 1.1.4.240/30
2019-07-29 08:42:51.552 24834 RALLYDEBUG rally_openstack.wrappers.network [-] CIDR generated: 1.1.4.244/30
2019-07-29 08:42:51.726 24816 RALLYDEBUG rally_openstack.wrappers.network [-] CIDR generated: 1.1.4.248/30
2019-07-29 08:42:52.273 24799 RALLYDEBUG rally_openstack.wrappers.network [-] CIDR generated: 1.1.4.252/30
2019-07-29 08:42:54.039 24828 INFO rally.task.runner [-] Task 8b3a5eca-9dc2-4c92-b181-10c4a2808dbb | ITER: 16 END: OK
2019-07-29 08:42:54.043 24828 INFO rally.task.runner [-] Task 8b3a5eca-9dc2-4c92-b181-10c4a2808dbb | ITER: 21 START
2019-07-29 08:42:54.043 24828 WARNING rally_openstack.scenarios.neutron.utils [-] Running this scenario without either the 'network' or 'existing_network' context is deprecated
2019-07-29 08:42:54.471 24799 INFO rally.task.runner [-] Task 8b3a5eca-9dc2-4c92-b181-10c4a2808dbb | ITER: 3 END: OK
2019-07-29 08:42:54.475 24799 INFO rally.task.runner [-] Task 8b3a5eca-9dc2-4c92-b181-10c4a2808dbb | ITER: 22 START
2019-07-29 08:42:54.476 24799 WARNING rally_openstack.scenarios.neutron.utils [-] Running this scenario without either the 'network' or 'existing_network' context is deprecated
2019-07-29 08:42:54.532 24798 INFO rally.task.runner [-] Task 8b3a5eca-9dc2-4c92-b181-10c4a2808dbb | ITER: 1 END: OK
2019-07-29 08:42:54.535 24798 INFO rally.task.runner [-] Task 8b3a5eca-9dc2-4c92-b181-10c4a2808dbb | ITER: 23 START
2019-07-29 08:42:54.535 24798 WARNING rally_openstack.scenarios.neutron.utils [-] Running this scenario without either the 'network' or 'existing_network' context is deprecated
2019-07-29 08:42:54.594 24802 INFO rally.task.runner [-] Task 8b3a5eca-9dc2-4c92-b181-10c4a2808dbb | ITER: 9 END: OK
2019-07-29 08:42:54.597 24802 INFO rally.task.runner [-] Task 8b3a5eca-9dc2-4c92-b181-10c4a2808dbb | ITER: 24 START
2019-07-29 08:42:54.598 24802 WARNING rally_openstack.scenarios.neutron.utils [-] Running this scenario without either the 'network' or 'existing_network' context is deprecated
2019-07-29 08:42:54.864 24841 INFO rally.task.runner [-] Task 8b3a5eca-9dc2-4c92-b181-10c4a2808dbb | ITER: 20 END: OK
2019-07-29 08:42:54.867 24841 INFO rally.task.runner [-] Task 8b3a5eca-9dc2-4c92-b181-10c4a2808dbb | ITER: 25 START
2019-07-29 08:42:54.868 24841 WARNING rally_openstack.scenarios.neutron.utils [-] Running this scenario without either the 'network' or 'existing_network' context is deprecated
2019-07-29 08:42:55.245 24823 INFO rally.task.runner [-] Task 8b3a5eca-9dc2-4c92-b181-10c4a2808dbb | ITER: 14 END: OK
2019-07-29 08:42:55.248 24823 INFO rally.task.runner [-] Task 8b3a5eca-9dc2-4c92-b181-10c4a2808dbb | ITER: 26 START
2019-07-29 08:42:55.249 24823 WARNING rally_openstack.scenarios.neutron.utils [-] Running this scenario without either the 'network' or 'existing_network' context is deprecated
2019-07-29 08:42:55.430 24828 RALLYDEBUG rally_openstack.wrappers.network [-] CIDR generated: 1.1.5.0/30
2019-07-29 08:42:55.808 24801 INFO rally.task.runner [-] Task 8b3a5eca-9dc2-4c92-b181-10c4a2808dbb | ITER: 8 END: OK
2019-07-29 08:42:55.811 24801 INFO rally.task.runner [-] Task 8b3a5eca-9dc2-4c92-b181-10c4a2808dbb | ITER: 27 START
2019-07-29 08:42:55.812 24801 WARNING rally_openstack.scenarios.neutron.utils [-] Running this scenario without either the 'network' or 'existing_network' context is deprecated
2019-07-29 08:42:56.022 24807 INFO rally.task.runner [-] Task 8b3a5eca-9dc2-4c92-b181-10c4a2808dbb | ITER: 10 END: OK
2019-07-29 08:42:56.026 24807 INFO rally.task.runner [-] Task 8b3a5eca-9dc2-4c92-b181-10c4a2808dbb | ITER: 28 START
2019-07-29 08:42:56.027 24807 WARNING rally_openstack.scenarios.neutron.utils [-] Running this scenario without either the 'network' or 'existing_network' context is deprecated
2019-07-29 08:42:56.496 24799 RALLYDEBUG rally_openstack.wrappers.network [-] CIDR generated: 1.1.5.4/30
2019-07-29 08:42:56.597 24820 INFO rally.task.runner [-] Task 8b3a5eca-9dc2-4c92-b181-10c4a2808dbb | ITER: 12 END: OK
2019-07-29 08:42:56.599 24820 INFO rally.task.runner [-] Task 8b3a5eca-9dc2-4c92-b181-10c4a2808dbb | ITER: 29 START
2019-07-29 08:42:56.600 24820 WARNING rally_openstack.scenarios.neutron.utils [-] Running this scenario without either the 'network' or 'existing_network' context is deprecated
2019-07-29 08:42:56.719 24802 RALLYDEBUG rally_openstack.wrappers.network [-] CIDR generated: 1.1.5.8/30
2019-07-29 08:42:56.752 24798 RALLYDEBUG rally_openstack.wrappers.network [-] CIDR generated: 1.1.5.12/30
2019-07-29 08:42:56.964 24838 INFO rally.task.runner [-] Task 8b3a5eca-9dc2-4c92-b181-10c4a2808dbb | ITER: 19 END: OK
2019-07-29 08:42:56.967 24838 INFO rally.task.runner [-] Task 8b3a5eca-9dc2-4c92-b181-10c4a2808dbb | ITER: 30 START
2019-07-29 08:42:56.967 24838 WARNING rally_openstack.scenarios.neutron.utils [-] Running this scenario without either the 'network' or 'existing_network' context is deprecated
2019-07-29 08:42:57.021 24823 RALLYDEBUG rally_openstack.wrappers.network [-] CIDR generated: 1.1.5.16/30
2019-07-29 08:42:57.092 24801 RALLYDEBUG rally_openstack.wrappers.network [-] CIDR generated: 1.1.5.20/30
2019-07-29 08:42:57.259 24825 INFO rally.task.runner [-] Task 8b3a5eca-9dc2-4c92-b181-10c4a2808dbb | ITER: 15 END: OK
2019-07-29 08:42:57.263 24825 INFO rally.task.runner [-] Task 8b3a5eca-9dc2-4c92-b181-10c4a2808dbb | ITER: 31 START
2019-07-29 08:42:57.263 24825 WARNING rally_openstack.scenarios.neutron.utils [-] Running this scenario without either the 'network' or 'existing_network' context is deprecated
2019-07-29 08:42:57.558 24807 RALLYDEBUG rally_openstack.wrappers.network [-] CIDR generated: 1.1.5.24/30
2019-07-29 08:42:57.677 24841 RALLYDEBUG rally_openstack.wrappers.network [-] CIDR generated: 1.1.5.28/30
2019-07-29 08:42:57.802 24834 INFO rally.task.runner [-] Task 8b3a5eca-9dc2-4c92-b181-10c4a2808dbb | ITER: 17 END: OK
2019-07-29 08:42:57.806 24834 INFO rally.task.runner [-] Task 8b3a5eca-9dc2-4c92-b181-10c4a2808dbb | ITER: 32 START
2019-07-29 08:42:57.806 24834 WARNING rally_openstack.scenarios.neutron.utils [-] Running this scenario without either the 'network' or 'existing_network' context is deprecated
2019-07-29 08:42:58.227 24816 INFO rally.task.runner [-] Task 8b3a5eca-9dc2-4c92-b181-10c4a2808dbb | ITER: 13 END: OK
2019-07-29 08:42:58.231 24816 INFO rally.task.runner [-] Task 8b3a5eca-9dc2-4c92-b181-10c4a2808dbb | ITER: 33 START
2019-07-29 08:42:58.232 24816 WARNING rally_openstack.scenarios.neutron.utils [-] Running this scenario without either the 'network' or 'existing_network' context is deprecated
2019-07-29 08:42:58.352 24838 RALLYDEBUG rally_openstack.wrappers.network [-] CIDR generated: 1.1.5.32/30
2019-07-29 08:42:58.546 24835 INFO rally.task.runner [-] Task 8b3a5eca-9dc2-4c92-b181-10c4a2808dbb | ITER: 18 END: OK
2019-07-29 08:42:58.550 24835 INFO rally.task.runner [-] Task 8b3a5eca-9dc2-4c92-b181-10c4a2808dbb | ITER: 34 START
2019-07-29 08:42:58.550 24835 WARNING rally_openstack.scenarios.neutron.utils [-] Running this scenario without either the 'network' or 'existing_network' context is deprecated
2019-07-29 08:42:58.647 24828 RALLYDEBUG rally_openstack.wrappers.network [-] CIDR generated: 1.1.5.36/30
2019-07-29 08:42:58.702 24799 RALLYDEBUG rally_openstack.wrappers.network [-] CIDR generated: 1.1.5.40/30
2019-07-29 08:42:58.770 24800 INFO rally.task.runner [-] Task 8b3a5eca-9dc2-4c92-b181-10c4a2808dbb | ITER: 7 END: OK
2019-07-29 08:42:58.773 24800 INFO rally.task.runner [-] Task 8b3a5eca-9dc2-4c92-b181-10c4a2808dbb | ITER: 35 START
2019-07-29 08:42:58.774 24800 WARNING rally_openstack.scenarios.neutron.utils [-] Running this scenario without either the 'network' or 'existing_network' context is deprecated
2019-07-29 08:42:58.786 24820 RALLYDEBUG rally_openstack.wrappers.network [-] CIDR generated: 1.1.5.44/30
2019-07-29 08:42:59.067 24823 RALLYDEBUG rally_openstack.wrappers.network [-] CIDR generated: 1.1.5.48/30
2019-07-29 08:42:59.092 24825 RALLYDEBUG rally_openstack.wrappers.network [-] CIDR generated: 1.1.5.52/30
2019-07-29 08:42:59.380 24798 RALLYDEBUG rally_openstack.wrappers.network [-] CIDR generated: 1.1.5.56/30
2019-07-29 08:42:59.440 24802 RALLYDEBUG rally_openstack.wrappers.network [-] CIDR generated: 1.1.5.60/30
2019-07-29 08:42:59.735 24798 INFO rally.task.runner [-] Task 8b3a5eca-9dc2-4c92-b181-10c4a2808dbb | ITER: 4 END: OK
2019-07-29 08:42:59.739 24798 INFO rally.task.runner [-] Task 8b3a5eca-9dc2-4c92-b181-10c4a2808dbb | ITER: 36 START
2019-07-29 08:42:59.739 24798 WARNING rally_openstack.scenarios.neutron.utils [-] Running this scenario without either the 'network' or 'existing_network' context is deprecated
2019-07-29 08:42:59.858 24807 RALLYDEBUG rally_openstack.wrappers.network [-] CIDR generated: 1.1.5.64/30
2019-07-29 08:43:00.259 24799 INFO rally.task.runner [-] Task 8b3a5eca-9dc2-4c92-b181-10c4a2808dbb | ITER: 2 END: OK
2019-07-29 08:43:00.262 24799 INFO rally.task.runner [-] Task 8b3a5eca-9dc2-4c92-b181-10c4a2808dbb | ITER: 37 START
2019-07-29 08:43:00.263 24799 WARNING rally_openstack.scenarios.neutron.utils [-] Running this scenario without either the 'network' or 'existing_network' context is deprecated
2019-07-29 08:43:00.285 24835 RALLYDEBUG rally_openstack.wrappers.network [-] CIDR generated: 1.1.5.68/30
2019-07-29 08:43:00.301 24816 RALLYDEBUG rally_openstack.wrappers.network [-] CIDR generated: 1.1.5.72/30
2019-07-29 08:43:00.471 24800 INFO rally.task.runner [-] Task 8b3a5eca-9dc2-4c92-b181-10c4a2808dbb | ITER: 5 END: OK
2019-07-29 08:43:00.474 24800 INFO rally.task.runner [-] Task 8b3a5eca-9dc2-4c92-b181-10c4a2808dbb | ITER: 38 START
2019-07-29 08:43:00.474 24800 WARNING rally_openstack.scenarios.neutron.utils [-] Running this scenario without either the 'network' or 'existing_network' context is deprecated
2019-07-29 08:43:00.851 24800 RALLYDEBUG rally_openstack.wrappers.network [-] CIDR generated: 1.1.5.76/30
2019-07-29 08:43:00.870 24841 RALLYDEBUG rally_openstack.wrappers.network [-] CIDR generated: 1.1.5.80/30
2019-07-29 08:43:01.355 24838 RALLYDEBUG rally_openstack.wrappers.network [-] CIDR generated: 1.1.5.84/30
2019-07-29 08:43:01.500 24801 INFO rally.task.runner [-] Task 8b3a5eca-9dc2-4c92-b181-10c4a2808dbb | ITER: 6 END: OK
2019-07-29 08:43:01.502 24811 INFO rally.task.runner [-] Task 8b3a5eca-9dc2-4c92-b181-10c4a2808dbb | ITER: 11 END: OK
2019-07-29 08:43:01.504 24801 INFO rally.task.runner [-] Task 8b3a5eca-9dc2-4c92-b181-10c4a2808dbb | ITER: 39 START
2019-07-29 08:43:01.505 24801 WARNING rally_openstack.scenarios.neutron.utils [-] Running this scenario without either the 'network' or 'existing_network' context is deprecated
2019-07-29 08:43:01.506 24811 INFO rally.task.runner [-] Task 8b3a5eca-9dc2-4c92-b181-10c4a2808dbb | ITER: 40 START
2019-07-29 08:43:01.506 24811 WARNING rally_openstack.scenarios.neutron.utils [-] Running this scenario without either the 'network' or 'existing_network' context is deprecated
2019-07-29 08:43:01.737 24798 RALLYDEBUG rally_openstack.wrappers.network [-] CIDR generated: 1.1.5.88/30
2019-07-29 08:43:01.800 24834 RALLYDEBUG rally_openstack.wrappers.network [-] CIDR generated: 1.1.5.92/30
2019-07-29 08:43:02.051 24799 RALLYDEBUG rally_openstack.wrappers.network [-] CIDR generated: 1.1.5.96/30
2019-07-29 08:43:02.258 24825 RALLYDEBUG rally_openstack.wrappers.network [-] CIDR generated: 1.1.5.100/30
2019-07-29 08:43:02.661 24801 RALLYDEBUG rally_openstack.wrappers.network [-] CIDR generated: 1.1.5.104/30
2019-07-29 08:43:03.569 24800 RALLYDEBUG rally_openstack.wrappers.network [-] CIDR generated: 1.1.5.108/30
2019-07-29 08:43:03.600 24820 RALLYDEBUG rally_openstack.wrappers.network [-] CIDR generated: 1.1.5.112/30
2019-07-29 08:43:04.289 24811 RALLYDEBUG rally_openstack.wrappers.network [-] CIDR generated: 1.1.5.116/30
2019-07-29 08:43:04.527 24801 RALLYDEBUG rally_openstack.wrappers.network [-] CIDR generated: 1.1.5.120/30
2019-07-29 08:43:04.953 24816 RALLYDEBUG rally_openstack.wrappers.network [-] CIDR generated: 1.1.5.124/30
2019-07-29 08:43:05.122 24835 RALLYDEBUG rally_openstack.wrappers.network [-] CIDR generated: 1.1.5.128/30
2019-07-29 08:43:05.791 24800 RALLYDEBUG rally_openstack.wrappers.network [-] CIDR generated: 1.1.5.132/30
2019-07-29 08:43:06.132 24823 INFO rally.task.runner [-] Task 8b3a5eca-9dc2-4c92-b181-10c4a2808dbb | ITER: 26 END: OK
2019-07-29 08:43:06.193 24834 RALLYDEBUG rally_openstack.wrappers.network [-] CIDR generated: 1.1.5.136/30
2019-07-29 08:43:06.216 24828 INFO rally.task.runner [-] Task 8b3a5eca-9dc2-4c92-b181-10c4a2808dbb | ITER: 21 END: OK
2019-07-29 08:43:06.252 24798 RALLYDEBUG rally_openstack.wrappers.network [-] CIDR generated: 1.1.5.140/30
2019-07-29 08:43:06.300 24799 RALLYDEBUG rally_openstack.wrappers.network [-] CIDR generated: 1.1.5.144/30
2019-07-29 08:43:06.350 24807 INFO rally.task.runner [-] Task 8b3a5eca-9dc2-4c92-b181-10c4a2808dbb | ITER: 28 END: OK
2019-07-29 08:43:06.594 24800 RALLYDEBUG rally_openstack.wrappers.network [-] CIDR generated: 1.1.5.148/30
2019-07-29 08:43:06.637 24802 INFO rally.task.runner [-] Task 8b3a5eca-9dc2-4c92-b181-10c4a2808dbb | ITER: 24 END: OK
2019-07-29 08:43:06.774 24838 INFO rally.task.runner [-] Task 8b3a5eca-9dc2-4c92-b181-10c4a2808dbb | ITER: 30 END: OK
2019-07-29 08:43:06.851 24801 RALLYDEBUG rally_openstack.wrappers.network [-] CIDR generated: 1.1.5.152/30
2019-07-29 08:43:06.937 24798 INFO rally.task.runner [-] Task 8b3a5eca-9dc2-4c92-b181-10c4a2808dbb | ITER: 23 END: OK
2019-07-29 08:43:08.230 24799 INFO rally.task.runner [-] Task 8b3a5eca-9dc2-4c92-b181-10c4a2808dbb | ITER: 22 END: OK
2019-07-29 08:43:08.696 24811 RALLYDEBUG rally_openstack.wrappers.network [-] CIDR generated: 1.1.5.156/30
2019-07-29 08:43:09.177 24841 INFO rally.task.runner [-] Task 8b3a5eca-9dc2-4c92-b181-10c4a2808dbb | ITER: 25 END: OK
2019-07-29 08:43:10.356 24801 INFO rally.task.runner [-] Task 8b3a5eca-9dc2-4c92-b181-10c4a2808dbb | ITER: 27 END: OK
2019-07-29 08:43:10.497 24816 INFO rally.task.runner [-] Task 8b3a5eca-9dc2-4c92-b181-10c4a2808dbb | ITER: 33 END: OK
2019-07-29 08:43:10.812 24835 INFO rally.task.runner [-] Task 8b3a5eca-9dc2-4c92-b181-10c4a2808dbb | ITER: 34 END: OK
2019-07-29 08:43:10.938 24820 INFO rally.task.runner [-] Task 8b3a5eca-9dc2-4c92-b181-10c4a2808dbb | ITER: 29 END: OK
2019-07-29 08:43:11.406 24825 INFO rally.task.runner [-] Task 8b3a5eca-9dc2-4c92-b181-10c4a2808dbb | ITER: 31 END: OK
2019-07-29 08:43:12.046 24834 INFO rally.task.runner [-] Task 8b3a5eca-9dc2-4c92-b181-10c4a2808dbb | ITER: 32 END: OK
2019-07-29 08:43:12.499 24800 INFO rally.task.runner [-] Task 8b3a5eca-9dc2-4c92-b181-10c4a2808dbb | ITER: 35 END: OK
2019-07-29 08:43:12.508 24798 INFO rally.task.runner [-] Task 8b3a5eca-9dc2-4c92-b181-10c4a2808dbb | ITER: 36 END: OK
2019-07-29 08:43:13.270 24800 INFO rally.task.runner [-] Task 8b3a5eca-9dc2-4c92-b181-10c4a2808dbb | ITER: 38 END: OK
2019-07-29 08:43:13.632 24801 INFO rally.task.runner [-] Task 8b3a5eca-9dc2-4c92-b181-10c4a2808dbb | ITER: 39 END: OK
2019-07-29 08:43:13.693 24799 INFO rally.task.runner [-] Task 8b3a5eca-9dc2-4c92-b181-10c4a2808dbb | ITER: 37 END: OK
2019-07-29 08:43:14.117 24811 INFO rally.task.runner [-] Task 8b3a5eca-9dc2-4c92-b181-10c4a2808dbb | ITER: 40 END: OK
2019-07-29 08:43:14.141 22704 INFO rally.task.context [-] Task 8b3a5eca-9dc2-4c92-b181-10c4a2808dbb | Context cleanup@openstack cleanup() started
2019-07-29 08:43:14.143 22704 RALLYDEBUG rally_openstack.cleanup.manager [-] Cleaning up neutron vip objects
2019-07-29 08:43:14.810 22704 RALLYDEBUG rally_openstack.cleanup.manager [-] Cleaning up neutron health_monitor objects
2019-07-29 08:43:15.537 22704 RALLYDEBUG rally_openstack.cleanup.manager [-] Cleaning up neutron pool objects
2019-07-29 08:43:16.178 22704 RALLYDEBUG rally_openstack.cleanup.manager [-] Cleaning up neutron loadbalancer objects
2019-07-29 08:43:16.968 22704 RALLYDEBUG rally_openstack.cleanup.manager [-] Cleaning up neutron floatingip objects
2019-07-29 08:43:17.764 22704 RALLYDEBUG rally_openstack.cleanup.manager [-] Cleaning up neutron port objects
2019-07-29 08:43:18.896 22704 RALLYDEBUG rally_openstack.cleanup.manager [-] Cleaning up neutron subnet objects
2019-07-29 08:43:19.760 22704 RALLYDEBUG rally_openstack.cleanup.manager [-] Cleaning up neutron network objects
2019-07-29 08:43:20.724 22704 RALLYDEBUG rally_openstack.cleanup.manager [-] Deleting neutron.network object s_rally_8e23be6c_tANXrQP1 (0152cd74-52b8-457b-89cf-bc6d817a9178)
2019-07-29 08:43:20.729 22704 RALLYDEBUG rally_openstack.cleanup.manager [-] Deleting neutron.network object s_rally_8e23be6c_dnGFPvhS (05892343-14cd-4a49-957e-1b15729cf36f)
2019-07-29 08:43:20.733 22704 RALLYDEBUG rally_openstack.cleanup.manager [-] Deleting neutron.network object s_rally_8e23be6c_EV7tODlL (0aa75d8f-0f78-4284-bab5-42d4fa465016)
2019-07-29 08:43:20.737 22704 RALLYDEBUG rally_openstack.cleanup.manager [-] Deleting neutron.network object s_rally_8e23be6c_4i120jAT (0cc5b18f-5b22-42ed-bafd-5e38fb684f72)
2019-07-29 08:43:20.742 22704 RALLYDEBUG rally_openstack.cleanup.manager [-] Deleting neutron.network object s_rally_8e23be6c_Nkx9o4KL (2608a1c3-f000-4dbf-aa3c-291ca1364262)
2019-07-29 08:43:20.744 22704 RALLYDEBUG rally_openstack.cleanup.manager [-] Deleting neutron.network object s_rally_8e23be6c_R4GDcXzc (2914c4d7-120f-438c-8b2e-b21c341c9306)
2019-07-29 08:43:20.748 22704 RALLYDEBUG rally_openstack.cleanup.manager [-] Deleting neutron.network object s_rally_8e23be6c_dXYYklE3 (2f5e6685-1e53-4036-93c2-2dd8897a703e)
2019-07-29 08:43:20.755 22704 RALLYDEBUG rally_openstack.cleanup.manager [-] Deleting neutron.network object s_rally_8e23be6c_YZEJ9ILO (325be04e-5566-4985-b2a7-b89efc48106f)
2019-07-29 08:43:20.758 22704 RALLYDEBUG rally_openstack.cleanup.manager [-] Deleting neutron.network object s_rally_8e23be6c_uW2qIYgp (3a169c66-e9a6-4642-8c27-1be09205d7e9)
2019-07-29 08:43:20.779 22704 RALLYDEBUG rally_openstack.cleanup.manager [-] Deleting neutron.network object s_rally_8e23be6c_MeC16wjE (3cd07bc0-9c31-46a8-a40b-4915d277d5eb)
2019-07-29 08:43:20.786 22704 RALLYDEBUG rally_openstack.cleanup.manager [-] Deleting neutron.network object s_rally_8e23be6c_8qGXFRtI (4237ba4b-3749-49fd-b814-a2e9575d0bce)
2019-07-29 08:43:20.799 22704 RALLYDEBUG rally_openstack.cleanup.manager [-] Deleting neutron.network object s_rally_8e23be6c_2cWN4XuK (4eab0a95-cbe3-4a52-b670-b3567310a998)
2019-07-29 08:43:20.800 22704 RALLYDEBUG rally_openstack.cleanup.manager [-] Deleting neutron.network object s_rally_8e23be6c_SJi13h3d (57ef9b04-5b9f-47c6-b301-85bc3ea14942)
2019-07-29 08:43:20.811 22704 RALLYDEBUG rally_openstack.cleanup.manager [-] Deleting neutron.network object s_rally_8e23be6c_Yeh26rdb (5a68cdf8-08f3-4a5e-b239-cd4ceca47616)
2019-07-29 08:43:20.819 22704 RALLYDEBUG rally_openstack.cleanup.manager [-] Deleting neutron.network object s_rally_8e23be6c_s9d75IiD (5d20bc73-39e4-44b6-b05d-0d251b32ad74)
2019-07-29 08:43:20.827 22704 RALLYDEBUG rally_openstack.cleanup.manager [-] Deleting neutron.network object s_rally_8e23be6c_QmRJ6dHs (5d93a1c5-9a8e-46e7-9b45-5984629ff9fe)
2019-07-29 08:43:20.827 22704 RALLYDEBUG rally_openstack.cleanup.manager [-] Deleting neutron.network object s_rally_8e23be6c_mOMaZlr9 (5fd7de33-899a-46fc-9562-9003d60013c9)
2019-07-29 08:43:20.844 22704 RALLYDEBUG rally_openstack.cleanup.manager [-] Deleting neutron.network object s_rally_8e23be6c_DPGYeeMJ (7868070d-2b63-4f05-97b4-499fb5870c53)
2019-07-29 08:43:20.848 22704 RALLYDEBUG rally_openstack.cleanup.manager [-] Deleting neutron.network object s_rally_8e23be6c_u7NOg49C (72eac5f0-fde1-43f0-a642-e214f358f644)
2019-07-29 08:43:20.863 22704 RALLYDEBUG rally_openstack.cleanup.manager [-] Deleting neutron.network object s_rally_8e23be6c_Y8ydl543 (83931adf-24e0-460a-8431-660d811913db)
2019-07-29 08:43:23.565 22704 RALLYDEBUG rally_openstack.cleanup.manager [-] Deleting neutron.network object s_rally_8e23be6c_B9GqlW21 (8cdb3425-e765-4fe1-9f50-498f4da4952e)
2019-07-29 08:43:23.692 22704 RALLYDEBUG rally_openstack.cleanup.manager [-] Deleting neutron.network object s_rally_8e23be6c_FkdPzRop (903d83d3-d6d5-43d3-9bea-14a7e6fb2a7c)
2019-07-29 08:43:23.798 22704 RALLYDEBUG rally_openstack.cleanup.manager [-] Deleting neutron.network object s_rally_8e23be6c_qymXHktp (95911f49-e994-45bf-b930-720b9719ad10)
2019-07-29 08:43:24.037 22704 RALLYDEBUG rally_openstack.cleanup.manager [-] Deleting neutron.network object s_rally_8e23be6c_jx76Xqas (96e5ce70-3daa-4fa5-a2c9-dfde11758a15)
2019-07-29 08:43:24.072 22704 RALLYDEBUG rally_openstack.cleanup.manager [-] Deleting neutron.network object s_rally_8e23be6c_KYHH1IWc (9cd14c5a-1af1-4ae4-81a4-a0ac25180d9a)
2019-07-29 08:43:24.179 22704 RALLYDEBUG rally_openstack.cleanup.manager [-] Deleting neutron.network object s_rally_8e23be6c_Cz80Fj4W (a5c8e4c6-4456-40f3-9a18-5a2bc46eb758)
2019-07-29 08:43:24.179 22704 RALLYDEBUG rally_openstack.cleanup.manager [-] Deleting neutron.network object s_rally_8e23be6c_rBgKmRJg (a0a1e17f-e09f-4e62-a2c6-b9de3c693db7)
2019-07-29 08:43:24.258 22704 RALLYDEBUG rally_openstack.cleanup.manager [-] Deleting neutron.network object s_rally_8e23be6c_Nux5M2xk (a7295366-225c-4113-9b3d-56181a0cbf74)
2019-07-29 08:43:24.464 22704 RALLYDEBUG rally_openstack.cleanup.manager [-] Deleting neutron.network object s_rally_8e23be6c_wXShBnaZ (a904b803-6d5a-49ee-8d27-27201d3e62e6)
2019-07-29 08:43:24.491 22704 RALLYDEBUG rally_openstack.cleanup.manager [-] Deleting neutron.network object s_rally_8e23be6c_0mDRGvEZ (a91bad72-278e-405d-a253-609817166c57)
2019-07-29 08:43:24.642 22704 RALLYDEBUG rally_openstack.cleanup.manager [-] Deleting neutron.network object s_rally_8e23be6c_Q9HaV3p6 (aa28e4b4-a64e-4187-8968-014697a86269)
2019-07-29 08:43:24.691 22704 RALLYDEBUG rally_openstack.cleanup.manager [-] Deleting neutron.network object s_rally_8e23be6c_zNssLlP7 (b1c53617-51ee-4b04-ad20-555a9f031778)
2019-07-29 08:43:24.691 22704 RALLYDEBUG rally_openstack.cleanup.manager [-] Deleting neutron.network object s_rally_8e23be6c_CwzWg7QP (b29bd4fd-41cf-4f3b-83b6-1ddada05b29b)
2019-07-29 08:43:24.713 22704 RALLYDEBUG rally_openstack.cleanup.manager [-] Deleting neutron.network object s_rally_8e23be6c_JIFU62QL (ba0fb6d6-b2a6-43f8-8158-7eaa1bcb7dcd)
2019-07-29 08:43:24.867 22704 RALLYDEBUG rally_openstack.cleanup.manager [-] Deleting neutron.network object s_rally_8e23be6c_dd4e9Qp5 (cc0e7260-9239-42d7-acb5-89217b96d5c1)
2019-07-29 08:43:25.510 22704 RALLYDEBUG rally_openstack.cleanup.manager [-] Deleting neutron.network object s_rally_8e23be6c_UWyezF3j (dff26fdf-e99f-4f59-b0ae-0d3f49973669)
2019-07-29 08:43:25.872 22704 RALLYDEBUG rally_openstack.cleanup.manager [-] Deleting neutron.network object s_rally_8e23be6c_KVqlQJ8q (e30d21e2-a6da-4431-8508-8cfd2a8c84ff)
2019-07-29 08:43:26.025 22704 RALLYDEBUG rally_openstack.cleanup.manager [-] Deleting neutron.network object s_rally_8e23be6c_83hLCXoY (f3c6424a-55e2-4232-81fd-67da86eefd75)
2019-07-29 08:43:26.308 22704 RALLYDEBUG rally_openstack.cleanup.manager [-] Deleting neutron.network object s_rally_8e23be6c_KBpV9rqh (f5d388bd-acca-4da2-b6cd-723d2359f1a2)
2019-07-29 08:43:26.433 22704 RALLYDEBUG rally_openstack.cleanup.manager [-] Deleting neutron.network object s_rally_8e23be6c_vYY6nCZl (ff4a103a-ef13-47f5-bf18-50c2c66759d9)
2019-07-29 08:43:29.137 22704 RALLYDEBUG rally_openstack.cleanup.manager [-] Cleaning up neutron router objects
2019-07-29 08:43:29.833 22704 RALLYDEBUG rally_openstack.cleanup.manager [-] Cleaning up neutron security_group objects
2019-07-29 08:43:30.511 22704 INFO rally.task.context [-] Task 8b3a5eca-9dc2-4c92-b181-10c4a2808dbb | Context cleanup@openstack cleanup() finished in 16.37 sec
2019-07-29 08:43:30.512 22704 INFO rally.task.context [-] Task 8b3a5eca-9dc2-4c92-b181-10c4a2808dbb | Context quotas@openstack cleanup() started
2019-07-29 08:43:30.754 22704 INFO rally.task.context [-] Task 8b3a5eca-9dc2-4c92-b181-10c4a2808dbb | Context quotas@openstack cleanup() finished in 0.24 sec
2019-07-29 08:43:30.755 22704 INFO rally.task.context [-] Task 8b3a5eca-9dc2-4c92-b181-10c4a2808dbb | Context users@openstack cleanup() started
2019-07-29 08:43:36.728 22704 INFO rally.task.context [-] Task 8b3a5eca-9dc2-4c92-b181-10c4a2808dbb | Context users@openstack cleanup() finished in 5.97 sec
2019-07-29 08:43:37.496 22704 INFO rally.task.engine [-] Load duration is: 31.238384
2019-07-29 08:43:37.496 22704 INFO rally.task.engine [-] Full runner duration is: 31.284585
2019-07-29 08:43:37.496 22704 INFO rally.task.engine [-] Full duration is: 61.457688
2019-07-29 08:43:37.764 22704 INFO rally.task.engine [-] Running workload: position = 0 config = { "version": 2, "title": "A cropped version of a bigger task.", "description": "Auto-generated task from a single workload (uuid=00e168eb-740b-4d76-82e7-cf4e72535b0f)", "subtasks": [ { "title": "NeutronNetworks.create_and_list_routers", "description": "Create and a given number of routers and list all routers.", "scenario": { "NeutronNetworks.create_and_list_routers": { "network_create_args": null, "subnet_create_args": null, "subnet_cidr_start": "1.1.0.0/30", "subnets_per_network": 2, "router_create_args": null } }, "contexts": { "users": { "tenants": 1, "users_per_tenant": 1 }, "quotas": { "neutron": { "network": -1, "subnet": -1, "router": -1 } } }, "runner": { "constant": { "times": 40, "concurrency": 20 } }, "hooks": [], "sla": { "failure_rate": { "max": 0 } } } ] }
2019-07-29 08:43:37.788 22704 RALLYDEBUG rally_openstack.contexts.keystone.users [-] Creating 1 tenants using 20 threads
2019-07-29 08:43:40.712 22704 RALLYDEBUG rally_openstack.contexts.keystone.users [-] Creating 1 users using 20 threads
2019-07-29 08:43:45.570 22704 INFO rally.task.context [-] Task 8b3a5eca-9dc2-4c92-b181-10c4a2808dbb | Context users@openstack setup() finished in 7.78 sec
2019-07-29 08:43:46.358 22704 INFO rally.task.context [-] Task 8b3a5eca-9dc2-4c92-b181-10c4a2808dbb | Context quotas@openstack setup() finished in 0.79 sec
2019-07-29 08:43:46.359 22704 INFO rally.task.context [-] Task 8b3a5eca-9dc2-4c92-b181-10c4a2808dbb | Context cleanup@openstack setup() finished in 0.01 msec
2019-07-29 08:43:46.367 22704 RALLYDEBUG rally.task.runner [-] Starting the constant runner (task UUID: 8b3a5eca-9dc2-4c92-b181-10c4a2808dbb). timeout: 0 concurrency: 20 concurrency_per_worker: 1 times: 40 concurrency_overhead: 4 processes_to_start: 16 max_cpu_used: 16
2019-07-29 08:43:46.378 25168 RALLYDEBUG rally.task.runner [-] Starting a worker. concurrency: 2 args: {"network_create_args": null, "subnet_create_args": null, "subnet_cidr_start": "1.1.0.0/30", "subnets_per_network": 2, "router_create_args": null} times: 40 method_name: run timeout: 0 duration: None cls:
2019-07-29 08:43:46.381 25169 RALLYDEBUG rally.task.runner [-] Starting a worker. concurrency: 2 args: {"network_create_args": null, "subnet_create_args": null, "subnet_cidr_start": "1.1.0.0/30", "subnets_per_network": 2, "router_create_args": null} times: 40 method_name: run timeout: 0 duration: None cls:
2019-07-29 08:43:46.383 25170 RALLYDEBUG rally.task.runner [-] Starting a worker. concurrency: 2 args: {"network_create_args": null, "subnet_create_args": null, "subnet_cidr_start": "1.1.0.0/30", "subnets_per_network": 2, "router_create_args": null} times: 40 method_name: run timeout: 0 duration: None cls:
2019-07-29 08:43:46.385 25168 INFO rally.task.runner [-] Task 8b3a5eca-9dc2-4c92-b181-10c4a2808dbb | ITER: 1 START
2019-07-29 08:43:46.387 25171 RALLYDEBUG rally.task.runner [-] Starting a worker. concurrency: 2 args: {"network_create_args": null, "subnet_create_args": null, "subnet_cidr_start": "1.1.0.0/30", "subnets_per_network": 2, "router_create_args": null} times: 40 method_name: run timeout: 0 duration: None cls:
2019-07-29 08:43:46.390 25170 INFO rally.task.runner [-] Task 8b3a5eca-9dc2-4c92-b181-10c4a2808dbb | ITER: 4 START
2019-07-29 08:43:46.390 25169 INFO rally.task.runner [-] Task 8b3a5eca-9dc2-4c92-b181-10c4a2808dbb | ITER: 5 START
2019-07-29 08:43:46.392 25174 RALLYDEBUG rally.task.runner [-] Starting a worker. concurrency: 1 args: {"network_create_args": null, "subnet_create_args": null, "subnet_cidr_start": "1.1.0.0/30", "subnets_per_network": 2, "router_create_args": null} times: 40 method_name: run timeout: 0 duration: None cls:
2019-07-29 08:43:46.394 25168 INFO rally.task.runner [-] Task 8b3a5eca-9dc2-4c92-b181-10c4a2808dbb | ITER: 3 START
2019-07-29 08:43:46.391 25170 INFO rally.task.runner [-] Task 8b3a5eca-9dc2-4c92-b181-10c4a2808dbb | ITER: 6 START
2019-07-29 08:43:46.396 25171 INFO rally.task.runner [-] Task 8b3a5eca-9dc2-4c92-b181-10c4a2808dbb | ITER: 7 START
2019-07-29 08:43:46.391 25169 INFO rally.task.runner [-] Task 8b3a5eca-9dc2-4c92-b181-10c4a2808dbb | ITER: 2 START
2019-07-29 08:43:46.397 25171 INFO rally.task.runner [-] Task 8b3a5eca-9dc2-4c92-b181-10c4a2808dbb | ITER: 8 START
2019-07-29 08:43:46.400 25182 RALLYDEBUG rally.task.runner [-] Starting a worker. concurrency: 1 args: {"network_create_args": null, "subnet_create_args": null, "subnet_cidr_start": "1.1.0.0/30", "subnets_per_network": 2, "router_create_args": null} times: 40 method_name: run timeout: 0 duration: None cls:
2019-07-29 08:43:46.401 25185 RALLYDEBUG rally.task.runner [-] Starting a worker. concurrency: 1 args: {"network_create_args": null, "subnet_create_args": null, "subnet_cidr_start": "1.1.0.0/30", "subnets_per_network": 2, "router_create_args": null} times: 40 method_name: run timeout: 0 duration: None cls:
2019-07-29 08:43:46.405 25174 INFO rally.task.runner [-] Task 8b3a5eca-9dc2-4c92-b181-10c4a2808dbb | ITER: 9 START
2019-07-29 08:43:46.407 25182 INFO rally.task.runner [-] Task 8b3a5eca-9dc2-4c92-b181-10c4a2808dbb | ITER: 10 START
2019-07-29 08:43:46.407 25185 INFO rally.task.runner [-] Task 8b3a5eca-9dc2-4c92-b181-10c4a2808dbb | ITER: 11 START
2019-07-29 08:43:46.410 25188 RALLYDEBUG rally.task.runner [-] Starting a worker. concurrency: 1 args: {"network_create_args": null, "subnet_create_args": null, "subnet_cidr_start": "1.1.0.0/30", "subnets_per_network": 2, "router_create_args": null} times: 40 method_name: run timeout: 0 duration: None cls:
2019-07-29 08:43:46.417 25188 INFO rally.task.runner [-] Task 8b3a5eca-9dc2-4c92-b181-10c4a2808dbb | ITER: 12 START
2019-07-29 08:43:46.416 25193 RALLYDEBUG rally.task.runner [-] Starting a worker. concurrency: 1 args: {"network_create_args": null, "subnet_create_args": null, "subnet_cidr_start": "1.1.0.0/30", "subnets_per_network": 2, "router_create_args": null} times: 40 method_name: run timeout: 0 duration: None cls:
2019-07-29 08:43:46.418 25195 RALLYDEBUG rally.task.runner [-] Starting a worker. concurrency: 1 args: {"network_create_args": null, "subnet_create_args": null, "subnet_cidr_start": "1.1.0.0/30", "subnets_per_network": 2, "router_create_args": null} times: 40 method_name: run timeout: 0 duration: None cls:
2019-07-29 08:43:46.423 25196 RALLYDEBUG rally.task.runner [-] Starting a worker. concurrency: 1 args: {"network_create_args": null, "subnet_create_args": null, "subnet_cidr_start": "1.1.0.0/30", "subnets_per_network": 2, "router_create_args": null} times: 40 method_name: run timeout: 0 duration: None cls:
2019-07-29 08:43:46.423 25195 INFO rally.task.runner [-] Task 8b3a5eca-9dc2-4c92-b181-10c4a2808dbb | ITER: 14 START
2019-07-29 08:43:46.424 25199 RALLYDEBUG rally.task.runner [-] Starting a worker. concurrency: 1 args: {"network_create_args": null, "subnet_create_args": null, "subnet_cidr_start": "1.1.0.0/30", "subnets_per_network": 2, "router_create_args": null} times: 40 method_name: run timeout: 0 duration: None cls:
2019-07-29 08:43:46.427 25193 INFO rally.task.runner [-] Task 8b3a5eca-9dc2-4c92-b181-10c4a2808dbb | ITER: 13 START
2019-07-29 08:43:46.428 25196 INFO rally.task.runner [-] Task 8b3a5eca-9dc2-4c92-b181-10c4a2808dbb | ITER: 15 START
2019-07-29 08:43:46.432 25199 INFO rally.task.runner [-] Task 8b3a5eca-9dc2-4c92-b181-10c4a2808dbb | ITER: 16 START
2019-07-29 08:43:46.440 25210 RALLYDEBUG rally.task.runner [-] Starting a worker. concurrency: 1 args: {"network_create_args": null, "subnet_create_args": null, "subnet_cidr_start": "1.1.0.0/30", "subnets_per_network": 2, "router_create_args": null} times: 40 method_name: run timeout: 0 duration: None cls:
2019-07-29 08:43:46.443 25207 RALLYDEBUG rally.task.runner [-] Starting a worker. concurrency: 1 args: {"network_create_args": null, "subnet_create_args": null, "subnet_cidr_start": "1.1.0.0/30", "subnets_per_network": 2, "router_create_args": null} times: 40 method_name: run timeout: 0 duration: None cls:
2019-07-29 08:43:46.443 25200 RALLYDEBUG rally.task.runner [-] Starting a worker. concurrency: 1 args: {"network_create_args": null, "subnet_create_args": null, "subnet_cidr_start": "1.1.0.0/30", "subnets_per_network": 2, "router_create_args": null} times: 40 method_name: run timeout: 0 duration: None cls:
2019-07-29 08:43:46.446 25210 INFO rally.task.runner [-] Task 8b3a5eca-9dc2-4c92-b181-10c4a2808dbb | ITER: 17 START
2019-07-29 08:43:46.447 25207 INFO rally.task.runner [-] Task 8b3a5eca-9dc2-4c92-b181-10c4a2808dbb | ITER: 18 START
2019-07-29 08:43:46.448 25200 INFO rally.task.runner [-] Task 8b3a5eca-9dc2-4c92-b181-10c4a2808dbb | ITER: 19 START
2019-07-29 08:43:46.448 25211 RALLYDEBUG rally.task.runner [-] Starting a worker. concurrency: 1 args: {"network_create_args": null, "subnet_create_args": null, "subnet_cidr_start": "1.1.0.0/30", "subnets_per_network": 2, "router_create_args": null} times: 40 method_name: run timeout: 0 duration: None cls:
2019-07-29 08:43:46.452 25211 INFO rally.task.runner [-] Task 8b3a5eca-9dc2-4c92-b181-10c4a2808dbb | ITER: 20 START
2019-07-29 08:43:48.079 25168 RALLYDEBUG rally_openstack.wrappers.network [-] CIDR generated: 1.1.5.160/30
2019-07-29 08:43:48.126 25193 RALLYDEBUG rally_openstack.wrappers.network [-] CIDR generated: 1.1.5.164/30
2019-07-29 08:43:48.162 25185 RALLYDEBUG rally_openstack.wrappers.network [-] CIDR generated: 1.1.5.168/30
2019-07-29 08:43:48.186 25174 RALLYDEBUG rally_openstack.wrappers.network [-] CIDR generated: 1.1.5.172/30
2019-07-29 08:43:48.199 25199 RALLYDEBUG rally_openstack.wrappers.network [-] CIDR generated: 1.1.5.176/30
2019-07-29 08:43:48.210 25171 RALLYDEBUG rally_openstack.wrappers.network [-] CIDR generated: 1.1.5.180/30
2019-07-29 08:43:48.258 25169 RALLYDEBUG rally_openstack.wrappers.network [-] CIDR generated: 1.1.5.184/30
2019-07-29 08:43:48.261 25211 RALLYDEBUG rally_openstack.wrappers.network [-] CIDR generated: 1.1.5.188/30
2019-07-29 08:43:48.318 25188 RALLYDEBUG rally_openstack.wrappers.network [-] CIDR generated: 1.1.5.192/30
2019-07-29 08:43:48.330 25200 RALLYDEBUG rally_openstack.wrappers.network [-] CIDR generated: 1.1.5.196/30
2019-07-29 08:43:48.343 25196 RALLYDEBUG rally_openstack.wrappers.network [-] CIDR generated: 1.1.5.200/30
2019-07-29 08:43:48.390 25182 RALLYDEBUG rally_openstack.wrappers.network [-] CIDR generated: 1.1.5.204/30
2019-07-29 08:43:48.417 25210 RALLYDEBUG rally_openstack.wrappers.network [-] CIDR generated: 1.1.5.208/30
2019-07-29 08:43:48.438 25169 RALLYDEBUG rally_openstack.wrappers.network [-] CIDR generated: 1.1.5.212/30
2019-07-29 08:43:48.451 25171 RALLYDEBUG rally_openstack.wrappers.network [-] CIDR generated: 1.1.5.216/30
2019-07-29 08:43:48.468 25170 RALLYDEBUG rally_openstack.wrappers.network [-] CIDR generated: 1.1.5.220/30
2019-07-29 08:43:48.504 25170 RALLYDEBUG rally_openstack.wrappers.network [-] CIDR generated: 1.1.5.224/30
2019-07-29 08:43:48.541 25207 RALLYDEBUG rally_openstack.wrappers.network [-] CIDR generated: 1.1.5.228/30
2019-07-29 08:43:48.566 25195 RALLYDEBUG rally_openstack.wrappers.network [-] CIDR generated: 1.1.5.232/30
2019-07-29 08:43:48.621 25168 RALLYDEBUG rally_openstack.wrappers.network [-] CIDR generated: 1.1.5.236/30
2019-07-29 08:43:49.918 25171 RALLYDEBUG rally_openstack.wrappers.network [-] CIDR generated: 1.1.5.240/30
2019-07-29 08:43:49.960 25193 RALLYDEBUG rally_openstack.wrappers.network [-] CIDR generated: 1.1.5.244/30
2019-07-29 08:43:50.023 25195 RALLYDEBUG rally_openstack.wrappers.network [-] CIDR generated: 1.1.5.248/30
2019-07-29 08:43:50.037 25170 RALLYDEBUG rally_openstack.wrappers.network [-] CIDR generated: 1.1.5.252/30
2019-07-29 08:43:50.202 25200 RALLYDEBUG rally_openstack.wrappers.network [-] CIDR generated: 1.1.6.0/30
2019-07-29 08:43:50.296 25174 RALLYDEBUG rally_openstack.wrappers.network [-] CIDR generated: 1.1.6.4/30
2019-07-29 08:43:50.337 25196 RALLYDEBUG rally_openstack.wrappers.network [-] CIDR generated: 1.1.6.8/30
2019-07-29 08:43:50.485 25182 RALLYDEBUG rally_openstack.wrappers.network [-] CIDR generated: 1.1.6.12/30
2019-07-29 08:43:50.531 25168 RALLYDEBUG rally_openstack.wrappers.network [-] CIDR generated: 1.1.6.16/30
2019-07-29 08:43:50.684 25185 RALLYDEBUG rally_openstack.wrappers.network [-] CIDR generated: 1.1.6.20/30
2019-07-29 08:43:51.015 25188 RALLYDEBUG rally_openstack.wrappers.network [-] CIDR generated: 1.1.6.24/30
2019-07-29 08:43:51.151 25169 RALLYDEBUG rally_openstack.wrappers.network [-] CIDR generated: 1.1.6.28/30
2019-07-29 08:43:51.187 25168 RALLYDEBUG rally_openstack.wrappers.network [-] CIDR generated: 1.1.6.32/30
2019-07-29 08:43:51.480 25171 RALLYDEBUG rally_openstack.wrappers.network [-] CIDR generated: 1.1.6.36/30
2019-07-29 08:43:51.524 25207 RALLYDEBUG rally_openstack.wrappers.network [-] CIDR generated: 1.1.6.40/30
2019-07-29 08:43:51.734 25199 RALLYDEBUG rally_openstack.wrappers.network [-] CIDR generated: 1.1.6.44/30
2019-07-29 08:43:51.745 25170 RALLYDEBUG rally_openstack.wrappers.network [-] CIDR generated: 1.1.6.48/30
2019-07-29 08:43:51.810 25211 RALLYDEBUG rally_openstack.wrappers.network [-] CIDR generated: 1.1.6.52/30
2019-07-29 08:43:51.924 25210 RALLYDEBUG rally_openstack.wrappers.network [-] CIDR generated: 1.1.6.56/30
2019-07-29 08:43:52.222 25169 RALLYDEBUG rally_openstack.wrappers.network [-] CIDR generated: 1.1.6.60/30
2019-07-29 08:44:16.321 25182 INFO rally.task.runner [-] Task 8b3a5eca-9dc2-4c92-b181-10c4a2808dbb | ITER: 10 END: OK
2019-07-29 08:44:16.326 25182 INFO rally.task.runner [-] Task 8b3a5eca-9dc2-4c92-b181-10c4a2808dbb | ITER: 21 START
2019-07-29 08:44:16.887 25210 INFO rally.task.runner [-] Task 8b3a5eca-9dc2-4c92-b181-10c4a2808dbb | ITER: 17 END: OK
2019-07-29 08:44:16.892 25210 INFO rally.task.runner [-] Task 8b3a5eca-9dc2-4c92-b181-10c4a2808dbb | ITER: 22 START
2019-07-29 08:44:17.569 25171 INFO rally.task.runner [-] Task 8b3a5eca-9dc2-4c92-b181-10c4a2808dbb | ITER: 8 END: OK
2019-07-29 08:44:17.577 25171 INFO rally.task.runner [-] Task 8b3a5eca-9dc2-4c92-b181-10c4a2808dbb | ITER: 23 START
2019-07-29 08:44:17.784 25182 RALLYDEBUG rally_openstack.wrappers.network [-] CIDR generated: 1.1.6.64/30
2019-07-29 08:44:18.010 25210 RALLYDEBUG rally_openstack.wrappers.network [-] CIDR generated: 1.1.6.68/30
2019-07-29 08:44:18.686 25169 INFO rally.task.runner [-] Task 8b3a5eca-9dc2-4c92-b181-10c4a2808dbb | ITER: 2 END: OK
2019-07-29 08:44:18.693 25169 INFO rally.task.runner [-] Task 8b3a5eca-9dc2-4c92-b181-10c4a2808dbb | ITER: 24 START
2019-07-29 08:44:18.730 25171 RALLYDEBUG rally_openstack.wrappers.network [-] CIDR generated: 1.1.6.72/30
2019-07-29 08:44:18.888 25200 INFO rally.task.runner [-] Task 8b3a5eca-9dc2-4c92-b181-10c4a2808dbb | ITER: 19 END: OK
