2019-07-29 08:56:46.873 22704 RALLYDEBUG rally_openstack.cleanup.manager [-] Deleting neutron.port object s_rally_5a80b067_tmXCLk3q (5a2441c0-8c72-450e-a967-0fea46f6d4d0)
2019-07-29 08:56:46.893 22704 RALLYDEBUG rally_openstack.cleanup.manager [-] Deleting neutron.port object s_rally_5a80b067_4vfItZwg (5adeeb72-df44-48c0-89d1-d4b590914781)
2019-07-29 08:56:47.217 22704 RALLYDEBUG rally_openstack.cleanup.manager [-] Deleting neutron.port object s_rally_5a80b067_jvyJIlWe (5d7ae844-aacc-4941-900b-cf34fda08482)
2019-07-29 08:56:47.281 22704 RALLYDEBUG rally_openstack.cleanup.manager [-] Deleting neutron.port object s_rally_5a80b067_aEdYXHws (5e02a7cc-e257-4961-b090-9ccef6a0b75e)
2019-07-29 08:56:47.304 22704 RALLYDEBUG rally_openstack.cleanup.manager [-] Deleting neutron.port object s_rally_5a80b067_aEAH2FnC (5fa7288a-49b2-49e6-a2cb-825f698a0712)
2019-07-29 08:56:47.561 22704 RALLYDEBUG rally_openstack.cleanup.manager [-] Deleting neutron.port object s_rally_5a80b067_Aw3bz3CL (60f527bf-387e-400c-b198-466366bec149)
2019-07-29 08:56:47.598 22704 RALLYDEBUG rally_openstack.cleanup.manager [-] Deleting neutron.port object s_rally_5a80b067_Mj5S2YCf (629c3128-0605-4156-9cb6-3583e3f0c6fb)
2019-07-29 08:56:47.904 22704 RALLYDEBUG rally_openstack.cleanup.manager [-] Deleting neutron.port object s_rally_5a80b067_ydtqEWIp (65d6009c-409b-4d82-abb4-34d5151663ad)
2019-07-29 08:56:48.070 22704 RALLYDEBUG rally_openstack.cleanup.manager [-] Deleting neutron.port object s_rally_5a80b067_9BuuV8Ak (67d3b7e8-ac9a-4642-81ee-ca0e9028551b)
2019-07-29 08:56:48.091 22704 RALLYDEBUG rally_openstack.cleanup.manager [-] Deleting neutron.port object s_rally_5a80b067_ngJrkMIp (69c14497-121d-475a-afbe-764ee9766925)
2019-07-29 08:56:48.164 22704 RALLYDEBUG rally_openstack.cleanup.manager [-] Deleting neutron.port object s_rally_5a80b067_UuQqTPfA (69d3c97f-9921-467e-be83-1013b42162b8)
2019-07-29 08:56:48.218 22704 RALLYDEBUG rally_openstack.cleanup.manager [-] Deleting neutron.port object s_rally_5a80b067_oMe1aj3I (6b2780bb-bdc2-4de0-9eea-2e5514328e85)
2019-07-29 08:56:48.412 22704 RALLYDEBUG rally_openstack.cleanup.manager [-] Deleting neutron.port object s_rally_5a80b067_omh7LsT0 (6d4374ae-9f60-4954-b613-d3ee1dbdacb8)
2019-07-29 08:56:48.525 22704 RALLYDEBUG rally_openstack.cleanup.manager [-] Deleting neutron.port object s_rally_5a80b067_eRRDfgrx (6f4f1736-07b2-4414-a085-d7dc732137f5)
2019-07-29 08:56:48.692 22704 RALLYDEBUG rally_openstack.cleanup.manager [-] Deleting neutron.port object s_rally_5a80b067_kCe0Giim (70971a94-ae5d-405d-b0d0-0c6a8000071d)
2019-07-29 08:56:48.745 22704 RALLYDEBUG rally_openstack.cleanup.manager [-] Deleting neutron.port object s_rally_5a80b067_fHoN2UwD (7128968e-e1a4-4229-bce5-520b64c58213)
2019-07-29 08:56:48.982 22704 RALLYDEBUG rally_openstack.cleanup.manager [-] Deleting neutron.port object s_rally_5a80b067_zt8ITKD6 (71346910-dcd0-4861-98e2-058ae4238400)
2019-07-29 08:56:49.021 22704 RALLYDEBUG rally_openstack.cleanup.manager [-] Deleting neutron.port object s_rally_5a80b067_SsUs9Yf4 (72964d67-520b-495a-acb1-d5df048ce5a9)
2019-07-29 08:56:49.107 22704 RALLYDEBUG rally_openstack.cleanup.manager [-] Deleting neutron.port object s_rally_5a80b067_qe0yqIMp (72e58c9f-580f-4bf0-b9f6-7267604dc4cc)
2019-07-29 08:56:49.204 22704 RALLYDEBUG rally_openstack.cleanup.manager [-] Deleting neutron.port object s_rally_5a80b067_lD0XiO1W (759ab42b-5312-416c-9eaa-af54c66f5cda)
2019-07-29 08:56:49.341 22704 RALLYDEBUG rally_openstack.cleanup.manager [-] Deleting neutron.port object s_rally_5a80b067_BAagA5pv (77a5eb9f-ddb7-47bc-9315-5aa23c302be3)
2019-07-29 08:56:49.474 22704 RALLYDEBUG rally_openstack.cleanup.manager [-] Deleting neutron.port object s_rally_5a80b067_4vNPC0LX (7848ff3e-35a0-4eab-b6a2-1432b74ee77e)
2019-07-29 08:56:49.631 22704 RALLYDEBUG rally_openstack.cleanup.manager [-] Deleting neutron.port object s_rally_5a80b067_0tM41S2z (791ab7a2-29b9-4dd6-91c2-67f9181b83ca)
2019-07-29 08:56:49.667 22704 RALLYDEBUG rally_openstack.cleanup.manager [-] Deleting neutron.port object s_rally_5a80b067_FEtWZjSk (793672a3-4b6d-4fc6-ae6f-d24d27f27e32)
2019-07-29 08:56:49.707 22704 RALLYDEBUG rally_openstack.cleanup.manager [-] Deleting neutron.port object s_rally_5a80b067_A1kjfGl5 (79c86540-361d-4521-b759-51a8811361a0)
2019-07-29 08:56:49.782 22704 RALLYDEBUG rally_openstack.cleanup.manager [-] Deleting neutron.port object s_rally_5a80b067_v0nrB6Ol (7a10d490-3070-4b84-a938-f716b9a994f1)
2019-07-29 08:56:49.845 22704 RALLYDEBUG rally_openstack.cleanup.manager [-] Deleting neutron.port object s_rally_5a80b067_aFZJDyTt (7bdf3c35-d8a4-4f6d-a1c5-6436ff57c375)
2019-07-29 08:56:50.148 22704 RALLYDEBUG rally_openstack.cleanup.manager [-] Deleting neutron.port object s_rally_5a80b067_CzHtPuSA (7ed81909-c2d6-4539-8460-12195bc0b753)
2019-07-29 08:56:50.228 22704 RALLYDEBUG rally_openstack.cleanup.manager [-] Deleting neutron.port object s_rally_5a80b067_WGFL1Wod (80f4a679-3db2-437a-8e1f-55692c6be27e)
2019-07-29 08:56:50.448 22704 RALLYDEBUG rally_openstack.cleanup.manager [-] Deleting neutron.port object s_rally_5a80b067_BbTtUAIG (820724e8-4dad-4ce1-b955-2ac597f01f26)
2019-07-29 08:56:50.525 22704 RALLYDEBUG rally_openstack.cleanup.manager [-] Deleting neutron.port object s_rally_5a80b067_5cu5cukg (82590b7a-58d2-4d32-b5d0-eef19160ad46)
2019-07-29 08:56:50.744 22704 RALLYDEBUG rally_openstack.cleanup.manager [-] Deleting neutron.port object s_rally_5a80b067_qKGkAIJi (8555a1fc-1110-4d40-9779-0ae3fe49a016)
2019-07-29 08:56:50.840 22704 RALLYDEBUG rally_openstack.cleanup.manager [-] Deleting neutron.port object s_rally_5a80b067_RdXdjITd (856c30e7-92b0-43e4-af08-281f86a3f801)
2019-07-29 08:56:50.888 22704 RALLYDEBUG rally_openstack.cleanup.manager [-] Deleting neutron.port object s_rally_5a80b067_MPgTuUiN (860f20b6-ef95-4e9e-b4fd-48762145886c)
2019-07-29 08:56:50.973 22704 RALLYDEBUG rally_openstack.cleanup.manager [-] Deleting neutron.port object s_rally_5a80b067_3r3rhw1O (86bc7861-1651-4352-853c-20cc23c9b502)
2019-07-29 08:56:50.976 22704 RALLYDEBUG rally_openstack.cleanup.manager [-] Deleting neutron.port object s_rally_5a80b067_FeITeiFZ (866ed6cc-4a55-4886-bb2e-62994a5c33ad)
2019-07-29 08:56:51.246 22704 RALLYDEBUG rally_openstack.cleanup.manager [-] Deleting neutron.port object s_rally_5a80b067_QUIDNxUN (86eec9a9-b893-4b23-86f1-6038107bf01b)
2019-07-29 08:56:51.357 22704 RALLYDEBUG rally_openstack.cleanup.manager [-] Deleting neutron.port object s_rally_5a80b067_wkpZm8xq (88aed011-d63c-4c3a-8d4e-a8bf6a778895)
2019-07-29 08:56:51.494 22704 RALLYDEBUG rally_openstack.cleanup.manager [-] Deleting neutron.port object s_rally_5a80b067_WxDxVJgg (890bd458-cb61-48cd-a03c-54eb981ab295)
2019-07-29 08:56:51.613 22704 RALLYDEBUG rally_openstack.cleanup.manager [-] Deleting neutron.port object s_rally_5a80b067_1FjENtwU (8921a23e-ca3f-4766-ae27-310c86c3caa6)
2019-07-29 08:56:51.809 22704 RALLYDEBUG rally_openstack.cleanup.manager [-] Deleting neutron.port object s_rally_5a80b067_Uc5RIPJe (8a73208e-aefb-41b8-8327-8c15649c7039)
2019-07-29 08:56:51.839 22704 RALLYDEBUG rally_openstack.cleanup.manager [-] Deleting neutron.port object s_rally_5a80b067_s99Ursgi (8bddbe31-a802-48d2-8fcf-1e488bc5b003)
2019-07-29 08:56:51.843 22704 RALLYDEBUG rally_openstack.cleanup.manager [-] Deleting neutron.port object s_rally_5a80b067_XGBFNfeb (8c2414e6-e85d-4da3-98d3-80a34e623362)
2019-07-29 08:56:51.970 22704 RALLYDEBUG rally_openstack.cleanup.manager [-] Deleting neutron.port object s_rally_5a80b067_cPt9mfLM (8d91c4a7-203f-4ed2-8f1e-ff201d5b477d)
2019-07-29 08:56:52.021 22704 RALLYDEBUG rally_openstack.cleanup.manager [-] Deleting neutron.port object s_rally_5a80b067_7icR7UES (8e82024a-13f4-4c17-b736-b7bcb294dd79)
2019-07-29 08:56:52.106 22704 RALLYDEBUG rally_openstack.cleanup.manager [-] Deleting neutron.port object s_rally_5a80b067_Xp7gNpBM (8eff875b-2138-4e72-a48a-06d47f8ec5a3)
2019-07-29 08:56:52.308 22704 RALLYDEBUG rally_openstack.cleanup.manager [-] Deleting neutron.port object s_rally_5a80b067_R0yStRGh (8f626dcd-3558-4aa7-9c4d-0754862378c0)
2019-07-29 08:56:52.397 22704 RALLYDEBUG rally_openstack.cleanup.manager [-] Deleting neutron.port object s_rally_5a80b067_9xOflJeO (902bcea3-b940-48ed-bb29-3c1b4ca7226c)
2019-07-29 08:56:52.768 22704 RALLYDEBUG rally_openstack.cleanup.manager [-] Deleting neutron.port object s_rally_5a80b067_OrUu2rti (917f0aa2-62f2-4553-b754-c53c03d526a1)
2019-07-29 08:56:52.817 22704 RALLYDEBUG rally_openstack.cleanup.manager [-] Deleting neutron.port object s_rally_5a80b067_uA84jzrl (92b12478-73bb-4e88-958b-4666230f7954)
2019-07-29 08:56:53.045 22704 RALLYDEBUG rally_openstack.cleanup.manager [-] Deleting neutron.port object s_rally_5a80b067_1BzM1B3D (93d9b689-03c1-4641-a54e-870f3e8aa201)
2019-07-29 08:56:53.157 22704 RALLYDEBUG rally_openstack.cleanup.manager [-] Deleting neutron.port object s_rally_5a80b067_R150XJYZ (9778db6e-7fc3-4848-b121-ad1c52157857)
2019-07-29 08:56:53.169 22704 RALLYDEBUG rally_openstack.cleanup.manager [-] Deleting neutron.port object s_rally_5a80b067_vd7LuNGY (9a912c07-964c-41cd-b135-95cc82e982dc)
2019-07-29 08:56:53.173 22704 RALLYDEBUG rally_openstack.cleanup.manager [-] Deleting neutron.port object s_rally_5a80b067_FtQ1Klap (9b933977-52fe-4d75-a43a-1df6be489796)
2019-07-29 08:56:53.410 22704 RALLYDEBUG rally_openstack.cleanup.manager [-] Deleting neutron.port object s_rally_5a80b067_sHkhSrKP (9d1ce90f-7d88-49a4-92e2-2ec5a29520c7)
2019-07-29 08:56:53.819 22704 RALLYDEBUG rally_openstack.cleanup.manager [-] Deleting neutron.port object s_rally_5a80b067_2DgjL5Go (9d7a4989-679a-439d-bc23-09b26b29a783)
2019-07-29 08:56:53.857 22704 RALLYDEBUG rally_openstack.cleanup.manager [-] Deleting neutron.port object s_rally_5a80b067_h4uHDBlG (a047ea45-bd8c-4327-b951-759380e0e065)
2019-07-29 08:56:53.921 22704 RALLYDEBUG rally_openstack.cleanup.manager [-] Deleting neutron.port object s_rally_5a80b067_rpEvJQ0A (a1577e66-bb7e-4a20-b116-681b7fc196ff)
2019-07-29 08:56:53.941 22704 RALLYDEBUG rally_openstack.cleanup.manager [-] Deleting neutron.port object s_rally_5a80b067_vPdvucRG (a18bd235-df25-46c2-a941-a5fc4d98f16c)
2019-07-29 08:56:53.987 22704 RALLYDEBUG rally_openstack.cleanup.manager [-] Deleting neutron.port object s_rally_5a80b067_uEYM9h3N (a2617989-8bef-4501-b95b-d037e8858766)
2019-07-29 08:56:54.062 22704 RALLYDEBUG rally_openstack.cleanup.manager [-] Deleting neutron.port object s_rally_5a80b067_ZC4kwph2 (a2eb847f-f102-4e60-8dfd-c88219f6f83b)
2019-07-29 08:56:54.099 22704 RALLYDEBUG rally_openstack.cleanup.manager [-] Deleting neutron.port object s_rally_5a80b067_IX4sQdFJ (a38114e8-53f7-4728-903a-5b72d93fcc52)
2019-07-29 08:56:54.367 22704 RALLYDEBUG rally_openstack.cleanup.manager [-] Deleting neutron.port object s_rally_5a80b067_LM6jCWud (a3bf609b-f905-427b-838c-ef5ea95519a8)
2019-07-29 08:56:54.499 22704 RALLYDEBUG rally_openstack.cleanup.manager [-] Deleting neutron.port object s_rally_5a80b067_M7oBrSBd (a6f16bd9-caac-4ef6-a7a3-adce95dca29a)
2019-07-29 08:56:54.535 22704 RALLYDEBUG rally_openstack.cleanup.manager [-] Deleting neutron.port object s_rally_5a80b067_OvV654oD (a71aeb1e-f012-42a6-83a5-e584d7050e2c)
2019-07-29 08:56:54.675 22704 RALLYDEBUG rally_openstack.cleanup.manager [-] Deleting neutron.port object s_rally_5a80b067_nTDJC82v (a9f41d1b-52f5-4fc0-a1ef-56010dd92ae3)
2019-07-29 08:56:54.763 22704 RALLYDEBUG rally_openstack.cleanup.manager [-] Deleting neutron.port object s_rally_5a80b067_MgPGTpOg (ad6b5011-ad7f-4d9f-9c88-e108d643d8d3)
2019-07-29 08:56:54.764 22704 RALLYDEBUG rally_openstack.cleanup.manager [-] Deleting neutron.port object s_rally_5a80b067_JaVSTV9h (aa8e9a8f-e2aa-4a6d-b6a1-d548f2025ace)
2019-07-29 08:56:54.883 22704 RALLYDEBUG rally_openstack.cleanup.manager [-] Deleting neutron.port object s_rally_5a80b067_DoDZLUxY (ad879471-7555-4351-b1fa-45aaa8c571f7)
2019-07-29 08:56:55.197 22704 RALLYDEBUG rally_openstack.cleanup.manager [-] Deleting neutron.port object s_rally_5a80b067_ts9jSBEU (ade3f3ea-af57-45b6-a455-732414e33b22)
2019-07-29 08:56:55.289 22704 RALLYDEBUG rally_openstack.cleanup.manager [-] Deleting neutron.port object s_rally_5a80b067_MDln2MgI (aefe7c1a-cdeb-4cf0-aa2d-49ab6711320c)
2019-07-29 08:56:55.315 22704 RALLYDEBUG rally_openstack.cleanup.manager [-] Deleting neutron.port object s_rally_5a80b067_qzVdYxMB (b054ac53-7eb2-4881-94c9-253bea3715c1)
2019-07-29 08:56:55.875 22704 RALLYDEBUG rally_openstack.cleanup.manager [-] Deleting neutron.port object s_rally_5a80b067_nCgHjt4s (b1313b9b-f6bb-4545-8104-0b0c9b9eece1)
2019-07-29 08:56:55.884 22704 RALLYDEBUG rally_openstack.cleanup.manager [-] Deleting neutron.port object s_rally_5a80b067_9cH4RYoI (b2bc298f-5b8c-4048-9bd8-6b6c0a1d4e33)
2019-07-29 08:56:55.914 22704 RALLYDEBUG rally_openstack.cleanup.manager [-] Deleting neutron.port object s_rally_5a80b067_xl1Wg7KV (b44ebf5f-8810-4ff8-afd0-f170655b9936)
2019-07-29 08:56:56.163 22704 RALLYDEBUG rally_openstack.cleanup.manager [-] Deleting neutron.port object s_rally_5a80b067_dJK21Ziu (b581ecb4-f447-4787-a3d9-35e6426b2988)
2019-07-29 08:56:56.240 22704 RALLYDEBUG rally_openstack.cleanup.manager [-] Deleting neutron.port object s_rally_5a80b067_0RMWupmp (b5e09923-33f3-4c2c-a5a2-8c460ca14ddf)
2019-07-29 08:56:56.246 22704 RALLYDEBUG rally_openstack.cleanup.manager [-] Deleting neutron.port object s_rally_5a80b067_VnIoGvqa (b622eda2-36a7-4c51-9d06-17253af0529e)
2019-07-29 08:56:56.345 22704 RALLYDEBUG rally_openstack.cleanup.manager [-] Deleting neutron.port object s_rally_5a80b067_nxSG4cfZ (b7a790d5-f5c5-4d8c-9718-afeb67b2b087)
2019-07-29 08:56:56.433 22704 RALLYDEBUG rally_openstack.cleanup.manager [-] Deleting neutron.port object s_rally_5a80b067_QnLlJ4Mx (b8675f26-8fb0-4cb9-b736-0d2d71a97e5b)
2019-07-29 08:56:56.507 22704 RALLYDEBUG rally_openstack.cleanup.manager [-] Deleting neutron.port object s_rally_5a80b067_0QoJvYn4 (bb594c36-6383-4b86-8b82-874b4649b1ae)
2019-07-29 08:56:56.627 22704 RALLYDEBUG rally_openstack.cleanup.manager [-] Deleting neutron.port object s_rally_5a80b067_uSAobjUk (bbfdc5a0-bedb-49c7-9578-39c21e337599)
2019-07-29 08:56:56.711 22704 RALLYDEBUG rally_openstack.cleanup.manager [-] Deleting neutron.port object s_rally_5a80b067_wgbmsfAD (c15859b7-c8b6-425a-bba1-55c43929d773)
2019-07-29 08:56:56.765 22704 RALLYDEBUG rally_openstack.cleanup.manager [-] Deleting neutron.port object s_rally_5a80b067_NYO91wzY (c1ca45db-a234-47d0-947e-92a96e1bf088)
2019-07-29 08:56:56.830 22704 RALLYDEBUG rally_openstack.cleanup.manager [-] Deleting neutron.port object s_rally_5a80b067_5UK4IsSQ (c4a227c8-916a-4e1f-83ce-63281e34ffc8)
2019-07-29 08:56:56.925 22704 RALLYDEBUG rally_openstack.cleanup.manager [-] Deleting neutron.port object s_rally_5a80b067_aZAgghjE (c700de7a-6ef4-4990-9e65-27d9556c34bd)
2019-07-29 08:56:57.007 22704 RALLYDEBUG rally_openstack.cleanup.manager [-] Deleting neutron.port object s_rally_5a80b067_vS2mr95B (c7dbab48-7dcc-4696-abaa-de30aa44c6cf)
2019-07-29 08:56:57.015 22704 RALLYDEBUG rally_openstack.cleanup.manager [-] Deleting neutron.port object s_rally_5a80b067_ZUv0EtVM (c8b4447a-008e-4de3-9814-bb74db06d4a4)
2019-07-29 08:56:57.056 22704 RALLYDEBUG rally_openstack.cleanup.manager [-] Deleting neutron.port object s_rally_5a80b067_zM1gpvQM (cd2d1c88-6609-4af2-a850-90bba48835ee)
2019-07-29 08:56:57.289 22704 RALLYDEBUG rally_openstack.cleanup.manager [-] Deleting neutron.port object s_rally_5a80b067_9EGiC71i (cdeb5166-605c-4cf1-b025-325c18e211a6)
2019-07-29 08:56:57.592 22704 RALLYDEBUG rally_openstack.cleanup.manager [-] Deleting neutron.port object s_rally_5a80b067_SRs1aWMD (ceab060d-e384-496d-9898-32f079778f8a)
2019-07-29 08:56:57.668 22704 RALLYDEBUG rally_openstack.cleanup.manager [-] Deleting neutron.port object s_rally_5a80b067_izlyGvph (cfba6012-e923-4b76-add3-19cb62c45fa9)
2019-07-29 08:56:58.073 22704 RALLYDEBUG rally_openstack.cleanup.manager [-] Deleting neutron.port object s_rally_5a80b067_ALxs1NTQ (d08103d7-c7ed-43b0-8a2e-76228634054e)
2019-07-29 08:56:58.086 22704 RALLYDEBUG rally_openstack.cleanup.manager [-] Deleting neutron.port object s_rally_5a80b067_4TatlR6F (d5b463b2-f53a-47d2-868f-7a04a6017c85)
2019-07-29 08:56:58.317 22704 RALLYDEBUG rally_openstack.cleanup.manager [-] Deleting neutron.port object s_rally_5a80b067_bskis2Ze (da32b761-12ad-4ca0-b909-dc51525dde0f)
2019-07-29 08:56:58.644 22704 RALLYDEBUG rally_openstack.cleanup.manager [-] Deleting neutron.port object s_rally_5a80b067_o1CVpGHk (da569926-c49a-4753-8a51-7e8b0b9914fd)
2019-07-29 08:56:58.742 22704 RALLYDEBUG rally_openstack.cleanup.manager [-] Deleting neutron.port object s_rally_5a80b067_drw0DDN0 (dac2fe42-7e65-4181-8b79-d730acac77fc)
2019-07-29 08:56:58.772 22704 RALLYDEBUG rally_openstack.cleanup.manager [-] Deleting neutron.port object s_rally_5a80b067_NQCwWl3n (db1cf5cf-3b6f-4bd6-90b5-e0b7f1ddf160)
2019-07-29 08:56:58.945 22704 RALLYDEBUG rally_openstack.cleanup.manager [-] Deleting neutron.port object s_rally_5a80b067_5gY8HqFL (db33419f-a842-454b-b172-55b6dc031f34)
2019-07-29 08:56:59.173 22704 RALLYDEBUG rally_openstack.cleanup.manager [-] Deleting neutron.port object s_rally_5a80b067_PbfjKk2e (db7dae70-ad05-4047-bd6a-eec4ba4cfcc8)
2019-07-29 08:56:59.256 22704 RALLYDEBUG rally_openstack.cleanup.manager [-] Deleting neutron.port object s_rally_5a80b067_ifxxn5hK (dbf33349-e9d4-4887-9932-e436ab3932d4)
2019-07-29 08:56:59.339 22704 RALLYDEBUG rally_openstack.cleanup.manager [-] Deleting neutron.port object s_rally_5a80b067_Ukjq18bC (dc092fc1-1fcb-4030-a9d9-934932545ed2)
2019-07-29 08:56:59.401 22704 RALLYDEBUG rally_openstack.cleanup.manager [-] Deleting neutron.port object s_rally_5a80b067_UAUOeRHn (dc4fe884-0f6d-45e1-9a4c-fc9b693252f5)
2019-07-29 08:56:59.415 22704 RALLYDEBUG rally_openstack.cleanup.manager [-] Deleting neutron.port object s_rally_5a80b067_dGWqniPr (dc7b0182-a982-433b-9b09-be9be3ea8070)
2019-07-29 08:56:59.542 22704 RALLYDEBUG rally_openstack.cleanup.manager [-] Deleting neutron.port object s_rally_5a80b067_BHqDk4gK (dfb0c012-962d-43af-82da-875f0ed0f174)
2019-07-29 08:56:59.572 22704 RALLYDEBUG rally_openstack.cleanup.manager [-] Deleting neutron.port object s_rally_5a80b067_Fh03QxZC (e41e76cf-7239-4e23-a0a8-3b0c695ea974)
2019-07-29 08:56:59.641 22704 RALLYDEBUG rally_openstack.cleanup.manager [-] Deleting neutron.port object s_rally_5a80b067_NTzdpHxT (e4314d77-e59a-4728-831e-8ce1c195c11e)
2019-07-29 08:56:59.796 22704 RALLYDEBUG rally_openstack.cleanup.manager [-] Deleting neutron.port object s_rally_5a80b067_vcGEqiBC (e4f7e85f-a41b-4308-b267-9ad618e8935f)
2019-07-29 08:56:59.814 22704 RALLYDEBUG rally_openstack.cleanup.manager [-] Deleting neutron.port object s_rally_5a80b067_Ft473xv6 (e67a650b-63a0-4d7c-ba43-ea10e9f6f5c6)
2019-07-29 08:56:59.818 22704 RALLYDEBUG rally_openstack.cleanup.manager [-] Deleting neutron.port object s_rally_5a80b067_TjtTtWaH (e7bf3d29-53ab-4f0f-a38b-75bc403cd782)
2019-07-29 08:56:59.864 22704 RALLYDEBUG rally_openstack.cleanup.manager [-] Deleting neutron.port object s_rally_5a80b067_ZuoMvm8N (e879b69d-e144-4da7-ab7b-501a63497703)
2019-07-29 08:56:59.979 22704 RALLYDEBUG rally_openstack.cleanup.manager [-] Deleting neutron.port object s_rally_5a80b067_Ps5ibLka (e8db8428-ee78-4c4b-b775-db451d4ba410)
2019-07-29 08:57:00.191 22704 RALLYDEBUG rally_openstack.cleanup.manager [-] Deleting neutron.port object s_rally_5a80b067_UC3VILgc (e90faddc-7b96-4cc0-9248-d0210cf951c8)
2019-07-29 08:57:00.426 22704 RALLYDEBUG rally_openstack.cleanup.manager [-] Deleting neutron.port object s_rally_5a80b067_Up08dBFt (ea1d0a35-79c0-4a02-8632-8b260f05d7bd)
2019-07-29 08:57:00.514 22704 RALLYDEBUG rally_openstack.cleanup.manager [-] Deleting neutron.port object s_rally_5a80b067_OkJBaEh1 (eb2af8c2-f629-46c1-a7a9-18b7851f0f22)
2019-07-29 08:57:00.886 22704 RALLYDEBUG rally_openstack.cleanup.manager [-] Deleting neutron.port object s_rally_5a80b067_uVX72ZnT (eb63bb29-de55-447d-ba80-c3da6ffd3093)
2019-07-29 08:57:00.918 22704 RALLYDEBUG rally_openstack.cleanup.manager [-] Deleting neutron.port object s_rally_5a80b067_esRz2v6v (edd73566-035b-47ca-be8b-a6fb993664b0)
2019-07-29 08:57:00.967 22704 RALLYDEBUG rally_openstack.cleanup.manager [-] Deleting neutron.port object s_rally_5a80b067_2lyvuJPS (ee23d1a7-bb47-4f04-8b34-4fab816ba3cd)
2019-07-29 08:57:01.258 22704 RALLYDEBUG rally_openstack.cleanup.manager [-] Deleting neutron.port object s_rally_5a80b067_OlwO98Lw (ee4d88a2-c4cd-4b6b-88fb-c9e87cabb091)
2019-07-29 08:57:01.486 22704 RALLYDEBUG rally_openstack.cleanup.manager [-] Deleting neutron.port object s_rally_5a80b067_bbiqpAO9 (eed4570a-deff-4805-b3f2-d162c220c4bc)
2019-07-29 08:57:01.651 22704 RALLYDEBUG rally_openstack.cleanup.manager [-] Deleting neutron.port object s_rally_5a80b067_bW1OwSRG (f17b64bf-492d-4d7b-a042-db8da425e9b1)
2019-07-29 08:57:01.801 22704 RALLYDEBUG rally_openstack.cleanup.manager [-] Deleting neutron.port object s_rally_5a80b067_buSVmodj (f3c68df9-3a91-41fe-b3e9-66d8b48b152e)
2019-07-29 08:57:01.838 22704 RALLYDEBUG rally_openstack.cleanup.manager [-] Deleting neutron.port object s_rally_5a80b067_Eqp84lA9 (f517e59b-0d55-4a2b-8959-476a98a3e741)
2019-07-29 08:57:02.025 22704 RALLYDEBUG rally_openstack.cleanup.manager [-] Deleting neutron.port object s_rally_5a80b067_73vhJwUH (f8522c5d-3f00-4bf1-872b-a5a1c52c6bb5)
2019-07-29 08:57:02.069 22704 RALLYDEBUG rally_openstack.cleanup.manager [-] Deleting neutron.port object s_rally_5a80b067_rlVK6w37 (f8eb2f20-5ef2-4801-bafe-b2accc5f3df7)
2019-07-29 08:57:02.105 22704 RALLYDEBUG rally_openstack.cleanup.manager [-] Deleting neutron.port object s_rally_5a80b067_XBVX9xcp (f90c947d-6222-4314-87be-fc2ddad88c2e)
2019-07-29 08:57:02.124 22704 RALLYDEBUG rally_openstack.cleanup.manager [-] Deleting neutron.port object s_rally_5a80b067_ov40kXtt (f9975f1c-86f7-48de-ad09-210d02dd791e)
2019-07-29 08:57:02.176 22704 RALLYDEBUG rally_openstack.cleanup.manager [-] Deleting neutron.port object s_rally_5a80b067_Mi1Trhmm (f9f6ec09-c146-4493-a54a-5678c5e9abae)
2019-07-29 08:57:02.250 22704 RALLYDEBUG rally_openstack.cleanup.manager [-] Deleting neutron.port object s_rally_5a80b067_xTZujSSS (fa4e27ea-6852-402e-87f2-383425406c4d)
2019-07-29 08:57:02.336 22704 RALLYDEBUG rally_openstack.cleanup.manager [-] Deleting neutron.port object s_rally_5a80b067_P4zBwjxu (ff0e63b8-6798-4fd4-93c2-6c29bcd81f37)
2019-07-29 08:57:02.360 22704 RALLYDEBUG rally_openstack.cleanup.manager [-] Deleting neutron.port object s_rally_5a80b067_lI92jOeL (ff7725e4-0a49-4796-bfdb-4feb3dfbfac9)
2019-07-29 08:57:06.298 22704 RALLYDEBUG rally_openstack.cleanup.manager [-] Cleaning up neutron subnet objects
2019-07-29 08:57:06.964 22704 RALLYDEBUG rally_openstack.cleanup.manager [-] Cleaning up neutron network objects
2019-07-29 08:57:07.803 22704 RALLYDEBUG rally_openstack.cleanup.manager [-] Deleting neutron.network object s_rally_5a80b067_u6nNh7wf (02e5e692-bafd-40d7-8985-1cd6be9b3dd5)
2019-07-29 08:57:07.811 22704 RALLYDEBUG rally_openstack.cleanup.manager [-] Deleting neutron.network object s_rally_5a80b067_je4hbGd4 (082631e8-1457-439a-a252-8438c0b13e72)
2019-07-29 08:57:07.825 22704 RALLYDEBUG rally_openstack.cleanup.manager [-] Deleting neutron.network object s_rally_5a80b067_X32IuP0I (0b8f3107-ded0-46b7-aebd-3f705643593d)
2019-07-29 08:57:07.828 22704 RALLYDEBUG rally_openstack.cleanup.manager [-] Deleting neutron.network object s_rally_5a80b067_l538hHao (11613d72-bc4c-4ac1-b504-9f6fc58db934)
2019-07-29 08:57:07.846 22704 RALLYDEBUG rally_openstack.cleanup.manager [-] Deleting neutron.network object s_rally_5a80b067_mkS2cE3Q (116552a8-dce2-4c03-9593-4ffda485943a)
2019-07-29 08:57:07.854 22704 RALLYDEBUG rally_openstack.cleanup.manager [-] Deleting neutron.network object s_rally_5a80b067_Fk1er2tr (249954f8-6e13-4550-8de3-a986b9165488)
2019-07-29 08:57:07.856 22704 RALLYDEBUG rally_openstack.cleanup.manager [-] Deleting neutron.network object s_rally_5a80b067_3JSj0gJo (27bee939-d366-44d2-b65e-cb62e2edf890)
2019-07-29 08:57:07.871 22704 RALLYDEBUG rally_openstack.cleanup.manager [-] Deleting neutron.network object s_rally_5a80b067_ZLGWNHbH (459bd025-426a-427d-8c2f-7142916f62a5)
2019-07-29 08:57:07.893 22704 RALLYDEBUG rally_openstack.cleanup.manager [-] Deleting neutron.network object s_rally_5a80b067_EmtlsjZg (4d9cfd5c-2384-434c-9824-7e3accd0bd82)
2019-07-29 08:57:07.909 22704 RALLYDEBUG rally_openstack.cleanup.manager [-] Deleting neutron.network object s_rally_5a80b067_PGtztzVF (5ed952b8-3995-4000-bc10-e666bd87f75a)
2019-07-29 08:57:07.916 22704 RALLYDEBUG rally_openstack.cleanup.manager [-] Deleting neutron.network object s_rally_5a80b067_2S5ntNEB (5b94f699-d965-4952-90c2-129baa103fba)
2019-07-29 08:57:07.917 22704 RALLYDEBUG rally_openstack.cleanup.manager [-] Deleting neutron.network object s_rally_5a80b067_vJEl2JhP (46043c97-43e1-418b-8c79-b71564bcdf59)
2019-07-29 08:57:07.918 22704 RALLYDEBUG rally_openstack.cleanup.manager [-] Deleting neutron.network object s_rally_5a80b067_i8ZX0695 (4cf2a771-a4ad-4157-a92a-73b42f5bc401)
2019-07-29 08:57:07.939 22704 RALLYDEBUG rally_openstack.cleanup.manager [-] Deleting neutron.network object s_rally_5a80b067_OWM368ug (4dba514e-00c4-46e3-97ce-46ec8e3cc604)
2019-07-29 08:57:07.957 22704 RALLYDEBUG rally_openstack.cleanup.manager [-] Deleting neutron.network object s_rally_5a80b067_k1GKZ8Ei (780df70b-5c6a-4dd0-a593-3ce34092a50b)
2019-07-29 08:57:07.958 22704 RALLYDEBUG rally_openstack.cleanup.manager [-] Deleting neutron.network object s_rally_5a80b067_P8mODgUa (64d32400-6f2b-47ad-b827-a3a8ccfafb53)
2019-07-29 08:57:07.961 22704 RALLYDEBUG rally_openstack.cleanup.manager [-] Deleting neutron.network object s_rally_5a80b067_tMi0uRlb (69db6991-6b70-4aec-be85-e0adf612b5b4)
2019-07-29 08:57:07.966 22704 RALLYDEBUG rally_openstack.cleanup.manager [-] Deleting neutron.network object s_rally_5a80b067_YflIhyyH (804e8470-48da-438c-96f9-4d81a30ea1c9)
2019-07-29 08:57:07.977 22704 RALLYDEBUG rally_openstack.cleanup.manager [-] Deleting neutron.network object s_rally_5a80b067_rNe1UJq6 (84ab8f84-c97d-4064-b875-3f5519835f56)
2019-07-29 08:57:07.996 22704 RALLYDEBUG rally_openstack.cleanup.manager [-] Deleting neutron.network object s_rally_5a80b067_WUYkhL7h (8cab97e1-fee1-4aca-b3e8-8765fb71af12)
2019-07-29 08:57:10.708 22704 RALLYDEBUG rally_openstack.cleanup.manager [-] Deleting neutron.network object s_rally_5a80b067_iKXq9IlU (8dae4228-d88a-412e-87e0-d8d12b4baa79)
2019-07-29 08:57:10.763 22704 RALLYDEBUG rally_openstack.cleanup.manager [-] Deleting neutron.network object s_rally_5a80b067_bBBWCp8N (95161f45-ae05-4034-a3f2-59b3c1e0596e)
2019-07-29 08:57:10.814 22704 RALLYDEBUG rally_openstack.cleanup.manager [-] Deleting neutron.network object s_rally_5a80b067_v2dO4EgN (9798bb64-f5ec-4345-b8d6-550eecebf9f7)
2019-07-29 08:57:10.862 22704 RALLYDEBUG rally_openstack.cleanup.manager [-] Deleting neutron.network object s_rally_5a80b067_SBwuQk1I (9cbb6032-074a-48f1-8209-8122c01a9fbf)
2019-07-29 08:57:10.894 22704 RALLYDEBUG rally_openstack.cleanup.manager [-] Deleting neutron.network object s_rally_5a80b067_7kyJIJGd (a792bf36-e182-4dc5-91b3-97c676580699)
2019-07-29 08:57:10.940 22704 RALLYDEBUG rally_openstack.cleanup.manager [-] Deleting neutron.network object s_rally_5a80b067_L9mJtM7p (a9dd1716-5379-4919-9265-436f2dfa6eb5)
2019-07-29 08:57:10.957 22704 RALLYDEBUG rally_openstack.cleanup.manager [-] Deleting neutron.network object s_rally_5a80b067_nN4IAcgp (aad4b976-12d1-4e7c-bbef-4f2ffb3434b1)
2019-07-29 08:57:10.991 22704 RALLYDEBUG rally_openstack.cleanup.manager [-] Deleting neutron.network object s_rally_5a80b067_vwpqOveU (add517e7-1403-4975-a657-f071d4d9417a)
2019-07-29 08:57:11.009 22704 RALLYDEBUG rally_openstack.cleanup.manager [-] Deleting neutron.network object s_rally_5a80b067_bDj32erH (b3444c4b-3a00-4d03-aa60-1a5c91f63cd8)
2019-07-29 08:57:11.011 22704 RALLYDEBUG rally_openstack.cleanup.manager [-] Deleting neutron.network object s_rally_5a80b067_0DNLh76J (af1be963-d20f-4231-82ed-db5580745db4)
2019-07-29 08:57:11.074 22704 RALLYDEBUG rally_openstack.cleanup.manager [-] Deleting neutron.network object s_rally_5a80b067_CcwEBc6R (b430c9e0-6335-434e-a237-c4aedcc6b3af)
2019-07-29 08:57:11.250 22704 RALLYDEBUG rally_openstack.cleanup.manager [-] Deleting neutron.network object s_rally_5a80b067_VIFsdeFh (bced378b-5d55-428f-8191-4bd769efee49)
2019-07-29 08:57:11.352 22704 RALLYDEBUG rally_openstack.cleanup.manager [-] Deleting neutron.network object s_rally_5a80b067_t0sGTc9a (c97c00f1-b294-41d5-8ec3-8937de4f9748)
2019-07-29 08:57:11.971 22704 RALLYDEBUG rally_openstack.cleanup.manager [-] Deleting neutron.network object s_rally_5a80b067_1BAtRSUa (d31b41e0-486f-4437-b068-1d4847b00e70)
2019-07-29 08:57:12.167 22704 RALLYDEBUG rally_openstack.cleanup.manager [-] Deleting neutron.network object s_rally_5a80b067_KCaPAAPb (df7ed683-6d24-4f4e-b53a-60e9815879cd)
2019-07-29 08:57:12.270 22704 RALLYDEBUG rally_openstack.cleanup.manager [-] Deleting neutron.network object s_rally_5a80b067_4BvKWE1H (f3ad811d-f4c4-4019-92d4-03147da9faf2)
2019-07-29 08:57:12.307 22704 RALLYDEBUG rally_openstack.cleanup.manager [-] Deleting neutron.network object s_rally_5a80b067_xlNmP5J7 (f813d900-32fc-4d02-beb0-27dac841d717)
2019-07-29 08:57:12.413 22704 RALLYDEBUG rally_openstack.cleanup.manager [-] Deleting neutron.network object s_rally_5a80b067_nnZk7eME (f8b8a0b1-0b49-4738-ab5e-16cd1dcdf7ef)
2019-07-29 08:57:13.028 22704 RALLYDEBUG rally_openstack.cleanup.manager [-] Deleting neutron.network object s_rally_5a80b067_U7xRZIDT (fea3d08b-c8ff-44fa-b02f-ec4b0bdd6ac3)
2019-07-29 08:57:13.058 22704 RALLYDEBUG rally_openstack.cleanup.manager [-] Deleting neutron.network object s_rally_5a80b067_6l7Y6Lkl (ff58a6bf-8041-477f-b664-39c134282cbb)
2019-07-29 08:57:15.638 22704 RALLYDEBUG rally_openstack.cleanup.manager [-] Cleaning up neutron router objects
2019-07-29 08:57:16.430 22704 RALLYDEBUG rally_openstack.cleanup.manager [-] Cleaning up neutron security_group objects
2019-07-29 08:57:17.400 22704 INFO rally.task.context [-] Task 8b3a5eca-9dc2-4c92-b181-10c4a2808dbb | Context cleanup@openstack cleanup() finished in 44.03 sec
2019-07-29 08:57:17.401 22704 INFO rally.task.context [-] Task 8b3a5eca-9dc2-4c92-b181-10c4a2808dbb | Context quotas@openstack cleanup() started
2019-07-29 08:57:17.671 22704 INFO rally.task.context [-] Task 8b3a5eca-9dc2-4c92-b181-10c4a2808dbb | Context quotas@openstack cleanup() finished in 0.27 sec
2019-07-29 08:57:17.671 22704 INFO rally.task.context [-] Task 8b3a5eca-9dc2-4c92-b181-10c4a2808dbb | Context users@openstack cleanup() started
2019-07-29 08:57:22.653 22704 INFO rally.task.context [-] Task 8b3a5eca-9dc2-4c92-b181-10c4a2808dbb | Context users@openstack cleanup() finished in 4.98 sec
2019-07-29 08:57:24.088 22704 INFO rally.task.engine [-] Load duration is: 32.124899
2019-07-29 08:57:24.088 22704 INFO rally.task.engine [-] Full runner duration is: 32.176362
2019-07-29 08:57:24.088 22704 INFO rally.task.engine [-] Full duration is: 89.135174
2019-07-29 08:57:24.268 22704 INFO rally.task.engine [-] Running workload: position = 2 config = { "version": 2, "title": "A cropped version of a bigger task.", "description": "Auto-generated task from a single workload (uuid=528381f7-19be-43ec-a341-41697c92d8a9)", "subtasks": [ { "title": "NeutronNetworks.create_and_delete_ports", "description": "Create and delete a port.", "scenario": { "NeutronNetworks.create_and_delete_ports": { "network_create_args": {}, "port_create_args": {}, "ports_per_network": 5 } }, "contexts": { "users": { "tenants": 1, "users_per_tenant": 1 }, "quotas": { "neutron": { "network": -1, "port": -1 } } }, "runner": { "constant": { "times": 40, "concurrency": 20 } }, "hooks": [], "sla": { "failure_rate": { "max": 0 } } } ] }
2019-07-29 08:57:24.290 22704 RALLYDEBUG rally_openstack.contexts.keystone.users [-] Creating 1 tenants using 20 threads
2019-07-29 08:57:26.180 22704 RALLYDEBUG rally_openstack.contexts.keystone.users [-] Creating 1 users using 20 threads
2019-07-29 08:57:30.002 22704 INFO rally.task.context [-] Task 8b3a5eca-9dc2-4c92-b181-10c4a2808dbb | Context users@openstack setup() finished in 5.71 sec
2019-07-29 08:57:30.830 22704 INFO rally.task.context [-] Task 8b3a5eca-9dc2-4c92-b181-10c4a2808dbb | Context quotas@openstack setup() finished in 0.83 sec
2019-07-29 08:57:30.830 22704 INFO rally.task.context [-] Task 8b3a5eca-9dc2-4c92-b181-10c4a2808dbb | Context cleanup@openstack setup() finished in 0.00 msec
2019-07-29 08:57:30.837 22704 RALLYDEBUG rally.task.runner [-] Starting the constant runner (task UUID: 8b3a5eca-9dc2-4c92-b181-10c4a2808dbb). timeout: 0 concurrency: 20 concurrency_per_worker: 1 times: 40 concurrency_overhead: 4 processes_to_start: 16 max_cpu_used: 16
2019-07-29 08:57:30.849 26950 RALLYDEBUG rally.task.runner [-] Starting a worker. concurrency: 2 args: {"network_create_args": {}, "port_create_args": {}, "ports_per_network": 5} times: 40 method_name: run timeout: 0 duration: None cls:
2019-07-29 08:57:30.853 26951 RALLYDEBUG rally.task.runner [-] Starting a worker. concurrency: 2 args: {"network_create_args": {}, "port_create_args": {}, "ports_per_network": 5} times: 40 method_name: run timeout: 0 duration: None cls:
2019-07-29 08:57:30.855 26952 RALLYDEBUG rally.task.runner [-] Starting a worker. concurrency: 2 args: {"network_create_args": {}, "port_create_args": {}, "ports_per_network": 5} times: 40 method_name: run timeout: 0 duration: None cls:
2019-07-29 08:57:30.858 26953 RALLYDEBUG rally.task.runner [-] Starting a worker. concurrency: 2 args: {"network_create_args": {}, "port_create_args": {}, "ports_per_network": 5} times: 40 method_name: run timeout: 0 duration: None cls:
2019-07-29 08:57:30.860 26950 INFO rally.task.runner [-] Task 8b3a5eca-9dc2-4c92-b181-10c4a2808dbb | ITER: 1 START
2019-07-29 08:57:30.861 26956 RALLYDEBUG rally.task.runner [-] Starting a worker. concurrency: 1 args: {"network_create_args": {}, "port_create_args": {}, "ports_per_network": 5} times: 40 method_name: run timeout: 0 duration: None cls:
2019-07-29 08:57:30.861 26950 INFO rally.task.runner [-] Task 8b3a5eca-9dc2-4c92-b181-10c4a2808dbb | ITER: 2 START
2019-07-29 08:57:30.863 26950 WARNING rally_openstack.scenarios.neutron.utils [-] Running this scenario without either the 'network' or 'existing_network' context is deprecated
2019-07-29 08:57:30.864 26950 WARNING rally_openstack.scenarios.neutron.utils [-] Running this scenario without either the 'network' or 'existing_network' context is deprecated
2019-07-29 08:57:30.864 26951 INFO rally.task.runner [-] Task 8b3a5eca-9dc2-4c92-b181-10c4a2808dbb | ITER: 3 START
2019-07-29 08:57:30.866 26959 RALLYDEBUG rally.task.runner [-] Starting a worker. concurrency: 1 args: {"network_create_args": {}, "port_create_args": {}, "ports_per_network": 5} times: 40 method_name: run timeout: 0 duration: None cls:
2019-07-29 08:57:30.865 26951 INFO rally.task.runner [-] Task 8b3a5eca-9dc2-4c92-b181-10c4a2808dbb | ITER: 5 START
2019-07-29 08:57:30.867 26952 INFO rally.task.runner [-] Task 8b3a5eca-9dc2-4c92-b181-10c4a2808dbb | ITER: 4 START
2019-07-29 08:57:30.867 26956 INFO rally.task.runner [-] Task 8b3a5eca-9dc2-4c92-b181-10c4a2808dbb | ITER: 8 START
2019-07-29 08:57:30.867 26951 WARNING rally_openstack.scenarios.neutron.utils [-] Running this scenario without either the 'network' or 'existing_network' context is deprecated
2019-07-29 08:57:30.869 26952 WARNING rally_openstack.scenarios.neutron.utils [-] Running this scenario without either the 'network' or 'existing_network' context is deprecated
2019-07-29 08:57:30.868 26951 WARNING rally_openstack.scenarios.neutron.utils [-] Running this scenario without either the 'network' or 'existing_network' context is deprecated
2019-07-29 08:57:30.870 26956 WARNING rally_openstack.scenarios.neutron.utils [-] Running this scenario without either the 'network' or 'existing_network' context is deprecated
2019-07-29 08:57:30.870 26963 RALLYDEBUG rally.task.runner [-] Starting a worker. concurrency: 1 args: {"network_create_args": {}, "port_create_args": {}, "ports_per_network": 5} times: 40 method_name: run timeout: 0 duration: None cls:
2019-07-29 08:57:30.871 26953 INFO rally.task.runner [-] Task 8b3a5eca-9dc2-4c92-b181-10c4a2808dbb | ITER: 6 START
2019-07-29 08:57:30.872 26959 INFO rally.task.runner [-] Task 8b3a5eca-9dc2-4c92-b181-10c4a2808dbb | ITER: 10 START
2019-07-29 08:57:30.872 26967 RALLYDEBUG rally.task.runner [-] Starting a worker. concurrency: 1 args: {"network_create_args": {}, "port_create_args": {}, "ports_per_network": 5} times: 40 method_name: run timeout: 0 duration: None cls:
2019-07-29 08:57:30.874 26959 WARNING rally_openstack.scenarios.neutron.utils [-] Running this scenario without either the 'network' or 'existing_network' context is deprecated
2019-07-29 08:57:30.873 26953 INFO rally.task.runner [-] Task 8b3a5eca-9dc2-4c92-b181-10c4a2808dbb | ITER: 9 START
2019-07-29 08:57:30.874 26953 WARNING rally_openstack.scenarios.neutron.utils [-] Running this scenario without either the 'network' or 'existing_network' context is deprecated
2019-07-29 08:57:30.878 26963 INFO rally.task.runner [-] Task 8b3a5eca-9dc2-4c92-b181-10c4a2808dbb | ITER: 11 START
2019-07-29 08:57:30.878 26952 INFO rally.task.runner [-] Task 8b3a5eca-9dc2-4c92-b181-10c4a2808dbb | ITER: 7 START
2019-07-29 08:57:30.878 26967 INFO rally.task.runner [-] Task 8b3a5eca-9dc2-4c92-b181-10c4a2808dbb | ITER: 12 START
2019-07-29 08:57:30.875 26953 WARNING rally_openstack.scenarios.neutron.utils [-] Running this scenario without either the 'network' or 'existing_network' context is deprecated
2019-07-29 08:57:30.878 26973 RALLYDEBUG rally.task.runner [-] Starting a worker. concurrency: 1 args: {"network_create_args": {}, "port_create_args": {}, "ports_per_network": 5} times: 40 method_name: run timeout: 0 duration: None cls:
2019-07-29 08:57:30.879 26952 WARNING rally_openstack.scenarios.neutron.utils [-] Running this scenario without either the 'network' or 'existing_network' context is deprecated
2019-07-29 08:57:30.879 26963 WARNING rally_openstack.scenarios.neutron.utils [-] Running this scenario without either the 'network' or 'existing_network' context is deprecated
2019-07-29 08:57:30.880 26967 WARNING rally_openstack.scenarios.neutron.utils [-] Running this scenario without either the 'network' or 'existing_network' context is deprecated
2019-07-29 08:57:30.884 26973 INFO rally.task.runner [-] Task 8b3a5eca-9dc2-4c92-b181-10c4a2808dbb | ITER: 13 START
2019-07-29 08:57:30.884 26979 RALLYDEBUG rally.task.runner [-] Starting a worker. concurrency: 1 args: {"network_create_args": {}, "port_create_args": {}, "ports_per_network": 5} times: 40 method_name: run timeout: 0 duration: None cls:
2019-07-29 08:57:30.886 26973 WARNING rally_openstack.scenarios.neutron.utils [-] Running this scenario without either the 'network' or 'existing_network' context is deprecated
2019-07-29 08:57:30.888 26981 RALLYDEBUG rally.task.runner [-] Starting a worker. concurrency: 1 args: {"network_create_args": {}, "port_create_args": {}, "ports_per_network": 5} times: 40 method_name: run timeout: 0 duration: None cls:
2019-07-29 08:57:30.893 26981 INFO rally.task.runner [-] Task 8b3a5eca-9dc2-4c92-b181-10c4a2808dbb | ITER: 15 START
2019-07-29 08:57:30.895 26979 INFO rally.task.runner [-] Task 8b3a5eca-9dc2-4c92-b181-10c4a2808dbb | ITER: 14 START
2019-07-29 08:57:30.898 26981 WARNING rally_openstack.scenarios.neutron.utils [-] Running this scenario without either the 'network' or 'existing_network' context is deprecated
2019-07-29 08:57:30.899 26987 RALLYDEBUG rally.task.runner [-] Starting a worker. concurrency: 1 args: {"network_create_args": {}, "port_create_args": {}, "ports_per_network": 5} times: 40 method_name: run timeout: 0 duration: None cls:
2019-07-29 08:57:30.900 26979 WARNING rally_openstack.scenarios.neutron.utils [-] Running this scenario without either the 'network' or 'existing_network' context is deprecated
2019-07-29 08:57:30.905 26987 INFO rally.task.runner [-] Task 8b3a5eca-9dc2-4c92-b181-10c4a2808dbb | ITER: 16 START
2019-07-29 08:57:30.912 26987 WARNING rally_openstack.scenarios.neutron.utils [-] Running this scenario without either the 'network' or 'existing_network' context is deprecated
2019-07-29 08:57:30.912 26988 RALLYDEBUG rally.task.runner [-] Starting a worker. concurrency: 1 args: {"network_create_args": {}, "port_create_args": {}, "ports_per_network": 5} times: 40 method_name: run timeout: 0 duration: None cls:
2019-07-29 08:57:30.914 26991 RALLYDEBUG rally.task.runner [-] Starting a worker. concurrency: 1 args: {"network_create_args": {}, "port_create_args": {}, "ports_per_network": 5} times: 40 method_name: run timeout: 0 duration: None cls:
2019-07-29 08:57:30.917 26988 INFO rally.task.runner [-] Task 8b3a5eca-9dc2-4c92-b181-10c4a2808dbb | ITER: 17 START
2019-07-29 08:57:30.919 26992 RALLYDEBUG rally.task.runner [-] Starting a worker. concurrency: 1 args: {"network_create_args": {}, "port_create_args": {}, "ports_per_network": 5} times: 40 method_name: run timeout: 0 duration: None cls:
2019-07-29 08:57:30.919 26991 INFO rally.task.runner [-] Task 8b3a5eca-9dc2-4c92-b181-10c4a2808dbb | ITER: 18 START
2019-07-29 08:57:30.921 26988 WARNING rally_openstack.scenarios.neutron.utils [-] Running this scenario without either the 'network' or 'existing_network' context is deprecated
2019-07-29 08:57:30.922 26991 WARNING rally_openstack.scenarios.neutron.utils [-] Running this scenario without either the 'network' or 'existing_network' context is deprecated
2019-07-29 08:57:30.924 26997 RALLYDEBUG rally.task.runner [-] Starting a worker. concurrency: 1 args: {"network_create_args": {}, "port_create_args": {}, "ports_per_network": 5} times: 40 method_name: run timeout: 0 duration: None cls:
2019-07-29 08:57:30.925 26992 INFO rally.task.runner [-] Task 8b3a5eca-9dc2-4c92-b181-10c4a2808dbb | ITER: 19 START
2019-07-29 08:57:30.927 26992 WARNING rally_openstack.scenarios.neutron.utils [-] Running this scenario without either the 'network' or 'existing_network' context is deprecated
2019-07-29 08:57:30.931 26997 INFO rally.task.runner [-] Task 8b3a5eca-9dc2-4c92-b181-10c4a2808dbb | ITER: 20 START
2019-07-29 08:57:30.932 26997 WARNING rally_openstack.scenarios.neutron.utils [-] Running this scenario without either the 'network' or 'existing_network' context is deprecated
2019-07-29 08:57:43.808 26973 INFO rally.task.runner [-] Task 8b3a5eca-9dc2-4c92-b181-10c4a2808dbb | ITER: 13 END: OK
2019-07-29 08:57:43.813 26973 INFO rally.task.runner [-] Task 8b3a5eca-9dc2-4c92-b181-10c4a2808dbb | ITER: 21 START
2019-07-29 08:57:43.813 26973 WARNING rally_openstack.scenarios.neutron.utils [-] Running this scenario without either the 'network' or 'existing_network' context is deprecated
2019-07-29 08:57:45.018 26951 INFO rally.task.runner [-] Task 8b3a5eca-9dc2-4c92-b181-10c4a2808dbb | ITER: 3 END: OK
2019-07-29 08:57:45.023 26951 INFO rally.task.runner [-] Task 8b3a5eca-9dc2-4c92-b181-10c4a2808dbb | ITER: 22 START
2019-07-29 08:57:45.024 26951 WARNING rally_openstack.scenarios.neutron.utils [-] Running this scenario without either the 'network' or 'existing_network' context is deprecated
2019-07-29 08:57:45.228 26951 INFO rally.task.runner [-] Task 8b3a5eca-9dc2-4c92-b181-10c4a2808dbb | ITER: 5 END: OK
2019-07-29 08:57:45.232 26951 INFO rally.task.runner [-] Task 8b3a5eca-9dc2-4c92-b181-10c4a2808dbb | ITER: 23 START
2019-07-29 08:57:45.232 26951 WARNING rally_openstack.scenarios.neutron.utils [-] Running this scenario without either the 'network' or 'existing_network' context is deprecated
2019-07-29 08:57:45.606 26992 INFO rally.task.runner [-] Task 8b3a5eca-9dc2-4c92-b181-10c4a2808dbb | ITER: 19 END: OK
2019-07-29 08:57:45.611 26992 INFO rally.task.runner [-] Task 8b3a5eca-9dc2-4c92-b181-10c4a2808dbb | ITER: 24 START
2019-07-29 08:57:45.611 26992 WARNING rally_openstack.scenarios.neutron.utils [-] Running this scenario without either the 'network' or 'existing_network' context is deprecated
2019-07-29 08:57:45.650 26956 INFO rally.task.runner [-] Task 8b3a5eca-9dc2-4c92-b181-10c4a2808dbb | ITER: 8 END: OK
2019-07-29 08:57:45.654 26956 INFO rally.task.runner [-] Task 8b3a5eca-9dc2-4c92-b181-10c4a2808dbb | ITER: 25 START
2019-07-29 08:57:45.654 26956 WARNING rally_openstack.scenarios.neutron.utils [-] Running this scenario without either the 'network' or 'existing_network' context is deprecated
2019-07-29 08:57:45.796 26959 INFO rally.task.runner [-] Task 8b3a5eca-9dc2-4c92-b181-10c4a2808dbb | ITER: 10 END: OK
2019-07-29 08:57:45.801 26959 INFO rally.task.runner [-] Task 8b3a5eca-9dc2-4c92-b181-10c4a2808dbb | ITER: 26 START
2019-07-29 08:57:45.801 26959 WARNING rally_openstack.scenarios.neutron.utils [-] Running this scenario without either the 'network' or 'existing_network' context is deprecated
2019-07-29 08:57:46.078 26987 INFO rally.task.runner [-] Task 8b3a5eca-9dc2-4c92-b181-10c4a2808dbb | ITER: 16 END: OK
2019-07-29 08:57:46.082 26987 INFO rally.task.runner [-] Task 8b3a5eca-9dc2-4c92-b181-10c4a2808dbb | ITER: 27 START
2019-07-29 08:57:46.083 26987 WARNING rally_openstack.scenarios.neutron.utils [-] Running this scenario without either the 'network' or 'existing_network' context is deprecated
2019-07-29 08:57:46.129 26963 INFO rally.task.runner [-] Task 8b3a5eca-9dc2-4c92-b181-10c4a2808dbb | ITER: 11 END: OK
2019-07-29 08:57:46.134 26963 INFO rally.task.runner [-] Task 8b3a5eca-9dc2-4c92-b181-10c4a2808dbb | ITER: 28 START
2019-07-29 08:57:46.135 26963 WARNING rally_openstack.scenarios.neutron.utils [-] Running this scenario without either the 'network' or 'existing_network' context is deprecated
2019-07-29 08:57:46.352 26981 INFO rally.task.runner [-] Task 8b3a5eca-9dc2-4c92-b181-10c4a2808dbb | ITER: 15 END: OK
2019-07-29 08:57:46.356 26981 INFO rally.task.runner [-] Task 8b3a5eca-9dc2-4c92-b181-10c4a2808dbb | ITER: 29 START
2019-07-29 08:57:46.357 26981 WARNING rally_openstack.scenarios.neutron.utils [-] Running this scenario without either the 'network' or 'existing_network' context is deprecated
2019-07-29 08:57:46.465 26988 INFO rally.task.runner [-] Task 8b3a5eca-9dc2-4c92-b181-10c4a2808dbb | ITER: 17 END: OK
2019-07-29 08:57:46.469 26988 INFO rally.task.runner [-] Task 8b3a5eca-9dc2-4c92-b181-10c4a2808dbb | ITER: 30 START
2019-07-29 08:57:46.470 26988 WARNING rally_openstack.scenarios.neutron.utils [-] Running this scenario without either the 'network' or 'existing_network' context is deprecated
2019-07-29 08:57:46.480 26950 INFO rally.task.runner [-] Task 8b3a5eca-9dc2-4c92-b181-10c4a2808dbb | ITER: 1 END: OK
2019-07-29 08:57:46.490 26950 INFO rally.task.runner [-] Task 8b3a5eca-9dc2-4c92-b181-10c4a2808dbb | ITER: 31 START
2019-07-29 08:57:46.491 26950 WARNING rally_openstack.scenarios.neutron.utils [-] Running this scenario without either the 'network' or 'existing_network' context is deprecated
2019-07-29 08:57:47.118 26950 INFO rally.task.runner [-] Task 8b3a5eca-9dc2-4c92-b181-10c4a2808dbb | ITER: 2 END: OK
2019-07-29 08:57:47.122 26950 INFO rally.task.runner [-] Task 8b3a5eca-9dc2-4c92-b181-10c4a2808dbb | ITER: 32 START
2019-07-29 08:57:47.123 26950 WARNING rally_openstack.scenarios.neutron.utils [-] Running this scenario without either the 'network' or 'existing_network' context is deprecated
2019-07-29 08:57:47.163 26997 INFO rally.task.runner [-] Task 8b3a5eca-9dc2-4c92-b181-10c4a2808dbb | ITER: 20 END: OK
2019-07-29 08:57:47.167 26997 INFO rally.task.runner [-] Task 8b3a5eca-9dc2-4c92-b181-10c4a2808dbb | ITER: 33 START
2019-07-29 08:57:47.168 26997 WARNING rally_openstack.scenarios.neutron.utils [-] Running this scenario without either the 'network' or 'existing_network' context is deprecated
2019-07-29 08:57:47.180 26967 INFO rally.task.runner [-] Task 8b3a5eca-9dc2-4c92-b181-10c4a2808dbb | ITER: 12 END: OK
2019-07-29 08:57:47.185 26967 INFO rally.task.runner [-] Task 8b3a5eca-9dc2-4c92-b181-10c4a2808dbb | ITER: 34 START
2019-07-29 08:57:47.186 26967 WARNING rally_openstack.scenarios.neutron.utils [-] Running this scenario without either the 'network' or 'existing_network' context is deprecated
2019-07-29 08:57:47.580 26952 INFO rally.task.runner [-] Task 8b3a5eca-9dc2-4c92-b181-10c4a2808dbb | ITER: 4 END: OK
2019-07-29 08:57:47.584 26952 INFO rally.task.runner [-] Task 8b3a5eca-9dc2-4c92-b181-10c4a2808dbb | ITER: 35 START
2019-07-29 08:57:47.585 26952 WARNING rally_openstack.scenarios.neutron.utils [-] Running this scenario without either the 'network' or 'existing_network' context is deprecated
2019-07-29 08:57:47.931 26953 INFO rally.task.runner [-] Task 8b3a5eca-9dc2-4c92-b181-10c4a2808dbb | ITER: 6 END: OK
2019-07-29 08:57:47.935 26953 INFO rally.task.runner [-] Task 8b3a5eca-9dc2-4c92-b181-10c4a2808dbb | ITER: 36 START
2019-07-29 08:57:47.936 26953 WARNING rally_openstack.scenarios.neutron.utils [-] Running this scenario without either the 'network' or 'existing_network' context is deprecated
2019-07-29 08:57:48.681 26952 INFO rally.task.runner [-] Task 8b3a5eca-9dc2-4c92-b181-10c4a2808dbb | ITER: 7 END: OK
2019-07-29 08:57:48.685 26952 INFO rally.task.runner [-] Task 8b3a5eca-9dc2-4c92-b181-10c4a2808dbb | ITER: 37 START
2019-07-29 08:57:48.686 26952 WARNING rally_openstack.scenarios.neutron.utils [-] Running this scenario without either the 'network' or 'existing_network' context is deprecated
2019-07-29 08:57:48.883 26953 INFO rally.task.runner [-] Task 8b3a5eca-9dc2-4c92-b181-10c4a2808dbb | ITER: 9 END: OK
2019-07-29 08:57:48.887 26953 INFO rally.task.runner [-] Task 8b3a5eca-9dc2-4c92-b181-10c4a2808dbb | ITER: 38 START
2019-07-29 08:57:48.887 26953 WARNING rally_openstack.scenarios.neutron.utils [-] Running this scenario without either the 'network' or 'existing_network' context is deprecated
2019-07-29 08:57:49.634 26979 INFO rally.task.runner [-] Task 8b3a5eca-9dc2-4c92-b181-10c4a2808dbb | ITER: 14 END: OK
2019-07-29 08:57:49.639 26979 INFO rally.task.runner [-] Task 8b3a5eca-9dc2-4c92-b181-10c4a2808dbb | ITER: 39 START
