2019-07-29 06:43:08.570 2415 INFO rally.task.runner [-] Task 5a80ff06-4ad3-474a-9709-6a95e56ef7f2 | ITER: 10 START
2019-07-29 06:43:11.621 2416 RALLYDEBUG rally.task.utils [-] Waiting for resource s_rally_06b836d0_667sOfLo. Status changed: CREATING => DOWNLOADING in 7.35227704048
2019-07-29 06:43:14.438 2414 RALLYDEBUG rally.task.utils [-] Waiting for resource s_rally_06b836d0_SYEdqOtP. Status changed: CREATING => DOWNLOADING in 10.1285610199
2019-07-29 06:43:16.212 2416 RALLYDEBUG rally.task.utils [-] Waiting for resource s_rally_06b836d0_667sOfLo. Status changed: DOWNLOADING => AVAILABLE in 4.59133601189
2019-07-29 06:43:16.679 2416 INFO rally.task.runner [-] Task 5a80ff06-4ad3-474a-9709-6a95e56ef7f2 | ITER: 7 END: OK
2019-07-29 06:43:19.040 2414 RALLYDEBUG rally.task.utils [-] Waiting for resource s_rally_06b836d0_SYEdqOtP. Status changed: DOWNLOADING => AVAILABLE in 4.60247015953
2019-07-29 06:43:19.414 2414 INFO rally.task.runner [-] Task 5a80ff06-4ad3-474a-9709-6a95e56ef7f2 | ITER: 8 END: OK
2019-07-29 06:43:20.751 2417 RALLYDEBUG rally.task.utils [-] Waiting for resource s_rally_06b836d0_OWxxw3yX. Status changed: CREATING => DOWNLOADING in 7.63586497307
2019-07-29 06:43:20.850 2415 RALLYDEBUG rally.task.utils [-] Waiting for resource s_rally_06b836d0_nR3WkOY1. Status changed: CREATING => DOWNLOADING in 7.7897799015
2019-07-29 06:43:25.255 2415 RALLYDEBUG rally.task.utils [-] Waiting for resource s_rally_06b836d0_nR3WkOY1. Status changed: DOWNLOADING => AVAILABLE in 4.40489006042
2019-07-29 06:43:25.543 2417 RALLYDEBUG rally.task.utils [-] Waiting for resource s_rally_06b836d0_OWxxw3yX. Status changed: DOWNLOADING => AVAILABLE in 4.79165101051
2019-07-29 06:43:25.628 2415 INFO rally.task.runner [-] Task 5a80ff06-4ad3-474a-9709-6a95e56ef7f2 | ITER: 10 END: OK
2019-07-29 06:43:26.011 2417 INFO rally.task.runner [-] Task 5a80ff06-4ad3-474a-9709-6a95e56ef7f2 | ITER: 9 END: OK
2019-07-29 06:43:26.039 1842 INFO rally.task.context [-] Task 5a80ff06-4ad3-474a-9709-6a95e56ef7f2 | Context cleanup@openstack cleanup() started
2019-07-29 06:43:26.041 1842 RALLYDEBUG rally_openstack.cleanup.manager [-] Cleaning up cinder backups objects
2019-07-29 06:43:28.322 1842 RALLYDEBUG rally_openstack.cleanup.manager [-] Cleaning up cinder volume_snapshots objects
2019-07-29 06:43:30.440 1842 RALLYDEBUG rally_openstack.cleanup.manager [-] Cleaning up cinder transfers objects
2019-07-29 06:43:32.676 1842 RALLYDEBUG rally_openstack.cleanup.manager [-] Cleaning up cinder volumes objects
2019-07-29 06:43:35.118 1842 RALLYDEBUG rally_openstack.cleanup.manager [-] Deleting cinder.volumes object s_rally_06b836d0_667sOfLo (78924517-2f22-4aa7-bcf5-0c25d442baea)
2019-07-29 06:43:35.118 1842 RALLYDEBUG rally_openstack.cleanup.manager [-] Deleting cinder.volumes object s_rally_06b836d0_nR3WkOY1 (894a3aee-47c3-4dfe-9835-6e9fa29f4b37)
2019-07-29 06:43:35.119 1842 RALLYDEBUG rally_openstack.cleanup.manager [-] Deleting cinder.volumes object s_rally_06b836d0_OWxxw3yX (e6fbf5ea-84ad-45ff-ada0-c50b6022ae7d)
2019-07-29 06:43:35.121 1842 RALLYDEBUG rally_openstack.cleanup.manager [-] Deleting cinder.volumes object s_rally_06b836d0_ABbnVn0Y (d9fc128f-51ef-4a79-890b-98524d93acfa)
2019-07-29 06:43:35.124 1842 RALLYDEBUG rally_openstack.cleanup.manager [-] Deleting cinder.volumes object s_rally_06b836d0_wiIEE8NF (2b8c339b-d666-4b7f-b096-e62769a8820e)
2019-07-29 06:43:35.130 1842 RALLYDEBUG rally_openstack.cleanup.manager [-] Deleting cinder.volumes object s_rally_06b836d0_sh0jUbME (0e182f19-4013-48cc-bd8d-a6209ad3f504)
2019-07-29 06:43:35.130 1842 RALLYDEBUG rally_openstack.cleanup.manager [-] Deleting cinder.volumes object s_rally_06b836d0_kSXMEF8c (e2b0e9b0-6a03-45a3-8183-cc00ea74de12)
2019-07-29 06:43:35.135 1842 RALLYDEBUG rally_openstack.cleanup.manager [-] Deleting cinder.volumes object s_rally_06b836d0_SYEdqOtP (a5e7c54e-a0e1-4789-9358-3121248dd391)
2019-07-29 06:43:35.141 1842 RALLYDEBUG rally_openstack.cleanup.manager [-] Deleting cinder.volumes object s_rally_06b836d0_08K98zCo (4ce575f9-74f4-4849-b4aa-63748e00582d)
2019-07-29 06:43:35.157 1842 RALLYDEBUG rally_openstack.cleanup.manager [-] Deleting cinder.volumes object s_rally_06b836d0_UyGecCK2 (3d32c940-df0e-42a5-960b-95b224ff47d8)
2019-07-29 06:43:40.403 1842 INFO rally.task.context [-] Task 5a80ff06-4ad3-474a-9709-6a95e56ef7f2 | Context cleanup@openstack cleanup() finished in 14.36 sec
2019-07-29 06:43:40.404 1842 INFO rally.task.context [-] Task 5a80ff06-4ad3-474a-9709-6a95e56ef7f2 | Context quotas@openstack cleanup() started
2019-07-29 06:43:41.240 1842 INFO rally.task.context [-] Task 5a80ff06-4ad3-474a-9709-6a95e56ef7f2 | Context quotas@openstack cleanup() finished in 0.84 sec
2019-07-29 06:43:41.241 1842 INFO rally.task.context [-] Task 5a80ff06-4ad3-474a-9709-6a95e56ef7f2 | Context api_versions@openstack cleanup() started
2019-07-29 06:43:41.241 1842 INFO rally.task.context [-] Task 5a80ff06-4ad3-474a-9709-6a95e56ef7f2 | Context api_versions@openstack cleanup() finished in 0.32 msec
2019-07-29 06:43:41.242 1842 INFO rally.task.context [-] Task 5a80ff06-4ad3-474a-9709-6a95e56ef7f2 | Context users@openstack cleanup() started
2019-07-29 06:43:49.196 1842 INFO rally.task.context [-] Task 5a80ff06-4ad3-474a-9709-6a95e56ef7f2 | Context users@openstack cleanup() finished in 7.95 sec
2019-07-29 06:43:50.610 1842 INFO rally.task.engine [-] Load duration is: 47.785214
2019-07-29 06:43:50.611 1842 INFO rally.task.engine [-] Full runner duration is: 47.836286
2019-07-29 06:43:50.611 1842 INFO rally.task.engine [-] Full duration is: 78.900584
2019-07-29 06:43:50.748 1842 INFO rally.task.engine [-] Running workload: position = 1 config = { "version": 2, "title": "A cropped version of a bigger task.", "description": "Auto-generated task from a single workload (uuid=a8147505-6540-4838-a804-083ecd08f595)", "subtasks": [ { "title": "CinderVolumes.create_and_list_volume", "description": "Create a volume and list all volumes.", "scenario": { "CinderVolumes.create_and_list_volume": { "detailed": true, "size": 1 } }, "contexts": { "users": { "tenants": 3, "users_per_tenant": 2 }, "quotas": { "cinder": { "gigabytes": -1, "snapshots": -1, "volumes": -1 } }, "api_versions": { "cinder": { "version": 3, "service_type": "volumev3" } } }, "runner": { "constant": { "concurrency": 4, "times": 10 } }, "hooks": [], "sla": { "failure_rate": { "max": 0 } } } ] }
2019-07-29 06:43:50.772 1842 RALLYDEBUG rally_openstack.contexts.keystone.users [-] Creating 3 tenants using 20 threads
2019-07-29 06:43:52.692 1842 RALLYDEBUG rally_openstack.contexts.keystone.users [-] Creating 6 users using 20 threads
2019-07-29 06:43:55.509 1842 INFO rally.task.context [-] Task 5a80ff06-4ad3-474a-9709-6a95e56ef7f2 | Context users@openstack setup() finished in 4.74 sec
2019-07-29 06:43:55.947 1842 INFO rally.task.context [-] Task 5a80ff06-4ad3-474a-9709-6a95e56ef7f2 | Context api_versions@openstack setup() finished in 0.44 sec
2019-07-29 06:43:57.709 1842 INFO rally.task.context [-] Task 5a80ff06-4ad3-474a-9709-6a95e56ef7f2 | Context quotas@openstack setup() finished in 1.76 sec
2019-07-29 06:43:57.710 1842 INFO rally.task.context [-] Task 5a80ff06-4ad3-474a-9709-6a95e56ef7f2 | Context cleanup@openstack setup() finished in 0.01 msec
2019-07-29 06:43:57.717 1842 RALLYDEBUG rally.task.runner [-] Starting the constant runner (task UUID: 5a80ff06-4ad3-474a-9709-6a95e56ef7f2). timeout: 0 concurrency: 4 concurrency_per_worker: 1 times: 10 concurrency_overhead: 0 processes_to_start: 4 max_cpu_used: 16
2019-07-29 06:43:57.730 2598 RALLYDEBUG rally.task.runner [-] Starting a worker. concurrency: 1 args: {"detailed": true, "size": 1} times: 10 method_name: run timeout: 0 duration: None cls:
2019-07-29 06:43:57.733 2599 RALLYDEBUG rally.task.runner [-] Starting a worker. concurrency: 1 args: {"detailed": true, "size": 1} times: 10 method_name: run timeout: 0 duration: None cls:
2019-07-29 06:43:57.737 2600 RALLYDEBUG rally.task.runner [-] Starting a worker. concurrency: 1 args: {"detailed": true, "size": 1} times: 10 method_name: run timeout: 0 duration: None cls:
2019-07-29 06:43:57.738 2598 INFO rally.task.runner [-] Task 5a80ff06-4ad3-474a-9709-6a95e56ef7f2 | ITER: 1 START
2019-07-29 06:43:57.739 2601 RALLYDEBUG rally.task.runner [-] Starting a worker. concurrency: 1 args: {"detailed": true, "size": 1} times: 10 method_name: run timeout: 0 duration: None cls:
2019-07-29 06:43:57.741 2599 INFO rally.task.runner [-] Task 5a80ff06-4ad3-474a-9709-6a95e56ef7f2 | ITER: 2 START
2019-07-29 06:43:57.747 2601 INFO rally.task.runner [-] Task 5a80ff06-4ad3-474a-9709-6a95e56ef7f2 | ITER: 4 START
2019-07-29 06:43:57.747 2600 INFO rally.task.runner [-] Task 5a80ff06-4ad3-474a-9709-6a95e56ef7f2 | ITER: 3 START
2019-07-29 06:44:01.791 2600 INFO rally.task.runner [-] Task 5a80ff06-4ad3-474a-9709-6a95e56ef7f2 | ITER: 3 END: OK
2019-07-29 06:44:01.796 2600 INFO rally.task.runner [-] Task 5a80ff06-4ad3-474a-9709-6a95e56ef7f2 | ITER: 5 START
2019-07-29 06:44:01.926 2599 INFO rally.task.runner [-] Task 5a80ff06-4ad3-474a-9709-6a95e56ef7f2 | ITER: 2 END: OK
2019-07-29 06:44:01.930 2601 INFO rally.task.runner [-] Task 5a80ff06-4ad3-474a-9709-6a95e56ef7f2 | ITER: 4 END: OK
2019-07-29 06:44:01.931 2599 INFO rally.task.runner [-] Task 5a80ff06-4ad3-474a-9709-6a95e56ef7f2 | ITER: 6 START
2019-07-29 06:44:01.936 2601 INFO rally.task.runner [-] Task 5a80ff06-4ad3-474a-9709-6a95e56ef7f2 | ITER: 7 START
2019-07-29 06:44:01.944 2598 INFO rally.task.runner [-] Task 5a80ff06-4ad3-474a-9709-6a95e56ef7f2 | ITER: 1 END: OK
2019-07-29 06:44:01.949 2598 INFO rally.task.runner [-] Task 5a80ff06-4ad3-474a-9709-6a95e56ef7f2 | ITER: 8 START
2019-07-29 06:44:05.778 2599 INFO rally.task.runner [-] Task 5a80ff06-4ad3-474a-9709-6a95e56ef7f2 | ITER: 6 END: OK
2019-07-29 06:44:05.783 2599 INFO rally.task.runner [-] Task 5a80ff06-4ad3-474a-9709-6a95e56ef7f2 | ITER: 9 START
2019-07-29 06:44:05.862 2601 INFO rally.task.runner [-] Task 5a80ff06-4ad3-474a-9709-6a95e56ef7f2 | ITER: 7 END: OK
2019-07-29 06:44:05.867 2601 INFO rally.task.runner [-] Task 5a80ff06-4ad3-474a-9709-6a95e56ef7f2 | ITER: 10 START
2019-07-29 06:44:05.871 2600 INFO rally.task.runner [-] Task 5a80ff06-4ad3-474a-9709-6a95e56ef7f2 | ITER: 5 END: OK
2019-07-29 06:44:06.050 2598 INFO rally.task.runner [-] Task 5a80ff06-4ad3-474a-9709-6a95e56ef7f2 | ITER: 8 END: OK
2019-07-29 06:44:09.798 2601 INFO rally.task.runner [-] Task 5a80ff06-4ad3-474a-9709-6a95e56ef7f2 | ITER: 10 END: OK
2019-07-29 06:44:10.081 2599 INFO rally.task.runner [-] Task 5a80ff06-4ad3-474a-9709-6a95e56ef7f2 | ITER: 9 END: OK
2019-07-29 06:44:10.104 1842 INFO rally.task.context [-] Task 5a80ff06-4ad3-474a-9709-6a95e56ef7f2 | Context cleanup@openstack cleanup() started
2019-07-29 06:44:10.107 1842 RALLYDEBUG rally_openstack.cleanup.manager [-] Cleaning up cinder backups objects
2019-07-29 06:44:12.361 1842 RALLYDEBUG rally_openstack.cleanup.manager [-] Cleaning up cinder volume_snapshots objects
2019-07-29 06:44:14.530 1842 RALLYDEBUG rally_openstack.cleanup.manager [-] Cleaning up cinder transfers objects
2019-07-29 06:44:16.776 1842 RALLYDEBUG rally_openstack.cleanup.manager [-] Cleaning up cinder volumes objects
2019-07-29 06:44:19.020 1842 RALLYDEBUG rally_openstack.cleanup.manager [-] Deleting cinder.volumes object s_rally_a8147505_Fgf7Boaf (53d01ca5-b7a1-46a9-83c4-5d04080256f1)
2019-07-29 06:44:19.021 1842 RALLYDEBUG rally_openstack.cleanup.manager [-] Deleting cinder.volumes object s_rally_a8147505_iCCuKK6e (5e1ccfb3-f555-42d5-a6d3-c53e74de8021)
2019-07-29 06:44:19.023 1842 RALLYDEBUG rally_openstack.cleanup.manager [-] Deleting cinder.volumes object s_rally_a8147505_iF8zfXRw (11a9981c-556e-466f-8d9a-5905aec6fdb0)
2019-07-29 06:44:19.023 1842 RALLYDEBUG rally_openstack.cleanup.manager [-] Deleting cinder.volumes object s_rally_a8147505_VtzfW7Bj (9bf06849-58e9-4db9-8391-322c651b9e60)
2019-07-29 06:44:19.024 1842 RALLYDEBUG rally_openstack.cleanup.manager [-] Deleting cinder.volumes object s_rally_a8147505_cFmwCzg6 (24ee27a1-17d8-4786-9d63-40f83df84370)
2019-07-29 06:44:19.033 1842 RALLYDEBUG rally_openstack.cleanup.manager [-] Deleting cinder.volumes object s_rally_a8147505_xA7GdRtO (cfa00662-a0e2-4a97-b9ad-8fd47a9fd1b3)
2019-07-29 06:44:19.038 1842 RALLYDEBUG rally_openstack.cleanup.manager [-] Deleting cinder.volumes object s_rally_a8147505_qjaogjGT (44f8af13-7c8b-4a47-85a1-bf50a8a7deb5)
2019-07-29 06:44:19.045 1842 RALLYDEBUG rally_openstack.cleanup.manager [-] Deleting cinder.volumes object s_rally_a8147505_P4qMoKNN (3cba9ded-eef2-44d0-9b91-65a0a275f06f)
2019-07-29 06:44:19.048 1842 RALLYDEBUG rally_openstack.cleanup.manager [-] Deleting cinder.volumes object s_rally_a8147505_x02bKhOg (4043302c-4ff7-4a94-99d9-fb9b08c5f403)
2019-07-29 06:44:19.057 1842 RALLYDEBUG rally_openstack.cleanup.manager [-] Deleting cinder.volumes object s_rally_a8147505_901E968Y (887d42cf-c791-4876-8b0a-53e770a4a953)
2019-07-29 06:44:23.822 1842 INFO rally.task.context [-] Task 5a80ff06-4ad3-474a-9709-6a95e56ef7f2 | Context cleanup@openstack cleanup() finished in 13.72 sec
2019-07-29 06:44:23.823 1842 INFO rally.task.context [-] Task 5a80ff06-4ad3-474a-9709-6a95e56ef7f2 | Context quotas@openstack cleanup() started
2019-07-29 06:44:24.390 1842 INFO rally.task.context [-] Task 5a80ff06-4ad3-474a-9709-6a95e56ef7f2 | Context quotas@openstack cleanup() finished in 0.57 sec
2019-07-29 06:44:24.391 1842 INFO rally.task.context [-] Task 5a80ff06-4ad3-474a-9709-6a95e56ef7f2 | Context api_versions@openstack cleanup() started
2019-07-29 06:44:24.391 1842 INFO rally.task.context [-] Task 5a80ff06-4ad3-474a-9709-6a95e56ef7f2 | Context api_versions@openstack cleanup() finished in 0.31 msec
2019-07-29 06:44:24.392 1842 INFO rally.task.context [-] Task 5a80ff06-4ad3-474a-9709-6a95e56ef7f2 | Context users@openstack cleanup() started
2019-07-29 06:44:32.483 1842 INFO rally.task.context [-] Task 5a80ff06-4ad3-474a-9709-6a95e56ef7f2 | Context users@openstack cleanup() finished in 8.09 sec
2019-07-29 06:44:32.977 1842 INFO rally.task.engine [-] Load duration is: 12.338699
2019-07-29 06:44:32.977 1842 INFO rally.task.engine [-] Full runner duration is: 12.387362
2019-07-29 06:44:32.978 1842 INFO rally.task.engine [-] Full duration is: 41.715266
2019-07-29 06:44:33.167 1842 INFO rally.task.engine [-] Running workload: position = 0 config = { "version": 2, "title": "A cropped version of a bigger task.", "description": "Auto-generated task from a single workload (uuid=dc668bbc-7501-424f-a8b5-889d6573e253)", "subtasks": [ { "title": "CinderVolumes.create_and_upload_volume_to_image", "description": "Create and upload a volume to image.", "scenario": { "CinderVolumes.create_and_upload_volume_to_image": { "container_format": "bare", "disk_format": "raw", "do_delete": true, "force": false, "size": 1 } }, "contexts": { "users": { "tenants": 3, "users_per_tenant": 2 }, "quotas": { "cinder": { "gigabytes": -1, "snapshots": -1, "volumes": -1 } }, "api_versions": { "cinder": { "version": 3, "service_type": "volumev3" } } }, "runner": { "constant": { "concurrency": 4, "times": 10 } }, "hooks": [], "sla": { "failure_rate": { "max": 0 } } } ] }
2019-07-29 06:44:33.191 1842 RALLYDEBUG rally_openstack.contexts.keystone.users [-] Creating 3 tenants using 20 threads
2019-07-29 06:44:35.142 1842 RALLYDEBUG rally_openstack.contexts.keystone.users [-] Creating 6 users using 20 threads
2019-07-29 06:44:38.026 1842 INFO rally.task.context [-] Task 5a80ff06-4ad3-474a-9709-6a95e56ef7f2 | Context users@openstack setup() finished in 4.84 sec
2019-07-29 06:44:38.472 1842 INFO rally.task.context [-] Task 5a80ff06-4ad3-474a-9709-6a95e56ef7f2 | Context api_versions@openstack setup() finished in 0.45 sec
2019-07-29 06:44:40.242 1842 INFO rally.task.context [-] Task 5a80ff06-4ad3-474a-9709-6a95e56ef7f2 | Context quotas@openstack setup() finished in 1.77 sec
2019-07-29 06:44:40.243 1842 INFO rally.task.context [-] Task 5a80ff06-4ad3-474a-9709-6a95e56ef7f2 | Context cleanup@openstack setup() finished in 0.00 msec
2019-07-29 06:44:40.250 1842 RALLYDEBUG rally.task.runner [-] Starting the constant runner (task UUID: 5a80ff06-4ad3-474a-9709-6a95e56ef7f2). timeout: 0 concurrency: 4 concurrency_per_worker: 1 times: 10 concurrency_overhead: 0 processes_to_start: 4 max_cpu_used: 16
2019-07-29 06:44:40.263 2782 RALLYDEBUG rally.task.runner [-] Starting a worker. concurrency: 1 args: {"container_format": "bare", "disk_format": "raw", "do_delete": true, "force": false, "size": 1} times: 10 method_name: run timeout: 0 duration: None cls:
2019-07-29 06:44:40.266 2783 RALLYDEBUG rally.task.runner [-] Starting a worker. concurrency: 1 args: {"container_format": "bare", "disk_format": "raw", "do_delete": true, "force": false, "size": 1} times: 10 method_name: run timeout: 0 duration: None cls:
2019-07-29 06:44:40.270 2782 INFO rally.task.runner [-] Task 5a80ff06-4ad3-474a-9709-6a95e56ef7f2 | ITER: 1 START
2019-07-29 06:44:40.270 2784 RALLYDEBUG rally.task.runner [-] Starting a worker. concurrency: 1 args: {"container_format": "bare", "disk_format": "raw", "do_delete": true, "force": false, "size": 1} times: 10 method_name: run timeout: 0 duration: None cls:
2019-07-29 06:44:40.271 2785 RALLYDEBUG rally.task.runner [-] Starting a worker. concurrency: 1 args: {"container_format": "bare", "disk_format": "raw", "do_delete": true, "force": false, "size": 1} times: 10 method_name: run timeout: 0 duration: None cls:
2019-07-29 06:44:40.274 2783 INFO rally.task.runner [-] Task 5a80ff06-4ad3-474a-9709-6a95e56ef7f2 | ITER: 2 START
2019-07-29 06:44:40.278 2785 INFO rally.task.runner [-] Task 5a80ff06-4ad3-474a-9709-6a95e56ef7f2 | ITER: 4 START
2019-07-29 06:44:40.281 2784 INFO rally.task.runner [-] Task 5a80ff06-4ad3-474a-9709-6a95e56ef7f2 | ITER: 3 START
2019-07-29 06:44:46.057 2784 RALLYDEBUG rally.task.utils [-] Waiting for resource s_rally_dc668bbc_4NNsLyLS. Status changed: AVAILABLE => UPLOADING in 0.343535900116
2019-07-29 06:44:46.104 2783 RALLYDEBUG rally.task.utils [-] Waiting for resource s_rally_dc668bbc_dvlhSdCw. Status changed: AVAILABLE => UPLOADING in 0.329972982407
2019-07-29 06:44:46.105 2785 RALLYDEBUG rally.task.utils [-] Waiting for resource s_rally_dc668bbc_VYhY0Qlr. Status changed: AVAILABLE => UPLOADING in 0.326046943665
2019-07-29 06:44:46.254 2782 RALLYDEBUG rally.task.utils [-] Waiting for resource s_rally_dc668bbc_UnVluIFR. Status changed: AVAILABLE => UPLOADING in 0.350272893906
2019-07-29 06:45:27.571 2785 RALLYDEBUG rally.task.utils [-] Waiting for resource s_rally_dc668bbc_VYhY0Qlr. Status changed: UPLOADING => AVAILABLE in 41.4666590691
2019-07-29 06:45:28.752 2785 RALLYDEBUG rally.task.utils [-] Waiting for resource s_rally_dc668bbc_VYhY0Qlr. Status changed: AVAILABLE => DELETING in 0.357269048691
2019-07-29 06:45:29.115 2783 RALLYDEBUG rally.task.utils [-] Waiting for resource s_rally_dc668bbc_dvlhSdCw. Status changed: UPLOADING => AVAILABLE in 43.0114810467
2019-07-29 06:45:29.918 2783 RALLYDEBUG rally.task.utils [-] Waiting for resource s_rally_dc668bbc_dvlhSdCw. Status changed: AVAILABLE => DELETING in 0.350154876709
2019-07-29 06:45:31.944 2785 INFO rally.task.runner [-] Task 5a80ff06-4ad3-474a-9709-6a95e56ef7f2 | ITER: 4 END: OK
2019-07-29 06:45:31.950 2785 INFO rally.task.runner [-] Task 5a80ff06-4ad3-474a-9709-6a95e56ef7f2 | ITER: 5 START
2019-07-29 06:45:33.220 2783 INFO rally.task.runner [-] Task 5a80ff06-4ad3-474a-9709-6a95e56ef7f2 | ITER: 2 END: OK
2019-07-29 06:45:33.227 2783 INFO rally.task.runner [-] Task 5a80ff06-4ad3-474a-9709-6a95e56ef7f2 | ITER: 6 START
2019-07-29 06:45:38.009 2785 RALLYDEBUG rally.task.utils [-] Waiting for resource s_rally_dc668bbc_a07B8QHS. Status changed: AVAILABLE => UPLOADING in 0.3355448246
2019-07-29 06:45:38.728 2783 RALLYDEBUG rally.task.utils [-] Waiting for resource s_rally_dc668bbc_kMsXEclh. Status changed: AVAILABLE => UPLOADING in 0.269372940063
2019-07-29 06:45:55.197 2784 RALLYDEBUG rally.task.utils [-] Waiting for resource s_rally_dc668bbc_4NNsLyLS. Status changed: UPLOADING => AVAILABLE in 69.1395270824
2019-07-29 06:45:55.649 2784 RALLYDEBUG rally.task.utils [-] Waiting for resource s_rally_dc668bbc_4NNsLyLS. Status changed: AVAILABLE => DELETING in 0.0521061420441
2019-07-29 06:45:57.308 2782 RALLYDEBUG rally.task.utils [-] Waiting for resource s_rally_dc668bbc_UnVluIFR. Status changed: UPLOADING => AVAILABLE in 71.0543351173
2019-07-29 06:45:58.574 2782 RALLYDEBUG rally.task.utils [-] Waiting for resource s_rally_dc668bbc_UnVluIFR. Status changed: AVAILABLE => DELETING in 0.310009002686
2019-07-29 06:46:00.436 2784 INFO rally.task.runner [-] Task 5a80ff06-4ad3-474a-9709-6a95e56ef7f2 | ITER: 3 END: OK
2019-07-29 06:46:00.442 2784 INFO rally.task.runner [-] Task 5a80ff06-4ad3-474a-9709-6a95e56ef7f2 | ITER: 7 START
2019-07-29 06:46:02.610 2782 INFO rally.task.runner [-] Task 5a80ff06-4ad3-474a-9709-6a95e56ef7f2 | ITER: 1 END: OK
2019-07-29 06:46:02.618 2782 INFO rally.task.runner [-] Task 5a80ff06-4ad3-474a-9709-6a95e56ef7f2 | ITER: 8 START
2019-07-29 06:46:06.355 2784 RALLYDEBUG rally.task.utils [-] Waiting for resource s_rally_dc668bbc_QrYwmmYz. Status changed: AVAILABLE => UPLOADING in 0.349595069885
2019-07-29 06:46:08.536 2782 RALLYDEBUG rally.task.utils [-] Waiting for resource s_rally_dc668bbc_CprIvvYQ. Status changed: AVAILABLE => UPLOADING in 0.291918039322
2019-07-29 06:46:19.013 2783 RALLYDEBUG rally.task.utils [-] Waiting for resource s_rally_dc668bbc_kMsXEclh. Status changed: UPLOADING => AVAILABLE in 40.2851979733
2019-07-29 06:46:19.078 2785 RALLYDEBUG rally.task.utils [-] Waiting for resource s_rally_dc668bbc_a07B8QHS. Status changed: UPLOADING => AVAILABLE in 41.0690610409
2019-07-29 06:46:19.996 2785 RALLYDEBUG rally.task.utils [-] Waiting for resource s_rally_dc668bbc_a07B8QHS. Status changed: AVAILABLE => DELETING in 0.0564169883728
2019-07-29 06:46:20.293 2783 RALLYDEBUG rally.task.utils [-] Waiting for resource s_rally_dc668bbc_kMsXEclh. Status changed: AVAILABLE => DELETING in 0.341933965683
2019-07-29 06:46:24.189 2785 INFO rally.task.runner [-] Task 5a80ff06-4ad3-474a-9709-6a95e56ef7f2 | ITER: 5 END: OK
2019-07-29 06:46:24.194 2785 INFO rally.task.runner [-] Task 5a80ff06-4ad3-474a-9709-6a95e56ef7f2 | ITER: 9 START
2019-07-29 06:46:25.555 2783 INFO rally.task.runner [-] Task 5a80ff06-4ad3-474a-9709-6a95e56ef7f2 | ITER: 6 END: OK
2019-07-29 06:46:25.561 2783 INFO rally.task.runner [-] Task 5a80ff06-4ad3-474a-9709-6a95e56ef7f2 | ITER: 10 START
2019-07-29 06:46:30.178 2785 RALLYDEBUG rally.task.utils [-] Waiting for resource s_rally_dc668bbc_qRyPZeH6. Status changed: AVAILABLE => UPLOADING in 0.384644031525
2019-07-29 06:46:31.317 2783 RALLYDEBUG rally.task.utils [-] Waiting for resource s_rally_dc668bbc_TaXCWDvW. Status changed: AVAILABLE => UPLOADING in 0.356502056122
2019-07-29 06:46:51.632 2784 RALLYDEBUG rally.task.utils [-] Waiting for resource s_rally_dc668bbc_QrYwmmYz. Status changed: UPLOADING => AVAILABLE in 45.2774178982
2019-07-29 06:46:52.745 2784 RALLYDEBUG rally.task.utils [-] Waiting for resource s_rally_dc668bbc_QrYwmmYz. Status changed: AVAILABLE => DELETING in 0.0565769672394
2019-07-29 06:46:53.265 2782 RALLYDEBUG rally.task.utils [-] Waiting for resource s_rally_dc668bbc_CprIvvYQ. Status changed: UPLOADING => AVAILABLE in 44.7294850349
2019-07-29 06:46:54.773 2782 RALLYDEBUG rally.task.utils [-] Waiting for resource s_rally_dc668bbc_CprIvvYQ. Status changed: AVAILABLE => DELETING in 0.325039863586
2019-07-29 06:46:56.604 2784 INFO rally.task.runner [-] Task 5a80ff06-4ad3-474a-9709-6a95e56ef7f2 | ITER: 7 END: OK
2019-07-29 06:46:58.582 2782 INFO rally.task.runner [-] Task 5a80ff06-4ad3-474a-9709-6a95e56ef7f2 | ITER: 8 END: OK
2019-07-29 06:47:11.557 2785 RALLYDEBUG rally.task.utils [-] Waiting for resource s_rally_dc668bbc_qRyPZeH6. Status changed: UPLOADING => AVAILABLE in 41.3786730766
2019-07-29 06:47:12.844 2783 RALLYDEBUG rally.task.utils [-] Waiting for resource s_rally_dc668bbc_TaXCWDvW. Status changed: UPLOADING => AVAILABLE in 41.5267660618
2019-07-29 06:47:12.876 2785 RALLYDEBUG rally.task.utils [-] Waiting for resource s_rally_dc668bbc_qRyPZeH6. Status changed: AVAILABLE => DELETING in 0.0564529895782
2019-07-29 06:47:13.831 2783 RALLYDEBUG rally.task.utils [-] Waiting for resource s_rally_dc668bbc_TaXCWDvW. Status changed: AVAILABLE => DELETING in 0.0769770145416
2019-07-29 06:47:15.884 2785 INFO rally.task.runner [-] Task 5a80ff06-4ad3-474a-9709-6a95e56ef7f2 | ITER: 9 END: OK
2019-07-29 06:47:17.046 2783 INFO rally.task.runner [-] Task 5a80ff06-4ad3-474a-9709-6a95e56ef7f2 | ITER: 10 END: OK
2019-07-29 06:47:17.069 1842 INFO rally.task.context [-] Task 5a80ff06-4ad3-474a-9709-6a95e56ef7f2 | Context cleanup@openstack cleanup() started
2019-07-29 06:47:17.072 1842 RALLYDEBUG rally_openstack.cleanup.manager [-] Cleaning up cinder backups objects
2019-07-29 06:47:19.307 1842 RALLYDEBUG rally_openstack.cleanup.manager [-] Cleaning up cinder volume_snapshots objects
2019-07-29 06:47:21.423 1842 RALLYDEBUG rally_openstack.cleanup.manager [-] Cleaning up cinder transfers objects
2019-07-29 06:47:23.608 1842 RALLYDEBUG rally_openstack.cleanup.manager [-] Cleaning up cinder volumes objects
2019-07-29 06:47:25.792 1842 RALLYDEBUG rally_openstack.cleanup.manager [-] Cleaning up glance images objects
2019-07-29 06:47:29.131 1842 INFO rally.task.context [-] Task 5a80ff06-4ad3-474a-9709-6a95e56ef7f2 | Context cleanup@openstack cleanup() finished in 12.06 sec
2019-07-29 06:47:29.132 1842 INFO rally.task.context [-] Task 5a80ff06-4ad3-474a-9709-6a95e56ef7f2 | Context quotas@openstack cleanup() started
2019-07-29 06:47:30.152 1842 INFO rally.task.context [-] Task 5a80ff06-4ad3-474a-9709-6a95e56ef7f2 | Context quotas@openstack cleanup() finished in 1.02 sec
2019-07-29 06:47:30.152 1842 INFO rally.task.context [-] Task 5a80ff06-4ad3-474a-9709-6a95e56ef7f2 | Context api_versions@openstack cleanup() started
2019-07-29 06:47:30.153 1842 INFO rally.task.context [-] Task 5a80ff06-4ad3-474a-9709-6a95e56ef7f2 | Context api_versions@openstack cleanup() finished in 0.32 msec
2019-07-29 06:47:30.153 1842 INFO rally.task.context [-] Task 5a80ff06-4ad3-474a-9709-6a95e56ef7f2 | Context users@openstack cleanup() started
2019-07-29 06:47:38.100 1842 INFO rally.task.context [-] Task 5a80ff06-4ad3-474a-9709-6a95e56ef7f2 | Context users@openstack cleanup() finished in 7.95 sec
2019-07-29 06:47:39.896 1842 INFO rally.task.engine [-] Load duration is: 155.896769
2019-07-29 06:47:39.897 1842 INFO rally.task.engine [-] Full runner duration is: 156.818807
2019-07-29 06:47:39.897 1842 INFO rally.task.engine [-] Full duration is: 184.912441
2019-07-29 06:47:40.111 1842 INFO rally.task.engine [-] Running workload: position = 0 config = { "version": 2, "title": "A cropped version of a bigger task.", "description": "Auto-generated task from a single workload (uuid=4d53d785-2c93-46d5-a4ea-a8b30ba3dd58)", "subtasks": [ { "title": "CinderVolumes.create_nested_snapshots_and_attach_volume", "description": "Create a volume from snapshot and attach/detach the volume", "scenario": { "CinderVolumes.create_nested_snapshots_and_attach_volume": { "flavor": { "name": "rally_full-flavor_86c10963-6d8b-412f-95e8-cb339d99270d" }, "image": { "name": "rally_full-img_86c10963-6d8b-412f-95e8-cb339d99270d" }, "nested_level": 1, "size": { "max": 1, "min": 1 }, "create_vm_params": { "nics": [ { "net-id": "ec0c4179-247c-4006-a67b-3075012bed4d" } ] } } }, "contexts": { "users": { "tenants": 3, "users_per_tenant": 2 }, "quotas": { "cinder": { "gigabytes": -1, "snapshots": -1, "volumes": -1 } }, "api_versions": { "cinder": { "version": 3, "service_type": "volumev3" } } }, "runner": { "constant": { "concurrency": 4, "times": 10 } }, "hooks": [], "sla": { "failure_rate": { "max": 0 } } } ] }
2019-07-29 06:47:40.131 1842 RALLYDEBUG rally_openstack.contexts.keystone.users [-] Creating 3 tenants using 20 threads
2019-07-29 06:47:42.106 1842 RALLYDEBUG rally_openstack.contexts.keystone.users [-] Creating 6 users using 20 threads
2019-07-29 06:47:45.117 1842 INFO rally.task.context [-] Task 5a80ff06-4ad3-474a-9709-6a95e56ef7f2 | Context users@openstack setup() finished in 4.99 sec
2019-07-29 06:47:45.546 1842 INFO rally.task.context [-] Task 5a80ff06-4ad3-474a-9709-6a95e56ef7f2 | Context api_versions@openstack setup() finished in 0.43 sec
2019-07-29 06:47:47.199 1842 INFO rally.task.context [-] Task 5a80ff06-4ad3-474a-9709-6a95e56ef7f2 | Context quotas@openstack setup() finished in 1.65 sec
2019-07-29 06:47:47.199 1842 INFO rally.task.context [-] Task 5a80ff06-4ad3-474a-9709-6a95e56ef7f2 | Context cleanup@openstack setup() finished in 0.01 msec
2019-07-29 06:47:48.650 1842 DEBUG novaclient.v2.client [-] REQ: curl -g -i -X GET http://172.30.9.23:8774/v2.1/flavors/detail -H "Accept: application/json" -H "User-Agent: python-novaclient" -H "X-Auth-Token: {SHA1}757a8985e8da2f923c306ae942ebc93bc9475295" _http_log_request /usr/lib/python2.7/site-packages/keystoneauth1/session.py:448
2019-07-29 06:47:48.957 1842 DEBUG novaclient.v2.client [-] RESP: [200] Content-Encoding: gzip Content-Length: 365 Content-Type: application/json Date: Mon, 29 Jul 2019 06:47:48 GMT OpenStack-API-Version: compute 2.1 Server: Apache Vary: OpenStack-API-Version,X-OpenStack-Nova-API-Version,Accept-Encoding X-OpenStack-Nova-API-Version: 2.1 x-compute-request-id: req-6259ab32-26fe-47e8-afb4-d434a7103337 x-openstack-request-id: req-6259ab32-26fe-47e8-afb4-d434a7103337 _http_log_response /usr/lib/python2.7/site-packages/keystoneauth1/session.py:479
2019-07-29 06:47:48.958 1842 DEBUG novaclient.v2.client [-] RESP BODY: {"flavors": [{"name": "rally_full-flavor_86c10963-6d8b-412f-95e8-cb339d99270d", "links": [{"href": "http://172.30.9.23:8774/v2.1/flavors/b6135e1e-244e-4a90-9d83-6c894f5907eb", "rel": "self"}, {"href": "http://172.30.9.23:8774/flavors/b6135e1e-244e-4a90-9d83-6c894f5907eb", "rel": "bookmark"}], "ram": 512, "OS-FLV-DISABLED:disabled": false, "vcpus": 1, "swap": "", "os-flavor-access:is_public": true, "rxtx_factor": 1.0, "OS-FLV-EXT-DATA:ephemeral": 0, "disk": 1, "id": "b6135e1e-244e-4a90-9d83-6c894f5907eb"}, {"name": "rally_full-flavor_alt_86c10963-6d8b-412f-95e8-cb339d99270d", "links": [{"href": "http://172.30.9.23:8774/v2.1/flavors/d5937f60-b92a-4275-a148-aa34c9b2bf62", "rel": "self"}, {"href": "http://172.30.9.23:8774/flavors/d5937f60-b92a-4275-a148-aa34c9b2bf62", "rel": "bookmark"}], "ram": 1024, "OS-FLV-DISABLED:disabled": false, "vcpus": 1, "swap": "", "os-flavor-access:is_public": true, "rxtx_factor": 1.0, "OS-FLV-EXT-DATA:ephemeral": 0, "disk": 1, "id": "d5937f60-b92a-4275-a148-aa34c9b2bf62"}]} _http_log_response /usr/lib/python2.7/site-packages/keystoneauth1/session.py:511
2019-07-29 06:47:48.958 1842 DEBUG novaclient.v2.client [-] GET call to compute for http://172.30.9.23:8774/v2.1/flavors/detail used request id req-6259ab32-26fe-47e8-afb4-d434a7103337 request /usr/lib/python2.7/site-packages/keystoneauth1/session.py:844
2019-07-29 06:47:48.961 1842 RALLYDEBUG rally.task.runner [-] Starting the constant runner (task UUID: 5a80ff06-4ad3-474a-9709-6a95e56ef7f2). timeout: 0 concurrency: 4 concurrency_per_worker: 1 times: 10 concurrency_overhead: 0 processes_to_start: 4 max_cpu_used: 16
2019-07-29 06:47:48.974 2986 RALLYDEBUG rally.task.runner [-] Starting a worker. concurrency: 1 args: {"flavor": "b6135e1e-244e-4a90-9d83-6c894f5907eb", "image": "7ed92820-0545-432d-aa30-a5848dd4a2fc", "nested_level": 1, "size": {"max": 1, "min": 1}, "create_vm_params": {"nics": [{"net-id": "ec0c4179-247c-4006-a67b-3075012bed4d"}]}} times: 10 method_name: run timeout: 0 duration: None cls:
2019-07-29 06:47:48.977 2987 RALLYDEBUG rally.task.runner [-] Starting a worker. concurrency: 1 args: {"flavor": "b6135e1e-244e-4a90-9d83-6c894f5907eb", "image": "7ed92820-0545-432d-aa30-a5848dd4a2fc", "nested_level": 1, "size": {"max": 1, "min": 1}, "create_vm_params": {"nics": [{"net-id": "ec0c4179-247c-4006-a67b-3075012bed4d"}]}} times: 10 method_name: run timeout: 0 duration: None cls:
2019-07-29 06:47:48.981 2988 RALLYDEBUG rally.task.runner [-] Starting a worker. concurrency: 1 args: {"flavor": "b6135e1e-244e-4a90-9d83-6c894f5907eb", "image": "7ed92820-0545-432d-aa30-a5848dd4a2fc", "nested_level": 1, "size": {"max": 1, "min": 1}, "create_vm_params": {"nics": [{"net-id": "ec0c4179-247c-4006-a67b-3075012bed4d"}]}} times: 10 method_name: run timeout: 0 duration: None cls:
2019-07-29 06:47:48.983 2986 INFO rally.task.runner [-] Task 5a80ff06-4ad3-474a-9709-6a95e56ef7f2 | ITER: 1 START
2019-07-29 06:47:48.983 2989 RALLYDEBUG rally.task.runner [-] Starting a worker. concurrency: 1 args: {"flavor": "b6135e1e-244e-4a90-9d83-6c894f5907eb", "image": "7ed92820-0545-432d-aa30-a5848dd4a2fc", "nested_level": 1, "size": {"max": 1, "min": 1}, "create_vm_params": {"nics": [{"net-id": "ec0c4179-247c-4006-a67b-3075012bed4d"}]}} times: 10 method_name: run timeout: 0 duration: None cls:
2019-07-29 06:47:48.985 2987 INFO rally.task.runner [-] Task 5a80ff06-4ad3-474a-9709-6a95e56ef7f2 | ITER: 2 START
2019-07-29 06:47:48.989 2988 INFO rally.task.runner [-] Task 5a80ff06-4ad3-474a-9709-6a95e56ef7f2 | ITER: 3 START
2019-07-29 06:47:48.992 2989 INFO rally.task.runner [-] Task 5a80ff06-4ad3-474a-9709-6a95e56ef7f2 | ITER: 4 START
2019-07-29 06:47:49.434 2988 DEBUG novaclient.v2.client [-] REQ: curl -g -i -X POST http://172.30.9.23:8774/v2.1/servers -H "Accept: application/json" -H "Content-Type: application/json" -H "User-Agent: python-novaclient" -H "X-Auth-Token: {SHA1}145d135602722c12b41f2a3d21eb5d33370827b2" -d '{"server": {"name": "s_rally_4d53d785_ffLvgoof", "imageRef": "7ed92820-0545-432d-aa30-a5848dd4a2fc", "flavorRef": "b6135e1e-244e-4a90-9d83-6c894f5907eb", "max_count": 1, "min_count": 1, "networks": [{"uuid": "ec0c4179-247c-4006-a67b-3075012bed4d"}]}}' _http_log_request /usr/lib/python2.7/site-packages/keystoneauth1/session.py:448
2019-07-29 06:47:49.434 2989 DEBUG novaclient.v2.client [-] REQ: curl -g -i -X POST http://172.30.9.23:8774/v2.1/servers -H "Accept: application/json" -H "Content-Type: application/json" -H "User-Agent: python-novaclient" -H "X-Auth-Token: {SHA1}fcdd1c514744b2b59f547458927349121fec00a1" -d '{"server": {"name": "s_rally_4d53d785_3ebVIkI3", "imageRef": "7ed92820-0545-432d-aa30-a5848dd4a2fc", "flavorRef": "b6135e1e-244e-4a90-9d83-6c894f5907eb", "max_count": 1, "min_count": 1, "networks": [{"uuid": "ec0c4179-247c-4006-a67b-3075012bed4d"}]}}' _http_log_request /usr/lib/python2.7/site-packages/keystoneauth1/session.py:448
2019-07-29 06:47:49.434 2986 DEBUG novaclient.v2.client [-] REQ: curl -g -i -X POST http://172.30.9.23:8774/v2.1/servers -H "Accept: application/json" -H "Content-Type: application/json" -H "User-Agent: python-novaclient" -H "X-Auth-Token: {SHA1}dbf8e44c94231a4116f9682693474a23e9c79353" -d '{"server": {"name": "s_rally_4d53d785_ZKcBet6h", "imageRef": "7ed92820-0545-432d-aa30-a5848dd4a2fc", "flavorRef": "b6135e1e-244e-4a90-9d83-6c894f5907eb", "max_count": 1, "min_count": 1, "networks": [{"uuid": "ec0c4179-247c-4006-a67b-3075012bed4d"}]}}' _http_log_request /usr/lib/python2.7/site-packages/keystoneauth1/session.py:448
2019-07-29 06:47:49.515 2987 DEBUG novaclient.v2.client [-] REQ: curl -g -i -X POST http://172.30.9.23:8774/v2.1/servers -H "Accept: application/json" -H "Content-Type: application/json" -H "User-Agent: python-novaclient" -H "X-Auth-Token: {SHA1}99974e9d040247e32aeaf8789a5e86be95ded47e" -d '{"server": {"name": "s_rally_4d53d785_gpp7nk7x", "imageRef": "7ed92820-0545-432d-aa30-a5848dd4a2fc", "flavorRef": "b6135e1e-244e-4a90-9d83-6c894f5907eb", "max_count": 1, "min_count": 1, "networks": [{"uuid": "ec0c4179-247c-4006-a67b-3075012bed4d"}]}}' _http_log_request /usr/lib/python2.7/site-packages/keystoneauth1/session.py:448
2019-07-29 06:47:52.683 2986 DEBUG novaclient.v2.client [-] RESP: [202] Content-Length: 374 Content-Type: application/json Date: Mon, 29 Jul 2019 06:47:49 GMT OpenStack-API-Version: compute 2.1 Server: Apache Vary: OpenStack-API-Version,X-OpenStack-Nova-API-Version X-OpenStack-Nova-API-Version: 2.1 location: http://172.30.9.23:8774/v2.1/servers/1807313f-f17f-45bd-b333-fbb2cae4a8f3 x-compute-request-id: req-168ecc66-f802-4633-8f50-9798de67b679 x-openstack-request-id: req-168ecc66-f802-4633-8f50-9798de67b679 _http_log_response /usr/lib/python2.7/site-packages/keystoneauth1/session.py:479
2019-07-29 06:47:52.684 2986 DEBUG novaclient.v2.client [-] RESP BODY: {"server": {"security_groups": [{"name": "default"}], "OS-DCF:diskConfig": "MANUAL", "id": "1807313f-f17f-45bd-b333-fbb2cae4a8f3", "links": [{"href": "http://172.30.9.23:8774/v2.1/servers/1807313f-f17f-45bd-b333-fbb2cae4a8f3", "rel": "self"}, {"href": "http://172.30.9.23:8774/servers/1807313f-f17f-45bd-b333-fbb2cae4a8f3", "rel": "bookmark"}], "adminPass": "JVVa2wdxT6aB"}} _http_log_response /usr/lib/python2.7/site-packages/keystoneauth1/session.py:511
2019-07-29 06:47:52.684 2986 DEBUG novaclient.v2.client [-] POST call to compute for http://172.30.9.23:8774/v2.1/servers used request id req-168ecc66-f802-4633-8f50-9798de67b679 request /usr/lib/python2.7/site-packages/keystoneauth1/session.py:844
2019-07-29 06:47:53.204 2987 DEBUG novaclient.v2.client [-] RESP: [202] Content-Length: 374 Content-Type: application/json Date: Mon, 29 Jul 2019 06:47:49 GMT OpenStack-API-Version: compute 2.1 Server: Apache Vary: OpenStack-API-Version,X-OpenStack-Nova-API-Version X-OpenStack-Nova-API-Version: 2.1 location: http://172.30.9.23:8774/v2.1/servers/750e8027-87aa-482d-af1f-fc499081f22d x-compute-request-id: req-131080f3-3ad8-42fc-8d6c-1a57832de1ce x-openstack-request-id: req-131080f3-3ad8-42fc-8d6c-1a57832de1ce _http_log_response /usr/lib/python2.7/site-packages/keystoneauth1/session.py:479
2019-07-29 06:47:53.204 2987 DEBUG novaclient.v2.client [-] RESP BODY: {"server": {"security_groups": [{"name": "default"}], "OS-DCF:diskConfig": "MANUAL", "id": "750e8027-87aa-482d-af1f-fc499081f22d", "links": [{"href": "http://172.30.9.23:8774/v2.1/servers/750e8027-87aa-482d-af1f-fc499081f22d", "rel": "self"}, {"href": "http://172.30.9.23:8774/servers/750e8027-87aa-482d-af1f-fc499081f22d", "rel": "bookmark"}], "adminPass": "YPk5qS7bjtX3"}} _http_log_response /usr/lib/python2.7/site-packages/keystoneauth1/session.py:511
2019-07-29 06:47:53.205 2987 DEBUG novaclient.v2.client [-] POST call to compute for http://172.30.9.23:8774/v2.1/servers used request id req-131080f3-3ad8-42fc-8d6c-1a57832de1ce request /usr/lib/python2.7/site-packages/keystoneauth1/session.py:844
2019-07-29 06:47:53.409 2989 DEBUG novaclient.v2.client [-] RESP: [202] Content-Length: 374 Content-Type: application/json Date: Mon, 29 Jul 2019 06:47:49 GMT OpenStack-API-Version: compute 2.1 Server: Apache Vary: OpenStack-API-Version,X-OpenStack-Nova-API-Version X-OpenStack-Nova-API-Version: 2.1 location: http://172.30.9.23:8774/v2.1/servers/37d685fe-6847-4daa-ac0f-fdc811bbc225 x-compute-request-id: req-dc4735e3-2956-45cd-a493-9a44573c9521 x-openstack-request-id: req-dc4735e3-2956-45cd-a493-9a44573c9521 _http_log_response /usr/lib/python2.7/site-packages/keystoneauth1/session.py:479
2019-07-29 06:47:53.410 2989 DEBUG novaclient.v2.client [-] RESP BODY: {"server": {"security_groups": [{"name": "default"}], "OS-DCF:diskConfig": "MANUAL", "id": "37d685fe-6847-4daa-ac0f-fdc811bbc225", "links": [{"href": "http://172.30.9.23:8774/v2.1/servers/37d685fe-6847-4daa-ac0f-fdc811bbc225", "rel": "self"}, {"href": "http://172.30.9.23:8774/servers/37d685fe-6847-4daa-ac0f-fdc811bbc225", "rel": "bookmark"}], "adminPass": "izEri7RrSkQh"}} _http_log_response /usr/lib/python2.7/site-packages/keystoneauth1/session.py:511
2019-07-29 06:47:53.410 2989 DEBUG novaclient.v2.client [-] POST call to compute for http://172.30.9.23:8774/v2.1/servers used request id req-dc4735e3-2956-45cd-a493-9a44573c9521 request /usr/lib/python2.7/site-packages/keystoneauth1/session.py:844
2019-07-29 06:47:53.502 2988 DEBUG novaclient.v2.client [-] RESP: [202] Content-Length: 374 Content-Type: application/json Date: Mon, 29 Jul 2019 06:47:49 GMT OpenStack-API-Version: compute 2.1 Server: Apache Vary: OpenStack-API-Version,X-OpenStack-Nova-API-Version X-OpenStack-Nova-API-Version: 2.1 location: http://172.30.9.23:8774/v2.1/servers/329cd005-b9fe-41cc-8983-c57a6bd933c9 x-compute-request-id: req-449f940f-b68d-4581-8827-a072a440ca11 x-openstack-request-id: req-449f940f-b68d-4581-8827-a072a440ca11 _http_log_response /usr/lib/python2.7/site-packages/keystoneauth1/session.py:479
2019-07-29 06:47:53.503 2988 DEBUG novaclient.v2.client [-] RESP BODY: {"server": {"security_groups": [{"name": "default"}], "OS-DCF:diskConfig": "MANUAL", "id": "329cd005-b9fe-41cc-8983-c57a6bd933c9", "links": [{"href": "http://172.30.9.23:8774/v2.1/servers/329cd005-b9fe-41cc-8983-c57a6bd933c9", "rel": "self"}, {"href": "http://172.30.9.23:8774/servers/329cd005-b9fe-41cc-8983-c57a6bd933c9", "rel": "bookmark"}], "adminPass": "vTRsj4aMYFXU"}} _http_log_response /usr/lib/python2.7/site-packages/keystoneauth1/session.py:511
2019-07-29 06:47:53.503 2988 DEBUG novaclient.v2.client [-] POST call to compute for http://172.30.9.23:8774/v2.1/servers used request id req-449f940f-b68d-4581-8827-a072a440ca11 request /usr/lib/python2.7/site-packages/keystoneauth1/session.py:844
2019-07-29 06:47:53.688 2986 DEBUG novaclient.v2.client [-] REQ: curl -g -i -X GET http://172.30.9.23:8774/v2.1/servers/1807313f-f17f-45bd-b333-fbb2cae4a8f3 -H "Accept: application/json" -H "User-Agent: python-novaclient" -H "X-Auth-Token: {SHA1}dbf8e44c94231a4116f9682693474a23e9c79353" _http_log_request /usr/lib/python2.7/site-packages/keystoneauth1/session.py:448
2019-07-29 06:47:54.187 2986 DEBUG novaclient.v2.client [-] RESP: [200] Content-Encoding: gzip Content-Length: 591 Content-Type: application/json Date: Mon, 29 Jul 2019 06:47:53 GMT OpenStack-API-Version: compute 2.1 Server: Apache Vary: OpenStack-API-Version,X-OpenStack-Nova-API-Version,Accept-Encoding X-OpenStack-Nova-API-Version: 2.1 x-compute-request-id: req-b22aef29-0da3-43a0-9b6a-16257c47145b x-openstack-request-id: req-b22aef29-0da3-43a0-9b6a-16257c47145b _http_log_response /usr/lib/python2.7/site-packages/keystoneauth1/session.py:479
2019-07-29 06:47:54.187 2986 DEBUG novaclient.v2.client [-] RESP BODY: {"server": {"OS-EXT-STS:task_state": "scheduling", "addresses": {}, "links": [{"href": "http://172.30.9.23:8774/v2.1/servers/1807313f-f17f-45bd-b333-fbb2cae4a8f3", "rel": "self"}, {"href": "http://172.30.9.23:8774/servers/1807313f-f17f-45bd-b333-fbb2cae4a8f3", "rel": "bookmark"}], "image": {"id": "7ed92820-0545-432d-aa30-a5848dd4a2fc", "links": [{"href": "http://172.30.9.23:8774/images/7ed92820-0545-432d-aa30-a5848dd4a2fc", "rel": "bookmark"}]}, "OS-EXT-STS:vm_state": "building", "OS-SRV-USG:launched_at": null, "flavor": {"id": "b6135e1e-244e-4a90-9d83-6c894f5907eb", "links": [{"href": "http://172.30.9.23:8774/flavors/b6135e1e-244e-4a90-9d83-6c894f5907eb", "rel": "bookmark"}]}, "id": "1807313f-f17f-45bd-b333-fbb2cae4a8f3", "user_id": "b704e60dcd93492aa8a86f59362dda97", "OS-DCF:diskConfig": "MANUAL", "accessIPv4": "", "accessIPv6": "", "progress": 0, "OS-EXT-STS:power_state": 0, "OS-EXT-AZ:availability_zone": "nova", "config_drive": "", "status": "BUILD", "updated": "2019-07-29T06:47:53Z", "hostId": "", "OS-SRV-USG:terminated_at": null, "key_name": null, "name": "s_rally_4d53d785_ZKcBet6h", "created": "2019-07-29T06:47:52Z", "tenant_id": "22bfeddceaf243ba935d3fe826447a91", "os-extended-volumes:volumes_attached": [], "metadata": {}}} _http_log_response /usr/lib/python2.7/site-packages/keystoneauth1/session.py:511
2019-07-29 06:47:54.188 2986 DEBUG novaclient.v2.client [-] GET call to compute for http://172.30.9.23:8774/v2.1/servers/1807313f-f17f-45bd-b333-fbb2cae4a8f3 used request id req-b22aef29-0da3-43a0-9b6a-16257c47145b request /usr/lib/python2.7/site-packages/keystoneauth1/session.py:844
2019-07-29 06:47:54.189 2986 DEBUG novaclient.v2.client [-] REQ: curl -g -i -X GET http://172.30.9.23:8774/v2.1/servers/1807313f-f17f-45bd-b333-fbb2cae4a8f3 -H "Accept: application/json" -H "User-Agent: python-novaclient" -H "X-Auth-Token: {SHA1}dbf8e44c94231a4116f9682693474a23e9c79353" _http_log_request /usr/lib/python2.7/site-packages/keystoneauth1/session.py:448
2019-07-29 06:47:54.209 2987 DEBUG novaclient.v2.client [-] REQ: curl -g -i -X GET http://172.30.9.23:8774/v2.1/servers/750e8027-87aa-482d-af1f-fc499081f22d -H "Accept: application/json" -H "User-Agent: python-novaclient" -H "X-Auth-Token: {SHA1}99974e9d040247e32aeaf8789a5e86be95ded47e" _http_log_request /usr/lib/python2.7/site-packages/keystoneauth1/session.py:448
2019-07-29 06:47:54.414 2989 DEBUG novaclient.v2.client [-] REQ: curl -g -i -X GET http://172.30.9.23:8774/v2.1/servers/37d685fe-6847-4daa-ac0f-fdc811bbc225 -H "Accept: application/json" -H "User-Agent: python-novaclient" -H "X-Auth-Token: {SHA1}fcdd1c514744b2b59f547458927349121fec00a1" _http_log_request /usr/lib/python2.7/site-packages/keystoneauth1/session.py:448
2019-07-29 06:47:54.507 2988 DEBUG novaclient.v2.client [-] REQ: curl -g -i -X GET http://172.30.9.23:8774/v2.1/servers/329cd005-b9fe-41cc-8983-c57a6bd933c9 -H "Accept: application/json" -H "User-Agent: python-novaclient" -H "X-Auth-Token: {SHA1}145d135602722c12b41f2a3d21eb5d33370827b2" _http_log_request /usr/lib/python2.7/site-packages/keystoneauth1/session.py:448
2019-07-29 06:47:54.710 2989 DEBUG novaclient.v2.client [-] RESP: [200] Content-Encoding: gzip Content-Length: 588 Content-Type: application/json Date: Mon, 29 Jul 2019 06:47:54 GMT OpenStack-API-Version: compute 2.1 Server: Apache Vary: OpenStack-API-Version,X-OpenStack-Nova-API-Version,Accept-Encoding X-OpenStack-Nova-API-Version: 2.1 x-compute-request-id: req-6f8eb443-136c-455f-b9d4-ed2e4932da02 x-openstack-request-id: req-6f8eb443-136c-455f-b9d4-ed2e4932da02 _http_log_response /usr/lib/python2.7/site-packages/keystoneauth1/session.py:479
2019-07-29 06:47:54.711 2989 DEBUG novaclient.v2.client [-] RESP BODY: {"server": {"OS-EXT-STS:task_state": "scheduling", "addresses": {}, "links": [{"href": "http://172.30.9.23:8774/v2.1/servers/37d685fe-6847-4daa-ac0f-fdc811bbc225", "rel": "self"}, {"href": "http://172.30.9.23:8774/servers/37d685fe-6847-4daa-ac0f-fdc811bbc225", "rel": "bookmark"}], "image": {"id": "7ed92820-0545-432d-aa30-a5848dd4a2fc", "links": [{"href": "http://172.30.9.23:8774/images/7ed92820-0545-432d-aa30-a5848dd4a2fc", "rel": "bookmark"}]}, "OS-EXT-STS:vm_state": "building", "OS-SRV-USG:launched_at": null, "flavor": {"id": "b6135e1e-244e-4a90-9d83-6c894f5907eb", "links": [{"href": "http://172.30.9.23:8774/flavors/b6135e1e-244e-4a90-9d83-6c894f5907eb", "rel": "bookmark"}]}, "id": "37d685fe-6847-4daa-ac0f-fdc811bbc225", "user_id": "87f506dbbd0e41e385886375bd911364", "OS-DCF:diskConfig": "MANUAL", "accessIPv4": "", "accessIPv6": "", "progress": 0, "OS-EXT-STS:power_state": 0, "OS-EXT-AZ:availability_zone": "", "config_drive": "", "status": "BUILD", "updated": "2019-07-29T06:47:54Z", "hostId": "", "OS-SRV-USG:terminated_at": null, "key_name": null, "name": "s_rally_4d53d785_3ebVIkI3", "created": "2019-07-29T06:47:53Z", "tenant_id": "fb3a21a447ec46168097217eb2142b63", "os-extended-volumes:volumes_attached": [], "metadata": {}}} _http_log_response /usr/lib/python2.7/site-packages/keystoneauth1/session.py:511
2019-07-29 06:47:54.712 2989 DEBUG novaclient.v2.client [-] GET call to compute for http://172.30.9.23:8774/v2.1/servers/37d685fe-6847-4daa-ac0f-fdc811bbc225 used request id req-6f8eb443-136c-455f-b9d4-ed2e4932da02 request /usr/lib/python2.7/site-packages/keystoneauth1/session.py:844
2019-07-29 06:47:54.713 2989 DEBUG novaclient.v2.client [-] REQ: curl -g -i -X GET http://172.30.9.23:8774/v2.1/servers/37d685fe-6847-4daa-ac0f-fdc811bbc225 -H "Accept: application/json" -H "User-Agent: python-novaclient" -H "X-Auth-Token: {SHA1}fcdd1c514744b2b59f547458927349121fec00a1" _http_log_request /usr/lib/python2.7/site-packages/keystoneauth1/session.py:448
2019-07-29 06:47:54.731 2986 DEBUG novaclient.v2.client [-] RESP: [200] Content-Encoding: gzip Content-Length: 624 Content-Type: application/json Date: Mon, 29 Jul 2019 06:47:54 GMT OpenStack-API-Version: compute 2.1 Server: Apache Vary: OpenStack-API-Version,X-OpenStack-Nova-API-Version,Accept-Encoding X-OpenStack-Nova-API-Version: 2.1 x-compute-request-id: req-536ded9e-f70a-464f-a3d1-2850ffe22352 x-openstack-request-id: req-536ded9e-f70a-464f-a3d1-2850ffe22352 _http_log_response /usr/lib/python2.7/site-packages/keystoneauth1/session.py:479
2019-07-29 06:47:54.731 2986 DEBUG novaclient.v2.client [-] RESP BODY: {"server": {"OS-EXT-STS:task_state": null, "addresses": {}, "links": [{"href": "http://172.30.9.23:8774/v2.1/servers/1807313f-f17f-45bd-b333-fbb2cae4a8f3", "rel": "self"}, {"href": "http://172.30.9.23:8774/servers/1807313f-f17f-45bd-b333-fbb2cae4a8f3", "rel": "bookmark"}], "image": {"id": "7ed92820-0545-432d-aa30-a5848dd4a2fc", "links": [{"href": "http://172.30.9.23:8774/images/7ed92820-0545-432d-aa30-a5848dd4a2fc", "rel": "bookmark"}]}, "OS-EXT-STS:vm_state": "building", "OS-SRV-USG:launched_at": null, "flavor": {"id": "b6135e1e-244e-4a90-9d83-6c894f5907eb", "links": [{"href": "http://172.30.9.23:8774/flavors/b6135e1e-244e-4a90-9d83-6c894f5907eb", "rel": "bookmark"}]}, "id": "1807313f-f17f-45bd-b333-fbb2cae4a8f3", "user_id": "b704e60dcd93492aa8a86f59362dda97", "OS-DCF:diskConfig": "MANUAL", "accessIPv4": "", "accessIPv6": "", "progress": 0, "OS-EXT-STS:power_state": 0, "OS-EXT-AZ:availability_zone": "nova", "config_drive": "", "status": "BUILD", "updated": "2019-07-29T06:47:53Z", "hostId": "212163f580fce77465d79a01112b53cec39b4d445d1797c7abe48875", "OS-SRV-USG:terminated_at": null, "key_name": null, "name": "s_rally_4d53d785_ZKcBet6h", "created": "2019-07-29T06:47:52Z", "tenant_id": "22bfeddceaf243ba935d3fe826447a91", "os-extended-volumes:volumes_attached": [], "metadata": {}}} _http_log_response /usr/lib/python2.7/site-packages/keystoneauth1/session.py:511
