2019-07-29 07:00:30.077 4908 RALLYDEBUG rally.task.utils [-] Waiting for resource s_rally_5b969159_PayBZKu3. Status changed: AVAILABLE => DELETING in 0.354942083359
2019-07-29 07:00:32.048 4906 INFO rally.task.runner [-] Task 5a80ff06-4ad3-474a-9709-6a95e56ef7f2 | ITER: 7 END: OK
2019-07-29 07:00:32.413 4908 INFO rally.task.runner [-] Task 5a80ff06-4ad3-474a-9709-6a95e56ef7f2 | ITER: 8 END: OK
2019-07-29 07:00:33.683 4907 RALLYDEBUG rally.task.utils [-] Waiting for resource s_rally_5b969159_1C5Vb9ep. Status changed: AVAILABLE => DELETING in 0.357226848602
2019-07-29 07:00:34.137 4909 RALLYDEBUG rally.task.utils [-] Waiting for resource s_rally_5b969159_x1uOoPRb. Status changed: AVAILABLE => DELETING in 0.254286050797
2019-07-29 07:00:35.925 4907 INFO rally.task.runner [-] Task 5a80ff06-4ad3-474a-9709-6a95e56ef7f2 | ITER: 9 END: OK
2019-07-29 07:00:36.468 4909 INFO rally.task.runner [-] Task 5a80ff06-4ad3-474a-9709-6a95e56ef7f2 | ITER: 10 END: OK
2019-07-29 07:00:36.493 1842 INFO rally.task.context [-] Task 5a80ff06-4ad3-474a-9709-6a95e56ef7f2 | Context cleanup@openstack cleanup() started
2019-07-29 07:00:36.496 1842 RALLYDEBUG rally_openstack.cleanup.manager [-] Cleaning up cinder backups objects
2019-07-29 07:00:38.813 1842 RALLYDEBUG rally_openstack.cleanup.manager [-] Cleaning up cinder volume_snapshots objects
2019-07-29 07:00:40.860 1842 RALLYDEBUG rally_openstack.cleanup.manager [-] Cleaning up cinder transfers objects
2019-07-29 07:00:43.015 1842 RALLYDEBUG rally_openstack.cleanup.manager [-] Cleaning up cinder volumes objects
2019-07-29 07:00:45.352 1842 INFO rally.task.context [-] Task 5a80ff06-4ad3-474a-9709-6a95e56ef7f2 | Context cleanup@openstack cleanup() finished in 8.86 sec
2019-07-29 07:00:45.352 1842 INFO rally.task.context [-] Task 5a80ff06-4ad3-474a-9709-6a95e56ef7f2 | Context volumes@openstack cleanup() started
2019-07-29 07:00:45.353 1842 RALLYDEBUG rally_openstack.cleanup.manager [-] Cleaning up cinder volumes objects
2019-07-29 07:00:47.869 1842 RALLYDEBUG rally_openstack.cleanup.manager [-] Deleting cinder.volumes object c_rally_5b969159_ibVGJrKJ (9aea1d9c-7d70-403b-9002-c49ec4bb5cf0)
2019-07-29 07:00:47.875 1842 RALLYDEBUG rally_openstack.cleanup.manager [-] Deleting cinder.volumes object c_rally_5b969159_0UZ5vqPj (d9468dc2-5bfd-4cb5-aff1-bdc90ee5f769)
2019-07-29 07:00:47.875 1842 RALLYDEBUG rally_openstack.cleanup.manager [-] Deleting cinder.volumes object c_rally_5b969159_qrcWmee2 (ae13e54c-b658-4b99-9f6b-e2290d6bedd6)
2019-07-29 07:00:51.532 1842 INFO rally.task.context [-] Task 5a80ff06-4ad3-474a-9709-6a95e56ef7f2 | Context volumes@openstack cleanup() finished in 6.18 sec
2019-07-29 07:00:51.532 1842 INFO rally.task.context [-] Task 5a80ff06-4ad3-474a-9709-6a95e56ef7f2 | Context quotas@openstack cleanup() started
2019-07-29 07:00:52.245 1842 INFO rally.task.context [-] Task 5a80ff06-4ad3-474a-9709-6a95e56ef7f2 | Context quotas@openstack cleanup() finished in 0.71 sec
2019-07-29 07:00:52.245 1842 INFO rally.task.context [-] Task 5a80ff06-4ad3-474a-9709-6a95e56ef7f2 | Context api_versions@openstack cleanup() started
2019-07-29 07:00:52.246 1842 INFO rally.task.context [-] Task 5a80ff06-4ad3-474a-9709-6a95e56ef7f2 | Context api_versions@openstack cleanup() finished in 0.29 msec
2019-07-29 07:00:52.246 1842 INFO rally.task.context [-] Task 5a80ff06-4ad3-474a-9709-6a95e56ef7f2 | Context users@openstack cleanup() started
2019-07-29 07:01:00.414 1842 INFO rally.task.context [-] Task 5a80ff06-4ad3-474a-9709-6a95e56ef7f2 | Context users@openstack cleanup() finished in 8.17 sec
2019-07-29 07:01:01.443 1842 INFO rally.task.engine [-] Load duration is: 25.09042
2019-07-29 07:01:01.443 1842 INFO rally.task.engine [-] Full runner duration is: 25.141822
2019-07-29 07:01:01.444 1842 INFO rally.task.engine [-] Full duration is: 67.277082
2019-07-29 07:01:01.648 1842 INFO rally.task.engine [-] Running workload: position = 0 config = { "version": 2, "title": "A cropped version of a bigger task.", "description": "Auto-generated task from a single workload (uuid=c4cb959a-e5c3-4c9a-aa2b-e321fcb512bc)", "subtasks": [ { "title": "CinderQos.create_and_get_qos", "description": "Create a qos, then get details of the qos.", "scenario": { "CinderQos.create_and_get_qos": { "consumer": "both", "write_iops_sec": "10", "read_iops_sec": "1000" } }, "contexts": { "users": { "tenants": 3, "users_per_tenant": 2 }, "api_versions": { "cinder": { "version": 3, "service_type": "volumev3" } } }, "runner": { "constant": { "concurrency": 4, "times": 10 } }, "hooks": [], "sla": { "failure_rate": { "max": 0 } } } ] }
2019-07-29 07:01:01.670 1842 RALLYDEBUG rally_openstack.contexts.keystone.users [-] Creating 3 tenants using 20 threads
2019-07-29 07:01:03.558 1842 RALLYDEBUG rally_openstack.contexts.keystone.users [-] Creating 6 users using 20 threads
2019-07-29 07:01:06.502 1842 INFO rally.task.context [-] Task 5a80ff06-4ad3-474a-9709-6a95e56ef7f2 | Context users@openstack setup() finished in 4.83 sec
2019-07-29 07:01:06.937 1842 INFO rally.task.context [-] Task 5a80ff06-4ad3-474a-9709-6a95e56ef7f2 | Context api_versions@openstack setup() finished in 0.43 sec
2019-07-29 07:01:06.937 1842 INFO rally.task.context [-] Task 5a80ff06-4ad3-474a-9709-6a95e56ef7f2 | Context admin_cleanup@openstack setup() finished in 0.01 msec
2019-07-29 07:01:06.944 1842 RALLYDEBUG rally.task.runner [-] Starting the constant runner (task UUID: 5a80ff06-4ad3-474a-9709-6a95e56ef7f2). timeout: 0 concurrency: 4 concurrency_per_worker: 1 times: 10 concurrency_overhead: 0 processes_to_start: 4 max_cpu_used: 16
2019-07-29 07:01:06.957 5110 RALLYDEBUG rally.task.runner [-] Starting a worker. concurrency: 1 args: {"consumer": "both", "write_iops_sec": "10", "read_iops_sec": "1000"} times: 10 method_name: run timeout: 0 duration: None cls:
2019-07-29 07:01:06.960 5111 RALLYDEBUG rally.task.runner [-] Starting a worker. concurrency: 1 args: {"consumer": "both", "write_iops_sec": "10", "read_iops_sec": "1000"} times: 10 method_name: run timeout: 0 duration: None cls:
2019-07-29 07:01:06.962 5112 RALLYDEBUG rally.task.runner [-] Starting a worker. concurrency: 1 args: {"consumer": "both", "write_iops_sec": "10", "read_iops_sec": "1000"} times: 10 method_name: run timeout: 0 duration: None cls:
2019-07-29 07:01:06.965 5110 INFO rally.task.runner [-] Task 5a80ff06-4ad3-474a-9709-6a95e56ef7f2 | ITER: 1 START
2019-07-29 07:01:06.966 5113 RALLYDEBUG rally.task.runner [-] Starting a worker. concurrency: 1 args: {"consumer": "both", "write_iops_sec": "10", "read_iops_sec": "1000"} times: 10 method_name: run timeout: 0 duration: None cls:
2019-07-29 07:01:06.967 5111 INFO rally.task.runner [-] Task 5a80ff06-4ad3-474a-9709-6a95e56ef7f2 | ITER: 2 START
2019-07-29 07:01:06.969 5112 INFO rally.task.runner [-] Task 5a80ff06-4ad3-474a-9709-6a95e56ef7f2 | ITER: 3 START
2019-07-29 07:01:06.973 5113 INFO rally.task.runner [-] Task 5a80ff06-4ad3-474a-9709-6a95e56ef7f2 | ITER: 4 START
2019-07-29 07:01:08.057 5111 INFO rally.task.runner [-] Task 5a80ff06-4ad3-474a-9709-6a95e56ef7f2 | ITER: 2 END: OK
2019-07-29 07:01:08.058 5110 INFO rally.task.runner [-] Task 5a80ff06-4ad3-474a-9709-6a95e56ef7f2 | ITER: 1 END: OK
2019-07-29 07:01:08.062 5110 INFO rally.task.runner [-] Task 5a80ff06-4ad3-474a-9709-6a95e56ef7f2 | ITER: 6 START
2019-07-29 07:01:08.062 5111 INFO rally.task.runner [-] Task 5a80ff06-4ad3-474a-9709-6a95e56ef7f2 | ITER: 5 START
2019-07-29 07:01:08.084 5113 INFO rally.task.runner [-] Task 5a80ff06-4ad3-474a-9709-6a95e56ef7f2 | ITER: 4 END: OK
2019-07-29 07:01:08.089 5113 INFO rally.task.runner [-] Task 5a80ff06-4ad3-474a-9709-6a95e56ef7f2 | ITER: 7 START
2019-07-29 07:01:08.183 5112 INFO rally.task.runner [-] Task 5a80ff06-4ad3-474a-9709-6a95e56ef7f2 | ITER: 3 END: OK
2019-07-29 07:01:08.188 5112 INFO rally.task.runner [-] Task 5a80ff06-4ad3-474a-9709-6a95e56ef7f2 | ITER: 8 START
2019-07-29 07:01:09.069 5113 INFO rally.task.runner [-] Task 5a80ff06-4ad3-474a-9709-6a95e56ef7f2 | ITER: 7 END: OK
2019-07-29 07:01:09.073 5113 INFO rally.task.runner [-] Task 5a80ff06-4ad3-474a-9709-6a95e56ef7f2 | ITER: 9 START
2019-07-29 07:01:09.156 5111 INFO rally.task.runner [-] Task 5a80ff06-4ad3-474a-9709-6a95e56ef7f2 | ITER: 5 END: OK
2019-07-29 07:01:09.161 5111 INFO rally.task.runner [-] Task 5a80ff06-4ad3-474a-9709-6a95e56ef7f2 | ITER: 10 START
2019-07-29 07:01:09.252 5112 INFO rally.task.runner [-] Task 5a80ff06-4ad3-474a-9709-6a95e56ef7f2 | ITER: 8 END: OK
2019-07-29 07:01:09.257 5110 INFO rally.task.runner [-] Task 5a80ff06-4ad3-474a-9709-6a95e56ef7f2 | ITER: 6 END: OK
2019-07-29 07:01:10.176 5113 INFO rally.task.runner [-] Task 5a80ff06-4ad3-474a-9709-6a95e56ef7f2 | ITER: 9 END: OK
2019-07-29 07:01:10.194 5111 INFO rally.task.runner [-] Task 5a80ff06-4ad3-474a-9709-6a95e56ef7f2 | ITER: 10 END: OK
2019-07-29 07:01:10.220 1842 INFO rally.task.context [-] Task 5a80ff06-4ad3-474a-9709-6a95e56ef7f2 | Context admin_cleanup@openstack cleanup() started
2019-07-29 07:01:10.223 1842 RALLYDEBUG rally_openstack.cleanup.manager [-] Cleaning up cinder volume_types objects
2019-07-29 07:01:10.997 1842 RALLYDEBUG rally_openstack.cleanup.manager [-] Cleaning up cinder image_volumes_cache objects
2019-07-29 07:01:12.384 1842 RALLYDEBUG rally_openstack.cleanup.manager [-] Cleaning up cinder quotas objects
2019-07-29 07:01:14.176 1842 RALLYDEBUG rally_openstack.cleanup.manager [-] Cleaning up cinder qos_specs objects
2019-07-29 07:01:14.906 1842 RALLYDEBUG rally_openstack.cleanup.manager [-] Deleting cinder.qos_specs object s_rally_c4cb959a_OOlSAgZc (74417b3c-8837-47cf-819b-3b6f7aa8614f)
2019-07-29 07:01:14.910 1842 RALLYDEBUG rally_openstack.cleanup.manager [-] Deleting cinder.qos_specs object s_rally_c4cb959a_lNU9eYAT (e83df0d8-3031-4c8d-8e51-c635007075ee)
2019-07-29 07:01:14.914 1842 RALLYDEBUG rally_openstack.cleanup.manager [-] Deleting cinder.qos_specs object s_rally_c4cb959a_6LrU4mVi (caa3d10e-cf8a-4067-bacd-b2ef107ee051)
2019-07-29 07:01:14.927 1842 RALLYDEBUG rally_openstack.cleanup.manager [-] Deleting cinder.qos_specs object s_rally_c4cb959a_GXO3cKpF (7166a70b-0a45-4b8c-87d4-b12e2ca6a142)
2019-07-29 07:01:14.940 1842 RALLYDEBUG rally_openstack.cleanup.manager [-] Deleting cinder.qos_specs object s_rally_c4cb959a_YbqRMxsm (ee118bf1-4422-4333-b026-a7fb6940e42a)
2019-07-29 07:01:14.944 1842 RALLYDEBUG rally_openstack.cleanup.manager [-] Deleting cinder.qos_specs object s_rally_c4cb959a_yIOfvw5n (b5c471e1-986f-4d08-932f-151eb5c1f8a7)
2019-07-29 07:01:14.944 1842 RALLYDEBUG rally_openstack.cleanup.manager [-] Deleting cinder.qos_specs object s_rally_c4cb959a_hOWbtmNY (0e7e5a3f-6213-4d08-8872-9a2df5566b5b)
2019-07-29 07:01:14.948 1842 RALLYDEBUG rally_openstack.cleanup.manager [-] Deleting cinder.qos_specs object s_rally_c4cb959a_4YpZFyhG (88fc6dac-a0a9-4e6e-a614-5ecb849caaac)
2019-07-29 07:01:14.966 1842 RALLYDEBUG rally_openstack.cleanup.manager [-] Deleting cinder.qos_specs object s_rally_c4cb959a_rs6CqStQ (0cbb78e1-7bcb-4abb-9bc7-28f746376a2f)
2019-07-29 07:01:14.970 1842 RALLYDEBUG rally_openstack.cleanup.manager [-] Deleting cinder.qos_specs object s_rally_c4cb959a_aabvHUAV (4dad9214-846d-47c2-90d4-bdc59df36783)
2019-07-29 07:01:17.352 1842 INFO rally.task.context [-] Task 5a80ff06-4ad3-474a-9709-6a95e56ef7f2 | Context admin_cleanup@openstack cleanup() finished in 7.13 sec
2019-07-29 07:01:17.353 1842 INFO rally.task.context [-] Task 5a80ff06-4ad3-474a-9709-6a95e56ef7f2 | Context api_versions@openstack cleanup() started
2019-07-29 07:01:17.353 1842 INFO rally.task.context [-] Task 5a80ff06-4ad3-474a-9709-6a95e56ef7f2 | Context api_versions@openstack cleanup() finished in 0.33 msec
2019-07-29 07:01:17.353 1842 INFO rally.task.context [-] Task 5a80ff06-4ad3-474a-9709-6a95e56ef7f2 | Context users@openstack cleanup() started
2019-07-29 07:01:25.398 1842 INFO rally.task.context [-] Task 5a80ff06-4ad3-474a-9709-6a95e56ef7f2 | Context users@openstack cleanup() finished in 8.04 sec
2019-07-29 07:01:25.779 1842 INFO rally.task.engine [-] Load duration is: 3.225142
2019-07-29 07:01:25.780 1842 INFO rally.task.engine [-] Full runner duration is: 3.276609
2019-07-29 07:01:25.780 1842 INFO rally.task.engine [-] Full duration is: 23.730072
2019-07-29 07:01:25.983 1842 INFO rally.task.engine [-] Running workload: position = 0 config = { "version": 2, "title": "A cropped version of a bigger task.", "description": "Auto-generated task from a single workload (uuid=18fc418b-68f4-4e6d-a7f6-c6e81bc0a61c)", "subtasks": [ { "title": "CinderQos.create_and_list_qos", "description": "Create a qos, then list all qos.", "scenario": { "CinderQos.create_and_list_qos": { "consumer": "both", "write_iops_sec": "10", "read_iops_sec": "1000" } }, "contexts": { "users": { "tenants": 3, "users_per_tenant": 2 }, "api_versions": { "cinder": { "version": 3, "service_type": "volumev3" } } }, "runner": { "constant": { "concurrency": 4, "times": 10 } }, "hooks": [], "sla": { "failure_rate": { "max": 0 } } } ] }
2019-07-29 07:01:26.004 1842 RALLYDEBUG rally_openstack.contexts.keystone.users [-] Creating 3 tenants using 20 threads
2019-07-29 07:01:27.889 1842 RALLYDEBUG rally_openstack.contexts.keystone.users [-] Creating 6 users using 20 threads
2019-07-29 07:01:30.646 1842 INFO rally.task.context [-] Task 5a80ff06-4ad3-474a-9709-6a95e56ef7f2 | Context users@openstack setup() finished in 4.64 sec
2019-07-29 07:01:31.075 1842 INFO rally.task.context [-] Task 5a80ff06-4ad3-474a-9709-6a95e56ef7f2 | Context api_versions@openstack setup() finished in 0.43 sec
2019-07-29 07:01:31.075 1842 INFO rally.task.context [-] Task 5a80ff06-4ad3-474a-9709-6a95e56ef7f2 | Context admin_cleanup@openstack setup() finished in 0.01 msec
2019-07-29 07:01:31.083 1842 RALLYDEBUG rally.task.runner [-] Starting the constant runner (task UUID: 5a80ff06-4ad3-474a-9709-6a95e56ef7f2). timeout: 0 concurrency: 4 concurrency_per_worker: 1 times: 10 concurrency_overhead: 0 processes_to_start: 4 max_cpu_used: 16
2019-07-29 07:01:31.096 5294 RALLYDEBUG rally.task.runner [-] Starting a worker. concurrency: 1 args: {"consumer": "both", "write_iops_sec": "10", "read_iops_sec": "1000"} times: 10 method_name: run timeout: 0 duration: None cls:
2019-07-29 07:01:31.096 5295 RALLYDEBUG rally.task.runner [-] Starting a worker. concurrency: 1 args: {"consumer": "both", "write_iops_sec": "10", "read_iops_sec": "1000"} times: 10 method_name: run timeout: 0 duration: None cls:
2019-07-29 07:01:31.100 5296 RALLYDEBUG rally.task.runner [-] Starting a worker. concurrency: 1 args: {"consumer": "both", "write_iops_sec": "10", "read_iops_sec": "1000"} times: 10 method_name: run timeout: 0 duration: None cls:
2019-07-29 07:01:31.102 5295 INFO rally.task.runner [-] Task 5a80ff06-4ad3-474a-9709-6a95e56ef7f2 | ITER: 2 START
2019-07-29 07:01:31.103 5294 INFO rally.task.runner [-] Task 5a80ff06-4ad3-474a-9709-6a95e56ef7f2 | ITER: 1 START
2019-07-29 07:01:31.104 5297 RALLYDEBUG rally.task.runner [-] Starting a worker. concurrency: 1 args: {"consumer": "both", "write_iops_sec": "10", "read_iops_sec": "1000"} times: 10 method_name: run timeout: 0 duration: None cls:
2019-07-29 07:01:31.108 5296 INFO rally.task.runner [-] Task 5a80ff06-4ad3-474a-9709-6a95e56ef7f2 | ITER: 3 START
2019-07-29 07:01:31.111 5297 INFO rally.task.runner [-] Task 5a80ff06-4ad3-474a-9709-6a95e56ef7f2 | ITER: 4 START
2019-07-29 07:01:32.175 5297 INFO rally.task.runner [-] Task 5a80ff06-4ad3-474a-9709-6a95e56ef7f2 | ITER: 4 END: OK
2019-07-29 07:01:32.180 5297 INFO rally.task.runner [-] Task 5a80ff06-4ad3-474a-9709-6a95e56ef7f2 | ITER: 5 START
2019-07-29 07:01:32.196 5294 INFO rally.task.runner [-] Task 5a80ff06-4ad3-474a-9709-6a95e56ef7f2 | ITER: 1 END: OK
2019-07-29 07:01:32.202 5294 INFO rally.task.runner [-] Task 5a80ff06-4ad3-474a-9709-6a95e56ef7f2 | ITER: 6 START
2019-07-29 07:01:32.203 5295 INFO rally.task.runner [-] Task 5a80ff06-4ad3-474a-9709-6a95e56ef7f2 | ITER: 2 END: OK
2019-07-29 07:01:32.207 5295 INFO rally.task.runner [-] Task 5a80ff06-4ad3-474a-9709-6a95e56ef7f2 | ITER: 7 START
2019-07-29 07:01:32.340 5296 INFO rally.task.runner [-] Task 5a80ff06-4ad3-474a-9709-6a95e56ef7f2 | ITER: 3 END: OK
2019-07-29 07:01:32.346 5296 INFO rally.task.runner [-] Task 5a80ff06-4ad3-474a-9709-6a95e56ef7f2 | ITER: 8 START
2019-07-29 07:01:33.209 5297 INFO rally.task.runner [-] Task 5a80ff06-4ad3-474a-9709-6a95e56ef7f2 | ITER: 5 END: OK
2019-07-29 07:01:33.214 5297 INFO rally.task.runner [-] Task 5a80ff06-4ad3-474a-9709-6a95e56ef7f2 | ITER: 9 START
2019-07-29 07:01:33.273 5295 INFO rally.task.runner [-] Task 5a80ff06-4ad3-474a-9709-6a95e56ef7f2 | ITER: 7 END: OK
2019-07-29 07:01:33.278 5295 INFO rally.task.runner [-] Task 5a80ff06-4ad3-474a-9709-6a95e56ef7f2 | ITER: 10 START
2019-07-29 07:01:33.281 5294 INFO rally.task.runner [-] Task 5a80ff06-4ad3-474a-9709-6a95e56ef7f2 | ITER: 6 END: OK
2019-07-29 07:01:33.503 5296 INFO rally.task.runner [-] Task 5a80ff06-4ad3-474a-9709-6a95e56ef7f2 | ITER: 8 END: OK
2019-07-29 07:01:34.207 5297 INFO rally.task.runner [-] Task 5a80ff06-4ad3-474a-9709-6a95e56ef7f2 | ITER: 9 END: OK
2019-07-29 07:01:34.336 5295 INFO rally.task.runner [-] Task 5a80ff06-4ad3-474a-9709-6a95e56ef7f2 | ITER: 10 END: OK
2019-07-29 07:01:34.364 1842 INFO rally.task.context [-] Task 5a80ff06-4ad3-474a-9709-6a95e56ef7f2 | Context admin_cleanup@openstack cleanup() started
2019-07-29 07:01:34.366 1842 RALLYDEBUG rally_openstack.cleanup.manager [-] Cleaning up cinder volume_types objects
2019-07-29 07:01:35.152 1842 RALLYDEBUG rally_openstack.cleanup.manager [-] Cleaning up cinder image_volumes_cache objects
2019-07-29 07:01:36.457 1842 RALLYDEBUG rally_openstack.cleanup.manager [-] Cleaning up cinder quotas objects
2019-07-29 07:01:38.247 1842 RALLYDEBUG rally_openstack.cleanup.manager [-] Cleaning up cinder qos_specs objects
2019-07-29 07:01:39.007 1842 RALLYDEBUG rally_openstack.cleanup.manager [-] Deleting cinder.qos_specs object s_rally_18fc418b_NAdsSIh0 (c829b7a0-953d-417e-a331-8560d0d61a7c)
2019-07-29 07:01:39.015 1842 RALLYDEBUG rally_openstack.cleanup.manager [-] Deleting cinder.qos_specs object s_rally_18fc418b_stZ4q9P9 (47708bd5-0943-4268-9457-2017db8000fa)
2019-07-29 07:01:39.024 1842 RALLYDEBUG rally_openstack.cleanup.manager [-] Deleting cinder.qos_specs object s_rally_18fc418b_cpk3t7hk (178d676b-0116-4b3d-9170-b53920721bfa)
2019-07-29 07:01:39.031 1842 RALLYDEBUG rally_openstack.cleanup.manager [-] Deleting cinder.qos_specs object s_rally_18fc418b_TfaLZpbr (c3c606bb-6b51-42c7-baa0-ebb3eda9d4e9)
2019-07-29 07:01:39.040 1842 RALLYDEBUG rally_openstack.cleanup.manager [-] Deleting cinder.qos_specs object s_rally_18fc418b_cqS5mC8U (441a2290-35cf-4e54-b73f-50b15d3430af)
2019-07-29 07:01:39.044 1842 RALLYDEBUG rally_openstack.cleanup.manager [-] Deleting cinder.qos_specs object s_rally_18fc418b_HGwkoKJk (43f99608-d8b0-433d-a047-e6869c87a6da)
2019-07-29 07:01:39.064 1842 RALLYDEBUG rally_openstack.cleanup.manager [-] Deleting cinder.qos_specs object s_rally_18fc418b_7VrOCgNm (f0296af3-7711-4a55-be60-599e4dcd0310)
2019-07-29 07:01:39.081 1842 RALLYDEBUG rally_openstack.cleanup.manager [-] Deleting cinder.qos_specs object s_rally_18fc418b_s3deXm6d (e1ba3e8a-d96e-427e-a074-e3dd576ab5b6)
2019-07-29 07:01:39.099 1842 RALLYDEBUG rally_openstack.cleanup.manager [-] Deleting cinder.qos_specs object s_rally_18fc418b_wxHQ8zmv (9e8f0727-8da0-44f3-a7b3-f0a543f7e334)
2019-07-29 07:01:39.103 1842 RALLYDEBUG rally_openstack.cleanup.manager [-] Deleting cinder.qos_specs object s_rally_18fc418b_20CeTj2c (be8ec2d6-2988-4b83-9937-757a08d6a658)
2019-07-29 07:01:41.394 1842 INFO rally.task.context [-] Task 5a80ff06-4ad3-474a-9709-6a95e56ef7f2 | Context admin_cleanup@openstack cleanup() finished in 7.03 sec
2019-07-29 07:01:41.394 1842 INFO rally.task.context [-] Task 5a80ff06-4ad3-474a-9709-6a95e56ef7f2 | Context api_versions@openstack cleanup() started
2019-07-29 07:01:41.395 1842 INFO rally.task.context [-] Task 5a80ff06-4ad3-474a-9709-6a95e56ef7f2 | Context api_versions@openstack cleanup() finished in 0.32 msec
2019-07-29 07:01:41.395 1842 INFO rally.task.context [-] Task 5a80ff06-4ad3-474a-9709-6a95e56ef7f2 | Context users@openstack cleanup() started
2019-07-29 07:01:49.336 1842 INFO rally.task.context [-] Task 5a80ff06-4ad3-474a-9709-6a95e56ef7f2 | Context users@openstack cleanup() finished in 7.94 sec
2019-07-29 07:01:50.114 1842 INFO rally.task.engine [-] Load duration is: 3.230393
2019-07-29 07:01:50.115 1842 INFO rally.task.engine [-] Full runner duration is: 3.281752
2019-07-29 07:01:50.115 1842 INFO rally.task.engine [-] Full duration is: 23.333905
2019-07-29 07:01:50.307 1842 INFO rally.task.engine [-] Running workload: position = 0 config = { "version": 2, "title": "A cropped version of a bigger task.", "description": "Auto-generated task from a single workload (uuid=01d1bdec-cb2a-4a3b-90ff-8ef067f5b8b7)", "subtasks": [ { "title": "CinderQos.create_and_set_qos", "description": "Create a qos, then Add/Update keys in qos specs.", "scenario": { "CinderQos.create_and_set_qos": { "consumer": "back-end", "write_iops_sec": "10", "read_iops_sec": "1000", "set_consumer": "both", "set_write_iops_sec": "11", "set_read_iops_sec": "1001" } }, "contexts": { "users": { "tenants": 3, "users_per_tenant": 2 }, "api_versions": { "cinder": { "version": 3, "service_type": "volumev3" } } }, "runner": { "constant": { "concurrency": 4, "times": 10 } }, "hooks": [], "sla": { "failure_rate": { "max": 0 } } } ] }
2019-07-29 07:01:50.332 1842 RALLYDEBUG rally_openstack.contexts.keystone.users [-] Creating 3 tenants using 20 threads
2019-07-29 07:01:52.199 1842 RALLYDEBUG rally_openstack.contexts.keystone.users [-] Creating 6 users using 20 threads
2019-07-29 07:01:55.055 1842 INFO rally.task.context [-] Task 5a80ff06-4ad3-474a-9709-6a95e56ef7f2 | Context users@openstack setup() finished in 4.72 sec
2019-07-29 07:01:55.575 1842 INFO rally.task.context [-] Task 5a80ff06-4ad3-474a-9709-6a95e56ef7f2 | Context api_versions@openstack setup() finished in 0.52 sec
2019-07-29 07:01:55.576 1842 INFO rally.task.context [-] Task 5a80ff06-4ad3-474a-9709-6a95e56ef7f2 | Context admin_cleanup@openstack setup() finished in 0.00 msec
2019-07-29 07:01:55.583 1842 RALLYDEBUG rally.task.runner [-] Starting the constant runner (task UUID: 5a80ff06-4ad3-474a-9709-6a95e56ef7f2). timeout: 0 concurrency: 4 concurrency_per_worker: 1 times: 10 concurrency_overhead: 0 processes_to_start: 4 max_cpu_used: 16
2019-07-29 07:01:55.596 5478 RALLYDEBUG rally.task.runner [-] Starting a worker. concurrency: 1 args: {"consumer": "back-end", "write_iops_sec": "10", "read_iops_sec": "1000", "set_consumer": "both", "set_write_iops_sec": "11", "set_read_iops_sec": "1001"} times: 10 method_name: run timeout: 0 duration: None cls:
2019-07-29 07:01:55.598 5479 RALLYDEBUG rally.task.runner [-] Starting a worker. concurrency: 1 args: {"consumer": "back-end", "write_iops_sec": "10", "read_iops_sec": "1000", "set_consumer": "both", "set_write_iops_sec": "11", "set_read_iops_sec": "1001"} times: 10 method_name: run timeout: 0 duration: None cls:
2019-07-29 07:01:55.602 5480 RALLYDEBUG rally.task.runner [-] Starting a worker. concurrency: 1 args: {"consumer": "back-end", "write_iops_sec": "10", "read_iops_sec": "1000", "set_consumer": "both", "set_write_iops_sec": "11", "set_read_iops_sec": "1001"} times: 10 method_name: run timeout: 0 duration: None cls:
2019-07-29 07:01:55.603 5478 INFO rally.task.runner [-] Task 5a80ff06-4ad3-474a-9709-6a95e56ef7f2 | ITER: 1 START
2019-07-29 07:01:55.605 5479 INFO rally.task.runner [-] Task 5a80ff06-4ad3-474a-9709-6a95e56ef7f2 | ITER: 2 START
2019-07-29 07:01:55.605 5481 RALLYDEBUG rally.task.runner [-] Starting a worker. concurrency: 1 args: {"consumer": "back-end", "write_iops_sec": "10", "read_iops_sec": "1000", "set_consumer": "both", "set_write_iops_sec": "11", "set_read_iops_sec": "1001"} times: 10 method_name: run timeout: 0 duration: None cls:
2019-07-29 07:01:55.609 5480 INFO rally.task.runner [-] Task 5a80ff06-4ad3-474a-9709-6a95e56ef7f2 | ITER: 3 START
2019-07-29 07:01:55.612 5481 INFO rally.task.runner [-] Task 5a80ff06-4ad3-474a-9709-6a95e56ef7f2 | ITER: 4 START
2019-07-29 07:01:56.691 5480 INFO rally.task.runner [-] Task 5a80ff06-4ad3-474a-9709-6a95e56ef7f2 | ITER: 3 END: OK
2019-07-29 07:01:56.696 5480 INFO rally.task.runner [-] Task 5a80ff06-4ad3-474a-9709-6a95e56ef7f2 | ITER: 5 START
2019-07-29 07:01:56.704 5481 INFO rally.task.runner [-] Task 5a80ff06-4ad3-474a-9709-6a95e56ef7f2 | ITER: 4 END: OK
2019-07-29 07:01:56.709 5481 INFO rally.task.runner [-] Task 5a80ff06-4ad3-474a-9709-6a95e56ef7f2 | ITER: 6 START
2019-07-29 07:01:56.727 5478 INFO rally.task.runner [-] Task 5a80ff06-4ad3-474a-9709-6a95e56ef7f2 | ITER: 1 END: OK
2019-07-29 07:01:56.733 5478 INFO rally.task.runner [-] Task 5a80ff06-4ad3-474a-9709-6a95e56ef7f2 | ITER: 7 START
2019-07-29 07:01:56.810 5479 INFO rally.task.runner [-] Task 5a80ff06-4ad3-474a-9709-6a95e56ef7f2 | ITER: 2 END: OK
2019-07-29 07:01:56.816 5479 INFO rally.task.runner [-] Task 5a80ff06-4ad3-474a-9709-6a95e56ef7f2 | ITER: 8 START
2019-07-29 07:01:57.738 5481 INFO rally.task.runner [-] Task 5a80ff06-4ad3-474a-9709-6a95e56ef7f2 | ITER: 6 END: OK
2019-07-29 07:01:57.743 5481 INFO rally.task.runner [-] Task 5a80ff06-4ad3-474a-9709-6a95e56ef7f2 | ITER: 9 START
2019-07-29 07:01:57.793 5478 INFO rally.task.runner [-] Task 5a80ff06-4ad3-474a-9709-6a95e56ef7f2 | ITER: 7 END: OK
2019-07-29 07:01:57.797 5478 INFO rally.task.runner [-] Task 5a80ff06-4ad3-474a-9709-6a95e56ef7f2 | ITER: 10 START
2019-07-29 07:01:57.812 5480 INFO rally.task.runner [-] Task 5a80ff06-4ad3-474a-9709-6a95e56ef7f2 | ITER: 5 END: OK
2019-07-29 07:01:57.966 5479 INFO rally.task.runner [-] Task 5a80ff06-4ad3-474a-9709-6a95e56ef7f2 | ITER: 8 END: OK
2019-07-29 07:01:58.685 5481 INFO rally.task.runner [-] Task 5a80ff06-4ad3-474a-9709-6a95e56ef7f2 | ITER: 9 END: OK
2019-07-29 07:01:58.744 5478 INFO rally.task.runner [-] Task 5a80ff06-4ad3-474a-9709-6a95e56ef7f2 | ITER: 10 END: OK
2019-07-29 07:01:58.774 1842 INFO rally.task.context [-] Task 5a80ff06-4ad3-474a-9709-6a95e56ef7f2 | Context admin_cleanup@openstack cleanup() started
2019-07-29 07:01:58.776 1842 RALLYDEBUG rally_openstack.cleanup.manager [-] Cleaning up cinder volume_types objects
2019-07-29 07:01:59.547 1842 RALLYDEBUG rally_openstack.cleanup.manager [-] Cleaning up cinder image_volumes_cache objects
2019-07-29 07:02:00.881 1842 RALLYDEBUG rally_openstack.cleanup.manager [-] Cleaning up cinder quotas objects
2019-07-29 07:02:02.783 1842 RALLYDEBUG rally_openstack.cleanup.manager [-] Cleaning up cinder qos_specs objects
2019-07-29 07:02:03.544 1842 RALLYDEBUG rally_openstack.cleanup.manager [-] Deleting cinder.qos_specs object s_rally_01d1bdec_zkTn0Gpw (83119342-4b15-47c4-9f77-47c1f5427fa6)
2019-07-29 07:02:03.552 1842 RALLYDEBUG rally_openstack.cleanup.manager [-] Deleting cinder.qos_specs object s_rally_01d1bdec_Z40jYj8f (2a267fb2-4ac8-45e6-b70b-af2829ab0974)
2019-07-29 07:02:03.558 1842 RALLYDEBUG rally_openstack.cleanup.manager [-] Deleting cinder.qos_specs object s_rally_01d1bdec_GWM48GSf (d484ff39-7837-4b86-8414-27d73a1d984f)
2019-07-29 07:02:03.571 1842 RALLYDEBUG rally_openstack.cleanup.manager [-] Deleting cinder.qos_specs object s_rally_01d1bdec_26ZJn34T (bc0f8f27-6166-4d77-b7e0-323817ec882c)
2019-07-29 07:02:03.575 1842 RALLYDEBUG rally_openstack.cleanup.manager [-] Deleting cinder.qos_specs object s_rally_01d1bdec_M1YUfqm4 (78883038-4da1-4f57-b60d-d40ef12741ea)
2019-07-29 07:02:03.579 1842 RALLYDEBUG rally_openstack.cleanup.manager [-] Deleting cinder.qos_specs object s_rally_01d1bdec_PfIsFTZd (b85398e1-3e69-4400-a9ee-9879da6e83c1)
2019-07-29 07:02:03.581 1842 RALLYDEBUG rally_openstack.cleanup.manager [-] Deleting cinder.qos_specs object s_rally_01d1bdec_AjmaZEnR (9525b62f-97ac-4efb-a95f-e814a4476ef3)
2019-07-29 07:02:03.594 1842 RALLYDEBUG rally_openstack.cleanup.manager [-] Deleting cinder.qos_specs object s_rally_01d1bdec_tAFtHocg (7355886e-e077-4f4a-bd43-391a571b2c77)
2019-07-29 07:02:03.603 1842 RALLYDEBUG rally_openstack.cleanup.manager [-] Deleting cinder.qos_specs object s_rally_01d1bdec_SSugWXlH (57ac376c-2811-4117-9d3b-235e2823f5a3)
2019-07-29 07:02:03.634 1842 RALLYDEBUG rally_openstack.cleanup.manager [-] Deleting cinder.qos_specs object s_rally_01d1bdec_ZHIMXWuI (401e4585-aba8-4dcd-b796-cc2f4f515be3)
2019-07-29 07:02:05.899 1842 INFO rally.task.context [-] Task 5a80ff06-4ad3-474a-9709-6a95e56ef7f2 | Context admin_cleanup@openstack cleanup() finished in 7.13 sec
2019-07-29 07:02:05.899 1842 INFO rally.task.context [-] Task 5a80ff06-4ad3-474a-9709-6a95e56ef7f2 | Context api_versions@openstack cleanup() started
2019-07-29 07:02:05.900 1842 INFO rally.task.context [-] Task 5a80ff06-4ad3-474a-9709-6a95e56ef7f2 | Context api_versions@openstack cleanup() finished in 0.32 msec
2019-07-29 07:02:05.900 1842 INFO rally.task.context [-] Task 5a80ff06-4ad3-474a-9709-6a95e56ef7f2 | Context users@openstack cleanup() started
2019-07-29 07:02:14.056 1842 INFO rally.task.context [-] Task 5a80ff06-4ad3-474a-9709-6a95e56ef7f2 | Context users@openstack cleanup() finished in 8.16 sec
2019-07-29 07:02:14.440 1842 INFO rally.task.engine [-] Load duration is: 3.138152
2019-07-29 07:02:14.440 1842 INFO rally.task.engine [-] Full runner duration is: 3.190954
2019-07-29 07:02:14.441 1842 INFO rally.task.engine [-] Full duration is: 23.727501
2019-07-29 07:02:14.745 1842 INFO rally.task.engine [-] Running workload: position = 0 config = { "version": 2, "title": "A cropped version of a bigger task.", "description": "Auto-generated task from a single workload (uuid=d4619d76-4ce0-4fd8-99f0-62d926b1dc7c)", "subtasks": [ { "title": "CinderVolumeTypes.create_and_get_volume_type", "description": "Create a volume Type, then get the details of the type.", "scenario": { "CinderVolumeTypes.create_and_get_volume_type": { "description": "rally tests creating types" } }, "contexts": { "users": { "tenants": 3, "users_per_tenant": 2 }, "api_versions": { "cinder": { "version": 3, "service_type": "volumev3" } } }, "runner": { "constant": { "concurrency": 4, "times": 10 } }, "hooks": [], "sla": { "failure_rate": { "max": 0 } } } ] }
2019-07-29 07:02:14.770 1842 RALLYDEBUG rally_openstack.contexts.keystone.users [-] Creating 3 tenants using 20 threads
2019-07-29 07:02:16.643 1842 RALLYDEBUG rally_openstack.contexts.keystone.users [-] Creating 6 users using 20 threads
2019-07-29 07:02:19.489 1842 INFO rally.task.context [-] Task 5a80ff06-4ad3-474a-9709-6a95e56ef7f2 | Context users@openstack setup() finished in 4.72 sec
2019-07-29 07:02:19.929 1842 INFO rally.task.context [-] Task 5a80ff06-4ad3-474a-9709-6a95e56ef7f2 | Context api_versions@openstack setup() finished in 0.44 sec
2019-07-29 07:02:19.930 1842 INFO rally.task.context [-] Task 5a80ff06-4ad3-474a-9709-6a95e56ef7f2 | Context admin_cleanup@openstack setup() finished in 0.01 msec
2019-07-29 07:02:19.937 1842 RALLYDEBUG rally.task.runner [-] Starting the constant runner (task UUID: 5a80ff06-4ad3-474a-9709-6a95e56ef7f2). timeout: 0 concurrency: 4 concurrency_per_worker: 1 times: 10 concurrency_overhead: 0 processes_to_start: 4 max_cpu_used: 16
2019-07-29 07:02:19.949 5662 RALLYDEBUG rally.task.runner [-] Starting a worker. concurrency: 1 args: {"description": "rally tests creating types"} times: 10 method_name: run timeout: 0 duration: None cls:
2019-07-29 07:02:19.952 5663 RALLYDEBUG rally.task.runner [-] Starting a worker. concurrency: 1 args: {"description": "rally tests creating types"} times: 10 method_name: run timeout: 0 duration: None cls:
2019-07-29 07:02:19.955 5664 RALLYDEBUG rally.task.runner [-] Starting a worker. concurrency: 1 args: {"description": "rally tests creating types"} times: 10 method_name: run timeout: 0 duration: None cls:
2019-07-29 07:02:19.956 5662 INFO rally.task.runner [-] Task 5a80ff06-4ad3-474a-9709-6a95e56ef7f2 | ITER: 1 START
2019-07-29 07:02:19.958 5663 INFO rally.task.runner [-] Task 5a80ff06-4ad3-474a-9709-6a95e56ef7f2 | ITER: 2 START
2019-07-29 07:02:19.959 5665 RALLYDEBUG rally.task.runner [-] Starting a worker. concurrency: 1 args: {"description": "rally tests creating types"} times: 10 method_name: run timeout: 0 duration: None cls:
2019-07-29 07:02:19.962 5664 INFO rally.task.runner [-] Task 5a80ff06-4ad3-474a-9709-6a95e56ef7f2 | ITER: 3 START
2019-07-29 07:02:19.966 5665 INFO rally.task.runner [-] Task 5a80ff06-4ad3-474a-9709-6a95e56ef7f2 | ITER: 4 START
2019-07-29 07:02:21.031 5663 INFO rally.task.runner [-] Task 5a80ff06-4ad3-474a-9709-6a95e56ef7f2 | ITER: 2 END: OK
2019-07-29 07:02:21.036 5663 INFO rally.task.runner [-] Task 5a80ff06-4ad3-474a-9709-6a95e56ef7f2 | ITER: 5 START
2019-07-29 07:02:21.064 5665 INFO rally.task.runner [-] Task 5a80ff06-4ad3-474a-9709-6a95e56ef7f2 | ITER: 4 END: OK
2019-07-29 07:02:21.070 5665 INFO rally.task.runner [-] Task 5a80ff06-4ad3-474a-9709-6a95e56ef7f2 | ITER: 6 START
2019-07-29 07:02:21.084 5664 INFO rally.task.runner [-] Task 5a80ff06-4ad3-474a-9709-6a95e56ef7f2 | ITER: 3 END: OK
2019-07-29 07:02:21.089 5664 INFO rally.task.runner [-] Task 5a80ff06-4ad3-474a-9709-6a95e56ef7f2 | ITER: 7 START
2019-07-29 07:02:21.090 5662 INFO rally.task.runner [-] Task 5a80ff06-4ad3-474a-9709-6a95e56ef7f2 | ITER: 1 END: OK
2019-07-29 07:02:21.095 5662 INFO rally.task.runner [-] Task 5a80ff06-4ad3-474a-9709-6a95e56ef7f2 | ITER: 8 START
2019-07-29 07:02:22.044 5665 INFO rally.task.runner [-] Task 5a80ff06-4ad3-474a-9709-6a95e56ef7f2 | ITER: 6 END: OK
2019-07-29 07:02:22.049 5665 INFO rally.task.runner [-] Task 5a80ff06-4ad3-474a-9709-6a95e56ef7f2 | ITER: 9 START
2019-07-29 07:02:22.084 5664 INFO rally.task.runner [-] Task 5a80ff06-4ad3-474a-9709-6a95e56ef7f2 | ITER: 7 END: OK
2019-07-29 07:02:22.088 5664 INFO rally.task.runner [-] Task 5a80ff06-4ad3-474a-9709-6a95e56ef7f2 | ITER: 10 START
2019-07-29 07:02:22.139 5663 INFO rally.task.runner [-] Task 5a80ff06-4ad3-474a-9709-6a95e56ef7f2 | ITER: 5 END: OK
2019-07-29 07:02:22.205 5662 INFO rally.task.runner [-] Task 5a80ff06-4ad3-474a-9709-6a95e56ef7f2 | ITER: 8 END: OK
2019-07-29 07:02:23.056 5665 INFO rally.task.runner [-] Task 5a80ff06-4ad3-474a-9709-6a95e56ef7f2 | ITER: 9 END: OK
2019-07-29 07:02:23.180 5664 INFO rally.task.runner [-] Task 5a80ff06-4ad3-474a-9709-6a95e56ef7f2 | ITER: 10 END: OK
2019-07-29 07:02:23.200 1842 INFO rally.task.context [-] Task 5a80ff06-4ad3-474a-9709-6a95e56ef7f2 | Context admin_cleanup@openstack cleanup() started
2019-07-29 07:02:23.203 1842 RALLYDEBUG rally_openstack.cleanup.manager [-] Cleaning up cinder volume_types objects
2019-07-29 07:02:23.938 1842 RALLYDEBUG rally_openstack.cleanup.manager [-] Deleting cinder.volume_types object s_rally_d4619d76_Fqw8rWLF (ca57d10a-6d83-4d1e-a894-7a7b32436e18)
2019-07-29 07:02:23.943 1842 RALLYDEBUG rally_openstack.cleanup.manager [-] Deleting cinder.volume_types object s_rally_d4619d76_iJWQub7o (2c8e42ab-fb33-4133-a5f6-5ee74f8a2263)
2019-07-29 07:02:23.948 1842 RALLYDEBUG rally_openstack.cleanup.manager [-] Deleting cinder.volume_types object s_rally_d4619d76_IGRhchd2 (3b57e8aa-f9ac-46b1-9d9a-535e21270363)
2019-07-29 07:02:23.952 1842 RALLYDEBUG rally_openstack.cleanup.manager [-] Deleting cinder.volume_types object s_rally_d4619d76_H8YW730D (d1ce7bf6-1b87-47b4-a2e4-a8306cb92eb5)
2019-07-29 07:02:23.954 1842 RALLYDEBUG rally_openstack.cleanup.manager [-] Deleting cinder.volume_types object s_rally_d4619d76_9hIOTokI (a789e779-4165-41cb-ab32-263a7259a327)
2019-07-29 07:02:23.965 1842 RALLYDEBUG rally_openstack.cleanup.manager [-] Deleting cinder.volume_types object s_rally_d4619d76_fMq5ddvQ (f3879f73-23ab-469f-9fd6-b3bbec09f853)
2019-07-29 07:02:23.967 1842 RALLYDEBUG rally_openstack.cleanup.manager [-] Deleting cinder.volume_types object s_rally_d4619d76_BLiaUGkq (d1d87326-93de-4260-ae6c-026c6812fc03)
2019-07-29 07:02:23.969 1842 RALLYDEBUG rally_openstack.cleanup.manager [-] Deleting cinder.volume_types object s_rally_d4619d76_6m2luXV8 (d087c519-8835-4347-bf26-23e6bdfa931a)
2019-07-29 07:02:23.975 1842 RALLYDEBUG rally_openstack.cleanup.manager [-] Deleting cinder.volume_types object s_rally_d4619d76_C7SnvQ4H (c8a2be28-bbe4-434b-be7c-21ebe455e3cf)
2019-07-29 07:02:23.990 1842 RALLYDEBUG rally_openstack.cleanup.manager [-] Deleting cinder.volume_types object s_rally_d4619d76_hGIWkSaf (01c89c96-d9fe-4b1a-8367-7cfbd0cfab87)
2019-07-29 07:02:26.368 1842 RALLYDEBUG rally_openstack.cleanup.manager [-] Cleaning up cinder image_volumes_cache objects
2019-07-29 07:02:27.739 1842 RALLYDEBUG rally_openstack.cleanup.manager [-] Cleaning up cinder quotas objects
2019-07-29 07:02:29.462 1842 RALLYDEBUG rally_openstack.cleanup.manager [-] Cleaning up cinder qos_specs objects
2019-07-29 07:02:30.192 1842 INFO rally.task.context [-] Task 5a80ff06-4ad3-474a-9709-6a95e56ef7f2 | Context admin_cleanup@openstack cleanup() finished in 6.99 sec
2019-07-29 07:02:30.193 1842 INFO rally.task.context [-] Task 5a80ff06-4ad3-474a-9709-6a95e56ef7f2 | Context api_versions@openstack cleanup() started
2019-07-29 07:02:30.193 1842 INFO rally.task.context [-] Task 5a80ff06-4ad3-474a-9709-6a95e56ef7f2 | Context api_versions@openstack cleanup() finished in 0.32 msec
2019-07-29 07:02:30.193 1842 INFO rally.task.context [-] Task 5a80ff06-4ad3-474a-9709-6a95e56ef7f2 | Context users@openstack cleanup() started
2019-07-29 07:02:37.854 1842 INFO rally.task.context [-] Task 5a80ff06-4ad3-474a-9709-6a95e56ef7f2 | Context users@openstack cleanup() finished in 7.66 sec
2019-07-29 07:02:38.877 1842 INFO rally.task.engine [-] Load duration is: 3.22035
2019-07-29 07:02:38.878 1842 INFO rally.task.engine [-] Full runner duration is: 3.26366
2019-07-29 07:02:38.878 1842 INFO rally.task.engine [-] Full duration is: 23.08663
2019-07-29 07:02:39.066 1842 INFO rally.task.engine [-] Running workload: position = 0 config = { "version": 2, "title": "A cropped version of a bigger task.", "description": "Auto-generated task from a single workload (uuid=5938e926-c874-4b9c-8af0-6cbb940b87e6)", "subtasks": [ { "title": "CinderVolumeTypes.create_and_list_volume_types", "description": "Create a volume Type, then list all types.", "scenario": { "CinderVolumeTypes.create_and_list_volume_types": { "description": "rally tests creating types" } }, "contexts": { "users": { "tenants": 3, "users_per_tenant": 2 }, "api_versions": { "cinder": { "version": 3, "service_type": "volumev3" } } }, "runner": { "constant": { "concurrency": 4, "times": 10 } }, "hooks": [], "sla": { "failure_rate": { "max": 0 } } } ] }
2019-07-29 07:02:39.088 1842 RALLYDEBUG rally_openstack.contexts.keystone.users [-] Creating 3 tenants using 20 threads
2019-07-29 07:02:41.092 1842 RALLYDEBUG rally_openstack.contexts.keystone.users [-] Creating 6 users using 20 threads
2019-07-29 07:02:44.013 1842 INFO rally.task.context [-] Task 5a80ff06-4ad3-474a-9709-6a95e56ef7f2 | Context users@openstack setup() finished in 4.93 sec
2019-07-29 07:02:44.427 1842 INFO rally.task.context [-] Task 5a80ff06-4ad3-474a-9709-6a95e56ef7f2 | Context api_versions@openstack setup() finished in 0.41 sec
2019-07-29 07:02:44.427 1842 INFO rally.task.context [-] Task 5a80ff06-4ad3-474a-9709-6a95e56ef7f2 | Context admin_cleanup@openstack setup() finished in 0.01 msec
2019-07-29 07:02:44.436 1842 RALLYDEBUG rally.task.runner [-] Starting the constant runner (task UUID: 5a80ff06-4ad3-474a-9709-6a95e56ef7f2). timeout: 0 concurrency: 4 concurrency_per_worker: 1 times: 10 concurrency_overhead: 0 processes_to_start: 4 max_cpu_used: 16
2019-07-29 07:02:44.449 5846 RALLYDEBUG rally.task.runner [-] Starting a worker. concurrency: 1 args: {"description": "rally tests creating types"} times: 10 method_name: run timeout: 0 duration: None cls:
2019-07-29 07:02:44.452 5847 RALLYDEBUG rally.task.runner [-] Starting a worker. concurrency: 1 args: {"description": "rally tests creating types"} times: 10 method_name: run timeout: 0 duration: None cls:
2019-07-29 07:02:44.455 5848 RALLYDEBUG rally.task.runner [-] Starting a worker. concurrency: 1 args: {"description": "rally tests creating types"} times: 10 method_name: run timeout: 0 duration: None cls:
2019-07-29 07:02:44.457 5846 INFO rally.task.runner [-] Task 5a80ff06-4ad3-474a-9709-6a95e56ef7f2 | ITER: 1 START
2019-07-29 07:02:44.458 5849 RALLYDEBUG rally.task.runner [-] Starting a worker. concurrency: 1 args: {"description": "rally tests creating types"} times: 10 method_name: run timeout: 0 duration: None cls:
2019-07-29 07:02:44.459 5847 INFO rally.task.runner [-] Task 5a80ff06-4ad3-474a-9709-6a95e56ef7f2 | ITER: 2 START
2019-07-29 07:02:44.462 5848 INFO rally.task.runner [-] Task 5a80ff06-4ad3-474a-9709-6a95e56ef7f2 | ITER: 3 START
2019-07-29 07:02:44.464 5849 INFO rally.task.runner [-] Task 5a80ff06-4ad3-474a-9709-6a95e56ef7f2 | ITER: 4 START
2019-07-29 07:02:45.817 5848 INFO rally.task.runner [-] Task 5a80ff06-4ad3-474a-9709-6a95e56ef7f2 | ITER: 3 END: OK
2019-07-29 07:02:45.823 5848 INFO rally.task.runner [-] Task 5a80ff06-4ad3-474a-9709-6a95e56ef7f2 | ITER: 5 START
2019-07-29 07:02:45.838 5847 INFO rally.task.runner [-] Task 5a80ff06-4ad3-474a-9709-6a95e56ef7f2 | ITER: 2 END: OK
2019-07-29 07:02:45.842 5847 INFO rally.task.runner [-] Task 5a80ff06-4ad3-474a-9709-6a95e56ef7f2 | ITER: 6 START
2019-07-29 07:02:45.866 5846 INFO rally.task.runner [-] Task 5a80ff06-4ad3-474a-9709-6a95e56ef7f2 | ITER: 1 END: OK
2019-07-29 07:02:45.870 5846 INFO rally.task.runner [-] Task 5a80ff06-4ad3-474a-9709-6a95e56ef7f2 | ITER: 7 START
2019-07-29 07:02:45.889 5849 INFO rally.task.runner [-] Task 5a80ff06-4ad3-474a-9709-6a95e56ef7f2 | ITER: 4 END: OK
2019-07-29 07:02:45.894 5849 INFO rally.task.runner [-] Task 5a80ff06-4ad3-474a-9709-6a95e56ef7f2 | ITER: 8 START
2019-07-29 07:02:46.817 5847 INFO rally.task.runner [-] Task 5a80ff06-4ad3-474a-9709-6a95e56ef7f2 | ITER: 6 END: OK
2019-07-29 07:02:46.822 5847 INFO rally.task.runner [-] Task 5a80ff06-4ad3-474a-9709-6a95e56ef7f2 | ITER: 9 START
2019-07-29 07:02:46.823 5848 INFO rally.task.runner [-] Task 5a80ff06-4ad3-474a-9709-6a95e56ef7f2 | ITER: 5 END: OK
2019-07-29 07:02:46.827 5848 INFO rally.task.runner [-] Task 5a80ff06-4ad3-474a-9709-6a95e56ef7f2 | ITER: 10 START
2019-07-29 07:02:46.935 5846 INFO rally.task.runner [-] Task 5a80ff06-4ad3-474a-9709-6a95e56ef7f2 | ITER: 7 END: OK
2019-07-29 07:02:46.963 5849 INFO rally.task.runner [-] Task 5a80ff06-4ad3-474a-9709-6a95e56ef7f2 | ITER: 8 END: OK
2019-07-29 07:02:47.882 5848 INFO rally.task.runner [-] Task 5a80ff06-4ad3-474a-9709-6a95e56ef7f2 | ITER: 10 END: OK
2019-07-29 07:02:47.991 5847 INFO rally.task.runner [-] Task 5a80ff06-4ad3-474a-9709-6a95e56ef7f2 | ITER: 9 END: OK
2019-07-29 07:02:48.021 1842 INFO rally.task.context [-] Task 5a80ff06-4ad3-474a-9709-6a95e56ef7f2 | Context admin_cleanup@openstack cleanup() started
2019-07-29 07:02:48.023 1842 RALLYDEBUG rally_openstack.cleanup.manager [-] Cleaning up cinder volume_types objects
2019-07-29 07:02:49.031 1842 RALLYDEBUG rally_openstack.cleanup.manager [-] Deleting cinder.volume_types object s_rally_5938e926_lkIaq496 (cecf50d3-9c05-48f8-b083-e33459b2a81c)
2019-07-29 07:02:49.035 1842 RALLYDEBUG rally_openstack.cleanup.manager [-] Deleting cinder.volume_types object s_rally_5938e926_XbqkJXQK (06de66e8-2df0-4003-9e0e-4ec616a98b17)
2019-07-29 07:02:49.044 1842 RALLYDEBUG rally_openstack.cleanup.manager [-] Deleting cinder.volume_types object s_rally_5938e926_QNyPGLJ9 (e2f6a99d-00d9-421a-a93e-997e13867248)
2019-07-29 07:02:49.048 1842 RALLYDEBUG rally_openstack.cleanup.manager [-] Deleting cinder.volume_types object s_rally_5938e926_zYquIQUm (215b0970-b382-4cbe-8aad-6a70413f0b9e)
2019-07-29 07:02:49.049 1842 RALLYDEBUG rally_openstack.cleanup.manager [-] Deleting cinder.volume_types object s_rally_5938e926_4Qo5ies8 (b250017e-a840-4f96-8969-3139d5b52ed7)
2019-07-29 07:02:49.057 1842 RALLYDEBUG rally_openstack.cleanup.manager [-] Deleting cinder.volume_types object s_rally_5938e926_7EXe8Fel (ac2db9af-a1b7-40d6-b801-422c20053dbb)
2019-07-29 07:02:49.058 1842 RALLYDEBUG rally_openstack.cleanup.manager [-] Deleting cinder.volume_types object s_rally_5938e926_BMOIyaIK (9c504dc9-2743-459a-90f2-88cc098207d8)
2019-07-29 07:02:49.067 1842 RALLYDEBUG rally_openstack.cleanup.manager [-] Deleting cinder.volume_types object s_rally_5938e926_K0NhduXg (8f0f08d9-9a89-4829-9896-503833d0b7ab)
2019-07-29 07:02:49.080 1842 RALLYDEBUG rally_openstack.cleanup.manager [-] Deleting cinder.volume_types object s_rally_5938e926_RFepCZ5D (4c251fab-4595-4053-b5be-feb9bc9e8eab)
2019-07-29 07:02:49.086 1842 RALLYDEBUG rally_openstack.cleanup.manager [-] Deleting cinder.volume_types object s_rally_5938e926_7bZ6DiVO (cabccc6b-cc08-4682-8c88-60995cdf75f3)
2019-07-29 07:02:51.426 1842 RALLYDEBUG rally_openstack.cleanup.manager [-] Cleaning up cinder image_volumes_cache objects
2019-07-29 07:02:52.719 1842 RALLYDEBUG rally_openstack.cleanup.manager [-] Cleaning up cinder quotas objects
2019-07-29 07:02:54.410 1842 RALLYDEBUG rally_openstack.cleanup.manager [-] Cleaning up cinder qos_specs objects
2019-07-29 07:02:55.163 1842 INFO rally.task.context [-] Task 5a80ff06-4ad3-474a-9709-6a95e56ef7f2 | Context admin_cleanup@openstack cleanup() finished in 7.14 sec
2019-07-29 07:02:55.163 1842 INFO rally.task.context [-] Task 5a80ff06-4ad3-474a-9709-6a95e56ef7f2 | Context api_versions@openstack cleanup() started
2019-07-29 07:02:55.163 1842 INFO rally.task.context [-] Task 5a80ff06-4ad3-474a-9709-6a95e56ef7f2 | Context api_versions@openstack cleanup() finished in 0.31 msec
2019-07-29 07:02:55.164 1842 INFO rally.task.context [-] Task 5a80ff06-4ad3-474a-9709-6a95e56ef7f2 | Context users@openstack cleanup() started
2019-07-29 07:03:03.253 1842 INFO rally.task.context [-] Task 5a80ff06-4ad3-474a-9709-6a95e56ef7f2 | Context users@openstack cleanup() finished in 8.09 sec
2019-07-29 07:03:05.233 1842 INFO rally.task.engine [-] Load duration is: 3.529531
2019-07-29 07:03:05.233 1842 INFO rally.task.engine [-] Full runner duration is: 3.586721
2019-07-29 07:03:05.234 1842 INFO rally.task.engine [-] Full duration is: 24.168413
2019-07-29 07:03:05.419 1842 INFO rally.task.engine [-] Running workload: position = 0 config = { "version": 2, "title": "A cropped version of a bigger task.", "description": "Auto-generated task from a single workload (uuid=252a43e4-99fe-43cc-81d9-435b0a007e31)", "subtasks": [ { "title": "CinderVolumeTypes.create_and_update_volume_type", "description": "create a volume type, then update the type.", "scenario": { "CinderVolumeTypes.create_and_update_volume_type": { "description": "test", "update_description": "test update" } }, "contexts": { "users": { "tenants": 3, "users_per_tenant": 2 }, "api_versions": { "cinder": { "version": 3, "service_type": "volumev3" } } }, "runner": { "constant": { "concurrency": 4, "times": 10 } }, "hooks": [], "sla": { "failure_rate": { "max": 0 } } } ] }
2019-07-29 07:03:05.443 1842 RALLYDEBUG rally_openstack.contexts.keystone.users [-] Creating 3 tenants using 20 threads
2019-07-29 07:03:07.466 1842 RALLYDEBUG rally_openstack.contexts.keystone.users [-] Creating 6 users using 20 threads
2019-07-29 07:03:10.318 1842 INFO rally.task.context [-] Task 5a80ff06-4ad3-474a-9709-6a95e56ef7f2 | Context users@openstack setup() finished in 4.88 sec
2019-07-29 07:03:10.749 1842 INFO rally.task.context [-] Task 5a80ff06-4ad3-474a-9709-6a95e56ef7f2 | Context api_versions@openstack setup() finished in 0.43 sec
2019-07-29 07:03:10.750 1842 INFO rally.task.context [-] Task 5a80ff06-4ad3-474a-9709-6a95e56ef7f2 | Context admin_cleanup@openstack setup() finished in 0.01 msec
2019-07-29 07:03:10.757 1842 RALLYDEBUG rally.task.runner [-] Starting the constant runner (task UUID: 5a80ff06-4ad3-474a-9709-6a95e56ef7f2). timeout: 0 concurrency: 4 concurrency_per_worker: 1 times: 10 concurrency_overhead: 0 processes_to_start: 4 max_cpu_used: 16
2019-07-29 07:03:10.770 6030 RALLYDEBUG rally.task.runner [-] Starting a worker. concurrency: 1 args: {"description": "test", "update_description": "test update"} times: 10 method_name: run timeout: 0 duration: None cls:
2019-07-29 07:03:10.774 6031 RALLYDEBUG rally.task.runner [-] Starting a worker. concurrency: 1 args: {"description": "test", "update_description": "test update"} times: 10 method_name: run timeout: 0 duration: None cls:
2019-07-29 07:03:10.776 6032 RALLYDEBUG rally.task.runner [-] Starting a worker. concurrency: 1 args: {"description": "test", "update_description": "test update"} times: 10 method_name: run timeout: 0 duration: None cls:
2019-07-29 07:03:10.777 6030 INFO rally.task.runner [-] Task 5a80ff06-4ad3-474a-9709-6a95e56ef7f2 | ITER: 1 START
2019-07-29 07:03:10.778 6033 RALLYDEBUG rally.task.runner [-] Starting a worker. concurrency: 1 args: {"description": "test", "update_description": "test update"} times: 10 method_name: run timeout: 0 duration: None cls:
2019-07-29 07:03:10.783 6031 INFO rally.task.runner [-] Task 5a80ff06-4ad3-474a-9709-6a95e56ef7f2 | ITER: 2 START
2019-07-29 07:03:10.783 6032 INFO rally.task.runner [-] Task 5a80ff06-4ad3-474a-9709-6a95e56ef7f2 | ITER: 3 START
2019-07-29 07:03:10.785 6033 INFO rally.task.runner [-] Task 5a80ff06-4ad3-474a-9709-6a95e56ef7f2 | ITER: 4 START
2019-07-29 07:03:11.219 6032 DEBUG cinderclient.v2.client [-] REQ: curl -g -i -X POST http://172.30.9.23:8776/v3/c8b8acde48324cd3a5b07ff5b90d483e/types -H "Accept: application/json" -H "Content-Type: application/json" -H "User-Agent: python-cinderclient" -H "X-Auth-Token: {SHA1}c391ce9fd59b9acbdd9e56da551168dbedafc8bc" -d '{"volume_type": {"os-volume-type-access:is_public": true, "name": "s_rally_252a43e4_LKi6IUKT", "description": "test"}}' _http_log_request /usr/lib/python2.7/site-packages/keystoneauth1/session.py:448
