2019-07-29 07:04:03.417 6400 DEBUG cinderclient.v2.client [-] RESP: [200] Content-Encoding: gzip Content-Length: 130 Content-Type: application/json Date: Mon, 29 Jul 2019 07:04:03 GMT OpenStack-API-Version: volume 3.0 Server: Apache Vary: OpenStack-API-Version,Accept-Encoding x-compute-request-id: req-e4c5ad35-da09-4f5b-ba91-87f951dda808 x-openstack-request-id: req-e4c5ad35-da09-4f5b-ba91-87f951dda808 _http_log_response /usr/lib/python2.7/site-packages/keystoneauth1/session.py:479
2019-07-29 07:04:03.418 6400 DEBUG cinderclient.v2.client [-] RESP BODY: {"volume_type_access": [{"volume_type_id": "04a02b99-4f5b-45cf-a56b-bcfdec28c3a7", "project_id": "1a53356d71c9466fb4125908d70cf0dc"}]} _http_log_response /usr/lib/python2.7/site-packages/keystoneauth1/session.py:511
2019-07-29 07:04:03.418 6400 DEBUG cinderclient.v2.client [-] GET call to volumev2 for http://172.30.9.23:8776/v3/c8b8acde48324cd3a5b07ff5b90d483e/types/04a02b99-4f5b-45cf-a56b-bcfdec28c3a7/os-volume-type-access used request id req-e4c5ad35-da09-4f5b-ba91-87f951dda808 request /usr/lib/python2.7/site-packages/keystoneauth1/session.py:844
2019-07-29 07:04:03.419 6400 INFO rally.task.runner [-] Task 5a80ff06-4ad3-474a-9709-6a95e56ef7f2 | ITER: 10 END: OK
2019-07-29 07:04:03.440 1842 INFO rally.task.context [-] Task 5a80ff06-4ad3-474a-9709-6a95e56ef7f2 | Context admin_cleanup@openstack cleanup() started
2019-07-29 07:04:03.442 1842 RALLYDEBUG rally_openstack.cleanup.manager [-] Cleaning up cinder volume_types objects
2019-07-29 07:04:04.243 1842 RALLYDEBUG rally_openstack.cleanup.manager [-] Deleting cinder.volume_types object s_rally_27a42306_xG0ZniLR (d6423fa0-a489-4e10-81e2-a9225c608eb3)
2019-07-29 07:04:04.246 1842 RALLYDEBUG rally_openstack.cleanup.manager [-] Deleting cinder.volume_types object s_rally_27a42306_xcfo3KDN (0e9a75d0-4486-4097-b5f4-f6c084795ab2)
2019-07-29 07:04:04.246 1842 RALLYDEBUG rally_openstack.cleanup.manager [-] Deleting cinder.volume_types object s_rally_27a42306_hgxlTP7M (67094eaa-4f9a-420a-8f3e-de4cc51ecd17)
2019-07-29 07:04:04.246 1842 RALLYDEBUG rally_openstack.cleanup.manager [-] Deleting cinder.volume_types object s_rally_27a42306_PFhLWaxQ (0c901b8b-5989-4edd-888e-0483dd511fe2)
2019-07-29 07:04:04.247 1842 RALLYDEBUG rally_openstack.cleanup.manager [-] Deleting cinder.volume_types object s_rally_27a42306_jNBycTjV (54b371fb-5c1d-4766-b992-b61a2927cc51)
2019-07-29 07:04:04.247 1842 RALLYDEBUG rally_openstack.cleanup.manager [-] Deleting cinder.volume_types object s_rally_27a42306_FlzLubCI (b34c26f4-33c7-467c-ac88-9157c80eeb98)
2019-07-29 07:04:04.248 1842 RALLYDEBUG rally_openstack.cleanup.manager [-] Deleting cinder.volume_types object s_rally_27a42306_Lqq0IkfC (c1bb4e83-5343-4fb7-bad5-bdf4892f8030)
2019-07-29 07:04:04.259 1842 RALLYDEBUG rally_openstack.cleanup.manager [-] Deleting cinder.volume_types object s_rally_27a42306_lGHlKoTC (159b4d29-c65c-4a6f-8a18-fe9bfebd6b55)
2019-07-29 07:04:04.265 1842 RALLYDEBUG rally_openstack.cleanup.manager [-] Deleting cinder.volume_types object s_rally_27a42306_Rq3lzNQk (04a02b99-4f5b-45cf-a56b-bcfdec28c3a7)
2019-07-29 07:04:04.270 1842 RALLYDEBUG rally_openstack.cleanup.manager [-] Deleting cinder.volume_types object s_rally_27a42306_EDPbHl5A (8bdb5a7e-2de1-4a9a-b40c-ba5abce300fc)
2019-07-29 07:04:06.608 1842 RALLYDEBUG rally_openstack.cleanup.manager [-] Cleaning up cinder image_volumes_cache objects
2019-07-29 07:04:07.892 1842 RALLYDEBUG rally_openstack.cleanup.manager [-] Cleaning up cinder quotas objects
2019-07-29 07:04:09.590 1842 RALLYDEBUG rally_openstack.cleanup.manager [-] Cleaning up cinder qos_specs objects
2019-07-29 07:04:10.357 1842 INFO rally.task.context [-] Task 5a80ff06-4ad3-474a-9709-6a95e56ef7f2 | Context admin_cleanup@openstack cleanup() finished in 6.92 sec
2019-07-29 07:04:10.357 1842 INFO rally.task.context [-] Task 5a80ff06-4ad3-474a-9709-6a95e56ef7f2 | Context api_versions@openstack cleanup() started
2019-07-29 07:04:10.358 1842 INFO rally.task.context [-] Task 5a80ff06-4ad3-474a-9709-6a95e56ef7f2 | Context api_versions@openstack cleanup() finished in 0.30 msec
2019-07-29 07:04:10.358 1842 INFO rally.task.context [-] Task 5a80ff06-4ad3-474a-9709-6a95e56ef7f2 | Context users@openstack cleanup() started
2019-07-29 07:04:18.380 1842 INFO rally.task.context [-] Task 5a80ff06-4ad3-474a-9709-6a95e56ef7f2 | Context users@openstack cleanup() finished in 8.02 sec
2019-07-29 07:04:20.215 1842 INFO rally.task.engine [-] Load duration is: 4.166129
2019-07-29 07:04:20.215 1842 INFO rally.task.engine [-] Full runner duration is: 4.209359
2019-07-29 07:04:20.215 1842 INFO rally.task.engine [-] Full duration is: 24.276006
2019-07-29 07:04:20.383 1842 INFO rally.task.engine [-] Task 5a80ff06-4ad3-474a-9709-6a95e56ef7f2 | Completed: Running task.
2019-07-29 07:04:21.439 6540 RALLYDEBUG rally.api [-] INFO logs from urllib3 and requests module are hide.
2019-07-29 07:04:21.440 6540 RALLYDEBUG rally.api [-] urllib3 insecure warnings are hidden.
2019-07-29 07:04:21.440 6540 RALLYDEBUG rally.api [-] ERROR log from boto module is hide.
2019-07-29 07:04:22.318 6541 RALLYDEBUG rally.api [-] INFO logs from urllib3 and requests module are hide.
2019-07-29 07:04:22.318 6541 RALLYDEBUG rally.api [-] urllib3 insecure warnings are hidden.
2019-07-29 07:04:22.318 6541 RALLYDEBUG rally.api [-] ERROR log from boto module is hide.
2019-07-29 07:04:23.580 6541 INFO rally.api [-] Building 'json' report for the following task(s): '5a80ff06-4ad3-474a-9709-6a95e56ef7f2'.
2019-07-29 07:04:23.623 6541 INFO rally.api [-] The report has been successfully built.
2019-07-29 07:04:24.348 6543 RALLYDEBUG rally.api [-] INFO logs from urllib3 and requests module are hide.
2019-07-29 07:04:24.348 6543 RALLYDEBUG rally.api [-] urllib3 insecure warnings are hidden.
2019-07-29 07:04:24.348 6543 RALLYDEBUG rally.api [-] ERROR log from boto module is hide.
2019-07-29 07:04:25.752 6543 INFO rally.task.engine [-] Task d2e303a1-549e-45cd-8aad-649e011b6210 | Starting: Task validation.
2019-07-29 07:04:25.790 6543 INFO rally.task.engine [-] Task d2e303a1-549e-45cd-8aad-649e011b6210 | Starting: Task validation of syntax.
2019-07-29 07:04:25.934 6543 INFO rally.task.engine [-] Task d2e303a1-549e-45cd-8aad-649e011b6210 | Completed: Task validation of syntax.
2019-07-29 07:04:25.935 6543 INFO rally.task.engine [-] Task d2e303a1-549e-45cd-8aad-649e011b6210 | Starting: Task validation of required platforms.
2019-07-29 07:04:25.999 6543 INFO rally.task.engine [-] Task d2e303a1-549e-45cd-8aad-649e011b6210 | Completed: Task validation of required platforms.
2019-07-29 07:04:25.999 6543 INFO rally.task.engine [-] Task d2e303a1-549e-45cd-8aad-649e011b6210 | Starting: Task validation of semantic.
2019-07-29 07:04:25.999 6543 INFO rally.task.engine [-] Check health of the environment '40319946-095b-4efd-8695-8427ad0a072e'.
2019-07-29 07:04:26.975 6543 INFO rally.task.engine [-] Platform existing@openstack (available: True): OK!
2019-07-29 07:04:26.993 6543 RALLYDEBUG rally_openstack.contexts.keystone.users [-] Creating 1 tenants using 20 threads
2019-07-29 07:04:28.853 6543 RALLYDEBUG rally_openstack.contexts.keystone.users [-] Creating 1 users using 20 threads
2019-07-29 07:04:31.548 6543 INFO rally.task.context [-] Task d2e303a1-549e-45cd-8aad-649e011b6210 | Context users@openstack setup() finished in 4.55 sec
2019-07-29 07:04:38.774 6543 INFO rally.task.context [-] Task d2e303a1-549e-45cd-8aad-649e011b6210 | Context users@openstack cleanup() started
2019-07-29 07:04:44.158 6543 INFO rally.task.context [-] Task d2e303a1-549e-45cd-8aad-649e011b6210 | Context users@openstack cleanup() finished in 5.38 sec
2019-07-29 07:04:44.159 6543 INFO rally.task.engine [-] Task d2e303a1-549e-45cd-8aad-649e011b6210 | Completed: Task validation of semantic.
2019-07-29 07:04:44.159 6543 INFO rally.task.engine [-] Task d2e303a1-549e-45cd-8aad-649e011b6210 | Completed: Task validation.
2019-07-29 07:04:44.159 6543 INFO rally.api [-] Task d2e303a1-549e-45cd-8aad-649e011b6210 input file is valid.
2019-07-29 07:04:44.160 6543 INFO rally.api [-] Run Task d2e303a1-549e-45cd-8aad-649e011b6210 against Deployment 40319946-095b-4efd-8695-8427ad0a072e
2019-07-29 07:04:44.160 6543 INFO rally.task.engine [-] Task d2e303a1-549e-45cd-8aad-649e011b6210 | Starting: Running task.
2019-07-29 07:04:44.282 6543 INFO rally.task.engine [-] Running workload: position = 0 config = { "version": 2, "title": "A cropped version of a bigger task.", "description": "Auto-generated task from a single workload (uuid=d1c4bcab-378f-40d3-a649-f1742d792f5b)", "subtasks": [ { "title": "Gnocchi.list_capabilities", "description": "List supported aggregation methods.", "scenario": { "Gnocchi.list_capabilities": {} }, "contexts": { "users": { "tenants": 3, "users_per_tenant": 2 } }, "runner": { "constant": { "concurrency": 4, "times": 10 } }, "hooks": [], "sla": { "failure_rate": { "max": 0 } } } ] }
2019-07-29 07:04:44.303 6543 RALLYDEBUG rally_openstack.contexts.keystone.users [-] Creating 3 tenants using 20 threads
2019-07-29 07:04:46.218 6543 RALLYDEBUG rally_openstack.contexts.keystone.users [-] Creating 6 users using 20 threads
2019-07-29 07:04:49.090 6543 INFO rally.task.context [-] Task d2e303a1-549e-45cd-8aad-649e011b6210 | Context users@openstack setup() finished in 4.79 sec
2019-07-29 07:04:49.097 6543 RALLYDEBUG rally.task.runner [-] Starting the constant runner (task UUID: d2e303a1-549e-45cd-8aad-649e011b6210). timeout: 0 concurrency: 4 concurrency_per_worker: 1 times: 10 concurrency_overhead: 0 processes_to_start: 4 max_cpu_used: 16
2019-07-29 07:04:49.110 6667 RALLYDEBUG rally.task.runner [-] Starting a worker. concurrency: 1 args: {} times: 10 method_name: run timeout: 0 duration: None cls:
2019-07-29 07:04:49.113 6668 RALLYDEBUG rally.task.runner [-] Starting a worker. concurrency: 1 args: {} times: 10 method_name: run timeout: 0 duration: None cls:
2019-07-29 07:04:49.116 6669 RALLYDEBUG rally.task.runner [-] Starting a worker. concurrency: 1 args: {} times: 10 method_name: run timeout: 0 duration: None cls:
2019-07-29 07:04:49.117 6667 INFO rally.task.runner [-] Task d2e303a1-549e-45cd-8aad-649e011b6210 | ITER: 1 START
2019-07-29 07:04:49.118 6670 RALLYDEBUG rally.task.runner [-] Starting a worker. concurrency: 1 args: {} times: 10 method_name: run timeout: 0 duration: None cls:
2019-07-29 07:04:49.119 6668 INFO rally.task.runner [-] Task d2e303a1-549e-45cd-8aad-649e011b6210 | ITER: 2 START
2019-07-29 07:04:49.122 6669 INFO rally.task.runner [-] Task d2e303a1-549e-45cd-8aad-649e011b6210 | ITER: 3 START
2019-07-29 07:04:49.124 6670 INFO rally.task.runner [-] Task d2e303a1-549e-45cd-8aad-649e011b6210 | ITER: 4 START
2019-07-29 07:04:49.837 6667 INFO rally.task.runner [-] Task d2e303a1-549e-45cd-8aad-649e011b6210 | ITER: 1 END: OK
2019-07-29 07:04:49.840 6670 INFO rally.task.runner [-] Task d2e303a1-549e-45cd-8aad-649e011b6210 | ITER: 4 END: OK
2019-07-29 07:04:49.841 6667 INFO rally.task.runner [-] Task d2e303a1-549e-45cd-8aad-649e011b6210 | ITER: 5 START
2019-07-29 07:04:49.842 6669 INFO rally.task.runner [-] Task d2e303a1-549e-45cd-8aad-649e011b6210 | ITER: 3 END: OK
2019-07-29 07:04:49.844 6670 INFO rally.task.runner [-] Task d2e303a1-549e-45cd-8aad-649e011b6210 | ITER: 6 START
2019-07-29 07:04:49.846 6669 INFO rally.task.runner [-] Task d2e303a1-549e-45cd-8aad-649e011b6210 | ITER: 7 START
2019-07-29 07:04:49.850 6668 INFO rally.task.runner [-] Task d2e303a1-549e-45cd-8aad-649e011b6210 | ITER: 2 END: OK
2019-07-29 07:04:49.855 6668 INFO rally.task.runner [-] Task d2e303a1-549e-45cd-8aad-649e011b6210 | ITER: 8 START
2019-07-29 07:04:50.542 6670 INFO rally.task.runner [-] Task d2e303a1-549e-45cd-8aad-649e011b6210 | ITER: 6 END: OK
2019-07-29 07:04:50.546 6670 INFO rally.task.runner [-] Task d2e303a1-549e-45cd-8aad-649e011b6210 | ITER: 9 START
2019-07-29 07:04:50.571 6668 INFO rally.task.runner [-] Task d2e303a1-549e-45cd-8aad-649e011b6210 | ITER: 8 END: OK
2019-07-29 07:04:50.573 6668 INFO rally.task.runner [-] Task d2e303a1-549e-45cd-8aad-649e011b6210 | ITER: 10 START
2019-07-29 07:04:50.577 6667 INFO rally.task.runner [-] Task d2e303a1-549e-45cd-8aad-649e011b6210 | ITER: 5 END: OK
2019-07-29 07:04:50.623 6669 INFO rally.task.runner [-] Task d2e303a1-549e-45cd-8aad-649e011b6210 | ITER: 7 END: OK
2019-07-29 07:04:51.195 6668 INFO rally.task.runner [-] Task d2e303a1-549e-45cd-8aad-649e011b6210 | ITER: 10 END: OK
2019-07-29 07:04:51.251 6670 INFO rally.task.runner [-] Task d2e303a1-549e-45cd-8aad-649e011b6210 | ITER: 9 END: OK
2019-07-29 07:04:51.274 6543 INFO rally.task.context [-] Task d2e303a1-549e-45cd-8aad-649e011b6210 | Context users@openstack cleanup() started
2019-07-29 07:04:59.320 6543 INFO rally.task.context [-] Task d2e303a1-549e-45cd-8aad-649e011b6210 | Context users@openstack cleanup() finished in 8.05 sec
2019-07-29 07:05:00.380 6543 INFO rally.task.engine [-] Load duration is: 2.132381
2019-07-29 07:05:00.380 6543 INFO rally.task.engine [-] Full runner duration is: 2.177291
2019-07-29 07:05:00.380 6543 INFO rally.task.engine [-] Full duration is: 15.018206
2019-07-29 07:05:00.587 6543 INFO rally.task.engine [-] Running workload: position = 0 config = { "version": 2, "title": "A cropped version of a bigger task.", "description": "Auto-generated task from a single workload (uuid=b4e9a43d-a1c0-4273-91cd-44dc1352ed77)", "subtasks": [ { "title": "Gnocchi.get_status", "description": "Get the status of measurements processing.", "scenario": { "Gnocchi.get_status": { "detailed": false } }, "contexts": { "users": { "tenants": 3, "users_per_tenant": 2 } }, "runner": { "constant": { "concurrency": 4, "times": 10 } }, "hooks": [], "sla": { "failure_rate": { "max": 0 } } } ] }
2019-07-29 07:05:00.609 6543 RALLYDEBUG rally_openstack.contexts.keystone.users [-] Creating 3 tenants using 20 threads
2019-07-29 07:05:02.566 6543 RALLYDEBUG rally_openstack.contexts.keystone.users [-] Creating 6 users using 20 threads
2019-07-29 07:05:05.470 6543 INFO rally.task.context [-] Task d2e303a1-549e-45cd-8aad-649e011b6210 | Context users@openstack setup() finished in 4.86 sec
2019-07-29 07:05:05.478 6543 RALLYDEBUG rally.task.runner [-] Starting the constant runner (task UUID: d2e303a1-549e-45cd-8aad-649e011b6210). timeout: 0 concurrency: 4 concurrency_per_worker: 1 times: 10 concurrency_overhead: 0 processes_to_start: 4 max_cpu_used: 16
2019-07-29 07:05:05.490 6771 RALLYDEBUG rally.task.runner [-] Starting a worker. concurrency: 1 args: {"detailed": false} times: 10 method_name: run timeout: 0 duration: None cls:
2019-07-29 07:05:05.494 6772 RALLYDEBUG rally.task.runner [-] Starting a worker. concurrency: 1 args: {"detailed": false} times: 10 method_name: run timeout: 0 duration: None cls:
2019-07-29 07:05:05.496 6773 RALLYDEBUG rally.task.runner [-] Starting a worker. concurrency: 1 args: {"detailed": false} times: 10 method_name: run timeout: 0 duration: None cls:
2019-07-29 07:05:05.496 6771 INFO rally.task.runner [-] Task d2e303a1-549e-45cd-8aad-649e011b6210 | ITER: 1 START
2019-07-29 07:05:05.500 6772 INFO rally.task.runner [-] Task d2e303a1-549e-45cd-8aad-649e011b6210 | ITER: 2 START
2019-07-29 07:05:05.499 6774 RALLYDEBUG rally.task.runner [-] Starting a worker. concurrency: 1 args: {"detailed": false} times: 10 method_name: run timeout: 0 duration: None cls:
2019-07-29 07:05:05.501 6773 INFO rally.task.runner [-] Task d2e303a1-549e-45cd-8aad-649e011b6210 | ITER: 3 START
2019-07-29 07:05:05.506 6774 INFO rally.task.runner [-] Task d2e303a1-549e-45cd-8aad-649e011b6210 | ITER: 4 START
2019-07-29 07:05:06.246 6773 INFO rally.task.runner [-] Task d2e303a1-549e-45cd-8aad-649e011b6210 | ITER: 3 END: OK
2019-07-29 07:05:06.248 6772 INFO rally.task.runner [-] Task d2e303a1-549e-45cd-8aad-649e011b6210 | ITER: 2 END: OK
2019-07-29 07:05:06.250 6773 INFO rally.task.runner [-] Task d2e303a1-549e-45cd-8aad-649e011b6210 | ITER: 5 START
2019-07-29 07:05:06.251 6772 INFO rally.task.runner [-] Task d2e303a1-549e-45cd-8aad-649e011b6210 | ITER: 6 START
2019-07-29 07:05:06.264 6771 INFO rally.task.runner [-] Task d2e303a1-549e-45cd-8aad-649e011b6210 | ITER: 1 END: OK
2019-07-29 07:05:06.268 6771 INFO rally.task.runner [-] Task d2e303a1-549e-45cd-8aad-649e011b6210 | ITER: 7 START
2019-07-29 07:05:06.450 6774 INFO rally.task.runner [-] Task d2e303a1-549e-45cd-8aad-649e011b6210 | ITER: 4 END: OK
2019-07-29 07:05:06.454 6774 INFO rally.task.runner [-] Task d2e303a1-549e-45cd-8aad-649e011b6210 | ITER: 8 START
2019-07-29 07:05:06.994 6772 INFO rally.task.runner [-] Task d2e303a1-549e-45cd-8aad-649e011b6210 | ITER: 6 END: OK
2019-07-29 07:05:06.998 6772 INFO rally.task.runner [-] Task d2e303a1-549e-45cd-8aad-649e011b6210 | ITER: 9 START
2019-07-29 07:05:07.055 6771 INFO rally.task.runner [-] Task d2e303a1-549e-45cd-8aad-649e011b6210 | ITER: 7 END: OK
2019-07-29 07:05:07.059 6771 INFO rally.task.runner [-] Task d2e303a1-549e-45cd-8aad-649e011b6210 | ITER: 10 START
2019-07-29 07:05:07.069 6773 INFO rally.task.runner [-] Task d2e303a1-549e-45cd-8aad-649e011b6210 | ITER: 5 END: OK
2019-07-29 07:05:07.209 6774 INFO rally.task.runner [-] Task d2e303a1-549e-45cd-8aad-649e011b6210 | ITER: 8 END: OK
2019-07-29 07:05:07.751 6772 INFO rally.task.runner [-] Task d2e303a1-549e-45cd-8aad-649e011b6210 | ITER: 9 END: OK
2019-07-29 07:05:07.813 6771 INFO rally.task.runner [-] Task d2e303a1-549e-45cd-8aad-649e011b6210 | ITER: 10 END: OK
2019-07-29 07:05:07.837 6543 INFO rally.task.context [-] Task d2e303a1-549e-45cd-8aad-649e011b6210 | Context users@openstack cleanup() started
2019-07-29 07:05:16.410 6543 INFO rally.task.context [-] Task d2e303a1-549e-45cd-8aad-649e011b6210 | Context users@openstack cleanup() finished in 8.57 sec
2019-07-29 07:05:16.709 6543 INFO rally.task.engine [-] Load duration is: 2.314364
2019-07-29 07:05:16.709 6543 INFO rally.task.engine [-] Full runner duration is: 2.359383
2019-07-29 07:05:16.710 6543 INFO rally.task.engine [-] Full duration is: 15.804842
2019-07-29 07:05:16.907 6543 INFO rally.task.engine [-] Running workload: position = 0 config = { "version": 2, "title": "A cropped version of a bigger task.", "description": "Auto-generated task from a single workload (uuid=eb26891c-4924-4ce7-92e1-e17b452d8346)", "subtasks": [ { "title": "GnocchiArchivePolicyRule.list_archive_policy_rule", "description": "List archive policy rules.", "scenario": { "GnocchiArchivePolicyRule.list_archive_policy_rule": {} }, "contexts": { "users": { "tenants": 3, "users_per_tenant": 2 } }, "runner": { "constant": { "concurrency": 4, "times": 10 } }, "hooks": [], "sla": { "failure_rate": { "max": 0 } } } ] }
2019-07-29 07:05:16.927 6543 RALLYDEBUG rally_openstack.contexts.keystone.users [-] Creating 3 tenants using 20 threads
2019-07-29 07:05:18.973 6543 RALLYDEBUG rally_openstack.contexts.keystone.users [-] Creating 6 users using 20 threads
2019-07-29 07:05:21.725 6543 INFO rally.task.context [-] Task d2e303a1-549e-45cd-8aad-649e011b6210 | Context users@openstack setup() finished in 4.80 sec
2019-07-29 07:05:21.732 6543 RALLYDEBUG rally.task.runner [-] Starting the constant runner (task UUID: d2e303a1-549e-45cd-8aad-649e011b6210). timeout: 0 concurrency: 4 concurrency_per_worker: 1 times: 10 concurrency_overhead: 0 processes_to_start: 4 max_cpu_used: 16
2019-07-29 07:05:21.744 6875 RALLYDEBUG rally.task.runner [-] Starting a worker. concurrency: 1 args: {} times: 10 method_name: run timeout: 0 duration: None cls:
2019-07-29 07:05:21.747 6876 RALLYDEBUG rally.task.runner [-] Starting a worker. concurrency: 1 args: {} times: 10 method_name: run timeout: 0 duration: None cls:
2019-07-29 07:05:21.750 6877 RALLYDEBUG rally.task.runner [-] Starting a worker. concurrency: 1 args: {} times: 10 method_name: run timeout: 0 duration: None cls:
2019-07-29 07:05:21.751 6875 INFO rally.task.runner [-] Task d2e303a1-549e-45cd-8aad-649e011b6210 | ITER: 1 START
2019-07-29 07:05:21.754 6876 INFO rally.task.runner [-] Task d2e303a1-549e-45cd-8aad-649e011b6210 | ITER: 2 START
2019-07-29 07:05:21.753 6878 RALLYDEBUG rally.task.runner [-] Starting a worker. concurrency: 1 args: {} times: 10 method_name: run timeout: 0 duration: None cls:
2019-07-29 07:05:21.755 6877 INFO rally.task.runner [-] Task d2e303a1-549e-45cd-8aad-649e011b6210 | ITER: 3 START
2019-07-29 07:05:21.759 6878 INFO rally.task.runner [-] Task d2e303a1-549e-45cd-8aad-649e011b6210 | ITER: 4 START
2019-07-29 07:05:22.467 6877 INFO rally.task.runner [-] Task d2e303a1-549e-45cd-8aad-649e011b6210 | ITER: 3 END: OK
2019-07-29 07:05:22.470 6877 INFO rally.task.runner [-] Task d2e303a1-549e-45cd-8aad-649e011b6210 | ITER: 5 START
2019-07-29 07:05:22.490 6875 INFO rally.task.runner [-] Task d2e303a1-549e-45cd-8aad-649e011b6210 | ITER: 1 END: OK
2019-07-29 07:05:22.492 6876 INFO rally.task.runner [-] Task d2e303a1-549e-45cd-8aad-649e011b6210 | ITER: 2 END: OK
2019-07-29 07:05:22.493 6878 INFO rally.task.runner [-] Task d2e303a1-549e-45cd-8aad-649e011b6210 | ITER: 4 END: OK
2019-07-29 07:05:22.494 6875 INFO rally.task.runner [-] Task d2e303a1-549e-45cd-8aad-649e011b6210 | ITER: 6 START
2019-07-29 07:05:22.498 6876 INFO rally.task.runner [-] Task d2e303a1-549e-45cd-8aad-649e011b6210 | ITER: 7 START
2019-07-29 07:05:22.498 6878 INFO rally.task.runner [-] Task d2e303a1-549e-45cd-8aad-649e011b6210 | ITER: 8 START
2019-07-29 07:05:23.180 6875 INFO rally.task.runner [-] Task d2e303a1-549e-45cd-8aad-649e011b6210 | ITER: 6 END: OK
2019-07-29 07:05:23.183 6875 INFO rally.task.runner [-] Task d2e303a1-549e-45cd-8aad-649e011b6210 | ITER: 9 START
2019-07-29 07:05:23.221 6877 INFO rally.task.runner [-] Task d2e303a1-549e-45cd-8aad-649e011b6210 | ITER: 5 END: OK
2019-07-29 07:05:23.225 6877 INFO rally.task.runner [-] Task d2e303a1-549e-45cd-8aad-649e011b6210 | ITER: 10 START
2019-07-29 07:05:23.244 6878 INFO rally.task.runner [-] Task d2e303a1-549e-45cd-8aad-649e011b6210 | ITER: 8 END: OK
2019-07-29 07:05:23.292 6876 INFO rally.task.runner [-] Task d2e303a1-549e-45cd-8aad-649e011b6210 | ITER: 7 END: OK
2019-07-29 07:05:23.871 6875 INFO rally.task.runner [-] Task d2e303a1-549e-45cd-8aad-649e011b6210 | ITER: 9 END: OK
2019-07-29 07:05:23.918 6877 INFO rally.task.runner [-] Task d2e303a1-549e-45cd-8aad-649e011b6210 | ITER: 10 END: OK
2019-07-29 07:05:23.943 6543 INFO rally.task.context [-] Task d2e303a1-549e-45cd-8aad-649e011b6210 | Context users@openstack cleanup() started
2019-07-29 07:05:34.014 6543 INFO rally.task.context [-] Task d2e303a1-549e-45cd-8aad-649e011b6210 | Context users@openstack cleanup() finished in 10.07 sec
2019-07-29 07:05:35.010 6543 INFO rally.task.engine [-] Load duration is: 2.165928
2019-07-29 07:05:35.011 6543 INFO rally.task.engine [-] Full runner duration is: 2.211638
2019-07-29 07:05:35.011 6543 INFO rally.task.engine [-] Full duration is: 17.08888
2019-07-29 07:05:35.192 6543 INFO rally.task.engine [-] Running workload: position = 0 config = { "version": 2, "title": "A cropped version of a bigger task.", "description": "Auto-generated task from a single workload (uuid=081cf625-d353-4c74-ad8c-b2bed83884b4)", "subtasks": [ { "title": "GnocchiArchivePolicyRule.create_archive_policy_rule", "description": "Create archive policy rule.", "scenario": { "GnocchiArchivePolicyRule.create_archive_policy_rule": { "metric_pattern": "cpu_*", "archive_policy_name": "low" } }, "contexts": { "users": { "tenants": 3, "users_per_tenant": 2 } }, "runner": { "constant": { "concurrency": 4, "times": 10 } }, "hooks": [], "sla": { "failure_rate": { "max": 0 } } } ] }
2019-07-29 07:05:35.214 6543 RALLYDEBUG rally_openstack.contexts.keystone.users [-] Creating 3 tenants using 20 threads
2019-07-29 07:05:37.152 6543 RALLYDEBUG rally_openstack.contexts.keystone.users [-] Creating 6 users using 20 threads
2019-07-29 07:05:40.091 6543 INFO rally.task.context [-] Task d2e303a1-549e-45cd-8aad-649e011b6210 | Context users@openstack setup() finished in 4.88 sec
2019-07-29 07:05:40.092 6543 INFO rally.task.context [-] Task d2e303a1-549e-45cd-8aad-649e011b6210 | Context admin_cleanup@openstack setup() finished in 0.03 msec
2019-07-29 07:05:40.099 6543 RALLYDEBUG rally.task.runner [-] Starting the constant runner (task UUID: d2e303a1-549e-45cd-8aad-649e011b6210). timeout: 0 concurrency: 4 concurrency_per_worker: 1 times: 10 concurrency_overhead: 0 processes_to_start: 4 max_cpu_used: 16
2019-07-29 07:05:40.108 6979 RALLYDEBUG rally.task.runner [-] Starting a worker. concurrency: 1 args: {"metric_pattern": "cpu_*", "archive_policy_name": "low"} times: 10 method_name: run timeout: 0 duration: None cls:
2019-07-29 07:05:40.111 6979 INFO rally.task.runner [-] Task d2e303a1-549e-45cd-8aad-649e011b6210 | ITER: 1 START
2019-07-29 07:05:40.112 6980 RALLYDEBUG rally.task.runner [-] Starting a worker. concurrency: 1 args: {"metric_pattern": "cpu_*", "archive_policy_name": "low"} times: 10 method_name: run timeout: 0 duration: None cls:
2019-07-29 07:05:40.115 6983 RALLYDEBUG rally.task.runner [-] Starting a worker. concurrency: 1 args: {"metric_pattern": "cpu_*", "archive_policy_name": "low"} times: 10 method_name: run timeout: 0 duration: None cls:
2019-07-29 07:05:40.117 6983 INFO rally.task.runner [-] Task d2e303a1-549e-45cd-8aad-649e011b6210 | ITER: 3 START
2019-07-29 07:05:40.117 6980 INFO rally.task.runner [-] Task d2e303a1-549e-45cd-8aad-649e011b6210 | ITER: 2 START
2019-07-29 07:05:40.119 6984 RALLYDEBUG rally.task.runner [-] Starting a worker. concurrency: 1 args: {"metric_pattern": "cpu_*", "archive_policy_name": "low"} times: 10 method_name: run timeout: 0 duration: None cls:
2019-07-29 07:05:40.122 6984 INFO rally.task.runner [-] Task d2e303a1-549e-45cd-8aad-649e011b6210 | ITER: 4 START
2019-07-29 07:05:40.863 6979 INFO rally.task.runner [-] Task d2e303a1-549e-45cd-8aad-649e011b6210 | ITER: 1 END: OK
2019-07-29 07:05:40.867 6979 INFO rally.task.runner [-] Task d2e303a1-549e-45cd-8aad-649e011b6210 | ITER: 5 START
2019-07-29 07:05:40.874 6980 INFO rally.task.runner [-] Task d2e303a1-549e-45cd-8aad-649e011b6210 | ITER: 2 END: OK
2019-07-29 07:05:40.878 6980 INFO rally.task.runner [-] Task d2e303a1-549e-45cd-8aad-649e011b6210 | ITER: 6 START
2019-07-29 07:05:40.886 6984 INFO rally.task.runner [-] Task d2e303a1-549e-45cd-8aad-649e011b6210 | ITER: 4 END: OK
2019-07-29 07:05:40.890 6984 INFO rally.task.runner [-] Task d2e303a1-549e-45cd-8aad-649e011b6210 | ITER: 7 START
2019-07-29 07:05:40.994 6983 INFO rally.task.runner [-] Task d2e303a1-549e-45cd-8aad-649e011b6210 | ITER: 3 END: OK
2019-07-29 07:05:40.998 6983 INFO rally.task.runner [-] Task d2e303a1-549e-45cd-8aad-649e011b6210 | ITER: 8 START
2019-07-29 07:05:41.605 6979 INFO rally.task.runner [-] Task d2e303a1-549e-45cd-8aad-649e011b6210 | ITER: 5 END: OK
2019-07-29 07:05:41.609 6979 INFO rally.task.runner [-] Task d2e303a1-549e-45cd-8aad-649e011b6210 | ITER: 9 START
2019-07-29 07:05:41.617 6980 INFO rally.task.runner [-] Task d2e303a1-549e-45cd-8aad-649e011b6210 | ITER: 6 END: OK
2019-07-29 07:05:41.621 6980 INFO rally.task.runner [-] Task d2e303a1-549e-45cd-8aad-649e011b6210 | ITER: 10 START
2019-07-29 07:05:41.629 6984 INFO rally.task.runner [-] Task d2e303a1-549e-45cd-8aad-649e011b6210 | ITER: 7 END: OK
2019-07-29 07:05:41.736 6983 INFO rally.task.runner [-] Task d2e303a1-549e-45cd-8aad-649e011b6210 | ITER: 8 END: OK
2019-07-29 07:05:42.354 6980 INFO rally.task.runner [-] Task d2e303a1-549e-45cd-8aad-649e011b6210 | ITER: 10 END: OK
2019-07-29 07:05:42.443 6979 INFO rally.task.runner [-] Task d2e303a1-549e-45cd-8aad-649e011b6210 | ITER: 9 END: OK
2019-07-29 07:05:42.469 6543 INFO rally.task.context [-] Task d2e303a1-549e-45cd-8aad-649e011b6210 | Context admin_cleanup@openstack cleanup() started
2019-07-29 07:05:42.471 6543 RALLYDEBUG rally_openstack.cleanup.manager [-] Cleaning up gnocchi archive_policy_rule objects
2019-07-29 07:05:43.284 6543 RALLYDEBUG rally_openstack.cleanup.manager [-] Deleting gnocchi.archive_policy_rule object s_rally_081cf625_wraCASjj (s_rally_081cf625_wraCASjj)
2019-07-29 07:05:43.286 6543 RALLYDEBUG rally_openstack.cleanup.manager [-] Deleting gnocchi.archive_policy_rule object s_rally_081cf625_65fxVOoX (s_rally_081cf625_65fxVOoX)
2019-07-29 07:05:43.294 6543 RALLYDEBUG rally_openstack.cleanup.manager [-] Deleting gnocchi.archive_policy_rule object s_rally_081cf625_j54PLnEX (s_rally_081cf625_j54PLnEX)
2019-07-29 07:05:43.300 6543 RALLYDEBUG rally_openstack.cleanup.manager [-] Deleting gnocchi.archive_policy_rule object s_rally_081cf625_8Fibu5hC (s_rally_081cf625_8Fibu5hC)
2019-07-29 07:05:43.300 6543 RALLYDEBUG rally_openstack.cleanup.manager [-] Deleting gnocchi.archive_policy_rule object s_rally_081cf625_HnGsDmQL (s_rally_081cf625_HnGsDmQL)
2019-07-29 07:05:43.309 6543 RALLYDEBUG rally_openstack.cleanup.manager [-] Deleting gnocchi.archive_policy_rule object s_rally_081cf625_IA3xG90p (s_rally_081cf625_IA3xG90p)
2019-07-29 07:05:43.310 6543 RALLYDEBUG rally_openstack.cleanup.manager [-] Deleting gnocchi.archive_policy_rule object s_rally_081cf625_Nx5ne8Ex (s_rally_081cf625_Nx5ne8Ex)
2019-07-29 07:05:43.316 6543 RALLYDEBUG rally_openstack.cleanup.manager [-] Deleting gnocchi.archive_policy_rule object s_rally_081cf625_wy8yKPdV (s_rally_081cf625_wy8yKPdV)
2019-07-29 07:05:43.325 6543 RALLYDEBUG rally_openstack.cleanup.manager [-] Deleting gnocchi.archive_policy_rule object s_rally_081cf625_bGE4xRGc (s_rally_081cf625_bGE4xRGc)
2019-07-29 07:05:43.337 6543 RALLYDEBUG rally_openstack.cleanup.manager [-] Deleting gnocchi.archive_policy_rule object s_rally_081cf625_Bvzc1YXc (s_rally_081cf625_Bvzc1YXc)
2019-07-29 07:05:45.634 6543 INFO rally.task.context [-] Task d2e303a1-549e-45cd-8aad-649e011b6210 | Context admin_cleanup@openstack cleanup() finished in 3.16 sec
2019-07-29 07:05:45.634 6543 INFO rally.task.context [-] Task d2e303a1-549e-45cd-8aad-649e011b6210 | Context users@openstack cleanup() started
2019-07-29 07:05:53.470 6543 INFO rally.task.context [-] Task d2e303a1-549e-45cd-8aad-649e011b6210 | Context users@openstack cleanup() finished in 7.84 sec
2019-07-29 07:05:55.338 6543 INFO rally.task.engine [-] Load duration is: 2.331332
2019-07-29 07:05:55.339 6543 INFO rally.task.engine [-] Full runner duration is: 2.370184
2019-07-29 07:05:55.339 6543 INFO rally.task.engine [-] Full duration is: 18.258463
2019-07-29 07:05:55.526 6543 INFO rally.task.engine [-] Running workload: position = 0 config = { "version": 2, "title": "A cropped version of a bigger task.", "description": "Auto-generated task from a single workload (uuid=e907ec35-a73a-4007-a21d-fd140ff0e902)", "subtasks": [ { "title": "GnocchiArchivePolicyRule.create_delete_archive_policy_rule", "description": "Create archive policy rule and then delete it.", "scenario": { "GnocchiArchivePolicyRule.create_delete_archive_policy_rule": { "metric_pattern": "cpu_*", "archive_policy_name": "low" } }, "contexts": { "users": { "tenants": 3, "users_per_tenant": 2 } }, "runner": { "constant": { "concurrency": 4, "times": 10 } }, "hooks": [], "sla": { "failure_rate": { "max": 0 } } } ] }
2019-07-29 07:05:55.547 6543 RALLYDEBUG rally_openstack.contexts.keystone.users [-] Creating 3 tenants using 20 threads
2019-07-29 07:05:57.434 6543 RALLYDEBUG rally_openstack.contexts.keystone.users [-] Creating 6 users using 20 threads
2019-07-29 07:06:00.357 6543 INFO rally.task.context [-] Task d2e303a1-549e-45cd-8aad-649e011b6210 | Context users@openstack setup() finished in 4.81 sec
2019-07-29 07:06:00.358 6543 INFO rally.task.context [-] Task d2e303a1-549e-45cd-8aad-649e011b6210 | Context admin_cleanup@openstack setup() finished in 0.01 msec
2019-07-29 07:06:00.365 6543 RALLYDEBUG rally.task.runner [-] Starting the constant runner (task UUID: d2e303a1-549e-45cd-8aad-649e011b6210). timeout: 0 concurrency: 4 concurrency_per_worker: 1 times: 10 concurrency_overhead: 0 processes_to_start: 4 max_cpu_used: 16
2019-07-29 07:06:00.378 7103 RALLYDEBUG rally.task.runner [-] Starting a worker. concurrency: 1 args: {"metric_pattern": "cpu_*", "archive_policy_name": "low"} times: 10 method_name: run timeout: 0 duration: None cls:
2019-07-29 07:06:00.380 7104 RALLYDEBUG rally.task.runner [-] Starting a worker. concurrency: 1 args: {"metric_pattern": "cpu_*", "archive_policy_name": "low"} times: 10 method_name: run timeout: 0 duration: None cls:
2019-07-29 07:06:00.383 7105 RALLYDEBUG rally.task.runner [-] Starting a worker. concurrency: 1 args: {"metric_pattern": "cpu_*", "archive_policy_name": "low"} times: 10 method_name: run timeout: 0 duration: None cls:
2019-07-29 07:06:00.385 7103 INFO rally.task.runner [-] Task d2e303a1-549e-45cd-8aad-649e011b6210 | ITER: 1 START
2019-07-29 07:06:00.386 7104 INFO rally.task.runner [-] Task d2e303a1-549e-45cd-8aad-649e011b6210 | ITER: 2 START
2019-07-29 07:06:00.386 7106 RALLYDEBUG rally.task.runner [-] Starting a worker. concurrency: 1 args: {"metric_pattern": "cpu_*", "archive_policy_name": "low"} times: 10 method_name: run timeout: 0 duration: None cls:
2019-07-29 07:06:00.389 7105 INFO rally.task.runner [-] Task d2e303a1-549e-45cd-8aad-649e011b6210 | ITER: 3 START
2019-07-29 07:06:00.392 7106 INFO rally.task.runner [-] Task d2e303a1-549e-45cd-8aad-649e011b6210 | ITER: 4 START
2019-07-29 07:06:01.419 7103 INFO rally.task.runner [-] Task d2e303a1-549e-45cd-8aad-649e011b6210 | ITER: 1 END: OK
2019-07-29 07:06:01.423 7103 INFO rally.task.runner [-] Task d2e303a1-549e-45cd-8aad-649e011b6210 | ITER: 5 START
2019-07-29 07:06:01.449 7105 INFO rally.task.runner [-] Task d2e303a1-549e-45cd-8aad-649e011b6210 | ITER: 3 END: OK
2019-07-29 07:06:01.454 7105 INFO rally.task.runner [-] Task d2e303a1-549e-45cd-8aad-649e011b6210 | ITER: 6 START
2019-07-29 07:06:01.479 7104 INFO rally.task.runner [-] Task d2e303a1-549e-45cd-8aad-649e011b6210 | ITER: 2 END: OK
2019-07-29 07:06:01.483 7104 INFO rally.task.runner [-] Task d2e303a1-549e-45cd-8aad-649e011b6210 | ITER: 7 START
2019-07-29 07:06:01.533 7106 INFO rally.task.runner [-] Task d2e303a1-549e-45cd-8aad-649e011b6210 | ITER: 4 END: OK
2019-07-29 07:06:01.537 7106 INFO rally.task.runner [-] Task d2e303a1-549e-45cd-8aad-649e011b6210 | ITER: 8 START
2019-07-29 07:06:02.467 7103 INFO rally.task.runner [-] Task d2e303a1-549e-45cd-8aad-649e011b6210 | ITER: 5 END: OK
2019-07-29 07:06:02.470 7103 INFO rally.task.runner [-] Task d2e303a1-549e-45cd-8aad-649e011b6210 | ITER: 9 START
2019-07-29 07:06:02.479 7105 INFO rally.task.runner [-] Task d2e303a1-549e-45cd-8aad-649e011b6210 | ITER: 6 END: OK
2019-07-29 07:06:02.483 7105 INFO rally.task.runner [-] Task d2e303a1-549e-45cd-8aad-649e011b6210 | ITER: 10 START
2019-07-29 07:06:02.503 7104 INFO rally.task.runner [-] Task d2e303a1-549e-45cd-8aad-649e011b6210 | ITER: 7 END: OK
2019-07-29 07:06:02.575 7106 INFO rally.task.runner [-] Task d2e303a1-549e-45cd-8aad-649e011b6210 | ITER: 8 END: OK
2019-07-29 07:06:03.413 7103 INFO rally.task.runner [-] Task d2e303a1-549e-45cd-8aad-649e011b6210 | ITER: 9 END: OK
2019-07-29 07:06:03.629 7105 INFO rally.task.runner [-] Task d2e303a1-549e-45cd-8aad-649e011b6210 | ITER: 10 END: OK
2019-07-29 07:06:03.655 6543 INFO rally.task.context [-] Task d2e303a1-549e-45cd-8aad-649e011b6210 | Context admin_cleanup@openstack cleanup() started
2019-07-29 07:06:03.657 6543 RALLYDEBUG rally_openstack.cleanup.manager [-] Cleaning up gnocchi archive_policy_rule objects
2019-07-29 07:06:04.299 6543 INFO rally.task.context [-] Task d2e303a1-549e-45cd-8aad-649e011b6210 | Context admin_cleanup@openstack cleanup() finished in 0.64 sec
2019-07-29 07:06:04.299 6543 INFO rally.task.context [-] Task d2e303a1-549e-45cd-8aad-649e011b6210 | Context users@openstack cleanup() started
2019-07-29 07:06:12.176 6543 INFO rally.task.context [-] Task d2e303a1-549e-45cd-8aad-649e011b6210 | Context users@openstack cleanup() finished in 7.88 sec
2019-07-29 07:06:13.630 6543 INFO rally.task.engine [-] Load duration is: 3.241654
2019-07-29 07:06:13.631 6543 INFO rally.task.engine [-] Full runner duration is: 3.290353
2019-07-29 07:06:13.631 6543 INFO rally.task.engine [-] Full duration is: 16.632152
2019-07-29 07:06:13.830 6543 INFO rally.task.engine [-] Running workload: position = 0 config = { "version": 2, "title": "A cropped version of a bigger task.", "description": "Auto-generated task from a single workload (uuid=87d38ae8-9f3d-4109-bddc-4cf609a0f0ac)", "subtasks": [ { "title": "GnocchiArchivePolicy.list_archive_policy", "description": "List archive policies.", "scenario": { "GnocchiArchivePolicy.list_archive_policy": {} }, "contexts": { "users": { "tenants": 3, "users_per_tenant": 2 } }, "runner": { "constant": { "concurrency": 4, "times": 10 } }, "hooks": [], "sla": { "failure_rate": { "max": 0 } } } ] }
2019-07-29 07:06:13.853 6543 RALLYDEBUG rally_openstack.contexts.keystone.users [-] Creating 3 tenants using 20 threads
2019-07-29 07:06:15.662 6543 RALLYDEBUG rally_openstack.contexts.keystone.users [-] Creating 6 users using 20 threads
2019-07-29 07:06:18.446 6543 INFO rally.task.context [-] Task d2e303a1-549e-45cd-8aad-649e011b6210 | Context users@openstack setup() finished in 4.59 sec
2019-07-29 07:06:18.454 6543 RALLYDEBUG rally.task.runner [-] Starting the constant runner (task UUID: d2e303a1-549e-45cd-8aad-649e011b6210). timeout: 0 concurrency: 4 concurrency_per_worker: 1 times: 10 concurrency_overhead: 0 processes_to_start: 4 max_cpu_used: 16
2019-07-29 07:06:18.467 7227 RALLYDEBUG rally.task.runner [-] Starting a worker. concurrency: 1 args: {} times: 10 method_name: run timeout: 0 duration: None cls:
2019-07-29 07:06:18.470 7228 RALLYDEBUG rally.task.runner [-] Starting a worker. concurrency: 1 args: {} times: 10 method_name: run timeout: 0 duration: None cls:
2019-07-29 07:06:18.473 7227 INFO rally.task.runner [-] Task d2e303a1-549e-45cd-8aad-649e011b6210 | ITER: 1 START
2019-07-29 07:06:18.473 7229 RALLYDEBUG rally.task.runner [-] Starting a worker. concurrency: 1 args: {} times: 10 method_name: run timeout: 0 duration: None cls:
2019-07-29 07:06:18.476 7228 INFO rally.task.runner [-] Task d2e303a1-549e-45cd-8aad-649e011b6210 | ITER: 2 START
2019-07-29 07:06:18.476 7230 RALLYDEBUG rally.task.runner [-] Starting a worker. concurrency: 1 args: {} times: 10 method_name: run timeout: 0 duration: None cls:
2019-07-29 07:06:18.478 7229 INFO rally.task.runner [-] Task d2e303a1-549e-45cd-8aad-649e011b6210 | ITER: 3 START
2019-07-29 07:06:18.482 7230 INFO rally.task.runner [-] Task d2e303a1-549e-45cd-8aad-649e011b6210 | ITER: 4 START
2019-07-29 07:06:19.201 7230 INFO rally.task.runner [-] Task d2e303a1-549e-45cd-8aad-649e011b6210 | ITER: 4 END: OK
2019-07-29 07:06:19.205 7230 INFO rally.task.runner [-] Task d2e303a1-549e-45cd-8aad-649e011b6210 | ITER: 5 START
2019-07-29 07:06:19.216 7227 INFO rally.task.runner [-] Task d2e303a1-549e-45cd-8aad-649e011b6210 | ITER: 1 END: OK
2019-07-29 07:06:19.220 7227 INFO rally.task.runner [-] Task d2e303a1-549e-45cd-8aad-649e011b6210 | ITER: 6 START
2019-07-29 07:06:19.228 7228 INFO rally.task.runner [-] Task d2e303a1-549e-45cd-8aad-649e011b6210 | ITER: 2 END: OK
2019-07-29 07:06:19.233 7228 INFO rally.task.runner [-] Task d2e303a1-549e-45cd-8aad-649e011b6210 | ITER: 7 START
2019-07-29 07:06:19.245 7229 INFO rally.task.runner [-] Task d2e303a1-549e-45cd-8aad-649e011b6210 | ITER: 3 END: OK
2019-07-29 07:06:19.249 7229 INFO rally.task.runner [-] Task d2e303a1-549e-45cd-8aad-649e011b6210 | ITER: 8 START
2019-07-29 07:06:19.915 7230 INFO rally.task.runner [-] Task d2e303a1-549e-45cd-8aad-649e011b6210 | ITER: 5 END: OK
2019-07-29 07:06:19.919 7230 INFO rally.task.runner [-] Task d2e303a1-549e-45cd-8aad-649e011b6210 | ITER: 9 START
2019-07-29 07:06:19.939 7227 INFO rally.task.runner [-] Task d2e303a1-549e-45cd-8aad-649e011b6210 | ITER: 6 END: OK
2019-07-29 07:06:19.942 7227 INFO rally.task.runner [-] Task d2e303a1-549e-45cd-8aad-649e011b6210 | ITER: 10 START
2019-07-29 07:06:19.986 7229 INFO rally.task.runner [-] Task d2e303a1-549e-45cd-8aad-649e011b6210 | ITER: 8 END: OK
2019-07-29 07:06:20.061 7228 INFO rally.task.runner [-] Task d2e303a1-549e-45cd-8aad-649e011b6210 | ITER: 7 END: OK
2019-07-29 07:06:20.650 7230 INFO rally.task.runner [-] Task d2e303a1-549e-45cd-8aad-649e011b6210 | ITER: 9 END: OK
2019-07-29 07:06:20.652 7227 INFO rally.task.runner [-] Task d2e303a1-549e-45cd-8aad-649e011b6210 | ITER: 10 END: OK
2019-07-29 07:06:20.674 6543 INFO rally.task.context [-] Task d2e303a1-549e-45cd-8aad-649e011b6210 | Context users@openstack cleanup() started
2019-07-29 07:06:29.338 6543 INFO rally.task.context [-] Task d2e303a1-549e-45cd-8aad-649e011b6210 | Context users@openstack cleanup() finished in 8.66 sec
2019-07-29 07:06:29.960 6543 INFO rally.task.engine [-] Load duration is: 2.177112
2019-07-29 07:06:29.960 6543 INFO rally.task.engine [-] Full runner duration is: 2.220264
2019-07-29 07:06:29.961 6543 INFO rally.task.engine [-] Full duration is: 15.487862
2019-07-29 07:06:30.191 6543 INFO rally.task.engine [-] Running workload: position = 0 config = { "version": 2, "title": "A cropped version of a bigger task.", "description": "Auto-generated task from a single workload (uuid=f110cb19-2ae8-42cb-877e-4b96ef8fe2af)", "subtasks": [ { "title": "GnocchiArchivePolicy.create_archive_policy", "description": "Create archive policy.", "scenario": { "GnocchiArchivePolicy.create_archive_policy": { "definition": [ { "granularity": "0:00:01", "timespan": "1:00:00" } ] } }, "contexts": { "users": { "tenants": 3, "users_per_tenant": 2 } }, "runner": { "constant": { "concurrency": 4, "times": 10 } }, "hooks": [], "sla": { "failure_rate": { "max": 0 } } } ] }
2019-07-29 07:06:30.214 6543 RALLYDEBUG rally_openstack.contexts.keystone.users [-] Creating 3 tenants using 20 threads
2019-07-29 07:06:32.099 6543 RALLYDEBUG rally_openstack.contexts.keystone.users [-] Creating 6 users using 20 threads
2019-07-29 07:06:34.971 6543 INFO rally.task.context [-] Task d2e303a1-549e-45cd-8aad-649e011b6210 | Context users@openstack setup() finished in 4.76 sec
2019-07-29 07:06:34.972 6543 INFO rally.task.context [-] Task d2e303a1-549e-45cd-8aad-649e011b6210 | Context admin_cleanup@openstack setup() finished in 0.02 msec
2019-07-29 07:06:34.980 6543 RALLYDEBUG rally.task.runner [-] Starting the constant runner (task UUID: d2e303a1-549e-45cd-8aad-649e011b6210). timeout: 0 concurrency: 4 concurrency_per_worker: 1 times: 10 concurrency_overhead: 0 processes_to_start: 4 max_cpu_used: 16
2019-07-29 07:06:34.993 7331 RALLYDEBUG rally.task.runner [-] Starting a worker. concurrency: 1 args: {"definition": [{"granularity": "0:00:01", "timespan": "1:00:00"}]} times: 10 method_name: run timeout: 0 duration: None cls:
2019-07-29 07:06:34.993 7332 RALLYDEBUG rally.task.runner [-] Starting a worker. concurrency: 1 args: {"definition": [{"granularity": "0:00:01", "timespan": "1:00:00"}]} times: 10 method_name: run timeout: 0 duration: None cls:
2019-07-29 07:06:34.999 7332 INFO rally.task.runner [-] Task d2e303a1-549e-45cd-8aad-649e011b6210 | ITER: 2 START
2019-07-29 07:06:34.999 7331 INFO rally.task.runner [-] Task d2e303a1-549e-45cd-8aad-649e011b6210 | ITER: 1 START
2019-07-29 07:06:34.999 7333 RALLYDEBUG rally.task.runner [-] Starting a worker. concurrency: 1 args: {"definition": [{"granularity": "0:00:01", "timespan": "1:00:00"}]} times: 10 method_name: run timeout: 0 duration: None cls:
2019-07-29 07:06:35.005 7333 INFO rally.task.runner [-] Task d2e303a1-549e-45cd-8aad-649e011b6210 | ITER: 3 START
2019-07-29 07:06:35.005 7334 RALLYDEBUG rally.task.runner [-] Starting a worker. concurrency: 1 args: {"definition": [{"granularity": "0:00:01", "timespan": "1:00:00"}]} times: 10 method_name: run timeout: 0 duration: None cls:
2019-07-29 07:06:35.013 7334 INFO rally.task.runner [-] Task d2e303a1-549e-45cd-8aad-649e011b6210 | ITER: 4 START
2019-07-29 07:06:35.737 7332 INFO rally.task.runner [-] Task d2e303a1-549e-45cd-8aad-649e011b6210 | ITER: 2 END: OK
2019-07-29 07:06:35.741 7332 INFO rally.task.runner [-] Task d2e303a1-549e-45cd-8aad-649e011b6210 | ITER: 5 START
2019-07-29 07:06:35.762 7331 INFO rally.task.runner [-] Task d2e303a1-549e-45cd-8aad-649e011b6210 | ITER: 1 END: OK
2019-07-29 07:06:35.766 7331 INFO rally.task.runner [-] Task d2e303a1-549e-45cd-8aad-649e011b6210 | ITER: 6 START
2019-07-29 07:06:35.773 7334 INFO rally.task.runner [-] Task d2e303a1-549e-45cd-8aad-649e011b6210 | ITER: 4 END: OK
2019-07-29 07:06:35.777 7334 INFO rally.task.runner [-] Task d2e303a1-549e-45cd-8aad-649e011b6210 | ITER: 7 START
2019-07-29 07:06:35.785 7333 INFO rally.task.runner [-] Task d2e303a1-549e-45cd-8aad-649e011b6210 | ITER: 3 END: OK
2019-07-29 07:06:35.790 7333 INFO rally.task.runner [-] Task d2e303a1-549e-45cd-8aad-649e011b6210 | ITER: 8 START
2019-07-29 07:06:36.504 7332 INFO rally.task.runner [-] Task d2e303a1-549e-45cd-8aad-649e011b6210 | ITER: 5 END: OK
2019-07-29 07:06:36.508 7332 INFO rally.task.runner [-] Task d2e303a1-549e-45cd-8aad-649e011b6210 | ITER: 9 START
2019-07-29 07:06:36.515 7331 INFO rally.task.runner [-] Task d2e303a1-549e-45cd-8aad-649e011b6210 | ITER: 6 END: OK
2019-07-29 07:06:36.519 7331 INFO rally.task.runner [-] Task d2e303a1-549e-45cd-8aad-649e011b6210 | ITER: 10 START
2019-07-29 07:06:36.546 7333 INFO rally.task.runner [-] Task d2e303a1-549e-45cd-8aad-649e011b6210 | ITER: 8 END: OK
2019-07-29 07:06:36.947 7334 INFO rally.task.runner [-] Task d2e303a1-549e-45cd-8aad-649e011b6210 | ITER: 7 END: OK
2019-07-29 07:06:37.264 7331 INFO rally.task.runner [-] Task d2e303a1-549e-45cd-8aad-649e011b6210 | ITER: 10 END: OK
2019-07-29 07:06:37.294 7332 INFO rally.task.runner [-] Task d2e303a1-549e-45cd-8aad-649e011b6210 | ITER: 9 END: OK
2019-07-29 07:06:37.321 6543 INFO rally.task.context [-] Task d2e303a1-549e-45cd-8aad-649e011b6210 | Context admin_cleanup@openstack cleanup() started
2019-07-29 07:06:37.323 6543 RALLYDEBUG rally_openstack.cleanup.manager [-] Cleaning up gnocchi archive_policy objects
2019-07-29 07:06:38.106 6543 RALLYDEBUG rally_openstack.cleanup.manager [-] Deleting gnocchi.archive_policy object s_rally_f110cb19_DxwJrz9K (s_rally_f110cb19_DxwJrz9K)
2019-07-29 07:06:38.113 6543 RALLYDEBUG rally_openstack.cleanup.manager [-] Deleting gnocchi.archive_policy object s_rally_f110cb19_iYlq5Rkw (s_rally_f110cb19_iYlq5Rkw)
2019-07-29 07:06:38.121 6543 RALLYDEBUG rally_openstack.cleanup.manager [-] Deleting gnocchi.archive_policy object s_rally_f110cb19_GIeMiY93 (s_rally_f110cb19_GIeMiY93)
2019-07-29 07:06:38.122 6543 RALLYDEBUG rally_openstack.cleanup.manager [-] Deleting gnocchi.archive_policy object s_rally_f110cb19_lfbXeFTb (s_rally_f110cb19_lfbXeFTb)
2019-07-29 07:06:38.123 6543 RALLYDEBUG rally_openstack.cleanup.manager [-] Deleting gnocchi.archive_policy object s_rally_f110cb19_am3HF9Dy (s_rally_f110cb19_am3HF9Dy)
2019-07-29 07:06:38.142 6543 RALLYDEBUG rally_openstack.cleanup.manager [-] Deleting gnocchi.archive_policy object s_rally_f110cb19_tWqU7j0f (s_rally_f110cb19_tWqU7j0f)
2019-07-29 07:06:38.144 6543 RALLYDEBUG rally_openstack.cleanup.manager [-] Deleting gnocchi.archive_policy object s_rally_f110cb19_n1B0VKEe (s_rally_f110cb19_n1B0VKEe)
2019-07-29 07:06:38.145 6543 RALLYDEBUG rally_openstack.cleanup.manager [-] Deleting gnocchi.archive_policy object s_rally_f110cb19_XGc3B6lk (s_rally_f110cb19_XGc3B6lk)
2019-07-29 07:06:38.151 6543 RALLYDEBUG rally_openstack.cleanup.manager [-] Deleting gnocchi.archive_policy object s_rally_f110cb19_XKjVDqhU (s_rally_f110cb19_XKjVDqhU)
2019-07-29 07:06:38.157 6543 RALLYDEBUG rally_openstack.cleanup.manager [-] Deleting gnocchi.archive_policy object s_rally_f110cb19_q4r9y6Bi (s_rally_f110cb19_q4r9y6Bi)
2019-07-29 07:06:40.391 6543 INFO rally.task.context [-] Task d2e303a1-549e-45cd-8aad-649e011b6210 | Context admin_cleanup@openstack cleanup() finished in 3.07 sec
2019-07-29 07:06:40.391 6543 INFO rally.task.context [-] Task d2e303a1-549e-45cd-8aad-649e011b6210 | Context users@openstack cleanup() started
2019-07-29 07:06:49.817 6543 INFO rally.task.context [-] Task d2e303a1-549e-45cd-8aad-649e011b6210 | Context users@openstack cleanup() finished in 9.43 sec
2019-07-29 07:06:50.301 6543 INFO rally.task.engine [-] Load duration is: 2.293672
2019-07-29 07:06:50.301 6543 INFO rally.task.engine [-] Full runner duration is: 2.341256
2019-07-29 07:06:50.302 6543 INFO rally.task.engine [-] Full duration is: 19.604935
2019-07-29 07:06:50.496 6543 INFO rally.task.engine [-] Running workload: position = 0 config = { "version": 2, "title": "A cropped version of a bigger task.", "description": "Auto-generated task from a single workload (uuid=9174541b-70b5-4a3d-89e3-c6a7ede9429d)", "subtasks": [ { "title": "GnocchiArchivePolicy.create_delete_archive_policy", "description": "Create archive policy and then delete it.", "scenario": { "GnocchiArchivePolicy.create_delete_archive_policy": { "definition": [ { "granularity": "0:00:01", "timespan": "1:00:00" } ] } }, "contexts": { "users": { "tenants": 3, "users_per_tenant": 2 } }, "runner": { "constant": { "concurrency": 4, "times": 10 } }, "hooks": [], "sla": { "failure_rate": { "max": 0 } } } ] }
2019-07-29 07:06:50.519 6543 RALLYDEBUG rally_openstack.contexts.keystone.users [-] Creating 3 tenants using 20 threads
2019-07-29 07:06:52.350 6543 RALLYDEBUG rally_openstack.contexts.keystone.users [-] Creating 6 users using 20 threads
2019-07-29 07:06:55.140 6543 INFO rally.task.context [-] Task d2e303a1-549e-45cd-8aad-649e011b6210 | Context users@openstack setup() finished in 4.62 sec
2019-07-29 07:06:55.140 6543 INFO rally.task.context [-] Task d2e303a1-549e-45cd-8aad-649e011b6210 | Context admin_cleanup@openstack setup() finished in 0.00 msec
2019-07-29 07:06:55.147 6543 RALLYDEBUG rally.task.runner [-] Starting the constant runner (task UUID: d2e303a1-549e-45cd-8aad-649e011b6210). timeout: 0 concurrency: 4 concurrency_per_worker: 1 times: 10 concurrency_overhead: 0 processes_to_start: 4 max_cpu_used: 16
2019-07-29 07:06:55.160 7455 RALLYDEBUG rally.task.runner [-] Starting a worker. concurrency: 1 args: {"definition": [{"granularity": "0:00:01", "timespan": "1:00:00"}]} times: 10 method_name: run timeout: 0 duration: None cls:
