2019-07-29 06:55:32.629 3969 RALLYDEBUG rally.task.runner [-] Starting a worker. concurrency: 1 args: {"force": false} times: 10 method_name: run timeout: 0 duration: None cls:
2019-07-29 06:55:32.631 3967 INFO rally.task.runner [-] Task 5a80ff06-4ad3-474a-9709-6a95e56ef7f2 | ITER: 2 START
2019-07-29 06:55:32.632 3966 INFO rally.task.runner [-] Task 5a80ff06-4ad3-474a-9709-6a95e56ef7f2 | ITER: 1 START
2019-07-29 06:55:32.637 3969 INFO rally.task.runner [-] Task 5a80ff06-4ad3-474a-9709-6a95e56ef7f2 | ITER: 4 START
2019-07-29 06:55:32.637 3968 INFO rally.task.runner [-] Task 5a80ff06-4ad3-474a-9709-6a95e56ef7f2 | ITER: 3 START
2019-07-29 06:55:36.933 3968 RALLYDEBUG rally.task.utils [-] Waiting for resource s_rally_f631db03_dHYCGMEZ. Status changed: AVAILABLE => DELETING in 0.331281900406
2019-07-29 06:55:37.074 3969 RALLYDEBUG rally.task.utils [-] Waiting for resource s_rally_f631db03_luNRMRsD. Status changed: AVAILABLE => DELETING in 0.352328062057
2019-07-29 06:55:37.205 3967 RALLYDEBUG rally.task.utils [-] Waiting for resource s_rally_f631db03_G8FmWsCK. Status changed: AVAILABLE => DELETING in 0.339354038239
2019-07-29 06:55:38.605 3966 RALLYDEBUG rally.task.utils [-] Waiting for resource s_rally_f631db03_rfWxALPv. Status changed: CREATING => AVAILABLE in 2.87449979782
2019-07-29 06:55:39.118 3966 RALLYDEBUG rally.task.utils [-] Waiting for resource s_rally_f631db03_rfWxALPv. Status changed: AVAILABLE => DELETING in 0.21826004982
2019-07-29 06:55:39.241 3968 INFO rally.task.runner [-] Task 5a80ff06-4ad3-474a-9709-6a95e56ef7f2 | ITER: 3 END: OK
2019-07-29 06:55:39.246 3968 INFO rally.task.runner [-] Task 5a80ff06-4ad3-474a-9709-6a95e56ef7f2 | ITER: 5 START
2019-07-29 06:55:39.417 3969 INFO rally.task.runner [-] Task 5a80ff06-4ad3-474a-9709-6a95e56ef7f2 | ITER: 4 END: OK
2019-07-29 06:55:39.422 3969 INFO rally.task.runner [-] Task 5a80ff06-4ad3-474a-9709-6a95e56ef7f2 | ITER: 6 START
2019-07-29 06:55:39.515 3967 INFO rally.task.runner [-] Task 5a80ff06-4ad3-474a-9709-6a95e56ef7f2 | ITER: 2 END: OK
2019-07-29 06:55:39.521 3967 INFO rally.task.runner [-] Task 5a80ff06-4ad3-474a-9709-6a95e56ef7f2 | ITER: 7 START
2019-07-29 06:55:41.341 3966 INFO rally.task.runner [-] Task 5a80ff06-4ad3-474a-9709-6a95e56ef7f2 | ITER: 1 END: OK
2019-07-29 06:55:41.346 3966 INFO rally.task.runner [-] Task 5a80ff06-4ad3-474a-9709-6a95e56ef7f2 | ITER: 8 START
2019-07-29 06:55:43.563 3969 RALLYDEBUG rally.task.utils [-] Waiting for resource s_rally_f631db03_s018FTaj. Status changed: AVAILABLE => DELETING in 0.309127092361
2019-07-29 06:55:43.621 3968 RALLYDEBUG rally.task.utils [-] Waiting for resource s_rally_f631db03_8n68CAOU. Status changed: AVAILABLE => DELETING in 0.350266933441
2019-07-29 06:55:43.895 3967 RALLYDEBUG rally.task.utils [-] Waiting for resource s_rally_f631db03_xtg1vfNd. Status changed: AVAILABLE => DELETING in 0.325033187866
2019-07-29 06:55:45.473 3966 RALLYDEBUG rally.task.utils [-] Waiting for resource s_rally_f631db03_kRv0g7KH. Status changed: AVAILABLE => DELETING in 0.229869842529
2019-07-29 06:55:45.588 3969 INFO rally.task.runner [-] Task 5a80ff06-4ad3-474a-9709-6a95e56ef7f2 | ITER: 6 END: OK
2019-07-29 06:55:45.594 3969 INFO rally.task.runner [-] Task 5a80ff06-4ad3-474a-9709-6a95e56ef7f2 | ITER: 9 START
2019-07-29 06:55:45.849 3968 INFO rally.task.runner [-] Task 5a80ff06-4ad3-474a-9709-6a95e56ef7f2 | ITER: 5 END: OK
2019-07-29 06:55:45.855 3968 INFO rally.task.runner [-] Task 5a80ff06-4ad3-474a-9709-6a95e56ef7f2 | ITER: 10 START
2019-07-29 06:55:46.194 3967 INFO rally.task.runner [-] Task 5a80ff06-4ad3-474a-9709-6a95e56ef7f2 | ITER: 7 END: OK
2019-07-29 06:55:47.498 3966 INFO rally.task.runner [-] Task 5a80ff06-4ad3-474a-9709-6a95e56ef7f2 | ITER: 8 END: OK
2019-07-29 06:55:49.582 3969 RALLYDEBUG rally.task.utils [-] Waiting for resource s_rally_f631db03_s9oE5IPS. Status changed: AVAILABLE => DELETING in 0.309757947922
2019-07-29 06:55:49.996 3968 RALLYDEBUG rally.task.utils [-] Waiting for resource s_rally_f631db03_jT8u3S4S. Status changed: AVAILABLE => DELETING in 0.305371046066
2019-07-29 06:55:51.810 3969 INFO rally.task.runner [-] Task 5a80ff06-4ad3-474a-9709-6a95e56ef7f2 | ITER: 9 END: OK
2019-07-29 06:55:52.225 3968 INFO rally.task.runner [-] Task 5a80ff06-4ad3-474a-9709-6a95e56ef7f2 | ITER: 10 END: OK
2019-07-29 06:55:52.248 1842 INFO rally.task.context [-] Task 5a80ff06-4ad3-474a-9709-6a95e56ef7f2 | Context cleanup@openstack cleanup() started
2019-07-29 06:55:52.251 1842 RALLYDEBUG rally_openstack.cleanup.manager [-] Cleaning up cinder backups objects
2019-07-29 06:55:54.341 1842 RALLYDEBUG rally_openstack.cleanup.manager [-] Cleaning up cinder volume_snapshots objects
2019-07-29 06:55:56.557 1842 RALLYDEBUG rally_openstack.cleanup.manager [-] Cleaning up cinder transfers objects
2019-07-29 06:55:58.679 1842 RALLYDEBUG rally_openstack.cleanup.manager [-] Cleaning up cinder volumes objects
2019-07-29 06:56:01.013 1842 INFO rally.task.context [-] Task 5a80ff06-4ad3-474a-9709-6a95e56ef7f2 | Context cleanup@openstack cleanup() finished in 8.76 sec
2019-07-29 06:56:01.013 1842 INFO rally.task.context [-] Task 5a80ff06-4ad3-474a-9709-6a95e56ef7f2 | Context volumes@openstack cleanup() started
2019-07-29 06:56:01.014 1842 RALLYDEBUG rally_openstack.cleanup.manager [-] Cleaning up cinder volumes objects
2019-07-29 06:56:03.344 1842 RALLYDEBUG rally_openstack.cleanup.manager [-] Deleting cinder.volumes object c_rally_f631db03_to1S6Jf5 (1fdb24b9-7c27-4a04-9b1f-1f5a992104c2)
2019-07-29 06:56:03.345 1842 RALLYDEBUG rally_openstack.cleanup.manager [-] Deleting cinder.volumes object c_rally_f631db03_5Kxnf0LL (998ad028-0c26-4679-a1bd-0e29bfad44b9)
2019-07-29 06:56:03.345 1842 RALLYDEBUG rally_openstack.cleanup.manager [-] Deleting cinder.volumes object c_rally_f631db03_t0uJVYCz (ad29c9d0-a18d-46ac-aac4-ce7f805e3fa5)
2019-07-29 06:56:06.978 1842 INFO rally.task.context [-] Task 5a80ff06-4ad3-474a-9709-6a95e56ef7f2 | Context volumes@openstack cleanup() finished in 5.96 sec
2019-07-29 06:56:06.978 1842 INFO rally.task.context [-] Task 5a80ff06-4ad3-474a-9709-6a95e56ef7f2 | Context quotas@openstack cleanup() started
2019-07-29 06:56:07.914 1842 INFO rally.task.context [-] Task 5a80ff06-4ad3-474a-9709-6a95e56ef7f2 | Context quotas@openstack cleanup() finished in 0.94 sec
2019-07-29 06:56:07.915 1842 INFO rally.task.context [-] Task 5a80ff06-4ad3-474a-9709-6a95e56ef7f2 | Context api_versions@openstack cleanup() started
2019-07-29 06:56:07.915 1842 INFO rally.task.context [-] Task 5a80ff06-4ad3-474a-9709-6a95e56ef7f2 | Context api_versions@openstack cleanup() finished in 0.34 msec
2019-07-29 06:56:07.915 1842 INFO rally.task.context [-] Task 5a80ff06-4ad3-474a-9709-6a95e56ef7f2 | Context users@openstack cleanup() started
2019-07-29 06:56:15.605 1842 INFO rally.task.context [-] Task 5a80ff06-4ad3-474a-9709-6a95e56ef7f2 | Context users@openstack cleanup() finished in 7.69 sec
2019-07-29 06:56:17.229 1842 INFO rally.task.engine [-] Load duration is: 19.589967
2019-07-29 06:56:17.229 1842 INFO rally.task.engine [-] Full runner duration is: 19.640901
2019-07-29 06:56:17.230 1842 INFO rally.task.engine [-] Full duration is: 60.63421
2019-07-29 06:56:17.429 1842 INFO rally.task.engine [-] Running workload: position = 0 config = { "version": 2, "title": "A cropped version of a bigger task.", "description": "Auto-generated task from a single workload (uuid=d8bff48d-7457-4306-a268-f047cf161043)", "subtasks": [ { "title": "CinderVolumes.create_and_delete_volume", "description": "Create and then delete a volume.", "scenario": { "CinderVolumes.create_and_delete_volume": { "size": { "max": 1, "min": 1 } } }, "contexts": { "users": { "tenants": 3, "users_per_tenant": 2 }, "quotas": { "cinder": { "gigabytes": -1, "snapshots": -1, "volumes": -1 } }, "api_versions": { "cinder": { "version": 3, "service_type": "volumev3" } } }, "runner": { "constant": { "concurrency": 4, "times": 10 } }, "hooks": [], "sla": { "failure_rate": { "max": 0 } } } ] }
2019-07-29 06:56:17.453 1842 RALLYDEBUG rally_openstack.contexts.keystone.users [-] Creating 3 tenants using 20 threads
2019-07-29 06:56:19.293 1842 RALLYDEBUG rally_openstack.contexts.keystone.users [-] Creating 6 users using 20 threads
2019-07-29 06:56:22.077 1842 INFO rally.task.context [-] Task 5a80ff06-4ad3-474a-9709-6a95e56ef7f2 | Context users@openstack setup() finished in 4.62 sec
2019-07-29 06:56:22.513 1842 INFO rally.task.context [-] Task 5a80ff06-4ad3-474a-9709-6a95e56ef7f2 | Context api_versions@openstack setup() finished in 0.44 sec
2019-07-29 06:56:24.240 1842 INFO rally.task.context [-] Task 5a80ff06-4ad3-474a-9709-6a95e56ef7f2 | Context quotas@openstack setup() finished in 1.73 sec
2019-07-29 06:56:24.240 1842 INFO rally.task.context [-] Task 5a80ff06-4ad3-474a-9709-6a95e56ef7f2 | Context cleanup@openstack setup() finished in 0.01 msec
2019-07-29 06:56:24.247 1842 RALLYDEBUG rally.task.runner [-] Starting the constant runner (task UUID: 5a80ff06-4ad3-474a-9709-6a95e56ef7f2). timeout: 0 concurrency: 4 concurrency_per_worker: 1 times: 10 concurrency_overhead: 0 processes_to_start: 4 max_cpu_used: 16
2019-07-29 06:56:24.261 4171 RALLYDEBUG rally.task.runner [-] Starting a worker. concurrency: 1 args: {"size": {"max": 1, "min": 1}} times: 10 method_name: run timeout: 0 duration: None cls:
2019-07-29 06:56:24.261 4170 RALLYDEBUG rally.task.runner [-] Starting a worker. concurrency: 1 args: {"size": {"max": 1, "min": 1}} times: 10 method_name: run timeout: 0 duration: None cls:
2019-07-29 06:56:24.267 4171 INFO rally.task.runner [-] Task 5a80ff06-4ad3-474a-9709-6a95e56ef7f2 | ITER: 1 START
2019-07-29 06:56:24.267 4172 RALLYDEBUG rally.task.runner [-] Starting a worker. concurrency: 1 args: {"size": {"max": 1, "min": 1}} times: 10 method_name: run timeout: 0 duration: None cls:
2019-07-29 06:56:24.270 4170 INFO rally.task.runner [-] Task 5a80ff06-4ad3-474a-9709-6a95e56ef7f2 | ITER: 2 START
2019-07-29 06:56:24.270 4173 RALLYDEBUG rally.task.runner [-] Starting a worker. concurrency: 1 args: {"size": {"max": 1, "min": 1}} times: 10 method_name: run timeout: 0 duration: None cls:
2019-07-29 06:56:24.276 4172 INFO rally.task.runner [-] Task 5a80ff06-4ad3-474a-9709-6a95e56ef7f2 | ITER: 3 START
2019-07-29 06:56:24.277 4173 INFO rally.task.runner [-] Task 5a80ff06-4ad3-474a-9709-6a95e56ef7f2 | ITER: 4 START
2019-07-29 06:56:28.347 4171 RALLYDEBUG rally.task.utils [-] Waiting for resource s_rally_d8bff48d_6xosAU3y. Status changed: AVAILABLE => DELETING in 0.246718883514
2019-07-29 06:56:28.867 4173 RALLYDEBUG rally.task.utils [-] Waiting for resource s_rally_d8bff48d_jPDhTpCI. Status changed: AVAILABLE => DELETING in 0.325306892395
2019-07-29 06:56:28.869 4172 RALLYDEBUG rally.task.utils [-] Waiting for resource s_rally_d8bff48d_7XCYOGf5. Status changed: AVAILABLE => DELETING in 0.315420866013
2019-07-29 06:56:28.931 4170 RALLYDEBUG rally.task.utils [-] Waiting for resource s_rally_d8bff48d_Kn120gGi. Status changed: AVAILABLE => DELETING in 0.413910150528
2019-07-29 06:56:30.660 4171 INFO rally.task.runner [-] Task 5a80ff06-4ad3-474a-9709-6a95e56ef7f2 | ITER: 1 END: OK
2019-07-29 06:56:30.666 4171 INFO rally.task.runner [-] Task 5a80ff06-4ad3-474a-9709-6a95e56ef7f2 | ITER: 5 START
2019-07-29 06:56:31.183 4170 INFO rally.task.runner [-] Task 5a80ff06-4ad3-474a-9709-6a95e56ef7f2 | ITER: 2 END: OK
2019-07-29 06:56:31.189 4170 INFO rally.task.runner [-] Task 5a80ff06-4ad3-474a-9709-6a95e56ef7f2 | ITER: 6 START
2019-07-29 06:56:31.196 4173 INFO rally.task.runner [-] Task 5a80ff06-4ad3-474a-9709-6a95e56ef7f2 | ITER: 4 END: OK
2019-07-29 06:56:31.203 4173 INFO rally.task.runner [-] Task 5a80ff06-4ad3-474a-9709-6a95e56ef7f2 | ITER: 7 START
2019-07-29 06:56:31.230 4172 INFO rally.task.runner [-] Task 5a80ff06-4ad3-474a-9709-6a95e56ef7f2 | ITER: 3 END: OK
2019-07-29 06:56:31.235 4172 INFO rally.task.runner [-] Task 5a80ff06-4ad3-474a-9709-6a95e56ef7f2 | ITER: 8 START
2019-07-29 06:56:34.867 4171 RALLYDEBUG rally.task.utils [-] Waiting for resource s_rally_d8bff48d_7NmcHDY4. Status changed: AVAILABLE => DELETING in 0.254666090012
2019-07-29 06:56:35.113 4170 RALLYDEBUG rally.task.utils [-] Waiting for resource s_rally_d8bff48d_5UoHBJcQ. Status changed: AVAILABLE => DELETING in 0.0641689300537
2019-07-29 06:56:35.546 4172 RALLYDEBUG rally.task.utils [-] Waiting for resource s_rally_d8bff48d_KxJMcxuT. Status changed: AVAILABLE => DELETING in 0.263305902481
2019-07-29 06:56:35.773 4173 RALLYDEBUG rally.task.utils [-] Waiting for resource s_rally_d8bff48d_vI8XvtP7. Status changed: AVAILABLE => DELETING in 0.346268892288
2019-07-29 06:56:37.198 4171 INFO rally.task.runner [-] Task 5a80ff06-4ad3-474a-9709-6a95e56ef7f2 | ITER: 5 END: OK
2019-07-29 06:56:37.203 4171 INFO rally.task.runner [-] Task 5a80ff06-4ad3-474a-9709-6a95e56ef7f2 | ITER: 9 START
2019-07-29 06:56:37.342 4170 INFO rally.task.runner [-] Task 5a80ff06-4ad3-474a-9709-6a95e56ef7f2 | ITER: 6 END: OK
2019-07-29 06:56:37.347 4170 INFO rally.task.runner [-] Task 5a80ff06-4ad3-474a-9709-6a95e56ef7f2 | ITER: 10 START
2019-07-29 06:56:37.779 4172 INFO rally.task.runner [-] Task 5a80ff06-4ad3-474a-9709-6a95e56ef7f2 | ITER: 8 END: OK
2019-07-29 06:56:38.094 4173 INFO rally.task.runner [-] Task 5a80ff06-4ad3-474a-9709-6a95e56ef7f2 | ITER: 7 END: OK
2019-07-29 06:56:41.010 4171 RALLYDEBUG rally.task.utils [-] Waiting for resource s_rally_d8bff48d_idjpQEvV. Status changed: AVAILABLE => DELETING in 0.0557019710541
2019-07-29 06:56:41.478 4170 INFO rally.task.runner [-] Task 5a80ff06-4ad3-474a-9709-6a95e56ef7f2 | ITER: 10 END: OK
2019-07-29 06:56:43.355 4171 INFO rally.task.runner [-] Task 5a80ff06-4ad3-474a-9709-6a95e56ef7f2 | ITER: 9 END: OK
2019-07-29 06:56:43.378 1842 INFO rally.task.context [-] Task 5a80ff06-4ad3-474a-9709-6a95e56ef7f2 | Context cleanup@openstack cleanup() started
2019-07-29 06:56:43.380 1842 RALLYDEBUG rally_openstack.cleanup.manager [-] Cleaning up cinder backups objects
2019-07-29 06:56:45.742 1842 RALLYDEBUG rally_openstack.cleanup.manager [-] Cleaning up cinder volume_snapshots objects
2019-07-29 06:56:47.989 1842 RALLYDEBUG rally_openstack.cleanup.manager [-] Cleaning up cinder transfers objects
2019-07-29 06:56:50.167 1842 RALLYDEBUG rally_openstack.cleanup.manager [-] Cleaning up cinder volumes objects
2019-07-29 06:56:52.351 1842 INFO rally.task.context [-] Task 5a80ff06-4ad3-474a-9709-6a95e56ef7f2 | Context cleanup@openstack cleanup() finished in 8.97 sec
2019-07-29 06:56:52.352 1842 INFO rally.task.context [-] Task 5a80ff06-4ad3-474a-9709-6a95e56ef7f2 | Context quotas@openstack cleanup() started
2019-07-29 06:56:53.136 1842 INFO rally.task.context [-] Task 5a80ff06-4ad3-474a-9709-6a95e56ef7f2 | Context quotas@openstack cleanup() finished in 0.78 sec
2019-07-29 06:56:53.137 1842 INFO rally.task.context [-] Task 5a80ff06-4ad3-474a-9709-6a95e56ef7f2 | Context api_versions@openstack cleanup() started
2019-07-29 06:56:53.137 1842 INFO rally.task.context [-] Task 5a80ff06-4ad3-474a-9709-6a95e56ef7f2 | Context api_versions@openstack cleanup() finished in 0.32 msec
2019-07-29 06:56:53.137 1842 INFO rally.task.context [-] Task 5a80ff06-4ad3-474a-9709-6a95e56ef7f2 | Context users@openstack cleanup() started
2019-07-29 06:57:01.138 1842 INFO rally.task.context [-] Task 5a80ff06-4ad3-474a-9709-6a95e56ef7f2 | Context users@openstack cleanup() finished in 8.00 sec
2019-07-29 06:57:01.637 1842 INFO rally.task.engine [-] Load duration is: 19.08485
2019-07-29 06:57:01.638 1842 INFO rally.task.engine [-] Full runner duration is: 19.13067
2019-07-29 06:57:01.638 1842 INFO rally.task.engine [-] Full duration is: 43.689901
2019-07-29 06:57:01.783 1842 INFO rally.task.engine [-] Running workload: position = 1 config = { "version": 2, "title": "A cropped version of a bigger task.", "description": "Auto-generated task from a single workload (uuid=bb517d19-0668-4fa5-b3a6-b34ae650d658)", "subtasks": [ { "title": "CinderVolumes.create_and_delete_volume", "description": "Create and then delete a volume.", "scenario": { "CinderVolumes.create_and_delete_volume": { "image": { "name": "rally_full-img_86c10963-6d8b-412f-95e8-cb339d99270d" }, "size": 1 } }, "contexts": { "users": { "tenants": 3, "users_per_tenant": 2 }, "quotas": { "cinder": { "gigabytes": -1, "snapshots": -1, "volumes": -1 } }, "api_versions": { "cinder": { "version": 3, "service_type": "volumev3" } } }, "runner": { "constant": { "concurrency": 4, "times": 10 } }, "hooks": [], "sla": { "failure_rate": { "max": 0 } } } ] }
2019-07-29 06:57:01.806 1842 RALLYDEBUG rally_openstack.contexts.keystone.users [-] Creating 3 tenants using 20 threads
2019-07-29 06:57:03.689 1842 RALLYDEBUG rally_openstack.contexts.keystone.users [-] Creating 6 users using 20 threads
2019-07-29 06:57:06.458 1842 INFO rally.task.context [-] Task 5a80ff06-4ad3-474a-9709-6a95e56ef7f2 | Context users@openstack setup() finished in 4.65 sec
2019-07-29 06:57:06.903 1842 INFO rally.task.context [-] Task 5a80ff06-4ad3-474a-9709-6a95e56ef7f2 | Context api_versions@openstack setup() finished in 0.44 sec
2019-07-29 06:57:08.639 1842 INFO rally.task.context [-] Task 5a80ff06-4ad3-474a-9709-6a95e56ef7f2 | Context quotas@openstack setup() finished in 1.74 sec
2019-07-29 06:57:08.639 1842 INFO rally.task.context [-] Task 5a80ff06-4ad3-474a-9709-6a95e56ef7f2 | Context cleanup@openstack setup() finished in 0.01 msec
2019-07-29 06:57:09.716 1842 RALLYDEBUG rally.task.runner [-] Starting the constant runner (task UUID: 5a80ff06-4ad3-474a-9709-6a95e56ef7f2). timeout: 0 concurrency: 4 concurrency_per_worker: 1 times: 10 concurrency_overhead: 0 processes_to_start: 4 max_cpu_used: 16
2019-07-29 06:57:09.730 4354 RALLYDEBUG rally.task.runner [-] Starting a worker. concurrency: 1 args: {"image": "7ed92820-0545-432d-aa30-a5848dd4a2fc", "size": 1} times: 10 method_name: run timeout: 0 duration: None cls:
2019-07-29 06:57:09.732 4355 RALLYDEBUG rally.task.runner [-] Starting a worker. concurrency: 1 args: {"image": "7ed92820-0545-432d-aa30-a5848dd4a2fc", "size": 1} times: 10 method_name: run timeout: 0 duration: None cls:
2019-07-29 06:57:09.735 4356 RALLYDEBUG rally.task.runner [-] Starting a worker. concurrency: 1 args: {"image": "7ed92820-0545-432d-aa30-a5848dd4a2fc", "size": 1} times: 10 method_name: run timeout: 0 duration: None cls:
2019-07-29 06:57:09.738 4354 INFO rally.task.runner [-] Task 5a80ff06-4ad3-474a-9709-6a95e56ef7f2 | ITER: 1 START
2019-07-29 06:57:09.738 4357 RALLYDEBUG rally.task.runner [-] Starting a worker. concurrency: 1 args: {"image": "7ed92820-0545-432d-aa30-a5848dd4a2fc", "size": 1} times: 10 method_name: run timeout: 0 duration: None cls:
2019-07-29 06:57:09.740 4355 INFO rally.task.runner [-] Task 5a80ff06-4ad3-474a-9709-6a95e56ef7f2 | ITER: 2 START
2019-07-29 06:57:09.743 4356 INFO rally.task.runner [-] Task 5a80ff06-4ad3-474a-9709-6a95e56ef7f2 | ITER: 3 START
2019-07-29 06:57:09.750 4357 INFO rally.task.runner [-] Task 5a80ff06-4ad3-474a-9709-6a95e56ef7f2 | ITER: 4 START
2019-07-29 06:57:19.541 4357 RALLYDEBUG rally.task.utils [-] Waiting for resource s_rally_bb517d19_C9fsdwCs. Status changed: CREATING => DOWNLOADING in 5.20121121407
2019-07-29 06:57:19.559 4356 RALLYDEBUG rally.task.utils [-] Waiting for resource s_rally_bb517d19_VXHGI16D. Status changed: CREATING => DOWNLOADING in 5.32970786095
2019-07-29 06:57:19.720 4355 RALLYDEBUG rally.task.utils [-] Waiting for resource s_rally_bb517d19_4Z7MKTYY. Status changed: CREATING => DOWNLOADING in 5.44908690453
2019-07-29 06:57:24.463 4354 RALLYDEBUG rally.task.utils [-] Waiting for resource s_rally_bb517d19_XCcrrf5M. Status changed: CREATING => DOWNLOADING in 9.65195798874
2019-07-29 06:57:28.454 4356 RALLYDEBUG rally.task.utils [-] Waiting for resource s_rally_bb517d19_VXHGI16D. Status changed: DOWNLOADING => AVAILABLE in 8.89441108704
2019-07-29 06:57:28.810 4357 RALLYDEBUG rally.task.utils [-] Waiting for resource s_rally_bb517d19_C9fsdwCs. Status changed: DOWNLOADING => AVAILABLE in 9.26944684982
2019-07-29 06:57:28.866 4355 RALLYDEBUG rally.task.utils [-] Waiting for resource s_rally_bb517d19_4Z7MKTYY. Status changed: DOWNLOADING => AVAILABLE in 9.14624595642
2019-07-29 06:57:29.199 4356 RALLYDEBUG rally.task.utils [-] Waiting for resource s_rally_bb517d19_VXHGI16D. Status changed: AVAILABLE => DELETING in 0.406297922134
2019-07-29 06:57:29.528 4357 RALLYDEBUG rally.task.utils [-] Waiting for resource s_rally_bb517d19_C9fsdwCs. Status changed: AVAILABLE => DELETING in 0.352134943008
2019-07-29 06:57:29.635 4355 RALLYDEBUG rally.task.utils [-] Waiting for resource s_rally_bb517d19_4Z7MKTYY. Status changed: AVAILABLE => DELETING in 0.345129013062
2019-07-29 06:57:31.240 4356 INFO rally.task.runner [-] Task 5a80ff06-4ad3-474a-9709-6a95e56ef7f2 | ITER: 3 END: OK
2019-07-29 06:57:31.245 4356 INFO rally.task.runner [-] Task 5a80ff06-4ad3-474a-9709-6a95e56ef7f2 | ITER: 5 START
2019-07-29 06:57:31.391 4354 RALLYDEBUG rally.task.utils [-] Waiting for resource s_rally_bb517d19_XCcrrf5M. Status changed: DOWNLOADING => AVAILABLE in 6.92845010757
2019-07-29 06:57:31.829 4357 INFO rally.task.runner [-] Task 5a80ff06-4ad3-474a-9709-6a95e56ef7f2 | ITER: 4 END: OK
2019-07-29 06:57:31.834 4357 INFO rally.task.runner [-] Task 5a80ff06-4ad3-474a-9709-6a95e56ef7f2 | ITER: 6 START
2019-07-29 06:57:31.859 4354 RALLYDEBUG rally.task.utils [-] Waiting for resource s_rally_bb517d19_XCcrrf5M. Status changed: AVAILABLE => DELETING in 0.0540928840637
2019-07-29 06:57:31.869 4355 INFO rally.task.runner [-] Task 5a80ff06-4ad3-474a-9709-6a95e56ef7f2 | ITER: 2 END: OK
2019-07-29 06:57:31.874 4355 INFO rally.task.runner [-] Task 5a80ff06-4ad3-474a-9709-6a95e56ef7f2 | ITER: 7 START
2019-07-29 06:57:33.895 4354 INFO rally.task.runner [-] Task 5a80ff06-4ad3-474a-9709-6a95e56ef7f2 | ITER: 1 END: OK
2019-07-29 06:57:33.899 4354 INFO rally.task.runner [-] Task 5a80ff06-4ad3-474a-9709-6a95e56ef7f2 | ITER: 8 START
2019-07-29 06:57:41.124 4356 RALLYDEBUG rally.task.utils [-] Waiting for resource s_rally_bb517d19_bwcfbBA4. Status changed: CREATING => DOWNLOADING in 5.11322498322
2019-07-29 06:57:41.628 4357 RALLYDEBUG rally.task.utils [-] Waiting for resource s_rally_bb517d19_8n9VRAdu. Status changed: CREATING => DOWNLOADING in 5.53913116455
2019-07-29 06:57:41.921 4355 RALLYDEBUG rally.task.utils [-] Waiting for resource s_rally_bb517d19_AOdV7qM8. Status changed: CREATING => DOWNLOADING in 5.37908482552
2019-07-29 06:57:47.864 4356 RALLYDEBUG rally.task.utils [-] Waiting for resource s_rally_bb517d19_bwcfbBA4. Status changed: DOWNLOADING => AVAILABLE in 6.74000787735
2019-07-29 06:57:48.554 4357 RALLYDEBUG rally.task.utils [-] Waiting for resource s_rally_bb517d19_8n9VRAdu. Status changed: DOWNLOADING => AVAILABLE in 6.92587590218
2019-07-29 06:57:48.601 4356 RALLYDEBUG rally.task.utils [-] Waiting for resource s_rally_bb517d19_bwcfbBA4. Status changed: AVAILABLE => DELETING in 0.346683979034
2019-07-29 06:57:48.854 4355 RALLYDEBUG rally.task.utils [-] Waiting for resource s_rally_bb517d19_AOdV7qM8. Status changed: DOWNLOADING => AVAILABLE in 6.93210816383
2019-07-29 06:57:49.070 4357 RALLYDEBUG rally.task.utils [-] Waiting for resource s_rally_bb517d19_8n9VRAdu. Status changed: AVAILABLE => DELETING in 0.234200000763
2019-07-29 06:57:49.267 4355 RALLYDEBUG rally.task.utils [-] Waiting for resource s_rally_bb517d19_AOdV7qM8. Status changed: AVAILABLE => DELETING in 0.330538034439
2019-07-29 06:57:50.261 4354 RALLYDEBUG rally.task.utils [-] Waiting for resource s_rally_bb517d19_slDUsIHh. Status changed: CREATING => DOWNLOADING in 12.2190630436
2019-07-29 06:57:50.920 4356 INFO rally.task.runner [-] Task 5a80ff06-4ad3-474a-9709-6a95e56ef7f2 | ITER: 5 END: OK
2019-07-29 06:57:50.926 4356 INFO rally.task.runner [-] Task 5a80ff06-4ad3-474a-9709-6a95e56ef7f2 | ITER: 9 START
2019-07-29 06:57:51.305 4357 INFO rally.task.runner [-] Task 5a80ff06-4ad3-474a-9709-6a95e56ef7f2 | ITER: 6 END: OK
2019-07-29 06:57:51.310 4357 INFO rally.task.runner [-] Task 5a80ff06-4ad3-474a-9709-6a95e56ef7f2 | ITER: 10 START
2019-07-29 06:57:51.495 4355 INFO rally.task.runner [-] Task 5a80ff06-4ad3-474a-9709-6a95e56ef7f2 | ITER: 7 END: OK
2019-07-29 06:57:54.859 4354 RALLYDEBUG rally.task.utils [-] Waiting for resource s_rally_bb517d19_slDUsIHh. Status changed: DOWNLOADING => AVAILABLE in 4.59833788872
2019-07-29 06:57:55.551 4354 INFO rally.task.runner [-] Task 5a80ff06-4ad3-474a-9709-6a95e56ef7f2 | ITER: 8 END: OK
2019-07-29 06:57:58.420 4356 RALLYDEBUG rally.task.utils [-] Waiting for resource s_rally_bb517d19_V5bikDbY. Status changed: CREATING => DOWNLOADING in 3.00306415558
2019-07-29 06:58:01.613 4357 RALLYDEBUG rally.task.utils [-] Waiting for resource s_rally_bb517d19_a1cMlFIH. Status changed: CREATING => DOWNLOADING in 5.26020216942
2019-07-29 06:58:03.134 4356 RALLYDEBUG rally.task.utils [-] Waiting for resource s_rally_bb517d19_V5bikDbY. Status changed: DOWNLOADING => AVAILABLE in 4.71485090256
2019-07-29 06:58:03.539 4356 RALLYDEBUG rally.task.utils [-] Waiting for resource s_rally_bb517d19_V5bikDbY. Status changed: AVAILABLE => DELETING in 0.327719926834
2019-07-29 06:58:05.782 4356 INFO rally.task.runner [-] Task 5a80ff06-4ad3-474a-9709-6a95e56ef7f2 | ITER: 9 END: OK
2019-07-29 06:58:06.328 4357 RALLYDEBUG rally.task.utils [-] Waiting for resource s_rally_bb517d19_a1cMlFIH. Status changed: DOWNLOADING => AVAILABLE in 4.71514797211
2019-07-29 06:58:06.728 4357 INFO rally.task.runner [-] Task 5a80ff06-4ad3-474a-9709-6a95e56ef7f2 | ITER: 10 END: OK
2019-07-29 06:58:06.753 1842 INFO rally.task.context [-] Task 5a80ff06-4ad3-474a-9709-6a95e56ef7f2 | Context cleanup@openstack cleanup() started
2019-07-29 06:58:06.756 1842 RALLYDEBUG rally_openstack.cleanup.manager [-] Cleaning up cinder backups objects
2019-07-29 06:58:09.090 1842 RALLYDEBUG rally_openstack.cleanup.manager [-] Cleaning up cinder volume_snapshots objects
2019-07-29 06:58:11.427 1842 RALLYDEBUG rally_openstack.cleanup.manager [-] Cleaning up cinder transfers objects
2019-07-29 06:58:13.737 1842 RALLYDEBUG rally_openstack.cleanup.manager [-] Cleaning up cinder volumes objects
2019-07-29 06:58:15.924 1842 INFO rally.task.context [-] Task 5a80ff06-4ad3-474a-9709-6a95e56ef7f2 | Context cleanup@openstack cleanup() finished in 9.17 sec
2019-07-29 06:58:15.925 1842 INFO rally.task.context [-] Task 5a80ff06-4ad3-474a-9709-6a95e56ef7f2 | Context quotas@openstack cleanup() started
2019-07-29 06:58:16.981 1842 INFO rally.task.context [-] Task 5a80ff06-4ad3-474a-9709-6a95e56ef7f2 | Context quotas@openstack cleanup() finished in 1.06 sec
2019-07-29 06:58:16.981 1842 INFO rally.task.context [-] Task 5a80ff06-4ad3-474a-9709-6a95e56ef7f2 | Context api_versions@openstack cleanup() started
2019-07-29 06:58:16.981 1842 INFO rally.task.context [-] Task 5a80ff06-4ad3-474a-9709-6a95e56ef7f2 | Context api_versions@openstack cleanup() finished in 0.32 msec
2019-07-29 06:58:16.982 1842 INFO rally.task.context [-] Task 5a80ff06-4ad3-474a-9709-6a95e56ef7f2 | Context users@openstack cleanup() started
2019-07-29 06:58:24.983 1842 INFO rally.task.context [-] Task 5a80ff06-4ad3-474a-9709-6a95e56ef7f2 | Context users@openstack cleanup() finished in 8.00 sec
2019-07-29 06:58:26.146 1842 INFO rally.task.engine [-] Load duration is: 56.986721
2019-07-29 06:58:26.147 1842 INFO rally.task.engine [-] Full runner duration is: 57.037614
2019-07-29 06:58:26.147 1842 INFO rally.task.engine [-] Full duration is: 83.179878
2019-07-29 06:58:26.287 1842 INFO rally.task.engine [-] Running workload: position = 2 config = { "version": 2, "title": "A cropped version of a bigger task.", "description": "Auto-generated task from a single workload (uuid=fde8c304-2d01-45e6-9c39-88b539e15e3e)", "subtasks": [ { "title": "CinderVolumes.create_and_delete_volume", "description": "Create and then delete a volume.", "scenario": { "CinderVolumes.create_and_delete_volume": { "size": 1 } }, "contexts": { "users": { "tenants": 3, "users_per_tenant": 2 }, "quotas": { "cinder": { "gigabytes": -1, "snapshots": -1, "volumes": -1 } }, "api_versions": { "cinder": { "version": 3, "service_type": "volumev3" } } }, "runner": { "constant": { "concurrency": 4, "times": 10 } }, "hooks": [], "sla": { "failure_rate": { "max": 0 } } } ] }
2019-07-29 06:58:26.309 1842 RALLYDEBUG rally_openstack.contexts.keystone.users [-] Creating 3 tenants using 20 threads
2019-07-29 06:58:28.157 1842 RALLYDEBUG rally_openstack.contexts.keystone.users [-] Creating 6 users using 20 threads
2019-07-29 06:58:31.016 1842 INFO rally.task.context [-] Task 5a80ff06-4ad3-474a-9709-6a95e56ef7f2 | Context users@openstack setup() finished in 4.71 sec
2019-07-29 06:58:31.452 1842 INFO rally.task.context [-] Task 5a80ff06-4ad3-474a-9709-6a95e56ef7f2 | Context api_versions@openstack setup() finished in 0.43 sec
2019-07-29 06:58:33.238 1842 INFO rally.task.context [-] Task 5a80ff06-4ad3-474a-9709-6a95e56ef7f2 | Context quotas@openstack setup() finished in 1.79 sec
2019-07-29 06:58:33.239 1842 INFO rally.task.context [-] Task 5a80ff06-4ad3-474a-9709-6a95e56ef7f2 | Context cleanup@openstack setup() finished in 0.00 msec
2019-07-29 06:58:33.246 1842 RALLYDEBUG rally.task.runner [-] Starting the constant runner (task UUID: 5a80ff06-4ad3-474a-9709-6a95e56ef7f2). timeout: 0 concurrency: 4 concurrency_per_worker: 1 times: 10 concurrency_overhead: 0 processes_to_start: 4 max_cpu_used: 16
2019-07-29 06:58:33.260 4538 RALLYDEBUG rally.task.runner [-] Starting a worker. concurrency: 1 args: {"size": 1} times: 10 method_name: run timeout: 0 duration: None cls:
2019-07-29 06:58:33.264 4539 RALLYDEBUG rally.task.runner [-] Starting a worker. concurrency: 1 args: {"size": 1} times: 10 method_name: run timeout: 0 duration: None cls:
2019-07-29 06:58:33.265 4540 RALLYDEBUG rally.task.runner [-] Starting a worker. concurrency: 1 args: {"size": 1} times: 10 method_name: run timeout: 0 duration: None cls:
2019-07-29 06:58:33.268 4538 INFO rally.task.runner [-] Task 5a80ff06-4ad3-474a-9709-6a95e56ef7f2 | ITER: 1 START
2019-07-29 06:58:33.269 4541 RALLYDEBUG rally.task.runner [-] Starting a worker. concurrency: 1 args: {"size": 1} times: 10 method_name: run timeout: 0 duration: None cls:
2019-07-29 06:58:33.273 4539 INFO rally.task.runner [-] Task 5a80ff06-4ad3-474a-9709-6a95e56ef7f2 | ITER: 2 START
2019-07-29 06:58:33.273 4540 INFO rally.task.runner [-] Task 5a80ff06-4ad3-474a-9709-6a95e56ef7f2 | ITER: 3 START
2019-07-29 06:58:33.276 4541 INFO rally.task.runner [-] Task 5a80ff06-4ad3-474a-9709-6a95e56ef7f2 | ITER: 4 START
2019-07-29 06:58:37.707 4541 RALLYDEBUG rally.task.utils [-] Waiting for resource s_rally_fde8c304_yjf3Np5x. Status changed: AVAILABLE => DELETING in 0.248663902283
2019-07-29 06:58:37.732 4538 RALLYDEBUG rally.task.utils [-] Waiting for resource s_rally_fde8c304_WvABdVAs. Status changed: AVAILABLE => DELETING in 0.257428884506
2019-07-29 06:58:37.876 4539 RALLYDEBUG rally.task.utils [-] Waiting for resource s_rally_fde8c304_TgugDEwY. Status changed: AVAILABLE => DELETING in 0.341137886047
2019-07-29 06:58:37.910 4540 RALLYDEBUG rally.task.utils [-] Waiting for resource s_rally_fde8c304_1ugsz3CK. Status changed: AVAILABLE => DELETING in 0.34476017952
2019-07-29 06:58:39.915 4539 INFO rally.task.runner [-] Task 5a80ff06-4ad3-474a-9709-6a95e56ef7f2 | ITER: 2 END: OK
2019-07-29 06:58:39.921 4539 INFO rally.task.runner [-] Task 5a80ff06-4ad3-474a-9709-6a95e56ef7f2 | ITER: 5 START
2019-07-29 06:58:40.014 4541 INFO rally.task.runner [-] Task 5a80ff06-4ad3-474a-9709-6a95e56ef7f2 | ITER: 4 END: OK
2019-07-29 06:58:40.019 4541 INFO rally.task.runner [-] Task 5a80ff06-4ad3-474a-9709-6a95e56ef7f2 | ITER: 6 START
2019-07-29 06:58:40.053 4538 INFO rally.task.runner [-] Task 5a80ff06-4ad3-474a-9709-6a95e56ef7f2 | ITER: 1 END: OK
2019-07-29 06:58:40.058 4538 INFO rally.task.runner [-] Task 5a80ff06-4ad3-474a-9709-6a95e56ef7f2 | ITER: 7 START
2019-07-29 06:58:40.226 4540 INFO rally.task.runner [-] Task 5a80ff06-4ad3-474a-9709-6a95e56ef7f2 | ITER: 3 END: OK
2019-07-29 06:58:40.230 4540 INFO rally.task.runner [-] Task 5a80ff06-4ad3-474a-9709-6a95e56ef7f2 | ITER: 8 START
2019-07-29 06:58:43.652 4539 RALLYDEBUG rally.task.utils [-] Waiting for resource s_rally_fde8c304_vT8FEZpq. Status changed: AVAILABLE => DELETING in 0.0572891235352
2019-07-29 06:58:44.406 4540 RALLYDEBUG rally.task.utils [-] Waiting for resource s_rally_fde8c304_vyFe0g2f. Status changed: AVAILABLE => DELETING in 0.342730998993
2019-07-29 06:58:44.453 4541 RALLYDEBUG rally.task.utils [-] Waiting for resource s_rally_fde8c304_1CghM1Hy. Status changed: AVAILABLE => DELETING in 0.24183511734
2019-07-29 06:58:44.550 4538 INFO rally.task.runner [-] Task 5a80ff06-4ad3-474a-9709-6a95e56ef7f2 | ITER: 7 END: OK
2019-07-29 06:58:44.555 4538 INFO rally.task.runner [-] Task 5a80ff06-4ad3-474a-9709-6a95e56ef7f2 | ITER: 9 START
2019-07-29 06:58:45.972 4539 INFO rally.task.runner [-] Task 5a80ff06-4ad3-474a-9709-6a95e56ef7f2 | ITER: 5 END: OK
2019-07-29 06:58:45.977 4539 INFO rally.task.runner [-] Task 5a80ff06-4ad3-474a-9709-6a95e56ef7f2 | ITER: 10 START
2019-07-29 06:58:46.647 4540 INFO rally.task.runner [-] Task 5a80ff06-4ad3-474a-9709-6a95e56ef7f2 | ITER: 8 END: OK
2019-07-29 06:58:46.678 4541 INFO rally.task.runner [-] Task 5a80ff06-4ad3-474a-9709-6a95e56ef7f2 | ITER: 6 END: OK
2019-07-29 06:58:49.027 4538 INFO rally.task.runner [-] Task 5a80ff06-4ad3-474a-9709-6a95e56ef7f2 | ITER: 9 END: OK
2019-07-29 06:58:50.029 4539 RALLYDEBUG rally.task.utils [-] Waiting for resource s_rally_fde8c304_G6TXx7ZD. Status changed: AVAILABLE => DELETING in 0.0567128658295
2019-07-29 06:58:52.380 4539 INFO rally.task.runner [-] Task 5a80ff06-4ad3-474a-9709-6a95e56ef7f2 | ITER: 10 END: OK
2019-07-29 06:58:52.410 1842 INFO rally.task.context [-] Task 5a80ff06-4ad3-474a-9709-6a95e56ef7f2 | Context cleanup@openstack cleanup() started
2019-07-29 06:58:52.412 1842 RALLYDEBUG rally_openstack.cleanup.manager [-] Cleaning up cinder backups objects
2019-07-29 06:58:54.692 1842 RALLYDEBUG rally_openstack.cleanup.manager [-] Cleaning up cinder volume_snapshots objects
2019-07-29 06:58:56.899 1842 RALLYDEBUG rally_openstack.cleanup.manager [-] Cleaning up cinder transfers objects
2019-07-29 06:58:59.003 1842 RALLYDEBUG rally_openstack.cleanup.manager [-] Cleaning up cinder volumes objects
2019-07-29 06:59:01.323 1842 INFO rally.task.context [-] Task 5a80ff06-4ad3-474a-9709-6a95e56ef7f2 | Context cleanup@openstack cleanup() finished in 8.91 sec
2019-07-29 06:59:01.323 1842 INFO rally.task.context [-] Task 5a80ff06-4ad3-474a-9709-6a95e56ef7f2 | Context quotas@openstack cleanup() started
2019-07-29 06:59:02.202 1842 INFO rally.task.context [-] Task 5a80ff06-4ad3-474a-9709-6a95e56ef7f2 | Context quotas@openstack cleanup() finished in 0.88 sec
2019-07-29 06:59:02.203 1842 INFO rally.task.context [-] Task 5a80ff06-4ad3-474a-9709-6a95e56ef7f2 | Context api_versions@openstack cleanup() started
2019-07-29 06:59:02.203 1842 INFO rally.task.context [-] Task 5a80ff06-4ad3-474a-9709-6a95e56ef7f2 | Context api_versions@openstack cleanup() finished in 0.34 msec
2019-07-29 06:59:02.204 1842 INFO rally.task.context [-] Task 5a80ff06-4ad3-474a-9709-6a95e56ef7f2 | Context users@openstack cleanup() started
2019-07-29 06:59:10.199 1842 INFO rally.task.context [-] Task 5a80ff06-4ad3-474a-9709-6a95e56ef7f2 | Context users@openstack cleanup() finished in 8.00 sec
2019-07-29 06:59:10.491 1842 INFO rally.task.engine [-] Load duration is: 19.107668
2019-07-29 06:59:10.492 1842 INFO rally.task.engine [-] Full runner duration is: 19.163989
2019-07-29 06:59:10.492 1842 INFO rally.task.engine [-] Full duration is: 43.892483
2019-07-29 06:59:10.689 1842 INFO rally.task.engine [-] Running workload: position = 0 config = { "version": 2, "title": "A cropped version of a bigger task.", "description": "Auto-generated task from a single workload (uuid=5005cecd-ac36-4ecb-9c21-9c8cde746d9a)", "subtasks": [ { "title": "CinderVolumes.create_and_extend_volume", "description": "Create and extend a volume and then delete it.", "scenario": { "CinderVolumes.create_and_extend_volume": { "new_size": 2, "size": 1 } }, "contexts": { "users": { "tenants": 3, "users_per_tenant": 2 }, "quotas": { "cinder": { "gigabytes": -1, "snapshots": -1, "volumes": -1 } }, "api_versions": { "cinder": { "version": 3, "service_type": "volumev3" } } }, "runner": { "constant": { "concurrency": 4, "times": 10 } }, "hooks": [], "sla": { "failure_rate": { "max": 0 } } } ] }
2019-07-29 06:59:10.714 1842 RALLYDEBUG rally_openstack.contexts.keystone.users [-] Creating 3 tenants using 20 threads
2019-07-29 06:59:12.564 1842 RALLYDEBUG rally_openstack.contexts.keystone.users [-] Creating 6 users using 20 threads
2019-07-29 06:59:15.470 1842 INFO rally.task.context [-] Task 5a80ff06-4ad3-474a-9709-6a95e56ef7f2 | Context users@openstack setup() finished in 4.76 sec
2019-07-29 06:59:15.912 1842 INFO rally.task.context [-] Task 5a80ff06-4ad3-474a-9709-6a95e56ef7f2 | Context api_versions@openstack setup() finished in 0.44 sec
2019-07-29 06:59:17.646 1842 INFO rally.task.context [-] Task 5a80ff06-4ad3-474a-9709-6a95e56ef7f2 | Context quotas@openstack setup() finished in 1.73 sec
2019-07-29 06:59:17.646 1842 INFO rally.task.context [-] Task 5a80ff06-4ad3-474a-9709-6a95e56ef7f2 | Context cleanup@openstack setup() finished in 0.00 msec
2019-07-29 06:59:17.654 1842 RALLYDEBUG rally.task.runner [-] Starting the constant runner (task UUID: 5a80ff06-4ad3-474a-9709-6a95e56ef7f2). timeout: 0 concurrency: 4 concurrency_per_worker: 1 times: 10 concurrency_overhead: 0 processes_to_start: 4 max_cpu_used: 16
2019-07-29 06:59:17.667 4722 RALLYDEBUG rally.task.runner [-] Starting a worker. concurrency: 1 args: {"new_size": 2, "size": 1} times: 10 method_name: run timeout: 0 duration: None cls:
2019-07-29 06:59:17.669 4723 RALLYDEBUG rally.task.runner [-] Starting a worker. concurrency: 1 args: {"new_size": 2, "size": 1} times: 10 method_name: run timeout: 0 duration: None cls:
2019-07-29 06:59:17.673 4724 RALLYDEBUG rally.task.runner [-] Starting a worker. concurrency: 1 args: {"new_size": 2, "size": 1} times: 10 method_name: run timeout: 0 duration: None cls:
2019-07-29 06:59:17.675 4722 INFO rally.task.runner [-] Task 5a80ff06-4ad3-474a-9709-6a95e56ef7f2 | ITER: 1 START
2019-07-29 06:59:17.676 4723 INFO rally.task.runner [-] Task 5a80ff06-4ad3-474a-9709-6a95e56ef7f2 | ITER: 2 START
2019-07-29 06:59:17.676 4725 RALLYDEBUG rally.task.runner [-] Starting a worker. concurrency: 1 args: {"new_size": 2, "size": 1} times: 10 method_name: run timeout: 0 duration: None cls:
2019-07-29 06:59:17.681 4724 INFO rally.task.runner [-] Task 5a80ff06-4ad3-474a-9709-6a95e56ef7f2 | ITER: 3 START
2019-07-29 06:59:17.685 4725 INFO rally.task.runner [-] Task 5a80ff06-4ad3-474a-9709-6a95e56ef7f2 | ITER: 4 START
2019-07-29 06:59:22.051 4725 RALLYDEBUG rally.task.utils [-] Waiting for resource s_rally_5005cecd_D7sxnhK7. Status changed: AVAILABLE => EXTENDING in 0.250430107117
2019-07-29 06:59:22.501 4722 INFO rally.task.runner [-] Task 5a80ff06-4ad3-474a-9709-6a95e56ef7f2 | ITER: 1 END: OK
2019-07-29 06:59:22.506 4722 INFO rally.task.runner [-] Task 5a80ff06-4ad3-474a-9709-6a95e56ef7f2 | ITER: 5 START
2019-07-29 06:59:22.765 4723 INFO rally.task.runner [-] Task 5a80ff06-4ad3-474a-9709-6a95e56ef7f2 | ITER: 2 END: OK
2019-07-29 06:59:22.771 4723 INFO rally.task.runner [-] Task 5a80ff06-4ad3-474a-9709-6a95e56ef7f2 | ITER: 6 START
2019-07-29 06:59:23.106 4724 INFO rally.task.runner [-] Task 5a80ff06-4ad3-474a-9709-6a95e56ef7f2 | ITER: 3 END: OK
2019-07-29 06:59:23.112 4724 INFO rally.task.runner [-] Task 5a80ff06-4ad3-474a-9709-6a95e56ef7f2 | ITER: 7 START
2019-07-29 06:59:24.382 4725 RALLYDEBUG rally.task.utils [-] Waiting for resource s_rally_5005cecd_D7sxnhK7. Status changed: EXTENDING => AVAILABLE in 2.33094000816
2019-07-29 06:59:24.925 4725 INFO rally.task.runner [-] Task 5a80ff06-4ad3-474a-9709-6a95e56ef7f2 | ITER: 4 END: OK
2019-07-29 06:59:24.931 4725 INFO rally.task.runner [-] Task 5a80ff06-4ad3-474a-9709-6a95e56ef7f2 | ITER: 8 START
2019-07-29 06:59:27.353 4722 INFO rally.task.runner [-] Task 5a80ff06-4ad3-474a-9709-6a95e56ef7f2 | ITER: 5 END: OK
2019-07-29 06:59:27.357 4722 INFO rally.task.runner [-] Task 5a80ff06-4ad3-474a-9709-6a95e56ef7f2 | ITER: 9 START
2019-07-29 06:59:27.601 4723 RALLYDEBUG rally.task.utils [-] Waiting for resource s_rally_5005cecd_CNz27McG. Status changed: AVAILABLE => DELETING in 0.0666978359222
2019-07-29 06:59:27.816 4724 RALLYDEBUG rally.task.utils [-] Waiting for resource s_rally_5005cecd_JMuWOH6S. Status changed: AVAILABLE => DELETING in 0.340234994888
2019-07-29 06:59:29.839 4723 INFO rally.task.runner [-] Task 5a80ff06-4ad3-474a-9709-6a95e56ef7f2 | ITER: 6 END: OK
2019-07-29 06:59:29.844 4723 INFO rally.task.runner [-] Task 5a80ff06-4ad3-474a-9709-6a95e56ef7f2 | ITER: 10 START
2019-07-29 06:59:29.933 4725 RALLYDEBUG rally.task.utils [-] Waiting for resource s_rally_5005cecd_Xglj6QFA. Status changed: AVAILABLE => DELETING in 0.32003903389
2019-07-29 06:59:30.053 4724 INFO rally.task.runner [-] Task 5a80ff06-4ad3-474a-9709-6a95e56ef7f2 | ITER: 7 END: OK
2019-07-29 06:59:32.159 4725 INFO rally.task.runner [-] Task 5a80ff06-4ad3-474a-9709-6a95e56ef7f2 | ITER: 8 END: OK
2019-07-29 06:59:32.576 4722 INFO rally.task.runner [-] Task 5a80ff06-4ad3-474a-9709-6a95e56ef7f2 | ITER: 9 END: OK
2019-07-29 06:59:34.764 4723 INFO rally.task.runner [-] Task 5a80ff06-4ad3-474a-9709-6a95e56ef7f2 | ITER: 10 END: OK
2019-07-29 06:59:34.790 1842 INFO rally.task.context [-] Task 5a80ff06-4ad3-474a-9709-6a95e56ef7f2 | Context cleanup@openstack cleanup() started
2019-07-29 06:59:34.792 1842 RALLYDEBUG rally_openstack.cleanup.manager [-] Cleaning up cinder backups objects
2019-07-29 06:59:36.950 1842 RALLYDEBUG rally_openstack.cleanup.manager [-] Cleaning up cinder volume_snapshots objects
2019-07-29 06:59:39.064 1842 RALLYDEBUG rally_openstack.cleanup.manager [-] Cleaning up cinder transfers objects
2019-07-29 06:59:41.313 1842 RALLYDEBUG rally_openstack.cleanup.manager [-] Cleaning up cinder volumes objects
2019-07-29 06:59:43.639 1842 INFO rally.task.context [-] Task 5a80ff06-4ad3-474a-9709-6a95e56ef7f2 | Context cleanup@openstack cleanup() finished in 8.85 sec
2019-07-29 06:59:43.640 1842 INFO rally.task.context [-] Task 5a80ff06-4ad3-474a-9709-6a95e56ef7f2 | Context quotas@openstack cleanup() started
2019-07-29 06:59:44.245 1842 INFO rally.task.context [-] Task 5a80ff06-4ad3-474a-9709-6a95e56ef7f2 | Context quotas@openstack cleanup() finished in 0.60 sec
2019-07-29 06:59:44.245 1842 INFO rally.task.context [-] Task 5a80ff06-4ad3-474a-9709-6a95e56ef7f2 | Context api_versions@openstack cleanup() started
2019-07-29 06:59:44.245 1842 INFO rally.task.context [-] Task 5a80ff06-4ad3-474a-9709-6a95e56ef7f2 | Context api_versions@openstack cleanup() finished in 0.33 msec
2019-07-29 06:59:44.246 1842 INFO rally.task.context [-] Task 5a80ff06-4ad3-474a-9709-6a95e56ef7f2 | Context users@openstack cleanup() started
2019-07-29 06:59:52.642 1842 INFO rally.task.context [-] Task 5a80ff06-4ad3-474a-9709-6a95e56ef7f2 | Context users@openstack cleanup() finished in 8.40 sec
2019-07-29 06:59:52.907 1842 INFO rally.task.engine [-] Load duration is: 17.084517
2019-07-29 06:59:52.908 1842 INFO rally.task.engine [-] Full runner duration is: 17.136757
2019-07-29 06:59:52.908 1842 INFO rally.task.engine [-] Full duration is: 41.933481
2019-07-29 06:59:53.118 1842 INFO rally.task.engine [-] Running workload: position = 0 config = { "version": 2, "title": "A cropped version of a bigger task.", "description": "Auto-generated task from a single workload (uuid=5b969159-250d-4ad1-8ef7-c44f9dd77f2e)", "subtasks": [ { "title": "CinderVolumes.create_from_volume_and_delete_volume", "description": "Create volume from volume and then delete it.", "scenario": { "CinderVolumes.create_from_volume_and_delete_volume": { "size": 1 } }, "contexts": { "users": { "tenants": 3, "users_per_tenant": 2 }, "quotas": { "cinder": { "gigabytes": -1, "snapshots": -1, "volumes": -1 } }, "api_versions": { "cinder": { "version": 3, "service_type": "volumev3" } }, "volumes": { "size": 1, "volumes_per_tenant": 1 } }, "runner": { "constant": { "concurrency": 4, "times": 10 } }, "hooks": [], "sla": { "failure_rate": { "max": 0 } } } ] }
2019-07-29 06:59:53.140 1842 RALLYDEBUG rally_openstack.contexts.keystone.users [-] Creating 3 tenants using 20 threads
2019-07-29 06:59:55.103 1842 RALLYDEBUG rally_openstack.contexts.keystone.users [-] Creating 6 users using 20 threads
2019-07-29 06:59:58.032 1842 INFO rally.task.context [-] Task 5a80ff06-4ad3-474a-9709-6a95e56ef7f2 | Context users@openstack setup() finished in 4.89 sec
2019-07-29 06:59:58.471 1842 INFO rally.task.context [-] Task 5a80ff06-4ad3-474a-9709-6a95e56ef7f2 | Context api_versions@openstack setup() finished in 0.44 sec
2019-07-29 07:00:00.162 1842 INFO rally.task.context [-] Task 5a80ff06-4ad3-474a-9709-6a95e56ef7f2 | Context quotas@openstack setup() finished in 1.69 sec
2019-07-29 07:00:11.344 1842 INFO rally.task.context [-] Task 5a80ff06-4ad3-474a-9709-6a95e56ef7f2 | Context volumes@openstack setup() finished in 11.18 sec
2019-07-29 07:00:11.344 1842 INFO rally.task.context [-] Task 5a80ff06-4ad3-474a-9709-6a95e56ef7f2 | Context cleanup@openstack setup() finished in 0.01 msec
2019-07-29 07:00:11.352 1842 RALLYDEBUG rally.task.runner [-] Starting the constant runner (task UUID: 5a80ff06-4ad3-474a-9709-6a95e56ef7f2). timeout: 0 concurrency: 4 concurrency_per_worker: 1 times: 10 concurrency_overhead: 0 processes_to_start: 4 max_cpu_used: 16
2019-07-29 07:00:11.366 4906 RALLYDEBUG rally.task.runner [-] Starting a worker. concurrency: 1 args: {"size": 1} times: 10 method_name: run timeout: 0 duration: None cls:
2019-07-29 07:00:11.368 4907 RALLYDEBUG rally.task.runner [-] Starting a worker. concurrency: 1 args: {"size": 1} times: 10 method_name: run timeout: 0 duration: None cls:
2019-07-29 07:00:11.371 4908 RALLYDEBUG rally.task.runner [-] Starting a worker. concurrency: 1 args: {"size": 1} times: 10 method_name: run timeout: 0 duration: None cls:
2019-07-29 07:00:11.374 4906 INFO rally.task.runner [-] Task 5a80ff06-4ad3-474a-9709-6a95e56ef7f2 | ITER: 1 START
2019-07-29 07:00:11.374 4909 RALLYDEBUG rally.task.runner [-] Starting a worker. concurrency: 1 args: {"size": 1} times: 10 method_name: run timeout: 0 duration: None cls:
2019-07-29 07:00:11.377 4907 INFO rally.task.runner [-] Task 5a80ff06-4ad3-474a-9709-6a95e56ef7f2 | ITER: 2 START
2019-07-29 07:00:11.378 4908 INFO rally.task.runner [-] Task 5a80ff06-4ad3-474a-9709-6a95e56ef7f2 | ITER: 3 START
2019-07-29 07:00:11.382 4909 INFO rally.task.runner [-] Task 5a80ff06-4ad3-474a-9709-6a95e56ef7f2 | ITER: 4 START
2019-07-29 07:00:15.267 4909 RALLYDEBUG rally.task.utils [-] Waiting for resource s_rally_5b969159_SbnLiMRk. Status changed: CREATING => AVAILABLE in 0.718083143234
2019-07-29 07:00:15.876 4907 RALLYDEBUG rally.task.utils [-] Waiting for resource s_rally_5b969159_BYHDg1og. Status changed: AVAILABLE => DELETING in 0.376579999924
2019-07-29 07:00:15.944 4909 RALLYDEBUG rally.task.utils [-] Waiting for resource s_rally_5b969159_SbnLiMRk. Status changed: AVAILABLE => DELETING in 0.276093959808
2019-07-29 07:00:17.746 4908 RALLYDEBUG rally.task.utils [-] Waiting for resource s_rally_5b969159_SYpI8GAg. Status changed: CREATING => AVAILABLE in 3.08280396461
2019-07-29 07:00:18.521 4908 RALLYDEBUG rally.task.utils [-] Waiting for resource s_rally_5b969159_SYpI8GAg. Status changed: AVAILABLE => DELETING in 0.350541830063
2019-07-29 07:00:20.229 4906 RALLYDEBUG rally.task.utils [-] Waiting for resource s_rally_5b969159_1jJnuRRP. Status changed: CREATING => AVAILABLE in 5.50727415085
2019-07-29 07:00:20.508 4907 INFO rally.task.runner [-] Task 5a80ff06-4ad3-474a-9709-6a95e56ef7f2 | ITER: 2 END: OK
2019-07-29 07:00:20.513 4907 INFO rally.task.runner [-] Task 5a80ff06-4ad3-474a-9709-6a95e56ef7f2 | ITER: 5 START
2019-07-29 07:00:20.607 4909 INFO rally.task.runner [-] Task 5a80ff06-4ad3-474a-9709-6a95e56ef7f2 | ITER: 4 END: OK
2019-07-29 07:00:20.613 4909 INFO rally.task.runner [-] Task 5a80ff06-4ad3-474a-9709-6a95e56ef7f2 | ITER: 6 START
2019-07-29 07:00:20.883 4906 RALLYDEBUG rally.task.utils [-] Waiting for resource s_rally_5b969159_1jJnuRRP. Status changed: AVAILABLE => DELETING in 0.321223020554
2019-07-29 07:00:22.923 4906 INFO rally.task.runner [-] Task 5a80ff06-4ad3-474a-9709-6a95e56ef7f2 | ITER: 1 END: OK
2019-07-29 07:00:22.929 4906 INFO rally.task.runner [-] Task 5a80ff06-4ad3-474a-9709-6a95e56ef7f2 | ITER: 7 START
2019-07-29 07:00:23.207 4908 INFO rally.task.runner [-] Task 5a80ff06-4ad3-474a-9709-6a95e56ef7f2 | ITER: 3 END: OK
2019-07-29 07:00:23.211 4908 INFO rally.task.runner [-] Task 5a80ff06-4ad3-474a-9709-6a95e56ef7f2 | ITER: 8 START
2019-07-29 07:00:24.446 4909 RALLYDEBUG rally.task.utils [-] Waiting for resource s_rally_5b969159_JGhAuLNM. Status changed: CREATING => AVAILABLE in 0.752097845078
2019-07-29 07:00:24.597 4907 RALLYDEBUG rally.task.utils [-] Waiting for resource s_rally_5b969159_fRM3nZUZ. Status changed: AVAILABLE => DELETING in 0.0556058883667
2019-07-29 07:00:25.263 4909 RALLYDEBUG rally.task.utils [-] Waiting for resource s_rally_5b969159_JGhAuLNM. Status changed: AVAILABLE => DELETING in 0.350113868713
2019-07-29 07:00:27.310 4906 RALLYDEBUG rally.task.utils [-] Waiting for resource s_rally_5b969159_AbUNGgVQ. Status changed: AVAILABLE => DELETING in 0.40287399292
2019-07-29 07:00:29.037 4908 RALLYDEBUG rally.task.utils [-] Waiting for resource s_rally_5b969159_PayBZKu3. Status changed: CREATING => AVAILABLE in 2.86699199677
2019-07-29 07:00:29.135 4907 INFO rally.task.runner [-] Task 5a80ff06-4ad3-474a-9709-6a95e56ef7f2 | ITER: 5 END: OK
2019-07-29 07:00:29.140 4907 INFO rally.task.runner [-] Task 5a80ff06-4ad3-474a-9709-6a95e56ef7f2 | ITER: 9 START
2019-07-29 07:00:29.913 4909 INFO rally.task.runner [-] Task 5a80ff06-4ad3-474a-9709-6a95e56ef7f2 | ITER: 6 END: OK
2019-07-29 07:00:29.919 4909 INFO rally.task.runner [-] Task 5a80ff06-4ad3-474a-9709-6a95e56ef7f2 | ITER: 10 START
