2019-07-29 06:29:22.170 7 RALLYDEBUG rally.api [-] INFO logs from urllib3 and requests module are hide.
2019-07-29 06:29:22.170 7 RALLYDEBUG rally.api [-] urllib3 insecure warnings are hidden.
2019-07-29 06:29:22.170 7 RALLYDEBUG rally.api [-] ERROR log from boto module is hide.
2019-07-29 06:29:23.398 7 ERROR rally.cli.cliutils [-] Unexpected exception in CLI: DBRecordNotFound: Record for uuid or name is opnfv-rally not found in table envs
2019-07-29 06:29:23.398 7 ERROR rally.cli.cliutils
Traceback (most recent call last):
2019-07-29 06:29:23.398 7 ERROR rally.cli.cliutils
File "/usr/lib/python2.7/site-packages/rally/cli/cliutils.py", line 674, in run
2019-07-29 06:29:23.398 7 ERROR rally.cli.cliutils ret = fn(*fn_args, **fn_kwargs)
2019-07-29 06:29:23.398 7 ERROR rally.cli.cliutils File "", line 2, in destroy
2019-07-29 06:29:23.398 7 ERROR rally.cli.cliutils
File "/usr/lib/python2.7/site-packages/rally/cli/envutils.py", line 69, in default_from_global
2019-07-29 06:29:23.398 7 ERROR rally.cli.cliutils return f(*args, **kwargs)
2019-07-29 06:29:23.398 7 ERROR rally.cli.cliutils File "", line 2, in destroy
2019-07-29 06:29:23.398 7 ERROR rally.cli.cliutils
File "/usr/lib/python2.7/site-packages/rally/plugins/__init__.py", line 51, in ensure_plugins_are_loaded
2019-07-29 06:29:23.398 7 ERROR rally.cli.cliutils return f(*args, **kwargs)
2019-07-29 06:29:23.398 7 ERROR rally.cli.cliutils
File "/usr/lib/python2.7/site-packages/rally/cli/commands/deployment.py", line 140, in destroy
2019-07-29 06:29:23.398 7 ERROR rally.cli.cliutils api.deployment.destroy(deployment=deployment)
2019-07-29 06:29:23.398 7 ERROR rally.cli.cliutils
File "/usr/lib/python2.7/site-packages/rally/api.py", line 115, in destroy
2019-07-29 06:29:23.398 7 ERROR rally.cli.cliutils deploy = objects.Deployment.get(deployment)
2019-07-29 06:29:23.398 7 ERROR rally.cli.cliutils
File "/usr/lib/python2.7/site-packages/rally/common/objects/deploy.py", line 124, in get
2019-07-29 06:29:23.398 7 ERROR rally.cli.cliutils return Deployment(env_mgr.EnvManager.get(deploy))
2019-07-29 06:29:23.398 7 ERROR rally.cli.cliutils
File "/usr/lib/python2.7/site-packages/rally/env/env_mgr.py", line 212, in get
2019-07-29 06:29:23.398 7 ERROR rally.cli.cliutils return cls(db.env_get(uuid_or_name))
2019-07-29 06:29:23.398 7 ERROR rally.cli.cliutils
File "/usr/lib/python2.7/site-packages/rally/common/db/api.py", line 135, in wrapper
2019-07-29 06:29:23.398 7 ERROR rally.cli.cliutils result = f(session, *args, **kwargs)
2019-07-29 06:29:23.398 7 ERROR rally.cli.cliutils
File "/usr/lib/python2.7/site-packages/rally/common/db/api.py", line 521, in env_get
2019-07-29 06:29:23.398 7 ERROR rally.cli.cliutils criteria="uuid or name is %s" % uuid_or_name, table="envs")
2019-07-29 06:29:23.398 7 ERROR rally.cli.cliutils DBRecordNotFound: Record for uuid or name is opnfv-rally not found in table envs
2019-07-29 06:29:23.398 7 ERROR rally.cli.cliutils
2019-07-29 06:29:24.212 9 RALLYDEBUG rally.api [-] INFO logs from urllib3 and requests module are hide.
2019-07-29 06:29:24.212 9 RALLYDEBUG rally.api [-] urllib3 insecure warnings are hidden.
2019-07-29 06:29:24.212 9 RALLYDEBUG rally.api [-] ERROR log from boto module is hide.
2019-07-29 06:29:25.525 9 WARNING rally_openstack.platforms.existing [-] endpoint is deprecated and not used.
2019-07-29 06:29:26.490 11 RALLYDEBUG rally.api [-] INFO logs from urllib3 and requests module are hide.
2019-07-29 06:29:26.490 11 RALLYDEBUG rally.api [-] urllib3 insecure warnings are hidden.
2019-07-29 06:29:26.490 11 RALLYDEBUG rally.api [-] ERROR log from boto module is hide.
2019-07-29 06:29:29.502 14 RALLYDEBUG rally.api [-] INFO logs from urllib3 and requests module are hide.
2019-07-29 06:29:29.502 14 RALLYDEBUG rally.api [-] urllib3 insecure warnings are hidden.
2019-07-29 06:29:29.502 14 RALLYDEBUG rally.api [-] ERROR log from boto module is hide.
2019-07-29 06:29:31.227 16 RALLYDEBUG rally.api [-] INFO logs from urllib3 and requests module are hide.
2019-07-29 06:29:31.227 16 RALLYDEBUG rally.api [-] urllib3 insecure warnings are hidden.
2019-07-29 06:29:31.227 16 RALLYDEBUG rally.api [-] ERROR log from boto module is hide.
2019-07-29 06:29:32.600 16 INFO rally.task.engine [-] Task ecd9d212-42e7-403b-aa0e-d84ce8f1da6d | Starting: Task validation.
2019-07-29 06:29:32.655 16 INFO rally.task.engine [-] Task ecd9d212-42e7-403b-aa0e-d84ce8f1da6d | Starting: Task validation of syntax.
2019-07-29 06:29:32.721 16 INFO rally.task.engine [-] Task ecd9d212-42e7-403b-aa0e-d84ce8f1da6d | Completed: Task validation of syntax.
2019-07-29 06:29:32.722 16 INFO rally.task.engine [-] Task ecd9d212-42e7-403b-aa0e-d84ce8f1da6d | Starting: Task validation of required platforms.
2019-07-29 06:29:32.754 16 INFO rally.task.engine [-] Task ecd9d212-42e7-403b-aa0e-d84ce8f1da6d | Completed: Task validation of required platforms.
2019-07-29 06:29:32.754 16 INFO rally.task.engine [-] Task ecd9d212-42e7-403b-aa0e-d84ce8f1da6d | Starting: Task validation of semantic.
2019-07-29 06:29:32.754 16 INFO rally.task.engine [-] Check health of the environment '40319946-095b-4efd-8695-8427ad0a072e'.
2019-07-29 06:29:33.618 16 INFO rally.task.engine [-] Platform existing@openstack (available: True): OK!
2019-07-29 06:29:33.637 16 RALLYDEBUG rally_openstack.contexts.keystone.users [-] Creating 1 tenants using 20 threads
2019-07-29 06:29:35.540 16 RALLYDEBUG rally_openstack.contexts.keystone.users [-] Creating 1 users using 20 threads
2019-07-29 06:29:38.295 16 INFO rally.task.context [-] Task ecd9d212-42e7-403b-aa0e-d84ce8f1da6d | Context users@openstack setup() finished in 4.66 sec
2019-07-29 06:29:38.338 16 INFO rally.task.context [-] Task ecd9d212-42e7-403b-aa0e-d84ce8f1da6d | Context users@openstack cleanup() started
2019-07-29 06:29:43.527 16 INFO rally.task.context [-] Task ecd9d212-42e7-403b-aa0e-d84ce8f1da6d | Context users@openstack cleanup() finished in 5.19 sec
2019-07-29 06:29:43.528 16 INFO rally.task.engine [-] Task ecd9d212-42e7-403b-aa0e-d84ce8f1da6d | Completed: Task validation of semantic.
2019-07-29 06:29:43.528 16 INFO rally.task.engine [-] Task ecd9d212-42e7-403b-aa0e-d84ce8f1da6d | Completed: Task validation.
2019-07-29 06:29:43.528 16 INFO rally.api [-] Task ecd9d212-42e7-403b-aa0e-d84ce8f1da6d input file is valid.
2019-07-29 06:29:43.529 16 INFO rally.api [-] Run Task ecd9d212-42e7-403b-aa0e-d84ce8f1da6d against Deployment 40319946-095b-4efd-8695-8427ad0a072e
2019-07-29 06:29:43.529 16 INFO rally.task.engine [-] Task ecd9d212-42e7-403b-aa0e-d84ce8f1da6d | Starting: Running task.
2019-07-29 06:29:43.655 16 INFO rally.task.engine [-] Running workload: position = 0 config = { "version": 2, "title": "A cropped version of a bigger task.", "description": "Auto-generated task from a single workload (uuid=8dbc7b98-6ebb-4fc1-bee2-ba906acb94b2)", "subtasks": [ { "title": "Authenticate.keystone", "description": "Check Keystone Client.", "scenario": { "Authenticate.keystone": {} }, "contexts": { "users": { "tenants": 3, "users_per_tenant": 2 } }, "runner": { "constant": { "concurrency": 4, "times": 10 } }, "hooks": [], "sla": { "failure_rate": { "max": 0 } } } ] }
2019-07-29 06:29:43.676 16 RALLYDEBUG rally_openstack.contexts.keystone.users [-] Creating 3 tenants using 20 threads
2019-07-29 06:29:45.557 16 RALLYDEBUG rally_openstack.contexts.keystone.users [-] Creating 6 users using 20 threads
2019-07-29 06:29:48.339 16 INFO rally.task.context [-] Task ecd9d212-42e7-403b-aa0e-d84ce8f1da6d | Context users@openstack setup() finished in 4.66 sec
2019-07-29 06:29:48.347 16 RALLYDEBUG rally.task.runner [-] Starting the constant runner (task UUID: ecd9d212-42e7-403b-aa0e-d84ce8f1da6d). timeout: 0 concurrency: 4 concurrency_per_worker: 1 times: 10 concurrency_overhead: 0 processes_to_start: 4 max_cpu_used: 16
2019-07-29 06:29:48.360 140 RALLYDEBUG rally.task.runner [-] Starting a worker. concurrency: 1 args: {} times: 10 method_name: run timeout: 0 duration: None cls:
2019-07-29 06:29:48.364 141 RALLYDEBUG rally.task.runner [-] Starting a worker. concurrency: 1 args: {} times: 10 method_name: run timeout: 0 duration: None cls:
2019-07-29 06:29:48.365 140 INFO rally.task.runner [-] Task ecd9d212-42e7-403b-aa0e-d84ce8f1da6d | ITER: 1 START
2019-07-29 06:29:48.366 142 RALLYDEBUG rally.task.runner [-] Starting a worker. concurrency: 1 args: {} times: 10 method_name: run timeout: 0 duration: None cls:
2019-07-29 06:29:48.369 143 RALLYDEBUG rally.task.runner [-] Starting a worker. concurrency: 1 args: {} times: 10 method_name: run timeout: 0 duration: None cls:
2019-07-29 06:29:48.370 141 INFO rally.task.runner [-] Task ecd9d212-42e7-403b-aa0e-d84ce8f1da6d | ITER: 2 START
2019-07-29 06:29:48.371 142 INFO rally.task.runner [-] Task ecd9d212-42e7-403b-aa0e-d84ce8f1da6d | ITER: 3 START
2019-07-29 06:29:48.374 143 INFO rally.task.runner [-] Task ecd9d212-42e7-403b-aa0e-d84ce8f1da6d | ITER: 4 START
2019-07-29 06:29:48.972 141 INFO rally.task.runner [-] Task ecd9d212-42e7-403b-aa0e-d84ce8f1da6d | ITER: 2 END: OK
2019-07-29 06:29:48.977 143 INFO rally.task.runner [-] Task ecd9d212-42e7-403b-aa0e-d84ce8f1da6d | ITER: 4 END: OK
2019-07-29 06:29:48.978 141 INFO rally.task.runner [-] Task ecd9d212-42e7-403b-aa0e-d84ce8f1da6d | ITER: 5 START
2019-07-29 06:29:48.982 143 INFO rally.task.runner [-] Task ecd9d212-42e7-403b-aa0e-d84ce8f1da6d | ITER: 6 START
2019-07-29 06:29:49.058 142 INFO rally.task.runner [-] Task ecd9d212-42e7-403b-aa0e-d84ce8f1da6d | ITER: 3 END: OK
2019-07-29 06:29:49.061 142 INFO rally.task.runner [-] Task ecd9d212-42e7-403b-aa0e-d84ce8f1da6d | ITER: 7 START
2019-07-29 06:29:49.066 140 INFO rally.task.runner [-] Task ecd9d212-42e7-403b-aa0e-d84ce8f1da6d | ITER: 1 END: OK
2019-07-29 06:29:49.071 140 INFO rally.task.runner [-] Task ecd9d212-42e7-403b-aa0e-d84ce8f1da6d | ITER: 8 START
2019-07-29 06:29:49.571 141 INFO rally.task.runner [-] Task ecd9d212-42e7-403b-aa0e-d84ce8f1da6d | ITER: 5 END: OK
2019-07-29 06:29:49.574 141 INFO rally.task.runner [-] Task ecd9d212-42e7-403b-aa0e-d84ce8f1da6d | ITER: 9 START
2019-07-29 06:29:49.578 143 INFO rally.task.runner [-] Task ecd9d212-42e7-403b-aa0e-d84ce8f1da6d | ITER: 6 END: OK
2019-07-29 06:29:49.581 143 INFO rally.task.runner [-] Task ecd9d212-42e7-403b-aa0e-d84ce8f1da6d | ITER: 10 START
2019-07-29 06:29:49.648 140 INFO rally.task.runner [-] Task ecd9d212-42e7-403b-aa0e-d84ce8f1da6d | ITER: 8 END: OK
2019-07-29 06:29:49.798 142 INFO rally.task.runner [-] Task ecd9d212-42e7-403b-aa0e-d84ce8f1da6d | ITER: 7 END: OK
2019-07-29 06:29:50.178 143 INFO rally.task.runner [-] Task ecd9d212-42e7-403b-aa0e-d84ce8f1da6d | ITER: 10 END: OK
2019-07-29 06:29:50.262 141 INFO rally.task.runner [-] Task ecd9d212-42e7-403b-aa0e-d84ce8f1da6d | ITER: 9 END: OK
2019-07-29 06:29:50.290 16 INFO rally.task.context [-] Task ecd9d212-42e7-403b-aa0e-d84ce8f1da6d | Context users@openstack cleanup() started
2019-07-29 06:29:58.372 16 INFO rally.task.context [-] Task ecd9d212-42e7-403b-aa0e-d84ce8f1da6d | Context users@openstack cleanup() finished in 8.08 sec
2019-07-29 06:29:59.774 16 INFO rally.task.engine [-] Load duration is: 1.895457
2019-07-29 06:29:59.775 16 INFO rally.task.engine [-] Full runner duration is: 1.944161
2019-07-29 06:29:59.775 16 INFO rally.task.engine [-] Full duration is: 14.698415
2019-07-29 06:29:59.966 16 INFO rally.task.engine [-] Running workload: position = 0 config = { "version": 2, "title": "A cropped version of a bigger task.", "description": "Auto-generated task from a single workload (uuid=a42c2a5f-68f2-4b42-b954-112cd4f73af7)", "subtasks": [ { "title": "Authenticate.validate_cinder", "description": "Check Cinder Client to ensure validation of token.", "scenario": { "Authenticate.validate_cinder": { "repetitions": 2 } }, "contexts": { "users": { "tenants": 3, "users_per_tenant": 2 } }, "runner": { "constant": { "concurrency": 4, "times": 10 } }, "hooks": [], "sla": { "failure_rate": { "max": 0 } } } ] }
2019-07-29 06:29:59.978 16 RALLYDEBUG rally_openstack.contexts.keystone.users [-] Creating 3 tenants using 20 threads
2019-07-29 06:30:02.000 16 RALLYDEBUG rally_openstack.contexts.keystone.users [-] Creating 6 users using 20 threads
2019-07-29 06:30:04.826 16 INFO rally.task.context [-] Task ecd9d212-42e7-403b-aa0e-d84ce8f1da6d | Context users@openstack setup() finished in 4.85 sec
2019-07-29 06:30:04.835 16 RALLYDEBUG rally.task.runner [-] Starting the constant runner (task UUID: ecd9d212-42e7-403b-aa0e-d84ce8f1da6d). timeout: 0 concurrency: 4 concurrency_per_worker: 1 times: 10 concurrency_overhead: 0 processes_to_start: 4 max_cpu_used: 16
2019-07-29 06:30:04.847 244 RALLYDEBUG rally.task.runner [-] Starting a worker. concurrency: 1 args: {"repetitions": 2} times: 10 method_name: run timeout: 0 duration: None cls:
2019-07-29 06:30:04.849 245 RALLYDEBUG rally.task.runner [-] Starting a worker. concurrency: 1 args: {"repetitions": 2} times: 10 method_name: run timeout: 0 duration: None cls:
2019-07-29 06:30:04.853 244 INFO rally.task.runner [-] Task ecd9d212-42e7-403b-aa0e-d84ce8f1da6d | ITER: 1 START
2019-07-29 06:30:04.852 246 RALLYDEBUG rally.task.runner [-] Starting a worker. concurrency: 1 args: {"repetitions": 2} times: 10 method_name: run timeout: 0 duration: None cls:
2019-07-29 06:30:04.855 245 INFO rally.task.runner [-] Task ecd9d212-42e7-403b-aa0e-d84ce8f1da6d | ITER: 2 START
2019-07-29 06:30:04.855 247 RALLYDEBUG rally.task.runner [-] Starting a worker. concurrency: 1 args: {"repetitions": 2} times: 10 method_name: run timeout: 0 duration: None cls:
2019-07-29 06:30:04.858 246 INFO rally.task.runner [-] Task ecd9d212-42e7-403b-aa0e-d84ce8f1da6d | ITER: 3 START
2019-07-29 06:30:04.861 247 INFO rally.task.runner [-] Task ecd9d212-42e7-403b-aa0e-d84ce8f1da6d | ITER: 4 START
2019-07-29 06:30:06.786 247 INFO rally.task.runner [-] Task ecd9d212-42e7-403b-aa0e-d84ce8f1da6d | ITER: 4 END: OK
2019-07-29 06:30:06.789 246 INFO rally.task.runner [-] Task ecd9d212-42e7-403b-aa0e-d84ce8f1da6d | ITER: 3 END: OK
2019-07-29 06:30:06.791 247 INFO rally.task.runner [-] Task ecd9d212-42e7-403b-aa0e-d84ce8f1da6d | ITER: 5 START
2019-07-29 06:30:06.793 246 INFO rally.task.runner [-] Task ecd9d212-42e7-403b-aa0e-d84ce8f1da6d | ITER: 6 START
2019-07-29 06:30:06.800 244 INFO rally.task.runner [-] Task ecd9d212-42e7-403b-aa0e-d84ce8f1da6d | ITER: 1 END: OK
2019-07-29 06:30:06.804 244 INFO rally.task.runner [-] Task ecd9d212-42e7-403b-aa0e-d84ce8f1da6d | ITER: 7 START
2019-07-29 06:30:06.827 245 INFO rally.task.runner [-] Task ecd9d212-42e7-403b-aa0e-d84ce8f1da6d | ITER: 2 END: OK
2019-07-29 06:30:06.831 245 INFO rally.task.runner [-] Task ecd9d212-42e7-403b-aa0e-d84ce8f1da6d | ITER: 8 START
2019-07-29 06:30:08.365 245 INFO rally.task.runner [-] Task ecd9d212-42e7-403b-aa0e-d84ce8f1da6d | ITER: 8 END: OK
2019-07-29 06:30:08.369 245 INFO rally.task.runner [-] Task ecd9d212-42e7-403b-aa0e-d84ce8f1da6d | ITER: 9 START
2019-07-29 06:30:08.597 244 INFO rally.task.runner [-] Task ecd9d212-42e7-403b-aa0e-d84ce8f1da6d | ITER: 7 END: OK
2019-07-29 06:30:08.601 244 INFO rally.task.runner [-] Task ecd9d212-42e7-403b-aa0e-d84ce8f1da6d | ITER: 10 START
2019-07-29 06:30:08.624 246 INFO rally.task.runner [-] Task ecd9d212-42e7-403b-aa0e-d84ce8f1da6d | ITER: 6 END: OK
2019-07-29 06:30:08.687 247 INFO rally.task.runner [-] Task ecd9d212-42e7-403b-aa0e-d84ce8f1da6d | ITER: 5 END: OK
2019-07-29 06:30:09.756 245 INFO rally.task.runner [-] Task ecd9d212-42e7-403b-aa0e-d84ce8f1da6d | ITER: 9 END: OK
2019-07-29 06:30:09.981 244 INFO rally.task.runner [-] Task ecd9d212-42e7-403b-aa0e-d84ce8f1da6d | ITER: 10 END: OK
2019-07-29 06:30:10.011 16 INFO rally.task.context [-] Task ecd9d212-42e7-403b-aa0e-d84ce8f1da6d | Context users@openstack cleanup() started
2019-07-29 06:30:17.886 16 INFO rally.task.context [-] Task ecd9d212-42e7-403b-aa0e-d84ce8f1da6d | Context users@openstack cleanup() finished in 7.87 sec
2019-07-29 06:30:18.055 16 INFO rally.task.engine [-] Load duration is: 5.126895
2019-07-29 06:30:18.055 16 INFO rally.task.engine [-] Full runner duration is: 5.177761
2019-07-29 06:30:18.056 16 INFO rally.task.engine [-] Full duration is: 17.909997
2019-07-29 06:30:18.274 16 INFO rally.task.engine [-] Running workload: position = 0 config = { "version": 2, "title": "A cropped version of a bigger task.", "description": "Auto-generated task from a single workload (uuid=a1f326c7-7269-4c75-9547-4101b0ffc383)", "subtasks": [ { "title": "Authenticate.validate_glance", "description": "Check Glance Client to ensure validation of token.", "scenario": { "Authenticate.validate_glance": { "repetitions": 2 } }, "contexts": { "users": { "tenants": 3, "users_per_tenant": 2 } }, "runner": { "constant": { "concurrency": 4, "times": 10 } }, "hooks": [], "sla": { "failure_rate": { "max": 0 } } } ] }
2019-07-29 06:30:18.310 16 RALLYDEBUG rally_openstack.contexts.keystone.users [-] Creating 3 tenants using 20 threads
2019-07-29 06:30:20.233 16 RALLYDEBUG rally_openstack.contexts.keystone.users [-] Creating 6 users using 20 threads
2019-07-29 06:30:23.080 16 INFO rally.task.context [-] Task ecd9d212-42e7-403b-aa0e-d84ce8f1da6d | Context users@openstack setup() finished in 4.77 sec
2019-07-29 06:30:23.087 16 RALLYDEBUG rally.task.runner [-] Starting the constant runner (task UUID: ecd9d212-42e7-403b-aa0e-d84ce8f1da6d). timeout: 0 concurrency: 4 concurrency_per_worker: 1 times: 10 concurrency_overhead: 0 processes_to_start: 4 max_cpu_used: 16
2019-07-29 06:30:23.099 348 RALLYDEBUG rally.task.runner [-] Starting a worker. concurrency: 1 args: {"repetitions": 2} times: 10 method_name: run timeout: 0 duration: None cls:
2019-07-29 06:30:23.102 349 RALLYDEBUG rally.task.runner [-] Starting a worker. concurrency: 1 args: {"repetitions": 2} times: 10 method_name: run timeout: 0 duration: None cls:
2019-07-29 06:30:23.105 348 INFO rally.task.runner [-] Task ecd9d212-42e7-403b-aa0e-d84ce8f1da6d | ITER: 1 START
2019-07-29 06:30:23.104 350 RALLYDEBUG rally.task.runner [-] Starting a worker. concurrency: 1 args: {"repetitions": 2} times: 10 method_name: run timeout: 0 duration: None cls:
2019-07-29 06:30:23.108 349 INFO rally.task.runner [-] Task ecd9d212-42e7-403b-aa0e-d84ce8f1da6d | ITER: 2 START
2019-07-29 06:30:23.108 351 RALLYDEBUG rally.task.runner [-] Starting a worker. concurrency: 1 args: {"repetitions": 2} times: 10 method_name: run timeout: 0 duration: None cls:
2019-07-29 06:30:23.110 350 INFO rally.task.runner [-] Task ecd9d212-42e7-403b-aa0e-d84ce8f1da6d | ITER: 3 START
2019-07-29 06:30:23.115 351 INFO rally.task.runner [-] Task ecd9d212-42e7-403b-aa0e-d84ce8f1da6d | ITER: 4 START
2019-07-29 06:30:24.217 351 INFO rally.task.runner [-] Task ecd9d212-42e7-403b-aa0e-d84ce8f1da6d | ITER: 4 END: OK
2019-07-29 06:30:24.222 351 INFO rally.task.runner [-] Task ecd9d212-42e7-403b-aa0e-d84ce8f1da6d | ITER: 5 START
2019-07-29 06:30:24.223 349 INFO rally.task.runner [-] Task ecd9d212-42e7-403b-aa0e-d84ce8f1da6d | ITER: 2 END: OK
2019-07-29 06:30:24.227 349 INFO rally.task.runner [-] Task ecd9d212-42e7-403b-aa0e-d84ce8f1da6d | ITER: 6 START
2019-07-29 06:30:24.248 350 INFO rally.task.runner [-] Task ecd9d212-42e7-403b-aa0e-d84ce8f1da6d | ITER: 3 END: OK
2019-07-29 06:30:24.251 350 INFO rally.task.runner [-] Task ecd9d212-42e7-403b-aa0e-d84ce8f1da6d | ITER: 7 START
2019-07-29 06:30:24.463 348 INFO rally.task.runner [-] Task ecd9d212-42e7-403b-aa0e-d84ce8f1da6d | ITER: 1 END: OK
2019-07-29 06:30:24.468 348 INFO rally.task.runner [-] Task ecd9d212-42e7-403b-aa0e-d84ce8f1da6d | ITER: 8 START
2019-07-29 06:30:25.208 349 INFO rally.task.runner [-] Task ecd9d212-42e7-403b-aa0e-d84ce8f1da6d | ITER: 6 END: OK
2019-07-29 06:30:25.213 349 INFO rally.task.runner [-] Task ecd9d212-42e7-403b-aa0e-d84ce8f1da6d | ITER: 9 START
2019-07-29 06:30:25.403 351 INFO rally.task.runner [-] Task ecd9d212-42e7-403b-aa0e-d84ce8f1da6d | ITER: 5 END: OK
2019-07-29 06:30:25.407 351 INFO rally.task.runner [-] Task ecd9d212-42e7-403b-aa0e-d84ce8f1da6d | ITER: 10 START
2019-07-29 06:30:25.426 350 INFO rally.task.runner [-] Task ecd9d212-42e7-403b-aa0e-d84ce8f1da6d | ITER: 7 END: OK
2019-07-29 06:30:25.814 348 INFO rally.task.runner [-] Task ecd9d212-42e7-403b-aa0e-d84ce8f1da6d | ITER: 8 END: OK
2019-07-29 06:30:26.511 349 INFO rally.task.runner [-] Task ecd9d212-42e7-403b-aa0e-d84ce8f1da6d | ITER: 9 END: OK
2019-07-29 06:30:27.029 351 INFO rally.task.runner [-] Task ecd9d212-42e7-403b-aa0e-d84ce8f1da6d | ITER: 10 END: OK
2019-07-29 06:30:27.049 16 INFO rally.task.context [-] Task ecd9d212-42e7-403b-aa0e-d84ce8f1da6d | Context users@openstack cleanup() started
2019-07-29 06:30:34.845 16 INFO rally.task.context [-] Task ecd9d212-42e7-403b-aa0e-d84ce8f1da6d | Context users@openstack cleanup() finished in 7.80 sec
2019-07-29 06:30:36.397 16 INFO rally.task.engine [-] Load duration is: 3.922279
2019-07-29 06:30:36.398 16 INFO rally.task.engine [-] Full runner duration is: 3.962403
2019-07-29 06:30:36.398 16 INFO rally.task.engine [-] Full duration is: 16.539939
2019-07-29 06:30:36.584 16 INFO rally.task.engine [-] Running workload: position = 0 config = { "version": 2, "title": "A cropped version of a bigger task.", "description": "Auto-generated task from a single workload (uuid=33bfd4ca-e474-4edb-8a98-b5d5fba28eed)", "subtasks": [ { "title": "Authenticate.validate_heat", "description": "Check Heat Client to ensure validation of token.", "scenario": { "Authenticate.validate_heat": { "repetitions": 2 } }, "contexts": { "users": { "tenants": 3, "users_per_tenant": 2 } }, "runner": { "constant": { "concurrency": 4, "times": 10 } }, "hooks": [], "sla": { "failure_rate": { "max": 0 } } } ] }
2019-07-29 06:30:36.606 16 RALLYDEBUG rally_openstack.contexts.keystone.users [-] Creating 3 tenants using 20 threads
2019-07-29 06:30:38.635 16 RALLYDEBUG rally_openstack.contexts.keystone.users [-] Creating 6 users using 20 threads
2019-07-29 06:30:41.529 16 INFO rally.task.context [-] Task ecd9d212-42e7-403b-aa0e-d84ce8f1da6d | Context users@openstack setup() finished in 4.92 sec
2019-07-29 06:30:41.536 16 RALLYDEBUG rally.task.runner [-] Starting the constant runner (task UUID: ecd9d212-42e7-403b-aa0e-d84ce8f1da6d). timeout: 0 concurrency: 4 concurrency_per_worker: 1 times: 10 concurrency_overhead: 0 processes_to_start: 4 max_cpu_used: 16
2019-07-29 06:30:41.548 452 RALLYDEBUG rally.task.runner [-] Starting a worker. concurrency: 1 args: {"repetitions": 2} times: 10 method_name: run timeout: 0 duration: None cls:
2019-07-29 06:30:41.551 453 RALLYDEBUG rally.task.runner [-] Starting a worker. concurrency: 1 args: {"repetitions": 2} times: 10 method_name: run timeout: 0 duration: None cls:
2019-07-29 06:30:41.553 454 RALLYDEBUG rally.task.runner [-] Starting a worker. concurrency: 1 args: {"repetitions": 2} times: 10 method_name: run timeout: 0 duration: None cls:
2019-07-29 06:30:41.555 452 INFO rally.task.runner [-] Task ecd9d212-42e7-403b-aa0e-d84ce8f1da6d | ITER: 1 START
2019-07-29 06:30:41.556 455 RALLYDEBUG rally.task.runner [-] Starting a worker. concurrency: 1 args: {"repetitions": 2} times: 10 method_name: run timeout: 0 duration: None cls:
2019-07-29 06:30:41.557 453 INFO rally.task.runner [-] Task ecd9d212-42e7-403b-aa0e-d84ce8f1da6d | ITER: 2 START
2019-07-29 06:30:41.559 454 INFO rally.task.runner [-] Task ecd9d212-42e7-403b-aa0e-d84ce8f1da6d | ITER: 3 START
2019-07-29 06:30:41.561 455 INFO rally.task.runner [-] Task ecd9d212-42e7-403b-aa0e-d84ce8f1da6d | ITER: 4 START
2019-07-29 06:30:43.419 454 INFO rally.task.runner [-] Task ecd9d212-42e7-403b-aa0e-d84ce8f1da6d | ITER: 3 END: OK
2019-07-29 06:30:43.419 453 INFO rally.task.runner [-] Task ecd9d212-42e7-403b-aa0e-d84ce8f1da6d | ITER: 2 END: OK
2019-07-29 06:30:43.422 453 INFO rally.task.runner [-] Task ecd9d212-42e7-403b-aa0e-d84ce8f1da6d | ITER: 5 START
2019-07-29 06:30:43.423 454 INFO rally.task.runner [-] Task ecd9d212-42e7-403b-aa0e-d84ce8f1da6d | ITER: 6 START
2019-07-29 06:30:43.443 452 INFO rally.task.runner [-] Task ecd9d212-42e7-403b-aa0e-d84ce8f1da6d | ITER: 1 END: OK
2019-07-29 06:30:43.448 452 INFO rally.task.runner [-] Task ecd9d212-42e7-403b-aa0e-d84ce8f1da6d | ITER: 7 START
2019-07-29 06:30:43.463 455 INFO rally.task.runner [-] Task ecd9d212-42e7-403b-aa0e-d84ce8f1da6d | ITER: 4 END: OK
2019-07-29 06:30:43.466 455 INFO rally.task.runner [-] Task ecd9d212-42e7-403b-aa0e-d84ce8f1da6d | ITER: 8 START
2019-07-29 06:30:44.970 452 INFO rally.task.runner [-] Task ecd9d212-42e7-403b-aa0e-d84ce8f1da6d | ITER: 7 END: OK
2019-07-29 06:30:44.974 452 INFO rally.task.runner [-] Task ecd9d212-42e7-403b-aa0e-d84ce8f1da6d | ITER: 9 START
2019-07-29 06:30:45.336 453 INFO rally.task.runner [-] Task ecd9d212-42e7-403b-aa0e-d84ce8f1da6d | ITER: 5 END: OK
2019-07-29 06:30:45.339 454 INFO rally.task.runner [-] Task ecd9d212-42e7-403b-aa0e-d84ce8f1da6d | ITER: 6 END: OK
2019-07-29 06:30:45.340 453 INFO rally.task.runner [-] Task ecd9d212-42e7-403b-aa0e-d84ce8f1da6d | ITER: 10 START
2019-07-29 06:30:45.358 455 INFO rally.task.runner [-] Task ecd9d212-42e7-403b-aa0e-d84ce8f1da6d | ITER: 8 END: OK
2019-07-29 06:30:46.375 452 INFO rally.task.runner [-] Task ecd9d212-42e7-403b-aa0e-d84ce8f1da6d | ITER: 9 END: OK
2019-07-29 06:30:47.434 453 INFO rally.task.runner [-] Task ecd9d212-42e7-403b-aa0e-d84ce8f1da6d | ITER: 10 END: OK
2019-07-29 06:30:47.462 16 INFO rally.task.context [-] Task ecd9d212-42e7-403b-aa0e-d84ce8f1da6d | Context users@openstack cleanup() started
2019-07-29 06:30:55.293 16 INFO rally.task.context [-] Task ecd9d212-42e7-403b-aa0e-d84ce8f1da6d | Context users@openstack cleanup() finished in 7.83 sec
2019-07-29 06:30:56.695 16 INFO rally.task.engine [-] Load duration is: 5.877708
2019-07-29 06:30:56.695 16 INFO rally.task.engine [-] Full runner duration is: 5.926726
2019-07-29 06:30:56.696 16 INFO rally.task.engine [-] Full duration is: 18.690037
2019-07-29 06:30:56.885 16 INFO rally.task.engine [-] Running workload: position = 0 config = { "version": 2, "title": "A cropped version of a bigger task.", "description": "Auto-generated task from a single workload (uuid=1e9e8d1c-22bf-4129-aeab-78f4b95a0c7f)", "subtasks": [ { "title": "Authenticate.validate_neutron", "description": "Check Neutron Client to ensure validation of token.", "scenario": { "Authenticate.validate_neutron": { "repetitions": 2 } }, "contexts": { "users": { "tenants": 3, "users_per_tenant": 2 } }, "runner": { "constant": { "concurrency": 4, "times": 10 } }, "hooks": [], "sla": { "failure_rate": { "max": 0 } } } ] }
2019-07-29 06:30:56.902 16 RALLYDEBUG rally_openstack.contexts.keystone.users [-] Creating 3 tenants using 20 threads
2019-07-29 06:30:58.791 16 RALLYDEBUG rally_openstack.contexts.keystone.users [-] Creating 6 users using 20 threads
2019-07-29 06:31:01.786 16 INFO rally.task.context [-] Task ecd9d212-42e7-403b-aa0e-d84ce8f1da6d | Context users@openstack setup() finished in 4.88 sec
2019-07-29 06:31:01.795 16 RALLYDEBUG rally.task.runner [-] Starting the constant runner (task UUID: ecd9d212-42e7-403b-aa0e-d84ce8f1da6d). timeout: 0 concurrency: 4 concurrency_per_worker: 1 times: 10 concurrency_overhead: 0 processes_to_start: 4 max_cpu_used: 16
2019-07-29 06:31:01.807 556 RALLYDEBUG rally.task.runner [-] Starting a worker. concurrency: 1 args: {"repetitions": 2} times: 10 method_name: run timeout: 0 duration: None cls:
2019-07-29 06:31:01.809 557 RALLYDEBUG rally.task.runner [-] Starting a worker. concurrency: 1 args: {"repetitions": 2} times: 10 method_name: run timeout: 0 duration: None cls:
2019-07-29 06:31:01.813 556 INFO rally.task.runner [-] Task ecd9d212-42e7-403b-aa0e-d84ce8f1da6d | ITER: 1 START
2019-07-29 06:31:01.813 558 RALLYDEBUG rally.task.runner [-] Starting a worker. concurrency: 1 args: {"repetitions": 2} times: 10 method_name: run timeout: 0 duration: None cls:
2019-07-29 06:31:01.815 557 INFO rally.task.runner [-] Task ecd9d212-42e7-403b-aa0e-d84ce8f1da6d | ITER: 2 START
2019-07-29 06:31:01.816 559 RALLYDEBUG rally.task.runner [-] Starting a worker. concurrency: 1 args: {"repetitions": 2} times: 10 method_name: run timeout: 0 duration: None cls:
2019-07-29 06:31:01.819 558 INFO rally.task.runner [-] Task ecd9d212-42e7-403b-aa0e-d84ce8f1da6d | ITER: 3 START
2019-07-29 06:31:01.823 559 INFO rally.task.runner [-] Task ecd9d212-42e7-403b-aa0e-d84ce8f1da6d | ITER: 4 START
2019-07-29 06:31:02.985 558 INFO rally.task.runner [-] Task ecd9d212-42e7-403b-aa0e-d84ce8f1da6d | ITER: 3 END: OK
2019-07-29 06:31:02.990 558 INFO rally.task.runner [-] Task ecd9d212-42e7-403b-aa0e-d84ce8f1da6d | ITER: 5 START
2019-07-29 06:31:03.007 557 INFO rally.task.runner [-] Task ecd9d212-42e7-403b-aa0e-d84ce8f1da6d | ITER: 2 END: OK
2019-07-29 06:31:03.011 557 INFO rally.task.runner [-] Task ecd9d212-42e7-403b-aa0e-d84ce8f1da6d | ITER: 6 START
2019-07-29 06:31:03.063 559 INFO rally.task.runner [-] Task ecd9d212-42e7-403b-aa0e-d84ce8f1da6d | ITER: 4 END: OK
2019-07-29 06:31:03.067 559 INFO rally.task.runner [-] Task ecd9d212-42e7-403b-aa0e-d84ce8f1da6d | ITER: 7 START
2019-07-29 06:31:03.082 556 INFO rally.task.runner [-] Task ecd9d212-42e7-403b-aa0e-d84ce8f1da6d | ITER: 1 END: OK
2019-07-29 06:31:03.086 556 INFO rally.task.runner [-] Task ecd9d212-42e7-403b-aa0e-d84ce8f1da6d | ITER: 8 START
2019-07-29 06:31:04.023 559 INFO rally.task.runner [-] Task ecd9d212-42e7-403b-aa0e-d84ce8f1da6d | ITER: 7 END: OK
2019-07-29 06:31:04.027 559 INFO rally.task.runner [-] Task ecd9d212-42e7-403b-aa0e-d84ce8f1da6d | ITER: 9 START
2019-07-29 06:31:04.049 556 INFO rally.task.runner [-] Task ecd9d212-42e7-403b-aa0e-d84ce8f1da6d | ITER: 8 END: OK
2019-07-29 06:31:04.053 556 INFO rally.task.runner [-] Task ecd9d212-42e7-403b-aa0e-d84ce8f1da6d | ITER: 10 START
2019-07-29 06:31:04.186 557 INFO rally.task.runner [-] Task ecd9d212-42e7-403b-aa0e-d84ce8f1da6d | ITER: 6 END: OK
2019-07-29 06:31:04.244 558 INFO rally.task.runner [-] Task ecd9d212-42e7-403b-aa0e-d84ce8f1da6d | ITER: 5 END: OK
2019-07-29 06:31:05.233 556 INFO rally.task.runner [-] Task ecd9d212-42e7-403b-aa0e-d84ce8f1da6d | ITER: 10 END: OK
2019-07-29 06:31:05.235 559 INFO rally.task.runner [-] Task ecd9d212-42e7-403b-aa0e-d84ce8f1da6d | ITER: 9 END: OK
2019-07-29 06:31:05.261 16 INFO rally.task.context [-] Task ecd9d212-42e7-403b-aa0e-d84ce8f1da6d | Context users@openstack cleanup() started
2019-07-29 06:31:13.174 16 INFO rally.task.context [-] Task ecd9d212-42e7-403b-aa0e-d84ce8f1da6d | Context users@openstack cleanup() finished in 7.91 sec
2019-07-29 06:31:14.993 16 INFO rally.task.engine [-] Load duration is: 3.42005
2019-07-29 06:31:14.993 16 INFO rally.task.engine [-] Full runner duration is: 3.467658
2019-07-29 06:31:14.993 16 INFO rally.task.engine [-] Full duration is: 16.273453
2019-07-29 06:31:15.177 16 INFO rally.task.engine [-] Running workload: position = 0 config = { "version": 2, "title": "A cropped version of a bigger task.", "description": "Auto-generated task from a single workload (uuid=b5ef29dd-3b8b-4b26-92d4-592369a03ce3)", "subtasks": [ { "title": "Authenticate.validate_nova", "description": "Check Nova Client to ensure validation of token.", "scenario": { "Authenticate.validate_nova": { "repetitions": 2 } }, "contexts": { "users": { "tenants": 3, "users_per_tenant": 2 } }, "runner": { "constant": { "concurrency": 4, "times": 10 } }, "hooks": [], "sla": { "failure_rate": { "max": 0 } } } ] }
2019-07-29 06:31:15.198 16 RALLYDEBUG rally_openstack.contexts.keystone.users [-] Creating 3 tenants using 20 threads
2019-07-29 06:31:17.186 16 RALLYDEBUG rally_openstack.contexts.keystone.users [-] Creating 6 users using 20 threads
2019-07-29 06:31:19.915 16 INFO rally.task.context [-] Task ecd9d212-42e7-403b-aa0e-d84ce8f1da6d | Context users@openstack setup() finished in 4.72 sec
2019-07-29 06:31:19.922 16 RALLYDEBUG rally.task.runner [-] Starting the constant runner (task UUID: ecd9d212-42e7-403b-aa0e-d84ce8f1da6d). timeout: 0 concurrency: 4 concurrency_per_worker: 1 times: 10 concurrency_overhead: 0 processes_to_start: 4 max_cpu_used: 16
2019-07-29 06:31:19.934 660 RALLYDEBUG rally.task.runner [-] Starting a worker. concurrency: 1 args: {"repetitions": 2} times: 10 method_name: run timeout: 0 duration: None cls:
2019-07-29 06:31:19.936 661 RALLYDEBUG rally.task.runner [-] Starting a worker. concurrency: 1 args: {"repetitions": 2} times: 10 method_name: run timeout: 0 duration: None cls:
2019-07-29 06:31:19.940 662 RALLYDEBUG rally.task.runner [-] Starting a worker. concurrency: 1 args: {"repetitions": 2} times: 10 method_name: run timeout: 0 duration: None cls:
2019-07-29 06:31:19.941 660 INFO rally.task.runner [-] Task ecd9d212-42e7-403b-aa0e-d84ce8f1da6d | ITER: 1 START
2019-07-29 06:31:19.942 661 INFO rally.task.runner [-] Task ecd9d212-42e7-403b-aa0e-d84ce8f1da6d | ITER: 2 START
2019-07-29 06:31:19.942 663 RALLYDEBUG rally.task.runner [-] Starting a worker. concurrency: 1 args: {"repetitions": 2} times: 10 method_name: run timeout: 0 duration: None cls:
2019-07-29 06:31:19.946 662 INFO rally.task.runner [-] Task ecd9d212-42e7-403b-aa0e-d84ce8f1da6d | ITER: 3 START
2019-07-29 06:31:19.949 663 INFO rally.task.runner [-] Task ecd9d212-42e7-403b-aa0e-d84ce8f1da6d | ITER: 4 START
2019-07-29 06:31:20.438 661 DEBUG novaclient.v2.client [-] REQ: curl -g -i -X GET http://172.30.9.23:8774/v2.1/flavors/detail -H "Accept: application/json" -H "User-Agent: python-novaclient" -H "X-Auth-Token: {SHA1}9be28606287d795de12e403a34e7478e3b712731" _http_log_request /usr/lib/python2.7/site-packages/keystoneauth1/session.py:448
2019-07-29 06:31:20.440 660 DEBUG novaclient.v2.client [-] REQ: curl -g -i -X GET http://172.30.9.23:8774/v2.1/flavors/detail -H "Accept: application/json" -H "User-Agent: python-novaclient" -H "X-Auth-Token: {SHA1}516204fc425eed6e78dadd816f4ca1fc25cecff9" _http_log_request /usr/lib/python2.7/site-packages/keystoneauth1/session.py:448
2019-07-29 06:31:20.440 663 DEBUG novaclient.v2.client [-] REQ: curl -g -i -X GET http://172.30.9.23:8774/v2.1/flavors/detail -H "Accept: application/json" -H "User-Agent: python-novaclient" -H "X-Auth-Token: {SHA1}ee5b6aa478ab4214cc926283a0d4f37519497901" _http_log_request /usr/lib/python2.7/site-packages/keystoneauth1/session.py:448
2019-07-29 06:31:20.441 662 DEBUG novaclient.v2.client [-] REQ: curl -g -i -X GET http://172.30.9.23:8774/v2.1/flavors/detail -H "Accept: application/json" -H "User-Agent: python-novaclient" -H "X-Auth-Token: {SHA1}23b975c3c98a6a4b3dc92aab944f810b4c1c78f0" _http_log_request /usr/lib/python2.7/site-packages/keystoneauth1/session.py:448
2019-07-29 06:31:20.719 663 DEBUG novaclient.v2.client [-] RESP: [200] Content-Encoding: gzip Content-Length: 365 Content-Type: application/json Date: Mon, 29 Jul 2019 06:31:20 GMT OpenStack-API-Version: compute 2.1 Server: Apache Vary: OpenStack-API-Version,X-OpenStack-Nova-API-Version,Accept-Encoding X-OpenStack-Nova-API-Version: 2.1 x-compute-request-id: req-383d793f-c93e-4076-bcf4-4695dbff42c3 x-openstack-request-id: req-383d793f-c93e-4076-bcf4-4695dbff42c3 _http_log_response /usr/lib/python2.7/site-packages/keystoneauth1/session.py:479
2019-07-29 06:31:20.719 661 DEBUG novaclient.v2.client [-] RESP: [200] Content-Encoding: gzip Content-Length: 365 Content-Type: application/json Date: Mon, 29 Jul 2019 06:31:20 GMT OpenStack-API-Version: compute 2.1 Server: Apache Vary: OpenStack-API-Version,X-OpenStack-Nova-API-Version,Accept-Encoding X-OpenStack-Nova-API-Version: 2.1 x-compute-request-id: req-7542b7b3-434d-48c3-a6af-a7a19982a8b4 x-openstack-request-id: req-7542b7b3-434d-48c3-a6af-a7a19982a8b4 _http_log_response /usr/lib/python2.7/site-packages/keystoneauth1/session.py:479
2019-07-29 06:31:20.720 661 DEBUG novaclient.v2.client [-] RESP BODY: {"flavors": [{"name": "rally_full-flavor_86c10963-6d8b-412f-95e8-cb339d99270d", "links": [{"href": "http://172.30.9.23:8774/v2.1/flavors/b6135e1e-244e-4a90-9d83-6c894f5907eb", "rel": "self"}, {"href": "http://172.30.9.23:8774/flavors/b6135e1e-244e-4a90-9d83-6c894f5907eb", "rel": "bookmark"}], "ram": 512, "OS-FLV-DISABLED:disabled": false, "vcpus": 1, "swap": "", "os-flavor-access:is_public": true, "rxtx_factor": 1.0, "OS-FLV-EXT-DATA:ephemeral": 0, "disk": 1, "id": "b6135e1e-244e-4a90-9d83-6c894f5907eb"}, {"name": "rally_full-flavor_alt_86c10963-6d8b-412f-95e8-cb339d99270d", "links": [{"href": "http://172.30.9.23:8774/v2.1/flavors/d5937f60-b92a-4275-a148-aa34c9b2bf62", "rel": "self"}, {"href": "http://172.30.9.23:8774/flavors/d5937f60-b92a-4275-a148-aa34c9b2bf62", "rel": "bookmark"}], "ram": 1024, "OS-FLV-DISABLED:disabled": false, "vcpus": 1, "swap": "", "os-flavor-access:is_public": true, "rxtx_factor": 1.0, "OS-FLV-EXT-DATA:ephemeral": 0, "disk": 1, "id": "d5937f60-b92a-4275-a148-aa34c9b2bf62"}]} _http_log_response /usr/lib/python2.7/site-packages/keystoneauth1/session.py:511
2019-07-29 06:31:20.720 663 DEBUG novaclient.v2.client [-] RESP BODY: {"flavors": [{"name": "rally_full-flavor_86c10963-6d8b-412f-95e8-cb339d99270d", "links": [{"href": "http://172.30.9.23:8774/v2.1/flavors/b6135e1e-244e-4a90-9d83-6c894f5907eb", "rel": "self"}, {"href": "http://172.30.9.23:8774/flavors/b6135e1e-244e-4a90-9d83-6c894f5907eb", "rel": "bookmark"}], "ram": 512, "OS-FLV-DISABLED:disabled": false, "vcpus": 1, "swap": "", "os-flavor-access:is_public": true, "rxtx_factor": 1.0, "OS-FLV-EXT-DATA:ephemeral": 0, "disk": 1, "id": "b6135e1e-244e-4a90-9d83-6c894f5907eb"}, {"name": "rally_full-flavor_alt_86c10963-6d8b-412f-95e8-cb339d99270d", "links": [{"href": "http://172.30.9.23:8774/v2.1/flavors/d5937f60-b92a-4275-a148-aa34c9b2bf62", "rel": "self"}, {"href": "http://172.30.9.23:8774/flavors/d5937f60-b92a-4275-a148-aa34c9b2bf62", "rel": "bookmark"}], "ram": 1024, "OS-FLV-DISABLED:disabled": false, "vcpus": 1, "swap": "", "os-flavor-access:is_public": true, "rxtx_factor": 1.0, "OS-FLV-EXT-DATA:ephemeral": 0, "disk": 1, "id": "d5937f60-b92a-4275-a148-aa34c9b2bf62"}]} _http_log_response /usr/lib/python2.7/site-packages/keystoneauth1/session.py:511
2019-07-29 06:31:20.721 661 DEBUG novaclient.v2.client [-] GET call to compute for http://172.30.9.23:8774/v2.1/flavors/detail used request id req-7542b7b3-434d-48c3-a6af-a7a19982a8b4 request /usr/lib/python2.7/site-packages/keystoneauth1/session.py:844
2019-07-29 06:31:20.721 663 DEBUG novaclient.v2.client [-] GET call to compute for http://172.30.9.23:8774/v2.1/flavors/detail used request id req-383d793f-c93e-4076-bcf4-4695dbff42c3 request /usr/lib/python2.7/site-packages/keystoneauth1/session.py:844
2019-07-29 06:31:20.723 661 DEBUG novaclient.v2.client [-] REQ: curl -g -i -X GET http://172.30.9.23:8774/v2.1/flavors/detail -H "Accept: application/json" -H "User-Agent: python-novaclient" -H "X-Auth-Token: {SHA1}9be28606287d795de12e403a34e7478e3b712731" _http_log_request /usr/lib/python2.7/site-packages/keystoneauth1/session.py:448
2019-07-29 06:31:20.723 663 DEBUG novaclient.v2.client [-] REQ: curl -g -i -X GET http://172.30.9.23:8774/v2.1/flavors/detail -H "Accept: application/json" -H "User-Agent: python-novaclient" -H "X-Auth-Token: {SHA1}ee5b6aa478ab4214cc926283a0d4f37519497901" _http_log_request /usr/lib/python2.7/site-packages/keystoneauth1/session.py:448
2019-07-29 06:31:20.729 662 DEBUG novaclient.v2.client [-] RESP: [200] Content-Encoding: gzip Content-Length: 365 Content-Type: application/json Date: Mon, 29 Jul 2019 06:31:20 GMT OpenStack-API-Version: compute 2.1 Server: Apache Vary: OpenStack-API-Version,X-OpenStack-Nova-API-Version,Accept-Encoding X-OpenStack-Nova-API-Version: 2.1 x-compute-request-id: req-6d803ebc-99c7-49d2-a25a-799b312d8885 x-openstack-request-id: req-6d803ebc-99c7-49d2-a25a-799b312d8885 _http_log_response /usr/lib/python2.7/site-packages/keystoneauth1/session.py:479
2019-07-29 06:31:20.730 662 DEBUG novaclient.v2.client [-] RESP BODY: {"flavors": [{"name": "rally_full-flavor_86c10963-6d8b-412f-95e8-cb339d99270d", "links": [{"href": "http://172.30.9.23:8774/v2.1/flavors/b6135e1e-244e-4a90-9d83-6c894f5907eb", "rel": "self"}, {"href": "http://172.30.9.23:8774/flavors/b6135e1e-244e-4a90-9d83-6c894f5907eb", "rel": "bookmark"}], "ram": 512, "OS-FLV-DISABLED:disabled": false, "vcpus": 1, "swap": "", "os-flavor-access:is_public": true, "rxtx_factor": 1.0, "OS-FLV-EXT-DATA:ephemeral": 0, "disk": 1, "id": "b6135e1e-244e-4a90-9d83-6c894f5907eb"}, {"name": "rally_full-flavor_alt_86c10963-6d8b-412f-95e8-cb339d99270d", "links": [{"href": "http://172.30.9.23:8774/v2.1/flavors/d5937f60-b92a-4275-a148-aa34c9b2bf62", "rel": "self"}, {"href": "http://172.30.9.23:8774/flavors/d5937f60-b92a-4275-a148-aa34c9b2bf62", "rel": "bookmark"}], "ram": 1024, "OS-FLV-DISABLED:disabled": false, "vcpus": 1, "swap": "", "os-flavor-access:is_public": true, "rxtx_factor": 1.0, "OS-FLV-EXT-DATA:ephemeral": 0, "disk": 1, "id": "d5937f60-b92a-4275-a148-aa34c9b2bf62"}]} _http_log_response /usr/lib/python2.7/site-packages/keystoneauth1/session.py:511
2019-07-29 06:31:20.730 662 DEBUG novaclient.v2.client [-] GET call to compute for http://172.30.9.23:8774/v2.1/flavors/detail used request id req-6d803ebc-99c7-49d2-a25a-799b312d8885 request /usr/lib/python2.7/site-packages/keystoneauth1/session.py:844
2019-07-29 06:31:20.731 662 DEBUG novaclient.v2.client [-] REQ: curl -g -i -X GET http://172.30.9.23:8774/v2.1/flavors/detail -H "Accept: application/json" -H "User-Agent: python-novaclient" -H "X-Auth-Token: {SHA1}23b975c3c98a6a4b3dc92aab944f810b4c1c78f0" _http_log_request /usr/lib/python2.7/site-packages/keystoneauth1/session.py:448
2019-07-29 06:31:20.733 660 DEBUG novaclient.v2.client [-] RESP: [200] Content-Encoding: gzip Content-Length: 365 Content-Type: application/json Date: Mon, 29 Jul 2019 06:31:20 GMT OpenStack-API-Version: compute 2.1 Server: Apache Vary: OpenStack-API-Version,X-OpenStack-Nova-API-Version,Accept-Encoding X-OpenStack-Nova-API-Version: 2.1 x-compute-request-id: req-45f8f06e-fbf7-47d9-89fa-9364593ec060 x-openstack-request-id: req-45f8f06e-fbf7-47d9-89fa-9364593ec060 _http_log_response /usr/lib/python2.7/site-packages/keystoneauth1/session.py:479
2019-07-29 06:31:20.733 660 DEBUG novaclient.v2.client [-] RESP BODY: {"flavors": [{"name": "rally_full-flavor_86c10963-6d8b-412f-95e8-cb339d99270d", "links": [{"href": "http://172.30.9.23:8774/v2.1/flavors/b6135e1e-244e-4a90-9d83-6c894f5907eb", "rel": "self"}, {"href": "http://172.30.9.23:8774/flavors/b6135e1e-244e-4a90-9d83-6c894f5907eb", "rel": "bookmark"}], "ram": 512, "OS-FLV-DISABLED:disabled": false, "vcpus": 1, "swap": "", "os-flavor-access:is_public": true, "rxtx_factor": 1.0, "OS-FLV-EXT-DATA:ephemeral": 0, "disk": 1, "id": "b6135e1e-244e-4a90-9d83-6c894f5907eb"}, {"name": "rally_full-flavor_alt_86c10963-6d8b-412f-95e8-cb339d99270d", "links": [{"href": "http://172.30.9.23:8774/v2.1/flavors/d5937f60-b92a-4275-a148-aa34c9b2bf62", "rel": "self"}, {"href": "http://172.30.9.23:8774/flavors/d5937f60-b92a-4275-a148-aa34c9b2bf62", "rel": "bookmark"}], "ram": 1024, "OS-FLV-DISABLED:disabled": false, "vcpus": 1, "swap": "", "os-flavor-access:is_public": true, "rxtx_factor": 1.0, "OS-FLV-EXT-DATA:ephemeral": 0, "disk": 1, "id": "d5937f60-b92a-4275-a148-aa34c9b2bf62"}]} _http_log_response /usr/lib/python2.7/site-packages/keystoneauth1/session.py:511
2019-07-29 06:31:20.734 660 DEBUG novaclient.v2.client [-] GET call to compute for http://172.30.9.23:8774/v2.1/flavors/detail used request id req-45f8f06e-fbf7-47d9-89fa-9364593ec060 request /usr/lib/python2.7/site-packages/keystoneauth1/session.py:844
2019-07-29 06:31:20.735 660 DEBUG novaclient.v2.client [-] REQ: curl -g -i -X GET http://172.30.9.23:8774/v2.1/flavors/detail -H "Accept: application/json" -H "User-Agent: python-novaclient" -H "X-Auth-Token: {SHA1}516204fc425eed6e78dadd816f4ca1fc25cecff9" _http_log_request /usr/lib/python2.7/site-packages/keystoneauth1/session.py:448
2019-07-29 06:31:20.742 661 DEBUG novaclient.v2.client [-] RESP: [200] Content-Encoding: gzip Content-Length: 365 Content-Type: application/json Date: Mon, 29 Jul 2019 06:31:20 GMT OpenStack-API-Version: compute 2.1 Server: Apache Vary: OpenStack-API-Version,X-OpenStack-Nova-API-Version,Accept-Encoding X-OpenStack-Nova-API-Version: 2.1 x-compute-request-id: req-2579c9c4-af08-4e68-b8a1-77b415827974 x-openstack-request-id: req-2579c9c4-af08-4e68-b8a1-77b415827974 _http_log_response /usr/lib/python2.7/site-packages/keystoneauth1/session.py:479
2019-07-29 06:31:20.743 661 DEBUG novaclient.v2.client [-] RESP BODY: {"flavors": [{"name": "rally_full-flavor_86c10963-6d8b-412f-95e8-cb339d99270d", "links": [{"href": "http://172.30.9.23:8774/v2.1/flavors/b6135e1e-244e-4a90-9d83-6c894f5907eb", "rel": "self"}, {"href": "http://172.30.9.23:8774/flavors/b6135e1e-244e-4a90-9d83-6c894f5907eb", "rel": "bookmark"}], "ram": 512, "OS-FLV-DISABLED:disabled": false, "vcpus": 1, "swap": "", "os-flavor-access:is_public": true, "rxtx_factor": 1.0, "OS-FLV-EXT-DATA:ephemeral": 0, "disk": 1, "id": "b6135e1e-244e-4a90-9d83-6c894f5907eb"}, {"name": "rally_full-flavor_alt_86c10963-6d8b-412f-95e8-cb339d99270d", "links": [{"href": "http://172.30.9.23:8774/v2.1/flavors/d5937f60-b92a-4275-a148-aa34c9b2bf62", "rel": "self"}, {"href": "http://172.30.9.23:8774/flavors/d5937f60-b92a-4275-a148-aa34c9b2bf62", "rel": "bookmark"}], "ram": 1024, "OS-FLV-DISABLED:disabled": false, "vcpus": 1, "swap": "", "os-flavor-access:is_public": true, "rxtx_factor": 1.0, "OS-FLV-EXT-DATA:ephemeral": 0, "disk": 1, "id": "d5937f60-b92a-4275-a148-aa34c9b2bf62"}]} _http_log_response /usr/lib/python2.7/site-packages/keystoneauth1/session.py:511
2019-07-29 06:31:20.743 661 DEBUG novaclient.v2.client [-] GET call to compute for http://172.30.9.23:8774/v2.1/flavors/detail used request id req-2579c9c4-af08-4e68-b8a1-77b415827974 request /usr/lib/python2.7/site-packages/keystoneauth1/session.py:844
2019-07-29 06:31:20.744 661 INFO rally.task.runner [-] Task ecd9d212-42e7-403b-aa0e-d84ce8f1da6d | ITER: 2 END: OK
2019-07-29 06:31:20.748 661 INFO rally.task.runner [-] Task ecd9d212-42e7-403b-aa0e-d84ce8f1da6d | ITER: 5 START
2019-07-29 06:31:20.754 662 DEBUG novaclient.v2.client [-] RESP: [200] Content-Encoding: gzip Content-Length: 365 Content-Type: application/json Date: Mon, 29 Jul 2019 06:31:20 GMT OpenStack-API-Version: compute 2.1 Server: Apache Vary: OpenStack-API-Version,X-OpenStack-Nova-API-Version,Accept-Encoding X-OpenStack-Nova-API-Version: 2.1 x-compute-request-id: req-5a8d8971-f161-4162-a0c4-26f8cc6634a0 x-openstack-request-id: req-5a8d8971-f161-4162-a0c4-26f8cc6634a0 _http_log_response /usr/lib/python2.7/site-packages/keystoneauth1/session.py:479
2019-07-29 06:31:20.755 662 DEBUG novaclient.v2.client [-] RESP BODY: {"flavors": [{"name": "rally_full-flavor_86c10963-6d8b-412f-95e8-cb339d99270d", "links": [{"href": "http://172.30.9.23:8774/v2.1/flavors/b6135e1e-244e-4a90-9d83-6c894f5907eb", "rel": "self"}, {"href": "http://172.30.9.23:8774/flavors/b6135e1e-244e-4a90-9d83-6c894f5907eb", "rel": "bookmark"}], "ram": 512, "OS-FLV-DISABLED:disabled": false, "vcpus": 1, "swap": "", "os-flavor-access:is_public": true, "rxtx_factor": 1.0, "OS-FLV-EXT-DATA:ephemeral": 0, "disk": 1, "id": "b6135e1e-244e-4a90-9d83-6c894f5907eb"}, {"name": "rally_full-flavor_alt_86c10963-6d8b-412f-95e8-cb339d99270d", "links": [{"href": "http://172.30.9.23:8774/v2.1/flavors/d5937f60-b92a-4275-a148-aa34c9b2bf62", "rel": "self"}, {"href": "http://172.30.9.23:8774/flavors/d5937f60-b92a-4275-a148-aa34c9b2bf62", "rel": "bookmark"}], "ram": 1024, "OS-FLV-DISABLED:disabled": false, "vcpus": 1, "swap": "", "os-flavor-access:is_public": true, "rxtx_factor": 1.0, "OS-FLV-EXT-DATA:ephemeral": 0, "disk": 1, "id": "d5937f60-b92a-4275-a148-aa34c9b2bf62"}]} _http_log_response /usr/lib/python2.7/site-packages/keystoneauth1/session.py:511
2019-07-29 06:31:20.755 663 DEBUG novaclient.v2.client [-] RESP: [200] Content-Encoding: gzip Content-Length: 365 Content-Type: application/json Date: Mon, 29 Jul 2019 06:31:20 GMT OpenStack-API-Version: compute 2.1 Server: Apache Vary: OpenStack-API-Version,X-OpenStack-Nova-API-Version,Accept-Encoding X-OpenStack-Nova-API-Version: 2.1 x-compute-request-id: req-582c3750-ba17-4d6f-a194-7ca73d1b035c x-openstack-request-id: req-582c3750-ba17-4d6f-a194-7ca73d1b035c _http_log_response /usr/lib/python2.7/site-packages/keystoneauth1/session.py:479
2019-07-29 06:31:20.755 662 DEBUG novaclient.v2.client [-] GET call to compute for http://172.30.9.23:8774/v2.1/flavors/detail used request id req-5a8d8971-f161-4162-a0c4-26f8cc6634a0 request /usr/lib/python2.7/site-packages/keystoneauth1/session.py:844
2019-07-29 06:31:20.756 663 DEBUG novaclient.v2.client [-] RESP BODY: {"flavors": [{"name": "rally_full-flavor_86c10963-6d8b-412f-95e8-cb339d99270d", "links": [{"href": "http://172.30.9.23:8774/v2.1/flavors/b6135e1e-244e-4a90-9d83-6c894f5907eb", "rel": "self"}, {"href": "http://172.30.9.23:8774/flavors/b6135e1e-244e-4a90-9d83-6c894f5907eb", "rel": "bookmark"}], "ram": 512, "OS-FLV-DISABLED:disabled": false, "vcpus": 1, "swap": "", "os-flavor-access:is_public": true, "rxtx_factor": 1.0, "OS-FLV-EXT-DATA:ephemeral": 0, "disk": 1, "id": "b6135e1e-244e-4a90-9d83-6c894f5907eb"}, {"name": "rally_full-flavor_alt_86c10963-6d8b-412f-95e8-cb339d99270d", "links": [{"href": "http://172.30.9.23:8774/v2.1/flavors/d5937f60-b92a-4275-a148-aa34c9b2bf62", "rel": "self"}, {"href": "http://172.30.9.23:8774/flavors/d5937f60-b92a-4275-a148-aa34c9b2bf62", "rel": "bookmark"}], "ram": 1024, "OS-FLV-DISABLED:disabled": false, "vcpus": 1, "swap": "", "os-flavor-access:is_public": true, "rxtx_factor": 1.0, "OS-FLV-EXT-DATA:ephemeral": 0, "disk": 1, "id": "d5937f60-b92a-4275-a148-aa34c9b2bf62"}]} _http_log_response /usr/lib/python2.7/site-packages/keystoneauth1/session.py:511
2019-07-29 06:31:20.756 663 DEBUG novaclient.v2.client [-] GET call to compute for http://172.30.9.23:8774/v2.1/flavors/detail used request id req-582c3750-ba17-4d6f-a194-7ca73d1b035c request /usr/lib/python2.7/site-packages/keystoneauth1/session.py:844
2019-07-29 06:31:20.756 662 INFO rally.task.runner [-] Task ecd9d212-42e7-403b-aa0e-d84ce8f1da6d | ITER: 3 END: OK
2019-07-29 06:31:20.757 663 INFO rally.task.runner [-] Task ecd9d212-42e7-403b-aa0e-d84ce8f1da6d | ITER: 4 END: OK
