2019-07-28 20:49:54.039 22705 RALLYDEBUG rally_openstack.cleanup.manager [-] Deleting neutron.port object s_rally_56fc1ef6_kDecQhxn (5995344b-4924-4e11-97dc-9ced086dfaa8)
2019-07-28 20:49:54.063 22705 RALLYDEBUG rally_openstack.cleanup.manager [-] Deleting neutron.port object s_rally_56fc1ef6_Rip8KnWD (59a17ca8-baa2-415c-96f6-cc27e87739ad)
2019-07-28 20:49:54.237 22705 RALLYDEBUG rally_openstack.cleanup.manager [-] Deleting neutron.port object s_rally_56fc1ef6_nJC3N9Qp (5a9fc4c8-fb82-485d-96e3-f1677a99e4fc)
2019-07-28 20:49:54.336 22705 RALLYDEBUG rally_openstack.cleanup.manager [-] Deleting neutron.port object s_rally_56fc1ef6_Qatlx2t0 (5ac17649-5df1-4bee-bd11-42cfc8c8c88c)
2019-07-28 20:49:54.356 22705 RALLYDEBUG rally_openstack.cleanup.manager [-] Deleting neutron.port object s_rally_56fc1ef6_LVPPfPwb (5b77c2ce-f3af-4cd4-9422-7fdafeed81f9)
2019-07-28 20:49:54.407 22705 RALLYDEBUG rally_openstack.cleanup.manager [-] Deleting neutron.port object s_rally_56fc1ef6_wwndHPur (5bd768dc-583f-4ee3-b4b6-5d53b1cdf916)
2019-07-28 20:49:54.585 22705 RALLYDEBUG rally_openstack.cleanup.manager [-] Deleting neutron.port object s_rally_56fc1ef6_Ef3oAq8k (5c26b92b-3dee-412a-b279-a92fb61a0ab3)
2019-07-28 20:49:54.594 22705 RALLYDEBUG rally_openstack.cleanup.manager [-] Deleting neutron.port object s_rally_56fc1ef6_QhC0szQ0 (5d03d947-2e01-4db7-bff8-df4e70c1fc23)
2019-07-28 20:49:54.599 22705 RALLYDEBUG rally_openstack.cleanup.manager [-] Deleting neutron.port object s_rally_56fc1ef6_9j5Vh343 (622dc881-53d4-4279-8c2e-2c8fc83a6253)
2019-07-28 20:49:54.665 22705 RALLYDEBUG rally_openstack.cleanup.manager [-] Deleting neutron.port object s_rally_56fc1ef6_5FoIS5qH (64f011b7-82c8-4b35-88e9-97802cee75b4)
2019-07-28 20:49:54.723 22705 RALLYDEBUG rally_openstack.cleanup.manager [-] Deleting neutron.port object s_rally_56fc1ef6_KwQNwEUi (6924ccb3-28c8-431a-9333-dcafe70675b2)
2019-07-28 20:49:54.927 22705 RALLYDEBUG rally_openstack.cleanup.manager [-] Deleting neutron.port object s_rally_56fc1ef6_ObmDuDpl (6b48fa13-fd5c-414e-8b1d-7c7f972ce758)
2019-07-28 20:49:55.429 22705 RALLYDEBUG rally_openstack.cleanup.manager [-] Deleting neutron.port object s_rally_56fc1ef6_IvLZ3Qd3 (6b93cd05-186e-4a6d-84fc-24d4a808b5de)
2019-07-28 20:49:55.488 22705 RALLYDEBUG rally_openstack.cleanup.manager [-] Deleting neutron.port object s_rally_56fc1ef6_1MnteAfh (6c15ea08-c459-4ff1-b1a7-7bca569bd180)
2019-07-28 20:49:55.765 22705 RALLYDEBUG rally_openstack.cleanup.manager [-] Deleting neutron.port object s_rally_56fc1ef6_vhTPZMFL (6c2cc838-e19a-4ad9-be64-3639166488f7)
2019-07-28 20:49:56.003 22705 RALLYDEBUG rally_openstack.cleanup.manager [-] Deleting neutron.port object s_rally_56fc1ef6_WR4aSx4P (709b50d3-ab71-4755-80d6-f41d5de58d28)
2019-07-28 20:49:56.114 22705 RALLYDEBUG rally_openstack.cleanup.manager [-] Deleting neutron.port object s_rally_56fc1ef6_3VATE8dA (75b4119b-3b51-4b4b-8b46-d58c03e1dde9)
2019-07-28 20:49:56.299 22705 RALLYDEBUG rally_openstack.cleanup.manager [-] Deleting neutron.port object s_rally_56fc1ef6_Pz7lsgbi (7832a3bc-287a-4f50-ad93-724c2ab5e180)
2019-07-28 20:49:56.384 22705 RALLYDEBUG rally_openstack.cleanup.manager [-] Deleting neutron.port object s_rally_56fc1ef6_pd4vRZDD (789d16fb-f06a-4454-98b8-6b6ff4d0f375)
2019-07-28 20:49:56.572 22705 RALLYDEBUG rally_openstack.cleanup.manager [-] Deleting neutron.port object s_rally_56fc1ef6_HcOVjpGD (78fa6808-b6e6-436f-b993-d2652ec7b2cb)
2019-07-28 20:49:56.683 22705 RALLYDEBUG rally_openstack.cleanup.manager [-] Deleting neutron.port object s_rally_56fc1ef6_34TQEahp (7a6ce983-45ec-42ad-8d19-7752c8f52a3f)
2019-07-28 20:49:56.686 22705 RALLYDEBUG rally_openstack.cleanup.manager [-] Deleting neutron.port object s_rally_56fc1ef6_P1z4OxSp (7b07b68c-7060-441d-9f03-462b8ed02bb4)
2019-07-28 20:49:56.766 22705 RALLYDEBUG rally_openstack.cleanup.manager [-] Deleting neutron.port object s_rally_56fc1ef6_5I2WsorF (7be9abe8-e8ec-41e7-ac83-ded563236bd7)
2019-07-28 20:49:56.780 22705 RALLYDEBUG rally_openstack.cleanup.manager [-] Deleting neutron.port object s_rally_56fc1ef6_FiM0kHxw (7c8f4288-872c-4e65-9ac8-d51a4ae3f12d)
2019-07-28 20:49:56.974 22705 RALLYDEBUG rally_openstack.cleanup.manager [-] Deleting neutron.port object s_rally_56fc1ef6_0vXybtxk (7cadec01-2d41-46be-aed8-0f195fdf43f9)
2019-07-28 20:49:57.092 22705 RALLYDEBUG rally_openstack.cleanup.manager [-] Deleting neutron.port object s_rally_56fc1ef6_qGNl8PaP (7d69669f-419b-4f52-bf42-731eccaac3b5)
2019-07-28 20:49:57.210 22705 RALLYDEBUG rally_openstack.cleanup.manager [-] Deleting neutron.port object s_rally_56fc1ef6_paAa8ndu (80127f86-6272-485d-ab08-4a8fbd6bd828)
2019-07-28 20:49:57.220 22705 RALLYDEBUG rally_openstack.cleanup.manager [-] Deleting neutron.port object s_rally_56fc1ef6_rw26kbA7 (82e3e1c3-3fe0-45d0-a71d-c0f45e80dcc8)
2019-07-28 20:49:57.718 22705 RALLYDEBUG rally_openstack.cleanup.manager [-] Deleting neutron.port object s_rally_56fc1ef6_9Za04JqM (832cc791-a25f-496c-afc6-506465a6b4d0)
2019-07-28 20:49:57.774 22705 RALLYDEBUG rally_openstack.cleanup.manager [-] Deleting neutron.port object s_rally_56fc1ef6_1WW6sBbF (8337653a-d383-4b83-aa0e-d99582245cf1)
2019-07-28 20:49:57.791 22705 RALLYDEBUG rally_openstack.cleanup.manager [-] Deleting neutron.port object s_rally_56fc1ef6_1znKY5Y8 (859a874e-17ab-4e5f-8a44-2266a6571522)
2019-07-28 20:49:57.809 22705 RALLYDEBUG rally_openstack.cleanup.manager [-] Deleting neutron.port object s_rally_56fc1ef6_3xXJM7DL (88758afe-ac26-4a2f-a81b-5bdab6a8df76)
2019-07-28 20:49:58.018 22705 RALLYDEBUG rally_openstack.cleanup.manager [-] Deleting neutron.port object s_rally_56fc1ef6_1NoHAYvy (88ceaa19-86f5-47db-9b0a-c2e432340869)
2019-07-28 20:49:58.064 22705 RALLYDEBUG rally_openstack.cleanup.manager [-] Deleting neutron.port object s_rally_56fc1ef6_k155f0pv (8b26f72b-0167-412e-8a01-f75cc45fb75a)
2019-07-28 20:49:58.385 22705 RALLYDEBUG rally_openstack.cleanup.manager [-] Deleting neutron.port object s_rally_56fc1ef6_RasfxlQQ (8ce430b1-493a-4775-972d-d3e243f41a54)
2019-07-28 20:49:58.501 22705 RALLYDEBUG rally_openstack.cleanup.manager [-] Deleting neutron.port object s_rally_56fc1ef6_LhAu3G4d (8e4b33ff-3d1a-4aba-9660-1ac6bfd2ea2e)
2019-07-28 20:49:58.919 22705 RALLYDEBUG rally_openstack.cleanup.manager [-] Deleting neutron.port object s_rally_56fc1ef6_rXHDoHxD (9315acbe-7dfd-45df-9532-bfb71b24be60)
2019-07-28 20:49:59.075 22705 RALLYDEBUG rally_openstack.cleanup.manager [-] Deleting neutron.port object s_rally_56fc1ef6_SU8uXw1s (93848069-73f5-43b0-a499-46cd3a13f1ce)
2019-07-28 20:49:59.207 22705 RALLYDEBUG rally_openstack.cleanup.manager [-] Deleting neutron.port object s_rally_56fc1ef6_lU7nuSR4 (94d305b2-f6c0-45b2-97a3-6a91cddfc141)
2019-07-28 20:49:59.299 22705 RALLYDEBUG rally_openstack.cleanup.manager [-] Deleting neutron.port object s_rally_56fc1ef6_g7xsZARR (9518eba3-994a-481b-8cd0-7f3be2845a52)
2019-07-28 20:49:59.311 22705 RALLYDEBUG rally_openstack.cleanup.manager [-] Deleting neutron.port object s_rally_56fc1ef6_ojjrI32i (9696c235-2f89-42af-b9c4-a90e24bea30c)
2019-07-28 20:49:59.403 22705 RALLYDEBUG rally_openstack.cleanup.manager [-] Deleting neutron.port object s_rally_56fc1ef6_VlRuYJBo (96be72e5-baea-422d-9d8a-9552e381623a)
2019-07-28 20:49:59.426 22705 RALLYDEBUG rally_openstack.cleanup.manager [-] Deleting neutron.port object s_rally_56fc1ef6_6st6dlna (96d8f4f4-46b0-4aa1-a678-14fab2de4de7)
2019-07-28 20:49:59.437 22705 RALLYDEBUG rally_openstack.cleanup.manager [-] Deleting neutron.port object s_rally_56fc1ef6_comKlcmP (98109716-7206-4edf-aab9-ad1febf8aa33)
2019-07-28 20:49:59.638 22705 RALLYDEBUG rally_openstack.cleanup.manager [-] Deleting neutron.port object s_rally_56fc1ef6_SuLAK9FX (983c78ab-7b15-466d-9328-affcbfdbc4b2)
2019-07-28 20:49:59.885 22705 RALLYDEBUG rally_openstack.cleanup.manager [-] Deleting neutron.port object s_rally_56fc1ef6_v3qGoI2C (98bd3aab-2f09-43bb-8c50-b021e3749023)
2019-07-28 20:49:59.969 22705 RALLYDEBUG rally_openstack.cleanup.manager [-] Deleting neutron.port object s_rally_56fc1ef6_nt6LyAH1 (99817f7b-0657-409c-9dd8-3bbfde279729)
2019-07-28 20:49:59.992 22705 RALLYDEBUG rally_openstack.cleanup.manager [-] Deleting neutron.port object s_rally_56fc1ef6_MmHTkpcs (9a053990-66cc-4f86-bfa1-83534a51efd8)
2019-07-28 20:50:00.133 22705 RALLYDEBUG rally_openstack.cleanup.manager [-] Deleting neutron.port object s_rally_56fc1ef6_64j5IV6t (9b648b40-adbd-4f39-a9cc-d35ca902e564)
2019-07-28 20:50:00.220 22705 RALLYDEBUG rally_openstack.cleanup.manager [-] Deleting neutron.port object s_rally_56fc1ef6_nRfeptp5 (9dbf7aca-bf06-47e8-b27d-a1b453c5c879)
2019-07-28 20:50:00.245 22705 RALLYDEBUG rally_openstack.cleanup.manager [-] Deleting neutron.port object s_rally_56fc1ef6_0V3jSjFc (a1cc6564-8d07-4807-82f6-c00a9cc38dc0)
2019-07-28 20:50:00.272 22705 RALLYDEBUG rally_openstack.cleanup.manager [-] Deleting neutron.port object s_rally_56fc1ef6_IbvdE4kr (a5697ab6-a196-4f2c-87a9-f14385bebd2e)
2019-07-28 20:50:00.334 22705 RALLYDEBUG rally_openstack.cleanup.manager [-] Deleting neutron.port object s_rally_56fc1ef6_UDtnr8GC (a7e39f69-638b-4d88-af64-a992c5403a3d)
2019-07-28 20:50:00.572 22705 RALLYDEBUG rally_openstack.cleanup.manager [-] Deleting neutron.port object s_rally_56fc1ef6_tEfdv8E4 (a8f64f82-2b48-4e66-ad40-279802d93b62)
2019-07-28 20:50:00.731 22705 RALLYDEBUG rally_openstack.cleanup.manager [-] Deleting neutron.port object s_rally_56fc1ef6_HpXeF4oP (aa5b2f85-69ea-4291-9f5e-a3c5dbfef89c)
2019-07-28 20:50:00.774 22705 RALLYDEBUG rally_openstack.cleanup.manager [-] Deleting neutron.port object s_rally_56fc1ef6_gfCG7YB9 (aabcf855-da19-400e-bc7f-b65ff551f4f2)
2019-07-28 20:50:01.381 22705 RALLYDEBUG rally_openstack.cleanup.manager [-] Deleting neutron.port object s_rally_56fc1ef6_Mk3Yp0Oz (abe91d59-d211-4c02-89d3-cea1e17506d4)
2019-07-28 20:50:01.592 22705 RALLYDEBUG rally_openstack.cleanup.manager [-] Deleting neutron.port object s_rally_56fc1ef6_rbLxmdhK (ac4dfd5f-50c0-48c4-965c-eda222963b4f)
2019-07-28 20:50:01.760 22705 RALLYDEBUG rally_openstack.cleanup.manager [-] Deleting neutron.port object s_rally_56fc1ef6_Op5IzJnS (ac5d5555-4c56-4e4d-8a7f-038a8f623376)
2019-07-28 20:50:01.790 22705 RALLYDEBUG rally_openstack.cleanup.manager [-] Deleting neutron.port object s_rally_56fc1ef6_x3MMsGmq (ace38f73-0c98-4e79-8583-fb9cf348037a)
2019-07-28 20:50:01.947 22705 RALLYDEBUG rally_openstack.cleanup.manager [-] Deleting neutron.port object s_rally_56fc1ef6_B8IqRyjZ (ae2b2062-9556-4f18-ac2e-c68d1947b418)
2019-07-28 20:50:01.958 22705 RALLYDEBUG rally_openstack.cleanup.manager [-] Deleting neutron.port object s_rally_56fc1ef6_S0uo5QBT (af0e4ed4-2164-4ed7-b60a-3ced162396c1)
2019-07-28 20:50:02.206 22705 RALLYDEBUG rally_openstack.cleanup.manager [-] Deleting neutron.port object s_rally_56fc1ef6_44UY6ukv (b0c1f7a5-1346-490b-8084-302630318334)
2019-07-28 20:50:02.233 22705 RALLYDEBUG rally_openstack.cleanup.manager [-] Deleting neutron.port object s_rally_56fc1ef6_kqcLXFqH (b1cebd50-2971-48d0-8521-f98b38d998c8)
2019-07-28 20:50:02.268 22705 RALLYDEBUG rally_openstack.cleanup.manager [-] Deleting neutron.port object s_rally_56fc1ef6_beNKmy9h (b230f2f6-074e-43c1-93f5-3c6e3d6c0d91)
2019-07-28 20:50:02.348 22705 RALLYDEBUG rally_openstack.cleanup.manager [-] Deleting neutron.port object s_rally_56fc1ef6_ZN5DUTLT (b2b4a81e-657f-45a4-a24c-cb9e48da9992)
2019-07-28 20:50:02.364 22705 RALLYDEBUG rally_openstack.cleanup.manager [-] Deleting neutron.port object s_rally_56fc1ef6_gLhwGFUa (b31a4f20-28df-4819-bcff-f3a0c19c4210)
2019-07-28 20:50:02.473 22705 RALLYDEBUG rally_openstack.cleanup.manager [-] Deleting neutron.port object s_rally_56fc1ef6_RPoK5FnW (b36ffa41-a48b-488c-8341-56cd78c73b7a)
2019-07-28 20:50:02.578 22705 RALLYDEBUG rally_openstack.cleanup.manager [-] Deleting neutron.port object s_rally_56fc1ef6_s7F59qTz (b3e3ce7a-3d7b-4188-86cf-c06e797705fd)
2019-07-28 20:50:02.898 22705 RALLYDEBUG rally_openstack.cleanup.manager [-] Deleting neutron.port object s_rally_56fc1ef6_sMHx1BFK (b6866515-565c-4718-b702-6372b08e4f67)
2019-07-28 20:50:03.027 22705 RALLYDEBUG rally_openstack.cleanup.manager [-] Deleting neutron.port object s_rally_56fc1ef6_2pyMf3CX (b6a898a5-fb79-4476-811c-d703da575b12)
2019-07-28 20:50:03.305 22705 RALLYDEBUG rally_openstack.cleanup.manager [-] Deleting neutron.port object s_rally_56fc1ef6_lKjiY5V4 (b6bce2c9-9df0-481c-bf8a-ea2356628718)
2019-07-28 20:50:03.332 22705 RALLYDEBUG rally_openstack.cleanup.manager [-] Deleting neutron.port object s_rally_56fc1ef6_vLwrS5pG (b87844f5-6ef3-4865-a119-090239d91e36)
2019-07-28 20:50:03.339 22705 RALLYDEBUG rally_openstack.cleanup.manager [-] Deleting neutron.port object s_rally_56fc1ef6_U8HZaDyV (b98300ba-c693-41aa-9fe2-11e10cb0d9ec)
2019-07-28 20:50:03.363 22705 RALLYDEBUG rally_openstack.cleanup.manager [-] Deleting neutron.port object s_rally_56fc1ef6_Q67A62r8 (b99bae29-251a-4e59-a27a-4f722ce2b232)
2019-07-28 20:50:03.520 22705 RALLYDEBUG rally_openstack.cleanup.manager [-] Deleting neutron.port object s_rally_56fc1ef6_PSUb8opy (ba8d7a47-46d1-4cf0-b1fe-19c4135e610e)
2019-07-28 20:50:03.932 22705 RALLYDEBUG rally_openstack.cleanup.manager [-] Deleting neutron.port object s_rally_56fc1ef6_mFB2doxq (bce5e7c4-33e9-4509-9a1f-3ab068de8e76)
2019-07-28 20:50:03.990 22705 RALLYDEBUG rally_openstack.cleanup.manager [-] Deleting neutron.port object s_rally_56fc1ef6_yvqPqzhO (be67e2bd-32ad-4214-9f1c-524108ce403b)
2019-07-28 20:50:04.082 22705 RALLYDEBUG rally_openstack.cleanup.manager [-] Deleting neutron.port object s_rally_56fc1ef6_4BGznInY (bf44f89b-e93e-4f7f-9182-2c62e9260063)
2019-07-28 20:50:04.506 22705 RALLYDEBUG rally_openstack.cleanup.manager [-] Deleting neutron.port object s_rally_56fc1ef6_ee4kjHK9 (bffe2da7-8ab1-4dc3-96f2-410caa216ac2)
2019-07-28 20:50:04.740 22705 RALLYDEBUG rally_openstack.cleanup.manager [-] Deleting neutron.port object s_rally_56fc1ef6_7WEV3J5p (c05f868d-1824-484d-a593-3124af273131)
2019-07-28 20:50:04.967 22705 RALLYDEBUG rally_openstack.cleanup.manager [-] Deleting neutron.port object s_rally_56fc1ef6_UuFvh0eJ (c8543e27-0600-4d6d-a36b-40682dbd61af)
2019-07-28 20:50:05.047 22705 RALLYDEBUG rally_openstack.cleanup.manager [-] Deleting neutron.port object s_rally_56fc1ef6_FwzI9pQy (c966e17a-00c2-4ec4-918e-649708f27263)
2019-07-28 20:50:05.052 22705 RALLYDEBUG rally_openstack.cleanup.manager [-] Deleting neutron.port object s_rally_56fc1ef6_Nw3eFlI5 (c9c60f17-34c4-4e43-a65c-6b28cb5df91c)
2019-07-28 20:50:05.197 22705 RALLYDEBUG rally_openstack.cleanup.manager [-] Deleting neutron.port object s_rally_56fc1ef6_L9rc8TWX (c9d9ff54-d488-4604-8973-c25213333b03)
2019-07-28 20:50:05.216 22705 RALLYDEBUG rally_openstack.cleanup.manager [-] Deleting neutron.port object s_rally_56fc1ef6_2QXgqVdP (cb19430e-ed93-4cd6-b4e4-f2184c0166ab)
2019-07-28 20:50:05.261 22705 RALLYDEBUG rally_openstack.cleanup.manager [-] Deleting neutron.port object s_rally_56fc1ef6_9A2u99XS (cbdcf821-0db0-43db-8ab9-9b4ce67d4df9)
2019-07-28 20:50:05.302 22705 RALLYDEBUG rally_openstack.cleanup.manager [-] Deleting neutron.port object s_rally_56fc1ef6_A9wtQcAG (ccbfa794-6f58-4a84-90bc-4c47586b4bde)
2019-07-28 20:50:05.368 22705 RALLYDEBUG rally_openstack.cleanup.manager [-] Deleting neutron.port object s_rally_56fc1ef6_xRM83VFi (ccfcd594-4772-4c3b-b1e1-666546d19753)
2019-07-28 20:50:05.374 22705 RALLYDEBUG rally_openstack.cleanup.manager [-] Deleting neutron.port object s_rally_56fc1ef6_yeTVx1RV (ce7eb119-f375-4c86-a5f9-6ef9417c2ede)
2019-07-28 20:50:05.599 22705 RALLYDEBUG rally_openstack.cleanup.manager [-] Deleting neutron.port object s_rally_56fc1ef6_YyRKXZ75 (cf33265c-9c4d-46e3-ba07-e2a36251833e)
2019-07-28 20:50:05.623 22705 RALLYDEBUG rally_openstack.cleanup.manager [-] Deleting neutron.port object s_rally_56fc1ef6_NcvSNpGr (d0481ec9-02a2-4532-bf02-be5eadecb149)
2019-07-28 20:50:06.175 22705 RALLYDEBUG rally_openstack.cleanup.manager [-] Deleting neutron.port object s_rally_56fc1ef6_jodtNSN3 (d2054d3b-941f-446a-b09b-6cd35c4b4000)
2019-07-28 20:50:06.241 22705 RALLYDEBUG rally_openstack.cleanup.manager [-] Deleting neutron.port object s_rally_56fc1ef6_chrY6kN7 (d6d256e0-055a-44c5-94b4-43bd02b07755)
2019-07-28 20:50:06.303 22705 RALLYDEBUG rally_openstack.cleanup.manager [-] Deleting neutron.port object s_rally_56fc1ef6_mFw4YLZL (d7bb4a05-5ac4-4b84-a655-7a542028d069)
2019-07-28 20:50:06.353 22705 RALLYDEBUG rally_openstack.cleanup.manager [-] Deleting neutron.port object s_rally_56fc1ef6_gKvcsaak (d814ad5a-570c-4c36-8831-600214c02407)
2019-07-28 20:50:06.578 22705 RALLYDEBUG rally_openstack.cleanup.manager [-] Deleting neutron.port object s_rally_56fc1ef6_bGWhQqSj (d93f99de-0312-4429-8138-ec79caf98303)
2019-07-28 20:50:06.716 22705 RALLYDEBUG rally_openstack.cleanup.manager [-] Deleting neutron.port object s_rally_56fc1ef6_91S0bQ4o (d9ff9f75-9b4b-4035-95a7-043b118eef5e)
2019-07-28 20:50:06.885 22705 RALLYDEBUG rally_openstack.cleanup.manager [-] Deleting neutron.port object s_rally_56fc1ef6_4Atbgxco (dae1eb75-70cf-408f-98c4-522bad2a4a1e)
2019-07-28 20:50:06.933 22705 RALLYDEBUG rally_openstack.cleanup.manager [-] Deleting neutron.port object s_rally_56fc1ef6_KeIfmCpj (deccfc91-75d2-439f-bfc3-130585647124)
2019-07-28 20:50:07.422 22705 RALLYDEBUG rally_openstack.cleanup.manager [-] Deleting neutron.port object s_rally_56fc1ef6_LtGvr6tl (df38e0c4-d997-4c6d-9ecf-1bd573f78bb7)
2019-07-28 20:50:07.478 22705 RALLYDEBUG rally_openstack.cleanup.manager [-] Deleting neutron.port object s_rally_56fc1ef6_5RBe3pDi (e166e46d-54f5-4b75-a4cd-4ba0ee13e89a)
2019-07-28 20:50:07.513 22705 RALLYDEBUG rally_openstack.cleanup.manager [-] Deleting neutron.port object s_rally_56fc1ef6_DiOsVnNZ (e3879661-05ce-4413-9c53-325e96fb2e89)
2019-07-28 20:50:07.679 22705 RALLYDEBUG rally_openstack.cleanup.manager [-] Deleting neutron.port object s_rally_56fc1ef6_zDNHcCjp (e51394b4-99df-4ca4-9412-105b6b5d9359)
2019-07-28 20:50:07.799 22705 RALLYDEBUG rally_openstack.cleanup.manager [-] Deleting neutron.port object s_rally_56fc1ef6_LBOalcne (e68a270d-0381-4aaf-ac3b-9ec28b707657)
2019-07-28 20:50:07.808 22705 RALLYDEBUG rally_openstack.cleanup.manager [-] Deleting neutron.port object s_rally_56fc1ef6_iZxrGUkM (e8e2dd34-29f1-4fc7-bab2-6e7e3ffbf491)
2019-07-28 20:50:07.838 22705 RALLYDEBUG rally_openstack.cleanup.manager [-] Deleting neutron.port object s_rally_56fc1ef6_m4j09eUw (e9066974-1acc-45a5-9572-050e032080f9)
2019-07-28 20:50:07.941 22705 RALLYDEBUG rally_openstack.cleanup.manager [-] Deleting neutron.port object s_rally_56fc1ef6_zvHKQldi (e9250c9e-60a6-4953-9338-f70cbd98a1e7)
2019-07-28 20:50:08.104 22705 RALLYDEBUG rally_openstack.cleanup.manager [-] Deleting neutron.port object s_rally_56fc1ef6_NXD6udqh (ea65a2e2-b241-4423-9754-379810fe8b9d)
2019-07-28 20:50:08.114 22705 RALLYDEBUG rally_openstack.cleanup.manager [-] Deleting neutron.port object s_rally_56fc1ef6_QotEFVAm (eb0a4420-997b-4e7e-b0fc-74d4e075ba2b)
2019-07-28 20:50:08.243 22705 RALLYDEBUG rally_openstack.cleanup.manager [-] Deleting neutron.port object s_rally_56fc1ef6_XPI26pu6 (ec3b14cd-28e2-4710-83b3-37cafe83e662)
2019-07-28 20:50:08.499 22705 RALLYDEBUG rally_openstack.cleanup.manager [-] Deleting neutron.port object s_rally_56fc1ef6_gUl1rMtz (ec9ee926-c50c-4333-9e7b-47851cf4c500)
2019-07-28 20:50:08.596 22705 RALLYDEBUG rally_openstack.cleanup.manager [-] Deleting neutron.port object s_rally_56fc1ef6_7kN1LgWf (ed22117a-abe1-4f93-85da-f85d1a8c004e)
2019-07-28 20:50:08.674 22705 RALLYDEBUG rally_openstack.cleanup.manager [-] Deleting neutron.port object s_rally_56fc1ef6_FHLTb1G9 (eddfad42-0f6e-49be-b5d1-40fa367629a1)
2019-07-28 20:50:08.741 22705 RALLYDEBUG rally_openstack.cleanup.manager [-] Deleting neutron.port object s_rally_56fc1ef6_ag7RmtGd (eef51aa9-0db2-49d4-845d-176e82fc8574)
2019-07-28 20:50:08.905 22705 RALLYDEBUG rally_openstack.cleanup.manager [-] Deleting neutron.port object s_rally_56fc1ef6_pTP8qKOw (ef2273ba-9db4-4059-9fe9-88f416722b09)
2019-07-28 20:50:08.961 22705 RALLYDEBUG rally_openstack.cleanup.manager [-] Deleting neutron.port object s_rally_56fc1ef6_F1f3Mnj6 (f239146a-19c5-48b2-a858-0a7c22b3a35b)
2019-07-28 20:50:09.485 22705 RALLYDEBUG rally_openstack.cleanup.manager [-] Deleting neutron.port object s_rally_56fc1ef6_7lQDtXdU (f3515e0a-deea-4da9-b7d7-fdcff6d825e9)
2019-07-28 20:50:09.621 22705 RALLYDEBUG rally_openstack.cleanup.manager [-] Deleting neutron.port object s_rally_56fc1ef6_5VhOX5gF (f41bfcc7-2017-49b8-a847-84c14ac90477)
2019-07-28 20:50:09.802 22705 RALLYDEBUG rally_openstack.cleanup.manager [-] Deleting neutron.port object s_rally_56fc1ef6_pS6OTYMr (f8a4dbdf-97cf-443d-9caf-a00d8b2d078d)
2019-07-28 20:50:09.936 22705 RALLYDEBUG rally_openstack.cleanup.manager [-] Deleting neutron.port object s_rally_56fc1ef6_JgSYAsy2 (f9cc7b83-f143-45cb-99ba-d60ceb3b35c4)
2019-07-28 20:50:09.952 22705 RALLYDEBUG rally_openstack.cleanup.manager [-] Deleting neutron.port object s_rally_56fc1ef6_cXINDamS (f9edde09-dc1b-4ec5-9b34-2d6bf367fbb0)
2019-07-28 20:50:10.040 22705 RALLYDEBUG rally_openstack.cleanup.manager [-] Deleting neutron.port object s_rally_56fc1ef6_wXrpeuYo (fa6770fc-a1ca-4a72-b261-bd216a80787e)
2019-07-28 20:50:10.252 22705 RALLYDEBUG rally_openstack.cleanup.manager [-] Deleting neutron.port object s_rally_56fc1ef6_KGTWCeSk (fae841e2-ab1e-4a41-8047-3e7afda8b3fd)
2019-07-28 20:50:10.258 22705 RALLYDEBUG rally_openstack.cleanup.manager [-] Deleting neutron.port object s_rally_56fc1ef6_7IcIOfps (fcb75611-5038-499e-945d-670d5cfd67a5)
2019-07-28 20:50:10.592 22705 RALLYDEBUG rally_openstack.cleanup.manager [-] Deleting neutron.port object s_rally_56fc1ef6_m4IJeM9O (fd3302de-f48a-4ba4-a9bf-d3db2835d055)
2019-07-28 20:50:10.644 22705 RALLYDEBUG rally_openstack.cleanup.manager [-] Deleting neutron.port object s_rally_56fc1ef6_dmnyWYAL (fd8b4bf4-0489-40a6-9557-aa0ffb83d07b)
2019-07-28 20:50:10.731 22705 RALLYDEBUG rally_openstack.cleanup.manager [-] Deleting neutron.port object s_rally_56fc1ef6_B8S938lG (fdc13f9b-1550-4489-8c28-59a68c9f5124)
2019-07-28 20:50:10.884 22705 RALLYDEBUG rally_openstack.cleanup.manager [-] Deleting neutron.port object s_rally_56fc1ef6_BCUhFJfZ (fe0bd575-d3f9-408f-9f23-048eacd707a8)
2019-07-28 20:50:10.935 22705 RALLYDEBUG rally_openstack.cleanup.manager [-] Deleting neutron.port object s_rally_56fc1ef6_sfFg7idR (fe80ae97-fcfe-4024-9874-53365cef66fb)
2019-07-28 20:50:11.011 22705 RALLYDEBUG rally_openstack.cleanup.manager [-] Deleting neutron.port object s_rally_56fc1ef6_nhUpVrox (ff74f9fb-92d2-4774-9c8b-c167ed7fca52)
2019-07-28 20:50:13.731 22705 RALLYDEBUG rally_openstack.cleanup.manager [-] Cleaning up neutron subnet objects
2019-07-28 20:50:14.495 22705 RALLYDEBUG rally_openstack.cleanup.manager [-] Cleaning up neutron network objects
2019-07-28 20:50:15.403 22705 RALLYDEBUG rally_openstack.cleanup.manager [-] Deleting neutron.network object s_rally_56fc1ef6_vKpwr4Ne (06545b0b-f00d-47b4-885b-65cb794e9ca0)
2019-07-28 20:50:15.409 22705 RALLYDEBUG rally_openstack.cleanup.manager [-] Deleting neutron.network object s_rally_56fc1ef6_FsfzXFWo (0d5c76b2-1b5d-4d3d-9778-f49459034680)
2019-07-28 20:50:15.413 22705 RALLYDEBUG rally_openstack.cleanup.manager [-] Deleting neutron.network object s_rally_56fc1ef6_uVpqeBds (0e7aeae7-2446-4ae3-b059-93bea1116104)
2019-07-28 20:50:15.417 22705 RALLYDEBUG rally_openstack.cleanup.manager [-] Deleting neutron.network object s_rally_56fc1ef6_rjMV4sPf (10f96cbb-4125-4e38-be8c-d91e2b001d61)
2019-07-28 20:50:15.432 22705 RALLYDEBUG rally_openstack.cleanup.manager [-] Deleting neutron.network object s_rally_56fc1ef6_iZ03F4re (1dd7b80d-3e52-4569-a4b5-3ff817238bc1)
2019-07-28 20:50:15.440 22705 RALLYDEBUG rally_openstack.cleanup.manager [-] Deleting neutron.network object s_rally_56fc1ef6_kMirc4Ng (1edb303f-8a25-4903-b054-3bf7817e3aa4)
2019-07-28 20:50:15.448 22705 RALLYDEBUG rally_openstack.cleanup.manager [-] Deleting neutron.network object s_rally_56fc1ef6_RnG4z5kP (1f0ca56d-c3e9-4cf6-9a2f-569cd02e98ff)
2019-07-28 20:50:15.459 22705 RALLYDEBUG rally_openstack.cleanup.manager [-] Deleting neutron.network object s_rally_56fc1ef6_dhYcBlT2 (287546f6-3633-4a4d-b97d-bc149429a3a2)
2019-07-28 20:50:15.460 22705 RALLYDEBUG rally_openstack.cleanup.manager [-] Deleting neutron.network object s_rally_56fc1ef6_uFDZ7niJ (24454e1b-b474-4ca4-9d14-138c36a83bf7)
2019-07-28 20:50:15.490 22705 RALLYDEBUG rally_openstack.cleanup.manager [-] Deleting neutron.network object s_rally_56fc1ef6_B30UgHvX (3435fa3c-eb4d-490f-896d-98084ee766a3)
2019-07-28 20:50:15.500 22705 RALLYDEBUG rally_openstack.cleanup.manager [-] Deleting neutron.network object s_rally_56fc1ef6_SpaZ62ck (34c8913c-0a20-4a16-987d-34d699951c6d)
2019-07-28 20:50:15.510 22705 RALLYDEBUG rally_openstack.cleanup.manager [-] Deleting neutron.network object s_rally_56fc1ef6_Jo2RfsGC (3b4b1c64-45b3-4541-b973-70780f59ac80)
2019-07-28 20:50:15.511 22705 RALLYDEBUG rally_openstack.cleanup.manager [-] Deleting neutron.network object s_rally_56fc1ef6_efC2ZWgs (4d4ab62e-a6d8-4037-9b2c-0bd7a3ad72d6)
2019-07-28 20:50:15.519 22705 RALLYDEBUG rally_openstack.cleanup.manager [-] Deleting neutron.network object s_rally_56fc1ef6_pSyarHAD (507c3b27-9913-423a-a016-6b3e397cc9f9)
2019-07-28 20:50:15.525 22705 RALLYDEBUG rally_openstack.cleanup.manager [-] Deleting neutron.network object s_rally_56fc1ef6_ZobarKnQ (565b2695-eaf6-44aa-918b-bf910e0ee566)
2019-07-28 20:50:15.537 22705 RALLYDEBUG rally_openstack.cleanup.manager [-] Deleting neutron.network object s_rally_56fc1ef6_1bKfuDoZ (5e287bd7-7d2a-4f95-b6f0-60d8eaeea311)
2019-07-28 20:50:15.553 22705 RALLYDEBUG rally_openstack.cleanup.manager [-] Deleting neutron.network object s_rally_56fc1ef6_lBTog4jM (66a5caac-31d6-42b2-9936-dd8ec220dcbe)
2019-07-28 20:50:15.559 22705 RALLYDEBUG rally_openstack.cleanup.manager [-] Deleting neutron.network object s_rally_56fc1ef6_LGux27Ws (6cf4a5f3-8633-44af-b9ff-75d26af55597)
2019-07-28 20:50:15.566 22705 RALLYDEBUG rally_openstack.cleanup.manager [-] Deleting neutron.network object s_rally_56fc1ef6_tMkWM84v (7ad36356-1b77-4534-abfa-e78d9f5ddd2a)
2019-07-28 20:50:15.586 22705 RALLYDEBUG rally_openstack.cleanup.manager [-] Deleting neutron.network object s_rally_56fc1ef6_zxoEOFfC (806d30b3-c580-4743-92d5-e032168e6496)
2019-07-28 20:50:18.891 22705 RALLYDEBUG rally_openstack.cleanup.manager [-] Deleting neutron.network object s_rally_56fc1ef6_sstxMaeG (824d3a10-c6f3-4764-90c8-6e711809cdfa)
2019-07-28 20:50:18.923 22705 RALLYDEBUG rally_openstack.cleanup.manager [-] Deleting neutron.network object s_rally_56fc1ef6_RKHnSTPc (843fd055-0ab4-4b75-996f-53584b9c0f40)
2019-07-28 20:50:18.972 22705 RALLYDEBUG rally_openstack.cleanup.manager [-] Deleting neutron.network object s_rally_56fc1ef6_J8UNxlbL (868d545a-a848-4df0-b25b-56e223dba572)
2019-07-28 20:50:19.099 22705 RALLYDEBUG rally_openstack.cleanup.manager [-] Deleting neutron.network object s_rally_56fc1ef6_sXxonKfa (919596f1-3931-4da2-a1a4-ae41a7c870b5)
2019-07-28 20:50:19.348 22705 RALLYDEBUG rally_openstack.cleanup.manager [-] Deleting neutron.network object s_rally_56fc1ef6_adCWgqft (a25efc06-4ab9-4393-a5f3-998e8f2ab5d5)
2019-07-28 20:50:19.360 22705 RALLYDEBUG rally_openstack.cleanup.manager [-] Deleting neutron.network object s_rally_56fc1ef6_429o6Vzv (a7c2e6f8-2978-4ebf-b7f0-1bc93a37c470)
2019-07-28 20:50:19.377 22705 RALLYDEBUG rally_openstack.cleanup.manager [-] Deleting neutron.network object s_rally_56fc1ef6_XwEqJ5lP (ad294fad-218a-420c-b286-9422dc2dff34)
2019-07-28 20:50:19.381 22705 RALLYDEBUG rally_openstack.cleanup.manager [-] Deleting neutron.network object s_rally_56fc1ef6_1OuElBtb (bfb40b5f-cc58-4e1f-bf6c-32622c1343b8)
2019-07-28 20:50:20.038 22705 RALLYDEBUG rally_openstack.cleanup.manager [-] Deleting neutron.network object s_rally_56fc1ef6_7q2BpVRi (c1761cea-62d4-47d1-9e38-31b890deb0f6)
2019-07-28 20:50:20.066 22705 RALLYDEBUG rally_openstack.cleanup.manager [-] Deleting neutron.network object s_rally_56fc1ef6_3f7as7fD (c22d12da-83b3-4ff3-9aca-7a9217fae264)
2019-07-28 20:50:20.111 22705 RALLYDEBUG rally_openstack.cleanup.manager [-] Deleting neutron.network object s_rally_56fc1ef6_dSer8Uf0 (c3300b1c-6229-40f0-92f7-417721a1dc75)
2019-07-28 20:50:20.134 22705 RALLYDEBUG rally_openstack.cleanup.manager [-] Deleting neutron.network object s_rally_56fc1ef6_I8NNCpTl (c4eaa857-5603-49bc-bd6b-9cf4e22bdc2b)
2019-07-28 20:50:20.194 22705 RALLYDEBUG rally_openstack.cleanup.manager [-] Deleting neutron.network object s_rally_56fc1ef6_TqXD2hAj (cef306a0-e9ff-4b81-9f7b-c35b9324fca2)
2019-07-28 20:50:20.217 22705 RALLYDEBUG rally_openstack.cleanup.manager [-] Deleting neutron.network object s_rally_56fc1ef6_yUlW6lk5 (d3ccf44c-aa8f-48db-a4ce-c50304c034a3)
2019-07-28 20:50:21.025 22705 RALLYDEBUG rally_openstack.cleanup.manager [-] Deleting neutron.network object s_rally_56fc1ef6_RBf4hGpU (d4aecff9-697b-45a4-920d-01dde5adf807)
2019-07-28 20:50:21.032 22705 RALLYDEBUG rally_openstack.cleanup.manager [-] Deleting neutron.network object s_rally_56fc1ef6_Uk8ktS4R (e3d8089f-db59-410d-8bc0-e5473f029faa)
2019-07-28 20:50:21.440 22705 RALLYDEBUG rally_openstack.cleanup.manager [-] Deleting neutron.network object s_rally_56fc1ef6_qaKd8zJt (fe52709d-936b-4573-ab46-7585e2b02018)
2019-07-28 20:50:21.441 22705 RALLYDEBUG rally_openstack.cleanup.manager [-] Deleting neutron.network object s_rally_56fc1ef6_BEPcQyxt (facf766e-85e6-4734-a28e-625e82267fb4)
2019-07-28 20:50:21.441 22705 RALLYDEBUG rally_openstack.cleanup.manager [-] Deleting neutron.network object s_rally_56fc1ef6_4sIHPkDr (fd8befd8-6ff2-4c84-867f-476d00e8143a)
2019-07-28 20:50:21.614 22705 RALLYDEBUG rally_openstack.cleanup.manager [-] Deleting neutron.network object s_rally_56fc1ef6_ON0FFGHr (fee2fd2f-8db3-4dc0-a1e1-11ff895c8150)
2019-07-28 20:50:25.171 22705 RALLYDEBUG rally_openstack.cleanup.manager [-] Cleaning up neutron router objects
2019-07-28 20:50:25.985 22705 RALLYDEBUG rally_openstack.cleanup.manager [-] Cleaning up neutron security_group objects
2019-07-28 20:50:26.745 22705 INFO rally.task.context [-] Task 4ae683d2-fc38-4f56-95e0-4c56be91d723 | Context cleanup@openstack cleanup() finished in 46.26 sec
2019-07-28 20:50:26.745 22705 INFO rally.task.context [-] Task 4ae683d2-fc38-4f56-95e0-4c56be91d723 | Context quotas@openstack cleanup() started
2019-07-28 20:50:26.983 22705 INFO rally.task.context [-] Task 4ae683d2-fc38-4f56-95e0-4c56be91d723 | Context quotas@openstack cleanup() finished in 0.24 sec
2019-07-28 20:50:26.983 22705 INFO rally.task.context [-] Task 4ae683d2-fc38-4f56-95e0-4c56be91d723 | Context users@openstack cleanup() started
2019-07-28 20:50:32.188 22705 INFO rally.task.context [-] Task 4ae683d2-fc38-4f56-95e0-4c56be91d723 | Context users@openstack cleanup() finished in 5.20 sec
2019-07-28 20:50:32.837 22705 INFO rally.task.engine [-] Load duration is: 38.609112
2019-07-28 20:50:32.838 22705 INFO rally.task.engine [-] Full runner duration is: 38.653888
2019-07-28 20:50:32.838 22705 INFO rally.task.engine [-] Full duration is: 95.862729
2019-07-28 20:50:33.016 22705 INFO rally.task.engine [-] Running workload: position = 2 config = { "version": 2, "title": "A cropped version of a bigger task.", "description": "Auto-generated task from a single workload (uuid=607ffe7b-6992-4d19-a143-867f2381ee19)", "subtasks": [ { "title": "NeutronNetworks.create_and_delete_ports", "description": "Create and delete a port.", "scenario": { "NeutronNetworks.create_and_delete_ports": { "network_create_args": {}, "port_create_args": {}, "ports_per_network": 5 } }, "contexts": { "users": { "tenants": 1, "users_per_tenant": 1 }, "quotas": { "neutron": { "network": -1, "port": -1 } } }, "runner": { "constant": { "times": 40, "concurrency": 20 } }, "hooks": [], "sla": { "failure_rate": { "max": 0 } } } ] }
2019-07-28 20:50:33.040 22705 RALLYDEBUG rally_openstack.contexts.keystone.users [-] Creating 1 tenants using 20 threads
2019-07-28 20:50:34.968 22705 RALLYDEBUG rally_openstack.contexts.keystone.users [-] Creating 1 users using 20 threads
2019-07-28 20:50:37.746 22705 INFO rally.task.context [-] Task 4ae683d2-fc38-4f56-95e0-4c56be91d723 | Context users@openstack setup() finished in 4.71 sec
2019-07-28 20:50:38.539 22705 INFO rally.task.context [-] Task 4ae683d2-fc38-4f56-95e0-4c56be91d723 | Context quotas@openstack setup() finished in 0.79 sec
2019-07-28 20:50:38.539 22705 INFO rally.task.context [-] Task 4ae683d2-fc38-4f56-95e0-4c56be91d723 | Context cleanup@openstack setup() finished in 0.00 msec
2019-07-28 20:50:38.547 22705 RALLYDEBUG rally.task.runner [-] Starting the constant runner (task UUID: 4ae683d2-fc38-4f56-95e0-4c56be91d723). timeout: 0 concurrency: 20 concurrency_per_worker: 1 times: 40 concurrency_overhead: 4 processes_to_start: 16 max_cpu_used: 16
2019-07-28 20:50:38.562 26951 RALLYDEBUG rally.task.runner [-] Starting a worker. concurrency: 2 args: {"network_create_args": {}, "port_create_args": {}, "ports_per_network": 5} times: 40 method_name: run timeout: 0 duration: None cls:
2019-07-28 20:50:38.566 26952 RALLYDEBUG rally.task.runner [-] Starting a worker. concurrency: 2 args: {"network_create_args": {}, "port_create_args": {}, "ports_per_network": 5} times: 40 method_name: run timeout: 0 duration: None cls:
2019-07-28 20:50:38.569 26951 INFO rally.task.runner [-] Task 4ae683d2-fc38-4f56-95e0-4c56be91d723 | ITER: 1 START
2019-07-28 20:50:38.569 26953 RALLYDEBUG rally.task.runner [-] Starting a worker. concurrency: 2 args: {"network_create_args": {}, "port_create_args": {}, "ports_per_network": 5} times: 40 method_name: run timeout: 0 duration: None cls:
2019-07-28 20:50:38.571 26952 INFO rally.task.runner [-] Task 4ae683d2-fc38-4f56-95e0-4c56be91d723 | ITER: 3 START
2019-07-28 20:50:38.571 26951 WARNING rally_openstack.scenarios.neutron.utils [-] Running this scenario without either the 'network' or 'existing_network' context is deprecated
2019-07-28 20:50:38.575 26956 RALLYDEBUG rally.task.runner [-] Starting a worker. concurrency: 2 args: {"network_create_args": {}, "port_create_args": {}, "ports_per_network": 5} times: 40 method_name: run timeout: 0 duration: None cls:
2019-07-28 20:50:38.574 26952 WARNING rally_openstack.scenarios.neutron.utils [-] Running this scenario without either the 'network' or 'existing_network' context is deprecated
2019-07-28 20:50:38.577 26953 INFO rally.task.runner [-] Task 4ae683d2-fc38-4f56-95e0-4c56be91d723 | ITER: 4 START
2019-07-28 20:50:38.579 26953 WARNING rally_openstack.scenarios.neutron.utils [-] Running this scenario without either the 'network' or 'existing_network' context is deprecated
2019-07-28 20:50:38.579 26951 INFO rally.task.runner [-] Task 4ae683d2-fc38-4f56-95e0-4c56be91d723 | ITER: 2 START
2019-07-28 20:50:38.579 26951 WARNING rally_openstack.scenarios.neutron.utils [-] Running this scenario without either the 'network' or 'existing_network' context is deprecated
2019-07-28 20:50:38.584 26956 INFO rally.task.runner [-] Task 4ae683d2-fc38-4f56-95e0-4c56be91d723 | ITER: 7 START
2019-07-28 20:50:38.584 26961 RALLYDEBUG rally.task.runner [-] Starting a worker. concurrency: 1 args: {"network_create_args": {}, "port_create_args": {}, "ports_per_network": 5} times: 40 method_name: run timeout: 0 duration: None cls:
2019-07-28 20:50:38.584 26964 RALLYDEBUG rally.task.runner [-] Starting a worker. concurrency: 1 args: {"network_create_args": {}, "port_create_args": {}, "ports_per_network": 5} times: 40 method_name: run timeout: 0 duration: None cls:
2019-07-28 20:50:38.585 26956 WARNING rally_openstack.scenarios.neutron.utils [-] Running this scenario without either the 'network' or 'existing_network' context is deprecated
2019-07-28 20:50:38.588 26952 INFO rally.task.runner [-] Task 4ae683d2-fc38-4f56-95e0-4c56be91d723 | ITER: 5 START
2019-07-28 20:50:38.589 26964 INFO rally.task.runner [-] Task 4ae683d2-fc38-4f56-95e0-4c56be91d723 | ITER: 10 START
2019-07-28 20:50:38.589 26952 WARNING rally_openstack.scenarios.neutron.utils [-] Running this scenario without either the 'network' or 'existing_network' context is deprecated
2019-07-28 20:50:38.590 26964 WARNING rally_openstack.scenarios.neutron.utils [-] Running this scenario without either the 'network' or 'existing_network' context is deprecated
2019-07-28 20:50:38.589 26961 INFO rally.task.runner [-] Task 4ae683d2-fc38-4f56-95e0-4c56be91d723 | ITER: 9 START
2019-07-28 20:50:38.590 26956 INFO rally.task.runner [-] Task 4ae683d2-fc38-4f56-95e0-4c56be91d723 | ITER: 8 START
2019-07-28 20:50:38.590 26953 INFO rally.task.runner [-] Task 4ae683d2-fc38-4f56-95e0-4c56be91d723 | ITER: 6 START
2019-07-28 20:50:38.591 26953 WARNING rally_openstack.scenarios.neutron.utils [-] Running this scenario without either the 'network' or 'existing_network' context is deprecated
2019-07-28 20:50:38.591 26956 WARNING rally_openstack.scenarios.neutron.utils [-] Running this scenario without either the 'network' or 'existing_network' context is deprecated
2019-07-28 20:50:38.590 26969 RALLYDEBUG rally.task.runner [-] Starting a worker. concurrency: 1 args: {"network_create_args": {}, "port_create_args": {}, "ports_per_network": 5} times: 40 method_name: run timeout: 0 duration: None cls:
2019-07-28 20:50:38.597 26961 WARNING rally_openstack.scenarios.neutron.utils [-] Running this scenario without either the 'network' or 'existing_network' context is deprecated
2019-07-28 20:50:38.597 26969 INFO rally.task.runner [-] Task 4ae683d2-fc38-4f56-95e0-4c56be91d723 | ITER: 11 START
2019-07-28 20:50:38.598 26969 WARNING rally_openstack.scenarios.neutron.utils [-] Running this scenario without either the 'network' or 'existing_network' context is deprecated
2019-07-28 20:50:38.600 26974 RALLYDEBUG rally.task.runner [-] Starting a worker. concurrency: 1 args: {"network_create_args": {}, "port_create_args": {}, "ports_per_network": 5} times: 40 method_name: run timeout: 0 duration: None cls:
2019-07-28 20:50:38.602 26977 RALLYDEBUG rally.task.runner [-] Starting a worker. concurrency: 1 args: {"network_create_args": {}, "port_create_args": {}, "ports_per_network": 5} times: 40 method_name: run timeout: 0 duration: None cls:
2019-07-28 20:50:38.606 26974 INFO rally.task.runner [-] Task 4ae683d2-fc38-4f56-95e0-4c56be91d723 | ITER: 12 START
2019-07-28 20:50:38.607 26977 INFO rally.task.runner [-] Task 4ae683d2-fc38-4f56-95e0-4c56be91d723 | ITER: 13 START
2019-07-28 20:50:38.607 26974 WARNING rally_openstack.scenarios.neutron.utils [-] Running this scenario without either the 'network' or 'existing_network' context is deprecated
2019-07-28 20:50:38.608 26977 WARNING rally_openstack.scenarios.neutron.utils [-] Running this scenario without either the 'network' or 'existing_network' context is deprecated
2019-07-28 20:50:38.612 26978 RALLYDEBUG rally.task.runner [-] Starting a worker. concurrency: 1 args: {"network_create_args": {}, "port_create_args": {}, "ports_per_network": 5} times: 40 method_name: run timeout: 0 duration: None cls:
2019-07-28 20:50:38.616 26978 INFO rally.task.runner [-] Task 4ae683d2-fc38-4f56-95e0-4c56be91d723 | ITER: 14 START
2019-07-28 20:50:38.618 26978 WARNING rally_openstack.scenarios.neutron.utils [-] Running this scenario without either the 'network' or 'existing_network' context is deprecated
2019-07-28 20:50:38.618 26983 RALLYDEBUG rally.task.runner [-] Starting a worker. concurrency: 1 args: {"network_create_args": {}, "port_create_args": {}, "ports_per_network": 5} times: 40 method_name: run timeout: 0 duration: None cls:
2019-07-28 20:50:38.624 26983 INFO rally.task.runner [-] Task 4ae683d2-fc38-4f56-95e0-4c56be91d723 | ITER: 15 START
2019-07-28 20:50:38.623 26986 RALLYDEBUG rally.task.runner [-] Starting a worker. concurrency: 1 args: {"network_create_args": {}, "port_create_args": {}, "ports_per_network": 5} times: 40 method_name: run timeout: 0 duration: None cls:
2019-07-28 20:50:38.625 26983 WARNING rally_openstack.scenarios.neutron.utils [-] Running this scenario without either the 'network' or 'existing_network' context is deprecated
2019-07-28 20:50:38.628 26986 INFO rally.task.runner [-] Task 4ae683d2-fc38-4f56-95e0-4c56be91d723 | ITER: 16 START
2019-07-28 20:50:38.628 26987 RALLYDEBUG rally.task.runner [-] Starting a worker. concurrency: 1 args: {"network_create_args": {}, "port_create_args": {}, "ports_per_network": 5} times: 40 method_name: run timeout: 0 duration: None cls:
2019-07-28 20:50:38.629 26986 WARNING rally_openstack.scenarios.neutron.utils [-] Running this scenario without either the 'network' or 'existing_network' context is deprecated
2019-07-28 20:50:38.632 26990 RALLYDEBUG rally.task.runner [-] Starting a worker. concurrency: 1 args: {"network_create_args": {}, "port_create_args": {}, "ports_per_network": 5} times: 40 method_name: run timeout: 0 duration: None cls:
2019-07-28 20:50:38.632 26993 RALLYDEBUG rally.task.runner [-] Starting a worker. concurrency: 1 args: {"network_create_args": {}, "port_create_args": {}, "ports_per_network": 5} times: 40 method_name: run timeout: 0 duration: None cls:
2019-07-28 20:50:38.634 26987 INFO rally.task.runner [-] Task 4ae683d2-fc38-4f56-95e0-4c56be91d723 | ITER: 17 START
2019-07-28 20:50:38.635 26987 WARNING rally_openstack.scenarios.neutron.utils [-] Running this scenario without either the 'network' or 'existing_network' context is deprecated
2019-07-28 20:50:38.635 26993 INFO rally.task.runner [-] Task 4ae683d2-fc38-4f56-95e0-4c56be91d723 | ITER: 19 START
2019-07-28 20:50:38.636 26993 WARNING rally_openstack.scenarios.neutron.utils [-] Running this scenario without either the 'network' or 'existing_network' context is deprecated
2019-07-28 20:50:38.636 26994 RALLYDEBUG rally.task.runner [-] Starting a worker. concurrency: 1 args: {"network_create_args": {}, "port_create_args": {}, "ports_per_network": 5} times: 40 method_name: run timeout: 0 duration: None cls:
2019-07-28 20:50:38.637 26990 INFO rally.task.runner [-] Task 4ae683d2-fc38-4f56-95e0-4c56be91d723 | ITER: 18 START
2019-07-28 20:50:38.638 26990 WARNING rally_openstack.scenarios.neutron.utils [-] Running this scenario without either the 'network' or 'existing_network' context is deprecated
2019-07-28 20:50:38.640 26994 INFO rally.task.runner [-] Task 4ae683d2-fc38-4f56-95e0-4c56be91d723 | ITER: 20 START
2019-07-28 20:50:38.641 26994 WARNING rally_openstack.scenarios.neutron.utils [-] Running this scenario without either the 'network' or 'existing_network' context is deprecated
2019-07-28 20:50:53.835 26994 INFO rally.task.runner [-] Task 4ae683d2-fc38-4f56-95e0-4c56be91d723 | ITER: 20 END: OK
2019-07-28 20:50:53.838 26994 INFO rally.task.runner [-] Task 4ae683d2-fc38-4f56-95e0-4c56be91d723 | ITER: 21 START
2019-07-28 20:50:53.839 26994 WARNING rally_openstack.scenarios.neutron.utils [-] Running this scenario without either the 'network' or 'existing_network' context is deprecated
2019-07-28 20:50:53.951 26977 INFO rally.task.runner [-] Task 4ae683d2-fc38-4f56-95e0-4c56be91d723 | ITER: 13 END: OK
2019-07-28 20:50:53.954 26977 INFO rally.task.runner [-] Task 4ae683d2-fc38-4f56-95e0-4c56be91d723 | ITER: 22 START
2019-07-28 20:50:53.955 26977 WARNING rally_openstack.scenarios.neutron.utils [-] Running this scenario without either the 'network' or 'existing_network' context is deprecated
2019-07-28 20:50:55.589 26956 INFO rally.task.runner [-] Task 4ae683d2-fc38-4f56-95e0-4c56be91d723 | ITER: 7 END: OK
2019-07-28 20:50:55.593 26956 INFO rally.task.runner [-] Task 4ae683d2-fc38-4f56-95e0-4c56be91d723 | ITER: 23 START
2019-07-28 20:50:55.594 26956 WARNING rally_openstack.scenarios.neutron.utils [-] Running this scenario without either the 'network' or 'existing_network' context is deprecated
2019-07-28 20:50:55.675 26964 INFO rally.task.runner [-] Task 4ae683d2-fc38-4f56-95e0-4c56be91d723 | ITER: 10 END: OK
2019-07-28 20:50:55.680 26964 INFO rally.task.runner [-] Task 4ae683d2-fc38-4f56-95e0-4c56be91d723 | ITER: 24 START
2019-07-28 20:50:55.681 26964 WARNING rally_openstack.scenarios.neutron.utils [-] Running this scenario without either the 'network' or 'existing_network' context is deprecated
2019-07-28 20:50:55.839 26983 INFO rally.task.runner [-] Task 4ae683d2-fc38-4f56-95e0-4c56be91d723 | ITER: 15 END: OK
2019-07-28 20:50:55.843 26983 INFO rally.task.runner [-] Task 4ae683d2-fc38-4f56-95e0-4c56be91d723 | ITER: 25 START
2019-07-28 20:50:55.843 26983 WARNING rally_openstack.scenarios.neutron.utils [-] Running this scenario without either the 'network' or 'existing_network' context is deprecated
2019-07-28 20:50:56.469 26987 INFO rally.task.runner [-] Task 4ae683d2-fc38-4f56-95e0-4c56be91d723 | ITER: 17 END: OK
2019-07-28 20:50:56.473 26987 INFO rally.task.runner [-] Task 4ae683d2-fc38-4f56-95e0-4c56be91d723 | ITER: 26 START
2019-07-28 20:50:56.473 26987 WARNING rally_openstack.scenarios.neutron.utils [-] Running this scenario without either the 'network' or 'existing_network' context is deprecated
2019-07-28 20:50:57.126 26974 INFO rally.task.runner [-] Task 4ae683d2-fc38-4f56-95e0-4c56be91d723 | ITER: 12 END: OK
2019-07-28 20:50:57.130 26974 INFO rally.task.runner [-] Task 4ae683d2-fc38-4f56-95e0-4c56be91d723 | ITER: 27 START
2019-07-28 20:50:57.130 26974 WARNING rally_openstack.scenarios.neutron.utils [-] Running this scenario without either the 'network' or 'existing_network' context is deprecated
2019-07-28 20:50:57.259 26953 INFO rally.task.runner [-] Task 4ae683d2-fc38-4f56-95e0-4c56be91d723 | ITER: 4 END: OK
2019-07-28 20:50:57.262 26953 INFO rally.task.runner [-] Task 4ae683d2-fc38-4f56-95e0-4c56be91d723 | ITER: 28 START
2019-07-28 20:50:57.263 26953 WARNING rally_openstack.scenarios.neutron.utils [-] Running this scenario without either the 'network' or 'existing_network' context is deprecated
2019-07-28 20:50:57.988 26961 INFO rally.task.runner [-] Task 4ae683d2-fc38-4f56-95e0-4c56be91d723 | ITER: 9 END: OK
2019-07-28 20:50:57.991 26961 INFO rally.task.runner [-] Task 4ae683d2-fc38-4f56-95e0-4c56be91d723 | ITER: 29 START
2019-07-28 20:50:57.991 26961 WARNING rally_openstack.scenarios.neutron.utils [-] Running this scenario without either the 'network' or 'existing_network' context is deprecated
2019-07-28 20:50:58.255 26952 INFO rally.task.runner [-] Task 4ae683d2-fc38-4f56-95e0-4c56be91d723 | ITER: 5 END: OK
2019-07-28 20:50:58.259 26952 INFO rally.task.runner [-] Task 4ae683d2-fc38-4f56-95e0-4c56be91d723 | ITER: 30 START
2019-07-28 20:50:58.260 26952 WARNING rally_openstack.scenarios.neutron.utils [-] Running this scenario without either the 'network' or 'existing_network' context is deprecated
2019-07-28 20:50:58.362 26969 INFO rally.task.runner [-] Task 4ae683d2-fc38-4f56-95e0-4c56be91d723 | ITER: 11 END: OK
2019-07-28 20:50:58.365 26969 INFO rally.task.runner [-] Task 4ae683d2-fc38-4f56-95e0-4c56be91d723 | ITER: 31 START
2019-07-28 20:50:58.366 26969 WARNING rally_openstack.scenarios.neutron.utils [-] Running this scenario without either the 'network' or 'existing_network' context is deprecated
2019-07-28 20:50:58.476 26953 INFO rally.task.runner [-] Task 4ae683d2-fc38-4f56-95e0-4c56be91d723 | ITER: 6 END: OK
2019-07-28 20:50:58.480 26953 INFO rally.task.runner [-] Task 4ae683d2-fc38-4f56-95e0-4c56be91d723 | ITER: 32 START
2019-07-28 20:50:58.480 26953 WARNING rally_openstack.scenarios.neutron.utils [-] Running this scenario without either the 'network' or 'existing_network' context is deprecated
2019-07-28 20:50:58.759 26956 INFO rally.task.runner [-] Task 4ae683d2-fc38-4f56-95e0-4c56be91d723 | ITER: 8 END: OK
2019-07-28 20:50:58.763 26956 INFO rally.task.runner [-] Task 4ae683d2-fc38-4f56-95e0-4c56be91d723 | ITER: 33 START
2019-07-28 20:50:58.764 26956 WARNING rally_openstack.scenarios.neutron.utils [-] Running this scenario without either the 'network' or 'existing_network' context is deprecated
2019-07-28 20:50:58.903 26952 INFO rally.task.runner [-] Task 4ae683d2-fc38-4f56-95e0-4c56be91d723 | ITER: 3 END: OK
2019-07-28 20:50:58.907 26952 INFO rally.task.runner [-] Task 4ae683d2-fc38-4f56-95e0-4c56be91d723 | ITER: 34 START
2019-07-28 20:50:58.908 26952 WARNING rally_openstack.scenarios.neutron.utils [-] Running this scenario without either the 'network' or 'existing_network' context is deprecated
2019-07-28 20:50:59.043 26986 INFO rally.task.runner [-] Task 4ae683d2-fc38-4f56-95e0-4c56be91d723 | ITER: 16 END: OK
2019-07-28 20:50:59.046 26986 INFO rally.task.runner [-] Task 4ae683d2-fc38-4f56-95e0-4c56be91d723 | ITER: 35 START
2019-07-28 20:50:59.047 26986 WARNING rally_openstack.scenarios.neutron.utils [-] Running this scenario without either the 'network' or 'existing_network' context is deprecated
2019-07-28 20:50:59.117 26951 INFO rally.task.runner [-] Task 4ae683d2-fc38-4f56-95e0-4c56be91d723 | ITER: 2 END: OK
2019-07-28 20:50:59.121 26951 INFO rally.task.runner [-] Task 4ae683d2-fc38-4f56-95e0-4c56be91d723 | ITER: 36 START
2019-07-28 20:50:59.122 26951 WARNING rally_openstack.scenarios.neutron.utils [-] Running this scenario without either the 'network' or 'existing_network' context is deprecated
2019-07-28 20:50:59.245 26993 INFO rally.task.runner [-] Task 4ae683d2-fc38-4f56-95e0-4c56be91d723 | ITER: 19 END: OK
2019-07-28 20:50:59.248 26993 INFO rally.task.runner [-] Task 4ae683d2-fc38-4f56-95e0-4c56be91d723 | ITER: 37 START
2019-07-28 20:50:59.248 26993 WARNING rally_openstack.scenarios.neutron.utils [-] Running this scenario without either the 'network' or 'existing_network' context is deprecated
2019-07-28 20:50:59.643 26978 INFO rally.task.runner [-] Task 4ae683d2-fc38-4f56-95e0-4c56be91d723 | ITER: 14 END: OK
2019-07-28 20:50:59.647 26978 INFO rally.task.runner [-] Task 4ae683d2-fc38-4f56-95e0-4c56be91d723 | ITER: 38 START
2019-07-28 20:50:59.647 26978 WARNING rally_openstack.scenarios.neutron.utils [-] Running this scenario without either the 'network' or 'existing_network' context is deprecated
2019-07-28 20:51:00.106 26990 INFO rally.task.runner [-] Task 4ae683d2-fc38-4f56-95e0-4c56be91d723 | ITER: 18 END: OK
2019-07-28 20:51:00.109 26990 INFO rally.task.runner [-] Task 4ae683d2-fc38-4f56-95e0-4c56be91d723 | ITER: 39 START
