2019-07-28 20:48:33.952 22705 RALLYDEBUG rally_openstack.cleanup.manager [-] Deleting neutron.port object s_rally_f164cf1f_vFCnsRI1 (db7f2da5-ff97-40e2-adf3-1ec15985ed84)
2019-07-28 20:48:34.008 22705 RALLYDEBUG rally_openstack.cleanup.manager [-] Deleting neutron.port object s_rally_f164cf1f_DwYbrFrk (dce630f7-32c2-45f8-a306-a392d1ffea02)
2019-07-28 20:48:34.259 22705 RALLYDEBUG rally_openstack.cleanup.manager [-] Deleting neutron.port object s_rally_f164cf1f_6TQn75gz (de489d7c-7ef5-4874-b241-c80caa65d0ac)
2019-07-28 20:48:34.321 22705 RALLYDEBUG rally_openstack.cleanup.manager [-] Deleting neutron.port object s_rally_f164cf1f_CbrbBQDw (df2328a5-c3a6-4d8f-a9e2-d46baa0bb284)
2019-07-28 20:48:34.357 22705 RALLYDEBUG rally_openstack.cleanup.manager [-] Deleting neutron.port object s_rally_f164cf1f_xIQda5AN (df61533d-2ab4-4a0a-afaa-6d5cb9e8ecba)
2019-07-28 20:48:34.473 22705 RALLYDEBUG rally_openstack.cleanup.manager [-] Deleting neutron.port object s_rally_f164cf1f_yGblWsVh (e0fea9b8-ab35-4e5c-b86c-9d9a6695f943)
2019-07-28 20:48:34.690 22705 RALLYDEBUG rally_openstack.cleanup.manager [-] Deleting neutron.port object s_rally_f164cf1f_pWOCbN06 (e12fbd11-05b4-4c36-a611-7a7ef04f3a2f)
2019-07-28 20:48:34.826 22705 RALLYDEBUG rally_openstack.cleanup.manager [-] Deleting neutron.port object s_rally_f164cf1f_ztCYIw1a (e3683a11-7119-465b-8245-05862cb64d0e)
2019-07-28 20:48:35.114 22705 RALLYDEBUG rally_openstack.cleanup.manager [-] Deleting neutron.port object s_rally_f164cf1f_YwX3AbZP (e44a8089-20f5-4faf-8459-ced6d82d2e05)
2019-07-28 20:48:35.239 22705 RALLYDEBUG rally_openstack.cleanup.manager [-] Deleting neutron.port object s_rally_f164cf1f_c1Emz8Rt (e4b57956-a80a-4272-b57f-64136a881e5a)
2019-07-28 20:48:35.316 22705 RALLYDEBUG rally_openstack.cleanup.manager [-] Deleting neutron.port object s_rally_f164cf1f_ifpgwQxd (e4ddcaa8-749f-4384-a703-427d4c2f9679)
2019-07-28 20:48:35.377 22705 RALLYDEBUG rally_openstack.cleanup.manager [-] Deleting neutron.port object s_rally_f164cf1f_NNR9IhU6 (e51962e9-f340-4fb6-bc1e-1227ad024a29)
2019-07-28 20:48:35.560 22705 RALLYDEBUG rally_openstack.cleanup.manager [-] Deleting neutron.port object s_rally_f164cf1f_dTm2bYoT (e6c1ff5a-198c-43e3-95d9-a5560b2efd96)
2019-07-28 20:48:35.594 22705 RALLYDEBUG rally_openstack.cleanup.manager [-] Deleting neutron.port object s_rally_f164cf1f_iGbfKIpu (e72038d9-d411-4954-aa3e-ef87c5b84732)
2019-07-28 20:48:35.603 22705 RALLYDEBUG rally_openstack.cleanup.manager [-] Deleting neutron.port object s_rally_f164cf1f_EMff1kED (e7e1d72a-d477-4e53-8299-955c47916688)
2019-07-28 20:48:35.621 22705 RALLYDEBUG rally_openstack.cleanup.manager [-] Deleting neutron.port object s_rally_f164cf1f_7gTbPtCf (e814015e-c87e-4e03-85d6-dee903b1feef)
2019-07-28 20:48:35.958 22705 RALLYDEBUG rally_openstack.cleanup.manager [-] Deleting neutron.port object s_rally_f164cf1f_BM6lE232 (e8d6912b-8c25-4c59-ae93-8004cf650cad)
2019-07-28 20:48:36.007 22705 RALLYDEBUG rally_openstack.cleanup.manager [-] Deleting neutron.port object s_rally_f164cf1f_t9tBSA7y (e8f50c71-055e-4c3a-b5de-1832ee87efd3)
2019-07-28 20:48:36.047 22705 RALLYDEBUG rally_openstack.cleanup.manager [-] Deleting neutron.port object s_rally_f164cf1f_Xlz1BN8s (e8fffae7-5787-4349-9159-39a7f381040d)
2019-07-28 20:48:36.516 22705 RALLYDEBUG rally_openstack.cleanup.manager [-] Deleting neutron.port object s_rally_f164cf1f_ZpIYTHiO (e9a6d463-07b6-4b17-8489-76c5278bf40a)
2019-07-28 20:48:36.526 22705 RALLYDEBUG rally_openstack.cleanup.manager [-] Deleting neutron.port object s_rally_f164cf1f_DUUcUSGJ (e9e92ea4-32b0-4728-bfb6-04fa99857470)
2019-07-28 20:48:36.554 22705 RALLYDEBUG rally_openstack.cleanup.manager [-] Deleting neutron.port object s_rally_f164cf1f_Ujd8Mn11 (ea24172e-66e5-4dfa-a76f-50d39a89ab4b)
2019-07-28 20:48:36.669 22705 RALLYDEBUG rally_openstack.cleanup.manager [-] Deleting neutron.port object s_rally_f164cf1f_5ehDdMzi (eba3ffd2-8c43-4454-9639-68e3dd4d8d68)
2019-07-28 20:48:36.792 22705 RALLYDEBUG rally_openstack.cleanup.manager [-] Deleting neutron.port object s_rally_f164cf1f_d0OC78Uc (ec5ec6a0-b702-4393-b170-ca5f20a96ea5)
2019-07-28 20:48:36.941 22705 RALLYDEBUG rally_openstack.cleanup.manager [-] Deleting neutron.port object s_rally_f164cf1f_Xdm3AExs (ed3ed47e-ec0c-4df9-8767-878adfe14ca0)
2019-07-28 20:48:36.976 22705 RALLYDEBUG rally_openstack.cleanup.manager [-] Deleting neutron.port object s_rally_f164cf1f_rjcI3lhj (ed8a01b7-8bc3-4ea1-8b82-3df11c17f12a)
2019-07-28 20:48:37.058 22705 RALLYDEBUG rally_openstack.cleanup.manager [-] Deleting neutron.port object s_rally_f164cf1f_Kf9MD5Y5 (eec28755-66c6-410f-8ef1-d1a1c193a5a0)
2019-07-28 20:48:37.484 22705 RALLYDEBUG rally_openstack.cleanup.manager [-] Deleting neutron.port object s_rally_f164cf1f_iSFlvvlF (eec2dc05-7831-4980-a758-033c79eb6b20)
2019-07-28 20:48:37.638 22705 RALLYDEBUG rally_openstack.cleanup.manager [-] Deleting neutron.port object s_rally_f164cf1f_QfyNkss9 (eedf4bca-9269-4d4b-934f-d33a88cf616c)
2019-07-28 20:48:37.770 22705 RALLYDEBUG rally_openstack.cleanup.manager [-] Deleting neutron.port object s_rally_f164cf1f_NgYAV6Ar (ef93b37a-03a5-4b02-a64b-3a3fb34e39f8)
2019-07-28 20:48:37.973 22705 RALLYDEBUG rally_openstack.cleanup.manager [-] Deleting neutron.port object s_rally_f164cf1f_tF3eDtW2 (efc7b954-eb90-496c-b108-4717badecc4a)
2019-07-28 20:48:38.032 22705 RALLYDEBUG rally_openstack.cleanup.manager [-] Deleting neutron.port object s_rally_f164cf1f_WePgU6OZ (f00ba505-5f8f-4087-a68e-6029f1b59d8d)
2019-07-28 20:48:38.078 22705 RALLYDEBUG rally_openstack.cleanup.manager [-] Deleting neutron.port object s_rally_f164cf1f_SeQ7Ns9g (f05cf777-4492-4081-8fb7-576c34719b04)
2019-07-28 20:48:38.106 22705 RALLYDEBUG rally_openstack.cleanup.manager [-] Deleting neutron.port object s_rally_f164cf1f_q0Ogvj8r (f0e963b7-b473-4853-8122-138476c5f055)
2019-07-28 20:48:38.181 22705 RALLYDEBUG rally_openstack.cleanup.manager [-] Deleting neutron.port object s_rally_f164cf1f_fRiibSP4 (f0ecafb2-9fa1-4a3e-b612-85d9073e9b4a)
2019-07-28 20:48:38.276 22705 RALLYDEBUG rally_openstack.cleanup.manager [-] Deleting neutron.port object s_rally_f164cf1f_bPQsVCmi (f12daf6f-ea8d-4fca-86f2-75eddb5fec22)
2019-07-28 20:48:38.515 22705 RALLYDEBUG rally_openstack.cleanup.manager [-] Deleting neutron.port object s_rally_f164cf1f_oGXjhtqZ (f15ac6ce-aac8-4922-a975-9d4f56d6d0fb)
2019-07-28 20:48:38.542 22705 RALLYDEBUG rally_openstack.cleanup.manager [-] Deleting neutron.port object s_rally_f164cf1f_r74oFb3j (f201416d-c32a-4846-a49a-c446a4c0aa15)
2019-07-28 20:48:38.570 22705 RALLYDEBUG rally_openstack.cleanup.manager [-] Deleting neutron.port object s_rally_f164cf1f_NzItgMKa (f222e220-e37d-4fed-9f89-b251eb84b29c)
2019-07-28 20:48:38.910 22705 RALLYDEBUG rally_openstack.cleanup.manager [-] Deleting neutron.port object s_rally_f164cf1f_TUqfLx0n (f2cb3388-dd30-4caf-b5ec-e11139ebe4b3)
2019-07-28 20:48:39.004 22705 RALLYDEBUG rally_openstack.cleanup.manager [-] Deleting neutron.port object s_rally_f164cf1f_PKJ5mzQG (f2d785f1-651f-45a1-b522-696f06d4a0c0)
2019-07-28 20:48:39.160 22705 RALLYDEBUG rally_openstack.cleanup.manager [-] Deleting neutron.port object s_rally_f164cf1f_vTMk7vCr (f3ccaf0c-4698-48d0-ae69-bb2753b69295)
2019-07-28 20:48:39.250 22705 RALLYDEBUG rally_openstack.cleanup.manager [-] Deleting neutron.port object s_rally_f164cf1f_o3bPlI8o (f460ba57-33c8-4ac0-b381-d4d02c5de877)
2019-07-28 20:48:39.426 22705 RALLYDEBUG rally_openstack.cleanup.manager [-] Deleting neutron.port object s_rally_f164cf1f_RInbkB54 (f57753cf-668d-41de-abcb-d4a0bcd30e47)
2019-07-28 20:48:39.494 22705 RALLYDEBUG rally_openstack.cleanup.manager [-] Deleting neutron.port object s_rally_f164cf1f_ZfUFzPLm (f619731f-583b-4e69-9aef-48ec62f8f029)
2019-07-28 20:48:39.516 22705 RALLYDEBUG rally_openstack.cleanup.manager [-] Deleting neutron.port object s_rally_f164cf1f_G72ufHsb (f72d0f83-c0fe-425d-9962-42f9327eec97)
2019-07-28 20:48:39.580 22705 RALLYDEBUG rally_openstack.cleanup.manager [-] Deleting neutron.port object s_rally_f164cf1f_hzYxNp0H (f82cf9c3-2c01-40e4-a377-1627dce55002)
2019-07-28 20:48:39.804 22705 RALLYDEBUG rally_openstack.cleanup.manager [-] Deleting neutron.port object s_rally_f164cf1f_578563pX (f86ece31-2412-4aed-8ecd-e15b1898e7aa)
2019-07-28 20:48:40.295 22705 RALLYDEBUG rally_openstack.cleanup.manager [-] Deleting neutron.port object s_rally_f164cf1f_lXrMX7v5 (f8f1d7b4-9633-4963-9181-d910f8d86126)
2019-07-28 20:48:40.417 22705 RALLYDEBUG rally_openstack.cleanup.manager [-] Deleting neutron.port object s_rally_f164cf1f_slRD5bcf (f9855bf4-6ae5-41b7-ba40-ac9e7fa81cca)
2019-07-28 20:48:40.525 22705 RALLYDEBUG rally_openstack.cleanup.manager [-] Deleting neutron.port object s_rally_f164cf1f_6Y6G1t7L (faedb068-3324-4e7e-bd87-b92e7de3ed03)
2019-07-28 20:48:40.565 22705 RALLYDEBUG rally_openstack.cleanup.manager [-] Deleting neutron.port object s_rally_f164cf1f_CyiDIffM (fb11ec3b-f7cc-4cf5-827d-d03ae3842957)
2019-07-28 20:48:40.650 22705 RALLYDEBUG rally_openstack.cleanup.manager [-] Deleting neutron.port object s_rally_f164cf1f_IORDjviU (fc496a5a-9cbc-4600-b396-0f884a0ebce0)
2019-07-28 20:48:40.800 22705 RALLYDEBUG rally_openstack.cleanup.manager [-] Deleting neutron.port object s_rally_f164cf1f_HlFPQZf0 (fca51131-3c79-4fa1-b854-d1661e7da3e6)
2019-07-28 20:48:41.021 22705 RALLYDEBUG rally_openstack.cleanup.manager [-] Deleting neutron.port object s_rally_f164cf1f_MwVq78Kv (fcb4e59a-56d3-472c-ab61-81a95d429705)
2019-07-28 20:48:41.209 22705 RALLYDEBUG rally_openstack.cleanup.manager [-] Deleting neutron.port object s_rally_f164cf1f_fdPQ1xoL (fcc01252-237c-4ad8-95f0-1a7967e0c204)
2019-07-28 20:48:41.393 22705 RALLYDEBUG rally_openstack.cleanup.manager [-] Deleting neutron.port object s_rally_f164cf1f_BQ0mDce7 (fd7e1279-46e4-424e-924d-331567bc95da)
2019-07-28 20:48:41.398 22705 RALLYDEBUG rally_openstack.cleanup.manager [-] Deleting neutron.port object s_rally_f164cf1f_13UlGQgz (ff095e3a-b1b6-4c44-9d35-112a3caf57e9)
2019-07-28 20:48:41.415 22705 RALLYDEBUG rally_openstack.cleanup.manager [-] Deleting neutron.port object s_rally_f164cf1f_VA6z9ofj (ffdb6112-07a8-4935-9b8b-fe300f472ada)
2019-07-28 20:48:41.489 22705 RALLYDEBUG rally_openstack.cleanup.manager [-] Deleting neutron.port object s_rally_f164cf1f_vR12RfQu (ffe387bb-eb0b-4fa7-b507-7aee01c67a5a)
2019-07-28 20:48:43.982 22705 RALLYDEBUG rally_openstack.cleanup.manager [-] Cleaning up neutron subnet objects
2019-07-28 20:48:44.650 22705 RALLYDEBUG rally_openstack.cleanup.manager [-] Cleaning up neutron network objects
2019-07-28 20:48:45.483 22705 RALLYDEBUG rally_openstack.cleanup.manager [-] Deleting neutron.network object s_rally_f164cf1f_qLr2uHHf (030406fb-2b42-4499-b93c-0988045bed8d)
2019-07-28 20:48:45.487 22705 RALLYDEBUG rally_openstack.cleanup.manager [-] Deleting neutron.network object s_rally_f164cf1f_LAuvIg8G (0f8b552d-9657-46fc-8ab8-53519bf06f66)
2019-07-28 20:48:45.496 22705 RALLYDEBUG rally_openstack.cleanup.manager [-] Deleting neutron.network object s_rally_f164cf1f_9R0LC6Se (163cbd57-8f3f-4be5-8a54-364541a43ebd)
2019-07-28 20:48:45.513 22705 RALLYDEBUG rally_openstack.cleanup.manager [-] Deleting neutron.network object s_rally_f164cf1f_fgsGWKd5 (dc518926-2df7-4523-9e1e-8791b429cc09)
2019-07-28 20:48:45.517 22705 RALLYDEBUG rally_openstack.cleanup.manager [-] Deleting neutron.network object s_rally_f164cf1f_TPkBtubx (9ea9473c-72cf-4676-8b59-8060f6bde08f)
2019-07-28 20:48:45.517 22705 RALLYDEBUG rally_openstack.cleanup.manager [-] Deleting neutron.network object s_rally_f164cf1f_gBSZuu6J (8a8da7d5-5e65-436e-a702-138fc8a04f1e)
2019-07-28 20:48:45.530 22705 RALLYDEBUG rally_openstack.cleanup.manager [-] Deleting neutron.network object s_rally_f164cf1f_whFcksVy (f5087153-b2fa-4b6e-96c9-43a5c24cd9d2)
2019-07-28 20:48:45.532 22705 RALLYDEBUG rally_openstack.cleanup.manager [-] Deleting neutron.network object s_rally_f164cf1f_3x2VQLsu (afa39c4e-e622-4354-9cbb-e6c91c6d5daf)
2019-07-28 20:48:48.910 22705 RALLYDEBUG rally_openstack.cleanup.manager [-] Cleaning up neutron router objects
2019-07-28 20:48:49.632 22705 RALLYDEBUG rally_openstack.cleanup.manager [-] Cleaning up neutron security_group objects
2019-07-28 20:48:50.411 22705 INFO rally.task.context [-] Task 4ae683d2-fc38-4f56-95e0-4c56be91d723 | Context cleanup@openstack cleanup() finished in 1.09 min
2019-07-28 20:48:50.411 22705 INFO rally.task.context [-] Task 4ae683d2-fc38-4f56-95e0-4c56be91d723 | Context quotas@openstack cleanup() started
2019-07-28 20:48:50.641 22705 INFO rally.task.context [-] Task 4ae683d2-fc38-4f56-95e0-4c56be91d723 | Context quotas@openstack cleanup() finished in 0.23 sec
2019-07-28 20:48:50.641 22705 INFO rally.task.context [-] Task 4ae683d2-fc38-4f56-95e0-4c56be91d723 | Context users@openstack cleanup() started
2019-07-28 20:48:55.530 22705 INFO rally.task.context [-] Task 4ae683d2-fc38-4f56-95e0-4c56be91d723 | Context users@openstack cleanup() finished in 4.89 sec
2019-07-28 20:48:56.123 22705 INFO rally.task.engine [-] Load duration is: 111.655787
2019-07-28 20:48:56.124 22705 INFO rally.task.engine [-] Full runner duration is: 111.705119
2019-07-28 20:48:56.124 22705 INFO rally.task.engine [-] Full duration is: 188.116282
2019-07-28 20:48:56.308 22705 INFO rally.task.engine [-] Running workload: position = 1 config = { "version": 2, "title": "A cropped version of a bigger task.", "description": "Auto-generated task from a single workload (uuid=56fc1ef6-b3a8-4fde-be10-dff6e0f11ad8)", "subtasks": [ { "title": "NeutronNetworks.create_and_update_ports", "description": "Create and update a given number of ports.", "scenario": { "NeutronNetworks.create_and_update_ports": { "network_create_args": {}, "port_create_args": {}, "ports_per_network": 5, "port_update_args": { "admin_state_up": false, "device_id": "dummy_id", "device_owner": "dummy_owner", "name": "_port_updated" } } }, "contexts": { "users": { "tenants": 1, "users_per_tenant": 1 }, "quotas": { "neutron": { "network": -1, "port": -1 } } }, "runner": { "constant": { "times": 40, "concurrency": 20 } }, "hooks": [], "sla": { "failure_rate": { "max": 0 } } } ] }
2019-07-28 20:48:56.330 22705 RALLYDEBUG rally_openstack.contexts.keystone.users [-] Creating 1 tenants using 20 threads
2019-07-28 20:48:58.278 22705 RALLYDEBUG rally_openstack.contexts.keystone.users [-] Creating 1 users using 20 threads
2019-07-28 20:49:01.049 22705 INFO rally.task.context [-] Task 4ae683d2-fc38-4f56-95e0-4c56be91d723 | Context users@openstack setup() finished in 4.72 sec
2019-07-28 20:49:01.826 22705 INFO rally.task.context [-] Task 4ae683d2-fc38-4f56-95e0-4c56be91d723 | Context quotas@openstack setup() finished in 0.78 sec
2019-07-28 20:49:01.827 22705 INFO rally.task.context [-] Task 4ae683d2-fc38-4f56-95e0-4c56be91d723 | Context cleanup@openstack setup() finished in 0.01 msec
2019-07-28 20:49:01.834 22705 RALLYDEBUG rally.task.runner [-] Starting the constant runner (task UUID: 4ae683d2-fc38-4f56-95e0-4c56be91d723). timeout: 0 concurrency: 20 concurrency_per_worker: 1 times: 40 concurrency_overhead: 4 processes_to_start: 16 max_cpu_used: 16
2019-07-28 20:49:01.844 26581 RALLYDEBUG rally.task.runner [-] Starting a worker. concurrency: 2 args: {"network_create_args": {}, "port_create_args": {}, "ports_per_network": 5, "port_update_args": {"admin_state_up": false, "device_id": "dummy_id", "device_owner": "dummy_owner", "name": "_port_updated"}} times: 40 method_name: run timeout: 0 duration: None cls:
2019-07-28 20:49:01.849 26583 RALLYDEBUG rally.task.runner [-] Starting a worker. concurrency: 2 args: {"network_create_args": {}, "port_create_args": {}, "ports_per_network": 5, "port_update_args": {"admin_state_up": false, "device_id": "dummy_id", "device_owner": "dummy_owner", "name": "_port_updated"}} times: 40 method_name: run timeout: 0 duration: None cls:
2019-07-28 20:49:01.849 26582 RALLYDEBUG rally.task.runner [-] Starting a worker. concurrency: 2 args: {"network_create_args": {}, "port_create_args": {}, "ports_per_network": 5, "port_update_args": {"admin_state_up": false, "device_id": "dummy_id", "device_owner": "dummy_owner", "name": "_port_updated"}} times: 40 method_name: run timeout: 0 duration: None cls:
2019-07-28 20:49:01.850 26581 INFO rally.task.runner [-] Task 4ae683d2-fc38-4f56-95e0-4c56be91d723 | ITER: 1 START
2019-07-28 20:49:01.851 26581 INFO rally.task.runner [-] Task 4ae683d2-fc38-4f56-95e0-4c56be91d723 | ITER: 2 START
2019-07-28 20:49:01.852 26581 WARNING rally_openstack.scenarios.neutron.utils [-] Running this scenario without either the 'network' or 'existing_network' context is deprecated
2019-07-28 20:49:01.853 26586 RALLYDEBUG rally.task.runner [-] Starting a worker. concurrency: 2 args: {"network_create_args": {}, "port_create_args": {}, "ports_per_network": 5, "port_update_args": {"admin_state_up": false, "device_id": "dummy_id", "device_owner": "dummy_owner", "name": "_port_updated"}} times: 40 method_name: run timeout: 0 duration: None cls:
2019-07-28 20:49:01.854 26583 INFO rally.task.runner [-] Task 4ae683d2-fc38-4f56-95e0-4c56be91d723 | ITER: 3 START
2019-07-28 20:49:01.856 26583 INFO rally.task.runner [-] Task 4ae683d2-fc38-4f56-95e0-4c56be91d723 | ITER: 5 START
2019-07-28 20:49:01.856 26582 INFO rally.task.runner [-] Task 4ae683d2-fc38-4f56-95e0-4c56be91d723 | ITER: 4 START
2019-07-28 20:49:01.856 26583 WARNING rally_openstack.scenarios.neutron.utils [-] Running this scenario without either the 'network' or 'existing_network' context is deprecated
2019-07-28 20:49:01.857 26592 RALLYDEBUG rally.task.runner [-] Starting a worker. concurrency: 1 args: {"network_create_args": {}, "port_create_args": {}, "ports_per_network": 5, "port_update_args": {"admin_state_up": false, "device_id": "dummy_id", "device_owner": "dummy_owner", "name": "_port_updated"}} times: 40 method_name: run timeout: 0 duration: None cls:
2019-07-28 20:49:01.858 26586 INFO rally.task.runner [-] Task 4ae683d2-fc38-4f56-95e0-4c56be91d723 | ITER: 8 START
2019-07-28 20:49:01.859 26582 WARNING rally_openstack.scenarios.neutron.utils [-] Running this scenario without either the 'network' or 'existing_network' context is deprecated
2019-07-28 20:49:01.859 26586 WARNING rally_openstack.scenarios.neutron.utils [-] Running this scenario without either the 'network' or 'existing_network' context is deprecated
2019-07-28 20:49:01.860 26592 INFO rally.task.runner [-] Task 4ae683d2-fc38-4f56-95e0-4c56be91d723 | ITER: 9 START
2019-07-28 20:49:01.861 26592 WARNING rally_openstack.scenarios.neutron.utils [-] Running this scenario without either the 'network' or 'existing_network' context is deprecated
2019-07-28 20:49:01.864 26595 RALLYDEBUG rally.task.runner [-] Starting a worker. concurrency: 1 args: {"network_create_args": {}, "port_create_args": {}, "ports_per_network": 5, "port_update_args": {"admin_state_up": false, "device_id": "dummy_id", "device_owner": "dummy_owner", "name": "_port_updated"}} times: 40 method_name: run timeout: 0 duration: None cls:
2019-07-28 20:49:01.868 26601 RALLYDEBUG rally.task.runner [-] Starting a worker. concurrency: 1 args: {"network_create_args": {}, "port_create_args": {}, "ports_per_network": 5, "port_update_args": {"admin_state_up": false, "device_id": "dummy_id", "device_owner": "dummy_owner", "name": "_port_updated"}} times: 40 method_name: run timeout: 0 duration: None cls:
2019-07-28 20:49:01.870 26595 INFO rally.task.runner [-] Task 4ae683d2-fc38-4f56-95e0-4c56be91d723 | ITER: 10 START
2019-07-28 20:49:01.871 26595 WARNING rally_openstack.scenarios.neutron.utils [-] Running this scenario without either the 'network' or 'existing_network' context is deprecated
2019-07-28 20:49:01.874 26602 RALLYDEBUG rally.task.runner [-] Starting a worker. concurrency: 1 args: {"network_create_args": {}, "port_create_args": {}, "ports_per_network": 5, "port_update_args": {"admin_state_up": false, "device_id": "dummy_id", "device_owner": "dummy_owner", "name": "_port_updated"}} times: 40 method_name: run timeout: 0 duration: None cls:
2019-07-28 20:49:01.875 26601 INFO rally.task.runner [-] Task 4ae683d2-fc38-4f56-95e0-4c56be91d723 | ITER: 11 START
2019-07-28 20:49:01.877 26601 WARNING rally_openstack.scenarios.neutron.utils [-] Running this scenario without either the 'network' or 'existing_network' context is deprecated
2019-07-28 20:49:01.878 26605 RALLYDEBUG rally.task.runner [-] Starting a worker. concurrency: 1 args: {"network_create_args": {}, "port_create_args": {}, "ports_per_network": 5, "port_update_args": {"admin_state_up": false, "device_id": "dummy_id", "device_owner": "dummy_owner", "name": "_port_updated"}} times: 40 method_name: run timeout: 0 duration: None cls:
2019-07-28 20:49:01.883 26602 INFO rally.task.runner [-] Task 4ae683d2-fc38-4f56-95e0-4c56be91d723 | ITER: 12 START
2019-07-28 20:49:01.883 26608 RALLYDEBUG rally.task.runner [-] Starting a worker. concurrency: 1 args: {"network_create_args": {}, "port_create_args": {}, "ports_per_network": 5, "port_update_args": {"admin_state_up": false, "device_id": "dummy_id", "device_owner": "dummy_owner", "name": "_port_updated"}} times: 40 method_name: run timeout: 0 duration: None cls:
2019-07-28 20:49:01.885 26605 INFO rally.task.runner [-] Task 4ae683d2-fc38-4f56-95e0-4c56be91d723 | ITER: 13 START
2019-07-28 20:49:01.885 26602 WARNING rally_openstack.scenarios.neutron.utils [-] Running this scenario without either the 'network' or 'existing_network' context is deprecated
2019-07-28 20:49:01.886 26605 WARNING rally_openstack.scenarios.neutron.utils [-] Running this scenario without either the 'network' or 'existing_network' context is deprecated
2019-07-28 20:49:01.886 26610 RALLYDEBUG rally.task.runner [-] Starting a worker. concurrency: 1 args: {"network_create_args": {}, "port_create_args": {}, "ports_per_network": 5, "port_update_args": {"admin_state_up": false, "device_id": "dummy_id", "device_owner": "dummy_owner", "name": "_port_updated"}} times: 40 method_name: run timeout: 0 duration: None cls:
2019-07-28 20:49:01.889 26608 INFO rally.task.runner [-] Task 4ae683d2-fc38-4f56-95e0-4c56be91d723 | ITER: 14 START
2019-07-28 20:49:01.891 26608 WARNING rally_openstack.scenarios.neutron.utils [-] Running this scenario without either the 'network' or 'existing_network' context is deprecated
2019-07-28 20:49:01.894 26610 INFO rally.task.runner [-] Task 4ae683d2-fc38-4f56-95e0-4c56be91d723 | ITER: 15 START
2019-07-28 20:49:01.894 26614 RALLYDEBUG rally.task.runner [-] Starting a worker. concurrency: 1 args: {"network_create_args": {}, "port_create_args": {}, "ports_per_network": 5, "port_update_args": {"admin_state_up": false, "device_id": "dummy_id", "device_owner": "dummy_owner", "name": "_port_updated"}} times: 40 method_name: run timeout: 0 duration: None cls:
2019-07-28 20:49:01.895 26610 WARNING rally_openstack.scenarios.neutron.utils [-] Running this scenario without either the 'network' or 'existing_network' context is deprecated
2019-07-28 20:49:01.901 26614 INFO rally.task.runner [-] Task 4ae683d2-fc38-4f56-95e0-4c56be91d723 | ITER: 16 START
2019-07-28 20:49:01.906 26614 WARNING rally_openstack.scenarios.neutron.utils [-] Running this scenario without either the 'network' or 'existing_network' context is deprecated
2019-07-28 20:49:01.909 26619 RALLYDEBUG rally.task.runner [-] Starting a worker. concurrency: 1 args: {"network_create_args": {}, "port_create_args": {}, "ports_per_network": 5, "port_update_args": {"admin_state_up": false, "device_id": "dummy_id", "device_owner": "dummy_owner", "name": "_port_updated"}} times: 40 method_name: run timeout: 0 duration: None cls:
2019-07-28 20:49:01.920 26622 RALLYDEBUG rally.task.runner [-] Starting a worker. concurrency: 1 args: {"network_create_args": {}, "port_create_args": {}, "ports_per_network": 5, "port_update_args": {"admin_state_up": false, "device_id": "dummy_id", "device_owner": "dummy_owner", "name": "_port_updated"}} times: 40 method_name: run timeout: 0 duration: None cls:
2019-07-28 20:49:01.926 26623 RALLYDEBUG rally.task.runner [-] Starting a worker. concurrency: 1 args: {"network_create_args": {}, "port_create_args": {}, "ports_per_network": 5, "port_update_args": {"admin_state_up": false, "device_id": "dummy_id", "device_owner": "dummy_owner", "name": "_port_updated"}} times: 40 method_name: run timeout: 0 duration: None cls:
2019-07-28 20:49:01.929 26619 INFO rally.task.runner [-] Task 4ae683d2-fc38-4f56-95e0-4c56be91d723 | ITER: 17 START
2019-07-28 20:49:01.930 26619 WARNING rally_openstack.scenarios.neutron.utils [-] Running this scenario without either the 'network' or 'existing_network' context is deprecated
2019-07-28 20:49:01.931 26623 INFO rally.task.runner [-] Task 4ae683d2-fc38-4f56-95e0-4c56be91d723 | ITER: 19 START
2019-07-28 20:49:01.931 26624 RALLYDEBUG rally.task.runner [-] Starting a worker. concurrency: 1 args: {"network_create_args": {}, "port_create_args": {}, "ports_per_network": 5, "port_update_args": {"admin_state_up": false, "device_id": "dummy_id", "device_owner": "dummy_owner", "name": "_port_updated"}} times: 40 method_name: run timeout: 0 duration: None cls:
2019-07-28 20:49:01.933 26623 WARNING rally_openstack.scenarios.neutron.utils [-] Running this scenario without either the 'network' or 'existing_network' context is deprecated
2019-07-28 20:49:01.937 26624 INFO rally.task.runner [-] Task 4ae683d2-fc38-4f56-95e0-4c56be91d723 | ITER: 20 START
2019-07-28 20:49:01.939 26622 INFO rally.task.runner [-] Task 4ae683d2-fc38-4f56-95e0-4c56be91d723 | ITER: 18 START
2019-07-28 20:49:01.939 26624 WARNING rally_openstack.scenarios.neutron.utils [-] Running this scenario without either the 'network' or 'existing_network' context is deprecated
2019-07-28 20:49:01.940 26622 WARNING rally_openstack.scenarios.neutron.utils [-] Running this scenario without either the 'network' or 'existing_network' context is deprecated
2019-07-28 20:49:02.035 26586 INFO rally.task.runner [-] Task 4ae683d2-fc38-4f56-95e0-4c56be91d723 | ITER: 7 START
2019-07-28 20:49:02.036 26586 WARNING rally_openstack.scenarios.neutron.utils [-] Running this scenario without either the 'network' or 'existing_network' context is deprecated
2019-07-28 20:49:02.040 26582 INFO rally.task.runner [-] Task 4ae683d2-fc38-4f56-95e0-4c56be91d723 | ITER: 6 START
2019-07-28 20:49:02.041 26582 WARNING rally_openstack.scenarios.neutron.utils [-] Running this scenario without either the 'network' or 'existing_network' context is deprecated
2019-07-28 20:49:01.852 26581 WARNING rally_openstack.scenarios.neutron.utils [-] Running this scenario without either the 'network' or 'existing_network' context is deprecated
2019-07-28 20:49:01.857 26583 WARNING rally_openstack.scenarios.neutron.utils [-] Running this scenario without either the 'network' or 'existing_network' context is deprecated
2019-07-28 20:49:18.223 26595 INFO rally.task.runner [-] Task 4ae683d2-fc38-4f56-95e0-4c56be91d723 | ITER: 10 END: OK
2019-07-28 20:49:18.228 26595 INFO rally.task.runner [-] Task 4ae683d2-fc38-4f56-95e0-4c56be91d723 | ITER: 21 START
2019-07-28 20:49:18.229 26595 WARNING rally_openstack.scenarios.neutron.utils [-] Running this scenario without either the 'network' or 'existing_network' context is deprecated
2019-07-28 20:49:18.729 26622 INFO rally.task.runner [-] Task 4ae683d2-fc38-4f56-95e0-4c56be91d723 | ITER: 18 END: OK
2019-07-28 20:49:18.734 26622 INFO rally.task.runner [-] Task 4ae683d2-fc38-4f56-95e0-4c56be91d723 | ITER: 22 START
2019-07-28 20:49:18.734 26622 WARNING rally_openstack.scenarios.neutron.utils [-] Running this scenario without either the 'network' or 'existing_network' context is deprecated
2019-07-28 20:49:18.837 26582 INFO rally.task.runner [-] Task 4ae683d2-fc38-4f56-95e0-4c56be91d723 | ITER: 4 END: OK
2019-07-28 20:49:18.841 26582 INFO rally.task.runner [-] Task 4ae683d2-fc38-4f56-95e0-4c56be91d723 | ITER: 23 START
2019-07-28 20:49:18.842 26582 WARNING rally_openstack.scenarios.neutron.utils [-] Running this scenario without either the 'network' or 'existing_network' context is deprecated
2019-07-28 20:49:19.543 26586 INFO rally.task.runner [-] Task 4ae683d2-fc38-4f56-95e0-4c56be91d723 | ITER: 7 END: OK
2019-07-28 20:49:19.548 26586 INFO rally.task.runner [-] Task 4ae683d2-fc38-4f56-95e0-4c56be91d723 | ITER: 24 START
2019-07-28 20:49:19.549 26586 WARNING rally_openstack.scenarios.neutron.utils [-] Running this scenario without either the 'network' or 'existing_network' context is deprecated
2019-07-28 20:49:19.853 26601 INFO rally.task.runner [-] Task 4ae683d2-fc38-4f56-95e0-4c56be91d723 | ITER: 11 END: OK
2019-07-28 20:49:19.857 26601 INFO rally.task.runner [-] Task 4ae683d2-fc38-4f56-95e0-4c56be91d723 | ITER: 25 START
2019-07-28 20:49:19.858 26601 WARNING rally_openstack.scenarios.neutron.utils [-] Running this scenario without either the 'network' or 'existing_network' context is deprecated
2019-07-28 20:49:20.320 26581 INFO rally.task.runner [-] Task 4ae683d2-fc38-4f56-95e0-4c56be91d723 | ITER: 1 END: OK
2019-07-28 20:49:20.325 26581 INFO rally.task.runner [-] Task 4ae683d2-fc38-4f56-95e0-4c56be91d723 | ITER: 26 START
2019-07-28 20:49:20.325 26581 WARNING rally_openstack.scenarios.neutron.utils [-] Running this scenario without either the 'network' or 'existing_network' context is deprecated
2019-07-28 20:49:20.369 26610 INFO rally.task.runner [-] Task 4ae683d2-fc38-4f56-95e0-4c56be91d723 | ITER: 15 END: OK
2019-07-28 20:49:20.373 26610 INFO rally.task.runner [-] Task 4ae683d2-fc38-4f56-95e0-4c56be91d723 | ITER: 27 START
2019-07-28 20:49:20.374 26610 WARNING rally_openstack.scenarios.neutron.utils [-] Running this scenario without either the 'network' or 'existing_network' context is deprecated
2019-07-28 20:49:20.550 26592 INFO rally.task.runner [-] Task 4ae683d2-fc38-4f56-95e0-4c56be91d723 | ITER: 9 END: OK
2019-07-28 20:49:20.555 26592 INFO rally.task.runner [-] Task 4ae683d2-fc38-4f56-95e0-4c56be91d723 | ITER: 28 START
2019-07-28 20:49:20.555 26592 WARNING rally_openstack.scenarios.neutron.utils [-] Running this scenario without either the 'network' or 'existing_network' context is deprecated
2019-07-28 20:49:20.726 26608 INFO rally.task.runner [-] Task 4ae683d2-fc38-4f56-95e0-4c56be91d723 | ITER: 14 END: OK
2019-07-28 20:49:20.731 26608 INFO rally.task.runner [-] Task 4ae683d2-fc38-4f56-95e0-4c56be91d723 | ITER: 29 START
2019-07-28 20:49:20.731 26608 WARNING rally_openstack.scenarios.neutron.utils [-] Running this scenario without either the 'network' or 'existing_network' context is deprecated
2019-07-28 20:49:20.794 26614 INFO rally.task.runner [-] Task 4ae683d2-fc38-4f56-95e0-4c56be91d723 | ITER: 16 END: OK
2019-07-28 20:49:20.798 26614 INFO rally.task.runner [-] Task 4ae683d2-fc38-4f56-95e0-4c56be91d723 | ITER: 30 START
2019-07-28 20:49:20.799 26614 WARNING rally_openstack.scenarios.neutron.utils [-] Running this scenario without either the 'network' or 'existing_network' context is deprecated
2019-07-28 20:49:21.078 26624 INFO rally.task.runner [-] Task 4ae683d2-fc38-4f56-95e0-4c56be91d723 | ITER: 20 END: OK
2019-07-28 20:49:21.081 26624 INFO rally.task.runner [-] Task 4ae683d2-fc38-4f56-95e0-4c56be91d723 | ITER: 31 START
2019-07-28 20:49:21.082 26624 WARNING rally_openstack.scenarios.neutron.utils [-] Running this scenario without either the 'network' or 'existing_network' context is deprecated
2019-07-28 20:49:21.793 26583 INFO rally.task.runner [-] Task 4ae683d2-fc38-4f56-95e0-4c56be91d723 | ITER: 5 END: OK
2019-07-28 20:49:21.796 26583 INFO rally.task.runner [-] Task 4ae683d2-fc38-4f56-95e0-4c56be91d723 | ITER: 32 START
2019-07-28 20:49:21.796 26583 WARNING rally_openstack.scenarios.neutron.utils [-] Running this scenario without either the 'network' or 'existing_network' context is deprecated
2019-07-28 20:49:22.138 26583 INFO rally.task.runner [-] Task 4ae683d2-fc38-4f56-95e0-4c56be91d723 | ITER: 3 END: OK
2019-07-28 20:49:22.141 26583 INFO rally.task.runner [-] Task 4ae683d2-fc38-4f56-95e0-4c56be91d723 | ITER: 33 START
2019-07-28 20:49:22.141 26583 WARNING rally_openstack.scenarios.neutron.utils [-] Running this scenario without either the 'network' or 'existing_network' context is deprecated
2019-07-28 20:49:22.374 26586 INFO rally.task.runner [-] Task 4ae683d2-fc38-4f56-95e0-4c56be91d723 | ITER: 8 END: OK
2019-07-28 20:49:22.378 26586 INFO rally.task.runner [-] Task 4ae683d2-fc38-4f56-95e0-4c56be91d723 | ITER: 34 START
2019-07-28 20:49:22.379 26586 WARNING rally_openstack.scenarios.neutron.utils [-] Running this scenario without either the 'network' or 'existing_network' context is deprecated
2019-07-28 20:49:22.411 26602 INFO rally.task.runner [-] Task 4ae683d2-fc38-4f56-95e0-4c56be91d723 | ITER: 12 END: OK
2019-07-28 20:49:22.415 26602 INFO rally.task.runner [-] Task 4ae683d2-fc38-4f56-95e0-4c56be91d723 | ITER: 35 START
2019-07-28 20:49:22.416 26602 WARNING rally_openstack.scenarios.neutron.utils [-] Running this scenario without either the 'network' or 'existing_network' context is deprecated
2019-07-28 20:49:22.525 26581 INFO rally.task.runner [-] Task 4ae683d2-fc38-4f56-95e0-4c56be91d723 | ITER: 2 END: OK
2019-07-28 20:49:22.529 26581 INFO rally.task.runner [-] Task 4ae683d2-fc38-4f56-95e0-4c56be91d723 | ITER: 36 START
2019-07-28 20:49:22.529 26581 WARNING rally_openstack.scenarios.neutron.utils [-] Running this scenario without either the 'network' or 'existing_network' context is deprecated
2019-07-28 20:49:22.961 26619 INFO rally.task.runner [-] Task 4ae683d2-fc38-4f56-95e0-4c56be91d723 | ITER: 17 END: OK
2019-07-28 20:49:22.966 26619 INFO rally.task.runner [-] Task 4ae683d2-fc38-4f56-95e0-4c56be91d723 | ITER: 37 START
2019-07-28 20:49:22.966 26619 WARNING rally_openstack.scenarios.neutron.utils [-] Running this scenario without either the 'network' or 'existing_network' context is deprecated
2019-07-28 20:49:23.349 26582 INFO rally.task.runner [-] Task 4ae683d2-fc38-4f56-95e0-4c56be91d723 | ITER: 6 END: OK
2019-07-28 20:49:23.354 26582 INFO rally.task.runner [-] Task 4ae683d2-fc38-4f56-95e0-4c56be91d723 | ITER: 38 START
2019-07-28 20:49:23.354 26582 WARNING rally_openstack.scenarios.neutron.utils [-] Running this scenario without either the 'network' or 'existing_network' context is deprecated
2019-07-28 20:49:23.740 26605 INFO rally.task.runner [-] Task 4ae683d2-fc38-4f56-95e0-4c56be91d723 | ITER: 13 END: OK
2019-07-28 20:49:23.745 26605 INFO rally.task.runner [-] Task 4ae683d2-fc38-4f56-95e0-4c56be91d723 | ITER: 39 START
2019-07-28 20:49:23.745 26605 WARNING rally_openstack.scenarios.neutron.utils [-] Running this scenario without either the 'network' or 'existing_network' context is deprecated
2019-07-28 20:49:25.138 26623 INFO rally.task.runner [-] Task 4ae683d2-fc38-4f56-95e0-4c56be91d723 | ITER: 19 END: OK
2019-07-28 20:49:25.143 26623 INFO rally.task.runner [-] Task 4ae683d2-fc38-4f56-95e0-4c56be91d723 | ITER: 40 START
2019-07-28 20:49:25.143 26623 WARNING rally_openstack.scenarios.neutron.utils [-] Running this scenario without either the 'network' or 'existing_network' context is deprecated
2019-07-28 20:49:34.887 26601 INFO rally.task.runner [-] Task 4ae683d2-fc38-4f56-95e0-4c56be91d723 | ITER: 25 END: OK
2019-07-28 20:49:35.050 26586 INFO rally.task.runner [-] Task 4ae683d2-fc38-4f56-95e0-4c56be91d723 | ITER: 24 END: OK
2019-07-28 20:49:35.580 26622 INFO rally.task.runner [-] Task 4ae683d2-fc38-4f56-95e0-4c56be91d723 | ITER: 22 END: OK
2019-07-28 20:49:35.630 26610 INFO rally.task.runner [-] Task 4ae683d2-fc38-4f56-95e0-4c56be91d723 | ITER: 27 END: OK
2019-07-28 20:49:36.718 26624 INFO rally.task.runner [-] Task 4ae683d2-fc38-4f56-95e0-4c56be91d723 | ITER: 31 END: OK
2019-07-28 20:49:36.934 26595 INFO rally.task.runner [-] Task 4ae683d2-fc38-4f56-95e0-4c56be91d723 | ITER: 21 END: OK
2019-07-28 20:49:37.017 26581 INFO rally.task.runner [-] Task 4ae683d2-fc38-4f56-95e0-4c56be91d723 | ITER: 26 END: OK
2019-07-28 20:49:37.036 26592 INFO rally.task.runner [-] Task 4ae683d2-fc38-4f56-95e0-4c56be91d723 | ITER: 28 END: OK
2019-07-28 20:49:37.761 26586 INFO rally.task.runner [-] Task 4ae683d2-fc38-4f56-95e0-4c56be91d723 | ITER: 34 END: OK
2019-07-28 20:49:38.281 26608 INFO rally.task.runner [-] Task 4ae683d2-fc38-4f56-95e0-4c56be91d723 | ITER: 29 END: OK
2019-07-28 20:49:38.513 26583 INFO rally.task.runner [-] Task 4ae683d2-fc38-4f56-95e0-4c56be91d723 | ITER: 33 END: OK
2019-07-28 20:49:38.686 26582 INFO rally.task.runner [-] Task 4ae683d2-fc38-4f56-95e0-4c56be91d723 | ITER: 23 END: OK
2019-07-28 20:49:38.919 26581 INFO rally.task.runner [-] Task 4ae683d2-fc38-4f56-95e0-4c56be91d723 | ITER: 36 END: OK
2019-07-28 20:49:38.998 26614 INFO rally.task.runner [-] Task 4ae683d2-fc38-4f56-95e0-4c56be91d723 | ITER: 30 END: OK
2019-07-28 20:49:39.264 26583 INFO rally.task.runner [-] Task 4ae683d2-fc38-4f56-95e0-4c56be91d723 | ITER: 32 END: OK
2019-07-28 20:49:39.287 26602 INFO rally.task.runner [-] Task 4ae683d2-fc38-4f56-95e0-4c56be91d723 | ITER: 35 END: OK
2019-07-28 20:49:39.571 26582 INFO rally.task.runner [-] Task 4ae683d2-fc38-4f56-95e0-4c56be91d723 | ITER: 38 END: OK
2019-07-28 20:49:40.000 26605 INFO rally.task.runner [-] Task 4ae683d2-fc38-4f56-95e0-4c56be91d723 | ITER: 39 END: OK
2019-07-28 20:49:40.184 26623 INFO rally.task.runner [-] Task 4ae683d2-fc38-4f56-95e0-4c56be91d723 | ITER: 40 END: OK
2019-07-28 20:49:40.461 26619 INFO rally.task.runner [-] Task 4ae683d2-fc38-4f56-95e0-4c56be91d723 | ITER: 37 END: OK
2019-07-28 20:49:40.488 22705 INFO rally.task.context [-] Task 4ae683d2-fc38-4f56-95e0-4c56be91d723 | Context cleanup@openstack cleanup() started
2019-07-28 20:49:40.490 22705 RALLYDEBUG rally_openstack.cleanup.manager [-] Cleaning up neutron vip objects
2019-07-28 20:49:41.240 22705 RALLYDEBUG rally_openstack.cleanup.manager [-] Cleaning up neutron health_monitor objects
2019-07-28 20:49:41.896 22705 RALLYDEBUG rally_openstack.cleanup.manager [-] Cleaning up neutron pool objects
2019-07-28 20:49:42.550 22705 RALLYDEBUG rally_openstack.cleanup.manager [-] Cleaning up neutron loadbalancer objects
2019-07-28 20:49:43.236 22705 RALLYDEBUG rally_openstack.cleanup.manager [-] Cleaning up neutron floatingip objects
2019-07-28 20:49:44.094 22705 RALLYDEBUG rally_openstack.cleanup.manager [-] Cleaning up neutron port objects
2019-07-28 20:49:45.338 22705 RALLYDEBUG rally_openstack.cleanup.manager [-] Deleting neutron.port object s_rally_56fc1ef6_7ZMXvJoN (03694684-d8a8-423c-b15e-79383b99352d)
2019-07-28 20:49:45.338 22705 RALLYDEBUG rally_openstack.cleanup.manager [-] Deleting neutron.port object s_rally_56fc1ef6_60Zjd8wq (0193b6fa-bbc0-48d1-b318-6511a2aa44f6)
2019-07-28 20:49:45.339 22705 RALLYDEBUG rally_openstack.cleanup.manager [-] Deleting neutron.port object s_rally_56fc1ef6_ofAWLy1r (06e0fbc9-c76f-482e-8a74-60eb6b0ebadf)
2019-07-28 20:49:45.343 22705 RALLYDEBUG rally_openstack.cleanup.manager [-] Deleting neutron.port object s_rally_56fc1ef6_cRQhlAow (108acdda-32e7-439d-9798-d3b4f39a7926)
2019-07-28 20:49:45.347 22705 RALLYDEBUG rally_openstack.cleanup.manager [-] Deleting neutron.port object s_rally_56fc1ef6_EzydDC9Q (0d21a138-774a-476d-ba1b-8f4e8761325c)
2019-07-28 20:49:45.348 22705 RALLYDEBUG rally_openstack.cleanup.manager [-] Deleting neutron.port object s_rally_56fc1ef6_3c2jQDRK (0682da20-2a85-4e79-bcb4-f24b9369d15a)
2019-07-28 20:49:45.348 22705 RALLYDEBUG rally_openstack.cleanup.manager [-] Deleting neutron.port object s_rally_56fc1ef6_annK286y (031f4881-33c2-443d-b95b-b9daee6b1086)
2019-07-28 20:49:45.363 22705 RALLYDEBUG rally_openstack.cleanup.manager [-] Deleting neutron.port object s_rally_56fc1ef6_4FuRy4UQ (1331c1a1-fafe-4749-9a3a-73cfb6815abc)
2019-07-28 20:49:45.364 22705 RALLYDEBUG rally_openstack.cleanup.manager [-] Deleting neutron.port object s_rally_56fc1ef6_WoLcM1t3 (0904ab7c-8086-49f8-8c67-57c9d41ed1c5)
2019-07-28 20:49:45.369 22705 RALLYDEBUG rally_openstack.cleanup.manager [-] Deleting neutron.port object s_rally_56fc1ef6_XoqtF5pv (19ef952e-d550-4726-9776-83cf3a2a6a09)
2019-07-28 20:49:45.373 22705 RALLYDEBUG rally_openstack.cleanup.manager [-] Deleting neutron.port object s_rally_56fc1ef6_8auIl3BC (12e7afaf-dac7-4a1d-a3c2-fc9abbb63810)
2019-07-28 20:49:45.374 22705 RALLYDEBUG rally_openstack.cleanup.manager [-] Deleting neutron.port object s_rally_56fc1ef6_0KuXHohi (0a9f150b-b4ed-48b9-bd19-429d56ca668a)
2019-07-28 20:49:45.386 22705 RALLYDEBUG rally_openstack.cleanup.manager [-] Deleting neutron.port object s_rally_56fc1ef6_axgtdCZx (1a1ccfb1-00e8-4528-88ae-3962a6bd0b4c)
2019-07-28 20:49:45.390 22705 RALLYDEBUG rally_openstack.cleanup.manager [-] Deleting neutron.port object s_rally_56fc1ef6_itypPfF3 (1af0c1d1-dbbc-483b-9cd3-c91c5bb3a623)
2019-07-28 20:49:45.396 22705 RALLYDEBUG rally_openstack.cleanup.manager [-] Deleting neutron.port object s_rally_56fc1ef6_ue9ofiLS (1b090980-efe3-42cd-b1cc-305964412e26)
2019-07-28 20:49:45.406 22705 RALLYDEBUG rally_openstack.cleanup.manager [-] Deleting neutron.port object s_rally_56fc1ef6_z7cU0Nmc (1dab6caa-08b5-4218-988c-fb658fd5801f)
2019-07-28 20:49:45.432 22705 RALLYDEBUG rally_openstack.cleanup.manager [-] Deleting neutron.port object s_rally_56fc1ef6_TIaWCfwL (2376387f-4eab-4752-80ba-8ceeae7d191b)
2019-07-28 20:49:45.454 22705 RALLYDEBUG rally_openstack.cleanup.manager [-] Deleting neutron.port object s_rally_56fc1ef6_OySwqU3h (2390c4a8-ec82-4b68-8db1-ffe15942570d)
2019-07-28 20:49:45.474 22705 RALLYDEBUG rally_openstack.cleanup.manager [-] Deleting neutron.port object s_rally_56fc1ef6_MbLTj1iK (26a0f03d-8123-4c6c-b892-101d16cd8f0e)
2019-07-28 20:49:45.478 22705 RALLYDEBUG rally_openstack.cleanup.manager [-] Deleting neutron.port object s_rally_56fc1ef6_UvCI8hus (27d5bd2a-3b2a-4e37-a18e-7cb9d7d6cb2a)
2019-07-28 20:49:48.021 22705 RALLYDEBUG rally_openstack.cleanup.manager [-] Deleting neutron.port object s_rally_56fc1ef6_wB7Ns1Fz (28a135f7-aa04-4919-af8d-01a20e0596c8)
2019-07-28 20:49:48.022 22705 RALLYDEBUG rally_openstack.cleanup.manager [-] Deleting neutron.port object s_rally_56fc1ef6_jZqLyOH3 (287a5164-2e16-4b61-a292-455d7ed0c636)
2019-07-28 20:49:48.103 22705 RALLYDEBUG rally_openstack.cleanup.manager [-] Deleting neutron.port object s_rally_56fc1ef6_KU4TGTMJ (2b12bdcc-a64a-48d5-9972-1918eae52eac)
2019-07-28 20:49:48.121 22705 RALLYDEBUG rally_openstack.cleanup.manager [-] Deleting neutron.port object s_rally_56fc1ef6_hLbaDt1B (2b7e4ee2-262d-43bf-bd86-6b1a1a884bcc)
2019-07-28 20:49:48.133 22705 RALLYDEBUG rally_openstack.cleanup.manager [-] Deleting neutron.port object s_rally_56fc1ef6_dEhayfWG (2c110c19-d100-4e2f-ab0f-921eb318d260)
2019-07-28 20:49:48.160 22705 RALLYDEBUG rally_openstack.cleanup.manager [-] Deleting neutron.port object s_rally_56fc1ef6_SljuY1Ea (2c50c1e1-a99f-4416-b1ca-9ba163a15eeb)
2019-07-28 20:49:48.213 22705 RALLYDEBUG rally_openstack.cleanup.manager [-] Deleting neutron.port object s_rally_56fc1ef6_XDDIgkXr (2c7dd02f-c431-45b3-b854-1aab1bcc0a59)
2019-07-28 20:49:48.371 22705 RALLYDEBUG rally_openstack.cleanup.manager [-] Deleting neutron.port object s_rally_56fc1ef6_t3VxX3CM (2d4aec24-c6e6-422d-9b46-b532c94e4de6)
2019-07-28 20:49:48.414 22705 RALLYDEBUG rally_openstack.cleanup.manager [-] Deleting neutron.port object s_rally_56fc1ef6_EL9b7xus (2da3bcf8-3707-43d1-b974-c1b3a1afee05)
2019-07-28 20:49:48.465 22705 RALLYDEBUG rally_openstack.cleanup.manager [-] Deleting neutron.port object s_rally_56fc1ef6_WHyEw1h8 (2e2275b8-2120-4ba8-973a-4ab6cc68b3fe)
2019-07-28 20:49:48.491 22705 RALLYDEBUG rally_openstack.cleanup.manager [-] Deleting neutron.port object s_rally_56fc1ef6_Sjid7y2q (2ecf492b-505b-43dd-b17b-0dc018d58bda)
2019-07-28 20:49:48.830 22705 RALLYDEBUG rally_openstack.cleanup.manager [-] Deleting neutron.port object s_rally_56fc1ef6_dXe6WMvY (2f660fbf-0b01-4850-a8bf-3d2f8860ded9)
2019-07-28 20:49:48.834 22705 RALLYDEBUG rally_openstack.cleanup.manager [-] Deleting neutron.port object s_rally_56fc1ef6_vCUxXEqI (341793a8-03b6-480e-8458-b6ac805114c0)
2019-07-28 20:49:48.996 22705 RALLYDEBUG rally_openstack.cleanup.manager [-] Deleting neutron.port object s_rally_56fc1ef6_Nmdw6oZD (35470b6d-7bcb-42f1-9e4c-27ea6ee63154)
2019-07-28 20:49:49.201 22705 RALLYDEBUG rally_openstack.cleanup.manager [-] Deleting neutron.port object s_rally_56fc1ef6_EXdd64uq (365aea1b-44f7-4bd7-989a-1703813868d7)
2019-07-28 20:49:49.220 22705 RALLYDEBUG rally_openstack.cleanup.manager [-] Deleting neutron.port object s_rally_56fc1ef6_XGubABS7 (369d855e-1436-4bea-8333-3385ee8afc7e)
2019-07-28 20:49:49.243 22705 RALLYDEBUG rally_openstack.cleanup.manager [-] Deleting neutron.port object s_rally_56fc1ef6_mKBLnVRO (37fa9ad0-0819-40de-8d0a-232f5fd82293)
2019-07-28 20:49:49.246 22705 RALLYDEBUG rally_openstack.cleanup.manager [-] Deleting neutron.port object s_rally_56fc1ef6_h0WxnuHf (385ac77f-822d-4c3a-8c53-5d2cbf5d89d3)
2019-07-28 20:49:49.268 22705 RALLYDEBUG rally_openstack.cleanup.manager [-] Deleting neutron.port object s_rally_56fc1ef6_fDkAq51S (39471e0d-c0b5-42b1-a83b-f7d2adb5ee5f)
2019-07-28 20:49:49.270 22705 RALLYDEBUG rally_openstack.cleanup.manager [-] Deleting neutron.port object s_rally_56fc1ef6_D9lJYv0g (3a861b2e-41fd-44bd-bb0d-bcc83a140ff7)
2019-07-28 20:49:50.232 22705 RALLYDEBUG rally_openstack.cleanup.manager [-] Deleting neutron.port object s_rally_56fc1ef6_L0at0JuW (3ced1222-25e0-4425-ae9d-95ca9c6d5199)
2019-07-28 20:49:50.416 22705 RALLYDEBUG rally_openstack.cleanup.manager [-] Deleting neutron.port object s_rally_56fc1ef6_znboQi8V (3d5e8875-4f12-4e67-b4c6-aa46cc5cdd62)
2019-07-28 20:49:50.571 22705 RALLYDEBUG rally_openstack.cleanup.manager [-] Deleting neutron.port object s_rally_56fc1ef6_W0HSSwfw (3edc753f-9ec7-4878-921a-2deb49c99378)
2019-07-28 20:49:50.592 22705 RALLYDEBUG rally_openstack.cleanup.manager [-] Deleting neutron.port object s_rally_56fc1ef6_JaNroC33 (3ef1b4e3-ebaa-4da6-90cf-ab5bcba37aa8)
2019-07-28 20:49:50.651 22705 RALLYDEBUG rally_openstack.cleanup.manager [-] Deleting neutron.port object s_rally_56fc1ef6_9xC7IswK (403dc2cf-7103-40b3-b66d-aaa7205fa940)
2019-07-28 20:49:50.805 22705 RALLYDEBUG rally_openstack.cleanup.manager [-] Deleting neutron.port object s_rally_56fc1ef6_VlPmK57g (405df4e6-41f2-4498-a9d8-7de31e24409b)
2019-07-28 20:49:50.873 22705 RALLYDEBUG rally_openstack.cleanup.manager [-] Deleting neutron.port object s_rally_56fc1ef6_tprTO2Rx (407ef084-2ebe-47c6-9067-8c6d492b9058)
2019-07-28 20:49:51.077 22705 RALLYDEBUG rally_openstack.cleanup.manager [-] Deleting neutron.port object s_rally_56fc1ef6_8F1A1PXH (4364045f-6fc6-4f9e-a23a-99ec1dc0650c)
2019-07-28 20:49:51.147 22705 RALLYDEBUG rally_openstack.cleanup.manager [-] Deleting neutron.port object s_rally_56fc1ef6_31TpD3QL (438fcf01-2f3e-442b-b7b8-4c9d3b9f1402)
2019-07-28 20:49:51.156 22705 RALLYDEBUG rally_openstack.cleanup.manager [-] Deleting neutron.port object s_rally_56fc1ef6_AYebSkP2 (46cd3ee5-4578-4bc1-a676-6fdc47f191b9)
2019-07-28 20:49:51.377 22705 RALLYDEBUG rally_openstack.cleanup.manager [-] Deleting neutron.port object s_rally_56fc1ef6_Oj7q41ma (46de8706-255b-42a9-8f8e-fc1495f9b569)
2019-07-28 20:49:51.436 22705 RALLYDEBUG rally_openstack.cleanup.manager [-] Deleting neutron.port object s_rally_56fc1ef6_14GJkVY8 (493774e3-1bd5-48c2-8730-182fe9825371)
2019-07-28 20:49:51.477 22705 RALLYDEBUG rally_openstack.cleanup.manager [-] Deleting neutron.port object s_rally_56fc1ef6_EePYqfuK (495bbc6c-a53b-4a73-b307-9c7e47d1ca54)
2019-07-28 20:49:51.576 22705 RALLYDEBUG rally_openstack.cleanup.manager [-] Deleting neutron.port object s_rally_56fc1ef6_sKJMrQDu (49899267-959a-4e0a-b9dd-e2c4c7721fe8)
2019-07-28 20:49:51.651 22705 RALLYDEBUG rally_openstack.cleanup.manager [-] Deleting neutron.port object s_rally_56fc1ef6_uS4h7ujv (4bd14ee2-60bf-4451-8a0a-de3e78abd155)
2019-07-28 20:49:51.677 22705 RALLYDEBUG rally_openstack.cleanup.manager [-] Deleting neutron.port object s_rally_56fc1ef6_74whS18W (4e7c513d-1a1c-42e6-a9d0-bf74bfe6c1b9)
2019-07-28 20:49:51.742 22705 RALLYDEBUG rally_openstack.cleanup.manager [-] Deleting neutron.port object s_rally_56fc1ef6_lNum8eoX (4eb9dc03-5adc-4b65-9fe9-5252f6cf5a92)
2019-07-28 20:49:51.961 22705 RALLYDEBUG rally_openstack.cleanup.manager [-] Deleting neutron.port object s_rally_56fc1ef6_H043lbY6 (4fd8711e-95f4-4dc6-8da5-bd963782c4d4)
2019-07-28 20:49:52.173 22705 RALLYDEBUG rally_openstack.cleanup.manager [-] Deleting neutron.port object s_rally_56fc1ef6_l1ts19Td (50403c01-4818-425d-a28b-c68d3ecd95f1)
2019-07-28 20:49:52.181 22705 RALLYDEBUG rally_openstack.cleanup.manager [-] Deleting neutron.port object s_rally_56fc1ef6_QVyaDr6e (50982833-0b02-4956-8d5e-18a8eec7fa35)
2019-07-28 20:49:52.556 22705 RALLYDEBUG rally_openstack.cleanup.manager [-] Deleting neutron.port object s_rally_56fc1ef6_99s0vs0r (50c6e70c-02b8-4bc5-aa18-9cac2cd4e3d1)
2019-07-28 20:49:52.625 22705 RALLYDEBUG rally_openstack.cleanup.manager [-] Deleting neutron.port object s_rally_56fc1ef6_1gNWhzAt (52dcead5-5f84-474a-a04c-ef9b15ed46c1)
2019-07-28 20:49:52.979 22705 RALLYDEBUG rally_openstack.cleanup.manager [-] Deleting neutron.port object s_rally_56fc1ef6_uwFcQvMY (52f6db19-be70-4e23-af78-fa17bf7bbe41)
2019-07-28 20:49:53.262 22705 RALLYDEBUG rally_openstack.cleanup.manager [-] Deleting neutron.port object s_rally_56fc1ef6_wgW9Kk6Y (5460bd38-d89d-43f2-a411-b177c79ba1a1)
2019-07-28 20:49:53.308 22705 RALLYDEBUG rally_openstack.cleanup.manager [-] Deleting neutron.port object s_rally_56fc1ef6_QJAuz0HQ (54ecc2ab-fc88-4c20-ba49-577681f51685)
2019-07-28 20:49:53.489 22705 RALLYDEBUG rally_openstack.cleanup.manager [-] Deleting neutron.port object s_rally_56fc1ef6_fll89SxU (55c315f7-5734-4aa7-97e1-f44f58da407a)
2019-07-28 20:49:53.693 22705 RALLYDEBUG rally_openstack.cleanup.manager [-] Deleting neutron.port object s_rally_56fc1ef6_D6N8p4Ea (571e2ec4-06a8-4dd6-a719-58975d099eb5)
2019-07-28 20:49:53.883 22705 RALLYDEBUG rally_openstack.cleanup.manager [-] Deleting neutron.port object s_rally_56fc1ef6_6poH2Yte (58123c22-bb80-42a2-9084-b16b2fc66b0d)
2019-07-28 20:49:53.907 22705 RALLYDEBUG rally_openstack.cleanup.manager [-] Deleting neutron.port object s_rally_56fc1ef6_a1fwk3z2 (5964ef3b-5247-4a48-968d-c73982ffa637)
