2019-07-28 20:32:10.631 22696 RALLYDEBUG rally.api [-] INFO logs from urllib3 and requests module are hide.
2019-07-28 20:32:10.632 22696 RALLYDEBUG rally.api [-] urllib3 insecure warnings are hidden.
2019-07-28 20:32:10.632 22696 RALLYDEBUG rally.api [-] ERROR log from boto module is hide.
2019-07-28 20:32:12.936 22698 RALLYDEBUG rally.api [-] INFO logs from urllib3 and requests module are hide.
2019-07-28 20:32:12.937 22698 RALLYDEBUG rally.api [-] urllib3 insecure warnings are hidden.
2019-07-28 20:32:12.937 22698 RALLYDEBUG rally.api [-] ERROR log from boto module is hide.
2019-07-28 20:32:14.247 22698 WARNING rally_openstack.platforms.existing [-] endpoint is deprecated and not used.
2019-07-28 20:32:15.228 22700 RALLYDEBUG rally.api [-] INFO logs from urllib3 and requests module are hide.
2019-07-28 20:32:15.228 22700 RALLYDEBUG rally.api [-] urllib3 insecure warnings are hidden.
2019-07-28 20:32:15.228 22700 RALLYDEBUG rally.api [-] ERROR log from boto module is hide.
2019-07-28 20:32:18.426 22703 RALLYDEBUG rally.api [-] INFO logs from urllib3 and requests module are hide.
2019-07-28 20:32:18.426 22703 RALLYDEBUG rally.api [-] urllib3 insecure warnings are hidden.
2019-07-28 20:32:18.426 22703 RALLYDEBUG rally.api [-] ERROR log from boto module is hide.
2019-07-28 20:32:20.429 22705 RALLYDEBUG rally.api [-] INFO logs from urllib3 and requests module are hide.
2019-07-28 20:32:20.429 22705 RALLYDEBUG rally.api [-] urllib3 insecure warnings are hidden.
2019-07-28 20:32:20.430 22705 RALLYDEBUG rally.api [-] ERROR log from boto module is hide.
2019-07-28 20:32:21.586 22705 INFO rally.common.plugin.discover [-] Loading plugins from directories /root/.rally/plugins/*
2019-07-28 20:32:21.586 22705 INFO rally.common.plugin.discover [-] Loaded module with plugins: /root/.rally/plugins/__init__.py
2019-07-28 20:32:21.588 22705 INFO rally.common.plugin.discover [-] Loaded module with plugins: /root/.rally/plugins/trunk_scenario.py
2019-07-28 20:32:21.769 22705 INFO rally.task.engine [-] Task 4ae683d2-fc38-4f56-95e0-4c56be91d723 | Starting: Task validation.
2019-07-28 20:32:21.808 22705 INFO rally.task.engine [-] Task 4ae683d2-fc38-4f56-95e0-4c56be91d723 | Starting: Task validation of syntax.
2019-07-28 20:32:22.020 22705 INFO rally.task.engine [-] Task 4ae683d2-fc38-4f56-95e0-4c56be91d723 | Completed: Task validation of syntax.
2019-07-28 20:32:22.020 22705 INFO rally.task.engine [-] Task 4ae683d2-fc38-4f56-95e0-4c56be91d723 | Starting: Task validation of required platforms.
2019-07-28 20:32:22.077 22705 INFO rally.task.engine [-] Task 4ae683d2-fc38-4f56-95e0-4c56be91d723 | Completed: Task validation of required platforms.
2019-07-28 20:32:22.077 22705 INFO rally.task.engine [-] Task 4ae683d2-fc38-4f56-95e0-4c56be91d723 | Starting: Task validation of semantic.
2019-07-28 20:32:22.077 22705 INFO rally.task.engine [-] Check health of the environment '3f7992be-2a4a-4d6b-8047-81946dc09f2b'.
2019-07-28 20:32:22.894 22705 INFO rally.task.engine [-] Platform existing@openstack (available: True): OK!
2019-07-28 20:32:22.912 22705 RALLYDEBUG rally_openstack.contexts.keystone.users [-] Creating 1 tenants using 20 threads
2019-07-28 20:32:24.831 22705 RALLYDEBUG rally_openstack.contexts.keystone.users [-] Creating 1 users using 20 threads
2019-07-28 20:32:27.702 22705 INFO rally.task.context [-] Task 4ae683d2-fc38-4f56-95e0-4c56be91d723 | Context users@openstack setup() finished in 4.79 sec
2019-07-28 20:32:34.055 22705 INFO rally.task.context [-] Task 4ae683d2-fc38-4f56-95e0-4c56be91d723 | Context users@openstack cleanup() started
2019-07-28 20:32:39.706 22705 INFO rally.task.context [-] Task 4ae683d2-fc38-4f56-95e0-4c56be91d723 | Context users@openstack cleanup() finished in 5.65 sec
2019-07-28 20:32:39.706 22705 INFO rally.task.engine [-] Task 4ae683d2-fc38-4f56-95e0-4c56be91d723 | Completed: Task validation of semantic.
2019-07-28 20:32:39.706 22705 INFO rally.task.engine [-] Task 4ae683d2-fc38-4f56-95e0-4c56be91d723 | Completed: Task validation.
2019-07-28 20:32:39.707 22705 INFO rally.api [-] Task 4ae683d2-fc38-4f56-95e0-4c56be91d723 input file is valid.
2019-07-28 20:32:39.707 22705 INFO rally.api [-] Run Task 4ae683d2-fc38-4f56-95e0-4c56be91d723 against Deployment 3f7992be-2a4a-4d6b-8047-81946dc09f2b
2019-07-28 20:32:39.707 22705 INFO rally.task.engine [-] Task 4ae683d2-fc38-4f56-95e0-4c56be91d723 | Starting: Running task.
2019-07-28 20:32:39.857 22705 INFO rally.task.engine [-] Running workload: position = 0 config = { "version": 2, "title": "A cropped version of a bigger task.", "description": "Auto-generated task from a single workload (uuid=8a737dc9-d731-4a4d-bde0-7e5c5bf93f89)", "subtasks": [ { "title": "NeutronNetworks.create_and_list_networks", "description": "Check performance of list_networks action and ensure > network quotas are not exceeded", "scenario": { "NeutronNetworks.create_and_list_networks": {} }, "contexts": { "users": { "tenants": 1, "users_per_tenant": 1 }, "quotas": { "neutron": { "network": 119 } } }, "runner": { "constant": { "times": 100, "concurrency": 20 } }, "hooks": [], "sla": { "max_avg_duration_per_atomic": { "neutron.list_networks": 15 }, "failure_rate": { "max": 0 } } } ] }
2019-07-28 20:32:39.880 22705 RALLYDEBUG rally_openstack.contexts.keystone.users [-] Creating 1 tenants using 20 threads
2019-07-28 20:32:41.850 22705 RALLYDEBUG rally_openstack.contexts.keystone.users [-] Creating 1 users using 20 threads
2019-07-28 20:32:44.664 22705 INFO rally.task.context [-] Task 4ae683d2-fc38-4f56-95e0-4c56be91d723 | Context users@openstack setup() finished in 4.78 sec
2019-07-28 20:32:45.438 22705 INFO rally.task.context [-] Task 4ae683d2-fc38-4f56-95e0-4c56be91d723 | Context quotas@openstack setup() finished in 0.77 sec
2019-07-28 20:32:45.439 22705 INFO rally.task.context [-] Task 4ae683d2-fc38-4f56-95e0-4c56be91d723 | Context cleanup@openstack setup() finished in 0.01 msec
2019-07-28 20:32:45.446 22705 RALLYDEBUG rally.task.runner [-] Starting the constant runner (task UUID: 4ae683d2-fc38-4f56-95e0-4c56be91d723). timeout: 0 concurrency: 20 concurrency_per_worker: 1 times: 100 concurrency_overhead: 4 processes_to_start: 16 max_cpu_used: 16
2019-07-28 20:32:45.458 22829 RALLYDEBUG rally.task.runner [-] Starting a worker. concurrency: 2 args: {} times: 100 method_name: run timeout: 0 duration: None cls:
2019-07-28 20:32:45.461 22830 RALLYDEBUG rally.task.runner [-] Starting a worker. concurrency: 2 args: {} times: 100 method_name: run timeout: 0 duration: None cls:
2019-07-28 20:32:45.464 22831 RALLYDEBUG rally.task.runner [-] Starting a worker. concurrency: 2 args: {} times: 100 method_name: run timeout: 0 duration: None cls:
2019-07-28 20:32:45.466 22832 RALLYDEBUG rally.task.runner [-] Starting a worker. concurrency: 2 args: {} times: 100 method_name: run timeout: 0 duration: None cls:
2019-07-28 20:32:45.468 22829 INFO rally.task.runner [-] Task 4ae683d2-fc38-4f56-95e0-4c56be91d723 | ITER: 1 START
2019-07-28 20:32:45.470 22830 INFO rally.task.runner [-] Task 4ae683d2-fc38-4f56-95e0-4c56be91d723 | ITER: 3 START
2019-07-28 20:32:45.469 22835 RALLYDEBUG rally.task.runner [-] Starting a worker. concurrency: 1 args: {} times: 100 method_name: run timeout: 0 duration: None cls:
2019-07-28 20:32:45.468 22829 INFO rally.task.runner [-] Task 4ae683d2-fc38-4f56-95e0-4c56be91d723 | ITER: 2 START
2019-07-28 20:32:45.471 22837 RALLYDEBUG rally.task.runner [-] Starting a worker. concurrency: 1 args: {} times: 100 method_name: run timeout: 0 duration: None cls:
2019-07-28 20:32:45.474 22831 INFO rally.task.runner [-] Task 4ae683d2-fc38-4f56-95e0-4c56be91d723 | ITER: 4 START
2019-07-28 20:32:45.476 22832 INFO rally.task.runner [-] Task 4ae683d2-fc38-4f56-95e0-4c56be91d723 | ITER: 6 START
2019-07-28 20:32:45.477 22841 RALLYDEBUG rally.task.runner [-] Starting a worker. concurrency: 1 args: {} times: 100 method_name: run timeout: 0 duration: None cls:
2019-07-28 20:32:45.478 22846 RALLYDEBUG rally.task.runner [-] Starting a worker. concurrency: 1 args: {} times: 100 method_name: run timeout: 0 duration: None cls:
2019-07-28 20:32:45.476 22835 INFO rally.task.runner [-] Task 4ae683d2-fc38-4f56-95e0-4c56be91d723 | ITER: 8 START
2019-07-28 20:32:45.477 22830 INFO rally.task.runner [-] Task 4ae683d2-fc38-4f56-95e0-4c56be91d723 | ITER: 5 START
2019-07-28 20:32:45.484 22841 INFO rally.task.runner [-] Task 4ae683d2-fc38-4f56-95e0-4c56be91d723 | ITER: 11 START
2019-07-28 20:32:45.484 22851 RALLYDEBUG rally.task.runner [-] Starting a worker. concurrency: 1 args: {} times: 100 method_name: run timeout: 0 duration: None cls:
2019-07-28 20:32:45.487 22831 INFO rally.task.runner [-] Task 4ae683d2-fc38-4f56-95e0-4c56be91d723 | ITER: 7 START
2019-07-28 20:32:45.488 22855 RALLYDEBUG rally.task.runner [-] Starting a worker. concurrency: 1 args: {} times: 100 method_name: run timeout: 0 duration: None cls:
2019-07-28 20:32:45.488 22837 INFO rally.task.runner [-] Task 4ae683d2-fc38-4f56-95e0-4c56be91d723 | ITER: 10 START
2019-07-28 20:32:45.489 22832 INFO rally.task.runner [-] Task 4ae683d2-fc38-4f56-95e0-4c56be91d723 | ITER: 9 START
2019-07-28 20:32:45.490 22859 RALLYDEBUG rally.task.runner [-] Starting a worker. concurrency: 1 args: {} times: 100 method_name: run timeout: 0 duration: None cls:
2019-07-28 20:32:45.489 22852 RALLYDEBUG rally.task.runner [-] Starting a worker. concurrency: 1 args: {} times: 100 method_name: run timeout: 0 duration: None cls:
2019-07-28 20:32:45.493 22847 RALLYDEBUG rally.task.runner [-] Starting a worker. concurrency: 1 args: {} times: 100 method_name: run timeout: 0 duration: None cls:
2019-07-28 20:32:45.495 22851 INFO rally.task.runner [-] Task 4ae683d2-fc38-4f56-95e0-4c56be91d723 | ITER: 13 START
2019-07-28 20:32:45.497 22855 INFO rally.task.runner [-] Task 4ae683d2-fc38-4f56-95e0-4c56be91d723 | ITER: 14 START
2019-07-28 20:32:45.497 22852 INFO rally.task.runner [-] Task 4ae683d2-fc38-4f56-95e0-4c56be91d723 | ITER: 16 START
2019-07-28 20:32:45.498 22846 INFO rally.task.runner [-] Task 4ae683d2-fc38-4f56-95e0-4c56be91d723 | ITER: 12 START
2019-07-28 20:32:45.497 22861 RALLYDEBUG rally.task.runner [-] Starting a worker. concurrency: 1 args: {} times: 100 method_name: run timeout: 0 duration: None cls:
2019-07-28 20:32:45.498 22859 INFO rally.task.runner [-] Task 4ae683d2-fc38-4f56-95e0-4c56be91d723 | ITER: 15 START
2019-07-28 20:32:45.502 22847 INFO rally.task.runner [-] Task 4ae683d2-fc38-4f56-95e0-4c56be91d723 | ITER: 17 START
2019-07-28 20:32:45.504 22872 RALLYDEBUG rally.task.runner [-] Starting a worker. concurrency: 1 args: {} times: 100 method_name: run timeout: 0 duration: None cls:
2019-07-28 20:32:45.506 22861 INFO rally.task.runner [-] Task 4ae683d2-fc38-4f56-95e0-4c56be91d723 | ITER: 18 START
2019-07-28 20:32:45.513 22872 INFO rally.task.runner [-] Task 4ae683d2-fc38-4f56-95e0-4c56be91d723 | ITER: 19 START
2019-07-28 20:32:45.519 22878 RALLYDEBUG rally.task.runner [-] Starting a worker. concurrency: 1 args: {} times: 100 method_name: run timeout: 0 duration: None cls:
2019-07-28 20:32:45.525 22878 INFO rally.task.runner [-] Task 4ae683d2-fc38-4f56-95e0-4c56be91d723 | ITER: 20 START
2019-07-28 20:32:48.136 22832 INFO rally.task.runner [-] Task 4ae683d2-fc38-4f56-95e0-4c56be91d723 | ITER: 9 END: OK
2019-07-28 20:32:48.140 22832 INFO rally.task.runner [-] Task 4ae683d2-fc38-4f56-95e0-4c56be91d723 | ITER: 21 START
2019-07-28 20:32:48.371 22832 INFO rally.task.runner [-] Task 4ae683d2-fc38-4f56-95e0-4c56be91d723 | ITER: 6 END: OK
2019-07-28 20:32:48.374 22832 INFO rally.task.runner [-] Task 4ae683d2-fc38-4f56-95e0-4c56be91d723 | ITER: 22 START
2019-07-28 20:32:48.426 22846 INFO rally.task.runner [-] Task 4ae683d2-fc38-4f56-95e0-4c56be91d723 | ITER: 12 END: OK
2019-07-28 20:32:48.429 22846 INFO rally.task.runner [-] Task 4ae683d2-fc38-4f56-95e0-4c56be91d723 | ITER: 23 START
2019-07-28 20:32:49.144 22872 INFO rally.task.runner [-] Task 4ae683d2-fc38-4f56-95e0-4c56be91d723 | ITER: 19 END: OK
2019-07-28 20:32:49.147 22872 INFO rally.task.runner [-] Task 4ae683d2-fc38-4f56-95e0-4c56be91d723 | ITER: 24 START
2019-07-28 20:32:49.201 22847 INFO rally.task.runner [-] Task 4ae683d2-fc38-4f56-95e0-4c56be91d723 | ITER: 17 END: OK
2019-07-28 20:32:49.204 22847 INFO rally.task.runner [-] Task 4ae683d2-fc38-4f56-95e0-4c56be91d723 | ITER: 25 START
2019-07-28 20:32:49.380 22831 INFO rally.task.runner [-] Task 4ae683d2-fc38-4f56-95e0-4c56be91d723 | ITER: 7 END: OK
2019-07-28 20:32:49.385 22835 INFO rally.task.runner [-] Task 4ae683d2-fc38-4f56-95e0-4c56be91d723 | ITER: 8 END: OK
2019-07-28 20:32:49.385 22831 INFO rally.task.runner [-] Task 4ae683d2-fc38-4f56-95e0-4c56be91d723 | ITER: 26 START
2019-07-28 20:32:49.388 22835 INFO rally.task.runner [-] Task 4ae683d2-fc38-4f56-95e0-4c56be91d723 | ITER: 27 START
2019-07-28 20:32:50.550 22832 INFO rally.task.runner [-] Task 4ae683d2-fc38-4f56-95e0-4c56be91d723 | ITER: 21 END: OK
2019-07-28 20:32:50.554 22832 INFO rally.task.runner [-] Task 4ae683d2-fc38-4f56-95e0-4c56be91d723 | ITER: 28 START
2019-07-28 20:32:50.635 22846 INFO rally.task.runner [-] Task 4ae683d2-fc38-4f56-95e0-4c56be91d723 | ITER: 23 END: OK
2019-07-28 20:32:50.639 22846 INFO rally.task.runner [-] Task 4ae683d2-fc38-4f56-95e0-4c56be91d723 | ITER: 29 START
2019-07-28 20:32:51.281 22832 INFO rally.task.runner [-] Task 4ae683d2-fc38-4f56-95e0-4c56be91d723 | ITER: 22 END: OK
2019-07-28 20:32:51.284 22832 INFO rally.task.runner [-] Task 4ae683d2-fc38-4f56-95e0-4c56be91d723 | ITER: 30 START
2019-07-28 20:32:51.542 22847 INFO rally.task.runner [-] Task 4ae683d2-fc38-4f56-95e0-4c56be91d723 | ITER: 25 END: OK
2019-07-28 20:32:51.545 22847 INFO rally.task.runner [-] Task 4ae683d2-fc38-4f56-95e0-4c56be91d723 | ITER: 31 START
2019-07-28 20:32:51.953 22872 INFO rally.task.runner [-] Task 4ae683d2-fc38-4f56-95e0-4c56be91d723 | ITER: 24 END: OK
2019-07-28 20:32:51.957 22872 INFO rally.task.runner [-] Task 4ae683d2-fc38-4f56-95e0-4c56be91d723 | ITER: 32 START
2019-07-28 20:32:52.186 22831 INFO rally.task.runner [-] Task 4ae683d2-fc38-4f56-95e0-4c56be91d723 | ITER: 26 END: OK
2019-07-28 20:32:52.189 22831 INFO rally.task.runner [-] Task 4ae683d2-fc38-4f56-95e0-4c56be91d723 | ITER: 33 START
2019-07-28 20:32:52.278 22835 INFO rally.task.runner [-] Task 4ae683d2-fc38-4f56-95e0-4c56be91d723 | ITER: 27 END: OK
2019-07-28 20:32:52.281 22835 INFO rally.task.runner [-] Task 4ae683d2-fc38-4f56-95e0-4c56be91d723 | ITER: 34 START
2019-07-28 20:32:52.827 22830 INFO rally.task.runner [-] Task 4ae683d2-fc38-4f56-95e0-4c56be91d723 | ITER: 3 END: OK
2019-07-28 20:32:52.829 22830 INFO rally.task.runner [-] Task 4ae683d2-fc38-4f56-95e0-4c56be91d723 | ITER: 35 START
2019-07-28 20:32:52.957 22878 INFO rally.task.runner [-] Task 4ae683d2-fc38-4f56-95e0-4c56be91d723 | ITER: 20 END: OK
2019-07-28 20:32:52.960 22878 INFO rally.task.runner [-] Task 4ae683d2-fc38-4f56-95e0-4c56be91d723 | ITER: 36 START
2019-07-28 20:32:53.074 22846 INFO rally.task.runner [-] Task 4ae683d2-fc38-4f56-95e0-4c56be91d723 | ITER: 29 END: OK
2019-07-28 20:32:53.077 22846 INFO rally.task.runner [-] Task 4ae683d2-fc38-4f56-95e0-4c56be91d723 | ITER: 37 START
2019-07-28 20:32:53.221 22859 INFO rally.task.runner [-] Task 4ae683d2-fc38-4f56-95e0-4c56be91d723 | ITER: 15 END: OK
2019-07-28 20:32:53.224 22859 INFO rally.task.runner [-] Task 4ae683d2-fc38-4f56-95e0-4c56be91d723 | ITER: 38 START
2019-07-28 20:32:53.263 22832 INFO rally.task.runner [-] Task 4ae683d2-fc38-4f56-95e0-4c56be91d723 | ITER: 28 END: OK
2019-07-28 20:32:53.266 22832 INFO rally.task.runner [-] Task 4ae683d2-fc38-4f56-95e0-4c56be91d723 | ITER: 39 START
2019-07-28 20:32:53.481 22851 INFO rally.task.runner [-] Task 4ae683d2-fc38-4f56-95e0-4c56be91d723 | ITER: 13 END: OK
2019-07-28 20:32:53.485 22851 INFO rally.task.runner [-] Task 4ae683d2-fc38-4f56-95e0-4c56be91d723 | ITER: 40 START
2019-07-28 20:32:53.572 22861 INFO rally.task.runner [-] Task 4ae683d2-fc38-4f56-95e0-4c56be91d723 | ITER: 18 END: OK
2019-07-28 20:32:53.576 22861 INFO rally.task.runner [-] Task 4ae683d2-fc38-4f56-95e0-4c56be91d723 | ITER: 41 START
2019-07-28 20:32:53.821 22829 INFO rally.task.runner [-] Task 4ae683d2-fc38-4f56-95e0-4c56be91d723 | ITER: 1 END: OK
2019-07-28 20:32:53.825 22829 INFO rally.task.runner [-] Task 4ae683d2-fc38-4f56-95e0-4c56be91d723 | ITER: 42 START
2019-07-28 20:32:53.896 22832 INFO rally.task.runner [-] Task 4ae683d2-fc38-4f56-95e0-4c56be91d723 | ITER: 30 END: OK
2019-07-28 20:32:53.899 22832 INFO rally.task.runner [-] Task 4ae683d2-fc38-4f56-95e0-4c56be91d723 | ITER: 43 START
2019-07-28 20:32:54.511 22831 INFO rally.task.runner [-] Task 4ae683d2-fc38-4f56-95e0-4c56be91d723 | ITER: 4 END: OK
2019-07-28 20:32:54.514 22831 INFO rally.task.runner [-] Task 4ae683d2-fc38-4f56-95e0-4c56be91d723 | ITER: 44 START
2019-07-28 20:32:54.624 22830 INFO rally.task.runner [-] Task 4ae683d2-fc38-4f56-95e0-4c56be91d723 | ITER: 5 END: OK
2019-07-28 20:32:54.628 22830 INFO rally.task.runner [-] Task 4ae683d2-fc38-4f56-95e0-4c56be91d723 | ITER: 45 START
2019-07-28 20:32:54.730 22841 INFO rally.task.runner [-] Task 4ae683d2-fc38-4f56-95e0-4c56be91d723 | ITER: 11 END: OK
2019-07-28 20:32:54.733 22841 INFO rally.task.runner [-] Task 4ae683d2-fc38-4f56-95e0-4c56be91d723 | ITER: 46 START
2019-07-28 20:32:54.870 22837 INFO rally.task.runner [-] Task 4ae683d2-fc38-4f56-95e0-4c56be91d723 | ITER: 10 END: OK
2019-07-28 20:32:54.873 22837 INFO rally.task.runner [-] Task 4ae683d2-fc38-4f56-95e0-4c56be91d723 | ITER: 47 START
2019-07-28 20:32:54.954 22835 INFO rally.task.runner [-] Task 4ae683d2-fc38-4f56-95e0-4c56be91d723 | ITER: 34 END: OK
2019-07-28 20:32:54.957 22835 INFO rally.task.runner [-] Task 4ae683d2-fc38-4f56-95e0-4c56be91d723 | ITER: 48 START
2019-07-28 20:32:55.094 22852 INFO rally.task.runner [-] Task 4ae683d2-fc38-4f56-95e0-4c56be91d723 | ITER: 16 END: OK
2019-07-28 20:32:55.097 22852 INFO rally.task.runner [-] Task 4ae683d2-fc38-4f56-95e0-4c56be91d723 | ITER: 49 START
2019-07-28 20:32:55.274 22829 INFO rally.task.runner [-] Task 4ae683d2-fc38-4f56-95e0-4c56be91d723 | ITER: 2 END: OK
2019-07-28 20:32:55.276 22829 INFO rally.task.runner [-] Task 4ae683d2-fc38-4f56-95e0-4c56be91d723 | ITER: 50 START
2019-07-28 20:32:55.370 22855 INFO rally.task.runner [-] Task 4ae683d2-fc38-4f56-95e0-4c56be91d723 | ITER: 14 END: OK
2019-07-28 20:32:55.374 22855 INFO rally.task.runner [-] Task 4ae683d2-fc38-4f56-95e0-4c56be91d723 | ITER: 51 START
2019-07-28 20:32:55.540 22872 INFO rally.task.runner [-] Task 4ae683d2-fc38-4f56-95e0-4c56be91d723 | ITER: 32 END: OK
2019-07-28 20:32:55.543 22872 INFO rally.task.runner [-] Task 4ae683d2-fc38-4f56-95e0-4c56be91d723 | ITER: 52 START
2019-07-28 20:32:55.930 22847 INFO rally.task.runner [-] Task 4ae683d2-fc38-4f56-95e0-4c56be91d723 | ITER: 31 END: OK
2019-07-28 20:32:55.933 22847 INFO rally.task.runner [-] Task 4ae683d2-fc38-4f56-95e0-4c56be91d723 | ITER: 53 START
2019-07-28 20:32:56.506 22830 INFO rally.task.runner [-] Task 4ae683d2-fc38-4f56-95e0-4c56be91d723 | ITER: 35 END: OK
2019-07-28 20:32:56.509 22830 INFO rally.task.runner [-] Task 4ae683d2-fc38-4f56-95e0-4c56be91d723 | ITER: 54 START
2019-07-28 20:32:56.628 22851 INFO rally.task.runner [-] Task 4ae683d2-fc38-4f56-95e0-4c56be91d723 | ITER: 40 END: OK
2019-07-28 20:32:56.631 22851 INFO rally.task.runner [-] Task 4ae683d2-fc38-4f56-95e0-4c56be91d723 | ITER: 55 START
2019-07-28 20:32:56.659 22861 INFO rally.task.runner [-] Task 4ae683d2-fc38-4f56-95e0-4c56be91d723 | ITER: 41 END: OK
2019-07-28 20:32:56.662 22861 INFO rally.task.runner [-] Task 4ae683d2-fc38-4f56-95e0-4c56be91d723 | ITER: 56 START
2019-07-28 20:32:56.761 22831 INFO rally.task.runner [-] Task 4ae683d2-fc38-4f56-95e0-4c56be91d723 | ITER: 33 END: OK
2019-07-28 20:32:56.764 22831 INFO rally.task.runner [-] Task 4ae683d2-fc38-4f56-95e0-4c56be91d723 | ITER: 57 START
2019-07-28 20:32:57.352 22846 INFO rally.task.runner [-] Task 4ae683d2-fc38-4f56-95e0-4c56be91d723 | ITER: 37 END: OK
2019-07-28 20:32:57.356 22846 INFO rally.task.runner [-] Task 4ae683d2-fc38-4f56-95e0-4c56be91d723 | ITER: 58 START
2019-07-28 20:32:57.384 22878 INFO rally.task.runner [-] Task 4ae683d2-fc38-4f56-95e0-4c56be91d723 | ITER: 36 END: OK
2019-07-28 20:32:57.388 22878 INFO rally.task.runner [-] Task 4ae683d2-fc38-4f56-95e0-4c56be91d723 | ITER: 59 START
2019-07-28 20:32:57.796 22830 INFO rally.task.runner [-] Task 4ae683d2-fc38-4f56-95e0-4c56be91d723 | ITER: 45 END: OK
2019-07-28 20:32:57.799 22830 INFO rally.task.runner [-] Task 4ae683d2-fc38-4f56-95e0-4c56be91d723 | ITER: 60 START
2019-07-28 20:32:57.876 22832 INFO rally.task.runner [-] Task 4ae683d2-fc38-4f56-95e0-4c56be91d723 | ITER: 43 END: OK
2019-07-28 20:32:57.879 22832 INFO rally.task.runner [-] Task 4ae683d2-fc38-4f56-95e0-4c56be91d723 | ITER: 61 START
2019-07-28 20:32:58.032 22841 INFO rally.task.runner [-] Task 4ae683d2-fc38-4f56-95e0-4c56be91d723 | ITER: 46 END: OK
2019-07-28 20:32:58.035 22841 INFO rally.task.runner [-] Task 4ae683d2-fc38-4f56-95e0-4c56be91d723 | ITER: 62 START
2019-07-28 20:32:58.171 22859 INFO rally.task.runner [-] Task 4ae683d2-fc38-4f56-95e0-4c56be91d723 | ITER: 38 END: OK
2019-07-28 20:32:58.174 22859 INFO rally.task.runner [-] Task 4ae683d2-fc38-4f56-95e0-4c56be91d723 | ITER: 63 START
2019-07-28 20:32:58.481 22832 INFO rally.task.runner [-] Task 4ae683d2-fc38-4f56-95e0-4c56be91d723 | ITER: 39 END: OK
2019-07-28 20:32:58.484 22832 INFO rally.task.runner [-] Task 4ae683d2-fc38-4f56-95e0-4c56be91d723 | ITER: 64 START
2019-07-28 20:32:58.716 22852 INFO rally.task.runner [-] Task 4ae683d2-fc38-4f56-95e0-4c56be91d723 | ITER: 49 END: OK
2019-07-28 20:32:58.718 22852 INFO rally.task.runner [-] Task 4ae683d2-fc38-4f56-95e0-4c56be91d723 | ITER: 65 START
2019-07-28 20:32:58.751 22829 INFO rally.task.runner [-] Task 4ae683d2-fc38-4f56-95e0-4c56be91d723 | ITER: 42 END: OK
2019-07-28 20:32:58.754 22829 INFO rally.task.runner [-] Task 4ae683d2-fc38-4f56-95e0-4c56be91d723 | ITER: 66 START
2019-07-28 20:32:58.914 22831 INFO rally.task.runner [-] Task 4ae683d2-fc38-4f56-95e0-4c56be91d723 | ITER: 44 END: OK
2019-07-28 20:32:58.916 22831 INFO rally.task.runner [-] Task 4ae683d2-fc38-4f56-95e0-4c56be91d723 | ITER: 67 START
2019-07-28 20:32:59.031 22835 INFO rally.task.runner [-] Task 4ae683d2-fc38-4f56-95e0-4c56be91d723 | ITER: 48 END: OK
2019-07-28 20:32:59.034 22835 INFO rally.task.runner [-] Task 4ae683d2-fc38-4f56-95e0-4c56be91d723 | ITER: 68 START
2019-07-28 20:32:59.427 22847 INFO rally.task.runner [-] Task 4ae683d2-fc38-4f56-95e0-4c56be91d723 | ITER: 53 END: OK
2019-07-28 20:32:59.430 22847 INFO rally.task.runner [-] Task 4ae683d2-fc38-4f56-95e0-4c56be91d723 | ITER: 69 START
2019-07-28 20:32:59.447 22829 INFO rally.task.runner [-] Task 4ae683d2-fc38-4f56-95e0-4c56be91d723 | ITER: 50 END: OK
2019-07-28 20:32:59.450 22829 INFO rally.task.runner [-] Task 4ae683d2-fc38-4f56-95e0-4c56be91d723 | ITER: 70 START
2019-07-28 20:32:59.758 22851 INFO rally.task.runner [-] Task 4ae683d2-fc38-4f56-95e0-4c56be91d723 | ITER: 55 END: OK
2019-07-28 20:32:59.761 22851 INFO rally.task.runner [-] Task 4ae683d2-fc38-4f56-95e0-4c56be91d723 | ITER: 71 START
2019-07-28 20:32:59.851 22872 INFO rally.task.runner [-] Task 4ae683d2-fc38-4f56-95e0-4c56be91d723 | ITER: 52 END: OK
2019-07-28 20:32:59.854 22872 INFO rally.task.runner [-] Task 4ae683d2-fc38-4f56-95e0-4c56be91d723 | ITER: 72 START
2019-07-28 20:33:00.026 22855 INFO rally.task.runner [-] Task 4ae683d2-fc38-4f56-95e0-4c56be91d723 | ITER: 51 END: OK
2019-07-28 20:33:00.029 22855 INFO rally.task.runner [-] Task 4ae683d2-fc38-4f56-95e0-4c56be91d723 | ITER: 73 START
2019-07-28 20:33:00.068 22837 INFO rally.task.runner [-] Task 4ae683d2-fc38-4f56-95e0-4c56be91d723 | ITER: 47 END: OK
2019-07-28 20:33:00.071 22837 INFO rally.task.runner [-] Task 4ae683d2-fc38-4f56-95e0-4c56be91d723 | ITER: 74 START
2019-07-28 20:33:00.104 22831 INFO rally.task.runner [-] Task 4ae683d2-fc38-4f56-95e0-4c56be91d723 | ITER: 57 END: OK
2019-07-28 20:33:00.107 22831 INFO rally.task.runner [-] Task 4ae683d2-fc38-4f56-95e0-4c56be91d723 | ITER: 75 START
2019-07-28 20:33:00.325 22830 INFO rally.task.runner [-] Task 4ae683d2-fc38-4f56-95e0-4c56be91d723 | ITER: 54 END: OK
2019-07-28 20:33:00.329 22830 INFO rally.task.runner [-] Task 4ae683d2-fc38-4f56-95e0-4c56be91d723 | ITER: 76 START
2019-07-28 20:33:00.479 22878 INFO rally.task.runner [-] Task 4ae683d2-fc38-4f56-95e0-4c56be91d723 | ITER: 59 END: OK
2019-07-28 20:33:00.482 22878 INFO rally.task.runner [-] Task 4ae683d2-fc38-4f56-95e0-4c56be91d723 | ITER: 77 START
2019-07-28 20:33:00.653 22846 INFO rally.task.runner [-] Task 4ae683d2-fc38-4f56-95e0-4c56be91d723 | ITER: 58 END: OK
2019-07-28 20:33:00.656 22846 INFO rally.task.runner [-] Task 4ae683d2-fc38-4f56-95e0-4c56be91d723 | ITER: 78 START
2019-07-28 20:33:00.743 22832 INFO rally.task.runner [-] Task 4ae683d2-fc38-4f56-95e0-4c56be91d723 | ITER: 61 END: OK
2019-07-28 20:33:00.747 22832 INFO rally.task.runner [-] Task 4ae683d2-fc38-4f56-95e0-4c56be91d723 | ITER: 79 START
2019-07-28 20:33:00.820 22861 INFO rally.task.runner [-] Task 4ae683d2-fc38-4f56-95e0-4c56be91d723 | ITER: 56 END: OK
2019-07-28 20:33:00.823 22861 INFO rally.task.runner [-] Task 4ae683d2-fc38-4f56-95e0-4c56be91d723 | ITER: 80 START
2019-07-28 20:33:00.853 22830 INFO rally.task.runner [-] Task 4ae683d2-fc38-4f56-95e0-4c56be91d723 | ITER: 60 END: OK
2019-07-28 20:33:00.855 22830 INFO rally.task.runner [-] Task 4ae683d2-fc38-4f56-95e0-4c56be91d723 | ITER: 81 START
2019-07-28 20:33:01.109 22841 INFO rally.task.runner [-] Task 4ae683d2-fc38-4f56-95e0-4c56be91d723 | ITER: 62 END: OK
2019-07-28 20:33:01.112 22841 INFO rally.task.runner [-] Task 4ae683d2-fc38-4f56-95e0-4c56be91d723 | ITER: 82 START
2019-07-28 20:33:01.403 22859 INFO rally.task.runner [-] Task 4ae683d2-fc38-4f56-95e0-4c56be91d723 | ITER: 63 END: OK
2019-07-28 20:33:01.406 22859 INFO rally.task.runner [-] Task 4ae683d2-fc38-4f56-95e0-4c56be91d723 | ITER: 83 START
2019-07-28 20:33:01.582 22829 INFO rally.task.runner [-] Task 4ae683d2-fc38-4f56-95e0-4c56be91d723 | ITER: 66 END: OK
2019-07-28 20:33:01.585 22829 INFO rally.task.runner [-] Task 4ae683d2-fc38-4f56-95e0-4c56be91d723 | ITER: 84 START
2019-07-28 20:33:01.769 22831 INFO rally.task.runner [-] Task 4ae683d2-fc38-4f56-95e0-4c56be91d723 | ITER: 67 END: OK
2019-07-28 20:33:01.772 22831 INFO rally.task.runner [-] Task 4ae683d2-fc38-4f56-95e0-4c56be91d723 | ITER: 85 START
2019-07-28 20:33:02.004 22852 INFO rally.task.runner [-] Task 4ae683d2-fc38-4f56-95e0-4c56be91d723 | ITER: 65 END: OK
2019-07-28 20:33:02.007 22852 INFO rally.task.runner [-] Task 4ae683d2-fc38-4f56-95e0-4c56be91d723 | ITER: 86 START
2019-07-28 20:33:02.026 22832 INFO rally.task.runner [-] Task 4ae683d2-fc38-4f56-95e0-4c56be91d723 | ITER: 64 END: OK
2019-07-28 20:33:02.029 22832 INFO rally.task.runner [-] Task 4ae683d2-fc38-4f56-95e0-4c56be91d723 | ITER: 87 START
2019-07-28 20:33:02.174 22835 INFO rally.task.runner [-] Task 4ae683d2-fc38-4f56-95e0-4c56be91d723 | ITER: 68 END: OK
2019-07-28 20:33:02.178 22835 INFO rally.task.runner [-] Task 4ae683d2-fc38-4f56-95e0-4c56be91d723 | ITER: 88 START
2019-07-28 20:33:02.722 22872 INFO rally.task.runner [-] Task 4ae683d2-fc38-4f56-95e0-4c56be91d723 | ITER: 72 END: OK
2019-07-28 20:33:02.725 22872 INFO rally.task.runner [-] Task 4ae683d2-fc38-4f56-95e0-4c56be91d723 | ITER: 89 START
2019-07-28 20:33:03.355 22831 INFO rally.task.runner [-] Task 4ae683d2-fc38-4f56-95e0-4c56be91d723 | ITER: 75 END: OK
2019-07-28 20:33:03.358 22831 INFO rally.task.runner [-] Task 4ae683d2-fc38-4f56-95e0-4c56be91d723 | ITER: 90 START
2019-07-28 20:33:03.442 22837 INFO rally.task.runner [-] Task 4ae683d2-fc38-4f56-95e0-4c56be91d723 | ITER: 74 END: OK
2019-07-28 20:33:03.445 22837 INFO rally.task.runner [-] Task 4ae683d2-fc38-4f56-95e0-4c56be91d723 | ITER: 91 START
2019-07-28 20:33:03.544 22830 INFO rally.task.runner [-] Task 4ae683d2-fc38-4f56-95e0-4c56be91d723 | ITER: 76 END: OK
2019-07-28 20:33:03.547 22830 INFO rally.task.runner [-] Task 4ae683d2-fc38-4f56-95e0-4c56be91d723 | ITER: 92 START
2019-07-28 20:33:03.548 22847 INFO rally.task.runner [-] Task 4ae683d2-fc38-4f56-95e0-4c56be91d723 | ITER: 69 END: OK
2019-07-28 20:33:03.551 22847 INFO rally.task.runner [-] Task 4ae683d2-fc38-4f56-95e0-4c56be91d723 | ITER: 93 START
2019-07-28 20:33:03.572 22829 INFO rally.task.runner [-] Task 4ae683d2-fc38-4f56-95e0-4c56be91d723 | ITER: 70 END: OK
2019-07-28 20:33:03.575 22829 INFO rally.task.runner [-] Task 4ae683d2-fc38-4f56-95e0-4c56be91d723 | ITER: 94 START
2019-07-28 20:33:03.731 22851 INFO rally.task.runner [-] Task 4ae683d2-fc38-4f56-95e0-4c56be91d723 | ITER: 71 END: OK
2019-07-28 20:33:03.735 22851 INFO rally.task.runner [-] Task 4ae683d2-fc38-4f56-95e0-4c56be91d723 | ITER: 95 START
2019-07-28 20:33:03.804 22855 INFO rally.task.runner [-] Task 4ae683d2-fc38-4f56-95e0-4c56be91d723 | ITER: 73 END: OK
2019-07-28 20:33:03.807 22855 INFO rally.task.runner [-] Task 4ae683d2-fc38-4f56-95e0-4c56be91d723 | ITER: 96 START
2019-07-28 20:33:04.432 22861 INFO rally.task.runner [-] Task 4ae683d2-fc38-4f56-95e0-4c56be91d723 | ITER: 80 END: OK
2019-07-28 20:33:04.435 22861 INFO rally.task.runner [-] Task 4ae683d2-fc38-4f56-95e0-4c56be91d723 | ITER: 97 START
2019-07-28 20:33:04.488 22878 INFO rally.task.runner [-] Task 4ae683d2-fc38-4f56-95e0-4c56be91d723 | ITER: 77 END: OK
2019-07-28 20:33:04.492 22878 INFO rally.task.runner [-] Task 4ae683d2-fc38-4f56-95e0-4c56be91d723 | ITER: 98 START
2019-07-28 20:33:04.587 22830 INFO rally.task.runner [-] Task 4ae683d2-fc38-4f56-95e0-4c56be91d723 | ITER: 81 END: OK
2019-07-28 20:33:04.590 22830 INFO rally.task.runner [-] Task 4ae683d2-fc38-4f56-95e0-4c56be91d723 | ITER: 99 START
2019-07-28 20:33:04.683 22846 INFO rally.task.runner [-] Task 4ae683d2-fc38-4f56-95e0-4c56be91d723 | ITER: 78 END: OK
2019-07-28 20:33:04.686 22846 INFO rally.task.runner [-] Task 4ae683d2-fc38-4f56-95e0-4c56be91d723 | ITER: 100 START
2019-07-28 20:33:04.742 22829 INFO rally.task.runner [-] Task 4ae683d2-fc38-4f56-95e0-4c56be91d723 | ITER: 84 END: OK
2019-07-28 20:33:04.742 22832 INFO rally.task.runner [-] Task 4ae683d2-fc38-4f56-95e0-4c56be91d723 | ITER: 79 END: OK
2019-07-28 20:33:05.197 22835 INFO rally.task.runner [-] Task 4ae683d2-fc38-4f56-95e0-4c56be91d723 | ITER: 88 END: OK
2019-07-28 20:33:05.469 22872 INFO rally.task.runner [-] Task 4ae683d2-fc38-4f56-95e0-4c56be91d723 | ITER: 89 END: OK
2019-07-28 20:33:05.588 22831 INFO rally.task.runner [-] Task 4ae683d2-fc38-4f56-95e0-4c56be91d723 | ITER: 85 END: OK
2019-07-28 20:33:06.015 22832 INFO rally.task.runner [-] Task 4ae683d2-fc38-4f56-95e0-4c56be91d723 | ITER: 87 END: OK
2019-07-28 20:33:06.144 22852 INFO rally.task.runner [-] Task 4ae683d2-fc38-4f56-95e0-4c56be91d723 | ITER: 86 END: OK
2019-07-28 20:33:06.218 22859 INFO rally.task.runner [-] Task 4ae683d2-fc38-4f56-95e0-4c56be91d723 | ITER: 83 END: OK
2019-07-28 20:33:06.247 22841 INFO rally.task.runner [-] Task 4ae683d2-fc38-4f56-95e0-4c56be91d723 | ITER: 82 END: OK
2019-07-28 20:33:06.471 22829 INFO rally.task.runner [-] Task 4ae683d2-fc38-4f56-95e0-4c56be91d723 | ITER: 94 END: OK
2019-07-28 20:33:06.506 22830 INFO rally.task.runner [-] Task 4ae683d2-fc38-4f56-95e0-4c56be91d723 | ITER: 92 END: OK
2019-07-28 20:33:06.527 22831 INFO rally.task.runner [-] Task 4ae683d2-fc38-4f56-95e0-4c56be91d723 | ITER: 90 END: OK
2019-07-28 20:33:06.602 22837 INFO rally.task.runner [-] Task 4ae683d2-fc38-4f56-95e0-4c56be91d723 | ITER: 91 END: OK
2019-07-28 20:33:06.972 22861 INFO rally.task.runner [-] Task 4ae683d2-fc38-4f56-95e0-4c56be91d723 | ITER: 97 END: OK
2019-07-28 20:33:07.148 22847 INFO rally.task.runner [-] Task 4ae683d2-fc38-4f56-95e0-4c56be91d723 | ITER: 93 END: OK
2019-07-28 20:33:07.149 22855 INFO rally.task.runner [-] Task 4ae683d2-fc38-4f56-95e0-4c56be91d723 | ITER: 96 END: OK
2019-07-28 20:33:07.215 22851 INFO rally.task.runner [-] Task 4ae683d2-fc38-4f56-95e0-4c56be91d723 | ITER: 95 END: OK
2019-07-28 20:33:07.277 22830 INFO rally.task.runner [-] Task 4ae683d2-fc38-4f56-95e0-4c56be91d723 | ITER: 99 END: OK
2019-07-28 20:33:07.408 22846 INFO rally.task.runner [-] Task 4ae683d2-fc38-4f56-95e0-4c56be91d723 | ITER: 100 END: OK
2019-07-28 20:33:07.642 22878 INFO rally.task.runner [-] Task 4ae683d2-fc38-4f56-95e0-4c56be91d723 | ITER: 98 END: OK
2019-07-28 20:33:07.663 22705 INFO rally.task.context [-] Task 4ae683d2-fc38-4f56-95e0-4c56be91d723 | Context cleanup@openstack cleanup() started
2019-07-28 20:33:07.665 22705 RALLYDEBUG rally_openstack.cleanup.manager [-] Cleaning up neutron vip objects
2019-07-28 20:33:08.398 22705 RALLYDEBUG rally_openstack.cleanup.manager [-] Cleaning up neutron health_monitor objects
2019-07-28 20:33:09.140 22705 RALLYDEBUG rally_openstack.cleanup.manager [-] Cleaning up neutron pool objects
2019-07-28 20:33:09.784 22705 RALLYDEBUG rally_openstack.cleanup.manager [-] Cleaning up neutron loadbalancer objects
2019-07-28 20:33:10.523 22705 RALLYDEBUG rally_openstack.cleanup.manager [-] Cleaning up neutron floatingip objects
2019-07-28 20:33:11.307 22705 RALLYDEBUG rally_openstack.cleanup.manager [-] Cleaning up neutron port objects
2019-07-28 20:33:12.459 22705 RALLYDEBUG rally_openstack.cleanup.manager [-] Cleaning up neutron subnet objects
2019-07-28 20:33:13.214 22705 RALLYDEBUG rally_openstack.cleanup.manager [-] Cleaning up neutron network objects
2019-07-28 20:33:14.322 22705 RALLYDEBUG rally_openstack.cleanup.manager [-] Deleting neutron.network object s_rally_8a737dc9_Qjt3ceGX (062029ea-173b-4c78-b5c1-c420155e1e22)
2019-07-28 20:33:14.331 22705 RALLYDEBUG rally_openstack.cleanup.manager [-] Deleting neutron.network object s_rally_8a737dc9_YZlsHFJf (081af744-ae78-4570-ae0e-12f7141dfff5)
2019-07-28 20:33:14.334 22705 RALLYDEBUG rally_openstack.cleanup.manager [-] Deleting neutron.network object s_rally_8a737dc9_qpIo0MA3 (0ddd96d8-208f-4e1a-be9e-7cd748be1a20)
2019-07-28 20:33:14.340 22705 RALLYDEBUG rally_openstack.cleanup.manager [-] Deleting neutron.network object s_rally_8a737dc9_h6ITQxGc (0e832d76-1b50-4522-aa34-32944ac31726)
2019-07-28 20:33:14.353 22705 RALLYDEBUG rally_openstack.cleanup.manager [-] Deleting neutron.network object s_rally_8a737dc9_F67K24CM (0d1455e7-5dca-4b27-b794-c5771a7ed208)
2019-07-28 20:33:14.354 22705 RALLYDEBUG rally_openstack.cleanup.manager [-] Deleting neutron.network object s_rally_8a737dc9_XS0NAMBz (0ebcdc80-6262-497d-bd1f-c3ecbfe49a92)
2019-07-28 20:33:14.359 22705 RALLYDEBUG rally_openstack.cleanup.manager [-] Deleting neutron.network object s_rally_8a737dc9_6KTAuCxr (1182d935-3556-486e-b749-ea10865e6510)
2019-07-28 20:33:14.368 22705 RALLYDEBUG rally_openstack.cleanup.manager [-] Deleting neutron.network object s_rally_8a737dc9_ir2qYX8M (11bb3194-6e50-4f05-9bc5-22a4cfcce894)
2019-07-28 20:33:14.382 22705 RALLYDEBUG rally_openstack.cleanup.manager [-] Deleting neutron.network object s_rally_8a737dc9_rbF0fdqs (17cb6a69-192b-435f-816e-d1ed5c57b2c7)
2019-07-28 20:33:14.414 22705 RALLYDEBUG rally_openstack.cleanup.manager [-] Deleting neutron.network object s_rally_8a737dc9_GSMyVVlB (1cccee90-9637-45db-bd90-4af0f8be9574)
2019-07-28 20:33:14.437 22705 RALLYDEBUG rally_openstack.cleanup.manager [-] Deleting neutron.network object s_rally_8a737dc9_ck98e07c (1ec4862f-a282-40bf-b9c5-1518333c89cd)
2019-07-28 20:33:14.438 22705 RALLYDEBUG rally_openstack.cleanup.manager [-] Deleting neutron.network object s_rally_8a737dc9_PqNty18J (1be3988d-c5a3-4279-a499-8c7456bdf28b)
2019-07-28 20:33:14.458 22705 RALLYDEBUG rally_openstack.cleanup.manager [-] Deleting neutron.network object s_rally_8a737dc9_Ue4I3ryn (205f8879-a8fe-4de9-9b5f-0ed73ac13684)
2019-07-28 20:33:14.469 22705 RALLYDEBUG rally_openstack.cleanup.manager [-] Deleting neutron.network object s_rally_8a737dc9_6sbjcWsS (1ee28501-db6f-47ab-8b08-f76e2c34b3a8)
2019-07-28 20:33:14.502 22705 RALLYDEBUG rally_openstack.cleanup.manager [-] Deleting neutron.network object s_rally_8a737dc9_ku5ovibv (23de8313-d64a-409e-862e-73d6b84b2ddc)
2019-07-28 20:33:14.502 22705 RALLYDEBUG rally_openstack.cleanup.manager [-] Deleting neutron.network object s_rally_8a737dc9_Q45nGhCL (26b4b39f-43cc-4a31-ad1f-e646005408e5)
2019-07-28 20:33:14.515 22705 RALLYDEBUG rally_openstack.cleanup.manager [-] Deleting neutron.network object s_rally_8a737dc9_nEGWfWrn (246f7825-a1b3-4809-ba5e-04cf1cdb1b1d)
2019-07-28 20:33:14.533 22705 RALLYDEBUG rally_openstack.cleanup.manager [-] Deleting neutron.network object s_rally_8a737dc9_Q2sWGbKv (2dec0cca-e69b-4135-87b9-0ae8985075dc)
2019-07-28 20:33:14.545 22705 RALLYDEBUG rally_openstack.cleanup.manager [-] Deleting neutron.network object s_rally_8a737dc9_LEEmdcL6 (2c228564-49e5-4ba1-bab7-f066cf0f8910)
2019-07-28 20:33:14.554 22705 RALLYDEBUG rally_openstack.cleanup.manager [-] Deleting neutron.network object s_rally_8a737dc9_nxnmhpsA (2ef1df72-966f-492c-a173-d5e1c0220948)
2019-07-28 20:33:17.740 22705 RALLYDEBUG rally_openstack.cleanup.manager [-] Deleting neutron.network object s_rally_8a737dc9_5G7sxhmP (3c531b72-450b-4736-9dd9-fff1c3326508)
2019-07-28 20:33:17.747 22705 RALLYDEBUG rally_openstack.cleanup.manager [-] Deleting neutron.network object s_rally_8a737dc9_ldszn0Ts (40613d8d-5ae6-4004-a80c-813fcd520b82)
2019-07-28 20:33:17.798 22705 RALLYDEBUG rally_openstack.cleanup.manager [-] Deleting neutron.network object s_rally_8a737dc9_aTN8KIDM (4067374a-9964-452b-8fe7-f2e26b8b78fe)
2019-07-28 20:33:17.977 22705 RALLYDEBUG rally_openstack.cleanup.manager [-] Deleting neutron.network object s_rally_8a737dc9_T7YijAp0 (420f2640-41f6-48bc-b5a4-7487c0d3b7bb)
2019-07-28 20:33:18.020 22705 RALLYDEBUG rally_openstack.cleanup.manager [-] Deleting neutron.network object s_rally_8a737dc9_qppa8ODw (451ee0eb-89d5-40ae-b1ed-e3e54c051917)
2019-07-28 20:33:18.169 22705 RALLYDEBUG rally_openstack.cleanup.manager [-] Deleting neutron.network object s_rally_8a737dc9_i5ZBO244 (48341c7c-3394-4281-a3c3-c621402de191)
2019-07-28 20:33:18.172 22705 RALLYDEBUG rally_openstack.cleanup.manager [-] Deleting neutron.network object s_rally_8a737dc9_oioWMCz9 (4a37d396-5d1d-4bea-9bfc-76928ac1fd77)
2019-07-28 20:33:18.232 22705 RALLYDEBUG rally_openstack.cleanup.manager [-] Deleting neutron.network object s_rally_8a737dc9_ji9uIFjK (4e4248f7-c400-41e4-ac6f-310f211863ac)
2019-07-28 20:33:18.253 22705 RALLYDEBUG rally_openstack.cleanup.manager [-] Deleting neutron.network object s_rally_8a737dc9_7A01CTWN (4f84083b-6bbf-4c84-a86f-9e4453fa3be3)
2019-07-28 20:33:18.510 22705 RALLYDEBUG rally_openstack.cleanup.manager [-] Deleting neutron.network object s_rally_8a737dc9_8mXvz3ge (514d3456-7706-4bf4-a777-110f4788efdd)
2019-07-28 20:33:18.923 22705 RALLYDEBUG rally_openstack.cleanup.manager [-] Deleting neutron.network object s_rally_8a737dc9_PKsFYYDL (540402cc-f17a-4ba3-affd-dd67d09ce1fe)
2019-07-28 20:33:18.936 22705 RALLYDEBUG rally_openstack.cleanup.manager [-] Deleting neutron.network object s_rally_8a737dc9_KZeJFmco (5da04b65-7fad-49b6-ab73-60dd22f7b4e0)
2019-07-28 20:33:19.464 22705 RALLYDEBUG rally_openstack.cleanup.manager [-] Deleting neutron.network object s_rally_8a737dc9_pLBuPkmz (644f5ec2-4d05-41f5-98bf-7fc013e33c14)
2019-07-28 20:33:19.471 22705 RALLYDEBUG rally_openstack.cleanup.manager [-] Deleting neutron.network object s_rally_8a737dc9_Purwcpss (67a25baa-b88e-432f-bbf9-8f6e9043a932)
2019-07-28 20:33:19.620 22705 RALLYDEBUG rally_openstack.cleanup.manager [-] Deleting neutron.network object s_rally_8a737dc9_PFqozl8w (6880b118-c04f-495b-be03-49fbb4220279)
2019-07-28 20:33:20.053 22705 RALLYDEBUG rally_openstack.cleanup.manager [-] Deleting neutron.network object s_rally_8a737dc9_42gq80ZI (6a2338ec-cc01-4e90-844a-b421de8b336d)
2019-07-28 20:33:20.134 22705 RALLYDEBUG rally_openstack.cleanup.manager [-] Deleting neutron.network object s_rally_8a737dc9_PKgXRQok (6d2ea967-df7d-4eb2-a56b-e505679a5a71)
2019-07-28 20:33:20.166 22705 RALLYDEBUG rally_openstack.cleanup.manager [-] Deleting neutron.network object s_rally_8a737dc9_9G7cYjXx (6d4abf99-a2f2-4521-ae2e-764386fb5367)
2019-07-28 20:33:20.263 22705 RALLYDEBUG rally_openstack.cleanup.manager [-] Deleting neutron.network object s_rally_8a737dc9_dQBTSqWJ (6ea775b6-0bd3-4ab0-9d34-cdb4a8289641)
2019-07-28 20:33:20.495 22705 RALLYDEBUG rally_openstack.cleanup.manager [-] Deleting neutron.network object s_rally_8a737dc9_14aq2lXO (71d6ed66-a743-4417-b900-09b36e3b0026)
2019-07-28 20:33:21.080 22705 RALLYDEBUG rally_openstack.cleanup.manager [-] Deleting neutron.network object s_rally_8a737dc9_jEBET4gy (720237c7-192f-44f0-a3aa-2d4f23abf81b)
2019-07-28 20:33:21.089 22705 RALLYDEBUG rally_openstack.cleanup.manager [-] Deleting neutron.network object s_rally_8a737dc9_E7RPWn5g (73910164-0050-422f-8053-84478dc19ac1)
2019-07-28 20:33:21.122 22705 RALLYDEBUG rally_openstack.cleanup.manager [-] Deleting neutron.network object s_rally_8a737dc9_JchYVudi (747a18c4-b01e-406a-bd99-d91b70a2d8f9)
2019-07-28 20:33:21.222 22705 RALLYDEBUG rally_openstack.cleanup.manager [-] Deleting neutron.network object s_rally_8a737dc9_2PcbiNBC (78404d8c-5c23-4fc2-9ca7-672fdcdf9504)
2019-07-28 20:33:21.472 22705 RALLYDEBUG rally_openstack.cleanup.manager [-] Deleting neutron.network object s_rally_8a737dc9_Xo4hZFdK (78425ea2-8f10-4af6-ab37-c813edd3d4c0)
2019-07-28 20:33:21.596 22705 RALLYDEBUG rally_openstack.cleanup.manager [-] Deleting neutron.network object s_rally_8a737dc9_OHJZxM6R (88359744-99b7-451a-aa04-e72ee96adcbf)
2019-07-28 20:33:21.801 22705 RALLYDEBUG rally_openstack.cleanup.manager [-] Deleting neutron.network object s_rally_8a737dc9_4RFBhVqj (8a0fc05c-dac9-4e8e-80fe-352d75ec06da)
2019-07-28 20:33:22.094 22705 RALLYDEBUG rally_openstack.cleanup.manager [-] Deleting neutron.network object s_rally_8a737dc9_yOACbwVg (8a50005a-b0db-4341-93df-0903689254c2)
2019-07-28 20:33:22.270 22705 RALLYDEBUG rally_openstack.cleanup.manager [-] Deleting neutron.network object s_rally_8a737dc9_Hf11cYwG (8a65ae6d-c3bc-4541-bb02-334a5bd63d03)
2019-07-28 20:33:22.638 22705 RALLYDEBUG rally_openstack.cleanup.manager [-] Deleting neutron.network object s_rally_8a737dc9_Rmd1T2vO (8a6b27f5-011f-4531-9d4d-17ebff81cab0)
2019-07-28 20:33:22.644 22705 RALLYDEBUG rally_openstack.cleanup.manager [-] Deleting neutron.network object s_rally_8a737dc9_E9q7L0HS (8c83b6a7-7ffb-405d-947d-f1d0da4ae073)
2019-07-28 20:33:22.877 22705 RALLYDEBUG rally_openstack.cleanup.manager [-] Deleting neutron.network object s_rally_8a737dc9_sHN9JOBP (8ef312f7-87ec-4d34-acda-5ab4535ca5d3)
2019-07-28 20:33:23.025 22705 RALLYDEBUG rally_openstack.cleanup.manager [-] Deleting neutron.network object s_rally_8a737dc9_cHsgkJHC (97c729e3-4255-41f8-9fc3-1d52737fc868)
2019-07-28 20:33:23.170 22705 RALLYDEBUG rally_openstack.cleanup.manager [-] Deleting neutron.network object s_rally_8a737dc9_P1ZksghL (98818cfa-d5ff-4207-b788-fc7c67e0549c)
2019-07-28 20:33:23.510 22705 RALLYDEBUG rally_openstack.cleanup.manager [-] Deleting neutron.network object s_rally_8a737dc9_VidqYANn (9939980c-4aff-48f0-9b95-2db0514c47d4)
2019-07-28 20:33:23.533 22705 RALLYDEBUG rally_openstack.cleanup.manager [-] Deleting neutron.network object s_rally_8a737dc9_Zw0GCzCT (9c86afe6-3c6e-4ad5-9d35-94457ca7548d)
2019-07-28 20:33:23.546 22705 RALLYDEBUG rally_openstack.cleanup.manager [-] Deleting neutron.network object s_rally_8a737dc9_I8MFaD6Z (9f424137-cc13-48e9-9b88-1139b6e5c1ae)
2019-07-28 20:33:23.596 22705 RALLYDEBUG rally_openstack.cleanup.manager [-] Deleting neutron.network object s_rally_8a737dc9_1UXGTqkU (a4d8a1d6-3e34-48ab-a906-ce691b44c8e1)
2019-07-28 20:33:24.115 22705 RALLYDEBUG rally_openstack.cleanup.manager [-] Deleting neutron.network object s_rally_8a737dc9_EX4s5J5D (a566f624-cb6e-4815-99a4-3a7bda32112e)
2019-07-28 20:33:24.186 22705 RALLYDEBUG rally_openstack.cleanup.manager [-] Deleting neutron.network object s_rally_8a737dc9_CSjlyglb (ad3f20ab-2b16-4256-aa7a-ffe5dffb9588)
2019-07-28 20:33:24.512 22705 RALLYDEBUG rally_openstack.cleanup.manager [-] Deleting neutron.network object s_rally_8a737dc9_kmperVmo (adc0861e-6bc7-4d72-b7cb-c7802ded5445)
2019-07-28 20:33:24.571 22705 RALLYDEBUG rally_openstack.cleanup.manager [-] Deleting neutron.network object s_rally_8a737dc9_dvVj9Y2N (afdd2bdc-4057-4bec-9202-4d5a5ad605f8)
2019-07-28 20:33:24.853 22705 RALLYDEBUG rally_openstack.cleanup.manager [-] Deleting neutron.network object s_rally_8a737dc9_YI2rUk6A (b2542d23-5421-4777-bd5b-a7736159f788)
2019-07-28 20:33:25.157 22705 RALLYDEBUG rally_openstack.cleanup.manager [-] Deleting neutron.network object s_rally_8a737dc9_cpeY6Ni3 (b2ad3b83-e98d-4b93-a834-3d16c4fdb7de)
2019-07-28 20:33:25.394 22705 RALLYDEBUG rally_openstack.cleanup.manager [-] Deleting neutron.network object s_rally_8a737dc9_IQcBqRwK (b391abd6-ba5e-4ca2-9c1d-f1600b64fc47)
2019-07-28 20:33:25.446 22705 RALLYDEBUG rally_openstack.cleanup.manager [-] Deleting neutron.network object s_rally_8a737dc9_RWVwgC3c (b67e6610-e1dc-4234-b2db-1098b861162f)
2019-07-28 20:33:25.529 22705 RALLYDEBUG rally_openstack.cleanup.manager [-] Deleting neutron.network object s_rally_8a737dc9_YAuqeaRz (b9965882-ebfc-440e-b829-73022fe3f720)
2019-07-28 20:33:25.625 22705 RALLYDEBUG rally_openstack.cleanup.manager [-] Deleting neutron.network object s_rally_8a737dc9_zVF7UC0W (ba2a3e21-903a-4d71-8fa1-a86464a7094c)
2019-07-28 20:33:25.655 22705 RALLYDEBUG rally_openstack.cleanup.manager [-] Deleting neutron.network object s_rally_8a737dc9_9XQGa0wg (be4dee23-ee42-4a94-b0d2-df36cf8838a7)
2019-07-28 20:33:25.690 22705 RALLYDEBUG rally_openstack.cleanup.manager [-] Deleting neutron.network object s_rally_8a737dc9_zapnIeYE (c05e72b9-9b53-4183-87a5-12450de00878)
2019-07-28 20:33:25.777 22705 RALLYDEBUG rally_openstack.cleanup.manager [-] Deleting neutron.network object s_rally_8a737dc9_Wn2KKbDj (c0755ff9-bdb7-4a2d-9be3-057a24039582)
2019-07-28 20:33:26.158 22705 RALLYDEBUG rally_openstack.cleanup.manager [-] Deleting neutron.network object s_rally_8a737dc9_Sr47PmRI (c191d452-8e0f-49ac-acbd-4c6f780f457f)
2019-07-28 20:33:26.423 22705 RALLYDEBUG rally_openstack.cleanup.manager [-] Deleting neutron.network object s_rally_8a737dc9_JpARFsMJ (c58df62a-c6d1-4a46-9e77-ca74e971b70b)
2019-07-28 20:33:26.687 22705 RALLYDEBUG rally_openstack.cleanup.manager [-] Deleting neutron.network object s_rally_8a737dc9_XR2mYG2x (c73cb2b8-b882-40ce-a0e6-75483b6828f1)
2019-07-28 20:33:26.715 22705 RALLYDEBUG rally_openstack.cleanup.manager [-] Deleting neutron.network object s_rally_8a737dc9_2nFtxhT6 (ca4ca104-694f-4b26-8f06-262fe5983350)
2019-07-28 20:33:26.848 22705 RALLYDEBUG rally_openstack.cleanup.manager [-] Deleting neutron.network object s_rally_8a737dc9_eVOFAhIQ (cb0fbc03-3b63-4742-9d75-da036e010393)
2019-07-28 20:33:27.359 22705 RALLYDEBUG rally_openstack.cleanup.manager [-] Deleting neutron.network object s_rally_8a737dc9_Jr8anDDb (cb980336-9ee3-4a05-aa32-2d0b545f23d5)
2019-07-28 20:33:27.501 22705 RALLYDEBUG rally_openstack.cleanup.manager [-] Deleting neutron.network object s_rally_8a737dc9_IrMGOjW8 (ccb69999-6ae5-45b1-8b29-4606707cf675)
2019-07-28 20:33:27.678 22705 RALLYDEBUG rally_openstack.cleanup.manager [-] Deleting neutron.network object s_rally_8a737dc9_DKQmPvCe (cd8bb193-60f6-4018-8b0f-10c0b99fddfc)
2019-07-28 20:33:27.896 22705 RALLYDEBUG rally_openstack.cleanup.manager [-] Deleting neutron.network object s_rally_8a737dc9_ahQOenSt (cdab7ad9-a731-4821-b32b-5794c816280b)
2019-07-28 20:33:28.012 22705 RALLYDEBUG rally_openstack.cleanup.manager [-] Deleting neutron.network object s_rally_8a737dc9_FcMJIfqe (ce51dfde-be0e-4217-a67e-10c50c2b36ec)
2019-07-28 20:33:28.073 22705 RALLYDEBUG rally_openstack.cleanup.manager [-] Deleting neutron.network object s_rally_8a737dc9_WEELkuqo (d21c2126-98dd-426a-88d9-9afd9b6cebcc)
2019-07-28 20:33:28.218 22705 RALLYDEBUG rally_openstack.cleanup.manager [-] Deleting neutron.network object s_rally_8a737dc9_u7wkoGsd (d245addd-95af-4185-be12-c6aebdf5d8ba)
2019-07-28 20:33:28.411 22705 RALLYDEBUG rally_openstack.cleanup.manager [-] Deleting neutron.network object s_rally_8a737dc9_91ZLMyUR (d51172cb-3128-4ec1-8a3e-c19e5b192695)
2019-07-28 20:33:29.090 22705 RALLYDEBUG rally_openstack.cleanup.manager [-] Deleting neutron.network object s_rally_8a737dc9_2lLgc9OW (d98b3f42-5da1-4945-9323-64cc74b67a8d)
2019-07-28 20:33:29.243 22705 RALLYDEBUG rally_openstack.cleanup.manager [-] Deleting neutron.network object s_rally_8a737dc9_B6qfGP6w (da01ea92-e8fd-44e3-9673-6f7ecc25f810)
2019-07-28 20:33:29.297 22705 RALLYDEBUG rally_openstack.cleanup.manager [-] Deleting neutron.network object s_rally_8a737dc9_XQuNA7qM (dc8aa3f1-7d21-4eac-8b4e-54f87f727156)
2019-07-28 20:33:29.396 22705 RALLYDEBUG rally_openstack.cleanup.manager [-] Deleting neutron.network object s_rally_8a737dc9_ZVFZS9j5 (dd7b75ba-709e-429d-a808-4f07c817932e)
2019-07-28 20:33:29.541 22705 RALLYDEBUG rally_openstack.cleanup.manager [-] Deleting neutron.network object s_rally_8a737dc9_XfC2Uk8v (e0daf0ed-563f-4eb6-9675-69fb7541f47b)
2019-07-28 20:33:29.729 22705 RALLYDEBUG rally_openstack.cleanup.manager [-] Deleting neutron.network object s_rally_8a737dc9_1IHZjpxB (e3e90740-32a6-4741-a1ac-3b4eea1be603)
2019-07-28 20:33:29.800 22705 RALLYDEBUG rally_openstack.cleanup.manager [-] Deleting neutron.network object s_rally_8a737dc9_KSjBGpQg (e7931870-26ce-42c0-8382-29ae02b285ea)
2019-07-28 20:33:29.890 22705 RALLYDEBUG rally_openstack.cleanup.manager [-] Deleting neutron.network object s_rally_8a737dc9_tvgzdhTC (ecf0e096-8a44-4c47-9966-66f94ab0f218)
2019-07-28 20:33:29.904 22705 RALLYDEBUG rally_openstack.cleanup.manager [-] Deleting neutron.network object s_rally_8a737dc9_DmcyElx6 (eff441a0-183e-4544-91c2-3e1000e3b29d)
2019-07-28 20:33:30.028 22705 RALLYDEBUG rally_openstack.cleanup.manager [-] Deleting neutron.network object s_rally_8a737dc9_OZScAs6m (f257f5da-7f94-4503-bd1c-c2e6ac5dc58e)
2019-07-28 20:33:30.329 22705 RALLYDEBUG rally_openstack.cleanup.manager [-] Deleting neutron.network object s_rally_8a737dc9_kuiv4OO2 (f4952aca-8ab3-4f9a-bdb4-3740676067e9)
2019-07-28 20:33:30.363 22705 RALLYDEBUG rally_openstack.cleanup.manager [-] Deleting neutron.network object s_rally_8a737dc9_mDoOIItS (f688e561-5aca-4a3f-9214-26c6270ddd91)
