2019-07-28 20:51:00.110 26990 WARNING rally_openstack.scenarios.neutron.utils [-] Running this scenario without either the 'network' or 'existing_network' context is deprecated
2019-07-28 20:51:00.280 26951 INFO rally.task.runner [-] Task 4ae683d2-fc38-4f56-95e0-4c56be91d723 | ITER: 1 END: OK
2019-07-28 20:51:00.283 26951 INFO rally.task.runner [-] Task 4ae683d2-fc38-4f56-95e0-4c56be91d723 | ITER: 40 START
2019-07-28 20:51:00.283 26951 WARNING rally_openstack.scenarios.neutron.utils [-] Running this scenario without either the 'network' or 'existing_network' context is deprecated
2019-07-28 20:51:09.359 26977 INFO rally.task.runner [-] Task 4ae683d2-fc38-4f56-95e0-4c56be91d723 | ITER: 22 END: OK
2019-07-28 20:51:12.452 26983 INFO rally.task.runner [-] Task 4ae683d2-fc38-4f56-95e0-4c56be91d723 | ITER: 25 END: OK
2019-07-28 20:51:12.510 26974 INFO rally.task.runner [-] Task 4ae683d2-fc38-4f56-95e0-4c56be91d723 | ITER: 27 END: OK
2019-07-28 20:51:14.098 26953 INFO rally.task.runner [-] Task 4ae683d2-fc38-4f56-95e0-4c56be91d723 | ITER: 28 END: OK
2019-07-28 20:51:14.634 26956 INFO rally.task.runner [-] Task 4ae683d2-fc38-4f56-95e0-4c56be91d723 | ITER: 33 END: OK
2019-07-28 20:51:14.720 26952 INFO rally.task.runner [-] Task 4ae683d2-fc38-4f56-95e0-4c56be91d723 | ITER: 30 END: OK
2019-07-28 20:51:14.782 26994 INFO rally.task.runner [-] Task 4ae683d2-fc38-4f56-95e0-4c56be91d723 | ITER: 21 END: OK
2019-07-28 20:51:14.828 26964 INFO rally.task.runner [-] Task 4ae683d2-fc38-4f56-95e0-4c56be91d723 | ITER: 24 END: OK
2019-07-28 20:51:14.904 26987 INFO rally.task.runner [-] Task 4ae683d2-fc38-4f56-95e0-4c56be91d723 | ITER: 26 END: OK
2019-07-28 20:51:14.967 26956 INFO rally.task.runner [-] Task 4ae683d2-fc38-4f56-95e0-4c56be91d723 | ITER: 23 END: OK
2019-07-28 20:51:15.105 26953 INFO rally.task.runner [-] Task 4ae683d2-fc38-4f56-95e0-4c56be91d723 | ITER: 32 END: OK
2019-07-28 20:51:15.165 26986 INFO rally.task.runner [-] Task 4ae683d2-fc38-4f56-95e0-4c56be91d723 | ITER: 35 END: OK
2019-07-28 20:51:15.430 26969 INFO rally.task.runner [-] Task 4ae683d2-fc38-4f56-95e0-4c56be91d723 | ITER: 31 END: OK
2019-07-28 20:51:15.537 26961 INFO rally.task.runner [-] Task 4ae683d2-fc38-4f56-95e0-4c56be91d723 | ITER: 29 END: OK
2019-07-28 20:51:16.216 26993 INFO rally.task.runner [-] Task 4ae683d2-fc38-4f56-95e0-4c56be91d723 | ITER: 37 END: OK
2019-07-28 20:51:16.403 26952 INFO rally.task.runner [-] Task 4ae683d2-fc38-4f56-95e0-4c56be91d723 | ITER: 34 END: OK
2019-07-28 20:51:16.661 26951 INFO rally.task.runner [-] Task 4ae683d2-fc38-4f56-95e0-4c56be91d723 | ITER: 36 END: OK
2019-07-28 20:51:17.051 26978 INFO rally.task.runner [-] Task 4ae683d2-fc38-4f56-95e0-4c56be91d723 | ITER: 38 END: OK
2019-07-28 20:51:17.665 26951 INFO rally.task.runner [-] Task 4ae683d2-fc38-4f56-95e0-4c56be91d723 | ITER: 40 END: OK
2019-07-28 20:51:18.732 26990 INFO rally.task.runner [-] Task 4ae683d2-fc38-4f56-95e0-4c56be91d723 | ITER: 39 END: OK
2019-07-28 20:51:18.757 22705 INFO rally.task.context [-] Task 4ae683d2-fc38-4f56-95e0-4c56be91d723 | Context cleanup@openstack cleanup() started
2019-07-28 20:51:18.760 22705 RALLYDEBUG rally_openstack.cleanup.manager [-] Cleaning up neutron vip objects
2019-07-28 20:51:19.422 22705 RALLYDEBUG rally_openstack.cleanup.manager [-] Cleaning up neutron health_monitor objects
2019-07-28 20:51:20.155 22705 RALLYDEBUG rally_openstack.cleanup.manager [-] Cleaning up neutron pool objects
2019-07-28 20:51:20.897 22705 RALLYDEBUG rally_openstack.cleanup.manager [-] Cleaning up neutron loadbalancer objects
2019-07-28 20:51:21.628 22705 RALLYDEBUG rally_openstack.cleanup.manager [-] Cleaning up neutron floatingip objects
2019-07-28 20:51:22.593 22705 RALLYDEBUG rally_openstack.cleanup.manager [-] Cleaning up neutron port objects
2019-07-28 20:51:23.621 22705 RALLYDEBUG rally_openstack.cleanup.manager [-] Cleaning up neutron subnet objects
2019-07-28 20:51:24.376 22705 RALLYDEBUG rally_openstack.cleanup.manager [-] Cleaning up neutron network objects
2019-07-28 20:51:25.295 22705 RALLYDEBUG rally_openstack.cleanup.manager [-] Deleting neutron.network object s_rally_607ffe7b_fpSUGHvl (076d666f-adf8-4782-bbec-deaf16edd3fc)
2019-07-28 20:51:25.302 22705 RALLYDEBUG rally_openstack.cleanup.manager [-] Deleting neutron.network object s_rally_607ffe7b_qBpzdDTW (1e7b702a-2b4d-42d9-8c1a-d209a91edd25)
2019-07-28 20:51:25.302 22705 RALLYDEBUG rally_openstack.cleanup.manager [-] Deleting neutron.network object s_rally_607ffe7b_IqJLD298 (07806514-802e-46e6-bb1e-b6b12e6aa0e1)
2019-07-28 20:51:25.312 22705 RALLYDEBUG rally_openstack.cleanup.manager [-] Deleting neutron.network object s_rally_607ffe7b_0vWqbL43 (1ee32d0e-7b21-4ebe-b319-8ab5e693de4d)
2019-07-28 20:51:25.316 22705 RALLYDEBUG rally_openstack.cleanup.manager [-] Deleting neutron.network object s_rally_607ffe7b_B5rzfA6B (1f7740e3-37bc-466c-bbb8-eefef47e9e73)
2019-07-28 20:51:25.328 22705 RALLYDEBUG rally_openstack.cleanup.manager [-] Deleting neutron.network object s_rally_607ffe7b_PoLNMwjt (2ac7f8c4-9788-4137-9db8-7ed1af6364cc)
2019-07-28 20:51:25.329 22705 RALLYDEBUG rally_openstack.cleanup.manager [-] Deleting neutron.network object s_rally_607ffe7b_SFJlbkZB (299c0b63-66bd-461c-b72f-508ac4cb4d32)
2019-07-28 20:51:25.339 22705 RALLYDEBUG rally_openstack.cleanup.manager [-] Deleting neutron.network object s_rally_607ffe7b_VWzaqjHV (2ae7ba99-6915-4d6e-9881-1fa2f0dda75a)
2019-07-28 20:51:25.352 22705 RALLYDEBUG rally_openstack.cleanup.manager [-] Deleting neutron.network object s_rally_607ffe7b_CIUt7gUz (2d15affb-07c8-49e5-88b1-173b9f0ad1e7)
2019-07-28 20:51:25.352 22705 RALLYDEBUG rally_openstack.cleanup.manager [-] Deleting neutron.network object s_rally_607ffe7b_KzAa6ROC (3a8c50c1-e92d-42c9-97be-597b66d8a953)
2019-07-28 20:51:25.363 22705 RALLYDEBUG rally_openstack.cleanup.manager [-] Deleting neutron.network object s_rally_607ffe7b_S4uPokPl (4aab4160-d1de-4b9e-8234-b9fb62c34499)
2019-07-28 20:51:25.368 22705 RALLYDEBUG rally_openstack.cleanup.manager [-] Deleting neutron.network object s_rally_607ffe7b_zyB6n25V (4e26d677-b134-4864-90c0-415a0c071415)
2019-07-28 20:51:25.386 22705 RALLYDEBUG rally_openstack.cleanup.manager [-] Deleting neutron.network object s_rally_607ffe7b_2XoyLwoG (4e837342-a25e-47ac-8172-860009916fcf)
2019-07-28 20:51:25.400 22705 RALLYDEBUG rally_openstack.cleanup.manager [-] Deleting neutron.network object s_rally_607ffe7b_1Id7jC7X (6b7f26ab-23fe-4e27-94ed-62396c2cea5f)
2019-07-28 20:51:25.409 22705 RALLYDEBUG rally_openstack.cleanup.manager [-] Deleting neutron.network object s_rally_607ffe7b_UJv3ZWxX (6d6c64da-aa1f-4275-a700-d94ea8860af4)
2019-07-28 20:51:25.419 22705 RALLYDEBUG rally_openstack.cleanup.manager [-] Deleting neutron.network object s_rally_607ffe7b_PUmirXbx (70c26550-1fbf-432f-bb8a-254a55239bdb)
2019-07-28 20:51:25.432 22705 RALLYDEBUG rally_openstack.cleanup.manager [-] Deleting neutron.network object s_rally_607ffe7b_1AqTcSZV (75e7b0b8-cf9f-4a52-9513-76f9c1629609)
2019-07-28 20:51:25.438 22705 RALLYDEBUG rally_openstack.cleanup.manager [-] Deleting neutron.network object s_rally_607ffe7b_Svj1paMr (76437a38-deb1-44e9-9a3c-2cdebee57f4d)
2019-07-28 20:51:25.443 22705 RALLYDEBUG rally_openstack.cleanup.manager [-] Deleting neutron.network object s_rally_607ffe7b_uiXXgyLp (828c226f-28d9-467d-923c-61a6776e93a3)
2019-07-28 20:51:25.444 22705 RALLYDEBUG rally_openstack.cleanup.manager [-] Deleting neutron.network object s_rally_607ffe7b_fvnvQkI3 (85e1ee69-9b5e-4193-8cee-07beafc4297b)
2019-07-28 20:51:28.725 22705 RALLYDEBUG rally_openstack.cleanup.manager [-] Deleting neutron.network object s_rally_607ffe7b_9ZQZmGEu (8f950017-6b73-4edc-8a73-209a3fd48bb1)
2019-07-28 20:51:28.866 22705 RALLYDEBUG rally_openstack.cleanup.manager [-] Deleting neutron.network object s_rally_607ffe7b_wj19t5PK (922e8d55-df38-432d-808b-1fa6edc0c8f9)
2019-07-28 20:51:28.909 22705 RALLYDEBUG rally_openstack.cleanup.manager [-] Deleting neutron.network object s_rally_607ffe7b_w9XqHzLC (9c6e61c6-1ee8-40bc-8c2a-1586a86b89a5)
2019-07-28 20:51:29.019 22705 RALLYDEBUG rally_openstack.cleanup.manager [-] Deleting neutron.network object s_rally_607ffe7b_u2PGfbIp (9d2161db-e415-4b83-a60d-e8e17590d5de)
2019-07-28 20:51:29.046 22705 RALLYDEBUG rally_openstack.cleanup.manager [-] Deleting neutron.network object s_rally_607ffe7b_MDyEvoG5 (9f2f4117-8a95-4d2a-805f-8e51bb0222f6)
2019-07-28 20:51:29.093 22705 RALLYDEBUG rally_openstack.cleanup.manager [-] Deleting neutron.network object s_rally_607ffe7b_OWW5h8IN (a23e8e94-8d04-4ce9-9330-310f7552b06f)
2019-07-28 20:51:29.148 22705 RALLYDEBUG rally_openstack.cleanup.manager [-] Deleting neutron.network object s_rally_607ffe7b_VDqCYDHq (b898d9b7-5370-459e-8773-4199bb4db420)
2019-07-28 20:51:29.354 22705 RALLYDEBUG rally_openstack.cleanup.manager [-] Deleting neutron.network object s_rally_607ffe7b_75uwzDUZ (c13bbb38-232c-4513-9879-b83843706aa8)
2019-07-28 20:51:29.359 22705 RALLYDEBUG rally_openstack.cleanup.manager [-] Deleting neutron.network object s_rally_607ffe7b_aJDXUOUn (bd6adb45-d89f-43bb-85b3-ef6783a2bf02)
2019-07-28 20:51:29.449 22705 RALLYDEBUG rally_openstack.cleanup.manager [-] Deleting neutron.network object s_rally_607ffe7b_IWf0FvXv (c7a657af-4772-4710-bc07-b32ad224983d)
2019-07-28 20:51:29.452 22705 RALLYDEBUG rally_openstack.cleanup.manager [-] Deleting neutron.network object s_rally_607ffe7b_USffOQi6 (c8fe0905-7a1c-492b-ab0a-6f5088f2a2a6)
2019-07-28 20:51:29.456 22705 RALLYDEBUG rally_openstack.cleanup.manager [-] Deleting neutron.network object s_rally_607ffe7b_lrJicGRp (cf18129c-dc09-49d9-a789-522b5fe84e46)
2019-07-28 20:51:30.061 22705 RALLYDEBUG rally_openstack.cleanup.manager [-] Deleting neutron.network object s_rally_607ffe7b_P4s697hX (d78343b1-bdc7-4930-8b47-f2869944fe29)
2019-07-28 20:51:30.067 22705 RALLYDEBUG rally_openstack.cleanup.manager [-] Deleting neutron.network object s_rally_607ffe7b_hKqldKhH (d91ce191-8789-48ea-9a2d-d80ba055b13a)
2019-07-28 20:51:30.366 22705 RALLYDEBUG rally_openstack.cleanup.manager [-] Deleting neutron.network object s_rally_607ffe7b_zKXi4Rle (e332a123-e8de-43f5-a09f-32ae605aa5b5)
2019-07-28 20:51:30.629 22705 RALLYDEBUG rally_openstack.cleanup.manager [-] Deleting neutron.network object s_rally_607ffe7b_eX2QcvLs (e6b896c5-c842-4051-a72b-3a68438ca068)
2019-07-28 20:51:30.834 22705 RALLYDEBUG rally_openstack.cleanup.manager [-] Deleting neutron.network object s_rally_607ffe7b_0iFuwiq2 (e769a37f-fe85-4eb4-87d9-a622114393b7)
2019-07-28 20:51:30.844 22705 RALLYDEBUG rally_openstack.cleanup.manager [-] Deleting neutron.network object s_rally_607ffe7b_bQieUgiq (e80eb9e8-e9c0-4d20-b52c-1d5961639ae7)
2019-07-28 20:51:31.162 22705 RALLYDEBUG rally_openstack.cleanup.manager [-] Deleting neutron.network object s_rally_607ffe7b_y6zOmXHT (f10773eb-d0a1-4be4-8744-548195921946)
2019-07-28 20:51:31.327 22705 RALLYDEBUG rally_openstack.cleanup.manager [-] Deleting neutron.network object s_rally_607ffe7b_36W9TEgP (f4b2a27a-b844-45c2-b37e-26f76c08deb0)
2019-07-28 20:51:34.552 22705 RALLYDEBUG rally_openstack.cleanup.manager [-] Cleaning up neutron router objects
2019-07-28 20:51:35.263 22705 RALLYDEBUG rally_openstack.cleanup.manager [-] Cleaning up neutron security_group objects
2019-07-28 20:51:36.121 22705 INFO rally.task.context [-] Task 4ae683d2-fc38-4f56-95e0-4c56be91d723 | Context cleanup@openstack cleanup() finished in 17.36 sec
2019-07-28 20:51:36.122 22705 INFO rally.task.context [-] Task 4ae683d2-fc38-4f56-95e0-4c56be91d723 | Context quotas@openstack cleanup() started
2019-07-28 20:51:36.444 22705 INFO rally.task.context [-] Task 4ae683d2-fc38-4f56-95e0-4c56be91d723 | Context quotas@openstack cleanup() finished in 0.32 sec
2019-07-28 20:51:36.445 22705 INFO rally.task.context [-] Task 4ae683d2-fc38-4f56-95e0-4c56be91d723 | Context users@openstack cleanup() started
2019-07-28 20:51:41.806 22705 INFO rally.task.context [-] Task 4ae683d2-fc38-4f56-95e0-4c56be91d723 | Context users@openstack cleanup() finished in 5.36 sec
2019-07-28 20:51:43.411 22705 INFO rally.task.engine [-] Load duration is: 40.161751
2019-07-28 20:51:43.411 22705 INFO rally.task.engine [-] Full runner duration is: 40.210694
2019-07-28 20:51:43.412 22705 INFO rally.task.engine [-] Full duration is: 68.769662
2019-07-28 20:51:43.699 22705 INFO rally.task.engine [-] Running workload: position = 0 config = { "version": 2, "title": "A cropped version of a bigger task.", "description": "Auto-generated task from a single workload (uuid=a43ed811-522a-45c9-9659-1167bb48eeb3)", "subtasks": [ { "title": "Quotas.neutron_update", "description": "Update quotas for neutron.", "scenario": { "Quotas.neutron_update": { "max_quota": 1024 } }, "contexts": { "users": { "tenants": 20, "users_per_tenant": 1 } }, "runner": { "constant": { "times": 40, "concurrency": 20 } }, "hooks": [], "sla": { "failure_rate": { "max": 0 } } } ] }
2019-07-28 20:51:43.715 22705 RALLYDEBUG rally_openstack.contexts.keystone.users [-] Creating 20 tenants using 20 threads
2019-07-28 20:51:46.399 22705 RALLYDEBUG rally_openstack.contexts.keystone.users [-] Creating 20 users using 20 threads
2019-07-28 20:51:50.111 22705 INFO rally.task.context [-] Task 4ae683d2-fc38-4f56-95e0-4c56be91d723 | Context users@openstack setup() finished in 6.40 sec
2019-07-28 20:51:50.112 22705 INFO rally.task.context [-] Task 4ae683d2-fc38-4f56-95e0-4c56be91d723 | Context admin_cleanup@openstack setup() finished in 0.00 msec
2019-07-28 20:51:50.119 22705 RALLYDEBUG rally.task.runner [-] Starting the constant runner (task UUID: 4ae683d2-fc38-4f56-95e0-4c56be91d723). timeout: 0 concurrency: 20 concurrency_per_worker: 1 times: 40 concurrency_overhead: 4 processes_to_start: 16 max_cpu_used: 16
2019-07-28 20:51:50.128 27321 RALLYDEBUG rally.task.runner [-] Starting a worker. concurrency: 2 args: {"max_quota": 1024} times: 40 method_name: run timeout: 0 duration: None cls:
2019-07-28 20:51:50.131 27322 RALLYDEBUG rally.task.runner [-] Starting a worker. concurrency: 2 args: {"max_quota": 1024} times: 40 method_name: run timeout: 0 duration: None cls:
2019-07-28 20:51:50.135 27323 RALLYDEBUG rally.task.runner [-] Starting a worker. concurrency: 2 args: {"max_quota": 1024} times: 40 method_name: run timeout: 0 duration: None cls:
2019-07-28 20:51:50.136 27321 INFO rally.task.runner [-] Task 4ae683d2-fc38-4f56-95e0-4c56be91d723 | ITER: 1 START
2019-07-28 20:51:50.136 27324 RALLYDEBUG rally.task.runner [-] Starting a worker. concurrency: 2 args: {"max_quota": 1024} times: 40 method_name: run timeout: 0 duration: None cls:
2019-07-28 20:51:50.141 27322 INFO rally.task.runner [-] Task 4ae683d2-fc38-4f56-95e0-4c56be91d723 | ITER: 2 START
2019-07-28 20:51:50.141 27330 RALLYDEBUG rally.task.runner [-] Starting a worker. concurrency: 1 args: {"max_quota": 1024} times: 40 method_name: run timeout: 0 duration: None cls:
2019-07-28 20:51:50.141 27325 RALLYDEBUG rally.task.runner [-] Starting a worker. concurrency: 1 args: {"max_quota": 1024} times: 40 method_name: run timeout: 0 duration: None cls:
2019-07-28 20:51:50.142 27324 INFO rally.task.runner [-] Task 4ae683d2-fc38-4f56-95e0-4c56be91d723 | ITER: 6 START
2019-07-28 20:51:50.145 27331 RALLYDEBUG rally.task.runner [-] Starting a worker. concurrency: 1 args: {"max_quota": 1024} times: 40 method_name: run timeout: 0 duration: None cls:
2019-07-28 20:51:50.148 27322 INFO rally.task.runner [-] Task 4ae683d2-fc38-4f56-95e0-4c56be91d723 | ITER: 5 START
2019-07-28 20:51:50.149 27330 INFO rally.task.runner [-] Task 4ae683d2-fc38-4f56-95e0-4c56be91d723 | ITER: 7 START
2019-07-28 20:51:50.149 27323 INFO rally.task.runner [-] Task 4ae683d2-fc38-4f56-95e0-4c56be91d723 | ITER: 4 START
2019-07-28 20:51:50.152 27337 RALLYDEBUG rally.task.runner [-] Starting a worker. concurrency: 1 args: {"max_quota": 1024} times: 40 method_name: run timeout: 0 duration: None cls:
2019-07-28 20:51:50.154 27331 INFO rally.task.runner [-] Task 4ae683d2-fc38-4f56-95e0-4c56be91d723 | ITER: 10 START
2019-07-28 20:51:50.154 27325 INFO rally.task.runner [-] Task 4ae683d2-fc38-4f56-95e0-4c56be91d723 | ITER: 8 START
2019-07-28 20:51:50.155 27321 INFO rally.task.runner [-] Task 4ae683d2-fc38-4f56-95e0-4c56be91d723 | ITER: 3 START
2019-07-28 20:51:50.155 27323 INFO rally.task.runner [-] Task 4ae683d2-fc38-4f56-95e0-4c56be91d723 | ITER: 9 START
2019-07-28 20:51:50.159 27348 RALLYDEBUG rally.task.runner [-] Starting a worker. concurrency: 1 args: {"max_quota": 1024} times: 40 method_name: run timeout: 0 duration: None cls:
2019-07-28 20:51:50.160 27343 RALLYDEBUG rally.task.runner [-] Starting a worker. concurrency: 1 args: {"max_quota": 1024} times: 40 method_name: run timeout: 0 duration: None cls:
2019-07-28 20:51:50.157 27337 INFO rally.task.runner [-] Task 4ae683d2-fc38-4f56-95e0-4c56be91d723 | ITER: 12 START
2019-07-28 20:51:50.161 27338 RALLYDEBUG rally.task.runner [-] Starting a worker. concurrency: 1 args: {"max_quota": 1024} times: 40 method_name: run timeout: 0 duration: None cls:
2019-07-28 20:51:50.161 27349 RALLYDEBUG rally.task.runner [-] Starting a worker. concurrency: 1 args: {"max_quota": 1024} times: 40 method_name: run timeout: 0 duration: None cls:
2019-07-28 20:51:50.169 27353 RALLYDEBUG rally.task.runner [-] Starting a worker. concurrency: 1 args: {"max_quota": 1024} times: 40 method_name: run timeout: 0 duration: None cls:
2019-07-28 20:51:50.172 27324 INFO rally.task.runner [-] Task 4ae683d2-fc38-4f56-95e0-4c56be91d723 | ITER: 11 START
2019-07-28 20:51:50.172 27354 RALLYDEBUG rally.task.runner [-] Starting a worker. concurrency: 1 args: {"max_quota": 1024} times: 40 method_name: run timeout: 0 duration: None cls:
2019-07-28 20:51:50.176 27338 INFO rally.task.runner [-] Task 4ae683d2-fc38-4f56-95e0-4c56be91d723 | ITER: 15 START
2019-07-28 20:51:50.177 27343 INFO rally.task.runner [-] Task 4ae683d2-fc38-4f56-95e0-4c56be91d723 | ITER: 14 START
2019-07-28 20:51:50.177 27348 INFO rally.task.runner [-] Task 4ae683d2-fc38-4f56-95e0-4c56be91d723 | ITER: 13 START
2019-07-28 20:51:50.183 27363 RALLYDEBUG rally.task.runner [-] Starting a worker. concurrency: 1 args: {"max_quota": 1024} times: 40 method_name: run timeout: 0 duration: None cls:
2019-07-28 20:51:50.185 27354 INFO rally.task.runner [-] Task 4ae683d2-fc38-4f56-95e0-4c56be91d723 | ITER: 18 START
2019-07-28 20:51:50.187 27361 RALLYDEBUG rally.task.runner [-] Starting a worker. concurrency: 1 args: {"max_quota": 1024} times: 40 method_name: run timeout: 0 duration: None cls:
2019-07-28 20:51:50.188 27353 INFO rally.task.runner [-] Task 4ae683d2-fc38-4f56-95e0-4c56be91d723 | ITER: 17 START
2019-07-28 20:51:50.190 27363 INFO rally.task.runner [-] Task 4ae683d2-fc38-4f56-95e0-4c56be91d723 | ITER: 19 START
2019-07-28 20:51:50.192 27349 INFO rally.task.runner [-] Task 4ae683d2-fc38-4f56-95e0-4c56be91d723 | ITER: 16 START
2019-07-28 20:51:50.194 27361 INFO rally.task.runner [-] Task 4ae683d2-fc38-4f56-95e0-4c56be91d723 | ITER: 20 START
2019-07-28 20:51:51.919 27337 INFO rally.task.runner [-] Task 4ae683d2-fc38-4f56-95e0-4c56be91d723 | ITER: 12 END: OK
2019-07-28 20:51:51.926 27337 INFO rally.task.runner [-] Task 4ae683d2-fc38-4f56-95e0-4c56be91d723 | ITER: 21 START
2019-07-28 20:51:52.534 27322 INFO rally.task.runner [-] Task 4ae683d2-fc38-4f56-95e0-4c56be91d723 | ITER: 5 END: OK
2019-07-28 20:51:52.541 27322 INFO rally.task.runner [-] Task 4ae683d2-fc38-4f56-95e0-4c56be91d723 | ITER: 22 START
2019-07-28 20:51:52.689 27324 INFO rally.task.runner [-] Task 4ae683d2-fc38-4f56-95e0-4c56be91d723 | ITER: 11 END: OK
2019-07-28 20:51:52.693 27324 INFO rally.task.runner [-] Task 4ae683d2-fc38-4f56-95e0-4c56be91d723 | ITER: 23 START
2019-07-28 20:51:52.793 27323 INFO rally.task.runner [-] Task 4ae683d2-fc38-4f56-95e0-4c56be91d723 | ITER: 4 END: OK
2019-07-28 20:51:52.798 27323 INFO rally.task.runner [-] Task 4ae683d2-fc38-4f56-95e0-4c56be91d723 | ITER: 24 START
2019-07-28 20:51:52.803 27323 INFO rally.task.runner [-] Task 4ae683d2-fc38-4f56-95e0-4c56be91d723 | ITER: 9 END: OK
2019-07-28 20:51:52.813 27323 INFO rally.task.runner [-] Task 4ae683d2-fc38-4f56-95e0-4c56be91d723 | ITER: 25 START
2019-07-28 20:51:52.839 27343 INFO rally.task.runner [-] Task 4ae683d2-fc38-4f56-95e0-4c56be91d723 | ITER: 14 END: OK
2019-07-28 20:51:52.843 27343 INFO rally.task.runner [-] Task 4ae683d2-fc38-4f56-95e0-4c56be91d723 | ITER: 26 START
2019-07-28 20:51:52.874 27322 INFO rally.task.runner [-] Task 4ae683d2-fc38-4f56-95e0-4c56be91d723 | ITER: 2 END: OK
2019-07-28 20:51:52.878 27322 INFO rally.task.runner [-] Task 4ae683d2-fc38-4f56-95e0-4c56be91d723 | ITER: 27 START
2019-07-28 20:51:52.909 27325 INFO rally.task.runner [-] Task 4ae683d2-fc38-4f56-95e0-4c56be91d723 | ITER: 8 END: OK
2019-07-28 20:51:52.914 27325 INFO rally.task.runner [-] Task 4ae683d2-fc38-4f56-95e0-4c56be91d723 | ITER: 28 START
2019-07-28 20:51:52.929 27330 INFO rally.task.runner [-] Task 4ae683d2-fc38-4f56-95e0-4c56be91d723 | ITER: 7 END: OK
2019-07-28 20:51:52.934 27330 INFO rally.task.runner [-] Task 4ae683d2-fc38-4f56-95e0-4c56be91d723 | ITER: 29 START
2019-07-28 20:51:52.944 27348 INFO rally.task.runner [-] Task 4ae683d2-fc38-4f56-95e0-4c56be91d723 | ITER: 13 END: OK
2019-07-28 20:51:52.949 27348 INFO rally.task.runner [-] Task 4ae683d2-fc38-4f56-95e0-4c56be91d723 | ITER: 30 START
2019-07-28 20:51:52.968 27349 INFO rally.task.runner [-] Task 4ae683d2-fc38-4f56-95e0-4c56be91d723 | ITER: 16 END: OK
2019-07-28 20:51:52.972 27349 INFO rally.task.runner [-] Task 4ae683d2-fc38-4f56-95e0-4c56be91d723 | ITER: 31 START
2019-07-28 20:51:52.979 27354 INFO rally.task.runner [-] Task 4ae683d2-fc38-4f56-95e0-4c56be91d723 | ITER: 18 END: OK
2019-07-28 20:51:52.983 27354 INFO rally.task.runner [-] Task 4ae683d2-fc38-4f56-95e0-4c56be91d723 | ITER: 32 START
2019-07-28 20:51:53.055 27321 INFO rally.task.runner [-] Task 4ae683d2-fc38-4f56-95e0-4c56be91d723 | ITER: 1 END: OK
2019-07-28 20:51:53.061 27321 INFO rally.task.runner [-] Task 4ae683d2-fc38-4f56-95e0-4c56be91d723 | ITER: 33 START
2019-07-28 20:51:53.071 27353 INFO rally.task.runner [-] Task 4ae683d2-fc38-4f56-95e0-4c56be91d723 | ITER: 17 END: OK
2019-07-28 20:51:53.078 27353 INFO rally.task.runner [-] Task 4ae683d2-fc38-4f56-95e0-4c56be91d723 | ITER: 34 START
2019-07-28 20:51:53.086 27363 INFO rally.task.runner [-] Task 4ae683d2-fc38-4f56-95e0-4c56be91d723 | ITER: 19 END: OK
2019-07-28 20:51:53.091 27363 INFO rally.task.runner [-] Task 4ae683d2-fc38-4f56-95e0-4c56be91d723 | ITER: 35 START
2019-07-28 20:51:53.115 27321 INFO rally.task.runner [-] Task 4ae683d2-fc38-4f56-95e0-4c56be91d723 | ITER: 3 END: OK
2019-07-28 20:51:53.120 27321 INFO rally.task.runner [-] Task 4ae683d2-fc38-4f56-95e0-4c56be91d723 | ITER: 36 START
2019-07-28 20:51:53.152 27338 INFO rally.task.runner [-] Task 4ae683d2-fc38-4f56-95e0-4c56be91d723 | ITER: 15 END: OK
2019-07-28 20:51:53.158 27338 INFO rally.task.runner [-] Task 4ae683d2-fc38-4f56-95e0-4c56be91d723 | ITER: 37 START
2019-07-28 20:51:53.166 27361 INFO rally.task.runner [-] Task 4ae683d2-fc38-4f56-95e0-4c56be91d723 | ITER: 20 END: OK
2019-07-28 20:51:53.172 27361 INFO rally.task.runner [-] Task 4ae683d2-fc38-4f56-95e0-4c56be91d723 | ITER: 38 START
2019-07-28 20:51:53.184 27331 INFO rally.task.runner [-] Task 4ae683d2-fc38-4f56-95e0-4c56be91d723 | ITER: 10 END: OK
2019-07-28 20:51:53.189 27331 INFO rally.task.runner [-] Task 4ae683d2-fc38-4f56-95e0-4c56be91d723 | ITER: 39 START
2019-07-28 20:51:53.194 27324 INFO rally.task.runner [-] Task 4ae683d2-fc38-4f56-95e0-4c56be91d723 | ITER: 6 END: OK
2019-07-28 20:51:53.198 27324 INFO rally.task.runner [-] Task 4ae683d2-fc38-4f56-95e0-4c56be91d723 | ITER: 40 START
2019-07-28 20:51:53.393 27337 INFO rally.task.runner [-] Task 4ae683d2-fc38-4f56-95e0-4c56be91d723 | ITER: 21 END: OK
2019-07-28 20:51:53.718 27322 INFO rally.task.runner [-] Task 4ae683d2-fc38-4f56-95e0-4c56be91d723 | ITER: 22 END: OK
2019-07-28 20:51:54.313 27323 INFO rally.task.runner [-] Task 4ae683d2-fc38-4f56-95e0-4c56be91d723 | ITER: 24 END: OK
2019-07-28 20:51:54.469 27323 INFO rally.task.runner [-] Task 4ae683d2-fc38-4f56-95e0-4c56be91d723 | ITER: 25 END: OK
2019-07-28 20:51:54.492 27322 INFO rally.task.runner [-] Task 4ae683d2-fc38-4f56-95e0-4c56be91d723 | ITER: 27 END: OK
2019-07-28 20:51:54.559 27324 INFO rally.task.runner [-] Task 4ae683d2-fc38-4f56-95e0-4c56be91d723 | ITER: 23 END: OK
2019-07-28 20:51:54.809 27349 INFO rally.task.runner [-] Task 4ae683d2-fc38-4f56-95e0-4c56be91d723 | ITER: 31 END: OK
2019-07-28 20:51:54.826 27325 INFO rally.task.runner [-] Task 4ae683d2-fc38-4f56-95e0-4c56be91d723 | ITER: 28 END: OK
2019-07-28 20:51:54.989 27353 INFO rally.task.runner [-] Task 4ae683d2-fc38-4f56-95e0-4c56be91d723 | ITER: 34 END: OK
2019-07-28 20:51:55.025 27363 INFO rally.task.runner [-] Task 4ae683d2-fc38-4f56-95e0-4c56be91d723 | ITER: 35 END: OK
2019-07-28 20:51:55.060 27343 INFO rally.task.runner [-] Task 4ae683d2-fc38-4f56-95e0-4c56be91d723 | ITER: 26 END: OK
2019-07-28 20:51:55.093 27338 INFO rally.task.runner [-] Task 4ae683d2-fc38-4f56-95e0-4c56be91d723 | ITER: 37 END: OK
2019-07-28 20:51:55.121 27321 INFO rally.task.runner [-] Task 4ae683d2-fc38-4f56-95e0-4c56be91d723 | ITER: 33 END: OK
2019-07-28 20:51:55.145 27330 INFO rally.task.runner [-] Task 4ae683d2-fc38-4f56-95e0-4c56be91d723 | ITER: 29 END: OK
2019-07-28 20:51:55.151 27324 INFO rally.task.runner [-] Task 4ae683d2-fc38-4f56-95e0-4c56be91d723 | ITER: 40 END: OK
2019-07-28 20:51:55.169 27361 INFO rally.task.runner [-] Task 4ae683d2-fc38-4f56-95e0-4c56be91d723 | ITER: 38 END: OK
2019-07-28 20:51:55.177 27354 INFO rally.task.runner [-] Task 4ae683d2-fc38-4f56-95e0-4c56be91d723 | ITER: 32 END: OK
2019-07-28 20:51:55.182 27348 INFO rally.task.runner [-] Task 4ae683d2-fc38-4f56-95e0-4c56be91d723 | ITER: 30 END: OK
2019-07-28 20:51:55.210 27331 INFO rally.task.runner [-] Task 4ae683d2-fc38-4f56-95e0-4c56be91d723 | ITER: 39 END: OK
2019-07-28 20:51:55.230 27321 INFO rally.task.runner [-] Task 4ae683d2-fc38-4f56-95e0-4c56be91d723 | ITER: 36 END: OK
2019-07-28 20:51:55.257 22705 INFO rally.task.context [-] Task 4ae683d2-fc38-4f56-95e0-4c56be91d723 | Context admin_cleanup@openstack cleanup() started
2019-07-28 20:51:55.261 22705 RALLYDEBUG rally_openstack.cleanup.manager [-] Cleaning up neutron quota objects
2019-07-28 20:52:00.013 22705 INFO rally.task.context [-] Task 4ae683d2-fc38-4f56-95e0-4c56be91d723 | Context admin_cleanup@openstack cleanup() finished in 4.76 sec
2019-07-28 20:52:00.013 22705 INFO rally.task.context [-] Task 4ae683d2-fc38-4f56-95e0-4c56be91d723 | Context users@openstack cleanup() started
2019-07-28 20:52:32.783 22705 INFO rally.task.context [-] Task 4ae683d2-fc38-4f56-95e0-4c56be91d723 | Context users@openstack cleanup() finished in 32.77 sec
2019-07-28 20:52:33.959 22705 INFO rally.task.engine [-] Load duration is: 5.092611
2019-07-28 20:52:33.959 22705 INFO rally.task.engine [-] Full runner duration is: 5.138359
2019-07-28 20:52:33.959 22705 INFO rally.task.engine [-] Full duration is: 49.069243
2019-07-28 20:52:34.238 22705 INFO rally.task.engine [-] Running workload: position = 0 config = { "version": 2, "title": "A cropped version of a bigger task.", "description": "Auto-generated task from a single workload (uuid=175e812c-cc39-478a-b5f1-da47176cf743)", "subtasks": [ { "title": "NeutronTrunks.create_and_list_trunk_subports", "description": "", "scenario": { "NeutronTrunks.create_and_list_trunk_subports": { "subport_count": 125 } }, "contexts": { "users": { "tenants": 1, "users_per_tenant": 1 }, "quotas": { "neutron": { "network": -1, "port": 1000 } } }, "runner": { "constant": { "times": 4, "concurrency": 4 } }, "hooks": [], "sla": { "failure_rate": { "max": 0 } } } ] }
2019-07-28 20:52:34.258 22705 RALLYDEBUG rally_openstack.contexts.keystone.users [-] Creating 1 tenants using 20 threads
2019-07-28 20:52:36.016 22705 RALLYDEBUG rally_openstack.contexts.keystone.users [-] Creating 1 users using 20 threads
2019-07-28 20:52:38.789 22705 INFO rally.task.context [-] Task 4ae683d2-fc38-4f56-95e0-4c56be91d723 | Context users@openstack setup() finished in 4.53 sec
2019-07-28 20:52:39.688 22705 INFO rally.task.context [-] Task 4ae683d2-fc38-4f56-95e0-4c56be91d723 | Context quotas@openstack setup() finished in 0.90 sec
2019-07-28 20:52:39.689 22705 INFO rally.task.context [-] Task 4ae683d2-fc38-4f56-95e0-4c56be91d723 | Context cleanup@openstack setup() finished in 0.00 msec
2019-07-28 20:52:39.696 22705 RALLYDEBUG rally.task.runner [-] Starting the constant runner (task UUID: 4ae683d2-fc38-4f56-95e0-4c56be91d723). timeout: 0 concurrency: 4 concurrency_per_worker: 1 times: 4 concurrency_overhead: 0 processes_to_start: 4 max_cpu_used: 16
2019-07-28 20:52:39.708 27511 RALLYDEBUG rally.task.runner [-] Starting a worker. concurrency: 1 args: {"subport_count": 125} times: 4 method_name: run timeout: 0 duration: None cls:
2019-07-28 20:52:39.710 27512 RALLYDEBUG rally.task.runner [-] Starting a worker. concurrency: 1 args: {"subport_count": 125} times: 4 method_name: run timeout: 0 duration: None cls:
2019-07-28 20:52:39.713 27513 RALLYDEBUG rally.task.runner [-] Starting a worker. concurrency: 1 args: {"subport_count": 125} times: 4 method_name: run timeout: 0 duration: None cls:
2019-07-28 20:52:39.714 27511 INFO rally.task.runner [-] Task 4ae683d2-fc38-4f56-95e0-4c56be91d723 | ITER: 1 START
2019-07-28 20:52:39.715 27512 INFO rally.task.runner [-] Task 4ae683d2-fc38-4f56-95e0-4c56be91d723 | ITER: 2 START
2019-07-28 20:52:39.717 27513 INFO rally.task.runner [-] Task 4ae683d2-fc38-4f56-95e0-4c56be91d723 | ITER: 3 START
2019-07-28 20:52:39.717 27514 RALLYDEBUG rally.task.runner [-] Starting a worker. concurrency: 1 args: {"subport_count": 125} times: 4 method_name: run timeout: 0 duration: None cls:
2019-07-28 20:52:39.722 27514 INFO rally.task.runner [-] Task 4ae683d2-fc38-4f56-95e0-4c56be91d723 | ITER: 4 START
2019-07-28 20:57:26.798 27513 DEBUG neutronclient.v2_0.client [-] Error message:

504 Gateway Time-out

The server didn't respond in time. _handle_fault_response /usr/lib/python2.7/site-packages/neutronclient/v2_0/client.py:259
2019-07-28 20:57:26.808 27513 ERROR rally.task.runner [-] Iteration 3 raised Exception: NeutronClientException:

504 Gateway Time-out

The server didn't respond in time.
2019-07-28 20:57:26.808 27513 ERROR rally.task.runner
Traceback (most recent call last):
2019-07-28 20:57:26.808 27513 ERROR rally.task.runner
File "/usr/lib/python2.7/site-packages/rally/task/runner.py", line 71, in _run_scenario_once
2019-07-28 20:57:26.808 27513 ERROR rally.task.runner getattr(scenario_inst, method_name)(**scenario_kwargs)
2019-07-28 20:57:26.808 27513 ERROR rally.task.runner
File "/root/.rally/plugins/trunk_scenario.py", line 41, in run
2019-07-28 20:57:26.808 27513 ERROR rally.task.runner trunk = self._create_trunk(trunk_payload)
2019-07-28 20:57:26.808 27513 ERROR rally.task.runner
File "/usr/lib/python2.7/site-packages/rally/task/atomic.py", line 91, in func_atomic_actions
2019-07-28 20:57:26.808 27513 ERROR rally.task.runner f = func(self, *args, **kwargs)
2019-07-28 20:57:26.808 27513 ERROR rally.task.runner
File "/root/.rally/plugins/trunk_scenario.py", line 53, in _create_trunk
2019-07-28 20:57:26.808 27513 ERROR rally.task.runner return self.clients("neutron").create_trunk({'trunk': trunk_payload})
2019-07-28 20:57:26.808 27513 ERROR rally.task.runner
File "/usr/lib/python2.7/site-packages/neutronclient/v2_0/client.py", line 2091, in create_trunk
2019-07-28 20:57:26.808 27513 ERROR rally.task.runner return self.post(self.trunks_path, body=body)
2019-07-28 20:57:26.808 27513 ERROR rally.task.runner
File "/usr/lib/python2.7/site-packages/neutronclient/v2_0/client.py", line 359, in post
2019-07-28 20:57:26.808 27513 ERROR rally.task.runner headers=headers, params=params)
2019-07-28 20:57:26.808 27513 ERROR rally.task.runner
File "/usr/lib/python2.7/site-packages/neutronclient/v2_0/client.py", line 294, in do_request
2019-07-28 20:57:26.808 27513 ERROR rally.task.runner self._handle_fault_response(status_code, replybody, resp)
2019-07-28 20:57:26.808 27513 ERROR rally.task.runner
File "/usr/lib/python2.7/site-packages/neutronclient/v2_0/client.py", line 269, in _handle_fault_response
2019-07-28 20:57:26.808 27513 ERROR rally.task.runner exception_handler_v20(status_code, error_body)
2019-07-28 20:57:26.808 27513 ERROR rally.task.runner
File "/usr/lib/python2.7/site-packages/neutronclient/v2_0/client.py", line 93, in exception_handler_v20
2019-07-28 20:57:26.808 27513 ERROR rally.task.runner request_ids=request_ids)
2019-07-28 20:57:26.808 27513 ERROR rally.task.runner NeutronClientException:

504 Gateway Time-out

2019-07-28 20:57:26.808 27513 ERROR rally.task.runner The server didn't respond in time.
2019-07-28 20:57:26.808 27513 ERROR rally.task.runner
2019-07-28 20:57:26.808 27513 ERROR rally.task.runner
2019-07-28 20:57:26.808 27513 ERROR rally.task.runner
2019-07-28 20:57:26.810 27513 INFO rally.task.runner [-] Task 4ae683d2-fc38-4f56-95e0-4c56be91d723 | ITER: 3 END: Error NeutronClientException:

504 Gateway Time-out

The server didn't respond in time.
2019-07-28 20:57:27.544 27512 DEBUG neutronclient.v2_0.client [-] Error message:

504 Gateway Time-out

The server didn't respond in time. _handle_fault_response /usr/lib/python2.7/site-packages/neutronclient/v2_0/client.py:259
2019-07-28 20:57:27.551 27512 ERROR rally.task.runner [-] Iteration 2 raised Exception: NeutronClientException:

504 Gateway Time-out

The server didn't respond in time.
2019-07-28 20:57:27.551 27512 ERROR rally.task.runner
Traceback (most recent call last):
2019-07-28 20:57:27.551 27512 ERROR rally.task.runner
File "/usr/lib/python2.7/site-packages/rally/task/runner.py", line 71, in _run_scenario_once
2019-07-28 20:57:27.551 27512 ERROR rally.task.runner getattr(scenario_inst, method_name)(**scenario_kwargs)
2019-07-28 20:57:27.551 27512 ERROR rally.task.runner
File "/root/.rally/plugins/trunk_scenario.py", line 41, in run
2019-07-28 20:57:27.551 27512 ERROR rally.task.runner trunk = self._create_trunk(trunk_payload)
2019-07-28 20:57:27.551 27512 ERROR rally.task.runner
File "/usr/lib/python2.7/site-packages/rally/task/atomic.py", line 91, in func_atomic_actions
2019-07-28 20:57:27.551 27512 ERROR rally.task.runner f = func(self, *args, **kwargs)
2019-07-28 20:57:27.551 27512 ERROR rally.task.runner
File "/root/.rally/plugins/trunk_scenario.py", line 53, in _create_trunk
2019-07-28 20:57:27.551 27512 ERROR rally.task.runner return self.clients("neutron").create_trunk({'trunk': trunk_payload})
2019-07-28 20:57:27.551 27512 ERROR rally.task.runner
File "/usr/lib/python2.7/site-packages/neutronclient/v2_0/client.py", line 2091, in create_trunk
2019-07-28 20:57:27.551 27512 ERROR rally.task.runner return self.post(self.trunks_path, body=body)
2019-07-28 20:57:27.551 27512 ERROR rally.task.runner
File "/usr/lib/python2.7/site-packages/neutronclient/v2_0/client.py", line 359, in post
2019-07-28 20:57:27.551 27512 ERROR rally.task.runner headers=headers, params=params)
2019-07-28 20:57:27.551 27512 ERROR rally.task.runner
File "/usr/lib/python2.7/site-packages/neutronclient/v2_0/client.py", line 294, in do_request
2019-07-28 20:57:27.551 27512 ERROR rally.task.runner self._handle_fault_response(status_code, replybody, resp)
2019-07-28 20:57:27.551 27512 ERROR rally.task.runner
File "/usr/lib/python2.7/site-packages/neutronclient/v2_0/client.py", line 269, in _handle_fault_response
2019-07-28 20:57:27.551 27512 ERROR rally.task.runner exception_handler_v20(status_code, error_body)
2019-07-28 20:57:27.551 27512 ERROR rally.task.runner
File "/usr/lib/python2.7/site-packages/neutronclient/v2_0/client.py", line 93, in exception_handler_v20
2019-07-28 20:57:27.551 27512 ERROR rally.task.runner request_ids=request_ids)
2019-07-28 20:57:27.551 27512 ERROR rally.task.runner NeutronClientException:

504 Gateway Time-out

2019-07-28 20:57:27.551 27512 ERROR rally.task.runner The server didn't respond in time.
2019-07-28 20:57:27.551 27512 ERROR rally.task.runner
2019-07-28 20:57:27.551 27512 ERROR rally.task.runner
2019-07-28 20:57:27.551 27512 ERROR rally.task.runner
2019-07-28 20:57:27.553 27512 INFO rally.task.runner [-] Task 4ae683d2-fc38-4f56-95e0-4c56be91d723 | ITER: 2 END: Error NeutronClientException:

504 Gateway Time-out

The server didn't respond in time.
2019-07-28 20:57:28.865 27514 DEBUG neutronclient.v2_0.client [-] Error message:

504 Gateway Time-out

The server didn't respond in time. _handle_fault_response /usr/lib/python2.7/site-packages/neutronclient/v2_0/client.py:259
2019-07-28 20:57:28.872 27514 ERROR rally.task.runner [-] Iteration 4 raised Exception: NeutronClientException:

504 Gateway Time-out

The server didn't respond in time.
2019-07-28 20:57:28.872 27514 ERROR rally.task.runner
Traceback (most recent call last):
2019-07-28 20:57:28.872 27514 ERROR rally.task.runner
File "/usr/lib/python2.7/site-packages/rally/task/runner.py", line 71, in _run_scenario_once
2019-07-28 20:57:28.872 27514 ERROR rally.task.runner getattr(scenario_inst, method_name)(**scenario_kwargs)
2019-07-28 20:57:28.872 27514 ERROR rally.task.runner
File "/root/.rally/plugins/trunk_scenario.py", line 41, in run
2019-07-28 20:57:28.872 27514 ERROR rally.task.runner trunk = self._create_trunk(trunk_payload)
2019-07-28 20:57:28.872 27514 ERROR rally.task.runner
File "/usr/lib/python2.7/site-packages/rally/task/atomic.py", line 91, in func_atomic_actions
2019-07-28 20:57:28.872 27514 ERROR rally.task.runner f = func(self, *args, **kwargs)
2019-07-28 20:57:28.872 27514 ERROR rally.task.runner
File "/root/.rally/plugins/trunk_scenario.py", line 53, in _create_trunk
2019-07-28 20:57:28.872 27514 ERROR rally.task.runner return self.clients("neutron").create_trunk({'trunk': trunk_payload})
2019-07-28 20:57:28.872 27514 ERROR rally.task.runner
File "/usr/lib/python2.7/site-packages/neutronclient/v2_0/client.py", line 2091, in create_trunk
2019-07-28 20:57:28.872 27514 ERROR rally.task.runner return self.post(self.trunks_path, body=body)
2019-07-28 20:57:28.872 27514 ERROR rally.task.runner
File "/usr/lib/python2.7/site-packages/neutronclient/v2_0/client.py", line 359, in post
2019-07-28 20:57:28.872 27514 ERROR rally.task.runner headers=headers, params=params)
2019-07-28 20:57:28.872 27514 ERROR rally.task.runner
File "/usr/lib/python2.7/site-packages/neutronclient/v2_0/client.py", line 294, in do_request
2019-07-28 20:57:28.872 27514 ERROR rally.task.runner self._handle_fault_response(status_code, replybody, resp)
2019-07-28 20:57:28.872 27514 ERROR rally.task.runner
File "/usr/lib/python2.7/site-packages/neutronclient/v2_0/client.py", line 269, in _handle_fault_response
2019-07-28 20:57:28.872 27514 ERROR rally.task.runner exception_handler_v20(status_code, error_body)
2019-07-28 20:57:28.872 27514 ERROR rally.task.runner
File "/usr/lib/python2.7/site-packages/neutronclient/v2_0/client.py", line 93, in exception_handler_v20
2019-07-28 20:57:28.872 27514 ERROR rally.task.runner request_ids=request_ids)
2019-07-28 20:57:28.872 27514 ERROR rally.task.runner NeutronClientException:

504 Gateway Time-out

2019-07-28 20:57:28.872 27514 ERROR rally.task.runner The server didn't respond in time.
2019-07-28 20:57:28.872 27514 ERROR rally.task.runner
2019-07-28 20:57:28.872 27514 ERROR rally.task.runner
2019-07-28 20:57:28.872 27514 ERROR rally.task.runner
2019-07-28 20:57:28.874 27514 INFO rally.task.runner [-] Task 4ae683d2-fc38-4f56-95e0-4c56be91d723 | ITER: 4 END: Error NeutronClientException:

504 Gateway Time-out

The server didn't respond in time.
2019-07-28 20:57:29.454 27511 DEBUG neutronclient.v2_0.client [-] Error message:

504 Gateway Time-out

The server didn't respond in time. _handle_fault_response /usr/lib/python2.7/site-packages/neutronclient/v2_0/client.py:259
2019-07-28 20:57:29.461 27511 ERROR rally.task.runner [-] Iteration 1 raised Exception: NeutronClientException:

504 Gateway Time-out

The server didn't respond in time.
2019-07-28 20:57:29.461 27511 ERROR rally.task.runner
Traceback (most recent call last):
2019-07-28 20:57:29.461 27511 ERROR rally.task.runner
File "/usr/lib/python2.7/site-packages/rally/task/runner.py", line 71, in _run_scenario_once
2019-07-28 20:57:29.461 27511 ERROR rally.task.runner getattr(scenario_inst, method_name)(**scenario_kwargs)
2019-07-28 20:57:29.461 27511 ERROR rally.task.runner
File "/root/.rally/plugins/trunk_scenario.py", line 41, in run
2019-07-28 20:57:29.461 27511 ERROR rally.task.runner trunk = self._create_trunk(trunk_payload)
2019-07-28 20:57:29.461 27511 ERROR rally.task.runner
File "/usr/lib/python2.7/site-packages/rally/task/atomic.py", line 91, in func_atomic_actions
2019-07-28 20:57:29.461 27511 ERROR rally.task.runner f = func(self, *args, **kwargs)
2019-07-28 20:57:29.461 27511 ERROR rally.task.runner
File "/root/.rally/plugins/trunk_scenario.py", line 53, in _create_trunk
2019-07-28 20:57:29.461 27511 ERROR rally.task.runner return self.clients("neutron").create_trunk({'trunk': trunk_payload})
2019-07-28 20:57:29.461 27511 ERROR rally.task.runner
File "/usr/lib/python2.7/site-packages/neutronclient/v2_0/client.py", line 2091, in create_trunk
2019-07-28 20:57:29.461 27511 ERROR rally.task.runner return self.post(self.trunks_path, body=body)
2019-07-28 20:57:29.461 27511 ERROR rally.task.runner
File "/usr/lib/python2.7/site-packages/neutronclient/v2_0/client.py", line 359, in post
2019-07-28 20:57:29.461 27511 ERROR rally.task.runner headers=headers, params=params)
2019-07-28 20:57:29.461 27511 ERROR rally.task.runner
File "/usr/lib/python2.7/site-packages/neutronclient/v2_0/client.py", line 294, in do_request
2019-07-28 20:57:29.461 27511 ERROR rally.task.runner self._handle_fault_response(status_code, replybody, resp)
2019-07-28 20:57:29.461 27511 ERROR rally.task.runner
File "/usr/lib/python2.7/site-packages/neutronclient/v2_0/client.py", line 269, in _handle_fault_response
2019-07-28 20:57:29.461 27511 ERROR rally.task.runner exception_handler_v20(status_code, error_body)
2019-07-28 20:57:29.461 27511 ERROR rally.task.runner
File "/usr/lib/python2.7/site-packages/neutronclient/v2_0/client.py", line 93, in exception_handler_v20
2019-07-28 20:57:29.461 27511 ERROR rally.task.runner request_ids=request_ids)
2019-07-28 20:57:29.461 27511 ERROR rally.task.runner NeutronClientException:

504 Gateway Time-out

2019-07-28 20:57:29.461 27511 ERROR rally.task.runner The server didn't respond in time.
2019-07-28 20:57:29.461 27511 ERROR rally.task.runner
2019-07-28 20:57:29.461 27511 ERROR rally.task.runner
2019-07-28 20:57:29.461 27511 ERROR rally.task.runner
2019-07-28 20:57:29.463 27511 INFO rally.task.runner [-] Task 4ae683d2-fc38-4f56-95e0-4c56be91d723 | ITER: 1 END: Error NeutronClientException:

504 Gateway Time-out

The server didn't respond in time.
2019-07-28 20:57:29.488 22705 INFO rally.task.context [-] Task 4ae683d2-fc38-4f56-95e0-4c56be91d723 | Context cleanup@openstack cleanup() started
2019-07-28 20:57:29.491 22705 RALLYDEBUG rally_openstack.cleanup.manager [-] Cleaning up neutron vip objects
2019-07-28 20:57:30.308 22705 RALLYDEBUG rally_openstack.cleanup.manager [-] Cleaning up neutron health_monitor objects
2019-07-28 20:57:31.090 22705 RALLYDEBUG rally_openstack.cleanup.manager [-] Cleaning up neutron pool objects
2019-07-28 20:57:31.867 22705 RALLYDEBUG rally_openstack.cleanup.manager [-] Cleaning up neutron loadbalancer objects
2019-07-28 20:57:32.653 22705 RALLYDEBUG rally_openstack.cleanup.manager [-] Cleaning up neutron floatingip objects
2019-07-28 20:57:33.685 22705 RALLYDEBUG rally_openstack.cleanup.manager [-] Cleaning up neutron port objects
2019-07-28 20:57:36.760 22705 RALLYDEBUG rally_openstack.cleanup.manager [-] Deleting neutron.port object s_rally_175e812c_jkyMlMmF (042a2c1f-f499-4b4c-a5e7-97e03970d423)
2019-07-28 20:57:36.760 22705 RALLYDEBUG rally_openstack.cleanup.manager [-] Deleting neutron.port object s_rally_175e812c_LhyRpUGk (04eddaff-d532-468e-b0e1-575c70793145)
2019-07-28 20:57:36.760 22705 RALLYDEBUG rally_openstack.cleanup.manager [-] Deleting neutron.port object s_rally_175e812c_Dfslprw4 (0579380b-1b13-461e-ad3c-c2fb145b2b48)
2019-07-28 20:57:36.761 22705 RALLYDEBUG rally_openstack.cleanup.manager [-] Deleting neutron.port object s_rally_175e812c_WubrWUwN (00178f22-63bd-45d7-8afd-857299d82a28)
2019-07-28 20:57:36.762 22705 RALLYDEBUG rally_openstack.cleanup.manager [-] Deleting neutron.port object s_rally_175e812c_XZT3mDkR (02a9a152-8b6d-4b5c-b580-2e6e0a61a481)
2019-07-28 20:57:36.767 22705 RALLYDEBUG rally_openstack.cleanup.manager [-] Deleting neutron.port object s_rally_175e812c_xejstz2V (01ee1167-6967-4f16-b2fa-4b9428828b0e)
2019-07-28 20:57:36.771 22705 RALLYDEBUG rally_openstack.cleanup.manager [-] Deleting neutron.port object s_rally_175e812c_aXANLkpr (05aedf2d-9aa1-4c05-b02d-0047703c10c0)
2019-07-28 20:57:36.776 22705 RALLYDEBUG rally_openstack.cleanup.manager [-] Deleting neutron.port object s_rally_175e812c_J5Z98btt (06a21476-0bdc-487a-8ebe-70cc8b5bf530)
2019-07-28 20:57:36.776 22705 RALLYDEBUG rally_openstack.cleanup.manager [-] Deleting neutron.port object s_rally_175e812c_MftWynTQ (024938cc-5064-465b-aa33-74cd611dee7d)
2019-07-28 20:57:36.776 22705 RALLYDEBUG rally_openstack.cleanup.manager [-] Deleting neutron.port object s_rally_175e812c_f57KKOeT (011a1436-421c-4936-b266-cb5760dbc9ae)
2019-07-28 20:57:36.777 22705 RALLYDEBUG rally_openstack.cleanup.manager [-] Deleting neutron.port object s_rally_175e812c_c0mBHWfT (024988b1-480c-4af5-b1ca-d4ac765c3145)
2019-07-28 20:57:36.779 22705 RALLYDEBUG rally_openstack.cleanup.manager [-] Deleting neutron.port object s_rally_175e812c_syrEXFVp (01cb64b1-edd6-486a-84f4-077b19a83a62)
2019-07-28 20:57:36.777 22705 RALLYDEBUG rally_openstack.cleanup.manager [-] Deleting neutron.port object s_rally_175e812c_0HfKH5no (02574f20-50a0-4837-b530-b7f36663ea6b)
2019-07-28 20:57:36.784 22705 RALLYDEBUG rally_openstack.cleanup.manager [-] Deleting neutron.port object s_rally_175e812c_kklplSdq (000dc69a-b5ba-43f8-9c2e-3a4126644b40)
2019-07-28 20:57:36.789 22705 RALLYDEBUG rally_openstack.cleanup.manager [-] Deleting neutron.port object s_rally_175e812c_lTso7U7U (079a116f-be99-459c-add2-c7e295c3f019)
2019-07-28 20:57:36.790 22705 RALLYDEBUG rally_openstack.cleanup.manager [-] Deleting neutron.port object s_rally_175e812c_Rlu7Kjfh (07a7abff-b9e4-480e-9e3c-5b080b6f85bc)
2019-07-28 20:57:36.792 22705 RALLYDEBUG rally_openstack.cleanup.manager [-] Deleting neutron.port object s_rally_175e812c_CnVM75uR (05d0f644-9b96-48eb-9f76-72815b704993)
2019-07-28 20:57:36.804 22705 RALLYDEBUG rally_openstack.cleanup.manager [-] Deleting neutron.port object s_rally_175e812c_u85AXMwk (07cb6cb7-72da-45b9-9bc5-df02065d6bcb)
2019-07-28 20:57:36.809 22705 RALLYDEBUG rally_openstack.cleanup.manager [-] Deleting neutron.port object s_rally_175e812c_o2imlad2 (081785c5-05ba-4ab3-b0ce-350bce813de0)
2019-07-28 20:57:36.822 22705 RALLYDEBUG rally_openstack.cleanup.manager [-] Deleting neutron.port object s_rally_175e812c_ZNUG3G41 (083e37b8-3bd2-426f-b267-9fa909590520)
2019-07-28 20:57:37.854 22705 DEBUG neutronclient.v2_0.client [-] Error message: {"NeutronError": {"message": "Port 02a9a152-8b6d-4b5c-b580-2e6e0a61a481 is currently a subport for trunk 249696c4-bffb-41ea-be62-28881323dc8a.", "type": "PortInUseAsSubPort", "detail": ""}} _handle_fault_response /usr/lib/python2.7/site-packages/neutronclient/v2_0/client.py:259
2019-07-28 20:57:37.877 22705 DEBUG neutronclient.v2_0.client [-] Error message: {"NeutronError": {"message": "Port 042a2c1f-f499-4b4c-a5e7-97e03970d423 is currently a subport for trunk 249696c4-bffb-41ea-be62-28881323dc8a.", "type": "PortInUseAsSubPort", "detail": ""}} _handle_fault_response /usr/lib/python2.7/site-packages/neutronclient/v2_0/client.py:259
2019-07-28 20:57:37.999 22705 DEBUG neutronclient.v2_0.client [-] Error message: {"NeutronError": {"message": "Port 042a2c1f-f499-4b4c-a5e7-97e03970d423 is currently a subport for trunk 249696c4-bffb-41ea-be62-28881323dc8a.", "type": "PortInUseAsSubPort", "detail": ""}} _handle_fault_response /usr/lib/python2.7/site-packages/neutronclient/v2_0/client.py:259
2019-07-28 20:57:38.032 22705 DEBUG neutronclient.v2_0.client [-] Error message: {"NeutronError": {"message": "Port 0579380b-1b13-461e-ad3c-c2fb145b2b48 is currently a subport for trunk d3561706-52d8-423d-8172-c177cafe3c6e.", "type": "PortInUseAsSubPort", "detail": ""}} _handle_fault_response /usr/lib/python2.7/site-packages/neutronclient/v2_0/client.py:259
2019-07-28 20:57:38.041 22705 DEBUG neutronclient.v2_0.client [-] Error message: {"NeutronError": {"message": "Port 01ee1167-6967-4f16-b2fa-4b9428828b0e is currently a subport for trunk bad19ac2-9ade-4f73-bdae-aa59e1594a96.", "type": "PortInUseAsSubPort", "detail": ""}} _handle_fault_response /usr/lib/python2.7/site-packages/neutronclient/v2_0/client.py:259
2019-07-28 20:57:38.054 22705 DEBUG neutronclient.v2_0.client [-] Error message: {"NeutronError": {"message": "Port 04eddaff-d532-468e-b0e1-575c70793145 is currently a subport for trunk fa232f2c-8437-455d-bdd1-04954016d504.", "type": "PortInUseAsSubPort", "detail": ""}} _handle_fault_response /usr/lib/python2.7/site-packages/neutronclient/v2_0/client.py:259
2019-07-28 20:57:38.084 22705 DEBUG neutronclient.v2_0.client [-] Error message: {"NeutronError": {"message": "Port 083e37b8-3bd2-426f-b267-9fa909590520 is currently a subport for trunk 249696c4-bffb-41ea-be62-28881323dc8a.", "type": "PortInUseAsSubPort", "detail": ""}} _handle_fault_response /usr/lib/python2.7/site-packages/neutronclient/v2_0/client.py:259
2019-07-28 20:57:38.099 22705 DEBUG neutronclient.v2_0.client [-] Error message: {"NeutronError": {"message": "Port 081785c5-05ba-4ab3-b0ce-350bce813de0 is currently a subport for trunk 249696c4-bffb-41ea-be62-28881323dc8a.", "type": "PortInUseAsSubPort", "detail": ""}} _handle_fault_response /usr/lib/python2.7/site-packages/neutronclient/v2_0/client.py:259
