2019-07-28 20:38:34.077 24799 WARNING rally_openstack.scenarios.neutron.utils [-] Running this scenario without either the 'network' or 'existing_network' context is deprecated
2019-07-28 20:38:34.074 24801 INFO rally.task.runner [-] Task 4ae683d2-fc38-4f56-95e0-4c56be91d723 | ITER: 4 START
2019-07-28 20:38:34.080 24801 WARNING rally_openstack.scenarios.neutron.utils [-] Running this scenario without either the 'network' or 'existing_network' context is deprecated
2019-07-28 20:38:34.074 24800 WARNING rally_openstack.scenarios.neutron.utils [-] Running this scenario without either the 'network' or 'existing_network' context is deprecated
2019-07-28 20:38:34.080 24819 RALLYDEBUG rally.task.runner [-] Starting a worker. concurrency: 1 args: {"network_create_args": {}, "subnet_create_args": {}, "subnet_cidr_start": "1.1.0.0/30", "subnets_per_network": 2} times: 40 method_name: run timeout: 0 duration: None cls:
2019-07-28 20:38:34.082 24809 INFO rally.task.runner [-] Task 4ae683d2-fc38-4f56-95e0-4c56be91d723 | ITER: 10 START
2019-07-28 20:38:34.083 24809 WARNING rally_openstack.scenarios.neutron.utils [-] Running this scenario without either the 'network' or 'existing_network' context is deprecated
2019-07-28 20:38:34.084 24820 RALLYDEBUG rally.task.runner [-] Starting a worker. concurrency: 1 args: {"network_create_args": {}, "subnet_create_args": {}, "subnet_cidr_start": "1.1.0.0/30", "subnets_per_network": 2} times: 40 method_name: run timeout: 0 duration: None cls:
2019-07-28 20:38:34.086 24819 INFO rally.task.runner [-] Task 4ae683d2-fc38-4f56-95e0-4c56be91d723 | ITER: 11 START
2019-07-28 20:38:34.087 24819 WARNING rally_openstack.scenarios.neutron.utils [-] Running this scenario without either the 'network' or 'existing_network' context is deprecated
2019-07-28 20:38:34.088 24820 INFO rally.task.runner [-] Task 4ae683d2-fc38-4f56-95e0-4c56be91d723 | ITER: 12 START
2019-07-28 20:38:34.075 24801 INFO rally.task.runner [-] Task 4ae683d2-fc38-4f56-95e0-4c56be91d723 | ITER: 9 START
2019-07-28 20:38:34.089 24820 WARNING rally_openstack.scenarios.neutron.utils [-] Running this scenario without either the 'network' or 'existing_network' context is deprecated
2019-07-28 20:38:34.088 24801 WARNING rally_openstack.scenarios.neutron.utils [-] Running this scenario without either the 'network' or 'existing_network' context is deprecated
2019-07-28 20:38:34.103 24827 RALLYDEBUG rally.task.runner [-] Starting a worker. concurrency: 1 args: {"network_create_args": {}, "subnet_create_args": {}, "subnet_cidr_start": "1.1.0.0/30", "subnets_per_network": 2} times: 40 method_name: run timeout: 0 duration: None cls:
2019-07-28 20:38:34.110 24827 INFO rally.task.runner [-] Task 4ae683d2-fc38-4f56-95e0-4c56be91d723 | ITER: 13 START
2019-07-28 20:38:34.112 24827 WARNING rally_openstack.scenarios.neutron.utils [-] Running this scenario without either the 'network' or 'existing_network' context is deprecated
2019-07-28 20:38:34.112 24828 RALLYDEBUG rally.task.runner [-] Starting a worker. concurrency: 1 args: {"network_create_args": {}, "subnet_create_args": {}, "subnet_cidr_start": "1.1.0.0/30", "subnets_per_network": 2} times: 40 method_name: run timeout: 0 duration: None cls:
2019-07-28 20:38:34.119 24828 INFO rally.task.runner [-] Task 4ae683d2-fc38-4f56-95e0-4c56be91d723 | ITER: 14 START
2019-07-28 20:38:34.118 24831 RALLYDEBUG rally.task.runner [-] Starting a worker. concurrency: 1 args: {"network_create_args": {}, "subnet_create_args": {}, "subnet_cidr_start": "1.1.0.0/30", "subnets_per_network": 2} times: 40 method_name: run timeout: 0 duration: None cls:
2019-07-28 20:38:34.120 24828 WARNING rally_openstack.scenarios.neutron.utils [-] Running this scenario without either the 'network' or 'existing_network' context is deprecated
2019-07-28 20:38:34.120 24832 RALLYDEBUG rally.task.runner [-] Starting a worker. concurrency: 1 args: {"network_create_args": {}, "subnet_create_args": {}, "subnet_cidr_start": "1.1.0.0/30", "subnets_per_network": 2} times: 40 method_name: run timeout: 0 duration: None cls:
2019-07-28 20:38:34.122 24836 RALLYDEBUG rally.task.runner [-] Starting a worker. concurrency: 1 args: {"network_create_args": {}, "subnet_create_args": {}, "subnet_cidr_start": "1.1.0.0/30", "subnets_per_network": 2} times: 40 method_name: run timeout: 0 duration: None cls:
2019-07-28 20:38:34.122 24834 RALLYDEBUG rally.task.runner [-] Starting a worker. concurrency: 1 args: {"network_create_args": {}, "subnet_create_args": {}, "subnet_cidr_start": "1.1.0.0/30", "subnets_per_network": 2} times: 40 method_name: run timeout: 0 duration: None cls:
2019-07-28 20:38:34.124 24831 INFO rally.task.runner [-] Task 4ae683d2-fc38-4f56-95e0-4c56be91d723 | ITER: 15 START
2019-07-28 20:38:34.125 24832 INFO rally.task.runner [-] Task 4ae683d2-fc38-4f56-95e0-4c56be91d723 | ITER: 16 START
2019-07-28 20:38:34.125 24831 WARNING rally_openstack.scenarios.neutron.utils [-] Running this scenario without either the 'network' or 'existing_network' context is deprecated
2019-07-28 20:38:34.125 24837 RALLYDEBUG rally.task.runner [-] Starting a worker. concurrency: 1 args: {"network_create_args": {}, "subnet_create_args": {}, "subnet_cidr_start": "1.1.0.0/30", "subnets_per_network": 2} times: 40 method_name: run timeout: 0 duration: None cls:
2019-07-28 20:38:34.126 24832 WARNING rally_openstack.scenarios.neutron.utils [-] Running this scenario without either the 'network' or 'existing_network' context is deprecated
2019-07-28 20:38:34.127 24834 INFO rally.task.runner [-] Task 4ae683d2-fc38-4f56-95e0-4c56be91d723 | ITER: 18 START
2019-07-28 20:38:34.128 24834 WARNING rally_openstack.scenarios.neutron.utils [-] Running this scenario without either the 'network' or 'existing_network' context is deprecated
2019-07-28 20:38:34.128 24836 INFO rally.task.runner [-] Task 4ae683d2-fc38-4f56-95e0-4c56be91d723 | ITER: 17 START
2019-07-28 20:38:34.129 24836 WARNING rally_openstack.scenarios.neutron.utils [-] Running this scenario without either the 'network' or 'existing_network' context is deprecated
2019-07-28 20:38:34.129 24837 INFO rally.task.runner [-] Task 4ae683d2-fc38-4f56-95e0-4c56be91d723 | ITER: 19 START
2019-07-28 20:38:34.131 24837 WARNING rally_openstack.scenarios.neutron.utils [-] Running this scenario without either the 'network' or 'existing_network' context is deprecated
2019-07-28 20:38:34.133 24846 RALLYDEBUG rally.task.runner [-] Starting a worker. concurrency: 1 args: {"network_create_args": {}, "subnet_create_args": {}, "subnet_cidr_start": "1.1.0.0/30", "subnets_per_network": 2} times: 40 method_name: run timeout: 0 duration: None cls:
2019-07-28 20:38:34.137 24846 INFO rally.task.runner [-] Task 4ae683d2-fc38-4f56-95e0-4c56be91d723 | ITER: 20 START
2019-07-28 20:38:34.138 24846 WARNING rally_openstack.scenarios.neutron.utils [-] Running this scenario without either the 'network' or 'existing_network' context is deprecated
2019-07-28 20:38:37.036 24846 RALLYDEBUG rally_openstack.wrappers.network [-] CIDR generated: 1.1.4.96/30
2019-07-28 20:38:37.053 24809 RALLYDEBUG rally_openstack.wrappers.network [-] CIDR generated: 1.1.4.100/30
2019-07-28 20:38:37.156 24837 RALLYDEBUG rally_openstack.wrappers.network [-] CIDR generated: 1.1.4.104/30
2019-07-28 20:38:37.251 24802 RALLYDEBUG rally_openstack.wrappers.network [-] CIDR generated: 1.1.4.108/30
2019-07-28 20:38:37.353 24801 RALLYDEBUG rally_openstack.wrappers.network [-] CIDR generated: 1.1.4.112/30
2019-07-28 20:38:37.467 24802 RALLYDEBUG rally_openstack.wrappers.network [-] CIDR generated: 1.1.4.116/30
2019-07-28 20:38:37.805 24832 RALLYDEBUG rally_openstack.wrappers.network [-] CIDR generated: 1.1.4.120/30
2019-07-28 20:38:37.869 24800 RALLYDEBUG rally_openstack.wrappers.network [-] CIDR generated: 1.1.4.124/30
2019-07-28 20:38:37.916 24834 RALLYDEBUG rally_openstack.wrappers.network [-] CIDR generated: 1.1.4.128/30
2019-07-28 20:38:37.975 24801 RALLYDEBUG rally_openstack.wrappers.network [-] CIDR generated: 1.1.4.132/30
2019-07-28 20:38:38.068 24828 RALLYDEBUG rally_openstack.wrappers.network [-] CIDR generated: 1.1.4.136/30
2019-07-28 20:38:38.114 24820 RALLYDEBUG rally_openstack.wrappers.network [-] CIDR generated: 1.1.4.140/30
2019-07-28 20:38:38.143 24836 RALLYDEBUG rally_openstack.wrappers.network [-] CIDR generated: 1.1.4.144/30
2019-07-28 20:38:38.183 24799 RALLYDEBUG rally_openstack.wrappers.network [-] CIDR generated: 1.1.4.148/30
2019-07-28 20:38:38.762 24799 RALLYDEBUG rally_openstack.wrappers.network [-] CIDR generated: 1.1.4.152/30
2019-07-28 20:38:38.829 24819 RALLYDEBUG rally_openstack.wrappers.network [-] CIDR generated: 1.1.4.156/30
2019-07-28 20:38:38.894 24805 RALLYDEBUG rally_openstack.wrappers.network [-] CIDR generated: 1.1.4.160/30
2019-07-28 20:38:38.952 24800 RALLYDEBUG rally_openstack.wrappers.network [-] CIDR generated: 1.1.4.164/30
2019-07-28 20:38:39.025 24831 RALLYDEBUG rally_openstack.wrappers.network [-] CIDR generated: 1.1.4.168/30
2019-07-28 20:38:39.060 24827 RALLYDEBUG rally_openstack.wrappers.network [-] CIDR generated: 1.1.4.172/30
2019-07-28 20:38:39.221 24846 RALLYDEBUG rally_openstack.wrappers.network [-] CIDR generated: 1.1.4.176/30
2019-07-28 20:38:39.635 24837 RALLYDEBUG rally_openstack.wrappers.network [-] CIDR generated: 1.1.4.180/30
2019-07-28 20:38:39.694 24801 RALLYDEBUG rally_openstack.wrappers.network [-] CIDR generated: 1.1.4.184/30
2019-07-28 20:38:39.802 24809 RALLYDEBUG rally_openstack.wrappers.network [-] CIDR generated: 1.1.4.188/30
2019-07-28 20:38:39.837 24802 RALLYDEBUG rally_openstack.wrappers.network [-] CIDR generated: 1.1.4.192/30
2019-07-28 20:38:40.005 24836 RALLYDEBUG rally_openstack.wrappers.network [-] CIDR generated: 1.1.4.196/30
2019-07-28 20:38:40.089 24820 RALLYDEBUG rally_openstack.wrappers.network [-] CIDR generated: 1.1.4.200/30
2019-07-28 20:38:40.321 24800 RALLYDEBUG rally_openstack.wrappers.network [-] CIDR generated: 1.1.4.204/30
2019-07-28 20:38:40.726 24802 RALLYDEBUG rally_openstack.wrappers.network [-] CIDR generated: 1.1.4.208/30
2019-07-28 20:38:41.095 24832 RALLYDEBUG rally_openstack.wrappers.network [-] CIDR generated: 1.1.4.212/30
2019-07-28 20:38:41.282 24834 RALLYDEBUG rally_openstack.wrappers.network [-] CIDR generated: 1.1.4.216/30
2019-07-28 20:38:41.294 24801 RALLYDEBUG rally_openstack.wrappers.network [-] CIDR generated: 1.1.4.220/30
2019-07-28 20:38:41.305 24799 RALLYDEBUG rally_openstack.wrappers.network [-] CIDR generated: 1.1.4.224/30
2019-07-28 20:38:41.347 24805 RALLYDEBUG rally_openstack.wrappers.network [-] CIDR generated: 1.1.4.228/30
2019-07-28 20:38:41.386 24827 RALLYDEBUG rally_openstack.wrappers.network [-] CIDR generated: 1.1.4.232/30
2019-07-28 20:38:41.430 24819 RALLYDEBUG rally_openstack.wrappers.network [-] CIDR generated: 1.1.4.236/30
2019-07-28 20:38:41.479 24831 RALLYDEBUG rally_openstack.wrappers.network [-] CIDR generated: 1.1.4.240/30
2019-07-28 20:38:41.660 24800 RALLYDEBUG rally_openstack.wrappers.network [-] CIDR generated: 1.1.4.244/30
2019-07-28 20:38:42.395 24828 RALLYDEBUG rally_openstack.wrappers.network [-] CIDR generated: 1.1.4.248/30
2019-07-28 20:38:42.421 24799 RALLYDEBUG rally_openstack.wrappers.network [-] CIDR generated: 1.1.4.252/30
2019-07-28 20:38:45.888 24846 INFO rally.task.runner [-] Task 4ae683d2-fc38-4f56-95e0-4c56be91d723 | ITER: 20 END: OK
2019-07-28 20:38:45.893 24846 INFO rally.task.runner [-] Task 4ae683d2-fc38-4f56-95e0-4c56be91d723 | ITER: 21 START
2019-07-28 20:38:45.894 24846 WARNING rally_openstack.scenarios.neutron.utils [-] Running this scenario without either the 'network' or 'existing_network' context is deprecated
2019-07-28 20:38:46.739 24801 INFO rally.task.runner [-] Task 4ae683d2-fc38-4f56-95e0-4c56be91d723 | ITER: 4 END: OK
2019-07-28 20:38:46.744 24801 INFO rally.task.runner [-] Task 4ae683d2-fc38-4f56-95e0-4c56be91d723 | ITER: 22 START
2019-07-28 20:38:46.745 24801 WARNING rally_openstack.scenarios.neutron.utils [-] Running this scenario without either the 'network' or 'existing_network' context is deprecated
2019-07-28 20:38:46.819 24837 INFO rally.task.runner [-] Task 4ae683d2-fc38-4f56-95e0-4c56be91d723 | ITER: 19 END: OK
2019-07-28 20:38:46.824 24837 INFO rally.task.runner [-] Task 4ae683d2-fc38-4f56-95e0-4c56be91d723 | ITER: 23 START
2019-07-28 20:38:46.824 24837 WARNING rally_openstack.scenarios.neutron.utils [-] Running this scenario without either the 'network' or 'existing_network' context is deprecated
2019-07-28 20:38:46.992 24809 INFO rally.task.runner [-] Task 4ae683d2-fc38-4f56-95e0-4c56be91d723 | ITER: 10 END: OK
2019-07-28 20:38:46.996 24809 INFO rally.task.runner [-] Task 4ae683d2-fc38-4f56-95e0-4c56be91d723 | ITER: 24 START
2019-07-28 20:38:46.997 24809 WARNING rally_openstack.scenarios.neutron.utils [-] Running this scenario without either the 'network' or 'existing_network' context is deprecated
2019-07-28 20:38:47.209 24827 INFO rally.task.runner [-] Task 4ae683d2-fc38-4f56-95e0-4c56be91d723 | ITER: 13 END: OK
2019-07-28 20:38:47.213 24827 INFO rally.task.runner [-] Task 4ae683d2-fc38-4f56-95e0-4c56be91d723 | ITER: 25 START
2019-07-28 20:38:47.214 24827 WARNING rally_openstack.scenarios.neutron.utils [-] Running this scenario without either the 'network' or 'existing_network' context is deprecated
2019-07-28 20:38:47.714 24802 INFO rally.task.runner [-] Task 4ae683d2-fc38-4f56-95e0-4c56be91d723 | ITER: 7 END: OK
2019-07-28 20:38:47.719 24802 INFO rally.task.runner [-] Task 4ae683d2-fc38-4f56-95e0-4c56be91d723 | ITER: 26 START
2019-07-28 20:38:47.720 24802 WARNING rally_openstack.scenarios.neutron.utils [-] Running this scenario without either the 'network' or 'existing_network' context is deprecated
2019-07-28 20:38:47.893 24834 INFO rally.task.runner [-] Task 4ae683d2-fc38-4f56-95e0-4c56be91d723 | ITER: 18 END: OK
2019-07-28 20:38:47.897 24834 INFO rally.task.runner [-] Task 4ae683d2-fc38-4f56-95e0-4c56be91d723 | ITER: 27 START
2019-07-28 20:38:47.898 24834 WARNING rally_openstack.scenarios.neutron.utils [-] Running this scenario without either the 'network' or 'existing_network' context is deprecated
2019-07-28 20:38:47.982 24836 INFO rally.task.runner [-] Task 4ae683d2-fc38-4f56-95e0-4c56be91d723 | ITER: 17 END: OK
2019-07-28 20:38:47.986 24836 INFO rally.task.runner [-] Task 4ae683d2-fc38-4f56-95e0-4c56be91d723 | ITER: 28 START
2019-07-28 20:38:47.987 24836 WARNING rally_openstack.scenarios.neutron.utils [-] Running this scenario without either the 'network' or 'existing_network' context is deprecated
2019-07-28 20:38:48.220 24799 INFO rally.task.runner [-] Task 4ae683d2-fc38-4f56-95e0-4c56be91d723 | ITER: 3 END: OK
2019-07-28 20:38:48.225 24799 INFO rally.task.runner [-] Task 4ae683d2-fc38-4f56-95e0-4c56be91d723 | ITER: 29 START
2019-07-28 20:38:48.225 24799 WARNING rally_openstack.scenarios.neutron.utils [-] Running this scenario without either the 'network' or 'existing_network' context is deprecated
2019-07-28 20:38:48.319 24831 INFO rally.task.runner [-] Task 4ae683d2-fc38-4f56-95e0-4c56be91d723 | ITER: 15 END: OK
2019-07-28 20:38:48.324 24831 INFO rally.task.runner [-] Task 4ae683d2-fc38-4f56-95e0-4c56be91d723 | ITER: 30 START
2019-07-28 20:38:48.324 24831 WARNING rally_openstack.scenarios.neutron.utils [-] Running this scenario without either the 'network' or 'existing_network' context is deprecated
2019-07-28 20:38:48.394 24820 INFO rally.task.runner [-] Task 4ae683d2-fc38-4f56-95e0-4c56be91d723 | ITER: 12 END: OK
2019-07-28 20:38:48.398 24820 INFO rally.task.runner [-] Task 4ae683d2-fc38-4f56-95e0-4c56be91d723 | ITER: 31 START
2019-07-28 20:38:48.398 24820 WARNING rally_openstack.scenarios.neutron.utils [-] Running this scenario without either the 'network' or 'existing_network' context is deprecated
2019-07-28 20:38:48.432 24800 INFO rally.task.runner [-] Task 4ae683d2-fc38-4f56-95e0-4c56be91d723 | ITER: 2 END: OK
2019-07-28 20:38:48.436 24800 INFO rally.task.runner [-] Task 4ae683d2-fc38-4f56-95e0-4c56be91d723 | ITER: 32 START
2019-07-28 20:38:48.437 24800 WARNING rally_openstack.scenarios.neutron.utils [-] Running this scenario without either the 'network' or 'existing_network' context is deprecated
2019-07-28 20:38:48.590 24832 INFO rally.task.runner [-] Task 4ae683d2-fc38-4f56-95e0-4c56be91d723 | ITER: 16 END: OK
2019-07-28 20:38:48.594 24832 INFO rally.task.runner [-] Task 4ae683d2-fc38-4f56-95e0-4c56be91d723 | ITER: 33 START
2019-07-28 20:38:48.595 24832 WARNING rally_openstack.scenarios.neutron.utils [-] Running this scenario without either the 'network' or 'existing_network' context is deprecated
2019-07-28 20:38:48.599 24819 INFO rally.task.runner [-] Task 4ae683d2-fc38-4f56-95e0-4c56be91d723 | ITER: 11 END: OK
2019-07-28 20:38:48.604 24819 INFO rally.task.runner [-] Task 4ae683d2-fc38-4f56-95e0-4c56be91d723 | ITER: 34 START
2019-07-28 20:38:48.605 24819 WARNING rally_openstack.scenarios.neutron.utils [-] Running this scenario without either the 'network' or 'existing_network' context is deprecated
2019-07-28 20:38:48.758 24805 INFO rally.task.runner [-] Task 4ae683d2-fc38-4f56-95e0-4c56be91d723 | ITER: 8 END: OK
2019-07-28 20:38:48.762 24805 INFO rally.task.runner [-] Task 4ae683d2-fc38-4f56-95e0-4c56be91d723 | ITER: 35 START
2019-07-28 20:38:48.763 24805 WARNING rally_openstack.scenarios.neutron.utils [-] Running this scenario without either the 'network' or 'existing_network' context is deprecated
2019-07-28 20:38:48.863 24846 RALLYDEBUG rally_openstack.wrappers.network [-] CIDR generated: 1.1.5.0/30
2019-07-28 20:38:49.018 24801 RALLYDEBUG rally_openstack.wrappers.network [-] CIDR generated: 1.1.5.4/30
2019-07-28 20:38:49.041 24837 RALLYDEBUG rally_openstack.wrappers.network [-] CIDR generated: 1.1.5.8/30
2019-07-28 20:38:49.144 24827 RALLYDEBUG rally_openstack.wrappers.network [-] CIDR generated: 1.1.5.12/30
2019-07-28 20:38:49.373 24800 INFO rally.task.runner [-] Task 4ae683d2-fc38-4f56-95e0-4c56be91d723 | ITER: 6 END: OK
2019-07-28 20:38:49.377 24800 INFO rally.task.runner [-] Task 4ae683d2-fc38-4f56-95e0-4c56be91d723 | ITER: 36 START
2019-07-28 20:38:49.378 24800 WARNING rally_openstack.scenarios.neutron.utils [-] Running this scenario without either the 'network' or 'existing_network' context is deprecated
2019-07-28 20:38:49.441 24828 INFO rally.task.runner [-] Task 4ae683d2-fc38-4f56-95e0-4c56be91d723 | ITER: 14 END: OK
2019-07-28 20:38:49.445 24828 INFO rally.task.runner [-] Task 4ae683d2-fc38-4f56-95e0-4c56be91d723 | ITER: 37 START
2019-07-28 20:38:49.446 24828 WARNING rally_openstack.scenarios.neutron.utils [-] Running this scenario without either the 'network' or 'existing_network' context is deprecated
2019-07-28 20:38:49.628 24809 RALLYDEBUG rally_openstack.wrappers.network [-] CIDR generated: 1.1.5.16/30
2019-07-28 20:38:49.904 24802 RALLYDEBUG rally_openstack.wrappers.network [-] CIDR generated: 1.1.5.20/30
2019-07-28 20:38:50.123 24802 INFO rally.task.runner [-] Task 4ae683d2-fc38-4f56-95e0-4c56be91d723 | ITER: 5 END: OK
2019-07-28 20:38:50.126 24802 INFO rally.task.runner [-] Task 4ae683d2-fc38-4f56-95e0-4c56be91d723 | ITER: 38 START
2019-07-28 20:38:50.127 24802 WARNING rally_openstack.scenarios.neutron.utils [-] Running this scenario without either the 'network' or 'existing_network' context is deprecated
2019-07-28 20:38:50.250 24799 INFO rally.task.runner [-] Task 4ae683d2-fc38-4f56-95e0-4c56be91d723 | ITER: 1 END: OK
2019-07-28 20:38:50.254 24799 INFO rally.task.runner [-] Task 4ae683d2-fc38-4f56-95e0-4c56be91d723 | ITER: 39 START
2019-07-28 20:38:50.255 24799 WARNING rally_openstack.scenarios.neutron.utils [-] Running this scenario without either the 'network' or 'existing_network' context is deprecated
2019-07-28 20:38:50.347 24836 RALLYDEBUG rally_openstack.wrappers.network [-] CIDR generated: 1.1.5.24/30
2019-07-28 20:38:50.407 24834 RALLYDEBUG rally_openstack.wrappers.network [-] CIDR generated: 1.1.5.28/30
2019-07-28 20:38:50.478 24799 RALLYDEBUG rally_openstack.wrappers.network [-] CIDR generated: 1.1.5.32/30
2019-07-28 20:38:50.510 24801 INFO rally.task.runner [-] Task 4ae683d2-fc38-4f56-95e0-4c56be91d723 | ITER: 9 END: OK
2019-07-28 20:38:50.514 24801 INFO rally.task.runner [-] Task 4ae683d2-fc38-4f56-95e0-4c56be91d723 | ITER: 40 START
2019-07-28 20:38:50.515 24801 WARNING rally_openstack.scenarios.neutron.utils [-] Running this scenario without either the 'network' or 'existing_network' context is deprecated
2019-07-28 20:38:50.708 24831 RALLYDEBUG rally_openstack.wrappers.network [-] CIDR generated: 1.1.5.36/30
2019-07-28 20:38:50.858 24819 RALLYDEBUG rally_openstack.wrappers.network [-] CIDR generated: 1.1.5.40/30
2019-07-28 20:38:51.065 24832 RALLYDEBUG rally_openstack.wrappers.network [-] CIDR generated: 1.1.5.44/30
2019-07-28 20:38:51.167 24805 RALLYDEBUG rally_openstack.wrappers.network [-] CIDR generated: 1.1.5.48/30
2019-07-28 20:38:51.313 24820 RALLYDEBUG rally_openstack.wrappers.network [-] CIDR generated: 1.1.5.52/30
2019-07-28 20:38:51.354 24827 RALLYDEBUG rally_openstack.wrappers.network [-] CIDR generated: 1.1.5.56/30
2019-07-28 20:38:51.701 24837 RALLYDEBUG rally_openstack.wrappers.network [-] CIDR generated: 1.1.5.60/30
2019-07-28 20:38:51.763 24800 RALLYDEBUG rally_openstack.wrappers.network [-] CIDR generated: 1.1.5.64/30
2019-07-28 20:38:52.629 24802 RALLYDEBUG rally_openstack.wrappers.network [-] CIDR generated: 1.1.5.68/30
2019-07-28 20:38:52.670 24828 RALLYDEBUG rally_openstack.wrappers.network [-] CIDR generated: 1.1.5.72/30
2019-07-28 20:38:52.755 24801 RALLYDEBUG rally_openstack.wrappers.network [-] CIDR generated: 1.1.5.76/30
2019-07-28 20:38:52.778 24799 RALLYDEBUG rally_openstack.wrappers.network [-] CIDR generated: 1.1.5.80/30
2019-07-28 20:38:53.048 24800 RALLYDEBUG rally_openstack.wrappers.network [-] CIDR generated: 1.1.5.84/30
2019-07-28 20:38:53.120 24834 RALLYDEBUG rally_openstack.wrappers.network [-] CIDR generated: 1.1.5.88/30
2019-07-28 20:38:53.139 24831 RALLYDEBUG rally_openstack.wrappers.network [-] CIDR generated: 1.1.5.92/30
2019-07-28 20:38:53.365 24799 RALLYDEBUG rally_openstack.wrappers.network [-] CIDR generated: 1.1.5.96/30
2019-07-28 20:38:53.431 24846 RALLYDEBUG rally_openstack.wrappers.network [-] CIDR generated: 1.1.5.100/30
2019-07-28 20:38:53.558 24832 RALLYDEBUG rally_openstack.wrappers.network [-] CIDR generated: 1.1.5.104/30
2019-07-28 20:38:53.606 24802 RALLYDEBUG rally_openstack.wrappers.network [-] CIDR generated: 1.1.5.108/30
2019-07-28 20:38:53.635 24819 RALLYDEBUG rally_openstack.wrappers.network [-] CIDR generated: 1.1.5.112/30
2019-07-28 20:38:53.879 24809 RALLYDEBUG rally_openstack.wrappers.network [-] CIDR generated: 1.1.5.116/30
2019-07-28 20:38:53.970 24820 RALLYDEBUG rally_openstack.wrappers.network [-] CIDR generated: 1.1.5.120/30
2019-07-28 20:38:54.011 24805 RALLYDEBUG rally_openstack.wrappers.network [-] CIDR generated: 1.1.5.124/30
2019-07-28 20:38:54.279 24801 RALLYDEBUG rally_openstack.wrappers.network [-] CIDR generated: 1.1.5.128/30
2019-07-28 20:38:54.906 24799 RALLYDEBUG rally_openstack.wrappers.network [-] CIDR generated: 1.1.5.132/30
2019-07-28 20:38:54.911 24836 RALLYDEBUG rally_openstack.wrappers.network [-] CIDR generated: 1.1.5.136/30
2019-07-28 20:38:55.450 24828 RALLYDEBUG rally_openstack.wrappers.network [-] CIDR generated: 1.1.5.140/30
2019-07-28 20:38:55.580 24800 RALLYDEBUG rally_openstack.wrappers.network [-] CIDR generated: 1.1.5.144/30
2019-07-28 20:38:55.627 24800 RALLYDEBUG rally_openstack.wrappers.network [-] CIDR generated: 1.1.5.148/30
2019-07-28 20:38:56.323 24802 RALLYDEBUG rally_openstack.wrappers.network [-] CIDR generated: 1.1.5.152/30
2019-07-28 20:38:57.173 24801 RALLYDEBUG rally_openstack.wrappers.network [-] CIDR generated: 1.1.5.156/30
2019-07-28 20:38:57.371 24837 INFO rally.task.runner [-] Task 4ae683d2-fc38-4f56-95e0-4c56be91d723 | ITER: 23 END: OK
2019-07-28 20:38:58.194 24827 INFO rally.task.runner [-] Task 4ae683d2-fc38-4f56-95e0-4c56be91d723 | ITER: 25 END: OK
2019-07-28 20:38:59.298 24801 INFO rally.task.runner [-] Task 4ae683d2-fc38-4f56-95e0-4c56be91d723 | ITER: 22 END: OK
2019-07-28 20:38:59.800 24831 INFO rally.task.runner [-] Task 4ae683d2-fc38-4f56-95e0-4c56be91d723 | ITER: 30 END: OK
2019-07-28 20:39:00.053 24805 INFO rally.task.runner [-] Task 4ae683d2-fc38-4f56-95e0-4c56be91d723 | ITER: 35 END: OK
2019-07-28 20:39:00.246 24834 INFO rally.task.runner [-] Task 4ae683d2-fc38-4f56-95e0-4c56be91d723 | ITER: 27 END: OK
2019-07-28 20:39:00.712 24802 INFO rally.task.runner [-] Task 4ae683d2-fc38-4f56-95e0-4c56be91d723 | ITER: 26 END: OK
2019-07-28 20:39:00.855 24836 INFO rally.task.runner [-] Task 4ae683d2-fc38-4f56-95e0-4c56be91d723 | ITER: 28 END: OK
2019-07-28 20:39:00.988 24799 INFO rally.task.runner [-] Task 4ae683d2-fc38-4f56-95e0-4c56be91d723 | ITER: 39 END: OK
2019-07-28 20:39:01.173 24799 INFO rally.task.runner [-] Task 4ae683d2-fc38-4f56-95e0-4c56be91d723 | ITER: 29 END: OK
2019-07-28 20:39:01.216 24832 INFO rally.task.runner [-] Task 4ae683d2-fc38-4f56-95e0-4c56be91d723 | ITER: 33 END: OK
2019-07-28 20:39:01.520 24846 INFO rally.task.runner [-] Task 4ae683d2-fc38-4f56-95e0-4c56be91d723 | ITER: 21 END: OK
2019-07-28 20:39:01.819 24828 INFO rally.task.runner [-] Task 4ae683d2-fc38-4f56-95e0-4c56be91d723 | ITER: 37 END: OK
2019-07-28 20:39:02.135 24809 INFO rally.task.runner [-] Task 4ae683d2-fc38-4f56-95e0-4c56be91d723 | ITER: 24 END: OK
2019-07-28 20:39:02.151 24819 INFO rally.task.runner [-] Task 4ae683d2-fc38-4f56-95e0-4c56be91d723 | ITER: 34 END: OK
2019-07-28 20:39:02.153 24820 INFO rally.task.runner [-] Task 4ae683d2-fc38-4f56-95e0-4c56be91d723 | ITER: 31 END: OK
2019-07-28 20:39:02.309 24802 INFO rally.task.runner [-] Task 4ae683d2-fc38-4f56-95e0-4c56be91d723 | ITER: 38 END: OK
2019-07-28 20:39:02.460 24800 INFO rally.task.runner [-] Task 4ae683d2-fc38-4f56-95e0-4c56be91d723 | ITER: 36 END: OK
2019-07-28 20:39:03.038 24800 INFO rally.task.runner [-] Task 4ae683d2-fc38-4f56-95e0-4c56be91d723 | ITER: 32 END: OK
2019-07-28 20:39:03.426 24801 INFO rally.task.runner [-] Task 4ae683d2-fc38-4f56-95e0-4c56be91d723 | ITER: 40 END: OK
2019-07-28 20:39:03.454 22705 INFO rally.task.context [-] Task 4ae683d2-fc38-4f56-95e0-4c56be91d723 | Context cleanup@openstack cleanup() started
2019-07-28 20:39:03.457 22705 RALLYDEBUG rally_openstack.cleanup.manager [-] Cleaning up neutron vip objects
2019-07-28 20:39:04.254 22705 RALLYDEBUG rally_openstack.cleanup.manager [-] Cleaning up neutron health_monitor objects
2019-07-28 20:39:04.933 22705 RALLYDEBUG rally_openstack.cleanup.manager [-] Cleaning up neutron pool objects
2019-07-28 20:39:05.671 22705 RALLYDEBUG rally_openstack.cleanup.manager [-] Cleaning up neutron loadbalancer objects
2019-07-28 20:39:06.408 22705 RALLYDEBUG rally_openstack.cleanup.manager [-] Cleaning up neutron floatingip objects
2019-07-28 20:39:07.502 22705 RALLYDEBUG rally_openstack.cleanup.manager [-] Cleaning up neutron port objects
2019-07-28 20:39:08.481 22705 RALLYDEBUG rally_openstack.cleanup.manager [-] Cleaning up neutron subnet objects
2019-07-28 20:39:09.298 22705 RALLYDEBUG rally_openstack.cleanup.manager [-] Cleaning up neutron network objects
2019-07-28 20:39:10.090 22705 RALLYDEBUG rally_openstack.cleanup.manager [-] Deleting neutron.network object s_rally_04c177be_i0GP0Azg (02360034-3643-4212-93a8-848399d5ab3e)
2019-07-28 20:39:10.095 22705 RALLYDEBUG rally_openstack.cleanup.manager [-] Deleting neutron.network object s_rally_04c177be_BoPhwQ1V (087a8263-e5b5-40b1-b803-fa30bd1cfe0f)
2019-07-28 20:39:10.105 22705 RALLYDEBUG rally_openstack.cleanup.manager [-] Deleting neutron.network object s_rally_04c177be_vjDmk5h9 (0beca8c1-36bd-4b4b-a238-5a097526b21c)
2019-07-28 20:39:10.110 22705 RALLYDEBUG rally_openstack.cleanup.manager [-] Deleting neutron.network object s_rally_04c177be_syO4Xhp1 (0f65f520-d32f-43a2-8230-d80fc8929812)
2019-07-28 20:39:10.120 22705 RALLYDEBUG rally_openstack.cleanup.manager [-] Deleting neutron.network object s_rally_04c177be_6cUVW2So (1154ca5e-6f2b-4c36-812e-44183416f631)
2019-07-28 20:39:10.123 22705 RALLYDEBUG rally_openstack.cleanup.manager [-] Deleting neutron.network object s_rally_04c177be_6KQJbNWF (11abc0b9-7820-414e-a575-a86524aca67c)
2019-07-28 20:39:10.135 22705 RALLYDEBUG rally_openstack.cleanup.manager [-] Deleting neutron.network object s_rally_04c177be_eop1trjx (132d7121-402f-4c23-8160-5ac6702492fd)
2019-07-28 20:39:10.147 22705 RALLYDEBUG rally_openstack.cleanup.manager [-] Deleting neutron.network object s_rally_04c177be_K6iyTviZ (2bfcae0a-8366-4471-9554-d2a279b2afcf)
2019-07-28 20:39:10.149 22705 RALLYDEBUG rally_openstack.cleanup.manager [-] Deleting neutron.network object s_rally_04c177be_4OLyFy4n (271ee62c-8bb1-4b95-812d-a6edc4df1ee4)
2019-07-28 20:39:10.156 22705 RALLYDEBUG rally_openstack.cleanup.manager [-] Deleting neutron.network object s_rally_04c177be_ySFutPHk (2e6acb7c-c40d-4897-9c28-1cf0834fb93c)
2019-07-28 20:39:10.166 22705 RALLYDEBUG rally_openstack.cleanup.manager [-] Deleting neutron.network object s_rally_04c177be_LYyRibbk (42d0d2e8-49c0-4b5d-a476-7161ae095fd1)
2019-07-28 20:39:10.193 22705 RALLYDEBUG rally_openstack.cleanup.manager [-] Deleting neutron.network object s_rally_04c177be_7GMgrvq7 (42d7142f-afb7-47c3-9db5-a0c2c4615890)
2019-07-28 20:39:10.194 22705 RALLYDEBUG rally_openstack.cleanup.manager [-] Deleting neutron.network object s_rally_04c177be_WNKbAy9K (43510c6a-f1bd-4808-822a-49c206479595)
2019-07-28 20:39:10.212 22705 RALLYDEBUG rally_openstack.cleanup.manager [-] Deleting neutron.network object s_rally_04c177be_NSNd6UHu (4aa46357-bab7-493a-ae99-f815e94e89ef)
2019-07-28 20:39:10.221 22705 RALLYDEBUG rally_openstack.cleanup.manager [-] Deleting neutron.network object s_rally_04c177be_h4jfcgBI (4b052f97-0ede-4f23-a2d8-838aa8094f35)
2019-07-28 20:39:10.234 22705 RALLYDEBUG rally_openstack.cleanup.manager [-] Deleting neutron.network object s_rally_04c177be_nawJ4ynF (551062f4-d752-48e8-8a90-4fb3baf29d39)
2019-07-28 20:39:10.241 22705 RALLYDEBUG rally_openstack.cleanup.manager [-] Deleting neutron.network object s_rally_04c177be_KK39PFq4 (577be339-3637-41c6-806b-aea49a8bd05b)
2019-07-28 20:39:10.257 22705 RALLYDEBUG rally_openstack.cleanup.manager [-] Deleting neutron.network object s_rally_04c177be_SkPfOjcO (618f0034-7685-4273-9f8e-86ad4b1ccde3)
2019-07-28 20:39:10.265 22705 RALLYDEBUG rally_openstack.cleanup.manager [-] Deleting neutron.network object s_rally_04c177be_12u13Lz5 (752e2c13-87a4-43a0-8c76-2ee8ebfa346e)
2019-07-28 20:39:10.277 22705 RALLYDEBUG rally_openstack.cleanup.manager [-] Deleting neutron.network object s_rally_04c177be_A7jP7GQz (7743182b-9871-4220-820c-3da402db279d)
2019-07-28 20:39:13.608 22705 RALLYDEBUG rally_openstack.cleanup.manager [-] Deleting neutron.network object s_rally_04c177be_bDwIsHeR (807b9e93-f3d3-4da7-a82b-2842512ba93f)
2019-07-28 20:39:13.626 22705 RALLYDEBUG rally_openstack.cleanup.manager [-] Deleting neutron.network object s_rally_04c177be_vEMU3KGE (822a8f56-7b56-4afa-8c74-42b90495d0cb)
2019-07-28 20:39:13.704 22705 RALLYDEBUG rally_openstack.cleanup.manager [-] Deleting neutron.network object s_rally_04c177be_TJgeJWKQ (8a4fc9cf-657c-46bb-b1cb-b6d4d60988c0)
2019-07-28 20:39:13.808 22705 RALLYDEBUG rally_openstack.cleanup.manager [-] Deleting neutron.network object s_rally_04c177be_gDYnxOIS (98e632d8-b17a-468c-982f-66a746142af7)
2019-07-28 20:39:13.859 22705 RALLYDEBUG rally_openstack.cleanup.manager [-] Deleting neutron.network object s_rally_04c177be_epSeS5KA (9a2a7db8-eb5b-439a-a995-aa005c77297c)
2019-07-28 20:39:13.873 22705 RALLYDEBUG rally_openstack.cleanup.manager [-] Deleting neutron.network object s_rally_04c177be_oB1fulcI (b0cbcc3c-044d-4d6b-ad9c-8382259b130c)
2019-07-28 20:39:13.900 22705 RALLYDEBUG rally_openstack.cleanup.manager [-] Deleting neutron.network object s_rally_04c177be_bw3V4pfA (bed1f510-ca19-4034-a7b4-05d3ffadab4c)
2019-07-28 20:39:13.932 22705 RALLYDEBUG rally_openstack.cleanup.manager [-] Deleting neutron.network object s_rally_04c177be_eNY9xeaB (c7914b7e-0480-42c7-88af-0f227b81ac2b)
2019-07-28 20:39:13.992 22705 RALLYDEBUG rally_openstack.cleanup.manager [-] Deleting neutron.network object s_rally_04c177be_zasxwnaV (ca240d12-62ff-469b-9116-f1e435834482)
2019-07-28 20:39:14.046 22705 RALLYDEBUG rally_openstack.cleanup.manager [-] Deleting neutron.network object s_rally_04c177be_fbSVo5IC (cb6916d0-4ec0-445a-b92d-e5a7841effd2)
2019-07-28 20:39:14.091 22705 RALLYDEBUG rally_openstack.cleanup.manager [-] Deleting neutron.network object s_rally_04c177be_OatnONxg (cf3d6995-1fce-488f-a0e0-fb8dec15d9ef)
2019-07-28 20:39:14.260 22705 RALLYDEBUG rally_openstack.cleanup.manager [-] Deleting neutron.network object s_rally_04c177be_1n6oymBS (d3aa4855-3d9c-482f-b7c6-cd7cbfbc4f2d)
2019-07-28 20:39:14.307 22705 RALLYDEBUG rally_openstack.cleanup.manager [-] Deleting neutron.network object s_rally_04c177be_SpTh6h6Q (d9ea5ac3-a91e-4438-b5f6-f504403ecb42)
2019-07-28 20:39:14.388 22705 RALLYDEBUG rally_openstack.cleanup.manager [-] Deleting neutron.network object s_rally_04c177be_lJRY8a3b (daa5d7b3-4ac0-4c80-a7d3-e5c86a62ea6b)
2019-07-28 20:39:14.769 22705 RALLYDEBUG rally_openstack.cleanup.manager [-] Deleting neutron.network object s_rally_04c177be_EMtXzjcH (db1c00e8-deec-4696-b4a2-8d3a1dc1828b)
2019-07-28 20:39:14.783 22705 RALLYDEBUG rally_openstack.cleanup.manager [-] Deleting neutron.network object s_rally_04c177be_1fCDpRYM (e1d79e16-ced0-43f6-ac17-3196c890198a)
2019-07-28 20:39:15.144 22705 RALLYDEBUG rally_openstack.cleanup.manager [-] Deleting neutron.network object s_rally_04c177be_q3m8Bs5C (e4709dc2-22f8-4871-9a4f-598c92fb9313)
2019-07-28 20:39:15.153 22705 RALLYDEBUG rally_openstack.cleanup.manager [-] Deleting neutron.network object s_rally_04c177be_xOwos6Ri (e97e1ec0-55fc-4d92-9368-dbb45deddb81)
2019-07-28 20:39:15.171 22705 RALLYDEBUG rally_openstack.cleanup.manager [-] Deleting neutron.network object s_rally_04c177be_CxpOK37a (f9ab5dd4-a911-4f79-8398-3eeb0901e95e)
2019-07-28 20:39:15.279 22705 RALLYDEBUG rally_openstack.cleanup.manager [-] Deleting neutron.network object s_rally_04c177be_ele2Oc7d (fa6e5ee0-1e07-4370-b69c-476f0a454ec7)
2019-07-28 20:39:19.881 22705 RALLYDEBUG rally_openstack.cleanup.manager [-] Cleaning up neutron router objects
2019-07-28 20:39:20.682 22705 RALLYDEBUG rally_openstack.cleanup.manager [-] Cleaning up neutron security_group objects
2019-07-28 20:39:21.378 22705 INFO rally.task.context [-] Task 4ae683d2-fc38-4f56-95e0-4c56be91d723 | Context cleanup@openstack cleanup() finished in 17.92 sec
2019-07-28 20:39:21.378 22705 INFO rally.task.context [-] Task 4ae683d2-fc38-4f56-95e0-4c56be91d723 | Context quotas@openstack cleanup() started
2019-07-28 20:39:21.705 22705 INFO rally.task.context [-] Task 4ae683d2-fc38-4f56-95e0-4c56be91d723 | Context quotas@openstack cleanup() finished in 0.33 sec
2019-07-28 20:39:21.705 22705 INFO rally.task.context [-] Task 4ae683d2-fc38-4f56-95e0-4c56be91d723 | Context users@openstack cleanup() started
2019-07-28 20:39:26.780 22705 INFO rally.task.context [-] Task 4ae683d2-fc38-4f56-95e0-4c56be91d723 | Context users@openstack cleanup() finished in 5.07 sec
2019-07-28 20:39:28.671 22705 INFO rally.task.engine [-] Load duration is: 29.357614
2019-07-28 20:39:28.671 22705 INFO rally.task.engine [-] Full runner duration is: 29.407517
2019-07-28 20:39:28.671 22705 INFO rally.task.engine [-] Full duration is: 58.326246
2019-07-28 20:39:28.999 22705 INFO rally.task.engine [-] Running workload: position = 0 config = { "version": 2, "title": "A cropped version of a bigger task.", "description": "Auto-generated task from a single workload (uuid=3c374736-533f-4a4e-bfb4-574033937ba7)", "subtasks": [ { "title": "NeutronNetworks.create_and_list_routers", "description": "Create and a given number of routers and list all routers.", "scenario": { "NeutronNetworks.create_and_list_routers": { "network_create_args": null, "subnet_create_args": null, "subnet_cidr_start": "1.1.0.0/30", "subnets_per_network": 2, "router_create_args": null } }, "contexts": { "users": { "tenants": 1, "users_per_tenant": 1 }, "quotas": { "neutron": { "network": -1, "subnet": -1, "router": -1 } } }, "runner": { "constant": { "times": 40, "concurrency": 20 } }, "hooks": [], "sla": { "failure_rate": { "max": 0 } } } ] }
2019-07-28 20:39:29.022 22705 RALLYDEBUG rally_openstack.contexts.keystone.users [-] Creating 1 tenants using 20 threads
2019-07-28 20:39:30.733 22705 RALLYDEBUG rally_openstack.contexts.keystone.users [-] Creating 1 users using 20 threads
2019-07-28 20:39:33.591 22705 INFO rally.task.context [-] Task 4ae683d2-fc38-4f56-95e0-4c56be91d723 | Context users@openstack setup() finished in 4.57 sec
2019-07-28 20:39:34.435 22705 INFO rally.task.context [-] Task 4ae683d2-fc38-4f56-95e0-4c56be91d723 | Context quotas@openstack setup() finished in 0.84 sec
2019-07-28 20:39:34.435 22705 INFO rally.task.context [-] Task 4ae683d2-fc38-4f56-95e0-4c56be91d723 | Context cleanup@openstack setup() finished in 0.00 msec
2019-07-28 20:39:34.441 22705 RALLYDEBUG rally.task.runner [-] Starting the constant runner (task UUID: 4ae683d2-fc38-4f56-95e0-4c56be91d723). timeout: 0 concurrency: 20 concurrency_per_worker: 1 times: 40 concurrency_overhead: 4 processes_to_start: 16 max_cpu_used: 16
2019-07-28 20:39:34.453 25169 RALLYDEBUG rally.task.runner [-] Starting a worker. concurrency: 2 args: {"network_create_args": null, "subnet_create_args": null, "subnet_cidr_start": "1.1.0.0/30", "subnets_per_network": 2, "router_create_args": null} times: 40 method_name: run timeout: 0 duration: None cls:
2019-07-28 20:39:34.455 25170 RALLYDEBUG rally.task.runner [-] Starting a worker. concurrency: 2 args: {"network_create_args": null, "subnet_create_args": null, "subnet_cidr_start": "1.1.0.0/30", "subnets_per_network": 2, "router_create_args": null} times: 40 method_name: run timeout: 0 duration: None cls:
2019-07-28 20:39:34.457 25171 RALLYDEBUG rally.task.runner [-] Starting a worker. concurrency: 2 args: {"network_create_args": null, "subnet_create_args": null, "subnet_cidr_start": "1.1.0.0/30", "subnets_per_network": 2, "router_create_args": null} times: 40 method_name: run timeout: 0 duration: None cls:
2019-07-28 20:39:34.461 25169 INFO rally.task.runner [-] Task 4ae683d2-fc38-4f56-95e0-4c56be91d723 | ITER: 1 START
2019-07-28 20:39:34.461 25172 RALLYDEBUG rally.task.runner [-] Starting a worker. concurrency: 2 args: {"network_create_args": null, "subnet_create_args": null, "subnet_cidr_start": "1.1.0.0/30", "subnets_per_network": 2, "router_create_args": null} times: 40 method_name: run timeout: 0 duration: None cls:
2019-07-28 20:39:34.463 25171 INFO rally.task.runner [-] Task 4ae683d2-fc38-4f56-95e0-4c56be91d723 | ITER: 4 START
2019-07-28 20:39:34.464 25170 INFO rally.task.runner [-] Task 4ae683d2-fc38-4f56-95e0-4c56be91d723 | ITER: 5 START
2019-07-28 20:39:34.465 25170 INFO rally.task.runner [-] Task 4ae683d2-fc38-4f56-95e0-4c56be91d723 | ITER: 2 START
2019-07-28 20:39:34.469 25174 RALLYDEBUG rally.task.runner [-] Starting a worker. concurrency: 1 args: {"network_create_args": null, "subnet_create_args": null, "subnet_cidr_start": "1.1.0.0/30", "subnets_per_network": 2, "router_create_args": null} times: 40 method_name: run timeout: 0 duration: None cls:
2019-07-28 20:39:34.471 25169 INFO rally.task.runner [-] Task 4ae683d2-fc38-4f56-95e0-4c56be91d723 | ITER: 3 START
2019-07-28 20:39:34.472 25182 RALLYDEBUG rally.task.runner [-] Starting a worker. concurrency: 1 args: {"network_create_args": null, "subnet_create_args": null, "subnet_cidr_start": "1.1.0.0/30", "subnets_per_network": 2, "router_create_args": null} times: 40 method_name: run timeout: 0 duration: None cls:
2019-07-28 20:39:34.473 25172 INFO rally.task.runner [-] Task 4ae683d2-fc38-4f56-95e0-4c56be91d723 | ITER: 6 START
2019-07-28 20:39:34.475 25174 INFO rally.task.runner [-] Task 4ae683d2-fc38-4f56-95e0-4c56be91d723 | ITER: 9 START
2019-07-28 20:39:34.476 25171 INFO rally.task.runner [-] Task 4ae683d2-fc38-4f56-95e0-4c56be91d723 | ITER: 7 START
2019-07-28 20:39:34.478 25182 INFO rally.task.runner [-] Task 4ae683d2-fc38-4f56-95e0-4c56be91d723 | ITER: 10 START
2019-07-28 20:39:34.477 25172 INFO rally.task.runner [-] Task 4ae683d2-fc38-4f56-95e0-4c56be91d723 | ITER: 8 START
2019-07-28 20:39:34.482 25186 RALLYDEBUG rally.task.runner [-] Starting a worker. concurrency: 1 args: {"network_create_args": null, "subnet_create_args": null, "subnet_cidr_start": "1.1.0.0/30", "subnets_per_network": 2, "router_create_args": null} times: 40 method_name: run timeout: 0 duration: None cls:
2019-07-28 20:39:34.483 25192 RALLYDEBUG rally.task.runner [-] Starting a worker. concurrency: 1 args: {"network_create_args": null, "subnet_create_args": null, "subnet_cidr_start": "1.1.0.0/30", "subnets_per_network": 2, "router_create_args": null} times: 40 method_name: run timeout: 0 duration: None cls:
2019-07-28 20:39:34.488 25192 INFO rally.task.runner [-] Task 4ae683d2-fc38-4f56-95e0-4c56be91d723 | ITER: 12 START
2019-07-28 20:39:34.488 25186 INFO rally.task.runner [-] Task 4ae683d2-fc38-4f56-95e0-4c56be91d723 | ITER: 11 START
2019-07-28 20:39:34.491 25193 RALLYDEBUG rally.task.runner [-] Starting a worker. concurrency: 1 args: {"network_create_args": null, "subnet_create_args": null, "subnet_cidr_start": "1.1.0.0/30", "subnets_per_network": 2, "router_create_args": null} times: 40 method_name: run timeout: 0 duration: None cls:
2019-07-28 20:39:34.494 25198 RALLYDEBUG rally.task.runner [-] Starting a worker. concurrency: 1 args: {"network_create_args": null, "subnet_create_args": null, "subnet_cidr_start": "1.1.0.0/30", "subnets_per_network": 2, "router_create_args": null} times: 40 method_name: run timeout: 0 duration: None cls:
2019-07-28 20:39:34.496 25193 INFO rally.task.runner [-] Task 4ae683d2-fc38-4f56-95e0-4c56be91d723 | ITER: 13 START
2019-07-28 20:39:34.499 25198 INFO rally.task.runner [-] Task 4ae683d2-fc38-4f56-95e0-4c56be91d723 | ITER: 14 START
2019-07-28 20:39:34.501 25201 RALLYDEBUG rally.task.runner [-] Starting a worker. concurrency: 1 args: {"network_create_args": null, "subnet_create_args": null, "subnet_cidr_start": "1.1.0.0/30", "subnets_per_network": 2, "router_create_args": null} times: 40 method_name: run timeout: 0 duration: None cls:
2019-07-28 20:39:34.506 25204 RALLYDEBUG rally.task.runner [-] Starting a worker. concurrency: 1 args: {"network_create_args": null, "subnet_create_args": null, "subnet_cidr_start": "1.1.0.0/30", "subnets_per_network": 2, "router_create_args": null} times: 40 method_name: run timeout: 0 duration: None cls:
2019-07-28 20:39:34.509 25205 RALLYDEBUG rally.task.runner [-] Starting a worker. concurrency: 1 args: {"network_create_args": null, "subnet_create_args": null, "subnet_cidr_start": "1.1.0.0/30", "subnets_per_network": 2, "router_create_args": null} times: 40 method_name: run timeout: 0 duration: None cls:
2019-07-28 20:39:34.510 25204 INFO rally.task.runner [-] Task 4ae683d2-fc38-4f56-95e0-4c56be91d723 | ITER: 16 START
2019-07-28 20:39:34.510 25201 INFO rally.task.runner [-] Task 4ae683d2-fc38-4f56-95e0-4c56be91d723 | ITER: 15 START
2019-07-28 20:39:34.513 25205 INFO rally.task.runner [-] Task 4ae683d2-fc38-4f56-95e0-4c56be91d723 | ITER: 17 START
2019-07-28 20:39:34.515 25210 RALLYDEBUG rally.task.runner [-] Starting a worker. concurrency: 1 args: {"network_create_args": null, "subnet_create_args": null, "subnet_cidr_start": "1.1.0.0/30", "subnets_per_network": 2, "router_create_args": null} times: 40 method_name: run timeout: 0 duration: None cls:
2019-07-28 20:39:34.518 25210 INFO rally.task.runner [-] Task 4ae683d2-fc38-4f56-95e0-4c56be91d723 | ITER: 18 START
2019-07-28 20:39:34.522 25216 RALLYDEBUG rally.task.runner [-] Starting a worker. concurrency: 1 args: {"network_create_args": null, "subnet_create_args": null, "subnet_cidr_start": "1.1.0.0/30", "subnets_per_network": 2, "router_create_args": null} times: 40 method_name: run timeout: 0 duration: None cls:
2019-07-28 20:39:34.522 25213 RALLYDEBUG rally.task.runner [-] Starting a worker. concurrency: 1 args: {"network_create_args": null, "subnet_create_args": null, "subnet_cidr_start": "1.1.0.0/30", "subnets_per_network": 2, "router_create_args": null} times: 40 method_name: run timeout: 0 duration: None cls:
2019-07-28 20:39:34.525 25213 INFO rally.task.runner [-] Task 4ae683d2-fc38-4f56-95e0-4c56be91d723 | ITER: 20 START
2019-07-28 20:39:34.525 25216 INFO rally.task.runner [-] Task 4ae683d2-fc38-4f56-95e0-4c56be91d723 | ITER: 19 START
2019-07-28 20:39:37.077 25174 RALLYDEBUG rally_openstack.wrappers.network [-] CIDR generated: 1.1.5.160/30
2019-07-28 20:39:37.117 25192 RALLYDEBUG rally_openstack.wrappers.network [-] CIDR generated: 1.1.5.164/30
2019-07-28 20:39:37.174 25170 RALLYDEBUG rally_openstack.wrappers.network [-] CIDR generated: 1.1.5.168/30
2019-07-28 20:39:37.232 25169 RALLYDEBUG rally_openstack.wrappers.network [-] CIDR generated: 1.1.5.172/30
2019-07-28 20:39:37.260 25169 RALLYDEBUG rally_openstack.wrappers.network [-] CIDR generated: 1.1.5.176/30
2019-07-28 20:39:37.472 25205 RALLYDEBUG rally_openstack.wrappers.network [-] CIDR generated: 1.1.5.180/30
2019-07-28 20:39:38.927 25169 RALLYDEBUG rally_openstack.wrappers.network [-] CIDR generated: 1.1.5.184/30
2019-07-28 20:39:38.956 25174 RALLYDEBUG rally_openstack.wrappers.network [-] CIDR generated: 1.1.5.188/30
2019-07-28 20:39:39.071 25192 RALLYDEBUG rally_openstack.wrappers.network [-] CIDR generated: 1.1.5.192/30
2019-07-28 20:39:39.288 25205 RALLYDEBUG rally_openstack.wrappers.network [-] CIDR generated: 1.1.5.196/30
2019-07-28 20:39:39.383 25169 RALLYDEBUG rally_openstack.wrappers.network [-] CIDR generated: 1.1.5.200/30
2019-07-28 20:39:39.395 25170 RALLYDEBUG rally_openstack.wrappers.network [-] CIDR generated: 1.1.5.204/30
2019-07-28 20:39:40.062 25204 RALLYDEBUG rally_openstack.wrappers.network [-] CIDR generated: 1.1.5.208/30
2019-07-28 20:39:40.078 25172 RALLYDEBUG rally_openstack.wrappers.network [-] CIDR generated: 1.1.5.212/30
2019-07-28 20:39:40.131 25213 RALLYDEBUG rally_openstack.wrappers.network [-] CIDR generated: 1.1.5.216/30
2019-07-28 20:39:40.151 25171 RALLYDEBUG rally_openstack.wrappers.network [-] CIDR generated: 1.1.5.220/30
2019-07-28 20:39:40.345 25201 RALLYDEBUG rally_openstack.wrappers.network [-] CIDR generated: 1.1.5.224/30
2019-07-28 20:39:40.648 25193 RALLYDEBUG rally_openstack.wrappers.network [-] CIDR generated: 1.1.5.228/30
2019-07-28 20:39:40.752 25198 RALLYDEBUG rally_openstack.wrappers.network [-] CIDR generated: 1.1.5.232/30
2019-07-28 20:39:41.029 25186 RALLYDEBUG rally_openstack.wrappers.network [-] CIDR generated: 1.1.5.236/30
2019-07-28 20:39:41.142 25210 RALLYDEBUG rally_openstack.wrappers.network [-] CIDR generated: 1.1.5.240/30
2019-07-28 20:39:41.146 25172 RALLYDEBUG rally_openstack.wrappers.network [-] CIDR generated: 1.1.5.244/30
2019-07-28 20:39:41.319 25170 RALLYDEBUG rally_openstack.wrappers.network [-] CIDR generated: 1.1.5.248/30
2019-07-28 20:39:41.348 25216 RALLYDEBUG rally_openstack.wrappers.network [-] CIDR generated: 1.1.5.252/30
2019-07-28 20:39:41.649 25171 RALLYDEBUG rally_openstack.wrappers.network [-] CIDR generated: 1.1.6.0/30
2019-07-28 20:39:42.458 25182 RALLYDEBUG rally_openstack.wrappers.network [-] CIDR generated: 1.1.6.4/30
2019-07-28 20:39:42.837 25213 RALLYDEBUG rally_openstack.wrappers.network [-] CIDR generated: 1.1.6.8/30
2019-07-28 20:39:42.922 25172 RALLYDEBUG rally_openstack.wrappers.network [-] CIDR generated: 1.1.6.12/30
2019-07-28 20:39:43.512 25204 RALLYDEBUG rally_openstack.wrappers.network [-] CIDR generated: 1.1.6.16/30
2019-07-28 20:39:43.567 25171 RALLYDEBUG rally_openstack.wrappers.network [-] CIDR generated: 1.1.6.20/30
2019-07-28 20:39:43.730 25193 RALLYDEBUG rally_openstack.wrappers.network [-] CIDR generated: 1.1.6.24/30
2019-07-28 20:39:43.784 25210 RALLYDEBUG rally_openstack.wrappers.network [-] CIDR generated: 1.1.6.28/30
2019-07-28 20:39:43.820 25186 RALLYDEBUG rally_openstack.wrappers.network [-] CIDR generated: 1.1.6.32/30
2019-07-28 20:39:44.317 25171 RALLYDEBUG rally_openstack.wrappers.network [-] CIDR generated: 1.1.6.36/30
2019-07-28 20:39:44.364 25198 RALLYDEBUG rally_openstack.wrappers.network [-] CIDR generated: 1.1.6.40/30
2019-07-28 20:39:44.398 25201 RALLYDEBUG rally_openstack.wrappers.network [-] CIDR generated: 1.1.6.44/30
2019-07-28 20:39:44.497 25172 RALLYDEBUG rally_openstack.wrappers.network [-] CIDR generated: 1.1.6.48/30
2019-07-28 20:39:44.532 25170 RALLYDEBUG rally_openstack.wrappers.network [-] CIDR generated: 1.1.6.52/30
2019-07-28 20:39:44.874 25216 RALLYDEBUG rally_openstack.wrappers.network [-] CIDR generated: 1.1.6.56/30
2019-07-28 20:39:44.983 25182 RALLYDEBUG rally_openstack.wrappers.network [-] CIDR generated: 1.1.6.60/30
2019-07-28 20:39:52.750 25192 INFO rally.task.runner [-] Task 4ae683d2-fc38-4f56-95e0-4c56be91d723 | ITER: 12 END: OK
2019-07-28 20:39:52.753 25192 INFO rally.task.runner [-] Task 4ae683d2-fc38-4f56-95e0-4c56be91d723 | ITER: 21 START
2019-07-28 20:39:52.915 25174 INFO rally.task.runner [-] Task 4ae683d2-fc38-4f56-95e0-4c56be91d723 | ITER: 9 END: OK
2019-07-28 20:39:52.917 25174 INFO rally.task.runner [-] Task 4ae683d2-fc38-4f56-95e0-4c56be91d723 | ITER: 22 START
2019-07-28 20:39:52.935 25205 INFO rally.task.runner [-] Task 4ae683d2-fc38-4f56-95e0-4c56be91d723 | ITER: 17 END: OK
2019-07-28 20:39:52.939 25205 INFO rally.task.runner [-] Task 4ae683d2-fc38-4f56-95e0-4c56be91d723 | ITER: 23 START
2019-07-28 20:39:53.376 25169 INFO rally.task.runner [-] Task 4ae683d2-fc38-4f56-95e0-4c56be91d723 | ITER: 1 END: OK
2019-07-28 20:39:53.379 25169 INFO rally.task.runner [-] Task 4ae683d2-fc38-4f56-95e0-4c56be91d723 | ITER: 24 START
2019-07-28 20:39:53.419 25169 INFO rally.task.runner [-] Task 4ae683d2-fc38-4f56-95e0-4c56be91d723 | ITER: 3 END: OK
2019-07-28 20:39:53.422 25169 INFO rally.task.runner [-] Task 4ae683d2-fc38-4f56-95e0-4c56be91d723 | ITER: 25 START
2019-07-28 20:39:53.669 25170 INFO rally.task.runner [-] Task 4ae683d2-fc38-4f56-95e0-4c56be91d723 | ITER: 5 END: OK
