2019-07-28 19:00:19.814 1842 INFO rally.task.context [-] Task 4b616866-9db1-44a8-8625-c2456282d649 | Context volumes@openstack cleanup() finished in 5.88 sec
2019-07-28 19:00:19.814 1842 INFO rally.task.context [-] Task 4b616866-9db1-44a8-8625-c2456282d649 | Context quotas@openstack cleanup() started
2019-07-28 19:00:20.539 1842 INFO rally.task.context [-] Task 4b616866-9db1-44a8-8625-c2456282d649 | Context quotas@openstack cleanup() finished in 0.72 sec
2019-07-28 19:00:20.540 1842 INFO rally.task.context [-] Task 4b616866-9db1-44a8-8625-c2456282d649 | Context api_versions@openstack cleanup() started
2019-07-28 19:00:20.540 1842 INFO rally.task.context [-] Task 4b616866-9db1-44a8-8625-c2456282d649 | Context api_versions@openstack cleanup() finished in 0.35 msec
2019-07-28 19:00:20.540 1842 INFO rally.task.context [-] Task 4b616866-9db1-44a8-8625-c2456282d649 | Context users@openstack cleanup() started
2019-07-28 19:00:29.433 1842 INFO rally.task.context [-] Task 4b616866-9db1-44a8-8625-c2456282d649 | Context users@openstack cleanup() finished in 8.89 sec
2019-07-28 19:00:30.015 1842 INFO rally.task.engine [-] Load duration is: 19.420016
2019-07-28 19:00:30.015 1842 INFO rally.task.engine [-] Full runner duration is: 19.475371
2019-07-28 19:00:30.015 1842 INFO rally.task.engine [-] Full duration is: 61.68454
2019-07-28 19:00:30.220 1842 INFO rally.task.engine [-] Running workload: position = 0 config = { "version": 2, "title": "A cropped version of a bigger task.", "description": "Auto-generated task from a single workload (uuid=ccf8da9a-fed5-4e6f-a188-b83fccea8c11)", "subtasks": [ { "title": "CinderVolumes.create_and_delete_volume", "description": "Create and then delete a volume.", "scenario": { "CinderVolumes.create_and_delete_volume": { "size": { "max": 1, "min": 1 } } }, "contexts": { "users": { "tenants": 3, "users_per_tenant": 2 }, "quotas": { "cinder": { "gigabytes": -1, "snapshots": -1, "volumes": -1 } }, "api_versions": { "cinder": { "version": 3, "service_type": "volumev3" } } }, "runner": { "constant": { "concurrency": 4, "times": 10 } }, "hooks": [], "sla": { "failure_rate": { "max": 0 } } } ] }
2019-07-28 19:00:30.244 1842 RALLYDEBUG rally_openstack.contexts.keystone.users [-] Creating 3 tenants using 20 threads
2019-07-28 19:00:32.152 1842 RALLYDEBUG rally_openstack.contexts.keystone.users [-] Creating 6 users using 20 threads
2019-07-28 19:00:34.951 1842 INFO rally.task.context [-] Task 4b616866-9db1-44a8-8625-c2456282d649 | Context users@openstack setup() finished in 4.71 sec
2019-07-28 19:00:35.378 1842 INFO rally.task.context [-] Task 4b616866-9db1-44a8-8625-c2456282d649 | Context api_versions@openstack setup() finished in 0.43 sec
2019-07-28 19:00:37.000 1842 INFO rally.task.context [-] Task 4b616866-9db1-44a8-8625-c2456282d649 | Context quotas@openstack setup() finished in 1.62 sec
2019-07-28 19:00:37.000 1842 INFO rally.task.context [-] Task 4b616866-9db1-44a8-8625-c2456282d649 | Context cleanup@openstack setup() finished in 0.01 msec
2019-07-28 19:00:37.008 1842 RALLYDEBUG rally.task.runner [-] Starting the constant runner (task UUID: 4b616866-9db1-44a8-8625-c2456282d649). timeout: 0 concurrency: 4 concurrency_per_worker: 1 times: 10 concurrency_overhead: 0 processes_to_start: 4 max_cpu_used: 16
2019-07-28 19:00:37.021 4170 RALLYDEBUG rally.task.runner [-] Starting a worker. concurrency: 1 args: {"size": {"max": 1, "min": 1}} times: 10 method_name: run timeout: 0 duration: None cls:
2019-07-28 19:00:37.024 4171 RALLYDEBUG rally.task.runner [-] Starting a worker. concurrency: 1 args: {"size": {"max": 1, "min": 1}} times: 10 method_name: run timeout: 0 duration: None cls:
2019-07-28 19:00:37.028 4172 RALLYDEBUG rally.task.runner [-] Starting a worker. concurrency: 1 args: {"size": {"max": 1, "min": 1}} times: 10 method_name: run timeout: 0 duration: None cls:
2019-07-28 19:00:37.029 4170 INFO rally.task.runner [-] Task 4b616866-9db1-44a8-8625-c2456282d649 | ITER: 1 START
2019-07-28 19:00:37.030 4173 RALLYDEBUG rally.task.runner [-] Starting a worker. concurrency: 1 args: {"size": {"max": 1, "min": 1}} times: 10 method_name: run timeout: 0 duration: None cls:
2019-07-28 19:00:37.032 4171 INFO rally.task.runner [-] Task 4b616866-9db1-44a8-8625-c2456282d649 | ITER: 2 START
2019-07-28 19:00:37.036 4172 INFO rally.task.runner [-] Task 4b616866-9db1-44a8-8625-c2456282d649 | ITER: 3 START
2019-07-28 19:00:37.038 4173 INFO rally.task.runner [-] Task 4b616866-9db1-44a8-8625-c2456282d649 | ITER: 4 START
2019-07-28 19:00:41.338 4171 RALLYDEBUG rally.task.utils [-] Waiting for resource s_rally_ccf8da9a_e8xwZriG. Status changed: AVAILABLE => DELETING in 0.26216006279
2019-07-28 19:00:41.428 4170 RALLYDEBUG rally.task.utils [-] Waiting for resource s_rally_ccf8da9a_eOglPGEi. Status changed: AVAILABLE => DELETING in 0.322256803513
2019-07-28 19:00:41.698 4172 RALLYDEBUG rally.task.utils [-] Waiting for resource s_rally_ccf8da9a_TrgZGaVi. Status changed: AVAILABLE => DELETING in 0.335536956787
2019-07-28 19:00:41.717 4173 RALLYDEBUG rally.task.utils [-] Waiting for resource s_rally_ccf8da9a_8jfao7U7. Status changed: AVAILABLE => DELETING in 0.342269182205
2019-07-28 19:00:43.662 4170 INFO rally.task.runner [-] Task 4b616866-9db1-44a8-8625-c2456282d649 | ITER: 1 END: OK
2019-07-28 19:00:43.667 4170 INFO rally.task.runner [-] Task 4b616866-9db1-44a8-8625-c2456282d649 | ITER: 5 START
2019-07-28 19:00:43.673 4171 INFO rally.task.runner [-] Task 4b616866-9db1-44a8-8625-c2456282d649 | ITER: 2 END: OK
2019-07-28 19:00:43.678 4171 INFO rally.task.runner [-] Task 4b616866-9db1-44a8-8625-c2456282d649 | ITER: 6 START
2019-07-28 19:00:43.942 4173 INFO rally.task.runner [-] Task 4b616866-9db1-44a8-8625-c2456282d649 | ITER: 4 END: OK
2019-07-28 19:00:43.948 4173 INFO rally.task.runner [-] Task 4b616866-9db1-44a8-8625-c2456282d649 | ITER: 7 START
2019-07-28 19:00:44.003 4172 INFO rally.task.runner [-] Task 4b616866-9db1-44a8-8625-c2456282d649 | ITER: 3 END: OK
2019-07-28 19:00:44.008 4172 INFO rally.task.runner [-] Task 4b616866-9db1-44a8-8625-c2456282d649 | ITER: 8 START
2019-07-28 19:00:48.148 4170 RALLYDEBUG rally.task.utils [-] Waiting for resource s_rally_ccf8da9a_sTyCvvWn. Status changed: AVAILABLE => DELETING in 0.426443099976
2019-07-28 19:00:48.209 4171 RALLYDEBUG rally.task.utils [-] Waiting for resource s_rally_ccf8da9a_dcCGcSt1. Status changed: AVAILABLE => DELETING in 0.372395038605
2019-07-28 19:00:48.219 4172 RALLYDEBUG rally.task.utils [-] Waiting for resource s_rally_ccf8da9a_vofsaAZy. Status changed: AVAILABLE => DELETING in 0.2680311203
2019-07-28 19:00:48.483 4173 RALLYDEBUG rally.task.utils [-] Waiting for resource s_rally_ccf8da9a_LLsncuQA. Status changed: AVAILABLE => DELETING in 0.32363986969
2019-07-28 19:00:50.391 4170 INFO rally.task.runner [-] Task 4b616866-9db1-44a8-8625-c2456282d649 | ITER: 5 END: OK
2019-07-28 19:00:50.396 4170 INFO rally.task.runner [-] Task 4b616866-9db1-44a8-8625-c2456282d649 | ITER: 9 START
2019-07-28 19:00:50.434 4171 INFO rally.task.runner [-] Task 4b616866-9db1-44a8-8625-c2456282d649 | ITER: 6 END: OK
2019-07-28 19:00:50.438 4171 INFO rally.task.runner [-] Task 4b616866-9db1-44a8-8625-c2456282d649 | ITER: 10 START
2019-07-28 19:00:50.526 4172 INFO rally.task.runner [-] Task 4b616866-9db1-44a8-8625-c2456282d649 | ITER: 8 END: OK
2019-07-28 19:00:50.811 4173 INFO rally.task.runner [-] Task 4b616866-9db1-44a8-8625-c2456282d649 | ITER: 7 END: OK
2019-07-28 19:00:54.763 4170 RALLYDEBUG rally.task.utils [-] Waiting for resource s_rally_ccf8da9a_UXOnhFP7. Status changed: AVAILABLE => DELETING in 0.244364023209
2019-07-28 19:00:54.782 4171 RALLYDEBUG rally.task.utils [-] Waiting for resource s_rally_ccf8da9a_xZRjDBPI. Status changed: AVAILABLE => DELETING in 0.251842975616
2019-07-28 19:00:56.981 4170 INFO rally.task.runner [-] Task 4b616866-9db1-44a8-8625-c2456282d649 | ITER: 9 END: OK
2019-07-28 19:00:57.091 4171 INFO rally.task.runner [-] Task 4b616866-9db1-44a8-8625-c2456282d649 | ITER: 10 END: OK
2019-07-28 19:00:57.120 1842 INFO rally.task.context [-] Task 4b616866-9db1-44a8-8625-c2456282d649 | Context cleanup@openstack cleanup() started
2019-07-28 19:00:57.122 1842 RALLYDEBUG rally_openstack.cleanup.manager [-] Cleaning up cinder backups objects
2019-07-28 19:00:59.347 1842 RALLYDEBUG rally_openstack.cleanup.manager [-] Cleaning up cinder volume_snapshots objects
2019-07-28 19:01:01.597 1842 RALLYDEBUG rally_openstack.cleanup.manager [-] Cleaning up cinder transfers objects
2019-07-28 19:01:03.877 1842 RALLYDEBUG rally_openstack.cleanup.manager [-] Cleaning up cinder volumes objects
2019-07-28 19:01:05.959 1842 INFO rally.task.context [-] Task 4b616866-9db1-44a8-8625-c2456282d649 | Context cleanup@openstack cleanup() finished in 8.84 sec
2019-07-28 19:01:05.959 1842 INFO rally.task.context [-] Task 4b616866-9db1-44a8-8625-c2456282d649 | Context quotas@openstack cleanup() started
2019-07-28 19:01:06.952 1842 INFO rally.task.context [-] Task 4b616866-9db1-44a8-8625-c2456282d649 | Context quotas@openstack cleanup() finished in 0.99 sec
2019-07-28 19:01:06.953 1842 INFO rally.task.context [-] Task 4b616866-9db1-44a8-8625-c2456282d649 | Context api_versions@openstack cleanup() started
2019-07-28 19:01:06.953 1842 INFO rally.task.context [-] Task 4b616866-9db1-44a8-8625-c2456282d649 | Context api_versions@openstack cleanup() finished in 0.32 msec
2019-07-28 19:01:06.953 1842 INFO rally.task.context [-] Task 4b616866-9db1-44a8-8625-c2456282d649 | Context users@openstack cleanup() started
2019-07-28 19:01:15.284 1842 INFO rally.task.context [-] Task 4b616866-9db1-44a8-8625-c2456282d649 | Context users@openstack cleanup() finished in 8.33 sec
2019-07-28 19:01:16.422 1842 INFO rally.task.engine [-] Load duration is: 20.057513
2019-07-28 19:01:16.423 1842 INFO rally.task.engine [-] Full runner duration is: 20.111809
2019-07-28 19:01:16.423 1842 INFO rally.task.engine [-] Full duration is: 45.04471
2019-07-28 19:01:16.572 1842 INFO rally.task.engine [-] Running workload: position = 1 config = { "version": 2, "title": "A cropped version of a bigger task.", "description": "Auto-generated task from a single workload (uuid=442b2bc0-ed4e-43be-a1c9-5e418088debb)", "subtasks": [ { "title": "CinderVolumes.create_and_delete_volume", "description": "Create and then delete a volume.", "scenario": { "CinderVolumes.create_and_delete_volume": { "image": { "name": "rally_full-img_13967b42-b929-4ef9-8c8b-d654955b5392" }, "size": 1 } }, "contexts": { "users": { "tenants": 3, "users_per_tenant": 2 }, "quotas": { "cinder": { "gigabytes": -1, "snapshots": -1, "volumes": -1 } }, "api_versions": { "cinder": { "version": 3, "service_type": "volumev3" } } }, "runner": { "constant": { "concurrency": 4, "times": 10 } }, "hooks": [], "sla": { "failure_rate": { "max": 0 } } } ] }
2019-07-28 19:01:16.596 1842 RALLYDEBUG rally_openstack.contexts.keystone.users [-] Creating 3 tenants using 20 threads
2019-07-28 19:01:18.529 1842 RALLYDEBUG rally_openstack.contexts.keystone.users [-] Creating 6 users using 20 threads
2019-07-28 19:01:21.456 1842 INFO rally.task.context [-] Task 4b616866-9db1-44a8-8625-c2456282d649 | Context users@openstack setup() finished in 4.86 sec
2019-07-28 19:01:21.882 1842 INFO rally.task.context [-] Task 4b616866-9db1-44a8-8625-c2456282d649 | Context api_versions@openstack setup() finished in 0.42 sec
2019-07-28 19:01:23.593 1842 INFO rally.task.context [-] Task 4b616866-9db1-44a8-8625-c2456282d649 | Context quotas@openstack setup() finished in 1.71 sec
2019-07-28 19:01:23.594 1842 INFO rally.task.context [-] Task 4b616866-9db1-44a8-8625-c2456282d649 | Context cleanup@openstack setup() finished in 0.00 msec
2019-07-28 19:01:24.641 1842 RALLYDEBUG rally.task.runner [-] Starting the constant runner (task UUID: 4b616866-9db1-44a8-8625-c2456282d649). timeout: 0 concurrency: 4 concurrency_per_worker: 1 times: 10 concurrency_overhead: 0 processes_to_start: 4 max_cpu_used: 16
2019-07-28 19:01:24.656 4354 RALLYDEBUG rally.task.runner [-] Starting a worker. concurrency: 1 args: {"image": "8259bfd5-d557-437a-8de6-d2feee0b53b8", "size": 1} times: 10 method_name: run timeout: 0 duration: None cls:
2019-07-28 19:01:24.659 4355 RALLYDEBUG rally.task.runner [-] Starting a worker. concurrency: 1 args: {"image": "8259bfd5-d557-437a-8de6-d2feee0b53b8", "size": 1} times: 10 method_name: run timeout: 0 duration: None cls:
2019-07-28 19:01:24.662 4356 RALLYDEBUG rally.task.runner [-] Starting a worker. concurrency: 1 args: {"image": "8259bfd5-d557-437a-8de6-d2feee0b53b8", "size": 1} times: 10 method_name: run timeout: 0 duration: None cls:
2019-07-28 19:01:24.665 4354 INFO rally.task.runner [-] Task 4b616866-9db1-44a8-8625-c2456282d649 | ITER: 1 START
2019-07-28 19:01:24.665 4357 RALLYDEBUG rally.task.runner [-] Starting a worker. concurrency: 1 args: {"image": "8259bfd5-d557-437a-8de6-d2feee0b53b8", "size": 1} times: 10 method_name: run timeout: 0 duration: None cls:
2019-07-28 19:01:24.667 4355 INFO rally.task.runner [-] Task 4b616866-9db1-44a8-8625-c2456282d649 | ITER: 2 START
2019-07-28 19:01:24.669 4356 INFO rally.task.runner [-] Task 4b616866-9db1-44a8-8625-c2456282d649 | ITER: 3 START
2019-07-28 19:01:24.672 4357 INFO rally.task.runner [-] Task 4b616866-9db1-44a8-8625-c2456282d649 | ITER: 4 START
2019-07-28 19:01:32.289 4354 RALLYDEBUG rally.task.utils [-] Waiting for resource s_rally_442b2bc0_r3SouMYW. Status changed: CREATING => DOWNLOADING in 2.97159194946
2019-07-28 19:01:34.495 4357 RALLYDEBUG rally.task.utils [-] Waiting for resource s_rally_442b2bc0_AFvMebX5. Status changed: CREATING => DOWNLOADING in 5.25919008255
2019-07-28 19:01:36.826 4356 RALLYDEBUG rally.task.utils [-] Waiting for resource s_rally_442b2bc0_ekUfM4VT. Status changed: CREATING => DOWNLOADING in 7.57917189598
2019-07-28 19:01:39.252 4355 RALLYDEBUG rally.task.utils [-] Waiting for resource s_rally_442b2bc0_K9Yx1OiI. Status changed: CREATING => DOWNLOADING in 9.95294499397
2019-07-28 19:01:43.739 4356 RALLYDEBUG rally.task.utils [-] Waiting for resource s_rally_442b2bc0_ekUfM4VT. Status changed: DOWNLOADING => AVAILABLE in 6.91308999062
2019-07-28 19:01:43.938 4355 RALLYDEBUG rally.task.utils [-] Waiting for resource s_rally_442b2bc0_K9Yx1OiI. Status changed: DOWNLOADING => AVAILABLE in 4.6860909462
2019-07-28 19:01:43.985 4354 RALLYDEBUG rally.task.utils [-] Waiting for resource s_rally_442b2bc0_r3SouMYW. Status changed: DOWNLOADING => AVAILABLE in 11.6958320141
2019-07-28 19:01:44.070 4356 RALLYDEBUG rally.task.utils [-] Waiting for resource s_rally_442b2bc0_ekUfM4VT. Status changed: AVAILABLE => DELETING in 0.252188205719
2019-07-28 19:01:44.361 4355 RALLYDEBUG rally.task.utils [-] Waiting for resource s_rally_442b2bc0_K9Yx1OiI. Status changed: AVAILABLE => DELETING in 0.339250087738
2019-07-28 19:01:44.714 4354 RALLYDEBUG rally.task.utils [-] Waiting for resource s_rally_442b2bc0_r3SouMYW. Status changed: AVAILABLE => DELETING in 0.344151973724
2019-07-28 19:01:45.750 4357 RALLYDEBUG rally.task.utils [-] Waiting for resource s_rally_442b2bc0_AFvMebX5. Status changed: DOWNLOADING => AVAILABLE in 11.2547678947
2019-07-28 19:01:46.369 4357 INFO rally.task.runner [-] Task 4b616866-9db1-44a8-8625-c2456282d649 | ITER: 4 END: OK
2019-07-28 19:01:46.375 4357 INFO rally.task.runner [-] Task 4b616866-9db1-44a8-8625-c2456282d649 | ITER: 5 START
2019-07-28 19:01:46.395 4356 INFO rally.task.runner [-] Task 4b616866-9db1-44a8-8625-c2456282d649 | ITER: 3 END: OK
2019-07-28 19:01:46.400 4356 INFO rally.task.runner [-] Task 4b616866-9db1-44a8-8625-c2456282d649 | ITER: 6 START
2019-07-28 19:01:46.406 4355 INFO rally.task.runner [-] Task 4b616866-9db1-44a8-8625-c2456282d649 | ITER: 2 END: OK
2019-07-28 19:01:46.412 4355 INFO rally.task.runner [-] Task 4b616866-9db1-44a8-8625-c2456282d649 | ITER: 7 START
2019-07-28 19:01:46.764 4354 INFO rally.task.runner [-] Task 4b616866-9db1-44a8-8625-c2456282d649 | ITER: 1 END: OK
2019-07-28 19:01:46.770 4354 INFO rally.task.runner [-] Task 4b616866-9db1-44a8-8625-c2456282d649 | ITER: 8 START
2019-07-28 19:01:54.376 4355 RALLYDEBUG rally.task.utils [-] Waiting for resource s_rally_442b2bc0_gdL7KdKf. Status changed: CREATING => DOWNLOADING in 3.19186997414
2019-07-28 19:01:56.339 4356 RALLYDEBUG rally.task.utils [-] Waiting for resource s_rally_442b2bc0_9PVTgGE5. Status changed: CREATING => DOWNLOADING in 5.31653690338
2019-07-28 19:01:57.204 4354 RALLYDEBUG rally.task.utils [-] Waiting for resource s_rally_442b2bc0_85RCcFnQ. Status changed: CREATING => DOWNLOADING in 5.35171699524
2019-07-28 19:02:03.147 4357 RALLYDEBUG rally.task.utils [-] Waiting for resource s_rally_442b2bc0_XFDG1oE5. Status changed: CREATING => DOWNLOADING in 12.093309164
2019-07-28 19:02:05.055 4356 RALLYDEBUG rally.task.utils [-] Waiting for resource s_rally_442b2bc0_9PVTgGE5. Status changed: DOWNLOADING => AVAILABLE in 8.71649003029
2019-07-28 19:02:05.726 4356 RALLYDEBUG rally.task.utils [-] Waiting for resource s_rally_442b2bc0_9PVTgGE5. Status changed: AVAILABLE => DELETING in 0.266448020935
2019-07-28 19:02:06.140 4355 RALLYDEBUG rally.task.utils [-] Waiting for resource s_rally_442b2bc0_gdL7KdKf. Status changed: DOWNLOADING => AVAILABLE in 11.7641329765
2019-07-28 19:02:06.204 4354 RALLYDEBUG rally.task.utils [-] Waiting for resource s_rally_442b2bc0_85RCcFnQ. Status changed: DOWNLOADING => AVAILABLE in 8.99920701981
2019-07-28 19:02:06.747 4355 INFO rally.task.runner [-] Task 4b616866-9db1-44a8-8625-c2456282d649 | ITER: 7 END: OK
2019-07-28 19:02:06.754 4355 INFO rally.task.runner [-] Task 4b616866-9db1-44a8-8625-c2456282d649 | ITER: 9 START
2019-07-28 19:02:06.945 4354 RALLYDEBUG rally.task.utils [-] Waiting for resource s_rally_442b2bc0_85RCcFnQ. Status changed: AVAILABLE => DELETING in 0.36682510376
2019-07-28 19:02:07.647 4357 RALLYDEBUG rally.task.utils [-] Waiting for resource s_rally_442b2bc0_XFDG1oE5. Status changed: DOWNLOADING => AVAILABLE in 4.49972391129
2019-07-28 19:02:08.035 4356 INFO rally.task.runner [-] Task 4b616866-9db1-44a8-8625-c2456282d649 | ITER: 6 END: OK
2019-07-28 19:02:08.042 4356 INFO rally.task.runner [-] Task 4b616866-9db1-44a8-8625-c2456282d649 | ITER: 10 START
2019-07-28 19:02:08.301 4357 INFO rally.task.runner [-] Task 4b616866-9db1-44a8-8625-c2456282d649 | ITER: 5 END: OK
2019-07-28 19:02:09.175 4354 INFO rally.task.runner [-] Task 4b616866-9db1-44a8-8625-c2456282d649 | ITER: 8 END: OK
2019-07-28 19:02:14.748 4355 RALLYDEBUG rally.task.utils [-] Waiting for resource s_rally_442b2bc0_rPJywwSA. Status changed: CREATING => DOWNLOADING in 2.94096302986
2019-07-28 19:02:15.761 4356 RALLYDEBUG rally.task.utils [-] Waiting for resource s_rally_442b2bc0_eYXOcsk5. Status changed: CREATING => DOWNLOADING in 3.01459598541
2019-07-28 19:02:19.509 4355 RALLYDEBUG rally.task.utils [-] Waiting for resource s_rally_442b2bc0_rPJywwSA. Status changed: DOWNLOADING => AVAILABLE in 4.76082205772
2019-07-28 19:02:20.160 4356 RALLYDEBUG rally.task.utils [-] Waiting for resource s_rally_442b2bc0_eYXOcsk5. Status changed: DOWNLOADING => AVAILABLE in 4.39873790741
2019-07-28 19:02:20.215 4355 INFO rally.task.runner [-] Task 4b616866-9db1-44a8-8625-c2456282d649 | ITER: 9 END: OK
2019-07-28 19:02:20.844 4356 INFO rally.task.runner [-] Task 4b616866-9db1-44a8-8625-c2456282d649 | ITER: 10 END: OK
2019-07-28 19:02:20.865 1842 INFO rally.task.context [-] Task 4b616866-9db1-44a8-8625-c2456282d649 | Context cleanup@openstack cleanup() started
2019-07-28 19:02:20.868 1842 RALLYDEBUG rally_openstack.cleanup.manager [-] Cleaning up cinder backups objects
2019-07-28 19:02:23.097 1842 RALLYDEBUG rally_openstack.cleanup.manager [-] Cleaning up cinder volume_snapshots objects
2019-07-28 19:02:25.221 1842 RALLYDEBUG rally_openstack.cleanup.manager [-] Cleaning up cinder transfers objects
2019-07-28 19:02:27.470 1842 RALLYDEBUG rally_openstack.cleanup.manager [-] Cleaning up cinder volumes objects
2019-07-28 19:02:29.772 1842 INFO rally.task.context [-] Task 4b616866-9db1-44a8-8625-c2456282d649 | Context cleanup@openstack cleanup() finished in 8.91 sec
2019-07-28 19:02:29.772 1842 INFO rally.task.context [-] Task 4b616866-9db1-44a8-8625-c2456282d649 | Context quotas@openstack cleanup() started
2019-07-28 19:02:30.761 1842 INFO rally.task.context [-] Task 4b616866-9db1-44a8-8625-c2456282d649 | Context quotas@openstack cleanup() finished in 0.99 sec
2019-07-28 19:02:30.761 1842 INFO rally.task.context [-] Task 4b616866-9db1-44a8-8625-c2456282d649 | Context api_versions@openstack cleanup() started
2019-07-28 19:02:30.762 1842 INFO rally.task.context [-] Task 4b616866-9db1-44a8-8625-c2456282d649 | Context api_versions@openstack cleanup() finished in 0.32 msec
2019-07-28 19:02:30.762 1842 INFO rally.task.context [-] Task 4b616866-9db1-44a8-8625-c2456282d649 | Context users@openstack cleanup() started
2019-07-28 19:02:39.164 1842 INFO rally.task.context [-] Task 4b616866-9db1-44a8-8625-c2456282d649 | Context users@openstack cleanup() finished in 8.40 sec
2019-07-28 19:02:40.957 1842 INFO rally.task.engine [-] Load duration is: 56.174907
2019-07-28 19:02:40.957 1842 INFO rally.task.engine [-] Full runner duration is: 56.225566
2019-07-28 19:02:40.957 1842 INFO rally.task.engine [-] Full duration is: 82.571872
2019-07-28 19:02:41.115 1842 INFO rally.task.engine [-] Running workload: position = 2 config = { "version": 2, "title": "A cropped version of a bigger task.", "description": "Auto-generated task from a single workload (uuid=cd7d738a-c015-4000-ab7b-ba898a80f30d)", "subtasks": [ { "title": "CinderVolumes.create_and_delete_volume", "description": "Create and then delete a volume.", "scenario": { "CinderVolumes.create_and_delete_volume": { "size": 1 } }, "contexts": { "users": { "tenants": 3, "users_per_tenant": 2 }, "quotas": { "cinder": { "gigabytes": -1, "snapshots": -1, "volumes": -1 } }, "api_versions": { "cinder": { "version": 3, "service_type": "volumev3" } } }, "runner": { "constant": { "concurrency": 4, "times": 10 } }, "hooks": [], "sla": { "failure_rate": { "max": 0 } } } ] }
2019-07-28 19:02:41.135 1842 RALLYDEBUG rally_openstack.contexts.keystone.users [-] Creating 3 tenants using 20 threads
2019-07-28 19:02:43.243 1842 RALLYDEBUG rally_openstack.contexts.keystone.users [-] Creating 6 users using 20 threads
2019-07-28 19:02:45.937 1842 INFO rally.task.context [-] Task 4b616866-9db1-44a8-8625-c2456282d649 | Context users@openstack setup() finished in 4.80 sec
2019-07-28 19:02:46.383 1842 INFO rally.task.context [-] Task 4b616866-9db1-44a8-8625-c2456282d649 | Context api_versions@openstack setup() finished in 0.45 sec
2019-07-28 19:02:48.102 1842 INFO rally.task.context [-] Task 4b616866-9db1-44a8-8625-c2456282d649 | Context quotas@openstack setup() finished in 1.72 sec
2019-07-28 19:02:48.102 1842 INFO rally.task.context [-] Task 4b616866-9db1-44a8-8625-c2456282d649 | Context cleanup@openstack setup() finished in 0.00 msec
2019-07-28 19:02:48.110 1842 RALLYDEBUG rally.task.runner [-] Starting the constant runner (task UUID: 4b616866-9db1-44a8-8625-c2456282d649). timeout: 0 concurrency: 4 concurrency_per_worker: 1 times: 10 concurrency_overhead: 0 processes_to_start: 4 max_cpu_used: 16
2019-07-28 19:02:48.123 4538 RALLYDEBUG rally.task.runner [-] Starting a worker. concurrency: 1 args: {"size": 1} times: 10 method_name: run timeout: 0 duration: None cls:
2019-07-28 19:02:48.126 4539 RALLYDEBUG rally.task.runner [-] Starting a worker. concurrency: 1 args: {"size": 1} times: 10 method_name: run timeout: 0 duration: None cls:
2019-07-28 19:02:48.129 4540 RALLYDEBUG rally.task.runner [-] Starting a worker. concurrency: 1 args: {"size": 1} times: 10 method_name: run timeout: 0 duration: None cls:
2019-07-28 19:02:48.131 4538 INFO rally.task.runner [-] Task 4b616866-9db1-44a8-8625-c2456282d649 | ITER: 1 START
2019-07-28 19:02:48.132 4541 RALLYDEBUG rally.task.runner [-] Starting a worker. concurrency: 1 args: {"size": 1} times: 10 method_name: run timeout: 0 duration: None cls:
2019-07-28 19:02:48.134 4539 INFO rally.task.runner [-] Task 4b616866-9db1-44a8-8625-c2456282d649 | ITER: 2 START
2019-07-28 19:02:48.136 4540 INFO rally.task.runner [-] Task 4b616866-9db1-44a8-8625-c2456282d649 | ITER: 3 START
2019-07-28 19:02:48.140 4541 INFO rally.task.runner [-] Task 4b616866-9db1-44a8-8625-c2456282d649 | ITER: 4 START
2019-07-28 19:02:52.450 4538 RALLYDEBUG rally.task.utils [-] Waiting for resource s_rally_cd7d738a_c33rvKLU. Status changed: AVAILABLE => DELETING in 0.326590061188
2019-07-28 19:02:52.547 4540 RALLYDEBUG rally.task.utils [-] Waiting for resource s_rally_cd7d738a_RmzeXd0F. Status changed: AVAILABLE => DELETING in 0.339252948761
2019-07-28 19:02:52.609 4539 RALLYDEBUG rally.task.utils [-] Waiting for resource s_rally_cd7d738a_rryzhPGW. Status changed: AVAILABLE => DELETING in 0.347062826157
2019-07-28 19:02:52.671 4541 RALLYDEBUG rally.task.utils [-] Waiting for resource s_rally_cd7d738a_eMoMQTLm. Status changed: AVAILABLE => DELETING in 0.32549905777
2019-07-28 19:02:54.774 4538 INFO rally.task.runner [-] Task 4b616866-9db1-44a8-8625-c2456282d649 | ITER: 1 END: OK
2019-07-28 19:02:54.780 4538 INFO rally.task.runner [-] Task 4b616866-9db1-44a8-8625-c2456282d649 | ITER: 5 START
2019-07-28 19:02:54.834 4539 INFO rally.task.runner [-] Task 4b616866-9db1-44a8-8625-c2456282d649 | ITER: 2 END: OK
2019-07-28 19:02:54.840 4539 INFO rally.task.runner [-] Task 4b616866-9db1-44a8-8625-c2456282d649 | ITER: 6 START
2019-07-28 19:02:54.856 4540 INFO rally.task.runner [-] Task 4b616866-9db1-44a8-8625-c2456282d649 | ITER: 3 END: OK
2019-07-28 19:02:54.861 4540 INFO rally.task.runner [-] Task 4b616866-9db1-44a8-8625-c2456282d649 | ITER: 7 START
2019-07-28 19:02:54.988 4541 INFO rally.task.runner [-] Task 4b616866-9db1-44a8-8625-c2456282d649 | ITER: 4 END: OK
2019-07-28 19:02:54.993 4541 INFO rally.task.runner [-] Task 4b616866-9db1-44a8-8625-c2456282d649 | ITER: 8 START
2019-07-28 19:02:59.014 4540 RALLYDEBUG rally.task.utils [-] Waiting for resource s_rally_cd7d738a_haMyf9Au. Status changed: AVAILABLE => DELETING in 0.268378019333
2019-07-28 19:02:59.077 4539 RALLYDEBUG rally.task.utils [-] Waiting for resource s_rally_cd7d738a_2hOjzViu. Status changed: AVAILABLE => DELETING in 0.336228132248
2019-07-28 19:02:59.133 4538 RALLYDEBUG rally.task.utils [-] Waiting for resource s_rally_cd7d738a_OlTnd3dG. Status changed: AVAILABLE => DELETING in 0.333219051361
2019-07-28 19:02:59.371 4541 RALLYDEBUG rally.task.utils [-] Waiting for resource s_rally_cd7d738a_WNPi3Kva. Status changed: AVAILABLE => DELETING in 0.367530822754
2019-07-28 19:03:01.307 4539 INFO rally.task.runner [-] Task 4b616866-9db1-44a8-8625-c2456282d649 | ITER: 6 END: OK
2019-07-28 19:03:01.310 4539 INFO rally.task.runner [-] Task 4b616866-9db1-44a8-8625-c2456282d649 | ITER: 9 START
2019-07-28 19:03:01.340 4540 INFO rally.task.runner [-] Task 4b616866-9db1-44a8-8625-c2456282d649 | ITER: 7 END: OK
2019-07-28 19:03:01.343 4540 INFO rally.task.runner [-] Task 4b616866-9db1-44a8-8625-c2456282d649 | ITER: 10 START
2019-07-28 19:03:01.429 4538 INFO rally.task.runner [-] Task 4b616866-9db1-44a8-8625-c2456282d649 | ITER: 5 END: OK
2019-07-28 19:03:01.794 4541 INFO rally.task.runner [-] Task 4b616866-9db1-44a8-8625-c2456282d649 | ITER: 8 END: OK
2019-07-28 19:03:05.773 4539 INFO rally.task.runner [-] Task 4b616866-9db1-44a8-8625-c2456282d649 | ITER: 9 END: OK
2019-07-28 19:03:05.966 4540 INFO rally.task.runner [-] Task 4b616866-9db1-44a8-8625-c2456282d649 | ITER: 10 END: OK
2019-07-28 19:03:05.989 1842 INFO rally.task.context [-] Task 4b616866-9db1-44a8-8625-c2456282d649 | Context cleanup@openstack cleanup() started
2019-07-28 19:03:05.991 1842 RALLYDEBUG rally_openstack.cleanup.manager [-] Cleaning up cinder backups objects
2019-07-28 19:03:08.043 1842 RALLYDEBUG rally_openstack.cleanup.manager [-] Cleaning up cinder volume_snapshots objects
2019-07-28 19:03:10.161 1842 RALLYDEBUG rally_openstack.cleanup.manager [-] Cleaning up cinder transfers objects
2019-07-28 19:03:12.352 1842 RALLYDEBUG rally_openstack.cleanup.manager [-] Cleaning up cinder volumes objects
2019-07-28 19:03:14.516 1842 INFO rally.task.context [-] Task 4b616866-9db1-44a8-8625-c2456282d649 | Context cleanup@openstack cleanup() finished in 8.53 sec
2019-07-28 19:03:14.517 1842 INFO rally.task.context [-] Task 4b616866-9db1-44a8-8625-c2456282d649 | Context quotas@openstack cleanup() started
2019-07-28 19:03:15.396 1842 INFO rally.task.context [-] Task 4b616866-9db1-44a8-8625-c2456282d649 | Context quotas@openstack cleanup() finished in 0.88 sec
2019-07-28 19:03:15.396 1842 INFO rally.task.context [-] Task 4b616866-9db1-44a8-8625-c2456282d649 | Context api_versions@openstack cleanup() started
2019-07-28 19:03:15.397 1842 INFO rally.task.context [-] Task 4b616866-9db1-44a8-8625-c2456282d649 | Context api_versions@openstack cleanup() finished in 0.29 msec
2019-07-28 19:03:15.397 1842 INFO rally.task.context [-] Task 4b616866-9db1-44a8-8625-c2456282d649 | Context users@openstack cleanup() started
2019-07-28 19:03:24.170 1842 INFO rally.task.context [-] Task 4b616866-9db1-44a8-8625-c2456282d649 | Context users@openstack cleanup() finished in 8.77 sec
2019-07-28 19:03:25.308 1842 INFO rally.task.engine [-] Load duration is: 17.831195
2019-07-28 19:03:25.309 1842 INFO rally.task.engine [-] Full runner duration is: 17.879209
2019-07-28 19:03:25.309 1842 INFO rally.task.engine [-] Full duration is: 43.040204
2019-07-28 19:03:25.544 1842 INFO rally.task.engine [-] Running workload: position = 0 config = { "version": 2, "title": "A cropped version of a bigger task.", "description": "Auto-generated task from a single workload (uuid=86a38279-a095-4fe8-ac47-5a32b7cde01f)", "subtasks": [ { "title": "CinderVolumes.create_and_extend_volume", "description": "Create and extend a volume and then delete it.", "scenario": { "CinderVolumes.create_and_extend_volume": { "new_size": 2, "size": 1 } }, "contexts": { "users": { "tenants": 3, "users_per_tenant": 2 }, "quotas": { "cinder": { "gigabytes": -1, "snapshots": -1, "volumes": -1 } }, "api_versions": { "cinder": { "version": 3, "service_type": "volumev3" } } }, "runner": { "constant": { "concurrency": 4, "times": 10 } }, "hooks": [], "sla": { "failure_rate": { "max": 0 } } } ] }
2019-07-28 19:03:25.562 1842 RALLYDEBUG rally_openstack.contexts.keystone.users [-] Creating 3 tenants using 20 threads
2019-07-28 19:03:27.386 1842 RALLYDEBUG rally_openstack.contexts.keystone.users [-] Creating 6 users using 20 threads
2019-07-28 19:03:30.127 1842 INFO rally.task.context [-] Task 4b616866-9db1-44a8-8625-c2456282d649 | Context users@openstack setup() finished in 4.57 sec
2019-07-28 19:03:30.561 1842 INFO rally.task.context [-] Task 4b616866-9db1-44a8-8625-c2456282d649 | Context api_versions@openstack setup() finished in 0.43 sec
2019-07-28 19:03:32.253 1842 INFO rally.task.context [-] Task 4b616866-9db1-44a8-8625-c2456282d649 | Context quotas@openstack setup() finished in 1.69 sec
2019-07-28 19:03:32.253 1842 INFO rally.task.context [-] Task 4b616866-9db1-44a8-8625-c2456282d649 | Context cleanup@openstack setup() finished in 0.00 msec
2019-07-28 19:03:32.260 1842 RALLYDEBUG rally.task.runner [-] Starting the constant runner (task UUID: 4b616866-9db1-44a8-8625-c2456282d649). timeout: 0 concurrency: 4 concurrency_per_worker: 1 times: 10 concurrency_overhead: 0 processes_to_start: 4 max_cpu_used: 16
2019-07-28 19:03:32.273 4722 RALLYDEBUG rally.task.runner [-] Starting a worker. concurrency: 1 args: {"new_size": 2, "size": 1} times: 10 method_name: run timeout: 0 duration: None cls:
2019-07-28 19:03:32.276 4723 RALLYDEBUG rally.task.runner [-] Starting a worker. concurrency: 1 args: {"new_size": 2, "size": 1} times: 10 method_name: run timeout: 0 duration: None cls:
2019-07-28 19:03:32.279 4724 RALLYDEBUG rally.task.runner [-] Starting a worker. concurrency: 1 args: {"new_size": 2, "size": 1} times: 10 method_name: run timeout: 0 duration: None cls:
2019-07-28 19:03:32.281 4722 INFO rally.task.runner [-] Task 4b616866-9db1-44a8-8625-c2456282d649 | ITER: 1 START
2019-07-28 19:03:32.282 4725 RALLYDEBUG rally.task.runner [-] Starting a worker. concurrency: 1 args: {"new_size": 2, "size": 1} times: 10 method_name: run timeout: 0 duration: None cls:
2019-07-28 19:03:32.284 4723 INFO rally.task.runner [-] Task 4b616866-9db1-44a8-8625-c2456282d649 | ITER: 2 START
2019-07-28 19:03:32.286 4724 INFO rally.task.runner [-] Task 4b616866-9db1-44a8-8625-c2456282d649 | ITER: 3 START
2019-07-28 19:03:32.289 4725 INFO rally.task.runner [-] Task 4b616866-9db1-44a8-8625-c2456282d649 | ITER: 4 START
2019-07-28 19:03:36.845 4724 RALLYDEBUG rally.task.utils [-] Waiting for resource s_rally_86a38279_oyvYbdCs. Status changed: AVAILABLE => DELETING in 0.27157998085
2019-07-28 19:03:37.377 4725 RALLYDEBUG rally.task.utils [-] Waiting for resource s_rally_86a38279_8h5zCKF4. Status changed: AVAILABLE => DELETING in 0.270566940308
2019-07-28 19:03:37.428 4722 RALLYDEBUG rally.task.utils [-] Waiting for resource s_rally_86a38279_miP50VTc. Status changed: AVAILABLE => DELETING in 0.256292104721
2019-07-28 19:03:37.515 4723 RALLYDEBUG rally.task.utils [-] Waiting for resource s_rally_86a38279_ITVI8sUT. Status changed: AVAILABLE => DELETING in 0.2526679039
2019-07-28 19:03:39.095 4724 INFO rally.task.runner [-] Task 4b616866-9db1-44a8-8625-c2456282d649 | ITER: 3 END: OK
2019-07-28 19:03:39.101 4724 INFO rally.task.runner [-] Task 4b616866-9db1-44a8-8625-c2456282d649 | ITER: 5 START
2019-07-28 19:03:39.553 4723 INFO rally.task.runner [-] Task 4b616866-9db1-44a8-8625-c2456282d649 | ITER: 2 END: OK
2019-07-28 19:03:39.558 4723 INFO rally.task.runner [-] Task 4b616866-9db1-44a8-8625-c2456282d649 | ITER: 6 START
2019-07-28 19:03:39.655 4722 INFO rally.task.runner [-] Task 4b616866-9db1-44a8-8625-c2456282d649 | ITER: 1 END: OK
2019-07-28 19:03:39.661 4722 INFO rally.task.runner [-] Task 4b616866-9db1-44a8-8625-c2456282d649 | ITER: 7 START
2019-07-28 19:03:39.675 4725 INFO rally.task.runner [-] Task 4b616866-9db1-44a8-8625-c2456282d649 | ITER: 4 END: OK
2019-07-28 19:03:39.681 4725 INFO rally.task.runner [-] Task 4b616866-9db1-44a8-8625-c2456282d649 | ITER: 8 START
2019-07-28 19:03:43.039 4724 RALLYDEBUG rally.task.utils [-] Waiting for resource s_rally_86a38279_oNuLQcin. Status changed: AVAILABLE => EXTENDING in 0.055643081665
2019-07-28 19:03:43.742 4722 RALLYDEBUG rally.task.utils [-] Waiting for resource s_rally_86a38279_hVHZtkgk. Status changed: AVAILABLE => EXTENDING in 0.0547661781311
2019-07-28 19:03:44.402 4723 RALLYDEBUG rally.task.utils [-] Waiting for resource s_rally_86a38279_S156AMFS. Status changed: AVAILABLE => DELETING in 0.0568330287933
2019-07-28 19:03:44.701 4725 RALLYDEBUG rally.task.utils [-] Waiting for resource s_rally_86a38279_uqC0AA6r. Status changed: AVAILABLE => DELETING in 0.242199897766
2019-07-28 19:03:45.296 4724 RALLYDEBUG rally.task.utils [-] Waiting for resource s_rally_86a38279_oNuLQcin. Status changed: EXTENDING => AVAILABLE in 2.25706386566
2019-07-28 19:03:45.831 4724 INFO rally.task.runner [-] Task 4b616866-9db1-44a8-8625-c2456282d649 | ITER: 5 END: OK
2019-07-28 19:03:45.835 4724 INFO rally.task.runner [-] Task 4b616866-9db1-44a8-8625-c2456282d649 | ITER: 9 START
2019-07-28 19:03:46.126 4722 RALLYDEBUG rally.task.utils [-] Waiting for resource s_rally_86a38279_hVHZtkgk. Status changed: EXTENDING => AVAILABLE in 2.38399887085
2019-07-28 19:03:46.736 4723 INFO rally.task.runner [-] Task 4b616866-9db1-44a8-8625-c2456282d649 | ITER: 6 END: OK
2019-07-28 19:03:46.740 4723 INFO rally.task.runner [-] Task 4b616866-9db1-44a8-8625-c2456282d649 | ITER: 10 START
2019-07-28 19:03:46.752 4722 INFO rally.task.runner [-] Task 4b616866-9db1-44a8-8625-c2456282d649 | ITER: 7 END: OK
2019-07-28 19:03:47.041 4725 INFO rally.task.runner [-] Task 4b616866-9db1-44a8-8625-c2456282d649 | ITER: 8 END: OK
2019-07-28 19:03:50.822 4724 RALLYDEBUG rally.task.utils [-] Waiting for resource s_rally_86a38279_9Yv0qURn. Status changed: AVAILABLE => DELETING in 0.2546479702
2019-07-28 19:03:51.581 4723 INFO rally.task.runner [-] Task 4b616866-9db1-44a8-8625-c2456282d649 | ITER: 10 END: OK
2019-07-28 19:03:53.150 4724 INFO rally.task.runner [-] Task 4b616866-9db1-44a8-8625-c2456282d649 | ITER: 9 END: OK
2019-07-28 19:03:53.177 1842 INFO rally.task.context [-] Task 4b616866-9db1-44a8-8625-c2456282d649 | Context cleanup@openstack cleanup() started
2019-07-28 19:03:53.180 1842 RALLYDEBUG rally_openstack.cleanup.manager [-] Cleaning up cinder backups objects
2019-07-28 19:03:55.407 1842 RALLYDEBUG rally_openstack.cleanup.manager [-] Cleaning up cinder volume_snapshots objects
2019-07-28 19:03:57.453 1842 RALLYDEBUG rally_openstack.cleanup.manager [-] Cleaning up cinder transfers objects
2019-07-28 19:03:59.576 1842 RALLYDEBUG rally_openstack.cleanup.manager [-] Cleaning up cinder volumes objects
2019-07-28 19:04:01.852 1842 INFO rally.task.context [-] Task 4b616866-9db1-44a8-8625-c2456282d649 | Context cleanup@openstack cleanup() finished in 8.67 sec
2019-07-28 19:04:01.852 1842 INFO rally.task.context [-] Task 4b616866-9db1-44a8-8625-c2456282d649 | Context quotas@openstack cleanup() started
2019-07-28 19:04:02.719 1842 INFO rally.task.context [-] Task 4b616866-9db1-44a8-8625-c2456282d649 | Context quotas@openstack cleanup() finished in 0.87 sec
2019-07-28 19:04:02.720 1842 INFO rally.task.context [-] Task 4b616866-9db1-44a8-8625-c2456282d649 | Context api_versions@openstack cleanup() started
2019-07-28 19:04:02.720 1842 INFO rally.task.context [-] Task 4b616866-9db1-44a8-8625-c2456282d649 | Context api_versions@openstack cleanup() finished in 0.31 msec
2019-07-28 19:04:02.720 1842 INFO rally.task.context [-] Task 4b616866-9db1-44a8-8625-c2456282d649 | Context users@openstack cleanup() started
2019-07-28 19:04:10.739 1842 INFO rally.task.context [-] Task 4b616866-9db1-44a8-8625-c2456282d649 | Context users@openstack cleanup() finished in 8.02 sec
2019-07-28 19:04:11.749 1842 INFO rally.task.engine [-] Load duration is: 20.864664
2019-07-28 19:04:11.749 1842 INFO rally.task.engine [-] Full runner duration is: 20.917324
2019-07-28 19:04:11.749 1842 INFO rally.task.engine [-] Full duration is: 45.179976
2019-07-28 19:04:12.005 1842 INFO rally.task.engine [-] Running workload: position = 0 config = { "version": 2, "title": "A cropped version of a bigger task.", "description": "Auto-generated task from a single workload (uuid=74f2b3ac-b83e-4b99-9d3b-bc83827f6d9d)", "subtasks": [ { "title": "CinderVolumes.create_from_volume_and_delete_volume", "description": "Create volume from volume and then delete it.", "scenario": { "CinderVolumes.create_from_volume_and_delete_volume": { "size": 1 } }, "contexts": { "users": { "tenants": 3, "users_per_tenant": 2 }, "quotas": { "cinder": { "gigabytes": -1, "snapshots": -1, "volumes": -1 } }, "api_versions": { "cinder": { "version": 3, "service_type": "volumev3" } }, "volumes": { "size": 1, "volumes_per_tenant": 1 } }, "runner": { "constant": { "concurrency": 4, "times": 10 } }, "hooks": [], "sla": { "failure_rate": { "max": 0 } } } ] }
2019-07-28 19:04:12.026 1842 RALLYDEBUG rally_openstack.contexts.keystone.users [-] Creating 3 tenants using 20 threads
2019-07-28 19:04:13.889 1842 RALLYDEBUG rally_openstack.contexts.keystone.users [-] Creating 6 users using 20 threads
2019-07-28 19:04:16.732 1842 INFO rally.task.context [-] Task 4b616866-9db1-44a8-8625-c2456282d649 | Context users@openstack setup() finished in 4.71 sec
2019-07-28 19:04:17.159 1842 INFO rally.task.context [-] Task 4b616866-9db1-44a8-8625-c2456282d649 | Context api_versions@openstack setup() finished in 0.43 sec
2019-07-28 19:04:18.846 1842 INFO rally.task.context [-] Task 4b616866-9db1-44a8-8625-c2456282d649 | Context quotas@openstack setup() finished in 1.69 sec
2019-07-28 19:04:29.873 1842 INFO rally.task.context [-] Task 4b616866-9db1-44a8-8625-c2456282d649 | Context volumes@openstack setup() finished in 11.03 sec
2019-07-28 19:04:29.874 1842 INFO rally.task.context [-] Task 4b616866-9db1-44a8-8625-c2456282d649 | Context cleanup@openstack setup() finished in 0.00 msec
2019-07-28 19:04:29.882 1842 RALLYDEBUG rally.task.runner [-] Starting the constant runner (task UUID: 4b616866-9db1-44a8-8625-c2456282d649). timeout: 0 concurrency: 4 concurrency_per_worker: 1 times: 10 concurrency_overhead: 0 processes_to_start: 4 max_cpu_used: 16
2019-07-28 19:04:29.890 4906 RALLYDEBUG rally.task.runner [-] Starting a worker. concurrency: 1 args: {"size": 1} times: 10 method_name: run timeout: 0 duration: None cls:
2019-07-28 19:04:29.896 4906 INFO rally.task.runner [-] Task 4b616866-9db1-44a8-8625-c2456282d649 | ITER: 1 START
2019-07-28 19:04:29.896 4907 RALLYDEBUG rally.task.runner [-] Starting a worker. concurrency: 1 args: {"size": 1} times: 10 method_name: run timeout: 0 duration: None cls:
2019-07-28 19:04:29.899 4908 RALLYDEBUG rally.task.runner [-] Starting a worker. concurrency: 1 args: {"size": 1} times: 10 method_name: run timeout: 0 duration: None cls:
2019-07-28 19:04:29.901 4911 RALLYDEBUG rally.task.runner [-] Starting a worker. concurrency: 1 args: {"size": 1} times: 10 method_name: run timeout: 0 duration: None cls:
2019-07-28 19:04:29.904 4911 INFO rally.task.runner [-] Task 4b616866-9db1-44a8-8625-c2456282d649 | ITER: 4 START
2019-07-28 19:04:29.907 4907 INFO rally.task.runner [-] Task 4b616866-9db1-44a8-8625-c2456282d649 | ITER: 2 START
2019-07-28 19:04:29.909 4908 INFO rally.task.runner [-] Task 4b616866-9db1-44a8-8625-c2456282d649 | ITER: 3 START
2019-07-28 19:04:33.886 4911 RALLYDEBUG rally.task.utils [-] Waiting for resource s_rally_74f2b3ac_AHF1S0o1. Status changed: CREATING => AVAILABLE in 0.775084018707
2019-07-28 19:04:34.012 4907 RALLYDEBUG rally.task.utils [-] Waiting for resource s_rally_74f2b3ac_GdrQMtfy. Status changed: AVAILABLE => DELETING in 0.354153871536
2019-07-28 19:04:34.157 4906 RALLYDEBUG rally.task.utils [-] Waiting for resource s_rally_74f2b3ac_GLQiA20y. Status changed: AVAILABLE => DELETING in 0.254278898239
2019-07-28 19:04:34.652 4911 RALLYDEBUG rally.task.utils [-] Waiting for resource s_rally_74f2b3ac_AHF1S0o1. Status changed: AVAILABLE => DELETING in 0.400874137878
2019-07-28 19:04:36.058 4908 RALLYDEBUG rally.task.utils [-] Waiting for resource s_rally_74f2b3ac_RGSZIMgX. Status changed: CREATING => AVAILABLE in 2.8485519886
2019-07-28 19:04:36.707 4908 RALLYDEBUG rally.task.utils [-] Waiting for resource s_rally_74f2b3ac_RGSZIMgX. Status changed: AVAILABLE => DELETING in 0.245822191238
2019-07-28 19:04:38.576 4907 INFO rally.task.runner [-] Task 4b616866-9db1-44a8-8625-c2456282d649 | ITER: 2 END: OK
2019-07-28 19:04:38.581 4907 INFO rally.task.runner [-] Task 4b616866-9db1-44a8-8625-c2456282d649 | ITER: 5 START
2019-07-28 19:04:38.919 4906 INFO rally.task.runner [-] Task 4b616866-9db1-44a8-8625-c2456282d649 | ITER: 1 END: OK
2019-07-28 19:04:38.925 4906 INFO rally.task.runner [-] Task 4b616866-9db1-44a8-8625-c2456282d649 | ITER: 6 START
2019-07-28 19:04:41.183 4908 INFO rally.task.runner [-] Task 4b616866-9db1-44a8-8625-c2456282d649 | ITER: 3 END: OK
2019-07-28 19:04:41.188 4908 INFO rally.task.runner [-] Task 4b616866-9db1-44a8-8625-c2456282d649 | ITER: 7 START
2019-07-28 19:04:41.259 4911 INFO rally.task.runner [-] Task 4b616866-9db1-44a8-8625-c2456282d649 | ITER: 4 END: OK
2019-07-28 19:04:41.264 4911 INFO rally.task.runner [-] Task 4b616866-9db1-44a8-8625-c2456282d649 | ITER: 8 START
2019-07-28 19:04:42.971 4907 RALLYDEBUG rally.task.utils [-] Waiting for resource s_rally_74f2b3ac_KHlKzAfe. Status changed: AVAILABLE => DELETING in 0.326836109161
2019-07-28 19:04:43.385 4906 RALLYDEBUG rally.task.utils [-] Waiting for resource s_rally_74f2b3ac_HvljRCpf. Status changed: AVAILABLE => DELETING in 0.356304883957
2019-07-28 19:04:45.320 4908 RALLYDEBUG rally.task.utils [-] Waiting for resource s_rally_74f2b3ac_IEMjo6pa. Status changed: AVAILABLE => DELETING in 0.0572030544281
2019-07-28 19:04:47.449 4911 RALLYDEBUG rally.task.utils [-] Waiting for resource s_rally_74f2b3ac_IcXKxpVJ. Status changed: CREATING => AVAILABLE in 3.08030200005
2019-07-28 19:04:47.960 4906 INFO rally.task.runner [-] Task 4b616866-9db1-44a8-8625-c2456282d649 | ITER: 6 END: OK
2019-07-28 19:04:47.965 4906 INFO rally.task.runner [-] Task 4b616866-9db1-44a8-8625-c2456282d649 | ITER: 9 START
2019-07-28 19:04:48.081 4911 RALLYDEBUG rally.task.utils [-] Waiting for resource s_rally_74f2b3ac_IcXKxpVJ. Status changed: AVAILABLE => DELETING in 0.333169937134
2019-07-28 19:04:49.697 4908 INFO rally.task.runner [-] Task 4b616866-9db1-44a8-8625-c2456282d649 | ITER: 7 END: OK
2019-07-28 19:04:49.702 4908 INFO rally.task.runner [-] Task 4b616866-9db1-44a8-8625-c2456282d649 | ITER: 10 START
2019-07-28 19:04:49.883 4907 INFO rally.task.runner [-] Task 4b616866-9db1-44a8-8625-c2456282d649 | ITER: 5 END: OK
2019-07-28 19:04:50.394 4911 INFO rally.task.runner [-] Task 4b616866-9db1-44a8-8625-c2456282d649 | ITER: 8 END: OK
2019-07-28 19:04:52.677 4906 RALLYDEBUG rally.task.utils [-] Waiting for resource s_rally_74f2b3ac_UGs8GhvV. Status changed: AVAILABLE => DELETING in 0.355806112289
2019-07-28 19:04:54.044 4908 RALLYDEBUG rally.task.utils [-] Waiting for resource s_rally_74f2b3ac_0sELVESM. Status changed: AVAILABLE => DELETING in 0.338895082474
2019-07-28 19:04:54.988 4906 INFO rally.task.runner [-] Task 4b616866-9db1-44a8-8625-c2456282d649 | ITER: 9 END: OK
2019-07-28 19:04:56.375 4908 INFO rally.task.runner [-] Task 4b616866-9db1-44a8-8625-c2456282d649 | ITER: 10 END: OK
2019-07-28 19:04:56.402 1842 INFO rally.task.context [-] Task 4b616866-9db1-44a8-8625-c2456282d649 | Context cleanup@openstack cleanup() started
2019-07-28 19:04:56.404 1842 RALLYDEBUG rally_openstack.cleanup.manager [-] Cleaning up cinder backups objects
2019-07-28 19:04:58.642 1842 RALLYDEBUG rally_openstack.cleanup.manager [-] Cleaning up cinder volume_snapshots objects
2019-07-28 19:05:00.870 1842 RALLYDEBUG rally_openstack.cleanup.manager [-] Cleaning up cinder transfers objects
2019-07-28 19:05:03.095 1842 RALLYDEBUG rally_openstack.cleanup.manager [-] Cleaning up cinder volumes objects
2019-07-28 19:05:05.469 1842 INFO rally.task.context [-] Task 4b616866-9db1-44a8-8625-c2456282d649 | Context cleanup@openstack cleanup() finished in 9.07 sec
2019-07-28 19:05:05.470 1842 INFO rally.task.context [-] Task 4b616866-9db1-44a8-8625-c2456282d649 | Context volumes@openstack cleanup() started
2019-07-28 19:05:05.470 1842 RALLYDEBUG rally_openstack.cleanup.manager [-] Cleaning up cinder volumes objects
2019-07-28 19:05:07.853 1842 RALLYDEBUG rally_openstack.cleanup.manager [-] Deleting cinder.volumes object c_rally_74f2b3ac_670LDnOp (3410f599-44d3-47ef-b1cb-86e134dee6df)
2019-07-28 19:05:07.856 1842 RALLYDEBUG rally_openstack.cleanup.manager [-] Deleting cinder.volumes object c_rally_74f2b3ac_wcvXZmiA (6ec015f2-21e1-4b10-b2fb-4ef82138e5a4)
2019-07-28 19:05:07.860 1842 RALLYDEBUG rally_openstack.cleanup.manager [-] Deleting cinder.volumes object c_rally_74f2b3ac_hgTHR6R1 (eeacf5e5-92f9-496c-bc30-4508f8e46504)
2019-07-28 19:05:11.424 1842 INFO rally.task.context [-] Task 4b616866-9db1-44a8-8625-c2456282d649 | Context volumes@openstack cleanup() finished in 5.95 sec
2019-07-28 19:05:11.425 1842 INFO rally.task.context [-] Task 4b616866-9db1-44a8-8625-c2456282d649 | Context quotas@openstack cleanup() started
2019-07-28 19:05:12.330 1842 INFO rally.task.context [-] Task 4b616866-9db1-44a8-8625-c2456282d649 | Context quotas@openstack cleanup() finished in 0.91 sec
2019-07-28 19:05:12.331 1842 INFO rally.task.context [-] Task 4b616866-9db1-44a8-8625-c2456282d649 | Context api_versions@openstack cleanup() started
2019-07-28 19:05:12.331 1842 INFO rally.task.context [-] Task 4b616866-9db1-44a8-8625-c2456282d649 | Context api_versions@openstack cleanup() finished in 0.31 msec
2019-07-28 19:05:12.331 1842 INFO rally.task.context [-] Task 4b616866-9db1-44a8-8625-c2456282d649 | Context users@openstack cleanup() started
2019-07-28 19:05:20.812 1842 INFO rally.task.context [-] Task 4b616866-9db1-44a8-8625-c2456282d649 | Context users@openstack cleanup() finished in 8.48 sec
2019-07-28 19:05:22.301 1842 INFO rally.task.engine [-] Load duration is: 26.475624
2019-07-28 19:05:22.301 1842 INFO rally.task.engine [-] Full runner duration is: 26.521052
2019-07-28 19:05:22.301 1842 INFO rally.task.engine [-] Full duration is: 68.789014
2019-07-28 19:05:22.568 1842 INFO rally.task.engine [-] Running workload: position = 0 config = { "version": 2, "title": "A cropped version of a bigger task.", "description": "Auto-generated task from a single workload (uuid=9576d7e1-2e61-46ed-8223-5515b2196998)", "subtasks": [ { "title": "CinderQos.create_and_get_qos", "description": "Create a qos, then get details of the qos.", "scenario": { "CinderQos.create_and_get_qos": { "consumer": "both", "write_iops_sec": "10", "read_iops_sec": "1000" } }, "contexts": { "users": { "tenants": 3, "users_per_tenant": 2 }, "api_versions": { "cinder": { "version": 3, "service_type": "volumev3" } } }, "runner": { "constant": { "concurrency": 4, "times": 10 } }, "hooks": [], "sla": { "failure_rate": { "max": 0 } } } ] }
2019-07-28 19:05:22.588 1842 RALLYDEBUG rally_openstack.contexts.keystone.users [-] Creating 3 tenants using 20 threads
2019-07-28 19:05:24.524 1842 RALLYDEBUG rally_openstack.contexts.keystone.users [-] Creating 6 users using 20 threads
2019-07-28 19:05:27.388 1842 INFO rally.task.context [-] Task 4b616866-9db1-44a8-8625-c2456282d649 | Context users@openstack setup() finished in 4.80 sec
2019-07-28 19:05:27.808 1842 INFO rally.task.context [-] Task 4b616866-9db1-44a8-8625-c2456282d649 | Context api_versions@openstack setup() finished in 0.42 sec
2019-07-28 19:05:27.809 1842 INFO rally.task.context [-] Task 4b616866-9db1-44a8-8625-c2456282d649 | Context admin_cleanup@openstack setup() finished in 0.01 msec
