2019-07-28 19:08:45.940 6543 RALLYDEBUG rally.api [-] INFO logs from urllib3 and requests module are hide.
2019-07-28 19:08:45.940 6543 RALLYDEBUG rally.api [-] urllib3 insecure warnings are hidden.
2019-07-28 19:08:45.940 6543 RALLYDEBUG rally.api [-] ERROR log from boto module is hide.
2019-07-28 19:08:47.293 6543 INFO rally.task.engine [-] Task 2533b8c3-df1a-4218-bc52-1fb998e244a0 | Starting: Task validation.
2019-07-28 19:08:47.326 6543 INFO rally.task.engine [-] Task 2533b8c3-df1a-4218-bc52-1fb998e244a0 | Starting: Task validation of syntax.
2019-07-28 19:08:47.435 6543 INFO rally.task.engine [-] Task 2533b8c3-df1a-4218-bc52-1fb998e244a0 | Completed: Task validation of syntax.
2019-07-28 19:08:47.436 6543 INFO rally.task.engine [-] Task 2533b8c3-df1a-4218-bc52-1fb998e244a0 | Starting: Task validation of required platforms.
2019-07-28 19:08:47.498 6543 INFO rally.task.engine [-] Task 2533b8c3-df1a-4218-bc52-1fb998e244a0 | Completed: Task validation of required platforms.
2019-07-28 19:08:47.498 6543 INFO rally.task.engine [-] Task 2533b8c3-df1a-4218-bc52-1fb998e244a0 | Starting: Task validation of semantic.
2019-07-28 19:08:47.498 6543 INFO rally.task.engine [-] Check health of the environment 'd1604149-a3ed-4a67-8d3a-8dc73a7af746'.
2019-07-28 19:08:48.330 6543 INFO rally.task.engine [-] Platform existing@openstack (available: True): OK!
2019-07-28 19:08:48.347 6543 RALLYDEBUG rally_openstack.contexts.keystone.users [-] Creating 1 tenants using 20 threads
2019-07-28 19:08:50.358 6543 RALLYDEBUG rally_openstack.contexts.keystone.users [-] Creating 1 users using 20 threads
2019-07-28 19:08:53.103 6543 INFO rally.task.context [-] Task 2533b8c3-df1a-4218-bc52-1fb998e244a0 | Context users@openstack setup() finished in 4.76 sec
2019-07-28 19:09:00.464 6543 INFO rally.task.context [-] Task 2533b8c3-df1a-4218-bc52-1fb998e244a0 | Context users@openstack cleanup() started
2019-07-28 19:09:05.860 6543 INFO rally.task.context [-] Task 2533b8c3-df1a-4218-bc52-1fb998e244a0 | Context users@openstack cleanup() finished in 5.40 sec
2019-07-28 19:09:05.861 6543 INFO rally.task.engine [-] Task 2533b8c3-df1a-4218-bc52-1fb998e244a0 | Completed: Task validation of semantic.
2019-07-28 19:09:05.861 6543 INFO rally.task.engine [-] Task 2533b8c3-df1a-4218-bc52-1fb998e244a0 | Completed: Task validation.
2019-07-28 19:09:05.861 6543 INFO rally.api [-] Task 2533b8c3-df1a-4218-bc52-1fb998e244a0 input file is valid.
2019-07-28 19:09:05.861 6543 INFO rally.api [-] Run Task 2533b8c3-df1a-4218-bc52-1fb998e244a0 against Deployment d1604149-a3ed-4a67-8d3a-8dc73a7af746
2019-07-28 19:09:05.862 6543 INFO rally.task.engine [-] Task 2533b8c3-df1a-4218-bc52-1fb998e244a0 | Starting: Running task.
2019-07-28 19:09:05.991 6543 INFO rally.task.engine [-] Running workload: position = 0 config = { "version": 2, "title": "A cropped version of a bigger task.", "description": "Auto-generated task from a single workload (uuid=166fc0bb-1bed-4ad0-9bc0-8f5e68cb7f46)", "subtasks": [ { "title": "Gnocchi.list_capabilities", "description": "List supported aggregation methods.", "scenario": { "Gnocchi.list_capabilities": {} }, "contexts": { "users": { "tenants": 3, "users_per_tenant": 2 } }, "runner": { "constant": { "concurrency": 4, "times": 10 } }, "hooks": [], "sla": { "failure_rate": { "max": 0 } } } ] }
2019-07-28 19:09:06.009 6543 RALLYDEBUG rally_openstack.contexts.keystone.users [-] Creating 3 tenants using 20 threads
2019-07-28 19:09:07.926 6543 RALLYDEBUG rally_openstack.contexts.keystone.users [-] Creating 6 users using 20 threads
2019-07-28 19:09:10.766 6543 INFO rally.task.context [-] Task 2533b8c3-df1a-4218-bc52-1fb998e244a0 | Context users@openstack setup() finished in 4.76 sec
2019-07-28 19:09:10.773 6543 RALLYDEBUG rally.task.runner [-] Starting the constant runner (task UUID: 2533b8c3-df1a-4218-bc52-1fb998e244a0). timeout: 0 concurrency: 4 concurrency_per_worker: 1 times: 10 concurrency_overhead: 0 processes_to_start: 4 max_cpu_used: 16
2019-07-28 19:09:10.788 6667 RALLYDEBUG rally.task.runner [-] Starting a worker. concurrency: 1 args: {} times: 10 method_name: run timeout: 0 duration: None cls:
2019-07-28 19:09:10.789 6668 RALLYDEBUG rally.task.runner [-] Starting a worker. concurrency: 1 args: {} times: 10 method_name: run timeout: 0 duration: None cls:
2019-07-28 19:09:10.791 6669 RALLYDEBUG rally.task.runner [-] Starting a worker. concurrency: 1 args: {} times: 10 method_name: run timeout: 0 duration: None cls:
2019-07-28 19:09:10.794 6667 INFO rally.task.runner [-] Task 2533b8c3-df1a-4218-bc52-1fb998e244a0 | ITER: 1 START
2019-07-28 19:09:10.795 6668 INFO rally.task.runner [-] Task 2533b8c3-df1a-4218-bc52-1fb998e244a0 | ITER: 2 START
2019-07-28 19:09:10.794 6670 RALLYDEBUG rally.task.runner [-] Starting a worker. concurrency: 1 args: {} times: 10 method_name: run timeout: 0 duration: None cls:
2019-07-28 19:09:10.797 6669 INFO rally.task.runner [-] Task 2533b8c3-df1a-4218-bc52-1fb998e244a0 | ITER: 3 START
2019-07-28 19:09:10.800 6670 INFO rally.task.runner [-] Task 2533b8c3-df1a-4218-bc52-1fb998e244a0 | ITER: 4 START
2019-07-28 19:09:11.498 6668 INFO rally.task.runner [-] Task 2533b8c3-df1a-4218-bc52-1fb998e244a0 | ITER: 2 END: OK
2019-07-28 19:09:11.502 6668 INFO rally.task.runner [-] Task 2533b8c3-df1a-4218-bc52-1fb998e244a0 | ITER: 5 START
2019-07-28 19:09:11.525 6670 INFO rally.task.runner [-] Task 2533b8c3-df1a-4218-bc52-1fb998e244a0 | ITER: 4 END: OK
2019-07-28 19:09:11.528 6670 INFO rally.task.runner [-] Task 2533b8c3-df1a-4218-bc52-1fb998e244a0 | ITER: 6 START
2019-07-28 19:09:11.550 6667 INFO rally.task.runner [-] Task 2533b8c3-df1a-4218-bc52-1fb998e244a0 | ITER: 1 END: OK
2019-07-28 19:09:11.554 6667 INFO rally.task.runner [-] Task 2533b8c3-df1a-4218-bc52-1fb998e244a0 | ITER: 7 START
2019-07-28 19:09:11.600 6669 INFO rally.task.runner [-] Task 2533b8c3-df1a-4218-bc52-1fb998e244a0 | ITER: 3 END: OK
2019-07-28 19:09:11.605 6669 INFO rally.task.runner [-] Task 2533b8c3-df1a-4218-bc52-1fb998e244a0 | ITER: 8 START
2019-07-28 19:09:12.258 6668 INFO rally.task.runner [-] Task 2533b8c3-df1a-4218-bc52-1fb998e244a0 | ITER: 5 END: OK
2019-07-28 19:09:12.262 6668 INFO rally.task.runner [-] Task 2533b8c3-df1a-4218-bc52-1fb998e244a0 | ITER: 9 START
2019-07-28 19:09:12.275 6667 INFO rally.task.runner [-] Task 2533b8c3-df1a-4218-bc52-1fb998e244a0 | ITER: 7 END: OK
2019-07-28 19:09:12.279 6667 INFO rally.task.runner [-] Task 2533b8c3-df1a-4218-bc52-1fb998e244a0 | ITER: 10 START
2019-07-28 19:09:12.337 6669 INFO rally.task.runner [-] Task 2533b8c3-df1a-4218-bc52-1fb998e244a0 | ITER: 8 END: OK
2019-07-28 19:09:12.347 6670 INFO rally.task.runner [-] Task 2533b8c3-df1a-4218-bc52-1fb998e244a0 | ITER: 6 END: OK
2019-07-28 19:09:12.907 6668 INFO rally.task.runner [-] Task 2533b8c3-df1a-4218-bc52-1fb998e244a0 | ITER: 9 END: OK
2019-07-28 19:09:12.999 6667 INFO rally.task.runner [-] Task 2533b8c3-df1a-4218-bc52-1fb998e244a0 | ITER: 10 END: OK
2019-07-28 19:09:13.020 6543 INFO rally.task.context [-] Task 2533b8c3-df1a-4218-bc52-1fb998e244a0 | Context users@openstack cleanup() started
2019-07-28 19:09:21.567 6543 INFO rally.task.context [-] Task 2533b8c3-df1a-4218-bc52-1fb998e244a0 | Context users@openstack cleanup() finished in 8.55 sec
2019-07-28 19:09:22.075 6543 INFO rally.task.engine [-] Load duration is: 2.203004
2019-07-28 19:09:22.076 6543 INFO rally.task.engine [-] Full runner duration is: 2.247764
2019-07-28 19:09:22.076 6543 INFO rally.task.engine [-] Full duration is: 15.55974
2019-07-28 19:09:22.306 6543 INFO rally.task.engine [-] Running workload: position = 0 config = { "version": 2, "title": "A cropped version of a bigger task.", "description": "Auto-generated task from a single workload (uuid=670fa38d-c2aa-4342-8961-92d3dc41a783)", "subtasks": [ { "title": "Gnocchi.get_status", "description": "Get the status of measurements processing.", "scenario": { "Gnocchi.get_status": { "detailed": false } }, "contexts": { "users": { "tenants": 3, "users_per_tenant": 2 } }, "runner": { "constant": { "concurrency": 4, "times": 10 } }, "hooks": [], "sla": { "failure_rate": { "max": 0 } } } ] }
2019-07-28 19:09:22.327 6543 RALLYDEBUG rally_openstack.contexts.keystone.users [-] Creating 3 tenants using 20 threads
2019-07-28 19:09:24.232 6543 RALLYDEBUG rally_openstack.contexts.keystone.users [-] Creating 6 users using 20 threads
2019-07-28 19:09:27.031 6543 INFO rally.task.context [-] Task 2533b8c3-df1a-4218-bc52-1fb998e244a0 | Context users@openstack setup() finished in 4.70 sec
2019-07-28 19:09:27.041 6543 RALLYDEBUG rally.task.runner [-] Starting the constant runner (task UUID: 2533b8c3-df1a-4218-bc52-1fb998e244a0). timeout: 0 concurrency: 4 concurrency_per_worker: 1 times: 10 concurrency_overhead: 0 processes_to_start: 4 max_cpu_used: 16
2019-07-28 19:09:27.053 6771 RALLYDEBUG rally.task.runner [-] Starting a worker. concurrency: 1 args: {"detailed": false} times: 10 method_name: run timeout: 0 duration: None cls:
2019-07-28 19:09:27.056 6772 RALLYDEBUG rally.task.runner [-] Starting a worker. concurrency: 1 args: {"detailed": false} times: 10 method_name: run timeout: 0 duration: None cls:
2019-07-28 19:09:27.059 6771 INFO rally.task.runner [-] Task 2533b8c3-df1a-4218-bc52-1fb998e244a0 | ITER: 1 START
2019-07-28 19:09:27.059 6773 RALLYDEBUG rally.task.runner [-] Starting a worker. concurrency: 1 args: {"detailed": false} times: 10 method_name: run timeout: 0 duration: None cls:
2019-07-28 19:09:27.062 6772 INFO rally.task.runner [-] Task 2533b8c3-df1a-4218-bc52-1fb998e244a0 | ITER: 2 START
2019-07-28 19:09:27.061 6774 RALLYDEBUG rally.task.runner [-] Starting a worker. concurrency: 1 args: {"detailed": false} times: 10 method_name: run timeout: 0 duration: None cls:
2019-07-28 19:09:27.065 6773 INFO rally.task.runner [-] Task 2533b8c3-df1a-4218-bc52-1fb998e244a0 | ITER: 3 START
2019-07-28 19:09:27.067 6774 INFO rally.task.runner [-] Task 2533b8c3-df1a-4218-bc52-1fb998e244a0 | ITER: 4 START
2019-07-28 19:09:27.811 6773 INFO rally.task.runner [-] Task 2533b8c3-df1a-4218-bc52-1fb998e244a0 | ITER: 3 END: OK
2019-07-28 19:09:27.812 6772 INFO rally.task.runner [-] Task 2533b8c3-df1a-4218-bc52-1fb998e244a0 | ITER: 2 END: OK
2019-07-28 19:09:27.815 6773 INFO rally.task.runner [-] Task 2533b8c3-df1a-4218-bc52-1fb998e244a0 | ITER: 5 START
2019-07-28 19:09:27.815 6772 INFO rally.task.runner [-] Task 2533b8c3-df1a-4218-bc52-1fb998e244a0 | ITER: 6 START
2019-07-28 19:09:27.824 6774 INFO rally.task.runner [-] Task 2533b8c3-df1a-4218-bc52-1fb998e244a0 | ITER: 4 END: OK
2019-07-28 19:09:27.828 6774 INFO rally.task.runner [-] Task 2533b8c3-df1a-4218-bc52-1fb998e244a0 | ITER: 7 START
2019-07-28 19:09:27.950 6771 INFO rally.task.runner [-] Task 2533b8c3-df1a-4218-bc52-1fb998e244a0 | ITER: 1 END: OK
2019-07-28 19:09:27.953 6771 INFO rally.task.runner [-] Task 2533b8c3-df1a-4218-bc52-1fb998e244a0 | ITER: 8 START
2019-07-28 19:09:28.554 6772 INFO rally.task.runner [-] Task 2533b8c3-df1a-4218-bc52-1fb998e244a0 | ITER: 6 END: OK
2019-07-28 19:09:28.556 6773 INFO rally.task.runner [-] Task 2533b8c3-df1a-4218-bc52-1fb998e244a0 | ITER: 5 END: OK
2019-07-28 19:09:28.557 6772 INFO rally.task.runner [-] Task 2533b8c3-df1a-4218-bc52-1fb998e244a0 | ITER: 9 START
2019-07-28 19:09:28.560 6773 INFO rally.task.runner [-] Task 2533b8c3-df1a-4218-bc52-1fb998e244a0 | ITER: 10 START
2019-07-28 19:09:28.673 6774 INFO rally.task.runner [-] Task 2533b8c3-df1a-4218-bc52-1fb998e244a0 | ITER: 7 END: OK
2019-07-28 19:09:28.687 6771 INFO rally.task.runner [-] Task 2533b8c3-df1a-4218-bc52-1fb998e244a0 | ITER: 8 END: OK
2019-07-28 19:09:29.283 6773 INFO rally.task.runner [-] Task 2533b8c3-df1a-4218-bc52-1fb998e244a0 | ITER: 10 END: OK
2019-07-28 19:09:29.305 6772 INFO rally.task.runner [-] Task 2533b8c3-df1a-4218-bc52-1fb998e244a0 | ITER: 9 END: OK
2019-07-28 19:09:29.326 6543 INFO rally.task.context [-] Task 2533b8c3-df1a-4218-bc52-1fb998e244a0 | Context users@openstack cleanup() started
2019-07-28 19:09:37.651 6543 INFO rally.task.context [-] Task 2533b8c3-df1a-4218-bc52-1fb998e244a0 | Context users@openstack cleanup() finished in 8.32 sec
2019-07-28 19:09:38.416 6543 INFO rally.task.engine [-] Load duration is: 2.244567
2019-07-28 19:09:38.417 6543 INFO rally.task.engine [-] Full runner duration is: 2.285666
2019-07-28 19:09:38.417 6543 INFO rally.task.engine [-] Full duration is: 15.325448
2019-07-28 19:09:38.662 6543 INFO rally.task.engine [-] Running workload: position = 0 config = { "version": 2, "title": "A cropped version of a bigger task.", "description": "Auto-generated task from a single workload (uuid=afc024c2-c9f4-43b7-90a1-2606ba9fc4f6)", "subtasks": [ { "title": "GnocchiArchivePolicyRule.list_archive_policy_rule", "description": "List archive policy rules.", "scenario": { "GnocchiArchivePolicyRule.list_archive_policy_rule": {} }, "contexts": { "users": { "tenants": 3, "users_per_tenant": 2 } }, "runner": { "constant": { "concurrency": 4, "times": 10 } }, "hooks": [], "sla": { "failure_rate": { "max": 0 } } } ] }
2019-07-28 19:09:38.684 6543 RALLYDEBUG rally_openstack.contexts.keystone.users [-] Creating 3 tenants using 20 threads
2019-07-28 19:09:40.645 6543 RALLYDEBUG rally_openstack.contexts.keystone.users [-] Creating 6 users using 20 threads
2019-07-28 19:09:43.485 6543 INFO rally.task.context [-] Task 2533b8c3-df1a-4218-bc52-1fb998e244a0 | Context users@openstack setup() finished in 4.80 sec
2019-07-28 19:09:43.493 6543 RALLYDEBUG rally.task.runner [-] Starting the constant runner (task UUID: 2533b8c3-df1a-4218-bc52-1fb998e244a0). timeout: 0 concurrency: 4 concurrency_per_worker: 1 times: 10 concurrency_overhead: 0 processes_to_start: 4 max_cpu_used: 16
2019-07-28 19:09:43.505 6875 RALLYDEBUG rally.task.runner [-] Starting a worker. concurrency: 1 args: {} times: 10 method_name: run timeout: 0 duration: None cls:
2019-07-28 19:09:43.508 6876 RALLYDEBUG rally.task.runner [-] Starting a worker. concurrency: 1 args: {} times: 10 method_name: run timeout: 0 duration: None cls:
2019-07-28 19:09:43.510 6877 RALLYDEBUG rally.task.runner [-] Starting a worker. concurrency: 1 args: {} times: 10 method_name: run timeout: 0 duration: None cls:
2019-07-28 19:09:43.511 6875 INFO rally.task.runner [-] Task 2533b8c3-df1a-4218-bc52-1fb998e244a0 | ITER: 1 START
2019-07-28 19:09:43.512 6878 RALLYDEBUG rally.task.runner [-] Starting a worker. concurrency: 1 args: {} times: 10 method_name: run timeout: 0 duration: None cls:
2019-07-28 19:09:43.514 6876 INFO rally.task.runner [-] Task 2533b8c3-df1a-4218-bc52-1fb998e244a0 | ITER: 2 START
2019-07-28 19:09:43.516 6877 INFO rally.task.runner [-] Task 2533b8c3-df1a-4218-bc52-1fb998e244a0 | ITER: 3 START
2019-07-28 19:09:43.517 6878 INFO rally.task.runner [-] Task 2533b8c3-df1a-4218-bc52-1fb998e244a0 | ITER: 4 START
2019-07-28 19:09:44.411 6876 INFO rally.task.runner [-] Task 2533b8c3-df1a-4218-bc52-1fb998e244a0 | ITER: 2 END: OK
2019-07-28 19:09:44.415 6876 INFO rally.task.runner [-] Task 2533b8c3-df1a-4218-bc52-1fb998e244a0 | ITER: 5 START
2019-07-28 19:09:44.418 6875 INFO rally.task.runner [-] Task 2533b8c3-df1a-4218-bc52-1fb998e244a0 | ITER: 1 END: OK
2019-07-28 19:09:44.422 6875 INFO rally.task.runner [-] Task 2533b8c3-df1a-4218-bc52-1fb998e244a0 | ITER: 6 START
2019-07-28 19:09:44.450 6878 INFO rally.task.runner [-] Task 2533b8c3-df1a-4218-bc52-1fb998e244a0 | ITER: 4 END: OK
2019-07-28 19:09:44.454 6878 INFO rally.task.runner [-] Task 2533b8c3-df1a-4218-bc52-1fb998e244a0 | ITER: 7 START
2019-07-28 19:09:44.510 6877 INFO rally.task.runner [-] Task 2533b8c3-df1a-4218-bc52-1fb998e244a0 | ITER: 3 END: OK
2019-07-28 19:09:44.513 6877 INFO rally.task.runner [-] Task 2533b8c3-df1a-4218-bc52-1fb998e244a0 | ITER: 8 START
2019-07-28 19:09:45.129 6876 INFO rally.task.runner [-] Task 2533b8c3-df1a-4218-bc52-1fb998e244a0 | ITER: 5 END: OK
2019-07-28 19:09:45.131 6875 INFO rally.task.runner [-] Task 2533b8c3-df1a-4218-bc52-1fb998e244a0 | ITER: 6 END: OK
2019-07-28 19:09:45.133 6876 INFO rally.task.runner [-] Task 2533b8c3-df1a-4218-bc52-1fb998e244a0 | ITER: 9 START
2019-07-28 19:09:45.134 6875 INFO rally.task.runner [-] Task 2533b8c3-df1a-4218-bc52-1fb998e244a0 | ITER: 10 START
2019-07-28 19:09:45.134 6877 INFO rally.task.runner [-] Task 2533b8c3-df1a-4218-bc52-1fb998e244a0 | ITER: 8 END: OK
2019-07-28 19:09:45.161 6878 INFO rally.task.runner [-] Task 2533b8c3-df1a-4218-bc52-1fb998e244a0 | ITER: 7 END: OK
2019-07-28 19:09:45.823 6875 INFO rally.task.runner [-] Task 2533b8c3-df1a-4218-bc52-1fb998e244a0 | ITER: 10 END: OK
2019-07-28 19:09:45.831 6876 INFO rally.task.runner [-] Task 2533b8c3-df1a-4218-bc52-1fb998e244a0 | ITER: 9 END: OK
2019-07-28 19:09:45.867 6543 INFO rally.task.context [-] Task 2533b8c3-df1a-4218-bc52-1fb998e244a0 | Context users@openstack cleanup() started
2019-07-28 19:09:54.388 6543 INFO rally.task.context [-] Task 2533b8c3-df1a-4218-bc52-1fb998e244a0 | Context users@openstack cleanup() finished in 8.52 sec
2019-07-28 19:09:54.814 6543 INFO rally.task.engine [-] Load duration is: 2.318355
2019-07-28 19:09:54.815 6543 INFO rally.task.engine [-] Full runner duration is: 2.374463
2019-07-28 19:09:54.815 6543 INFO rally.task.engine [-] Full duration is: 15.706041
2019-07-28 19:09:55.055 6543 INFO rally.task.engine [-] Running workload: position = 0 config = { "version": 2, "title": "A cropped version of a bigger task.", "description": "Auto-generated task from a single workload (uuid=b16bcd57-ea4e-4b11-97bd-0c2b4c0e245f)", "subtasks": [ { "title": "GnocchiArchivePolicyRule.create_archive_policy_rule", "description": "Create archive policy rule.", "scenario": { "GnocchiArchivePolicyRule.create_archive_policy_rule": { "metric_pattern": "cpu_*", "archive_policy_name": "low" } }, "contexts": { "users": { "tenants": 3, "users_per_tenant": 2 } }, "runner": { "constant": { "concurrency": 4, "times": 10 } }, "hooks": [], "sla": { "failure_rate": { "max": 0 } } } ] }
2019-07-28 19:09:55.076 6543 RALLYDEBUG rally_openstack.contexts.keystone.users [-] Creating 3 tenants using 20 threads
2019-07-28 19:09:56.969 6543 RALLYDEBUG rally_openstack.contexts.keystone.users [-] Creating 6 users using 20 threads
2019-07-28 19:09:59.746 6543 INFO rally.task.context [-] Task 2533b8c3-df1a-4218-bc52-1fb998e244a0 | Context users@openstack setup() finished in 4.67 sec
2019-07-28 19:09:59.747 6543 INFO rally.task.context [-] Task 2533b8c3-df1a-4218-bc52-1fb998e244a0 | Context admin_cleanup@openstack setup() finished in 0.01 msec
2019-07-28 19:09:59.754 6543 RALLYDEBUG rally.task.runner [-] Starting the constant runner (task UUID: 2533b8c3-df1a-4218-bc52-1fb998e244a0). timeout: 0 concurrency: 4 concurrency_per_worker: 1 times: 10 concurrency_overhead: 0 processes_to_start: 4 max_cpu_used: 16
2019-07-28 19:09:59.767 6979 RALLYDEBUG rally.task.runner [-] Starting a worker. concurrency: 1 args: {"metric_pattern": "cpu_*", "archive_policy_name": "low"} times: 10 method_name: run timeout: 0 duration: None cls:
2019-07-28 19:09:59.767 6980 RALLYDEBUG rally.task.runner [-] Starting a worker. concurrency: 1 args: {"metric_pattern": "cpu_*", "archive_policy_name": "low"} times: 10 method_name: run timeout: 0 duration: None cls:
2019-07-28 19:09:59.772 6980 INFO rally.task.runner [-] Task 2533b8c3-df1a-4218-bc52-1fb998e244a0 | ITER: 2 START
2019-07-28 19:09:59.772 6979 INFO rally.task.runner [-] Task 2533b8c3-df1a-4218-bc52-1fb998e244a0 | ITER: 1 START
2019-07-28 19:09:59.772 6981 RALLYDEBUG rally.task.runner [-] Starting a worker. concurrency: 1 args: {"metric_pattern": "cpu_*", "archive_policy_name": "low"} times: 10 method_name: run timeout: 0 duration: None cls:
2019-07-28 19:09:59.775 6982 RALLYDEBUG rally.task.runner [-] Starting a worker. concurrency: 1 args: {"metric_pattern": "cpu_*", "archive_policy_name": "low"} times: 10 method_name: run timeout: 0 duration: None cls:
2019-07-28 19:09:59.779 6981 INFO rally.task.runner [-] Task 2533b8c3-df1a-4218-bc52-1fb998e244a0 | ITER: 3 START
2019-07-28 19:09:59.781 6982 INFO rally.task.runner [-] Task 2533b8c3-df1a-4218-bc52-1fb998e244a0 | ITER: 4 START
2019-07-28 19:10:00.511 6979 INFO rally.task.runner [-] Task 2533b8c3-df1a-4218-bc52-1fb998e244a0 | ITER: 1 END: OK
2019-07-28 19:10:00.515 6979 INFO rally.task.runner [-] Task 2533b8c3-df1a-4218-bc52-1fb998e244a0 | ITER: 5 START
2019-07-28 19:10:00.529 6981 INFO rally.task.runner [-] Task 2533b8c3-df1a-4218-bc52-1fb998e244a0 | ITER: 3 END: OK
2019-07-28 19:10:00.533 6981 INFO rally.task.runner [-] Task 2533b8c3-df1a-4218-bc52-1fb998e244a0 | ITER: 6 START
2019-07-28 19:10:00.553 6980 INFO rally.task.runner [-] Task 2533b8c3-df1a-4218-bc52-1fb998e244a0 | ITER: 2 END: OK
2019-07-28 19:10:00.558 6980 INFO rally.task.runner [-] Task 2533b8c3-df1a-4218-bc52-1fb998e244a0 | ITER: 7 START
2019-07-28 19:10:00.613 6982 INFO rally.task.runner [-] Task 2533b8c3-df1a-4218-bc52-1fb998e244a0 | ITER: 4 END: OK
2019-07-28 19:10:00.616 6982 INFO rally.task.runner [-] Task 2533b8c3-df1a-4218-bc52-1fb998e244a0 | ITER: 8 START
2019-07-28 19:10:01.285 6981 INFO rally.task.runner [-] Task 2533b8c3-df1a-4218-bc52-1fb998e244a0 | ITER: 6 END: OK
2019-07-28 19:10:01.288 6981 INFO rally.task.runner [-] Task 2533b8c3-df1a-4218-bc52-1fb998e244a0 | ITER: 9 START
2019-07-28 19:10:01.302 6980 INFO rally.task.runner [-] Task 2533b8c3-df1a-4218-bc52-1fb998e244a0 | ITER: 7 END: OK
2019-07-28 19:10:01.306 6980 INFO rally.task.runner [-] Task 2533b8c3-df1a-4218-bc52-1fb998e244a0 | ITER: 10 START
2019-07-28 19:10:01.349 6982 INFO rally.task.runner [-] Task 2533b8c3-df1a-4218-bc52-1fb998e244a0 | ITER: 8 END: OK
2019-07-28 19:10:01.386 6979 INFO rally.task.runner [-] Task 2533b8c3-df1a-4218-bc52-1fb998e244a0 | ITER: 5 END: OK
2019-07-28 19:10:02.055 6981 INFO rally.task.runner [-] Task 2533b8c3-df1a-4218-bc52-1fb998e244a0 | ITER: 9 END: OK
2019-07-28 19:10:02.067 6980 INFO rally.task.runner [-] Task 2533b8c3-df1a-4218-bc52-1fb998e244a0 | ITER: 10 END: OK
2019-07-28 19:10:02.093 6543 INFO rally.task.context [-] Task 2533b8c3-df1a-4218-bc52-1fb998e244a0 | Context admin_cleanup@openstack cleanup() started
2019-07-28 19:10:02.096 6543 RALLYDEBUG rally_openstack.cleanup.manager [-] Cleaning up gnocchi archive_policy_rule objects
2019-07-28 19:10:02.864 6543 RALLYDEBUG rally_openstack.cleanup.manager [-] Deleting gnocchi.archive_policy_rule object s_rally_b16bcd57_aJtmhQys (s_rally_b16bcd57_aJtmhQys)
2019-07-28 19:10:02.864 6543 RALLYDEBUG rally_openstack.cleanup.manager [-] Deleting gnocchi.archive_policy_rule object s_rally_b16bcd57_sBPMzEfI (s_rally_b16bcd57_sBPMzEfI)
2019-07-28 19:10:02.868 6543 RALLYDEBUG rally_openstack.cleanup.manager [-] Deleting gnocchi.archive_policy_rule object s_rally_b16bcd57_xpztGQ08 (s_rally_b16bcd57_xpztGQ08)
2019-07-28 19:10:02.877 6543 RALLYDEBUG rally_openstack.cleanup.manager [-] Deleting gnocchi.archive_policy_rule object s_rally_b16bcd57_B13wGWN9 (s_rally_b16bcd57_B13wGWN9)
2019-07-28 19:10:02.883 6543 RALLYDEBUG rally_openstack.cleanup.manager [-] Deleting gnocchi.archive_policy_rule object s_rally_b16bcd57_OUdwMCsg (s_rally_b16bcd57_OUdwMCsg)
2019-07-28 19:10:02.889 6543 RALLYDEBUG rally_openstack.cleanup.manager [-] Deleting gnocchi.archive_policy_rule object s_rally_b16bcd57_FxZL5n2W (s_rally_b16bcd57_FxZL5n2W)
2019-07-28 19:10:02.897 6543 RALLYDEBUG rally_openstack.cleanup.manager [-] Deleting gnocchi.archive_policy_rule object s_rally_b16bcd57_mQW6K4nv (s_rally_b16bcd57_mQW6K4nv)
2019-07-28 19:10:02.903 6543 RALLYDEBUG rally_openstack.cleanup.manager [-] Deleting gnocchi.archive_policy_rule object s_rally_b16bcd57_1r4kJaiF (s_rally_b16bcd57_1r4kJaiF)
2019-07-28 19:10:02.906 6543 RALLYDEBUG rally_openstack.cleanup.manager [-] Deleting gnocchi.archive_policy_rule object s_rally_b16bcd57_cs7A72hx (s_rally_b16bcd57_cs7A72hx)
2019-07-28 19:10:02.916 6543 RALLYDEBUG rally_openstack.cleanup.manager [-] Deleting gnocchi.archive_policy_rule object s_rally_b16bcd57_cb1fujxC (s_rally_b16bcd57_cb1fujxC)
2019-07-28 19:10:05.241 6543 INFO rally.task.context [-] Task 2533b8c3-df1a-4218-bc52-1fb998e244a0 | Context admin_cleanup@openstack cleanup() finished in 3.15 sec
2019-07-28 19:10:05.241 6543 INFO rally.task.context [-] Task 2533b8c3-df1a-4218-bc52-1fb998e244a0 | Context users@openstack cleanup() started
2019-07-28 19:10:13.309 6543 INFO rally.task.context [-] Task 2533b8c3-df1a-4218-bc52-1fb998e244a0 | Context users@openstack cleanup() finished in 8.07 sec
2019-07-28 19:10:15.182 6543 INFO rally.task.engine [-] Load duration is: 2.293888
2019-07-28 19:10:15.182 6543 INFO rally.task.engine [-] Full runner duration is: 2.339469
2019-07-28 19:10:15.183 6543 INFO rally.task.engine [-] Full duration is: 18.23776
2019-07-28 19:10:15.396 6543 INFO rally.task.engine [-] Running workload: position = 0 config = { "version": 2, "title": "A cropped version of a bigger task.", "description": "Auto-generated task from a single workload (uuid=10313726-65e6-4f01-bad5-e364eba13265)", "subtasks": [ { "title": "GnocchiArchivePolicyRule.create_delete_archive_policy_rule", "description": "Create archive policy rule and then delete it.", "scenario": { "GnocchiArchivePolicyRule.create_delete_archive_policy_rule": { "metric_pattern": "cpu_*", "archive_policy_name": "low" } }, "contexts": { "users": { "tenants": 3, "users_per_tenant": 2 } }, "runner": { "constant": { "concurrency": 4, "times": 10 } }, "hooks": [], "sla": { "failure_rate": { "max": 0 } } } ] }
2019-07-28 19:10:15.417 6543 RALLYDEBUG rally_openstack.contexts.keystone.users [-] Creating 3 tenants using 20 threads
2019-07-28 19:10:17.400 6543 RALLYDEBUG rally_openstack.contexts.keystone.users [-] Creating 6 users using 20 threads
2019-07-28 19:10:20.265 6543 INFO rally.task.context [-] Task 2533b8c3-df1a-4218-bc52-1fb998e244a0 | Context users@openstack setup() finished in 4.85 sec
2019-07-28 19:10:20.265 6543 INFO rally.task.context [-] Task 2533b8c3-df1a-4218-bc52-1fb998e244a0 | Context admin_cleanup@openstack setup() finished in 0.01 msec
2019-07-28 19:10:20.273 6543 RALLYDEBUG rally.task.runner [-] Starting the constant runner (task UUID: 2533b8c3-df1a-4218-bc52-1fb998e244a0). timeout: 0 concurrency: 4 concurrency_per_worker: 1 times: 10 concurrency_overhead: 0 processes_to_start: 4 max_cpu_used: 16
2019-07-28 19:10:20.285 7103 RALLYDEBUG rally.task.runner [-] Starting a worker. concurrency: 1 args: {"metric_pattern": "cpu_*", "archive_policy_name": "low"} times: 10 method_name: run timeout: 0 duration: None cls:
2019-07-28 19:10:20.288 7104 RALLYDEBUG rally.task.runner [-] Starting a worker. concurrency: 1 args: {"metric_pattern": "cpu_*", "archive_policy_name": "low"} times: 10 method_name: run timeout: 0 duration: None cls:
2019-07-28 19:10:20.291 7105 RALLYDEBUG rally.task.runner [-] Starting a worker. concurrency: 1 args: {"metric_pattern": "cpu_*", "archive_policy_name": "low"} times: 10 method_name: run timeout: 0 duration: None cls:
2019-07-28 19:10:20.292 7103 INFO rally.task.runner [-] Task 2533b8c3-df1a-4218-bc52-1fb998e244a0 | ITER: 1 START
2019-07-28 19:10:20.294 7104 INFO rally.task.runner [-] Task 2533b8c3-df1a-4218-bc52-1fb998e244a0 | ITER: 2 START
2019-07-28 19:10:20.293 7106 RALLYDEBUG rally.task.runner [-] Starting a worker. concurrency: 1 args: {"metric_pattern": "cpu_*", "archive_policy_name": "low"} times: 10 method_name: run timeout: 0 duration: None cls:
2019-07-28 19:10:20.297 7105 INFO rally.task.runner [-] Task 2533b8c3-df1a-4218-bc52-1fb998e244a0 | ITER: 3 START
2019-07-28 19:10:20.299 7106 INFO rally.task.runner [-] Task 2533b8c3-df1a-4218-bc52-1fb998e244a0 | ITER: 4 START
2019-07-28 19:10:21.325 7103 INFO rally.task.runner [-] Task 2533b8c3-df1a-4218-bc52-1fb998e244a0 | ITER: 1 END: OK
2019-07-28 19:10:21.329 7103 INFO rally.task.runner [-] Task 2533b8c3-df1a-4218-bc52-1fb998e244a0 | ITER: 5 START
2019-07-28 19:10:21.336 7105 INFO rally.task.runner [-] Task 2533b8c3-df1a-4218-bc52-1fb998e244a0 | ITER: 3 END: OK
2019-07-28 19:10:21.340 7105 INFO rally.task.runner [-] Task 2533b8c3-df1a-4218-bc52-1fb998e244a0 | ITER: 6 START
2019-07-28 19:10:21.349 7104 INFO rally.task.runner [-] Task 2533b8c3-df1a-4218-bc52-1fb998e244a0 | ITER: 2 END: OK
2019-07-28 19:10:21.352 7104 INFO rally.task.runner [-] Task 2533b8c3-df1a-4218-bc52-1fb998e244a0 | ITER: 7 START
2019-07-28 19:10:21.373 7106 INFO rally.task.runner [-] Task 2533b8c3-df1a-4218-bc52-1fb998e244a0 | ITER: 4 END: OK
2019-07-28 19:10:21.376 7106 INFO rally.task.runner [-] Task 2533b8c3-df1a-4218-bc52-1fb998e244a0 | ITER: 8 START
2019-07-28 19:10:22.373 7104 INFO rally.task.runner [-] Task 2533b8c3-df1a-4218-bc52-1fb998e244a0 | ITER: 7 END: OK
2019-07-28 19:10:22.376 7104 INFO rally.task.runner [-] Task 2533b8c3-df1a-4218-bc52-1fb998e244a0 | ITER: 9 START
2019-07-28 19:10:22.385 7103 INFO rally.task.runner [-] Task 2533b8c3-df1a-4218-bc52-1fb998e244a0 | ITER: 5 END: OK
2019-07-28 19:10:22.388 7103 INFO rally.task.runner [-] Task 2533b8c3-df1a-4218-bc52-1fb998e244a0 | ITER: 10 START
2019-07-28 19:10:22.397 7105 INFO rally.task.runner [-] Task 2533b8c3-df1a-4218-bc52-1fb998e244a0 | ITER: 6 END: OK
2019-07-28 19:10:22.421 7106 INFO rally.task.runner [-] Task 2533b8c3-df1a-4218-bc52-1fb998e244a0 | ITER: 8 END: OK
2019-07-28 19:10:23.337 7104 INFO rally.task.runner [-] Task 2533b8c3-df1a-4218-bc52-1fb998e244a0 | ITER: 9 END: OK
2019-07-28 19:10:23.361 7103 INFO rally.task.runner [-] Task 2533b8c3-df1a-4218-bc52-1fb998e244a0 | ITER: 10 END: OK
2019-07-28 19:10:23.390 6543 INFO rally.task.context [-] Task 2533b8c3-df1a-4218-bc52-1fb998e244a0 | Context admin_cleanup@openstack cleanup() started
2019-07-28 19:10:23.392 6543 RALLYDEBUG rally_openstack.cleanup.manager [-] Cleaning up gnocchi archive_policy_rule objects
2019-07-28 19:10:24.154 6543 INFO rally.task.context [-] Task 2533b8c3-df1a-4218-bc52-1fb998e244a0 | Context admin_cleanup@openstack cleanup() finished in 0.76 sec
2019-07-28 19:10:24.155 6543 INFO rally.task.context [-] Task 2533b8c3-df1a-4218-bc52-1fb998e244a0 | Context users@openstack cleanup() started
2019-07-28 19:10:32.136 6543 INFO rally.task.context [-] Task 2533b8c3-df1a-4218-bc52-1fb998e244a0 | Context users@openstack cleanup() finished in 7.98 sec
2019-07-28 19:10:33.530 6543 INFO rally.task.engine [-] Load duration is: 3.067453
2019-07-28 19:10:33.531 6543 INFO rally.task.engine [-] Full runner duration is: 3.117203
2019-07-28 19:10:33.531 6543 INFO rally.task.engine [-] Full duration is: 16.720796
2019-07-28 19:10:33.762 6543 INFO rally.task.engine [-] Running workload: position = 0 config = { "version": 2, "title": "A cropped version of a bigger task.", "description": "Auto-generated task from a single workload (uuid=d83e7d7c-406f-4e89-a919-693a501b21f3)", "subtasks": [ { "title": "GnocchiArchivePolicy.list_archive_policy", "description": "List archive policies.", "