2019-07-28 19:05:27.816 1842 RALLYDEBUG rally.task.runner [-] Starting the constant runner (task UUID: 4b616866-9db1-44a8-8625-c2456282d649). timeout: 0 concurrency: 4 concurrency_per_worker: 1 times: 10 concurrency_overhead: 0 processes_to_start: 4 max_cpu_used: 16
2019-07-28 19:05:27.829 5110 RALLYDEBUG rally.task.runner [-] Starting a worker. concurrency: 1 args: {"consumer": "both", "write_iops_sec": "10", "read_iops_sec": "1000"} times: 10 method_name: run timeout: 0 duration: None cls:
2019-07-28 19:05:27.832 5111 RALLYDEBUG rally.task.runner [-] Starting a worker. concurrency: 1 args: {"consumer": "both", "write_iops_sec": "10", "read_iops_sec": "1000"} times: 10 method_name: run timeout: 0 duration: None cls:
2019-07-28 19:05:27.835 5112 RALLYDEBUG rally.task.runner [-] Starting a worker. concurrency: 1 args: {"consumer": "both", "write_iops_sec": "10", "read_iops_sec": "1000"} times: 10 method_name: run timeout: 0 duration: None cls:
2019-07-28 19:05:27.836 5110 INFO rally.task.runner [-] Task 4b616866-9db1-44a8-8625-c2456282d649 | ITER: 1 START
2019-07-28 19:05:27.838 5113 RALLYDEBUG rally.task.runner [-] Starting a worker. concurrency: 1 args: {"consumer": "both", "write_iops_sec": "10", "read_iops_sec": "1000"} times: 10 method_name: run timeout: 0 duration: None cls:
2019-07-28 19:05:27.840 5111 INFO rally.task.runner [-] Task 4b616866-9db1-44a8-8625-c2456282d649 | ITER: 2 START
2019-07-28 19:05:27.843 5112 INFO rally.task.runner [-] Task 4b616866-9db1-44a8-8625-c2456282d649 | ITER: 3 START
2019-07-28 19:05:27.845 5113 INFO rally.task.runner [-] Task 4b616866-9db1-44a8-8625-c2456282d649 | ITER: 4 START
2019-07-28 19:05:28.895 5112 INFO rally.task.runner [-] Task 4b616866-9db1-44a8-8625-c2456282d649 | ITER: 3 END: OK
2019-07-28 19:05:28.897 5111 INFO rally.task.runner [-] Task 4b616866-9db1-44a8-8625-c2456282d649 | ITER: 2 END: OK
2019-07-28 19:05:28.900 5112 INFO rally.task.runner [-] Task 4b616866-9db1-44a8-8625-c2456282d649 | ITER: 5 START
2019-07-28 19:05:28.903 5111 INFO rally.task.runner [-] Task 4b616866-9db1-44a8-8625-c2456282d649 | ITER: 6 START
2019-07-28 19:05:28.913 5113 INFO rally.task.runner [-] Task 4b616866-9db1-44a8-8625-c2456282d649 | ITER: 4 END: OK
2019-07-28 19:05:28.918 5113 INFO rally.task.runner [-] Task 4b616866-9db1-44a8-8625-c2456282d649 | ITER: 7 START
2019-07-28 19:05:28.936 5110 INFO rally.task.runner [-] Task 4b616866-9db1-44a8-8625-c2456282d649 | ITER: 1 END: OK
2019-07-28 19:05:28.941 5110 INFO rally.task.runner [-] Task 4b616866-9db1-44a8-8625-c2456282d649 | ITER: 8 START
2019-07-28 19:05:29.927 5113 INFO rally.task.runner [-] Task 4b616866-9db1-44a8-8625-c2456282d649 | ITER: 7 END: OK
2019-07-28 19:05:29.932 5113 INFO rally.task.runner [-] Task 4b616866-9db1-44a8-8625-c2456282d649 | ITER: 9 START
2019-07-28 19:05:29.988 5111 INFO rally.task.runner [-] Task 4b616866-9db1-44a8-8625-c2456282d649 | ITER: 6 END: OK
2019-07-28 19:05:29.994 5111 INFO rally.task.runner [-] Task 4b616866-9db1-44a8-8625-c2456282d649 | ITER: 10 START
2019-07-28 19:05:30.007 5110 INFO rally.task.runner [-] Task 4b616866-9db1-44a8-8625-c2456282d649 | ITER: 8 END: OK
2019-07-28 19:05:30.040 5112 INFO rally.task.runner [-] Task 4b616866-9db1-44a8-8625-c2456282d649 | ITER: 5 END: OK
2019-07-28 19:05:30.910 5113 INFO rally.task.runner [-] Task 4b616866-9db1-44a8-8625-c2456282d649 | ITER: 9 END: OK
2019-07-28 19:05:30.955 5111 INFO rally.task.runner [-] Task 4b616866-9db1-44a8-8625-c2456282d649 | ITER: 10 END: OK
2019-07-28 19:05:30.977 1842 INFO rally.task.context [-] Task 4b616866-9db1-44a8-8625-c2456282d649 | Context admin_cleanup@openstack cleanup() started
2019-07-28 19:05:30.979 1842 RALLYDEBUG rally_openstack.cleanup.manager [-] Cleaning up cinder volume_types objects
2019-07-28 19:05:31.858 1842 RALLYDEBUG rally_openstack.cleanup.manager [-] Cleaning up cinder image_volumes_cache objects
2019-07-28 19:05:33.262 1842 RALLYDEBUG rally_openstack.cleanup.manager [-] Cleaning up cinder quotas objects
2019-07-28 19:05:34.979 1842 RALLYDEBUG rally_openstack.cleanup.manager [-] Cleaning up cinder qos_specs objects
2019-07-28 19:05:35.741 1842 RALLYDEBUG rally_openstack.cleanup.manager [-] Deleting cinder.qos_specs object s_rally_9576d7e1_wzetAWBq (8b7d996f-c89c-4768-86f4-bccf49be0daf)
2019-07-28 19:05:35.748 1842 RALLYDEBUG rally_openstack.cleanup.manager [-] Deleting cinder.qos_specs object s_rally_9576d7e1_GNAaLAUo (8241516b-7194-4527-af60-bd46e8448776)
2019-07-28 19:05:35.756 1842 RALLYDEBUG rally_openstack.cleanup.manager [-] Deleting cinder.qos_specs object s_rally_9576d7e1_t8vTh3Ex (f0f4b4cd-8457-49f0-b697-cedce5ec43ca)
2019-07-28 19:05:35.761 1842 RALLYDEBUG rally_openstack.cleanup.manager [-] Deleting cinder.qos_specs object s_rally_9576d7e1_Yeq3fvtQ (e4965bad-ac26-4969-b9b7-cb0e8919604e)
2019-07-28 19:05:35.766 1842 RALLYDEBUG rally_openstack.cleanup.manager [-] Deleting cinder.qos_specs object s_rally_9576d7e1_hl6IJq8z (b4bafaff-a2dc-4491-8a5a-2be5a6bab237)
2019-07-28 19:05:35.779 1842 RALLYDEBUG rally_openstack.cleanup.manager [-] Deleting cinder.qos_specs object s_rally_9576d7e1_cheuO4yk (cee76655-38a4-46f3-81ce-acc1f2ed37a2)
2019-07-28 19:05:35.780 1842 RALLYDEBUG rally_openstack.cleanup.manager [-] Deleting cinder.qos_specs object s_rally_9576d7e1_OiHy8LQY (a0952036-288e-49d2-9f3e-aa3cbc54ad89)
2019-07-28 19:05:35.800 1842 RALLYDEBUG rally_openstack.cleanup.manager [-] Deleting cinder.qos_specs object s_rally_9576d7e1_Hul87mRU (4d4f0670-cd0f-4246-bb22-0798a343790a)
2019-07-28 19:05:35.800 1842 RALLYDEBUG rally_openstack.cleanup.manager [-] Deleting cinder.qos_specs object s_rally_9576d7e1_JrxNADCg (4c956565-c5a2-43a8-95e0-e1ef500db2ad)
2019-07-28 19:05:35.829 1842 RALLYDEBUG rally_openstack.cleanup.manager [-] Deleting cinder.qos_specs object s_rally_9576d7e1_EpD2KtLW (066b30f7-b2ea-4c2b-bf1c-5f0920185455)
2019-07-28 19:05:38.256 1842 INFO rally.task.context [-] Task 4b616866-9db1-44a8-8625-c2456282d649 | Context admin_cleanup@openstack cleanup() finished in 7.28 sec
2019-07-28 19:05:38.256 1842 INFO rally.task.context [-] Task 4b616866-9db1-44a8-8625-c2456282d649 | Context api_versions@openstack cleanup() started
2019-07-28 19:05:38.257 1842 INFO rally.task.context [-] Task 4b616866-9db1-44a8-8625-c2456282d649 | Context api_versions@openstack cleanup() finished in 0.34 msec
2019-07-28 19:05:38.257 1842 INFO rally.task.context [-] Task 4b616866-9db1-44a8-8625-c2456282d649 | Context users@openstack cleanup() started
2019-07-28 19:05:46.745 1842 INFO rally.task.context [-] Task 4b616866-9db1-44a8-8625-c2456282d649 | Context users@openstack cleanup() finished in 8.49 sec
2019-07-28 19:05:48.715 1842 INFO rally.task.engine [-] Load duration is: 3.115241
2019-07-28 19:05:48.715 1842 INFO rally.task.engine [-] Full runner duration is: 3.161632
2019-07-28 19:05:48.716 1842 INFO rally.task.engine [-] Full duration is: 24.159419
2019-07-28 19:05:48.969 1842 INFO rally.task.engine [-] Running workload: position = 0 config = { "version": 2, "title": "A cropped version of a bigger task.", "description": "Auto-generated task from a single workload (uuid=19017d87-6f8a-4910-a5ab-a993b7d41f5b)", "subtasks": [ { "title": "CinderQos.create_and_list_qos", "description": "Create a qos, then list all qos.", "scenario": { "CinderQos.create_and_list_qos": { "consumer": "both", "write_iops_sec": "10", "read_iops_sec": "1000" } }, "contexts": { "users": { "tenants": 3, "users_per_tenant": 2 }, "api_versions": { "cinder": { "version": 3, "service_type": "volumev3" } } }, "runner": { "constant": { "concurrency": 4, "times": 10 } }, "hooks": [], "sla": { "failure_rate": { "max": 0 } } } ] }
2019-07-28 19:05:48.986 1842 RALLYDEBUG rally_openstack.contexts.keystone.users [-] Creating 3 tenants using 20 threads
2019-07-28 19:05:50.925 1842 RALLYDEBUG rally_openstack.contexts.keystone.users [-] Creating 6 users using 20 threads
2019-07-28 19:05:53.657 1842 INFO rally.task.context [-] Task 4b616866-9db1-44a8-8625-c2456282d649 | Context users@openstack setup() finished in 4.67 sec
2019-07-28 19:05:54.085 1842 INFO rally.task.context [-] Task 4b616866-9db1-44a8-8625-c2456282d649 | Context api_versions@openstack setup() finished in 0.43 sec
2019-07-28 19:05:54.085 1842 INFO rally.task.context [-] Task 4b616866-9db1-44a8-8625-c2456282d649 | Context admin_cleanup@openstack setup() finished in 0.00 msec
2019-07-28 19:05:54.093 1842 RALLYDEBUG rally.task.runner [-] Starting the constant runner (task UUID: 4b616866-9db1-44a8-8625-c2456282d649). timeout: 0 concurrency: 4 concurrency_per_worker: 1 times: 10 concurrency_overhead: 0 processes_to_start: 4 max_cpu_used: 16
2019-07-28 19:05:54.106 5294 RALLYDEBUG rally.task.runner [-] Starting a worker. concurrency: 1 args: {"consumer": "both", "write_iops_sec": "10", "read_iops_sec": "1000"} times: 10 method_name: run timeout: 0 duration: None cls:
2019-07-28 19:05:54.109 5295 RALLYDEBUG rally.task.runner [-] Starting a worker. concurrency: 1 args: {"consumer": "both", "write_iops_sec": "10", "read_iops_sec": "1000"} times: 10 method_name: run timeout: 0 duration: None cls:
2019-07-28 19:05:54.112 5296 RALLYDEBUG rally.task.runner [-] Starting a worker. concurrency: 1 args: {"consumer": "both", "write_iops_sec": "10", "read_iops_sec": "1000"} times: 10 method_name: run timeout: 0 duration: None cls:
2019-07-28 19:05:54.113 5294 INFO rally.task.runner [-] Task 4b616866-9db1-44a8-8625-c2456282d649 | ITER: 1 START
2019-07-28 19:05:54.115 5297 RALLYDEBUG rally.task.runner [-] Starting a worker. concurrency: 1 args: {"consumer": "both", "write_iops_sec": "10", "read_iops_sec": "1000"} times: 10 method_name: run timeout: 0 duration: None cls:
2019-07-28 19:05:54.117 5295 INFO rally.task.runner [-] Task 4b616866-9db1-44a8-8625-c2456282d649 | ITER: 2 START
2019-07-28 19:05:54.120 5296 INFO rally.task.runner [-] Task 4b616866-9db1-44a8-8625-c2456282d649 | ITER: 3 START
2019-07-28 19:05:54.122 5297 INFO rally.task.runner [-] Task 4b616866-9db1-44a8-8625-c2456282d649 | ITER: 4 START
2019-07-28 19:05:55.200 5294 INFO rally.task.runner [-] Task 4b616866-9db1-44a8-8625-c2456282d649 | ITER: 1 END: OK
2019-07-28 19:05:55.205 5294 INFO rally.task.runner [-] Task 4b616866-9db1-44a8-8625-c2456282d649 | ITER: 5 START
2019-07-28 19:05:55.206 5296 INFO rally.task.runner [-] Task 4b616866-9db1-44a8-8625-c2456282d649 | ITER: 3 END: OK
2019-07-28 19:05:55.210 5296 INFO rally.task.runner [-] Task 4b616866-9db1-44a8-8625-c2456282d649 | ITER: 6 START
2019-07-28 19:05:55.290 5295 INFO rally.task.runner [-] Task 4b616866-9db1-44a8-8625-c2456282d649 | ITER: 2 END: OK
2019-07-28 19:05:55.295 5295 INFO rally.task.runner [-] Task 4b616866-9db1-44a8-8625-c2456282d649 | ITER: 7 START
2019-07-28 19:05:55.320 5297 INFO rally.task.runner [-] Task 4b616866-9db1-44a8-8625-c2456282d649 | ITER: 4 END: OK
2019-07-28 19:05:55.325 5297 INFO rally.task.runner [-] Task 4b616866-9db1-44a8-8625-c2456282d649 | ITER: 8 START
2019-07-28 19:05:56.285 5294 INFO rally.task.runner [-] Task 4b616866-9db1-44a8-8625-c2456282d649 | ITER: 5 END: OK
2019-07-28 19:05:56.290 5294 INFO rally.task.runner [-] Task 4b616866-9db1-44a8-8625-c2456282d649 | ITER: 9 START
2019-07-28 19:05:56.306 5297 INFO rally.task.runner [-] Task 4b616866-9db1-44a8-8625-c2456282d649 | ITER: 8 END: OK
2019-07-28 19:05:56.311 5297 INFO rally.task.runner [-] Task 4b616866-9db1-44a8-8625-c2456282d649 | ITER: 10 START
2019-07-28 19:05:56.340 5295 INFO rally.task.runner [-] Task 4b616866-9db1-44a8-8625-c2456282d649 | ITER: 7 END: OK
2019-07-28 19:05:56.398 5296 INFO rally.task.runner [-] Task 4b616866-9db1-44a8-8625-c2456282d649 | ITER: 6 END: OK
2019-07-28 19:05:57.246 5294 INFO rally.task.runner [-] Task 4b616866-9db1-44a8-8625-c2456282d649 | ITER: 9 END: OK
2019-07-28 19:05:57.367 5297 INFO rally.task.runner [-] Task 4b616866-9db1-44a8-8625-c2456282d649 | ITER: 10 END: OK
2019-07-28 19:05:57.396 1842 INFO rally.task.context [-] Task 4b616866-9db1-44a8-8625-c2456282d649 | Context admin_cleanup@openstack cleanup() started
2019-07-28 19:05:57.399 1842 RALLYDEBUG rally_openstack.cleanup.manager [-] Cleaning up cinder volume_types objects
2019-07-28 19:05:58.065 1842 RALLYDEBUG rally_openstack.cleanup.manager [-] Cleaning up cinder image_volumes_cache objects
2019-07-28 19:05:59.342 1842 RALLYDEBUG rally_openstack.cleanup.manager [-] Cleaning up cinder quotas objects
2019-07-28 19:06:00.962 1842 RALLYDEBUG rally_openstack.cleanup.manager [-] Cleaning up cinder qos_specs objects
2019-07-28 19:06:01.727 1842 RALLYDEBUG rally_openstack.cleanup.manager [-] Deleting cinder.qos_specs object s_rally_19017d87_7ZFjbd0I (2129c3d9-ddc0-47a2-8cf7-b2f5e88a2603)
2019-07-28 19:06:01.738 1842 RALLYDEBUG rally_openstack.cleanup.manager [-] Deleting cinder.qos_specs object s_rally_19017d87_xc27MVSR (1007a217-a71a-406e-b85a-9b1bd179a4c5)
2019-07-28 19:06:01.739 1842 RALLYDEBUG rally_openstack.cleanup.manager [-] Deleting cinder.qos_specs object s_rally_19017d87_mwGFgkJn (fb4c24e4-fc0e-4844-8051-75807017720d)
2019-07-28 19:06:01.744 1842 RALLYDEBUG rally_openstack.cleanup.manager [-] Deleting cinder.qos_specs object s_rally_19017d87_hHCAekam (40523deb-1db5-45bd-b2d8-958b2f810721)
2019-07-28 19:06:01.761 1842 RALLYDEBUG rally_openstack.cleanup.manager [-] Deleting cinder.qos_specs object s_rally_19017d87_abbilWlf (a00d8f37-d17a-4919-909d-ae35f7e225db)
2019-07-28 19:06:01.762 1842 RALLYDEBUG rally_openstack.cleanup.manager [-] Deleting cinder.qos_specs object s_rally_19017d87_DnALO1D3 (020df27a-f35d-4ffa-a2b4-c81703727b96)
2019-07-28 19:06:01.779 1842 RALLYDEBUG rally_openstack.cleanup.manager [-] Deleting cinder.qos_specs object s_rally_19017d87_Z2tfPxsd (fbe93fc0-76af-4540-8d45-309b260624e7)
2019-07-28 19:06:01.795 1842 RALLYDEBUG rally_openstack.cleanup.manager [-] Deleting cinder.qos_specs object s_rally_19017d87_tugVo0gW (e299d4a6-643a-4674-9549-562e5566e8e3)
2019-07-28 19:06:01.806 1842 RALLYDEBUG rally_openstack.cleanup.manager [-] Deleting cinder.qos_specs object s_rally_19017d87_Qwxl9QDs (9e37d1ee-f242-4645-89ea-74643498089b)
2019-07-28 19:06:01.822 1842 RALLYDEBUG rally_openstack.cleanup.manager [-] Deleting cinder.qos_specs object s_rally_19017d87_Zvv5i2kq (20dec90b-61da-42e7-9217-b94cd19ec140)
2019-07-28 19:06:04.086 1842 INFO rally.task.context [-] Task 4b616866-9db1-44a8-8625-c2456282d649 | Context admin_cleanup@openstack cleanup() finished in 6.69 sec
2019-07-28 19:06:04.087 1842 INFO rally.task.context [-] Task 4b616866-9db1-44a8-8625-c2456282d649 | Context api_versions@openstack cleanup() started
2019-07-28 19:06:04.087 1842 INFO rally.task.context [-] Task 4b616866-9db1-44a8-8625-c2456282d649 | Context api_versions@openstack cleanup() finished in 0.35 msec
2019-07-28 19:06:04.087 1842 INFO rally.task.context [-] Task 4b616866-9db1-44a8-8625-c2456282d649 | Context users@openstack cleanup() started
2019-07-28 19:06:12.261 1842 INFO rally.task.context [-] Task 4b616866-9db1-44a8-8625-c2456282d649 | Context users@openstack cleanup() finished in 8.17 sec
2019-07-28 19:06:13.101 1842 INFO rally.task.engine [-] Load duration is: 3.250117
2019-07-28 19:06:13.101 1842 INFO rally.task.engine [-] Full runner duration is: 3.303329
2019-07-28 19:06:13.102 1842 INFO rally.task.engine [-] Full duration is: 23.279941
2019-07-28 19:06:13.330 1842 INFO rally.task.engine [-] Running workload: position = 0 config = { "version": 2, "title": "A cropped version of a bigger task.", "description": "Auto-generated task from a single workload (uuid=983be9ac-38d4-41e2-afc7-e1d689fadf9d)", "subtasks": [ { "title": "CinderQos.create_and_set_qos", "description": "Create a qos, then Add/Update keys in qos specs.", "scenario": { "CinderQos.create_and_set_qos": { "consumer": "back-end", "write_iops_sec": "10", "read_iops_sec": "1000", "set_consumer": "both", "set_write_iops_sec": "11", "set_read_iops_sec": "1001" } }, "contexts": { "users": { "tenants": 3, "users_per_tenant": 2 }, "api_versions": { "cinder": { "version": 3, "service_type": "volumev3" } } }, "runner": { "constant": { "concurrency": 4, "times": 10 } }, "hooks": [], "sla": { "failure_rate": { "max": 0 } } } ] }
2019-07-28 19:06:13.344 1842 RALLYDEBUG rally_openstack.contexts.keystone.users [-] Creating 3 tenants using 20 threads
2019-07-28 19:06:15.249 1842 RALLYDEBUG rally_openstack.contexts.keystone.users [-] Creating 6 users using 20 threads
2019-07-28 19:06:17.996 1842 INFO rally.task.context [-] Task 4b616866-9db1-44a8-8625-c2456282d649 | Context users@openstack setup() finished in 4.65 sec
2019-07-28 19:06:18.432 1842 INFO rally.task.context [-] Task 4b616866-9db1-44a8-8625-c2456282d649 | Context api_versions@openstack setup() finished in 0.44 sec
2019-07-28 19:06:18.433 1842 INFO rally.task.context [-] Task 4b616866-9db1-44a8-8625-c2456282d649 | Context admin_cleanup@openstack setup() finished in 0.01 msec
2019-07-28 19:06:18.440 1842 RALLYDEBUG rally.task.runner [-] Starting the constant runner (task UUID: 4b616866-9db1-44a8-8625-c2456282d649). timeout: 0 concurrency: 4 concurrency_per_worker: 1 times: 10 concurrency_overhead: 0 processes_to_start: 4 max_cpu_used: 16
2019-07-28 19:06:18.453 5478 RALLYDEBUG rally.task.runner [-] Starting a worker. concurrency: 1 args: {"consumer": "back-end", "write_iops_sec": "10", "read_iops_sec": "1000", "set_consumer": "both", "set_write_iops_sec": "11", "set_read_iops_sec": "1001"} times: 10 method_name: run timeout: 0 duration: None cls:
2019-07-28 19:06:18.456 5479 RALLYDEBUG rally.task.runner [-] Starting a worker. concurrency: 1 args: {"consumer": "back-end", "write_iops_sec": "10", "read_iops_sec": "1000", "set_consumer": "both", "set_write_iops_sec": "11", "set_read_iops_sec": "1001"} times: 10 method_name: run timeout: 0 duration: None cls:
2019-07-28 19:06:18.460 5480 RALLYDEBUG rally.task.runner [-] Starting a worker. concurrency: 1 args: {"consumer": "back-end", "write_iops_sec": "10", "read_iops_sec": "1000", "set_consumer": "both", "set_write_iops_sec": "11", "set_read_iops_sec": "1001"} times: 10 method_name: run timeout: 0 duration: None cls:
2019-07-28 19:06:18.462 5478 INFO rally.task.runner [-] Task 4b616866-9db1-44a8-8625-c2456282d649 | ITER: 1 START
2019-07-28 19:06:18.462 5481 RALLYDEBUG rally.task.runner [-] Starting a worker. concurrency: 1 args: {"consumer": "back-end", "write_iops_sec": "10", "read_iops_sec": "1000", "set_consumer": "both", "set_write_iops_sec": "11", "set_read_iops_sec": "1001"} times: 10 method_name: run timeout: 0 duration: None cls:
2019-07-28 19:06:18.463 5479 INFO rally.task.runner [-] Task 4b616866-9db1-44a8-8625-c2456282d649 | ITER: 2 START
2019-07-28 19:06:18.467 5480 INFO rally.task.runner [-] Task 4b616866-9db1-44a8-8625-c2456282d649 | ITER: 3 START
2019-07-28 19:06:18.469 5481 INFO rally.task.runner [-] Task 4b616866-9db1-44a8-8625-c2456282d649 | ITER: 4 START
2019-07-28 19:06:19.597 5481 INFO rally.task.runner [-] Task 4b616866-9db1-44a8-8625-c2456282d649 | ITER: 4 END: OK
2019-07-28 19:06:19.599 5478 INFO rally.task.runner [-] Task 4b616866-9db1-44a8-8625-c2456282d649 | ITER: 1 END: OK
2019-07-28 19:06:19.602 5481 INFO rally.task.runner [-] Task 4b616866-9db1-44a8-8625-c2456282d649 | ITER: 5 START
2019-07-28 19:06:19.605 5478 INFO rally.task.runner [-] Task 4b616866-9db1-44a8-8625-c2456282d649 | ITER: 6 START
2019-07-28 19:06:19.638 5479 INFO rally.task.runner [-] Task 4b616866-9db1-44a8-8625-c2456282d649 | ITER: 2 END: OK
2019-07-28 19:06:19.643 5479 INFO rally.task.runner [-] Task 4b616866-9db1-44a8-8625-c2456282d649 | ITER: 7 START
2019-07-28 19:06:19.666 5480 INFO rally.task.runner [-] Task 4b616866-9db1-44a8-8625-c2456282d649 | ITER: 3 END: OK
2019-07-28 19:06:19.671 5480 INFO rally.task.runner [-] Task 4b616866-9db1-44a8-8625-c2456282d649 | ITER: 8 START
2019-07-28 19:06:20.687 5481 INFO rally.task.runner [-] Task 4b616866-9db1-44a8-8625-c2456282d649 | ITER: 5 END: OK
2019-07-28 19:06:20.691 5481 INFO rally.task.runner [-] Task 4b616866-9db1-44a8-8625-c2456282d649 | ITER: 9 START
2019-07-28 19:06:20.705 5479 INFO rally.task.runner [-] Task 4b616866-9db1-44a8-8625-c2456282d649 | ITER: 7 END: OK
2019-07-28 19:06:20.709 5479 INFO rally.task.runner [-] Task 4b616866-9db1-44a8-8625-c2456282d649 | ITER: 10 START
2019-07-28 19:06:20.760 5478 INFO rally.task.runner [-] Task 4b616866-9db1-44a8-8625-c2456282d649 | ITER: 6 END: OK
2019-07-28 19:06:20.808 5480 INFO rally.task.runner [-] Task 4b616866-9db1-44a8-8625-c2456282d649 | ITER: 8 END: OK
2019-07-28 19:06:21.782 5481 INFO rally.task.runner [-] Task 4b616866-9db1-44a8-8625-c2456282d649 | ITER: 9 END: OK
2019-07-28 19:06:21.794 5479 INFO rally.task.runner [-] Task 4b616866-9db1-44a8-8625-c2456282d649 | ITER: 10 END: OK
2019-07-28 19:06:21.818 1842 INFO rally.task.context [-] Task 4b616866-9db1-44a8-8625-c2456282d649 | Context admin_cleanup@openstack cleanup() started
2019-07-28 19:06:21.821 1842 RALLYDEBUG rally_openstack.cleanup.manager [-] Cleaning up cinder volume_types objects
2019-07-28 19:06:22.502 1842 RALLYDEBUG rally_openstack.cleanup.manager [-] Cleaning up cinder image_volumes_cache objects
2019-07-28 19:06:23.797 1842 RALLYDEBUG rally_openstack.cleanup.manager [-] Cleaning up cinder quotas objects
2019-07-28 19:06:25.415 1842 RALLYDEBUG rally_openstack.cleanup.manager [-] Cleaning up cinder qos_specs objects
2019-07-28 19:06:26.178 1842 RALLYDEBUG rally_openstack.cleanup.manager [-] Deleting cinder.qos_specs object s_rally_983be9ac_EcOGtHv9 (593acd18-a097-43f0-9ad9-71090c9f9bcd)
2019-07-28 19:06:26.184 1842 RALLYDEBUG rally_openstack.cleanup.manager [-] Deleting cinder.qos_specs object s_rally_983be9ac_0fvRbCca (ec2a7648-8d1d-471a-a658-57f3e66c8a95)
2019-07-28 19:06:26.190 1842 RALLYDEBUG rally_openstack.cleanup.manager [-] Deleting cinder.qos_specs object s_rally_983be9ac_Bj3zuNra (56e99e5a-07c8-496f-b04a-0e7f5deb22a7)
2019-07-28 19:06:26.195 1842 RALLYDEBUG rally_openstack.cleanup.manager [-] Deleting cinder.qos_specs object s_rally_983be9ac_1qDgYK05 (9b67fe18-9aa9-4b69-9265-d829db0a5573)
2019-07-28 19:06:26.199 1842 RALLYDEBUG rally_openstack.cleanup.manager [-] Deleting cinder.qos_specs object s_rally_983be9ac_Afhe0rTF (035d2529-a535-4cbf-bc2a-0a1b5900f72f)
2019-07-28 19:06:26.200 1842 RALLYDEBUG rally_openstack.cleanup.manager [-] Deleting cinder.qos_specs object s_rally_983be9ac_S486pp4p (8200575f-4c74-4d85-a71b-0261debc4a21)
2019-07-28 19:06:26.209 1842 RALLYDEBUG rally_openstack.cleanup.manager [-] Deleting cinder.qos_specs object s_rally_983be9ac_IUVVwCQC (ff8e9765-78f6-4007-affa-1f9c53f0effd)
2019-07-28 19:06:26.214 1842 RALLYDEBUG rally_openstack.cleanup.manager [-] Deleting cinder.qos_specs object s_rally_983be9ac_QL1lBkUb (d1a8ca3e-949c-4e25-8a5c-b075a1e7dc28)
2019-07-28 19:06:26.228 1842 RALLYDEBUG rally_openstack.cleanup.manager [-] Deleting cinder.qos_specs object s_rally_983be9ac_7P3uSbLW (2f2271c5-7f46-4c98-9996-67510cb42657)
2019-07-28 19:06:26.257 1842 RALLYDEBUG rally_openstack.cleanup.manager [-] Deleting cinder.qos_specs object s_rally_983be9ac_9KhKHGVS (2360b0d2-7095-4b99-b274-90bf110f922f)
2019-07-28 19:06:28.637 1842 INFO rally.task.context [-] Task 4b616866-9db1-44a8-8625-c2456282d649 | Context admin_cleanup@openstack cleanup() finished in 6.82 sec
2019-07-28 19:06:28.638 1842 INFO rally.task.context [-] Task 4b616866-9db1-44a8-8625-c2456282d649 | Context api_versions@openstack cleanup() started
2019-07-28 19:06:28.638 1842 INFO rally.task.context [-] Task 4b616866-9db1-44a8-8625-c2456282d649 | Context api_versions@openstack cleanup() finished in 0.30 msec
2019-07-28 19:06:28.638 1842 INFO rally.task.context [-] Task 4b616866-9db1-44a8-8625-c2456282d649 | Context users@openstack cleanup() started
2019-07-28 19:06:36.848 1842 INFO rally.task.context [-] Task 4b616866-9db1-44a8-8625-c2456282d649 | Context users@openstack cleanup() finished in 8.21 sec
2019-07-28 19:06:37.452 1842 INFO rally.task.engine [-] Load duration is: 3.327895
2019-07-28 19:06:37.452 1842 INFO rally.task.engine [-] Full runner duration is: 3.378931
2019-07-28 19:06:37.452 1842 INFO rally.task.engine [-] Full duration is: 23.50691
2019-07-28 19:06:37.678 1842 INFO rally.task.engine [-] Running workload: position = 0 config = { "version": 2, "title": "A cropped version of a bigger task.", "description": "Auto-generated task from a single workload (uuid=3639087b-9386-425f-8024-34f225419826)", "subtasks": [ { "title": "CinderVolumeTypes.create_and_get_volume_type", "description": "Create a volume Type, then get the details of the type.", "scenario": { "CinderVolumeTypes.create_and_get_volume_type": { "description": "rally tests creating types" } }, "contexts": { "users": { "tenants": 3, "users_per_tenant": 2 }, "api_versions": { "cinder": { "version": 3, "service_type": "volumev3" } } }, "runner": { "constant": { "concurrency": 4, "times": 10 } }, "hooks": [], "sla": { "failure_rate": { "max": 0 } } } ] }
2019-07-28 19:06:37.697 1842 RALLYDEBUG rally_openstack.contexts.keystone.users [-] Creating 3 tenants using 20 threads
2019-07-28 19:06:39.537 1842 RALLYDEBUG rally_openstack.contexts.keystone.users [-] Creating 6 users using 20 threads
2019-07-28 19:06:42.372 1842 INFO rally.task.context [-] Task 4b616866-9db1-44a8-8625-c2456282d649 | Context users@openstack setup() finished in 4.68 sec
2019-07-28 19:06:42.797 1842 INFO rally.task.context [-] Task 4b616866-9db1-44a8-8625-c2456282d649 | Context api_versions@openstack setup() finished in 0.42 sec
2019-07-28 19:06:42.797 1842 INFO rally.task.context [-] Task 4b616866-9db1-44a8-8625-c2456282d649 | Context admin_cleanup@openstack setup() finished in 0.01 msec
2019-07-28 19:06:42.807 1842 RALLYDEBUG rally.task.runner [-] Starting the constant runner (task UUID: 4b616866-9db1-44a8-8625-c2456282d649). timeout: 0 concurrency: 4 concurrency_per_worker: 1 times: 10 concurrency_overhead: 0 processes_to_start: 4 max_cpu_used: 16
2019-07-28 19:06:42.820 5662 RALLYDEBUG rally.task.runner [-] Starting a worker. concurrency: 1 args: {"description": "rally tests creating types"} times: 10 method_name: run timeout: 0 duration: None cls:
2019-07-28 19:06:42.824 5663 RALLYDEBUG rally.task.runner [-] Starting a worker. concurrency: 1 args: {"description": "rally tests creating types"} times: 10 method_name: run timeout: 0 duration: None cls:
2019-07-28 19:06:42.827 5662 INFO rally.task.runner [-] Task 4b616866-9db1-44a8-8625-c2456282d649 | ITER: 1 START
2019-07-28 19:06:42.827 5664 RALLYDEBUG rally.task.runner [-] Starting a worker. concurrency: 1 args: {"description": "rally tests creating types"} times: 10 method_name: run timeout: 0 duration: None cls:
2019-07-28 19:06:42.830 5665 RALLYDEBUG rally.task.runner [-] Starting a worker. concurrency: 1 args: {"description": "rally tests creating types"} times: 10 method_name: run timeout: 0 duration: None cls:
2019-07-28 19:06:42.831 5663 INFO rally.task.runner [-] Task 4b616866-9db1-44a8-8625-c2456282d649 | ITER: 2 START
2019-07-28 19:06:42.834 5664 INFO rally.task.runner [-] Task 4b616866-9db1-44a8-8625-c2456282d649 | ITER: 3 START
2019-07-28 19:06:42.837 5665 INFO rally.task.runner [-] Task 4b616866-9db1-44a8-8625-c2456282d649 | ITER: 4 START
2019-07-28 19:06:43.897 5663 INFO rally.task.runner [-] Task 4b616866-9db1-44a8-8625-c2456282d649 | ITER: 2 END: OK
2019-07-28 19:06:43.903 5663 INFO rally.task.runner [-] Task 4b616866-9db1-44a8-8625-c2456282d649 | ITER: 5 START
2019-07-28 19:06:43.922 5662 INFO rally.task.runner [-] Task 4b616866-9db1-44a8-8625-c2456282d649 | ITER: 1 END: OK
2019-07-28 19:06:43.925 5664 INFO rally.task.runner [-] Task 4b616866-9db1-44a8-8625-c2456282d649 | ITER: 3 END: OK
2019-07-28 19:06:43.927 5662 INFO rally.task.runner [-] Task 4b616866-9db1-44a8-8625-c2456282d649 | ITER: 6 START
2019-07-28 19:06:43.930 5664 INFO rally.task.runner [-] Task 4b616866-9db1-44a8-8625-c2456282d649 | ITER: 7 START
2019-07-28 19:06:43.969 5665 INFO rally.task.runner [-] Task 4b616866-9db1-44a8-8625-c2456282d649 | ITER: 4 END: OK
2019-07-28 19:06:43.975 5665 INFO rally.task.runner [-] Task 4b616866-9db1-44a8-8625-c2456282d649 | ITER: 8 START
2019-07-28 19:06:44.898 5663 INFO rally.task.runner [-] Task 4b616866-9db1-44a8-8625-c2456282d649 | ITER: 5 END: OK
2019-07-28 19:06:44.902 5663 INFO rally.task.runner [-] Task 4b616866-9db1-44a8-8625-c2456282d649 | ITER: 9 START
2019-07-28 19:06:44.929 5664 INFO rally.task.runner [-] Task 4b616866-9db1-44a8-8625-c2456282d649 | ITER: 7 END: OK
2019-07-28 19:06:44.933 5664 INFO rally.task.runner [-] Task 4b616866-9db1-44a8-8625-c2456282d649 | ITER: 10 START
2019-07-28 19:06:44.977 5662 INFO rally.task.runner [-] Task 4b616866-9db1-44a8-8625-c2456282d649 | ITER: 6 END: OK
2019-07-28 19:06:45.083 5665 INFO rally.task.runner [-] Task 4b616866-9db1-44a8-8625-c2456282d649 | ITER: 8 END: OK
2019-07-28 19:06:45.998 5663 INFO rally.task.runner [-] Task 4b616866-9db1-44a8-8625-c2456282d649 | ITER: 9 END: OK
2019-07-28 19:06:46.054 5664 INFO rally.task.runner [-] Task 4b616866-9db1-44a8-8625-c2456282d649 | ITER: 10 END: OK
2019-07-28 19:06:46.081 1842 INFO rally.task.context [-] Task 4b616866-9db1-44a8-8625-c2456282d649 | Context admin_cleanup@openstack cleanup() started
2019-07-28 19:06:46.084 1842 RALLYDEBUG rally_openstack.cleanup.manager [-] Cleaning up cinder volume_types objects
2019-07-28 19:06:46.920 1842 RALLYDEBUG rally_openstack.cleanup.manager [-] Deleting cinder.volume_types object s_rally_3639087b_wwK8Dkfn (b087c8ac-4f19-497f-9fea-061fa9f9a1f9)
2019-07-28 19:06:46.920 1842 RALLYDEBUG rally_openstack.cleanup.manager [-] Deleting cinder.volume_types object s_rally_3639087b_fO2izzAf (0550511c-20f1-4048-aee7-89f14339ff49)
2019-07-28 19:06:46.933 1842 RALLYDEBUG rally_openstack.cleanup.manager [-] Deleting cinder.volume_types object s_rally_3639087b_9oIcI5xn (2f8418bf-e563-4c2d-bbf9-91e2bd941ea1)
2019-07-28 19:06:46.938 1842 RALLYDEBUG rally_openstack.cleanup.manager [-] Deleting cinder.volume_types object s_rally_3639087b_SArh0w15 (77b4dd33-30df-443a-b487-98ea2bda6d3f)
2019-07-28 19:06:46.939 1842 RALLYDEBUG rally_openstack.cleanup.manager [-] Deleting cinder.volume_types object s_rally_3639087b_lTvnAFl1 (0d09ec0f-3592-4891-8c77-4c6d06c97296)
2019-07-28 19:06:46.946 1842 RALLYDEBUG rally_openstack.cleanup.manager [-] Deleting cinder.volume_types object s_rally_3639087b_dW9XhF7j (1f973f64-a16c-4cc8-969b-c5dd3000b911)
2019-07-28 19:06:46.951 1842 RALLYDEBUG rally_openstack.cleanup.manager [-] Deleting cinder.volume_types object s_rally_3639087b_1nxy98Ah (4d6a5179-2e0d-42f2-b87d-0243b0c0702d)
2019-07-28 19:06:46.954 1842 RALLYDEBUG rally_openstack.cleanup.manager [-] Deleting cinder.volume_types object s_rally_3639087b_itbcbolP (d06b4c6b-357a-4a6a-9404-2dc6dfc1b237)
2019-07-28 19:06:46.965 1842 RALLYDEBUG rally_openstack.cleanup.manager [-] Deleting cinder.volume_types object s_rally_3639087b_iFJ1jjbO (7b81e7eb-b5cf-4bf5-b706-7ecce8da806a)
2019-07-28 19:06:46.965 1842 RALLYDEBUG rally_openstack.cleanup.manager [-] Deleting cinder.volume_types object s_rally_3639087b_8MeFOerm (97a5db05-bb88-46df-9c2e-51c187e47d98)
2019-07-28 19:06:49.433 1842 RALLYDEBUG rally_openstack.cleanup.manager [-] Cleaning up cinder image_volumes_cache objects
2019-07-28 19:06:50.824 1842 RALLYDEBUG rally_openstack.cleanup.manager [-] Cleaning up cinder quotas objects
2019-07-28 19:06:52.792 1842 RALLYDEBUG rally_openstack.cleanup.manager [-] Cleaning up cinder qos_specs objects
2019-07-28 19:06:53.564 1842 INFO rally.task.context [-] Task 4b616866-9db1-44a8-8625-c2456282d649 | Context admin_cleanup@openstack cleanup() finished in 7.48 sec
2019-07-28 19:06:53.564 1842 INFO rally.task.context [-] Task 4b616866-9db1-44a8-8625-c2456282d649 | Context api_versions@openstack cleanup() started
2019-07-28 19:06:53.564 1842 INFO rally.task.context [-] Task 4b616866-9db1-44a8-8625-c2456282d649 | Context api_versions@openstack cleanup() finished in 0.32 msec
2019-07-28 19:06:53.565 1842 INFO rally.task.context [-] Task 4b616866-9db1-44a8-8625-c2456282d649 | Context users@openstack cleanup() started
2019-07-28 19:07:01.675 1842 INFO rally.task.context [-] Task 4b616866-9db1-44a8-8625-c2456282d649 | Context users@openstack cleanup() finished in 8.11 sec
2019-07-28 19:07:01.836 1842 INFO rally.task.engine [-] Load duration is: 3.222873
2019-07-28 19:07:01.836 1842 INFO rally.task.engine [-] Full runner duration is: 3.275946
2019-07-28 19:07:01.836 1842 INFO rally.task.engine [-] Full duration is: 23.981136
2019-07-28 19:07:02.098 1842 INFO rally.task.engine [-] Running workload: position = 0 config = { "version": 2, "title": "A cropped version of a bigger task.", "description": "Auto-generated task from a single workload (uuid=1ea8e73e-9e12-4d0d-a65f-20ecc42a76c1)", "subtasks": [ { "title": "CinderVolumeTypes.create_and_list_volume_types", "description": "Create a volume Type, then list all types.", "scenario": { "CinderVolumeTypes.create_and_list_volume_types": { "description": "rally tests creating types" } }, "contexts": { "users": { "tenants": 3, "users_per_tenant": 2 }, "api_versions": { "cinder": { "version": 3, "service_type": "volumev3" } } }, "runner": { "constant": { "concurrency": 4, "times": 10 } }, "hooks": [], "sla": { "failure_rate": { "max": 0 } } } ] }
2019-07-28 19:07:02.121 1842 RALLYDEBUG rally_openstack.contexts.keystone.users [-] Creating 3 tenants using 20 threads
2019-07-28 19:07:03.914 1842 RALLYDEBUG rally_openstack.contexts.keystone.users [-] Creating 6 users using 20 threads
2019-07-28 19:07:06.792 1842 INFO rally.task.context [-] Task 4b616866-9db1-44a8-8625-c2456282d649 | Context users@openstack setup() finished in 4.67 sec
2019-07-28 19:07:07.229 1842 INFO rally.task.context [-] Task 4b616866-9db1-44a8-8625-c2456282d649 | Context api_versions@openstack setup() finished in 0.44 sec
2019-07-28 19:07:07.229 1842 INFO rally.task.context [-] Task 4b616866-9db1-44a8-8625-c2456282d649 | Context admin_cleanup@openstack setup() finished in 0.01 msec
2019-07-28 19:07:07.236 1842 RALLYDEBUG rally.task.runner [-] Starting the constant runner (task UUID: 4b616866-9db1-44a8-8625-c2456282d649). timeout: 0 concurrency: 4 concurrency_per_worker: 1 times: 10 concurrency_overhead: 0 processes_to_start: 4 max_cpu_used: 16
2019-07-28 19:07:07.249 5847 RALLYDEBUG rally.task.runner [-] Starting a worker. concurrency: 1 args: {"description": "rally tests creating types"} times: 10 method_name: run timeout: 0 duration: None cls:
2019-07-28 19:07:07.249 5846 RALLYDEBUG rally.task.runner [-] Starting a worker. concurrency: 1 args: {"description": "rally tests creating types"} times: 10 method_name: run timeout: 0 duration: None cls:
2019-07-28 19:07:07.254 5847 INFO rally.task.runner [-] Task 4b616866-9db1-44a8-8625-c2456282d649 | ITER: 1 START
2019-07-28 19:07:07.255 5848 RALLYDEBUG rally.task.runner [-] Starting a worker. concurrency: 1 args: {"description": "rally tests creating types"} times: 10 method_name: run timeout: 0 duration: None cls:
2019-07-28 19:07:07.256 5846 INFO rally.task.runner [-] Task 4b616866-9db1-44a8-8625-c2456282d649 | ITER: 2 START
2019-07-28 19:07:07.257 5849 RALLYDEBUG rally.task.runner [-] Starting a worker. concurrency: 1 args: {"description": "rally tests creating types"} times: 10 method_name: run timeout: 0 duration: None cls:
2019-07-28 19:07:07.262 5848 INFO rally.task.runner [-] Task 4b616866-9db1-44a8-8625-c2456282d649 | ITER: 3 START
2019-07-28 19:07:07.265 5849 INFO rally.task.runner [-] Task 4b616866-9db1-44a8-8625-c2456282d649 | ITER: 4 START
2019-07-28 19:07:08.328 5848 INFO rally.task.runner [-] Task 4b616866-9db1-44a8-8625-c2456282d649 | ITER: 3 END: OK
2019-07-28 19:07:08.332 5848 INFO rally.task.runner [-] Task 4b616866-9db1-44a8-8625-c2456282d649 | ITER: 5 START
2019-07-28 19:07:08.340 5847 INFO rally.task.runner [-] Task 4b616866-9db1-44a8-8625-c2456282d649 | ITER: 1 END: OK
2019-07-28 19:07:08.344 5847 INFO rally.task.runner [-] Task 4b616866-9db1-44a8-8625-c2456282d649 | ITER: 6 START
2019-07-28 19:07:08.446 5849 INFO rally.task.runner [-] Task 4b616866-9db1-44a8-8625-c2456282d649 | ITER: 4 END: OK
2019-07-28 19:07:08.449 5849 INFO rally.task.runner [-] Task 4b616866-9db1-44a8-8625-c2456282d649 | ITER: 7 START
2019-07-28 19:07:08.467 5846 INFO rally.task.runner [-] Task 4b616866-9db1-44a8-8625-c2456282d649 | ITER: 2 END: OK
2019-07-28 19:07:08.471 5846 INFO rally.task.runner [-] Task 4b616866-9db1-44a8-8625-c2456282d649 | ITER: 8 START
2019-07-28 19:07:09.344 5847 INFO rally.task.runner [-] Task 4b616866-9db1-44a8-8625-c2456282d649 | ITER: 6 END: OK
2019-07-28 19:07:09.349 5847 INFO rally.task.runner [-] Task 4b616866-9db1-44a8-8625-c2456282d649 | ITER: 9 START
2019-07-28 19:07:09.385 5848 INFO rally.task.runner [-] Task 4b616866-9db1-44a8-8625-c2456282d649 | ITER: 5 END: OK
2019-07-28 19:07:09.389 5848 INFO rally.task.runner [-] Task 4b616866-9db1-44a8-8625-c2456282d649 | ITER: 10 START
2019-07-28 19:07:09.535 5846 INFO rally.task.runner [-] Task 4b616866-9db1-44a8-8625-c2456282d649 | ITER: 8 END: OK
2019-07-28 19:07:09.537 5849 INFO rally.task.runner [-] Task 4b616866-9db1-44a8-8625-c2456282d649 | ITER: 7 END: OK
2019-07-28 19:07:10.351 5847 INFO rally.task.runner [-] Task 4b616866-9db1-44a8-8625-c2456282d649 | ITER: 9 END: OK
2019-07-28 19:07:10.369 5848 INFO rally.task.runner [-] Task 4b616866-9db1-44a8-8625-c2456282d649 | ITER: 10 END: OK
2019-07-28 19:07:10.394 1842 INFO rally.task.context [-] Task 4b616866-9db1-44a8-8625-c2456282d649 | Context admin_cleanup@openstack cleanup() started
2019-07-28 19:07:10.396 1842 RALLYDEBUG rally_openstack.cleanup.manager [-] Cleaning up cinder volume_types objects
2019-07-28 19:07:11.176 1842 RALLYDEBUG rally_openstack.cleanup.manager [-] Deleting cinder.volume_types object s_rally_1ea8e73e_ng4lFLPu (fd1f7fe9-42ea-4c76-bf7d-8cfb95583905)
2019-07-28 19:07:11.177 1842 RALLYDEBUG rally_openstack.cleanup.manager [-] Deleting cinder.volume_types object s_rally_1ea8e73e_Sh7wIdFx (c668cd6d-6319-4d04-a668-56382061829b)
2019-07-28 19:07:11.180 1842 RALLYDEBUG rally_openstack.cleanup.manager [-] Deleting cinder.volume_types object s_rally_1ea8e73e_wADTGI87 (f8f18eb5-c254-407e-84a2-2a84bf0c3f65)
2019-07-28 19:07:11.187 1842 RALLYDEBUG rally_openstack.cleanup.manager [-] Deleting cinder.volume_types object s_rally_1ea8e73e_zD5hj1QZ (97c39ccd-cd98-4a9e-b9a1-739bd80af46f)
2019-07-28 19:07:11.188 1842 RALLYDEBUG rally_openstack.cleanup.manager [-] Deleting cinder.volume_types object s_rally_1ea8e73e_8ZqxoKTf (85259d2e-a7e0-46a2-ad28-fce06c5c8e22)
2019-07-28 19:07:11.189 1842 RALLYDEBUG rally_openstack.cleanup.manager [-] Deleting cinder.volume_types object s_rally_1ea8e73e_wBIzNbq1 (eb44c698-342a-4290-83c4-421993138123)
2019-07-28 19:07:11.189 1842 RALLYDEBUG rally_openstack.cleanup.manager [-] Deleting cinder.volume_types object s_rally_1ea8e73e_ffG8umZX (15504bf6-034b-4d46-a44f-61606fd80e10)
2019-07-28 19:07:11.193 1842 RALLYDEBUG rally_openstack.cleanup.manager [-] Deleting cinder.volume_types object s_rally_1ea8e73e_7Jo3NRfW (110b88a2-56a8-4984-8ede-a41ed7cc34c5)
2019-07-28 19:07:11.195 1842 RALLYDEBUG rally_openstack.cleanup.manager [-] Deleting cinder.volume_types object s_rally_1ea8e73e_7R8qYI8j (bc3e2138-7b03-469a-92cc-8850035ef620)
2019-07-28 19:07:11.195 1842 RALLYDEBUG rally_openstack.cleanup.manager [-] Deleting cinder.volume_types object s_rally_1ea8e73e_Y9TXCpDK (2f290f2b-6a4f-477c-8d37-cc93ee4281ae)
2019-07-28 19:07:13.599 1842 RALLYDEBUG rally_openstack.cleanup.manager [-] Cleaning up cinder image_volumes_cache objects
2019-07-28 19:07:14.963 1842 RALLYDEBUG rally_openstack.cleanup.manager [-] Cleaning up cinder quotas objects
2019-07-28 19:07:16.674 1842 RALLYDEBUG rally_openstack.cleanup.manager [-] Cleaning up cinder qos_specs objects
2019-07-28 19:07:17.420 1842 INFO rally.task.context [-] Task 4b616866-9db1-44a8-8625-c2456282d649 | Context admin_cleanup@openstack cleanup() finished in 7.03 sec
2019-07-28 19:07:17.421 1842 INFO rally.task.context [-] Task 4b616866-9db1-44a8-8625-c2456282d649 | Context api_versions@openstack cleanup() started
2019-07-28 19:07:17.421 1842 INFO rally.task.context [-] Task 4b616866-9db1-44a8-8625-c2456282d649 | Context api_versions@openstack cleanup() finished in 0.36 msec
2019-07-28 19:07:17.422 1842 INFO rally.task.context [-] Task 4b616866-9db1-44a8-8625-c2456282d649 | Context users@openstack cleanup() started
2019-07-28 19:07:25.566 1842 INFO rally.task.context [-] Task 4b616866-9db1-44a8-8625-c2456282d649 | Context users@openstack cleanup() finished in 8.14 sec
2019-07-28 19:07:26.245 1842 INFO rally.task.engine [-] Load duration is: 3.112333
2019-07-28 19:07:26.246 1842 INFO rally.task.engine [-] Full runner duration is: 3.158056
2019-07-28 19:07:26.246 1842 INFO rally.task.engine [-] Full duration is: 23.449213
2019-07-28 19:07:26.505 1842 INFO rally.task.engine [-] Running workload: position = 0 config = { "version": 2, "title": "A cropped version of a bigger task.", "description": "Auto-generated task from a single workload (uuid=e0fcbaf4-8e23-4e4e-99a4-3781eb46a315)", "subtasks": [ { "title": "CinderVolumeTypes.create_and_update_volume_type", "description": "create a volume type, then update the type.", "scenario": { "CinderVolumeTypes.create_and_update_volume_type": { "description": "test", "update_description": "test update" } }, "contexts": { "users": { "tenants": 3, "users_per_tenant": 2 }, "api_versions": { "cinder": { "version": 3, "service_type": "volumev3" } } }, "runner": { "constant": { "concurrency": 4, "times": 10 } }, "hooks": [], "sla": { "failure_rate": { "max": 0 } } } ] }
2019-07-28 19:07:26.526 1842 RALLYDEBUG rally_openstack.contexts.keystone.users [-] Creating 3 tenants using 20 threads
2019-07-28 19:07:28.441 1842 RALLYDEBUG rally_openstack.contexts.keystone.users [-] Creating 6 users using 20 threads
2019-07-28 19:07:31.226 1842 INFO rally.task.context [-] Task 4b616866-9db1-44a8-8625-c2456282d649 | Context users@openstack setup() finished in 4.70 sec
2019-07-28 19:07:31.662 1842 INFO rally.task.context [-] Task 4b616866-9db1-44a8-8625-c2456282d649 | Context api_versions@openstack setup() finished in 0.44 sec
2019-07-28 19:07:31.663 1842 INFO rally.task.context [-] Task 4b616866-9db1-44a8-8625-c2456282d649 | Context admin_cleanup@openstack setup() finished in 0.01 msec
2019-07-28 19:07:31.670 1842 RALLYDEBUG rally.task.runner [-] Starting the constant runner (task UUID: 4b616866-9db1-44a8-8625-c2456282d649). timeout: 0 concurrency: 4 concurrency_per_worker: 1 times: 10 concurrency_overhead: 0 processes_to_start: 4 max_cpu_used: 16
2019-07-28 19:07:31.683 6030 RALLYDEBUG rally.task.runner [-] Starting a worker. concurrency: 1 args: {"description": "test", "update_description": "test update"} times: 10 method_name: run timeout: 0 duration: None cls:
2019-07-28 19:07:31.685 6031 RALLYDEBUG rally.task.runner [-] Starting a worker. concurrency: 1 args: {"description": "test", "update_description": "test update"} times: 10 method_name: run timeout: 0 duration: None cls:
2019-07-28 19:07:31.689 6032 RALLYDEBUG rally.task.runner [-] Starting a worker. concurrency: 1 args: {"description": "test", "update_description": "test update"} times: 10 method_name: run timeout: 0 duration: None cls:
2019-07-28 19:07:31.691 6030 INFO rally.task.runner [-] Task 4b616866-9db1-44a8-8625-c2456282d649 | ITER: 1 START
2019-07-28 19:07:31.692 6031 INFO rally.task.runner [-] Task 4b616866-9db1-44a8-8625-c2456282d649 | ITER: 2 START
2019-07-28 19:07:31.692 6033 RALLYDEBUG rally.task.runner [-] Starting a worker. concurrency: 1 args: {"description": "test", "update_description": "test update"} times: 10 method_name: run timeout: 0 duration: None cls:
2019-07-28 19:07:31.696 6032 INFO rally.task.runner [-] Task 4b616866-9db1-44a8-8625-c2456282d649 | ITER: 3 START
2019-07-28 19:07:31.700 6033 INFO rally.task.runner [-] Task 4b616866-9db1-44a8-8625-c2456282d649 | ITER: 4 START
2019-07-28 19:07:32.152 6033 DEBUG cinderclient.v2.client [-] REQ: curl -g -i -X POST http://172.30.9.37:8776/v3/28ee7f074d414ee2914a92ce99ea8f9d/types -H "Accept: application/json" -H "Content-Type: application/json" -H "User-Agent: python-cinderclient" -H "X-Auth-Token: {SHA1}2a1abef130ebee4897e9875cd381e38d9f404454" -d '{"volume_type": {"os-volume-type-access:is_public": true, "name": "s_rally_e0fcbaf4_naYLEhPw", "description": "test"}}' _http_log_request /usr/lib/python2.7/site-packages/keystoneauth1/session.py:448
2019-07-28 19:07:32.153 6032 DEBUG cinderclient.v2.client [-] REQ: curl -g -i -X POST http://172.30.9.37:8776/v3/28ee7f074d414ee2914a92ce99ea8f9d/types -H "Accept: application/json" -H "Content-Type: application/json" -H "User-Agent: python-cinderclient" -H "X-Auth-Token: {SHA1}c20f946f9ee4a8f129077536f44c7a55c373a0e5" -d '{"volume_type": {"os-volume-type-access:is_public": true, "name": "s_rally_e0fcbaf4_eemJU1i3", "description": "test"}}' _http_log_request /usr/lib/python2.7/site-packages/keystoneauth1/session.py:448
2019-07-28 19:07:32.157 6031 DEBUG cinderclient.v2.client [-] REQ: curl -g -i -X POST http://172.30.9.37:8776/v3/28ee7f074d414ee2914a92ce99ea8f9d/types -H "Accept: application/json" -H "Content-Type: application/json" -H "User-Agent: python-cinderclient" -H "X-Auth-Token: {SHA1}e6bc6f257ba768ff2ef8f878adf4049792d9dbfc" -d '{"volume_type": {"os-volume-type-access:is_public": true, "name": "s_rally_e0fcbaf4_7C1H6fsu", "description": "test"}}' _http_log_request /usr/lib/python2.7/site-packages/keystoneauth1/session.py:448
2019-07-28 19:07:32.157 6030 DEBUG cinderclient.v2.client [-] REQ: curl -g -i -X POST http://172.30.9.37:8776/v3/28ee7f074d414ee2914a92ce99ea8f9d/types -H "Accept: application/json" -H "Content-Type: application/json" -H "User-Agent: python-cinderclient" -H "X-Auth-Token: {SHA1}d8c29775dfeb7b0ab1a7c4f7b5fbe3ef64cda843" -d '{"volume_type": {"os-volume-type-access:is_public": true, "name": "s_rally_e0fcbaf4_W3s6EJ4E", "description": "test"}}' _http_log_request /usr/lib/python2.7/site-packages/keystoneauth1/session.py:448
2019-07-28 19:07:32.468 6032 DEBUG cinderclient.v2.client [-] RESP: [200] Content-Encoding: gzip Content-Length: 167 Content-Type: application/json Date: Sun, 28 Jul 2019 19:07:32 GMT OpenStack-API-Version: volume 3.0 Server: Apache Vary: OpenStack-API-Version,Accept-Encoding x-compute-request-id: req-12a4a944-4986-4cfd-a18e-e808eacaf8b2 x-openstack-request-id: req-12a4a944-4986-4cfd-a18e-e808eacaf8b2 _http_log_response /usr/lib/python2.7/site-packages/keystoneauth1/session.py:479
2019-07-28 19:07:32.469 6032 DEBUG cinderclient.v2.client [-] RESP BODY: {"volume_type": {"name": "s_rally_e0fcbaf4_eemJU1i3", "extra_specs": {}, "os-volume-type-access:is_public": true, "is_public": true, "id": "0308d80d-0b71-42a2-ada3-1d94f7d1375f", "description": "test"}} _http_log_response /usr/lib/python2.7/site-packages/keystoneauth1/session.py:511
2019-07-28 19:07:32.469 6032 DEBUG cinderclient.v2.client [-] POST call to volumev2 for http://172.30.9.37:8776/v3/28ee7f074d414ee2914a92ce99ea8f9d/types used request id req-12a4a944-4986-4cfd-a18e-e808eacaf8b2 request /usr/lib/python2.7/site-packages/keystoneauth1/session.py:844
2019-07-28 19:07:32.472 6032 DEBUG cinderclient.v2.client [-] REQ: curl -g -i -X PUT http://172.30.9.37:8776/v3/28ee7f074d414ee2914a92ce99ea8f9d/types/0308d80d-0b71-42a2-ada3-1d94f7d1375f -H "Accept: application/json" -H "Content-Type: application/json" -H "User-Agent: python-cinderclient" -H "X-Auth-Token: {SHA1}c20f946f9ee4a8f129077536f44c7a55c373a0e5" -H "X-OpenStack-Request-ID: req-12a4a944-4986-4cfd-a18e-e808eacaf8b2" -d '{"volume_type": {"name": "s_rally_e0fcbaf4_eemJU1i3", "description": "test update"}}' _http_log_request /usr/lib/python2.7/site-packages/keystoneauth1/session.py:448
2019-07-28 19:07:32.480 6031 DEBUG cinderclient.v2.client [-] RESP: [200] Content-Encoding: gzip Content-Length: 166 Content-Type: application/json Date: Sun, 28 Jul 2019 19:07:32 GMT OpenStack-API-Version: volume 3.0 Server: Apache Vary: OpenStack-API-Version,Accept-Encoding x-compute-request-id: req-9aaee6db-e763-4754-94f1-b5e5184d6bd7 x-openstack-request-id: req-9aaee6db-e763-4754-94f1-b5e5184d6bd7 _http_log_response /usr/lib/python2.7/site-packages/keystoneauth1/session.py:479
2019-07-28 19:07:32.481 6031 DEBUG cinderclient.v2.client [-] RESP BODY: {"volume_type": {"name": "s_rally_e0fcbaf4_7C1H6fsu", "extra_specs": {}, "os-volume-type-access:is_public": true, "is_public": true, "id": "1f6c4cd7-be42-41f1-a72b-5d80f54eaf4f", "description": "test"}} _http_log_response /usr/lib/python2.7/site-packages/keystoneauth1/session.py:511
2019-07-28 19:07:32.482 6031 DEBUG cinderclient.v2.client [-] POST call to volumev2 for http://172.30.9.37:8776/v3/28ee7f074d414ee2914a92ce99ea8f9d/types used request id req-9aaee6db-e763-4754-94f1-b5e5184d6bd7 request /usr/lib/python2.7/site-packages/keystoneauth1/session.py:844
2019-07-28 19:07:32.483 6031 DEBUG cinderclient.v2.client [-] REQ: curl -g -i -X PUT http://172.30.9.37:8776/v3/28ee7f074d414ee2914a92ce99ea8f9d/types/1f6c4cd7-be42-41f1-a72b-5d80f54eaf4f -H "Accept: application/json" -H "Content-Type: application/json" -H "User-Agent: python-cinderclient" -H "X-Auth-Token: {SHA1}e6bc6f257ba768ff2ef8f878adf4049792d9dbfc" -H "X-OpenStack-Request-ID: req-9aaee6db-e763-4754-94f1-b5e5184d6bd7" -d '{"volume_type": {"name": "s_rally_e0fcbaf4_7C1H6fsu", "description": "test update"}}' _http_log_request /usr/lib/python2.7/site-packages/keystoneauth1/session.py:448
2019-07-28 19:07:32.493 6033 DEBUG cinderclient.v2.client [-] RESP: [200] Content-Encoding: gzip Content-Length: 170 Content-Type: application/json Date: Sun, 28 Jul 2019 19:07:32 GMT OpenStack-API-Version: volume 3.0 Server: Apache Vary: OpenStack-API-Version,Accept-Encoding x-compute-request-id: req-65b7e825-921b-4468-a45a-cfe518db7bfd x-openstack-request-id: req-65b7e825-921b-4468-a45a-cfe518db7bfd _http_log_response /usr/lib/python2.7/site-packages/keystoneauth1/session.py:479
