2019-07-28 18:45:17.556 1842 DEBUG novaclient.v2.client [-] GET call to compute for http://172.30.9.37:8774/v2.1/os-keypairs used request id req-4b605738-77bf-478b-a644-a6d05bad04a5 request /usr/lib/python2.7/site-packages/keystoneauth1/session.py:844
2019-07-28 18:45:17.990 1842 DEBUG novaclient.v2.client [-] REQ: curl -g -i -X GET http://172.30.9.37:8774/v2.1/os-keypairs -H "Accept: application/json" -H "User-Agent: python-novaclient" -H "X-Auth-Token: {SHA1}38e0df5fa2819041375d3025527eaaaf04c23dc0" _http_log_request /usr/lib/python2.7/site-packages/keystoneauth1/session.py:448
2019-07-28 18:45:18.296 1842 DEBUG novaclient.v2.client [-] RESP: [200] Content-Length: 16 Content-Type: application/json Date: Sun, 28 Jul 2019 18:45:17 GMT OpenStack-API-Version: compute 2.1 Server: Apache Vary: OpenStack-API-Version,X-OpenStack-Nova-API-Version X-OpenStack-Nova-API-Version: 2.1 x-compute-request-id: req-1d790ee2-4e5f-491c-884f-566c41a68ba0 x-openstack-request-id: req-1d790ee2-4e5f-491c-884f-566c41a68ba0 _http_log_response /usr/lib/python2.7/site-packages/keystoneauth1/session.py:479
2019-07-28 18:45:18.297 1842 DEBUG novaclient.v2.client [-] RESP BODY: {"keypairs": []} _http_log_response /usr/lib/python2.7/site-packages/keystoneauth1/session.py:511
2019-07-28 18:45:18.297 1842 DEBUG novaclient.v2.client [-] GET call to compute for http://172.30.9.37:8774/v2.1/os-keypairs used request id req-1d790ee2-4e5f-491c-884f-566c41a68ba0 request /usr/lib/python2.7/site-packages/keystoneauth1/session.py:844
2019-07-28 18:45:18.744 1842 DEBUG novaclient.v2.client [-] REQ: curl -g -i -X GET http://172.30.9.37:8774/v2.1/os-keypairs -H "Accept: application/json" -H "User-Agent: python-novaclient" -H "X-Auth-Token: {SHA1}045ffadaed536c45112cbe0d1261701d4d988efa" _http_log_request /usr/lib/python2.7/site-packages/keystoneauth1/session.py:448
2019-07-28 18:45:18.985 1842 DEBUG novaclient.v2.client [-] RESP: [200] Content-Length: 16 Content-Type: application/json Date: Sun, 28 Jul 2019 18:45:18 GMT OpenStack-API-Version: compute 2.1 Server: Apache Vary: OpenStack-API-Version,X-OpenStack-Nova-API-Version X-OpenStack-Nova-API-Version: 2.1 x-compute-request-id: req-8beb8bce-e754-4815-a0c0-debfdec1740a x-openstack-request-id: req-8beb8bce-e754-4815-a0c0-debfdec1740a _http_log_response /usr/lib/python2.7/site-packages/keystoneauth1/session.py:479
2019-07-28 18:45:18.985 1842 DEBUG novaclient.v2.client [-] RESP BODY: {"keypairs": []} _http_log_response /usr/lib/python2.7/site-packages/keystoneauth1/session.py:511
2019-07-28 18:45:18.986 1842 DEBUG novaclient.v2.client [-] GET call to compute for http://172.30.9.37:8774/v2.1/os-keypairs used request id req-8beb8bce-e754-4815-a0c0-debfdec1740a request /usr/lib/python2.7/site-packages/keystoneauth1/session.py:844
2019-07-28 18:45:19.421 1842 DEBUG novaclient.v2.client [-] REQ: curl -g -i -X GET http://172.30.9.37:8774/v2.1/os-keypairs -H "Accept: application/json" -H "User-Agent: python-novaclient" -H "X-Auth-Token: {SHA1}69fc2face9fd9eb22a1cce76143b35627cc5b6a7" _http_log_request /usr/lib/python2.7/site-packages/keystoneauth1/session.py:448
2019-07-28 18:45:19.630 1842 DEBUG novaclient.v2.client [-] RESP: [200] Content-Length: 16 Content-Type: application/json Date: Sun, 28 Jul 2019 18:45:19 GMT OpenStack-API-Version: compute 2.1 Server: Apache Vary: OpenStack-API-Version,X-OpenStack-Nova-API-Version X-OpenStack-Nova-API-Version: 2.1 x-compute-request-id: req-2851dc43-2102-473c-87cf-4d545d3957f3 x-openstack-request-id: req-2851dc43-2102-473c-87cf-4d545d3957f3 _http_log_response /usr/lib/python2.7/site-packages/keystoneauth1/session.py:479
2019-07-28 18:45:19.630 1842 DEBUG novaclient.v2.client [-] RESP BODY: {"keypairs": []} _http_log_response /usr/lib/python2.7/site-packages/keystoneauth1/session.py:511
2019-07-28 18:45:19.631 1842 DEBUG novaclient.v2.client [-] GET call to compute for http://172.30.9.37:8774/v2.1/os-keypairs used request id req-2851dc43-2102-473c-87cf-4d545d3957f3 request /usr/lib/python2.7/site-packages/keystoneauth1/session.py:844
2019-07-28 18:45:20.069 1842 DEBUG novaclient.v2.client [-] REQ: curl -g -i -X GET http://172.30.9.37:8774/v2.1/os-keypairs -H "Accept: application/json" -H "User-Agent: python-novaclient" -H "X-Auth-Token: {SHA1}53c98b8d024edab07a50d579697006165690d851" _http_log_request /usr/lib/python2.7/site-packages/keystoneauth1/session.py:448
2019-07-28 18:45:20.381 1842 DEBUG novaclient.v2.client [-] RESP: [200] Content-Length: 16 Content-Type: application/json Date: Sun, 28 Jul 2019 18:45:20 GMT OpenStack-API-Version: compute 2.1 Server: Apache Vary: OpenStack-API-Version,X-OpenStack-Nova-API-Version X-OpenStack-Nova-API-Version: 2.1 x-compute-request-id: req-a36cea80-cf6d-4c7d-94eb-882a4ef360c7 x-openstack-request-id: req-a36cea80-cf6d-4c7d-94eb-882a4ef360c7 _http_log_response /usr/lib/python2.7/site-packages/keystoneauth1/session.py:479
2019-07-28 18:45:20.381 1842 DEBUG novaclient.v2.client [-] RESP BODY: {"keypairs": []} _http_log_response /usr/lib/python2.7/site-packages/keystoneauth1/session.py:511
2019-07-28 18:45:20.382 1842 DEBUG novaclient.v2.client [-] GET call to compute for http://172.30.9.37:8774/v2.1/os-keypairs used request id req-a36cea80-cf6d-4c7d-94eb-882a4ef360c7 request /usr/lib/python2.7/site-packages/keystoneauth1/session.py:844
2019-07-28 18:45:20.388 1842 RALLYDEBUG rally_openstack.cleanup.manager [-] Cleaning up cinder backups objects
2019-07-28 18:45:22.702 1842 RALLYDEBUG rally_openstack.cleanup.manager [-] Cleaning up cinder volume_snapshots objects
2019-07-28 18:45:24.931 1842 RALLYDEBUG rally_openstack.cleanup.manager [-] Cleaning up cinder transfers objects
2019-07-28 18:45:27.044 1842 RALLYDEBUG rally_openstack.cleanup.manager [-] Cleaning up cinder volumes objects
2019-07-28 18:45:29.337 1842 INFO rally.task.context [-] Task 4b616866-9db1-44a8-8625-c2456282d649 | Context cleanup@openstack cleanup() finished in 18.02 sec
2019-07-28 18:45:29.338 1842 INFO rally.task.context [-] Task 4b616866-9db1-44a8-8625-c2456282d649 | Context quotas@openstack cleanup() started
2019-07-28 18:45:30.296 1842 INFO rally.task.context [-] Task 4b616866-9db1-44a8-8625-c2456282d649 | Context quotas@openstack cleanup() finished in 0.96 sec
2019-07-28 18:45:30.296 1842 INFO rally.task.context [-] Task 4b616866-9db1-44a8-8625-c2456282d649 | Context api_versions@openstack cleanup() started
2019-07-28 18:45:30.297 1842 INFO rally.task.context [-] Task 4b616866-9db1-44a8-8625-c2456282d649 | Context api_versions@openstack cleanup() finished in 0.31 msec
2019-07-28 18:45:30.297 1842 INFO rally.task.context [-] Task 4b616866-9db1-44a8-8625-c2456282d649 | Context users@openstack cleanup() started
2019-07-28 18:45:38.478 1842 INFO rally.task.context [-] Task 4b616866-9db1-44a8-8625-c2456282d649 | Context users@openstack cleanup() finished in 8.18 sec
2019-07-28 18:45:39.693 1842 INFO rally.task.engine [-] Load duration is: 105.568334
2019-07-28 18:45:39.694 1842 INFO rally.task.engine [-] Full runner duration is: 106.625898
2019-07-28 18:45:39.694 1842 INFO rally.task.engine [-] Full duration is: 143.513271
2019-07-28 18:45:39.946 1842 INFO rally.task.engine [-] Running workload: position = 0 config = { "version": 2, "title": "A cropped version of a bigger task.", "description": "Auto-generated task from a single workload (uuid=b48d6d3b-ed33-4735-beca-ddacd712978a)", "subtasks": [ { "title": "CinderVolumes.create_and_list_snapshots", "description": "Create and then list a volume-snapshot.", "scenario": { "CinderVolumes.create_and_list_snapshots": { "detailed": true, "force": false } }, "contexts": { "users": { "tenants": 3, "users_per_tenant": 2 }, "quotas": { "cinder": { "gigabytes": -1, "snapshots": -1, "volumes": -1 } }, "api_versions": { "cinder": { "version": 3, "service_type": "volumev3" } }, "volumes": { "size": 1, "volumes_per_tenant": 1 } }, "runner": { "constant": { "concurrency": 4, "times": 10 } }, "hooks": [], "sla": { "failure_rate": { "max": 0 } } } ] }
2019-07-28 18:45:39.977 1842 RALLYDEBUG rally_openstack.contexts.keystone.users [-] Creating 3 tenants using 20 threads
2019-07-28 18:45:41.927 1842 RALLYDEBUG rally_openstack.contexts.keystone.users [-] Creating 6 users using 20 threads
2019-07-28 18:45:44.658 1842 INFO rally.task.context [-] Task 4b616866-9db1-44a8-8625-c2456282d649 | Context users@openstack setup() finished in 4.68 sec
2019-07-28 18:45:45.088 1842 INFO rally.task.context [-] Task 4b616866-9db1-44a8-8625-c2456282d649 | Context api_versions@openstack setup() finished in 0.43 sec
2019-07-28 18:45:46.760 1842 INFO rally.task.context [-] Task 4b616866-9db1-44a8-8625-c2456282d649 | Context quotas@openstack setup() finished in 1.67 sec
2019-07-28 18:45:57.992 1842 INFO rally.task.context [-] Task 4b616866-9db1-44a8-8625-c2456282d649 | Context volumes@openstack setup() finished in 11.23 sec
2019-07-28 18:45:57.992 1842 INFO rally.task.context [-] Task 4b616866-9db1-44a8-8625-c2456282d649 | Context cleanup@openstack setup() finished in 0.02 msec
2019-07-28 18:45:58.001 1842 RALLYDEBUG rally.task.runner [-] Starting the constant runner (task UUID: 4b616866-9db1-44a8-8625-c2456282d649). timeout: 0 concurrency: 4 concurrency_per_worker: 1 times: 10 concurrency_overhead: 0 processes_to_start: 4 max_cpu_used: 16
2019-07-28 18:45:58.014 2210 RALLYDEBUG rally.task.runner [-] Starting a worker. concurrency: 1 args: {"detailed": true, "force": false} times: 10 method_name: run timeout: 0 duration: None cls:
2019-07-28 18:45:58.016 2211 RALLYDEBUG rally.task.runner [-] Starting a worker. concurrency: 1 args: {"detailed": true, "force": false} times: 10 method_name: run timeout: 0 duration: None cls:
2019-07-28 18:45:58.019 2212 RALLYDEBUG rally.task.runner [-] Starting a worker. concurrency: 1 args: {"detailed": true, "force": false} times: 10 method_name: run timeout: 0 duration: None cls:
2019-07-28 18:45:58.025 2211 INFO rally.task.runner [-] Task 4b616866-9db1-44a8-8625-c2456282d649 | ITER: 2 START
2019-07-28 18:45:58.026 2210 INFO rally.task.runner [-] Task 4b616866-9db1-44a8-8625-c2456282d649 | ITER: 1 START
2019-07-28 18:45:58.028 2213 RALLYDEBUG rally.task.runner [-] Starting a worker. concurrency: 1 args: {"detailed": true, "force": false} times: 10 method_name: run timeout: 0 duration: None cls:
2019-07-28 18:45:58.030 2212 INFO rally.task.runner [-] Task 4b616866-9db1-44a8-8625-c2456282d649 | ITER: 3 START
2019-07-28 18:45:58.038 2213 INFO rally.task.runner [-] Task 4b616866-9db1-44a8-8625-c2456282d649 | ITER: 4 START
2019-07-28 18:46:01.880 2211 INFO rally.task.runner [-] Task 4b616866-9db1-44a8-8625-c2456282d649 | ITER: 2 END: OK
2019-07-28 18:46:01.886 2211 INFO rally.task.runner [-] Task 4b616866-9db1-44a8-8625-c2456282d649 | ITER: 5 START
2019-07-28 18:46:02.018 2213 INFO rally.task.runner [-] Task 4b616866-9db1-44a8-8625-c2456282d649 | ITER: 4 END: OK
2019-07-28 18:46:02.023 2213 INFO rally.task.runner [-] Task 4b616866-9db1-44a8-8625-c2456282d649 | ITER: 6 START
2019-07-28 18:46:02.029 2212 INFO rally.task.runner [-] Task 4b616866-9db1-44a8-8625-c2456282d649 | ITER: 3 END: OK
2019-07-28 18:46:02.034 2212 INFO rally.task.runner [-] Task 4b616866-9db1-44a8-8625-c2456282d649 | ITER: 7 START
2019-07-28 18:46:02.161 2210 INFO rally.task.runner [-] Task 4b616866-9db1-44a8-8625-c2456282d649 | ITER: 1 END: OK
2019-07-28 18:46:02.166 2210 INFO rally.task.runner [-] Task 4b616866-9db1-44a8-8625-c2456282d649 | ITER: 8 START
2019-07-28 18:46:05.676 2213 INFO rally.task.runner [-] Task 4b616866-9db1-44a8-8625-c2456282d649 | ITER: 6 END: OK
2019-07-28 18:46:05.682 2213 INFO rally.task.runner [-] Task 4b616866-9db1-44a8-8625-c2456282d649 | ITER: 9 START
2019-07-28 18:46:05.683 2212 INFO rally.task.runner [-] Task 4b616866-9db1-44a8-8625-c2456282d649 | ITER: 7 END: OK
2019-07-28 18:46:05.688 2212 INFO rally.task.runner [-] Task 4b616866-9db1-44a8-8625-c2456282d649 | ITER: 10 START
2019-07-28 18:46:05.728 2211 INFO rally.task.runner [-] Task 4b616866-9db1-44a8-8625-c2456282d649 | ITER: 5 END: OK
2019-07-28 18:46:05.778 2210 INFO rally.task.runner [-] Task 4b616866-9db1-44a8-8625-c2456282d649 | ITER: 8 END: OK
2019-07-28 18:46:09.196 2212 INFO rally.task.runner [-] Task 4b616866-9db1-44a8-8625-c2456282d649 | ITER: 10 END: OK
2019-07-28 18:46:09.463 2213 INFO rally.task.runner [-] Task 4b616866-9db1-44a8-8625-c2456282d649 | ITER: 9 END: OK
2019-07-28 18:46:09.490 1842 INFO rally.task.context [-] Task 4b616866-9db1-44a8-8625-c2456282d649 | Context cleanup@openstack cleanup() started
2019-07-28 18:46:09.492 1842 RALLYDEBUG rally_openstack.cleanup.manager [-] Cleaning up cinder backups objects
2019-07-28 18:46:11.742 1842 RALLYDEBUG rally_openstack.cleanup.manager [-] Cleaning up cinder volume_snapshots objects
2019-07-28 18:46:14.114 1842 RALLYDEBUG rally_openstack.cleanup.manager [-] Deleting cinder.volume_snapshots object s_rally_b48d6d3b_f0wU7zwF (bebcf8e1-e23d-4f40-8efe-9228570428b9)
2019-07-28 18:46:14.117 1842 RALLYDEBUG rally_openstack.cleanup.manager [-] Deleting cinder.volume_snapshots object s_rally_b48d6d3b_39nx7CL4 (6eedc2f3-5051-4414-942c-8bcbec71a59e)
2019-07-28 18:46:14.126 1842 RALLYDEBUG rally_openstack.cleanup.manager [-] Deleting cinder.volume_snapshots object s_rally_b48d6d3b_KKXreV1C (e9832e73-b211-4df2-8424-081af291013c)
2019-07-28 18:46:14.134 1842 RALLYDEBUG rally_openstack.cleanup.manager [-] Deleting cinder.volume_snapshots object s_rally_b48d6d3b_MrOaOS6K (714a24c6-9556-4e68-9a64-7524d3c260b2)
2019-07-28 18:46:14.135 1842 RALLYDEBUG rally_openstack.cleanup.manager [-] Deleting cinder.volume_snapshots object s_rally_b48d6d3b_vP1q1ScX (173e0946-2bb6-4064-89d2-0293f981cd99)
2019-07-28 18:46:14.139 1842 RALLYDEBUG rally_openstack.cleanup.manager [-] Deleting cinder.volume_snapshots object s_rally_b48d6d3b_tgHr3rJl (848b445c-dc43-4531-9e83-2c1c2e8b6f17)
2019-07-28 18:46:14.144 1842 RALLYDEBUG rally_openstack.cleanup.manager [-] Deleting cinder.volume_snapshots object s_rally_b48d6d3b_c1783eDQ (48e27901-9948-4d00-a9c8-7005246b8245)
2019-07-28 18:46:14.148 1842 RALLYDEBUG rally_openstack.cleanup.manager [-] Deleting cinder.volume_snapshots object s_rally_b48d6d3b_oINkOBw2 (e5ed65d9-17d6-423c-8c4e-dfdf019da774)
2019-07-28 18:46:14.150 1842 RALLYDEBUG rally_openstack.cleanup.manager [-] Deleting cinder.volume_snapshots object s_rally_b48d6d3b_vHv2M4DV (149dd9a1-478a-42a8-9b05-4eef1c91f11f)
2019-07-28 18:46:14.157 1842 RALLYDEBUG rally_openstack.cleanup.manager [-] Deleting cinder.volume_snapshots object s_rally_b48d6d3b_qH0Bvppn (26238f92-5db8-4a58-b2b3-8ac07bad29d4)
2019-07-28 18:46:19.137 1842 RALLYDEBUG rally_openstack.cleanup.manager [-] Cleaning up cinder transfers objects
2019-07-28 18:46:21.252 1842 RALLYDEBUG rally_openstack.cleanup.manager [-] Cleaning up cinder volumes objects
2019-07-28 18:46:23.471 1842 INFO rally.task.context [-] Task 4b616866-9db1-44a8-8625-c2456282d649 | Context cleanup@openstack cleanup() finished in 13.98 sec
2019-07-28 18:46:23.472 1842 INFO rally.task.context [-] Task 4b616866-9db1-44a8-8625-c2456282d649 | Context volumes@openstack cleanup() started
2019-07-28 18:46:23.472 1842 RALLYDEBUG rally_openstack.cleanup.manager [-] Cleaning up cinder volumes objects
2019-07-28 18:46:25.725 1842 RALLYDEBUG rally_openstack.cleanup.manager [-] Deleting cinder.volumes object c_rally_b48d6d3b_Eui3a2ew (543a7ac6-d697-4be9-9cb8-9b3ca6adcfde)
2019-07-28 18:46:25.728 1842 RALLYDEBUG rally_openstack.cleanup.manager [-] Deleting cinder.volumes object c_rally_b48d6d3b_tbtOjvDa (8f323448-b700-4c00-9992-999b34288941)
2019-07-28 18:46:25.731 1842 RALLYDEBUG rally_openstack.cleanup.manager [-] Deleting cinder.volumes object c_rally_b48d6d3b_vh1ZjHwK (114a71a2-6daa-4b09-a245-4588e40188dc)
2019-07-28 18:46:29.147 1842 INFO rally.task.context [-] Task 4b616866-9db1-44a8-8625-c2456282d649 | Context volumes@openstack cleanup() finished in 5.68 sec
2019-07-28 18:46:29.148 1842 INFO rally.task.context [-] Task 4b616866-9db1-44a8-8625-c2456282d649 | Context quotas@openstack cleanup() started
2019-07-28 18:46:29.787 1842 INFO rally.task.context [-] Task 4b616866-9db1-44a8-8625-c2456282d649 | Context quotas@openstack cleanup() finished in 0.64 sec
2019-07-28 18:46:29.788 1842 INFO rally.task.context [-] Task 4b616866-9db1-44a8-8625-c2456282d649 | Context api_versions@openstack cleanup() started
2019-07-28 18:46:29.788 1842 INFO rally.task.context [-] Task 4b616866-9db1-44a8-8625-c2456282d649 | Context api_versions@openstack cleanup() finished in 0.29 msec
2019-07-28 18:46:29.788 1842 INFO rally.task.context [-] Task 4b616866-9db1-44a8-8625-c2456282d649 | Context users@openstack cleanup() started
2019-07-28 18:46:38.005 1842 INFO rally.task.context [-] Task 4b616866-9db1-44a8-8625-c2456282d649 | Context users@openstack cleanup() finished in 8.22 sec
2019-07-28 18:46:38.253 1842 INFO rally.task.engine [-] Load duration is: 11.433785
2019-07-28 18:46:38.254 1842 INFO rally.task.engine [-] Full runner duration is: 11.489977
2019-07-28 18:46:38.254 1842 INFO rally.task.engine [-] Full duration is: 58.032102
2019-07-28 18:46:38.489 1842 INFO rally.task.engine [-] Running workload: position = 0 config = { "version": 2, "title": "A cropped version of a bigger task.", "description": "Auto-generated task from a single workload (uuid=4799b04e-0fe0-4ed6-a4eb-75a7f3dbe651)", "subtasks": [ { "title": "CinderVolumes.create_and_list_volume", "description": "Create a volume and list all volumes.", "scenario": { "CinderVolumes.create_and_list_volume": { "detailed": true, "image": { "name": "rally_full-img_13967b42-b929-4ef9-8c8b-d654955b5392" }, "size": 1 } }, "contexts": { "users": { "tenants": 3, "users_per_tenant": 2 }, "quotas": { "cinder": { "gigabytes": -1, "snapshots": -1, "volumes": -1 } }, "api_versions": { "cinder": { "version": 3, "service_type": "volumev3" } } }, "runner": { "constant": { "concurrency": 4, "times": 10 } }, "hooks": [], "sla": { "failure_rate": { "max": 0 } } } ] }
2019-07-28 18:46:38.514 1842 RALLYDEBUG rally_openstack.contexts.keystone.users [-] Creating 3 tenants using 20 threads
2019-07-28 18:46:40.358 1842 RALLYDEBUG rally_openstack.contexts.keystone.users [-] Creating 6 users using 20 threads
2019-07-28 18:46:43.119 1842 INFO rally.task.context [-] Task 4b616866-9db1-44a8-8625-c2456282d649 | Context users@openstack setup() finished in 4.60 sec
2019-07-28 18:46:43.553 1842 INFO rally.task.context [-] Task 4b616866-9db1-44a8-8625-c2456282d649 | Context api_versions@openstack setup() finished in 0.43 sec
2019-07-28 18:46:45.180 1842 INFO rally.task.context [-] Task 4b616866-9db1-44a8-8625-c2456282d649 | Context quotas@openstack setup() finished in 1.63 sec
2019-07-28 18:46:45.181 1842 INFO rally.task.context [-] Task 4b616866-9db1-44a8-8625-c2456282d649 | Context cleanup@openstack setup() finished in 0.01 msec
2019-07-28 18:46:46.355 1842 RALLYDEBUG rally.task.runner [-] Starting the constant runner (task UUID: 4b616866-9db1-44a8-8625-c2456282d649). timeout: 0 concurrency: 4 concurrency_per_worker: 1 times: 10 concurrency_overhead: 0 processes_to_start: 4 max_cpu_used: 16
2019-07-28 18:46:46.368 2414 RALLYDEBUG rally.task.runner [-] Starting a worker. concurrency: 1 args: {"detailed": true, "image": "8259bfd5-d557-437a-8de6-d2feee0b53b8", "size": 1} times: 10 method_name: run timeout: 0 duration: None cls:
2019-07-28 18:46:46.371 2415 RALLYDEBUG rally.task.runner [-] Starting a worker. concurrency: 1 args: {"detailed": true, "image": "8259bfd5-d557-437a-8de6-d2feee0b53b8", "size": 1} times: 10 method_name: run timeout: 0 duration: None cls:
2019-07-28 18:46:46.373 2416 RALLYDEBUG rally.task.runner [-] Starting a worker. concurrency: 1 args: {"detailed": true, "image": "8259bfd5-d557-437a-8de6-d2feee0b53b8", "size": 1} times: 10 method_name: run timeout: 0 duration: None cls:
2019-07-28 18:46:46.377 2414 INFO rally.task.runner [-] Task 4b616866-9db1-44a8-8625-c2456282d649 | ITER: 1 START
2019-07-28 18:46:46.377 2417 RALLYDEBUG rally.task.runner [-] Starting a worker. concurrency: 1 args: {"detailed": true, "image": "8259bfd5-d557-437a-8de6-d2feee0b53b8", "size": 1} times: 10 method_name: run timeout: 0 duration: None cls:
2019-07-28 18:46:46.379 2415 INFO rally.task.runner [-] Task 4b616866-9db1-44a8-8625-c2456282d649 | ITER: 2 START
2019-07-28 18:46:46.382 2416 INFO rally.task.runner [-] Task 4b616866-9db1-44a8-8625-c2456282d649 | ITER: 3 START
2019-07-28 18:46:46.384 2417 INFO rally.task.runner [-] Task 4b616866-9db1-44a8-8625-c2456282d649 | ITER: 4 START
2019-07-28 18:46:56.588 2415 RALLYDEBUG rally.task.utils [-] Waiting for resource s_rally_4799b04e_euIFdUVt. Status changed: CREATING => DOWNLOADING in 5.27748894691
2019-07-28 18:46:56.835 2414 RALLYDEBUG rally.task.utils [-] Waiting for resource s_rally_4799b04e_aVtooJ36. Status changed: CREATING => DOWNLOADING in 5.41765499115
2019-07-28 18:46:56.941 2417 RALLYDEBUG rally.task.utils [-] Waiting for resource s_rally_4799b04e_3xxxVyU6. Status changed: CREATING => DOWNLOADING in 5.32700300217
2019-07-28 18:46:59.256 2416 RALLYDEBUG rally.task.utils [-] Waiting for resource s_rally_4799b04e_4IIv5aIa. Status changed: CREATING => DOWNLOADING in 7.45743513107
2019-07-28 18:47:05.611 2414 RALLYDEBUG rally.task.utils [-] Waiting for resource s_rally_4799b04e_aVtooJ36. Status changed: DOWNLOADING => AVAILABLE in 8.77574205399
2019-07-28 18:47:05.744 2417 RALLYDEBUG rally.task.utils [-] Waiting for resource s_rally_4799b04e_3xxxVyU6. Status changed: DOWNLOADING => AVAILABLE in 8.80342698097
2019-07-28 18:47:05.998 2414 INFO rally.task.runner [-] Task 4b616866-9db1-44a8-8625-c2456282d649 | ITER: 1 END: OK
2019-07-28 18:47:06.003 2414 INFO rally.task.runner [-] Task 4b616866-9db1-44a8-8625-c2456282d649 | ITER: 5 START
2019-07-28 18:47:06.063 2416 RALLYDEBUG rally.task.utils [-] Waiting for resource s_rally_4799b04e_4IIv5aIa. Status changed: DOWNLOADING => AVAILABLE in 6.80708789825
2019-07-28 18:47:06.066 2415 RALLYDEBUG rally.task.utils [-] Waiting for resource s_rally_4799b04e_euIFdUVt. Status changed: DOWNLOADING => AVAILABLE in 9.47795701027
2019-07-28 18:47:06.126 2415 INFO rally.task.runner [-] Task 4b616866-9db1-44a8-8625-c2456282d649 | ITER: 2 END: OK
2019-07-28 18:47:06.130 2417 INFO rally.task.runner [-] Task 4b616866-9db1-44a8-8625-c2456282d649 | ITER: 4 END: OK
2019-07-28 18:47:06.132 2415 INFO rally.task.runner [-] Task 4b616866-9db1-44a8-8625-c2456282d649 | ITER: 6 START
2019-07-28 18:47:06.135 2417 INFO rally.task.runner [-] Task 4b616866-9db1-44a8-8625-c2456282d649 | ITER: 7 START
2019-07-28 18:47:06.314 2416 INFO rally.task.runner [-] Task 4b616866-9db1-44a8-8625-c2456282d649 | ITER: 3 END: OK
2019-07-28 18:47:06.320 2416 INFO rally.task.runner [-] Task 4b616866-9db1-44a8-8625-c2456282d649 | ITER: 8 START
2019-07-28 18:47:13.263 2417 RALLYDEBUG rally.task.utils [-] Waiting for resource s_rally_4799b04e_7Yt5k1tV. Status changed: CREATING => DOWNLOADING in 2.6832678318
2019-07-28 18:47:14.461 2414 RALLYDEBUG rally.task.utils [-] Waiting for resource s_rally_4799b04e_NZdodjsF. Status changed: CREATING => DOWNLOADING in 2.96816706657
2019-07-28 18:47:18.556 2415 RALLYDEBUG rally.task.utils [-] Waiting for resource s_rally_4799b04e_dOjdlCWt. Status changed: CREATING => DOWNLOADING in 7.69512987137
2019-07-28 18:47:23.518 2416 RALLYDEBUG rally.task.utils [-] Waiting for resource s_rally_4799b04e_bjMSf2JS. Status changed: CREATING => DOWNLOADING in 12.4260978699
2019-07-28 18:47:24.756 2417 RALLYDEBUG rally.task.utils [-] Waiting for resource s_rally_4799b04e_7Yt5k1tV. Status changed: DOWNLOADING => AVAILABLE in 11.4931731224
2019-07-28 18:47:24.839 2417 INFO rally.task.runner [-] Task 4b616866-9db1-44a8-8625-c2456282d649 | ITER: 7 END: OK
2019-07-28 18:47:24.846 2417 INFO rally.task.runner [-] Task 4b616866-9db1-44a8-8625-c2456282d649 | ITER: 9 START
2019-07-28 18:47:24.938 2415 RALLYDEBUG rally.task.utils [-] Waiting for resource s_rally_4799b04e_dOjdlCWt. Status changed: DOWNLOADING => AVAILABLE in 6.38195419312
2019-07-28 18:47:24.964 2414 RALLYDEBUG rally.task.utils [-] Waiting for resource s_rally_4799b04e_NZdodjsF. Status changed: DOWNLOADING => AVAILABLE in 10.5026409626
2019-07-28 18:47:25.030 2414 INFO rally.task.runner [-] Task 4b616866-9db1-44a8-8625-c2456282d649 | ITER: 5 END: OK
2019-07-28 18:47:25.036 2414 INFO rally.task.runner [-] Task 4b616866-9db1-44a8-8625-c2456282d649 | ITER: 10 START
2019-07-28 18:47:25.291 2415 INFO rally.task.runner [-] Task 4b616866-9db1-44a8-8625-c2456282d649 | ITER: 6 END: OK
2019-07-28 18:47:27.951 2416 RALLYDEBUG rally.task.utils [-] Waiting for resource s_rally_4799b04e_bjMSf2JS. Status changed: DOWNLOADING => AVAILABLE in 4.43353700638
2019-07-28 18:47:28.302 2416 INFO rally.task.runner [-] Task 4b616866-9db1-44a8-8625-c2456282d649 | ITER: 8 END: OK
2019-07-28 18:47:32.385 2417 RALLYDEBUG rally.task.utils [-] Waiting for resource s_rally_4799b04e_ywPtuQWS. Status changed: CREATING => DOWNLOADING in 3.00863599777
2019-07-28 18:47:32.832 2414 RALLYDEBUG rally.task.utils [-] Waiting for resource s_rally_4799b04e_J7YS7v0q. Status changed: CREATING => DOWNLOADING in 3.0340321064
2019-07-28 18:47:37.053 2417 RALLYDEBUG rally.task.utils [-] Waiting for resource s_rally_4799b04e_ywPtuQWS. Status changed: DOWNLOADING => AVAILABLE in 4.66865897179
2019-07-28 18:47:37.417 2417 INFO rally.task.runner [-] Task 4b616866-9db1-44a8-8625-c2456282d649 | ITER: 9 END: OK
2019-07-28 18:47:37.507 2414 RALLYDEBUG rally.task.utils [-] Waiting for resource s_rally_4799b04e_J7YS7v0q. Status changed: DOWNLOADING => AVAILABLE in 4.67476892471
2019-07-28 18:47:37.588 2414 INFO rally.task.runner [-] Task 4b616866-9db1-44a8-8625-c2456282d649 | ITER: 10 END: OK
2019-07-28 18:47:37.608 1842 INFO rally.task.context [-] Task 4b616866-9db1-44a8-8625-c2456282d649 | Context cleanup@openstack cleanup() started
2019-07-28 18:47:37.612 1842 RALLYDEBUG rally_openstack.cleanup.manager [-] Cleaning up cinder backups objects
2019-07-28 18:47:39.861 1842 RALLYDEBUG rally_openstack.cleanup.manager [-] Cleaning up cinder volume_snapshots objects
2019-07-28 18:47:42.118 1842 RALLYDEBUG rally_openstack.cleanup.manager [-] Cleaning up cinder transfers objects
2019-07-28 18:47:44.260 1842 RALLYDEBUG rally_openstack.cleanup.manager [-] Cleaning up cinder volumes objects
2019-07-28 18:47:46.673 1842 RALLYDEBUG rally_openstack.cleanup.manager [-] Deleting cinder.volumes object s_rally_4799b04e_aVtooJ36 (e68efc79-172e-44db-9cdc-d70a443f5d04)
2019-07-28 18:47:46.674 1842 RALLYDEBUG rally_openstack.cleanup.manager [-] Deleting cinder.volumes object s_rally_4799b04e_7Yt5k1tV (f19435a2-a97c-4746-bf4a-b8c629550a90)
2019-07-28 18:47:46.674 1842 RALLYDEBUG rally_openstack.cleanup.manager [-] Deleting cinder.volumes object s_rally_4799b04e_4IIv5aIa (e9554b61-fd46-4fde-867e-ef4bd10b0749)
2019-07-28 18:47:46.682 1842 RALLYDEBUG rally_openstack.cleanup.manager [-] Deleting cinder.volumes object s_rally_4799b04e_bjMSf2JS (51c819fb-5119-4091-a184-3a6675adfa0c)
2019-07-28 18:47:46.687 1842 RALLYDEBUG rally_openstack.cleanup.manager [-] Deleting cinder.volumes object s_rally_4799b04e_NZdodjsF (d90f9c85-e9b8-4971-a356-6ab662e3daca)
2019-07-28 18:47:46.693 1842 RALLYDEBUG rally_openstack.cleanup.manager [-] Deleting cinder.volumes object s_rally_4799b04e_3xxxVyU6 (c5b8c1ab-2abd-4d17-9fcd-2f6bf0fb0a57)
2019-07-28 18:47:46.701 1842 RALLYDEBUG rally_openstack.cleanup.manager [-] Deleting cinder.volumes object s_rally_4799b04e_euIFdUVt (3f407db2-5fce-4254-bf45-2736a58671f6)
2019-07-28 18:47:46.709 1842 RALLYDEBUG rally_openstack.cleanup.manager [-] Deleting cinder.volumes object s_rally_4799b04e_J7YS7v0q (1b8bbef0-4409-4d3b-8625-fd1ccab0c749)
2019-07-28 18:47:46.711 1842 RALLYDEBUG rally_openstack.cleanup.manager [-] Deleting cinder.volumes object s_rally_4799b04e_ywPtuQWS (421a179c-3fb8-40ac-aeac-6994ebaa3d35)
2019-07-28 18:47:46.720 1842 RALLYDEBUG rally_openstack.cleanup.manager [-] Deleting cinder.volumes object s_rally_4799b04e_dOjdlCWt (238ad443-fa6c-4c4d-8b0b-dcabc34e5a3c)
2019-07-28 18:47:51.981 1842 INFO rally.task.context [-] Task 4b616866-9db1-44a8-8625-c2456282d649 | Context cleanup@openstack cleanup() finished in 14.37 sec
2019-07-28 18:47:51.982 1842 INFO rally.task.context [-] Task 4b616866-9db1-44a8-8625-c2456282d649 | Context quotas@openstack cleanup() started
2019-07-28 18:47:53.009 1842 INFO rally.task.context [-] Task 4b616866-9db1-44a8-8625-c2456282d649 | Context quotas@openstack cleanup() finished in 1.03 sec
2019-07-28 18:47:53.010 1842 INFO rally.task.context [-] Task 4b616866-9db1-44a8-8625-c2456282d649 | Context api_versions@openstack cleanup() started
2019-07-28 18:47:53.010 1842 INFO rally.task.context [-] Task 4b616866-9db1-44a8-8625-c2456282d649 | Context api_versions@openstack cleanup() finished in 0.32 msec
2019-07-28 18:47:53.011 1842 INFO rally.task.context [-] Task 4b616866-9db1-44a8-8625-c2456282d649 | Context users@openstack cleanup() started
2019-07-28 18:48:01.317 1842 INFO rally.task.context [-] Task 4b616866-9db1-44a8-8625-c2456282d649 | Context users@openstack cleanup() finished in 8.31 sec
2019-07-28 18:48:02.876 1842 INFO rally.task.engine [-] Load duration is: 51.206737
2019-07-28 18:48:02.877 1842 INFO rally.task.engine [-] Full runner duration is: 51.252616
2019-07-28 18:48:02.877 1842 INFO rally.task.engine [-] Full duration is: 82.80617
2019-07-28 18:48:03.067 1842 INFO rally.task.engine [-] Running workload: position = 1 config = { "version": 2, "title": "A cropped version of a bigger task.", "description": "Auto-generated task from a single workload (uuid=d78751d1-a830-4d85-981d-29edf1da2b64)", "subtasks": [ { "title": "CinderVolumes.create_and_list_volume", "description": "Create a volume and list all volumes.", "scenario": { "CinderVolumes.create_and_list_volume": { "detailed": true, "size": 1 } }, "contexts": { "users": { "tenants": 3, "users_per_tenant": 2 }, "quotas": { "cinder": { "gigabytes": -1, "snapshots": -1, "volumes": -1 } }, "api_versions": { "cinder": { "version": 3, "service_type": "volumev3" } } }, "runner": { "constant": { "concurrency": 4, "times": 10 } }, "hooks": [], "sla": { "failure_rate": { "max": 0 } } } ] }
2019-07-28 18:48:03.093 1842 RALLYDEBUG rally_openstack.contexts.keystone.users [-] Creating 3 tenants using 20 threads
2019-07-28 18:48:04.988 1842 RALLYDEBUG rally_openstack.contexts.keystone.users [-] Creating 6 users using 20 threads
2019-07-28 18:48:07.774 1842 INFO rally.task.context [-] Task 4b616866-9db1-44a8-8625-c2456282d649 | Context users@openstack setup() finished in 4.68 sec
2019-07-28 18:48:08.218 1842 INFO rally.task.context [-] Task 4b616866-9db1-44a8-8625-c2456282d649 | Context api_versions@openstack setup() finished in 0.44 sec
2019-07-28 18:48:09.958 1842 INFO rally.task.context [-] Task 4b616866-9db1-44a8-8625-c2456282d649 | Context quotas@openstack setup() finished in 1.74 sec
2019-07-28 18:48:09.959 1842 INFO rally.task.context [-] Task 4b616866-9db1-44a8-8625-c2456282d649 | Context cleanup@openstack setup() finished in 0.01 msec
2019-07-28 18:48:09.967 1842 RALLYDEBUG rally.task.runner [-] Starting the constant runner (task UUID: 4b616866-9db1-44a8-8625-c2456282d649). timeout: 0 concurrency: 4 concurrency_per_worker: 1 times: 10 concurrency_overhead: 0 processes_to_start: 4 max_cpu_used: 16
2019-07-28 18:48:09.980 2598 RALLYDEBUG rally.task.runner [-] Starting a worker. concurrency: 1 args: {"detailed": true, "size": 1} times: 10 method_name: run timeout: 0 duration: None cls:
2019-07-28 18:48:09.982 2599 RALLYDEBUG rally.task.runner [-] Starting a worker. concurrency: 1 args: {"detailed": true, "size": 1} times: 10 method_name: run timeout: 0 duration: None cls:
2019-07-28 18:48:09.985 2600 RALLYDEBUG rally.task.runner [-] Starting a worker. concurrency: 1 args: {"detailed": true, "size": 1} times: 10 method_name: run timeout: 0 duration: None cls:
2019-07-28 18:48:09.988 2598 INFO rally.task.runner [-] Task 4b616866-9db1-44a8-8625-c2456282d649 | ITER: 1 START
2019-07-28 18:48:09.988 2601 RALLYDEBUG rally.task.runner [-] Starting a worker. concurrency: 1 args: {"detailed": true, "size": 1} times: 10 method_name: run timeout: 0 duration: None cls:
2019-07-28 18:48:09.990 2599 INFO rally.task.runner [-] Task 4b616866-9db1-44a8-8625-c2456282d649 | ITER: 2 START
2019-07-28 18:48:09.993 2600 INFO rally.task.runner [-] Task 4b616866-9db1-44a8-8625-c2456282d649 | ITER: 3 START
2019-07-28 18:48:09.996 2601 INFO rally.task.runner [-] Task 4b616866-9db1-44a8-8625-c2456282d649 | ITER: 4 START
2019-07-28 18:48:13.985 2599 INFO rally.task.runner [-] Task 4b616866-9db1-44a8-8625-c2456282d649 | ITER: 2 END: OK
2019-07-28 18:48:13.991 2599 INFO rally.task.runner [-] Task 4b616866-9db1-44a8-8625-c2456282d649 | ITER: 5 START
2019-07-28 18:48:14.030 2598 INFO rally.task.runner [-] Task 4b616866-9db1-44a8-8625-c2456282d649 | ITER: 1 END: OK
2019-07-28 18:48:14.034 2598 INFO rally.task.runner [-] Task 4b616866-9db1-44a8-8625-c2456282d649 | ITER: 6 START
2019-07-28 18:48:14.055 2601 INFO rally.task.runner [-] Task 4b616866-9db1-44a8-8625-c2456282d649 | ITER: 4 END: OK
2019-07-28 18:48:14.060 2601 INFO rally.task.runner [-] Task 4b616866-9db1-44a8-8625-c2456282d649 | ITER: 7 START
2019-07-28 18:48:14.230 2600 INFO rally.task.runner [-] Task 4b616866-9db1-44a8-8625-c2456282d649 | ITER: 3 END: OK
2019-07-28 18:48:14.235 2600 INFO rally.task.runner [-] Task 4b616866-9db1-44a8-8625-c2456282d649 | ITER: 8 START
2019-07-28 18:48:17.852 2599 INFO rally.task.runner [-] Task 4b616866-9db1-44a8-8625-c2456282d649 | ITER: 5 END: OK
2019-07-28 18:48:17.857 2599 INFO rally.task.runner [-] Task 4b616866-9db1-44a8-8625-c2456282d649 | ITER: 9 START
2019-07-28 18:48:18.149 2601 INFO rally.task.runner [-] Task 4b616866-9db1-44a8-8625-c2456282d649 | ITER: 7 END: OK
2019-07-28 18:48:18.153 2601 INFO rally.task.runner [-] Task 4b616866-9db1-44a8-8625-c2456282d649 | ITER: 10 START
2019-07-28 18:48:18.187 2598 INFO rally.task.runner [-] Task 4b616866-9db1-44a8-8625-c2456282d649 | ITER: 6 END: OK
2019-07-28 18:48:18.294 2600 INFO rally.task.runner [-] Task 4b616866-9db1-44a8-8625-c2456282d649 | ITER: 8 END: OK
2019-07-28 18:48:21.962 2599 INFO rally.task.runner [-] Task 4b616866-9db1-44a8-8625-c2456282d649 | ITER: 9 END: OK
2019-07-28 18:48:22.220 2601 INFO rally.task.runner [-] Task 4b616866-9db1-44a8-8625-c2456282d649 | ITER: 10 END: OK
2019-07-28 18:48:22.243 1842 INFO rally.task.context [-] Task 4b616866-9db1-44a8-8625-c2456282d649 | Context cleanup@openstack cleanup() started
2019-07-28 18:48:22.246 1842 RALLYDEBUG rally_openstack.cleanup.manager [-] Cleaning up cinder backups objects
2019-07-28 18:48:24.740 1842 RALLYDEBUG rally_openstack.cleanup.manager [-] Cleaning up cinder volume_snapshots objects
2019-07-28 18:48:26.918 1842 RALLYDEBUG rally_openstack.cleanup.manager [-] Cleaning up cinder transfers objects
2019-07-28 18:48:29.088 1842 RALLYDEBUG rally_openstack.cleanup.manager [-] Cleaning up cinder volumes objects
2019-07-28 18:48:31.658 1842 RALLYDEBUG rally_openstack.cleanup.manager [-] Deleting cinder.volumes object s_rally_d78751d1_cdYhs4TT (fd4f872e-5f97-41a6-b5d6-f1f1da8a7c8c)
2019-07-28 18:48:31.662 1842 RALLYDEBUG rally_openstack.cleanup.manager [-] Deleting cinder.volumes object s_rally_d78751d1_0a714jOa (e3e28786-4fef-4eed-bd93-94d17eb30ea3)
2019-07-28 18:48:31.664 1842 RALLYDEBUG rally_openstack.cleanup.manager [-] Deleting cinder.volumes object s_rally_d78751d1_DTwvoMxr (27e7d2e6-0605-4650-8fc9-cb656091fd77)
2019-07-28 18:48:31.665 1842 RALLYDEBUG rally_openstack.cleanup.manager [-] Deleting cinder.volumes object s_rally_d78751d1_AbAQs9Ie (b3dd28d9-4345-4024-a658-69e5e2751b2a)
2019-07-28 18:48:31.672 1842 RALLYDEBUG rally_openstack.cleanup.manager [-] Deleting cinder.volumes object s_rally_d78751d1_m2zP2MAZ (48f7e235-dc18-4816-b859-df1c0e0f2985)
2019-07-28 18:48:31.673 1842 RALLYDEBUG rally_openstack.cleanup.manager [-] Deleting cinder.volumes object s_rally_d78751d1_guYeacqf (6ea2755d-9240-4c8c-a509-04c0ff71ab23)
2019-07-28 18:48:31.678 1842 RALLYDEBUG rally_openstack.cleanup.manager [-] Deleting cinder.volumes object s_rally_d78751d1_UhTrOP2H (83bcdac4-767f-49ff-b78b-b26c1eda2f1e)
2019-07-28 18:48:31.679 1842 RALLYDEBUG rally_openstack.cleanup.manager [-] Deleting cinder.volumes object s_rally_d78751d1_7UITp2kB (3e43fdee-3b92-4b78-bd92-a922ab0c1d91)
2019-07-28 18:48:31.680 1842 RALLYDEBUG rally_openstack.cleanup.manager [-] Deleting cinder.volumes object s_rally_d78751d1_oP4c28IZ (78bc2668-265f-48a7-996a-ababbcb83833)
2019-07-28 18:48:31.691 1842 RALLYDEBUG rally_openstack.cleanup.manager [-] Deleting cinder.volumes object s_rally_d78751d1_3gG2nH6c (e55e3335-ac98-4c9c-b1c3-3ad83fa039ab)
2019-07-28 18:48:35.704 1842 INFO rally.task.context [-] Task 4b616866-9db1-44a8-8625-c2456282d649 | Context cleanup@openstack cleanup() finished in 13.46 sec
2019-07-28 18:48:35.705 1842 INFO rally.task.context [-] Task 4b616866-9db1-44a8-8625-c2456282d649 | Context quotas@openstack cleanup() started
2019-07-28 18:48:36.698 1842 INFO rally.task.context [-] Task 4b616866-9db1-44a8-8625-c2456282d649 | Context quotas@openstack cleanup() finished in 0.99 sec
2019-07-28 18:48:36.698 1842 INFO rally.task.context [-] Task 4b616866-9db1-44a8-8625-c2456282d649 | Context api_versions@openstack cleanup() started
2019-07-28 18:48:36.699 1842 INFO rally.task.context [-] Task 4b616866-9db1-44a8-8625-c2456282d649 | Context api_versions@openstack cleanup() finished in 0.32 msec
2019-07-28 18:48:36.699 1842 INFO rally.task.context [-] Task 4b616866-9db1-44a8-8625-c2456282d649 | Context users@openstack cleanup() started
2019-07-28 18:48:45.119 1842 INFO rally.task.context [-] Task 4b616866-9db1-44a8-8625-c2456282d649 | Context users@openstack cleanup() finished in 8.42 sec
2019-07-28 18:48:45.285 1842 INFO rally.task.engine [-] Load duration is: 12.227351
2019-07-28 18:48:45.286 1842 INFO rally.task.engine [-] Full runner duration is: 12.276936
2019-07-28 18:48:45.286 1842 INFO rally.task.engine [-] Full duration is: 42.029749
2019-07-28 18:48:45.526 1842 INFO rally.task.engine [-] Running workload: position = 0 config = { "version": 2, "title": "A cropped version of a bigger task.", "description": "Auto-generated task from a single workload (uuid=2b0562cc-73df-4fcb-a8f2-e44f284df92a)", "subtasks": [ { "title": "CinderVolumes.create_and_upload_volume_to_image", "description": "Create and upload a volume to image.", "scenario": { "CinderVolumes.create_and_upload_volume_to_image": { "container_format": "bare", "disk_format": "raw", "do_delete": true, "force": false, "size": 1 } }, "contexts": { "users": { "tenants": 3, "users_per_tenant": 2 }, "quotas": { "cinder": { "gigabytes": -1, "snapshots": -1, "volumes": -1 } }, "api_versions": { "cinder": { "version": 3, "service_type": "volumev3" } } }, "runner": { "constant": { "concurrency": 4, "times": 10 } }, "hooks": [], "sla": { "failure_rate": { "max": 0 } } } ] }
2019-07-28 18:48:45.552 1842 RALLYDEBUG rally_openstack.contexts.keystone.users [-] Creating 3 tenants using 20 threads
2019-07-28 18:48:47.425 1842 RALLYDEBUG rally_openstack.contexts.keystone.users [-] Creating 6 users using 20 threads
2019-07-28 18:48:50.227 1842 INFO rally.task.context [-] Task 4b616866-9db1-44a8-8625-c2456282d649 | Context users@openstack setup() finished in 4.67 sec
2019-07-28 18:48:50.668 1842 INFO rally.task.context [-] Task 4b616866-9db1-44a8-8625-c2456282d649 | Context api_versions@openstack setup() finished in 0.44 sec
2019-07-28 18:48:52.341 1842 INFO rally.task.context [-] Task 4b616866-9db1-44a8-8625-c2456282d649 | Context quotas@openstack setup() finished in 1.67 sec
2019-07-28 18:48:52.342 1842 INFO rally.task.context [-] Task 4b616866-9db1-44a8-8625-c2456282d649 | Context cleanup@openstack setup() finished in 0.00 msec
2019-07-28 18:48:52.350 1842 RALLYDEBUG rally.task.runner [-] Starting the constant runner (task UUID: 4b616866-9db1-44a8-8625-c2456282d649). timeout: 0 concurrency: 4 concurrency_per_worker: 1 times: 10 concurrency_overhead: 0 processes_to_start: 4 max_cpu_used: 16
2019-07-28 18:48:52.362 2782 RALLYDEBUG rally.task.runner [-] Starting a worker. concurrency: 1 args: {"container_format": "bare", "disk_format": "raw", "do_delete": true, "force": false, "size": 1} times: 10 method_name: run timeout: 0 duration: None cls:
2019-07-28 18:48:52.365 2783 RALLYDEBUG rally.task.runner [-] Starting a worker. concurrency: 1 args: {"container_format": "bare", "disk_format": "raw", "do_delete": true, "force": false, "size": 1} times: 10 method_name: run timeout: 0 duration: None cls:
2019-07-28 18:48:52.369 2782 INFO rally.task.runner [-] Task 4b616866-9db1-44a8-8625-c2456282d649 | ITER: 1 START
2019-07-28 18:48:52.369 2784 RALLYDEBUG rally.task.runner [-] Starting a worker. concurrency: 1 args: {"container_format": "bare", "disk_format": "raw", "do_delete": true, "force": false, "size": 1} times: 10 method_name: run timeout: 0 duration: None cls:
2019-07-28 18:48:52.372 2785 RALLYDEBUG rally.task.runner [-] Starting a worker. concurrency: 1 args: {"container_format": "bare", "disk_format": "raw", "do_delete": true, "force": false, "size": 1} times: 10 method_name: run timeout: 0 duration: None cls:
2019-07-28 18:48:52.373 2783 INFO rally.task.runner [-] Task 4b616866-9db1-44a8-8625-c2456282d649 | ITER: 2 START
2019-07-28 18:48:52.377 2784 INFO rally.task.runner [-] Task 4b616866-9db1-44a8-8625-c2456282d649 | ITER: 3 START
2019-07-28 18:48:52.379 2785 INFO rally.task.runner [-] Task 4b616866-9db1-44a8-8625-c2456282d649 | ITER: 4 START
2019-07-28 18:48:58.019 2782 RALLYDEBUG rally.task.utils [-] Waiting for resource s_rally_2b0562cc_j5nLYC10. Status changed: AVAILABLE => UPLOADING in 0.275089025497
2019-07-28 18:48:58.175 2783 RALLYDEBUG rally.task.utils [-] Waiting for resource s_rally_2b0562cc_MpdQNP84. Status changed: AVAILABLE => UPLOADING in 0.0536530017853
2019-07-28 18:48:58.191 2785 RALLYDEBUG rally.task.utils [-] Waiting for resource s_rally_2b0562cc_nmlpLyOj. Status changed: AVAILABLE => UPLOADING in 0.34762597084
2019-07-28 18:48:58.279 2784 RALLYDEBUG rally.task.utils [-] Waiting for resource s_rally_2b0562cc_emRfMZjQ. Status changed: AVAILABLE => UPLOADING in 0.329272985458
2019-07-28 18:49:39.132 2784 RALLYDEBUG rally.task.utils [-] Waiting for resource s_rally_2b0562cc_emRfMZjQ. Status changed: UPLOADING => AVAILABLE in 40.853621006
2019-07-28 18:49:39.269 2785 RALLYDEBUG rally.task.utils [-] Waiting for resource s_rally_2b0562cc_nmlpLyOj. Status changed: UPLOADING => AVAILABLE in 41.0771079063
2019-07-28 18:49:40.480 2784 RALLYDEBUG rally.task.utils [-] Waiting for resource s_rally_2b0562cc_emRfMZjQ. Status changed: AVAILABLE => DELETING in 0.0569808483124
2019-07-28 18:49:41.142 2785 RALLYDEBUG rally.task.utils [-] Waiting for resource s_rally_2b0562cc_nmlpLyOj. Status changed: AVAILABLE => DELETING in 0.427114009857
2019-07-28 18:49:43.683 2784 INFO rally.task.runner [-] Task 4b616866-9db1-44a8-8625-c2456282d649 | ITER: 3 END: OK
2019-07-28 18:49:43.689 2784 INFO rally.task.runner [-] Task 4b616866-9db1-44a8-8625-c2456282d649 | ITER: 5 START
2019-07-28 18:49:44.970 2785 INFO rally.task.runner [-] Task 4b616866-9db1-44a8-8625-c2456282d649 | ITER: 4 END: OK
2019-07-28 18:49:44.976 2785 INFO rally.task.runner [-] Task 4b616866-9db1-44a8-8625-c2456282d649 | ITER: 6 START
2019-07-28 18:49:49.459 2784 RALLYDEBUG rally.task.utils [-] Waiting for resource s_rally_2b0562cc_oSamKEwj. Status changed: AVAILABLE => UPLOADING in 0.367676019669
2019-07-28 18:49:50.906 2785 RALLYDEBUG rally.task.utils [-] Waiting for resource s_rally_2b0562cc_H7BoxnWQ. Status changed: AVAILABLE => UPLOADING in 0.339882135391
2019-07-28 18:50:01.236 2782 RALLYDEBUG rally.task.utils [-] Waiting for resource s_rally_2b0562cc_j5nLYC10. Status changed: UPLOADING => AVAILABLE in 63.2162389755
2019-07-28 18:50:02.387 2782 RALLYDEBUG rally.task.utils [-] Waiting for resource s_rally_2b0562cc_j5nLYC10. Status changed: AVAILABLE => DELETING in 0.175644874573
2019-07-28 18:50:02.413 2783 RALLYDEBUG rally.task.utils [-] Waiting for resource s_rally_2b0562cc_MpdQNP84. Status changed: UPLOADING => AVAILABLE in 64.2388110161
2019-07-28 18:50:03.362 2783 RALLYDEBUG rally.task.utils [-] Waiting for resource s_rally_2b0562cc_MpdQNP84. Status changed: AVAILABLE => DELETING in 0.062625169754
2019-07-28 18:50:06.982 2782 INFO rally.task.runner [-] Task 4b616866-9db1-44a8-8625-c2456282d649 | ITER: 1 END: OK
2019-07-28 18:50:06.990 2782 INFO rally.task.runner [-] Task 4b616866-9db1-44a8-8625-c2456282d649 | ITER: 7 START
2019-07-28 18:50:08.336 2783 INFO rally.task.runner [-] Task 4b616866-9db1-44a8-8625-c2456282d649 | ITER: 2 END: OK
2019-07-28 18:50:08.343 2783 INFO rally.task.runner [-] Task 4b616866-9db1-44a8-8625-c2456282d649 | ITER: 8 START
2019-07-28 18:50:12.831 2782 RALLYDEBUG rally.task.utils [-] Waiting for resource s_rally_2b0562cc_Bt2yOBzV. Status changed: AVAILABLE => UPLOADING in 0.327248096466
2019-07-28 18:50:13.772 2783 RALLYDEBUG rally.task.utils [-] Waiting for resource s_rally_2b0562cc_owi7A84v. Status changed: AVAILABLE => UPLOADING in 0.330690860748
2019-07-28 18:50:30.293 2784 RALLYDEBUG rally.task.utils [-] Waiting for resource s_rally_2b0562cc_oSamKEwj. Status changed: UPLOADING => AVAILABLE in 40.8339231014
2019-07-28 18:50:31.095 2784 RALLYDEBUG rally.task.utils [-] Waiting for resource s_rally_2b0562cc_oSamKEwj. Status changed: AVAILABLE => DELETING in 0.0580811500549
2019-07-28 18:50:32.011 2785 RALLYDEBUG rally.task.utils [-] Waiting for resource s_rally_2b0562cc_H7BoxnWQ. Status changed: UPLOADING => AVAILABLE in 41.1042928696
2019-07-28 18:50:32.916 2785 RALLYDEBUG rally.task.utils [-] Waiting for resource s_rally_2b0562cc_H7BoxnWQ. Status changed: AVAILABLE => DELETING in 0.0571990013123
2019-07-28 18:50:34.965 2784 INFO rally.task.runner [-] Task 4b616866-9db1-44a8-8625-c2456282d649 | ITER: 5 END: OK
2019-07-28 18:50:34.970 2784 INFO rally.task.runner [-] Task 4b616866-9db1-44a8-8625-c2456282d649 | ITER: 9 START
2019-07-28 18:50:37.324 2785 INFO rally.task.runner [-] Task 4b616866-9db1-44a8-8625-c2456282d649 | ITER: 6 END: OK
2019-07-28 18:50:37.327 2785 INFO rally.task.runner [-] Task 4b616866-9db1-44a8-8625-c2456282d649 | ITER: 10 START
2019-07-28 18:50:40.942 2784 RALLYDEBUG rally.task.utils [-] Waiting for resource s_rally_2b0562cc_QRHn49GI. Status changed: AVAILABLE => UPLOADING in 0.314425945282
2019-07-28 18:50:42.931 2785 RALLYDEBUG rally.task.utils [-] Waiting for resource s_rally_2b0562cc_j8AlyajA. Status changed: AVAILABLE => UPLOADING in 0.247720003128
2019-07-28 18:50:55.840 2782 RALLYDEBUG rally.task.utils [-] Waiting for resource s_rally_2b0562cc_Bt2yOBzV. Status changed: UPLOADING => AVAILABLE in 43.0089018345
2019-07-28 18:50:56.964 2782 RALLYDEBUG rally.task.utils [-] Waiting for resource s_rally_2b0562cc_Bt2yOBzV. Status changed: AVAILABLE => DELETING in 0.0575039386749
2019-07-28 18:50:58.389 2783 RALLYDEBUG rally.task.utils [-] Waiting for resource s_rally_2b0562cc_owi7A84v. Status changed: UPLOADING => AVAILABLE in 44.6166911125
2019-07-28 18:50:59.464 2783 RALLYDEBUG rally.task.utils [-] Waiting for resource s_rally_2b0562cc_owi7A84v. Status changed: AVAILABLE => DELETING in 0.33043384552
2019-07-28 18:51:01.760 2782 INFO rally.task.runner [-] Task 4b616866-9db1-44a8-8625-c2456282d649 | ITER: 7 END: OK
2019-07-28 18:51:03.748 2783 INFO rally.task.runner [-] Task 4b616866-9db1-44a8-8625-c2456282d649 | ITER: 8 END: OK
2019-07-28 18:51:18.161 2784 RALLYDEBUG rally.task.utils [-] Waiting for resource s_rally_2b0562cc_QRHn49GI. Status changed: UPLOADING => AVAILABLE in 37.2192871571
2019-07-28 18:51:19.629 2784 RALLYDEBUG rally.task.utils [-] Waiting for resource s_rally_2b0562cc_QRHn49GI. Status changed: AVAILABLE => DELETING in 0.0533900260925
2019-07-28 18:51:20.062 2785 RALLYDEBUG rally.task.utils [-] Waiting for resource s_rally_2b0562cc_j8AlyajA. Status changed: UPLOADING => AVAILABLE in 37.1312170029
2019-07-28 18:51:21.358 2785 RALLYDEBUG rally.task.utils [-] Waiting for resource s_rally_2b0562cc_j8AlyajA. Status changed: AVAILABLE => DELETING in 0.333344936371
2019-07-28 18:51:23.084 2784 INFO rally.task.runner [-] Task 4b616866-9db1-44a8-8625-c2456282d649 | ITER: 9 END: OK
2019-07-28 18:51:24.203 2785 INFO rally.task.runner [-] Task 4b616866-9db1-44a8-8625-c2456282d649 | ITER: 10 END: OK
2019-07-28 18:51:24.233 1842 INFO rally.task.context [-] Task 4b616866-9db1-44a8-8625-c2456282d649 | Context cleanup@openstack cleanup() started
2019-07-28 18:51:24.235 1842 RALLYDEBUG rally_openstack.cleanup.manager [-] Cleaning up cinder backups objects
2019-07-28 18:51:26.476 1842 RALLYDEBUG rally_openstack.cleanup.manager [-] Cleaning up cinder volume_snapshots objects
2019-07-28 18:51:28.652 1842 RALLYDEBUG rally_openstack.cleanup.manager [-] Cleaning up cinder transfers objects
2019-07-28 18:51:30.841 1842 RALLYDEBUG rally_openstack.cleanup.manager [-] Cleaning up cinder volumes objects
2019-07-28 18:51:33.165 1842 RALLYDEBUG rally_openstack.cleanup.manager [-] Cleaning up glance images objects
2019-07-28 18:51:36.393 1842 INFO rally.task.context [-] Task 4b616866-9db1-44a8-8625-c2456282d649 | Context cleanup@openstack cleanup() finished in 12.16 sec
2019-07-28 18:51:36.394 1842 INFO rally.task.context [-] Task 4b616866-9db1-44a8-8625-c2456282d649 | Context quotas@openstack cleanup() started
2019-07-28 18:51:37.274 1842 INFO rally.task.context [-] Task 4b616866-9db1-44a8-8625-c2456282d649 | Context quotas@openstack cleanup() finished in 0.88 sec
2019-07-28 18:51:37.274 1842 INFO rally.task.context [-] Task 4b616866-9db1-44a8-8625-c2456282d649 | Context api_versions@openstack cleanup() started
2019-07-28 18:51:37.275 1842 INFO rally.task.context [-] Task 4b616866-9db1-44a8-8625-c2456282d649 | Context api_versions@openstack cleanup() finished in 0.31 msec
2019-07-28 18:51:37.275 1842 INFO rally.task.context [-] Task 4b616866-9db1-44a8-8625-c2456282d649 | Context users@openstack cleanup() started
