2019-07-28 18:33:18.340 7 RALLYDEBUG rally.api [-] INFO logs from urllib3 and requests module are hide.
2019-07-28 18:33:18.340 7 RALLYDEBUG rally.api [-] urllib3 insecure warnings are hidden.
2019-07-28 18:33:18.340 7 RALLYDEBUG rally.api [-] ERROR log from boto module is hide.
2019-07-28 18:33:19.589 7 ERROR rally.cli.cliutils [-] Unexpected exception in CLI: DBRecordNotFound: Record for uuid or name is opnfv-rally not found in table envs
2019-07-28 18:33:19.589 7 ERROR rally.cli.cliutils
Traceback (most recent call last):
2019-07-28 18:33:19.589 7 ERROR rally.cli.cliutils
File "/usr/lib/python2.7/site-packages/rally/cli/cliutils.py", line 674, in run
2019-07-28 18:33:19.589 7 ERROR rally.cli.cliutils ret = fn(*fn_args, **fn_kwargs)
2019-07-28 18:33:19.589 7 ERROR rally.cli.cliutils File "", line 2, in destroy
2019-07-28 18:33:19.589 7 ERROR rally.cli.cliutils
File "/usr/lib/python2.7/site-packages/rally/cli/envutils.py", line 69, in default_from_global
2019-07-28 18:33:19.589 7 ERROR rally.cli.cliutils return f(*args, **kwargs)
2019-07-28 18:33:19.589 7 ERROR rally.cli.cliutils File "", line 2, in destroy
2019-07-28 18:33:19.589 7 ERROR rally.cli.cliutils
File "/usr/lib/python2.7/site-packages/rally/plugins/__init__.py", line 51, in ensure_plugins_are_loaded
2019-07-28 18:33:19.589 7 ERROR rally.cli.cliutils return f(*args, **kwargs)
2019-07-28 18:33:19.589 7 ERROR rally.cli.cliutils
File "/usr/lib/python2.7/site-packages/rally/cli/commands/deployment.py", line 140, in destroy
2019-07-28 18:33:19.589 7 ERROR rally.cli.cliutils api.deployment.destroy(deployment=deployment)
2019-07-28 18:33:19.589 7 ERROR rally.cli.cliutils
File "/usr/lib/python2.7/site-packages/rally/api.py", line 115, in destroy
2019-07-28 18:33:19.589 7 ERROR rally.cli.cliutils deploy = objects.Deployment.get(deployment)
2019-07-28 18:33:19.589 7 ERROR rally.cli.cliutils
File "/usr/lib/python2.7/site-packages/rally/common/objects/deploy.py", line 124, in get
2019-07-28 18:33:19.589 7 ERROR rally.cli.cliutils return Deployment(env_mgr.EnvManager.get(deploy))
2019-07-28 18:33:19.589 7 ERROR rally.cli.cliutils
File "/usr/lib/python2.7/site-packages/rally/env/env_mgr.py", line 212, in get
2019-07-28 18:33:19.589 7 ERROR rally.cli.cliutils return cls(db.env_get(uuid_or_name))
2019-07-28 18:33:19.589 7 ERROR rally.cli.cliutils
File "/usr/lib/python2.7/site-packages/rally/common/db/api.py", line 135, in wrapper
2019-07-28 18:33:19.589 7 ERROR rally.cli.cliutils result = f(session, *args, **kwargs)
2019-07-28 18:33:19.589 7 ERROR rally.cli.cliutils
File "/usr/lib/python2.7/site-packages/rally/common/db/api.py", line 521, in env_get
2019-07-28 18:33:19.589 7 ERROR rally.cli.cliutils criteria="uuid or name is %s" % uuid_or_name, table="envs")
2019-07-28 18:33:19.589 7 ERROR rally.cli.cliutils DBRecordNotFound: Record for uuid or name is opnfv-rally not found in table envs
2019-07-28 18:33:19.589 7 ERROR rally.cli.cliutils
2019-07-28 18:33:20.343 9 RALLYDEBUG rally.api [-] INFO logs from urllib3 and requests module are hide.
2019-07-28 18:33:20.343 9 RALLYDEBUG rally.api [-] urllib3 insecure warnings are hidden.
2019-07-28 18:33:20.343 9 RALLYDEBUG rally.api [-] ERROR log from boto module is hide.
2019-07-28 18:33:21.626 9 WARNING rally_openstack.platforms.existing [-] endpoint is deprecated and not used.
2019-07-28 18:33:22.513 11 RALLYDEBUG rally.api [-] INFO logs from urllib3 and requests module are hide.
2019-07-28 18:33:22.514 11 RALLYDEBUG rally.api [-] urllib3 insecure warnings are hidden.
2019-07-28 18:33:22.514 11 RALLYDEBUG rally.api [-] ERROR log from boto module is hide.
2019-07-28 18:33:25.814 14 RALLYDEBUG rally.api [-] INFO logs from urllib3 and requests module are hide.
2019-07-28 18:33:25.814 14 RALLYDEBUG rally.api [-] urllib3 insecure warnings are hidden.
2019-07-28 18:33:25.814 14 RALLYDEBUG rally.api [-] ERROR log from boto module is hide.
2019-07-28 18:33:27.243 16 RALLYDEBUG rally.api [-] INFO logs from urllib3 and requests module are hide.
2019-07-28 18:33:27.243 16 RALLYDEBUG rally.api [-] urllib3 insecure warnings are hidden.
2019-07-28 18:33:27.243 16 RALLYDEBUG rally.api [-] ERROR log from boto module is hide.
2019-07-28 18:33:28.649 16 INFO rally.task.engine [-] Task f492633d-b5b3-4111-a798-793a5685dfc4 | Starting: Task validation.
2019-07-28 18:33:28.693 16 INFO rally.task.engine [-] Task f492633d-b5b3-4111-a798-793a5685dfc4 | Starting: Task validation of syntax.
2019-07-28 18:33:28.740 16 INFO rally.task.engine [-] Task f492633d-b5b3-4111-a798-793a5685dfc4 | Completed: Task validation of syntax.
2019-07-28 18:33:28.741 16 INFO rally.task.engine [-] Task f492633d-b5b3-4111-a798-793a5685dfc4 | Starting: Task validation of required platforms.
2019-07-28 18:33:28.767 16 INFO rally.task.engine [-] Task f492633d-b5b3-4111-a798-793a5685dfc4 | Completed: Task validation of required platforms.
2019-07-28 18:33:28.767 16 INFO rally.task.engine [-] Task f492633d-b5b3-4111-a798-793a5685dfc4 | Starting: Task validation of semantic.
2019-07-28 18:33:28.768 16 INFO rally.task.engine [-] Check health of the environment 'd1604149-a3ed-4a67-8d3a-8dc73a7af746'.
2019-07-28 18:33:29.606 16 INFO rally.task.engine [-] Platform existing@openstack (available: True): OK!
2019-07-28 18:33:29.625 16 RALLYDEBUG rally_openstack.contexts.keystone.users [-] Creating 1 tenants using 20 threads
2019-07-28 18:33:31.572 16 RALLYDEBUG rally_openstack.contexts.keystone.users [-] Creating 1 users using 20 threads
2019-07-28 18:33:34.445 16 INFO rally.task.context [-] Task f492633d-b5b3-4111-a798-793a5685dfc4 | Context users@openstack setup() finished in 4.82 sec
2019-07-28 18:33:34.495 16 INFO rally.task.context [-] Task f492633d-b5b3-4111-a798-793a5685dfc4 | Context users@openstack cleanup() started
2019-07-28 18:33:39.715 16 INFO rally.task.context [-] Task f492633d-b5b3-4111-a798-793a5685dfc4 | Context users@openstack cleanup() finished in 5.22 sec
2019-07-28 18:33:39.715 16 INFO rally.task.engine [-] Task f492633d-b5b3-4111-a798-793a5685dfc4 | Completed: Task validation of semantic.
2019-07-28 18:33:39.715 16 INFO rally.task.engine [-] Task f492633d-b5b3-4111-a798-793a5685dfc4 | Completed: Task validation.
2019-07-28 18:33:39.716 16 INFO rally.api [-] Task f492633d-b5b3-4111-a798-793a5685dfc4 input file is valid.
2019-07-28 18:33:39.716 16 INFO rally.api [-] Run Task f492633d-b5b3-4111-a798-793a5685dfc4 against Deployment d1604149-a3ed-4a67-8d3a-8dc73a7af746
2019-07-28 18:33:39.716 16 INFO rally.task.engine [-] Task f492633d-b5b3-4111-a798-793a5685dfc4 | Starting: Running task.
2019-07-28 18:33:39.862 16 INFO rally.task.engine [-] Running workload: position = 0 config = { "version": 2, "title": "A cropped version of a bigger task.", "description": "Auto-generated task from a single workload (uuid=964a6c57-f81f-4161-ad1d-3885b7a23ca0)", "subtasks": [ { "title": "Authenticate.keystone", "description": "Check Keystone Client.", "scenario": { "Authenticate.keystone": {} }, "contexts": { "users": { "tenants": 3, "users_per_tenant": 2 } }, "runner": { "constant": { "concurrency": 4, "times": 10 } }, "hooks": [], "sla": { "failure_rate": { "max": 0 } } } ] }
2019-07-28 18:33:39.873 16 RALLYDEBUG rally_openstack.contexts.keystone.users [-] Creating 3 tenants using 20 threads
2019-07-28 18:33:41.896 16 RALLYDEBUG rally_openstack.contexts.keystone.users [-] Creating 6 users using 20 threads
2019-07-28 18:33:44.841 16 INFO rally.task.context [-] Task f492633d-b5b3-4111-a798-793a5685dfc4 | Context users@openstack setup() finished in 4.97 sec
2019-07-28 18:33:44.849 16 RALLYDEBUG rally.task.runner [-] Starting the constant runner (task UUID: f492633d-b5b3-4111-a798-793a5685dfc4). timeout: 0 concurrency: 4 concurrency_per_worker: 1 times: 10 concurrency_overhead: 0 processes_to_start: 4 max_cpu_used: 16
2019-07-28 18:33:44.864 140 RALLYDEBUG rally.task.runner [-] Starting a worker. concurrency: 1 args: {} times: 10 method_name: run timeout: 0 duration: None cls:
2019-07-28 18:33:44.866 141 RALLYDEBUG rally.task.runner [-] Starting a worker. concurrency: 1 args: {} times: 10 method_name: run timeout: 0 duration: None cls:
2019-07-28 18:33:44.870 140 INFO rally.task.runner [-] Task f492633d-b5b3-4111-a798-793a5685dfc4 | ITER: 1 START
2019-07-28 18:33:44.870 142 RALLYDEBUG rally.task.runner [-] Starting a worker. concurrency: 1 args: {} times: 10 method_name: run timeout: 0 duration: None cls:
2019-07-28 18:33:44.872 141 INFO rally.task.runner [-] Task f492633d-b5b3-4111-a798-793a5685dfc4 | ITER: 2 START
2019-07-28 18:33:44.871 143 RALLYDEBUG rally.task.runner [-] Starting a worker. concurrency: 1 args: {} times: 10 method_name: run timeout: 0 duration: None cls:
2019-07-28 18:33:44.876 142 INFO rally.task.runner [-] Task f492633d-b5b3-4111-a798-793a5685dfc4 | ITER: 3 START
2019-07-28 18:33:44.876 143 INFO rally.task.runner [-] Task f492633d-b5b3-4111-a798-793a5685dfc4 | ITER: 4 START
2019-07-28 18:33:45.480 140 INFO rally.task.runner [-] Task f492633d-b5b3-4111-a798-793a5685dfc4 | ITER: 1 END: OK
2019-07-28 18:33:45.480 143 INFO rally.task.runner [-] Task f492633d-b5b3-4111-a798-793a5685dfc4 | ITER: 4 END: OK
2019-07-28 18:33:45.485 140 INFO rally.task.runner [-] Task f492633d-b5b3-4111-a798-793a5685dfc4 | ITER: 6 START
2019-07-28 18:33:45.486 143 INFO rally.task.runner [-] Task f492633d-b5b3-4111-a798-793a5685dfc4 | ITER: 5 START
2019-07-28 18:33:45.490 142 INFO rally.task.runner [-] Task f492633d-b5b3-4111-a798-793a5685dfc4 | ITER: 3 END: OK
2019-07-28 18:33:45.490 141 INFO rally.task.runner [-] Task f492633d-b5b3-4111-a798-793a5685dfc4 | ITER: 2 END: OK
2019-07-28 18:33:45.493 142 INFO rally.task.runner [-] Task f492633d-b5b3-4111-a798-793a5685dfc4 | ITER: 7 START
2019-07-28 18:33:45.495 141 INFO rally.task.runner [-] Task f492633d-b5b3-4111-a798-793a5685dfc4 | ITER: 8 START
2019-07-28 18:33:46.089 140 INFO rally.task.runner [-] Task f492633d-b5b3-4111-a798-793a5685dfc4 | ITER: 6 END: OK
2019-07-28 18:33:46.090 143 INFO rally.task.runner [-] Task f492633d-b5b3-4111-a798-793a5685dfc4 | ITER: 5 END: OK
2019-07-28 18:33:46.092 140 INFO rally.task.runner [-] Task f492633d-b5b3-4111-a798-793a5685dfc4 | ITER: 9 START
2019-07-28 18:33:46.094 143 INFO rally.task.runner [-] Task f492633d-b5b3-4111-a798-793a5685dfc4 | ITER: 10 START
2019-07-28 18:33:46.094 141 INFO rally.task.runner [-] Task f492633d-b5b3-4111-a798-793a5685dfc4 | ITER: 8 END: OK
2019-07-28 18:33:46.098 142 INFO rally.task.runner [-] Task f492633d-b5b3-4111-a798-793a5685dfc4 | ITER: 7 END: OK
2019-07-28 18:33:46.626 143 INFO rally.task.runner [-] Task f492633d-b5b3-4111-a798-793a5685dfc4 | ITER: 10 END: OK
2019-07-28 18:33:46.685 140 INFO rally.task.runner [-] Task f492633d-b5b3-4111-a798-793a5685dfc4 | ITER: 9 END: OK
2019-07-28 18:33:46.704 16 INFO rally.task.context [-] Task f492633d-b5b3-4111-a798-793a5685dfc4 | Context users@openstack cleanup() started
2019-07-28 18:33:57.176 16 INFO rally.task.context [-] Task f492633d-b5b3-4111-a798-793a5685dfc4 | Context users@openstack cleanup() finished in 10.47 sec
2019-07-28 18:33:57.958 16 INFO rally.task.engine [-] Load duration is: 1.813338
2019-07-28 18:33:57.959 16 INFO rally.task.engine [-] Full runner duration is: 1.854783
2019-07-28 18:33:57.959 16 INFO rally.task.engine [-] Full duration is: 17.306222
2019-07-28 18:33:58.162 16 INFO rally.task.engine [-] Running workload: position = 0 config = { "version": 2, "title": "A cropped version of a bigger task.", "description": "Auto-generated task from a single workload (uuid=60b7b311-a457-46f3-bac8-4e9a9ec54879)", "subtasks": [ { "title": "Authenticate.validate_cinder", "description": "Check Cinder Client to ensure validation of token.", "scenario": { "Authenticate.validate_cinder": { "repetitions": 2 } }, "contexts": { "users": { "tenants": 3, "users_per_tenant": 2 } }, "runner": { "constant": { "concurrency": 4, "times": 10 } }, "hooks": [], "sla": { "failure_rate": { "max": 0 } } } ] }
2019-07-28 18:33:58.172 16 RALLYDEBUG rally_openstack.contexts.keystone.users [-] Creating 3 tenants using 20 threads
2019-07-28 18:34:00.122 16 RALLYDEBUG rally_openstack.contexts.keystone.users [-] Creating 6 users using 20 threads
2019-07-28 18:34:02.924 16 INFO rally.task.context [-] Task f492633d-b5b3-4111-a798-793a5685dfc4 | Context users@openstack setup() finished in 4.75 sec
2019-07-28 18:34:02.932 16 RALLYDEBUG rally.task.runner [-] Starting the constant runner (task UUID: f492633d-b5b3-4111-a798-793a5685dfc4). timeout: 0 concurrency: 4 concurrency_per_worker: 1 times: 10 concurrency_overhead: 0 processes_to_start: 4 max_cpu_used: 16
2019-07-28 18:34:02.944 244 RALLYDEBUG rally.task.runner [-] Starting a worker. concurrency: 1 args: {"repetitions": 2} times: 10 method_name: run timeout: 0 duration: None cls:
2019-07-28 18:34:02.946 245 RALLYDEBUG rally.task.runner [-] Starting a worker. concurrency: 1 args: {"repetitions": 2} times: 10 method_name: run timeout: 0 duration: None cls:
2019-07-28 18:34:02.949 246 RALLYDEBUG rally.task.runner [-] Starting a worker. concurrency: 1 args: {"repetitions": 2} times: 10 method_name: run timeout: 0 duration: None cls:
2019-07-28 18:34:02.950 244 INFO rally.task.runner [-] Task f492633d-b5b3-4111-a798-793a5685dfc4 | ITER: 1 START
2019-07-28 18:34:02.951 245 INFO rally.task.runner [-] Task f492633d-b5b3-4111-a798-793a5685dfc4 | ITER: 2 START
2019-07-28 18:34:02.953 247 RALLYDEBUG rally.task.runner [-] Starting a worker. concurrency: 1 args: {"repetitions": 2} times: 10 method_name: run timeout: 0 duration: None cls:
2019-07-28 18:34:02.954 246 INFO rally.task.runner [-] Task f492633d-b5b3-4111-a798-793a5685dfc4 | ITER: 3 START
2019-07-28 18:34:02.959 247 INFO rally.task.runner [-] Task f492633d-b5b3-4111-a798-793a5685dfc4 | ITER: 4 START
2019-07-28 18:34:04.822 247 INFO rally.task.runner [-] Task f492633d-b5b3-4111-a798-793a5685dfc4 | ITER: 4 END: OK
2019-07-28 18:34:04.826 247 INFO rally.task.runner [-] Task f492633d-b5b3-4111-a798-793a5685dfc4 | ITER: 5 START
2019-07-28 18:34:04.847 245 INFO rally.task.runner [-] Task f492633d-b5b3-4111-a798-793a5685dfc4 | ITER: 2 END: OK
2019-07-28 18:34:04.847 246 INFO rally.task.runner [-] Task f492633d-b5b3-4111-a798-793a5685dfc4 | ITER: 3 END: OK
2019-07-28 18:34:04.851 246 INFO rally.task.runner [-] Task f492633d-b5b3-4111-a798-793a5685dfc4 | ITER: 6 START
2019-07-28 18:34:04.851 245 INFO rally.task.runner [-] Task f492633d-b5b3-4111-a798-793a5685dfc4 | ITER: 7 START
2019-07-28 18:34:04.891 244 INFO rally.task.runner [-] Task f492633d-b5b3-4111-a798-793a5685dfc4 | ITER: 1 END: OK
2019-07-28 18:34:04.895 244 INFO rally.task.runner [-] Task f492633d-b5b3-4111-a798-793a5685dfc4 | ITER: 8 START
2019-07-28 18:34:06.278 247 INFO rally.task.runner [-] Task f492633d-b5b3-4111-a798-793a5685dfc4 | ITER: 5 END: OK
2019-07-28 18:34:06.281 247 INFO rally.task.runner [-] Task f492633d-b5b3-4111-a798-793a5685dfc4 | ITER: 9 START
2019-07-28 18:34:06.672 244 INFO rally.task.runner [-] Task f492633d-b5b3-4111-a798-793a5685dfc4 | ITER: 8 END: OK
2019-07-28 18:34:06.676 244 INFO rally.task.runner [-] Task f492633d-b5b3-4111-a798-793a5685dfc4 | ITER: 10 START
2019-07-28 18:34:06.714 245 INFO rally.task.runner [-] Task f492633d-b5b3-4111-a798-793a5685dfc4 | ITER: 7 END: OK
2019-07-28 18:34:06.714 246 INFO rally.task.runner [-] Task f492633d-b5b3-4111-a798-793a5685dfc4 | ITER: 6 END: OK
2019-07-28 18:34:07.573 247 INFO rally.task.runner [-] Task f492633d-b5b3-4111-a798-793a5685dfc4 | ITER: 9 END: OK
2019-07-28 18:34:07.717 244 INFO rally.task.runner [-] Task f492633d-b5b3-4111-a798-793a5685dfc4 | ITER: 10 END: OK
2019-07-28 18:34:07.741 16 INFO rally.task.context [-] Task f492633d-b5b3-4111-a798-793a5685dfc4 | Context users@openstack cleanup() started
2019-07-28 18:34:17.063 16 INFO rally.task.context [-] Task f492633d-b5b3-4111-a798-793a5685dfc4 | Context users@openstack cleanup() finished in 9.32 sec
2019-07-28 18:34:18.281 16 INFO rally.task.engine [-] Load duration is: 4.765561
2019-07-28 18:34:18.282 16 INFO rally.task.engine [-] Full runner duration is: 4.809724
2019-07-28 18:34:18.282 16 INFO rally.task.engine [-] Full duration is: 18.892892
2019-07-28 18:34:18.528 16 INFO rally.task.engine [-] Running workload: position = 0 config = { "version": 2, "title": "A cropped version of a bigger task.", "description": "Auto-generated task from a single workload (uuid=033f2de7-3775-464e-8c17-69e441be48d8)", "subtasks": [ { "title": "Authenticate.validate_glance", "description": "Check Glance Client to ensure validation of token.", "scenario": { "Authenticate.validate_glance": { "repetitions": 2 } }, "contexts": { "users": { "tenants": 3, "users_per_tenant": 2 } }, "runner": { "constant": { "concurrency": 4, "times": 10 } }, "hooks": [], "sla": { "failure_rate": { "max": 0 } } } ] }
2019-07-28 18:34:18.549 16 RALLYDEBUG rally_openstack.contexts.keystone.users [-] Creating 3 tenants using 20 threads
2019-07-28 18:34:20.553 16 RALLYDEBUG rally_openstack.contexts.keystone.users [-] Creating 6 users using 20 threads
2019-07-28 18:34:23.531 16 INFO rally.task.context [-] Task f492633d-b5b3-4111-a798-793a5685dfc4 | Context users@openstack setup() finished in 4.98 sec
2019-07-28 18:34:23.542 16 RALLYDEBUG rally.task.runner [-] Starting the constant runner (task UUID: f492633d-b5b3-4111-a798-793a5685dfc4). timeout: 0 concurrency: 4 concurrency_per_worker: 1 times: 10 concurrency_overhead: 0 processes_to_start: 4 max_cpu_used: 16
2019-07-28 18:34:23.560 348 RALLYDEBUG rally.task.runner [-] Starting a worker. concurrency: 1 args: {"repetitions": 2} times: 10 method_name: run timeout: 0 duration: None cls:
2019-07-28 18:34:23.561 349 RALLYDEBUG rally.task.runner [-] Starting a worker. concurrency: 1 args: {"repetitions": 2} times: 10 method_name: run timeout: 0 duration: None cls:
2019-07-28 18:34:23.564 350 RALLYDEBUG rally.task.runner [-] Starting a worker. concurrency: 1 args: {"repetitions": 2} times: 10 method_name: run timeout: 0 duration: None cls:
2019-07-28 18:34:23.567 348 INFO rally.task.runner [-] Task f492633d-b5b3-4111-a798-793a5685dfc4 | ITER: 1 START
2019-07-28 18:34:23.567 349 INFO rally.task.runner [-] Task f492633d-b5b3-4111-a798-793a5685dfc4 | ITER: 2 START
2019-07-28 18:34:23.569 351 RALLYDEBUG rally.task.runner [-] Starting a worker. concurrency: 1 args: {"repetitions": 2} times: 10 method_name: run timeout: 0 duration: None cls:
2019-07-28 18:34:23.571 350 INFO rally.task.runner [-] Task f492633d-b5b3-4111-a798-793a5685dfc4 | ITER: 3 START
2019-07-28 18:34:23.575 351 INFO rally.task.runner [-] Task f492633d-b5b3-4111-a798-793a5685dfc4 | ITER: 4 START
2019-07-28 18:34:24.707 350 INFO rally.task.runner [-] Task f492633d-b5b3-4111-a798-793a5685dfc4 | ITER: 3 END: OK
2019-07-28 18:34:24.711 350 INFO rally.task.runner [-] Task f492633d-b5b3-4111-a798-793a5685dfc4 | ITER: 5 START
2019-07-28 18:34:24.949 349 INFO rally.task.runner [-] Task f492633d-b5b3-4111-a798-793a5685dfc4 | ITER: 2 END: OK
2019-07-28 18:34:24.954 349 INFO rally.task.runner [-] Task f492633d-b5b3-4111-a798-793a5685dfc4 | ITER: 6 START
2019-07-28 18:34:24.967 351 INFO rally.task.runner [-] Task f492633d-b5b3-4111-a798-793a5685dfc4 | ITER: 4 END: OK
2019-07-28 18:34:24.972 351 INFO rally.task.runner [-] Task f492633d-b5b3-4111-a798-793a5685dfc4 | ITER: 7 START
2019-07-28 18:34:25.032 348 INFO rally.task.runner [-] Task f492633d-b5b3-4111-a798-793a5685dfc4 | ITER: 1 END: OK
2019-07-28 18:34:25.037 348 INFO rally.task.runner [-] Task f492633d-b5b3-4111-a798-793a5685dfc4 | ITER: 8 START
2019-07-28 18:34:25.835 350 INFO rally.task.runner [-] Task f492633d-b5b3-4111-a798-793a5685dfc4 | ITER: 5 END: OK
2019-07-28 18:34:25.840 350 INFO rally.task.runner [-] Task f492633d-b5b3-4111-a798-793a5685dfc4 | ITER: 9 START
2019-07-28 18:34:26.047 348 INFO rally.task.runner [-] Task f492633d-b5b3-4111-a798-793a5685dfc4 | ITER: 8 END: OK
2019-07-28 18:34:26.050 348 INFO rally.task.runner [-] Task f492633d-b5b3-4111-a798-793a5685dfc4 | ITER: 10 START
2019-07-28 18:34:26.371 349 INFO rally.task.runner [-] Task f492633d-b5b3-4111-a798-793a5685dfc4 | ITER: 6 END: OK
2019-07-28 18:34:26.835 351 INFO rally.task.runner [-] Task f492633d-b5b3-4111-a798-793a5685dfc4 | ITER: 7 END: OK
2019-07-28 18:34:27.273 350 INFO rally.task.runner [-] Task f492633d-b5b3-4111-a798-793a5685dfc4 | ITER: 9 END: OK
2019-07-28 18:34:27.331 348 INFO rally.task.runner [-] Task f492633d-b5b3-4111-a798-793a5685dfc4 | ITER: 10 END: OK
2019-07-28 18:34:27.354 16 INFO rally.task.context [-] Task f492633d-b5b3-4111-a798-793a5685dfc4 | Context users@openstack cleanup() started
2019-07-28 18:34:36.128 16 INFO rally.task.context [-] Task f492633d-b5b3-4111-a798-793a5685dfc4 | Context users@openstack cleanup() finished in 8.77 sec
2019-07-28 18:34:36.662 16 INFO rally.task.engine [-] Load duration is: 3.761326
2019-07-28 18:34:36.662 16 INFO rally.task.engine [-] Full runner duration is: 3.815397
2019-07-28 18:34:36.662 16 INFO rally.task.engine [-] Full duration is: 17.582999
2019-07-28 18:34:36.895 16 INFO rally.task.engine [-] Running workload: position = 0 config = { "version": 2, "title": "A cropped version of a bigger task.", "description": "Auto-generated task from a single workload (uuid=1fdc1094-522e-410e-aed2-31377d9993f2)", "subtasks": [ { "title": "Authenticate.validate_heat", "description": "Check Heat Client to ensure validation of token.", "scenario": { "Authenticate.validate_heat": { "repetitions": 2 } }, "contexts": { "users": { "tenants": 3, "users_per_tenant": 2 } }, "runner": { "constant": { "concurrency": 4, "times": 10 } }, "hooks": [], "sla": { "failure_rate": { "max": 0 } } } ] }
2019-07-28 18:34:36.923 16 RALLYDEBUG rally_openstack.contexts.keystone.users [-] Creating 3 tenants using 20 threads
2019-07-28 18:34:38.817 16 RALLYDEBUG rally_openstack.contexts.keystone.users [-] Creating 6 users using 20 threads
2019-07-28 18:34:41.670 16 INFO rally.task.context [-] Task f492633d-b5b3-4111-a798-793a5685dfc4 | Context users@openstack setup() finished in 4.75 sec
2019-07-28 18:34:41.679 16 RALLYDEBUG rally.task.runner [-] Starting the constant runner (task UUID: f492633d-b5b3-4111-a798-793a5685dfc4). timeout: 0 concurrency: 4 concurrency_per_worker: 1 times: 10 concurrency_overhead: 0 processes_to_start: 4 max_cpu_used: 16
2019-07-28 18:34:41.690 452 RALLYDEBUG rally.task.runner [-] Starting a worker. concurrency: 1 args: {"repetitions": 2} times: 10 method_name: run timeout: 0 duration: None cls:
2019-07-28 18:34:41.694 453 RALLYDEBUG rally.task.runner [-] Starting a worker. concurrency: 1 args: {"repetitions": 2} times: 10 method_name: run timeout: 0 duration: None cls:
2019-07-28 18:34:41.695 452 INFO rally.task.runner [-] Task f492633d-b5b3-4111-a798-793a5685dfc4 | ITER: 1 START
2019-07-28 18:34:41.695 454 RALLYDEBUG rally.task.runner [-] Starting a worker. concurrency: 1 args: {"repetitions": 2} times: 10 method_name: run timeout: 0 duration: None cls:
2019-07-28 18:34:41.699 453 INFO rally.task.runner [-] Task f492633d-b5b3-4111-a798-793a5685dfc4 | ITER: 2 START
2019-07-28 18:34:41.700 454 INFO rally.task.runner [-] Task f492633d-b5b3-4111-a798-793a5685dfc4 | ITER: 3 START
2019-07-28 18:34:41.701 455 RALLYDEBUG rally.task.runner [-] Starting a worker. concurrency: 1 args: {"repetitions": 2} times: 10 method_name: run timeout: 0 duration: None cls:
2019-07-28 18:34:41.708 455 INFO rally.task.runner [-] Task f492633d-b5b3-4111-a798-793a5685dfc4 | ITER: 4 START
2019-07-28 18:34:43.614 454 INFO rally.task.runner [-] Task f492633d-b5b3-4111-a798-793a5685dfc4 | ITER: 3 END: OK
2019-07-28 18:34:43.618 454 INFO rally.task.runner [-] Task f492633d-b5b3-4111-a798-793a5685dfc4 | ITER: 5 START
2019-07-28 18:34:43.734 455 INFO rally.task.runner [-] Task f492633d-b5b3-4111-a798-793a5685dfc4 | ITER: 4 END: OK
2019-07-28 18:34:43.735 453 INFO rally.task.runner [-] Task f492633d-b5b3-4111-a798-793a5685dfc4 | ITER: 2 END: OK
2019-07-28 18:34:43.738 455 INFO rally.task.runner [-] Task f492633d-b5b3-4111-a798-793a5685dfc4 | ITER: 6 START
2019-07-28 18:34:43.738 453 INFO rally.task.runner [-] Task f492633d-b5b3-4111-a798-793a5685dfc4 | ITER: 7 START
2019-07-28 18:34:43.850 452 INFO rally.task.runner [-] Task f492633d-b5b3-4111-a798-793a5685dfc4 | ITER: 1 END: OK
2019-07-28 18:34:43.854 452 INFO rally.task.runner [-] Task f492633d-b5b3-4111-a798-793a5685dfc4 | ITER: 8 START
2019-07-28 18:34:45.197 453 INFO rally.task.runner [-] Task f492633d-b5b3-4111-a798-793a5685dfc4 | ITER: 7 END: OK
2019-07-28 18:34:45.200 453 INFO rally.task.runner [-] Task f492633d-b5b3-4111-a798-793a5685dfc4 | ITER: 9 START
2019-07-28 18:34:45.299 455 INFO rally.task.runner [-] Task f492633d-b5b3-4111-a798-793a5685dfc4 | ITER: 6 END: OK
2019-07-28 18:34:45.303 455 INFO rally.task.runner [-] Task f492633d-b5b3-4111-a798-793a5685dfc4 | ITER: 10 START
2019-07-28 18:34:45.420 454 INFO rally.task.runner [-] Task f492633d-b5b3-4111-a798-793a5685dfc4 | ITER: 5 END: OK
2019-07-28 18:34:45.498 452 INFO rally.task.runner [-] Task f492633d-b5b3-4111-a798-793a5685dfc4 | ITER: 8 END: OK
2019-07-28 18:34:46.356 455 INFO rally.task.runner [-] Task f492633d-b5b3-4111-a798-793a5685dfc4 | ITER: 10 END: OK
2019-07-28 18:34:46.767 453 INFO rally.task.runner [-] Task f492633d-b5b3-4111-a798-793a5685dfc4 | ITER: 9 END: OK
2019-07-28 18:34:46.795 16 INFO rally.task.context [-] Task f492633d-b5b3-4111-a798-793a5685dfc4 | Context users@openstack cleanup() started
2019-07-28 18:34:55.924 16 INFO rally.task.context [-] Task f492633d-b5b3-4111-a798-793a5685dfc4 | Context users@openstack cleanup() finished in 9.13 sec
2019-07-28 18:34:57.012 16 INFO rally.task.engine [-] Load duration is: 5.06959
2019-07-28 18:34:57.012 16 INFO rally.task.engine [-] Full runner duration is: 5.117639
2019-07-28 18:34:57.013 16 INFO rally.task.engine [-] Full duration is: 19.00362
2019-07-28 18:34:57.238 16 INFO rally.task.engine [-] Running workload: position = 0 config = { "version": 2, "title": "A cropped version of a bigger task.", "description": "Auto-generated task from a single workload (uuid=628994a8-884d-435e-8553-e313acafb13d)", "subtasks": [ { "title": "Authenticate.validate_neutron", "description": "Check Neutron Client to ensure validation of token.", "scenario": { "Authenticate.validate_neutron": { "repetitions": 2 } }, "contexts": { "users": { "tenants": 3, "users_per_tenant": 2 } }, "runner": { "constant": { "concurrency": 4, "times": 10 } }, "hooks": [], "sla": { "failure_rate": { "max": 0 } } } ] }
2019-07-28 18:34:57.258 16 RALLYDEBUG rally_openstack.contexts.keystone.users [-] Creating 3 tenants using 20 threads
2019-07-28 18:34:59.189 16 RALLYDEBUG rally_openstack.contexts.keystone.users [-] Creating 6 users using 20 threads
2019-07-28 18:35:02.073 16 INFO rally.task.context [-] Task f492633d-b5b3-4111-a798-793a5685dfc4 | Context users@openstack setup() finished in 4.82 sec
2019-07-28 18:35:02.081 16 RALLYDEBUG rally.task.runner [-] Starting the constant runner (task UUID: f492633d-b5b3-4111-a798-793a5685dfc4). timeout: 0 concurrency: 4 concurrency_per_worker: 1 times: 10 concurrency_overhead: 0 processes_to_start: 4 max_cpu_used: 16
2019-07-28 18:35:02.092 557 RALLYDEBUG rally.task.runner [-] Starting a worker. concurrency: 1 args: {"repetitions": 2} times: 10 method_name: run timeout: 0 duration: None cls:
2019-07-28 18:35:02.092 556 RALLYDEBUG rally.task.runner [-] Starting a worker. concurrency: 1 args: {"repetitions": 2} times: 10 method_name: run timeout: 0 duration: None cls:
2019-07-28 18:35:02.096 557 INFO rally.task.runner [-] Task f492633d-b5b3-4111-a798-793a5685dfc4 | ITER: 1 START
2019-07-28 18:35:02.097 558 RALLYDEBUG rally.task.runner [-] Starting a worker. concurrency: 1 args: {"repetitions": 2} times: 10 method_name: run timeout: 0 duration: None cls:
2019-07-28 18:35:02.098 556 INFO rally.task.runner [-] Task f492633d-b5b3-4111-a798-793a5685dfc4 | ITER: 2 START
2019-07-28 18:35:02.101 559 RALLYDEBUG rally.task.runner [-] Starting a worker. concurrency: 1 args: {"repetitions": 2} times: 10 method_name: run timeout: 0 duration: None cls:
2019-07-28 18:35:02.102 558 INFO rally.task.runner [-] Task f492633d-b5b3-4111-a798-793a5685dfc4 | ITER: 3 START
2019-07-28 18:35:02.106 559 INFO rally.task.runner [-] Task f492633d-b5b3-4111-a798-793a5685dfc4 | ITER: 4 START
2019-07-28 18:35:03.016 558 INFO rally.task.runner [-] Task f492633d-b5b3-4111-a798-793a5685dfc4 | ITER: 3 END: OK
2019-07-28 18:35:03.021 558 INFO rally.task.runner [-] Task f492633d-b5b3-4111-a798-793a5685dfc4 | ITER: 5 START
2019-07-28 18:35:03.021 557 INFO rally.task.runner [-] Task f492633d-b5b3-4111-a798-793a5685dfc4 | ITER: 1 END: OK
2019-07-28 18:35:03.025 557 INFO rally.task.runner [-] Task f492633d-b5b3-4111-a798-793a5685dfc4 | ITER: 6 START
2019-07-28 18:35:03.078 559 INFO rally.task.runner [-] Task f492633d-b5b3-4111-a798-793a5685dfc4 | ITER: 4 END: OK
2019-07-28 18:35:03.083 559 INFO rally.task.runner [-] Task f492633d-b5b3-4111-a798-793a5685dfc4 | ITER: 7 START
2019-07-28 18:35:03.382 556 INFO rally.task.runner [-] Task f492633d-b5b3-4111-a798-793a5685dfc4 | ITER: 2 END: OK
2019-07-28 18:35:03.387 556 INFO rally.task.runner [-] Task f492633d-b5b3-4111-a798-793a5685dfc4 | ITER: 8 START
2019-07-28 18:35:03.924 557 INFO rally.task.runner [-] Task f492633d-b5b3-4111-a798-793a5685dfc4 | ITER: 6 END: OK
2019-07-28 18:35:03.928 557 INFO rally.task.runner [-] Task f492633d-b5b3-4111-a798-793a5685dfc4 | ITER: 9 START
2019-07-28 18:35:03.977 559 INFO rally.task.runner [-] Task f492633d-b5b3-4111-a798-793a5685dfc4 | ITER: 7 END: OK
2019-07-28 18:35:03.980 559 INFO rally.task.runner [-] Task f492633d-b5b3-4111-a798-793a5685dfc4 | ITER: 10 START
2019-07-28 18:35:04.319 556 INFO rally.task.runner [-] Task f492633d-b5b3-4111-a798-793a5685dfc4 | ITER: 8 END: OK
2019-07-28 18:35:04.612 558 INFO rally.task.runner [-] Task f492633d-b5b3-4111-a798-793a5685dfc4 | ITER: 5 END: OK
2019-07-28 18:35:04.844 557 INFO rally.task.runner [-] Task f492633d-b5b3-4111-a798-793a5685dfc4 | ITER: 9 END: OK
2019-07-28 18:35:05.293 559 INFO rally.task.runner [-] Task f492633d-b5b3-4111-a798-793a5685dfc4 | ITER: 10 END: OK
2019-07-28 18:35:05.313 16 INFO rally.task.context [-] Task f492633d-b5b3-4111-a798-793a5685dfc4 | Context users@openstack cleanup() started
2019-07-28 18:35:13.481 16 INFO rally.task.context [-] Task f492633d-b5b3-4111-a798-793a5685dfc4 | Context users@openstack cleanup() finished in 8.17 sec
2019-07-28 18:35:15.339 16 INFO rally.task.engine [-] Load duration is: 3.195652
2019-07-28 18:35:15.339 16 INFO rally.task.engine [-] Full runner duration is: 3.232634
2019-07-28 18:35:15.339 16 INFO rally.task.engine [-] Full duration is: 16.225492
2019-07-28 18:35:15.554 16 INFO rally.task.engine [-] Running workload: position = 0 config = { "version": 2, "title": "A cropped version of a bigger task.", "description": "Auto-generated task from a single workload (uuid=9ec80b0c-8e49-4cf0-8a96-a9bd2e8063cc)", "subtasks": [ { "title": "Authenticate.validate_nova", "description": "Check Nova Client to ensure validation of token.", "scenario": { "Authenticate.validate_nova": { "repetitions": 2 } }, "contexts": { "users": { "tenants": 3, "users_per_tenant": 2 } }, "runner": { "constant": { "concurrency": 4, "times": 10 } }, "hooks": [], "sla": { "failure_rate": { "max": 0 } } } ] }
2019-07-28 18:35:15.576 16 RALLYDEBUG rally_openstack.contexts.keystone.users [-] Creating 3 tenants using 20 threads
2019-07-28 18:35:17.571 16 RALLYDEBUG rally_openstack.contexts.keystone.users [-] Creating 6 users using 20 threads
2019-07-28 18:35:20.323 16 INFO rally.task.context [-] Task f492633d-b5b3-4111-a798-793a5685dfc4 | Context users@openstack setup() finished in 4.75 sec
2019-07-28 18:35:20.331 16 RALLYDEBUG rally.task.runner [-] Starting the constant runner (task UUID: f492633d-b5b3-4111-a798-793a5685dfc4). timeout: 0 concurrency: 4 concurrency_per_worker: 1 times: 10 concurrency_overhead: 0 processes_to_start: 4 max_cpu_used: 16
2019-07-28 18:35:20.343 660 RALLYDEBUG rally.task.runner [-] Starting a worker. concurrency: 1 args: {"repetitions": 2} times: 10 method_name: run timeout: 0 duration: None cls:
2019-07-28 18:35:20.345 661 RALLYDEBUG rally.task.runner [-] Starting a worker. concurrency: 1 args: {"repetitions": 2} times: 10 method_name: run timeout: 0 duration: None cls:
2019-07-28 18:35:20.346 662 RALLYDEBUG rally.task.runner [-] Starting a worker. concurrency: 1 args: {"repetitions": 2} times: 10 method_name: run timeout: 0 duration: None cls:
2019-07-28 18:35:20.349 660 INFO rally.task.runner [-] Task f492633d-b5b3-4111-a798-793a5685dfc4 | ITER: 1 START
2019-07-28 18:35:20.351 661 INFO rally.task.runner [-] Task f492633d-b5b3-4111-a798-793a5685dfc4 | ITER: 2 START
2019-07-28 18:35:20.351 662 INFO rally.task.runner [-] Task f492633d-b5b3-4111-a798-793a5685dfc4 | ITER: 3 START
2019-07-28 18:35:20.350 663 RALLYDEBUG rally.task.runner [-] Starting a worker. concurrency: 1 args: {"repetitions": 2} times: 10 method_name: run timeout: 0 duration: None cls:
2019-07-28 18:35:20.355 663 INFO rally.task.runner [-] Task f492633d-b5b3-4111-a798-793a5685dfc4 | ITER: 4 START
2019-07-28 18:35:20.839 661 DEBUG novaclient.v2.client [-] REQ: curl -g -i -X GET http://172.30.9.37:8774/v2.1/flavors/detail -H "Accept: application/json" -H "User-Agent: python-novaclient" -H "X-Auth-Token: {SHA1}b5b710b6d13cf765d52b45b16610a61aa5bbed91" _http_log_request /usr/lib/python2.7/site-packages/keystoneauth1/session.py:448
2019-07-28 18:35:20.845 662 DEBUG novaclient.v2.client [-] REQ: curl -g -i -X GET http://172.30.9.37:8774/v2.1/flavors/detail -H "Accept: application/json" -H "User-Agent: python-novaclient" -H "X-Auth-Token: {SHA1}3ef11d9b3591a0811b0f21f24bfb80f8a53ada32" _http_log_request /usr/lib/python2.7/site-packages/keystoneauth1/session.py:448
2019-07-28 18:35:20.848 663 DEBUG novaclient.v2.client [-] REQ: curl -g -i -X GET http://172.30.9.37:8774/v2.1/flavors/detail -H "Accept: application/json" -H "User-Agent: python-novaclient" -H "X-Auth-Token: {SHA1}32aaed02a1aade093e2726f26cfc0ee66a0761f6" _http_log_request /usr/lib/python2.7/site-packages/keystoneauth1/session.py:448
2019-07-28 18:35:20.937 660 DEBUG novaclient.v2.client [-] REQ: curl -g -i -X GET http://172.30.9.37:8774/v2.1/flavors/detail -H "Accept: application/json" -H "User-Agent: python-novaclient" -H "X-Auth-Token: {SHA1}7e47e3699a52eacac482e0e317328a8b7bbdf81d" _http_log_request /usr/lib/python2.7/site-packages/keystoneauth1/session.py:448
2019-07-28 18:35:21.119 661 DEBUG novaclient.v2.client [-] RESP: [200] Content-Encoding: gzip Content-Length: 365 Content-Type: application/json Date: Sun, 28 Jul 2019 18:35:20 GMT OpenStack-API-Version: compute 2.1 Server: Apache Vary: OpenStack-API-Version,X-OpenStack-Nova-API-Version,Accept-Encoding X-OpenStack-Nova-API-Version: 2.1 x-compute-request-id: req-23e7b991-75b1-4fc4-8a3b-2316f2141172 x-openstack-request-id: req-23e7b991-75b1-4fc4-8a3b-2316f2141172 _http_log_response /usr/lib/python2.7/site-packages/keystoneauth1/session.py:479
2019-07-28 18:35:21.119 661 DEBUG novaclient.v2.client [-] RESP BODY: {"flavors": [{"name": "rally_full-flavor_alt_13967b42-b929-4ef9-8c8b-d654955b5392", "links": [{"href": "http://172.30.9.37:8774/v2.1/flavors/6a35b27c-b153-41fa-8b24-58b0c6132461", "rel": "self"}, {"href": "http://172.30.9.37:8774/flavors/6a35b27c-b153-41fa-8b24-58b0c6132461", "rel": "bookmark"}], "ram": 1024, "OS-FLV-DISABLED:disabled": false, "vcpus": 1, "swap": "", "os-flavor-access:is_public": true, "rxtx_factor": 1.0, "OS-FLV-EXT-DATA:ephemeral": 0, "disk": 1, "id": "6a35b27c-b153-41fa-8b24-58b0c6132461"}, {"name": "rally_full-flavor_13967b42-b929-4ef9-8c8b-d654955b5392", "links": [{"href": "http://172.30.9.37:8774/v2.1/flavors/c77bc5a0-d4cc-416b-9759-052eb5355868", "rel": "self"}, {"href": "http://172.30.9.37:8774/flavors/c77bc5a0-d4cc-416b-9759-052eb5355868", "rel": "bookmark"}], "ram": 512, "OS-FLV-DISABLED:disabled": false, "vcpus": 1, "swap": "", "os-flavor-access:is_public": true, "rxtx_factor": 1.0, "OS-FLV-EXT-DATA:ephemeral": 0, "disk": 1, "id": "c77bc5a0-d4cc-416b-9759-052eb5355868"}]} _http_log_response /usr/lib/python2.7/site-packages/keystoneauth1/session.py:511
2019-07-28 18:35:21.120 661 DEBUG novaclient.v2.client [-] GET call to compute for http://172.30.9.37:8774/v2.1/flavors/detail used request id req-23e7b991-75b1-4fc4-8a3b-2316f2141172 request /usr/lib/python2.7/site-packages/keystoneauth1/session.py:844
2019-07-28 18:35:21.122 661 DEBUG novaclient.v2.client [-] REQ: curl -g -i -X GET http://172.30.9.37:8774/v2.1/flavors/detail -H "Accept: application/json" -H "User-Agent: python-novaclient" -H "X-Auth-Token: {SHA1}b5b710b6d13cf765d52b45b16610a61aa5bbed91" _http_log_request /usr/lib/python2.7/site-packages/keystoneauth1/session.py:448
2019-07-28 18:35:21.148 661 DEBUG novaclient.v2.client [-] RESP: [200] Content-Encoding: gzip Content-Length: 365 Content-Type: application/json Date: Sun, 28 Jul 2019 18:35:21 GMT OpenStack-API-Version: compute 2.1 Server: Apache Vary: OpenStack-API-Version,X-OpenStack-Nova-API-Version,Accept-Encoding X-OpenStack-Nova-API-Version: 2.1 x-compute-request-id: req-3d7cc8db-7753-4c96-8b3e-e3645d0f20de x-openstack-request-id: req-3d7cc8db-7753-4c96-8b3e-e3645d0f20de _http_log_response /usr/lib/python2.7/site-packages/keystoneauth1/session.py:479
2019-07-28 18:35:21.149 661 DEBUG novaclient.v2.client [-] RESP BODY: {"flavors": [{"name": "rally_full-flavor_alt_13967b42-b929-4ef9-8c8b-d654955b5392", "links": [{"href": "http://172.30.9.37:8774/v2.1/flavors/6a35b27c-b153-41fa-8b24-58b0c6132461", "rel": "self"}, {"href": "http://172.30.9.37:8774/flavors/6a35b27c-b153-41fa-8b24-58b0c6132461", "rel": "bookmark"}], "ram": 1024, "OS-FLV-DISABLED:disabled": false, "vcpus": 1, "swap": "", "os-flavor-access:is_public": true, "rxtx_factor": 1.0, "OS-FLV-EXT-DATA:ephemeral": 0, "disk": 1, "id": "6a35b27c-b153-41fa-8b24-58b0c6132461"}, {"name": "rally_full-flavor_13967b42-b929-4ef9-8c8b-d654955b5392", "links": [{"href": "http://172.30.9.37:8774/v2.1/flavors/c77bc5a0-d4cc-416b-9759-052eb5355868", "rel": "self"}, {"href": "http://172.30.9.37:8774/flavors/c77bc5a0-d4cc-416b-9759-052eb5355868", "rel": "bookmark"}], "ram": 512, "OS-FLV-DISABLED:disabled": false, "vcpus": 1, "swap": "", "os-flavor-access:is_public": true, "rxtx_factor": 1.0, "OS-FLV-EXT-DATA:ephemeral": 0, "disk": 1, "id": "c77bc5a0-d4cc-416b-9759-052eb5355868"}]} _http_log_response /usr/lib/python2.7/site-packages/keystoneauth1/session.py:511
2019-07-28 18:35:21.149 661 DEBUG novaclient.v2.client [-] GET call to compute for http://172.30.9.37:8774/v2.1/flavors/detail used request id req-3d7cc8db-7753-4c96-8b3e-e3645d0f20de request /usr/lib/python2.7/site-packages/keystoneauth1/session.py:844
2019-07-28 18:35:21.150 661 INFO rally.task.runner [-] Task f492633d-b5b3-4111-a798-793a5685dfc4 | ITER: 2 END: OK
2019-07-28 18:35:21.154 661 INFO rally.task.runner [-] Task f492633d-b5b3-4111-a798-793a5685dfc4 | ITER: 5 START
2019-07-28 18:35:21.268 660 DEBUG novaclient.v2.client [-] RESP: [200] Content-Encoding: gzip Content-Length: 365 Content-Type: application/json Date: Sun, 28 Jul 2019 18:35:20 GMT OpenStack-API-Version: compute 2.1 Server: Apache Vary: OpenStack-API-Version,X-OpenStack-Nova-API-Version,Accept-Encoding X-OpenStack-Nova-API-Version: 2.1 x-compute-request-id: req-3fec6f85-b7bc-4226-b3c0-8f7449d488c1 x-openstack-request-id: req-3fec6f85-b7bc-4226-b3c0-8f7449d488c1 _http_log_response /usr/lib/python2.7/site-packages/keystoneauth1/session.py:479
2019-07-28 18:35:21.269 660 DEBUG novaclient.v2.client [-] RESP BODY: {"flavors": [{"name": "rally_full-flavor_alt_13967b42-b929-4ef9-8c8b-d654955b5392", "links": [{"href": "http://172.30.9.37:8774/v2.1/flavors/6a35b27c-b153-41fa-8b24-58b0c6132461", "rel": "self"}, {"href": "http://172.30.9.37:8774/flavors/6a35b27c-b153-41fa-8b24-58b0c6132461", "rel": "bookmark"}], "ram": 1024, "OS-FLV-DISABLED:disabled": false, "vcpus": 1, "swap": "", "os-flavor-access:is_public": true, "rxtx_factor": 1.0, "OS-FLV-EXT-DATA:ephemeral": 0, "disk": 1, "id": "6a35b27c-b153-41fa-8b24-58b0c6132461"}, {"name": "rally_full-flavor_13967b42-b929-4ef9-8c8b-d654955b5392", "links": [{"href": "http://172.30.9.37:8774/v2.1/flavors/c77bc5a0-d4cc-416b-9759-052eb5355868", "rel": "self"}, {"href": "http://172.30.9.37:8774/flavors/c77bc5a0-d4cc-416b-9759-052eb5355868", "rel": "bookmark"}], "ram": 512, "OS-FLV-DISABLED:disabled": false, "vcpus": 1, "swap": "", "os-flavor-access:is_public": true, "rxtx_factor": 1.0, "OS-FLV-EXT-DATA:ephemeral": 0, "disk": 1, "id": "c77bc5a0-d4cc-416b-9759-052eb5355868"}]} _http_log_response /usr/lib/python2.7/site-packages/keystoneauth1/session.py:511
2019-07-28 18:35:21.269 660 DEBUG novaclient.v2.client [-] GET call to compute for http://172.30.9.37:8774/v2.1/flavors/detail used request id req-3fec6f85-b7bc-4226-b3c0-8f7449d488c1 request /usr/lib/python2.7/site-packages/keystoneauth1/session.py:844
2019-07-28 18:35:21.271 660 DEBUG novaclient.v2.client [-] REQ: curl -g -i -X GET http://172.30.9.37:8774/v2.1/flavors/detail -H "Accept: application/json" -H "User-Agent: python-novaclient" -H "X-Auth-Token: {SHA1}7e47e3699a52eacac482e0e317328a8b7bbdf81d" _http_log_request /usr/lib/python2.7/site-packages/keystoneauth1/session.py:448
2019-07-28 18:35:21.291 660 DEBUG novaclient.v2.client [-] RESP: [200] Content-Encoding: gzip Content-Length: 365 Content-Type: application/json Date: Sun, 28 Jul 2019 18:35:21 GMT OpenStack-API-Version: compute 2.1 Server: Apache Vary: OpenStack-API-Version,X-OpenStack-Nova-API-Version,Accept-Encoding X-OpenStack-Nova-API-Version: 2.1 x-compute-request-id: req-2675531a-2cab-4f9b-8a47-c53486370e06 x-openstack-request-id: req-2675531a-2cab-4f9b-8a47-c53486370e06 _http_log_response /usr/lib/python2.7/site-packages/keystoneauth1/session.py:479
2019-07-28 18:35:21.292 660 DEBUG novaclient.v2.client [-] RESP BODY: {"flavors": [{"name": "rally_full-flavor_alt_13967b42-b929-4ef9-8c8b-d654955b5392", "links": [{"href": "http://172.30.9.37:8774/v2.1/flavors/6a35b27c-b153-41fa-8b24-58b0c6132461", "rel": "self"}, {"href": "http://172.30.9.37:8774/flavors/6a35b27c-b153-41fa-8b24-58b0c6132461", "rel": "bookmark"}], "ram": 1024, "OS-FLV-DISABLED:disabled": false, "vcpus": 1, "swap": "", "os-flavor-access:is_public": true, "rxtx_factor": 1.0, "OS-FLV-EXT-DATA:ephemeral": 0, "disk": 1, "id": "6a35b27c-b153-41fa-8b24-58b0c6132461"}, {"name": "rally_full-flavor_13967b42-b929-4ef9-8c8b-d654955b5392", "links": [{"href": "http://172.30.9.37:8774/v2.1/flavors/c77bc5a0-d4cc-416b-9759-052eb5355868", "rel": "self"}, {"href": "http://172.30.9.37:8774/flavors/c77bc5a0-d4cc-416b-9759-052eb5355868", "rel": "bookmark"}], "ram": 512, "OS-FLV-DISABLED:disabled": false, "vcpus": 1, "swap": "", "os-flavor-access:is_public": true, "rxtx_factor": 1.0, "OS-FLV-EXT-DATA:ephemeral": 0, "disk": 1, "id": "c77bc5a0-d4cc-416b-9759-052eb5355868"}]} _http_log_response /usr/lib/python2.7/site-packages/keystoneauth1/session.py:511
2019-07-28 18:35:21.292 660 DEBUG novaclient.v2.client [-] GET call to compute for http://172.30.9.37:8774/v2.1/flavors/detail used request id req-2675531a-2cab-4f9b-8a47-c53486370e06 request /usr/lib/python2.7/site-packages/keystoneauth1/session.py:844
2019-07-28 18:35:21.293 660 INFO rally.task.runner [-] Task f492633d-b5b3-4111-a798-793a5685dfc4 | ITER: 1 END: OK
2019-07-28 18:35:21.297 660 INFO rally.task.runner [-] Task f492633d-b5b3-4111-a798-793a5685dfc4 | ITER: 6 START
2019-07-28 18:35:21.550 663 DEBUG novaclient.v2.client [-] RESP: [200] Content-Encoding: gzip Content-Length: 365 Content-Type: application/json Date: Sun, 28 Jul 2019 18:35:20 GMT OpenStack-API-Version: compute 2.1 Server: Apache Vary: OpenStack-API-Version,X-OpenStack-Nova-API-Version,Accept-Encoding X-OpenStack-Nova-API-Version: 2.1 x-compute-request-id: req-1ba703b8-a510-4e66-a82c-e756d5e8c8e8 x-openstack-request-id: req-1ba703b8-a510-4e66-a82c-e756d5e8c8e8 _http_log_response /usr/lib/python2.7/site-packages/keystoneauth1/session.py:479
2019-07-28 18:35:21.550 663 DEBUG novaclient.v2.client [-] RESP BODY: {"flavors": [{"name": "rally_full-flavor_alt_13967b42-b929-4ef9-8c8b-d654955b5392", "links": [{"href": "http://172.30.9.37:8774/v2.1/flavors/6a35b27c-b153-41fa-8b24-58b0c6132461", "rel": "self"}, {"href": "http://172.30.9.37:8774/flavors/6a35b27c-b153-41fa-8b24-58b0c6132461", "rel": "bookmark"}], "ram": 1024, "OS-FLV-DISABLED:disabled": false, "vcpus": 1, "swap": "", "os-flavor-access:is_public": true, "rxtx_factor": 1.0, "OS-FLV-EXT-DATA:ephemeral": 0, "disk": 1, "id": "6a35b27c-b153-41fa-8b24-58b0c6132461"}, {"name": "rally_full-flavor_13967b42-b929-4ef9-8c8b-d654955b5392", "links": [{"href": "http://172.30.9.37:8774/v2.1/flavors/c77bc5a0-d4cc-416b-9759-052eb5355868", "rel": "self"}, {"href": "http://172.30.9.37:8774/flavors/c77bc5a0-d4cc-416b-9759-052eb5355868", "rel": "bookmark"}], "ram": 512, "OS-FLV-DISABLED:disabled": false, "vcpus": 1, "swap": "", "os-flavor-access:is_public": true, "rxtx_factor": 1.0, "OS-FLV-EXT-DATA:ephemeral": 0, "disk": 1, "id": "c77bc5a0-d4cc-416b-9759-052eb5355868"}]} _http_log_response /usr/lib/python2.7/site-packages/keystoneauth1/session.py:511
2019-07-28 18:35:21.551 663 DEBUG novaclient.v2.client [-] GET call to compute for http://172.30.9.37:8774/v2.1/flavors/detail used request id req-1ba703b8-a510-4e66-a82c-e756d5e8c8e8 request /usr/lib/python2.7/site-packages/keystoneauth1/session.py:844
2019-07-28 18:35:21.552 663 DEBUG novaclient.v2.client [-] REQ: curl -g -i -X GET http://172.30.9.37:8774/v2.1/flavors/detail -H "Accept: application/json" -H "User-Agent: python-novaclient" -H "X-Auth-Token: {SHA1}32aaed02a1aade093e2726f26cfc0ee66a0761f6" _http_log_request /usr/lib/python2.7/site-packages/keystoneauth1/session.py:448
2019-07-28 18:35:21.567 662 DEBUG novaclient.v2.client [-] RESP: [200] Content-Encoding: gzip Content-Length: 365 Content-Type: application/json Date: Sun, 28 Jul 2019 18:35:20 GMT OpenStack-API-Version: compute 2.1 Server: Apache Vary: OpenStack-API-Version,X-OpenStack-Nova-API-Version,Accept-Encoding X-OpenStack-Nova-API-Version: 2.1 x-compute-request-id: req-7decfc2b-f50b-4ec0-a287-7b4fee9cc252 x-openstack-request-id: req-7decfc2b-f50b-4ec0-a287-7b4fee9cc252 _http_log_response /usr/lib/python2.7/site-packages/keystoneauth1/session.py:479
2019-07-28 18:35:21.568 662 DEBUG novaclient.v2.client [-] RESP BODY: {"flavors": [{"name": "rally_full-flavor_alt_13967b42-b929-4ef9-8c8b-d654955b5392", "links": [{"href": "http://172.30.9.37:8774/v2.1/flavors/6a35b27c-b153-41fa-8b24-58b0c6132461", "rel": "self"}, {"href": "http://172.30.9.37:8774/flavors/6a35b27c-b153-41fa-8b24-58b0c6132461", "rel": "bookmark"}], "ram": 1024, "OS-FLV-DISABLED:disabled": false, "vcpus": 1, "swap": "", "os-flavor-access:is_public": true, "rxtx_factor": 1.0, "OS-FLV-EXT-DATA:ephemeral": 0, "disk": 1, "id": "6a35b27c-b153-41fa-8b24-58b0c6132461"}, {"name": "rally_full-flavor_13967b42-b929-4ef9-8c8b-d654955b5392", "links": [{"href": "http://172.30.9.37:8774/v2.1/flavors/c77bc5a0-d4cc-416b-9759-052eb5355868", "rel": "self"}, {"href": "http://172.30.9.37:8774/flavors/c77bc5a0-d4cc-416b-9759-052eb5355868", "rel": "bookmark"}], "ram": 512, "OS-FLV-DISABLED:disabled": false, "vcpus": 1, "swap": "", "os-flavor-access:is_public": true, "rxtx_factor": 1.0, "OS-FLV-EXT-DATA:ephemeral": 0, "disk": 1, "id": "c77bc5a0-d4cc-416b-9759-052eb5355868"}]} _http_log_response /usr/lib/python2.7/site-packages/keystoneauth1/session.py:511
2019-07-28 18:35:21.568 662 DEBUG novaclient.v2.client [-] GET call to compute for http://172.30.9.37:8774/v2.1/flavors/detail used request id req-7decfc2b-f50b-4ec0-a287-7b4fee9cc252 request /usr/lib/python2.7/site-packages/keystoneauth1/session.py:844
2019-07-28 18:35:21.569 662 DEBUG novaclient.v2.client [-] REQ: curl -g -i -X GET http://172.30.9.37:8774/v2.1/flavors/detail -H "Accept: application/json" -H "User-Agent: python-novaclient" -H "X-Auth-Token: {SHA1}3ef11d9b3591a0811b0f21f24bfb80f8a53ada32" _http_log_request /usr/lib/python2.7/site-packages/keystoneauth1/session.py:448
2019-07-28 18:35:21.573 663 DEBUG novaclient.v2.client [-] RESP: [200] Content-Encoding: gzip Content-Length: 365 Content-Type: application/json Date: Sun, 28 Jul 2019 18:35:21 GMT OpenStack-API-Version: compute 2.1 Server: Apache Vary: OpenStack-API-Version,X-OpenStack-Nova-API-Version,Accept-Encoding X-OpenStack-Nova-API-Version: 2.1 x-compute-request-id: req-6fd5bb51-55c8-4e87-9be8-41536d90fbde x-openstack-request-id: req-6fd5bb51-55c8-4e87-9be8-41536d90fbde _http_log_response /usr/lib/python2.7/site-packages/keystoneauth1/session.py:479
2019-07-28 18:35:21.573 663 DEBUG novaclient.v2.client [-] RESP BODY: {"flavors": [{"name": "rally_full-flavor_alt_13967b42-b929-4ef9-8c8b-d654955b5392", "links": [{"href": "http://172.30.9.37:8774/v2.1/flavors/6a35b27c-b153-41fa-8b24-58b0c6132461", "rel": "self"}, {"href": "http://172.30.9.37:8774/flavors/6a35b27c-b153-41fa-8b24-58b0c6132461", "rel": "bookmark"}], "ram": 1024, "OS-FLV-DISABLED:disabled": false, "vcpus": 1, "swap": "", "os-flavor-access:is_public": true, "rxtx_factor": 1.0, "OS-FLV-EXT-DATA:ephemeral": 0, "disk": 1, "id": "6a35b27c-b153-41fa-8b24-58b0c6132461"}, {"name": "rally_full-flavor_13967b42-b929-4ef9-8c8b-d654955b5392", "links": [{"href": "http://172.30.9.37:8774/v2.1/flavors/c77bc5a0-d4cc-416b-9759-052eb5355868", "rel": "self"}, {"href": "http://172.30.9.37:8774/flavors/c77bc5a0-d4cc-416b-9759-052eb5355868", "rel": "bookmark"}], "ram": 512, "OS-FLV-DISABLED:disabled": false, "vcpus": 1, "swap": "", "os-flavor-access:is_public": true, "rxtx_factor": 1.0, "OS-FLV-EXT-DATA:ephemeral": 0, "disk": 1, "id": "c77bc5a0-d4cc-416b-9759-052eb5355868"}]} _http_log_response /usr/lib/python2.7/site-packages/keystoneauth1/session.py:511
2019-07-28 18:35:21.574 663 DEBUG novaclient.v2.client [-] GET call to compute for http://172.30.9.37:8774/v2.1/flavors/detail used request id req-6fd5bb51-55c8-4e87-9be8-41536d90fbde request /usr/lib/python2.7/site-packages/keystoneauth1/session.py:844
