2019-07-28 18:56:35.071 1842 DEBUG novaclient.v2.client [-] RESP BODY: {"servers": []} _http_log_response /usr/lib/python2.7/site-packages/keystoneauth1/session.py:511
2019-07-28 18:56:35.071 1842 DEBUG novaclient.v2.client [-] GET call to compute for http://172.30.9.37:8774/v2.1/servers/detail used request id req-02a6f4a8-3888-4d84-aef9-92c540dcf64d request /usr/lib/python2.7/site-packages/keystoneauth1/session.py:844
2019-07-28 18:56:35.495 1842 DEBUG novaclient.v2.client [-] REQ: curl -g -i -X GET http://172.30.9.37:8774/v2.1/servers/detail -H "Accept: application/json" -H "User-Agent: python-novaclient" -H "X-Auth-Token: {SHA1}514e97596708a9e8e85cb83a0f5b97bc1b405125" _http_log_request /usr/lib/python2.7/site-packages/keystoneauth1/session.py:448
2019-07-28 18:56:35.834 1842 DEBUG novaclient.v2.client [-] RESP: [200] Content-Length: 15 Content-Type: application/json Date: Sun, 28 Jul 2019 18:56:35 GMT OpenStack-API-Version: compute 2.1 Server: Apache Vary: OpenStack-API-Version,X-OpenStack-Nova-API-Version X-OpenStack-Nova-API-Version: 2.1 x-compute-request-id: req-1576a725-f19c-4996-8363-f4cae5c7139c x-openstack-request-id: req-1576a725-f19c-4996-8363-f4cae5c7139c _http_log_response /usr/lib/python2.7/site-packages/keystoneauth1/session.py:479
2019-07-28 18:56:35.834 1842 DEBUG novaclient.v2.client [-] RESP BODY: {"servers": []} _http_log_response /usr/lib/python2.7/site-packages/keystoneauth1/session.py:511
2019-07-28 18:56:35.835 1842 DEBUG novaclient.v2.client [-] GET call to compute for http://172.30.9.37:8774/v2.1/servers/detail used request id req-1576a725-f19c-4996-8363-f4cae5c7139c request /usr/lib/python2.7/site-packages/keystoneauth1/session.py:844
2019-07-28 18:56:36.261 1842 DEBUG novaclient.v2.client [-] REQ: curl -g -i -X GET http://172.30.9.37:8774/v2.1/servers/detail -H "Accept: application/json" -H "User-Agent: python-novaclient" -H "X-Auth-Token: {SHA1}cc633f623628d312157103dc2b8498d9a4207866" _http_log_request /usr/lib/python2.7/site-packages/keystoneauth1/session.py:448
2019-07-28 18:56:36.623 1842 DEBUG novaclient.v2.client [-] RESP: [200] Content-Length: 15 Content-Type: application/json Date: Sun, 28 Jul 2019 18:56:36 GMT OpenStack-API-Version: compute 2.1 Server: Apache Vary: OpenStack-API-Version,X-OpenStack-Nova-API-Version X-OpenStack-Nova-API-Version: 2.1 x-compute-request-id: req-17807658-0b1e-4440-a245-46c61247e160 x-openstack-request-id: req-17807658-0b1e-4440-a245-46c61247e160 _http_log_response /usr/lib/python2.7/site-packages/keystoneauth1/session.py:479
2019-07-28 18:56:36.624 1842 DEBUG novaclient.v2.client [-] RESP BODY: {"servers": []} _http_log_response /usr/lib/python2.7/site-packages/keystoneauth1/session.py:511
2019-07-28 18:56:36.624 1842 DEBUG novaclient.v2.client [-] GET call to compute for http://172.30.9.37:8774/v2.1/servers/detail used request id req-17807658-0b1e-4440-a245-46c61247e160 request /usr/lib/python2.7/site-packages/keystoneauth1/session.py:844
2019-07-28 18:56:36.631 1842 RALLYDEBUG rally_openstack.cleanup.manager [-] Cleaning up nova server_groups objects
2019-07-28 18:56:37.060 1842 DEBUG novaclient.v2.client [-] REQ: curl -g -i -X GET http://172.30.9.37:8774/v2.1/os-server-groups -H "Accept: application/json" -H "User-Agent: python-novaclient" -H "X-Auth-Token: {SHA1}04ecbe095faeeec6ff93fe66e7734a41294e7866" _http_log_request /usr/lib/python2.7/site-packages/keystoneauth1/session.py:448
2019-07-28 18:56:37.353 1842 DEBUG novaclient.v2.client [-] RESP: [200] Content-Length: 21 Content-Type: application/json Date: Sun, 28 Jul 2019 18:56:37 GMT OpenStack-API-Version: compute 2.1 Server: Apache Vary: OpenStack-API-Version,X-OpenStack-Nova-API-Version X-OpenStack-Nova-API-Version: 2.1 x-compute-request-id: req-e74273a8-9aa5-47e6-b2df-35e35e323ec8 x-openstack-request-id: req-e74273a8-9aa5-47e6-b2df-35e35e323ec8 _http_log_response /usr/lib/python2.7/site-packages/keystoneauth1/session.py:479
2019-07-28 18:56:37.353 1842 DEBUG novaclient.v2.client [-] RESP BODY: {"server_groups": []} _http_log_response /usr/lib/python2.7/site-packages/keystoneauth1/session.py:511
2019-07-28 18:56:37.354 1842 DEBUG novaclient.v2.client [-] GET call to compute for http://172.30.9.37:8774/v2.1/os-server-groups used request id req-e74273a8-9aa5-47e6-b2df-35e35e323ec8 request /usr/lib/python2.7/site-packages/keystoneauth1/session.py:844
2019-07-28 18:56:37.882 1842 DEBUG novaclient.v2.client [-] REQ: curl -g -i -X GET http://172.30.9.37:8774/v2.1/os-server-groups -H "Accept: application/json" -H "User-Agent: python-novaclient" -H "X-Auth-Token: {SHA1}f339302179f694b0f2fa2ce22ea5dbeb6b7dd6a3" _http_log_request /usr/lib/python2.7/site-packages/keystoneauth1/session.py:448
2019-07-28 18:56:38.110 1842 DEBUG novaclient.v2.client [-] RESP: [200] Content-Length: 21 Content-Type: application/json Date: Sun, 28 Jul 2019 18:56:37 GMT OpenStack-API-Version: compute 2.1 Server: Apache Vary: OpenStack-API-Version,X-OpenStack-Nova-API-Version X-OpenStack-Nova-API-Version: 2.1 x-compute-request-id: req-11ff19e2-95b1-4941-92ca-ca9c259de459 x-openstack-request-id: req-11ff19e2-95b1-4941-92ca-ca9c259de459 _http_log_response /usr/lib/python2.7/site-packages/keystoneauth1/session.py:479
2019-07-28 18:56:38.110 1842 DEBUG novaclient.v2.client [-] RESP BODY: {"server_groups": []} _http_log_response /usr/lib/python2.7/site-packages/keystoneauth1/session.py:511
2019-07-28 18:56:38.111 1842 DEBUG novaclient.v2.client [-] GET call to compute for http://172.30.9.37:8774/v2.1/os-server-groups used request id req-11ff19e2-95b1-4941-92ca-ca9c259de459 request /usr/lib/python2.7/site-packages/keystoneauth1/session.py:844
2019-07-28 18:56:38.541 1842 DEBUG novaclient.v2.client [-] REQ: curl -g -i -X GET http://172.30.9.37:8774/v2.1/os-server-groups -H "Accept: application/json" -H "User-Agent: python-novaclient" -H "X-Auth-Token: {SHA1}4967bcd37c167974b7bd4e0afb586366343376de" _http_log_request /usr/lib/python2.7/site-packages/keystoneauth1/session.py:448
2019-07-28 18:56:38.837 1842 DEBUG novaclient.v2.client [-] RESP: [200] Content-Length: 21 Content-Type: application/json Date: Sun, 28 Jul 2019 18:56:38 GMT OpenStack-API-Version: compute 2.1 Server: Apache Vary: OpenStack-API-Version,X-OpenStack-Nova-API-Version X-OpenStack-Nova-API-Version: 2.1 x-compute-request-id: req-8dba05ce-ca80-4a9f-8d7d-87db4a04ecf5 x-openstack-request-id: req-8dba05ce-ca80-4a9f-8d7d-87db4a04ecf5 _http_log_response /usr/lib/python2.7/site-packages/keystoneauth1/session.py:479
2019-07-28 18:56:38.838 1842 DEBUG novaclient.v2.client [-] RESP BODY: {"server_groups": []} _http_log_response /usr/lib/python2.7/site-packages/keystoneauth1/session.py:511
2019-07-28 18:56:38.838 1842 DEBUG novaclient.v2.client [-] GET call to compute for http://172.30.9.37:8774/v2.1/os-server-groups used request id req-8dba05ce-ca80-4a9f-8d7d-87db4a04ecf5 request /usr/lib/python2.7/site-packages/keystoneauth1/session.py:844
2019-07-28 18:56:38.845 1842 RALLYDEBUG rally_openstack.cleanup.manager [-] Cleaning up nova keypairs objects
2019-07-28 18:56:39.273 1842 DEBUG novaclient.v2.client [-] REQ: curl -g -i -X GET http://172.30.9.37:8774/v2.1/os-keypairs -H "Accept: application/json" -H "User-Agent: python-novaclient" -H "X-Auth-Token: {SHA1}3b556985c1e0430590a83a8da7042c1cd039e0e3" _http_log_request /usr/lib/python2.7/site-packages/keystoneauth1/session.py:448
2019-07-28 18:56:39.496 1842 DEBUG novaclient.v2.client [-] RESP: [200] Content-Length: 16 Content-Type: application/json Date: Sun, 28 Jul 2019 18:56:39 GMT OpenStack-API-Version: compute 2.1 Server: Apache Vary: OpenStack-API-Version,X-OpenStack-Nova-API-Version X-OpenStack-Nova-API-Version: 2.1 x-compute-request-id: req-e14f3cac-2f38-49bf-afec-a6d5fdbde028 x-openstack-request-id: req-e14f3cac-2f38-49bf-afec-a6d5fdbde028 _http_log_response /usr/lib/python2.7/site-packages/keystoneauth1/session.py:479
2019-07-28 18:56:39.497 1842 DEBUG novaclient.v2.client [-] RESP BODY: {"keypairs": []} _http_log_response /usr/lib/python2.7/site-packages/keystoneauth1/session.py:511
2019-07-28 18:56:39.497 1842 DEBUG novaclient.v2.client [-] GET call to compute for http://172.30.9.37:8774/v2.1/os-keypairs used request id req-e14f3cac-2f38-49bf-afec-a6d5fdbde028 request /usr/lib/python2.7/site-packages/keystoneauth1/session.py:844
2019-07-28 18:56:39.921 1842 DEBUG novaclient.v2.client [-] REQ: curl -g -i -X GET http://172.30.9.37:8774/v2.1/os-keypairs -H "Accept: application/json" -H "User-Agent: python-novaclient" -H "X-Auth-Token: {SHA1}7501c0786747be2b8ceea1987769de815ec81576" _http_log_request /usr/lib/python2.7/site-packages/keystoneauth1/session.py:448
2019-07-28 18:56:40.243 1842 DEBUG novaclient.v2.client [-] RESP: [200] Content-Length: 16 Content-Type: application/json Date: Sun, 28 Jul 2019 18:56:39 GMT OpenStack-API-Version: compute 2.1 Server: Apache Vary: OpenStack-API-Version,X-OpenStack-Nova-API-Version X-OpenStack-Nova-API-Version: 2.1 x-compute-request-id: req-06786c83-f4c7-4a51-89e7-1c5a6333fe4e x-openstack-request-id: req-06786c83-f4c7-4a51-89e7-1c5a6333fe4e _http_log_response /usr/lib/python2.7/site-packages/keystoneauth1/session.py:479
2019-07-28 18:56:40.244 1842 DEBUG novaclient.v2.client [-] RESP BODY: {"keypairs": []} _http_log_response /usr/lib/python2.7/site-packages/keystoneauth1/session.py:511
2019-07-28 18:56:40.244 1842 DEBUG novaclient.v2.client [-] GET call to compute for http://172.30.9.37:8774/v2.1/os-keypairs used request id req-06786c83-f4c7-4a51-89e7-1c5a6333fe4e request /usr/lib/python2.7/site-packages/keystoneauth1/session.py:844
2019-07-28 18:56:40.686 1842 DEBUG novaclient.v2.client [-] REQ: curl -g -i -X GET http://172.30.9.37:8774/v2.1/os-keypairs -H "Accept: application/json" -H "User-Agent: python-novaclient" -H "X-Auth-Token: {SHA1}67f1588694d1b9eecb3b0c1da1193000e32e6448" _http_log_request /usr/lib/python2.7/site-packages/keystoneauth1/session.py:448
2019-07-28 18:56:40.979 1842 DEBUG novaclient.v2.client [-] RESP: [200] Content-Length: 16 Content-Type: application/json Date: Sun, 28 Jul 2019 18:56:40 GMT OpenStack-API-Version: compute 2.1 Server: Apache Vary: OpenStack-API-Version,X-OpenStack-Nova-API-Version X-OpenStack-Nova-API-Version: 2.1 x-compute-request-id: req-a8a803df-a8c6-4466-8cbe-a657d82a752c x-openstack-request-id: req-a8a803df-a8c6-4466-8cbe-a657d82a752c _http_log_response /usr/lib/python2.7/site-packages/keystoneauth1/session.py:479
2019-07-28 18:56:40.980 1842 DEBUG novaclient.v2.client [-] RESP BODY: {"keypairs": []} _http_log_response /usr/lib/python2.7/site-packages/keystoneauth1/session.py:511
2019-07-28 18:56:40.980 1842 DEBUG novaclient.v2.client [-] GET call to compute for http://172.30.9.37:8774/v2.1/os-keypairs used request id req-a8a803df-a8c6-4466-8cbe-a657d82a752c request /usr/lib/python2.7/site-packages/keystoneauth1/session.py:844
2019-07-28 18:56:41.405 1842 DEBUG novaclient.v2.client [-] REQ: curl -g -i -X GET http://172.30.9.37:8774/v2.1/os-keypairs -H "Accept: application/json" -H "User-Agent: python-novaclient" -H "X-Auth-Token: {SHA1}983df88931e26c76c10ebf3afdda493fb39c988b" _http_log_request /usr/lib/python2.7/site-packages/keystoneauth1/session.py:448
2019-07-28 18:56:41.731 1842 DEBUG novaclient.v2.client [-] RESP: [200] Content-Length: 16 Content-Type: application/json Date: Sun, 28 Jul 2019 18:56:41 GMT OpenStack-API-Version: compute 2.1 Server: Apache Vary: OpenStack-API-Version,X-OpenStack-Nova-API-Version X-OpenStack-Nova-API-Version: 2.1 x-compute-request-id: req-5859f48e-24ca-4d8c-a7c9-3dc04ace9d2e x-openstack-request-id: req-5859f48e-24ca-4d8c-a7c9-3dc04ace9d2e _http_log_response /usr/lib/python2.7/site-packages/keystoneauth1/session.py:479
2019-07-28 18:56:41.731 1842 DEBUG novaclient.v2.client [-] RESP BODY: {"keypairs": []} _http_log_response /usr/lib/python2.7/site-packages/keystoneauth1/session.py:511
2019-07-28 18:56:41.732 1842 DEBUG novaclient.v2.client [-] GET call to compute for http://172.30.9.37:8774/v2.1/os-keypairs used request id req-5859f48e-24ca-4d8c-a7c9-3dc04ace9d2e request /usr/lib/python2.7/site-packages/keystoneauth1/session.py:844
2019-07-28 18:56:42.174 1842 DEBUG novaclient.v2.client [-] REQ: curl -g -i -X GET http://172.30.9.37:8774/v2.1/os-keypairs -H "Accept: application/json" -H "User-Agent: python-novaclient" -H "X-Auth-Token: {SHA1}508bae397bd1ce48495d3f82de258a7649d7f016" _http_log_request /usr/lib/python2.7/site-packages/keystoneauth1/session.py:448
2019-07-28 18:56:42.490 1842 DEBUG novaclient.v2.client [-] RESP: [200] Content-Length: 16 Content-Type: application/json Date: Sun, 28 Jul 2019 18:56:42 GMT OpenStack-API-Version: compute 2.1 Server: Apache Vary: OpenStack-API-Version,X-OpenStack-Nova-API-Version X-OpenStack-Nova-API-Version: 2.1 x-compute-request-id: req-d0d343d4-e5bd-4f1a-ac88-02b485152b8d x-openstack-request-id: req-d0d343d4-e5bd-4f1a-ac88-02b485152b8d _http_log_response /usr/lib/python2.7/site-packages/keystoneauth1/session.py:479
2019-07-28 18:56:42.490 1842 DEBUG novaclient.v2.client [-] RESP BODY: {"keypairs": []} _http_log_response /usr/lib/python2.7/site-packages/keystoneauth1/session.py:511
2019-07-28 18:56:42.490 1842 DEBUG novaclient.v2.client [-] GET call to compute for http://172.30.9.37:8774/v2.1/os-keypairs used request id req-d0d343d4-e5bd-4f1a-ac88-02b485152b8d request /usr/lib/python2.7/site-packages/keystoneauth1/session.py:844
2019-07-28 18:56:42.921 1842 DEBUG novaclient.v2.client [-] REQ: curl -g -i -X GET http://172.30.9.37:8774/v2.1/os-keypairs -H "Accept: application/json" -H "User-Agent: python-novaclient" -H "X-Auth-Token: {SHA1}bb1a0041df4542963031664c67ba6f19038d7470" _http_log_request /usr/lib/python2.7/site-packages/keystoneauth1/session.py:448
2019-07-28 18:56:43.212 1842 DEBUG novaclient.v2.client [-] RESP: [200] Content-Length: 16 Content-Type: application/json Date: Sun, 28 Jul 2019 18:56:42 GMT OpenStack-API-Version: compute 2.1 Server: Apache Vary: OpenStack-API-Version,X-OpenStack-Nova-API-Version X-OpenStack-Nova-API-Version: 2.1 x-compute-request-id: req-7fec13e3-9365-4690-aa16-8781533d4894 x-openstack-request-id: req-7fec13e3-9365-4690-aa16-8781533d4894 _http_log_response /usr/lib/python2.7/site-packages/keystoneauth1/session.py:479
2019-07-28 18:56:43.213 1842 DEBUG novaclient.v2.client [-] RESP BODY: {"keypairs": []} _http_log_response /usr/lib/python2.7/site-packages/keystoneauth1/session.py:511
2019-07-28 18:56:43.213 1842 DEBUG novaclient.v2.client [-] GET call to compute for http://172.30.9.37:8774/v2.1/os-keypairs used request id req-7fec13e3-9365-4690-aa16-8781533d4894 request /usr/lib/python2.7/site-packages/keystoneauth1/session.py:844
2019-07-28 18:56:43.221 1842 RALLYDEBUG rally_openstack.cleanup.manager [-] Cleaning up cinder backups objects
2019-07-28 18:56:45.574 1842 RALLYDEBUG rally_openstack.cleanup.manager [-] Cleaning up cinder volume_snapshots objects
2019-07-28 18:56:47.775 1842 RALLYDEBUG rally_openstack.cleanup.manager [-] Cleaning up cinder transfers objects
2019-07-28 18:56:49.974 1842 RALLYDEBUG rally_openstack.cleanup.manager [-] Cleaning up cinder volumes objects
2019-07-28 18:56:52.262 1842 INFO rally.task.context [-] Task 4b616866-9db1-44a8-8625-c2456282d649 | Context cleanup@openstack cleanup() finished in 17.98 sec
2019-07-28 18:56:52.262 1842 INFO rally.task.context [-] Task 4b616866-9db1-44a8-8625-c2456282d649 | Context quotas@openstack cleanup() started
2019-07-28 18:56:53.155 1842 INFO rally.task.context [-] Task 4b616866-9db1-44a8-8625-c2456282d649 | Context quotas@openstack cleanup() finished in 0.89 sec
2019-07-28 18:56:53.156 1842 INFO rally.task.context [-] Task 4b616866-9db1-44a8-8625-c2456282d649 | Context api_versions@openstack cleanup() started
2019-07-28 18:56:53.156 1842 INFO rally.task.context [-] Task 4b616866-9db1-44a8-8625-c2456282d649 | Context api_versions@openstack cleanup() finished in 0.29 msec
2019-07-28 18:56:53.156 1842 INFO rally.task.context [-] Task 4b616866-9db1-44a8-8625-c2456282d649 | Context users@openstack cleanup() started
2019-07-28 18:57:00.895 1842 INFO rally.task.context [-] Task 4b616866-9db1-44a8-8625-c2456282d649 | Context users@openstack cleanup() finished in 7.74 sec
2019-07-28 18:57:02.103 1842 INFO rally.task.engine [-] Load duration is: 116.704748
2019-07-28 18:57:02.103 1842 INFO rally.task.engine [-] Full runner duration is: 117.74867
2019-07-28 18:57:02.104 1842 INFO rally.task.engine [-] Full duration is: 153.403921
2019-07-28 18:57:02.368 1842 INFO rally.task.engine [-] Running workload: position = 0 config = { "version": 2, "title": "A cropped version of a bigger task.", "description": "Auto-generated task from a single workload (uuid=0f63357f-7c2e-4bc6-bb1c-fee27dd76335)", "subtasks": [ { "title": "CinderVolumes.create_volume", "description": "Create a volume.", "scenario": { "CinderVolumes.create_volume": { "size": 1 } }, "contexts": { "users": { "tenants": 3, "users_per_tenant": 2 }, "api_versions": { "cinder": { "version": 3, "service_type": "volumev3" } } }, "runner": { "constant": { "concurrency": 4, "times": 10 } }, "hooks": [], "sla": { "failure_rate": { "max": 0 } } } ] }
2019-07-28 18:57:02.394 1842 RALLYDEBUG rally_openstack.contexts.keystone.users [-] Creating 3 tenants using 20 threads
2019-07-28 18:57:04.247 1842 RALLYDEBUG rally_openstack.contexts.keystone.users [-] Creating 6 users using 20 threads
2019-07-28 18:57:07.012 1842 INFO rally.task.context [-] Task 4b616866-9db1-44a8-8625-c2456282d649 | Context users@openstack setup() finished in 4.62 sec
2019-07-28 18:57:07.450 1842 INFO rally.task.context [-] Task 4b616866-9db1-44a8-8625-c2456282d649 | Context api_versions@openstack setup() finished in 0.44 sec
2019-07-28 18:57:07.450 1842 INFO rally.task.context [-] Task 4b616866-9db1-44a8-8625-c2456282d649 | Context cleanup@openstack setup() finished in 0.01 msec
2019-07-28 18:57:07.458 1842 RALLYDEBUG rally.task.runner [-] Starting the constant runner (task UUID: 4b616866-9db1-44a8-8625-c2456282d649). timeout: 0 concurrency: 4 concurrency_per_worker: 1 times: 10 concurrency_overhead: 0 processes_to_start: 4 max_cpu_used: 16
2019-07-28 18:57:07.468 3474 RALLYDEBUG rally.task.runner [-] Starting a worker. concurrency: 1 args: {"size": 1} times: 10 method_name: run timeout: 0 duration: None cls:
2019-07-28 18:57:07.469 3475 RALLYDEBUG rally.task.runner [-] Starting a worker. concurrency: 1 args: {"size": 1} times: 10 method_name: run timeout: 0 duration: None cls:
2019-07-28 18:57:07.473 3475 INFO rally.task.runner [-] Task 4b616866-9db1-44a8-8625-c2456282d649 | ITER: 2 START
2019-07-28 18:57:07.474 3474 INFO rally.task.runner [-] Task 4b616866-9db1-44a8-8625-c2456282d649 | ITER: 1 START
2019-07-28 18:57:07.475 3476 RALLYDEBUG rally.task.runner [-] Starting a worker. concurrency: 1 args: {"size": 1} times: 10 method_name: run timeout: 0 duration: None cls:
2019-07-28 18:57:07.475 3478 RALLYDEBUG rally.task.runner [-] Starting a worker. concurrency: 1 args: {"size": 1} times: 10 method_name: run timeout: 0 duration: None cls:
2019-07-28 18:57:07.478 3478 INFO rally.task.runner [-] Task 4b616866-9db1-44a8-8625-c2456282d649 | ITER: 3 START
2019-07-28 18:57:07.481 3476 INFO rally.task.runner [-] Task 4b616866-9db1-44a8-8625-c2456282d649 | ITER: 4 START
2019-07-28 18:57:11.183 3474 INFO rally.task.runner [-] Task 4b616866-9db1-44a8-8625-c2456282d649 | ITER: 1 END: OK
2019-07-28 18:57:11.186 3475 INFO rally.task.runner [-] Task 4b616866-9db1-44a8-8625-c2456282d649 | ITER: 2 END: OK
2019-07-28 18:57:11.188 3474 INFO rally.task.runner [-] Task 4b616866-9db1-44a8-8625-c2456282d649 | ITER: 5 START
2019-07-28 18:57:11.191 3475 INFO rally.task.runner [-] Task 4b616866-9db1-44a8-8625-c2456282d649 | ITER: 6 START
2019-07-28 18:57:11.238 3478 INFO rally.task.runner [-] Task 4b616866-9db1-44a8-8625-c2456282d649 | ITER: 3 END: OK
2019-07-28 18:57:11.239 3476 INFO rally.task.runner [-] Task 4b616866-9db1-44a8-8625-c2456282d649 | ITER: 4 END: OK
2019-07-28 18:57:11.242 3478 INFO rally.task.runner [-] Task 4b616866-9db1-44a8-8625-c2456282d649 | ITER: 7 START
2019-07-28 18:57:11.245 3476 INFO rally.task.runner [-] Task 4b616866-9db1-44a8-8625-c2456282d649 | ITER: 8 START
2019-07-28 18:57:15.087 3475 INFO rally.task.runner [-] Task 4b616866-9db1-44a8-8625-c2456282d649 | ITER: 6 END: OK
2019-07-28 18:57:15.092 3475 INFO rally.task.runner [-] Task 4b616866-9db1-44a8-8625-c2456282d649 | ITER: 9 START
2019-07-28 18:57:15.095 3474 INFO rally.task.runner [-] Task 4b616866-9db1-44a8-8625-c2456282d649 | ITER: 5 END: OK
2019-07-28 18:57:15.101 3474 INFO rally.task.runner [-] Task 4b616866-9db1-44a8-8625-c2456282d649 | ITER: 10 START
2019-07-28 18:57:15.212 3478 INFO rally.task.runner [-] Task 4b616866-9db1-44a8-8625-c2456282d649 | ITER: 7 END: OK
2019-07-28 18:57:15.240 3476 INFO rally.task.runner [-] Task 4b616866-9db1-44a8-8625-c2456282d649 | ITER: 8 END: OK
2019-07-28 18:57:18.697 3475 INFO rally.task.runner [-] Task 4b616866-9db1-44a8-8625-c2456282d649 | ITER: 9 END: OK
2019-07-28 18:57:18.710 3474 INFO rally.task.runner [-] Task 4b616866-9db1-44a8-8625-c2456282d649 | ITER: 10 END: OK
2019-07-28 18:57:18.732 1842 INFO rally.task.context [-] Task 4b616866-9db1-44a8-8625-c2456282d649 | Context cleanup@openstack cleanup() started
2019-07-28 18:57:18.734 1842 RALLYDEBUG rally_openstack.cleanup.manager [-] Cleaning up cinder backups objects
2019-07-28 18:57:20.901 1842 RALLYDEBUG rally_openstack.cleanup.manager [-] Cleaning up cinder volume_snapshots objects
2019-07-28 18:57:23.082 1842 RALLYDEBUG rally_openstack.cleanup.manager [-] Cleaning up cinder transfers objects
2019-07-28 18:57:25.273 1842 RALLYDEBUG rally_openstack.cleanup.manager [-] Cleaning up cinder volumes objects
2019-07-28 18:57:27.495 1842 RALLYDEBUG rally_openstack.cleanup.manager [-] Deleting cinder.volumes object s_rally_0f63357f_5L2tRMne (323964c6-ed96-4ebe-a03e-2ad2957b5584)
2019-07-28 18:57:27.501 1842 RALLYDEBUG rally_openstack.cleanup.manager [-] Deleting cinder.volumes object s_rally_0f63357f_bz8YBagg (436d0fe1-4814-4a1f-84f8-3ce75e12bc65)
2019-07-28 18:57:27.504 1842 RALLYDEBUG rally_openstack.cleanup.manager [-] Deleting cinder.volumes object s_rally_0f63357f_0CbUZGmj (269e1531-238f-4b9e-9872-afda623ec5b2)
2019-07-28 18:57:27.506 1842 RALLYDEBUG rally_openstack.cleanup.manager [-] Deleting cinder.volumes object s_rally_0f63357f_Kw5hlkvt (b47b6ceb-bb80-43ce-9226-fc9db7470c3e)
2019-07-28 18:57:27.510 1842 RALLYDEBUG rally_openstack.cleanup.manager [-] Deleting cinder.volumes object s_rally_0f63357f_dq0znl0E (03e5ae24-4990-48e9-bd4b-a8584f05501a)
2019-07-28 18:57:27.511 1842 RALLYDEBUG rally_openstack.cleanup.manager [-] Deleting cinder.volumes object s_rally_0f63357f_qLfzCFLS (1db38aab-d6b5-429e-a467-bc1a59b269b6)
2019-07-28 18:57:27.513 1842 RALLYDEBUG rally_openstack.cleanup.manager [-] Deleting cinder.volumes object s_rally_0f63357f_nShd4XfD (f8238b85-d4a7-4801-a949-ac822c505031)
2019-07-28 18:57:27.513 1842 RALLYDEBUG rally_openstack.cleanup.manager [-] Deleting cinder.volumes object s_rally_0f63357f_5aPv8nY9 (0ff090e0-e8e4-4d74-af13-f1d772a97d6f)
2019-07-28 18:57:27.524 1842 RALLYDEBUG rally_openstack.cleanup.manager [-] Deleting cinder.volumes object s_rally_0f63357f_ucGrXiBE (3e631b57-9955-4438-81d6-c0bd6aa59f2f)
2019-07-28 18:57:27.524 1842 RALLYDEBUG rally_openstack.cleanup.manager [-] Deleting cinder.volumes object s_rally_0f63357f_4exPSU2v (4d5af371-eebc-4634-919b-017ad6d46934)
2019-07-28 18:57:31.432 1842 INFO rally.task.context [-] Task 4b616866-9db1-44a8-8625-c2456282d649 | Context cleanup@openstack cleanup() finished in 12.70 sec
2019-07-28 18:57:31.432 1842 INFO rally.task.context [-] Task 4b616866-9db1-44a8-8625-c2456282d649 | Context api_versions@openstack cleanup() started
2019-07-28 18:57:31.432 1842 INFO rally.task.context [-] Task 4b616866-9db1-44a8-8625-c2456282d649 | Context api_versions@openstack cleanup() finished in 0.32 msec
2019-07-28 18:57:31.433 1842 INFO rally.task.context [-] Task 4b616866-9db1-44a8-8625-c2456282d649 | Context users@openstack cleanup() started
2019-07-28 18:57:39.606 1842 INFO rally.task.context [-] Task 4b616866-9db1-44a8-8625-c2456282d649 | Context users@openstack cleanup() finished in 8.17 sec
2019-07-28 18:57:40.557 1842 INFO rally.task.engine [-] Load duration is: 11.232511
2019-07-28 18:57:40.558 1842 INFO rally.task.engine [-] Full runner duration is: 11.274924
2019-07-28 18:57:40.558 1842 INFO rally.task.engine [-] Full duration is: 37.217264
2019-07-28 18:57:40.691 1842 INFO rally.task.engine [-] Running workload: position = 1 config = { "version": 2, "title": "A cropped version of a bigger task.", "description": "Auto-generated task from a single workload (uuid=be62a994-03e1-401a-b55f-0590eb5975f7)", "subtasks": [ { "title": "CinderVolumes.create_volume", "description": "Create a volume.", "scenario": { "CinderVolumes.create_volume": { "size": { "min": 1, "max": 1 } } }, "contexts": { "users": { "tenants": 3, "users_per_tenant": 2 }, "quotas": { "cinder": { "gigabytes": -1, "snapshots": -1, "volumes": -1 } }, "api_versions": { "cinder": { "version": 3, "service_type": "volumev3" } } }, "runner": { "constant": { "concurrency": 4, "times": 10 } }, "hooks": [], "sla": { "failure_rate": { "max": 0 } } } ] }
2019-07-28 18:57:40.714 1842 RALLYDEBUG rally_openstack.contexts.keystone.users [-] Creating 3 tenants using 20 threads
2019-07-28 18:57:42.715 1842 RALLYDEBUG rally_openstack.contexts.keystone.users [-] Creating 6 users using 20 threads
2019-07-28 18:57:45.342 1842 INFO rally.task.context [-] Task 4b616866-9db1-44a8-8625-c2456282d649 | Context users@openstack setup() finished in 4.63 sec
2019-07-28 18:57:45.763 1842 INFO rally.task.context [-] Task 4b616866-9db1-44a8-8625-c2456282d649 | Context api_versions@openstack setup() finished in 0.42 sec
2019-07-28 18:57:47.390 1842 INFO rally.task.context [-] Task 4b616866-9db1-44a8-8625-c2456282d649 | Context quotas@openstack setup() finished in 1.63 sec
2019-07-28 18:57:47.390 1842 INFO rally.task.context [-] Task 4b616866-9db1-44a8-8625-c2456282d649 | Context cleanup@openstack setup() finished in 0.01 msec
2019-07-28 18:57:47.398 1842 RALLYDEBUG rally.task.runner [-] Starting the constant runner (task UUID: 4b616866-9db1-44a8-8625-c2456282d649). timeout: 0 concurrency: 4 concurrency_per_worker: 1 times: 10 concurrency_overhead: 0 processes_to_start: 4 max_cpu_used: 16
2019-07-28 18:57:47.410 3658 RALLYDEBUG rally.task.runner [-] Starting a worker. concurrency: 1 args: {"size": {"min": 1, "max": 1}} times: 10 method_name: run timeout: 0 duration: None cls:
2019-07-28 18:57:47.414 3659 RALLYDEBUG rally.task.runner [-] Starting a worker. concurrency: 1 args: {"size": {"min": 1, "max": 1}} times: 10 method_name: run timeout: 0 duration: None cls:
2019-07-28 18:57:47.416 3658 INFO rally.task.runner [-] Task 4b616866-9db1-44a8-8625-c2456282d649 | ITER: 1 START
2019-07-28 18:57:47.417 3661 RALLYDEBUG rally.task.runner [-] Starting a worker. concurrency: 1 args: {"size": {"min": 1, "max": 1}} times: 10 method_name: run timeout: 0 duration: None cls:
2019-07-28 18:57:47.416 3660 RALLYDEBUG rally.task.runner [-] Starting a worker. concurrency: 1 args: {"size": {"min": 1, "max": 1}} times: 10 method_name: run timeout: 0 duration: None cls:
2019-07-28 18:57:47.422 3661 INFO rally.task.runner [-] Task 4b616866-9db1-44a8-8625-c2456282d649 | ITER: 3 START
2019-07-28 18:57:47.423 3659 INFO rally.task.runner [-] Task 4b616866-9db1-44a8-8625-c2456282d649 | ITER: 2 START
2019-07-28 18:57:47.423 3660 INFO rally.task.runner [-] Task 4b616866-9db1-44a8-8625-c2456282d649 | ITER: 4 START
2019-07-28 18:57:51.187 3661 INFO rally.task.runner [-] Task 4b616866-9db1-44a8-8625-c2456282d649 | ITER: 3 END: OK
2019-07-28 18:57:51.193 3661 INFO rally.task.runner [-] Task 4b616866-9db1-44a8-8625-c2456282d649 | ITER: 5 START
2019-07-28 18:57:51.204 3659 INFO rally.task.runner [-] Task 4b616866-9db1-44a8-8625-c2456282d649 | ITER: 2 END: OK
2019-07-28 18:57:51.209 3659 INFO rally.task.runner [-] Task 4b616866-9db1-44a8-8625-c2456282d649 | ITER: 6 START
2019-07-28 18:57:51.212 3658 INFO rally.task.runner [-] Task 4b616866-9db1-44a8-8625-c2456282d649 | ITER: 1 END: OK
2019-07-28 18:57:51.218 3658 INFO rally.task.runner [-] Task 4b616866-9db1-44a8-8625-c2456282d649 | ITER: 7 START
2019-07-28 18:57:51.289 3660 INFO rally.task.runner [-] Task 4b616866-9db1-44a8-8625-c2456282d649 | ITER: 4 END: OK
2019-07-28 18:57:51.295 3660 INFO rally.task.runner [-] Task 4b616866-9db1-44a8-8625-c2456282d649 | ITER: 8 START
2019-07-28 18:57:54.533 3661 INFO rally.task.runner [-] Task 4b616866-9db1-44a8-8625-c2456282d649 | ITER: 5 END: OK
2019-07-28 18:57:54.538 3661 INFO rally.task.runner [-] Task 4b616866-9db1-44a8-8625-c2456282d649 | ITER: 9 START
2019-07-28 18:57:54.754 3658 INFO rally.task.runner [-] Task 4b616866-9db1-44a8-8625-c2456282d649 | ITER: 7 END: OK
2019-07-28 18:57:54.759 3658 INFO rally.task.runner [-] Task 4b616866-9db1-44a8-8625-c2456282d649 | ITER: 10 START
2019-07-28 18:57:54.888 3659 INFO rally.task.runner [-] Task 4b616866-9db1-44a8-8625-c2456282d649 | ITER: 6 END: OK
2019-07-28 18:57:55.016 3660 INFO rally.task.runner [-] Task 4b616866-9db1-44a8-8625-c2456282d649 | ITER: 8 END: OK
2019-07-28 18:57:58.197 3661 INFO rally.task.runner [-] Task 4b616866-9db1-44a8-8625-c2456282d649 | ITER: 9 END: OK
2019-07-28 18:57:58.346 3658 INFO rally.task.runner [-] Task 4b616866-9db1-44a8-8625-c2456282d649 | ITER: 10 END: OK
2019-07-28 18:57:58.376 1842 INFO rally.task.context [-] Task 4b616866-9db1-44a8-8625-c2456282d649 | Context cleanup@openstack cleanup() started
2019-07-28 18:57:58.378 1842 RALLYDEBUG rally_openstack.cleanup.manager [-] Cleaning up cinder backups objects
2019-07-28 18:58:00.700 1842 RALLYDEBUG rally_openstack.cleanup.manager [-] Cleaning up cinder volume_snapshots objects
2019-07-28 18:58:02.894 1842 RALLYDEBUG rally_openstack.cleanup.manager [-] Cleaning up cinder transfers objects
2019-07-28 18:58:05.010 1842 RALLYDEBUG rally_openstack.cleanup.manager [-] Cleaning up cinder volumes objects
2019-07-28 18:58:07.340 1842 RALLYDEBUG rally_openstack.cleanup.manager [-] Deleting cinder.volumes object s_rally_be62a994_rM88Bkjf (520bd9d3-36b7-48e3-992c-3cd718b69f5e)
2019-07-28 18:58:07.341 1842 RALLYDEBUG rally_openstack.cleanup.manager [-] Deleting cinder.volumes object s_rally_be62a994_EmmSadS4 (8df431c3-bc03-4404-8a24-028f6e63f86a)
2019-07-28 18:58:07.341 1842 RALLYDEBUG rally_openstack.cleanup.manager [-] Deleting cinder.volumes object s_rally_be62a994_1ZYSR22g (b490baf0-e115-4c2b-8953-7374883f2406)
2019-07-28 18:58:07.342 1842 RALLYDEBUG rally_openstack.cleanup.manager [-] Deleting cinder.volumes object s_rally_be62a994_fc0XhHJh (c21f7328-1be5-4f87-bc1c-3e55ae2c5981)
2019-07-28 18:58:07.344 1842 RALLYDEBUG rally_openstack.cleanup.manager [-] Deleting cinder.volumes object s_rally_be62a994_JNwkj9wZ (279dfc2c-cb32-4722-8ae0-2c751ccaa02f)
2019-07-28 18:58:07.344 1842 RALLYDEBUG rally_openstack.cleanup.manager [-] Deleting cinder.volumes object s_rally_be62a994_XKkFPjUY (b87a019c-6bcb-4b8d-84ae-370d833e37b4)
2019-07-28 18:58:07.345 1842 RALLYDEBUG rally_openstack.cleanup.manager [-] Deleting cinder.volumes object s_rally_be62a994_J4xbVJPZ (1d76b99f-de50-433c-aacb-11cec20ab2f2)
2019-07-28 18:58:07.350 1842 RALLYDEBUG rally_openstack.cleanup.manager [-] Deleting cinder.volumes object s_rally_be62a994_s4YoEAXb (7226d972-3ba5-4d51-a64f-b7b26399ba67)
2019-07-28 18:58:07.355 1842 RALLYDEBUG rally_openstack.cleanup.manager [-] Deleting cinder.volumes object s_rally_be62a994_txy09LB7 (1d4e403a-5116-4873-b396-e15429f5cc96)
2019-07-28 18:58:07.358 1842 RALLYDEBUG rally_openstack.cleanup.manager [-] Deleting cinder.volumes object s_rally_be62a994_RK6mSDlR (36004042-f04d-4014-b1ff-1c6d44a543f5)
2019-07-28 18:58:11.117 1842 INFO rally.task.context [-] Task 4b616866-9db1-44a8-8625-c2456282d649 | Context cleanup@openstack cleanup() finished in 12.74 sec
2019-07-28 18:58:11.118 1842 INFO rally.task.context [-] Task 4b616866-9db1-44a8-8625-c2456282d649 | Context quotas@openstack cleanup() started
2019-07-28 18:58:11.933 1842 INFO rally.task.context [-] Task 4b616866-9db1-44a8-8625-c2456282d649 | Context quotas@openstack cleanup() finished in 0.82 sec
2019-07-28 18:58:11.934 1842 INFO rally.task.context [-] Task 4b616866-9db1-44a8-8625-c2456282d649 | Context api_versions@openstack cleanup() started
2019-07-28 18:58:11.934 1842 INFO rally.task.context [-] Task 4b616866-9db1-44a8-8625-c2456282d649 | Context api_versions@openstack cleanup() finished in 0.34 msec
2019-07-28 18:58:11.935 1842 INFO rally.task.context [-] Task 4b616866-9db1-44a8-8625-c2456282d649 | Context users@openstack cleanup() started
2019-07-28 18:58:19.989 1842 INFO rally.task.context [-] Task 4b616866-9db1-44a8-8625-c2456282d649 | Context users@openstack cleanup() finished in 8.05 sec
2019-07-28 18:58:20.917 1842 INFO rally.task.engine [-] Load duration is: 10.925974
2019-07-28 18:58:20.917 1842 INFO rally.task.engine [-] Full runner duration is: 10.978285
2019-07-28 18:58:20.918 1842 INFO rally.task.engine [-] Full duration is: 39.278297
2019-07-28 18:58:21.150 1842 INFO rally.task.engine [-] Running workload: position = 0 config = { "version": 2, "title": "A cropped version of a bigger task.", "description": "Auto-generated task from a single workload (uuid=04b2fd2f-31a4-4813-a56d-8096a7eda9d3)", "subtasks": [ { "title": "CinderVolumes.list_volumes", "description": "List all volumes.", "scenario": { "CinderVolumes.list_volumes": { "detailed": true } }, "contexts": { "users": { "tenants": 3, "users_per_tenant": 2 }, "quotas": { "cinder": { "gigabytes": -1, "snapshots": -1, "volumes": -1 } }, "api_versions": { "cinder": { "version": 3, "service_type": "volumev3" } }, "volumes": { "size": 1, "volumes_per_tenant": 4 } }, "runner": { "constant": { "concurrency": 4, "times": 10 } }, "hooks": [], "sla": { "failure_rate": { "max": 0 } } } ] }
2019-07-28 18:58:21.174 1842 RALLYDEBUG rally_openstack.contexts.keystone.users [-] Creating 3 tenants using 20 threads
2019-07-28 18:58:22.971 1842 RALLYDEBUG rally_openstack.contexts.keystone.users [-] Creating 6 users using 20 threads
2019-07-28 18:58:25.828 1842 INFO rally.task.context [-] Task 4b616866-9db1-44a8-8625-c2456282d649 | Context users@openstack setup() finished in 4.65 sec
2019-07-28 18:58:26.258 1842 INFO rally.task.context [-] Task 4b616866-9db1-44a8-8625-c2456282d649 | Context api_versions@openstack setup() finished in 0.43 sec
2019-07-28 18:58:27.897 1842 INFO rally.task.context [-] Task 4b616866-9db1-44a8-8625-c2456282d649 | Context quotas@openstack setup() finished in 1.64 sec
2019-07-28 18:59:06.824 1842 INFO rally.task.context [-] Task 4b616866-9db1-44a8-8625-c2456282d649 | Context volumes@openstack setup() finished in 38.93 sec
2019-07-28 18:59:06.833 1842 RALLYDEBUG rally.task.runner [-] Starting the constant runner (task UUID: 4b616866-9db1-44a8-8625-c2456282d649). timeout: 0 concurrency: 4 concurrency_per_worker: 1 times: 10 concurrency_overhead: 0 processes_to_start: 4 max_cpu_used: 16
2019-07-28 18:59:06.845 3842 RALLYDEBUG rally.task.runner [-] Starting a worker. concurrency: 1 args: {"detailed": true} times: 10 method_name: run timeout: 0 duration: None cls:
2019-07-28 18:59:06.849 3843 RALLYDEBUG rally.task.runner [-] Starting a worker. concurrency: 1 args: {"detailed": true} times: 10 method_name: run timeout: 0 duration: None cls:
2019-07-28 18:59:06.850 3844 RALLYDEBUG rally.task.runner [-] Starting a worker. concurrency: 1 args: {"detailed": true} times: 10 method_name: run timeout: 0 duration: None cls:
2019-07-28 18:59:06.853 3842 INFO rally.task.runner [-] Task 4b616866-9db1-44a8-8625-c2456282d649 | ITER: 1 START
2019-07-28 18:59:06.853 3845 RALLYDEBUG rally.task.runner [-] Starting a worker. concurrency: 1 args: {"detailed": true} times: 10 method_name: run timeout: 0 duration: None cls:
2019-07-28 18:59:06.857 3843 INFO rally.task.runner [-] Task 4b616866-9db1-44a8-8625-c2456282d649 | ITER: 2 START
2019-07-28 18:59:06.857 3844 INFO rally.task.runner [-] Task 4b616866-9db1-44a8-8625-c2456282d649 | ITER: 3 START
2019-07-28 18:59:06.859 3845 INFO rally.task.runner [-] Task 4b616866-9db1-44a8-8625-c2456282d649 | ITER: 4 START
2019-07-28 18:59:07.562 3843 INFO rally.task.runner [-] Task 4b616866-9db1-44a8-8625-c2456282d649 | ITER: 2 END: OK
2019-07-28 18:59:07.568 3843 INFO rally.task.runner [-] Task 4b616866-9db1-44a8-8625-c2456282d649 | ITER: 5 START
2019-07-28 18:59:07.573 3842 INFO rally.task.runner [-] Task 4b616866-9db1-44a8-8625-c2456282d649 | ITER: 1 END: OK
2019-07-28 18:59:07.579 3842 INFO rally.task.runner [-] Task 4b616866-9db1-44a8-8625-c2456282d649 | ITER: 6 START
2019-07-28 18:59:07.660 3844 INFO rally.task.runner [-] Task 4b616866-9db1-44a8-8625-c2456282d649 | ITER: 3 END: OK
2019-07-28 18:59:07.665 3844 INFO rally.task.runner [-] Task 4b616866-9db1-44a8-8625-c2456282d649 | ITER: 7 START
2019-07-28 18:59:07.667 3845 INFO rally.task.runner [-] Task 4b616866-9db1-44a8-8625-c2456282d649 | ITER: 4 END: OK
2019-07-28 18:59:07.672 3845 INFO rally.task.runner [-] Task 4b616866-9db1-44a8-8625-c2456282d649 | ITER: 8 START
2019-07-28 18:59:08.361 3843 INFO rally.task.runner [-] Task 4b616866-9db1-44a8-8625-c2456282d649 | ITER: 5 END: OK
2019-07-28 18:59:08.365 3843 INFO rally.task.runner [-] Task 4b616866-9db1-44a8-8625-c2456282d649 | ITER: 9 START
2019-07-28 18:59:08.378 3842 INFO rally.task.runner [-] Task 4b616866-9db1-44a8-8625-c2456282d649 | ITER: 6 END: OK
2019-07-28 18:59:08.383 3842 INFO rally.task.runner [-] Task 4b616866-9db1-44a8-8625-c2456282d649 | ITER: 10 START
2019-07-28 18:59:08.448 3844 INFO rally.task.runner [-] Task 4b616866-9db1-44a8-8625-c2456282d649 | ITER: 7 END: OK
2019-07-28 18:59:08.471 3845 INFO rally.task.runner [-] Task 4b616866-9db1-44a8-8625-c2456282d649 | ITER: 8 END: OK
2019-07-28 18:59:09.080 3842 INFO rally.task.runner [-] Task 4b616866-9db1-44a8-8625-c2456282d649 | ITER: 10 END: OK
2019-07-28 18:59:09.162 3843 INFO rally.task.runner [-] Task 4b616866-9db1-44a8-8625-c2456282d649 | ITER: 9 END: OK
2019-07-28 18:59:09.182 1842 INFO rally.task.context [-] Task 4b616866-9db1-44a8-8625-c2456282d649 | Context volumes@openstack cleanup() started
2019-07-28 18:59:09.183 1842 RALLYDEBUG rally_openstack.cleanup.manager [-] Cleaning up cinder volumes objects
2019-07-28 18:59:11.609 1842 RALLYDEBUG rally_openstack.cleanup.manager [-] Deleting cinder.volumes object c_rally_04b2fd2f_iEoLvQN3 (58c2be60-13b0-440a-a108-8e12dc1c1c2d)
2019-07-28 18:59:11.615 1842 RALLYDEBUG rally_openstack.cleanup.manager [-] Deleting cinder.volumes object c_rally_04b2fd2f_AyIS1znx (def89d1b-02d0-4eb1-bf05-4555789031eb)
2019-07-28 18:59:11.615 1842 RALLYDEBUG rally_openstack.cleanup.manager [-] Deleting cinder.volumes object c_rally_04b2fd2f_MIZr3XRD (e5329c65-1474-4dd4-a70b-bb5ca0a480cb)
2019-07-28 18:59:11.616 1842 RALLYDEBUG rally_openstack.cleanup.manager [-] Deleting cinder.volumes object c_rally_04b2fd2f_GCyNeHea (2d8b5506-1039-42c6-b4d2-bb628d909bec)
2019-07-28 18:59:11.617 1842 RALLYDEBUG rally_openstack.cleanup.manager [-] Deleting cinder.volumes object c_rally_04b2fd2f_ze3YExwA (581f774a-a713-41fa-8fbf-277b761bd545)
2019-07-28 18:59:11.627 1842 RALLYDEBUG rally_openstack.cleanup.manager [-] Deleting cinder.volumes object c_rally_04b2fd2f_MAp6FLru (cc287b6b-1528-4e4e-a060-1cbaaf4769d1)
2019-07-28 18:59:11.628 1842 RALLYDEBUG rally_openstack.cleanup.manager [-] Deleting cinder.volumes object c_rally_04b2fd2f_AD6JQHIC (91344e6d-188e-44b8-a702-9c43ca2673e0)
2019-07-28 18:59:11.640 1842 RALLYDEBUG rally_openstack.cleanup.manager [-] Deleting cinder.volumes object c_rally_04b2fd2f_9VCDHmnB (8c3c49b4-28c0-429b-9b9f-92b7510e470c)
2019-07-28 18:59:11.651 1842 RALLYDEBUG rally_openstack.cleanup.manager [-] Deleting cinder.volumes object c_rally_04b2fd2f_L8Mm0VHv (2416bc95-d320-4d8c-b25e-d918e8dabe76)
2019-07-28 18:59:11.653 1842 RALLYDEBUG rally_openstack.cleanup.manager [-] Deleting cinder.volumes object c_rally_04b2fd2f_hKNlHlyh (c8be6979-f811-4eee-996f-4283fe75dba3)
2019-07-28 18:59:11.667 1842 RALLYDEBUG rally_openstack.cleanup.manager [-] Deleting cinder.volumes object c_rally_04b2fd2f_NRZBsuEc (44b3401b-b8cc-45d6-8973-c9f13b9af499)
2019-07-28 18:59:11.680 1842 RALLYDEBUG rally_openstack.cleanup.manager [-] Deleting cinder.volumes object c_rally_04b2fd2f_S7PGjWHZ (6b9b9cf3-c667-4b70-9320-5664b5c9567f)
2019-07-28 18:59:16.990 1842 INFO rally.task.context [-] Task 4b616866-9db1-44a8-8625-c2456282d649 | Context volumes@openstack cleanup() finished in 7.81 sec
2019-07-28 18:59:16.990 1842 INFO rally.task.context [-] Task 4b616866-9db1-44a8-8625-c2456282d649 | Context quotas@openstack cleanup() started
2019-07-28 18:59:17.473 1842 INFO rally.task.context [-] Task 4b616866-9db1-44a8-8625-c2456282d649 | Context quotas@openstack cleanup() finished in 0.48 sec
2019-07-28 18:59:17.473 1842 INFO rally.task.context [-] Task 4b616866-9db1-44a8-8625-c2456282d649 | Context api_versions@openstack cleanup() started
2019-07-28 18:59:17.473 1842 INFO rally.task.context [-] Task 4b616866-9db1-44a8-8625-c2456282d649 | Context api_versions@openstack cleanup() finished in 0.30 msec
2019-07-28 18:59:17.474 1842 INFO rally.task.context [-] Task 4b616866-9db1-44a8-8625-c2456282d649 | Context users@openstack cleanup() started
2019-07-28 18:59:25.660 1842 INFO rally.task.context [-] Task 4b616866-9db1-44a8-8625-c2456282d649 | Context users@openstack cleanup() finished in 8.19 sec
2019-07-28 18:59:27.449 1842 INFO rally.task.engine [-] Load duration is: 2.305671
2019-07-28 18:59:27.450 1842 INFO rally.task.engine [-] Full runner duration is: 2.350365
2019-07-28 18:59:27.450 1842 INFO rally.task.engine [-] Full duration is: 64.489471
2019-07-28 18:59:27.729 1842 INFO rally.task.engine [-] Running workload: position = 0 config = { "version": 2, "title": "A cropped version of a bigger task.", "description": "Auto-generated task from a single workload (uuid=b9e83704-0166-477f-a22c-f18898bc1670)", "subtasks": [ { "title": "CinderVolumes.create_and_delete_snapshot", "description": "Create and then delete a volume-snapshot.", "scenario": { "CinderVolumes.create_and_delete_snapshot": { "force": false } }, "contexts": { "users": { "tenants": 3, "users_per_tenant": 2 }, "quotas": { "cinder": { "gigabytes": -1, "snapshots": -1, "volumes": -1 } }, "api_versions": { "cinder": { "version": 3, "service_type": "volumev3" } }, "volumes": { "size": 1, "volumes_per_tenant": 1 } }, "runner": { "constant": { "concurrency": 4, "times": 10 } }, "hooks": [], "sla": { "failure_rate": { "max": 0 } } } ] }
2019-07-28 18:59:27.755 1842 RALLYDEBUG rally_openstack.contexts.keystone.users [-] Creating 3 tenants using 20 threads
2019-07-28 18:59:29.582 1842 RALLYDEBUG rally_openstack.contexts.keystone.users [-] Creating 6 users using 20 threads
2019-07-28 18:59:32.403 1842 INFO rally.task.context [-] Task 4b616866-9db1-44a8-8625-c2456282d649 | Context users@openstack setup() finished in 4.65 sec
2019-07-28 18:59:32.838 1842 INFO rally.task.context [-] Task 4b616866-9db1-44a8-8625-c2456282d649 | Context api_versions@openstack setup() finished in 0.43 sec
2019-07-28 18:59:34.588 1842 INFO rally.task.context [-] Task 4b616866-9db1-44a8-8625-c2456282d649 | Context quotas@openstack setup() finished in 1.75 sec
2019-07-28 18:59:45.696 1842 INFO rally.task.context [-] Task 4b616866-9db1-44a8-8625-c2456282d649 | Context volumes@openstack setup() finished in 11.11 sec
2019-07-28 18:59:45.697 1842 INFO rally.task.context [-] Task 4b616866-9db1-44a8-8625-c2456282d649 | Context cleanup@openstack setup() finished in 0.01 msec
2019-07-28 18:59:45.706 1842 RALLYDEBUG rally.task.runner [-] Starting the constant runner (task UUID: 4b616866-9db1-44a8-8625-c2456282d649). timeout: 0 concurrency: 4 concurrency_per_worker: 1 times: 10 concurrency_overhead: 0 processes_to_start: 4 max_cpu_used: 16
2019-07-28 18:59:45.719 3966 RALLYDEBUG rally.task.runner [-] Starting a worker. concurrency: 1 args: {"force": false} times: 10 method_name: run timeout: 0 duration: None cls:
2019-07-28 18:59:45.721 3967 RALLYDEBUG rally.task.runner [-] Starting a worker. concurrency: 1 args: {"force": false} times: 10 method_name: run timeout: 0 duration: None cls:
2019-07-28 18:59:45.724 3968 RALLYDEBUG rally.task.runner [-] Starting a worker. concurrency: 1 args: {"force": false} times: 10 method_name: run timeout: 0 duration: None cls:
2019-07-28 18:59:45.726 3969 RALLYDEBUG rally.task.runner [-] Starting a worker. concurrency: 1 args: {"force": false} times: 10 method_name: run timeout: 0 duration: None cls:
2019-07-28 18:59:45.727 3966 INFO rally.task.runner [-] Task 4b616866-9db1-44a8-8625-c2456282d649 | ITER: 1 START
2019-07-28 18:59:45.729 3967 INFO rally.task.runner [-] Task 4b616866-9db1-44a8-8625-c2456282d649 | ITER: 2 START
2019-07-28 18:59:45.732 3969 INFO rally.task.runner [-] Task 4b616866-9db1-44a8-8625-c2456282d649 | ITER: 4 START
2019-07-28 18:59:45.732 3968 INFO rally.task.runner [-] Task 4b616866-9db1-44a8-8625-c2456282d649 | ITER: 3 START
2019-07-28 18:59:49.840 3967 RALLYDEBUG rally.task.utils [-] Waiting for resource s_rally_b9e83704_rnZZbtWk. Status changed: AVAILABLE => DELETING in 0.212997913361
2019-07-28 18:59:49.882 3969 RALLYDEBUG rally.task.utils [-] Waiting for resource s_rally_b9e83704_xVi3vssT. Status changed: AVAILABLE => DELETING in 0.32656788826
2019-07-28 18:59:50.091 3966 RALLYDEBUG rally.task.utils [-] Waiting for resource s_rally_b9e83704_ddFQa5df. Status changed: AVAILABLE => DELETING in 0.333063840866
2019-07-28 18:59:50.108 3968 RALLYDEBUG rally.task.utils [-] Waiting for resource s_rally_b9e83704_3F6Qgb2Q. Status changed: AVAILABLE => DELETING in 0.325826883316
2019-07-28 18:59:51.909 3969 INFO rally.task.runner [-] Task 4b616866-9db1-44a8-8625-c2456282d649 | ITER: 4 END: OK
2019-07-28 18:59:51.915 3969 INFO rally.task.runner [-] Task 4b616866-9db1-44a8-8625-c2456282d649 | ITER: 5 START
2019-07-28 18:59:52.154 3967 INFO rally.task.runner [-] Task 4b616866-9db1-44a8-8625-c2456282d649 | ITER: 2 END: OK
2019-07-28 18:59:52.160 3967 INFO rally.task.runner [-] Task 4b616866-9db1-44a8-8625-c2456282d649 | ITER: 6 START
2019-07-28 18:59:52.303 3966 INFO rally.task.runner [-] Task 4b616866-9db1-44a8-8625-c2456282d649 | ITER: 1 END: OK
2019-07-28 18:59:52.308 3966 INFO rally.task.runner [-] Task 4b616866-9db1-44a8-8625-c2456282d649 | ITER: 7 START
2019-07-28 18:59:52.415 3968 INFO rally.task.runner [-] Task 4b616866-9db1-44a8-8625-c2456282d649 | ITER: 3 END: OK
2019-07-28 18:59:52.420 3968 INFO rally.task.runner [-] Task 4b616866-9db1-44a8-8625-c2456282d649 | ITER: 8 START
2019-07-28 18:59:55.968 3969 RALLYDEBUG rally.task.utils [-] Waiting for resource s_rally_b9e83704_0N5MRGio. Status changed: AVAILABLE => DELETING in 0.293288946152
2019-07-28 18:59:56.378 3967 RALLYDEBUG rally.task.utils [-] Waiting for resource s_rally_b9e83704_VdMDZBVK. Status changed: AVAILABLE => DELETING in 0.313694953918
2019-07-28 18:59:56.481 3968 RALLYDEBUG rally.task.utils [-] Waiting for resource s_rally_b9e83704_cHwYif6W. Status changed: AVAILABLE => DELETING in 0.316492080688
2019-07-28 18:59:56.488 3966 RALLYDEBUG rally.task.utils [-] Waiting for resource s_rally_b9e83704_19jLMsN6. Status changed: AVAILABLE => DELETING in 0.332549095154
2019-07-28 18:59:58.244 3969 INFO rally.task.runner [-] Task 4b616866-9db1-44a8-8625-c2456282d649 | ITER: 5 END: OK
2019-07-28 18:59:58.247 3969 INFO rally.task.runner [-] Task 4b616866-9db1-44a8-8625-c2456282d649 | ITER: 9 START
2019-07-28 18:59:58.598 3967 INFO rally.task.runner [-] Task 4b616866-9db1-44a8-8625-c2456282d649 | ITER: 6 END: OK
2019-07-28 18:59:58.603 3967 INFO rally.task.runner [-] Task 4b616866-9db1-44a8-8625-c2456282d649 | ITER: 10 START
2019-07-28 18:59:58.693 3966 INFO rally.task.runner [-] Task 4b616866-9db1-44a8-8625-c2456282d649 | ITER: 7 END: OK
2019-07-28 18:59:58.696 3968 INFO rally.task.runner [-] Task 4b616866-9db1-44a8-8625-c2456282d649 | ITER: 8 END: OK
2019-07-28 19:00:02.439 3969 RALLYDEBUG rally.task.utils [-] Waiting for resource s_rally_b9e83704_7dWWVzVw. Status changed: AVAILABLE => DELETING in 0.381834030151
2019-07-28 19:00:02.818 3967 RALLYDEBUG rally.task.utils [-] Waiting for resource s_rally_b9e83704_S0Rd6PDD. Status changed: AVAILABLE => DELETING in 0.323796987534
2019-07-28 19:00:04.760 3969 INFO rally.task.runner [-] Task 4b616866-9db1-44a8-8625-c2456282d649 | ITER: 9 END: OK
2019-07-28 19:00:05.150 3967 INFO rally.task.runner [-] Task 4b616866-9db1-44a8-8625-c2456282d649 | ITER: 10 END: OK
2019-07-28 19:00:05.179 1842 INFO rally.task.context [-] Task 4b616866-9db1-44a8-8625-c2456282d649 | Context cleanup@openstack cleanup() started
2019-07-28 19:00:05.182 1842 RALLYDEBUG rally_openstack.cleanup.manager [-] Cleaning up cinder backups objects
2019-07-28 19:00:07.382 1842 RALLYDEBUG rally_openstack.cleanup.manager [-] Cleaning up cinder volume_snapshots objects
2019-07-28 19:00:09.597 1842 RALLYDEBUG rally_openstack.cleanup.manager [-] Cleaning up cinder transfers objects
2019-07-28 19:00:11.732 1842 RALLYDEBUG rally_openstack.cleanup.manager [-] Cleaning up cinder volumes objects
2019-07-28 19:00:13.934 1842 INFO rally.task.context [-] Task 4b616866-9db1-44a8-8625-c2456282d649 | Context cleanup@openstack cleanup() finished in 8.75 sec
2019-07-28 19:00:13.935 1842 INFO rally.task.context [-] Task 4b616866-9db1-44a8-8625-c2456282d649 | Context volumes@openstack cleanup() started
2019-07-28 19:00:13.935 1842 RALLYDEBUG rally_openstack.cleanup.manager [-] Cleaning up cinder volumes objects
2019-07-28 19:00:16.367 1842 RALLYDEBUG rally_openstack.cleanup.manager [-] Deleting cinder.volumes object c_rally_b9e83704_uVZKK9y8 (35174fa3-1905-42bf-b8f3-a6eb703926c4)
2019-07-28 19:00:16.368 1842 RALLYDEBUG rally_openstack.cleanup.manager [-] Deleting cinder.volumes object c_rally_b9e83704_8W1wYy6o (ce3679fa-59b3-46b2-9aa4-c363f32d834b)
2019-07-28 19:00:16.377 1842 RALLYDEBUG rally_openstack.cleanup.manager [-] Deleting cinder.volumes object c_rally_b9e83704_b7laZJFR (b1c60bc1-b0f7-4c1e-9eb1-3f07ab85bb71)
