2019-07-28 09:26:53.511 22696 RALLYDEBUG rally.api [-] INFO logs from urllib3 and requests module are hide.
2019-07-28 09:26:53.511 22696 RALLYDEBUG rally.api [-] urllib3 insecure warnings are hidden.
2019-07-28 09:26:53.511 22696 RALLYDEBUG rally.api [-] ERROR log from boto module is hide.
2019-07-28 09:26:55.872 22698 RALLYDEBUG rally.api [-] INFO logs from urllib3 and requests module are hide.
2019-07-28 09:26:55.872 22698 RALLYDEBUG rally.api [-] urllib3 insecure warnings are hidden.
2019-07-28 09:26:55.872 22698 RALLYDEBUG rally.api [-] ERROR log from boto module is hide.
2019-07-28 09:26:57.191 22698 WARNING rally_openstack.platforms.existing [-] endpoint is deprecated and not used.
2019-07-28 09:26:58.166 22700 RALLYDEBUG rally.api [-] INFO logs from urllib3 and requests module are hide.
2019-07-28 09:26:58.166 22700 RALLYDEBUG rally.api [-] urllib3 insecure warnings are hidden.
2019-07-28 09:26:58.166 22700 RALLYDEBUG rally.api [-] ERROR log from boto module is hide.
2019-07-28 09:27:01.451 22703 RALLYDEBUG rally.api [-] INFO logs from urllib3 and requests module are hide.
2019-07-28 09:27:01.452 22703 RALLYDEBUG rally.api [-] urllib3 insecure warnings are hidden.
2019-07-28 09:27:01.452 22703 RALLYDEBUG rally.api [-] ERROR log from boto module is hide.
2019-07-28 09:27:03.538 22705 RALLYDEBUG rally.api [-] INFO logs from urllib3 and requests module are hide.
2019-07-28 09:27:03.538 22705 RALLYDEBUG rally.api [-] urllib3 insecure warnings are hidden.
2019-07-28 09:27:03.538 22705 RALLYDEBUG rally.api [-] ERROR log from boto module is hide.
2019-07-28 09:27:04.664 22705 INFO rally.common.plugin.discover [-] Loading plugins from directories /root/.rally/plugins/*
2019-07-28 09:27:04.665 22705 INFO rally.common.plugin.discover [-] Loaded module with plugins: /root/.rally/plugins/__init__.py
2019-07-28 09:27:04.667 22705 INFO rally.common.plugin.discover [-] Loaded module with plugins: /root/.rally/plugins/trunk_scenario.py
2019-07-28 09:27:04.923 22705 INFO rally.task.engine [-] Task 8def977a-7ff8-4799-bd01-7e71951a598e | Starting: Task validation.
2019-07-28 09:27:04.966 22705 INFO rally.task.engine [-] Task 8def977a-7ff8-4799-bd01-7e71951a598e | Starting: Task validation of syntax.
2019-07-28 09:27:05.181 22705 INFO rally.task.engine [-] Task 8def977a-7ff8-4799-bd01-7e71951a598e | Completed: Task validation of syntax.
2019-07-28 09:27:05.181 22705 INFO rally.task.engine [-] Task 8def977a-7ff8-4799-bd01-7e71951a598e | Starting: Task validation of required platforms.
2019-07-28 09:27:05.239 22705 INFO rally.task.engine [-] Task 8def977a-7ff8-4799-bd01-7e71951a598e | Completed: Task validation of required platforms.
2019-07-28 09:27:05.240 22705 INFO rally.task.engine [-] Task 8def977a-7ff8-4799-bd01-7e71951a598e | Starting: Task validation of semantic.
2019-07-28 09:27:05.240 22705 INFO rally.task.engine [-] Check health of the environment '72ced84d-5b9d-4a27-b0bc-62db6aa79f49'.
2019-07-28 09:27:06.033 22705 INFO rally.task.engine [-] Platform existing@openstack (available: True): OK!
2019-07-28 09:27:06.051 22705 RALLYDEBUG rally_openstack.contexts.keystone.users [-] Creating 1 tenants using 20 threads
2019-07-28 09:27:07.766 22705 RALLYDEBUG rally_openstack.contexts.keystone.users [-] Creating 1 users using 20 threads
2019-07-28 09:27:10.158 22705 INFO rally.task.context [-] Task 8def977a-7ff8-4799-bd01-7e71951a598e | Context users@openstack setup() finished in 4.11 sec
2019-07-28 09:27:16.261 22705 INFO rally.task.context [-] Task 8def977a-7ff8-4799-bd01-7e71951a598e | Context users@openstack cleanup() started
2019-07-28 09:27:20.771 22705 INFO rally.task.context [-] Task 8def977a-7ff8-4799-bd01-7e71951a598e | Context users@openstack cleanup() finished in 4.51 sec
2019-07-28 09:27:20.771 22705 INFO rally.task.engine [-] Task 8def977a-7ff8-4799-bd01-7e71951a598e | Completed: Task validation of semantic.
2019-07-28 09:27:20.771 22705 INFO rally.task.engine [-] Task 8def977a-7ff8-4799-bd01-7e71951a598e | Completed: Task validation.
2019-07-28 09:27:20.772 22705 INFO rally.api [-] Task 8def977a-7ff8-4799-bd01-7e71951a598e input file is valid.
2019-07-28 09:27:20.772 22705 INFO rally.api [-] Run Task 8def977a-7ff8-4799-bd01-7e71951a598e against Deployment 72ced84d-5b9d-4a27-b0bc-62db6aa79f49
2019-07-28 09:27:20.772 22705 INFO rally.task.engine [-] Task 8def977a-7ff8-4799-bd01-7e71951a598e | Starting: Running task.
2019-07-28 09:27:20.947 22705 INFO rally.task.engine [-] Running workload: position = 0 config = { "version": 2, "title": "A cropped version of a bigger task.", "description": "Auto-generated task from a single workload (uuid=88f82ac8-514a-47cc-9f47-c78f513400e9)", "subtasks": [ { "title": "NeutronNetworks.create_and_list_networks", "description": "Check performance of list_networks action and ensure > network quotas are not exceeded", "scenario": { "NeutronNetworks.create_and_list_networks": {} }, "contexts": { "users": { "tenants": 1, "users_per_tenant": 1 }, "quotas": { "neutron": { "network": 119 } } }, "runner": { "constant": { "times": 100, "concurrency": 20 } }, "hooks": [], "sla": { "max_avg_duration_per_atomic": { "neutron.list_networks": 15 }, "failure_rate": { "max": 0 } } } ] }
2019-07-28 09:27:20.970 22705 RALLYDEBUG rally_openstack.contexts.keystone.users [-] Creating 1 tenants using 20 threads
2019-07-28 09:27:22.645 22705 RALLYDEBUG rally_openstack.contexts.keystone.users [-] Creating 1 users using 20 threads
2019-07-28 09:27:25.325 22705 INFO rally.task.context [-] Task 8def977a-7ff8-4799-bd01-7e71951a598e | Context users@openstack setup() finished in 4.35 sec
2019-07-28 09:27:26.059 22705 INFO rally.task.context [-] Task 8def977a-7ff8-4799-bd01-7e71951a598e | Context quotas@openstack setup() finished in 0.73 sec
2019-07-28 09:27:26.059 22705 INFO rally.task.context [-] Task 8def977a-7ff8-4799-bd01-7e71951a598e | Context cleanup@openstack setup() finished in 0.01 msec
2019-07-28 09:27:26.066 22705 RALLYDEBUG rally.task.runner [-] Starting the constant runner (task UUID: 8def977a-7ff8-4799-bd01-7e71951a598e). timeout: 0 concurrency: 20 concurrency_per_worker: 1 times: 100 concurrency_overhead: 4 processes_to_start: 16 max_cpu_used: 16
2019-07-28 09:27:26.079 22829 RALLYDEBUG rally.task.runner [-] Starting a worker. concurrency: 2 args: {} times: 100 method_name: run timeout: 0 duration: None cls:
2019-07-28 09:27:26.082 22830 RALLYDEBUG rally.task.runner [-] Starting a worker. concurrency: 2 args: {} times: 100 method_name: run timeout: 0 duration: None cls:
2019-07-28 09:27:26.085 22831 RALLYDEBUG rally.task.runner [-] Starting a worker. concurrency: 2 args: {} times: 100 method_name: run timeout: 0 duration: None cls:
2019-07-28 09:27:26.087 22832 RALLYDEBUG rally.task.runner [-] Starting a worker. concurrency: 2 args: {} times: 100 method_name: run timeout: 0 duration: None cls:
2019-07-28 09:27:26.089 22829 INFO rally.task.runner [-] Task 8def977a-7ff8-4799-bd01-7e71951a598e | ITER: 2 START
2019-07-28 09:27:26.091 22830 INFO rally.task.runner [-] Task 8def977a-7ff8-4799-bd01-7e71951a598e | ITER: 3 START
2019-07-28 09:27:26.091 22834 RALLYDEBUG rally.task.runner [-] Starting a worker. concurrency: 1 args: {} times: 100 method_name: run timeout: 0 duration: None cls:
2019-07-28 09:27:26.095 22831 INFO rally.task.runner [-] Task 8def977a-7ff8-4799-bd01-7e71951a598e | ITER: 4 START
2019-07-28 09:27:26.095 22837 RALLYDEBUG rally.task.runner [-] Starting a worker. concurrency: 1 args: {} times: 100 method_name: run timeout: 0 duration: None cls:
2019-07-28 09:27:26.090 22829 INFO rally.task.runner [-] Task 8def977a-7ff8-4799-bd01-7e71951a598e | ITER: 1 START
2019-07-28 09:27:26.097 22842 RALLYDEBUG rally.task.runner [-] Starting a worker. concurrency: 1 args: {} times: 100 method_name: run timeout: 0 duration: None cls:
2019-07-28 09:27:26.099 22834 INFO rally.task.runner [-] Task 8def977a-7ff8-4799-bd01-7e71951a598e | ITER: 8 START
2019-07-28 09:27:26.100 22831 INFO rally.task.runner [-] Task 8def977a-7ff8-4799-bd01-7e71951a598e | ITER: 7 START
2019-07-28 09:27:26.099 22844 RALLYDEBUG rally.task.runner [-] Starting a worker. concurrency: 1 args: {} times: 100 method_name: run timeout: 0 duration: None cls:
2019-07-28 09:27:26.101 22832 INFO rally.task.runner [-] Task 8def977a-7ff8-4799-bd01-7e71951a598e | ITER: 6 START
2019-07-28 09:27:26.104 22837 INFO rally.task.runner [-] Task 8def977a-7ff8-4799-bd01-7e71951a598e | ITER: 10 START
2019-07-28 09:27:26.106 22849 RALLYDEBUG rally.task.runner [-] Starting a worker. concurrency: 1 args: {} times: 100 method_name: run timeout: 0 duration: None cls:
2019-07-28 09:27:26.106 22850 RALLYDEBUG rally.task.runner [-] Starting a worker. concurrency: 1 args: {} times: 100 method_name: run timeout: 0 duration: None cls:
2019-07-28 09:27:26.108 22844 INFO rally.task.runner [-] Task 8def977a-7ff8-4799-bd01-7e71951a598e | ITER: 12 START
2019-07-28 09:27:26.108 22832 INFO rally.task.runner [-] Task 8def977a-7ff8-4799-bd01-7e71951a598e | ITER: 9 START
2019-07-28 09:27:26.110 22842 INFO rally.task.runner [-] Task 8def977a-7ff8-4799-bd01-7e71951a598e | ITER: 11 START
2019-07-28 09:27:26.112 22856 RALLYDEBUG rally.task.runner [-] Starting a worker. concurrency: 1 args: {} times: 100 method_name: run timeout: 0 duration: None cls:
2019-07-28 09:27:26.113 22859 RALLYDEBUG rally.task.runner [-] Starting a worker. concurrency: 1 args: {} times: 100 method_name: run timeout: 0 duration: None cls:
2019-07-28 09:27:26.114 22830 INFO rally.task.runner [-] Task 8def977a-7ff8-4799-bd01-7e71951a598e | ITER: 5 START
2019-07-28 09:27:26.115 22850 INFO rally.task.runner [-] Task 8def977a-7ff8-4799-bd01-7e71951a598e | ITER: 14 START
2019-07-28 09:27:26.115 22849 INFO rally.task.runner [-] Task 8def977a-7ff8-4799-bd01-7e71951a598e | ITER: 13 START
2019-07-28 09:27:26.118 22862 RALLYDEBUG rally.task.runner [-] Starting a worker. concurrency: 1 args: {} times: 100 method_name: run timeout: 0 duration: None cls:
2019-07-28 09:27:26.120 22856 INFO rally.task.runner [-] Task 8def977a-7ff8-4799-bd01-7e71951a598e | ITER: 15 START
2019-07-28 09:27:26.126 22862 INFO rally.task.runner [-] Task 8def977a-7ff8-4799-bd01-7e71951a598e | ITER: 17 START
2019-07-28 09:27:26.127 22859 INFO rally.task.runner [-] Task 8def977a-7ff8-4799-bd01-7e71951a598e | ITER: 16 START
2019-07-28 09:27:26.131 22872 RALLYDEBUG rally.task.runner [-] Starting a worker. concurrency: 1 args: {} times: 100 method_name: run timeout: 0 duration: None cls:
2019-07-28 09:27:26.137 22872 INFO rally.task.runner [-] Task 8def977a-7ff8-4799-bd01-7e71951a598e | ITER: 18 START
2019-07-28 09:27:26.141 22874 RALLYDEBUG rally.task.runner [-] Starting a worker. concurrency: 1 args: {} times: 100 method_name: run timeout: 0 duration: None cls:
2019-07-28 09:27:26.147 22874 INFO rally.task.runner [-] Task 8def977a-7ff8-4799-bd01-7e71951a598e | ITER: 19 START
2019-07-28 09:27:26.148 22876 RALLYDEBUG rally.task.runner [-] Starting a worker. concurrency: 1 args: {} times: 100 method_name: run timeout: 0 duration: None cls:
2019-07-28 09:27:26.153 22876 INFO rally.task.runner [-] Task 8def977a-7ff8-4799-bd01-7e71951a598e | ITER: 20 START
2019-07-28 09:27:27.422 22830 INFO rally.task.runner [-] Task 8def977a-7ff8-4799-bd01-7e71951a598e | ITER: 3 END: OK
2019-07-28 09:27:27.426 22830 INFO rally.task.runner [-] Task 8def977a-7ff8-4799-bd01-7e71951a598e | ITER: 21 START
2019-07-28 09:27:27.592 22837 INFO rally.task.runner [-] Task 8def977a-7ff8-4799-bd01-7e71951a598e | ITER: 10 END: OK
2019-07-28 09:27:27.597 22837 INFO rally.task.runner [-] Task 8def977a-7ff8-4799-bd01-7e71951a598e | ITER: 22 START
2019-07-28 09:27:27.623 22829 INFO rally.task.runner [-] Task 8def977a-7ff8-4799-bd01-7e71951a598e | ITER: 1 END: OK
2019-07-28 09:27:27.626 22829 INFO rally.task.runner [-] Task 8def977a-7ff8-4799-bd01-7e71951a598e | ITER: 23 START
2019-07-28 09:27:27.829 22862 INFO rally.task.runner [-] Task 8def977a-7ff8-4799-bd01-7e71951a598e | ITER: 17 END: OK
2019-07-28 09:27:27.833 22862 INFO rally.task.runner [-] Task 8def977a-7ff8-4799-bd01-7e71951a598e | ITER: 24 START
2019-07-28 09:27:27.841 22849 INFO rally.task.runner [-] Task 8def977a-7ff8-4799-bd01-7e71951a598e | ITER: 13 END: OK
2019-07-28 09:27:27.845 22849 INFO rally.task.runner [-] Task 8def977a-7ff8-4799-bd01-7e71951a598e | ITER: 25 START
2019-07-28 09:27:28.211 22844 INFO rally.task.runner [-] Task 8def977a-7ff8-4799-bd01-7e71951a598e | ITER: 12 END: OK
2019-07-28 09:27:28.215 22844 INFO rally.task.runner [-] Task 8def977a-7ff8-4799-bd01-7e71951a598e | ITER: 26 START
2019-07-28 09:27:28.314 22834 INFO rally.task.runner [-] Task 8def977a-7ff8-4799-bd01-7e71951a598e | ITER: 8 END: OK
2019-07-28 09:27:28.318 22834 INFO rally.task.runner [-] Task 8def977a-7ff8-4799-bd01-7e71951a598e | ITER: 27 START
2019-07-28 09:27:28.362 22831 INFO rally.task.runner [-] Task 8def977a-7ff8-4799-bd01-7e71951a598e | ITER: 4 END: OK
2019-07-28 09:27:28.367 22831 INFO rally.task.runner [-] Task 8def977a-7ff8-4799-bd01-7e71951a598e | ITER: 28 START
2019-07-28 09:27:28.519 22829 INFO rally.task.runner [-] Task 8def977a-7ff8-4799-bd01-7e71951a598e | ITER: 2 END: OK
2019-07-28 09:27:28.523 22829 INFO rally.task.runner [-] Task 8def977a-7ff8-4799-bd01-7e71951a598e | ITER: 29 START
2019-07-28 09:27:28.845 22842 INFO rally.task.runner [-] Task 8def977a-7ff8-4799-bd01-7e71951a598e | ITER: 11 END: OK
2019-07-28 09:27:28.848 22842 INFO rally.task.runner [-] Task 8def977a-7ff8-4799-bd01-7e71951a598e | ITER: 30 START
2019-07-28 09:27:28.867 22831 INFO rally.task.runner [-] Task 8def977a-7ff8-4799-bd01-7e71951a598e | ITER: 7 END: OK
2019-07-28 09:27:28.870 22831 INFO rally.task.runner [-] Task 8def977a-7ff8-4799-bd01-7e71951a598e | ITER: 31 START
2019-07-28 09:27:28.986 22832 INFO rally.task.runner [-] Task 8def977a-7ff8-4799-bd01-7e71951a598e | ITER: 6 END: OK
2019-07-28 09:27:28.990 22832 INFO rally.task.runner [-] Task 8def977a-7ff8-4799-bd01-7e71951a598e | ITER: 32 START
2019-07-28 09:27:29.081 22872 INFO rally.task.runner [-] Task 8def977a-7ff8-4799-bd01-7e71951a598e | ITER: 18 END: OK
2019-07-28 09:27:29.085 22872 INFO rally.task.runner [-] Task 8def977a-7ff8-4799-bd01-7e71951a598e | ITER: 33 START
2019-07-28 09:27:29.116 22830 INFO rally.task.runner [-] Task 8def977a-7ff8-4799-bd01-7e71951a598e | ITER: 5 END: OK
2019-07-28 09:27:29.119 22830 INFO rally.task.runner [-] Task 8def977a-7ff8-4799-bd01-7e71951a598e | ITER: 34 START
2019-07-28 09:27:29.196 22832 INFO rally.task.runner [-] Task 8def977a-7ff8-4799-bd01-7e71951a598e | ITER: 9 END: OK
2019-07-28 09:27:29.200 22832 INFO rally.task.runner [-] Task 8def977a-7ff8-4799-bd01-7e71951a598e | ITER: 35 START
2019-07-28 09:27:29.293 22856 INFO rally.task.runner [-] Task 8def977a-7ff8-4799-bd01-7e71951a598e | ITER: 15 END: OK
2019-07-28 09:27:29.297 22856 INFO rally.task.runner [-] Task 8def977a-7ff8-4799-bd01-7e71951a598e | ITER: 36 START
2019-07-28 09:27:29.538 22859 INFO rally.task.runner [-] Task 8def977a-7ff8-4799-bd01-7e71951a598e | ITER: 16 END: OK
2019-07-28 09:27:29.542 22859 INFO rally.task.runner [-] Task 8def977a-7ff8-4799-bd01-7e71951a598e | ITER: 37 START
2019-07-28 09:27:29.561 22850 INFO rally.task.runner [-] Task 8def977a-7ff8-4799-bd01-7e71951a598e | ITER: 14 END: OK
2019-07-28 09:27:29.564 22850 INFO rally.task.runner [-] Task 8def977a-7ff8-4799-bd01-7e71951a598e | ITER: 38 START
2019-07-28 09:27:30.126 22862 INFO rally.task.runner [-] Task 8def977a-7ff8-4799-bd01-7e71951a598e | ITER: 24 END: OK
2019-07-28 09:27:30.129 22862 INFO rally.task.runner [-] Task 8def977a-7ff8-4799-bd01-7e71951a598e | ITER: 39 START
2019-07-28 09:27:30.393 22837 INFO rally.task.runner [-] Task 8def977a-7ff8-4799-bd01-7e71951a598e | ITER: 22 END: OK
2019-07-28 09:27:30.396 22837 INFO rally.task.runner [-] Task 8def977a-7ff8-4799-bd01-7e71951a598e | ITER: 40 START
2019-07-28 09:27:30.932 22829 INFO rally.task.runner [-] Task 8def977a-7ff8-4799-bd01-7e71951a598e | ITER: 23 END: OK
2019-07-28 09:27:30.934 22830 INFO rally.task.runner [-] Task 8def977a-7ff8-4799-bd01-7e71951a598e | ITER: 21 END: OK
2019-07-28 09:27:30.935 22829 INFO rally.task.runner [-] Task 8def977a-7ff8-4799-bd01-7e71951a598e | ITER: 41 START
2019-07-28 09:27:30.937 22830 INFO rally.task.runner [-] Task 8def977a-7ff8-4799-bd01-7e71951a598e | ITER: 42 START
2019-07-28 09:27:31.298 22876 INFO rally.task.runner [-] Task 8def977a-7ff8-4799-bd01-7e71951a598e | ITER: 20 END: OK
2019-07-28 09:27:31.298 22874 INFO rally.task.runner [-] Task 8def977a-7ff8-4799-bd01-7e71951a598e | ITER: 19 END: OK
2019-07-28 09:27:31.299 22844 INFO rally.task.runner [-] Task 8def977a-7ff8-4799-bd01-7e71951a598e | ITER: 26 END: OK
2019-07-28 09:27:31.302 22876 INFO rally.task.runner [-] Task 8def977a-7ff8-4799-bd01-7e71951a598e | ITER: 43 START
2019-07-28 09:27:31.304 22844 INFO rally.task.runner [-] Task 8def977a-7ff8-4799-bd01-7e71951a598e | ITER: 44 START
2019-07-28 09:27:31.304 22874 INFO rally.task.runner [-] Task 8def977a-7ff8-4799-bd01-7e71951a598e | ITER: 45 START
2019-07-28 09:27:31.349 22832 INFO rally.task.runner [-] Task 8def977a-7ff8-4799-bd01-7e71951a598e | ITER: 32 END: OK
2019-07-28 09:27:31.352 22832 INFO rally.task.runner [-] Task 8def977a-7ff8-4799-bd01-7e71951a598e | ITER: 46 START
2019-07-28 09:27:31.398 22849 INFO rally.task.runner [-] Task 8def977a-7ff8-4799-bd01-7e71951a598e | ITER: 25 END: OK
2019-07-28 09:27:31.401 22849 INFO rally.task.runner [-] Task 8def977a-7ff8-4799-bd01-7e71951a598e | ITER: 47 START
2019-07-28 09:27:31.704 22831 INFO rally.task.runner [-] Task 8def977a-7ff8-4799-bd01-7e71951a598e | ITER: 31 END: OK
2019-07-28 09:27:31.707 22831 INFO rally.task.runner [-] Task 8def977a-7ff8-4799-bd01-7e71951a598e | ITER: 48 START
2019-07-28 09:27:32.012 22834 INFO rally.task.runner [-] Task 8def977a-7ff8-4799-bd01-7e71951a598e | ITER: 27 END: OK
2019-07-28 09:27:32.016 22834 INFO rally.task.runner [-] Task 8def977a-7ff8-4799-bd01-7e71951a598e | ITER: 49 START
2019-07-28 09:27:32.327 22872 INFO rally.task.runner [-] Task 8def977a-7ff8-4799-bd01-7e71951a598e | ITER: 33 END: OK
2019-07-28 09:27:32.330 22872 INFO rally.task.runner [-] Task 8def977a-7ff8-4799-bd01-7e71951a598e | ITER: 50 START
2019-07-28 09:27:32.406 22842 INFO rally.task.runner [-] Task 8def977a-7ff8-4799-bd01-7e71951a598e | ITER: 30 END: OK
2019-07-28 09:27:32.409 22842 INFO rally.task.runner [-] Task 8def977a-7ff8-4799-bd01-7e71951a598e | ITER: 51 START
2019-07-28 09:27:32.467 22831 INFO rally.task.runner [-] Task 8def977a-7ff8-4799-bd01-7e71951a598e | ITER: 28 END: OK
2019-07-28 09:27:32.470 22831 INFO rally.task.runner [-] Task 8def977a-7ff8-4799-bd01-7e71951a598e | ITER: 52 START
2019-07-28 09:27:32.908 22829 INFO rally.task.runner [-] Task 8def977a-7ff8-4799-bd01-7e71951a598e | ITER: 29 END: OK
2019-07-28 09:27:32.911 22829 INFO rally.task.runner [-] Task 8def977a-7ff8-4799-bd01-7e71951a598e | ITER: 53 START
2019-07-28 09:27:33.427 22850 INFO rally.task.runner [-] Task 8def977a-7ff8-4799-bd01-7e71951a598e | ITER: 38 END: OK
2019-07-28 09:27:33.430 22850 INFO rally.task.runner [-] Task 8def977a-7ff8-4799-bd01-7e71951a598e | ITER: 54 START
2019-07-28 09:27:33.462 22856 INFO rally.task.runner [-] Task 8def977a-7ff8-4799-bd01-7e71951a598e | ITER: 36 END: OK
2019-07-28 09:27:33.462 22832 INFO rally.task.runner [-] Task 8def977a-7ff8-4799-bd01-7e71951a598e | ITER: 35 END: OK
2019-07-28 09:27:33.466 22832 INFO rally.task.runner [-] Task 8def977a-7ff8-4799-bd01-7e71951a598e | ITER: 56 START
2019-07-28 09:27:33.466 22856 INFO rally.task.runner [-] Task 8def977a-7ff8-4799-bd01-7e71951a598e | ITER: 55 START
2019-07-28 09:27:33.522 22837 INFO rally.task.runner [-] Task 8def977a-7ff8-4799-bd01-7e71951a598e | ITER: 40 END: OK
2019-07-28 09:27:33.524 22837 INFO rally.task.runner [-] Task 8def977a-7ff8-4799-bd01-7e71951a598e | ITER: 57 START
2019-07-28 09:27:33.580 22830 INFO rally.task.runner [-] Task 8def977a-7ff8-4799-bd01-7e71951a598e | ITER: 34 END: OK
2019-07-28 09:27:33.583 22830 INFO rally.task.runner [-] Task 8def977a-7ff8-4799-bd01-7e71951a598e | ITER: 58 START
2019-07-28 09:27:33.749 22859 INFO rally.task.runner [-] Task 8def977a-7ff8-4799-bd01-7e71951a598e | ITER: 37 END: OK
2019-07-28 09:27:33.752 22859 INFO rally.task.runner [-] Task 8def977a-7ff8-4799-bd01-7e71951a598e | ITER: 59 START
2019-07-28 09:27:33.916 22831 INFO rally.task.runner [-] Task 8def977a-7ff8-4799-bd01-7e71951a598e | ITER: 48 END: OK
2019-07-28 09:27:33.919 22831 INFO rally.task.runner [-] Task 8def977a-7ff8-4799-bd01-7e71951a598e | ITER: 60 START
2019-07-28 09:27:34.021 22862 INFO rally.task.runner [-] Task 8def977a-7ff8-4799-bd01-7e71951a598e | ITER: 39 END: OK
2019-07-28 09:27:34.024 22862 INFO rally.task.runner [-] Task 8def977a-7ff8-4799-bd01-7e71951a598e | ITER: 61 START
2019-07-28 09:27:34.027 22830 INFO rally.task.runner [-] Task 8def977a-7ff8-4799-bd01-7e71951a598e | ITER: 42 END: OK
2019-07-28 09:27:34.031 22830 INFO rally.task.runner [-] Task 8def977a-7ff8-4799-bd01-7e71951a598e | ITER: 62 START
2019-07-28 09:27:34.069 22829 INFO rally.task.runner [-] Task 8def977a-7ff8-4799-bd01-7e71951a598e | ITER: 41 END: OK
2019-07-28 09:27:34.072 22829 INFO rally.task.runner [-] Task 8def977a-7ff8-4799-bd01-7e71951a598e | ITER: 63 START
2019-07-28 09:27:34.260 22874 INFO rally.task.runner [-] Task 8def977a-7ff8-4799-bd01-7e71951a598e | ITER: 45 END: OK
2019-07-28 09:27:34.263 22874 INFO rally.task.runner [-] Task 8def977a-7ff8-4799-bd01-7e71951a598e | ITER: 64 START
2019-07-28 09:27:34.271 22876 INFO rally.task.runner [-] Task 8def977a-7ff8-4799-bd01-7e71951a598e | ITER: 43 END: OK
2019-07-28 09:27:34.274 22876 INFO rally.task.runner [-] Task 8def977a-7ff8-4799-bd01-7e71951a598e | ITER: 65 START
2019-07-28 09:27:34.275 22844 INFO rally.task.runner [-] Task 8def977a-7ff8-4799-bd01-7e71951a598e | ITER: 44 END: OK
2019-07-28 09:27:34.278 22844 INFO rally.task.runner [-] Task 8def977a-7ff8-4799-bd01-7e71951a598e | ITER: 66 START
2019-07-28 09:27:34.966 22829 INFO rally.task.runner [-] Task 8def977a-7ff8-4799-bd01-7e71951a598e | ITER: 53 END: OK
2019-07-28 09:27:34.969 22829 INFO rally.task.runner [-] Task 8def977a-7ff8-4799-bd01-7e71951a598e | ITER: 67 START
2019-07-28 09:27:35.536 22837 INFO rally.task.runner [-] Task 8def977a-7ff8-4799-bd01-7e71951a598e | ITER: 57 END: OK
2019-07-28 09:27:35.538 22837 INFO rally.task.runner [-] Task 8def977a-7ff8-4799-bd01-7e71951a598e | ITER: 68 START
2019-07-28 09:27:35.804 22859 INFO rally.task.runner [-] Task 8def977a-7ff8-4799-bd01-7e71951a598e | ITER: 59 END: OK
2019-07-28 09:27:35.807 22859 INFO rally.task.runner [-] Task 8def977a-7ff8-4799-bd01-7e71951a598e | ITER: 69 START
2019-07-28 09:27:35.912 22849 INFO rally.task.runner [-] Task 8def977a-7ff8-4799-bd01-7e71951a598e | ITER: 47 END: OK
2019-07-28 09:27:35.915 22849 INFO rally.task.runner [-] Task 8def977a-7ff8-4799-bd01-7e71951a598e | ITER: 70 START
2019-07-28 09:27:35.919 22832 INFO rally.task.runner [-] Task 8def977a-7ff8-4799-bd01-7e71951a598e | ITER: 46 END: OK
2019-07-28 09:27:35.922 22832 INFO rally.task.runner [-] Task 8def977a-7ff8-4799-bd01-7e71951a598e | ITER: 71 START
2019-07-28 09:27:35.928 22856 INFO rally.task.runner [-] Task 8def977a-7ff8-4799-bd01-7e71951a598e | ITER: 55 END: OK
2019-07-28 09:27:35.931 22856 INFO rally.task.runner [-] Task 8def977a-7ff8-4799-bd01-7e71951a598e | ITER: 72 START
2019-07-28 09:27:35.964 22850 INFO rally.task.runner [-] Task 8def977a-7ff8-4799-bd01-7e71951a598e | ITER: 54 END: OK
2019-07-28 09:27:35.967 22850 INFO rally.task.runner [-] Task 8def977a-7ff8-4799-bd01-7e71951a598e | ITER: 73 START
2019-07-28 09:27:36.257 22831 INFO rally.task.runner [-] Task 8def977a-7ff8-4799-bd01-7e71951a598e | ITER: 52 END: OK
2019-07-28 09:27:36.260 22831 INFO rally.task.runner [-] Task 8def977a-7ff8-4799-bd01-7e71951a598e | ITER: 74 START
2019-07-28 09:27:36.439 22830 INFO rally.task.runner [-] Task 8def977a-7ff8-4799-bd01-7e71951a598e | ITER: 58 END: OK
2019-07-28 09:27:36.442 22832 INFO rally.task.runner [-] Task 8def977a-7ff8-4799-bd01-7e71951a598e | ITER: 56 END: OK
2019-07-28 09:27:36.442 22830 INFO rally.task.runner [-] Task 8def977a-7ff8-4799-bd01-7e71951a598e | ITER: 75 START
2019-07-28 09:27:36.444 22832 INFO rally.task.runner [-] Task 8def977a-7ff8-4799-bd01-7e71951a598e | ITER: 76 START
2019-07-28 09:27:36.490 22842 INFO rally.task.runner [-] Task 8def977a-7ff8-4799-bd01-7e71951a598e | ITER: 51 END: OK
2019-07-28 09:27:36.492 22842 INFO rally.task.runner [-] Task 8def977a-7ff8-4799-bd01-7e71951a598e | ITER: 77 START
2019-07-28 09:27:36.495 22872 INFO rally.task.runner [-] Task 8def977a-7ff8-4799-bd01-7e71951a598e | ITER: 50 END: OK
2019-07-28 09:27:36.497 22872 INFO rally.task.runner [-] Task 8def977a-7ff8-4799-bd01-7e71951a598e | ITER: 78 START
2019-07-28 09:27:36.501 22834 INFO rally.task.runner [-] Task 8def977a-7ff8-4799-bd01-7e71951a598e | ITER: 49 END: OK
2019-07-28 09:27:36.504 22834 INFO rally.task.runner [-] Task 8def977a-7ff8-4799-bd01-7e71951a598e | ITER: 79 START
2019-07-28 09:27:36.935 22830 INFO rally.task.runner [-] Task 8def977a-7ff8-4799-bd01-7e71951a598e | ITER: 62 END: OK
2019-07-28 09:27:36.938 22830 INFO rally.task.runner [-] Task 8def977a-7ff8-4799-bd01-7e71951a598e | ITER: 80 START
2019-07-28 09:27:37.024 22862 INFO rally.task.runner [-] Task 8def977a-7ff8-4799-bd01-7e71951a598e | ITER: 61 END: OK
2019-07-28 09:27:37.025 22831 INFO rally.task.runner [-] Task 8def977a-7ff8-4799-bd01-7e71951a598e | ITER: 60 END: OK
2019-07-28 09:27:37.027 22862 INFO rally.task.runner [-] Task 8def977a-7ff8-4799-bd01-7e71951a598e | ITER: 81 START
2019-07-28 09:27:37.029 22831 INFO rally.task.runner [-] Task 8def977a-7ff8-4799-bd01-7e71951a598e | ITER: 82 START
2019-07-28 09:27:37.071 22829 INFO rally.task.runner [-] Task 8def977a-7ff8-4799-bd01-7e71951a598e | ITER: 63 END: OK
2019-07-28 09:27:37.074 22829 INFO rally.task.runner [-] Task 8def977a-7ff8-4799-bd01-7e71951a598e | ITER: 83 START
2019-07-28 09:27:37.190 22874 INFO rally.task.runner [-] Task 8def977a-7ff8-4799-bd01-7e71951a598e | ITER: 64 END: OK
2019-07-28 09:27:37.193 22874 INFO rally.task.runner [-] Task 8def977a-7ff8-4799-bd01-7e71951a598e | ITER: 84 START
2019-07-28 09:27:37.345 22844 INFO rally.task.runner [-] Task 8def977a-7ff8-4799-bd01-7e71951a598e | ITER: 66 END: OK
2019-07-28 09:27:37.348 22844 INFO rally.task.runner [-] Task 8def977a-7ff8-4799-bd01-7e71951a598e | ITER: 85 START
2019-07-28 09:27:37.496 22837 INFO rally.task.runner [-] Task 8def977a-7ff8-4799-bd01-7e71951a598e | ITER: 68 END: OK
2019-07-28 09:27:37.500 22837 INFO rally.task.runner [-] Task 8def977a-7ff8-4799-bd01-7e71951a598e | ITER: 86 START
2019-07-28 09:27:38.287 22829 INFO rally.task.runner [-] Task 8def977a-7ff8-4799-bd01-7e71951a598e | ITER: 67 END: OK
2019-07-28 09:27:38.291 22829 INFO rally.task.runner [-] Task 8def977a-7ff8-4799-bd01-7e71951a598e | ITER: 87 START
2019-07-28 09:27:38.542 22832 INFO rally.task.runner [-] Task 8def977a-7ff8-4799-bd01-7e71951a598e | ITER: 71 END: OK
2019-07-28 09:27:38.545 22832 INFO rally.task.runner [-] Task 8def977a-7ff8-4799-bd01-7e71951a598e | ITER: 88 START
2019-07-28 09:27:38.634 22859 INFO rally.task.runner [-] Task 8def977a-7ff8-4799-bd01-7e71951a598e | ITER: 69 END: OK
2019-07-28 09:27:38.638 22859 INFO rally.task.runner [-] Task 8def977a-7ff8-4799-bd01-7e71951a598e | ITER: 89 START
2019-07-28 09:27:38.684 22876 INFO rally.task.runner [-] Task 8def977a-7ff8-4799-bd01-7e71951a598e | ITER: 65 END: OK
2019-07-28 09:27:38.687 22876 INFO rally.task.runner [-] Task 8def977a-7ff8-4799-bd01-7e71951a598e | ITER: 90 START
2019-07-28 09:27:38.714 22831 INFO rally.task.runner [-] Task 8def977a-7ff8-4799-bd01-7e71951a598e | ITER: 74 END: OK
2019-07-28 09:27:38.718 22831 INFO rally.task.runner [-] Task 8def977a-7ff8-4799-bd01-7e71951a598e | ITER: 91 START
2019-07-28 09:27:38.725 22849 INFO rally.task.runner [-] Task 8def977a-7ff8-4799-bd01-7e71951a598e | ITER: 70 END: OK
2019-07-28 09:27:38.727 22849 INFO rally.task.runner [-] Task 8def977a-7ff8-4799-bd01-7e71951a598e | ITER: 92 START
2019-07-28 09:27:38.752 22830 INFO rally.task.runner [-] Task 8def977a-7ff8-4799-bd01-7e71951a598e | ITER: 75 END: OK
2019-07-28 09:27:38.756 22830 INFO rally.task.runner [-] Task 8def977a-7ff8-4799-bd01-7e71951a598e | ITER: 93 START
2019-07-28 09:27:38.766 22856 INFO rally.task.runner [-] Task 8def977a-7ff8-4799-bd01-7e71951a598e | ITER: 72 END: OK
2019-07-28 09:27:38.770 22856 INFO rally.task.runner [-] Task 8def977a-7ff8-4799-bd01-7e71951a598e | ITER: 94 START
2019-07-28 09:27:38.914 22832 INFO rally.task.runner [-] Task 8def977a-7ff8-4799-bd01-7e71951a598e | ITER: 76 END: OK
2019-07-28 09:27:38.917 22832 INFO rally.task.runner [-] Task 8def977a-7ff8-4799-bd01-7e71951a598e | ITER: 95 START
2019-07-28 09:27:39.447 22830 INFO rally.task.runner [-] Task 8def977a-7ff8-4799-bd01-7e71951a598e | ITER: 80 END: OK
2019-07-28 09:27:39.450 22830 INFO rally.task.runner [-] Task 8def977a-7ff8-4799-bd01-7e71951a598e | ITER: 96 START
2019-07-28 09:27:39.561 22842 INFO rally.task.runner [-] Task 8def977a-7ff8-4799-bd01-7e71951a598e | ITER: 77 END: OK
2019-07-28 09:27:39.564 22842 INFO rally.task.runner [-] Task 8def977a-7ff8-4799-bd01-7e71951a598e | ITER: 97 START
2019-07-28 09:27:39.573 22850 INFO rally.task.runner [-] Task 8def977a-7ff8-4799-bd01-7e71951a598e | ITER: 73 END: OK
2019-07-28 09:27:39.576 22850 INFO rally.task.runner [-] Task 8def977a-7ff8-4799-bd01-7e71951a598e | ITER: 98 START
2019-07-28 09:27:39.648 22844 INFO rally.task.runner [-] Task 8def977a-7ff8-4799-bd01-7e71951a598e | ITER: 85 END: OK
2019-07-28 09:27:39.650 22844 INFO rally.task.runner [-] Task 8def977a-7ff8-4799-bd01-7e71951a598e | ITER: 99 START
2019-07-28 09:27:39.704 22831 INFO rally.task.runner [-] Task 8def977a-7ff8-4799-bd01-7e71951a598e | ITER: 82 END: OK
2019-07-28 09:27:39.707 22831 INFO rally.task.runner [-] Task 8def977a-7ff8-4799-bd01-7e71951a598e | ITER: 100 START
2019-07-28 09:27:39.794 22872 INFO rally.task.runner [-] Task 8def977a-7ff8-4799-bd01-7e71951a598e | ITER: 78 END: OK
2019-07-28 09:27:39.834 22862 INFO rally.task.runner [-] Task 8def977a-7ff8-4799-bd01-7e71951a598e | ITER: 81 END: OK
2019-07-28 09:27:39.865 22837 INFO rally.task.runner [-] Task 8def977a-7ff8-4799-bd01-7e71951a598e | ITER: 86 END: OK
2019-07-28 09:27:39.942 22834 INFO rally.task.runner [-] Task 8def977a-7ff8-4799-bd01-7e71951a598e | ITER: 79 END: OK
2019-07-28 09:27:40.093 22829 INFO rally.task.runner [-] Task 8def977a-7ff8-4799-bd01-7e71951a598e | ITER: 83 END: OK
2019-07-28 09:27:40.308 22829 INFO rally.task.runner [-] Task 8def977a-7ff8-4799-bd01-7e71951a598e | ITER: 87 END: OK
2019-07-28 09:27:40.692 22831 INFO rally.task.runner [-] Task 8def977a-7ff8-4799-bd01-7e71951a598e | ITER: 91 END: OK
2019-07-28 09:27:40.698 22874 INFO rally.task.runner [-] Task 8def977a-7ff8-4799-bd01-7e71951a598e | ITER: 84 END: OK
2019-07-28 09:27:40.699 22856 INFO rally.task.runner [-] Task 8def977a-7ff8-4799-bd01-7e71951a598e | ITER: 94 END: OK
2019-07-28 09:27:40.740 22876 INFO rally.task.runner [-] Task 8def977a-7ff8-4799-bd01-7e71951a598e | ITER: 90 END: OK
2019-07-28 09:27:40.880 22830 INFO rally.task.runner [-] Task 8def977a-7ff8-4799-bd01-7e71951a598e | ITER: 93 END: OK
2019-07-28 09:27:41.002 22832 INFO rally.task.runner [-] Task 8def977a-7ff8-4799-bd01-7e71951a598e | ITER: 88 END: OK
2019-07-28 09:27:41.075 22842 INFO rally.task.runner [-] Task 8def977a-7ff8-4799-bd01-7e71951a598e | ITER: 97 END: OK
2019-07-28 09:27:41.093 22849 INFO rally.task.runner [-] Task 8def977a-7ff8-4799-bd01-7e71951a598e | ITER: 92 END: OK
2019-07-28 09:27:41.099 22859 INFO rally.task.runner [-] Task 8def977a-7ff8-4799-bd01-7e71951a598e | ITER: 89 END: OK
2019-07-28 09:27:41.273 22830 INFO rally.task.runner [-] Task 8def977a-7ff8-4799-bd01-7e71951a598e | ITER: 96 END: OK
2019-07-28 09:27:41.516 22844 INFO rally.task.runner [-] Task 8def977a-7ff8-4799-bd01-7e71951a598e | ITER: 99 END: OK
2019-07-28 09:27:41.585 22850 INFO rally.task.runner [-] Task 8def977a-7ff8-4799-bd01-7e71951a598e | ITER: 98 END: OK
2019-07-28 09:27:41.711 22831 INFO rally.task.runner [-] Task 8def977a-7ff8-4799-bd01-7e71951a598e | ITER: 100 END: OK
2019-07-28 09:27:41.716 22832 INFO rally.task.runner [-] Task 8def977a-7ff8-4799-bd01-7e71951a598e | ITER: 95 END: OK
2019-07-28 09:27:41.744 22705 INFO rally.task.context [-] Task 8def977a-7ff8-4799-bd01-7e71951a598e | Context cleanup@openstack cleanup() started
2019-07-28 09:27:41.746 22705 RALLYDEBUG rally_openstack.cleanup.manager [-] Cleaning up neutron vip objects
2019-07-28 09:27:42.384 22705 RALLYDEBUG rally_openstack.cleanup.manager [-] Cleaning up neutron health_monitor objects
2019-07-28 09:27:42.999 22705 RALLYDEBUG rally_openstack.cleanup.manager [-] Cleaning up neutron pool objects
2019-07-28 09:27:43.617 22705 RALLYDEBUG rally_openstack.cleanup.manager [-] Cleaning up neutron loadbalancer objects
2019-07-28 09:27:44.258 22705 RALLYDEBUG rally_openstack.cleanup.manager [-] Cleaning up neutron floatingip objects
2019-07-28 09:27:45.190 22705 RALLYDEBUG rally_openstack.cleanup.manager [-] Cleaning up neutron port objects
2019-07-28 09:27:45.849 22705 RALLYDEBUG rally_openstack.cleanup.manager [-] Cleaning up neutron subnet objects
2019-07-28 09:27:46.475 22705 RALLYDEBUG rally_openstack.cleanup.manager [-] Cleaning up neutron network objects
2019-07-28 09:27:47.389 22705 RALLYDEBUG rally_openstack.cleanup.manager [-] Deleting neutron.network object s_rally_88f82ac8_TE0TdXHD (0f539808-63ee-4ffd-86ca-596723922393)
2019-07-28 09:27:47.391 22705 RALLYDEBUG rally_openstack.cleanup.manager [-] Deleting neutron.network object s_rally_88f82ac8_bT1FeUaQ (110e5e3d-2293-4b69-a328-f8f8b5baf39b)
2019-07-28 09:27:47.393 22705 RALLYDEBUG rally_openstack.cleanup.manager [-] Deleting neutron.network object s_rally_88f82ac8_BIkY8O7D (0d3ece65-260b-49d3-a1b7-17891fc793fb)
2019-07-28 09:27:47.393 22705 RALLYDEBUG rally_openstack.cleanup.manager [-] Deleting neutron.network object s_rally_88f82ac8_RkZuSi5C (075dc6a9-5d07-444f-88fe-8d0a0feeab75)
2019-07-28 09:27:47.397 22705 RALLYDEBUG rally_openstack.cleanup.manager [-] Deleting neutron.network object s_rally_88f82ac8_DQAEOrmi (02a04f55-f295-4423-84e2-0af6cf80e911)
2019-07-28 09:27:47.400 22705 RALLYDEBUG rally_openstack.cleanup.manager [-] Deleting neutron.network object s_rally_88f82ac8_QMFcyx88 (144c9549-4746-4879-87ab-65e5a7484144)
2019-07-28 09:27:47.401 22705 RALLYDEBUG rally_openstack.cleanup.manager [-] Deleting neutron.network object s_rally_88f82ac8_8GhOfRn4 (0286b220-51b6-4382-bd0d-8fe9456f232e)
2019-07-28 09:27:47.408 22705 RALLYDEBUG rally_openstack.cleanup.manager [-] Deleting neutron.network object s_rally_88f82ac8_jnV9vICM (1837d648-5a4f-4a85-9847-456d3a29122e)
2019-07-28 09:27:47.415 22705 RALLYDEBUG rally_openstack.cleanup.manager [-] Deleting neutron.network object s_rally_88f82ac8_jDe8tOjn (134c6b12-ea7c-49e2-be62-d63fe5b1e6d3)
2019-07-28 09:27:47.415 22705 RALLYDEBUG rally_openstack.cleanup.manager [-] Deleting neutron.network object s_rally_88f82ac8_SqTQlMKX (1983d9c1-ade9-43c3-8335-d30b8206a5d2)
2019-07-28 09:27:47.420 22705 RALLYDEBUG rally_openstack.cleanup.manager [-] Deleting neutron.network object s_rally_88f82ac8_amFvIYgT (1ae2c467-9c77-4708-bb01-8c021195ce11)
2019-07-28 09:27:47.428 22705 RALLYDEBUG rally_openstack.cleanup.manager [-] Deleting neutron.network object s_rally_88f82ac8_QJSgTxut (1bce0269-30a9-4d5e-818d-57f9f03ef23e)
2019-07-28 09:27:47.440 22705 RALLYDEBUG rally_openstack.cleanup.manager [-] Deleting neutron.network object s_rally_88f82ac8_P1xuof4H (1d107a79-b14c-4b61-bd26-6bf7ae07f552)
2019-07-28 09:27:47.446 22705 RALLYDEBUG rally_openstack.cleanup.manager [-] Deleting neutron.network object s_rally_88f82ac8_GS8yrRqy (1f01ab26-6a22-4536-8756-952609db59d8)
2019-07-28 09:27:47.464 22705 RALLYDEBUG rally_openstack.cleanup.manager [-] Deleting neutron.network object s_rally_88f82ac8_vJREd0SX (219be3d2-0696-4256-b37f-4eed047d96d5)
2019-07-28 09:27:47.488 22705 RALLYDEBUG rally_openstack.cleanup.manager [-] Deleting neutron.network object s_rally_88f82ac8_VrqiXnaa (2250bb93-6df2-43ca-b7a7-132f0bce0af1)
2019-07-28 09:27:47.509 22705 RALLYDEBUG rally_openstack.cleanup.manager [-] Deleting neutron.network object s_rally_88f82ac8_iVOGAlv2 (2280284b-7dc8-44ff-ac8e-d8d705fdbaae)
2019-07-28 09:27:47.516 22705 RALLYDEBUG rally_openstack.cleanup.manager [-] Deleting neutron.network object s_rally_88f82ac8_pnLyHkna (29b056cd-27ee-4fbf-aefa-5a43ae03d0e2)
2019-07-28 09:27:47.526 22705 RALLYDEBUG rally_openstack.cleanup.manager [-] Deleting neutron.network object s_rally_88f82ac8_q7UYUe9v (31e508a0-1356-4430-aafc-534c84fe9eb9)
2019-07-28 09:27:47.535 22705 RALLYDEBUG rally_openstack.cleanup.manager [-] Deleting neutron.network object s_rally_88f82ac8_3UARBUdT (2a9ff8ba-4011-4691-9e15-adee96922ad4)
2019-07-28 09:27:50.746 22705 RALLYDEBUG rally_openstack.cleanup.manager [-] Deleting neutron.network object s_rally_88f82ac8_BRJegCDL (331dbcd9-9420-479c-8955-a0332da10f43)
2019-07-28 09:27:51.091 22705 RALLYDEBUG rally_openstack.cleanup.manager [-] Deleting neutron.network object s_rally_88f82ac8_3EtJYcEu (3567a383-ce35-4621-8fa7-66e9715d6ede)
2019-07-28 09:27:51.477 22705 RALLYDEBUG rally_openstack.cleanup.manager [-] Deleting neutron.network object s_rally_88f82ac8_3WqI7IZU (35e6e0bc-b663-4adb-bcbc-6c7721beb6a8)
2019-07-28 09:27:51.603 22705 RALLYDEBUG rally_openstack.cleanup.manager [-] Deleting neutron.network object s_rally_88f82ac8_bun0KYUP (3c9622af-28ab-487a-aad3-1ccddd2322aa)
2019-07-28 09:27:51.772 22705 RALLYDEBUG rally_openstack.cleanup.manager [-] Deleting neutron.network object s_rally_88f82ac8_LORALlUF (3d3bc3e6-20d0-41ab-9dc4-3173222318b5)
2019-07-28 09:27:51.918 22705 RALLYDEBUG rally_openstack.cleanup.manager [-] Deleting neutron.network object s_rally_88f82ac8_jYNZJgDh (421fd06d-416b-43c2-85f2-a12abbe93ca3)
2019-07-28 09:27:52.004 22705 RALLYDEBUG rally_openstack.cleanup.manager [-] Deleting neutron.network object s_rally_88f82ac8_2I0QVxNL (42b26203-40ad-4a76-8f03-bca069f28fda)
2019-07-28 09:27:52.096 22705 RALLYDEBUG rally_openstack.cleanup.manager [-] Deleting neutron.network object s_rally_88f82ac8_6cXEidJi (44ddc3c7-2a94-4ecc-9189-52aa50bae745)
2019-07-28 09:27:52.276 22705 RALLYDEBUG rally_openstack.cleanup.manager [-] Deleting neutron.network object s_rally_88f82ac8_OqQfUlBs (49f039a0-c7bd-458c-9021-000da25a5dd5)
2019-07-28 09:27:52.310 22705 RALLYDEBUG rally_openstack.cleanup.manager [-] Deleting neutron.network object s_rally_88f82ac8_pUxaspOb (4becb56c-c9aa-47a5-beef-3029559c50f7)
2019-07-28 09:27:52.528 22705 RALLYDEBUG rally_openstack.cleanup.manager [-] Deleting neutron.network object s_rally_88f82ac8_SftRxp1t (4d596597-6456-4ebd-b98e-3cf528c68c5a)
2019-07-28 09:27:52.560 22705 RALLYDEBUG rally_openstack.cleanup.manager [-] Deleting neutron.network object s_rally_88f82ac8_MPpXDU5V (4f9805b0-5624-4bf2-b20a-e54d5736fa14)
2019-07-28 09:27:52.570 22705 RALLYDEBUG rally_openstack.cleanup.manager [-] Deleting neutron.network object s_rally_88f82ac8_3D8NKqaj (54871372-1190-45bb-83f8-5aee730bcd8c)
2019-07-28 09:27:52.679 22705 RALLYDEBUG rally_openstack.cleanup.manager [-] Deleting neutron.network object s_rally_88f82ac8_9voByprQ (552d0dcd-dac0-42a1-b587-1f5386de5417)
2019-07-28 09:27:52.771 22705 RALLYDEBUG rally_openstack.cleanup.manager [-] Deleting neutron.network object s_rally_88f82ac8_OEJZtepM (55d5fe47-0954-48c8-a23b-4aeff39daa43)
2019-07-28 09:27:52.771 22705 RALLYDEBUG rally_openstack.cleanup.manager [-] Deleting neutron.network object s_rally_88f82ac8_q1nQ3GL6 (56e02037-30e4-40f1-a72c-ec6b469db2b4)
2019-07-28 09:27:52.994 22705 RALLYDEBUG rally_openstack.cleanup.manager [-] Deleting neutron.network object s_rally_88f82ac8_eqwY3a78 (5717825c-db10-45ce-b360-685791cef544)
2019-07-28 09:27:53.107 22705 RALLYDEBUG rally_openstack.cleanup.manager [-] Deleting neutron.network object s_rally_88f82ac8_imRyqgJZ (5e354848-557a-49d2-b4c7-efb0c095a13d)
2019-07-28 09:27:53.212 22705 RALLYDEBUG rally_openstack.cleanup.manager [-] Deleting neutron.network object s_rally_88f82ac8_S6EVmE7t (61e0a88d-437b-430e-a51b-acfcebd1ed2c)
2019-07-28 09:27:53.237 22705 RALLYDEBUG rally_openstack.cleanup.manager [-] Deleting neutron.network object s_rally_88f82ac8_BTTAyi7g (6283ccb8-af32-478d-a4d7-5e12e146195e)
2019-07-28 09:27:53.252 22705 RALLYDEBUG rally_openstack.cleanup.manager [-] Deleting neutron.network object s_rally_88f82ac8_5loe1CKO (64cc6679-552c-4c56-9b0e-1adbd3c348bf)
2019-07-28 09:27:53.800 22705 RALLYDEBUG rally_openstack.cleanup.manager [-] Deleting neutron.network object s_rally_88f82ac8_BszLkx5E (69123983-2b1a-421c-996a-7f26cdbf7334)
2019-07-28 09:27:55.080 22705 RALLYDEBUG rally_openstack.cleanup.manager [-] Deleting neutron.network object s_rally_88f82ac8_0sIjdpUa (698f255b-c87c-4565-a1b4-fe853bb232e7)
2019-07-28 09:27:55.215 22705 RALLYDEBUG rally_openstack.cleanup.manager [-] Deleting neutron.network object s_rally_88f82ac8_RTJ3tJ7H (6d4cc93a-d5e3-4ef9-aad7-c45387a55441)
2019-07-28 09:27:55.249 22705 RALLYDEBUG rally_openstack.cleanup.manager [-] Deleting neutron.network object s_rally_88f82ac8_WFf9Cleq (7102609a-441b-4076-8c08-e455bae25cbe)
2019-07-28 09:27:55.330 22705 RALLYDEBUG rally_openstack.cleanup.manager [-] Deleting neutron.network object s_rally_88f82ac8_mM9jDVax (748e1582-1cfe-4304-960f-788b005f0097)
2019-07-28 09:27:55.502 22705 RALLYDEBUG rally_openstack.cleanup.manager [-] Deleting neutron.network object s_rally_88f82ac8_A8rFJXP2 (750523f1-4c5a-44ba-a557-0afab010ae31)
2019-07-28 09:27:55.563 22705 RALLYDEBUG rally_openstack.cleanup.manager [-] Deleting neutron.network object s_rally_88f82ac8_jJmHU6dh (76019c36-445f-4b48-a811-81c71fb75ac5)
2019-07-28 09:27:56.007 22705 RALLYDEBUG rally_openstack.cleanup.manager [-] Deleting neutron.network object s_rally_88f82ac8_SAnyhnK6 (76a71e52-23e4-4ece-a715-b9e7f49572ba)
2019-07-28 09:27:56.040 22705 RALLYDEBUG rally_openstack.cleanup.manager [-] Deleting neutron.network object s_rally_88f82ac8_6ETzQIfn (79c82d3b-d637-4404-8d32-c338827c11a9)
2019-07-28 09:27:56.053 22705 RALLYDEBUG rally_openstack.cleanup.manager [-] Deleting neutron.network object s_rally_88f82ac8_YtOj4D7d (7a72aa94-e897-4d73-a42f-53467bd5bfe6)
2019-07-28 09:27:56.137 22705 RALLYDEBUG rally_openstack.cleanup.manager [-] Deleting neutron.network object s_rally_88f82ac8_WXSqIW0g (7a9d230c-e3d0-41d0-8778-963be794fcc7)
2019-07-28 09:27:56.145 22705 RALLYDEBUG rally_openstack.cleanup.manager [-] Deleting neutron.network object s_rally_88f82ac8_LPybw1n7 (7d1f0e4a-6e75-4cb3-9eed-bbd510a1b1eb)
2019-07-28 09:27:56.171 22705 RALLYDEBUG rally_openstack.cleanup.manager [-] Deleting neutron.network object s_rally_88f82ac8_24zzXcrR (7d71c1af-f5a6-46a2-9a89-0f2061abb35d)
2019-07-28 09:27:56.328 22705 RALLYDEBUG rally_openstack.cleanup.manager [-] Deleting neutron.network object s_rally_88f82ac8_bxRmGZDF (7fd0d73c-e0d0-4632-a7d7-d28a91ca381d)
2019-07-28 09:27:56.383 22705 RALLYDEBUG rally_openstack.cleanup.manager [-] Deleting neutron.network object s_rally_88f82ac8_8u1jT2uf (811d578c-43d3-4f45-8a4a-873b0f6ebd86)
2019-07-28 09:27:56.411 22705 RALLYDEBUG rally_openstack.cleanup.manager [-] Deleting neutron.network object s_rally_88f82ac8_e1hDi4Sl (81ab4c19-803e-40ce-b721-27fea190874f)
2019-07-28 09:27:56.788 22705 RALLYDEBUG rally_openstack.cleanup.manager [-] Deleting neutron.network object s_rally_88f82ac8_uUfzxftp (842a6345-8207-4659-9e77-49617a08a2c2)
2019-07-28 09:27:56.905 22705 RALLYDEBUG rally_openstack.cleanup.manager [-] Deleting neutron.network object s_rally_88f82ac8_PPrpsBau (85b0f845-2c69-450d-8592-1879ab27b07a)
2019-07-28 09:27:57.287 22705 RALLYDEBUG rally_openstack.cleanup.manager [-] Deleting neutron.network object s_rally_88f82ac8_VAe7ijyA (8670290c-3813-42a6-ad07-3ec4072800be)
2019-07-28 09:27:57.583 22705 RALLYDEBUG rally_openstack.cleanup.manager [-] Deleting neutron.network object s_rally_88f82ac8_SH9AKHzk (8671e2c3-df9f-4c98-8c6d-240a691c7f9a)
2019-07-28 09:27:57.978 22705 RALLYDEBUG rally_openstack.cleanup.manager [-] Deleting neutron.network object s_rally_88f82ac8_74E89Oj4 (87cc75a0-ba1c-4e8b-9450-7660826bca37)
2019-07-28 09:27:58.199 22705 RALLYDEBUG rally_openstack.cleanup.manager [-] Deleting neutron.network object s_rally_88f82ac8_ottttAlR (8a920111-2a1e-4284-81c1-100de77d2350)
2019-07-28 09:27:58.221 22705 RALLYDEBUG rally_openstack.cleanup.manager [-] Deleting neutron.network object s_rally_88f82ac8_AApK74o0 (8b337a01-a17c-4225-b39e-97f3b69e2a28)
2019-07-28 09:27:58.465 22705 RALLYDEBUG rally_openstack.cleanup.manager [-] Deleting neutron.network object s_rally_88f82ac8_rEObgHKN (8f8733cb-08c4-4664-8eaa-e9b673a6565d)
2019-07-28 09:27:58.531 22705 RALLYDEBUG rally_openstack.cleanup.manager [-] Deleting neutron.network object s_rally_88f82ac8_cWMcUjAK (99678528-e54f-429b-9df5-af409f388711)
2019-07-28 09:27:59.004 22705 RALLYDEBUG rally_openstack.cleanup.manager [-] Deleting neutron.network object s_rally_88f82ac8_cOF7tLL8 (9acb1aa1-8a1f-42af-8613-2d4945f6029f)
2019-07-28 09:27:59.210 22705 RALLYDEBUG rally_openstack.cleanup.manager [-] Deleting neutron.network object s_rally_88f82ac8_urO3dqIT (a1aba235-4a09-4a56-a3a8-a7043f7a85ea)
2019-07-28 09:27:59.261 22705 RALLYDEBUG rally_openstack.cleanup.manager [-] Deleting neutron.network object s_rally_88f82ac8_ucikZbit (a5f818d0-58fa-4ac4-98ae-1a013ae21d83)
2019-07-28 09:27:59.502 22705 RALLYDEBUG rally_openstack.cleanup.manager [-] Deleting neutron.network object s_rally_88f82ac8_DdxZpWF5 (a94432a5-bcf5-48c8-a048-ef43b06ba10a)
2019-07-28 09:27:59.682 22705 RALLYDEBUG rally_openstack.cleanup.manager [-] Deleting neutron.network object s_rally_88f82ac8_ldqbouXH (aa7c1233-4fef-4d1d-9ac7-b8696e83ebdf)
2019-07-28 09:28:00.002 22705 RALLYDEBUG rally_openstack.cleanup.manager [-] Deleting neutron.network object s_rally_88f82ac8_0zC4OwK2 (aaca4387-4c4e-40aa-994f-9382ad8dd7ac)
2019-07-28 09:28:00.078 22705 RALLYDEBUG rally_openstack.cleanup.manager [-] Deleting neutron.network object s_rally_88f82ac8_cQ35Jis9 (ae69318f-9385-4824-b77d-cbd4faaf2752)
2019-07-28 09:28:00.161 22705 RALLYDEBUG rally_openstack.cleanup.manager [-] Deleting neutron.network object s_rally_88f82ac8_M7968euP (aee69ea9-108f-4324-854e-f710f81171ed)
2019-07-28 09:28:00.206 22705 RALLYDEBUG rally_openstack.cleanup.manager [-] Deleting neutron.network object s_rally_88f82ac8_s7oJNRx6 (b1e675e6-123b-4221-8bd7-e5f83425e693)
2019-07-28 09:28:00.524 22705 RALLYDEBUG rally_openstack.cleanup.manager [-] Deleting neutron.network object s_rally_88f82ac8_Fv4ayWeb (b2c39fc6-dea9-4528-b628-ad358da2ce77)
2019-07-28 09:28:00.524 22705 RALLYDEBUG rally_openstack.cleanup.manager [-] Deleting neutron.network object s_rally_88f82ac8_jDeLHv8g (b838ad3c-9918-4147-ab2e-c23c6ebbdf15)
2019-07-28 09:28:00.558 22705 RALLYDEBUG rally_openstack.cleanup.manager [-] Deleting neutron.network object s_rally_88f82ac8_defH9R1a (bc6f8f2d-4b95-4dbb-ad90-ce3bc305ef2c)
2019-07-28 09:28:00.576 22705 RALLYDEBUG rally_openstack.cleanup.manager [-] Deleting neutron.network object s_rally_88f82ac8_WVymorLA (bec3a8fd-144a-4ee4-aa59-df58cdbe0754)
2019-07-28 09:28:00.592 22705 RALLYDEBUG rally_openstack.cleanup.manager [-] Deleting neutron.network object s_rally_88f82ac8_UBuNxi3v (c573ac05-2a93-4bb8-a583-0048e03629c2)
2019-07-28 09:28:01.000 22705 RALLYDEBUG rally_openstack.cleanup.manager [-] Deleting neutron.network object s_rally_88f82ac8_c4m0cw61 (c701e195-823c-44b0-ad50-c127b8722629)
2019-07-28 09:28:01.114 22705 RALLYDEBUG rally_openstack.cleanup.manager [-] Deleting neutron.network object s_rally_88f82ac8_KrQnDhT9 (c72eb78c-6818-4126-9851-5ec525b12012)
2019-07-28 09:28:01.363 22705 RALLYDEBUG rally_openstack.cleanup.manager [-] Deleting neutron.network object s_rally_88f82ac8_c6ivSMlS (c8e2fd41-783a-425f-a6a0-4307256846d0)
2019-07-28 09:28:01.482 22705 RALLYDEBUG rally_openstack.cleanup.manager [-] Deleting neutron.network object s_rally_88f82ac8_IGSkcodG (c902156d-293e-4132-9a38-6c56f775c52b)
2019-07-28 09:28:01.932 22705 RALLYDEBUG rally_openstack.cleanup.manager [-] Deleting neutron.network object s_rally_88f82ac8_FcXAGZDV (c903319d-447b-4e34-a079-f1e841a9367a)
2019-07-28 09:28:02.132 22705 RALLYDEBUG rally_openstack.cleanup.manager [-] Deleting neutron.network object s_rally_88f82ac8_J9Ptcgvk (ca16ab0e-7128-4fb9-a476-ed3af4c023ab)
2019-07-28 09:28:02.818 22705 RALLYDEBUG rally_openstack.cleanup.manager [-] Deleting neutron.network object s_rally_88f82ac8_8m1aPau7 (cdbd5570-37fa-42af-be3a-331262a2bd0c)
2019-07-28 09:28:03.103 22705 RALLYDEBUG rally_openstack.cleanup.manager [-] Deleting neutron.network object s_rally_88f82ac8_avsNRFau (cde831b3-ae0a-45b9-9f5d-ffcb8928233c)
2019-07-28 09:28:03.225 22705 RALLYDEBUG rally_openstack.cleanup.manager [-] Deleting neutron.network object s_rally_88f82ac8_dQLf3t9j (d1d9c589-800b-4922-8bae-8eb9b4d7806d)
2019-07-28 09:28:03.340 22705 RALLYDEBUG rally_openstack.cleanup.manager [-] Deleting neutron.network object s_rally_88f82ac8_0O9YdR3G (de719e57-4690-40db-a107-a54d3eb55e37)
2019-07-28 09:28:03.461 22705 RALLYDEBUG rally_openstack.cleanup.manager [-] Deleting neutron.network object s_rally_88f82ac8_kIyED8EC (e6fc5cb0-7c8c-4680-a49c-99f07886d19b)
2019-07-28 09:28:03.779 22705 RALLYDEBUG rally_openstack.cleanup.manager [-] Deleting neutron.network object s_rally_88f82ac8_TCoPNxt9 (e8728ea1-d28b-47e3-8704-7dd5eed3491d)
2019-07-28 09:28:03.834 22705 RALLYDEBUG rally_openstack.cleanup.manager [-] Deleting neutron.network object s_rally_88f82ac8_pQro8pY8 (edea2a4b-51e7-4902-8dd0-9c3c323ae304)
2019-07-28 09:28:03.997 22705 RALLYDEBUG rally_openstack.cleanup.manager [-] Deleting neutron.network object s_rally_88f82ac8_7j1nLg1Z (ee58433e-510f-4521-b7ab-d78308015c0e)
2019-07-28 09:28:04.045 22705 RALLYDEBUG rally_openstack.cleanup.manager [-] Deleting neutron.network object s_rally_88f82ac8_LR9CVAuf (efa24a30-4ef1-4244-a54e-e3eb493ee9d4)
2019-07-28 09:28:04.059 22705 RALLYDEBUG rally_openstack.cleanup.manager [-] Deleting neutron.network object s_rally_88f82ac8_47QJj2is (f15ef35e-8296-420c-98c5-00e261796b3b)
