2019-07-28 09:48:56.419 26988 INFO rally.task.runner [-] Task 8def977a-7ff8-4799-bd01-7e71951a598e | ITER: 17 END: OK
2019-07-28 09:48:56.421 26988 INFO rally.task.runner [-] Task 8def977a-7ff8-4799-bd01-7e71951a598e | ITER: 39 START
2019-07-28 09:48:56.422 26988 WARNING rally_openstack.scenarios.neutron.utils [-] Running this scenario without either the 'network' or 'existing_network' context is deprecated
2019-07-28 09:48:56.931 26992 INFO rally.task.runner [-] Task 8def977a-7ff8-4799-bd01-7e71951a598e | ITER: 18 END: OK
2019-07-28 09:48:56.934 26992 INFO rally.task.runner [-] Task 8def977a-7ff8-4799-bd01-7e71951a598e | ITER: 40 START
2019-07-28 09:48:56.934 26992 WARNING rally_openstack.scenarios.neutron.utils [-] Running this scenario without either the 'network' or 'existing_network' context is deprecated
2019-07-28 09:48:56.939 26989 INFO rally.task.runner [-] Task 8def977a-7ff8-4799-bd01-7e71951a598e | ITER: 16 END: OK
2019-07-28 09:48:57.298 26975 INFO rally.task.runner [-] Task 8def977a-7ff8-4799-bd01-7e71951a598e | ITER: 24 END: OK
2019-07-28 09:48:57.365 26980 INFO rally.task.runner [-] Task 8def977a-7ff8-4799-bd01-7e71951a598e | ITER: 22 END: OK
2019-07-28 09:48:57.558 26998 INFO rally.task.runner [-] Task 8def977a-7ff8-4799-bd01-7e71951a598e | ITER: 23 END: OK
2019-07-28 09:49:00.288 26951 INFO rally.task.runner [-] Task 8def977a-7ff8-4799-bd01-7e71951a598e | ITER: 26 END: OK
2019-07-28 09:49:01.970 26997 INFO rally.task.runner [-] Task 8def977a-7ff8-4799-bd01-7e71951a598e | ITER: 28 END: OK
2019-07-28 09:49:02.419 26952 INFO rally.task.runner [-] Task 8def977a-7ff8-4799-bd01-7e71951a598e | ITER: 29 END: OK
2019-07-28 09:49:04.388 26954 INFO rally.task.runner [-] Task 8def977a-7ff8-4799-bd01-7e71951a598e | ITER: 25 END: OK
2019-07-28 09:49:06.089 26954 INFO rally.task.runner [-] Task 8def977a-7ff8-4799-bd01-7e71951a598e | ITER: 32 END: OK
2019-07-28 09:49:06.229 26951 INFO rally.task.runner [-] Task 8def977a-7ff8-4799-bd01-7e71951a598e | ITER: 27 END: OK
2019-07-28 09:49:06.396 26968 INFO rally.task.runner [-] Task 8def977a-7ff8-4799-bd01-7e71951a598e | ITER: 35 END: OK
2019-07-28 09:49:06.777 26953 INFO rally.task.runner [-] Task 8def977a-7ff8-4799-bd01-7e71951a598e | ITER: 37 END: OK
2019-07-28 09:49:06.900 26988 INFO rally.task.runner [-] Task 8def977a-7ff8-4799-bd01-7e71951a598e | ITER: 39 END: OK
2019-07-28 09:49:08.341 26992 INFO rally.task.runner [-] Task 8def977a-7ff8-4799-bd01-7e71951a598e | ITER: 40 END: OK
2019-07-28 09:49:10.602 26963 INFO rally.task.runner [-] Task 8def977a-7ff8-4799-bd01-7e71951a598e | ITER: 30 END: OK
2019-07-28 09:49:11.243 26953 INFO rally.task.runner [-] Task 8def977a-7ff8-4799-bd01-7e71951a598e | ITER: 33 END: OK
2019-07-28 09:49:11.413 26957 INFO rally.task.runner [-] Task 8def977a-7ff8-4799-bd01-7e71951a598e | ITER: 31 END: OK
2019-07-28 09:49:11.526 26952 INFO rally.task.runner [-] Task 8def977a-7ff8-4799-bd01-7e71951a598e | ITER: 34 END: OK
2019-07-28 09:49:11.572 26958 INFO rally.task.runner [-] Task 8def977a-7ff8-4799-bd01-7e71951a598e | ITER: 36 END: OK
2019-07-28 09:49:11.981 26973 INFO rally.task.runner [-] Task 8def977a-7ff8-4799-bd01-7e71951a598e | ITER: 38 END: OK
2019-07-28 09:49:12.007 22705 INFO rally.task.context [-] Task 8def977a-7ff8-4799-bd01-7e71951a598e | Context cleanup@openstack cleanup() started
2019-07-28 09:49:12.009 22705 RALLYDEBUG rally_openstack.cleanup.manager [-] Cleaning up neutron vip objects
2019-07-28 09:49:12.644 22705 RALLYDEBUG rally_openstack.cleanup.manager [-] Cleaning up neutron health_monitor objects
2019-07-28 09:49:13.272 22705 RALLYDEBUG rally_openstack.cleanup.manager [-] Cleaning up neutron pool objects
2019-07-28 09:49:14.123 22705 RALLYDEBUG rally_openstack.cleanup.manager [-] Cleaning up neutron loadbalancer objects
2019-07-28 09:49:15.240 22705 RALLYDEBUG rally_openstack.cleanup.manager [-] Cleaning up neutron floatingip objects
2019-07-28 09:49:15.982 22705 RALLYDEBUG rally_openstack.cleanup.manager [-] Cleaning up neutron port objects
2019-07-28 09:49:16.672 22705 RALLYDEBUG rally_openstack.cleanup.manager [-] Cleaning up neutron subnet objects
2019-07-28 09:49:17.329 22705 RALLYDEBUG rally_openstack.cleanup.manager [-] Cleaning up neutron network objects
2019-07-28 09:49:18.264 22705 RALLYDEBUG rally_openstack.cleanup.manager [-] Deleting neutron.network object s_rally_0c87eccc_NutqImCp (0578a401-1be1-4283-89c1-58c459d2552e)
2019-07-28 09:49:18.271 22705 RALLYDEBUG rally_openstack.cleanup.manager [-] Deleting neutron.network object s_rally_0c87eccc_73ZxWxSS (17ed3b1b-1621-4161-bc51-b89ebd04994a)
2019-07-28 09:49:18.279 22705 RALLYDEBUG rally_openstack.cleanup.manager [-] Deleting neutron.network object s_rally_0c87eccc_2lvYmCxF (0aa21f96-1ee4-4305-8539-6820a78b2f90)
2019-07-28 09:49:18.281 22705 RALLYDEBUG rally_openstack.cleanup.manager [-] Deleting neutron.network object s_rally_0c87eccc_KbTKTnE4 (00d9d0b8-93ee-4411-a51a-d6ad948827e5)
2019-07-28 09:49:18.281 22705 RALLYDEBUG rally_openstack.cleanup.manager [-] Deleting neutron.network object s_rally_0c87eccc_b9v4q54K (15b14b43-78d7-404f-9bc6-259218cbb63c)
2019-07-28 09:49:18.284 22705 RALLYDEBUG rally_openstack.cleanup.manager [-] Deleting neutron.network object s_rally_0c87eccc_aqIa1cf9 (28ba1423-fb16-4cc6-98c1-ca3a75d14b24)
2019-07-28 09:49:18.285 22705 RALLYDEBUG rally_openstack.cleanup.manager [-] Deleting neutron.network object s_rally_0c87eccc_7tR4BjYh (11d08f79-033d-4a16-9be3-f40feae32fc0)
2019-07-28 09:49:18.294 22705 RALLYDEBUG rally_openstack.cleanup.manager [-] Deleting neutron.network object s_rally_0c87eccc_BLRtnRmb (0536a72b-2ee6-40bb-aa4d-73a83eb1d248)
2019-07-28 09:49:18.296 22705 RALLYDEBUG rally_openstack.cleanup.manager [-] Deleting neutron.network object s_rally_0c87eccc_uHFDR6YM (2d1e6308-5071-473a-982b-cefdf1c7e6bb)
2019-07-28 09:49:18.297 22705 RALLYDEBUG rally_openstack.cleanup.manager [-] Deleting neutron.network object s_rally_0c87eccc_2j2o0YwC (0363605b-29ab-4ffc-ba56-10e2e9687e31)
2019-07-28 09:49:18.310 22705 RALLYDEBUG rally_openstack.cleanup.manager [-] Deleting neutron.network object s_rally_0c87eccc_HF6WWZmR (40eacd05-2d34-4508-b8b2-a67222a65dcf)
2019-07-28 09:49:18.312 22705 RALLYDEBUG rally_openstack.cleanup.manager [-] Deleting neutron.network object s_rally_0c87eccc_RkNBbL6m (3062da30-ed9e-467c-9514-631e12d83e66)
2019-07-28 09:49:18.328 22705 RALLYDEBUG rally_openstack.cleanup.manager [-] Deleting neutron.network object s_rally_0c87eccc_QkB3BKeI (44e7c9ea-9e82-45fc-b03c-36fcd7327f3a)
2019-07-28 09:49:18.338 22705 RALLYDEBUG rally_openstack.cleanup.manager [-] Deleting neutron.network object s_rally_0c87eccc_KlIAWX5Z (45bcbc0f-6eaf-4bbc-82df-47af12c7e69e)
2019-07-28 09:49:18.368 22705 RALLYDEBUG rally_openstack.cleanup.manager [-] Deleting neutron.network object s_rally_0c87eccc_Mmo0koOs (532a7a56-9d31-475d-8d5f-e4e202f64aa8)
2019-07-28 09:49:18.389 22705 RALLYDEBUG rally_openstack.cleanup.manager [-] Deleting neutron.network object s_rally_0c87eccc_6hRV8vA7 (63d08878-40b9-4e3e-bd40-ad623bfe98b1)
2019-07-28 09:49:18.397 22705 RALLYDEBUG rally_openstack.cleanup.manager [-] Deleting neutron.network object s_rally_0c87eccc_X0LMx17H (63e52034-36a3-436b-b03a-cedc26b7eaa5)
2019-07-28 09:49:18.412 22705 RALLYDEBUG rally_openstack.cleanup.manager [-] Deleting neutron.network object s_rally_0c87eccc_9w1cV904 (70fa2a05-64e0-4c07-8c40-6e03f503f37e)
2019-07-28 09:49:18.413 22705 RALLYDEBUG rally_openstack.cleanup.manager [-] Deleting neutron.network object s_rally_0c87eccc_tCVd1lcI (6727268b-74d6-4f7f-8004-6cf889f9b738)
2019-07-28 09:49:18.430 22705 RALLYDEBUG rally_openstack.cleanup.manager [-] Deleting neutron.network object s_rally_0c87eccc_rgJzZ0xg (788f38b2-673e-438c-a269-96fc135837dd)
2019-07-28 09:49:21.280 22705 RALLYDEBUG rally_openstack.cleanup.manager [-] Deleting neutron.network object s_rally_0c87eccc_E9yu58WC (79dc8e35-288a-4c7f-b68b-2598098de797)
2019-07-28 09:49:21.362 22705 RALLYDEBUG rally_openstack.cleanup.manager [-] Deleting neutron.network object s_rally_0c87eccc_lug1essJ (9339a55b-d857-4217-9e10-5b3f5471593e)
2019-07-28 09:49:21.595 22705 RALLYDEBUG rally_openstack.cleanup.manager [-] Deleting neutron.network object s_rally_0c87eccc_0oaWvxVb (95ee5a23-22c9-497d-997c-592406595a28)
2019-07-28 09:49:21.650 22705 RALLYDEBUG rally_openstack.cleanup.manager [-] Deleting neutron.network object s_rally_0c87eccc_QKt9erdA (a3fcfcc8-243b-4629-8e74-9bc8bd3b8dfc)
2019-07-28 09:49:22.793 22705 RALLYDEBUG rally_openstack.cleanup.manager [-] Deleting neutron.network object s_rally_0c87eccc_0T4cckno (ad8115b4-eaaf-42c7-8d26-1a5a96787afd)
2019-07-28 09:49:23.127 22705 RALLYDEBUG rally_openstack.cleanup.manager [-] Deleting neutron.network object s_rally_0c87eccc_5RQOXsCh (b0a15a5a-aab2-4c31-abf3-a83aa3c30d29)
2019-07-28 09:49:23.556 22705 RALLYDEBUG rally_openstack.cleanup.manager [-] Deleting neutron.network object s_rally_0c87eccc_QOaMeP8M (b3f8e823-ae1d-466f-b67a-ad1c920a7b13)
2019-07-28 09:49:23.894 22705 RALLYDEBUG rally_openstack.cleanup.manager [-] Deleting neutron.network object s_rally_0c87eccc_q6EeBb3B (b8f933a0-14a7-4cb1-8a51-bc72b09f8afd)
2019-07-28 09:49:24.160 22705 RALLYDEBUG rally_openstack.cleanup.manager [-] Deleting neutron.network object s_rally_0c87eccc_rImFbKx4 (b91d31be-abca-4089-b34e-3ef7521d8012)
2019-07-28 09:49:24.179 22705 RALLYDEBUG rally_openstack.cleanup.manager [-] Deleting neutron.network object s_rally_0c87eccc_XqITsYKJ (c73c82d0-4f3f-4383-a4ef-e675b8e8c355)
2019-07-28 09:49:24.423 22705 RALLYDEBUG rally_openstack.cleanup.manager [-] Deleting neutron.network object s_rally_0c87eccc_EgMcadaQ (cbcc0b71-13e8-4a7c-9030-140553d9087b)
2019-07-28 09:49:24.435 22705 RALLYDEBUG rally_openstack.cleanup.manager [-] Deleting neutron.network object s_rally_0c87eccc_dUD8DqSI (cd969bfe-be70-4202-a11d-5e06b0161b7a)
2019-07-28 09:49:24.829 22705 RALLYDEBUG rally_openstack.cleanup.manager [-] Deleting neutron.network object s_rally_0c87eccc_KXlDxgeF (d9f62955-d5ea-45e8-afad-8b56caac1fe5)
2019-07-28 09:49:25.536 22705 RALLYDEBUG rally_openstack.cleanup.manager [-] Deleting neutron.network object s_rally_0c87eccc_Bxz2omGy (dd017569-670a-451a-a5dc-a8164e7004a8)
2019-07-28 09:49:26.052 22705 RALLYDEBUG rally_openstack.cleanup.manager [-] Deleting neutron.network object s_rally_0c87eccc_PB6qjUlA (e0617883-0958-4c65-b02a-e10dc06dab97)
2019-07-28 09:49:26.106 22705 RALLYDEBUG rally_openstack.cleanup.manager [-] Deleting neutron.network object s_rally_0c87eccc_5YofRQO6 (e34f03e0-9095-4d01-8bf3-e7266bc3b8e6)
2019-07-28 09:49:26.185 22705 RALLYDEBUG rally_openstack.cleanup.manager [-] Deleting neutron.network object s_rally_0c87eccc_4J3Tdmo0 (e6e1127d-7210-4fea-90b5-0117f66ad56c)
2019-07-28 09:49:26.362 22705 RALLYDEBUG rally_openstack.cleanup.manager [-] Deleting neutron.network object s_rally_0c87eccc_ptOqCgd6 (f6784890-53b3-441f-b198-504cf687b142)
2019-07-28 09:49:26.366 22705 RALLYDEBUG rally_openstack.cleanup.manager [-] Deleting neutron.network object s_rally_0c87eccc_UAjpHTYc (fb5f1f79-b1d0-496c-b7a0-9aad8a49d8c3)
2019-07-28 09:49:26.372 22705 RALLYDEBUG rally_openstack.cleanup.manager [-] Deleting neutron.network object s_rally_0c87eccc_yXz4AQY3 (ff5e27d7-05a6-4b33-867e-4d7bfb84e55c)
2019-07-28 09:49:29.601 22705 RALLYDEBUG rally_openstack.cleanup.manager [-] Cleaning up neutron router objects
2019-07-28 09:49:30.263 22705 RALLYDEBUG rally_openstack.cleanup.manager [-] Cleaning up neutron security_group objects
2019-07-28 09:49:30.919 22705 INFO rally.task.context [-] Task 8def977a-7ff8-4799-bd01-7e71951a598e | Context cleanup@openstack cleanup() finished in 18.91 sec
2019-07-28 09:49:30.920 22705 INFO rally.task.context [-] Task 8def977a-7ff8-4799-bd01-7e71951a598e | Context quotas@openstack cleanup() started
2019-07-28 09:49:31.135 22705 INFO rally.task.context [-] Task 8def977a-7ff8-4799-bd01-7e71951a598e | Context quotas@openstack cleanup() finished in 0.22 sec
2019-07-28 09:49:31.136 22705 INFO rally.task.context [-] Task 8def977a-7ff8-4799-bd01-7e71951a598e | Context users@openstack cleanup() started
2019-07-28 09:49:35.551 22705 INFO rally.task.context [-] Task 8def977a-7ff8-4799-bd01-7e71951a598e | Context users@openstack cleanup() finished in 4.42 sec
2019-07-28 09:49:37.513 22705 INFO rally.task.engine [-] Load duration is: 43.49845
2019-07-28 09:49:37.513 22705 INFO rally.task.engine [-] Full runner duration is: 43.542911
2019-07-28 09:49:37.514 22705 INFO rally.task.engine [-] Full duration is: 72.304952
2019-07-28 09:49:37.831 22705 INFO rally.task.engine [-] Running workload: position = 0 config = { "version": 2, "title": "A cropped version of a bigger task.", "description": "Auto-generated task from a single workload (uuid=e77fe208-29b3-4dd7-8210-597df8498fb0)", "subtasks": [ { "title": "Quotas.neutron_update", "description": "Update quotas for neutron.", "scenario": { "Quotas.neutron_update": { "max_quota": 1024 } }, "contexts": { "users": { "tenants": 20, "users_per_tenant": 1 } }, "runner": { "constant": { "times": 40, "concurrency": 20 } }, "hooks": [], "sla": { "failure_rate": { "max": 0 } } } ] }
2019-07-28 09:49:37.849 22705 RALLYDEBUG rally_openstack.contexts.keystone.users [-] Creating 20 tenants using 20 threads
2019-07-28 09:49:41.715 22705 RALLYDEBUG rally_openstack.contexts.keystone.users [-] Creating 20 users using 20 threads
2019-07-28 09:49:47.067 22705 INFO rally.task.context [-] Task 8def977a-7ff8-4799-bd01-7e71951a598e | Context users@openstack setup() finished in 9.22 sec
2019-07-28 09:49:47.067 22705 INFO rally.task.context [-] Task 8def977a-7ff8-4799-bd01-7e71951a598e | Context admin_cleanup@openstack setup() finished in 0.00 msec
2019-07-28 09:49:47.076 22705 RALLYDEBUG rally.task.runner [-] Starting the constant runner (task UUID: 8def977a-7ff8-4799-bd01-7e71951a598e). timeout: 0 concurrency: 20 concurrency_per_worker: 1 times: 40 concurrency_overhead: 4 processes_to_start: 16 max_cpu_used: 16
2019-07-28 09:49:47.089 27321 RALLYDEBUG rally.task.runner [-] Starting a worker. concurrency: 2 args: {"max_quota": 1024} times: 40 method_name: run timeout: 0 duration: None cls:
2019-07-28 09:49:47.092 27322 RALLYDEBUG rally.task.runner [-] Starting a worker. concurrency: 2 args: {"max_quota": 1024} times: 40 method_name: run timeout: 0 duration: None cls:
2019-07-28 09:49:47.093 27323 RALLYDEBUG rally.task.runner [-] Starting a worker. concurrency: 2 args: {"max_quota": 1024} times: 40 method_name: run timeout: 0 duration: None cls:
2019-07-28 09:49:47.098 27324 RALLYDEBUG rally.task.runner [-] Starting a worker. concurrency: 2 args: {"max_quota": 1024} times: 40 method_name: run timeout: 0 duration: None cls:
2019-07-28 09:49:47.101 27322 INFO rally.task.runner [-] Task 8def977a-7ff8-4799-bd01-7e71951a598e | ITER: 2 START
2019-07-28 09:49:47.102 27321 INFO rally.task.runner [-] Task 8def977a-7ff8-4799-bd01-7e71951a598e | ITER: 1 START
2019-07-28 09:49:47.103 27321 INFO rally.task.runner [-] Task 8def977a-7ff8-4799-bd01-7e71951a598e | ITER: 4 START
2019-07-28 09:49:47.103 27323 INFO rally.task.runner [-] Task 8def977a-7ff8-4799-bd01-7e71951a598e | ITER: 3 START
2019-07-28 09:49:47.103 27325 RALLYDEBUG rally.task.runner [-] Starting a worker. concurrency: 1 args: {"max_quota": 1024} times: 40 method_name: run timeout: 0 duration: None cls:
2019-07-28 09:49:47.107 27323 INFO rally.task.runner [-] Task 8def977a-7ff8-4799-bd01-7e71951a598e | ITER: 6 START
2019-07-28 09:49:47.108 27333 RALLYDEBUG rally.task.runner [-] Starting a worker. concurrency: 1 args: {"max_quota": 1024} times: 40 method_name: run timeout: 0 duration: None cls:
2019-07-28 09:49:47.114 27325 INFO rally.task.runner [-] Task 8def977a-7ff8-4799-bd01-7e71951a598e | ITER: 8 START
2019-07-28 09:49:47.113 27324 INFO rally.task.runner [-] Task 8def977a-7ff8-4799-bd01-7e71951a598e | ITER: 5 START
2019-07-28 09:49:47.115 27333 INFO rally.task.runner [-] Task 8def977a-7ff8-4799-bd01-7e71951a598e | ITER: 10 START
2019-07-28 09:49:47.116 27336 RALLYDEBUG rally.task.runner [-] Starting a worker. concurrency: 1 args: {"max_quota": 1024} times: 40 method_name: run timeout: 0 duration: None cls:
2019-07-28 09:49:47.118 27324 INFO rally.task.runner [-] Task 8def977a-7ff8-4799-bd01-7e71951a598e | ITER: 9 START
2019-07-28 09:49:47.122 27336 INFO rally.task.runner [-] Task 8def977a-7ff8-4799-bd01-7e71951a598e | ITER: 11 START
2019-07-28 09:49:47.122 27343 RALLYDEBUG rally.task.runner [-] Starting a worker. concurrency: 1 args: {"max_quota": 1024} times: 40 method_name: run timeout: 0 duration: None cls:
2019-07-28 09:49:47.124 27322 INFO rally.task.runner [-] Task 8def977a-7ff8-4799-bd01-7e71951a598e | ITER: 7 START
2019-07-28 09:49:47.127 27347 RALLYDEBUG rally.task.runner [-] Starting a worker. concurrency: 1 args: {"max_quota": 1024} times: 40 method_name: run timeout: 0 duration: None cls:
2019-07-28 09:49:47.131 27343 INFO rally.task.runner [-] Task 8def977a-7ff8-4799-bd01-7e71951a598e | ITER: 12 START
2019-07-28 09:49:47.135 27347 INFO rally.task.runner [-] Task 8def977a-7ff8-4799-bd01-7e71951a598e | ITER: 13 START
2019-07-28 09:49:47.140 27349 RALLYDEBUG rally.task.runner [-] Starting a worker. concurrency: 1 args: {"max_quota": 1024} times: 40 method_name: run timeout: 0 duration: None cls:
2019-07-28 09:49:47.144 27353 RALLYDEBUG rally.task.runner [-] Starting a worker. concurrency: 1 args: {"max_quota": 1024} times: 40 method_name: run timeout: 0 duration: None cls:
2019-07-28 09:49:47.149 27354 RALLYDEBUG rally.task.runner [-] Starting a worker. concurrency: 1 args: {"max_quota": 1024} times: 40 method_name: run timeout: 0 duration: None cls:
2019-07-28 09:49:47.150 27349 INFO rally.task.runner [-] Task 8def977a-7ff8-4799-bd01-7e71951a598e | ITER: 14 START
2019-07-28 09:49:47.152 27353 INFO rally.task.runner [-] Task 8def977a-7ff8-4799-bd01-7e71951a598e | ITER: 15 START
2019-07-28 09:49:47.154 27355 RALLYDEBUG rally.task.runner [-] Starting a worker. concurrency: 1 args: {"max_quota": 1024} times: 40 method_name: run timeout: 0 duration: None cls:
2019-07-28 09:49:47.155 27354 INFO rally.task.runner [-] Task 8def977a-7ff8-4799-bd01-7e71951a598e | ITER: 16 START
2019-07-28 09:49:47.159 27360 RALLYDEBUG rally.task.runner [-] Starting a worker. concurrency: 1 args: {"max_quota": 1024} times: 40 method_name: run timeout: 0 duration: None cls:
2019-07-28 09:49:47.161 27355 INFO rally.task.runner [-] Task 8def977a-7ff8-4799-bd01-7e71951a598e | ITER: 17 START
2019-07-28 09:49:47.165 27360 INFO rally.task.runner [-] Task 8def977a-7ff8-4799-bd01-7e71951a598e | ITER: 18 START
2019-07-28 09:49:47.165 27363 RALLYDEBUG rally.task.runner [-] Starting a worker. concurrency: 1 args: {"max_quota": 1024} times: 40 method_name: run timeout: 0 duration: None cls:
2019-07-28 09:49:47.170 27368 RALLYDEBUG rally.task.runner [-] Starting a worker. concurrency: 1 args: {"max_quota": 1024} times: 40 method_name: run timeout: 0 duration: None cls:
2019-07-28 09:49:47.171 27363 INFO rally.task.runner [-] Task 8def977a-7ff8-4799-bd01-7e71951a598e | ITER: 19 START
2019-07-28 09:49:47.174 27368 INFO rally.task.runner [-] Task 8def977a-7ff8-4799-bd01-7e71951a598e | ITER: 20 START
2019-07-28 09:49:48.516 27322 INFO rally.task.runner [-] Task 8def977a-7ff8-4799-bd01-7e71951a598e | ITER: 2 END: OK
2019-07-28 09:49:48.522 27322 INFO rally.task.runner [-] Task 8def977a-7ff8-4799-bd01-7e71951a598e | ITER: 21 START
2019-07-28 09:49:48.627 27323 INFO rally.task.runner [-] Task 8def977a-7ff8-4799-bd01-7e71951a598e | ITER: 3 END: OK
2019-07-28 09:49:48.630 27323 INFO rally.task.runner [-] Task 8def977a-7ff8-4799-bd01-7e71951a598e | ITER: 22 START
2019-07-28 09:49:48.636 27333 INFO rally.task.runner [-] Task 8def977a-7ff8-4799-bd01-7e71951a598e | ITER: 10 END: OK
2019-07-28 09:49:48.642 27333 INFO rally.task.runner [-] Task 8def977a-7ff8-4799-bd01-7e71951a598e | ITER: 23 START
2019-07-28 09:49:48.680 27321 INFO rally.task.runner [-] Task 8def977a-7ff8-4799-bd01-7e71951a598e | ITER: 4 END: OK
2019-07-28 09:49:48.680 27336 INFO rally.task.runner [-] Task 8def977a-7ff8-4799-bd01-7e71951a598e | ITER: 11 END: OK
2019-07-28 09:49:48.682 27321 INFO rally.task.runner [-] Task 8def977a-7ff8-4799-bd01-7e71951a598e | ITER: 1 END: OK
2019-07-28 09:49:48.686 27321 INFO rally.task.runner [-] Task 8def977a-7ff8-4799-bd01-7e71951a598e | ITER: 25 START
2019-07-28 09:49:48.686 27336 INFO rally.task.runner [-] Task 8def977a-7ff8-4799-bd01-7e71951a598e | ITER: 24 START
2019-07-28 09:49:48.693 27321 INFO rally.task.runner [-] Task 8def977a-7ff8-4799-bd01-7e71951a598e | ITER: 26 START
2019-07-28 09:49:48.696 27325 INFO rally.task.runner [-] Task 8def977a-7ff8-4799-bd01-7e71951a598e | ITER: 8 END: OK
2019-07-28 09:49:48.701 27325 INFO rally.task.runner [-] Task 8def977a-7ff8-4799-bd01-7e71951a598e | ITER: 27 START
2019-07-28 09:49:48.719 27322 INFO rally.task.runner [-] Task 8def977a-7ff8-4799-bd01-7e71951a598e | ITER: 7 END: OK
2019-07-28 09:49:48.723 27322 INFO rally.task.runner [-] Task 8def977a-7ff8-4799-bd01-7e71951a598e | ITER: 28 START
2019-07-28 09:49:48.724 27324 INFO rally.task.runner [-] Task 8def977a-7ff8-4799-bd01-7e71951a598e | ITER: 5 END: OK
2019-07-28 09:49:48.730 27324 INFO rally.task.runner [-] Task 8def977a-7ff8-4799-bd01-7e71951a598e | ITER: 29 START
2019-07-28 09:49:48.756 27323 INFO rally.task.runner [-] Task 8def977a-7ff8-4799-bd01-7e71951a598e | ITER: 6 END: OK
2019-07-28 09:49:48.760 27323 INFO rally.task.runner [-] Task 8def977a-7ff8-4799-bd01-7e71951a598e | ITER: 30 START
2019-07-28 09:49:48.786 27343 INFO rally.task.runner [-] Task 8def977a-7ff8-4799-bd01-7e71951a598e | ITER: 12 END: OK
2019-07-28 09:49:48.792 27343 INFO rally.task.runner [-] Task 8def977a-7ff8-4799-bd01-7e71951a598e | ITER: 31 START
2019-07-28 09:49:48.902 27324 INFO rally.task.runner [-] Task 8def977a-7ff8-4799-bd01-7e71951a598e | ITER: 9 END: OK
2019-07-28 09:49:48.908 27324 INFO rally.task.runner [-] Task 8def977a-7ff8-4799-bd01-7e71951a598e | ITER: 32 START
2019-07-28 09:49:48.920 27347 INFO rally.task.runner [-] Task 8def977a-7ff8-4799-bd01-7e71951a598e | ITER: 13 END: OK
2019-07-28 09:49:48.924 27347 INFO rally.task.runner [-] Task 8def977a-7ff8-4799-bd01-7e71951a598e | ITER: 33 START
2019-07-28 09:49:48.982 27353 INFO rally.task.runner [-] Task 8def977a-7ff8-4799-bd01-7e71951a598e | ITER: 15 END: OK
2019-07-28 09:49:48.983 27363 INFO rally.task.runner [-] Task 8def977a-7ff8-4799-bd01-7e71951a598e | ITER: 19 END: OK
2019-07-28 09:49:48.987 27353 INFO rally.task.runner [-] Task 8def977a-7ff8-4799-bd01-7e71951a598e | ITER: 34 START
2019-07-28 09:49:48.988 27363 INFO rally.task.runner [-] Task 8def977a-7ff8-4799-bd01-7e71951a598e | ITER: 35 START
2019-07-28 09:49:49.032 27354 INFO rally.task.runner [-] Task 8def977a-7ff8-4799-bd01-7e71951a598e | ITER: 16 END: OK
2019-07-28 09:49:49.038 27354 INFO rally.task.runner [-] Task 8def977a-7ff8-4799-bd01-7e71951a598e | ITER: 36 START
2019-07-28 09:49:49.112 27368 INFO rally.task.runner [-] Task 8def977a-7ff8-4799-bd01-7e71951a598e | ITER: 20 END: OK
2019-07-28 09:49:49.114 27355 INFO rally.task.runner [-] Task 8def977a-7ff8-4799-bd01-7e71951a598e | ITER: 17 END: OK
2019-07-28 09:49:49.116 27368 INFO rally.task.runner [-] Task 8def977a-7ff8-4799-bd01-7e71951a598e | ITER: 37 START
2019-07-28 09:49:49.120 27355 INFO rally.task.runner [-] Task 8def977a-7ff8-4799-bd01-7e71951a598e | ITER: 38 START
2019-07-28 09:49:49.137 27360 INFO rally.task.runner [-] Task 8def977a-7ff8-4799-bd01-7e71951a598e | ITER: 18 END: OK
2019-07-28 09:49:49.138 27349 INFO rally.task.runner [-] Task 8def977a-7ff8-4799-bd01-7e71951a598e | ITER: 14 END: OK
2019-07-28 09:49:49.141 27360 INFO rally.task.runner [-] Task 8def977a-7ff8-4799-bd01-7e71951a598e | ITER: 39 START
2019-07-28 09:49:49.143 27349 INFO rally.task.runner [-] Task 8def977a-7ff8-4799-bd01-7e71951a598e | ITER: 40 START
2019-07-28 09:49:49.893 27322 INFO rally.task.runner [-] Task 8def977a-7ff8-4799-bd01-7e71951a598e | ITER: 21 END: OK
2019-07-28 09:49:50.058 27336 INFO rally.task.runner [-] Task 8def977a-7ff8-4799-bd01-7e71951a598e | ITER: 24 END: OK
2019-07-28 09:49:50.102 27333 INFO rally.task.runner [-] Task 8def977a-7ff8-4799-bd01-7e71951a598e | ITER: 23 END: OK
2019-07-28 09:49:50.141 27325 INFO rally.task.runner [-] Task 8def977a-7ff8-4799-bd01-7e71951a598e | ITER: 27 END: OK
2019-07-28 09:49:50.152 27323 INFO rally.task.runner [-] Task 8def977a-7ff8-4799-bd01-7e71951a598e | ITER: 30 END: OK
2019-07-28 09:49:50.171 27322 INFO rally.task.runner [-] Task 8def977a-7ff8-4799-bd01-7e71951a598e | ITER: 28 END: OK
2019-07-28 09:49:50.202 27321 INFO rally.task.runner [-] Task 8def977a-7ff8-4799-bd01-7e71951a598e | ITER: 26 END: OK
2019-07-28 09:49:50.235 27324 INFO rally.task.runner [-] Task 8def977a-7ff8-4799-bd01-7e71951a598e | ITER: 29 END: OK
2019-07-28 09:49:50.244 27321 INFO rally.task.runner [-] Task 8def977a-7ff8-4799-bd01-7e71951a598e | ITER: 25 END: OK
2019-07-28 09:49:50.285 27343 INFO rally.task.runner [-] Task 8def977a-7ff8-4799-bd01-7e71951a598e | ITER: 31 END: OK
2019-07-28 09:49:50.286 27323 INFO rally.task.runner [-] Task 8def977a-7ff8-4799-bd01-7e71951a598e | ITER: 22 END: OK
2019-07-28 09:49:50.330 27324 INFO rally.task.runner [-] Task 8def977a-7ff8-4799-bd01-7e71951a598e | ITER: 32 END: OK
2019-07-28 09:49:50.439 27360 INFO rally.task.runner [-] Task 8def977a-7ff8-4799-bd01-7e71951a598e | ITER: 39 END: OK
2019-07-28 09:49:50.486 27368 INFO rally.task.runner [-] Task 8def977a-7ff8-4799-bd01-7e71951a598e | ITER: 37 END: OK
2019-07-28 09:49:50.495 27347 INFO rally.task.runner [-] Task 8def977a-7ff8-4799-bd01-7e71951a598e | ITER: 33 END: OK
2019-07-28 09:49:50.551 27353 INFO rally.task.runner [-] Task 8def977a-7ff8-4799-bd01-7e71951a598e | ITER: 34 END: OK
2019-07-28 09:49:50.560 27349 INFO rally.task.runner [-] Task 8def977a-7ff8-4799-bd01-7e71951a598e | ITER: 40 END: OK
2019-07-28 09:49:50.576 27354 INFO rally.task.runner [-] Task 8def977a-7ff8-4799-bd01-7e71951a598e | ITER: 36 END: OK
2019-07-28 09:49:50.588 27355 INFO rally.task.runner [-] Task 8def977a-7ff8-4799-bd01-7e71951a598e | ITER: 38 END: OK
2019-07-28 09:49:50.661 27363 INFO rally.task.runner [-] Task 8def977a-7ff8-4799-bd01-7e71951a598e | ITER: 35 END: OK
2019-07-28 09:49:50.684 22705 INFO rally.task.context [-] Task 8def977a-7ff8-4799-bd01-7e71951a598e | Context admin_cleanup@openstack cleanup() started
2019-07-28 09:49:50.685 22705 RALLYDEBUG rally_openstack.cleanup.manager [-] Cleaning up neutron quota objects
2019-07-28 09:49:54.252 22705 INFO rally.task.context [-] Task 8def977a-7ff8-4799-bd01-7e71951a598e | Context admin_cleanup@openstack cleanup() finished in 3.57 sec
2019-07-28 09:49:54.252 22705 INFO rally.task.context [-] Task 8def977a-7ff8-4799-bd01-7e71951a598e | Context users@openstack cleanup() started
2019-07-28 09:50:21.867 22705 INFO rally.task.context [-] Task 8def977a-7ff8-4799-bd01-7e71951a598e | Context users@openstack cleanup() finished in 27.62 sec
2019-07-28 09:50:22.152 22705 INFO rally.task.engine [-] Load duration is: 3.557661
2019-07-28 09:50:22.152 22705 INFO rally.task.engine [-] Full runner duration is: 3.610201
2019-07-28 09:50:22.153 22705 INFO rally.task.engine [-] Full duration is: 44.019827
2019-07-28 09:50:22.478 22705 INFO rally.task.engine [-] Running workload: position = 0 config = { "version": 2, "title": "A cropped version of a bigger task.", "description": "Auto-generated task from a single workload (uuid=5bbd4bec-efd7-4a54-9062-697ed262f59b)", "subtasks": [ { "title": "NeutronTrunks.create_and_list_trunk_subports", "description": "", "scenario": { "NeutronTrunks.create_and_list_trunk_subports": { "subport_count": 125 } }, "contexts": { "users": { "tenants": 1, "users_per_tenant": 1 }, "quotas": { "neutron": { "network": -1, "port": 1000 } } }, "runner": { "constant": { "times": 4, "concurrency": 4 } }, "hooks": [], "sla": { "failure_rate": { "max": 0 } } } ] }
2019-07-28 09:50:22.500 22705 RALLYDEBUG rally_openstack.contexts.keystone.users [-] Creating 1 tenants using 20 threads
2019-07-28 09:50:24.090 22705 RALLYDEBUG rally_openstack.contexts.keystone.users [-] Creating 1 users using 20 threads
2019-07-28 09:50:26.510 22705 INFO rally.task.context [-] Task 8def977a-7ff8-4799-bd01-7e71951a598e | Context users@openstack setup() finished in 4.01 sec
2019-07-28 09:50:27.260 22705 INFO rally.task.context [-] Task 8def977a-7ff8-4799-bd01-7e71951a598e | Context quotas@openstack setup() finished in 0.75 sec
2019-07-28 09:50:27.261 22705 INFO rally.task.context [-] Task 8def977a-7ff8-4799-bd01-7e71951a598e | Context cleanup@openstack setup() finished in 0.00 msec
2019-07-28 09:50:27.268 22705 RALLYDEBUG rally.task.runner [-] Starting the constant runner (task UUID: 8def977a-7ff8-4799-bd01-7e71951a598e). timeout: 0 concurrency: 4 concurrency_per_worker: 1 times: 4 concurrency_overhead: 0 processes_to_start: 4 max_cpu_used: 16
2019-07-28 09:50:27.280 27511 RALLYDEBUG rally.task.runner [-] Starting a worker. concurrency: 1 args: {"subport_count": 125} times: 4 method_name: run timeout: 0 duration: None cls:
2019-07-28 09:50:27.282 27512 RALLYDEBUG rally.task.runner [-] Starting a worker. concurrency: 1 args: {"subport_count": 125} times: 4 method_name: run timeout: 0 duration: None cls:
2019-07-28 09:50:27.285 27511 INFO rally.task.runner [-] Task 8def977a-7ff8-4799-bd01-7e71951a598e | ITER: 1 START
2019-07-28 09:50:27.286 27512 INFO rally.task.runner [-] Task 8def977a-7ff8-4799-bd01-7e71951a598e | ITER: 2 START
2019-07-28 09:50:27.287 27513 RALLYDEBUG rally.task.runner [-] Starting a worker. concurrency: 1 args: {"subport_count": 125} times: 4 method_name: run timeout: 0 duration: None cls:
2019-07-28 09:50:27.289 27514 RALLYDEBUG rally.task.runner [-] Starting a worker. concurrency: 1 args: {"subport_count": 125} times: 4 method_name: run timeout: 0 duration: None cls:
2019-07-28 09:50:27.294 27513 INFO rally.task.runner [-] Task 8def977a-7ff8-4799-bd01-7e71951a598e | ITER: 3 START
2019-07-28 09:50:27.294 27514 INFO rally.task.runner [-] Task 8def977a-7ff8-4799-bd01-7e71951a598e | ITER: 4 START
2019-07-28 09:54:35.371 27511 WARNING rally.task.atomic [-] 'optional_action_timer' is deprecated since rally v0.10.0.Please use action_timer instead, we have improved atomic actions, now do not need to explicitly close original action.
2019-07-28 09:54:35.419 27511 WARNING rally.task.atomic [-] 'optional_action_timer' is deprecated since rally v0.10.0.Please use action_timer instead, we have improved atomic actions, now do not need to explicitly close original action.
2019-07-28 09:54:35.576 27512 WARNING rally.task.atomic [-] 'optional_action_timer' is deprecated since rally v0.10.0.Please use action_timer instead, we have improved atomic actions, now do not need to explicitly close original action.
2019-07-28 09:54:35.624 27512 WARNING rally.task.atomic [-] 'optional_action_timer' is deprecated since rally v0.10.0.Please use action_timer instead, we have improved atomic actions, now do not need to explicitly close original action.
2019-07-28 09:54:36.857 27511 INFO rally.task.runner [-] Task 8def977a-7ff8-4799-bd01-7e71951a598e | ITER: 1 END: OK
2019-07-28 09:54:36.900 27512 INFO rally.task.runner [-] Task 8def977a-7ff8-4799-bd01-7e71951a598e | ITER: 2 END: OK
2019-07-28 09:54:39.879 27513 WARNING rally.task.atomic [-] 'optional_action_timer' is deprecated since rally v0.10.0.Please use action_timer instead, we have improved atomic actions, now do not need to explicitly close original action.
2019-07-28 09:54:39.881 27514 WARNING rally.task.atomic [-] 'optional_action_timer' is deprecated since rally v0.10.0.Please use action_timer instead, we have improved atomic actions, now do not need to explicitly close original action.
2019-07-28 09:54:39.938 27513 WARNING rally.task.atomic [-] 'optional_action_timer' is deprecated since rally v0.10.0.Please use action_timer instead, we have improved atomic actions, now do not need to explicitly close original action.
2019-07-28 09:54:39.942 27514 WARNING rally.task.atomic [-] 'optional_action_timer' is deprecated since rally v0.10.0.Please use action_timer instead, we have improved atomic actions, now do not need to explicitly close original action.
2019-07-28 09:54:41.321 27513 INFO rally.task.runner [-] Task 8def977a-7ff8-4799-bd01-7e71951a598e | ITER: 3 END: OK
2019-07-28 09:54:41.336 27514 INFO rally.task.runner [-] Task 8def977a-7ff8-4799-bd01-7e71951a598e | ITER: 4 END: OK
2019-07-28 09:54:41.367 22705 INFO rally.task.context [-] Task 8def977a-7ff8-4799-bd01-7e71951a598e | Context cleanup@openstack cleanup() started
2019-07-28 09:54:41.369 22705 RALLYDEBUG rally_openstack.cleanup.manager [-] Cleaning up neutron vip objects
2019-07-28 09:54:42.093 22705 RALLYDEBUG rally_openstack.cleanup.manager [-] Cleaning up neutron health_monitor objects
2019-07-28 09:54:42.822 22705 RALLYDEBUG rally_openstack.cleanup.manager [-] Cleaning up neutron pool objects
2019-07-28 09:54:43.541 22705 RALLYDEBUG rally_openstack.cleanup.manager [-] Cleaning up neutron loadbalancer objects
2019-07-28 09:54:44.265 22705 RALLYDEBUG rally_openstack.cleanup.manager [-] Cleaning up neutron floatingip objects
2019-07-28 09:54:45.006 22705 RALLYDEBUG rally_openstack.cleanup.manager [-] Cleaning up neutron port objects
2019-07-28 09:54:46.907 22705 RALLYDEBUG rally_openstack.cleanup.manager [-] Deleting neutron.port object s_rally_5bbd4bec_X4NkzNVT (0667d8a6-a32e-4a70-b320-a247125aaba0)
2019-07-28 09:54:46.910 22705 RALLYDEBUG rally_openstack.cleanup.manager [-] Deleting neutron.port object s_rally_5bbd4bec_hxfUbEJS (015bb269-e2ca-496e-a73a-8b4a4ce74b38)
2019-07-28 09:54:46.917 22705 RALLYDEBUG rally_openstack.cleanup.manager [-] Deleting neutron.port object s_rally_5bbd4bec_skG62j15 (040999d5-3b26-42ed-9892-f3abfa203b3b)
2019-07-28 09:54:46.917 22705 RALLYDEBUG rally_openstack.cleanup.manager [-] Deleting neutron.port object s_rally_5bbd4bec_I8T9wKFZ (0822bade-6862-4ffc-b681-d3295858e69c)
2019-07-28 09:54:46.929 22705 RALLYDEBUG rally_openstack.cleanup.manager [-] Deleting neutron.port object s_rally_5bbd4bec_FjpM2hkh (034d2fab-b884-4c90-8f50-635405e97fce)
2019-07-28 09:54:46.931 22705 RALLYDEBUG rally_openstack.cleanup.manager [-] Deleting neutron.port object s_rally_5bbd4bec_Ib1WELBk (06d6a0f7-4c13-48b9-97e2-5d6a3e75b3b2)
2019-07-28 09:54:46.932 22705 RALLYDEBUG rally_openstack.cleanup.manager [-] Deleting neutron.port object s_rally_5bbd4bec_hpv9tYSG (06980d41-5693-4805-8fce-def08cb902d0)
2019-07-28 09:54:46.937 22705 RALLYDEBUG rally_openstack.cleanup.manager [-] Deleting neutron.port object s_rally_5bbd4bec_BPmAE6Rv (088da36b-1981-43d0-9e22-45c8f4487290)
2019-07-28 09:54:46.939 22705 RALLYDEBUG rally_openstack.cleanup.manager [-] Deleting neutron.port object s_rally_5bbd4bec_Zh9oREya (08d3fd68-8c11-4aba-a88f-eb80995a9c91)
2019-07-28 09:54:46.949 22705 RALLYDEBUG rally_openstack.cleanup.manager [-] Deleting neutron.port object s_rally_5bbd4bec_Utc5lmnD (03347799-c437-463d-9730-8e459df312a5)
2019-07-28 09:54:46.966 22705 RALLYDEBUG rally_openstack.cleanup.manager [-] Deleting neutron.port object s_rally_5bbd4bec_Ah4HCmOt (08df2a90-76db-4f9b-9113-fd5860b85e2f)
2019-07-28 09:54:46.975 22705 RALLYDEBUG rally_openstack.cleanup.manager [-] Deleting neutron.port object s_rally_5bbd4bec_TOoAGRii (0938c3b6-98dc-4d50-87bc-aca7830f574e)
2019-07-28 09:54:46.975 22705 RALLYDEBUG rally_openstack.cleanup.manager [-] Deleting neutron.port object s_rally_5bbd4bec_Ti4Rpsu7 (0a40b7f3-5946-4245-b4ea-924da6984061)
2019-07-28 09:54:46.991 22705 RALLYDEBUG rally_openstack.cleanup.manager [-] Deleting neutron.port object s_rally_5bbd4bec_3s7TdE2N (0b49a332-e2c4-4bae-8112-439b40aefb86)
2019-07-28 09:54:47.001 22705 RALLYDEBUG rally_openstack.cleanup.manager [-] Deleting neutron.port object s_rally_5bbd4bec_Yw9S99eY (0b8580da-9083-4459-bee3-64c5219ca135)
2019-07-28 09:54:47.039 22705 RALLYDEBUG rally_openstack.cleanup.manager [-] Deleting neutron.port object s_rally_5bbd4bec_UL8DCNnt (0cb2956f-56bb-4431-a092-6d86ef7d747b)
2019-07-28 09:54:47.051 22705 RALLYDEBUG rally_openstack.cleanup.manager [-] Deleting neutron.port object s_rally_5bbd4bec_LMRfKQYg (0d726abd-2616-4278-91b0-c5e9afa3b0ad)
2019-07-28 09:54:47.052 22705 RALLYDEBUG rally_openstack.cleanup.manager [-] Deleting neutron.port object s_rally_5bbd4bec_3wv6dHJF (0bb14676-1c4a-4dd4-abe8-70ebe6eb0db4)
2019-07-28 09:54:47.077 22705 RALLYDEBUG rally_openstack.cleanup.manager [-] Deleting neutron.port object s_rally_5bbd4bec_QT1eDwZh (0db7966e-61e3-4ec7-b0cd-f511a1252a0d)
2019-07-28 09:54:47.092 22705 RALLYDEBUG rally_openstack.cleanup.manager [-] Deleting neutron.port object s_rally_5bbd4bec_kpaYg0VI (0e09eff4-fdba-4a8e-abb2-9da301a4c713)
2019-07-28 09:54:49.941 22705 RALLYDEBUG rally_openstack.cleanup.manager [-] Deleting neutron.port object s_rally_5bbd4bec_9kFSNgoe (0f235c81-341b-45ba-bc03-7609c942601b)
2019-07-28 09:54:51.634 22705 RALLYDEBUG rally_openstack.cleanup.manager [-] Deleting neutron.port object s_rally_5bbd4bec_8CWOSP31 (0fd3da70-fa51-4eea-b0b2-d211874e46c0)
2019-07-28 09:54:51.756 22705 RALLYDEBUG rally_openstack.cleanup.manager [-] Deleting neutron.port object s_rally_5bbd4bec_fCQl80Z9 (113ced01-6cb2-4844-9416-f73b606e25c1)
2019-07-28 09:54:52.160 22705 RALLYDEBUG rally_openstack.cleanup.manager [-] Deleting neutron.port object s_rally_5bbd4bec_gmdoljpw (119ffb59-3d40-415e-9528-b826a2393c51)
2019-07-28 09:54:52.548 22705 RALLYDEBUG rally_openstack.cleanup.manager [-] Deleting neutron.port object s_rally_5bbd4bec_MeWO1xZx (11af9ed0-072a-4dd9-93e3-96f6146487c8)
2019-07-28 09:54:52.643 22705 RALLYDEBUG rally_openstack.cleanup.manager [-] Deleting neutron.port object s_rally_5bbd4bec_ptAKG1Q4 (11fcc530-0eab-4fba-8109-36fb25cfc8fe)
2019-07-28 09:54:53.052 22705 RALLYDEBUG rally_openstack.cleanup.manager [-] Deleting neutron.port object s_rally_5bbd4bec_TQZOApsY (120f7892-69cd-4a2c-9979-ba80d582d380)
2019-07-28 09:54:53.525 22705 RALLYDEBUG rally_openstack.cleanup.manager [-] Deleting neutron.port object s_rally_5bbd4bec_6X0XLxPN (12ea9255-d4f0-4931-802e-4a0222bc4691)
2019-07-28 09:54:53.552 22705 RALLYDEBUG rally_openstack.cleanup.manager [-] Deleting neutron.port object s_rally_5bbd4bec_hDgOsbmC (12ec6ed6-1d2c-4cee-b75e-6683588f9527)
2019-07-28 09:54:54.168 22705 RALLYDEBUG rally_openstack.cleanup.manager [-] Deleting neutron.port object s_rally_5bbd4bec_Sf7FOj24 (13426257-1ce3-48d9-a757-70288b264c1c)
2019-07-28 09:54:54.180 22705 RALLYDEBUG rally_openstack.cleanup.manager [-] Deleting neutron.port object s_rally_5bbd4bec_mokzAhFN (13c27e75-9ce3-4d14-a897-3325fefbc419)
2019-07-28 09:54:54.180 22705 RALLYDEBUG rally_openstack.cleanup.manager [-] Deleting neutron.port object s_rally_5bbd4bec_mAM2K8Qi (139d7ffe-488c-42eb-a477-7547cc4a58ba)
2019-07-28 09:54:54.268 22705 RALLYDEBUG rally_openstack.cleanup.manager [-] Deleting neutron.port object s_rally_5bbd4bec_rczk5TMj (13f10453-2dfe-4f26-8b0b-c73b4e6bc0b1)
2019-07-28 09:54:54.887 22705 RALLYDEBUG rally_openstack.cleanup.manager [-] Deleting neutron.port object s_rally_5bbd4bec_B4KtMJtT (13fccfba-21fa-4977-b93d-9e078561921d)
2019-07-28 09:54:54.900 22705 RALLYDEBUG rally_openstack.cleanup.manager [-] Deleting neutron.port object s_rally_5bbd4bec_dCJm9cTD (151e0a69-c5ed-43b2-81cf-d49ee7625f91)
2019-07-28 09:54:55.673 22705 RALLYDEBUG rally_openstack.cleanup.manager [-] Deleting neutron.port object s_rally_5bbd4bec_JNsbPfK7 (15354b33-a2c6-4247-996a-04294945bda2)
2019-07-28 09:54:56.618 22705 RALLYDEBUG rally_openstack.cleanup.manager [-] Deleting neutron.port object s_rally_5bbd4bec_noeMywCP (155d96eb-0434-46cc-8c21-ec17d83eba6b)
2019-07-28 09:54:56.850 22705 RALLYDEBUG rally_openstack.cleanup.manager [-] Deleting neutron.port object s_rally_5bbd4bec_wZWBdsT0 (1609a31d-cf26-435f-b047-17a7740e0742)
2019-07-28 09:54:56.855 22705 RALLYDEBUG rally_openstack.cleanup.manager [-] Deleting neutron.port object s_rally_5bbd4bec_6pUzIFuQ (1647dfbb-0b8c-4cda-a8f0-f0ad0ca7e5c6)
2019-07-28 09:54:56.863 22705 RALLYDEBUG rally_openstack.cleanup.manager [-] Deleting neutron.port object s_rally_5bbd4bec_1KSp984s (168a2a74-3a87-4dd3-a826-bcf7ab7146a1)
2019-07-28 09:54:56.921 22705 RALLYDEBUG rally_openstack.cleanup.manager [-] Deleting neutron.port object s_rally_5bbd4bec_JqhRH45W (16fe7507-98e3-477f-80d7-7a181348b89d)
2019-07-28 09:54:57.046 22705 RALLYDEBUG rally_openstack.cleanup.manager [-] Deleting neutron.port object s_rally_5bbd4bec_LNlJ8y9V (182a4797-8bc8-4c1a-bd96-e17fcb41ff5d)
2019-07-28 09:54:57.073 22705 RALLYDEBUG rally_openstack.cleanup.manager [-] Deleting neutron.port object s_rally_5bbd4bec_L5jjKRh9 (182ee2ee-e3f7-492b-9fa2-cfe42f15816a)
2019-07-28 09:54:57.074 22705 RALLYDEBUG rally_openstack.cleanup.manager [-] Deleting neutron.port object s_rally_5bbd4bec_3qV7MI0p (1951aa97-87e5-43cb-9498-bb27606b7eee)
2019-07-28 09:54:57.079 22705 RALLYDEBUG rally_openstack.cleanup.manager [-] Deleting neutron.port object s_rally_5bbd4bec_30ZpEUqL (194f97d7-f54e-47ed-b357-1ba38110c1a0)
2019-07-28 09:54:57.090 22705 RALLYDEBUG rally_openstack.cleanup.manager [-] Deleting neutron.port object s_rally_5bbd4bec_ggSdRZRI (1bf932c5-14f2-4d7f-8c35-7aa29b8dfc75)
2019-07-28 09:54:57.091 22705 RALLYDEBUG rally_openstack.cleanup.manager [-] Deleting neutron.port object s_rally_5bbd4bec_THtoAiBD (199736dc-edb8-47ef-9944-d957cdf225d5)
2019-07-28 09:54:57.100 22705 RALLYDEBUG rally_openstack.cleanup.manager [-] Deleting neutron.port object s_rally_5bbd4bec_LoRF3gvS (1aa2b186-58c3-447f-b7d7-995cf62828cb)
2019-07-28 09:54:57.103 22705 RALLYDEBUG rally_openstack.cleanup.manager [-] Deleting neutron.port object s_rally_5bbd4bec_sWKHcDPA (1b03eb0d-15c5-4b3e-8234-f0125a2db378)
2019-07-28 09:54:57.103 22705 RALLYDEBUG rally_openstack.cleanup.manager [-] Deleting neutron.port object s_rally_5bbd4bec_Mqu1WBcG (1c774f99-d681-4820-86c0-8e77e4c61557)
2019-07-28 09:54:57.609 22705 RALLYDEBUG rally_openstack.cleanup.manager [-] Deleting neutron.port object s_rally_5bbd4bec_RW5Qnh9J (1e0a34a5-cec0-49d8-9166-2c1eca298791)
2019-07-28 09:54:58.196 22705 RALLYDEBUG rally_openstack.cleanup.manager [-] Deleting neutron.port object s_rally_5bbd4bec_mhfdSFUJ (1e27a2af-ca99-48c7-8028-617de8eaf9a0)
2019-07-28 09:54:59.792 22705 RALLYDEBUG rally_openstack.cleanup.manager [-] Deleting neutron.port object s_rally_5bbd4bec_ozFK4y8Y (1e46a111-c46e-480c-850b-d7076da1cfab)
2019-07-28 09:54:59.805 22705 RALLYDEBUG rally_openstack.cleanup.manager [-] Deleting neutron.port object s_rally_5bbd4bec_CxxhBIuj (1e63ea07-a23c-4693-b6e3-bfcc291df4b1)
2019-07-28 09:55:00.011 22705 RALLYDEBUG rally_openstack.cleanup.manager [-] Deleting neutron.port object s_rally_5bbd4bec_wiGOO5Cd (1f2d8736-7d36-4240-97ca-bd6e2ffd97cd)
2019-07-28 09:55:00.014 22705 RALLYDEBUG rally_openstack.cleanup.manager [-] Deleting neutron.port object s_rally_5bbd4bec_4ey2h3v8 (1f48bdc9-e622-4c70-aba1-e9861c168974)
2019-07-28 09:55:00.033 22705 RALLYDEBUG rally_openstack.cleanup.manager [-] Deleting neutron.port object s_rally_5bbd4bec_nnAZ6R9a (1f8630ac-b92d-420b-bed5-bc4f50a42214)
2019-07-28 09:55:00.125 22705 RALLYDEBUG rally_openstack.cleanup.manager [-] Deleting neutron.port object s_rally_5bbd4bec_L5C93TdH (206e5714-662a-4bb9-a133-c727ca72f400)
2019-07-28 09:55:00.136 22705 RALLYDEBUG rally_openstack.cleanup.manager [-] Deleting neutron.port object s_rally_5bbd4bec_9UUPMEPB (215d727f-0ffa-40b3-a85b-57378d983647)
2019-07-28 09:55:00.228 22705 RALLYDEBUG rally_openstack.cleanup.manager [-] Deleting neutron.port object s_rally_5bbd4bec_KLnHTN5J (21b71356-8dcb-479a-bcfa-6a4afbdd48e4)
2019-07-28 09:55:00.707 22705 RALLYDEBUG rally_openstack.cleanup.manager [-] Deleting neutron.port object s_rally_5bbd4bec_78EtQkBu (22560b7d-c71f-42d9-88b8-b9e1d64ec326)
2019-07-28 09:55:00.717 22705 RALLYDEBUG rally_openstack.cleanup.manager [-] Deleting neutron.port object s_rally_5bbd4bec_2zOoRmk6 (22834705-c325-4b8c-9225-609dbc250d8b)
2019-07-28 09:55:00.918 22705 RALLYDEBUG rally_openstack.cleanup.manager [-] Deleting neutron.port object s_rally_5bbd4bec_b1pINjIy (22d33695-36a4-437b-9289-3a6bf5a6d166)
2019-07-28 09:55:00.982 22705 RALLYDEBUG rally_openstack.cleanup.manager [-] Deleting neutron.port object s_rally_5bbd4bec_r4Ldogyv (230c7776-c898-4039-8d98-84d6a34e76ab)
2019-07-28 09:55:01.047 22705 RALLYDEBUG rally_openstack.cleanup.manager [-] Deleting neutron.port object s_rally_5bbd4bec_vW9k2HDI (2325308a-aa0e-44f0-916f-67c046474db6)
2019-07-28 09:55:01.048 22705 RALLYDEBUG rally_openstack.cleanup.manager [-] Deleting neutron.port object s_rally_5bbd4bec_IAE1VHRq (23425237-fd0c-4d22-ad79-8b397e555d87)
2019-07-28 09:55:01.062 22705 RALLYDEBUG rally_openstack.cleanup.manager [-] Deleting neutron.port object s_rally_5bbd4bec_NhupKCci (238c6927-2af5-464a-b421-b33fdb5f8e55)
2019-07-28 09:55:01.074 22705 RALLYDEBUG rally_openstack.cleanup.manager [-] Deleting neutron.port object s_rally_5bbd4bec_LPGnUxCz (248c66f7-36ff-4910-8746-c7416c979f91)
2019-07-28 09:55:01.737 22705 RALLYDEBUG rally_openstack.cleanup.manager [-] Deleting neutron.port object s_rally_5bbd4bec_5BCwV2dP (24a491b9-1872-45ca-9aee-6c8d6884c6a8)
2019-07-28 09:55:01.813 22705 RALLYDEBUG rally_openstack.cleanup.manager [-] Deleting neutron.port object s_rally_5bbd4bec_tK9Wm4G7 (24fa3e88-9306-4a87-8122-0dcdb8a57c96)
2019-07-28 09:55:01.991 22705 RALLYDEBUG rally_openstack.cleanup.manager [-] Deleting neutron.port object s_rally_5bbd4bec_Ux0ngbYj (251135c0-65b1-44ff-ac57-63990c561553)
2019-07-28 09:55:02.002 22705 RALLYDEBUG rally_openstack.cleanup.manager [-] Deleting neutron.port object s_rally_5bbd4bec_7Q4OOmXr (25d0ce34-2b57-4f1e-8f89-a5d361be1d74)
2019-07-28 09:55:02.692 22705 RALLYDEBUG rally_openstack.cleanup.manager [-] Deleting neutron.port object s_rally_5bbd4bec_O1ZBIDcl (2661c8f9-f02d-43ad-9b7b-9203a915c54e)
2019-07-28 09:55:02.878 22705 RALLYDEBUG rally_openstack.cleanup.manager [-] Deleting neutron.port object s_rally_5bbd4bec_ajHrIpuQ (26c49579-a247-4975-a334-28606a5e9358)
2019-07-28 09:55:02.906 22705 RALLYDEBUG rally_openstack.cleanup.manager [-] Deleting neutron.port object s_rally_5bbd4bec_AQmI2aJu (288e300d-1631-489a-918b-ee0e400972ba)
2019-07-28 09:55:03.261 22705 RALLYDEBUG rally_openstack.cleanup.manager [-] Deleting neutron.port object s_rally_5bbd4bec_FGqRbo33 (29d56de4-3875-4c02-bbc5-54bfc418705a)
2019-07-28 09:55:03.524 22705 RALLYDEBUG rally_openstack.cleanup.manager [-] Deleting neutron.port object s_rally_5bbd4bec_NlEuRPhg (2b072228-d160-420e-a4ee-d09486b36aa6)
2019-07-28 09:55:03.572 22705 RALLYDEBUG rally_openstack.cleanup.manager [-] Deleting neutron.port object s_rally_5bbd4bec_zcM9vVYl (2b5344c5-a15c-4ada-8fe3-604b108a32fe)
2019-07-28 09:55:03.618 22705 RALLYDEBUG rally_openstack.cleanup.manager [-] Deleting neutron.port object s_rally_5bbd4bec_rCdAwjYo (2b77ed88-c68e-4e73-9640-a5105ba35a77)
2019-07-28 09:55:04.015 22705 RALLYDEBUG rally_openstack.cleanup.manager [-] Deleting neutron.port object s_rally_5bbd4bec_CsaMICJi (2b89614f-d43c-411f-a9c0-1420c606b672)
2019-07-28 09:55:04.246 22705 RALLYDEBUG rally_openstack.cleanup.manager [-] Deleting neutron.port object s_rally_5bbd4bec_mEQiHQg2 (2bb6779f-7f4a-4ab3-96a1-207a325f6174)
2019-07-28 09:55:04.253 22705 RALLYDEBUG rally_openstack.cleanup.manager [-] Deleting neutron.port object s_rally_5bbd4bec_LZ3dOKnt (2dc2ea6a-8e39-43c4-b9c2-2ea92412998d)
2019-07-28 09:55:04.685 22705 RALLYDEBUG rally_openstack.cleanup.manager [-] Deleting neutron.port object s_rally_5bbd4bec_AhFINRCi (2e3f24fc-9448-445f-8105-97c46da75600)
2019-07-28 09:55:04.695 22705 RALLYDEBUG rally_openstack.cleanup.manager [-] Deleting neutron.port object s_rally_5bbd4bec_Wjboz7uj (2ea1bd2a-2e01-4c6e-9a8e-1ca6f40a147a)
2019-07-28 09:55:04.844 22705 RALLYDEBUG rally_openstack.cleanup.manager [-] Deleting neutron.port object s_rally_5bbd4bec_OBOXdhtb (2f7b64cb-b940-4add-afb1-9e694f1ea08f)
2019-07-28 09:55:05.182 22705 RALLYDEBUG rally_openstack.cleanup.manager [-] Deleting neutron.port object s_rally_5bbd4bec_wdecSdnR (2fea8b16-7999-4cbe-89fe-3e2b1563634c)
2019-07-28 09:55:05.194 22705 RALLYDEBUG rally_openstack.cleanup.manager [-] Deleting neutron.port object s_rally_5bbd4bec_dfOpxeps (30a0b994-4b32-4abc-9a38-aed337253dc6)
2019-07-28 09:55:05.194 22705 RALLYDEBUG rally_openstack.cleanup.manager [-] Deleting neutron.port object s_rally_5bbd4bec_AkIAzB9q (306d7da8-7e33-410d-961c-2c995a812adc)
2019-07-28 09:55:05.626 22705 RALLYDEBUG rally_openstack.cleanup.manager [-] Deleting neutron.port object s_rally_5bbd4bec_98QOXOI0 (30d86e55-53d8-4b96-8c0f-ef01bebe212d)
2019-07-28 09:55:06.010 22705 RALLYDEBUG rally_openstack.cleanup.manager [-] Deleting neutron.port object s_rally_5bbd4bec_OhBTaBBO (30f6541c-32c5-42dd-8a12-fd42f87e3487)
2019-07-28 09:55:06.636 22705 RALLYDEBUG rally_openstack.cleanup.manager [-] Deleting neutron.port object s_rally_5bbd4bec_5Mt3I4aA (3174b9ad-d7f5-4a5e-bc8f-7f28f6a37781)
2019-07-28 09:55:06.756 22705 RALLYDEBUG rally_openstack.cleanup.manager [-] Deleting neutron.port object s_rally_5bbd4bec_11nXelyq (3181c830-336e-4593-aab8-baa5e337d47b)
2019-07-28 09:55:06.768 22705 RALLYDEBUG rally_openstack.cleanup.manager [-] Deleting neutron.port object s_rally_5bbd4bec_rwLpy9g9 (318986fc-8011-4649-8f5d-7a8e821872ef)
2019-07-28 09:55:06.768 22705 RALLYDEBUG rally_openstack.cleanup.manager [-] Deleting neutron.port object s_rally_5bbd4bec_OSRtK8Lz (31d8f991-1013-429d-9854-843da5f36223)
2019-07-28 09:55:06.792 22705 RALLYDEBUG rally_openstack.cleanup.manager [-] Deleting neutron.port object s_rally_5bbd4bec_AyHiu7Oc (3217a090-171c-4a4d-a10c-41d99e95429b)
2019-07-28 09:55:06.825 22705 RALLYDEBUG rally_openstack.cleanup.manager [-] Deleting neutron.port object s_rally_5bbd4bec_U6ezheNX (3271f0c6-c8f3-4a72-a50c-81bbc551941b)
2019-07-28 09:55:06.830 22705 RALLYDEBUG rally_openstack.cleanup.manager [-] Deleting neutron.port object s_rally_5bbd4bec_guW42fF8 (33295c1b-5b36-49b2-bd1e-a7c0d09a6616)
2019-07-28 09:55:06.930 22705 RALLYDEBUG rally_openstack.cleanup.manager [-] Deleting neutron.port object s_rally_5bbd4bec_tzPvEGdV (334f584d-1bb2-44be-93b1-ee061c2cf833)
