2019-07-28 09:47:39.169 22705 RALLYDEBUG rally_openstack.cleanup.manager [-] Deleting neutron.port object s_rally_a2e2c6d2_dkVjhbGE (4eedb818-1cb8-40fd-879b-1f1470980de6)
2019-07-28 09:47:39.595 22705 RALLYDEBUG rally_openstack.cleanup.manager [-] Deleting neutron.port object s_rally_a2e2c6d2_Q9i6oYT3 (527b9038-2e84-4932-bf8f-4154ac5f508a)
2019-07-28 09:47:39.601 22705 RALLYDEBUG rally_openstack.cleanup.manager [-] Deleting neutron.port object s_rally_a2e2c6d2_9QM1RoZv (531df820-302c-4b6d-bb24-8f7a5dd2a88c)
2019-07-28 09:47:39.606 22705 RALLYDEBUG rally_openstack.cleanup.manager [-] Deleting neutron.port object s_rally_a2e2c6d2_Xymg8RtA (534e7b0e-cbd0-4c77-81f8-b384a12872cc)
2019-07-28 09:47:40.129 22705 RALLYDEBUG rally_openstack.cleanup.manager [-] Deleting neutron.port object s_rally_a2e2c6d2_barRKUUc (548f1c31-9999-4d14-b81a-7a1c4fc084e2)
2019-07-28 09:47:40.165 22705 RALLYDEBUG rally_openstack.cleanup.manager [-] Deleting neutron.port object s_rally_a2e2c6d2_SwU9bNTF (579c485e-1943-4fe8-a17f-364e59402b8d)
2019-07-28 09:47:40.388 22705 RALLYDEBUG rally_openstack.cleanup.manager [-] Deleting neutron.port object s_rally_a2e2c6d2_KnQ18eJQ (58a0bcd1-d390-4e04-a2e6-457c7ef61394)
2019-07-28 09:47:40.508 22705 RALLYDEBUG rally_openstack.cleanup.manager [-] Deleting neutron.port object s_rally_a2e2c6d2_x8h1Y3Xf (5946d17c-2001-4453-93d0-334e6929e682)
2019-07-28 09:47:40.563 22705 RALLYDEBUG rally_openstack.cleanup.manager [-] Deleting neutron.port object s_rally_a2e2c6d2_haB5G40Y (5aefa847-07f6-4e5b-89bb-06e4aa64f439)
2019-07-28 09:47:40.567 22705 RALLYDEBUG rally_openstack.cleanup.manager [-] Deleting neutron.port object s_rally_a2e2c6d2_rZy58OVQ (59dcc388-f642-4100-bd2c-ee1e8fda97a7)
2019-07-28 09:47:40.569 22705 RALLYDEBUG rally_openstack.cleanup.manager [-] Deleting neutron.port object s_rally_a2e2c6d2_doHB5nPg (5cdfeb79-b267-4def-8350-253e985e2f9b)
2019-07-28 09:47:40.640 22705 RALLYDEBUG rally_openstack.cleanup.manager [-] Deleting neutron.port object s_rally_a2e2c6d2_0Zf7PJeA (5d86c22a-225b-4ab1-85b9-a727d01bbee0)
2019-07-28 09:47:40.760 22705 RALLYDEBUG rally_openstack.cleanup.manager [-] Deleting neutron.port object s_rally_a2e2c6d2_4CoKU7Pu (5e0e9571-d957-4c2d-95b1-9de0dff1d787)
2019-07-28 09:47:41.163 22705 RALLYDEBUG rally_openstack.cleanup.manager [-] Deleting neutron.port object s_rally_a2e2c6d2_j29MNt7o (638012b4-cb1b-4f0b-8e2d-db596506ba20)
2019-07-28 09:47:41.164 22705 RALLYDEBUG rally_openstack.cleanup.manager [-] Deleting neutron.port object s_rally_a2e2c6d2_v3dCEPdx (6653641a-1d91-4913-b422-69cf8f47df6f)
2019-07-28 09:47:41.399 22705 RALLYDEBUG rally_openstack.cleanup.manager [-] Deleting neutron.port object s_rally_a2e2c6d2_jZeuriEZ (6929c957-4378-4b69-92f8-7d44e3d29358)
2019-07-28 09:47:41.435 22705 RALLYDEBUG rally_openstack.cleanup.manager [-] Deleting neutron.port object s_rally_a2e2c6d2_ZcRoSPlF (6c1fb34b-670a-4c10-843d-86e283dbf2bc)
2019-07-28 09:47:41.436 22705 RALLYDEBUG rally_openstack.cleanup.manager [-] Deleting neutron.port object s_rally_a2e2c6d2_kxUies2q (6a2f8221-67d3-4125-b89a-d8de06ce09af)
2019-07-28 09:47:41.446 22705 RALLYDEBUG rally_openstack.cleanup.manager [-] Deleting neutron.port object s_rally_a2e2c6d2_6HCHMsLW (6cd29257-a741-4c32-8aba-12f4fdf2cb14)
2019-07-28 09:47:41.550 22705 RALLYDEBUG rally_openstack.cleanup.manager [-] Deleting neutron.port object s_rally_a2e2c6d2_ety9iMO7 (6d2eb292-cbdc-4583-b037-7edae5baa7e5)
2019-07-28 09:47:41.556 22705 RALLYDEBUG rally_openstack.cleanup.manager [-] Deleting neutron.port object s_rally_a2e2c6d2_C7TNuml2 (6d640f76-8320-4ea8-b232-9ea620ff63dc)
2019-07-28 09:47:41.844 22705 RALLYDEBUG rally_openstack.cleanup.manager [-] Deleting neutron.port object s_rally_a2e2c6d2_ojBHHqe5 (6d9f898c-dccf-4bd4-936b-fa44b938cae9)
2019-07-28 09:47:42.396 22705 RALLYDEBUG rally_openstack.cleanup.manager [-] Deleting neutron.port object s_rally_a2e2c6d2_SuVYrmge (70b6e3d8-59f8-409d-aa2e-9a320f353ec4)
2019-07-28 09:47:42.533 22705 RALLYDEBUG rally_openstack.cleanup.manager [-] Deleting neutron.port object s_rally_a2e2c6d2_H2LRoHrT (72ee9e98-fe69-4d9e-b488-6a1ea5096739)
2019-07-28 09:47:42.587 22705 RALLYDEBUG rally_openstack.cleanup.manager [-] Deleting neutron.port object s_rally_a2e2c6d2_3fJaSATK (74c45641-a484-4fff-aea5-804c29ba1c60)
2019-07-28 09:47:42.600 22705 RALLYDEBUG rally_openstack.cleanup.manager [-] Deleting neutron.port object s_rally_a2e2c6d2_moJKiNWF (75d6390e-4149-4480-b507-0e9a253dc893)
2019-07-28 09:47:43.049 22705 RALLYDEBUG rally_openstack.cleanup.manager [-] Deleting neutron.port object s_rally_a2e2c6d2_Q3SUAS6X (77138246-5977-4ade-959f-2032c902d85c)
2019-07-28 09:47:43.219 22705 RALLYDEBUG rally_openstack.cleanup.manager [-] Deleting neutron.port object s_rally_a2e2c6d2_b4BHMatp (77315bb0-1a5c-4e4b-b055-1aacc3ac5ad5)
2019-07-28 09:47:43.323 22705 RALLYDEBUG rally_openstack.cleanup.manager [-] Deleting neutron.port object s_rally_a2e2c6d2_3qaAjsRO (7748724b-f083-437d-af42-720da899c486)
2019-07-28 09:47:43.594 22705 RALLYDEBUG rally_openstack.cleanup.manager [-] Deleting neutron.port object s_rally_a2e2c6d2_QclWLlDE (788c328f-f6d9-4677-941b-0a1dca3441f4)
2019-07-28 09:47:43.737 22705 RALLYDEBUG rally_openstack.cleanup.manager [-] Deleting neutron.port object s_rally_a2e2c6d2_K3nupZ2s (7980c7f5-0684-4443-b548-a952b2092d36)
2019-07-28 09:47:43.928 22705 RALLYDEBUG rally_openstack.cleanup.manager [-] Deleting neutron.port object s_rally_a2e2c6d2_D3RB2LB6 (7c18e280-6c7e-473f-8d90-f7cc0d45bcab)
2019-07-28 09:47:44.018 22705 RALLYDEBUG rally_openstack.cleanup.manager [-] Deleting neutron.port object s_rally_a2e2c6d2_mqugy19G (7de33199-aab6-4e3d-aa70-25ae43df8c92)
2019-07-28 09:47:44.151 22705 RALLYDEBUG rally_openstack.cleanup.manager [-] Deleting neutron.port object s_rally_a2e2c6d2_8gC0sigc (7fd61391-109a-486c-834b-26113b933b7d)
2019-07-28 09:47:44.293 22705 RALLYDEBUG rally_openstack.cleanup.manager [-] Deleting neutron.port object s_rally_a2e2c6d2_jIOtv1yt (8049f2ff-992c-482b-948c-ddfa77a6515c)
2019-07-28 09:47:44.633 22705 RALLYDEBUG rally_openstack.cleanup.manager [-] Deleting neutron.port object s_rally_a2e2c6d2_d7ulp54Q (83613cfb-d5a2-4267-9d63-8a74046c2aac)
2019-07-28 09:47:44.645 22705 RALLYDEBUG rally_openstack.cleanup.manager [-] Deleting neutron.port object s_rally_a2e2c6d2_CHhMvdqs (84107aca-709b-488f-a805-428df0d7ad53)
2019-07-28 09:47:44.647 22705 RALLYDEBUG rally_openstack.cleanup.manager [-] Deleting neutron.port object s_rally_a2e2c6d2_ml7leYbS (838208b7-5980-40c2-a5e8-8666234c44d3)
2019-07-28 09:47:44.685 22705 RALLYDEBUG rally_openstack.cleanup.manager [-] Deleting neutron.port object s_rally_a2e2c6d2_z8eoDt5u (84bf4495-cc6b-48b9-8b9c-762e2f0467c0)
2019-07-28 09:47:44.836 22705 RALLYDEBUG rally_openstack.cleanup.manager [-] Deleting neutron.port object s_rally_a2e2c6d2_0eIVzEGn (863d6421-5681-4664-bd93-56b30137f04f)
2019-07-28 09:47:44.876 22705 RALLYDEBUG rally_openstack.cleanup.manager [-] Deleting neutron.port object s_rally_a2e2c6d2_MsxNX1e0 (866b81dd-515e-48d3-a668-916da891dd9d)
2019-07-28 09:47:44.896 22705 RALLYDEBUG rally_openstack.cleanup.manager [-] Deleting neutron.port object s_rally_a2e2c6d2_cC9yckXI (87d9c585-d8b6-499f-b48b-602da9b608b0)
2019-07-28 09:47:44.961 22705 RALLYDEBUG rally_openstack.cleanup.manager [-] Deleting neutron.port object s_rally_a2e2c6d2_v0gumWkR (8a64f03f-6ea4-460e-8201-a3ed8d33895a)
2019-07-28 09:47:44.973 22705 RALLYDEBUG rally_openstack.cleanup.manager [-] Deleting neutron.port object s_rally_a2e2c6d2_2FJgSwf4 (8db2d73e-8aa1-4998-8586-5020f9e6d0f9)
2019-07-28 09:47:45.022 22705 RALLYDEBUG rally_openstack.cleanup.manager [-] Deleting neutron.port object s_rally_a2e2c6d2_gR1easJn (8ded9851-cb8c-4c89-82e5-6e78397d8d09)
2019-07-28 09:47:45.216 22705 RALLYDEBUG rally_openstack.cleanup.manager [-] Deleting neutron.port object s_rally_a2e2c6d2_cfXUhx1N (8f7c7dae-63d2-43f2-949c-677df9a00de4)
2019-07-28 09:47:45.348 22705 RALLYDEBUG rally_openstack.cleanup.manager [-] Deleting neutron.port object s_rally_a2e2c6d2_EA6Hcd62 (92eb9217-a039-4c3d-b544-9c3f6d88e5e6)
2019-07-28 09:47:45.576 22705 RALLYDEBUG rally_openstack.cleanup.manager [-] Deleting neutron.port object s_rally_a2e2c6d2_JEgDCK1C (932b096a-7804-4fcf-8d06-e9a592c3d8d9)
2019-07-28 09:47:45.741 22705 RALLYDEBUG rally_openstack.cleanup.manager [-] Deleting neutron.port object s_rally_a2e2c6d2_GMBaBHpZ (93eaea19-d9d1-46e9-bea1-5976874903b2)
2019-07-28 09:47:45.830 22705 RALLYDEBUG rally_openstack.cleanup.manager [-] Deleting neutron.port object s_rally_a2e2c6d2_qxYw9riz (9478a62f-1cbf-4c75-8063-da2cba060c80)
2019-07-28 09:47:46.295 22705 RALLYDEBUG rally_openstack.cleanup.manager [-] Deleting neutron.port object s_rally_a2e2c6d2_OWIF7vEm (94b3696d-2beb-4a7a-9bbb-eb16aef203ac)
2019-07-28 09:47:46.698 22705 RALLYDEBUG rally_openstack.cleanup.manager [-] Deleting neutron.port object s_rally_a2e2c6d2_YTcNBfy2 (967374e0-aa87-428b-8d9f-0562a21b89e3)
2019-07-28 09:47:46.906 22705 RALLYDEBUG rally_openstack.cleanup.manager [-] Deleting neutron.port object s_rally_a2e2c6d2_GYHfC061 (967786b4-0872-475e-b9d0-f3cffc6e0f98)
2019-07-28 09:47:47.077 22705 RALLYDEBUG rally_openstack.cleanup.manager [-] Deleting neutron.port object s_rally_a2e2c6d2_Y8Ano3mq (9846c7b4-77cc-4781-9d6f-0edf4eb50196)
2019-07-28 09:47:47.544 22705 RALLYDEBUG rally_openstack.cleanup.manager [-] Deleting neutron.port object s_rally_a2e2c6d2_Z0CdchJd (985b9327-4793-432d-8db4-faa3359c1a2a)
2019-07-28 09:47:47.638 22705 RALLYDEBUG rally_openstack.cleanup.manager [-] Deleting neutron.port object s_rally_a2e2c6d2_nEIeATqE (98cc4681-791e-44e8-8b99-1439af8edc97)
2019-07-28 09:47:47.667 22705 RALLYDEBUG rally_openstack.cleanup.manager [-] Deleting neutron.port object s_rally_a2e2c6d2_09rdez3b (9aa97b0b-b9ca-4676-bb88-92f49f511353)
2019-07-28 09:47:47.832 22705 RALLYDEBUG rally_openstack.cleanup.manager [-] Deleting neutron.port object s_rally_a2e2c6d2_43YXjS5y (9b5ec96b-9814-4f2e-87b6-144bda921374)
2019-07-28 09:47:47.864 22705 RALLYDEBUG rally_openstack.cleanup.manager [-] Deleting neutron.port object s_rally_a2e2c6d2_hJ2E8Iik (9c989340-f1c0-49ca-8148-df8e5cbb8b64)
2019-07-28 09:47:48.015 22705 RALLYDEBUG rally_openstack.cleanup.manager [-] Deleting neutron.port object s_rally_a2e2c6d2_2aNOvDYH (9ed95df6-7461-4f73-be7e-38030e075ded)
2019-07-28 09:47:48.171 22705 RALLYDEBUG rally_openstack.cleanup.manager [-] Deleting neutron.port object s_rally_a2e2c6d2_dG0Qrr2q (a0b1a67e-7686-4a99-84ce-17e90b443ead)
2019-07-28 09:47:48.327 22705 RALLYDEBUG rally_openstack.cleanup.manager [-] Deleting neutron.port object s_rally_a2e2c6d2_ZskpOttA (a1f70de0-3d76-423a-97e1-591f9a7559dc)
2019-07-28 09:47:48.358 22705 RALLYDEBUG rally_openstack.cleanup.manager [-] Deleting neutron.port object s_rally_a2e2c6d2_wDhOQb81 (a25ec737-ce50-418d-8c8f-eaf3abd2c13a)
2019-07-28 09:47:48.436 22705 RALLYDEBUG rally_openstack.cleanup.manager [-] Deleting neutron.port object s_rally_a2e2c6d2_xVKGQwVt (a36bfbc8-7a43-4583-a749-e3ba50c0be01)
2019-07-28 09:47:48.576 22705 RALLYDEBUG rally_openstack.cleanup.manager [-] Deleting neutron.port object s_rally_a2e2c6d2_x72NMneC (a47870e2-09cc-40d5-aa7c-f81d6ed84fa1)
2019-07-28 09:47:48.772 22705 RALLYDEBUG rally_openstack.cleanup.manager [-] Deleting neutron.port object s_rally_a2e2c6d2_NzEr8NTb (a4b020ee-7287-4fad-b4e5-063cda52cd77)
2019-07-28 09:47:48.791 22705 RALLYDEBUG rally_openstack.cleanup.manager [-] Deleting neutron.port object s_rally_a2e2c6d2_z2irYXr0 (a4fea043-c2ba-4ade-a9cc-5815bf74dca4)
2019-07-28 09:47:48.903 22705 RALLYDEBUG rally_openstack.cleanup.manager [-] Deleting neutron.port object s_rally_a2e2c6d2_loV7al7l (a54ac9b3-2179-4324-a15f-9dbaa4cef118)
2019-07-28 09:47:48.962 22705 RALLYDEBUG rally_openstack.cleanup.manager [-] Deleting neutron.port object s_rally_a2e2c6d2_TR2r4UCs (a7236232-2238-4477-93bd-0a560b59f319)
2019-07-28 09:47:48.976 22705 RALLYDEBUG rally_openstack.cleanup.manager [-] Deleting neutron.port object s_rally_a2e2c6d2_2n5P2fip (a87780bc-6c5c-4297-b1c0-9d91ce65181b)
2019-07-28 09:47:48.993 22705 RALLYDEBUG rally_openstack.cleanup.manager [-] Deleting neutron.port object s_rally_a2e2c6d2_ne8ej6Ci (a97939dc-c036-4954-952b-d85b96b205c1)
2019-07-28 09:47:48.996 22705 RALLYDEBUG rally_openstack.cleanup.manager [-] Deleting neutron.port object s_rally_a2e2c6d2_GvSYrTk4 (a9e00c1e-9e5e-4d9f-86a8-0ad18211fbe5)
2019-07-28 09:47:49.171 22705 RALLYDEBUG rally_openstack.cleanup.manager [-] Deleting neutron.port object s_rally_a2e2c6d2_kgxPuhUP (ac488650-aeb0-4b2f-8b4d-8341460c4458)
2019-07-28 09:47:49.282 22705 RALLYDEBUG rally_openstack.cleanup.manager [-] Deleting neutron.port object s_rally_a2e2c6d2_UJ8zNh4l (ad7522c9-91f0-4fb1-8d56-242ebb9fc3b2)
2019-07-28 09:47:50.214 22705 RALLYDEBUG rally_openstack.cleanup.manager [-] Deleting neutron.port object s_rally_a2e2c6d2_Xpk5Gm97 (b19373ca-2b45-43ba-8b75-7e6ce34f3d81)
2019-07-28 09:47:50.477 22705 RALLYDEBUG rally_openstack.cleanup.manager [-] Deleting neutron.port object s_rally_a2e2c6d2_lK5R5U90 (b27d1b98-00b3-4012-9515-5c9213a8160f)
2019-07-28 09:47:50.490 22705 RALLYDEBUG rally_openstack.cleanup.manager [-] Deleting neutron.port object s_rally_a2e2c6d2_jxr995vj (b2f589f8-83a1-4e4d-bda0-dd54a57ccaf5)
2019-07-28 09:47:50.666 22705 RALLYDEBUG rally_openstack.cleanup.manager [-] Deleting neutron.port object s_rally_a2e2c6d2_fRVeRM37 (b4645346-e88f-42b1-bd93-8d3f7543d572)
2019-07-28 09:47:51.525 22705 RALLYDEBUG rally_openstack.cleanup.manager [-] Deleting neutron.port object s_rally_a2e2c6d2_8dqJ0UpO (b47c4487-39bc-4624-b27c-bfa8970eb1e3)
2019-07-28 09:47:51.525 22705 RALLYDEBUG rally_openstack.cleanup.manager [-] Deleting neutron.port object s_rally_a2e2c6d2_gWAOTMfJ (b50692eb-c4a6-46d5-9346-aa8a2f53b075)
2019-07-28 09:47:51.588 22705 RALLYDEBUG rally_openstack.cleanup.manager [-] Deleting neutron.port object s_rally_a2e2c6d2_IHjxljjK (b6424b62-3cd3-402f-ba72-6e15af6425bd)
2019-07-28 09:47:51.658 22705 RALLYDEBUG rally_openstack.cleanup.manager [-] Deleting neutron.port object s_rally_a2e2c6d2_J58NxTGo (b693d7eb-7f4e-4e6f-ac95-9d511d4808d0)
2019-07-28 09:47:51.764 22705 RALLYDEBUG rally_openstack.cleanup.manager [-] Deleting neutron.port object s_rally_a2e2c6d2_lnooZnq7 (bf9524a0-8f3f-43d8-a923-ec89d41c1925)
2019-07-28 09:47:51.791 22705 RALLYDEBUG rally_openstack.cleanup.manager [-] Deleting neutron.port object s_rally_a2e2c6d2_99gKi29W (c01ba6e0-58f0-466e-8799-74b41fd99c45)
2019-07-28 09:47:51.801 22705 RALLYDEBUG rally_openstack.cleanup.manager [-] Deleting neutron.port object s_rally_a2e2c6d2_LeuLDMoE (c071f8a7-f7ad-40ae-aa4b-307d87a8e6b8)
2019-07-28 09:47:51.879 22705 RALLYDEBUG rally_openstack.cleanup.manager [-] Deleting neutron.port object s_rally_a2e2c6d2_zRTe3eUk (c0b4cd31-5421-41bd-896b-62d4de37226e)
2019-07-28 09:47:51.879 22705 RALLYDEBUG rally_openstack.cleanup.manager [-] Deleting neutron.port object s_rally_a2e2c6d2_SdoRYoIW (c5060b30-1340-4987-9d3d-f1acec24543e)
2019-07-28 09:47:51.896 22705 RALLYDEBUG rally_openstack.cleanup.manager [-] Deleting neutron.port object s_rally_a2e2c6d2_mpAT6d3T (c5a77796-4333-4637-972c-1b0ed2ca9a1e)
2019-07-28 09:47:52.052 22705 RALLYDEBUG rally_openstack.cleanup.manager [-] Deleting neutron.port object s_rally_a2e2c6d2_GhiVCkka (c6dc1df8-2139-4962-ae12-cad61bbd2358)
2019-07-28 09:47:52.192 22705 RALLYDEBUG rally_openstack.cleanup.manager [-] Deleting neutron.port object s_rally_a2e2c6d2_JJVst6Im (c86046ed-f0c7-4589-a3a4-20ca98370cef)
2019-07-28 09:47:52.388 22705 RALLYDEBUG rally_openstack.cleanup.manager [-] Deleting neutron.port object s_rally_a2e2c6d2_PBdwsYK4 (c8bf1827-6d9c-4f9d-a684-8cca25f323d4)
2019-07-28 09:47:52.617 22705 RALLYDEBUG rally_openstack.cleanup.manager [-] Deleting neutron.port object s_rally_a2e2c6d2_6IyrkkpU (ca1262fd-8459-45af-ac98-9a7dc559ad1a)
2019-07-28 09:47:52.749 22705 RALLYDEBUG rally_openstack.cleanup.manager [-] Deleting neutron.port object s_rally_a2e2c6d2_8mapgmKS (ca36b486-d79a-4024-991b-4fa8f7fdb8e0)
2019-07-28 09:47:52.942 22705 RALLYDEBUG rally_openstack.cleanup.manager [-] Deleting neutron.port object s_rally_a2e2c6d2_nEFWJ89A (cb2823ab-39e7-4ffe-bb00-b446b86cc581)
2019-07-28 09:47:53.020 22705 RALLYDEBUG rally_openstack.cleanup.manager [-] Deleting neutron.port object s_rally_a2e2c6d2_0U0IhBQa (cbaa9449-93ab-4e53-88af-385c20dd48d2)
2019-07-28 09:47:53.209 22705 RALLYDEBUG rally_openstack.cleanup.manager [-] Deleting neutron.port object s_rally_a2e2c6d2_M0RACWRC (cce9bb2d-e9cc-4d79-949f-651331cf3eaf)
2019-07-28 09:47:53.213 22705 RALLYDEBUG rally_openstack.cleanup.manager [-] Deleting neutron.port object s_rally_a2e2c6d2_5wxjscET (ce9fc911-1ad7-41a6-b66a-8dc6cdecd85e)
2019-07-28 09:47:53.221 22705 RALLYDEBUG rally_openstack.cleanup.manager [-] Deleting neutron.port object s_rally_a2e2c6d2_U0SLV9ak (d100d8f4-b0bb-4bf9-9c4e-dbb4d8e54891)
2019-07-28 09:47:54.476 22705 RALLYDEBUG rally_openstack.cleanup.manager [-] Deleting neutron.port object s_rally_a2e2c6d2_W7PtJg2E (d1b494f3-1595-4a07-ac55-773fa72f3791)
2019-07-28 09:47:54.590 22705 RALLYDEBUG rally_openstack.cleanup.manager [-] Deleting neutron.port object s_rally_a2e2c6d2_gA7Zwopg (d225db94-3b99-49fa-a995-d65386592b9c)
2019-07-28 09:47:54.903 22705 RALLYDEBUG rally_openstack.cleanup.manager [-] Deleting neutron.port object s_rally_a2e2c6d2_LbozAayZ (d2c62771-ecb3-4c54-aafb-b52a15cfecc7)
2019-07-28 09:47:55.272 22705 RALLYDEBUG rally_openstack.cleanup.manager [-] Deleting neutron.port object s_rally_a2e2c6d2_P3f2YSVj (d2ed36ac-21c3-4b2c-9051-c638a358ed2e)
2019-07-28 09:47:55.368 22705 RALLYDEBUG rally_openstack.cleanup.manager [-] Deleting neutron.port object s_rally_a2e2c6d2_QUoPXukY (d338a61d-33dd-4d18-9857-f58b9aa272f7)
2019-07-28 09:47:55.374 22705 RALLYDEBUG rally_openstack.cleanup.manager [-] Deleting neutron.port object s_rally_a2e2c6d2_RmFxR44M (d5bfef2d-b37e-4bbf-a647-8090eba18811)
2019-07-28 09:47:55.463 22705 RALLYDEBUG rally_openstack.cleanup.manager [-] Deleting neutron.port object s_rally_a2e2c6d2_H6s9HCBr (dacddee0-eead-4f5e-9dfa-25d7652ff472)
2019-07-28 09:47:55.487 22705 RALLYDEBUG rally_openstack.cleanup.manager [-] Deleting neutron.port object s_rally_a2e2c6d2_9Frg9NrS (db8ce59b-cf72-44a9-8296-bde967657bee)
2019-07-28 09:47:55.498 22705 RALLYDEBUG rally_openstack.cleanup.manager [-] Deleting neutron.port object s_rally_a2e2c6d2_TM1XE4rc (e03b6638-ea3f-470b-b27c-697d346e53fa)
2019-07-28 09:47:55.502 22705 RALLYDEBUG rally_openstack.cleanup.manager [-] Deleting neutron.port object s_rally_a2e2c6d2_lWKVPG0t (e198ad77-c004-4910-a59f-b47e92a604a5)
2019-07-28 09:47:55.591 22705 RALLYDEBUG rally_openstack.cleanup.manager [-] Deleting neutron.port object s_rally_a2e2c6d2_tMywDfjU (e4e2d2de-dd31-4dbb-a86f-77c2c15f7c29)
2019-07-28 09:47:55.595 22705 RALLYDEBUG rally_openstack.cleanup.manager [-] Deleting neutron.port object s_rally_a2e2c6d2_VvXWLVnR (e7666492-4661-4e16-b31b-73f538580ea0)
2019-07-28 09:47:55.642 22705 RALLYDEBUG rally_openstack.cleanup.manager [-] Deleting neutron.port object s_rally_a2e2c6d2_VpPPLyUA (e99dc52b-b029-4a76-8eb1-4103243adab5)
2019-07-28 09:47:55.642 22705 RALLYDEBUG rally_openstack.cleanup.manager [-] Deleting neutron.port object s_rally_a2e2c6d2_JmeoK3FY (e79fca83-24a8-4698-b30c-ee3978dddfe3)
2019-07-28 09:47:55.662 22705 RALLYDEBUG rally_openstack.cleanup.manager [-] Deleting neutron.port object s_rally_a2e2c6d2_EY9uJ4l3 (ebaf5ea6-e49a-4f42-a9ef-f43e3b57e617)
2019-07-28 09:47:55.827 22705 RALLYDEBUG rally_openstack.cleanup.manager [-] Deleting neutron.port object s_rally_a2e2c6d2_3wi2wIIf (ebd7fbdc-b3e4-4428-91b8-53d2c416d8f7)
2019-07-28 09:47:55.939 22705 RALLYDEBUG rally_openstack.cleanup.manager [-] Deleting neutron.port object s_rally_a2e2c6d2_a2zmLoFf (ebfc5a4c-d220-4757-a682-c33f1edef5cb)
2019-07-28 09:47:56.814 22705 RALLYDEBUG rally_openstack.cleanup.manager [-] Deleting neutron.port object s_rally_a2e2c6d2_6OqFRPki (ed5facc9-e567-4432-ba4d-13fc6cbd5e9b)
2019-07-28 09:47:56.902 22705 RALLYDEBUG rally_openstack.cleanup.manager [-] Deleting neutron.port object s_rally_a2e2c6d2_ynDiRfGh (ed81ba9f-1abf-40c2-8e58-8fc6e959c64a)
2019-07-28 09:47:56.937 22705 RALLYDEBUG rally_openstack.cleanup.manager [-] Deleting neutron.port object s_rally_a2e2c6d2_I0o8YXfi (ede25fd5-6795-4662-9ab8-e38430d623ed)
2019-07-28 09:47:56.975 22705 RALLYDEBUG rally_openstack.cleanup.manager [-] Deleting neutron.port object s_rally_a2e2c6d2_AVwioa6L (ee5b4ef2-1f44-4f32-870f-20c557710d00)
2019-07-28 09:47:57.206 22705 RALLYDEBUG rally_openstack.cleanup.manager [-] Deleting neutron.port object s_rally_a2e2c6d2_xxAcdH54 (f00459d1-82f7-4c8e-a5c4-5b36fd4a1636)
2019-07-28 09:47:57.218 22705 RALLYDEBUG rally_openstack.cleanup.manager [-] Deleting neutron.port object s_rally_a2e2c6d2_KdRbRKMB (f071ea41-5206-4703-8db0-e094200ffd22)
2019-07-28 09:47:58.045 22705 RALLYDEBUG rally_openstack.cleanup.manager [-] Deleting neutron.port object s_rally_a2e2c6d2_m1kBk0MZ (f1db7fed-6666-42c9-9374-6ab4a9c0e6f3)
2019-07-28 09:47:58.230 22705 RALLYDEBUG rally_openstack.cleanup.manager [-] Deleting neutron.port object s_rally_a2e2c6d2_QyBhlON1 (f47c5881-244a-40d0-9b00-01793d8351b7)
2019-07-28 09:47:58.959 22705 RALLYDEBUG rally_openstack.cleanup.manager [-] Deleting neutron.port object s_rally_a2e2c6d2_4HAFYjsU (f5500f4d-75a8-407e-90a3-81ecd06c0f05)
2019-07-28 09:47:59.258 22705 RALLYDEBUG rally_openstack.cleanup.manager [-] Deleting neutron.port object s_rally_a2e2c6d2_oQk7Usbw (f5d0d8e6-ae32-4423-9549-931dc9ff1b5f)
2019-07-28 09:47:59.303 22705 RALLYDEBUG rally_openstack.cleanup.manager [-] Deleting neutron.port object s_rally_a2e2c6d2_pk2ZvSop (f62fe984-c482-4a6b-965c-af81e0c007c9)
2019-07-28 09:47:59.352 22705 RALLYDEBUG rally_openstack.cleanup.manager [-] Deleting neutron.port object s_rally_a2e2c6d2_U8mNWIcr (f67f841c-c93b-4e3a-92b4-402308eff191)
2019-07-28 09:47:59.538 22705 RALLYDEBUG rally_openstack.cleanup.manager [-] Deleting neutron.port object s_rally_a2e2c6d2_HIDsaWAS (f7e54446-8d20-4ae0-907a-e60767a54e88)
2019-07-28 09:47:59.556 22705 RALLYDEBUG rally_openstack.cleanup.manager [-] Deleting neutron.port object s_rally_a2e2c6d2_5MwGs5tj (fa70abe6-daf9-4467-9ff4-969c1f677709)
2019-07-28 09:47:59.592 22705 RALLYDEBUG rally_openstack.cleanup.manager [-] Deleting neutron.port object s_rally_a2e2c6d2_138OGs9g (fc7b9e49-af8d-453c-9435-02d1a57685e5)
2019-07-28 09:47:59.696 22705 RALLYDEBUG rally_openstack.cleanup.manager [-] Deleting neutron.port object s_rally_a2e2c6d2_JmbDbrXp (fdfd0c79-e7b2-4b88-b427-f0150a20f3ac)
2019-07-28 09:47:59.696 22705 RALLYDEBUG rally_openstack.cleanup.manager [-] Deleting neutron.port object s_rally_a2e2c6d2_dFbvchVr (ff2c8aa2-e30b-42f3-b02a-632ec1db234d)
2019-07-28 09:47:59.700 22705 RALLYDEBUG rally_openstack.cleanup.manager [-] Deleting neutron.port object s_rally_a2e2c6d2_9tezEsCv (ffffd7df-628a-4e3c-a722-673a33769393)
2019-07-28 09:48:02.637 22705 RALLYDEBUG rally_openstack.cleanup.manager [-] Cleaning up neutron subnet objects
2019-07-28 09:48:03.289 22705 RALLYDEBUG rally_openstack.cleanup.manager [-] Cleaning up neutron network objects
2019-07-28 09:48:04.115 22705 RALLYDEBUG rally_openstack.cleanup.manager [-] Deleting neutron.network object s_rally_a2e2c6d2_RafQf1OV (004ea942-4cda-429c-a6de-e593f104454b)
2019-07-28 09:48:04.119 22705 RALLYDEBUG rally_openstack.cleanup.manager [-] Deleting neutron.network object s_rally_a2e2c6d2_uW7ZuXxs (012b1324-e534-40f8-9d34-0a0a43ca6c9b)
2019-07-28 09:48:04.123 22705 RALLYDEBUG rally_openstack.cleanup.manager [-] Deleting neutron.network object s_rally_a2e2c6d2_JjrPRgud (026c47f3-7f8e-457b-845f-7e861a217a4d)
2019-07-28 09:48:04.133 22705 RALLYDEBUG rally_openstack.cleanup.manager [-] Deleting neutron.network object s_rally_a2e2c6d2_S8eTtZn6 (05d15f76-52ee-4465-90dc-61bed7e8e169)
2019-07-28 09:48:04.143 22705 RALLYDEBUG rally_openstack.cleanup.manager [-] Deleting neutron.network object s_rally_a2e2c6d2_M3zeJcoR (0da85573-4802-4837-b9f5-120820493b73)
2019-07-28 09:48:04.155 22705 RALLYDEBUG rally_openstack.cleanup.manager [-] Deleting neutron.network object s_rally_a2e2c6d2_6kGRxj1z (1c550b22-8e47-4582-a116-eba8d44b2b20)
2019-07-28 09:48:04.161 22705 RALLYDEBUG rally_openstack.cleanup.manager [-] Deleting neutron.network object s_rally_a2e2c6d2_iNfnZuqp (17b98472-5647-41c3-8c81-03e66a893196)
2019-07-28 09:48:04.164 22705 RALLYDEBUG rally_openstack.cleanup.manager [-] Deleting neutron.network object s_rally_a2e2c6d2_5nuxgVCx (1e612b8d-ee6d-405b-b753-8430aa6710ed)
2019-07-28 09:48:04.183 22705 RALLYDEBUG rally_openstack.cleanup.manager [-] Deleting neutron.network object s_rally_a2e2c6d2_WJPqjYFP (2273991c-8291-48d6-b9f9-bb8f202d7a0b)
2019-07-28 09:48:04.185 22705 RALLYDEBUG rally_openstack.cleanup.manager [-] Deleting neutron.network object s_rally_a2e2c6d2_RsSqigBp (244e1f00-aeab-4983-9cfd-bf981bcce456)
2019-07-28 09:48:04.199 22705 RALLYDEBUG rally_openstack.cleanup.manager [-] Deleting neutron.network object s_rally_a2e2c6d2_o5ro1rRE (333fa463-8370-4937-8013-5fce95fe28dc)
2019-07-28 09:48:04.202 22705 RALLYDEBUG rally_openstack.cleanup.manager [-] Deleting neutron.network object s_rally_a2e2c6d2_3w45bAZa (3628d9e8-3097-4a86-b024-f7d972aa7bc8)
2019-07-28 09:48:04.207 22705 RALLYDEBUG rally_openstack.cleanup.manager [-] Deleting neutron.network object s_rally_a2e2c6d2_q0lHnFzz (38cd4eee-ab1f-4798-b749-2e1689073e7e)
2019-07-28 09:48:04.260 22705 RALLYDEBUG rally_openstack.cleanup.manager [-] Deleting neutron.network object s_rally_a2e2c6d2_xQV7lFEc (532e5628-56a1-49a8-9840-8edaaedebf8d)
2019-07-28 09:48:04.261 22705 RALLYDEBUG rally_openstack.cleanup.manager [-] Deleting neutron.network object s_rally_a2e2c6d2_xmqAkwUM (57e908fe-f044-4e66-89a1-8b4b1e6f6389)
2019-07-28 09:48:04.279 22705 RALLYDEBUG rally_openstack.cleanup.manager [-] Deleting neutron.network object s_rally_a2e2c6d2_HybCUiSj (3d22826a-8e4a-4897-824a-3fe9fdf43005)
2019-07-28 09:48:04.293 22705 RALLYDEBUG rally_openstack.cleanup.manager [-] Deleting neutron.network object s_rally_a2e2c6d2_cEGbCdA5 (5d6600a0-63ba-4bf6-b54a-6f0eb82ec6c4)
2019-07-28 09:48:04.309 22705 RALLYDEBUG rally_openstack.cleanup.manager [-] Deleting neutron.network object s_rally_a2e2c6d2_9guapWOu (6d234b53-cb0f-46db-b3a0-db7561ac10ad)
2019-07-28 09:48:04.316 22705 RALLYDEBUG rally_openstack.cleanup.manager [-] Deleting neutron.network object s_rally_a2e2c6d2_LAgtVYdZ (6c6e3041-535d-4779-8c22-302aaaaa7132)
2019-07-28 09:48:04.326 22705 RALLYDEBUG rally_openstack.cleanup.manager [-] Deleting neutron.network object s_rally_a2e2c6d2_3fk1XugQ (668d2390-78c6-41df-bf00-56c5b49f805c)
2019-07-28 09:48:07.855 22705 RALLYDEBUG rally_openstack.cleanup.manager [-] Deleting neutron.network object s_rally_a2e2c6d2_MiYBh3Rr (6fd0ca64-5a0a-483e-801e-599c5caa600d)
2019-07-28 09:48:07.920 22705 RALLYDEBUG rally_openstack.cleanup.manager [-] Deleting neutron.network object s_rally_a2e2c6d2_xBUAlR6I (70db91d0-5743-49d3-8252-278693e7b648)
2019-07-28 09:48:07.965 22705 RALLYDEBUG rally_openstack.cleanup.manager [-] Deleting neutron.network object s_rally_a2e2c6d2_szILvS5W (727284a8-47a7-4612-a9b1-df6a6eb044b1)
2019-07-28 09:48:08.227 22705 RALLYDEBUG rally_openstack.cleanup.manager [-] Deleting neutron.network object s_rally_a2e2c6d2_UieUfSnG (76260232-040d-4a44-9eb2-fc9204131b46)
2019-07-28 09:48:08.379 22705 RALLYDEBUG rally_openstack.cleanup.manager [-] Deleting neutron.network object s_rally_a2e2c6d2_Ov4YQpwL (7daa2002-ff0c-4485-ac2c-360650caa587)
2019-07-28 09:48:08.947 22705 RALLYDEBUG rally_openstack.cleanup.manager [-] Deleting neutron.network object s_rally_a2e2c6d2_GTjaNTFR (80057e56-c2a2-4943-b660-2711d5129f37)
2019-07-28 09:48:08.966 22705 RALLYDEBUG rally_openstack.cleanup.manager [-] Deleting neutron.network object s_rally_a2e2c6d2_B4XTDD8y (90675e80-0c5c-4b74-a1bc-63ea2c6d80aa)
2019-07-28 09:48:08.968 22705 RALLYDEBUG rally_openstack.cleanup.manager [-] Deleting neutron.network object s_rally_a2e2c6d2_JWZp4oID (8bb98911-955d-4b20-9f2c-8c2ec43334af)
2019-07-28 09:48:09.068 22705 RALLYDEBUG rally_openstack.cleanup.manager [-] Deleting neutron.network object s_rally_a2e2c6d2_U67OUGQC (97ece5c2-b63e-4984-9c1a-1e4df66f4e59)
2019-07-28 09:48:09.074 22705 RALLYDEBUG rally_openstack.cleanup.manager [-] Deleting neutron.network object s_rally_a2e2c6d2_LJ4cVyZi (9b92d0e1-4b02-4042-9e40-c2f2ff555705)
2019-07-28 09:48:09.222 22705 RALLYDEBUG rally_openstack.cleanup.manager [-] Deleting neutron.network object s_rally_a2e2c6d2_Z4msFCpt (a01d6c82-2554-4a5c-9b13-f84aeaba744b)
2019-07-28 09:48:09.249 22705 RALLYDEBUG rally_openstack.cleanup.manager [-] Deleting neutron.network object s_rally_a2e2c6d2_qubOzgVO (a5773cab-4e9a-4a43-8ce2-f631c20de223)
2019-07-28 09:48:09.473 22705 RALLYDEBUG rally_openstack.cleanup.manager [-] Deleting neutron.network object s_rally_a2e2c6d2_5L3D9WPn (a5a7f3c6-2ad0-4608-b056-833fc33e885f)
2019-07-28 09:48:09.498 22705 RALLYDEBUG rally_openstack.cleanup.manager [-] Deleting neutron.network object s_rally_a2e2c6d2_vthV1ywT (a5b68c73-4d2b-4393-b2f9-dfb5f248ca98)
2019-07-28 09:48:09.506 22705 RALLYDEBUG rally_openstack.cleanup.manager [-] Deleting neutron.network object s_rally_a2e2c6d2_HfBsVVZX (a96f739b-6334-493c-b4a6-3b64c8496b19)
2019-07-28 09:48:09.528 22705 RALLYDEBUG rally_openstack.cleanup.manager [-] Deleting neutron.network object s_rally_a2e2c6d2_p2IVCiEP (b6032d39-e0ca-44dd-a352-e55344e4ce55)
2019-07-28 09:48:10.237 22705 RALLYDEBUG rally_openstack.cleanup.manager [-] Deleting neutron.network object s_rally_a2e2c6d2_eE6n1QAc (dc0f3a56-0754-4454-87e8-f4f3ecec0cea)
2019-07-28 09:48:10.273 22705 RALLYDEBUG rally_openstack.cleanup.manager [-] Deleting neutron.network object s_rally_a2e2c6d2_WRXdwXfL (dd586ce1-bebd-41de-a1d3-765c0ac7ac09)
2019-07-28 09:48:10.437 22705 RALLYDEBUG rally_openstack.cleanup.manager [-] Deleting neutron.network object s_rally_a2e2c6d2_reNmK5oo (ea20988d-e63e-45a2-a757-cd883d691682)
2019-07-28 09:48:10.453 22705 RALLYDEBUG rally_openstack.cleanup.manager [-] Deleting neutron.network object s_rally_a2e2c6d2_aFTgJobn (f771dcb8-dc77-4136-9a06-1ac5aca2b3ba)
2019-07-28 09:48:15.649 22705 RALLYDEBUG rally_openstack.cleanup.manager [-] Cleaning up neutron router objects
2019-07-28 09:48:16.342 22705 RALLYDEBUG rally_openstack.cleanup.manager [-] Cleaning up neutron security_group objects
2019-07-28 09:48:17.018 22705 INFO rally.task.context [-] Task 8def977a-7ff8-4799-bd01-7e71951a598e | Context cleanup@openstack cleanup() finished in 53.87 sec
2019-07-28 09:48:17.019 22705 INFO rally.task.context [-] Task 8def977a-7ff8-4799-bd01-7e71951a598e | Context quotas@openstack cleanup() started
2019-07-28 09:48:17.221 22705 INFO rally.task.context [-] Task 8def977a-7ff8-4799-bd01-7e71951a598e | Context quotas@openstack cleanup() finished in 0.20 sec
2019-07-28 09:48:17.221 22705 INFO rally.task.context [-] Task 8def977a-7ff8-4799-bd01-7e71951a598e | Context users@openstack cleanup() started
2019-07-28 09:48:21.669 22705 INFO rally.task.context [-] Task 8def977a-7ff8-4799-bd01-7e71951a598e | Context users@openstack cleanup() finished in 4.45 sec
2019-07-28 09:48:22.957 22705 INFO rally.task.engine [-] Load duration is: 45.527319
2019-07-28 09:48:22.958 22705 INFO rally.task.engine [-] Full runner duration is: 45.572574
2019-07-28 09:48:22.958 22705 INFO rally.task.engine [-] Full duration is: 109.142938
2019-07-28 09:48:23.232 22705 INFO rally.task.engine [-] Running workload: position = 2 config = { "version": 2, "title": "A cropped version of a bigger task.", "description": "Auto-generated task from a single workload (uuid=0c87eccc-b6a2-4e4b-b542-fa6c99c4e79a)", "subtasks": [ { "title": "NeutronNetworks.create_and_delete_ports", "description": "Create and delete a port.", "scenario": { "NeutronNetworks.create_and_delete_ports": { "network_create_args": {}, "port_create_args": {}, "ports_per_network": 5 } }, "contexts": { "users": { "tenants": 1, "users_per_tenant": 1 }, "quotas": { "neutron": { "network": -1, "port": -1 } } }, "runner": { "constant": { "times": 40, "concurrency": 20 } }, "hooks": [], "sla": { "failure_rate": { "max": 0 } } } ] }
2019-07-28 09:48:23.250 22705 RALLYDEBUG rally_openstack.contexts.keystone.users [-] Creating 1 tenants using 20 threads
2019-07-28 09:48:25.006 22705 RALLYDEBUG rally_openstack.contexts.keystone.users [-] Creating 1 users using 20 threads
2019-07-28 09:48:27.738 22705 INFO rally.task.context [-] Task 8def977a-7ff8-4799-bd01-7e71951a598e | Context users@openstack setup() finished in 4.49 sec
2019-07-28 09:48:28.455 22705 INFO rally.task.context [-] Task 8def977a-7ff8-4799-bd01-7e71951a598e | Context quotas@openstack setup() finished in 0.72 sec
2019-07-28 09:48:28.455 22705 INFO rally.task.context [-] Task 8def977a-7ff8-4799-bd01-7e71951a598e | Context cleanup@openstack setup() finished in 0.01 msec
2019-07-28 09:48:28.464 22705 RALLYDEBUG rally.task.runner [-] Starting the constant runner (task UUID: 8def977a-7ff8-4799-bd01-7e71951a598e). timeout: 0 concurrency: 20 concurrency_per_worker: 1 times: 40 concurrency_overhead: 4 processes_to_start: 16 max_cpu_used: 16
2019-07-28 09:48:28.475 26951 RALLYDEBUG rally.task.runner [-] Starting a worker. concurrency: 2 args: {"network_create_args": {}, "port_create_args": {}, "ports_per_network": 5} times: 40 method_name: run timeout: 0 duration: None cls:
2019-07-28 09:48:28.478 26952 RALLYDEBUG rally.task.runner [-] Starting a worker. concurrency: 2 args: {"network_create_args": {}, "port_create_args": {}, "ports_per_network": 5} times: 40 method_name: run timeout: 0 duration: None cls:
2019-07-28 09:48:28.479 26953 RALLYDEBUG rally.task.runner [-] Starting a worker. concurrency: 2 args: {"network_create_args": {}, "port_create_args": {}, "ports_per_network": 5} times: 40 method_name: run timeout: 0 duration: None cls:
2019-07-28 09:48:28.480 26951 INFO rally.task.runner [-] Task 8def977a-7ff8-4799-bd01-7e71951a598e | ITER: 1 START
2019-07-28 09:48:28.482 26951 WARNING rally_openstack.scenarios.neutron.utils [-] Running this scenario without either the 'network' or 'existing_network' context is deprecated
2019-07-28 09:48:28.483 26954 RALLYDEBUG rally.task.runner [-] Starting a worker. concurrency: 2 args: {"network_create_args": {}, "port_create_args": {}, "ports_per_network": 5} times: 40 method_name: run timeout: 0 duration: None cls:
2019-07-28 09:48:28.484 26957 RALLYDEBUG rally.task.runner [-] Starting a worker. concurrency: 1 args: {"network_create_args": {}, "port_create_args": {}, "ports_per_network": 5} times: 40 method_name: run timeout: 0 duration: None cls:
2019-07-28 09:48:28.486 26952 INFO rally.task.runner [-] Task 8def977a-7ff8-4799-bd01-7e71951a598e | ITER: 3 START
2019-07-28 09:48:28.488 26952 WARNING rally_openstack.scenarios.neutron.utils [-] Running this scenario without either the 'network' or 'existing_network' context is deprecated
2019-07-28 09:48:28.490 26953 INFO rally.task.runner [-] Task 8def977a-7ff8-4799-bd01-7e71951a598e | ITER: 6 START
2019-07-28 09:48:28.490 26958 RALLYDEBUG rally.task.runner [-] Starting a worker. concurrency: 1 args: {"network_create_args": {}, "port_create_args": {}, "ports_per_network": 5} times: 40 method_name: run timeout: 0 duration: None cls:
2019-07-28 09:48:28.491 26957 INFO rally.task.runner [-] Task 8def977a-7ff8-4799-bd01-7e71951a598e | ITER: 8 START
2019-07-28 09:48:28.489 26953 INFO rally.task.runner [-] Task 8def977a-7ff8-4799-bd01-7e71951a598e | ITER: 4 START
2019-07-28 09:48:28.491 26963 RALLYDEBUG rally.task.runner [-] Starting a worker. concurrency: 1 args: {"network_create_args": {}, "port_create_args": {}, "ports_per_network": 5} times: 40 method_name: run timeout: 0 duration: None cls:
2019-07-28 09:48:28.491 26953 WARNING rally_openstack.scenarios.neutron.utils [-] Running this scenario without either the 'network' or 'existing_network' context is deprecated
2019-07-28 09:48:28.492 26957 WARNING rally_openstack.scenarios.neutron.utils [-] Running this scenario without either the 'network' or 'existing_network' context is deprecated
2019-07-28 09:48:28.493 26954 INFO rally.task.runner [-] Task 8def977a-7ff8-4799-bd01-7e71951a598e | ITER: 7 START
2019-07-28 09:48:28.494 26951 INFO rally.task.runner [-] Task 8def977a-7ff8-4799-bd01-7e71951a598e | ITER: 2 START
2019-07-28 09:48:28.495 26951 WARNING rally_openstack.scenarios.neutron.utils [-] Running this scenario without either the 'network' or 'existing_network' context is deprecated
2019-07-28 09:48:28.494 26954 WARNING rally_openstack.scenarios.neutron.utils [-] Running this scenario without either the 'network' or 'existing_network' context is deprecated
2019-07-28 09:48:28.494 26968 RALLYDEBUG rally.task.runner [-] Starting a worker. concurrency: 1 args: {"network_create_args": {}, "port_create_args": {}, "ports_per_network": 5} times: 40 method_name: run timeout: 0 duration: None cls:
2019-07-28 09:48:28.497 26952 INFO rally.task.runner [-] Task 8def977a-7ff8-4799-bd01-7e71951a598e | ITER: 5 START
2019-07-28 09:48:28.496 26973 RALLYDEBUG rally.task.runner [-] Starting a worker. concurrency: 1 args: {"network_create_args": {}, "port_create_args": {}, "ports_per_network": 5} times: 40 method_name: run timeout: 0 duration: None cls:
2019-07-28 09:48:28.497 26963 INFO rally.task.runner [-] Task 8def977a-7ff8-4799-bd01-7e71951a598e | ITER: 11 START
2019-07-28 09:48:28.497 26954 INFO rally.task.runner [-] Task 8def977a-7ff8-4799-bd01-7e71951a598e | ITER: 9 START
2019-07-28 09:48:28.497 26952 WARNING rally_openstack.scenarios.neutron.utils [-] Running this scenario without either the 'network' or 'existing_network' context is deprecated
2019-07-28 09:48:28.498 26963 WARNING rally_openstack.scenarios.neutron.utils [-] Running this scenario without either the 'network' or 'existing_network' context is deprecated
2019-07-28 09:48:28.498 26954 WARNING rally_openstack.scenarios.neutron.utils [-] Running this scenario without either the 'network' or 'existing_network' context is deprecated
2019-07-28 09:48:28.500 26958 INFO rally.task.runner [-] Task 8def977a-7ff8-4799-bd01-7e71951a598e | ITER: 10 START
2019-07-28 09:48:28.500 26975 RALLYDEBUG rally.task.runner [-] Starting a worker. concurrency: 1 args: {"network_create_args": {}, "port_create_args": {}, "ports_per_network": 5} times: 40 method_name: run timeout: 0 duration: None cls:
2019-07-28 09:48:28.492 26953 WARNING rally_openstack.scenarios.neutron.utils [-] Running this scenario without either the 'network' or 'existing_network' context is deprecated
2019-07-28 09:48:28.502 26973 INFO rally.task.runner [-] Task 8def977a-7ff8-4799-bd01-7e71951a598e | ITER: 13 START
2019-07-28 09:48:28.502 26968 INFO rally.task.runner [-] Task 8def977a-7ff8-4799-bd01-7e71951a598e | ITER: 12 START
2019-07-28 09:48:28.501 26958 WARNING rally_openstack.scenarios.neutron.utils [-] Running this scenario without either the 'network' or 'existing_network' context is deprecated
2019-07-28 09:48:28.503 26973 WARNING rally_openstack.scenarios.neutron.utils [-] Running this scenario without either the 'network' or 'existing_network' context is deprecated
2019-07-28 09:48:28.504 26968 WARNING rally_openstack.scenarios.neutron.utils [-] Running this scenario without either the 'network' or 'existing_network' context is deprecated
2019-07-28 09:48:28.505 26975 INFO rally.task.runner [-] Task 8def977a-7ff8-4799-bd01-7e71951a598e | ITER: 14 START
2019-07-28 09:48:28.506 26975 WARNING rally_openstack.scenarios.neutron.utils [-] Running this scenario without either the 'network' or 'existing_network' context is deprecated
2019-07-28 09:48:28.506 26980 RALLYDEBUG rally.task.runner [-] Starting a worker. concurrency: 1 args: {"network_create_args": {}, "port_create_args": {}, "ports_per_network": 5} times: 40 method_name: run timeout: 0 duration: None cls:
2019-07-28 09:48:28.512 26980 INFO rally.task.runner [-] Task 8def977a-7ff8-4799-bd01-7e71951a598e | ITER: 15 START
2019-07-28 09:48:28.513 26980 WARNING rally_openstack.scenarios.neutron.utils [-] Running this scenario without either the 'network' or 'existing_network' context is deprecated
2019-07-28 09:48:28.522 26989 RALLYDEBUG rally.task.runner [-] Starting a worker. concurrency: 1 args: {"network_create_args": {}, "port_create_args": {}, "ports_per_network": 5} times: 40 method_name: run timeout: 0 duration: None cls:
2019-07-28 09:48:28.522 26988 RALLYDEBUG rally.task.runner [-] Starting a worker. concurrency: 1 args: {"network_create_args": {}, "port_create_args": {}, "ports_per_network": 5} times: 40 method_name: run timeout: 0 duration: None cls:
2019-07-28 09:48:28.526 26989 INFO rally.task.runner [-] Task 8def977a-7ff8-4799-bd01-7e71951a598e | ITER: 16 START
2019-07-28 09:48:28.528 26989 WARNING rally_openstack.scenarios.neutron.utils [-] Running this scenario without either the 'network' or 'existing_network' context is deprecated
2019-07-28 09:48:28.529 26992 RALLYDEBUG rally.task.runner [-] Starting a worker. concurrency: 1 args: {"network_create_args": {}, "port_create_args": {}, "ports_per_network": 5} times: 40 method_name: run timeout: 0 duration: None cls:
2019-07-28 09:48:28.531 26988 INFO rally.task.runner [-] Task 8def977a-7ff8-4799-bd01-7e71951a598e | ITER: 17 START
2019-07-28 09:48:28.531 26992 INFO rally.task.runner [-] Task 8def977a-7ff8-4799-bd01-7e71951a598e | ITER: 18 START
2019-07-28 09:48:28.532 26988 WARNING rally_openstack.scenarios.neutron.utils [-] Running this scenario without either the 'network' or 'existing_network' context is deprecated
2019-07-28 09:48:28.532 26992 WARNING rally_openstack.scenarios.neutron.utils [-] Running this scenario without either the 'network' or 'existing_network' context is deprecated
2019-07-28 09:48:28.535 26997 RALLYDEBUG rally.task.runner [-] Starting a worker. concurrency: 1 args: {"network_create_args": {}, "port_create_args": {}, "ports_per_network": 5} times: 40 method_name: run timeout: 0 duration: None cls:
2019-07-28 09:48:28.537 26997 INFO rally.task.runner [-] Task 8def977a-7ff8-4799-bd01-7e71951a598e | ITER: 19 START
2019-07-28 09:48:28.538 26997 WARNING rally_openstack.scenarios.neutron.utils [-] Running this scenario without either the 'network' or 'existing_network' context is deprecated
2019-07-28 09:48:28.540 26998 RALLYDEBUG rally.task.runner [-] Starting a worker. concurrency: 1 args: {"network_create_args": {}, "port_create_args": {}, "ports_per_network": 5} times: 40 method_name: run timeout: 0 duration: None cls:
2019-07-28 09:48:28.543 26998 INFO rally.task.runner [-] Task 8def977a-7ff8-4799-bd01-7e71951a598e | ITER: 20 START
2019-07-28 09:48:28.544 26998 WARNING rally_openstack.scenarios.neutron.utils [-] Running this scenario without either the 'network' or 'existing_network' context is deprecated
2019-07-28 09:48:39.057 26951 INFO rally.task.runner [-] Task 8def977a-7ff8-4799-bd01-7e71951a598e | ITER: 1 END: OK
2019-07-28 09:48:39.060 26951 INFO rally.task.runner [-] Task 8def977a-7ff8-4799-bd01-7e71951a598e | ITER: 21 START
2019-07-28 09:48:39.060 26951 WARNING rally_openstack.scenarios.neutron.utils [-] Running this scenario without either the 'network' or 'existing_network' context is deprecated
2019-07-28 09:48:39.618 26980 INFO rally.task.runner [-] Task 8def977a-7ff8-4799-bd01-7e71951a598e | ITER: 15 END: OK
2019-07-28 09:48:39.621 26980 INFO rally.task.runner [-] Task 8def977a-7ff8-4799-bd01-7e71951a598e | ITER: 22 START
2019-07-28 09:48:39.622 26980 WARNING rally_openstack.scenarios.neutron.utils [-] Running this scenario without either the 'network' or 'existing_network' context is deprecated
2019-07-28 09:48:39.770 26998 INFO rally.task.runner [-] Task 8def977a-7ff8-4799-bd01-7e71951a598e | ITER: 20 END: OK
2019-07-28 09:48:39.774 26998 INFO rally.task.runner [-] Task 8def977a-7ff8-4799-bd01-7e71951a598e | ITER: 23 START
2019-07-28 09:48:39.774 26998 WARNING rally_openstack.scenarios.neutron.utils [-] Running this scenario without either the 'network' or 'existing_network' context is deprecated
2019-07-28 09:48:46.908 26975 INFO rally.task.runner [-] Task 8def977a-7ff8-4799-bd01-7e71951a598e | ITER: 14 END: OK
2019-07-28 09:48:46.911 26975 INFO rally.task.runner [-] Task 8def977a-7ff8-4799-bd01-7e71951a598e | ITER: 24 START
2019-07-28 09:48:46.911 26975 WARNING rally_openstack.scenarios.neutron.utils [-] Running this scenario without either the 'network' or 'existing_network' context is deprecated
2019-07-28 09:48:47.578 26954 INFO rally.task.runner [-] Task 8def977a-7ff8-4799-bd01-7e71951a598e | ITER: 9 END: OK
2019-07-28 09:48:47.580 26954 INFO rally.task.runner [-] Task 8def977a-7ff8-4799-bd01-7e71951a598e | ITER: 25 START
2019-07-28 09:48:47.581 26954 WARNING rally_openstack.scenarios.neutron.utils [-] Running this scenario without either the 'network' or 'existing_network' context is deprecated
2019-07-28 09:48:48.922 26951 INFO rally.task.runner [-] Task 8def977a-7ff8-4799-bd01-7e71951a598e | ITER: 21 END: OK
2019-07-28 09:48:48.926 26951 INFO rally.task.runner [-] Task 8def977a-7ff8-4799-bd01-7e71951a598e | ITER: 26 START
2019-07-28 09:48:48.927 26951 WARNING rally_openstack.scenarios.neutron.utils [-] Running this scenario without either the 'network' or 'existing_network' context is deprecated
2019-07-28 09:48:49.026 26951 INFO rally.task.runner [-] Task 8def977a-7ff8-4799-bd01-7e71951a598e | ITER: 2 END: OK
2019-07-28 09:48:49.029 26951 INFO rally.task.runner [-] Task 8def977a-7ff8-4799-bd01-7e71951a598e | ITER: 27 START
2019-07-28 09:48:49.029 26951 WARNING rally_openstack.scenarios.neutron.utils [-] Running this scenario without either the 'network' or 'existing_network' context is deprecated
2019-07-28 09:48:49.682 26997 INFO rally.task.runner [-] Task 8def977a-7ff8-4799-bd01-7e71951a598e | ITER: 19 END: OK
2019-07-28 09:48:49.685 26997 INFO rally.task.runner [-] Task 8def977a-7ff8-4799-bd01-7e71951a598e | ITER: 28 START
2019-07-28 09:48:49.686 26997 WARNING rally_openstack.scenarios.neutron.utils [-] Running this scenario without either the 'network' or 'existing_network' context is deprecated
2019-07-28 09:48:50.144 26952 INFO rally.task.runner [-] Task 8def977a-7ff8-4799-bd01-7e71951a598e | ITER: 3 END: OK
2019-07-28 09:48:50.147 26952 INFO rally.task.runner [-] Task 8def977a-7ff8-4799-bd01-7e71951a598e | ITER: 29 START
2019-07-28 09:48:50.148 26952 WARNING rally_openstack.scenarios.neutron.utils [-] Running this scenario without either the 'network' or 'existing_network' context is deprecated
2019-07-28 09:48:54.966 26963 INFO rally.task.runner [-] Task 8def977a-7ff8-4799-bd01-7e71951a598e | ITER: 11 END: OK
2019-07-28 09:48:54.969 26963 INFO rally.task.runner [-] Task 8def977a-7ff8-4799-bd01-7e71951a598e | ITER: 30 START
2019-07-28 09:48:54.970 26963 WARNING rally_openstack.scenarios.neutron.utils [-] Running this scenario without either the 'network' or 'existing_network' context is deprecated
2019-07-28 09:48:55.325 26957 INFO rally.task.runner [-] Task 8def977a-7ff8-4799-bd01-7e71951a598e | ITER: 8 END: OK
2019-07-28 09:48:55.328 26957 INFO rally.task.runner [-] Task 8def977a-7ff8-4799-bd01-7e71951a598e | ITER: 31 START
2019-07-28 09:48:55.329 26957 WARNING rally_openstack.scenarios.neutron.utils [-] Running this scenario without either the 'network' or 'existing_network' context is deprecated
2019-07-28 09:48:55.333 26954 INFO rally.task.runner [-] Task 8def977a-7ff8-4799-bd01-7e71951a598e | ITER: 7 END: OK
2019-07-28 09:48:55.337 26954 INFO rally.task.runner [-] Task 8def977a-7ff8-4799-bd01-7e71951a598e | ITER: 32 START
2019-07-28 09:48:55.337 26954 WARNING rally_openstack.scenarios.neutron.utils [-] Running this scenario without either the 'network' or 'existing_network' context is deprecated
2019-07-28 09:48:55.892 26953 INFO rally.task.runner [-] Task 8def977a-7ff8-4799-bd01-7e71951a598e | ITER: 4 END: OK
2019-07-28 09:48:55.895 26953 INFO rally.task.runner [-] Task 8def977a-7ff8-4799-bd01-7e71951a598e | ITER: 33 START
2019-07-28 09:48:55.896 26953 WARNING rally_openstack.scenarios.neutron.utils [-] Running this scenario without either the 'network' or 'existing_network' context is deprecated
2019-07-28 09:48:55.907 26952 INFO rally.task.runner [-] Task 8def977a-7ff8-4799-bd01-7e71951a598e | ITER: 5 END: OK
2019-07-28 09:48:55.910 26952 INFO rally.task.runner [-] Task 8def977a-7ff8-4799-bd01-7e71951a598e | ITER: 34 START
2019-07-28 09:48:55.911 26952 WARNING rally_openstack.scenarios.neutron.utils [-] Running this scenario without either the 'network' or 'existing_network' context is deprecated
2019-07-28 09:48:55.950 26968 INFO rally.task.runner [-] Task 8def977a-7ff8-4799-bd01-7e71951a598e | ITER: 12 END: OK
2019-07-28 09:48:55.954 26968 INFO rally.task.runner [-] Task 8def977a-7ff8-4799-bd01-7e71951a598e | ITER: 35 START
2019-07-28 09:48:55.955 26968 WARNING rally_openstack.scenarios.neutron.utils [-] Running this scenario without either the 'network' or 'existing_network' context is deprecated
2019-07-28 09:48:55.958 26958 INFO rally.task.runner [-] Task 8def977a-7ff8-4799-bd01-7e71951a598e | ITER: 10 END: OK
2019-07-28 09:48:55.961 26958 INFO rally.task.runner [-] Task 8def977a-7ff8-4799-bd01-7e71951a598e | ITER: 36 START
2019-07-28 09:48:55.962 26958 WARNING rally_openstack.scenarios.neutron.utils [-] Running this scenario without either the 'network' or 'existing_network' context is deprecated
2019-07-28 09:48:55.970 26953 INFO rally.task.runner [-] Task 8def977a-7ff8-4799-bd01-7e71951a598e | ITER: 6 END: OK
2019-07-28 09:48:55.973 26953 INFO rally.task.runner [-] Task 8def977a-7ff8-4799-bd01-7e71951a598e | ITER: 37 START
2019-07-28 09:48:55.974 26953 WARNING rally_openstack.scenarios.neutron.utils [-] Running this scenario without either the 'network' or 'existing_network' context is deprecated
2019-07-28 09:48:56.203 26973 INFO rally.task.runner [-] Task 8def977a-7ff8-4799-bd01-7e71951a598e | ITER: 13 END: OK
2019-07-28 09:48:56.206 26973 INFO rally.task.runner [-] Task 8def977a-7ff8-4799-bd01-7e71951a598e | ITER: 38 START
2019-07-28 09:48:56.207 26973 WARNING rally_openstack.scenarios.neutron.utils [-] Running this scenario without either the 'network' or 'existing_network' context is deprecated
