2019-07-28 09:46:07.720 22705 RALLYDEBUG rally_openstack.cleanup.manager [-] Deleting neutron.port object s_rally_987b362e_OpltMjBB (d6f29515-f6e3-4ea6-9cee-ce889cd1615d)
2019-07-28 09:46:07.742 22705 RALLYDEBUG rally_openstack.cleanup.manager [-] Deleting neutron.port object s_rally_987b362e_cnbG5snj (d87cd988-12da-49c9-9a9a-cdc11e522ce3)
2019-07-28 09:46:07.880 22705 RALLYDEBUG rally_openstack.cleanup.manager [-] Deleting neutron.port object s_rally_987b362e_hbPonEA3 (d8a6f8c6-6115-4be3-8d4c-2dd1f08eef0a)
2019-07-28 09:46:07.889 22705 RALLYDEBUG rally_openstack.cleanup.manager [-] Deleting neutron.port object s_rally_987b362e_ccrp6I1p (dc1b0a93-f825-477d-bcb2-a3253b7b5650)
2019-07-28 09:46:08.177 22705 RALLYDEBUG rally_openstack.cleanup.manager [-] Deleting neutron.port object s_rally_987b362e_DZFp0rSa (dc1c90f4-ae6b-4654-a1ba-be41fbf49644)
2019-07-28 09:46:08.577 22705 RALLYDEBUG rally_openstack.cleanup.manager [-] Deleting neutron.port object s_rally_987b362e_TaxbXWXw (dc54c2ed-db96-4ab7-b664-1d91721e6038)
2019-07-28 09:46:08.782 22705 RALLYDEBUG rally_openstack.cleanup.manager [-] Deleting neutron.port object s_rally_987b362e_9kBKEnKJ (dc622bca-d88a-4ac3-85af-90535e5aafc7)
2019-07-28 09:46:09.133 22705 RALLYDEBUG rally_openstack.cleanup.manager [-] Deleting neutron.port object s_rally_987b362e_9yQWobaI (dc80f180-e67e-4dc8-909f-3b63e1ece6da)
2019-07-28 09:46:09.168 22705 RALLYDEBUG rally_openstack.cleanup.manager [-] Deleting neutron.port object s_rally_987b362e_vzQiRDIZ (dd7ff315-087e-4023-ac10-540e3b09f0f6)
2019-07-28 09:46:09.178 22705 RALLYDEBUG rally_openstack.cleanup.manager [-] Deleting neutron.port object s_rally_987b362e_KCefVi8c (de262c78-fc08-4f45-b459-fb95dee987dd)
2019-07-28 09:46:09.187 22705 RALLYDEBUG rally_openstack.cleanup.manager [-] Deleting neutron.port object s_rally_987b362e_jAWnhWEd (e035574d-7122-4add-adc9-e7d6a2f14695)
2019-07-28 09:46:09.231 22705 RALLYDEBUG rally_openstack.cleanup.manager [-] Deleting neutron.port object s_rally_987b362e_vV3WY7mM (e056b91a-1cd1-49ec-863a-a3bab6cf91d3)
2019-07-28 09:46:09.550 22705 RALLYDEBUG rally_openstack.cleanup.manager [-] Deleting neutron.port object s_rally_987b362e_WATM9K4A (e06c5930-360f-4cda-9e15-ec8ffb501ac8)
2019-07-28 09:46:09.668 22705 RALLYDEBUG rally_openstack.cleanup.manager [-] Deleting neutron.port object s_rally_987b362e_fh9TGP67 (e0fcad89-2c0e-4329-a818-56bd575ba82a)
2019-07-28 09:46:10.074 22705 RALLYDEBUG rally_openstack.cleanup.manager [-] Deleting neutron.port object s_rally_987b362e_MjdRRIpj (e25c837e-dc1f-4d3a-b035-2a4171804ba7)
2019-07-28 09:46:10.220 22705 RALLYDEBUG rally_openstack.cleanup.manager [-] Deleting neutron.port object s_rally_987b362e_HiX1kLRV (e2f97ff7-353f-4d3c-ab55-b4e381a691e9)
2019-07-28 09:46:10.478 22705 RALLYDEBUG rally_openstack.cleanup.manager [-] Deleting neutron.port object s_rally_987b362e_S5uCJT8o (e42bc839-309a-4c09-8af2-a48a51907f49)
2019-07-28 09:46:10.484 22705 RALLYDEBUG rally_openstack.cleanup.manager [-] Deleting neutron.port object s_rally_987b362e_LzXqNca7 (e67f39ae-0237-494c-8b48-52a7c0567e34)
2019-07-28 09:46:10.635 22705 RALLYDEBUG rally_openstack.cleanup.manager [-] Deleting neutron.port object s_rally_987b362e_d6HImSuZ (e72dda42-169d-4481-ae49-02794479daf8)
2019-07-28 09:46:10.641 22705 RALLYDEBUG rally_openstack.cleanup.manager [-] Deleting neutron.port object s_rally_987b362e_adNFq6RR (e76795fd-5b7a-4b29-ba70-e8198e969fc4)
2019-07-28 09:46:10.947 22705 RALLYDEBUG rally_openstack.cleanup.manager [-] Deleting neutron.port object s_rally_987b362e_d7rQftj9 (e76ad37c-3a19-4fba-b11f-2765581faddc)
2019-07-28 09:46:10.953 22705 RALLYDEBUG rally_openstack.cleanup.manager [-] Deleting neutron.port object s_rally_987b362e_qaRinMQL (e7eddfd9-2d74-4e59-ba61-f458d6db4612)
2019-07-28 09:46:11.256 22705 RALLYDEBUG rally_openstack.cleanup.manager [-] Deleting neutron.port object s_rally_987b362e_EDUabVsW (e903fb70-b183-4518-a4fe-015ab09b7ec9)
2019-07-28 09:46:11.545 22705 RALLYDEBUG rally_openstack.cleanup.manager [-] Deleting neutron.port object s_rally_987b362e_7YVe1mOH (e93ffc7e-dfdd-4efb-92ba-d938aad83fdb)
2019-07-28 09:46:11.652 22705 RALLYDEBUG rally_openstack.cleanup.manager [-] Deleting neutron.port object s_rally_987b362e_wgwG43TL (e953df41-ed48-4493-aeb5-5fba769a76ea)
2019-07-28 09:46:11.652 22705 RALLYDEBUG rally_openstack.cleanup.manager [-] Deleting neutron.port object s_rally_987b362e_DzvGUd6f (e99ac8c1-d50a-497f-acc3-b0dca335163d)
2019-07-28 09:46:11.694 22705 RALLYDEBUG rally_openstack.cleanup.manager [-] Deleting neutron.port object s_rally_987b362e_GAvuzrEj (ea4555ca-b53c-40af-a69e-095145a88781)
2019-07-28 09:46:11.777 22705 RALLYDEBUG rally_openstack.cleanup.manager [-] Deleting neutron.port object s_rally_987b362e_r7dCE8gb (eaa045f4-37ce-439f-82cb-aa9ba4720c88)
2019-07-28 09:46:11.826 22705 RALLYDEBUG rally_openstack.cleanup.manager [-] Deleting neutron.port object s_rally_987b362e_Gq3pk2ts (eae02def-c59c-4c88-b5f4-55e95b79cb62)
2019-07-28 09:46:11.834 22705 RALLYDEBUG rally_openstack.cleanup.manager [-] Deleting neutron.port object s_rally_987b362e_A7uUBh1F (eaf51b0b-a662-4cad-9630-eccfabee9380)
2019-07-28 09:46:11.841 22705 RALLYDEBUG rally_openstack.cleanup.manager [-] Deleting neutron.port object s_rally_987b362e_U3Eqj44L (eb5b20bd-6cd8-4c0c-a391-c131e6ec4096)
2019-07-28 09:46:11.899 22705 RALLYDEBUG rally_openstack.cleanup.manager [-] Deleting neutron.port object s_rally_987b362e_D6CDBBoP (ec26b6df-7ff3-4d98-8ca5-a71256eda08f)
2019-07-28 09:46:12.442 22705 RALLYDEBUG rally_openstack.cleanup.manager [-] Deleting neutron.port object s_rally_987b362e_pHwCc79B (ecbd2648-eb1c-4ebb-ab02-89f2ef93ea46)
2019-07-28 09:46:12.594 22705 RALLYDEBUG rally_openstack.cleanup.manager [-] Deleting neutron.port object s_rally_987b362e_Ba50jQzg (ed775a80-57ae-427c-9804-0809ecfaf477)
2019-07-28 09:46:12.604 22705 RALLYDEBUG rally_openstack.cleanup.manager [-] Deleting neutron.port object s_rally_987b362e_Ink1JA49 (ee51173c-9430-480e-b300-325526432b97)
2019-07-28 09:46:12.605 22705 RALLYDEBUG rally_openstack.cleanup.manager [-] Deleting neutron.port object s_rally_987b362e_XM6K2Iye (ee1543ca-1ec6-460a-85d0-000cfbb67f64)
2019-07-28 09:46:12.992 22705 RALLYDEBUG rally_openstack.cleanup.manager [-] Deleting neutron.port object s_rally_987b362e_NEuvJJph (eeac60b9-7630-497c-a282-f1b441d3f923)
2019-07-28 09:46:13.234 22705 RALLYDEBUG rally_openstack.cleanup.manager [-] Deleting neutron.port object s_rally_987b362e_A5XgBgkn (eeaccb20-19eb-40a2-bce2-90890336bb48)
2019-07-28 09:46:13.344 22705 RALLYDEBUG rally_openstack.cleanup.manager [-] Deleting neutron.port object s_rally_987b362e_mM5betNl (eeb86705-e147-4633-9c32-9951499e486b)
2019-07-28 09:46:13.515 22705 RALLYDEBUG rally_openstack.cleanup.manager [-] Deleting neutron.port object s_rally_987b362e_wRDqeTva (eed5daf2-10be-41bc-8017-52b9422f6867)
2019-07-28 09:46:13.522 22705 RALLYDEBUG rally_openstack.cleanup.manager [-] Deleting neutron.port object s_rally_987b362e_k0YHIg3Q (eefe28fa-664f-4dce-adbb-881719b89e5f)
2019-07-28 09:46:13.756 22705 RALLYDEBUG rally_openstack.cleanup.manager [-] Deleting neutron.port object s_rally_987b362e_jWF7OtDA (efe4ea30-606e-4f21-b139-de71add66b8e)
2019-07-28 09:46:14.019 22705 RALLYDEBUG rally_openstack.cleanup.manager [-] Deleting neutron.port object s_rally_987b362e_ZmxecaeZ (f0d46456-e2ce-498d-bca0-f68350c7ab29)
2019-07-28 09:46:14.249 22705 RALLYDEBUG rally_openstack.cleanup.manager [-] Deleting neutron.port object s_rally_987b362e_pvdXtrgs (f1372314-a22d-4266-b5a2-4c96349115c5)
2019-07-28 09:46:14.394 22705 RALLYDEBUG rally_openstack.cleanup.manager [-] Deleting neutron.port object s_rally_987b362e_Kn1AapPD (f141b0bf-b44f-4809-9d0a-afbf16471178)
2019-07-28 09:46:14.498 22705 RALLYDEBUG rally_openstack.cleanup.manager [-] Deleting neutron.port object s_rally_987b362e_TFEc76jd (f4d12c74-e19e-476b-aec9-faf8aa09ae85)
2019-07-28 09:46:14.580 22705 RALLYDEBUG rally_openstack.cleanup.manager [-] Deleting neutron.port object s_rally_987b362e_lG1JLtC9 (f512b4e2-084f-4ec4-9572-171f2d2c8e81)
2019-07-28 09:46:14.650 22705 RALLYDEBUG rally_openstack.cleanup.manager [-] Deleting neutron.port object s_rally_987b362e_NDxvGQnH (f54acb8c-091c-4e7f-a541-c815cc678f31)
2019-07-28 09:46:14.809 22705 RALLYDEBUG rally_openstack.cleanup.manager [-] Deleting neutron.port object s_rally_987b362e_6blJgTAA (f5ee6b1a-741f-452c-9670-d6952e8619dc)
2019-07-28 09:46:15.226 22705 RALLYDEBUG rally_openstack.cleanup.manager [-] Deleting neutron.port object s_rally_987b362e_O1Aag2VT (f5f2b5e9-46b8-4519-b3f1-f85661444577)
2019-07-28 09:46:15.241 22705 RALLYDEBUG rally_openstack.cleanup.manager [-] Deleting neutron.port object s_rally_987b362e_uRDtQAUc (f98829e8-50e7-4f39-8b7b-8b1e94614553)
2019-07-28 09:46:15.398 22705 RALLYDEBUG rally_openstack.cleanup.manager [-] Deleting neutron.port object s_rally_987b362e_rh0r1lFm (f9eb8d02-c734-4eae-bf6d-09e794257b07)
2019-07-28 09:46:15.410 22705 RALLYDEBUG rally_openstack.cleanup.manager [-] Deleting neutron.port object s_rally_987b362e_bjxHELK7 (fa05213f-1bfe-4fd7-badc-9f9f5d92344a)
2019-07-28 09:46:15.432 22705 RALLYDEBUG rally_openstack.cleanup.manager [-] Deleting neutron.port object s_rally_987b362e_0kxypbxP (fabe005a-1497-4e54-89e1-f88612a4a05c)
2019-07-28 09:46:15.439 22705 RALLYDEBUG rally_openstack.cleanup.manager [-] Deleting neutron.port object s_rally_987b362e_EGPTh2Xl (fac20ed7-4e87-4052-9d19-6cf0d6ed5a35)
2019-07-28 09:46:15.783 22705 RALLYDEBUG rally_openstack.cleanup.manager [-] Deleting neutron.port object s_rally_987b362e_F4CGE0ch (fad292bf-ea20-4928-9e3c-a0c90154985d)
2019-07-28 09:46:15.788 22705 RALLYDEBUG rally_openstack.cleanup.manager [-] Deleting neutron.port object s_rally_987b362e_0bOz5bKH (fb96f87c-6317-4f9b-bf8a-a31f51f4a821)
2019-07-28 09:46:15.794 22705 RALLYDEBUG rally_openstack.cleanup.manager [-] Deleting neutron.port object s_rally_987b362e_dLsTP5QV (fc21efe2-811e-42e4-b074-59dc8aff9511)
2019-07-28 09:46:16.088 22705 RALLYDEBUG rally_openstack.cleanup.manager [-] Deleting neutron.port object s_rally_987b362e_cL5yxxG1 (fcacb3a6-ad89-4d82-8f55-f8f5e895f747)
2019-07-28 09:46:16.305 22705 RALLYDEBUG rally_openstack.cleanup.manager [-] Deleting neutron.port object s_rally_987b362e_KZu1GpqI (fe809927-8c7d-421b-a829-e44220021522)
2019-07-28 09:46:16.340 22705 RALLYDEBUG rally_openstack.cleanup.manager [-] Deleting neutron.port object s_rally_987b362e_5f2OHSfs (ff431be6-63b4-422a-bee9-fb7e54def135)
2019-07-28 09:46:16.408 22705 RALLYDEBUG rally_openstack.cleanup.manager [-] Deleting neutron.port object s_rally_987b362e_ggywzHBJ (ffb1329f-c79e-49f4-99c5-2879f14c9657)
2019-07-28 09:46:19.480 22705 RALLYDEBUG rally_openstack.cleanup.manager [-] Cleaning up neutron subnet objects
2019-07-28 09:46:20.183 22705 RALLYDEBUG rally_openstack.cleanup.manager [-] Cleaning up neutron network objects
2019-07-28 09:46:20.906 22705 RALLYDEBUG rally_openstack.cleanup.manager [-] Deleting neutron.network object s_rally_987b362e_5bL0eidL (04978136-d007-4850-9a22-fb6b8542746a)
2019-07-28 09:46:20.914 22705 RALLYDEBUG rally_openstack.cleanup.manager [-] Deleting neutron.network object s_rally_987b362e_EgAiRy8u (112341a7-3c28-47ff-9e60-ff9c27769688)
2019-07-28 09:46:20.921 22705 RALLYDEBUG rally_openstack.cleanup.manager [-] Deleting neutron.network object s_rally_987b362e_T5PzZEzM (5a50c059-fcf6-4576-94ba-0f91a984b8b8)
2019-07-28 09:46:20.929 22705 RALLYDEBUG rally_openstack.cleanup.manager [-] Deleting neutron.network object s_rally_987b362e_J7NUnNoh (62d0b144-3a3b-4441-8e5f-ed24a21bc4e7)
2019-07-28 09:46:20.930 22705 RALLYDEBUG rally_openstack.cleanup.manager [-] Deleting neutron.network object s_rally_987b362e_2xyZjAoX (a19be160-ad2a-4274-aab6-d7120e96e493)
2019-07-28 09:46:20.937 22705 RALLYDEBUG rally_openstack.cleanup.manager [-] Deleting neutron.network object s_rally_987b362e_9PQ2MsAv (b0d24a3b-08f1-4a75-93e6-79b43b48f5bf)
2019-07-28 09:46:20.955 22705 RALLYDEBUG rally_openstack.cleanup.manager [-] Deleting neutron.network object s_rally_987b362e_6XMvA7Cw (da0444cb-86f7-4924-88ec-db5e097bf5d9)
2019-07-28 09:46:20.965 22705 RALLYDEBUG rally_openstack.cleanup.manager [-] Deleting neutron.network object s_rally_987b362e_BtAJvnSk (e9b038d5-1e40-4c15-bf24-f4501795c4d9)
2019-07-28 09:46:24.589 22705 RALLYDEBUG rally_openstack.cleanup.manager [-] Cleaning up neutron router objects
2019-07-28 09:46:25.285 22705 RALLYDEBUG rally_openstack.cleanup.manager [-] Cleaning up neutron security_group objects
2019-07-28 09:46:25.938 22705 INFO rally.task.context [-] Task 8def977a-7ff8-4799-bd01-7e71951a598e | Context cleanup@openstack cleanup() finished in 1.30 min
2019-07-28 09:46:25.939 22705 INFO rally.task.context [-] Task 8def977a-7ff8-4799-bd01-7e71951a598e | Context quotas@openstack cleanup() started
2019-07-28 09:46:26.176 22705 INFO rally.task.context [-] Task 8def977a-7ff8-4799-bd01-7e71951a598e | Context quotas@openstack cleanup() finished in 0.24 sec
2019-07-28 09:46:26.177 22705 INFO rally.task.context [-] Task 8def977a-7ff8-4799-bd01-7e71951a598e | Context users@openstack cleanup() started
2019-07-28 09:46:30.652 22705 INFO rally.task.context [-] Task 8def977a-7ff8-4799-bd01-7e71951a598e | Context users@openstack cleanup() finished in 4.48 sec
2019-07-28 09:46:32.285 22705 INFO rally.task.engine [-] Load duration is: 100.396436
2019-07-28 09:46:32.285 22705 INFO rally.task.engine [-] Full runner duration is: 100.439482
2019-07-28 09:46:32.285 22705 INFO rally.task.engine [-] Full duration is: 189.123406
2019-07-28 09:46:32.507 22705 INFO rally.task.engine [-] Running workload: position = 1 config = { "version": 2, "title": "A cropped version of a bigger task.", "description": "Auto-generated task from a single workload (uuid=a2e2c6d2-afaa-4bf3-a884-7ce9918863e4)", "subtasks": [ { "title": "NeutronNetworks.create_and_update_ports", "description": "Create and update a given number of ports.", "scenario": { "NeutronNetworks.create_and_update_ports": { "network_create_args": {}, "port_create_args": {}, "ports_per_network": 5, "port_update_args": { "admin_state_up": false, "device_id": "dummy_id", "device_owner": "dummy_owner", "name": "_port_updated" } } }, "contexts": { "users": { "tenants": 1, "users_per_tenant": 1 }, "quotas": { "neutron": { "network": -1, "port": -1 } } }, "runner": { "constant": { "times": 40, "concurrency": 20 } }, "hooks": [], "sla": { "failure_rate": { "max": 0 } } } ] }
2019-07-28 09:46:32.530 22705 RALLYDEBUG rally_openstack.contexts.keystone.users [-] Creating 1 tenants using 20 threads
2019-07-28 09:46:34.229 22705 RALLYDEBUG rally_openstack.contexts.keystone.users [-] Creating 1 users using 20 threads
2019-07-28 09:46:36.832 22705 INFO rally.task.context [-] Task 8def977a-7ff8-4799-bd01-7e71951a598e | Context users@openstack setup() finished in 4.30 sec
2019-07-28 09:46:37.564 22705 INFO rally.task.context [-] Task 8def977a-7ff8-4799-bd01-7e71951a598e | Context quotas@openstack setup() finished in 0.73 sec
2019-07-28 09:46:37.564 22705 INFO rally.task.context [-] Task 8def977a-7ff8-4799-bd01-7e71951a598e | Context cleanup@openstack setup() finished in 0.00 msec
2019-07-28 09:46:37.572 22705 RALLYDEBUG rally.task.runner [-] Starting the constant runner (task UUID: 8def977a-7ff8-4799-bd01-7e71951a598e). timeout: 0 concurrency: 20 concurrency_per_worker: 1 times: 40 concurrency_overhead: 4 processes_to_start: 16 max_cpu_used: 16
2019-07-28 09:46:37.585 26581 RALLYDEBUG rally.task.runner [-] Starting a worker. concurrency: 2 args: {"network_create_args": {}, "port_create_args": {}, "ports_per_network": 5, "port_update_args": {"admin_state_up": false, "device_id": "dummy_id", "device_owner": "dummy_owner", "name": "_port_updated"}} times: 40 method_name: run timeout: 0 duration: None cls:
2019-07-28 09:46:37.589 26582 RALLYDEBUG rally.task.runner [-] Starting a worker. concurrency: 2 args: {"network_create_args": {}, "port_create_args": {}, "ports_per_network": 5, "port_update_args": {"admin_state_up": false, "device_id": "dummy_id", "device_owner": "dummy_owner", "name": "_port_updated"}} times: 40 method_name: run timeout: 0 duration: None cls:
2019-07-28 09:46:37.591 26583 RALLYDEBUG rally.task.runner [-] Starting a worker. concurrency: 2 args: {"network_create_args": {}, "port_create_args": {}, "ports_per_network": 5, "port_update_args": {"admin_state_up": false, "device_id": "dummy_id", "device_owner": "dummy_owner", "name": "_port_updated"}} times: 40 method_name: run timeout: 0 duration: None cls:
2019-07-28 09:46:37.594 26581 INFO rally.task.runner [-] Task 8def977a-7ff8-4799-bd01-7e71951a598e | ITER: 1 START
2019-07-28 09:46:37.594 26586 RALLYDEBUG rally.task.runner [-] Starting a worker. concurrency: 1 args: {"network_create_args": {}, "port_create_args": {}, "ports_per_network": 5, "port_update_args": {"admin_state_up": false, "device_id": "dummy_id", "device_owner": "dummy_owner", "name": "_port_updated"}} times: 40 method_name: run timeout: 0 duration: None cls:
2019-07-28 09:46:37.594 26584 RALLYDEBUG rally.task.runner [-] Starting a worker. concurrency: 2 args: {"network_create_args": {}, "port_create_args": {}, "ports_per_network": 5, "port_update_args": {"admin_state_up": false, "device_id": "dummy_id", "device_owner": "dummy_owner", "name": "_port_updated"}} times: 40 method_name: run timeout: 0 duration: None cls:
2019-07-28 09:46:37.595 26582 INFO rally.task.runner [-] Task 8def977a-7ff8-4799-bd01-7e71951a598e | ITER: 3 START
2019-07-28 09:46:37.595 26581 WARNING rally_openstack.scenarios.neutron.utils [-] Running this scenario without either the 'network' or 'existing_network' context is deprecated
2019-07-28 09:46:37.596 26581 INFO rally.task.runner [-] Task 8def977a-7ff8-4799-bd01-7e71951a598e | ITER: 2 START
2019-07-28 09:46:37.600 26582 WARNING rally_openstack.scenarios.neutron.utils [-] Running this scenario without either the 'network' or 'existing_network' context is deprecated
2019-07-28 09:46:37.600 26586 INFO rally.task.runner [-] Task 8def977a-7ff8-4799-bd01-7e71951a598e | ITER: 6 START
2019-07-28 09:46:37.600 26583 INFO rally.task.runner [-] Task 8def977a-7ff8-4799-bd01-7e71951a598e | ITER: 4 START
2019-07-28 09:46:37.602 26586 WARNING rally_openstack.scenarios.neutron.utils [-] Running this scenario without either the 'network' or 'existing_network' context is deprecated
2019-07-28 09:46:37.601 26590 RALLYDEBUG rally.task.runner [-] Starting a worker. concurrency: 1 args: {"network_create_args": {}, "port_create_args": {}, "ports_per_network": 5, "port_update_args": {"admin_state_up": false, "device_id": "dummy_id", "device_owner": "dummy_owner", "name": "_port_updated"}} times: 40 method_name: run timeout: 0 duration: None cls:
2019-07-28 09:46:37.601 26583 INFO rally.task.runner [-] Task 8def977a-7ff8-4799-bd01-7e71951a598e | ITER: 8 START
2019-07-28 09:46:37.602 26583 WARNING rally_openstack.scenarios.neutron.utils [-] Running this scenario without either the 'network' or 'existing_network' context is deprecated
2019-07-28 09:46:37.603 26584 INFO rally.task.runner [-] Task 8def977a-7ff8-4799-bd01-7e71951a598e | ITER: 7 START
2019-07-28 09:46:37.604 26598 RALLYDEBUG rally.task.runner [-] Starting a worker. concurrency: 1 args: {"network_create_args": {}, "port_create_args": {}, "ports_per_network": 5, "port_update_args": {"admin_state_up": false, "device_id": "dummy_id", "device_owner": "dummy_owner", "name": "_port_updated"}} times: 40 method_name: run timeout: 0 duration: None cls:
2019-07-28 09:46:37.604 26581 WARNING rally_openstack.scenarios.neutron.utils [-] Running this scenario without either the 'network' or 'existing_network' context is deprecated
2019-07-28 09:46:37.605 26584 INFO rally.task.runner [-] Task 8def977a-7ff8-4799-bd01-7e71951a598e | ITER: 9 START
2019-07-28 09:46:37.606 26584 WARNING rally_openstack.scenarios.neutron.utils [-] Running this scenario without either the 'network' or 'existing_network' context is deprecated
2019-07-28 09:46:37.607 26598 INFO rally.task.runner [-] Task 8def977a-7ff8-4799-bd01-7e71951a598e | ITER: 11 START
2019-07-28 09:46:37.608 26598 WARNING rally_openstack.scenarios.neutron.utils [-] Running this scenario without either the 'network' or 'existing_network' context is deprecated
2019-07-28 09:46:37.608 26590 INFO rally.task.runner [-] Task 8def977a-7ff8-4799-bd01-7e71951a598e | ITER: 10 START
2019-07-28 09:46:37.610 26590 WARNING rally_openstack.scenarios.neutron.utils [-] Running this scenario without either the 'network' or 'existing_network' context is deprecated
2019-07-28 09:46:37.603 26583 WARNING rally_openstack.scenarios.neutron.utils [-] Running this scenario without either the 'network' or 'existing_network' context is deprecated
2019-07-28 09:46:37.607 26584 WARNING rally_openstack.scenarios.neutron.utils [-] Running this scenario without either the 'network' or 'existing_network' context is deprecated
2019-07-28 09:46:37.609 26582 INFO rally.task.runner [-] Task 8def977a-7ff8-4799-bd01-7e71951a598e | ITER: 5 START
2019-07-28 09:46:37.615 26582 WARNING rally_openstack.scenarios.neutron.utils [-] Running this scenario without either the 'network' or 'existing_network' context is deprecated
2019-07-28 09:46:37.616 26605 RALLYDEBUG rally.task.runner [-] Starting a worker. concurrency: 1 args: {"network_create_args": {}, "port_create_args": {}, "ports_per_network": 5, "port_update_args": {"admin_state_up": false, "device_id": "dummy_id", "device_owner": "dummy_owner", "name": "_port_updated"}} times: 40 method_name: run timeout: 0 duration: None cls:
2019-07-28 09:46:37.619 26607 RALLYDEBUG rally.task.runner [-] Starting a worker. concurrency: 1 args: {"network_create_args": {}, "port_create_args": {}, "ports_per_network": 5, "port_update_args": {"admin_state_up": false, "device_id": "dummy_id", "device_owner": "dummy_owner", "name": "_port_updated"}} times: 40 method_name: run timeout: 0 duration: None cls:
2019-07-28 09:46:37.621 26605 INFO rally.task.runner [-] Task 8def977a-7ff8-4799-bd01-7e71951a598e | ITER: 12 START
2019-07-28 09:46:37.622 26608 RALLYDEBUG rally.task.runner [-] Starting a worker. concurrency: 1 args: {"network_create_args": {}, "port_create_args": {}, "ports_per_network": 5, "port_update_args": {"admin_state_up": false, "device_id": "dummy_id", "device_owner": "dummy_owner", "name": "_port_updated"}} times: 40 method_name: run timeout: 0 duration: None cls:
2019-07-28 09:46:37.623 26605 WARNING rally_openstack.scenarios.neutron.utils [-] Running this scenario without either the 'network' or 'existing_network' context is deprecated
2019-07-28 09:46:37.625 26607 INFO rally.task.runner [-] Task 8def977a-7ff8-4799-bd01-7e71951a598e | ITER: 13 START
2019-07-28 09:46:37.626 26609 RALLYDEBUG rally.task.runner [-] Starting a worker. concurrency: 1 args: {"network_create_args": {}, "port_create_args": {}, "ports_per_network": 5, "port_update_args": {"admin_state_up": false, "device_id": "dummy_id", "device_owner": "dummy_owner", "name": "_port_updated"}} times: 40 method_name: run timeout: 0 duration: None cls:
2019-07-28 09:46:37.627 26607 WARNING rally_openstack.scenarios.neutron.utils [-] Running this scenario without either the 'network' or 'existing_network' context is deprecated
2019-07-28 09:46:37.628 26608 INFO rally.task.runner [-] Task 8def977a-7ff8-4799-bd01-7e71951a598e | ITER: 14 START
2019-07-28 09:46:37.629 26608 WARNING rally_openstack.scenarios.neutron.utils [-] Running this scenario without either the 'network' or 'existing_network' context is deprecated
2019-07-28 09:46:37.631 26609 INFO rally.task.runner [-] Task 8def977a-7ff8-4799-bd01-7e71951a598e | ITER: 15 START
2019-07-28 09:46:37.633 26609 WARNING rally_openstack.scenarios.neutron.utils [-] Running this scenario without either the 'network' or 'existing_network' context is deprecated
2019-07-28 09:46:37.635 26616 RALLYDEBUG rally.task.runner [-] Starting a worker. concurrency: 1 args: {"network_create_args": {}, "port_create_args": {}, "ports_per_network": 5, "port_update_args": {"admin_state_up": false, "device_id": "dummy_id", "device_owner": "dummy_owner", "name": "_port_updated"}} times: 40 method_name: run timeout: 0 duration: None cls:
2019-07-28 09:46:37.640 26616 INFO rally.task.runner [-] Task 8def977a-7ff8-4799-bd01-7e71951a598e | ITER: 16 START
2019-07-28 09:46:37.641 26616 WARNING rally_openstack.scenarios.neutron.utils [-] Running this scenario without either the 'network' or 'existing_network' context is deprecated
2019-07-28 09:46:37.645 26621 RALLYDEBUG rally.task.runner [-] Starting a worker. concurrency: 1 args: {"network_create_args": {}, "port_create_args": {}, "ports_per_network": 5, "port_update_args": {"admin_state_up": false, "device_id": "dummy_id", "device_owner": "dummy_owner", "name": "_port_updated"}} times: 40 method_name: run timeout: 0 duration: None cls:
2019-07-28 09:46:37.650 26621 INFO rally.task.runner [-] Task 8def977a-7ff8-4799-bd01-7e71951a598e | ITER: 17 START
2019-07-28 09:46:37.651 26621 WARNING rally_openstack.scenarios.neutron.utils [-] Running this scenario without either the 'network' or 'existing_network' context is deprecated
2019-07-28 09:46:37.653 26622 RALLYDEBUG rally.task.runner [-] Starting a worker. concurrency: 1 args: {"network_create_args": {}, "port_create_args": {}, "ports_per_network": 5, "port_update_args": {"admin_state_up": false, "device_id": "dummy_id", "device_owner": "dummy_owner", "name": "_port_updated"}} times: 40 method_name: run timeout: 0 duration: None cls:
2019-07-28 09:46:37.658 26622 INFO rally.task.runner [-] Task 8def977a-7ff8-4799-bd01-7e71951a598e | ITER: 18 START
2019-07-28 09:46:37.659 26622 WARNING rally_openstack.scenarios.neutron.utils [-] Running this scenario without either the 'network' or 'existing_network' context is deprecated
2019-07-28 09:46:37.660 26625 RALLYDEBUG rally.task.runner [-] Starting a worker. concurrency: 1 args: {"network_create_args": {}, "port_create_args": {}, "ports_per_network": 5, "port_update_args": {"admin_state_up": false, "device_id": "dummy_id", "device_owner": "dummy_owner", "name": "_port_updated"}} times: 40 method_name: run timeout: 0 duration: None cls:
2019-07-28 09:46:37.663 26628 RALLYDEBUG rally.task.runner [-] Starting a worker. concurrency: 1 args: {"network_create_args": {}, "port_create_args": {}, "ports_per_network": 5, "port_update_args": {"admin_state_up": false, "device_id": "dummy_id", "device_owner": "dummy_owner", "name": "_port_updated"}} times: 40 method_name: run timeout: 0 duration: None cls:
2019-07-28 09:46:37.665 26625 INFO rally.task.runner [-] Task 8def977a-7ff8-4799-bd01-7e71951a598e | ITER: 19 START
2019-07-28 09:46:37.666 26625 WARNING rally_openstack.scenarios.neutron.utils [-] Running this scenario without either the 'network' or 'existing_network' context is deprecated
2019-07-28 09:46:37.667 26628 INFO rally.task.runner [-] Task 8def977a-7ff8-4799-bd01-7e71951a598e | ITER: 20 START
2019-07-28 09:46:37.668 26628 WARNING rally_openstack.scenarios.neutron.utils [-] Running this scenario without either the 'network' or 'existing_network' context is deprecated
2019-07-28 09:46:47.496 26582 INFO rally.task.runner [-] Task 8def977a-7ff8-4799-bd01-7e71951a598e | ITER: 3 END: OK
2019-07-28 09:46:47.501 26582 INFO rally.task.runner [-] Task 8def977a-7ff8-4799-bd01-7e71951a598e | ITER: 21 START
2019-07-28 09:46:47.501 26582 WARNING rally_openstack.scenarios.neutron.utils [-] Running this scenario without either the 'network' or 'existing_network' context is deprecated
2019-07-28 09:46:48.129 26582 INFO rally.task.runner [-] Task 8def977a-7ff8-4799-bd01-7e71951a598e | ITER: 5 END: OK
2019-07-28 09:46:48.132 26582 INFO rally.task.runner [-] Task 8def977a-7ff8-4799-bd01-7e71951a598e | ITER: 22 START
2019-07-28 09:46:48.133 26582 WARNING rally_openstack.scenarios.neutron.utils [-] Running this scenario without either the 'network' or 'existing_network' context is deprecated
2019-07-28 09:46:48.306 26609 INFO rally.task.runner [-] Task 8def977a-7ff8-4799-bd01-7e71951a598e | ITER: 15 END: OK
2019-07-28 09:46:48.312 26609 INFO rally.task.runner [-] Task 8def977a-7ff8-4799-bd01-7e71951a598e | ITER: 23 START
2019-07-28 09:46:48.313 26609 WARNING rally_openstack.scenarios.neutron.utils [-] Running this scenario without either the 'network' or 'existing_network' context is deprecated
2019-07-28 09:46:48.337 26616 INFO rally.task.runner [-] Task 8def977a-7ff8-4799-bd01-7e71951a598e | ITER: 16 END: OK
2019-07-28 09:46:48.341 26616 INFO rally.task.runner [-] Task 8def977a-7ff8-4799-bd01-7e71951a598e | ITER: 24 START
2019-07-28 09:46:48.342 26616 WARNING rally_openstack.scenarios.neutron.utils [-] Running this scenario without either the 'network' or 'existing_network' context is deprecated
2019-07-28 09:46:48.637 26584 INFO rally.task.runner [-] Task 8def977a-7ff8-4799-bd01-7e71951a598e | ITER: 7 END: OK
2019-07-28 09:46:48.641 26584 INFO rally.task.runner [-] Task 8def977a-7ff8-4799-bd01-7e71951a598e | ITER: 25 START
2019-07-28 09:46:48.641 26584 WARNING rally_openstack.scenarios.neutron.utils [-] Running this scenario without either the 'network' or 'existing_network' context is deprecated
2019-07-28 09:46:55.450 26598 INFO rally.task.runner [-] Task 8def977a-7ff8-4799-bd01-7e71951a598e | ITER: 11 END: OK
2019-07-28 09:46:55.454 26598 INFO rally.task.runner [-] Task 8def977a-7ff8-4799-bd01-7e71951a598e | ITER: 26 START
2019-07-28 09:46:55.455 26598 WARNING rally_openstack.scenarios.neutron.utils [-] Running this scenario without either the 'network' or 'existing_network' context is deprecated
2019-07-28 09:46:55.662 26590 INFO rally.task.runner [-] Task 8def977a-7ff8-4799-bd01-7e71951a598e | ITER: 10 END: OK
2019-07-28 09:46:55.667 26590 INFO rally.task.runner [-] Task 8def977a-7ff8-4799-bd01-7e71951a598e | ITER: 27 START
2019-07-28 09:46:55.668 26590 WARNING rally_openstack.scenarios.neutron.utils [-] Running this scenario without either the 'network' or 'existing_network' context is deprecated
2019-07-28 09:46:56.816 26582 INFO rally.task.runner [-] Task 8def977a-7ff8-4799-bd01-7e71951a598e | ITER: 21 END: OK
2019-07-28 09:46:56.820 26582 INFO rally.task.runner [-] Task 8def977a-7ff8-4799-bd01-7e71951a598e | ITER: 28 START
2019-07-28 09:46:56.821 26582 WARNING rally_openstack.scenarios.neutron.utils [-] Running this scenario without either the 'network' or 'existing_network' context is deprecated
2019-07-28 09:46:57.613 26582 INFO rally.task.runner [-] Task 8def977a-7ff8-4799-bd01-7e71951a598e | ITER: 22 END: OK
2019-07-28 09:46:57.617 26582 INFO rally.task.runner [-] Task 8def977a-7ff8-4799-bd01-7e71951a598e | ITER: 29 START
2019-07-28 09:46:57.617 26582 WARNING rally_openstack.scenarios.neutron.utils [-] Running this scenario without either the 'network' or 'existing_network' context is deprecated
2019-07-28 09:46:58.034 26584 INFO rally.task.runner [-] Task 8def977a-7ff8-4799-bd01-7e71951a598e | ITER: 25 END: OK
2019-07-28 09:46:58.038 26584 INFO rally.task.runner [-] Task 8def977a-7ff8-4799-bd01-7e71951a598e | ITER: 30 START
2019-07-28 09:46:58.038 26584 WARNING rally_openstack.scenarios.neutron.utils [-] Running this scenario without either the 'network' or 'existing_network' context is deprecated
2019-07-28 09:47:03.206 26628 INFO rally.task.runner [-] Task 8def977a-7ff8-4799-bd01-7e71951a598e | ITER: 20 END: OK
2019-07-28 09:47:03.210 26628 INFO rally.task.runner [-] Task 8def977a-7ff8-4799-bd01-7e71951a598e | ITER: 31 START
2019-07-28 09:47:03.211 26628 WARNING rally_openstack.scenarios.neutron.utils [-] Running this scenario without either the 'network' or 'existing_network' context is deprecated
2019-07-28 09:47:03.240 26607 INFO rally.task.runner [-] Task 8def977a-7ff8-4799-bd01-7e71951a598e | ITER: 13 END: OK
2019-07-28 09:47:03.244 26607 INFO rally.task.runner [-] Task 8def977a-7ff8-4799-bd01-7e71951a598e | ITER: 32 START
2019-07-28 09:47:03.245 26607 WARNING rally_openstack.scenarios.neutron.utils [-] Running this scenario without either the 'network' or 'existing_network' context is deprecated
2019-07-28 09:47:03.606 26586 INFO rally.task.runner [-] Task 8def977a-7ff8-4799-bd01-7e71951a598e | ITER: 6 END: OK
2019-07-28 09:47:03.611 26586 INFO rally.task.runner [-] Task 8def977a-7ff8-4799-bd01-7e71951a598e | ITER: 33 START
2019-07-28 09:47:03.611 26586 WARNING rally_openstack.scenarios.neutron.utils [-] Running this scenario without either the 'network' or 'existing_network' context is deprecated
2019-07-28 09:47:03.674 26608 INFO rally.task.runner [-] Task 8def977a-7ff8-4799-bd01-7e71951a598e | ITER: 14 END: OK
2019-07-28 09:47:03.678 26608 INFO rally.task.runner [-] Task 8def977a-7ff8-4799-bd01-7e71951a598e | ITER: 34 START
2019-07-28 09:47:03.679 26608 WARNING rally_openstack.scenarios.neutron.utils [-] Running this scenario without either the 'network' or 'existing_network' context is deprecated
2019-07-28 09:47:03.715 26625 INFO rally.task.runner [-] Task 8def977a-7ff8-4799-bd01-7e71951a598e | ITER: 19 END: OK
2019-07-28 09:47:03.719 26625 INFO rally.task.runner [-] Task 8def977a-7ff8-4799-bd01-7e71951a598e | ITER: 35 START
2019-07-28 09:47:03.720 26625 WARNING rally_openstack.scenarios.neutron.utils [-] Running this scenario without either the 'network' or 'existing_network' context is deprecated
2019-07-28 09:47:03.887 26621 INFO rally.task.runner [-] Task 8def977a-7ff8-4799-bd01-7e71951a598e | ITER: 17 END: OK
2019-07-28 09:47:03.892 26621 INFO rally.task.runner [-] Task 8def977a-7ff8-4799-bd01-7e71951a598e | ITER: 36 START
2019-07-28 09:47:03.892 26621 WARNING rally_openstack.scenarios.neutron.utils [-] Running this scenario without either the 'network' or 'existing_network' context is deprecated
2019-07-28 09:47:03.948 26584 INFO rally.task.runner [-] Task 8def977a-7ff8-4799-bd01-7e71951a598e | ITER: 9 END: OK
2019-07-28 09:47:03.952 26584 INFO rally.task.runner [-] Task 8def977a-7ff8-4799-bd01-7e71951a598e | ITER: 37 START
2019-07-28 09:47:03.953 26584 WARNING rally_openstack.scenarios.neutron.utils [-] Running this scenario without either the 'network' or 'existing_network' context is deprecated
2019-07-28 09:47:03.963 26581 INFO rally.task.runner [-] Task 8def977a-7ff8-4799-bd01-7e71951a598e | ITER: 2 END: OK
2019-07-28 09:47:03.967 26581 INFO rally.task.runner [-] Task 8def977a-7ff8-4799-bd01-7e71951a598e | ITER: 38 START
2019-07-28 09:47:03.968 26581 WARNING rally_openstack.scenarios.neutron.utils [-] Running this scenario without either the 'network' or 'existing_network' context is deprecated
2019-07-28 09:47:04.603 26622 INFO rally.task.runner [-] Task 8def977a-7ff8-4799-bd01-7e71951a598e | ITER: 18 END: OK
2019-07-28 09:47:04.607 26622 INFO rally.task.runner [-] Task 8def977a-7ff8-4799-bd01-7e71951a598e | ITER: 39 START
2019-07-28 09:47:04.608 26622 WARNING rally_openstack.scenarios.neutron.utils [-] Running this scenario without either the 'network' or 'existing_network' context is deprecated
2019-07-28 09:47:04.792 26583 INFO rally.task.runner [-] Task 8def977a-7ff8-4799-bd01-7e71951a598e | ITER: 8 END: OK
2019-07-28 09:47:04.796 26583 INFO rally.task.runner [-] Task 8def977a-7ff8-4799-bd01-7e71951a598e | ITER: 40 START
2019-07-28 09:47:04.797 26583 WARNING rally_openstack.scenarios.neutron.utils [-] Running this scenario without either the 'network' or 'existing_network' context is deprecated
2019-07-28 09:47:04.799 26583 INFO rally.task.runner [-] Task 8def977a-7ff8-4799-bd01-7e71951a598e | ITER: 4 END: OK
2019-07-28 09:47:05.317 26616 INFO rally.task.runner [-] Task 8def977a-7ff8-4799-bd01-7e71951a598e | ITER: 24 END: OK
2019-07-28 09:47:05.328 26581 INFO rally.task.runner [-] Task 8def977a-7ff8-4799-bd01-7e71951a598e | ITER: 1 END: OK
2019-07-28 09:47:05.391 26605 INFO rally.task.runner [-] Task 8def977a-7ff8-4799-bd01-7e71951a598e | ITER: 12 END: OK
2019-07-28 09:47:05.710 26609 INFO rally.task.runner [-] Task 8def977a-7ff8-4799-bd01-7e71951a598e | ITER: 23 END: OK
2019-07-28 09:47:06.489 26582 INFO rally.task.runner [-] Task 8def977a-7ff8-4799-bd01-7e71951a598e | ITER: 28 END: OK
2019-07-28 09:47:07.521 26582 INFO rally.task.runner [-] Task 8def977a-7ff8-4799-bd01-7e71951a598e | ITER: 29 END: OK
2019-07-28 09:47:07.535 26584 INFO rally.task.runner [-] Task 8def977a-7ff8-4799-bd01-7e71951a598e | ITER: 30 END: OK
2019-07-28 09:47:10.861 26598 INFO rally.task.runner [-] Task 8def977a-7ff8-4799-bd01-7e71951a598e | ITER: 26 END: OK
2019-07-28 09:47:11.713 26590 INFO rally.task.runner [-] Task 8def977a-7ff8-4799-bd01-7e71951a598e | ITER: 27 END: OK
2019-07-28 09:47:12.838 26622 INFO rally.task.runner [-] Task 8def977a-7ff8-4799-bd01-7e71951a598e | ITER: 39 END: OK
2019-07-28 09:47:13.219 26583 INFO rally.task.runner [-] Task 8def977a-7ff8-4799-bd01-7e71951a598e | ITER: 40 END: OK
2019-07-28 09:47:18.030 26625 INFO rally.task.runner [-] Task 8def977a-7ff8-4799-bd01-7e71951a598e | ITER: 35 END: OK
2019-07-28 09:47:18.069 26586 INFO rally.task.runner [-] Task 8def977a-7ff8-4799-bd01-7e71951a598e | ITER: 33 END: OK
2019-07-28 09:47:21.387 26607 INFO rally.task.runner [-] Task 8def977a-7ff8-4799-bd01-7e71951a598e | ITER: 32 END: OK
2019-07-28 09:47:21.829 26628 INFO rally.task.runner [-] Task 8def977a-7ff8-4799-bd01-7e71951a598e | ITER: 31 END: OK
2019-07-28 09:47:22.392 26608 INFO rally.task.runner [-] Task 8def977a-7ff8-4799-bd01-7e71951a598e | ITER: 34 END: OK
2019-07-28 09:47:22.667 26621 INFO rally.task.runner [-] Task 8def977a-7ff8-4799-bd01-7e71951a598e | ITER: 36 END: OK
2019-07-28 09:47:23.118 26584 INFO rally.task.runner [-] Task 8def977a-7ff8-4799-bd01-7e71951a598e | ITER: 37 END: OK
2019-07-28 09:47:23.122 26581 INFO rally.task.runner [-] Task 8def977a-7ff8-4799-bd01-7e71951a598e | ITER: 38 END: OK
2019-07-28 09:47:23.144 22705 INFO rally.task.context [-] Task 8def977a-7ff8-4799-bd01-7e71951a598e | Context cleanup@openstack cleanup() started
2019-07-28 09:47:23.147 22705 RALLYDEBUG rally_openstack.cleanup.manager [-] Cleaning up neutron vip objects
2019-07-28 09:47:23.963 22705 RALLYDEBUG rally_openstack.cleanup.manager [-] Cleaning up neutron health_monitor objects
2019-07-28 09:47:24.671 22705 RALLYDEBUG rally_openstack.cleanup.manager [-] Cleaning up neutron pool objects
2019-07-28 09:47:25.399 22705 RALLYDEBUG rally_openstack.cleanup.manager [-] Cleaning up neutron loadbalancer objects
2019-07-28 09:47:26.108 22705 RALLYDEBUG rally_openstack.cleanup.manager [-] Cleaning up neutron floatingip objects
2019-07-28 09:47:26.865 22705 RALLYDEBUG rally_openstack.cleanup.manager [-] Cleaning up neutron port objects
2019-07-28 09:47:27.971 22705 RALLYDEBUG rally_openstack.cleanup.manager [-] Deleting neutron.port object s_rally_a2e2c6d2_LllHKs63 (002cdeff-dc9b-46bf-9611-b0394e112edb)
2019-07-28 09:47:27.975 22705 RALLYDEBUG rally_openstack.cleanup.manager [-] Deleting neutron.port object s_rally_a2e2c6d2_tlshKoM4 (0694ac21-05c2-43cc-bfab-53591ca3f846)
2019-07-28 09:47:27.984 22705 RALLYDEBUG rally_openstack.cleanup.manager [-] Deleting neutron.port object s_rally_a2e2c6d2_dXYObdvP (073b4cd9-c541-481d-b19f-5036acb47f3b)
2019-07-28 09:47:27.987 22705 RALLYDEBUG rally_openstack.cleanup.manager [-] Deleting neutron.port object s_rally_a2e2c6d2_oWWpoqIM (01f1b34d-bf1f-4dd4-93d7-fff7e9295047)
2019-07-28 09:47:27.996 22705 RALLYDEBUG rally_openstack.cleanup.manager [-] Deleting neutron.port object s_rally_a2e2c6d2_s62EltAx (05c06a33-cf1e-4427-bbf5-e3d9c6366c7d)
2019-07-28 09:47:27.998 22705 RALLYDEBUG rally_openstack.cleanup.manager [-] Deleting neutron.port object s_rally_a2e2c6d2_AygLvPnT (0765e7ae-e536-4510-a560-71055a5a04bf)
2019-07-28 09:47:28.002 22705 RALLYDEBUG rally_openstack.cleanup.manager [-] Deleting neutron.port object s_rally_a2e2c6d2_1yBObod9 (002d4029-2e9e-48d5-82a9-155ac39150b2)
2019-07-28 09:47:28.005 22705 RALLYDEBUG rally_openstack.cleanup.manager [-] Deleting neutron.port object s_rally_a2e2c6d2_COXPUdhH (02b9d6ce-40fd-414f-b915-e2e2ab17e8b2)
2019-07-28 09:47:28.006 22705 RALLYDEBUG rally_openstack.cleanup.manager [-] Deleting neutron.port object s_rally_a2e2c6d2_gu46Z9Mk (04465ea6-8137-4ba0-9996-213d63ea653d)
2019-07-28 09:47:28.030 22705 RALLYDEBUG rally_openstack.cleanup.manager [-] Deleting neutron.port object s_rally_a2e2c6d2_upS47dvo (08213936-6822-4d6f-8e64-975522fdcb7d)
2019-07-28 09:47:28.052 22705 RALLYDEBUG rally_openstack.cleanup.manager [-] Deleting neutron.port object s_rally_a2e2c6d2_3oKESlwJ (08484501-19b3-4952-b893-a521baebea62)
2019-07-28 09:47:28.053 22705 RALLYDEBUG rally_openstack.cleanup.manager [-] Deleting neutron.port object s_rally_a2e2c6d2_AWrCULJi (089b0728-8467-419d-86ee-30a2abe5d7f2)
2019-07-28 09:47:28.059 22705 RALLYDEBUG rally_openstack.cleanup.manager [-] Deleting neutron.port object s_rally_a2e2c6d2_S7xXcgqX (07f6e2aa-2547-4ff5-9cac-024132cae404)
2019-07-28 09:47:28.063 22705 RALLYDEBUG rally_openstack.cleanup.manager [-] Deleting neutron.port object s_rally_a2e2c6d2_JI4bODvk (0a566a6e-4111-46c3-a252-e2e67e3ae59c)
2019-07-28 09:47:28.093 22705 RALLYDEBUG rally_openstack.cleanup.manager [-] Deleting neutron.port object s_rally_a2e2c6d2_Q2qtkBjy (0a73a7fc-0228-4a62-9629-60d1f07dfef6)
2019-07-28 09:47:28.098 22705 RALLYDEBUG rally_openstack.cleanup.manager [-] Deleting neutron.port object s_rally_a2e2c6d2_5PLHtMg0 (0e6e7ce8-2647-48df-9440-899789c31e63)
2019-07-28 09:47:28.112 22705 RALLYDEBUG rally_openstack.cleanup.manager [-] Deleting neutron.port object s_rally_a2e2c6d2_VTfm9YFb (0ed0f286-1f58-456d-80cf-eb216060623a)
2019-07-28 09:47:28.126 22705 RALLYDEBUG rally_openstack.cleanup.manager [-] Deleting neutron.port object s_rally_a2e2c6d2_kTvRIcYX (0f96c96f-6ce7-4e9b-9333-bb3fd2767252)
2019-07-28 09:47:28.139 22705 RALLYDEBUG rally_openstack.cleanup.manager [-] Deleting neutron.port object s_rally_a2e2c6d2_SWxe00xk (1051d4da-54a6-4b58-a47b-290aa1b39e7a)
2019-07-28 09:47:28.150 22705 RALLYDEBUG rally_openstack.cleanup.manager [-] Deleting neutron.port object s_rally_a2e2c6d2_LWpmDNQq (120670f9-3e36-44a4-a9cc-ce22aa84c9c3)
2019-07-28 09:47:30.569 22705 RALLYDEBUG rally_openstack.cleanup.manager [-] Deleting neutron.port object s_rally_a2e2c6d2_yUSeoIEe (14058986-f5fc-408e-a75a-afe30e81e151)
2019-07-28 09:47:30.672 22705 RALLYDEBUG rally_openstack.cleanup.manager [-] Deleting neutron.port object s_rally_a2e2c6d2_zv1QC8g2 (153c00a9-7f02-4469-b065-47cad332302e)
2019-07-28 09:47:30.797 22705 RALLYDEBUG rally_openstack.cleanup.manager [-] Deleting neutron.port object s_rally_a2e2c6d2_18prpUaC (1666bf9d-5a6f-42ce-b415-2d7716b2df8b)
2019-07-28 09:47:31.014 22705 RALLYDEBUG rally_openstack.cleanup.manager [-] Deleting neutron.port object s_rally_a2e2c6d2_Z694oJQ3 (17aa86be-eaa8-4a1b-a2bb-bc303fe12b25)
2019-07-28 09:47:31.660 22705 RALLYDEBUG rally_openstack.cleanup.manager [-] Deleting neutron.port object s_rally_a2e2c6d2_Uk3QUSpj (1bb89db2-efd5-4097-8a4f-d62f4db35d32)
2019-07-28 09:47:31.999 22705 RALLYDEBUG rally_openstack.cleanup.manager [-] Deleting neutron.port object s_rally_a2e2c6d2_w70fwVYd (1da4bc5b-1972-4a17-a70f-8ee63f8ea366)
2019-07-28 09:47:32.317 22705 RALLYDEBUG rally_openstack.cleanup.manager [-] Deleting neutron.port object s_rally_a2e2c6d2_RCBWBGuu (1dc73f62-701d-404a-9e0e-da7880eaf248)
2019-07-28 09:47:32.325 22705 RALLYDEBUG rally_openstack.cleanup.manager [-] Deleting neutron.port object s_rally_a2e2c6d2_0JJ4UQAG (2136faca-7f03-45cc-91f5-37ed2dd559b5)
2019-07-28 09:47:32.794 22705 RALLYDEBUG rally_openstack.cleanup.manager [-] Deleting neutron.port object s_rally_a2e2c6d2_MJUncL8l (22ff173c-494b-4fbb-9068-1993e073e3a4)
2019-07-28 09:47:33.120 22705 RALLYDEBUG rally_openstack.cleanup.manager [-] Deleting neutron.port object s_rally_a2e2c6d2_bHObeNOZ (24b175b0-d732-4988-9632-eb976cd3304f)
2019-07-28 09:47:33.499 22705 RALLYDEBUG rally_openstack.cleanup.manager [-] Deleting neutron.port object s_rally_a2e2c6d2_7xhY04lW (24cafa37-f309-42d7-875b-b27153e8e2e5)
2019-07-28 09:47:33.565 22705 RALLYDEBUG rally_openstack.cleanup.manager [-] Deleting neutron.port object s_rally_a2e2c6d2_boPF5PyU (2546e767-b5e7-430a-aa7f-d6323771e52f)
2019-07-28 09:47:33.572 22705 RALLYDEBUG rally_openstack.cleanup.manager [-] Deleting neutron.port object s_rally_a2e2c6d2_CP1ZHNfe (2810c40f-ef3c-411a-8777-7d9957a66c51)
2019-07-28 09:47:33.786 22705 RALLYDEBUG rally_openstack.cleanup.manager [-] Deleting neutron.port object s_rally_a2e2c6d2_9OtWg4Cp (29168963-c92c-430f-bd01-91aa1a555c35)
2019-07-28 09:47:33.789 22705 RALLYDEBUG rally_openstack.cleanup.manager [-] Deleting neutron.port object s_rally_a2e2c6d2_Zbc8aRTh (28e6fabd-36e2-423d-ac17-bd8463b143bb)
2019-07-28 09:47:34.008 22705 RALLYDEBUG rally_openstack.cleanup.manager [-] Deleting neutron.port object s_rally_a2e2c6d2_73qkBQgS (291f1fce-6066-4aef-967c-826e06659fa3)
2019-07-28 09:47:34.165 22705 RALLYDEBUG rally_openstack.cleanup.manager [-] Deleting neutron.port object s_rally_a2e2c6d2_v50QZsMQ (2990e610-b2b3-4670-9632-bf3a54d3984d)
2019-07-28 09:47:34.250 22705 RALLYDEBUG rally_openstack.cleanup.manager [-] Deleting neutron.port object s_rally_a2e2c6d2_KY3q7qUU (29d0d990-1391-45bc-bb79-b89929390e43)
2019-07-28 09:47:34.557 22705 RALLYDEBUG rally_openstack.cleanup.manager [-] Deleting neutron.port object s_rally_a2e2c6d2_pozKH4tz (306a4a0a-81c0-4698-b121-7f1903e49ecf)
2019-07-28 09:47:34.681 22705 RALLYDEBUG rally_openstack.cleanup.manager [-] Deleting neutron.port object s_rally_a2e2c6d2_HJ8YMwoi (30c616ad-6502-4897-a73a-3fb01fe24a3e)
2019-07-28 09:47:34.682 22705 RALLYDEBUG rally_openstack.cleanup.manager [-] Deleting neutron.port object s_rally_a2e2c6d2_5KWRSRAH (3208197f-7f36-49c0-85c9-24bc9daecf0a)
2019-07-28 09:47:34.715 22705 RALLYDEBUG rally_openstack.cleanup.manager [-] Deleting neutron.port object s_rally_a2e2c6d2_B8ruRh8f (32180f41-b8b9-4c2f-8b7e-bcf281f3a9fd)
2019-07-28 09:47:34.853 22705 RALLYDEBUG rally_openstack.cleanup.manager [-] Deleting neutron.port object s_rally_a2e2c6d2_cT62YJD3 (324198f5-151f-4e6d-ac02-6803fdc8c3cb)
2019-07-28 09:47:35.122 22705 RALLYDEBUG rally_openstack.cleanup.manager [-] Deleting neutron.port object s_rally_a2e2c6d2_znhFl0Sz (33dcb6e6-84b6-43a1-8768-82d805153afe)
2019-07-28 09:47:35.386 22705 RALLYDEBUG rally_openstack.cleanup.manager [-] Deleting neutron.port object s_rally_a2e2c6d2_FNtyfbyj (36127d19-2f12-408a-86c4-23b248bd6245)
2019-07-28 09:47:35.729 22705 RALLYDEBUG rally_openstack.cleanup.manager [-] Deleting neutron.port object s_rally_a2e2c6d2_5FeGjz7Q (38dd9c59-7ae1-4961-8904-a4bd096c7923)
2019-07-28 09:47:35.729 22705 RALLYDEBUG rally_openstack.cleanup.manager [-] Deleting neutron.port object s_rally_a2e2c6d2_b0X4Uxt2 (39bf13b3-7c11-49e9-a7b7-54a884ae312c)
2019-07-28 09:47:36.528 22705 RALLYDEBUG rally_openstack.cleanup.manager [-] Deleting neutron.port object s_rally_a2e2c6d2_dlyx7gVz (3aeecbe6-292e-42ea-ace9-692980a63f51)
2019-07-28 09:47:36.618 22705 RALLYDEBUG rally_openstack.cleanup.manager [-] Deleting neutron.port object s_rally_a2e2c6d2_Qs2JaMi5 (3b4e8271-bf83-42e5-95cc-dfb894b468a2)
2019-07-28 09:47:36.632 22705 RALLYDEBUG rally_openstack.cleanup.manager [-] Deleting neutron.port object s_rally_a2e2c6d2_dQunvqlF (3bd652f4-d111-43b2-a863-e66dc14c7027)
2019-07-28 09:47:36.986 22705 RALLYDEBUG rally_openstack.cleanup.manager [-] Deleting neutron.port object s_rally_a2e2c6d2_gRi8ifUp (3bec206f-b13e-4088-acec-256722d01c35)
2019-07-28 09:47:36.990 22705 RALLYDEBUG rally_openstack.cleanup.manager [-] Deleting neutron.port object s_rally_a2e2c6d2_uJi0BD8d (3dd8d478-b2ca-47fc-8c88-27abccd290c6)
2019-07-28 09:47:37.069 22705 RALLYDEBUG rally_openstack.cleanup.manager [-] Deleting neutron.port object s_rally_a2e2c6d2_DlzLh7be (3e5d0329-674d-405a-ade9-8e2b1cd269d0)
2019-07-28 09:47:37.108 22705 RALLYDEBUG rally_openstack.cleanup.manager [-] Deleting neutron.port object s_rally_a2e2c6d2_qJs4INQP (43617a3e-6e94-4aac-a257-da107eaaef99)
2019-07-28 09:47:37.118 22705 RALLYDEBUG rally_openstack.cleanup.manager [-] Deleting neutron.port object s_rally_a2e2c6d2_Ojni4TAY (4373858b-22fc-4bf2-9118-53520472762f)
2019-07-28 09:47:37.312 22705 RALLYDEBUG rally_openstack.cleanup.manager [-] Deleting neutron.port object s_rally_a2e2c6d2_JoDqqCox (43bebdb5-d9b2-4c53-a622-b317afd79290)
2019-07-28 09:47:37.474 22705 RALLYDEBUG rally_openstack.cleanup.manager [-] Deleting neutron.port object s_rally_a2e2c6d2_XF7zejBO (455c88c6-d0e7-4abe-91ef-d14c669e246f)
2019-07-28 09:47:37.526 22705 RALLYDEBUG rally_openstack.cleanup.manager [-] Deleting neutron.port object s_rally_a2e2c6d2_C3OYmSwf (4732948b-9dbd-417a-a484-33a7b0d634b2)
2019-07-28 09:47:37.556 22705 RALLYDEBUG rally_openstack.cleanup.manager [-] Deleting neutron.port object s_rally_a2e2c6d2_YREseiBN (484f06cc-7c4b-413e-83e9-6e3406e543d2)
2019-07-28 09:47:37.638 22705 RALLYDEBUG rally_openstack.cleanup.manager [-] Deleting neutron.port object s_rally_a2e2c6d2_CrKZYb9N (48b6cf23-5660-48e6-adc1-70e8ef97119b)
2019-07-28 09:47:37.729 22705 RALLYDEBUG rally_openstack.cleanup.manager [-] Deleting neutron.port object s_rally_a2e2c6d2_DCiMSUA8 (49bec4ee-cb01-4d6c-9e40-9215bf5f1212)
2019-07-28 09:47:37.780 22705 RALLYDEBUG rally_openstack.cleanup.manager [-] Deleting neutron.port object s_rally_a2e2c6d2_SIDmTqkO (4ae92c30-83ff-47ef-81ab-ebbda3d7d7c6)
2019-07-28 09:47:37.785 22705 RALLYDEBUG rally_openstack.cleanup.manager [-] Deleting neutron.port object s_rally_a2e2c6d2_D3UQ8NV4 (4ba9b939-fbb3-4530-9ac8-5709c5de8222)
2019-07-28 09:47:37.909 22705 RALLYDEBUG rally_openstack.cleanup.manager [-] Deleting neutron.port object s_rally_a2e2c6d2_SbnqpoMX (4cb1b8df-a361-45cb-965e-65ea8b4f8f22)
2019-07-28 09:47:37.914 22705 RALLYDEBUG rally_openstack.cleanup.manager [-] Deleting neutron.port object s_rally_a2e2c6d2_MZcVcQld (4cdf14f7-a927-41c3-8588-d4caf8ce2c39)
2019-07-28 09:47:38.594 22705 RALLYDEBUG rally_openstack.cleanup.manager [-] Deleting neutron.port object s_rally_a2e2c6d2_SeudKHpI (4ce848bf-09c3-4265-8a0d-17f1c40d28a5)
2019-07-28 09:47:38.598 22705 RALLYDEBUG rally_openstack.cleanup.manager [-] Deleting neutron.port object s_rally_a2e2c6d2_XpY4ln8u (4ed870f0-59cf-4d87-b910-62c44e6cebe8)
