2019-07-28 09:33:20.952 24811 RALLYDEBUG rally.task.runner [-] Starting a worker. concurrency: 1 args: {"network_create_args": {}, "subnet_create_args": {}, "subnet_cidr_start": "1.1.0.0/30", "subnets_per_network": 2} times: 40 method_name: run timeout: 0 duration: None cls:
2019-07-28 09:33:20.952 24801 INFO rally.task.runner [-] Task 8def977a-7ff8-4799-bd01-7e71951a598e | ITER: 7 START
2019-07-28 09:33:20.954 24801 WARNING rally_openstack.scenarios.neutron.utils [-] Running this scenario without either the 'network' or 'existing_network' context is deprecated
2019-07-28 09:33:20.955 24802 INFO rally.task.runner [-] Task 8def977a-7ff8-4799-bd01-7e71951a598e | ITER: 9 START
2019-07-28 09:33:20.956 24802 WARNING rally_openstack.scenarios.neutron.utils [-] Running this scenario without either the 'network' or 'existing_network' context is deprecated
2019-07-28 09:33:20.955 24815 RALLYDEBUG rally.task.runner [-] Starting a worker. concurrency: 1 args: {"network_create_args": {}, "subnet_create_args": {}, "subnet_cidr_start": "1.1.0.0/30", "subnets_per_network": 2} times: 40 method_name: run timeout: 0 duration: None cls:
2019-07-28 09:33:20.961 24821 RALLYDEBUG rally.task.runner [-] Starting a worker. concurrency: 1 args: {"network_create_args": {}, "subnet_create_args": {}, "subnet_cidr_start": "1.1.0.0/30", "subnets_per_network": 2} times: 40 method_name: run timeout: 0 duration: None cls:
2019-07-28 09:33:20.955 24801 WARNING rally_openstack.scenarios.neutron.utils [-] Running this scenario without either the 'network' or 'existing_network' context is deprecated
2019-07-28 09:33:20.962 24819 RALLYDEBUG rally.task.runner [-] Starting a worker. concurrency: 1 args: {"network_create_args": {}, "subnet_create_args": {}, "subnet_cidr_start": "1.1.0.0/30", "subnets_per_network": 2} times: 40 method_name: run timeout: 0 duration: None cls:
2019-07-28 09:33:20.963 24800 INFO rally.task.runner [-] Task 8def977a-7ff8-4799-bd01-7e71951a598e | ITER: 5 START
2019-07-28 09:33:20.963 24811 INFO rally.task.runner [-] Task 8def977a-7ff8-4799-bd01-7e71951a598e | ITER: 11 START
2019-07-28 09:33:20.964 24815 INFO rally.task.runner [-] Task 8def977a-7ff8-4799-bd01-7e71951a598e | ITER: 12 START
2019-07-28 09:33:20.965 24808 INFO rally.task.runner [-] Task 8def977a-7ff8-4799-bd01-7e71951a598e | ITER: 10 START
2019-07-28 09:33:20.965 24811 WARNING rally_openstack.scenarios.neutron.utils [-] Running this scenario without either the 'network' or 'existing_network' context is deprecated
2019-07-28 09:33:20.966 24800 WARNING rally_openstack.scenarios.neutron.utils [-] Running this scenario without either the 'network' or 'existing_network' context is deprecated
2019-07-28 09:33:20.967 24821 INFO rally.task.runner [-] Task 8def977a-7ff8-4799-bd01-7e71951a598e | ITER: 13 START
2019-07-28 09:33:20.967 24808 WARNING rally_openstack.scenarios.neutron.utils [-] Running this scenario without either the 'network' or 'existing_network' context is deprecated
2019-07-28 09:33:20.967 24815 WARNING rally_openstack.scenarios.neutron.utils [-] Running this scenario without either the 'network' or 'existing_network' context is deprecated
2019-07-28 09:33:20.966 24822 RALLYDEBUG rally.task.runner [-] Starting a worker. concurrency: 1 args: {"network_create_args": {}, "subnet_create_args": {}, "subnet_cidr_start": "1.1.0.0/30", "subnets_per_network": 2} times: 40 method_name: run timeout: 0 duration: None cls:
2019-07-28 09:33:20.968 24821 WARNING rally_openstack.scenarios.neutron.utils [-] Running this scenario without either the 'network' or 'existing_network' context is deprecated
2019-07-28 09:33:20.970 24828 RALLYDEBUG rally.task.runner [-] Starting a worker. concurrency: 1 args: {"network_create_args": {}, "subnet_create_args": {}, "subnet_cidr_start": "1.1.0.0/30", "subnets_per_network": 2} times: 40 method_name: run timeout: 0 duration: None cls:
2019-07-28 09:33:20.973 24819 INFO rally.task.runner [-] Task 8def977a-7ff8-4799-bd01-7e71951a598e | ITER: 14 START
2019-07-28 09:33:20.973 24822 INFO rally.task.runner [-] Task 8def977a-7ff8-4799-bd01-7e71951a598e | ITER: 15 START
2019-07-28 09:33:20.973 24831 RALLYDEBUG rally.task.runner [-] Starting a worker. concurrency: 1 args: {"network_create_args": {}, "subnet_create_args": {}, "subnet_cidr_start": "1.1.0.0/30", "subnets_per_network": 2} times: 40 method_name: run timeout: 0 duration: None cls:
2019-07-28 09:33:20.975 24819 WARNING rally_openstack.scenarios.neutron.utils [-] Running this scenario without either the 'network' or 'existing_network' context is deprecated
2019-07-28 09:33:20.975 24822 WARNING rally_openstack.scenarios.neutron.utils [-] Running this scenario without either the 'network' or 'existing_network' context is deprecated
2019-07-28 09:33:20.976 24828 INFO rally.task.runner [-] Task 8def977a-7ff8-4799-bd01-7e71951a598e | ITER: 16 START
2019-07-28 09:33:20.978 24828 WARNING rally_openstack.scenarios.neutron.utils [-] Running this scenario without either the 'network' or 'existing_network' context is deprecated
2019-07-28 09:33:20.980 24831 INFO rally.task.runner [-] Task 8def977a-7ff8-4799-bd01-7e71951a598e | ITER: 17 START
2019-07-28 09:33:20.981 24831 WARNING rally_openstack.scenarios.neutron.utils [-] Running this scenario without either the 'network' or 'existing_network' context is deprecated
2019-07-28 09:33:20.987 24842 RALLYDEBUG rally.task.runner [-] Starting a worker. concurrency: 1 args: {"network_create_args": {}, "subnet_create_args": {}, "subnet_cidr_start": "1.1.0.0/30", "subnets_per_network": 2} times: 40 method_name: run timeout: 0 duration: None cls:
2019-07-28 09:33:20.992 24842 INFO rally.task.runner [-] Task 8def977a-7ff8-4799-bd01-7e71951a598e | ITER: 18 START
2019-07-28 09:33:20.994 24842 WARNING rally_openstack.scenarios.neutron.utils [-] Running this scenario without either the 'network' or 'existing_network' context is deprecated
2019-07-28 09:33:20.993 24843 RALLYDEBUG rally.task.runner [-] Starting a worker. concurrency: 1 args: {"network_create_args": {}, "subnet_create_args": {}, "subnet_cidr_start": "1.1.0.0/30", "subnets_per_network": 2} times: 40 method_name: run timeout: 0 duration: None cls:
2019-07-28 09:33:20.998 24843 INFO rally.task.runner [-] Task 8def977a-7ff8-4799-bd01-7e71951a598e | ITER: 19 START
2019-07-28 09:33:20.999 24846 RALLYDEBUG rally.task.runner [-] Starting a worker. concurrency: 1 args: {"network_create_args": {}, "subnet_create_args": {}, "subnet_cidr_start": "1.1.0.0/30", "subnets_per_network": 2} times: 40 method_name: run timeout: 0 duration: None cls:
2019-07-28 09:33:21.000 24843 WARNING rally_openstack.scenarios.neutron.utils [-] Running this scenario without either the 'network' or 'existing_network' context is deprecated
2019-07-28 09:33:21.005 24846 INFO rally.task.runner [-] Task 8def977a-7ff8-4799-bd01-7e71951a598e | ITER: 20 START
2019-07-28 09:33:21.006 24846 WARNING rally_openstack.scenarios.neutron.utils [-] Running this scenario without either the 'network' or 'existing_network' context is deprecated
2019-07-28 09:33:23.264 24815 RALLYDEBUG rally_openstack.wrappers.network [-] CIDR generated: 1.1.4.96/30
2019-07-28 09:33:23.360 24821 RALLYDEBUG rally_openstack.wrappers.network [-] CIDR generated: 1.1.4.100/30
2019-07-28 09:33:23.367 24831 RALLYDEBUG rally_openstack.wrappers.network [-] CIDR generated: 1.1.4.104/30
2019-07-28 09:33:23.396 24804 RALLYDEBUG rally_openstack.wrappers.network [-] CIDR generated: 1.1.4.108/30
2019-07-28 09:33:23.450 24801 RALLYDEBUG rally_openstack.wrappers.network [-] CIDR generated: 1.1.4.112/30
2019-07-28 09:33:23.450 24828 RALLYDEBUG rally_openstack.wrappers.network [-] CIDR generated: 1.1.4.116/30
2019-07-28 09:33:23.450 24799 RALLYDEBUG rally_openstack.wrappers.network [-] CIDR generated: 1.1.4.120/30
2019-07-28 09:33:23.451 24800 RALLYDEBUG rally_openstack.wrappers.network [-] CIDR generated: 1.1.4.124/30
2019-07-28 09:33:23.468 24811 RALLYDEBUG rally_openstack.wrappers.network [-] CIDR generated: 1.1.4.128/30
2019-07-28 09:33:23.959 24842 RALLYDEBUG rally_openstack.wrappers.network [-] CIDR generated: 1.1.4.132/30
2019-07-28 09:33:24.137 24819 RALLYDEBUG rally_openstack.wrappers.network [-] CIDR generated: 1.1.4.136/30
2019-07-28 09:33:24.187 24802 RALLYDEBUG rally_openstack.wrappers.network [-] CIDR generated: 1.1.4.140/30
2019-07-28 09:33:24.221 24800 RALLYDEBUG rally_openstack.wrappers.network [-] CIDR generated: 1.1.4.144/30
2019-07-28 09:33:24.309 24808 RALLYDEBUG rally_openstack.wrappers.network [-] CIDR generated: 1.1.4.148/30
2019-07-28 09:33:24.368 24843 RALLYDEBUG rally_openstack.wrappers.network [-] CIDR generated: 1.1.4.152/30
2019-07-28 09:33:24.435 24821 RALLYDEBUG rally_openstack.wrappers.network [-] CIDR generated: 1.1.4.156/30
2019-07-28 09:33:24.531 24846 RALLYDEBUG rally_openstack.wrappers.network [-] CIDR generated: 1.1.4.160/30
2019-07-28 09:33:24.581 24800 RALLYDEBUG rally_openstack.wrappers.network [-] CIDR generated: 1.1.4.164/30
2019-07-28 09:33:24.617 24799 RALLYDEBUG rally_openstack.wrappers.network [-] CIDR generated: 1.1.4.168/30
2019-07-28 09:33:24.646 24801 RALLYDEBUG rally_openstack.wrappers.network [-] CIDR generated: 1.1.4.172/30
2019-07-28 09:33:24.932 24801 RALLYDEBUG rally_openstack.wrappers.network [-] CIDR generated: 1.1.4.176/30
2019-07-28 09:33:24.942 24799 RALLYDEBUG rally_openstack.wrappers.network [-] CIDR generated: 1.1.4.180/30
2019-07-28 09:33:25.011 24815 RALLYDEBUG rally_openstack.wrappers.network [-] CIDR generated: 1.1.4.184/30
2019-07-28 09:33:25.039 24831 RALLYDEBUG rally_openstack.wrappers.network [-] CIDR generated: 1.1.4.188/30
2019-07-28 09:33:25.082 24802 RALLYDEBUG rally_openstack.wrappers.network [-] CIDR generated: 1.1.4.192/30
2019-07-28 09:33:25.648 24822 RALLYDEBUG rally_openstack.wrappers.network [-] CIDR generated: 1.1.4.196/30
2019-07-28 09:33:25.827 24828 RALLYDEBUG rally_openstack.wrappers.network [-] CIDR generated: 1.1.4.200/30
2019-07-28 09:33:27.443 24843 RALLYDEBUG rally_openstack.wrappers.network [-] CIDR generated: 1.1.4.204/30
2019-07-28 09:33:27.450 24846 RALLYDEBUG rally_openstack.wrappers.network [-] CIDR generated: 1.1.4.208/30
2019-07-28 09:33:28.983 24821 INFO rally.task.runner [-] Task 8def977a-7ff8-4799-bd01-7e71951a598e | ITER: 13 END: OK
2019-07-28 09:33:28.987 24821 INFO rally.task.runner [-] Task 8def977a-7ff8-4799-bd01-7e71951a598e | ITER: 21 START
2019-07-28 09:33:28.988 24821 WARNING rally_openstack.scenarios.neutron.utils [-] Running this scenario without either the 'network' or 'existing_network' context is deprecated
2019-07-28 09:33:29.335 24800 INFO rally.task.runner [-] Task 8def977a-7ff8-4799-bd01-7e71951a598e | ITER: 5 END: OK
2019-07-28 09:33:29.340 24800 INFO rally.task.runner [-] Task 8def977a-7ff8-4799-bd01-7e71951a598e | ITER: 22 START
2019-07-28 09:33:29.340 24800 WARNING rally_openstack.scenarios.neutron.utils [-] Running this scenario without either the 'network' or 'existing_network' context is deprecated
2019-07-28 09:33:29.534 24801 INFO rally.task.runner [-] Task 8def977a-7ff8-4799-bd01-7e71951a598e | ITER: 4 END: OK
2019-07-28 09:33:29.538 24801 INFO rally.task.runner [-] Task 8def977a-7ff8-4799-bd01-7e71951a598e | ITER: 23 START
2019-07-28 09:33:29.539 24801 WARNING rally_openstack.scenarios.neutron.utils [-] Running this scenario without either the 'network' or 'existing_network' context is deprecated
2019-07-28 09:33:29.560 24799 INFO rally.task.runner [-] Task 8def977a-7ff8-4799-bd01-7e71951a598e | ITER: 1 END: OK
2019-07-28 09:33:29.564 24799 INFO rally.task.runner [-] Task 8def977a-7ff8-4799-bd01-7e71951a598e | ITER: 24 START
2019-07-28 09:33:29.565 24799 WARNING rally_openstack.scenarios.neutron.utils [-] Running this scenario without either the 'network' or 'existing_network' context is deprecated
2019-07-28 09:33:29.854 24815 INFO rally.task.runner [-] Task 8def977a-7ff8-4799-bd01-7e71951a598e | ITER: 12 END: OK
2019-07-28 09:33:29.859 24815 INFO rally.task.runner [-] Task 8def977a-7ff8-4799-bd01-7e71951a598e | ITER: 25 START
2019-07-28 09:33:29.859 24815 WARNING rally_openstack.scenarios.neutron.utils [-] Running this scenario without either the 'network' or 'existing_network' context is deprecated
2019-07-28 09:33:30.045 24811 RALLYDEBUG rally_openstack.wrappers.network [-] CIDR generated: 1.1.4.212/30
2019-07-28 09:33:30.046 24819 RALLYDEBUG rally_openstack.wrappers.network [-] CIDR generated: 1.1.4.216/30
2019-07-28 09:33:30.122 24821 RALLYDEBUG rally_openstack.wrappers.network [-] CIDR generated: 1.1.4.220/30
2019-07-28 09:33:30.679 24802 RALLYDEBUG rally_openstack.wrappers.network [-] CIDR generated: 1.1.4.224/30
2019-07-28 09:33:30.895 24842 RALLYDEBUG rally_openstack.wrappers.network [-] CIDR generated: 1.1.4.228/30
2019-07-28 09:33:30.988 24800 RALLYDEBUG rally_openstack.wrappers.network [-] CIDR generated: 1.1.4.232/30
2019-07-28 09:33:31.055 24799 RALLYDEBUG rally_openstack.wrappers.network [-] CIDR generated: 1.1.4.236/30
2019-07-28 09:33:31.088 24804 RALLYDEBUG rally_openstack.wrappers.network [-] CIDR generated: 1.1.4.240/30
2019-07-28 09:33:31.140 24815 RALLYDEBUG rally_openstack.wrappers.network [-] CIDR generated: 1.1.4.244/30
2019-07-28 09:33:31.308 24821 RALLYDEBUG rally_openstack.wrappers.network [-] CIDR generated: 1.1.4.248/30
2019-07-28 09:33:31.478 24801 RALLYDEBUG rally_openstack.wrappers.network [-] CIDR generated: 1.1.4.252/30
2019-07-28 09:33:31.605 24822 RALLYDEBUG rally_openstack.wrappers.network [-] CIDR generated: 1.1.5.0/30
2019-07-28 09:33:32.002 24801 RALLYDEBUG rally_openstack.wrappers.network [-] CIDR generated: 1.1.5.4/30
2019-07-28 09:33:32.129 24799 RALLYDEBUG rally_openstack.wrappers.network [-] CIDR generated: 1.1.5.8/30
2019-07-28 09:33:32.138 24808 RALLYDEBUG rally_openstack.wrappers.network [-] CIDR generated: 1.1.5.12/30
2019-07-28 09:33:32.234 24831 INFO rally.task.runner [-] Task 8def977a-7ff8-4799-bd01-7e71951a598e | ITER: 17 END: OK
2019-07-28 09:33:32.238 24831 INFO rally.task.runner [-] Task 8def977a-7ff8-4799-bd01-7e71951a598e | ITER: 26 START
2019-07-28 09:33:32.239 24831 WARNING rally_openstack.scenarios.neutron.utils [-] Running this scenario without either the 'network' or 'existing_network' context is deprecated
2019-07-28 09:33:32.242 24800 RALLYDEBUG rally_openstack.wrappers.network [-] CIDR generated: 1.1.5.16/30
2019-07-28 09:33:32.274 24815 RALLYDEBUG rally_openstack.wrappers.network [-] CIDR generated: 1.1.5.20/30
2019-07-28 09:33:32.297 24802 RALLYDEBUG rally_openstack.wrappers.network [-] CIDR generated: 1.1.5.24/30
2019-07-28 09:33:32.490 24799 RALLYDEBUG rally_openstack.wrappers.network [-] CIDR generated: 1.1.5.28/30
2019-07-28 09:33:32.682 24828 INFO rally.task.runner [-] Task 8def977a-7ff8-4799-bd01-7e71951a598e | ITER: 16 END: OK
2019-07-28 09:33:32.686 24828 INFO rally.task.runner [-] Task 8def977a-7ff8-4799-bd01-7e71951a598e | ITER: 27 START
2019-07-28 09:33:32.687 24828 WARNING rally_openstack.scenarios.neutron.utils [-] Running this scenario without either the 'network' or 'existing_network' context is deprecated
2019-07-28 09:33:32.876 24846 INFO rally.task.runner [-] Task 8def977a-7ff8-4799-bd01-7e71951a598e | ITER: 20 END: OK
2019-07-28 09:33:32.880 24846 INFO rally.task.runner [-] Task 8def977a-7ff8-4799-bd01-7e71951a598e | ITER: 28 START
2019-07-28 09:33:32.881 24846 WARNING rally_openstack.scenarios.neutron.utils [-] Running this scenario without either the 'network' or 'existing_network' context is deprecated
2019-07-28 09:33:33.411 24831 RALLYDEBUG rally_openstack.wrappers.network [-] CIDR generated: 1.1.5.32/30
2019-07-28 09:33:33.422 24843 INFO rally.task.runner [-] Task 8def977a-7ff8-4799-bd01-7e71951a598e | ITER: 19 END: OK
2019-07-28 09:33:33.426 24843 INFO rally.task.runner [-] Task 8def977a-7ff8-4799-bd01-7e71951a598e | ITER: 29 START
2019-07-28 09:33:33.427 24843 WARNING rally_openstack.scenarios.neutron.utils [-] Running this scenario without either the 'network' or 'existing_network' context is deprecated
2019-07-28 09:33:33.514 24800 RALLYDEBUG rally_openstack.wrappers.network [-] CIDR generated: 1.1.5.36/30
2019-07-28 09:33:33.785 24828 RALLYDEBUG rally_openstack.wrappers.network [-] CIDR generated: 1.1.5.40/30
2019-07-28 09:33:33.991 24801 RALLYDEBUG rally_openstack.wrappers.network [-] CIDR generated: 1.1.5.44/30
2019-07-28 09:33:34.219 24821 INFO rally.task.runner [-] Task 8def977a-7ff8-4799-bd01-7e71951a598e | ITER: 21 END: OK
2019-07-28 09:33:34.223 24821 INFO rally.task.runner [-] Task 8def977a-7ff8-4799-bd01-7e71951a598e | ITER: 30 START
2019-07-28 09:33:34.224 24821 WARNING rally_openstack.scenarios.neutron.utils [-] Running this scenario without either the 'network' or 'existing_network' context is deprecated
2019-07-28 09:33:34.467 24846 RALLYDEBUG rally_openstack.wrappers.network [-] CIDR generated: 1.1.5.48/30
2019-07-28 09:33:34.729 24831 RALLYDEBUG rally_openstack.wrappers.network [-] CIDR generated: 1.1.5.52/30
2019-07-28 09:33:35.193 24799 INFO rally.task.runner [-] Task 8def977a-7ff8-4799-bd01-7e71951a598e | ITER: 24 END: OK
2019-07-28 09:33:35.196 24799 INFO rally.task.runner [-] Task 8def977a-7ff8-4799-bd01-7e71951a598e | ITER: 31 START
2019-07-28 09:33:35.196 24799 WARNING rally_openstack.scenarios.neutron.utils [-] Running this scenario without either the 'network' or 'existing_network' context is deprecated
2019-07-28 09:33:35.211 24843 RALLYDEBUG rally_openstack.wrappers.network [-] CIDR generated: 1.1.5.56/30
2019-07-28 09:33:35.543 24815 INFO rally.task.runner [-] Task 8def977a-7ff8-4799-bd01-7e71951a598e | ITER: 25 END: OK
2019-07-28 09:33:35.546 24815 INFO rally.task.runner [-] Task 8def977a-7ff8-4799-bd01-7e71951a598e | ITER: 32 START
2019-07-28 09:33:35.547 24815 WARNING rally_openstack.scenarios.neutron.utils [-] Running this scenario without either the 'network' or 'existing_network' context is deprecated
2019-07-28 09:33:35.658 24821 RALLYDEBUG rally_openstack.wrappers.network [-] CIDR generated: 1.1.5.60/30
2019-07-28 09:33:36.071 24846 RALLYDEBUG rally_openstack.wrappers.network [-] CIDR generated: 1.1.5.64/30
2019-07-28 09:33:36.173 24828 RALLYDEBUG rally_openstack.wrappers.network [-] CIDR generated: 1.1.5.68/30
2019-07-28 09:33:36.724 24799 RALLYDEBUG rally_openstack.wrappers.network [-] CIDR generated: 1.1.5.72/30
2019-07-28 09:33:37.220 24815 RALLYDEBUG rally_openstack.wrappers.network [-] CIDR generated: 1.1.5.76/30
2019-07-28 09:33:37.645 24821 RALLYDEBUG rally_openstack.wrappers.network [-] CIDR generated: 1.1.5.80/30
2019-07-28 09:33:38.052 24843 RALLYDEBUG rally_openstack.wrappers.network [-] CIDR generated: 1.1.5.84/30
2019-07-28 09:33:38.542 24831 INFO rally.task.runner [-] Task 8def977a-7ff8-4799-bd01-7e71951a598e | ITER: 26 END: OK
2019-07-28 09:33:38.545 24831 INFO rally.task.runner [-] Task 8def977a-7ff8-4799-bd01-7e71951a598e | ITER: 33 START
2019-07-28 09:33:38.546 24831 WARNING rally_openstack.scenarios.neutron.utils [-] Running this scenario without either the 'network' or 'existing_network' context is deprecated
2019-07-28 09:33:38.798 24799 RALLYDEBUG rally_openstack.wrappers.network [-] CIDR generated: 1.1.5.88/30
2019-07-28 09:33:38.879 24815 RALLYDEBUG rally_openstack.wrappers.network [-] CIDR generated: 1.1.5.92/30
2019-07-28 09:33:39.413 24800 INFO rally.task.runner [-] Task 8def977a-7ff8-4799-bd01-7e71951a598e | ITER: 22 END: OK
2019-07-28 09:33:39.417 24800 INFO rally.task.runner [-] Task 8def977a-7ff8-4799-bd01-7e71951a598e | ITER: 34 START
2019-07-28 09:33:39.417 24800 WARNING rally_openstack.scenarios.neutron.utils [-] Running this scenario without either the 'network' or 'existing_network' context is deprecated
2019-07-28 09:33:39.926 24801 INFO rally.task.runner [-] Task 8def977a-7ff8-4799-bd01-7e71951a598e | ITER: 23 END: OK
2019-07-28 09:33:39.930 24801 INFO rally.task.runner [-] Task 8def977a-7ff8-4799-bd01-7e71951a598e | ITER: 35 START
2019-07-28 09:33:39.931 24801 WARNING rally_openstack.scenarios.neutron.utils [-] Running this scenario without either the 'network' or 'existing_network' context is deprecated
2019-07-28 09:33:40.149 24846 INFO rally.task.runner [-] Task 8def977a-7ff8-4799-bd01-7e71951a598e | ITER: 28 END: OK
2019-07-28 09:33:40.153 24846 INFO rally.task.runner [-] Task 8def977a-7ff8-4799-bd01-7e71951a598e | ITER: 36 START
2019-07-28 09:33:40.154 24846 WARNING rally_openstack.scenarios.neutron.utils [-] Running this scenario without either the 'network' or 'existing_network' context is deprecated
2019-07-28 09:33:40.230 24831 RALLYDEBUG rally_openstack.wrappers.network [-] CIDR generated: 1.1.5.96/30
2019-07-28 09:33:41.199 24800 RALLYDEBUG rally_openstack.wrappers.network [-] CIDR generated: 1.1.5.100/30
2019-07-28 09:33:42.322 24821 INFO rally.task.runner [-] Task 8def977a-7ff8-4799-bd01-7e71951a598e | ITER: 30 END: OK
2019-07-28 09:33:42.325 24831 RALLYDEBUG rally_openstack.wrappers.network [-] CIDR generated: 1.1.5.104/30
2019-07-28 09:33:42.328 24821 INFO rally.task.runner [-] Task 8def977a-7ff8-4799-bd01-7e71951a598e | ITER: 37 START
2019-07-28 09:33:42.328 24821 WARNING rally_openstack.scenarios.neutron.utils [-] Running this scenario without either the 'network' or 'existing_network' context is deprecated
2019-07-28 09:33:42.370 24846 RALLYDEBUG rally_openstack.wrappers.network [-] CIDR generated: 1.1.5.108/30
2019-07-28 09:33:42.464 24828 INFO rally.task.runner [-] Task 8def977a-7ff8-4799-bd01-7e71951a598e | ITER: 27 END: OK
2019-07-28 09:33:42.469 24828 INFO rally.task.runner [-] Task 8def977a-7ff8-4799-bd01-7e71951a598e | ITER: 38 START
2019-07-28 09:33:42.469 24828 WARNING rally_openstack.scenarios.neutron.utils [-] Running this scenario without either the 'network' or 'existing_network' context is deprecated
2019-07-28 09:33:42.490 24801 RALLYDEBUG rally_openstack.wrappers.network [-] CIDR generated: 1.1.5.112/30
2019-07-28 09:33:43.110 24815 INFO rally.task.runner [-] Task 8def977a-7ff8-4799-bd01-7e71951a598e | ITER: 32 END: OK
2019-07-28 09:33:43.114 24815 INFO rally.task.runner [-] Task 8def977a-7ff8-4799-bd01-7e71951a598e | ITER: 39 START
2019-07-28 09:33:43.114 24815 WARNING rally_openstack.scenarios.neutron.utils [-] Running this scenario without either the 'network' or 'existing_network' context is deprecated
2019-07-28 09:33:43.163 24799 INFO rally.task.runner [-] Task 8def977a-7ff8-4799-bd01-7e71951a598e | ITER: 31 END: OK
2019-07-28 09:33:43.167 24799 INFO rally.task.runner [-] Task 8def977a-7ff8-4799-bd01-7e71951a598e | ITER: 40 START
2019-07-28 09:33:43.168 24799 WARNING rally_openstack.scenarios.neutron.utils [-] Running this scenario without either the 'network' or 'existing_network' context is deprecated
2019-07-28 09:33:43.547 24821 RALLYDEBUG rally_openstack.wrappers.network [-] CIDR generated: 1.1.5.116/30
2019-07-28 09:33:43.580 24843 INFO rally.task.runner [-] Task 8def977a-7ff8-4799-bd01-7e71951a598e | ITER: 29 END: OK
2019-07-28 09:33:43.815 24846 RALLYDEBUG rally_openstack.wrappers.network [-] CIDR generated: 1.1.5.120/30
2019-07-28 09:33:43.819 24800 RALLYDEBUG rally_openstack.wrappers.network [-] CIDR generated: 1.1.5.124/30
2019-07-28 09:33:43.903 24828 RALLYDEBUG rally_openstack.wrappers.network [-] CIDR generated: 1.1.5.128/30
2019-07-28 09:33:44.848 24821 RALLYDEBUG rally_openstack.wrappers.network [-] CIDR generated: 1.1.5.132/30
2019-07-28 09:33:44.861 24815 RALLYDEBUG rally_openstack.wrappers.network [-] CIDR generated: 1.1.5.136/30
2019-07-28 09:33:44.950 24799 RALLYDEBUG rally_openstack.wrappers.network [-] CIDR generated: 1.1.5.140/30
2019-07-28 09:33:44.957 24828 RALLYDEBUG rally_openstack.wrappers.network [-] CIDR generated: 1.1.5.144/30
2019-07-28 09:33:45.131 24801 RALLYDEBUG rally_openstack.wrappers.network [-] CIDR generated: 1.1.5.148/30
2019-07-28 09:33:45.914 24831 INFO rally.task.runner [-] Task 8def977a-7ff8-4799-bd01-7e71951a598e | ITER: 33 END: OK
2019-07-28 09:33:46.299 24846 INFO rally.task.runner [-] Task 8def977a-7ff8-4799-bd01-7e71951a598e | ITER: 36 END: OK
2019-07-28 09:33:46.675 24815 RALLYDEBUG rally_openstack.wrappers.network [-] CIDR generated: 1.1.5.152/30
2019-07-28 09:33:47.469 24821 INFO rally.task.runner [-] Task 8def977a-7ff8-4799-bd01-7e71951a598e | ITER: 37 END: OK
2019-07-28 09:33:47.525 24828 INFO rally.task.runner [-] Task 8def977a-7ff8-4799-bd01-7e71951a598e | ITER: 38 END: OK
2019-07-28 09:33:48.033 24799 RALLYDEBUG rally_openstack.wrappers.network [-] CIDR generated: 1.1.5.156/30
2019-07-28 09:33:49.059 24815 INFO rally.task.runner [-] Task 8def977a-7ff8-4799-bd01-7e71951a598e | ITER: 39 END: OK
2019-07-28 09:33:49.273 24802 INFO rally.task.runner [-] Task 8def977a-7ff8-4799-bd01-7e71951a598e | ITER: 6 END: OK
2019-07-28 09:33:49.346 24802 INFO rally.task.runner [-] Task 8def977a-7ff8-4799-bd01-7e71951a598e | ITER: 9 END: OK
2019-07-28 09:33:49.391 24842 INFO rally.task.runner [-] Task 8def977a-7ff8-4799-bd01-7e71951a598e | ITER: 18 END: OK
2019-07-28 09:33:49.663 24799 INFO rally.task.runner [-] Task 8def977a-7ff8-4799-bd01-7e71951a598e | ITER: 3 END: OK
2019-07-28 09:33:50.271 24822 INFO rally.task.runner [-] Task 8def977a-7ff8-4799-bd01-7e71951a598e | ITER: 15 END: OK
2019-07-28 09:33:50.349 24800 INFO rally.task.runner [-] Task 8def977a-7ff8-4799-bd01-7e71951a598e | ITER: 34 END: OK
2019-07-28 09:33:51.033 24801 INFO rally.task.runner [-] Task 8def977a-7ff8-4799-bd01-7e71951a598e | ITER: 35 END: OK
2019-07-28 09:33:51.200 24811 INFO rally.task.runner [-] Task 8def977a-7ff8-4799-bd01-7e71951a598e | ITER: 11 END: OK
2019-07-28 09:33:52.127 24819 INFO rally.task.runner [-] Task 8def977a-7ff8-4799-bd01-7e71951a598e | ITER: 14 END: OK
2019-07-28 09:33:52.465 24800 INFO rally.task.runner [-] Task 8def977a-7ff8-4799-bd01-7e71951a598e | ITER: 2 END: OK
2019-07-28 09:33:52.476 24808 INFO rally.task.runner [-] Task 8def977a-7ff8-4799-bd01-7e71951a598e | ITER: 10 END: OK
2019-07-28 09:33:53.036 24801 INFO rally.task.runner [-] Task 8def977a-7ff8-4799-bd01-7e71951a598e | ITER: 7 END: OK
2019-07-28 09:33:53.041 24804 INFO rally.task.runner [-] Task 8def977a-7ff8-4799-bd01-7e71951a598e | ITER: 8 END: OK
2019-07-28 09:33:53.602 24799 INFO rally.task.runner [-] Task 8def977a-7ff8-4799-bd01-7e71951a598e | ITER: 40 END: OK
2019-07-28 09:33:53.625 22705 INFO rally.task.context [-] Task 8def977a-7ff8-4799-bd01-7e71951a598e | Context cleanup@openstack cleanup() started
2019-07-28 09:33:53.628 22705 RALLYDEBUG rally_openstack.cleanup.manager [-] Cleaning up neutron vip objects
2019-07-28 09:33:54.370 22705 RALLYDEBUG rally_openstack.cleanup.manager [-] Cleaning up neutron health_monitor objects
2019-07-28 09:33:55.200 22705 RALLYDEBUG rally_openstack.cleanup.manager [-] Cleaning up neutron pool objects
2019-07-28 09:33:55.906 22705 RALLYDEBUG rally_openstack.cleanup.manager [-] Cleaning up neutron loadbalancer objects
2019-07-28 09:33:56.614 22705 RALLYDEBUG rally_openstack.cleanup.manager [-] Cleaning up neutron floatingip objects
2019-07-28 09:33:57.708 22705 RALLYDEBUG rally_openstack.cleanup.manager [-] Cleaning up neutron port objects
2019-07-28 09:33:58.431 22705 RALLYDEBUG rally_openstack.cleanup.manager [-] Cleaning up neutron subnet objects
2019-07-28 09:33:59.299 22705 RALLYDEBUG rally_openstack.cleanup.manager [-] Cleaning up neutron network objects
2019-07-28 09:34:00.326 22705 RALLYDEBUG rally_openstack.cleanup.manager [-] Deleting neutron.network object s_rally_957ba8fc_QmfY1yOz (07930802-1064-4007-bd0d-d56bbbd30031)
2019-07-28 09:34:00.334 22705 RALLYDEBUG rally_openstack.cleanup.manager [-] Deleting neutron.network object s_rally_957ba8fc_xs5ph5JZ (08c1883f-f541-438d-8396-f642fd3db505)
2019-07-28 09:34:00.342 22705 RALLYDEBUG rally_openstack.cleanup.manager [-] Deleting neutron.network object s_rally_957ba8fc_BZmQARfj (0e1f13fe-a292-4dec-bc0e-fb485d98d645)
2019-07-28 09:34:00.350 22705 RALLYDEBUG rally_openstack.cleanup.manager [-] Deleting neutron.network object s_rally_957ba8fc_wqSagdml (1492c348-bfe3-4f21-9e9f-94b7dd5c90d0)
2019-07-28 09:34:00.362 22705 RALLYDEBUG rally_openstack.cleanup.manager [-] Deleting neutron.network object s_rally_957ba8fc_eVVkhKCL (17dedcba-fae6-4b11-9587-c7b4d68e37a1)
2019-07-28 09:34:00.371 22705 RALLYDEBUG rally_openstack.cleanup.manager [-] Deleting neutron.network object s_rally_957ba8fc_BdI1mCKp (2ba5ef7d-d786-43e9-91c1-3c5fb8e1300b)
2019-07-28 09:34:00.375 22705 RALLYDEBUG rally_openstack.cleanup.manager [-] Deleting neutron.network object s_rally_957ba8fc_Vl2pMEzD (2eead2da-b7d9-4818-9692-24057765df28)
2019-07-28 09:34:00.388 22705 RALLYDEBUG rally_openstack.cleanup.manager [-] Deleting neutron.network object s_rally_957ba8fc_Mc2c7jtV (34b84f44-b90d-49b5-a341-9eaeb1448a9d)
2019-07-28 09:34:00.414 22705 RALLYDEBUG rally_openstack.cleanup.manager [-] Deleting neutron.network object s_rally_957ba8fc_09vXbJgF (44696f1a-a16a-4935-8146-4b98e8ecef01)
2019-07-28 09:34:00.420 22705 RALLYDEBUG rally_openstack.cleanup.manager [-] Deleting neutron.network object s_rally_957ba8fc_DGMtVf64 (4581d280-52b5-47b1-987c-3f35b814319a)
2019-07-28 09:34:00.441 22705 RALLYDEBUG rally_openstack.cleanup.manager [-] Deleting neutron.network object s_rally_957ba8fc_Gyi89c9w (45b88c5d-0f1b-4071-839b-bf89f18884e5)
2019-07-28 09:34:00.452 22705 RALLYDEBUG rally_openstack.cleanup.manager [-] Deleting neutron.network object s_rally_957ba8fc_UWYY1Zui (461049db-240e-4cc5-9426-d88422855ea1)
2019-07-28 09:34:00.459 22705 RALLYDEBUG rally_openstack.cleanup.manager [-] Deleting neutron.network object s_rally_957ba8fc_KVIukLl2 (4695549a-a215-4a66-b9bc-7ff620ce08ae)
2019-07-28 09:34:00.487 22705 RALLYDEBUG rally_openstack.cleanup.manager [-] Deleting neutron.network object s_rally_957ba8fc_D3395Gkj (4dbaa543-4413-4f48-bce7-54f2293472dc)
2019-07-28 09:34:00.501 22705 RALLYDEBUG rally_openstack.cleanup.manager [-] Deleting neutron.network object s_rally_957ba8fc_diOw4DNx (4f149f86-9971-46b8-8ff3-0bfd28516e1e)
2019-07-28 09:34:00.512 22705 RALLYDEBUG rally_openstack.cleanup.manager [-] Deleting neutron.network object s_rally_957ba8fc_cz3f2OlK (56ccb0c4-577d-41c3-b751-2e2ef95d110b)
2019-07-28 09:34:00.520 22705 RALLYDEBUG rally_openstack.cleanup.manager [-] Deleting neutron.network object s_rally_957ba8fc_ExNZpp28 (57507f46-25b8-4c4b-81aa-2216af5df874)
2019-07-28 09:34:00.526 22705 RALLYDEBUG rally_openstack.cleanup.manager [-] Deleting neutron.network object s_rally_957ba8fc_zwBKxiRz (5999f193-be2a-4226-bbeb-9c0171c8b3c3)
2019-07-28 09:34:00.537 22705 RALLYDEBUG rally_openstack.cleanup.manager [-] Deleting neutron.network object s_rally_957ba8fc_07twyhpN (5a9be08b-b3fe-434b-bd94-3806ae9057c4)
2019-07-28 09:34:00.543 22705 RALLYDEBUG rally_openstack.cleanup.manager [-] Deleting neutron.network object s_rally_957ba8fc_lsBWzaQg (60f5ef12-2158-4f11-848e-9712cdde0bc3)
2019-07-28 09:34:03.863 22705 RALLYDEBUG rally_openstack.cleanup.manager [-] Deleting neutron.network object s_rally_957ba8fc_UbwFzOeV (6faef617-0a71-4173-b5b0-18dfd320c34a)
2019-07-28 09:34:04.248 22705 RALLYDEBUG rally_openstack.cleanup.manager [-] Deleting neutron.network object s_rally_957ba8fc_v9mNl0ED (71a0363b-b91d-4e75-9615-e2f15637f0b7)
2019-07-28 09:34:04.268 22705 RALLYDEBUG rally_openstack.cleanup.manager [-] Deleting neutron.network object s_rally_957ba8fc_H9NxbIMR (7ded40cc-6fd5-485f-a308-152fe2564ae6)
2019-07-28 09:34:04.432 22705 RALLYDEBUG rally_openstack.cleanup.manager [-] Deleting neutron.network object s_rally_957ba8fc_xxNivw5U (86b54477-f643-49d9-b600-cd03ee67d0cd)
2019-07-28 09:34:04.518 22705 RALLYDEBUG rally_openstack.cleanup.manager [-] Deleting neutron.network object s_rally_957ba8fc_o9o8Ru4i (8a4d67fa-a0f3-4242-94db-2741269d5619)
2019-07-28 09:34:04.571 22705 RALLYDEBUG rally_openstack.cleanup.manager [-] Deleting neutron.network object s_rally_957ba8fc_wwB3BuXf (8a775317-45a2-43c0-b0c2-f359f9144b92)
2019-07-28 09:34:04.621 22705 RALLYDEBUG rally_openstack.cleanup.manager [-] Deleting neutron.network object s_rally_957ba8fc_LVdo7koL (8c61548d-7e5d-4287-a6f2-a632f712584f)
2019-07-28 09:34:04.789 22705 RALLYDEBUG rally_openstack.cleanup.manager [-] Deleting neutron.network object s_rally_957ba8fc_Aoxyz7j0 (9c09e436-51a6-43b0-aa03-f96c66245190)
2019-07-28 09:34:06.119 22705 RALLYDEBUG rally_openstack.cleanup.manager [-] Deleting neutron.network object s_rally_957ba8fc_Szc1QlVC (acd409f7-53c1-4305-8c37-101700d20ee4)
2019-07-28 09:34:06.136 22705 RALLYDEBUG rally_openstack.cleanup.manager [-] Deleting neutron.network object s_rally_957ba8fc_mRDk5Fi2 (b091f383-31db-47b9-9305-e4b28450531e)
2019-07-28 09:34:06.403 22705 RALLYDEBUG rally_openstack.cleanup.manager [-] Deleting neutron.network object s_rally_957ba8fc_0O3TlzFf (b990a5f5-af7c-4a8e-bad0-1f9668fdec37)
2019-07-28 09:34:06.757 22705 RALLYDEBUG rally_openstack.cleanup.manager [-] Deleting neutron.network object s_rally_957ba8fc_TgCVUdvn (c24bfa02-a3f6-476d-a733-cc0523e5b0b2)
2019-07-28 09:34:07.183 22705 RALLYDEBUG rally_openstack.cleanup.manager [-] Deleting neutron.network object s_rally_957ba8fc_FlWC3l22 (d0f09fcf-d2f7-4344-8c66-a13899261996)
2019-07-28 09:34:07.383 22705 RALLYDEBUG rally_openstack.cleanup.manager [-] Deleting neutron.network object s_rally_957ba8fc_DDxCAW3F (d591ae8b-3cf1-4d99-bd98-00dc02b761c6)
2019-07-28 09:34:07.402 22705 RALLYDEBUG rally_openstack.cleanup.manager [-] Deleting neutron.network object s_rally_957ba8fc_a7B0Bj6k (d9c1e83d-acf4-46db-a0f4-ef79a29c7fad)
2019-07-28 09:34:07.750 22705 RALLYDEBUG rally_openstack.cleanup.manager [-] Deleting neutron.network object s_rally_957ba8fc_xBc2PxR1 (da489066-07c5-4710-bbb8-ca0c8c2700a1)
2019-07-28 09:34:07.783 22705 RALLYDEBUG rally_openstack.cleanup.manager [-] Deleting neutron.network object s_rally_957ba8fc_5BUHELgF (e645fc4c-1fc2-44e3-b90d-5c674d9ec311)
2019-07-28 09:34:07.795 22705 RALLYDEBUG rally_openstack.cleanup.manager [-] Deleting neutron.network object s_rally_957ba8fc_gkeXhXEm (ead5ea07-1429-44cd-aa35-9f1a571b684d)
2019-07-28 09:34:07.830 22705 RALLYDEBUG rally_openstack.cleanup.manager [-] Deleting neutron.network object s_rally_957ba8fc_bXFmlo96 (f6f6da8e-bfd1-4f95-ace7-dfe606e5030a)
2019-07-28 09:34:07.942 22705 RALLYDEBUG rally_openstack.cleanup.manager [-] Deleting neutron.network object s_rally_957ba8fc_DNx8EchC (fde6846c-4680-4082-b94c-3241be2d9a10)
2019-07-28 09:34:11.045 22705 RALLYDEBUG rally_openstack.cleanup.manager [-] Cleaning up neutron router objects
2019-07-28 09:34:11.708 22705 RALLYDEBUG rally_openstack.cleanup.manager [-] Cleaning up neutron security_group objects
2019-07-28 09:34:12.427 22705 INFO rally.task.context [-] Task 8def977a-7ff8-4799-bd01-7e71951a598e | Context cleanup@openstack cleanup() finished in 18.80 sec
2019-07-28 09:34:12.428 22705 INFO rally.task.context [-] Task 8def977a-7ff8-4799-bd01-7e71951a598e | Context quotas@openstack cleanup() started
2019-07-28 09:34:12.650 22705 INFO rally.task.context [-] Task 8def977a-7ff8-4799-bd01-7e71951a598e | Context quotas@openstack cleanup() finished in 0.22 sec
2019-07-28 09:34:12.650 22705 INFO rally.task.context [-] Task 8def977a-7ff8-4799-bd01-7e71951a598e | Context users@openstack cleanup() started
2019-07-28 09:34:17.104 22705 INFO rally.task.context [-] Task 8def977a-7ff8-4799-bd01-7e71951a598e | Context users@openstack cleanup() finished in 4.45 sec
2019-07-28 09:34:18.199 22705 INFO rally.task.engine [-] Load duration is: 32.65812
2019-07-28 09:34:18.200 22705 INFO rally.task.engine [-] Full runner duration is: 32.705281
2019-07-28 09:34:18.200 22705 INFO rally.task.engine [-] Full duration is: 61.163426
2019-07-28 09:34:18.514 22705 INFO rally.task.engine [-] Running workload: position = 0 config = { "version": 2, "title": "A cropped version of a bigger task.", "description": "Auto-generated task from a single workload (uuid=0d915c47-ffcf-45f3-950c-7fbdacd3a48f)", "subtasks": [ { "title": "NeutronNetworks.create_and_list_routers", "description": "Create and a given number of routers and list all routers.", "scenario": { "NeutronNetworks.create_and_list_routers": { "network_create_args": null, "subnet_create_args": null, "subnet_cidr_start": "1.1.0.0/30", "subnets_per_network": 2, "router_create_args": null } }, "contexts": { "users": { "tenants": 1, "users_per_tenant": 1 }, "quotas": { "neutron": { "network": -1, "subnet": -1, "router": -1 } } }, "runner": { "constant": { "times": 40, "concurrency": 20 } }, "hooks": [], "sla": { "failure_rate": { "max": 0 } } } ] }
2019-07-28 09:34:18.538 22705 RALLYDEBUG rally_openstack.contexts.keystone.users [-] Creating 1 tenants using 20 threads
2019-07-28 09:34:20.199 22705 RALLYDEBUG rally_openstack.contexts.keystone.users [-] Creating 1 users using 20 threads
2019-07-28 09:34:22.804 22705 INFO rally.task.context [-] Task 8def977a-7ff8-4799-bd01-7e71951a598e | Context users@openstack setup() finished in 4.27 sec
2019-07-28 09:34:23.965 22705 INFO rally.task.context [-] Task 8def977a-7ff8-4799-bd01-7e71951a598e | Context quotas@openstack setup() finished in 1.16 sec
2019-07-28 09:34:23.966 22705 INFO rally.task.context [-] Task 8def977a-7ff8-4799-bd01-7e71951a598e | Context cleanup@openstack setup() finished in 0.00 msec
2019-07-28 09:34:23.973 22705 RALLYDEBUG rally.task.runner [-] Starting the constant runner (task UUID: 8def977a-7ff8-4799-bd01-7e71951a598e). timeout: 0 concurrency: 20 concurrency_per_worker: 1 times: 40 concurrency_overhead: 4 processes_to_start: 16 max_cpu_used: 16
2019-07-28 09:34:23.986 25169 RALLYDEBUG rally.task.runner [-] Starting a worker. concurrency: 2 args: {"network_create_args": null, "subnet_create_args": null, "subnet_cidr_start": "1.1.0.0/30", "subnets_per_network": 2, "router_create_args": null} times: 40 method_name: run timeout: 0 duration: None cls:
2019-07-28 09:34:23.989 25170 RALLYDEBUG rally.task.runner [-] Starting a worker. concurrency: 2 args: {"network_create_args": null, "subnet_create_args": null, "subnet_cidr_start": "1.1.0.0/30", "subnets_per_network": 2, "router_create_args": null} times: 40 method_name: run timeout: 0 duration: None cls:
2019-07-28 09:34:23.993 25171 RALLYDEBUG rally.task.runner [-] Starting a worker. concurrency: 2 args: {"network_create_args": null, "subnet_create_args": null, "subnet_cidr_start": "1.1.0.0/30", "subnets_per_network": 2, "router_create_args": null} times: 40 method_name: run timeout: 0 duration: None cls:
2019-07-28 09:34:23.994 25169 INFO rally.task.runner [-] Task 8def977a-7ff8-4799-bd01-7e71951a598e | ITER: 1 START
2019-07-28 09:34:23.996 25172 RALLYDEBUG rally.task.runner [-] Starting a worker. concurrency: 2 args: {"network_create_args": null, "subnet_create_args": null, "subnet_cidr_start": "1.1.0.0/30", "subnets_per_network": 2, "router_create_args": null} times: 40 method_name: run timeout: 0 duration: None cls:
2019-07-28 09:34:23.995 25169 INFO rally.task.runner [-] Task 8def977a-7ff8-4799-bd01-7e71951a598e | ITER: 3 START
2019-07-28 09:34:23.998 25170 INFO rally.task.runner [-] Task 8def977a-7ff8-4799-bd01-7e71951a598e | ITER: 2 START
2019-07-28 09:34:24.001 25171 INFO rally.task.runner [-] Task 8def977a-7ff8-4799-bd01-7e71951a598e | ITER: 5 START
2019-07-28 09:34:24.000 25174 RALLYDEBUG rally.task.runner [-] Starting a worker. concurrency: 1 args: {"network_create_args": null, "subnet_create_args": null, "subnet_cidr_start": "1.1.0.0/30", "subnets_per_network": 2, "router_create_args": null} times: 40 method_name: run timeout: 0 duration: None cls:
2019-07-28 09:34:24.004 25170 INFO rally.task.runner [-] Task 8def977a-7ff8-4799-bd01-7e71951a598e | ITER: 4 START
2019-07-28 09:34:24.004 25179 RALLYDEBUG rally.task.runner [-] Starting a worker. concurrency: 1 args: {"network_create_args": null, "subnet_create_args": null, "subnet_cidr_start": "1.1.0.0/30", "subnets_per_network": 2, "router_create_args": null} times: 40 method_name: run timeout: 0 duration: None cls:
2019-07-28 09:34:24.007 25172 INFO rally.task.runner [-] Task 8def977a-7ff8-4799-bd01-7e71951a598e | ITER: 6 START
2019-07-28 09:34:24.007 25171 INFO rally.task.runner [-] Task 8def977a-7ff8-4799-bd01-7e71951a598e | ITER: 7 START
2019-07-28 09:34:24.007 25181 RALLYDEBUG rally.task.runner [-] Starting a worker. concurrency: 1 args: {"network_create_args": null, "subnet_create_args": null, "subnet_cidr_start": "1.1.0.0/30", "subnets_per_network": 2, "router_create_args": null} times: 40 method_name: run timeout: 0 duration: None cls:
2019-07-28 09:34:24.010 25174 INFO rally.task.runner [-] Task 8def977a-7ff8-4799-bd01-7e71951a598e | ITER: 9 START
2019-07-28 09:34:24.011 25179 INFO rally.task.runner [-] Task 8def977a-7ff8-4799-bd01-7e71951a598e | ITER: 10 START
2019-07-28 09:34:24.012 25185 RALLYDEBUG rally.task.runner [-] Starting a worker. concurrency: 1 args: {"network_create_args": null, "subnet_create_args": null, "subnet_cidr_start": "1.1.0.0/30", "subnets_per_network": 2, "router_create_args": null} times: 40 method_name: run timeout: 0 duration: None cls:
2019-07-28 09:34:24.013 25181 INFO rally.task.runner [-] Task 8def977a-7ff8-4799-bd01-7e71951a598e | ITER: 11 START
2019-07-28 09:34:24.020 25195 RALLYDEBUG rally.task.runner [-] Starting a worker. concurrency: 1 args: {"network_create_args": null, "subnet_create_args": null, "subnet_cidr_start": "1.1.0.0/30", "subnets_per_network": 2, "router_create_args": null} times: 40 method_name: run timeout: 0 duration: None cls:
2019-07-28 09:34:24.021 25198 RALLYDEBUG rally.task.runner [-] Starting a worker. concurrency: 1 args: {"network_create_args": null, "subnet_create_args": null, "subnet_cidr_start": "1.1.0.0/30", "subnets_per_network": 2, "router_create_args": null} times: 40 method_name: run timeout: 0 duration: None cls:
2019-07-28 09:34:24.012 25172 INFO rally.task.runner [-] Task 8def977a-7ff8-4799-bd01-7e71951a598e | ITER: 8 START
2019-07-28 09:34:24.021 25187 RALLYDEBUG rally.task.runner [-] Starting a worker. concurrency: 1 args: {"network_create_args": null, "subnet_create_args": null, "subnet_cidr_start": "1.1.0.0/30", "subnets_per_network": 2, "router_create_args": null} times: 40 method_name: run timeout: 0 duration: None cls:
2019-07-28 09:34:24.024 25192 RALLYDEBUG rally.task.runner [-] Starting a worker. concurrency: 1 args: {"network_create_args": null, "subnet_create_args": null, "subnet_cidr_start": "1.1.0.0/30", "subnets_per_network": 2, "router_create_args": null} times: 40 method_name: run timeout: 0 duration: None cls:
2019-07-28 09:34:24.027 25185 INFO rally.task.runner [-] Task 8def977a-7ff8-4799-bd01-7e71951a598e | ITER: 12 START
2019-07-28 09:34:24.027 25187 INFO rally.task.runner [-] Task 8def977a-7ff8-4799-bd01-7e71951a598e | ITER: 15 START
2019-07-28 09:34:24.027 25199 RALLYDEBUG rally.task.runner [-] Starting a worker. concurrency: 1 args: {"network_create_args": null, "subnet_create_args": null, "subnet_cidr_start": "1.1.0.0/30", "subnets_per_network": 2, "router_create_args": null} times: 40 method_name: run timeout: 0 duration: None cls:
2019-07-28 09:34:24.028 25198 INFO rally.task.runner [-] Task 8def977a-7ff8-4799-bd01-7e71951a598e | ITER: 13 START
2019-07-28 09:34:24.030 25192 INFO rally.task.runner [-] Task 8def977a-7ff8-4799-bd01-7e71951a598e | ITER: 16 START
2019-07-28 09:34:24.034 25195 INFO rally.task.runner [-] Task 8def977a-7ff8-4799-bd01-7e71951a598e | ITER: 14 START
2019-07-28 09:34:24.037 25201 RALLYDEBUG rally.task.runner [-] Starting a worker. concurrency: 1 args: {"network_create_args": null, "subnet_create_args": null, "subnet_cidr_start": "1.1.0.0/30", "subnets_per_network": 2, "router_create_args": null} times: 40 method_name: run timeout: 0 duration: None cls:
2019-07-28 09:34:24.044 25199 INFO rally.task.runner [-] Task 8def977a-7ff8-4799-bd01-7e71951a598e | ITER: 17 START
2019-07-28 09:34:24.045 25201 INFO rally.task.runner [-] Task 8def977a-7ff8-4799-bd01-7e71951a598e | ITER: 18 START
2019-07-28 09:34:24.047 25213 RALLYDEBUG rally.task.runner [-] Starting a worker. concurrency: 1 args: {"network_create_args": null, "subnet_create_args": null, "subnet_cidr_start": "1.1.0.0/30", "subnets_per_network": 2, "router_create_args": null} times: 40 method_name: run timeout: 0 duration: None cls:
2019-07-28 09:34:24.049 25210 RALLYDEBUG rally.task.runner [-] Starting a worker. concurrency: 1 args: {"network_create_args": null, "subnet_create_args": null, "subnet_cidr_start": "1.1.0.0/30", "subnets_per_network": 2, "router_create_args": null} times: 40 method_name: run timeout: 0 duration: None cls:
2019-07-28 09:34:24.053 25213 INFO rally.task.runner [-] Task 8def977a-7ff8-4799-bd01-7e71951a598e | ITER: 19 START
2019-07-28 09:34:24.054 25210 INFO rally.task.runner [-] Task 8def977a-7ff8-4799-bd01-7e71951a598e | ITER: 20 START
2019-07-28 09:34:25.585 25170 RALLYDEBUG rally_openstack.wrappers.network [-] CIDR generated: 1.1.5.160/30
2019-07-28 09:34:25.647 25169 RALLYDEBUG rally_openstack.wrappers.network [-] CIDR generated: 1.1.5.164/30
2019-07-28 09:34:25.804 25170 RALLYDEBUG rally_openstack.wrappers.network [-] CIDR generated: 1.1.5.168/30
2019-07-28 09:34:25.820 25179 RALLYDEBUG rally_openstack.wrappers.network [-] CIDR generated: 1.1.5.172/30
2019-07-28 09:34:25.827 25181 RALLYDEBUG rally_openstack.wrappers.network [-] CIDR generated: 1.1.5.176/30
2019-07-28 09:34:25.870 25198 RALLYDEBUG rally_openstack.wrappers.network [-] CIDR generated: 1.1.5.180/30
2019-07-28 09:34:25.872 25172 RALLYDEBUG rally_openstack.wrappers.network [-] CIDR generated: 1.1.5.184/30
2019-07-28 09:34:25.884 25169 RALLYDEBUG rally_openstack.wrappers.network [-] CIDR generated: 1.1.5.188/30
2019-07-28 09:34:25.912 25172 RALLYDEBUG rally_openstack.wrappers.network [-] CIDR generated: 1.1.5.192/30
2019-07-28 09:34:25.921 25171 RALLYDEBUG rally_openstack.wrappers.network [-] CIDR generated: 1.1.5.196/30
2019-07-28 09:34:26.025 25174 RALLYDEBUG rally_openstack.wrappers.network [-] CIDR generated: 1.1.5.200/30
2019-07-28 09:34:26.041 25185 RALLYDEBUG rally_openstack.wrappers.network [-] CIDR generated: 1.1.5.204/30
2019-07-28 09:34:26.296 25187 RALLYDEBUG rally_openstack.wrappers.network [-] CIDR generated: 1.1.5.208/30
2019-07-28 09:34:26.300 25195 RALLYDEBUG rally_openstack.wrappers.network [-] CIDR generated: 1.1.5.212/30
2019-07-28 09:34:26.468 25201 RALLYDEBUG rally_openstack.wrappers.network [-] CIDR generated: 1.1.5.216/30
2019-07-28 09:34:26.490 25170 RALLYDEBUG rally_openstack.wrappers.network [-] CIDR generated: 1.1.5.220/30
2019-07-28 09:34:26.661 25199 RALLYDEBUG rally_openstack.wrappers.network [-] CIDR generated: 1.1.5.224/30
2019-07-28 09:34:26.916 25198 RALLYDEBUG rally_openstack.wrappers.network [-] CIDR generated: 1.1.5.228/30
2019-07-28 09:34:26.937 25171 RALLYDEBUG rally_openstack.wrappers.network [-] CIDR generated: 1.1.5.232/30
2019-07-28 09:34:27.102 25192 RALLYDEBUG rally_openstack.wrappers.network [-] CIDR generated: 1.1.5.236/30
2019-07-28 09:34:27.347 25213 RALLYDEBUG rally_openstack.wrappers.network [-] CIDR generated: 1.1.5.240/30
2019-07-28 09:34:27.999 25210 RALLYDEBUG rally_openstack.wrappers.network [-] CIDR generated: 1.1.5.244/30
2019-07-28 09:34:28.177 25179 RALLYDEBUG rally_openstack.wrappers.network [-] CIDR generated: 1.1.5.248/30
2019-07-28 09:34:28.203 25169 RALLYDEBUG rally_openstack.wrappers.network [-] CIDR generated: 1.1.5.252/30
2019-07-28 09:34:28.731 25169 RALLYDEBUG rally_openstack.wrappers.network [-] CIDR generated: 1.1.6.0/30
2019-07-28 09:34:29.741 25195 RALLYDEBUG rally_openstack.wrappers.network [-] CIDR generated: 1.1.6.4/30
2019-07-28 09:34:29.971 25201 RALLYDEBUG rally_openstack.wrappers.network [-] CIDR generated: 1.1.6.8/30
2019-07-28 09:34:30.520 25181 RALLYDEBUG rally_openstack.wrappers.network [-] CIDR generated: 1.1.6.12/30
2019-07-28 09:34:31.042 25187 RALLYDEBUG rally_openstack.wrappers.network [-] CIDR generated: 1.1.6.16/30
2019-07-28 09:34:31.081 25172 RALLYDEBUG rally_openstack.wrappers.network [-] CIDR generated: 1.1.6.20/30
2019-07-28 09:34:31.082 25170 RALLYDEBUG rally_openstack.wrappers.network [-] CIDR generated: 1.1.6.24/30
2019-07-28 09:34:31.346 25192 RALLYDEBUG rally_openstack.wrappers.network [-] CIDR generated: 1.1.6.28/30
2019-07-28 09:34:31.666 25172 RALLYDEBUG rally_openstack.wrappers.network [-] CIDR generated: 1.1.6.32/30
2019-07-28 09:34:31.745 25199 RALLYDEBUG rally_openstack.wrappers.network [-] CIDR generated: 1.1.6.36/30
2019-07-28 09:34:31.915 25174 RALLYDEBUG rally_openstack.wrappers.network [-] CIDR generated: 1.1.6.40/30
2019-07-28 09:34:32.010 25213 RALLYDEBUG rally_openstack.wrappers.network [-] CIDR generated: 1.1.6.44/30
2019-07-28 09:34:32.351 25171 RALLYDEBUG rally_openstack.wrappers.network [-] CIDR generated: 1.1.6.48/30
2019-07-28 09:34:32.487 25185 RALLYDEBUG rally_openstack.wrappers.network [-] CIDR generated: 1.1.6.52/30
2019-07-28 09:34:32.942 25171 RALLYDEBUG rally_openstack.wrappers.network [-] CIDR generated: 1.1.6.56/30
2019-07-28 09:34:33.055 25210 RALLYDEBUG rally_openstack.wrappers.network [-] CIDR generated: 1.1.6.60/30
2019-07-28 09:34:35.554 25170 INFO rally.task.runner [-] Task 8def977a-7ff8-4799-bd01-7e71951a598e | ITER: 4 END: OK
2019-07-28 09:34:35.558 25170 INFO rally.task.runner [-] Task 8def977a-7ff8-4799-bd01-7e71951a598e | ITER: 21 START
2019-07-28 09:34:36.498 25198 INFO rally.task.runner [-] Task 8def977a-7ff8-4799-bd01-7e71951a598e | ITER: 13 END: OK
2019-07-28 09:34:36.503 25198 INFO rally.task.runner [-] Task 8def977a-7ff8-4799-bd01-7e71951a598e | ITER: 22 START
2019-07-28 09:34:36.615 25170 RALLYDEBUG rally_openstack.wrappers.network [-] CIDR generated: 1.1.6.64/30
2019-07-28 09:34:37.994 25198 RALLYDEBUG rally_openstack.wrappers.network [-] CIDR generated: 1.1.6.68/30
2019-07-28 09:34:38.447 25170 RALLYDEBUG rally_openstack.wrappers.network [-] CIDR generated: 1.1.6.72/30
2019-07-28 09:34:39.421 25198 RALLYDEBUG rally_openstack.wrappers.network [-] CIDR generated: 1.1.6.76/30
2019-07-28 09:34:46.725 25179 INFO rally.task.runner [-] Task 8def977a-7ff8-4799-bd01-7e71951a598e | ITER: 10 END: OK
2019-07-28 09:34:46.729 25179 INFO rally.task.runner [-] Task 8def977a-7ff8-4799-bd01-7e71951a598e | ITER: 23 START
