2019-07-28 08:05:04.107 4541 RALLYDEBUG rally.task.runner [-] Starting a worker. concurrency: 1 args: {"size": 1} times: 10 method_name: run timeout: 0 duration: None cls:
2019-07-28 08:05:04.110 4539 INFO rally.task.runner [-] Task 77b18d41-8e4b-4fba-9753-4f102bb15bb1 | ITER: 2 START
2019-07-28 08:05:04.112 4540 INFO rally.task.runner [-] Task 77b18d41-8e4b-4fba-9753-4f102bb15bb1 | ITER: 3 START
2019-07-28 08:05:04.116 4541 INFO rally.task.runner [-] Task 77b18d41-8e4b-4fba-9753-4f102bb15bb1 | ITER: 4 START
2019-07-28 08:05:08.024 4540 RALLYDEBUG rally.task.utils [-] Waiting for resource s_rally_7f08dc91_Ps98kqkB. Status changed: AVAILABLE => DELETING in 0.282727003098
2019-07-28 08:05:08.229 4538 RALLYDEBUG rally.task.utils [-] Waiting for resource s_rally_7f08dc91_Y1XXeIxM. Status changed: AVAILABLE => DELETING in 0.331191062927
2019-07-28 08:05:08.348 4541 RALLYDEBUG rally.task.utils [-] Waiting for resource s_rally_7f08dc91_gMy7dyZH. Status changed: AVAILABLE => DELETING in 0.246840000153
2019-07-28 08:05:08.476 4539 RALLYDEBUG rally.task.utils [-] Waiting for resource s_rally_7f08dc91_GBT5cKRR. Status changed: AVAILABLE => DELETING in 0.257959842682
2019-07-28 08:05:10.062 4540 INFO rally.task.runner [-] Task 77b18d41-8e4b-4fba-9753-4f102bb15bb1 | ITER: 3 END: OK
2019-07-28 08:05:10.067 4540 INFO rally.task.runner [-] Task 77b18d41-8e4b-4fba-9753-4f102bb15bb1 | ITER: 5 START
2019-07-28 08:05:10.267 4538 INFO rally.task.runner [-] Task 77b18d41-8e4b-4fba-9753-4f102bb15bb1 | ITER: 1 END: OK
2019-07-28 08:05:10.271 4538 INFO rally.task.runner [-] Task 77b18d41-8e4b-4fba-9753-4f102bb15bb1 | ITER: 6 START
2019-07-28 08:05:10.518 4539 INFO rally.task.runner [-] Task 77b18d41-8e4b-4fba-9753-4f102bb15bb1 | ITER: 2 END: OK
2019-07-28 08:05:10.523 4539 INFO rally.task.runner [-] Task 77b18d41-8e4b-4fba-9753-4f102bb15bb1 | ITER: 7 START
2019-07-28 08:05:10.569 4541 INFO rally.task.runner [-] Task 77b18d41-8e4b-4fba-9753-4f102bb15bb1 | ITER: 4 END: OK
2019-07-28 08:05:10.575 4541 INFO rally.task.runner [-] Task 77b18d41-8e4b-4fba-9753-4f102bb15bb1 | ITER: 8 START
2019-07-28 08:05:13.801 4540 RALLYDEBUG rally.task.utils [-] Waiting for resource s_rally_7f08dc91_GVe5fjSh. Status changed: AVAILABLE => DELETING in 0.0531830787659
2019-07-28 08:05:14.314 4539 RALLYDEBUG rally.task.utils [-] Waiting for resource s_rally_7f08dc91_omYNyLyO. Status changed: AVAILABLE => DELETING in 0.0599999427795
2019-07-28 08:05:14.359 4541 RALLYDEBUG rally.task.utils [-] Waiting for resource s_rally_7f08dc91_wqXO9DyP. Status changed: AVAILABLE => DELETING in 0.0567507743835
2019-07-28 08:05:14.409 4538 RALLYDEBUG rally.task.utils [-] Waiting for resource s_rally_7f08dc91_CrMuTHQS. Status changed: AVAILABLE => DELETING in 0.256659984589
2019-07-28 08:05:15.844 4540 INFO rally.task.runner [-] Task 77b18d41-8e4b-4fba-9753-4f102bb15bb1 | ITER: 5 END: OK
2019-07-28 08:05:15.849 4540 INFO rally.task.runner [-] Task 77b18d41-8e4b-4fba-9753-4f102bb15bb1 | ITER: 9 START
2019-07-28 08:05:16.403 4541 INFO rally.task.runner [-] Task 77b18d41-8e4b-4fba-9753-4f102bb15bb1 | ITER: 8 END: OK
2019-07-28 08:05:16.406 4541 INFO rally.task.runner [-] Task 77b18d41-8e4b-4fba-9753-4f102bb15bb1 | ITER: 10 START
2019-07-28 08:05:16.550 4539 INFO rally.task.runner [-] Task 77b18d41-8e4b-4fba-9753-4f102bb15bb1 | ITER: 7 END: OK
2019-07-28 08:05:16.656 4538 INFO rally.task.runner [-] Task 77b18d41-8e4b-4fba-9753-4f102bb15bb1 | ITER: 6 END: OK
2019-07-28 08:05:19.995 4540 INFO rally.task.runner [-] Task 77b18d41-8e4b-4fba-9753-4f102bb15bb1 | ITER: 9 END: OK
2019-07-28 08:05:20.346 4541 INFO rally.task.runner [-] Task 77b18d41-8e4b-4fba-9753-4f102bb15bb1 | ITER: 10 END: OK
2019-07-28 08:05:20.374 1842 INFO rally.task.context [-] Task 77b18d41-8e4b-4fba-9753-4f102bb15bb1 | Context cleanup@openstack cleanup() started
2019-07-28 08:05:20.377 1842 RALLYDEBUG rally_openstack.cleanup.manager [-] Cleaning up cinder backups objects
2019-07-28 08:05:22.330 1842 RALLYDEBUG rally_openstack.cleanup.manager [-] Cleaning up cinder volume_snapshots objects
2019-07-28 08:05:24.290 1842 RALLYDEBUG rally_openstack.cleanup.manager [-] Cleaning up cinder transfers objects
2019-07-28 08:05:26.210 1842 RALLYDEBUG rally_openstack.cleanup.manager [-] Cleaning up cinder volumes objects
2019-07-28 08:05:28.129 1842 INFO rally.task.context [-] Task 77b18d41-8e4b-4fba-9753-4f102bb15bb1 | Context cleanup@openstack cleanup() finished in 7.75 sec
2019-07-28 08:05:28.129 1842 INFO rally.task.context [-] Task 77b18d41-8e4b-4fba-9753-4f102bb15bb1 | Context quotas@openstack cleanup() started
2019-07-28 08:05:28.741 1842 INFO rally.task.context [-] Task 77b18d41-8e4b-4fba-9753-4f102bb15bb1 | Context quotas@openstack cleanup() finished in 0.61 sec
2019-07-28 08:05:28.742 1842 INFO rally.task.context [-] Task 77b18d41-8e4b-4fba-9753-4f102bb15bb1 | Context api_versions@openstack cleanup() started
2019-07-28 08:05:28.742 1842 INFO rally.task.context [-] Task 77b18d41-8e4b-4fba-9753-4f102bb15bb1 | Context api_versions@openstack cleanup() finished in 0.34 msec
2019-07-28 08:05:28.742 1842 INFO rally.task.context [-] Task 77b18d41-8e4b-4fba-9753-4f102bb15bb1 | Context users@openstack cleanup() started
2019-07-28 08:05:35.508 1842 INFO rally.task.context [-] Task 77b18d41-8e4b-4fba-9753-4f102bb15bb1 | Context users@openstack cleanup() finished in 6.77 sec
2019-07-28 08:05:35.787 1842 INFO rally.task.engine [-] Load duration is: 16.233703
2019-07-28 08:05:35.787 1842 INFO rally.task.engine [-] Full runner duration is: 16.291016
2019-07-28 08:05:35.788 1842 INFO rally.task.engine [-] Full duration is: 37.875755
2019-07-28 08:05:36.085 1842 INFO rally.task.engine [-] Running workload: position = 0 config = { "version": 2, "title": "A cropped version of a bigger task.", "description": "Auto-generated task from a single workload (uuid=82ae3946-6a8d-4db6-9df6-5f83f02a8f04)", "subtasks": [ { "title": "CinderVolumes.create_and_extend_volume", "description": "Create and extend a volume and then delete it.", "scenario": { "CinderVolumes.create_and_extend_volume": { "new_size": 2, "size": 1 } }, "contexts": { "users": { "tenants": 3, "users_per_tenant": 2 }, "quotas": { "cinder": { "gigabytes": -1, "snapshots": -1, "volumes": -1 } }, "api_versions": { "cinder": { "version": 3, "service_type": "volumev3" } } }, "runner": { "constant": { "concurrency": 4, "times": 10 } }, "hooks": [], "sla": { "failure_rate": { "max": 0 } } } ] }
2019-07-28 08:05:36.109 1842 RALLYDEBUG rally_openstack.contexts.keystone.users [-] Creating 3 tenants using 20 threads
2019-07-28 08:05:37.886 1842 RALLYDEBUG rally_openstack.contexts.keystone.users [-] Creating 6 users using 20 threads
2019-07-28 08:05:40.635 1842 INFO rally.task.context [-] Task 77b18d41-8e4b-4fba-9753-4f102bb15bb1 | Context users@openstack setup() finished in 4.53 sec
2019-07-28 08:05:41.048 1842 INFO rally.task.context [-] Task 77b18d41-8e4b-4fba-9753-4f102bb15bb1 | Context api_versions@openstack setup() finished in 0.41 sec
2019-07-28 08:05:42.712 1842 INFO rally.task.context [-] Task 77b18d41-8e4b-4fba-9753-4f102bb15bb1 | Context quotas@openstack setup() finished in 1.66 sec
2019-07-28 08:05:42.713 1842 INFO rally.task.context [-] Task 77b18d41-8e4b-4fba-9753-4f102bb15bb1 | Context cleanup@openstack setup() finished in 0.01 msec
2019-07-28 08:05:42.720 1842 RALLYDEBUG rally.task.runner [-] Starting the constant runner (task UUID: 77b18d41-8e4b-4fba-9753-4f102bb15bb1). timeout: 0 concurrency: 4 concurrency_per_worker: 1 times: 10 concurrency_overhead: 0 processes_to_start: 4 max_cpu_used: 16
2019-07-28 08:05:42.735 4722 RALLYDEBUG rally.task.runner [-] Starting a worker. concurrency: 1 args: {"new_size": 2, "size": 1} times: 10 method_name: run timeout: 0 duration: None cls:
2019-07-28 08:05:42.738 4723 RALLYDEBUG rally.task.runner [-] Starting a worker. concurrency: 1 args: {"new_size": 2, "size": 1} times: 10 method_name: run timeout: 0 duration: None cls:
2019-07-28 08:05:42.742 4724 RALLYDEBUG rally.task.runner [-] Starting a worker. concurrency: 1 args: {"new_size": 2, "size": 1} times: 10 method_name: run timeout: 0 duration: None cls:
2019-07-28 08:05:42.743 4722 INFO rally.task.runner [-] Task 77b18d41-8e4b-4fba-9753-4f102bb15bb1 | ITER: 1 START
2019-07-28 08:05:42.745 4723 INFO rally.task.runner [-] Task 77b18d41-8e4b-4fba-9753-4f102bb15bb1 | ITER: 2 START
2019-07-28 08:05:42.747 4725 RALLYDEBUG rally.task.runner [-] Starting a worker. concurrency: 1 args: {"new_size": 2, "size": 1} times: 10 method_name: run timeout: 0 duration: None cls:
2019-07-28 08:05:42.750 4724 INFO rally.task.runner [-] Task 77b18d41-8e4b-4fba-9753-4f102bb15bb1 | ITER: 3 START
2019-07-28 08:05:42.757 4725 INFO rally.task.runner [-] Task 77b18d41-8e4b-4fba-9753-4f102bb15bb1 | ITER: 4 START
2019-07-28 08:05:47.329 4725 RALLYDEBUG rally.task.utils [-] Waiting for resource s_rally_82ae3946_orMd7O7C. Status changed: AVAILABLE => DELETING in 0.266601800919
2019-07-28 08:05:47.346 4723 RALLYDEBUG rally.task.utils [-] Waiting for resource s_rally_82ae3946_ck89rHNa. Status changed: AVAILABLE => DELETING in 0.0527520179749
2019-07-28 08:05:47.445 4724 RALLYDEBUG rally.task.utils [-] Waiting for resource s_rally_82ae3946_6pUvpwjr. Status changed: AVAILABLE => DELETING in 0.261813879013
2019-07-28 08:05:47.650 4722 RALLYDEBUG rally.task.utils [-] Waiting for resource s_rally_82ae3946_1hoYHVAK. Status changed: AVAILABLE => DELETING in 0.0519299507141
2019-07-28 08:05:49.557 4725 INFO rally.task.runner [-] Task 77b18d41-8e4b-4fba-9753-4f102bb15bb1 | ITER: 4 END: OK
2019-07-28 08:05:49.563 4725 INFO rally.task.runner [-] Task 77b18d41-8e4b-4fba-9753-4f102bb15bb1 | ITER: 5 START
2019-07-28 08:05:49.574 4723 INFO rally.task.runner [-] Task 77b18d41-8e4b-4fba-9753-4f102bb15bb1 | ITER: 2 END: OK
2019-07-28 08:05:49.579 4723 INFO rally.task.runner [-] Task 77b18d41-8e4b-4fba-9753-4f102bb15bb1 | ITER: 6 START
2019-07-28 08:05:49.671 4724 INFO rally.task.runner [-] Task 77b18d41-8e4b-4fba-9753-4f102bb15bb1 | ITER: 3 END: OK
2019-07-28 08:05:49.677 4724 INFO rally.task.runner [-] Task 77b18d41-8e4b-4fba-9753-4f102bb15bb1 | ITER: 7 START
2019-07-28 08:05:49.692 4722 INFO rally.task.runner [-] Task 77b18d41-8e4b-4fba-9753-4f102bb15bb1 | ITER: 1 END: OK
2019-07-28 08:05:49.697 4722 INFO rally.task.runner [-] Task 77b18d41-8e4b-4fba-9753-4f102bb15bb1 | ITER: 8 START
2019-07-28 08:05:53.191 4725 RALLYDEBUG rally.task.utils [-] Waiting for resource s_rally_82ae3946_vaqklUGm. Status changed: AVAILABLE => EXTENDING in 0.073784828186
2019-07-28 08:05:53.750 4723 RALLYDEBUG rally.task.utils [-] Waiting for resource s_rally_82ae3946_ZgaTG8hF. Status changed: AVAILABLE => DELETING in 0.0522480010986
2019-07-28 08:05:54.129 4724 RALLYDEBUG rally.task.utils [-] Waiting for resource s_rally_82ae3946_Si9A7ce0. Status changed: AVAILABLE => EXTENDING in 0.244929075241
2019-07-28 08:05:54.261 4722 RALLYDEBUG rally.task.utils [-] Waiting for resource s_rally_82ae3946_FHQlJYD6. Status changed: AVAILABLE => DELETING in 0.245539903641
2019-07-28 08:05:55.447 4725 RALLYDEBUG rally.task.utils [-] Waiting for resource s_rally_82ae3946_vaqklUGm. Status changed: EXTENDING => AVAILABLE in 2.25580716133
2019-07-28 08:05:55.790 4723 INFO rally.task.runner [-] Task 77b18d41-8e4b-4fba-9753-4f102bb15bb1 | ITER: 6 END: OK
2019-07-28 08:05:55.795 4723 INFO rally.task.runner [-] Task 77b18d41-8e4b-4fba-9753-4f102bb15bb1 | ITER: 9 START
2019-07-28 08:05:55.924 4725 INFO rally.task.runner [-] Task 77b18d41-8e4b-4fba-9753-4f102bb15bb1 | ITER: 5 END: OK
2019-07-28 08:05:55.928 4725 INFO rally.task.runner [-] Task 77b18d41-8e4b-4fba-9753-4f102bb15bb1 | ITER: 10 START
2019-07-28 08:05:56.366 4724 RALLYDEBUG rally.task.utils [-] Waiting for resource s_rally_82ae3946_Si9A7ce0. Status changed: EXTENDING => AVAILABLE in 2.2375729084
2019-07-28 08:05:56.509 4722 INFO rally.task.runner [-] Task 77b18d41-8e4b-4fba-9753-4f102bb15bb1 | ITER: 8 END: OK
2019-07-28 08:05:56.892 4724 RALLYDEBUG rally.task.utils [-] Waiting for resource s_rally_82ae3946_Si9A7ce0. Status changed: AVAILABLE => DELETING in 0.261641025543
2019-07-28 08:05:58.928 4724 INFO rally.task.runner [-] Task 77b18d41-8e4b-4fba-9753-4f102bb15bb1 | ITER: 7 END: OK
2019-07-28 08:06:00.125 4725 INFO rally.task.runner [-] Task 77b18d41-8e4b-4fba-9753-4f102bb15bb1 | ITER: 10 END: OK
2019-07-28 08:06:00.161 4723 RALLYDEBUG rally.task.utils [-] Waiting for resource s_rally_82ae3946_78woRmH8. Status changed: AVAILABLE => DELETING in 0.245923995972
2019-07-28 08:06:02.206 4723 INFO rally.task.runner [-] Task 77b18d41-8e4b-4fba-9753-4f102bb15bb1 | ITER: 9 END: OK
2019-07-28 08:06:02.233 1842 INFO rally.task.context [-] Task 77b18d41-8e4b-4fba-9753-4f102bb15bb1 | Context cleanup@openstack cleanup() started
2019-07-28 08:06:02.236 1842 RALLYDEBUG rally_openstack.cleanup.manager [-] Cleaning up cinder backups objects
2019-07-28 08:06:04.143 1842 RALLYDEBUG rally_openstack.cleanup.manager [-] Cleaning up cinder volume_snapshots objects
2019-07-28 08:06:06.224 1842 RALLYDEBUG rally_openstack.cleanup.manager [-] Cleaning up cinder transfers objects
2019-07-28 08:06:08.269 1842 RALLYDEBUG rally_openstack.cleanup.manager [-] Cleaning up cinder volumes objects
2019-07-28 08:06:10.326 1842 INFO rally.task.context [-] Task 77b18d41-8e4b-4fba-9753-4f102bb15bb1 | Context cleanup@openstack cleanup() finished in 8.09 sec
2019-07-28 08:06:10.326 1842 INFO rally.task.context [-] Task 77b18d41-8e4b-4fba-9753-4f102bb15bb1 | Context quotas@openstack cleanup() started
2019-07-28 08:06:10.952 1842 INFO rally.task.context [-] Task 77b18d41-8e4b-4fba-9753-4f102bb15bb1 | Context quotas@openstack cleanup() finished in 0.63 sec
2019-07-28 08:06:10.953 1842 INFO rally.task.context [-] Task 77b18d41-8e4b-4fba-9753-4f102bb15bb1 | Context api_versions@openstack cleanup() started
2019-07-28 08:06:10.953 1842 INFO rally.task.context [-] Task 77b18d41-8e4b-4fba-9753-4f102bb15bb1 | Context api_versions@openstack cleanup() finished in 0.34 msec
2019-07-28 08:06:10.953 1842 INFO rally.task.context [-] Task 77b18d41-8e4b-4fba-9753-4f102bb15bb1 | Context users@openstack cleanup() started
2019-07-28 08:06:18.290 1842 INFO rally.task.context [-] Task 77b18d41-8e4b-4fba-9753-4f102bb15bb1 | Context users@openstack cleanup() finished in 7.34 sec
2019-07-28 08:06:20.295 1842 INFO rally.task.engine [-] Load duration is: 19.458912
2019-07-28 08:06:20.295 1842 INFO rally.task.engine [-] Full runner duration is: 19.513319
2019-07-28 08:06:20.295 1842 INFO rally.task.engine [-] Full duration is: 42.186563
2019-07-28 08:06:20.604 1842 INFO rally.task.engine [-] Running workload: position = 0 config = { "version": 2, "title": "A cropped version of a bigger task.", "description": "Auto-generated task from a single workload (uuid=7844c738-4d0a-4fac-9e7e-d450726256e7)", "subtasks": [ { "title": "CinderVolumes.create_from_volume_and_delete_volume", "description": "Create volume from volume and then delete it.", "scenario": { "CinderVolumes.create_from_volume_and_delete_volume": { "size": 1 } }, "contexts": { "users": { "tenants": 3, "users_per_tenant": 2 }, "quotas": { "cinder": { "gigabytes": -1, "snapshots": -1, "volumes": -1 } }, "api_versions": { "cinder": { "version": 3, "service_type": "volumev3" } }, "volumes": { "size": 1, "volumes_per_tenant": 1 } }, "runner": { "constant": { "concurrency": 4, "times": 10 } }, "hooks": [], "sla": { "failure_rate": { "max": 0 } } } ] }
2019-07-28 08:06:20.630 1842 RALLYDEBUG rally_openstack.contexts.keystone.users [-] Creating 3 tenants using 20 threads
2019-07-28 08:06:22.386 1842 RALLYDEBUG rally_openstack.contexts.keystone.users [-] Creating 6 users using 20 threads
2019-07-28 08:06:25.083 1842 INFO rally.task.context [-] Task 77b18d41-8e4b-4fba-9753-4f102bb15bb1 | Context users@openstack setup() finished in 4.45 sec
2019-07-28 08:06:25.499 1842 INFO rally.task.context [-] Task 77b18d41-8e4b-4fba-9753-4f102bb15bb1 | Context api_versions@openstack setup() finished in 0.42 sec
2019-07-28 08:06:27.021 1842 INFO rally.task.context [-] Task 77b18d41-8e4b-4fba-9753-4f102bb15bb1 | Context quotas@openstack setup() finished in 1.52 sec
2019-07-28 08:06:37.596 1842 INFO rally.task.context [-] Task 77b18d41-8e4b-4fba-9753-4f102bb15bb1 | Context volumes@openstack setup() finished in 10.57 sec
2019-07-28 08:06:37.596 1842 INFO rally.task.context [-] Task 77b18d41-8e4b-4fba-9753-4f102bb15bb1 | Context cleanup@openstack setup() finished in 0.01 msec
2019-07-28 08:06:37.604 1842 RALLYDEBUG rally.task.runner [-] Starting the constant runner (task UUID: 77b18d41-8e4b-4fba-9753-4f102bb15bb1). timeout: 0 concurrency: 4 concurrency_per_worker: 1 times: 10 concurrency_overhead: 0 processes_to_start: 4 max_cpu_used: 16
2019-07-28 08:06:37.617 4906 RALLYDEBUG rally.task.runner [-] Starting a worker. concurrency: 1 args: {"size": 1} times: 10 method_name: run timeout: 0 duration: None cls:
2019-07-28 08:06:37.620 4907 RALLYDEBUG rally.task.runner [-] Starting a worker. concurrency: 1 args: {"size": 1} times: 10 method_name: run timeout: 0 duration: None cls:
2019-07-28 08:06:37.624 4908 RALLYDEBUG rally.task.runner [-] Starting a worker. concurrency: 1 args: {"size": 1} times: 10 method_name: run timeout: 0 duration: None cls:
2019-07-28 08:06:37.627 4909 RALLYDEBUG rally.task.runner [-] Starting a worker. concurrency: 1 args: {"size": 1} times: 10 method_name: run timeout: 0 duration: None cls:
2019-07-28 08:06:37.629 4906 INFO rally.task.runner [-] Task 77b18d41-8e4b-4fba-9753-4f102bb15bb1 | ITER: 1 START
2019-07-28 08:06:37.630 4907 INFO rally.task.runner [-] Task 77b18d41-8e4b-4fba-9753-4f102bb15bb1 | ITER: 2 START
2019-07-28 08:06:37.635 4908 INFO rally.task.runner [-] Task 77b18d41-8e4b-4fba-9753-4f102bb15bb1 | ITER: 3 START
2019-07-28 08:06:37.638 4909 INFO rally.task.runner [-] Task 77b18d41-8e4b-4fba-9753-4f102bb15bb1 | ITER: 4 START
2019-07-28 08:06:41.488 4907 RALLYDEBUG rally.task.utils [-] Waiting for resource s_rally_7844c738_0wLeoQjk. Status changed: AVAILABLE => DELETING in 0.227447032928
2019-07-28 08:06:42.525 4906 RALLYDEBUG rally.task.utils [-] Waiting for resource s_rally_7844c738_vBHF0Qvp. Status changed: AVAILABLE => DELETING in 0.24649310112
2019-07-28 08:06:43.509 4909 RALLYDEBUG rally.task.utils [-] Waiting for resource s_rally_7844c738_nVEDqT8R. Status changed: CREATING => AVAILABLE in 2.8716199398
2019-07-28 08:06:43.648 4908 RALLYDEBUG rally.task.utils [-] Waiting for resource s_rally_7844c738_6wu1SHJU. Status changed: CREATING => AVAILABLE in 2.87283301353
2019-07-28 08:06:43.777 4908 RALLYDEBUG rally.task.utils [-] Waiting for resource s_rally_7844c738_6wu1SHJU. Status changed: AVAILABLE => DELETING in 0.0527019500732
2019-07-28 08:06:43.861 4909 RALLYDEBUG rally.task.utils [-] Waiting for resource s_rally_7844c738_nVEDqT8R. Status changed: AVAILABLE => DELETING in 0.0524458885193
2019-07-28 08:06:46.623 4906 INFO rally.task.runner [-] Task 77b18d41-8e4b-4fba-9753-4f102bb15bb1 | ITER: 1 END: OK
2019-07-28 08:06:46.628 4906 INFO rally.task.runner [-] Task 77b18d41-8e4b-4fba-9753-4f102bb15bb1 | ITER: 5 START
2019-07-28 08:06:47.859 4907 INFO rally.task.runner [-] Task 77b18d41-8e4b-4fba-9753-4f102bb15bb1 | ITER: 2 END: OK
2019-07-28 08:06:47.865 4907 INFO rally.task.runner [-] Task 77b18d41-8e4b-4fba-9753-4f102bb15bb1 | ITER: 6 START
2019-07-28 08:06:48.080 4908 INFO rally.task.runner [-] Task 77b18d41-8e4b-4fba-9753-4f102bb15bb1 | ITER: 3 END: OK
2019-07-28 08:06:48.085 4908 INFO rally.task.runner [-] Task 77b18d41-8e4b-4fba-9753-4f102bb15bb1 | ITER: 7 START
2019-07-28 08:06:48.152 4909 INFO rally.task.runner [-] Task 77b18d41-8e4b-4fba-9753-4f102bb15bb1 | ITER: 4 END: OK
2019-07-28 08:06:48.158 4909 INFO rally.task.runner [-] Task 77b18d41-8e4b-4fba-9753-4f102bb15bb1 | ITER: 8 START
2019-07-28 08:06:50.967 4906 RALLYDEBUG rally.task.utils [-] Waiting for resource s_rally_7844c738_Q4r253Ga. Status changed: AVAILABLE => DELETING in 0.307039022446
2019-07-28 08:06:51.702 4907 RALLYDEBUG rally.task.utils [-] Waiting for resource s_rally_7844c738_GxH8irW1. Status changed: AVAILABLE => DELETING in 0.237653017044
2019-07-28 08:06:53.811 4908 RALLYDEBUG rally.task.utils [-] Waiting for resource s_rally_7844c738_FcDta8Ei. Status changed: CREATING => AVAILABLE in 2.63830113411
2019-07-28 08:06:53.861 4909 RALLYDEBUG rally.task.utils [-] Waiting for resource s_rally_7844c738_D31MkXrZ. Status changed: CREATING => AVAILABLE in 2.63651108742
2019-07-28 08:06:54.197 4909 RALLYDEBUG rally.task.utils [-] Waiting for resource s_rally_7844c738_D31MkXrZ. Status changed: AVAILABLE => DELETING in 0.0521719455719
2019-07-28 08:06:54.395 4908 RALLYDEBUG rally.task.utils [-] Waiting for resource s_rally_7844c738_FcDta8Ei. Status changed: AVAILABLE => DELETING in 0.310099124908
2019-07-28 08:06:55.248 4906 INFO rally.task.runner [-] Task 77b18d41-8e4b-4fba-9753-4f102bb15bb1 | ITER: 5 END: OK
2019-07-28 08:06:55.254 4906 INFO rally.task.runner [-] Task 77b18d41-8e4b-4fba-9753-4f102bb15bb1 | ITER: 9 START
2019-07-28 08:06:56.054 4907 INFO rally.task.runner [-] Task 77b18d41-8e4b-4fba-9753-4f102bb15bb1 | ITER: 6 END: OK
2019-07-28 08:06:56.059 4907 INFO rally.task.runner [-] Task 77b18d41-8e4b-4fba-9753-4f102bb15bb1 | ITER: 10 START
2019-07-28 08:06:56.416 4909 INFO rally.task.runner [-] Task 77b18d41-8e4b-4fba-9753-4f102bb15bb1 | ITER: 8 END: OK
2019-07-28 08:06:56.632 4908 INFO rally.task.runner [-] Task 77b18d41-8e4b-4fba-9753-4f102bb15bb1 | ITER: 7 END: OK
2019-07-28 08:06:59.274 4906 RALLYDEBUG rally.task.utils [-] Waiting for resource s_rally_7844c738_KhamzH7z. Status changed: AVAILABLE => DELETING in 0.329699993134
2019-07-28 08:07:00.188 4907 RALLYDEBUG rally.task.utils [-] Waiting for resource s_rally_7844c738_3QznJkaz. Status changed: AVAILABLE => DELETING in 0.338356018066
2019-07-28 08:07:01.502 4906 INFO rally.task.runner [-] Task 77b18d41-8e4b-4fba-9753-4f102bb15bb1 | ITER: 9 END: OK
2019-07-28 08:07:02.500 4907 INFO rally.task.runner [-] Task 77b18d41-8e4b-4fba-9753-4f102bb15bb1 | ITER: 10 END: OK
2019-07-28 08:07:02.526 1842 INFO rally.task.context [-] Task 77b18d41-8e4b-4fba-9753-4f102bb15bb1 | Context cleanup@openstack cleanup() started
2019-07-28 08:07:02.528 1842 RALLYDEBUG rally_openstack.cleanup.manager [-] Cleaning up cinder backups objects
2019-07-28 08:07:04.571 1842 RALLYDEBUG rally_openstack.cleanup.manager [-] Cleaning up cinder volume_snapshots objects
2019-07-28 08:07:06.493 1842 RALLYDEBUG rally_openstack.cleanup.manager [-] Cleaning up cinder transfers objects
2019-07-28 08:07:08.452 1842 RALLYDEBUG rally_openstack.cleanup.manager [-] Cleaning up cinder volumes objects
2019-07-28 08:07:10.513 1842 INFO rally.task.context [-] Task 77b18d41-8e4b-4fba-9753-4f102bb15bb1 | Context cleanup@openstack cleanup() finished in 7.99 sec
2019-07-28 08:07:10.514 1842 INFO rally.task.context [-] Task 77b18d41-8e4b-4fba-9753-4f102bb15bb1 | Context volumes@openstack cleanup() started
2019-07-28 08:07:10.514 1842 RALLYDEBUG rally_openstack.cleanup.manager [-] Cleaning up cinder volumes objects
2019-07-28 08:07:12.596 1842 RALLYDEBUG rally_openstack.cleanup.manager [-] Deleting cinder.volumes object c_rally_7844c738_tSJFv8RM (145a778a-394e-4820-95dc-06d491083936)
2019-07-28 08:07:12.601 1842 RALLYDEBUG rally_openstack.cleanup.manager [-] Deleting cinder.volumes object c_rally_7844c738_xm3eJP9l (472968f6-4aa2-429f-8b36-9a21e2ec463d)
2019-07-28 08:07:12.604 1842 RALLYDEBUG rally_openstack.cleanup.manager [-] Deleting cinder.volumes object c_rally_7844c738_HNDKyYOC (4fd38f53-2f7e-4fce-9d17-5b4b1648c7cd)
2019-07-28 08:07:16.006 1842 INFO rally.task.context [-] Task 77b18d41-8e4b-4fba-9753-4f102bb15bb1 | Context volumes@openstack cleanup() finished in 5.49 sec
2019-07-28 08:07:16.006 1842 INFO rally.task.context [-] Task 77b18d41-8e4b-4fba-9753-4f102bb15bb1 | Context quotas@openstack cleanup() started
2019-07-28 08:07:16.496 1842 INFO rally.task.context [-] Task 77b18d41-8e4b-4fba-9753-4f102bb15bb1 | Context quotas@openstack cleanup() finished in 0.49 sec
2019-07-28 08:07:16.496 1842 INFO rally.task.context [-] Task 77b18d41-8e4b-4fba-9753-4f102bb15bb1 | Context api_versions@openstack cleanup() started
2019-07-28 08:07:16.497 1842 INFO rally.task.context [-] Task 77b18d41-8e4b-4fba-9753-4f102bb15bb1 | Context api_versions@openstack cleanup() finished in 0.29 msec
2019-07-28 08:07:16.497 1842 INFO rally.task.context [-] Task 77b18d41-8e4b-4fba-9753-4f102bb15bb1 | Context users@openstack cleanup() started
2019-07-28 08:07:23.289 1842 INFO rally.task.context [-] Task 77b18d41-8e4b-4fba-9753-4f102bb15bb1 | Context users@openstack cleanup() finished in 6.79 sec
2019-07-28 08:07:24.879 1842 INFO rally.task.engine [-] Load duration is: 24.867207
2019-07-28 08:07:24.879 1842 INFO rally.task.engine [-] Full runner duration is: 24.922764
2019-07-28 08:07:24.880 1842 INFO rally.task.engine [-] Full duration is: 62.665229
2019-07-28 08:07:25.163 1842 INFO rally.task.engine [-] Running workload: position = 0 config = { "version": 2, "title": "A cropped version of a bigger task.", "description": "Auto-generated task from a single workload (uuid=a8c55e13-06ef-4160-9eba-698fa8ef16b1)", "subtasks": [ { "title": "CinderQos.create_and_get_qos", "description": "Create a qos, then get details of the qos.", "scenario": { "CinderQos.create_and_get_qos": { "consumer": "both", "write_iops_sec": "10", "read_iops_sec": "1000" } }, "contexts": { "users": { "tenants": 3, "users_per_tenant": 2 }, "api_versions": { "cinder": { "version": 3, "service_type": "volumev3" } } }, "runner": { "constant": { "concurrency": 4, "times": 10 } }, "hooks": [], "sla": { "failure_rate": { "max": 0 } } } ] }
2019-07-28 08:07:25.184 1842 RALLYDEBUG rally_openstack.contexts.keystone.users [-] Creating 3 tenants using 20 threads
2019-07-28 08:07:26.970 1842 RALLYDEBUG rally_openstack.contexts.keystone.users [-] Creating 6 users using 20 threads
2019-07-28 08:07:29.746 1842 INFO rally.task.context [-] Task 77b18d41-8e4b-4fba-9753-4f102bb15bb1 | Context users@openstack setup() finished in 4.56 sec
2019-07-28 08:07:30.162 1842 INFO rally.task.context [-] Task 77b18d41-8e4b-4fba-9753-4f102bb15bb1 | Context api_versions@openstack setup() finished in 0.42 sec
2019-07-28 08:07:30.163 1842 INFO rally.task.context [-] Task 77b18d41-8e4b-4fba-9753-4f102bb15bb1 | Context admin_cleanup@openstack setup() finished in 0.01 msec
2019-07-28 08:07:30.170 1842 RALLYDEBUG rally.task.runner [-] Starting the constant runner (task UUID: 77b18d41-8e4b-4fba-9753-4f102bb15bb1). timeout: 0 concurrency: 4 concurrency_per_worker: 1 times: 10 concurrency_overhead: 0 processes_to_start: 4 max_cpu_used: 16
2019-07-28 08:07:30.183 5110 RALLYDEBUG rally.task.runner [-] Starting a worker. concurrency: 1 args: {"consumer": "both", "write_iops_sec": "10", "read_iops_sec": "1000"} times: 10 method_name: run timeout: 0 duration: None cls:
2019-07-28 08:07:30.186 5111 RALLYDEBUG rally.task.runner [-] Starting a worker. concurrency: 1 args: {"consumer": "both", "write_iops_sec": "10", "read_iops_sec": "1000"} times: 10 method_name: run timeout: 0 duration: None cls:
2019-07-28 08:07:30.190 5110 INFO rally.task.runner [-] Task 77b18d41-8e4b-4fba-9753-4f102bb15bb1 | ITER: 1 START
2019-07-28 08:07:30.191 5112 RALLYDEBUG rally.task.runner [-] Starting a worker. concurrency: 1 args: {"consumer": "both", "write_iops_sec": "10", "read_iops_sec": "1000"} times: 10 method_name: run timeout: 0 duration: None cls:
2019-07-28 08:07:30.193 5111 INFO rally.task.runner [-] Task 77b18d41-8e4b-4fba-9753-4f102bb15bb1 | ITER: 2 START
2019-07-28 08:07:30.193 5113 RALLYDEBUG rally.task.runner [-] Starting a worker. concurrency: 1 args: {"consumer": "both", "write_iops_sec": "10", "read_iops_sec": "1000"} times: 10 method_name: run timeout: 0 duration: None cls:
2019-07-28 08:07:30.198 5112 INFO rally.task.runner [-] Task 77b18d41-8e4b-4fba-9753-4f102bb15bb1 | ITER: 3 START
2019-07-28 08:07:30.199 5113 INFO rally.task.runner [-] Task 77b18d41-8e4b-4fba-9753-4f102bb15bb1 | ITER: 4 START
2019-07-28 08:07:31.228 5110 INFO rally.task.runner [-] Task 77b18d41-8e4b-4fba-9753-4f102bb15bb1 | ITER: 1 END: OK
2019-07-28 08:07:31.233 5110 INFO rally.task.runner [-] Task 77b18d41-8e4b-4fba-9753-4f102bb15bb1 | ITER: 5 START
2019-07-28 08:07:31.247 5112 INFO rally.task.runner [-] Task 77b18d41-8e4b-4fba-9753-4f102bb15bb1 | ITER: 3 END: OK
2019-07-28 08:07:31.249 5113 INFO rally.task.runner [-] Task 77b18d41-8e4b-4fba-9753-4f102bb15bb1 | ITER: 4 END: OK
2019-07-28 08:07:31.252 5112 INFO rally.task.runner [-] Task 77b18d41-8e4b-4fba-9753-4f102bb15bb1 | ITER: 6 START
2019-07-28 08:07:31.253 5113 INFO rally.task.runner [-] Task 77b18d41-8e4b-4fba-9753-4f102bb15bb1 | ITER: 7 START
2019-07-28 08:07:31.337 5111 INFO rally.task.runner [-] Task 77b18d41-8e4b-4fba-9753-4f102bb15bb1 | ITER: 2 END: OK
2019-07-28 08:07:31.342 5111 INFO rally.task.runner [-] Task 77b18d41-8e4b-4fba-9753-4f102bb15bb1 | ITER: 8 START
2019-07-28 08:07:32.211 5112 INFO rally.task.runner [-] Task 77b18d41-8e4b-4fba-9753-4f102bb15bb1 | ITER: 6 END: OK
2019-07-28 08:07:32.216 5112 INFO rally.task.runner [-] Task 77b18d41-8e4b-4fba-9753-4f102bb15bb1 | ITER: 9 START
2019-07-28 08:07:32.272 5110 INFO rally.task.runner [-] Task 77b18d41-8e4b-4fba-9753-4f102bb15bb1 | ITER: 5 END: OK
2019-07-28 08:07:32.275 5113 INFO rally.task.runner [-] Task 77b18d41-8e4b-4fba-9753-4f102bb15bb1 | ITER: 7 END: OK
2019-07-28 08:07:32.276 5110 INFO rally.task.runner [-] Task 77b18d41-8e4b-4fba-9753-4f102bb15bb1 | ITER: 10 START
2019-07-28 08:07:32.278 5111 INFO rally.task.runner [-] Task 77b18d41-8e4b-4fba-9753-4f102bb15bb1 | ITER: 8 END: OK
2019-07-28 08:07:33.079 5112 INFO rally.task.runner [-] Task 77b18d41-8e4b-4fba-9753-4f102bb15bb1 | ITER: 9 END: OK
2019-07-28 08:07:33.112 5110 INFO rally.task.runner [-] Task 77b18d41-8e4b-4fba-9753-4f102bb15bb1 | ITER: 10 END: OK
2019-07-28 08:07:33.132 1842 INFO rally.task.context [-] Task 77b18d41-8e4b-4fba-9753-4f102bb15bb1 | Context admin_cleanup@openstack cleanup() started
2019-07-28 08:07:33.134 1842 RALLYDEBUG rally_openstack.cleanup.manager [-] Cleaning up cinder volume_types objects
2019-07-28 08:07:33.752 1842 RALLYDEBUG rally_openstack.cleanup.manager [-] Cleaning up cinder image_volumes_cache objects
2019-07-28 08:07:34.763 1842 RALLYDEBUG rally_openstack.cleanup.manager [-] Cleaning up cinder quotas objects
2019-07-28 08:07:36.339 1842 RALLYDEBUG rally_openstack.cleanup.manager [-] Cleaning up cinder qos_specs objects
2019-07-28 08:07:37.048 1842 RALLYDEBUG rally_openstack.cleanup.manager [-] Deleting cinder.qos_specs object s_rally_a8c55e13_oITulEst (c607b1da-c001-438c-8704-fb0b06f46cd3)
2019-07-28 08:07:37.058 1842 RALLYDEBUG rally_openstack.cleanup.manager [-] Deleting cinder.qos_specs object s_rally_a8c55e13_yE8uF1yU (aa1ae38c-e4c1-4fcf-90f8-a659df9649be)
2019-07-28 08:07:37.060 1842 RALLYDEBUG rally_openstack.cleanup.manager [-] Deleting cinder.qos_specs object s_rally_a8c55e13_C7X2UgCF (5f5c51ca-5d24-47b7-8e7e-f90962af2b65)
2019-07-28 08:07:37.071 1842 RALLYDEBUG rally_openstack.cleanup.manager [-] Deleting cinder.qos_specs object s_rally_a8c55e13_1hsRGnSX (0e462356-afc5-4da2-b348-524bbf2c59a0)
2019-07-28 08:07:37.083 1842 RALLYDEBUG rally_openstack.cleanup.manager [-] Deleting cinder.qos_specs object s_rally_a8c55e13_QbbpaBXN (9f9dfa9b-cfa5-4898-af55-cf6dd03ccb92)
2019-07-28 08:07:37.085 1842 RALLYDEBUG rally_openstack.cleanup.manager [-] Deleting cinder.qos_specs object s_rally_a8c55e13_3ph7hOYp (9e9af7f7-e73c-4765-b654-0abc98fe6146)
2019-07-28 08:07:37.096 1842 RALLYDEBUG rally_openstack.cleanup.manager [-] Deleting cinder.qos_specs object s_rally_a8c55e13_abbMxEdL (918080c5-c168-4c78-b72a-b0838f3a661f)
2019-07-28 08:07:37.107 1842 RALLYDEBUG rally_openstack.cleanup.manager [-] Deleting cinder.qos_specs object s_rally_a8c55e13_lvaXLOsU (c2ca388a-4bc5-4120-a3e8-2e803545a4b8)
2019-07-28 08:07:37.119 1842 RALLYDEBUG rally_openstack.cleanup.manager [-] Deleting cinder.qos_specs object s_rally_a8c55e13_zZGnSMxl (fb9fc8fd-ef18-4216-979a-c829dd2a8206)
2019-07-28 08:07:37.130 1842 RALLYDEBUG rally_openstack.cleanup.manager [-] Deleting cinder.qos_specs object s_rally_a8c55e13_thOmwwFx (9708e041-85d2-4339-947e-33e1b767443d)
2019-07-28 08:07:39.468 1842 INFO rally.task.context [-] Task 77b18d41-8e4b-4fba-9753-4f102bb15bb1 | Context admin_cleanup@openstack cleanup() finished in 6.34 sec
2019-07-28 08:07:39.468 1842 INFO rally.task.context [-] Task 77b18d41-8e4b-4fba-9753-4f102bb15bb1 | Context api_versions@openstack cleanup() started
2019-07-28 08:07:39.468 1842 INFO rally.task.context [-] Task 77b18d41-8e4b-4fba-9753-4f102bb15bb1 | Context api_versions@openstack cleanup() finished in 0.32 msec
2019-07-28 08:07:39.469 1842 INFO rally.task.context [-] Task 77b18d41-8e4b-4fba-9753-4f102bb15bb1 | Context users@openstack cleanup() started
2019-07-28 08:07:47.895 1842 INFO rally.task.context [-] Task 77b18d41-8e4b-4fba-9753-4f102bb15bb1 | Context users@openstack cleanup() finished in 8.43 sec
2019-07-28 08:07:49.294 1842 INFO rally.task.engine [-] Load duration is: 2.917833
2019-07-28 08:07:49.295 1842 INFO rally.task.engine [-] Full runner duration is: 2.962527
2019-07-28 08:07:49.295 1842 INFO rally.task.engine [-] Full duration is: 22.715618
2019-07-28 08:07:49.589 1842 INFO rally.task.engine [-] Running workload: position = 0 config = { "version": 2, "title": "A cropped version of a bigger task.", "description": "Auto-generated task from a single workload (uuid=440fd642-7bea-4f10-a004-25daa151ee43)", "subtasks": [ { "title": "CinderQos.create_and_list_qos", "description": "Create a qos, then list all qos.", "scenario": { "CinderQos.create_and_list_qos": { "consumer": "both", "write_iops_sec": "10", "read_iops_sec": "1000" } }, "contexts": { "users": { "tenants": 3, "users_per_tenant": 2 }, "api_versions": { "cinder": { "version": 3, "service_type": "volumev3" } } }, "runner": { "constant": { "concurrency": 4, "times": 10 } }, "hooks": [], "sla": { "failure_rate": { "max": 0 } } } ] }
2019-07-28 08:07:49.613 1842 RALLYDEBUG rally_openstack.contexts.keystone.users [-] Creating 3 tenants using 20 threads
2019-07-28 08:07:51.508 1842 RALLYDEBUG rally_openstack.contexts.keystone.users [-] Creating 6 users using 20 threads
2019-07-28 08:07:54.210 1842 INFO rally.task.context [-] Task 77b18d41-8e4b-4fba-9753-4f102bb15bb1 | Context users@openstack setup() finished in 4.60 sec
2019-07-28 08:07:54.624 1842 INFO rally.task.context [-] Task 77b18d41-8e4b-4fba-9753-4f102bb15bb1 | Context api_versions@openstack setup() finished in 0.41 sec
2019-07-28 08:07:54.624 1842 INFO rally.task.context [-] Task 77b18d41-8e4b-4fba-9753-4f102bb15bb1 | Context admin_cleanup@openstack setup() finished in 0.01 msec
2019-07-28 08:07:54.631 1842 RALLYDEBUG rally.task.runner [-] Starting the constant runner (task UUID: 77b18d41-8e4b-4fba-9753-4f102bb15bb1). timeout: 0 concurrency: 4 concurrency_per_worker: 1 times: 10 concurrency_overhead: 0 processes_to_start: 4 max_cpu_used: 16
2019-07-28 08:07:54.645 5294 RALLYDEBUG rally.task.runner [-] Starting a worker. concurrency: 1 args: {"consumer": "both", "write_iops_sec": "10", "read_iops_sec": "1000"} times: 10 method_name: run timeout: 0 duration: None cls:
2019-07-28 08:07:54.648 5295 RALLYDEBUG rally.task.runner [-] Starting a worker. concurrency: 1 args: {"consumer": "both", "write_iops_sec": "10", "read_iops_sec": "1000"} times: 10 method_name: run timeout: 0 duration: None cls:
2019-07-28 08:07:54.651 5296 RALLYDEBUG rally.task.runner [-] Starting a worker. concurrency: 1 args: {"consumer": "both", "write_iops_sec": "10", "read_iops_sec": "1000"} times: 10 method_name: run timeout: 0 duration: None cls:
2019-07-28 08:07:54.653 5294 INFO rally.task.runner [-] Task 77b18d41-8e4b-4fba-9753-4f102bb15bb1 | ITER: 1 START
2019-07-28 08:07:54.654 5297 RALLYDEBUG rally.task.runner [-] Starting a worker. concurrency: 1 args: {"consumer": "both", "write_iops_sec": "10", "read_iops_sec": "1000"} times: 10 method_name: run timeout: 0 duration: None cls:
2019-07-28 08:07:54.656 5295 INFO rally.task.runner [-] Task 77b18d41-8e4b-4fba-9753-4f102bb15bb1 | ITER: 2 START
2019-07-28 08:07:54.658 5296 INFO rally.task.runner [-] Task 77b18d41-8e4b-4fba-9753-4f102bb15bb1 | ITER: 3 START
2019-07-28 08:07:54.662 5297 INFO rally.task.runner [-] Task 77b18d41-8e4b-4fba-9753-4f102bb15bb1 | ITER: 4 START
2019-07-28 08:07:55.744 5296 INFO rally.task.runner [-] Task 77b18d41-8e4b-4fba-9753-4f102bb15bb1 | ITER: 3 END: OK
2019-07-28 08:07:55.750 5296 INFO rally.task.runner [-] Task 77b18d41-8e4b-4fba-9753-4f102bb15bb1 | ITER: 5 START
2019-07-28 08:07:55.781 5295 INFO rally.task.runner [-] Task 77b18d41-8e4b-4fba-9753-4f102bb15bb1 | ITER: 2 END: OK
2019-07-28 08:07:55.786 5295 INFO rally.task.runner [-] Task 77b18d41-8e4b-4fba-9753-4f102bb15bb1 | ITER: 6 START
2019-07-28 08:07:55.797 5297 INFO rally.task.runner [-] Task 77b18d41-8e4b-4fba-9753-4f102bb15bb1 | ITER: 4 END: OK
2019-07-28 08:07:55.801 5297 INFO rally.task.runner [-] Task 77b18d41-8e4b-4fba-9753-4f102bb15bb1 | ITER: 7 START
2019-07-28 08:07:55.917 5294 INFO rally.task.runner [-] Task 77b18d41-8e4b-4fba-9753-4f102bb15bb1 | ITER: 1 END: OK
2019-07-28 08:07:55.922 5294 INFO rally.task.runner [-] Task 77b18d41-8e4b-4fba-9753-4f102bb15bb1 | ITER: 8 START
2019-07-28 08:07:56.622 5296 INFO rally.task.runner [-] Task 77b18d41-8e4b-4fba-9753-4f102bb15bb1 | ITER: 5 END: OK
2019-07-28 08:07:56.627 5296 INFO rally.task.runner [-] Task 77b18d41-8e4b-4fba-9753-4f102bb15bb1 | ITER: 9 START
2019-07-28 08:07:56.790 5295 INFO rally.task.runner [-] Task 77b18d41-8e4b-4fba-9753-4f102bb15bb1 | ITER: 6 END: OK
2019-07-28 08:07:56.796 5295 INFO rally.task.runner [-] Task 77b18d41-8e4b-4fba-9753-4f102bb15bb1 | ITER: 10 START
2019-07-28 08:07:56.843 5297 INFO rally.task.runner [-] Task 77b18d41-8e4b-4fba-9753-4f102bb15bb1 | ITER: 7 END: OK
2019-07-28 08:07:56.918 5294 INFO rally.task.runner [-] Task 77b18d41-8e4b-4fba-9753-4f102bb15bb1 | ITER: 8 END: OK
2019-07-28 08:07:57.507 5296 INFO rally.task.runner [-] Task 77b18d41-8e4b-4fba-9753-4f102bb15bb1 | ITER: 9 END: OK
2019-07-28 08:07:57.658 5295 INFO rally.task.runner [-] Task 77b18d41-8e4b-4fba-9753-4f102bb15bb1 | ITER: 10 END: OK
2019-07-28 08:07:57.681 1842 INFO rally.task.context [-] Task 77b18d41-8e4b-4fba-9753-4f102bb15bb1 | Context admin_cleanup@openstack cleanup() started
2019-07-28 08:07:57.684 1842 RALLYDEBUG rally_openstack.cleanup.manager [-] Cleaning up cinder volume_types objects
2019-07-28 08:07:58.311 1842 RALLYDEBUG rally_openstack.cleanup.manager [-] Cleaning up cinder image_volumes_cache objects
2019-07-28 08:07:59.363 1842 RALLYDEBUG rally_openstack.cleanup.manager [-] Cleaning up cinder quotas objects
2019-07-28 08:08:01.090 1842 RALLYDEBUG rally_openstack.cleanup.manager [-] Cleaning up cinder qos_specs objects
2019-07-28 08:08:01.718 1842 RALLYDEBUG rally_openstack.cleanup.manager [-] Deleting cinder.qos_specs object s_rally_440fd642_7zkMZQpC (9b7af421-329d-4043-87ba-7e1856325894)
2019-07-28 08:08:01.721 1842 RALLYDEBUG rally_openstack.cleanup.manager [-] Deleting cinder.qos_specs object s_rally_440fd642_7ZCQ0HCR (23679d2f-f101-4bd7-83da-ba0fbb39063e)
2019-07-28 08:08:01.730 1842 RALLYDEBUG rally_openstack.cleanup.manager [-] Deleting cinder.qos_specs object s_rally_440fd642_rXZgtuNU (fe64c5e8-8025-4d88-8123-ca5e6ca3b7d3)
2019-07-28 08:08:01.738 1842 RALLYDEBUG rally_openstack.cleanup.manager [-] Deleting cinder.qos_specs object s_rally_440fd642_Hqkn2onY (fe3ccc55-eca4-4687-b074-567d30a5ec66)
2019-07-28 08:08:01.744 1842 RALLYDEBUG rally_openstack.cleanup.manager [-] Deleting cinder.qos_specs object s_rally_440fd642_P7ZzqQEQ (f7a0bdd4-6dbd-43a6-b27c-ad7455134e39)
2019-07-28 08:08:01.768 1842 RALLYDEBUG rally_openstack.cleanup.manager [-] Deleting cinder.qos_specs object s_rally_440fd642_Bjnc7YFp (50c4d5ec-b42e-401a-824b-e38dc69352f1)
2019-07-28 08:08:01.779 1842 RALLYDEBUG rally_openstack.cleanup.manager [-] Deleting cinder.qos_specs object s_rally_440fd642_hKfy93UY (c60388c3-4aae-4272-bb28-560c977cb6cc)
2019-07-28 08:08:01.780 1842 RALLYDEBUG rally_openstack.cleanup.manager [-] Deleting cinder.qos_specs object s_rally_440fd642_s8Tek1uU (92a1c341-7ccc-4cd9-a1d8-c75b9e15b22d)
2019-07-28 08:08:01.789 1842 RALLYDEBUG rally_openstack.cleanup.manager [-] Deleting cinder.qos_specs object s_rally_440fd642_uEuT1ACx (90b31d83-418a-4a5d-89b1-07bb6925f886)
2019-07-28 08:08:01.802 1842 RALLYDEBUG rally_openstack.cleanup.manager [-] Deleting cinder.qos_specs object s_rally_440fd642_P3j4T7Tw (3735dbed-e728-4525-9d04-cf8df8cd9113)
2019-07-28 08:08:04.096 1842 INFO rally.task.context [-] Task 77b18d41-8e4b-4fba-9753-4f102bb15bb1 | Context admin_cleanup@openstack cleanup() finished in 6.41 sec
2019-07-28 08:08:04.096 1842 INFO rally.task.context [-] Task 77b18d41-8e4b-4fba-9753-4f102bb15bb1 | Context api_versions@openstack cleanup() started
2019-07-28 08:08:04.097 1842 INFO rally.task.context [-] Task 77b18d41-8e4b-4fba-9753-4f102bb15bb1 | Context api_versions@openstack cleanup() finished in 0.32 msec
2019-07-28 08:08:04.097 1842 INFO rally.task.context [-] Task 77b18d41-8e4b-4fba-9753-4f102bb15bb1 | Context users@openstack cleanup() started
2019-07-28 08:08:11.079 1842 INFO rally.task.context [-] Task 77b18d41-8e4b-4fba-9753-4f102bb15bb1 | Context users@openstack cleanup() finished in 6.98 sec
2019-07-28 08:08:11.721 1842 INFO rally.task.engine [-] Load duration is: 3.001276
2019-07-28 08:08:11.722 1842 INFO rally.task.engine [-] Full runner duration is: 3.050412
2019-07-28 08:08:11.722 1842 INFO rally.task.engine [-] Full duration is: 21.468412
2019-07-28 08:08:12.080 1842 INFO rally.task.engine [-] Running workload: position = 0 config = { "version": 2, "title": "A cropped version of a bigger task.", "description": "Auto-generated task from a single workload (uuid=e2c13849-778f-4de5-b6e0-b2c54d735992)", "subtasks": [ { "title": "CinderQos.create_and_set_qos", "description": "Create a qos, then Add/Update keys in qos specs.", "scenario": { "CinderQos.create_and_set_qos": { "consumer": "back-end", "write_iops_sec": "10", "read_iops_sec": "1000", "set_consumer": "both", "set_write_iops_sec": "11", "set_read_iops_sec": "1001" } }, "contexts": { "users": { "tenants": 3, "users_per_tenant": 2 }, "api_versions": { "cinder": { "version": 3, "service_type": "volumev3" } } }, "runner": { "constant": { "concurrency": 4, "times": 10 } }, "hooks": [], "sla": { "failure_rate": { "max": 0 } } } ] }
2019-07-28 08:08:12.105 1842 RALLYDEBUG rally_openstack.contexts.keystone.users [-] Creating 3 tenants using 20 threads
2019-07-28 08:08:13.928 1842 RALLYDEBUG rally_openstack.contexts.keystone.users [-] Creating 6 users using 20 threads
2019-07-28 08:08:16.753 1842 INFO rally.task.context [-] Task 77b18d41-8e4b-4fba-9753-4f102bb15bb1 | Context users@openstack setup() finished in 4.65 sec
2019-07-28 08:08:17.186 1842 INFO rally.task.context [-] Task 77b18d41-8e4b-4fba-9753-4f102bb15bb1 | Context api_versions@openstack setup() finished in 0.43 sec
2019-07-28 08:08:17.186 1842 INFO rally.task.context [-] Task 77b18d41-8e4b-4fba-9753-4f102bb15bb1 | Context admin_cleanup@openstack setup() finished in 0.01 msec
2019-07-28 08:08:17.194 1842 RALLYDEBUG rally.task.runner [-] Starting the constant runner (task UUID: 77b18d41-8e4b-4fba-9753-4f102bb15bb1). timeout: 0 concurrency: 4 concurrency_per_worker: 1 times: 10 concurrency_overhead: 0 processes_to_start: 4 max_cpu_used: 16
2019-07-28 08:08:17.208 5478 RALLYDEBUG rally.task.runner [-] Starting a worker. concurrency: 1 args: {"consumer": "back-end", "write_iops_sec": "10", "read_iops_sec": "1000", "set_consumer": "both", "set_write_iops_sec": "11", "set_read_iops_sec": "1001"} times: 10 method_name: run timeout: 0 duration: None cls:
2019-07-28 08:08:17.211 5479 RALLYDEBUG rally.task.runner [-] Starting a worker. concurrency: 1 args: {"consumer": "back-end", "write_iops_sec": "10", "read_iops_sec": "1000", "set_consumer": "both", "set_write_iops_sec": "11", "set_read_iops_sec": "1001"} times: 10 method_name: run timeout: 0 duration: None cls:
2019-07-28 08:08:17.213 5480 RALLYDEBUG rally.task.runner [-] Starting a worker. concurrency: 1 args: {"consumer": "back-end", "write_iops_sec": "10", "read_iops_sec": "1000", "set_consumer": "both", "set_write_iops_sec": "11", "set_read_iops_sec": "1001"} times: 10 method_name: run timeout: 0 duration: None cls:
2019-07-28 08:08:17.216 5478 INFO rally.task.runner [-] Task 77b18d41-8e4b-4fba-9753-4f102bb15bb1 | ITER: 1 START
2019-07-28 08:08:17.217 5481 RALLYDEBUG rally.task.runner [-] Starting a worker. concurrency: 1 args: {"consumer": "back-end", "write_iops_sec": "10", "read_iops_sec": "1000", "set_consumer": "both", "set_write_iops_sec": "11", "set_read_iops_sec": "1001"} times: 10 method_name: run timeout: 0 duration: None cls:
2019-07-28 08:08:17.219 5479 INFO rally.task.runner [-] Task 77b18d41-8e4b-4fba-9753-4f102bb15bb1 | ITER: 2 START
2019-07-28 08:08:17.222 5480 INFO rally.task.runner [-] Task 77b18d41-8e4b-4fba-9753-4f102bb15bb1 | ITER: 3 START
2019-07-28 08:08:17.224 5481 INFO rally.task.runner [-] Task 77b18d41-8e4b-4fba-9753-4f102bb15bb1 | ITER: 4 START
2019-07-28 08:08:18.287 5478 INFO rally.task.runner [-] Task 77b18d41-8e4b-4fba-9753-4f102bb15bb1 | ITER: 1 END: OK
2019-07-28 08:08:18.293 5478 INFO rally.task.runner [-] Task 77b18d41-8e4b-4fba-9753-4f102bb15bb1 | ITER: 5 START
2019-07-28 08:08:18.327 5480 INFO rally.task.runner [-] Task 77b18d41-8e4b-4fba-9753-4f102bb15bb1 | ITER: 3 END: OK
2019-07-28 08:08:18.333 5480 INFO rally.task.runner [-] Task 77b18d41-8e4b-4fba-9753-4f102bb15bb1 | ITER: 6 START
2019-07-28 08:08:18.367 5479 INFO rally.task.runner [-] Task 77b18d41-8e4b-4fba-9753-4f102bb15bb1 | ITER: 2 END: OK
2019-07-28 08:08:18.372 5479 INFO rally.task.runner [-] Task 77b18d41-8e4b-4fba-9753-4f102bb15bb1 | ITER: 7 START
2019-07-28 08:08:18.485 5481 INFO rally.task.runner [-] Task 77b18d41-8e4b-4fba-9753-4f102bb15bb1 | ITER: 4 END: OK
2019-07-28 08:08:18.491 5481 INFO rally.task.runner [-] Task 77b18d41-8e4b-4fba-9753-4f102bb15bb1 | ITER: 8 START
2019-07-28 08:08:19.284 5479 INFO rally.task.runner [-] Task 77b18d41-8e4b-4fba-9753-4f102bb15bb1 | ITER: 7 END: OK
2019-07-28 08:08:19.288 5479 INFO rally.task.runner [-] Task 77b18d41-8e4b-4fba-9753-4f102bb15bb1 | ITER: 9 START
2019-07-28 08:08:19.373 5480 INFO rally.task.runner [-] Task 77b18d41-8e4b-4fba-9753-4f102bb15bb1 | ITER: 6 END: OK
2019-07-28 08:08:19.376 5480 INFO rally.task.runner [-] Task 77b18d41-8e4b-4fba-9753-4f102bb15bb1 | ITER: 10 START
2019-07-28 08:08:19.386 5478 INFO rally.task.runner [-] Task 77b18d41-8e4b-4fba-9753-4f102bb15bb1 | ITER: 5 END: OK
2019-07-28 08:08:19.462 5481 INFO rally.task.runner [-] Task 77b18d41-8e4b-4fba-9753-4f102bb15bb1 | ITER: 8 END: OK
2019-07-28 08:08:20.161 5479 INFO rally.task.runner [-] Task 77b18d41-8e4b-4fba-9753-4f102bb15bb1 | ITER: 9 END: OK
2019-07-28 08:08:20.342 5480 INFO rally.task.runner [-] Task 77b18d41-8e4b-4fba-9753-4f102bb15bb1 | ITER: 10 END: OK
2019-07-28 08:08:20.361 1842 INFO rally.task.context [-] Task 77b18d41-8e4b-4fba-9753-4f102bb15bb1 | Context admin_cleanup@openstack cleanup() started
2019-07-28 08:08:20.363 1842 RALLYDEBUG rally_openstack.cleanup.manager [-] Cleaning up cinder volume_types objects
2019-07-28 08:08:20.999 1842 RALLYDEBUG rally_openstack.cleanup.manager [-] Cleaning up cinder image_volumes_cache objects
2019-07-28 08:08:21.991 1842 RALLYDEBUG rally_openstack.cleanup.manager [-] Cleaning up cinder quotas objects
2019-07-28 08:08:23.698 1842 RALLYDEBUG rally_openstack.cleanup.manager [-] Cleaning up cinder qos_specs objects
2019-07-28 08:08:24.429 1842 RALLYDEBUG rally_openstack.cleanup.manager [-] Deleting cinder.qos_specs object s_rally_e2c13849_RW5SqlWo (4db542e9-18b7-4e8c-9c41-fcb8af155c32)
2019-07-28 08:08:24.435 1842 RALLYDEBUG rally_openstack.cleanup.manager [-] Deleting cinder.qos_specs object s_rally_e2c13849_hPN3Eqv9 (f2e94fce-1adf-4388-b9be-3565ebba0d73)
2019-07-28 08:08:24.449 1842 RALLYDEBUG rally_openstack.cleanup.manager [-] Deleting cinder.qos_specs object s_rally_e2c13849_LK8GS3L5 (91a38134-6664-4315-9b8f-eab82a2ab525)
2019-07-28 08:08:24.452 1842 RALLYDEBUG rally_openstack.cleanup.manager [-] Deleting cinder.qos_specs object s_rally_e2c13849_GlcLqeTo (7e1e250a-ba58-498c-b23d-5bcd89f514ea)
2019-07-28 08:08:24.458 1842 RALLYDEBUG rally_openstack.cleanup.manager [-] Deleting cinder.qos_specs object s_rally_e2c13849_l3WGbKl4 (1c3c5da2-9463-4e3a-ad94-794f2c999538)
2019-07-28 08:08:24.471 1842 RALLYDEBUG rally_openstack.cleanup.manager [-] Deleting cinder.qos_specs object s_rally_e2c13849_hxhZ9MzV (128b7cd4-efde-442e-8cef-0b1e779f5600)
2019-07-28 08:08:24.474 1842 RALLYDEBUG rally_openstack.cleanup.manager [-] Deleting cinder.qos_specs object s_rally_e2c13849_PLCEkp6M (893d8102-22ac-4390-abf3-cb9ab30ea193)
2019-07-28 08:08:24.484 1842 RALLYDEBUG rally_openstack.cleanup.manager [-] Deleting cinder.qos_specs object s_rally_e2c13849_njSxagLr (744e0ad5-1744-442d-93f6-311a68639a69)
2019-07-28 08:08:24.521 1842 RALLYDEBUG rally_openstack.cleanup.manager [-] Deleting cinder.qos_specs object s_rally_e2c13849_SenitBLH (069652d9-f1ed-4c41-b095-31822fcf4fed)
2019-07-28 08:08:24.521 1842 RALLYDEBUG rally_openstack.cleanup.manager [-] Deleting cinder.qos_specs object s_rally_e2c13849_fgu8YsZl (3b5a4e8f-5b7a-4faa-ba15-5e09b0ad45e7)
2019-07-28 08:08:26.998 1842 INFO rally.task.context [-] Task 77b18d41-8e4b-4fba-9753-4f102bb15bb1 | Context admin_cleanup@openstack cleanup() finished in 6.64 sec
2019-07-28 08:08:26.999 1842 INFO rally.task.context [-] Task 77b18d41-8e4b-4fba-9753-4f102bb15bb1 | Context api_versions@openstack cleanup() started
2019-07-28 08:08:26.999 1842 INFO rally.task.context [-] Task 77b18d41-8e4b-4fba-9753-4f102bb15bb1 | Context api_versions@openstack cleanup() finished in 0.32 msec
2019-07-28 08:08:26.999 1842 INFO rally.task.context [-] Task 77b18d41-8e4b-4fba-9753-4f102bb15bb1 | Context users@openstack cleanup() started
