2019-07-28 07:46:30.424 725 DEBUG glanceclient.common.http [-] Request returned failure status 404. _handle_response /usr/lib/python2.7/site-packages/glanceclient/common/http.py:125
2019-07-28 07:46:30.429 725 DEBUG glanceclient.common.http [-] Request returned failure status 404. _handle_response /usr/lib/python2.7/site-packages/glanceclient/common/http.py:125
2019-07-28 07:46:30.430 725 DEBUG glanceclient.common.http [-] Request returned failure status 404. _handle_response /usr/lib/python2.7/site-packages/glanceclient/common/http.py:125
2019-07-28 07:46:30.431 725 DEBUG glanceclient.common.http [-] Request returned failure status 404. _handle_response /usr/lib/python2.7/site-packages/glanceclient/common/http.py:125
2019-07-28 07:46:30.439 725 DEBUG glanceclient.common.http [-] Request returned failure status 404. _handle_response /usr/lib/python2.7/site-packages/glanceclient/common/http.py:125
2019-07-28 07:46:30.444 725 DEBUG glanceclient.common.http [-] Request returned failure status 404. _handle_response /usr/lib/python2.7/site-packages/glanceclient/common/http.py:125
2019-07-28 07:46:31.332 725 DEBUG glanceclient.common.http [-] Request returned failure status 404. _handle_response /usr/lib/python2.7/site-packages/glanceclient/common/http.py:125
2019-07-28 07:46:31.351 725 DEBUG glanceclient.common.http [-] Request returned failure status 404. _handle_response /usr/lib/python2.7/site-packages/glanceclient/common/http.py:125
2019-07-28 07:46:31.353 725 DEBUG glanceclient.common.http [-] Request returned failure status 404. _handle_response /usr/lib/python2.7/site-packages/glanceclient/common/http.py:125
2019-07-28 07:46:31.366 725 DEBUG glanceclient.common.http [-] Request returned failure status 404. _handle_response /usr/lib/python2.7/site-packages/glanceclient/common/http.py:125
2019-07-28 07:46:32.366 725 DEBUG glanceclient.common.http [-] Request returned failure status 404. _handle_response /usr/lib/python2.7/site-packages/glanceclient/common/http.py:125
2019-07-28 07:46:32.396 725 DEBUG glanceclient.common.http [-] Request returned failure status 404. _handle_response /usr/lib/python2.7/site-packages/glanceclient/common/http.py:125
2019-07-28 07:46:32.397 725 DEBUG glanceclient.common.http [-] Request returned failure status 404. _handle_response /usr/lib/python2.7/site-packages/glanceclient/common/http.py:125
2019-07-28 07:46:32.399 725 DEBUG glanceclient.common.http [-] Request returned failure status 404. _handle_response /usr/lib/python2.7/site-packages/glanceclient/common/http.py:125
2019-07-28 07:46:32.420 725 DEBUG glanceclient.common.http [-] Request returned failure status 404. _handle_response /usr/lib/python2.7/site-packages/glanceclient/common/http.py:125
2019-07-28 07:46:32.421 725 DEBUG glanceclient.common.http [-] Request returned failure status 404. _handle_response /usr/lib/python2.7/site-packages/glanceclient/common/http.py:125
2019-07-28 07:46:33.423 725 INFO rally.task.context [-] Task 8f875878-e6ca-458b-b48b-638516556d3b | Context cleanup@openstack cleanup() finished in 6.93 sec
2019-07-28 07:46:33.424 725 INFO rally.task.context [-] Task 8f875878-e6ca-458b-b48b-638516556d3b | Context users@openstack cleanup() started
2019-07-28 07:46:40.711 725 INFO rally.task.context [-] Task 8f875878-e6ca-458b-b48b-638516556d3b | Context users@openstack cleanup() finished in 7.29 sec
2019-07-28 07:46:42.048 725 INFO rally.task.engine [-] Load duration is: 15.029361
2019-07-28 07:46:42.048 725 INFO rally.task.engine [-] Full runner duration is: 15.92801
2019-07-28 07:46:42.048 725 INFO rally.task.engine [-] Full duration is: 34.826596
2019-07-28 07:46:42.363 725 INFO rally.task.engine [-] Running workload: position = 0 config = { "version": 2, "title": "A cropped version of a bigger task.", "description": "Auto-generated task from a single workload (uuid=a0bb64b0-346c-4dd8-96de-3cd51ffd10f4)", "subtasks": [ { "title": "GlanceImages.create_and_get_image", "description": "Create and get detailed information of an image.", "scenario": { "GlanceImages.create_and_get_image": { "container_format": "bare", "disk_format": "qcow2", "image_location": "/home/opnfv/functest/images/cirros-0.4.0-x86_64-disk.img" } }, "contexts": { "users": { "tenants": 3, "users_per_tenant": 2 } }, "runner": { "constant": { "concurrency": 4, "times": 10 } }, "hooks": [], "sla": { "failure_rate": { "max": 0 } } } ] }
2019-07-28 07:46:42.389 725 RALLYDEBUG rally_openstack.contexts.keystone.users [-] Creating 3 tenants using 20 threads
2019-07-28 07:46:44.292 725 RALLYDEBUG rally_openstack.contexts.keystone.users [-] Creating 6 users using 20 threads
2019-07-28 07:46:46.953 725 INFO rally.task.context [-] Task 8f875878-e6ca-458b-b48b-638516556d3b | Context users@openstack setup() finished in 4.56 sec
2019-07-28 07:46:46.954 725 INFO rally.task.context [-] Task 8f875878-e6ca-458b-b48b-638516556d3b | Context cleanup@openstack setup() finished in 0.01 msec
2019-07-28 07:46:46.961 725 RALLYDEBUG rally.task.runner [-] Starting the constant runner (task UUID: 8f875878-e6ca-458b-b48b-638516556d3b). timeout: 0 concurrency: 4 concurrency_per_worker: 1 times: 10 concurrency_overhead: 0 processes_to_start: 4 max_cpu_used: 16
2019-07-28 07:46:46.975 1633 RALLYDEBUG rally.task.runner [-] Starting a worker. concurrency: 1 args: {"container_format": "bare", "disk_format": "qcow2", "image_location": "/home/opnfv/functest/images/cirros-0.4.0-x86_64-disk.img"} times: 10 method_name: run timeout: 0 duration: None cls:
2019-07-28 07:46:46.977 1634 RALLYDEBUG rally.task.runner [-] Starting a worker. concurrency: 1 args: {"container_format": "bare", "disk_format": "qcow2", "image_location": "/home/opnfv/functest/images/cirros-0.4.0-x86_64-disk.img"} times: 10 method_name: run timeout: 0 duration: None cls:
2019-07-28 07:46:46.980 1635 RALLYDEBUG rally.task.runner [-] Starting a worker. concurrency: 1 args: {"container_format": "bare", "disk_format": "qcow2", "image_location": "/home/opnfv/functest/images/cirros-0.4.0-x86_64-disk.img"} times: 10 method_name: run timeout: 0 duration: None cls:
2019-07-28 07:46:46.982 1633 INFO rally.task.runner [-] Task 8f875878-e6ca-458b-b48b-638516556d3b | ITER: 1 START
2019-07-28 07:46:46.983 1636 RALLYDEBUG rally.task.runner [-] Starting a worker. concurrency: 1 args: {"container_format": "bare", "disk_format": "qcow2", "image_location": "/home/opnfv/functest/images/cirros-0.4.0-x86_64-disk.img"} times: 10 method_name: run timeout: 0 duration: None cls:
2019-07-28 07:46:46.984 1634 INFO rally.task.runner [-] Task 8f875878-e6ca-458b-b48b-638516556d3b | ITER: 2 START
2019-07-28 07:46:46.986 1635 INFO rally.task.runner [-] Task 8f875878-e6ca-458b-b48b-638516556d3b | ITER: 3 START
2019-07-28 07:46:46.989 1636 INFO rally.task.runner [-] Task 8f875878-e6ca-458b-b48b-638516556d3b | ITER: 4 START
2019-07-28 07:46:50.277 1634 RALLYDEBUG rally.task.utils [-] Waiting for resource u'21b02bcc-30ae-48b8-a4dc-a64d65158855'. Status changed: NONE => QUEUED in 0.0332250595093
2019-07-28 07:46:50.309 1633 RALLYDEBUG rally.task.utils [-] Waiting for resource u'3c221128-e744-4e77-83a9-8ecab998e78d'. Status changed: NONE => QUEUED in 0.0401029586792
2019-07-28 07:46:50.312 1636 RALLYDEBUG rally.task.utils [-] Waiting for resource u'f5f2e7a8-a6e1-4e93-90b5-f24f45129402'. Status changed: NONE => QUEUED in 0.0338230133057
2019-07-28 07:46:50.502 1635 RALLYDEBUG rally.task.utils [-] Waiting for resource u'9c808e55-3357-4140-928b-243eb7bfd640'. Status changed: NONE => QUEUED in 0.028960943222
2019-07-28 07:46:50.687 1634 RALLYDEBUG rally.task.utils [-] Waiting for resource s_rally_a0bb64b0_qUWeoc5E. Status changed: QUEUED => ACTIVE in 0.0175058841705
2019-07-28 07:46:50.704 1634 INFO rally.task.runner [-] Task 8f875878-e6ca-458b-b48b-638516556d3b | ITER: 2 END: OK
2019-07-28 07:46:50.707 1634 INFO rally.task.runner [-] Task 8f875878-e6ca-458b-b48b-638516556d3b | ITER: 5 START
2019-07-28 07:46:51.708 1635 RALLYDEBUG rally.task.utils [-] Waiting for resource s_rally_a0bb64b0_9CMILEQh. Status changed: QUEUED => ACTIVE in 0.025071144104
2019-07-28 07:46:51.727 1635 INFO rally.task.runner [-] Task 8f875878-e6ca-458b-b48b-638516556d3b | ITER: 3 END: OK
2019-07-28 07:46:51.731 1635 INFO rally.task.runner [-] Task 8f875878-e6ca-458b-b48b-638516556d3b | ITER: 6 START
2019-07-28 07:46:52.724 1633 RALLYDEBUG rally.task.utils [-] Waiting for resource s_rally_a0bb64b0_v4e4l1pc. Status changed: QUEUED => ACTIVE in 0.0188858509064
2019-07-28 07:46:52.747 1633 INFO rally.task.runner [-] Task 8f875878-e6ca-458b-b48b-638516556d3b | ITER: 1 END: OK
2019-07-28 07:46:52.749 1636 RALLYDEBUG rally.task.utils [-] Waiting for resource s_rally_a0bb64b0_KEcFeX1c. Status changed: QUEUED => ACTIVE in 0.0238268375397
2019-07-28 07:46:52.751 1633 INFO rally.task.runner [-] Task 8f875878-e6ca-458b-b48b-638516556d3b | ITER: 7 START
2019-07-28 07:46:52.770 1636 INFO rally.task.runner [-] Task 8f875878-e6ca-458b-b48b-638516556d3b | ITER: 4 END: OK
2019-07-28 07:46:52.774 1636 INFO rally.task.runner [-] Task 8f875878-e6ca-458b-b48b-638516556d3b | ITER: 8 START
2019-07-28 07:46:54.034 1634 RALLYDEBUG rally.task.utils [-] Waiting for resource u'd84d69cd-729f-4958-96ae-cb1cd1035c45'. Status changed: NONE => QUEUED in 0.0262930393219
2019-07-28 07:46:54.842 1634 RALLYDEBUG rally.task.utils [-] Waiting for resource s_rally_a0bb64b0_5JWGAfEL. Status changed: QUEUED => ACTIVE in 0.0179469585419
2019-07-28 07:46:54.861 1634 INFO rally.task.runner [-] Task 8f875878-e6ca-458b-b48b-638516556d3b | ITER: 5 END: OK
2019-07-28 07:46:54.866 1634 INFO rally.task.runner [-] Task 8f875878-e6ca-458b-b48b-638516556d3b | ITER: 9 START
2019-07-28 07:46:54.968 1635 RALLYDEBUG rally.task.utils [-] Waiting for resource u'f4870c00-2d30-452b-83dc-8f7c0924060b'. Status changed: NONE => QUEUED in 0.0262198448181
2019-07-28 07:46:55.858 1635 RALLYDEBUG rally.task.utils [-] Waiting for resource s_rally_a0bb64b0_LzW0dDlS. Status changed: QUEUED => ACTIVE in 0.0167200565338
2019-07-28 07:46:55.873 1635 INFO rally.task.runner [-] Task 8f875878-e6ca-458b-b48b-638516556d3b | ITER: 6 END: OK
2019-07-28 07:46:55.876 1635 INFO rally.task.runner [-] Task 8f875878-e6ca-458b-b48b-638516556d3b | ITER: 10 START
2019-07-28 07:46:55.913 1633 RALLYDEBUG rally.task.utils [-] Waiting for resource u'a3385aea-7df6-4e74-816d-6cebdf85b36b'. Status changed: NONE => QUEUED in 0.0284929275513
2019-07-28 07:46:55.931 1636 RALLYDEBUG rally.task.utils [-] Waiting for resource u'a01b2894-ec3f-4863-b3bd-d3584affc96d'. Status changed: NONE => QUEUED in 0.0352628231049
2019-07-28 07:46:56.912 1636 RALLYDEBUG rally.task.utils [-] Waiting for resource s_rally_a0bb64b0_R5OPm4yA. Status changed: QUEUED => ACTIVE in 0.0180962085724
2019-07-28 07:46:56.914 1633 RALLYDEBUG rally.task.utils [-] Waiting for resource s_rally_a0bb64b0_EWC4UTuT. Status changed: QUEUED => ACTIVE in 0.0192091464996
2019-07-28 07:46:56.929 1636 INFO rally.task.runner [-] Task 8f875878-e6ca-458b-b48b-638516556d3b | ITER: 8 END: OK
2019-07-28 07:46:56.931 1633 INFO rally.task.runner [-] Task 8f875878-e6ca-458b-b48b-638516556d3b | ITER: 7 END: OK
2019-07-28 07:46:58.123 1634 RALLYDEBUG rally.task.utils [-] Waiting for resource u'81e0864e-adb4-482f-9cec-f6def7cc84bc'. Status changed: NONE => QUEUED in 0.0332028865814
2019-07-28 07:46:58.976 1634 RALLYDEBUG rally.task.utils [-] Waiting for resource s_rally_a0bb64b0_atawnbaI. Status changed: QUEUED => ACTIVE in 0.0179948806763
2019-07-28 07:46:58.994 1634 INFO rally.task.runner [-] Task 8f875878-e6ca-458b-b48b-638516556d3b | ITER: 9 END: OK
2019-07-28 07:46:59.076 1635 RALLYDEBUG rally.task.utils [-] Waiting for resource u'6fa75a9c-fe3c-476d-a489-aaea40a7ba24'. Status changed: NONE => QUEUED in 0.0274980068207
2019-07-28 07:47:00.012 1635 RALLYDEBUG rally.task.utils [-] Waiting for resource s_rally_a0bb64b0_Ojz0BdXv. Status changed: QUEUED => ACTIVE in 0.0172729492188
2019-07-28 07:47:00.031 1635 INFO rally.task.runner [-] Task 8f875878-e6ca-458b-b48b-638516556d3b | ITER: 10 END: OK
2019-07-28 07:47:00.055 725 INFO rally.task.context [-] Task 8f875878-e6ca-458b-b48b-638516556d3b | Context cleanup@openstack cleanup() started
2019-07-28 07:47:00.058 725 RALLYDEBUG rally_openstack.cleanup.manager [-] Cleaning up glance images objects
2019-07-28 07:47:02.217 725 RALLYDEBUG rally_openstack.cleanup.manager [-] Deleting glance.images object s_rally_a0bb64b0_EWC4UTuT (a3385aea-7df6-4e74-816d-6cebdf85b36b)
2019-07-28 07:47:02.223 725 RALLYDEBUG rally_openstack.cleanup.manager [-] Deleting glance.images object s_rally_a0bb64b0_v4e4l1pc (3c221128-e744-4e77-83a9-8ecab998e78d)
2019-07-28 07:47:02.224 725 RALLYDEBUG rally_openstack.cleanup.manager [-] Deleting glance.images object s_rally_a0bb64b0_R5OPm4yA (a01b2894-ec3f-4863-b3bd-d3584affc96d)
2019-07-28 07:47:02.225 725 RALLYDEBUG rally_openstack.cleanup.manager [-] Deleting glance.images object s_rally_a0bb64b0_5JWGAfEL (d84d69cd-729f-4958-96ae-cb1cd1035c45)
2019-07-28 07:47:02.226 725 RALLYDEBUG rally_openstack.cleanup.manager [-] Deleting glance.images object s_rally_a0bb64b0_atawnbaI (81e0864e-adb4-482f-9cec-f6def7cc84bc)
2019-07-28 07:47:02.226 725 RALLYDEBUG rally_openstack.cleanup.manager [-] Deleting glance.images object s_rally_a0bb64b0_9CMILEQh (9c808e55-3357-4140-928b-243eb7bfd640)
2019-07-28 07:47:02.226 725 RALLYDEBUG rally_openstack.cleanup.manager [-] Deleting glance.images object s_rally_a0bb64b0_LzW0dDlS (f4870c00-2d30-452b-83dc-8f7c0924060b)
2019-07-28 07:47:02.238 725 RALLYDEBUG rally_openstack.cleanup.manager [-] Deleting glance.images object s_rally_a0bb64b0_Ojz0BdXv (6fa75a9c-fe3c-476d-a489-aaea40a7ba24)
2019-07-28 07:47:02.247 725 RALLYDEBUG rally_openstack.cleanup.manager [-] Deleting glance.images object s_rally_a0bb64b0_KEcFeX1c (f5f2e7a8-a6e1-4e93-90b5-f24f45129402)
2019-07-28 07:47:02.257 725 RALLYDEBUG rally_openstack.cleanup.manager [-] Deleting glance.images object s_rally_a0bb64b0_qUWeoc5E (21b02bcc-30ae-48b8-a4dc-a64d65158855)
2019-07-28 07:47:03.306 725 DEBUG glanceclient.common.http [-] Request returned failure status 404. _handle_response /usr/lib/python2.7/site-packages/glanceclient/common/http.py:125
2019-07-28 07:47:03.319 725 DEBUG glanceclient.common.http [-] Request returned failure status 404. _handle_response /usr/lib/python2.7/site-packages/glanceclient/common/http.py:125
2019-07-28 07:47:04.497 725 DEBUG glanceclient.common.http [-] Request returned failure status 404. _handle_response /usr/lib/python2.7/site-packages/glanceclient/common/http.py:125
2019-07-28 07:47:04.506 725 DEBUG glanceclient.common.http [-] Request returned failure status 404. _handle_response /usr/lib/python2.7/site-packages/glanceclient/common/http.py:125
2019-07-28 07:47:04.511 725 DEBUG glanceclient.common.http [-] Request returned failure status 404. _handle_response /usr/lib/python2.7/site-packages/glanceclient/common/http.py:125
2019-07-28 07:47:04.515 725 DEBUG glanceclient.common.http [-] Request returned failure status 404. _handle_response /usr/lib/python2.7/site-packages/glanceclient/common/http.py:125
2019-07-28 07:47:04.518 725 DEBUG glanceclient.common.http [-] Request returned failure status 404. _handle_response /usr/lib/python2.7/site-packages/glanceclient/common/http.py:125
2019-07-28 07:47:04.525 725 DEBUG glanceclient.common.http [-] Request returned failure status 404. _handle_response /usr/lib/python2.7/site-packages/glanceclient/common/http.py:125
2019-07-28 07:47:05.558 725 DEBUG glanceclient.common.http [-] Request returned failure status 404. _handle_response /usr/lib/python2.7/site-packages/glanceclient/common/http.py:125
2019-07-28 07:47:05.575 725 DEBUG glanceclient.common.http [-] Request returned failure status 404. _handle_response /usr/lib/python2.7/site-packages/glanceclient/common/http.py:125
2019-07-28 07:47:05.581 725 DEBUG glanceclient.common.http [-] Request returned failure status 404. _handle_response /usr/lib/python2.7/site-packages/glanceclient/common/http.py:125
2019-07-28 07:47:05.586 725 DEBUG glanceclient.common.http [-] Request returned failure status 404. _handle_response /usr/lib/python2.7/site-packages/glanceclient/common/http.py:125
2019-07-28 07:47:05.600 725 DEBUG glanceclient.common.http [-] Request returned failure status 404. _handle_response /usr/lib/python2.7/site-packages/glanceclient/common/http.py:125
2019-07-28 07:47:05.607 725 DEBUG glanceclient.common.http [-] Request returned failure status 404. _handle_response /usr/lib/python2.7/site-packages/glanceclient/common/http.py:125
2019-07-28 07:47:05.614 725 DEBUG glanceclient.common.http [-] Request returned failure status 404. _handle_response /usr/lib/python2.7/site-packages/glanceclient/common/http.py:125
2019-07-28 07:47:05.616 725 DEBUG glanceclient.common.http [-] Request returned failure status 404. _handle_response /usr/lib/python2.7/site-packages/glanceclient/common/http.py:125
2019-07-28 07:47:05.619 725 DEBUG glanceclient.common.http [-] Request returned failure status 404. _handle_response /usr/lib/python2.7/site-packages/glanceclient/common/http.py:125
2019-07-28 07:47:05.619 725 DEBUG glanceclient.common.http [-] Request returned failure status 404. _handle_response /usr/lib/python2.7/site-packages/glanceclient/common/http.py:125
2019-07-28 07:47:05.622 725 DEBUG glanceclient.common.http [-] Request returned failure status 404. _handle_response /usr/lib/python2.7/site-packages/glanceclient/common/http.py:125
2019-07-28 07:47:05.638 725 DEBUG glanceclient.common.http [-] Request returned failure status 404. _handle_response /usr/lib/python2.7/site-packages/glanceclient/common/http.py:125
2019-07-28 07:47:06.640 725 INFO rally.task.context [-] Task 8f875878-e6ca-458b-b48b-638516556d3b | Context cleanup@openstack cleanup() finished in 6.59 sec
2019-07-28 07:47:06.641 725 INFO rally.task.context [-] Task 8f875878-e6ca-458b-b48b-638516556d3b | Context users@openstack cleanup() started
2019-07-28 07:47:13.945 725 INFO rally.task.context [-] Task 8f875878-e6ca-458b-b48b-638516556d3b | Context users@openstack cleanup() finished in 7.30 sec
2019-07-28 07:47:14.541 725 INFO rally.task.engine [-] Load duration is: 12.178296
2019-07-28 07:47:14.541 725 INFO rally.task.engine [-] Full runner duration is: 13.094116
2019-07-28 07:47:14.541 725 INFO rally.task.engine [-] Full duration is: 31.558497
2019-07-28 07:47:14.842 725 INFO rally.task.engine [-] Running workload: position = 0 config = { "version": 2, "title": "A cropped version of a bigger task.", "description": "Auto-generated task from a single workload (uuid=401d3abc-83d5-45aa-94d4-ebbd03fa8be9)", "subtasks": [ { "title": "GlanceImages.create_and_update_image", "description": "Create an image then update it.", "scenario": { "GlanceImages.create_and_update_image": { "container_format": "bare", "disk_format": "qcow2", "image_location": "/home/opnfv/functest/images/cirros-0.4.0-x86_64-disk.img" } }, "contexts": { "users": { "tenants": 3, "users_per_tenant": 2 } }, "runner": { "constant": { "concurrency": 4, "times": 10 } }, "hooks": [], "sla": { "failure_rate": { "max": 0 } } } ] }
2019-07-28 07:47:14.865 725 RALLYDEBUG rally_openstack.contexts.keystone.users [-] Creating 3 tenants using 20 threads
2019-07-28 07:47:16.662 725 RALLYDEBUG rally_openstack.contexts.keystone.users [-] Creating 6 users using 20 threads
2019-07-28 07:47:19.319 725 INFO rally.task.context [-] Task 8f875878-e6ca-458b-b48b-638516556d3b | Context users@openstack setup() finished in 4.45 sec
2019-07-28 07:47:19.320 725 INFO rally.task.context [-] Task 8f875878-e6ca-458b-b48b-638516556d3b | Context cleanup@openstack setup() finished in 0.00 msec
2019-07-28 07:47:19.328 725 RALLYDEBUG rally.task.runner [-] Starting the constant runner (task UUID: 8f875878-e6ca-458b-b48b-638516556d3b). timeout: 0 concurrency: 4 concurrency_per_worker: 1 times: 10 concurrency_overhead: 0 processes_to_start: 4 max_cpu_used: 16
2019-07-28 07:47:19.341 1757 RALLYDEBUG rally.task.runner [-] Starting a worker. concurrency: 1 args: {"container_format": "bare", "disk_format": "qcow2", "image_location": "/home/opnfv/functest/images/cirros-0.4.0-x86_64-disk.img"} times: 10 method_name: run timeout: 0 duration: None cls:
2019-07-28 07:47:19.344 1758 RALLYDEBUG rally.task.runner [-] Starting a worker. concurrency: 1 args: {"container_format": "bare", "disk_format": "qcow2", "image_location": "/home/opnfv/functest/images/cirros-0.4.0-x86_64-disk.img"} times: 10 method_name: run timeout: 0 duration: None cls:
2019-07-28 07:47:19.347 1759 RALLYDEBUG rally.task.runner [-] Starting a worker. concurrency: 1 args: {"container_format": "bare", "disk_format": "qcow2", "image_location": "/home/opnfv/functest/images/cirros-0.4.0-x86_64-disk.img"} times: 10 method_name: run timeout: 0 duration: None cls:
2019-07-28 07:47:19.347 1757 INFO rally.task.runner [-] Task 8f875878-e6ca-458b-b48b-638516556d3b | ITER: 1 START
2019-07-28 07:47:19.349 1760 RALLYDEBUG rally.task.runner [-] Starting a worker. concurrency: 1 args: {"container_format": "bare", "disk_format": "qcow2", "image_location": "/home/opnfv/functest/images/cirros-0.4.0-x86_64-disk.img"} times: 10 method_name: run timeout: 0 duration: None cls:
2019-07-28 07:47:19.350 1758 INFO rally.task.runner [-] Task 8f875878-e6ca-458b-b48b-638516556d3b | ITER: 2 START
2019-07-28 07:47:19.353 1759 INFO rally.task.runner [-] Task 8f875878-e6ca-458b-b48b-638516556d3b | ITER: 3 START
2019-07-28 07:47:19.354 1760 INFO rally.task.runner [-] Task 8f875878-e6ca-458b-b48b-638516556d3b | ITER: 4 START
2019-07-28 07:47:22.618 1757 RALLYDEBUG rally.task.utils [-] Waiting for resource u'ae9a23fe-0025-45ba-b01f-8e5d95f3908a'. Status changed: NONE => QUEUED in 0.0317709445953
2019-07-28 07:47:22.626 1759 RALLYDEBUG rally.task.utils [-] Waiting for resource u'8bb6f121-045f-4eec-bb58-c5a9e64ca89a'. Status changed: NONE => QUEUED in 0.0309679508209
2019-07-28 07:47:22.640 1758 RALLYDEBUG rally.task.utils [-] Waiting for resource u'7ab7ec83-15df-4436-ba29-d3626967a532'. Status changed: NONE => QUEUED in 0.0277869701385
2019-07-28 07:47:22.706 1760 RALLYDEBUG rally.task.utils [-] Waiting for resource u'ce4fe1f8-0efd-40aa-8e75-541ef843cdfb'. Status changed: NONE => QUEUED in 0.0283780097961
2019-07-28 07:47:23.631 1757 RALLYDEBUG rally.task.utils [-] Waiting for resource s_rally_401d3abc_QH03izO9. Status changed: QUEUED => ACTIVE in 0.0179958343506
2019-07-28 07:47:23.643 1759 RALLYDEBUG rally.task.utils [-] Waiting for resource s_rally_401d3abc_Jp58Kq0W. Status changed: QUEUED => ACTIVE in 0.0162119865417
2019-07-28 07:47:23.768 1759 INFO rally.task.runner [-] Task 8f875878-e6ca-458b-b48b-638516556d3b | ITER: 3 END: OK
2019-07-28 07:47:23.770 1757 INFO rally.task.runner [-] Task 8f875878-e6ca-458b-b48b-638516556d3b | ITER: 1 END: OK
2019-07-28 07:47:23.771 1759 INFO rally.task.runner [-] Task 8f875878-e6ca-458b-b48b-638516556d3b | ITER: 5 START
2019-07-28 07:47:23.774 1757 INFO rally.task.runner [-] Task 8f875878-e6ca-458b-b48b-638516556d3b | ITER: 6 START
2019-07-28 07:47:24.106 1758 RALLYDEBUG rally.task.utils [-] Waiting for resource s_rally_401d3abc_aql0WVOl. Status changed: QUEUED => ACTIVE in 0.0202009677887
2019-07-28 07:47:24.120 1760 RALLYDEBUG rally.task.utils [-] Waiting for resource s_rally_401d3abc_ChH6jGNv. Status changed: QUEUED => ACTIVE in 0.0293998718262
2019-07-28 07:47:24.261 1758 INFO rally.task.runner [-] Task 8f875878-e6ca-458b-b48b-638516556d3b | ITER: 2 END: OK
2019-07-28 07:47:24.266 1758 INFO rally.task.runner [-] Task 8f875878-e6ca-458b-b48b-638516556d3b | ITER: 7 START
2019-07-28 07:47:24.282 1760 INFO rally.task.runner [-] Task 8f875878-e6ca-458b-b48b-638516556d3b | ITER: 4 END: OK
2019-07-28 07:47:24.286 1760 INFO rally.task.runner [-] Task 8f875878-e6ca-458b-b48b-638516556d3b | ITER: 8 START
2019-07-28 07:47:27.109 1757 RALLYDEBUG rally.task.utils [-] Waiting for resource u'0d828deb-b659-426d-9edc-83eac6564c77'. Status changed: NONE => QUEUED in 0.0266921520233
2019-07-28 07:47:27.523 1759 RALLYDEBUG rally.task.utils [-] Waiting for resource u'114a22b2-4ccf-4c55-88f5-c36ba7a60563'. Status changed: NONE => QUEUED in 0.0286068916321
2019-07-28 07:47:28.262 1759 RALLYDEBUG rally.task.utils [-] Waiting for resource s_rally_401d3abc_E1Gdj8Yi. Status changed: QUEUED => ACTIVE in 0.0212121009827
2019-07-28 07:47:28.268 1757 RALLYDEBUG rally.task.utils [-] Waiting for resource s_rally_401d3abc_7FVAis5Y. Status changed: QUEUED => ACTIVE in 0.0193490982056
2019-07-28 07:47:28.408 1759 INFO rally.task.runner [-] Task 8f875878-e6ca-458b-b48b-638516556d3b | ITER: 5 END: OK
2019-07-28 07:47:28.412 1757 INFO rally.task.runner [-] Task 8f875878-e6ca-458b-b48b-638516556d3b | ITER: 6 END: OK
2019-07-28 07:47:28.412 1759 INFO rally.task.runner [-] Task 8f875878-e6ca-458b-b48b-638516556d3b | ITER: 9 START
2019-07-28 07:47:28.416 1757 INFO rally.task.runner [-] Task 8f875878-e6ca-458b-b48b-638516556d3b | ITER: 10 START
2019-07-28 07:47:29.004 1760 RALLYDEBUG rally.task.utils [-] Waiting for resource u'77e22c97-3f00-40c0-b380-06d8d7f2b7e6'. Status changed: NONE => QUEUED in 0.0280508995056
2019-07-28 07:47:29.022 1758 RALLYDEBUG rally.task.utils [-] Waiting for resource u'5c165c93-240e-45d3-99fe-ddd0f4e3e8da'. Status changed: NONE => QUEUED in 0.0329802036285
2019-07-28 07:47:31.325 1760 RALLYDEBUG rally.task.utils [-] Waiting for resource s_rally_401d3abc_hencIaxn. Status changed: QUEUED => ACTIVE in 0.0184438228607
2019-07-28 07:47:31.371 1758 RALLYDEBUG rally.task.utils [-] Waiting for resource s_rally_401d3abc_RND1ek1L. Status changed: QUEUED => ACTIVE in 0.0181460380554
2019-07-28 07:47:31.485 1760 INFO rally.task.runner [-] Task 8f875878-e6ca-458b-b48b-638516556d3b | ITER: 8 END: OK
2019-07-28 07:47:31.516 1758 INFO rally.task.runner [-] Task 8f875878-e6ca-458b-b48b-638516556d3b | ITER: 7 END: OK
2019-07-28 07:47:31.604 1757 RALLYDEBUG rally.task.utils [-] Waiting for resource u'f31c0ae4-ea15-486b-9963-1f24ed3a2564'. Status changed: NONE => QUEUED in 0.0275228023529
2019-07-28 07:47:32.379 1759 RALLYDEBUG rally.task.utils [-] Waiting for resource u'd08f3886-3828-4e6b-9cba-c4658a4edff5'. Status changed: NONE => QUEUED in 0.724805116653
2019-07-28 07:47:32.449 1757 RALLYDEBUG rally.task.utils [-] Waiting for resource s_rally_401d3abc_izXIw5MI. Status changed: QUEUED => ACTIVE in 0.017961025238
2019-07-28 07:47:33.497 1759 RALLYDEBUG rally.task.utils [-] Waiting for resource s_rally_401d3abc_infcOdsp. Status changed: QUEUED => ACTIVE in 0.0380399227142
2019-07-28 07:47:33.585 1757 INFO rally.task.runner [-] Task 8f875878-e6ca-458b-b48b-638516556d3b | ITER: 10 END: OK
2019-07-28 07:47:33.639 1759 INFO rally.task.runner [-] Task 8f875878-e6ca-458b-b48b-638516556d3b | ITER: 9 END: OK
2019-07-28 07:47:33.661 725 INFO rally.task.context [-] Task 8f875878-e6ca-458b-b48b-638516556d3b | Context cleanup@openstack cleanup() started
2019-07-28 07:47:33.663 725 RALLYDEBUG rally_openstack.cleanup.manager [-] Cleaning up glance images objects
2019-07-28 07:47:36.001 725 RALLYDEBUG rally_openstack.cleanup.manager [-] Deleting glance.images object s_rally_401d3abc_bmQclySY (0d828deb-b659-426d-9edc-83eac6564c77)
2019-07-28 07:47:36.005 725 RALLYDEBUG rally_openstack.cleanup.manager [-] Deleting glance.images object s_rally_401d3abc_iqcSwbTF (ae9a23fe-0025-45ba-b01f-8e5d95f3908a)
2019-07-28 07:47:36.005 725 RALLYDEBUG rally_openstack.cleanup.manager [-] Deleting glance.images object s_rally_401d3abc_DGyDGaFx (5c165c93-240e-45d3-99fe-ddd0f4e3e8da)
2019-07-28 07:47:36.007 725 RALLYDEBUG rally_openstack.cleanup.manager [-] Deleting glance.images object s_rally_401d3abc_oPUjU2FH (7ab7ec83-15df-4436-ba29-d3626967a532)
2019-07-28 07:47:36.010 725 RALLYDEBUG rally_openstack.cleanup.manager [-] Deleting glance.images object s_rally_401d3abc_9RJWA2MZ (8bb6f121-045f-4eec-bb58-c5a9e64ca89a)
2019-07-28 07:47:36.011 725 RALLYDEBUG rally_openstack.cleanup.manager [-] Deleting glance.images object s_rally_401d3abc_sNl6WQua (f31c0ae4-ea15-486b-9963-1f24ed3a2564)
2019-07-28 07:47:36.013 725 RALLYDEBUG rally_openstack.cleanup.manager [-] Deleting glance.images object s_rally_401d3abc_FyuyLVqt (114a22b2-4ccf-4c55-88f5-c36ba7a60563)
2019-07-28 07:47:36.015 725 RALLYDEBUG rally_openstack.cleanup.manager [-] Deleting glance.images object s_rally_401d3abc_nhXqxYHx (d08f3886-3828-4e6b-9cba-c4658a4edff5)
2019-07-28 07:47:36.017 725 RALLYDEBUG rally_openstack.cleanup.manager [-] Deleting glance.images object s_rally_401d3abc_fKZPiClC (77e22c97-3f00-40c0-b380-06d8d7f2b7e6)
2019-07-28 07:47:36.023 725 RALLYDEBUG rally_openstack.cleanup.manager [-] Deleting glance.images object s_rally_401d3abc_ukOGzT1m (ce4fe1f8-0efd-40aa-8e75-541ef843cdfb)
2019-07-28 07:47:37.122 725 DEBUG glanceclient.common.http [-] Request returned failure status 404. _handle_response /usr/lib/python2.7/site-packages/glanceclient/common/http.py:125
2019-07-28 07:47:37.134 725 DEBUG glanceclient.common.http [-] Request returned failure status 404. _handle_response /usr/lib/python2.7/site-packages/glanceclient/common/http.py:125
2019-07-28 07:47:38.136 725 DEBUG glanceclient.common.http [-] Request returned failure status 404. _handle_response /usr/lib/python2.7/site-packages/glanceclient/common/http.py:125
2019-07-28 07:47:38.148 725 DEBUG glanceclient.common.http [-] Request returned failure status 404. _handle_response /usr/lib/python2.7/site-packages/glanceclient/common/http.py:125
2019-07-28 07:47:38.152 725 DEBUG glanceclient.common.http [-] Request returned failure status 404. _handle_response /usr/lib/python2.7/site-packages/glanceclient/common/http.py:125
2019-07-28 07:47:38.160 725 DEBUG glanceclient.common.http [-] Request returned failure status 404. _handle_response /usr/lib/python2.7/site-packages/glanceclient/common/http.py:125
2019-07-28 07:47:39.406 725 DEBUG glanceclient.common.http [-] Request returned failure status 404. _handle_response /usr/lib/python2.7/site-packages/glanceclient/common/http.py:125
2019-07-28 07:47:39.433 725 DEBUG glanceclient.common.http [-] Request returned failure status 404. _handle_response /usr/lib/python2.7/site-packages/glanceclient/common/http.py:125
2019-07-28 07:47:39.437 725 DEBUG glanceclient.common.http [-] Request returned failure status 404. _handle_response /usr/lib/python2.7/site-packages/glanceclient/common/http.py:125
2019-07-28 07:47:39.452 725 DEBUG glanceclient.common.http [-] Request returned failure status 404. _handle_response /usr/lib/python2.7/site-packages/glanceclient/common/http.py:125
2019-07-28 07:47:39.464 725 DEBUG glanceclient.common.http [-] Request returned failure status 404. _handle_response /usr/lib/python2.7/site-packages/glanceclient/common/http.py:125
2019-07-28 07:47:39.476 725 DEBUG glanceclient.common.http [-] Request returned failure status 404. _handle_response /usr/lib/python2.7/site-packages/glanceclient/common/http.py:125
2019-07-28 07:47:40.258 725 DEBUG glanceclient.common.http [-] Request returned failure status 404. _handle_response /usr/lib/python2.7/site-packages/glanceclient/common/http.py:125
2019-07-28 07:47:40.280 725 DEBUG glanceclient.common.http [-] Request returned failure status 404. _handle_response /usr/lib/python2.7/site-packages/glanceclient/common/http.py:125
2019-07-28 07:47:40.287 725 DEBUG glanceclient.common.http [-] Request returned failure status 404. _handle_response /usr/lib/python2.7/site-packages/glanceclient/common/http.py:125
2019-07-28 07:47:40.314 725 DEBUG glanceclient.common.http [-] Request returned failure status 404. _handle_response /usr/lib/python2.7/site-packages/glanceclient/common/http.py:125
2019-07-28 07:47:40.319 725 DEBUG glanceclient.common.http [-] Request returned failure status 404. _handle_response /usr/lib/python2.7/site-packages/glanceclient/common/http.py:125
2019-07-28 07:47:40.319 725 DEBUG glanceclient.common.http [-] Request returned failure status 404. _handle_response /usr/lib/python2.7/site-packages/glanceclient/common/http.py:125
2019-07-28 07:47:40.343 725 DEBUG glanceclient.common.http [-] Request returned failure status 404. _handle_response /usr/lib/python2.7/site-packages/glanceclient/common/http.py:125
2019-07-28 07:47:40.345 725 DEBUG glanceclient.common.http [-] Request returned failure status 404. _handle_response /usr/lib/python2.7/site-packages/glanceclient/common/http.py:125
2019-07-28 07:47:41.348 725 INFO rally.task.context [-] Task 8f875878-e6ca-458b-b48b-638516556d3b | Context cleanup@openstack cleanup() finished in 7.69 sec
2019-07-28 07:47:41.348 725 INFO rally.task.context [-] Task 8f875878-e6ca-458b-b48b-638516556d3b | Context users@openstack cleanup() started
2019-07-28 07:47:48.333 725 INFO rally.task.context [-] Task 8f875878-e6ca-458b-b48b-638516556d3b | Context users@openstack cleanup() finished in 6.98 sec
2019-07-28 07:47:49.008 725 INFO rally.task.engine [-] Load duration is: 13.443673
2019-07-28 07:47:49.008 725 INFO rally.task.engine [-] Full runner duration is: 14.333483
2019-07-28 07:47:49.009 725 INFO rally.task.engine [-] Full duration is: 33.470669
2019-07-28 07:47:49.253 725 INFO rally.task.engine [-] Task 8f875878-e6ca-458b-b48b-638516556d3b | Completed: Running task.
2019-07-28 07:47:50.165 1839 RALLYDEBUG rally.api [-] INFO logs from urllib3 and requests module are hide.
2019-07-28 07:47:50.165 1839 RALLYDEBUG rally.api [-] urllib3 insecure warnings are hidden.
2019-07-28 07:47:50.165 1839 RALLYDEBUG rally.api [-] ERROR log from boto module is hide.
2019-07-28 07:47:50.991 1840 RALLYDEBUG rally.api [-] INFO logs from urllib3 and requests module are hide.
2019-07-28 07:47:50.991 1840 RALLYDEBUG rally.api [-] urllib3 insecure warnings are hidden.
2019-07-28 07:47:50.992 1840 RALLYDEBUG rally.api [-] ERROR log from boto module is hide.
2019-07-28 07:47:52.193 1840 INFO rally.api [-] Building 'json' report for the following task(s): '8f875878-e6ca-458b-b48b-638516556d3b'.
2019-07-28 07:47:52.211 1840 INFO rally.api [-] The report has been successfully built.
2019-07-28 07:47:52.959 1842 RALLYDEBUG rally.api [-] INFO logs from urllib3 and requests module are hide.
2019-07-28 07:47:52.959 1842 RALLYDEBUG rally.api [-] urllib3 insecure warnings are hidden.
2019-07-28 07:47:52.959 1842 RALLYDEBUG rally.api [-] ERROR log from boto module is hide.
2019-07-28 07:47:54.509 1842 INFO rally.task.engine [-] Task 77b18d41-8e4b-4fba-9753-4f102bb15bb1 | Starting: Task validation.
2019-07-28 07:47:54.552 1842 INFO rally.task.engine [-] Task 77b18d41-8e4b-4fba-9753-4f102bb15bb1 | Starting: Task validation of syntax.
2019-07-28 07:47:54.822 1842 INFO rally.task.engine [-] Task 77b18d41-8e4b-4fba-9753-4f102bb15bb1 | Completed: Task validation of syntax.
2019-07-28 07:47:54.822 1842 INFO rally.task.engine [-] Task 77b18d41-8e4b-4fba-9753-4f102bb15bb1 | Starting: Task validation of required platforms.
2019-07-28 07:47:54.923 1842 INFO rally.task.engine [-] Task 77b18d41-8e4b-4fba-9753-4f102bb15bb1 | Completed: Task validation of required platforms.
2019-07-28 07:47:54.923 1842 INFO rally.task.engine [-] Task 77b18d41-8e4b-4fba-9753-4f102bb15bb1 | Starting: Task validation of semantic.
2019-07-28 07:47:54.924 1842 INFO rally.task.engine [-] Check health of the environment 'd3508d6d-e1ee-47de-ac99-2b0422fe3ae7'.
2019-07-28 07:47:55.712 1842 INFO rally.task.engine [-] Platform existing@openstack (available: True): OK!
2019-07-28 07:47:55.728 1842 RALLYDEBUG rally_openstack.contexts.keystone.users [-] Creating 1 tenants using 20 threads
2019-07-28 07:47:57.393 1842 RALLYDEBUG rally_openstack.contexts.keystone.users [-] Creating 1 users using 20 threads
2019-07-28 07:48:00.022 1842 INFO rally.task.context [-] Task 77b18d41-8e4b-4fba-9753-4f102bb15bb1 | Context users@openstack setup() finished in 4.29 sec
2019-07-28 07:48:00.911 1842 DEBUG novaclient.v2.client [-] REQ: curl -g -i -X GET http://172.30.9.38:8774/v2.1/flavors/detail -H "Accept: application/json" -H "User-Agent: python-novaclient" -H "X-Auth-Token: {SHA1}7561d1ae86d0cc5f9a36ba4ed48eee2e36fd9eb1" _http_log_request /usr/lib/python2.7/site-packages/keystoneauth1/session.py:448
2019-07-28 07:48:01.212 1842 DEBUG novaclient.v2.client [-] RESP: [200] Content-Encoding: gzip Content-Length: 365 Content-Type: application/json Date: Sun, 28 Jul 2019 07:48:00 GMT OpenStack-API-Version: compute 2.1 Server: Apache Vary: OpenStack-API-Version,X-OpenStack-Nova-API-Version,Accept-Encoding X-OpenStack-Nova-API-Version: 2.1 x-compute-request-id: req-2a1fa9ad-6bad-4ce6-85e3-34e4374264c5 x-openstack-request-id: req-2a1fa9ad-6bad-4ce6-85e3-34e4374264c5 _http_log_response /usr/lib/python2.7/site-packages/keystoneauth1/session.py:479
2019-07-28 07:48:01.213 1842 DEBUG novaclient.v2.client [-] RESP BODY: {"flavors": [{"name": "rally_full-flavor_alt_90cb5c5e-b285-46a4-ba38-4aa44519520f", "links": [{"href": "http://172.30.9.38:8774/v2.1/flavors/08ddcf2b-3629-4eb8-93fb-808db747100b", "rel": "self"}, {"href": "http://172.30.9.38:8774/flavors/08ddcf2b-3629-4eb8-93fb-808db747100b", "rel": "bookmark"}], "ram": 1024, "OS-FLV-DISABLED:disabled": false, "vcpus": 1, "swap": "", "os-flavor-access:is_public": true, "rxtx_factor": 1.0, "OS-FLV-EXT-DATA:ephemeral": 0, "disk": 1, "id": "08ddcf2b-3629-4eb8-93fb-808db747100b"}, {"name": "rally_full-flavor_90cb5c5e-b285-46a4-ba38-4aa44519520f", "links": [{"href": "http://172.30.9.38:8774/v2.1/flavors/db7e4642-3115-4382-9759-c92a8614f1a9", "rel": "self"}, {"href": "http://172.30.9.38:8774/flavors/db7e4642-3115-4382-9759-c92a8614f1a9", "rel": "bookmark"}], "ram": 512, "OS-FLV-DISABLED:disabled": false, "vcpus": 1, "swap": "", "os-flavor-access:is_public": true, "rxtx_factor": 1.0, "OS-FLV-EXT-DATA:ephemeral": 0, "disk": 1, "id": "db7e4642-3115-4382-9759-c92a8614f1a9"}]} _http_log_response /usr/lib/python2.7/site-packages/keystoneauth1/session.py:511
2019-07-28 07:48:01.213 1842 DEBUG novaclient.v2.client [-] GET call to compute for http://172.30.9.38:8774/v2.1/flavors/detail used request id req-2a1fa9ad-6bad-4ce6-85e3-34e4374264c5 request /usr/lib/python2.7/site-packages/keystoneauth1/session.py:844
2019-07-28 07:48:01.627 1842 DEBUG novaclient.v2.client [-] REQ: curl -g -i -X GET http://172.30.9.38:8774/v2.1/flavors/db7e4642-3115-4382-9759-c92a8614f1a9 -H "Accept: application/json" -H "User-Agent: python-novaclient" -H "X-Auth-Token: {SHA1}40edce722663013924ae7aff0424cef9ec3c371a" _http_log_request /usr/lib/python2.7/site-packages/keystoneauth1/session.py:448
2019-07-28 07:48:01.898 1842 DEBUG novaclient.v2.client [-] RESP: [200] Content-Encoding: gzip Content-Length: 311 Content-Type: application/json Date: Sun, 28 Jul 2019 07:48:01 GMT OpenStack-API-Version: compute 2.1 Server: Apache Vary: OpenStack-API-Version,X-OpenStack-Nova-API-Version,Accept-Encoding X-OpenStack-Nova-API-Version: 2.1 x-compute-request-id: req-60393e60-b89d-438a-b539-aad1d1f2c726 x-openstack-request-id: req-60393e60-b89d-438a-b539-aad1d1f2c726 _http_log_response /usr/lib/python2.7/site-packages/keystoneauth1/session.py:479
2019-07-28 07:48:01.899 1842 DEBUG novaclient.v2.client [-] RESP BODY: {"flavor": {"name": "rally_full-flavor_90cb5c5e-b285-46a4-ba38-4aa44519520f", "links": [{"href": "http://172.30.9.38:8774/v2.1/flavors/db7e4642-3115-4382-9759-c92a8614f1a9", "rel": "self"}, {"href": "http://172.30.9.38:8774/flavors/db7e4642-3115-4382-9759-c92a8614f1a9", "rel": "bookmark"}], "ram": 512, "OS-FLV-DISABLED:disabled": false, "vcpus": 1, "swap": "", "os-flavor-access:is_public": true, "rxtx_factor": 1.0, "OS-FLV-EXT-DATA:ephemeral": 0, "disk": 1, "id": "db7e4642-3115-4382-9759-c92a8614f1a9"}} _http_log_response /usr/lib/python2.7/site-packages/keystoneauth1/session.py:511
2019-07-28 07:48:01.899 1842 DEBUG novaclient.v2.client [-] GET call to compute for http://172.30.9.38:8774/v2.1/flavors/db7e4642-3115-4382-9759-c92a8614f1a9 used request id req-60393e60-b89d-438a-b539-aad1d1f2c726 request /usr/lib/python2.7/site-packages/keystoneauth1/session.py:844
2019-07-28 07:48:07.217 1842 DEBUG novaclient.v2.client [-] REQ: curl -g -i -X GET http://172.30.9.38:8774/v2.1/flavors/detail -H "Accept: application/json" -H "User-Agent: python-novaclient" -H "X-Auth-Token: {SHA1}9b27f5977eefff209862e917746d17ce9f223678" _http_log_request /usr/lib/python2.7/site-packages/keystoneauth1/session.py:448
2019-07-28 07:48:07.488 1842 DEBUG novaclient.v2.client [-] RESP: [200] Content-Encoding: gzip Content-Length: 365 Content-Type: application/json Date: Sun, 28 Jul 2019 07:48:07 GMT OpenStack-API-Version: compute 2.1 Server: Apache Vary: OpenStack-API-Version,X-OpenStack-Nova-API-Version,Accept-Encoding X-OpenStack-Nova-API-Version: 2.1 x-compute-request-id: req-fac0bca5-9eca-4323-af16-461bab736119 x-openstack-request-id: req-fac0bca5-9eca-4323-af16-461bab736119 _http_log_response /usr/lib/python2.7/site-packages/keystoneauth1/session.py:479
2019-07-28 07:48:07.489 1842 DEBUG novaclient.v2.client [-] RESP BODY: {"flavors": [{"name": "rally_full-flavor_alt_90cb5c5e-b285-46a4-ba38-4aa44519520f", "links": [{"href": "http://172.30.9.38:8774/v2.1/flavors/08ddcf2b-3629-4eb8-93fb-808db747100b", "rel": "self"}, {"href": "http://172.30.9.38:8774/flavors/08ddcf2b-3629-4eb8-93fb-808db747100b", "rel": "bookmark"}], "ram": 1024, "OS-FLV-DISABLED:disabled": false, "vcpus": 1, "swap": "", "os-flavor-access:is_public": true, "rxtx_factor": 1.0, "OS-FLV-EXT-DATA:ephemeral": 0, "disk": 1, "id": "08ddcf2b-3629-4eb8-93fb-808db747100b"}, {"name": "rally_full-flavor_90cb5c5e-b285-46a4-ba38-4aa44519520f", "links": [{"href": "http://172.30.9.38:8774/v2.1/flavors/db7e4642-3115-4382-9759-c92a8614f1a9", "rel": "self"}, {"href": "http://172.30.9.38:8774/flavors/db7e4642-3115-4382-9759-c92a8614f1a9", "rel": "bookmark"}], "ram": 512, "OS-FLV-DISABLED:disabled": false, "vcpus": 1, "swap": "", "os-flavor-access:is_public": true, "rxtx_factor": 1.0, "OS-FLV-EXT-DATA:ephemeral": 0, "disk": 1, "id": "db7e4642-3115-4382-9759-c92a8614f1a9"}]} _http_log_response /usr/lib/python2.7/site-packages/keystoneauth1/session.py:511
2019-07-28 07:48:07.489 1842 DEBUG novaclient.v2.client [-] GET call to compute for http://172.30.9.38:8774/v2.1/flavors/detail used request id req-fac0bca5-9eca-4323-af16-461bab736119 request /usr/lib/python2.7/site-packages/keystoneauth1/session.py:844
2019-07-28 07:48:07.909 1842 DEBUG novaclient.v2.client [-] REQ: curl -g -i -X GET http://172.30.9.38:8774/v2.1/flavors/db7e4642-3115-4382-9759-c92a8614f1a9 -H "Accept: application/json" -H "User-Agent: python-novaclient" -H "X-Auth-Token: {SHA1}86cd5fa799eade3f5ef519eb7e7982c90680b2b6" _http_log_request /usr/lib/python2.7/site-packages/keystoneauth1/session.py:448
2019-07-28 07:48:08.579 1842 DEBUG novaclient.v2.client [-] RESP: [200] Content-Encoding: gzip Content-Length: 311 Content-Type: application/json Date: Sun, 28 Jul 2019 07:48:07 GMT OpenStack-API-Version: compute 2.1 Server: Apache Vary: OpenStack-API-Version,X-OpenStack-Nova-API-Version,Accept-Encoding X-OpenStack-Nova-API-Version: 2.1 x-compute-request-id: req-68d4c647-c65d-4a5c-8b89-ec55c3ff18b4 x-openstack-request-id: req-68d4c647-c65d-4a5c-8b89-ec55c3ff18b4 _http_log_response /usr/lib/python2.7/site-packages/keystoneauth1/session.py:479
2019-07-28 07:48:08.580 1842 DEBUG novaclient.v2.client [-] RESP BODY: {"flavor": {"name": "rally_full-flavor_90cb5c5e-b285-46a4-ba38-4aa44519520f", "links": [{"href": "http://172.30.9.38:8774/v2.1/flavors/db7e4642-3115-4382-9759-c92a8614f1a9", "rel": "self"}, {"href": "http://172.30.9.38:8774/flavors/db7e4642-3115-4382-9759-c92a8614f1a9", "rel": "bookmark"}], "ram": 512, "OS-FLV-DISABLED:disabled": false, "vcpus": 1, "swap": "", "os-flavor-access:is_public": true, "rxtx_factor": 1.0, "OS-FLV-EXT-DATA:ephemeral": 0, "disk": 1, "id": "db7e4642-3115-4382-9759-c92a8614f1a9"}} _http_log_response /usr/lib/python2.7/site-packages/keystoneauth1/session.py:511
2019-07-28 07:48:08.580 1842 DEBUG novaclient.v2.client [-] GET call to compute for http://172.30.9.38:8774/v2.1/flavors/db7e4642-3115-4382-9759-c92a8614f1a9 used request id req-68d4c647-c65d-4a5c-8b89-ec55c3ff18b4 request /usr/lib/python2.7/site-packages/keystoneauth1/session.py:844
2019-07-28 07:48:10.438 1842 DEBUG novaclient.v2.client [-] REQ: curl -g -i -X GET http://172.30.9.38:8774/v2.1/flavors/detail -H "Accept: application/json" -H "User-Agent: python-novaclient" -H "X-Auth-Token: {SHA1}8ca93feb1c77e50cffcb53ac3724f2349eb37e64" _http_log_request /usr/lib/python2.7/site-packages/keystoneauth1/session.py:448
2019-07-28 07:48:10.717 1842 DEBUG novaclient.v2.client [-] RESP: [200] Content-Encoding: gzip Content-Length: 365 Content-Type: application/json Date: Sun, 28 Jul 2019 07:48:10 GMT OpenStack-API-Version: compute 2.1 Server: Apache Vary: OpenStack-API-Version,X-OpenStack-Nova-API-Version,Accept-Encoding X-OpenStack-Nova-API-Version: 2.1 x-compute-request-id: req-bc38400c-54c9-4f8f-b1d1-144ddbb72459 x-openstack-request-id: req-bc38400c-54c9-4f8f-b1d1-144ddbb72459 _http_log_response /usr/lib/python2.7/site-packages/keystoneauth1/session.py:479
2019-07-28 07:48:10.718 1842 DEBUG novaclient.v2.client [-] RESP BODY: {"flavors": [{"name": "rally_full-flavor_alt_90cb5c5e-b285-46a4-ba38-4aa44519520f", "links": [{"href": "http://172.30.9.38:8774/v2.1/flavors/08ddcf2b-3629-4eb8-93fb-808db747100b", "rel": "self"}, {"href": "http://172.30.9.38:8774/flavors/08ddcf2b-3629-4eb8-93fb-808db747100b", "rel": "bookmark"}], "ram": 1024, "OS-FLV-DISABLED:disabled": false, "vcpus": 1, "swap": "", "os-flavor-access:is_public": true, "rxtx_factor": 1.0, "OS-FLV-EXT-DATA:ephemeral": 0, "disk": 1, "id": "08ddcf2b-3629-4eb8-93fb-808db747100b"}, {"name": "rally_full-flavor_90cb5c5e-b285-46a4-ba38-4aa44519520f", "links": [{"href": "http://172.30.9.38:8774/v2.1/flavors/db7e4642-3115-4382-9759-c92a8614f1a9", "rel": "self"}, {"href": "http://172.30.9.38:8774/flavors/db7e4642-3115-4382-9759-c92a8614f1a9", "rel": "bookmark"}], "ram": 512, "OS-FLV-DISABLED:disabled": false, "vcpus": 1, "swap": "", "os-flavor-access:is_public": true, "rxtx_factor": 1.0, "OS-FLV-EXT-DATA:ephemeral": 0, "disk": 1, "id": "db7e4642-3115-4382-9759-c92a8614f1a9"}]} _http_log_response /usr/lib/python2.7/site-packages/keystoneauth1/session.py:511
2019-07-28 07:48:10.718 1842 DEBUG novaclient.v2.client [-] GET call to compute for http://172.30.9.38:8774/v2.1/flavors/detail used request id req-bc38400c-54c9-4f8f-b1d1-144ddbb72459 request /usr/lib/python2.7/site-packages/keystoneauth1/session.py:844
2019-07-28 07:48:11.143 1842 DEBUG novaclient.v2.client [-] REQ: curl -g -i -X GET http://172.30.9.38:8774/v2.1/flavors/db7e4642-3115-4382-9759-c92a8614f1a9 -H "Accept: application/json" -H "User-Agent: python-novaclient" -H "X-Auth-Token: {SHA1}45575c748e5700e0abafde78c1ee97456b493c8b" _http_log_request /usr/lib/python2.7/site-packages/keystoneauth1/session.py:448
2019-07-28 07:48:11.426 1842 DEBUG novaclient.v2.client [-] RESP: [200] Content-Encoding: gzip Content-Length: 311 Content-Type: application/json Date: Sun, 28 Jul 2019 07:48:11 GMT OpenStack-API-Version: compute 2.1 Server: Apache Vary: OpenStack-API-Version,X-OpenStack-Nova-API-Version,Accept-Encoding X-OpenStack-Nova-API-Version: 2.1 x-compute-request-id: req-3046d64a-dfd2-4405-b1cf-3a38ffb1dc70 x-openstack-request-id: req-3046d64a-dfd2-4405-b1cf-3a38ffb1dc70 _http_log_response /usr/lib/python2.7/site-packages/keystoneauth1/session.py:479
2019-07-28 07:48:11.427 1842 DEBUG novaclient.v2.client [-] RESP BODY: {"flavor": {"name": "rally_full-flavor_90cb5c5e-b285-46a4-ba38-4aa44519520f", "links": [{"href": "http://172.30.9.38:8774/v2.1/flavors/db7e4642-3115-4382-9759-c92a8614f1a9", "rel": "self"}, {"href": "http://172.30.9.38:8774/flavors/db7e4642-3115-4382-9759-c92a8614f1a9", "rel": "bookmark"}], "ram": 512, "OS-FLV-DISABLED:disabled": false, "vcpus": 1, "swap": "", "os-flavor-access:is_public": true, "rxtx_factor": 1.0, "OS-FLV-EXT-DATA:ephemeral": 0, "disk": 1, "id": "db7e4642-3115-4382-9759-c92a8614f1a9"}} _http_log_response /usr/lib/python2.7/site-packages/keystoneauth1/session.py:511
2019-07-28 07:48:11.427 1842 DEBUG novaclient.v2.client [-] GET call to compute for http://172.30.9.38:8774/v2.1/flavors/db7e4642-3115-4382-9759-c92a8614f1a9 used request id req-3046d64a-dfd2-4405-b1cf-3a38ffb1dc70 request /usr/lib/python2.7/site-packages/keystoneauth1/session.py:844
2019-07-28 07:48:21.302 1842 INFO rally.task.context [-] Task 77b18d41-8e4b-4fba-9753-4f102bb15bb1 | Context users@openstack cleanup() started
2019-07-28 07:48:25.733 1842 INFO rally.task.context [-] Task 77b18d41-8e4b-4fba-9753-4f102bb15bb1 | Context users@openstack cleanup() finished in 4.43 sec
2019-07-28 07:48:25.734 1842 INFO rally.task.engine [-] Task 77b18d41-8e4b-4fba-9753-4f102bb15bb1 | Completed: Task validation of semantic.
2019-07-28 07:48:25.734 1842 INFO rally.task.engine [-] Task 77b18d41-8e4b-4fba-9753-4f102bb15bb1 | Completed: Task validation.
2019-07-28 07:48:25.735 1842 INFO rally.api [-] Task 77b18d41-8e4b-4fba-9753-4f102bb15bb1 input file is valid.
2019-07-28 07:48:25.735 1842 INFO rally.api [-] Run Task 77b18d41-8e4b-4fba-9753-4f102bb15bb1 against Deployment d3508d6d-e1ee-47de-ac99-2b0422fe3ae7
2019-07-28 07:48:25.735 1842 INFO rally.task.engine [-] Task 77b18d41-8e4b-4fba-9753-4f102bb15bb1 | Starting: Running task.
