2019-07-28 07:50:08.342 1842 DEBUG novaclient.v2.client [-] RESP BODY: {"keypairs": []} _http_log_response /usr/lib/python2.7/site-packages/keystoneauth1/session.py:511
2019-07-28 07:50:08.342 1842 DEBUG novaclient.v2.client [-] GET call to compute for http://172.30.9.38:8774/v2.1/os-keypairs used request id req-be8cdd70-08f0-4529-86d1-e5371dcd3ec6 request /usr/lib/python2.7/site-packages/keystoneauth1/session.py:844
2019-07-28 07:50:08.757 1842 DEBUG novaclient.v2.client [-] REQ: curl -g -i -X GET http://172.30.9.38:8774/v2.1/os-keypairs -H "Accept: application/json" -H "User-Agent: python-novaclient" -H "X-Auth-Token: {SHA1}4e242b80a36a09203ec61698791b86ddb7f81856" _http_log_request /usr/lib/python2.7/site-packages/keystoneauth1/session.py:448
2019-07-28 07:50:08.953 1842 DEBUG novaclient.v2.client [-] RESP: [200] Content-Length: 16 Content-Type: application/json Date: Sun, 28 Jul 2019 07:50:08 GMT OpenStack-API-Version: compute 2.1 Server: Apache Vary: OpenStack-API-Version,X-OpenStack-Nova-API-Version X-OpenStack-Nova-API-Version: 2.1 x-compute-request-id: req-6008730b-3c73-421b-8b2b-3f0ba9e517d1 x-openstack-request-id: req-6008730b-3c73-421b-8b2b-3f0ba9e517d1 _http_log_response /usr/lib/python2.7/site-packages/keystoneauth1/session.py:479
2019-07-28 07:50:08.953 1842 DEBUG novaclient.v2.client [-] RESP BODY: {"keypairs": []} _http_log_response /usr/lib/python2.7/site-packages/keystoneauth1/session.py:511
2019-07-28 07:50:08.954 1842 DEBUG novaclient.v2.client [-] GET call to compute for http://172.30.9.38:8774/v2.1/os-keypairs used request id req-6008730b-3c73-421b-8b2b-3f0ba9e517d1 request /usr/lib/python2.7/site-packages/keystoneauth1/session.py:844
2019-07-28 07:50:09.372 1842 DEBUG novaclient.v2.client [-] REQ: curl -g -i -X GET http://172.30.9.38:8774/v2.1/os-keypairs -H "Accept: application/json" -H "User-Agent: python-novaclient" -H "X-Auth-Token: {SHA1}d16e5d476aa4d8ccf22f9376edbc00591ecb0207" _http_log_request /usr/lib/python2.7/site-packages/keystoneauth1/session.py:448
2019-07-28 07:50:09.629 1842 DEBUG novaclient.v2.client [-] RESP: [200] Content-Length: 16 Content-Type: application/json Date: Sun, 28 Jul 2019 07:50:09 GMT OpenStack-API-Version: compute 2.1 Server: Apache Vary: OpenStack-API-Version,X-OpenStack-Nova-API-Version X-OpenStack-Nova-API-Version: 2.1 x-compute-request-id: req-be6e6402-acfe-4b53-92f2-9c345b3504ef x-openstack-request-id: req-be6e6402-acfe-4b53-92f2-9c345b3504ef _http_log_response /usr/lib/python2.7/site-packages/keystoneauth1/session.py:479
2019-07-28 07:50:09.630 1842 DEBUG novaclient.v2.client [-] RESP BODY: {"keypairs": []} _http_log_response /usr/lib/python2.7/site-packages/keystoneauth1/session.py:511
2019-07-28 07:50:09.630 1842 DEBUG novaclient.v2.client [-] GET call to compute for http://172.30.9.38:8774/v2.1/os-keypairs used request id req-be6e6402-acfe-4b53-92f2-9c345b3504ef request /usr/lib/python2.7/site-packages/keystoneauth1/session.py:844
2019-07-28 07:50:10.062 1842 DEBUG novaclient.v2.client [-] REQ: curl -g -i -X GET http://172.30.9.38:8774/v2.1/os-keypairs -H "Accept: application/json" -H "User-Agent: python-novaclient" -H "X-Auth-Token: {SHA1}6bef4c9f01fc13e2344dae53aee369ad29473939" _http_log_request /usr/lib/python2.7/site-packages/keystoneauth1/session.py:448
2019-07-28 07:50:10.269 1842 DEBUG novaclient.v2.client [-] RESP: [200] Content-Length: 16 Content-Type: application/json Date: Sun, 28 Jul 2019 07:50:10 GMT OpenStack-API-Version: compute 2.1 Server: Apache Vary: OpenStack-API-Version,X-OpenStack-Nova-API-Version X-OpenStack-Nova-API-Version: 2.1 x-compute-request-id: req-d2d69233-6b04-4428-a245-87ad40f620aa x-openstack-request-id: req-d2d69233-6b04-4428-a245-87ad40f620aa _http_log_response /usr/lib/python2.7/site-packages/keystoneauth1/session.py:479
2019-07-28 07:50:10.269 1842 DEBUG novaclient.v2.client [-] RESP BODY: {"keypairs": []} _http_log_response /usr/lib/python2.7/site-packages/keystoneauth1/session.py:511
2019-07-28 07:50:10.270 1842 DEBUG novaclient.v2.client [-] GET call to compute for http://172.30.9.38:8774/v2.1/os-keypairs used request id req-d2d69233-6b04-4428-a245-87ad40f620aa request /usr/lib/python2.7/site-packages/keystoneauth1/session.py:844
2019-07-28 07:50:10.691 1842 DEBUG novaclient.v2.client [-] REQ: curl -g -i -X GET http://172.30.9.38:8774/v2.1/os-keypairs -H "Accept: application/json" -H "User-Agent: python-novaclient" -H "X-Auth-Token: {SHA1}9875862ffa521844c65d50aa312c9819a77c884b" _http_log_request /usr/lib/python2.7/site-packages/keystoneauth1/session.py:448
2019-07-28 07:50:10.905 1842 DEBUG novaclient.v2.client [-] RESP: [200] Content-Length: 16 Content-Type: application/json Date: Sun, 28 Jul 2019 07:50:10 GMT OpenStack-API-Version: compute 2.1 Server: Apache Vary: OpenStack-API-Version,X-OpenStack-Nova-API-Version X-OpenStack-Nova-API-Version: 2.1 x-compute-request-id: req-8f6e1e19-e5d3-4043-acb5-b597d69cb32c x-openstack-request-id: req-8f6e1e19-e5d3-4043-acb5-b597d69cb32c _http_log_response /usr/lib/python2.7/site-packages/keystoneauth1/session.py:479
2019-07-28 07:50:10.906 1842 DEBUG novaclient.v2.client [-] RESP BODY: {"keypairs": []} _http_log_response /usr/lib/python2.7/site-packages/keystoneauth1/session.py:511
2019-07-28 07:50:10.906 1842 DEBUG novaclient.v2.client [-] GET call to compute for http://172.30.9.38:8774/v2.1/os-keypairs used request id req-8f6e1e19-e5d3-4043-acb5-b597d69cb32c request /usr/lib/python2.7/site-packages/keystoneauth1/session.py:844
2019-07-28 07:50:10.913 1842 RALLYDEBUG rally_openstack.cleanup.manager [-] Cleaning up cinder backups objects
2019-07-28 07:50:13.003 1842 RALLYDEBUG rally_openstack.cleanup.manager [-] Cleaning up cinder volume_snapshots objects
2019-07-28 07:50:15.154 1842 RALLYDEBUG rally_openstack.cleanup.manager [-] Cleaning up cinder transfers objects
2019-07-28 07:50:17.064 1842 RALLYDEBUG rally_openstack.cleanup.manager [-] Cleaning up cinder volumes objects
2019-07-28 07:50:19.109 1842 INFO rally.task.context [-] Task 77b18d41-8e4b-4fba-9753-4f102bb15bb1 | Context cleanup@openstack cleanup() finished in 16.34 sec
2019-07-28 07:50:19.110 1842 INFO rally.task.context [-] Task 77b18d41-8e4b-4fba-9753-4f102bb15bb1 | Context quotas@openstack cleanup() started
2019-07-28 07:50:19.819 1842 INFO rally.task.context [-] Task 77b18d41-8e4b-4fba-9753-4f102bb15bb1 | Context quotas@openstack cleanup() finished in 0.71 sec
2019-07-28 07:50:19.819 1842 INFO rally.task.context [-] Task 77b18d41-8e4b-4fba-9753-4f102bb15bb1 | Context api_versions@openstack cleanup() started
2019-07-28 07:50:19.820 1842 INFO rally.task.context [-] Task 77b18d41-8e4b-4fba-9753-4f102bb15bb1 | Context api_versions@openstack cleanup() finished in 0.29 msec
2019-07-28 07:50:19.820 1842 INFO rally.task.context [-] Task 77b18d41-8e4b-4fba-9753-4f102bb15bb1 | Context users@openstack cleanup() started
2019-07-28 07:50:26.433 1842 INFO rally.task.context [-] Task 77b18d41-8e4b-4fba-9753-4f102bb15bb1 | Context users@openstack cleanup() finished in 6.61 sec
2019-07-28 07:50:26.522 1842 INFO rally.task.engine [-] Load duration is: 87.141928
2019-07-28 07:50:26.523 1842 INFO rally.task.engine [-] Full runner duration is: 88.198184
2019-07-28 07:50:26.523 1842 INFO rally.task.engine [-] Full duration is: 120.511577
2019-07-28 07:50:26.832 1842 INFO rally.task.engine [-] Running workload: position = 0 config = { "version": 2, "title": "A cropped version of a bigger task.", "description": "Auto-generated task from a single workload (uuid=4f7f23d2-efc0-41e2-893c-b74cafb3b80e)", "subtasks": [ { "title": "CinderVolumes.create_and_list_snapshots", "description": "Create and then list a volume-snapshot.", "scenario": { "CinderVolumes.create_and_list_snapshots": { "detailed": true, "force": false } }, "contexts": { "users": { "tenants": 3, "users_per_tenant": 2 }, "quotas": { "cinder": { "gigabytes": -1, "snapshots": -1, "volumes": -1 } }, "api_versions": { "cinder": { "version": 3, "service_type": "volumev3" } }, "volumes": { "size": 1, "volumes_per_tenant": 1 } }, "runner": { "constant": { "concurrency": 4, "times": 10 } }, "hooks": [], "sla": { "failure_rate": { "max": 0 } } } ] }
2019-07-28 07:50:26.866 1842 RALLYDEBUG rally_openstack.contexts.keystone.users [-] Creating 3 tenants using 20 threads
2019-07-28 07:50:28.644 1842 RALLYDEBUG rally_openstack.contexts.keystone.users [-] Creating 6 users using 20 threads
2019-07-28 07:50:31.247 1842 INFO rally.task.context [-] Task 77b18d41-8e4b-4fba-9753-4f102bb15bb1 | Context users@openstack setup() finished in 4.38 sec
2019-07-28 07:50:31.658 1842 INFO rally.task.context [-] Task 77b18d41-8e4b-4fba-9753-4f102bb15bb1 | Context api_versions@openstack setup() finished in 0.41 sec
2019-07-28 07:50:33.333 1842 INFO rally.task.context [-] Task 77b18d41-8e4b-4fba-9753-4f102bb15bb1 | Context quotas@openstack setup() finished in 1.67 sec
2019-07-28 07:50:44.100 1842 INFO rally.task.context [-] Task 77b18d41-8e4b-4fba-9753-4f102bb15bb1 | Context volumes@openstack setup() finished in 10.77 sec
2019-07-28 07:50:44.101 1842 INFO rally.task.context [-] Task 77b18d41-8e4b-4fba-9753-4f102bb15bb1 | Context cleanup@openstack setup() finished in 0.01 msec
2019-07-28 07:50:44.108 1842 RALLYDEBUG rally.task.runner [-] Starting the constant runner (task UUID: 77b18d41-8e4b-4fba-9753-4f102bb15bb1). timeout: 0 concurrency: 4 concurrency_per_worker: 1 times: 10 concurrency_overhead: 0 processes_to_start: 4 max_cpu_used: 16
2019-07-28 07:50:44.120 2210 RALLYDEBUG rally.task.runner [-] Starting a worker. concurrency: 1 args: {"detailed": true, "force": false} times: 10 method_name: run timeout: 0 duration: None cls:
2019-07-28 07:50:44.123 2211 RALLYDEBUG rally.task.runner [-] Starting a worker. concurrency: 1 args: {"detailed": true, "force": false} times: 10 method_name: run timeout: 0 duration: None cls:
2019-07-28 07:50:44.126 2212 RALLYDEBUG rally.task.runner [-] Starting a worker. concurrency: 1 args: {"detailed": true, "force": false} times: 10 method_name: run timeout: 0 duration: None cls:
2019-07-28 07:50:44.129 2213 RALLYDEBUG rally.task.runner [-] Starting a worker. concurrency: 1 args: {"detailed": true, "force": false} times: 10 method_name: run timeout: 0 duration: None cls:
2019-07-28 07:50:44.131 2210 INFO rally.task.runner [-] Task 77b18d41-8e4b-4fba-9753-4f102bb15bb1 | ITER: 1 START
2019-07-28 07:50:44.135 2211 INFO rally.task.runner [-] Task 77b18d41-8e4b-4fba-9753-4f102bb15bb1 | ITER: 2 START
2019-07-28 07:50:44.137 2212 INFO rally.task.runner [-] Task 77b18d41-8e4b-4fba-9753-4f102bb15bb1 | ITER: 3 START
2019-07-28 07:50:44.140 2213 INFO rally.task.runner [-] Task 77b18d41-8e4b-4fba-9753-4f102bb15bb1 | ITER: 4 START
2019-07-28 07:50:47.599 2211 INFO rally.task.runner [-] Task 77b18d41-8e4b-4fba-9753-4f102bb15bb1 | ITER: 2 END: OK
2019-07-28 07:50:47.604 2211 INFO rally.task.runner [-] Task 77b18d41-8e4b-4fba-9753-4f102bb15bb1 | ITER: 5 START
2019-07-28 07:50:47.822 2213 INFO rally.task.runner [-] Task 77b18d41-8e4b-4fba-9753-4f102bb15bb1 | ITER: 4 END: OK
2019-07-28 07:50:47.828 2213 INFO rally.task.runner [-] Task 77b18d41-8e4b-4fba-9753-4f102bb15bb1 | ITER: 6 START
2019-07-28 07:50:47.871 2212 INFO rally.task.runner [-] Task 77b18d41-8e4b-4fba-9753-4f102bb15bb1 | ITER: 3 END: OK
2019-07-28 07:50:47.875 2212 INFO rally.task.runner [-] Task 77b18d41-8e4b-4fba-9753-4f102bb15bb1 | ITER: 7 START
2019-07-28 07:50:47.939 2210 INFO rally.task.runner [-] Task 77b18d41-8e4b-4fba-9753-4f102bb15bb1 | ITER: 1 END: OK
2019-07-28 07:50:47.944 2210 INFO rally.task.runner [-] Task 77b18d41-8e4b-4fba-9753-4f102bb15bb1 | ITER: 8 START
2019-07-28 07:50:51.138 2213 INFO rally.task.runner [-] Task 77b18d41-8e4b-4fba-9753-4f102bb15bb1 | ITER: 6 END: OK
2019-07-28 07:50:51.144 2213 INFO rally.task.runner [-] Task 77b18d41-8e4b-4fba-9753-4f102bb15bb1 | ITER: 9 START
2019-07-28 07:50:51.186 2211 INFO rally.task.runner [-] Task 77b18d41-8e4b-4fba-9753-4f102bb15bb1 | ITER: 5 END: OK
2019-07-28 07:50:51.192 2211 INFO rally.task.runner [-] Task 77b18d41-8e4b-4fba-9753-4f102bb15bb1 | ITER: 10 START
2019-07-28 07:50:51.555 2210 INFO rally.task.runner [-] Task 77b18d41-8e4b-4fba-9753-4f102bb15bb1 | ITER: 8 END: OK
2019-07-28 07:50:51.594 2212 INFO rally.task.runner [-] Task 77b18d41-8e4b-4fba-9753-4f102bb15bb1 | ITER: 7 END: OK
2019-07-28 07:50:54.668 2211 INFO rally.task.runner [-] Task 77b18d41-8e4b-4fba-9753-4f102bb15bb1 | ITER: 10 END: OK
2019-07-28 07:50:54.832 2213 INFO rally.task.runner [-] Task 77b18d41-8e4b-4fba-9753-4f102bb15bb1 | ITER: 9 END: OK
2019-07-28 07:50:54.857 1842 INFO rally.task.context [-] Task 77b18d41-8e4b-4fba-9753-4f102bb15bb1 | Context cleanup@openstack cleanup() started
2019-07-28 07:50:54.859 1842 RALLYDEBUG rally_openstack.cleanup.manager [-] Cleaning up cinder backups objects
2019-07-28 07:50:56.910 1842 RALLYDEBUG rally_openstack.cleanup.manager [-] Cleaning up cinder volume_snapshots objects
2019-07-28 07:50:59.065 1842 RALLYDEBUG rally_openstack.cleanup.manager [-] Deleting cinder.volume_snapshots object s_rally_4f7f23d2_Vaiv5Q3k (cf80e09d-577e-40bc-873a-54a99e9b429d)
2019-07-28 07:50:59.067 1842 RALLYDEBUG rally_openstack.cleanup.manager [-] Deleting cinder.volume_snapshots object s_rally_4f7f23d2_JIdaoADY (402d31ef-93df-4db8-9937-fcd1e800ef4f)
2019-07-28 07:50:59.072 1842 RALLYDEBUG rally_openstack.cleanup.manager [-] Deleting cinder.volume_snapshots object s_rally_4f7f23d2_ytGUynvF (3fa3a26c-e892-47eb-ae53-9531810e55ec)
2019-07-28 07:50:59.079 1842 RALLYDEBUG rally_openstack.cleanup.manager [-] Deleting cinder.volume_snapshots object s_rally_4f7f23d2_IbsaYHUt (20b317ae-4e8f-4311-8791-1658bbe89dfb)
2019-07-28 07:50:59.079 1842 RALLYDEBUG rally_openstack.cleanup.manager [-] Deleting cinder.volume_snapshots object s_rally_4f7f23d2_NMXSJ1Fq (7ba48c2a-9713-44ef-9ec1-07c6de0a8fb7)
2019-07-28 07:50:59.081 1842 RALLYDEBUG rally_openstack.cleanup.manager [-] Deleting cinder.volume_snapshots object s_rally_4f7f23d2_GUrRLHBc (418d070d-881a-4382-b07f-5c7979b57dac)
2019-07-28 07:50:59.087 1842 RALLYDEBUG rally_openstack.cleanup.manager [-] Deleting cinder.volume_snapshots object s_rally_4f7f23d2_QmZIIEWK (95b5b812-961a-46b9-8189-497d724cbf7f)
2019-07-28 07:50:59.088 1842 RALLYDEBUG rally_openstack.cleanup.manager [-] Deleting cinder.volume_snapshots object s_rally_4f7f23d2_aRmMW6A6 (fc18d935-402a-476f-af08-d43bb612d521)
2019-07-28 07:50:59.098 1842 RALLYDEBUG rally_openstack.cleanup.manager [-] Deleting cinder.volume_snapshots object s_rally_4f7f23d2_kyURyFea (12cfdfb6-1b0f-408f-ba32-7b96053c476d)
2019-07-28 07:50:59.101 1842 RALLYDEBUG rally_openstack.cleanup.manager [-] Deleting cinder.volume_snapshots object s_rally_4f7f23d2_ejCd9SKJ (5a6134c0-a0ad-4c33-97cf-da17d5e5ad98)
2019-07-28 07:51:04.039 1842 RALLYDEBUG rally_openstack.cleanup.manager [-] Cleaning up cinder transfers objects
2019-07-28 07:51:05.879 1842 RALLYDEBUG rally_openstack.cleanup.manager [-] Cleaning up cinder volumes objects
2019-07-28 07:51:07.857 1842 INFO rally.task.context [-] Task 77b18d41-8e4b-4fba-9753-4f102bb15bb1 | Context cleanup@openstack cleanup() finished in 13.00 sec
2019-07-28 07:51:07.857 1842 INFO rally.task.context [-] Task 77b18d41-8e4b-4fba-9753-4f102bb15bb1 | Context volumes@openstack cleanup() started
2019-07-28 07:51:07.858 1842 RALLYDEBUG rally_openstack.cleanup.manager [-] Cleaning up cinder volumes objects
2019-07-28 07:51:09.905 1842 RALLYDEBUG rally_openstack.cleanup.manager [-] Deleting cinder.volumes object c_rally_4f7f23d2_UCvNgkUn (9bc2aba4-1e3a-4cac-9a88-e2e919e45d76)
2019-07-28 07:51:09.909 1842 RALLYDEBUG rally_openstack.cleanup.manager [-] Deleting cinder.volumes object c_rally_4f7f23d2_qzRVNaMK (d30c32da-0409-47fd-8a25-a2c9b58c188a)
2019-07-28 07:51:09.913 1842 RALLYDEBUG rally_openstack.cleanup.manager [-] Deleting cinder.volumes object c_rally_4f7f23d2_SrQ5N1E9 (e5d8ac5a-8179-4483-a627-45e3f384ea08)
2019-07-28 07:51:13.258 1842 INFO rally.task.context [-] Task 77b18d41-8e4b-4fba-9753-4f102bb15bb1 | Context volumes@openstack cleanup() finished in 5.40 sec
2019-07-28 07:51:13.259 1842 INFO rally.task.context [-] Task 77b18d41-8e4b-4fba-9753-4f102bb15bb1 | Context quotas@openstack cleanup() started
2019-07-28 07:51:13.531 1842 INFO rally.task.context [-] Task 77b18d41-8e4b-4fba-9753-4f102bb15bb1 | Context quotas@openstack cleanup() finished in 0.27 sec
2019-07-28 07:51:13.531 1842 INFO rally.task.context [-] Task 77b18d41-8e4b-4fba-9753-4f102bb15bb1 | Context api_versions@openstack cleanup() started
2019-07-28 07:51:13.532 1842 INFO rally.task.context [-] Task 77b18d41-8e4b-4fba-9753-4f102bb15bb1 | Context api_versions@openstack cleanup() finished in 0.29 msec
2019-07-28 07:51:13.532 1842 INFO rally.task.context [-] Task 77b18d41-8e4b-4fba-9753-4f102bb15bb1 | Context users@openstack cleanup() started
2019-07-28 07:51:20.965 1842 INFO rally.task.context [-] Task 77b18d41-8e4b-4fba-9753-4f102bb15bb1 | Context users@openstack cleanup() finished in 7.43 sec
2019-07-28 07:51:21.074 1842 INFO rally.task.engine [-] Load duration is: 10.697524
2019-07-28 07:51:21.075 1842 INFO rally.task.engine [-] Full runner duration is: 10.749327
2019-07-28 07:51:21.075 1842 INFO rally.task.engine [-] Full duration is: 54.10503
2019-07-28 07:51:21.369 1842 INFO rally.task.engine [-] Running workload: position = 0 config = { "version": 2, "title": "A cropped version of a bigger task.", "description": "Auto-generated task from a single workload (uuid=3f526bc1-71a5-47c1-b30a-967c1208f60c)", "subtasks": [ { "title": "CinderVolumes.create_and_list_volume", "description": "Create a volume and list all volumes.", "scenario": { "CinderVolumes.create_and_list_volume": { "detailed": true, "image": { "name": "rally_full-img_90cb5c5e-b285-46a4-ba38-4aa44519520f" }, "size": 1 } }, "contexts": { "users": { "tenants": 3, "users_per_tenant": 2 }, "quotas": { "cinder": { "gigabytes": -1, "snapshots": -1, "volumes": -1 } }, "api_versions": { "cinder": { "version": 3, "service_type": "volumev3" } } }, "runner": { "constant": { "concurrency": 4, "times": 10 } }, "hooks": [], "sla": { "failure_rate": { "max": 0 } } } ] }
2019-07-28 07:51:21.396 1842 RALLYDEBUG rally_openstack.contexts.keystone.users [-] Creating 3 tenants using 20 threads
2019-07-28 07:51:23.268 1842 RALLYDEBUG rally_openstack.contexts.keystone.users [-] Creating 6 users using 20 threads
2019-07-28 07:51:25.883 1842 INFO rally.task.context [-] Task 77b18d41-8e4b-4fba-9753-4f102bb15bb1 | Context users@openstack setup() finished in 4.49 sec
2019-07-28 07:51:26.305 1842 INFO rally.task.context [-] Task 77b18d41-8e4b-4fba-9753-4f102bb15bb1 | Context api_versions@openstack setup() finished in 0.42 sec
2019-07-28 07:51:27.864 1842 INFO rally.task.context [-] Task 77b18d41-8e4b-4fba-9753-4f102bb15bb1 | Context quotas@openstack setup() finished in 1.56 sec
2019-07-28 07:51:27.864 1842 INFO rally.task.context [-] Task 77b18d41-8e4b-4fba-9753-4f102bb15bb1 | Context cleanup@openstack setup() finished in 0.01 msec
2019-07-28 07:51:28.609 1842 RALLYDEBUG rally.task.runner [-] Starting the constant runner (task UUID: 77b18d41-8e4b-4fba-9753-4f102bb15bb1). timeout: 0 concurrency: 4 concurrency_per_worker: 1 times: 10 concurrency_overhead: 0 processes_to_start: 4 max_cpu_used: 16
2019-07-28 07:51:28.622 2414 RALLYDEBUG rally.task.runner [-] Starting a worker. concurrency: 1 args: {"detailed": true, "image": "a40b6138-1bc5-4102-9311-99e372e02f85", "size": 1} times: 10 method_name: run timeout: 0 duration: None cls:
2019-07-28 07:51:28.625 2415 RALLYDEBUG rally.task.runner [-] Starting a worker. concurrency: 1 args: {"detailed": true, "image": "a40b6138-1bc5-4102-9311-99e372e02f85", "size": 1} times: 10 method_name: run timeout: 0 duration: None cls:
2019-07-28 07:51:28.628 2416 RALLYDEBUG rally.task.runner [-] Starting a worker. concurrency: 1 args: {"detailed": true, "image": "a40b6138-1bc5-4102-9311-99e372e02f85", "size": 1} times: 10 method_name: run timeout: 0 duration: None cls:
2019-07-28 07:51:28.631 2414 INFO rally.task.runner [-] Task 77b18d41-8e4b-4fba-9753-4f102bb15bb1 | ITER: 1 START
2019-07-28 07:51:28.632 2417 RALLYDEBUG rally.task.runner [-] Starting a worker. concurrency: 1 args: {"detailed": true, "image": "a40b6138-1bc5-4102-9311-99e372e02f85", "size": 1} times: 10 method_name: run timeout: 0 duration: None cls:
2019-07-28 07:51:28.633 2415 INFO rally.task.runner [-] Task 77b18d41-8e4b-4fba-9753-4f102bb15bb1 | ITER: 2 START
2019-07-28 07:51:28.636 2416 INFO rally.task.runner [-] Task 77b18d41-8e4b-4fba-9753-4f102bb15bb1 | ITER: 3 START
2019-07-28 07:51:28.641 2417 INFO rally.task.runner [-] Task 77b18d41-8e4b-4fba-9753-4f102bb15bb1 | ITER: 4 START
2019-07-28 07:51:33.010 2416 RALLYDEBUG rally.task.utils [-] Waiting for resource s_rally_3f526bc1_daKguhFW. Status changed: CREATING => DOWNLOADING in 0.93806385994
2019-07-28 07:51:33.433 2417 RALLYDEBUG rally.task.utils [-] Waiting for resource s_rally_3f526bc1_vBldpr8L. Status changed: CREATING => DOWNLOADING in 0.420239925385
2019-07-28 07:51:35.164 2415 RALLYDEBUG rally.task.utils [-] Waiting for resource s_rally_3f526bc1_gBRFhlsx. Status changed: DOWNLOADING => AVAILABLE in 3.13213682175
2019-07-28 07:51:35.221 2414 RALLYDEBUG rally.task.utils [-] Waiting for resource s_rally_3f526bc1_fuHDWNGt. Status changed: CREATING => AVAILABLE in 3.13821101189
2019-07-28 07:51:35.536 2415 INFO rally.task.runner [-] Task 77b18d41-8e4b-4fba-9753-4f102bb15bb1 | ITER: 2 END: OK
2019-07-28 07:51:35.541 2415 INFO rally.task.runner [-] Task 77b18d41-8e4b-4fba-9753-4f102bb15bb1 | ITER: 5 START
2019-07-28 07:51:35.595 2414 INFO rally.task.runner [-] Task 77b18d41-8e4b-4fba-9753-4f102bb15bb1 | ITER: 1 END: OK
2019-07-28 07:51:35.601 2414 INFO rally.task.runner [-] Task 77b18d41-8e4b-4fba-9753-4f102bb15bb1 | ITER: 6 START
2019-07-28 07:51:37.416 2416 RALLYDEBUG rally.task.utils [-] Waiting for resource s_rally_3f526bc1_daKguhFW. Status changed: DOWNLOADING => AVAILABLE in 4.40600013733
2019-07-28 07:51:37.732 2416 INFO rally.task.runner [-] Task 77b18d41-8e4b-4fba-9753-4f102bb15bb1 | ITER: 3 END: OK
2019-07-28 07:51:37.737 2416 INFO rally.task.runner [-] Task 77b18d41-8e4b-4fba-9753-4f102bb15bb1 | ITER: 7 START
2019-07-28 07:51:38.020 2417 RALLYDEBUG rally.task.utils [-] Waiting for resource s_rally_3f526bc1_vBldpr8L. Status changed: DOWNLOADING => AVAILABLE in 4.58726501465
2019-07-28 07:51:38.286 2417 INFO rally.task.runner [-] Task 77b18d41-8e4b-4fba-9753-4f102bb15bb1 | ITER: 4 END: OK
2019-07-28 07:51:38.291 2417 INFO rally.task.runner [-] Task 77b18d41-8e4b-4fba-9753-4f102bb15bb1 | ITER: 8 START
2019-07-28 07:51:41.542 2414 RALLYDEBUG rally.task.utils [-] Waiting for resource s_rally_3f526bc1_1WekUSL7. Status changed: DOWNLOADING => AVAILABLE in 2.68459606171
2019-07-28 07:51:41.713 2416 RALLYDEBUG rally.task.utils [-] Waiting for resource s_rally_3f526bc1_2dMivUbs. Status changed: CREATING => DOWNLOADING in 0.63803601265
2019-07-28 07:51:41.863 2415 RALLYDEBUG rally.task.utils [-] Waiting for resource s_rally_3f526bc1_4fc9tMYZ. Status changed: DOWNLOADING => AVAILABLE in 3.03393006325
2019-07-28 07:51:41.908 2414 INFO rally.task.runner [-] Task 77b18d41-8e4b-4fba-9753-4f102bb15bb1 | ITER: 6 END: OK
2019-07-28 07:51:41.913 2414 INFO rally.task.runner [-] Task 77b18d41-8e4b-4fba-9753-4f102bb15bb1 | ITER: 9 START
2019-07-28 07:51:42.272 2415 INFO rally.task.runner [-] Task 77b18d41-8e4b-4fba-9753-4f102bb15bb1 | ITER: 5 END: OK
2019-07-28 07:51:42.277 2415 INFO rally.task.runner [-] Task 77b18d41-8e4b-4fba-9753-4f102bb15bb1 | ITER: 10 START
2019-07-28 07:51:43.957 2416 RALLYDEBUG rally.task.utils [-] Waiting for resource s_rally_3f526bc1_2dMivUbs. Status changed: DOWNLOADING => AVAILABLE in 2.2439789772
2019-07-28 07:51:44.245 2416 INFO rally.task.runner [-] Task 77b18d41-8e4b-4fba-9753-4f102bb15bb1 | ITER: 7 END: OK
2019-07-28 07:51:44.440 2417 RALLYDEBUG rally.task.utils [-] Waiting for resource s_rally_3f526bc1_gzM8gwou. Status changed: DOWNLOADING => AVAILABLE in 2.87022399902
2019-07-28 07:51:44.504 2417 INFO rally.task.runner [-] Task 77b18d41-8e4b-4fba-9753-4f102bb15bb1 | ITER: 8 END: OK
2019-07-28 07:51:48.738 2415 RALLYDEBUG rally.task.utils [-] Waiting for resource s_rally_3f526bc1_ct9s9obR. Status changed: DOWNLOADING => AVAILABLE in 2.69658613205
2019-07-28 07:51:48.742 2414 RALLYDEBUG rally.task.utils [-] Waiting for resource s_rally_3f526bc1_rfj3jPPg. Status changed: DOWNLOADING => AVAILABLE in 2.81741499901
2019-07-28 07:51:48.832 2415 INFO rally.task.runner [-] Task 77b18d41-8e4b-4fba-9753-4f102bb15bb1 | ITER: 10 END: OK
2019-07-28 07:51:49.021 2414 INFO rally.task.runner [-] Task 77b18d41-8e4b-4fba-9753-4f102bb15bb1 | ITER: 9 END: OK
2019-07-28 07:51:49.043 1842 INFO rally.task.context [-] Task 77b18d41-8e4b-4fba-9753-4f102bb15bb1 | Context cleanup@openstack cleanup() started
2019-07-28 07:51:49.045 1842 RALLYDEBUG rally_openstack.cleanup.manager [-] Cleaning up cinder backups objects
2019-07-28 07:51:51.237 1842 RALLYDEBUG rally_openstack.cleanup.manager [-] Cleaning up cinder volume_snapshots objects
2019-07-28 07:51:53.206 1842 RALLYDEBUG rally_openstack.cleanup.manager [-] Cleaning up cinder transfers objects
2019-07-28 07:51:55.131 1842 RALLYDEBUG rally_openstack.cleanup.manager [-] Cleaning up cinder volumes objects
2019-07-28 07:51:57.238 1842 RALLYDEBUG rally_openstack.cleanup.manager [-] Deleting cinder.volumes object s_rally_3f526bc1_gzM8gwou (316cb77a-0446-4cc4-9140-be46865fbf4d)
2019-07-28 07:51:57.248 1842 RALLYDEBUG rally_openstack.cleanup.manager [-] Deleting cinder.volumes object s_rally_3f526bc1_vBldpr8L (6f19d169-2bd1-46fa-822d-8abc024332e2)
2019-07-28 07:51:57.253 1842 RALLYDEBUG rally_openstack.cleanup.manager [-] Deleting cinder.volumes object s_rally_3f526bc1_1WekUSL7 (d215cfa8-998c-422d-be01-057e732ff141)
2019-07-28 07:51:57.256 1842 RALLYDEBUG rally_openstack.cleanup.manager [-] Deleting cinder.volumes object s_rally_3f526bc1_4fc9tMYZ (fa42dcd9-8038-4cb7-8428-23126cd3240a)
2019-07-28 07:51:57.261 1842 RALLYDEBUG rally_openstack.cleanup.manager [-] Deleting cinder.volumes object s_rally_3f526bc1_2dMivUbs (1db54597-7930-4215-83fa-0176d219e4e5)
2019-07-28 07:51:57.261 1842 RALLYDEBUG rally_openstack.cleanup.manager [-] Deleting cinder.volumes object s_rally_3f526bc1_fuHDWNGt (ad2ab2bd-acb9-4a8e-9c96-0959b4b791df)
2019-07-28 07:51:57.267 1842 RALLYDEBUG rally_openstack.cleanup.manager [-] Deleting cinder.volumes object s_rally_3f526bc1_rfj3jPPg (9d656bdd-e602-4016-b8b2-df08e005ad1a)
2019-07-28 07:51:57.271 1842 RALLYDEBUG rally_openstack.cleanup.manager [-] Deleting cinder.volumes object s_rally_3f526bc1_gBRFhlsx (a92ca1a0-ed46-484d-8123-bc62661a1965)
2019-07-28 07:51:57.275 1842 RALLYDEBUG rally_openstack.cleanup.manager [-] Deleting cinder.volumes object s_rally_3f526bc1_ct9s9obR (5e862cc6-8441-4b4b-ba58-23aabd06ebf5)
2019-07-28 07:51:57.292 1842 RALLYDEBUG rally_openstack.cleanup.manager [-] Deleting cinder.volumes object s_rally_3f526bc1_daKguhFW (dedeeb5b-8ed6-4f9d-b1dd-5448b69516b7)
2019-07-28 07:52:02.439 1842 INFO rally.task.context [-] Task 77b18d41-8e4b-4fba-9753-4f102bb15bb1 | Context cleanup@openstack cleanup() finished in 13.40 sec
2019-07-28 07:52:02.440 1842 INFO rally.task.context [-] Task 77b18d41-8e4b-4fba-9753-4f102bb15bb1 | Context quotas@openstack cleanup() started
2019-07-28 07:52:02.716 1842 INFO rally.task.context [-] Task 77b18d41-8e4b-4fba-9753-4f102bb15bb1 | Context quotas@openstack cleanup() finished in 0.28 sec
2019-07-28 07:52:02.717 1842 INFO rally.task.context [-] Task 77b18d41-8e4b-4fba-9753-4f102bb15bb1 | Context api_versions@openstack cleanup() started
2019-07-28 07:52:02.717 1842 INFO rally.task.context [-] Task 77b18d41-8e4b-4fba-9753-4f102bb15bb1 | Context api_versions@openstack cleanup() finished in 0.34 msec
2019-07-28 07:52:02.718 1842 INFO rally.task.context [-] Task 77b18d41-8e4b-4fba-9753-4f102bb15bb1 | Context users@openstack cleanup() started
2019-07-28 07:52:09.510 1842 INFO rally.task.context [-] Task 77b18d41-8e4b-4fba-9753-4f102bb15bb1 | Context users@openstack cleanup() finished in 6.79 sec
2019-07-28 07:52:09.606 1842 INFO rally.task.engine [-] Load duration is: 20.38682
2019-07-28 07:52:09.606 1842 INFO rally.task.engine [-] Full runner duration is: 20.434385
2019-07-28 07:52:09.607 1842 INFO rally.task.engine [-] Full duration is: 48.118812
2019-07-28 07:52:09.814 1842 INFO rally.task.engine [-] Running workload: position = 1 config = { "version": 2, "title": "A cropped version of a bigger task.", "description": "Auto-generated task from a single workload (uuid=5f5b8bf6-8869-4d9b-bd17-ed84bad379d1)", "subtasks": [ { "title": "CinderVolumes.create_and_list_volume", "description": "Create a volume and list all volumes.", "scenario": { "CinderVolumes.create_and_list_volume": { "detailed": true, "size": 1 } }, "contexts": { "users": { "tenants": 3, "users_per_tenant": 2 }, "quotas": { "cinder": { "gigabytes": -1, "snapshots": -1, "volumes": -1 } }, "api_versions": { "cinder": { "version": 3, "service_type": "volumev3" } } }, "runner": { "constant": { "concurrency": 4, "times": 10 } }, "hooks": [], "sla": { "failure_rate": { "max": 0 } } } ] }
2019-07-28 07:52:09.837 1842 RALLYDEBUG rally_openstack.contexts.keystone.users [-] Creating 3 tenants using 20 threads
2019-07-28 07:52:11.701 1842 RALLYDEBUG rally_openstack.contexts.keystone.users [-] Creating 6 users using 20 threads
2019-07-28 07:52:14.426 1842 INFO rally.task.context [-] Task 77b18d41-8e4b-4fba-9753-4f102bb15bb1 | Context users@openstack setup() finished in 4.59 sec
2019-07-28 07:52:14.853 1842 INFO rally.task.context [-] Task 77b18d41-8e4b-4fba-9753-4f102bb15bb1 | Context api_versions@openstack setup() finished in 0.43 sec
2019-07-28 07:52:16.645 1842 INFO rally.task.context [-] Task 77b18d41-8e4b-4fba-9753-4f102bb15bb1 | Context quotas@openstack setup() finished in 1.79 sec
2019-07-28 07:52:16.645 1842 INFO rally.task.context [-] Task 77b18d41-8e4b-4fba-9753-4f102bb15bb1 | Context cleanup@openstack setup() finished in 0.01 msec
2019-07-28 07:52:16.653 1842 RALLYDEBUG rally.task.runner [-] Starting the constant runner (task UUID: 77b18d41-8e4b-4fba-9753-4f102bb15bb1). timeout: 0 concurrency: 4 concurrency_per_worker: 1 times: 10 concurrency_overhead: 0 processes_to_start: 4 max_cpu_used: 16
2019-07-28 07:52:16.668 2598 RALLYDEBUG rally.task.runner [-] Starting a worker. concurrency: 1 args: {"detailed": true, "size": 1} times: 10 method_name: run timeout: 0 duration: None cls:
2019-07-28 07:52:16.670 2599 RALLYDEBUG rally.task.runner [-] Starting a worker. concurrency: 1 args: {"detailed": true, "size": 1} times: 10 method_name: run timeout: 0 duration: None cls:
2019-07-28 07:52:16.674 2600 RALLYDEBUG rally.task.runner [-] Starting a worker. concurrency: 1 args: {"detailed": true, "size": 1} times: 10 method_name: run timeout: 0 duration: None cls:
2019-07-28 07:52:16.676 2598 INFO rally.task.runner [-] Task 77b18d41-8e4b-4fba-9753-4f102bb15bb1 | ITER: 1 START
2019-07-28 07:52:16.675 2601 RALLYDEBUG rally.task.runner [-] Starting a worker. concurrency: 1 args: {"detailed": true, "size": 1} times: 10 method_name: run timeout: 0 duration: None cls:
2019-07-28 07:52:16.679 2599 INFO rally.task.runner [-] Task 77b18d41-8e4b-4fba-9753-4f102bb15bb1 | ITER: 2 START
2019-07-28 07:52:16.682 2601 INFO rally.task.runner [-] Task 77b18d41-8e4b-4fba-9753-4f102bb15bb1 | ITER: 4 START
2019-07-28 07:52:16.685 2600 INFO rally.task.runner [-] Task 77b18d41-8e4b-4fba-9753-4f102bb15bb1 | ITER: 3 START
2019-07-28 07:52:20.468 2599 INFO rally.task.runner [-] Task 77b18d41-8e4b-4fba-9753-4f102bb15bb1 | ITER: 2 END: OK
2019-07-28 07:52:20.473 2599 INFO rally.task.runner [-] Task 77b18d41-8e4b-4fba-9753-4f102bb15bb1 | ITER: 5 START
2019-07-28 07:52:20.593 2600 INFO rally.task.runner [-] Task 77b18d41-8e4b-4fba-9753-4f102bb15bb1 | ITER: 3 END: OK
2019-07-28 07:52:20.598 2600 INFO rally.task.runner [-] Task 77b18d41-8e4b-4fba-9753-4f102bb15bb1 | ITER: 6 START
2019-07-28 07:52:20.718 2598 INFO rally.task.runner [-] Task 77b18d41-8e4b-4fba-9753-4f102bb15bb1 | ITER: 1 END: OK
2019-07-28 07:52:20.723 2598 INFO rally.task.runner [-] Task 77b18d41-8e4b-4fba-9753-4f102bb15bb1 | ITER: 7 START
2019-07-28 07:52:20.739 2601 INFO rally.task.runner [-] Task 77b18d41-8e4b-4fba-9753-4f102bb15bb1 | ITER: 4 END: OK
2019-07-28 07:52:20.744 2601 INFO rally.task.runner [-] Task 77b18d41-8e4b-4fba-9753-4f102bb15bb1 | ITER: 8 START
2019-07-28 07:52:23.930 2599 INFO rally.task.runner [-] Task 77b18d41-8e4b-4fba-9753-4f102bb15bb1 | ITER: 5 END: OK
2019-07-28 07:52:23.935 2599 INFO rally.task.runner [-] Task 77b18d41-8e4b-4fba-9753-4f102bb15bb1 | ITER: 9 START
2019-07-28 07:52:24.104 2600 INFO rally.task.runner [-] Task 77b18d41-8e4b-4fba-9753-4f102bb15bb1 | ITER: 6 END: OK
2019-07-28 07:52:24.108 2600 INFO rally.task.runner [-] Task 77b18d41-8e4b-4fba-9753-4f102bb15bb1 | ITER: 10 START
2019-07-28 07:52:24.225 2598 INFO rally.task.runner [-] Task 77b18d41-8e4b-4fba-9753-4f102bb15bb1 | ITER: 7 END: OK
2019-07-28 07:52:24.307 2601 INFO rally.task.runner [-] Task 77b18d41-8e4b-4fba-9753-4f102bb15bb1 | ITER: 8 END: OK
2019-07-28 07:52:27.372 2599 INFO rally.task.runner [-] Task 77b18d41-8e4b-4fba-9753-4f102bb15bb1 | ITER: 9 END: OK
2019-07-28 07:52:27.913 2600 INFO rally.task.runner [-] Task 77b18d41-8e4b-4fba-9753-4f102bb15bb1 | ITER: 10 END: OK
2019-07-28 07:52:27.935 1842 INFO rally.task.context [-] Task 77b18d41-8e4b-4fba-9753-4f102bb15bb1 | Context cleanup@openstack cleanup() started
2019-07-28 07:52:27.937 1842 RALLYDEBUG rally_openstack.cleanup.manager [-] Cleaning up cinder backups objects
2019-07-28 07:52:29.966 1842 RALLYDEBUG rally_openstack.cleanup.manager [-] Cleaning up cinder volume_snapshots objects
2019-07-28 07:52:32.016 1842 RALLYDEBUG rally_openstack.cleanup.manager [-] Cleaning up cinder transfers objects
2019-07-28 07:52:33.948 1842 RALLYDEBUG rally_openstack.cleanup.manager [-] Cleaning up cinder volumes objects
2019-07-28 07:52:36.010 1842 RALLYDEBUG rally_openstack.cleanup.manager [-] Deleting cinder.volumes object s_rally_5f5b8bf6_AbNTKtRi (5a4770e6-f164-4ad7-9a1e-e9b32b744f2a)
2019-07-28 07:52:36.015 1842 RALLYDEBUG rally_openstack.cleanup.manager [-] Deleting cinder.volumes object s_rally_5f5b8bf6_2H2iU5eQ (7fbb4248-bdb2-4793-b397-0b1dd5d15c8d)
2019-07-28 07:52:36.017 1842 RALLYDEBUG rally_openstack.cleanup.manager [-] Deleting cinder.volumes object s_rally_5f5b8bf6_cIIfy3uv (f5156bd8-8a56-4501-b1b6-cf4b7845224f)
2019-07-28 07:52:36.019 1842 RALLYDEBUG rally_openstack.cleanup.manager [-] Deleting cinder.volumes object s_rally_5f5b8bf6_Pt6hvtMq (cf1dbec7-d99d-4902-8281-090813efd6d3)
2019-07-28 07:52:36.021 1842 RALLYDEBUG rally_openstack.cleanup.manager [-] Deleting cinder.volumes object s_rally_5f5b8bf6_OJ5ltA7x (e9bea9c9-f581-4bc5-82ed-f128c3795cd6)
2019-07-28 07:52:36.021 1842 RALLYDEBUG rally_openstack.cleanup.manager [-] Deleting cinder.volumes object s_rally_5f5b8bf6_6nyyuISB (9b15a0cf-6dc4-4621-9a1d-0508d2163bb8)
2019-07-28 07:52:36.028 1842 RALLYDEBUG rally_openstack.cleanup.manager [-] Deleting cinder.volumes object s_rally_5f5b8bf6_i3ksa2ip (dcaa1d9f-a831-4366-9efb-7594ea76ad86)
2019-07-28 07:52:36.034 1842 RALLYDEBUG rally_openstack.cleanup.manager [-] Deleting cinder.volumes object s_rally_5f5b8bf6_mphTh3Qi (90ef9b65-2eec-455a-bfe0-d97b209fd349)
2019-07-28 07:52:36.034 1842 RALLYDEBUG rally_openstack.cleanup.manager [-] Deleting cinder.volumes object s_rally_5f5b8bf6_vJLmxJQJ (34ac34fa-ca0c-4afc-a8de-244eb61dae02)
2019-07-28 07:52:36.043 1842 RALLYDEBUG rally_openstack.cleanup.manager [-] Deleting cinder.volumes object s_rally_5f5b8bf6_soSAFQhD (ee468d4a-e717-4793-9372-4273a42ededc)
2019-07-28 07:52:40.932 1842 INFO rally.task.context [-] Task 77b18d41-8e4b-4fba-9753-4f102bb15bb1 | Context cleanup@openstack cleanup() finished in 13.00 sec
2019-07-28 07:52:40.933 1842 INFO rally.task.context [-] Task 77b18d41-8e4b-4fba-9753-4f102bb15bb1 | Context quotas@openstack cleanup() started
2019-07-28 07:52:41.576 1842 INFO rally.task.context [-] Task 77b18d41-8e4b-4fba-9753-4f102bb15bb1 | Context quotas@openstack cleanup() finished in 0.64 sec
2019-07-28 07:52:41.577 1842 INFO rally.task.context [-] Task 77b18d41-8e4b-4fba-9753-4f102bb15bb1 | Context api_versions@openstack cleanup() started
2019-07-28 07:52:41.577 1842 INFO rally.task.context [-] Task 77b18d41-8e4b-4fba-9753-4f102bb15bb1 | Context api_versions@openstack cleanup() finished in 0.31 msec
2019-07-28 07:52:41.577 1842 INFO rally.task.context [-] Task 77b18d41-8e4b-4fba-9753-4f102bb15bb1 | Context users@openstack cleanup() started
2019-07-28 07:52:48.404 1842 INFO rally.task.context [-] Task 77b18d41-8e4b-4fba-9753-4f102bb15bb1 | Context users@openstack cleanup() finished in 6.83 sec
2019-07-28 07:52:50.004 1842 INFO rally.task.engine [-] Load duration is: 11.234186
2019-07-28 07:52:50.005 1842 INFO rally.task.engine [-] Full runner duration is: 11.282068
2019-07-28 07:52:50.005 1842 INFO rally.task.engine [-] Full duration is: 38.570021
2019-07-28 07:52:50.286 1842 INFO rally.task.engine [-] Running workload: position = 0 config = { "version": 2, "title": "A cropped version of a bigger task.", "description": "Auto-generated task from a single workload (uuid=b3e5a521-50ea-4dbe-8d0c-724e8f47053e)", "subtasks": [ { "title": "CinderVolumes.create_and_upload_volume_to_image", "description": "Create and upload a volume to image.", "scenario": { "CinderVolumes.create_and_upload_volume_to_image": { "container_format": "bare", "disk_format": "raw", "do_delete": true, "force": false, "size": 1 } }, "contexts": { "users": { "tenants": 3, "users_per_tenant": 2 }, "quotas": { "cinder": { "gigabytes": -1, "snapshots": -1, "volumes": -1 } }, "api_versions": { "cinder": { "version": 3, "service_type": "volumev3" } } }, "runner": { "constant": { "concurrency": 4, "times": 10 } }, "hooks": [], "sla": { "failure_rate": { "max": 0 } } } ] }
2019-07-28 07:52:50.311 1842 RALLYDEBUG rally_openstack.contexts.keystone.users [-] Creating 3 tenants using 20 threads
2019-07-28 07:52:52.079 1842 RALLYDEBUG rally_openstack.contexts.keystone.users [-] Creating 6 users using 20 threads
2019-07-28 07:52:54.774 1842 INFO rally.task.context [-] Task 77b18d41-8e4b-4fba-9753-4f102bb15bb1 | Context users@openstack setup() finished in 4.46 sec
2019-07-28 07:52:55.191 1842 INFO rally.task.context [-] Task 77b18d41-8e4b-4fba-9753-4f102bb15bb1 | Context api_versions@openstack setup() finished in 0.42 sec
2019-07-28 07:52:56.690 1842 INFO rally.task.context [-] Task 77b18d41-8e4b-4fba-9753-4f102bb15bb1 | Context quotas@openstack setup() finished in 1.50 sec
2019-07-28 07:52:56.691 1842 INFO rally.task.context [-] Task 77b18d41-8e4b-4fba-9753-4f102bb15bb1 | Context cleanup@openstack setup() finished in 0.01 msec
2019-07-28 07:52:56.698 1842 RALLYDEBUG rally.task.runner [-] Starting the constant runner (task UUID: 77b18d41-8e4b-4fba-9753-4f102bb15bb1). timeout: 0 concurrency: 4 concurrency_per_worker: 1 times: 10 concurrency_overhead: 0 processes_to_start: 4 max_cpu_used: 16
2019-07-28 07:52:56.713 2782 RALLYDEBUG rally.task.runner [-] Starting a worker. concurrency: 1 args: {"container_format": "bare", "disk_format": "raw", "do_delete": true, "force": false, "size": 1} times: 10 method_name: run timeout: 0 duration: None cls:
2019-07-28 07:52:56.715 2783 RALLYDEBUG rally.task.runner [-] Starting a worker. concurrency: 1 args: {"container_format": "bare", "disk_format": "raw", "do_delete": true, "force": false, "size": 1} times: 10 method_name: run timeout: 0 duration: None cls:
2019-07-28 07:52:56.719 2784 RALLYDEBUG rally.task.runner [-] Starting a worker. concurrency: 1 args: {"container_format": "bare", "disk_format": "raw", "do_delete": true, "force": false, "size": 1} times: 10 method_name: run timeout: 0 duration: None cls:
2019-07-28 07:52:56.721 2782 INFO rally.task.runner [-] Task 77b18d41-8e4b-4fba-9753-4f102bb15bb1 | ITER: 1 START
2019-07-28 07:52:56.721 2785 RALLYDEBUG rally.task.runner [-] Starting a worker. concurrency: 1 args: {"container_format": "bare", "disk_format": "raw", "do_delete": true, "force": false, "size": 1} times: 10 method_name: run timeout: 0 duration: None cls:
2019-07-28 07:52:56.725 2783 INFO rally.task.runner [-] Task 77b18d41-8e4b-4fba-9753-4f102bb15bb1 | ITER: 2 START
2019-07-28 07:52:56.728 2784 INFO rally.task.runner [-] Task 77b18d41-8e4b-4fba-9753-4f102bb15bb1 | ITER: 3 START
2019-07-28 07:52:56.729 2785 INFO rally.task.runner [-] Task 77b18d41-8e4b-4fba-9753-4f102bb15bb1 | ITER: 4 START
2019-07-28 07:53:01.428 2783 RALLYDEBUG rally.task.utils [-] Waiting for resource s_rally_b3e5a521_TrTlUjTm. Status changed: AVAILABLE => UPLOADING in 0.260757923126
2019-07-28 07:53:01.768 2784 RALLYDEBUG rally.task.utils [-] Waiting for resource s_rally_b3e5a521_rFQGNXCF. Status changed: AVAILABLE => UPLOADING in 0.278719186783
2019-07-28 07:53:01.994 2785 RALLYDEBUG rally.task.utils [-] Waiting for resource s_rally_b3e5a521_V3wzwGo3. Status changed: AVAILABLE => UPLOADING in 0.294070005417
2019-07-28 07:53:02.093 2782 RALLYDEBUG rally.task.utils [-] Waiting for resource s_rally_b3e5a521_wM9NHjuC. Status changed: AVAILABLE => UPLOADING in 0.291953086853
2019-07-28 07:53:54.859 2783 RALLYDEBUG rally.task.utils [-] Waiting for resource s_rally_b3e5a521_TrTlUjTm. Status changed: UPLOADING => AVAILABLE in 53.4310688972
2019-07-28 07:53:55.011 2785 RALLYDEBUG rally.task.utils [-] Waiting for resource s_rally_b3e5a521_V3wzwGo3. Status changed: UPLOADING => AVAILABLE in 53.0164778233
2019-07-28 07:53:55.013 2784 RALLYDEBUG rally.task.utils [-] Waiting for resource s_rally_b3e5a521_rFQGNXCF. Status changed: UPLOADING => AVAILABLE in 53.2442729473
2019-07-28 07:53:55.072 2782 RALLYDEBUG rally.task.utils [-] Waiting for resource s_rally_b3e5a521_wM9NHjuC. Status changed: UPLOADING => AVAILABLE in 52.9787340164
2019-07-28 07:53:55.322 2783 RALLYDEBUG rally.task.utils [-] Waiting for resource s_rally_b3e5a521_TrTlUjTm. Status changed: AVAILABLE => DELETING in 0.0583698749542
2019-07-28 07:53:55.624 2784 RALLYDEBUG rally.task.utils [-] Waiting for resource s_rally_b3e5a521_rFQGNXCF. Status changed: AVAILABLE => DELETING in 0.0588572025299
2019-07-28 07:53:55.625 2782 RALLYDEBUG rally.task.utils [-] Waiting for resource s_rally_b3e5a521_wM9NHjuC. Status changed: AVAILABLE => DELETING in 0.0567030906677
2019-07-28 07:53:55.629 2785 RALLYDEBUG rally.task.utils [-] Waiting for resource s_rally_b3e5a521_V3wzwGo3. Status changed: AVAILABLE => DELETING in 0.0664119720459
2019-07-28 07:53:59.243 2783 INFO rally.task.runner [-] Task 77b18d41-8e4b-4fba-9753-4f102bb15bb1 | ITER: 2 END: OK
2019-07-28 07:53:59.248 2784 INFO rally.task.runner [-] Task 77b18d41-8e4b-4fba-9753-4f102bb15bb1 | ITER: 3 END: OK
2019-07-28 07:53:59.249 2783 INFO rally.task.runner [-] Task 77b18d41-8e4b-4fba-9753-4f102bb15bb1 | ITER: 5 START
2019-07-28 07:53:59.252 2784 INFO rally.task.runner [-] Task 77b18d41-8e4b-4fba-9753-4f102bb15bb1 | ITER: 6 START
2019-07-28 07:53:59.253 2782 INFO rally.task.runner [-] Task 77b18d41-8e4b-4fba-9753-4f102bb15bb1 | ITER: 1 END: OK
2019-07-28 07:53:59.253 2785 INFO rally.task.runner [-] Task 77b18d41-8e4b-4fba-9753-4f102bb15bb1 | ITER: 4 END: OK
2019-07-28 07:53:59.259 2782 INFO rally.task.runner [-] Task 77b18d41-8e4b-4fba-9753-4f102bb15bb1 | ITER: 7 START
2019-07-28 07:53:59.261 2785 INFO rally.task.runner [-] Task 77b18d41-8e4b-4fba-9753-4f102bb15bb1 | ITER: 8 START
2019-07-28 07:54:05.758 2785 RALLYDEBUG rally.task.utils [-] Waiting for resource s_rally_b3e5a521_7mTshqej. Status changed: AVAILABLE => UPLOADING in 0.289175033569
2019-07-28 07:54:06.009 2782 RALLYDEBUG rally.task.utils [-] Waiting for resource s_rally_b3e5a521_FgqxtTHx. Status changed: AVAILABLE => UPLOADING in 0.378206014633
2019-07-28 07:54:06.115 2783 RALLYDEBUG rally.task.utils [-] Waiting for resource s_rally_b3e5a521_xP0outmr. Status changed: AVAILABLE => UPLOADING in 0.367636919022
2019-07-28 07:54:06.394 2784 RALLYDEBUG rally.task.utils [-] Waiting for resource s_rally_b3e5a521_oJIz1FKy. Status changed: AVAILABLE => UPLOADING in 0.270922899246
2019-07-28 07:54:52.909 2785 RALLYDEBUG rally.task.utils [-] Waiting for resource s_rally_b3e5a521_7mTshqej. Status changed: UPLOADING => AVAILABLE in 47.1509490013
2019-07-28 07:54:53.017 2783 RALLYDEBUG rally.task.utils [-] Waiting for resource s_rally_b3e5a521_xP0outmr. Status changed: UPLOADING => AVAILABLE in 46.9017779827
2019-07-28 07:54:53.075 2782 RALLYDEBUG rally.task.utils [-] Waiting for resource s_rally_b3e5a521_FgqxtTHx. Status changed: UPLOADING => AVAILABLE in 47.0666501522
2019-07-28 07:54:53.404 2785 RALLYDEBUG rally.task.utils [-] Waiting for resource s_rally_b3e5a521_7mTshqej. Status changed: AVAILABLE => DELETING in 0.0990459918976
2019-07-28 07:54:53.493 2783 RALLYDEBUG rally.task.utils [-] Waiting for resource s_rally_b3e5a521_xP0outmr. Status changed: AVAILABLE => DELETING in 0.0527501106262
2019-07-28 07:54:53.627 2782 RALLYDEBUG rally.task.utils [-] Waiting for resource s_rally_b3e5a521_FgqxtTHx. Status changed: AVAILABLE => DELETING in 0.0568161010742
2019-07-28 07:54:55.469 2784 RALLYDEBUG rally.task.utils [-] Waiting for resource s_rally_b3e5a521_oJIz1FKy. Status changed: UPLOADING => AVAILABLE in 49.075701952
2019-07-28 07:54:56.006 2784 RALLYDEBUG rally.task.utils [-] Waiting for resource s_rally_b3e5a521_oJIz1FKy. Status changed: AVAILABLE => DELETING in 0.0535581111908
2019-07-28 07:54:56.739 2785 INFO rally.task.runner [-] Task 77b18d41-8e4b-4fba-9753-4f102bb15bb1 | ITER: 8 END: OK
2019-07-28 07:54:56.744 2785 INFO rally.task.runner [-] Task 77b18d41-8e4b-4fba-9753-4f102bb15bb1 | ITER: 9 START
2019-07-28 07:54:57.739 2783 INFO rally.task.runner [-] Task 77b18d41-8e4b-4fba-9753-4f102bb15bb1 | ITER: 5 END: OK
2019-07-28 07:54:57.744 2783 INFO rally.task.runner [-] Task 77b18d41-8e4b-4fba-9753-4f102bb15bb1 | ITER: 10 START
2019-07-28 07:54:57.753 2782 INFO rally.task.runner [-] Task 77b18d41-8e4b-4fba-9753-4f102bb15bb1 | ITER: 7 END: OK
2019-07-28 07:54:58.808 2784 INFO rally.task.runner [-] Task 77b18d41-8e4b-4fba-9753-4f102bb15bb1 | ITER: 6 END: OK
2019-07-28 07:55:01.649 2785 RALLYDEBUG rally.task.utils [-] Waiting for resource s_rally_b3e5a521_Ia52HtYK. Status changed: AVAILABLE => UPLOADING in 0.30583691597
2019-07-28 07:55:02.581 2783 RALLYDEBUG rally.task.utils [-] Waiting for resource s_rally_b3e5a521_VnyCL8nY. Status changed: AVAILABLE => UPLOADING in 0.054575920105
2019-07-28 07:55:29.579 2785 RALLYDEBUG rally.task.utils [-] Waiting for resource s_rally_b3e5a521_Ia52HtYK. Status changed: UPLOADING => AVAILABLE in 27.9296300411
2019-07-28 07:55:30.526 2785 INFO rally.task.runner [-] Task 77b18d41-8e4b-4fba-9753-4f102bb15bb1 | ITER: 9 END: OK
2019-07-28 07:55:31.128 2783 RALLYDEBUG rally.task.utils [-] Waiting for resource s_rally_b3e5a521_VnyCL8nY. Status changed: UPLOADING => AVAILABLE in 28.5470581055
2019-07-28 07:55:31.603 2783 RALLYDEBUG rally.task.utils [-] Waiting for resource s_rally_b3e5a521_VnyCL8nY. Status changed: AVAILABLE => DELETING in 0.0541989803314
2019-07-28 07:55:34.817 2783 INFO rally.task.runner [-] Task 77b18d41-8e4b-4fba-9753-4f102bb15bb1 | ITER: 10 END: OK
2019-07-28 07:55:34.846 1842 INFO rally.task.context [-] Task 77b18d41-8e4b-4fba-9753-4f102bb15bb1 | Context cleanup@openstack cleanup() started
2019-07-28 07:55:34.848 1842 RALLYDEBUG rally_openstack.cleanup.manager [-] Cleaning up cinder backups objects
2019-07-28 07:55:36.962 1842 RALLYDEBUG rally_openstack.cleanup.manager [-] Cleaning up cinder volume_snapshots objects
2019-07-28 07:55:38.939 1842 RALLYDEBUG rally_openstack.cleanup.manager [-] Cleaning up cinder transfers objects
2019-07-28 07:55:40.974 1842 RALLYDEBUG rally_openstack.cleanup.manager [-] Cleaning up cinder volumes objects
2019-07-28 07:55:43.140 1842 RALLYDEBUG rally_openstack.cleanup.manager [-] Cleaning up glance images objects
2019-07-28 07:55:45.377 1842 INFO rally.task.context [-] Task 77b18d41-8e4b-4fba-9753-4f102bb15bb1 | Context cleanup@openstack cleanup() finished in 10.53 sec
2019-07-28 07:55:45.378 1842 INFO rally.task.context [-] Task 77b18d41-8e4b-4fba-9753-4f102bb15bb1 | Context quotas@openstack cleanup() started
2019-07-28 07:55:46.170 1842 INFO rally.task.context [-] Task 77b18d41-8e4b-4fba-9753-4f102bb15bb1 | Context quotas@openstack cleanup() finished in 0.79 sec
2019-07-28 07:55:46.171 1842 INFO rally.task.context [-] Task 77b18d41-8e4b-4fba-9753-4f102bb15bb1 | Context api_versions@openstack cleanup() started
2019-07-28 07:55:46.171 1842 INFO rally.task.context [-] Task 77b18d41-8e4b-4fba-9753-4f102bb15bb1 | Context api_versions@openstack cleanup() finished in 0.34 msec
2019-07-28 07:55:46.171 1842 INFO rally.task.context [-] Task 77b18d41-8e4b-4fba-9753-4f102bb15bb1 | Context users@openstack cleanup() started
2019-07-28 07:55:52.915 1842 INFO rally.task.context [-] Task 77b18d41-8e4b-4fba-9753-4f102bb15bb1 | Context users@openstack cleanup() finished in 6.74 sec
2019-07-28 07:55:52.983 1842 INFO rally.task.engine [-] Load duration is: 157.230754
2019-07-28 07:55:52.984 1842 INFO rally.task.engine [-] Full runner duration is: 158.148419
2019-07-28 07:55:52.984 1842 INFO rally.task.engine [-] Full duration is: 182.608249
