2019-07-28 07:39:37.159 7 RALLYDEBUG rally.api [-] INFO logs from urllib3 and requests module are hide.
2019-07-28 07:39:37.159 7 RALLYDEBUG rally.api [-] urllib3 insecure warnings are hidden.
2019-07-28 07:39:37.159 7 RALLYDEBUG rally.api [-] ERROR log from boto module is hide.
2019-07-28 07:39:41.547 7 ERROR rally.cli.cliutils [-] Unexpected exception in CLI: DBRecordNotFound: Record for uuid or name is opnfv-rally not found in table envs
2019-07-28 07:39:41.547 7 ERROR rally.cli.cliutils
Traceback (most recent call last):
2019-07-28 07:39:41.547 7 ERROR rally.cli.cliutils
File "/usr/lib/python2.7/site-packages/rally/cli/cliutils.py", line 674, in run
2019-07-28 07:39:41.547 7 ERROR rally.cli.cliutils ret = fn(*fn_args, **fn_kwargs)
2019-07-28 07:39:41.547 7 ERROR rally.cli.cliutils File "", line 2, in destroy
2019-07-28 07:39:41.547 7 ERROR rally.cli.cliutils
File "/usr/lib/python2.7/site-packages/rally/cli/envutils.py", line 69, in default_from_global
2019-07-28 07:39:41.547 7 ERROR rally.cli.cliutils return f(*args, **kwargs)
2019-07-28 07:39:41.547 7 ERROR rally.cli.cliutils File "", line 2, in destroy
2019-07-28 07:39:41.547 7 ERROR rally.cli.cliutils
File "/usr/lib/python2.7/site-packages/rally/plugins/__init__.py", line 51, in ensure_plugins_are_loaded
2019-07-28 07:39:41.547 7 ERROR rally.cli.cliutils return f(*args, **kwargs)
2019-07-28 07:39:41.547 7 ERROR rally.cli.cliutils
File "/usr/lib/python2.7/site-packages/rally/cli/commands/deployment.py", line 140, in destroy
2019-07-28 07:39:41.547 7 ERROR rally.cli.cliutils api.deployment.destroy(deployment=deployment)
2019-07-28 07:39:41.547 7 ERROR rally.cli.cliutils
File "/usr/lib/python2.7/site-packages/rally/api.py", line 115, in destroy
2019-07-28 07:39:41.547 7 ERROR rally.cli.cliutils deploy = objects.Deployment.get(deployment)
2019-07-28 07:39:41.547 7 ERROR rally.cli.cliutils
File "/usr/lib/python2.7/site-packages/rally/common/objects/deploy.py", line 124, in get
2019-07-28 07:39:41.547 7 ERROR rally.cli.cliutils return Deployment(env_mgr.EnvManager.get(deploy))
2019-07-28 07:39:41.547 7 ERROR rally.cli.cliutils
File "/usr/lib/python2.7/site-packages/rally/env/env_mgr.py", line 212, in get
2019-07-28 07:39:41.547 7 ERROR rally.cli.cliutils return cls(db.env_get(uuid_or_name))
2019-07-28 07:39:41.547 7 ERROR rally.cli.cliutils
File "/usr/lib/python2.7/site-packages/rally/common/db/api.py", line 135, in wrapper
2019-07-28 07:39:41.547 7 ERROR rally.cli.cliutils result = f(session, *args, **kwargs)
2019-07-28 07:39:41.547 7 ERROR rally.cli.cliutils
File "/usr/lib/python2.7/site-packages/rally/common/db/api.py", line 521, in env_get
2019-07-28 07:39:41.547 7 ERROR rally.cli.cliutils criteria="uuid or name is %s" % uuid_or_name, table="envs")
2019-07-28 07:39:41.547 7 ERROR rally.cli.cliutils DBRecordNotFound: Record for uuid or name is opnfv-rally not found in table envs
2019-07-28 07:39:41.547 7 ERROR rally.cli.cliutils
2019-07-28 07:39:42.307 9 RALLYDEBUG rally.api [-] INFO logs from urllib3 and requests module are hide.
2019-07-28 07:39:42.307 9 RALLYDEBUG rally.api [-] urllib3 insecure warnings are hidden.
2019-07-28 07:39:42.307 9 RALLYDEBUG rally.api [-] ERROR log from boto module is hide.
2019-07-28 07:39:43.520 9 WARNING rally_openstack.platforms.existing [-] endpoint is deprecated and not used.
2019-07-28 07:39:44.482 11 RALLYDEBUG rally.api [-] INFO logs from urllib3 and requests module are hide.
2019-07-28 07:39:44.482 11 RALLYDEBUG rally.api [-] urllib3 insecure warnings are hidden.
2019-07-28 07:39:44.482 11 RALLYDEBUG rally.api [-] ERROR log from boto module is hide.
2019-07-28 07:39:48.062 14 RALLYDEBUG rally.api [-] INFO logs from urllib3 and requests module are hide.
2019-07-28 07:39:48.062 14 RALLYDEBUG rally.api [-] urllib3 insecure warnings are hidden.
2019-07-28 07:39:48.062 14 RALLYDEBUG rally.api [-] ERROR log from boto module is hide.
2019-07-28 07:39:49.853 16 RALLYDEBUG rally.api [-] INFO logs from urllib3 and requests module are hide.
2019-07-28 07:39:49.853 16 RALLYDEBUG rally.api [-] urllib3 insecure warnings are hidden.
2019-07-28 07:39:49.853 16 RALLYDEBUG rally.api [-] ERROR log from boto module is hide.
2019-07-28 07:39:51.311 16 INFO rally.task.engine [-] Task 2f9590e9-81f4-428a-903d-219742909b32 | Starting: Task validation.
2019-07-28 07:39:51.347 16 INFO rally.task.engine [-] Task 2f9590e9-81f4-428a-903d-219742909b32 | Starting: Task validation of syntax.
2019-07-28 07:39:51.404 16 INFO rally.task.engine [-] Task 2f9590e9-81f4-428a-903d-219742909b32 | Completed: Task validation of syntax.
2019-07-28 07:39:51.405 16 INFO rally.task.engine [-] Task 2f9590e9-81f4-428a-903d-219742909b32 | Starting: Task validation of required platforms.
2019-07-28 07:39:51.434 16 INFO rally.task.engine [-] Task 2f9590e9-81f4-428a-903d-219742909b32 | Completed: Task validation of required platforms.
2019-07-28 07:39:51.435 16 INFO rally.task.engine [-] Task 2f9590e9-81f4-428a-903d-219742909b32 | Starting: Task validation of semantic.
2019-07-28 07:39:51.435 16 INFO rally.task.engine [-] Check health of the environment 'd3508d6d-e1ee-47de-ac99-2b0422fe3ae7'.
2019-07-28 07:39:52.260 16 INFO rally.task.engine [-] Platform existing@openstack (available: True): OK!
2019-07-28 07:39:52.277 16 RALLYDEBUG rally_openstack.contexts.keystone.users [-] Creating 1 tenants using 20 threads
2019-07-28 07:39:54.073 16 RALLYDEBUG rally_openstack.contexts.keystone.users [-] Creating 1 users using 20 threads
2019-07-28 07:39:56.458 16 INFO rally.task.context [-] Task 2f9590e9-81f4-428a-903d-219742909b32 | Context users@openstack setup() finished in 4.18 sec
2019-07-28 07:39:56.507 16 INFO rally.task.context [-] Task 2f9590e9-81f4-428a-903d-219742909b32 | Context users@openstack cleanup() started
2019-07-28 07:40:00.883 16 INFO rally.task.context [-] Task 2f9590e9-81f4-428a-903d-219742909b32 | Context users@openstack cleanup() finished in 4.38 sec
2019-07-28 07:40:00.884 16 INFO rally.task.engine [-] Task 2f9590e9-81f4-428a-903d-219742909b32 | Completed: Task validation of semantic.
2019-07-28 07:40:00.884 16 INFO rally.task.engine [-] Task 2f9590e9-81f4-428a-903d-219742909b32 | Completed: Task validation.
2019-07-28 07:40:00.885 16 INFO rally.api [-] Task 2f9590e9-81f4-428a-903d-219742909b32 input file is valid.
2019-07-28 07:40:00.885 16 INFO rally.api [-] Run Task 2f9590e9-81f4-428a-903d-219742909b32 against Deployment d3508d6d-e1ee-47de-ac99-2b0422fe3ae7
2019-07-28 07:40:00.885 16 INFO rally.task.engine [-] Task 2f9590e9-81f4-428a-903d-219742909b32 | Starting: Running task.
2019-07-28 07:40:01.237 16 INFO rally.task.engine [-] Running workload: position = 0 config = { "version": 2, "title": "A cropped version of a bigger task.", "description": "Auto-generated task from a single workload (uuid=fecbb8b6-27ce-4bc6-8fc7-214b6cbed6ff)", "subtasks": [ { "title": "Authenticate.keystone", "description": "Check Keystone Client.", "scenario": { "Authenticate.keystone": {} }, "contexts": { "users": { "tenants": 3, "users_per_tenant": 2 } }, "runner": { "constant": { "concurrency": 4, "times": 10 } }, "hooks": [], "sla": { "failure_rate": { "max": 0 } } } ] }
2019-07-28 07:40:01.255 16 RALLYDEBUG rally_openstack.contexts.keystone.users [-] Creating 3 tenants using 20 threads
2019-07-28 07:40:03.542 16 RALLYDEBUG rally_openstack.contexts.keystone.users [-] Creating 6 users using 20 threads
2019-07-28 07:40:06.218 16 INFO rally.task.context [-] Task 2f9590e9-81f4-428a-903d-219742909b32 | Context users@openstack setup() finished in 4.96 sec
2019-07-28 07:40:06.226 16 RALLYDEBUG rally.task.runner [-] Starting the constant runner (task UUID: 2f9590e9-81f4-428a-903d-219742909b32). timeout: 0 concurrency: 4 concurrency_per_worker: 1 times: 10 concurrency_overhead: 0 processes_to_start: 4 max_cpu_used: 16
2019-07-28 07:40:06.239 140 RALLYDEBUG rally.task.runner [-] Starting a worker. concurrency: 1 args: {} times: 10 method_name: run timeout: 0 duration: None cls:
2019-07-28 07:40:06.243 141 RALLYDEBUG rally.task.runner [-] Starting a worker. concurrency: 1 args: {} times: 10 method_name: run timeout: 0 duration: None cls:
2019-07-28 07:40:06.245 142 RALLYDEBUG rally.task.runner [-] Starting a worker. concurrency: 1 args: {} times: 10 method_name: run timeout: 0 duration: None cls:
2019-07-28 07:40:06.245 140 INFO rally.task.runner [-] Task 2f9590e9-81f4-428a-903d-219742909b32 | ITER: 1 START
2019-07-28 07:40:06.247 143 RALLYDEBUG rally.task.runner [-] Starting a worker. concurrency: 1 args: {} times: 10 method_name: run timeout: 0 duration: None cls:
2019-07-28 07:40:06.248 141 INFO rally.task.runner [-] Task 2f9590e9-81f4-428a-903d-219742909b32 | ITER: 2 START
2019-07-28 07:40:06.250 142 INFO rally.task.runner [-] Task 2f9590e9-81f4-428a-903d-219742909b32 | ITER: 3 START
2019-07-28 07:40:06.253 143 INFO rally.task.runner [-] Task 2f9590e9-81f4-428a-903d-219742909b32 | ITER: 4 START
2019-07-28 07:40:06.847 142 INFO rally.task.runner [-] Task 2f9590e9-81f4-428a-903d-219742909b32 | ITER: 3 END: OK
2019-07-28 07:40:06.848 143 INFO rally.task.runner [-] Task 2f9590e9-81f4-428a-903d-219742909b32 | ITER: 4 END: OK
2019-07-28 07:40:06.852 143 INFO rally.task.runner [-] Task 2f9590e9-81f4-428a-903d-219742909b32 | ITER: 5 START
2019-07-28 07:40:06.852 142 INFO rally.task.runner [-] Task 2f9590e9-81f4-428a-903d-219742909b32 | ITER: 6 START
2019-07-28 07:40:06.855 141 INFO rally.task.runner [-] Task 2f9590e9-81f4-428a-903d-219742909b32 | ITER: 2 END: OK
2019-07-28 07:40:06.860 141 INFO rally.task.runner [-] Task 2f9590e9-81f4-428a-903d-219742909b32 | ITER: 7 START
2019-07-28 07:40:06.861 140 INFO rally.task.runner [-] Task 2f9590e9-81f4-428a-903d-219742909b32 | ITER: 1 END: OK
2019-07-28 07:40:06.867 140 INFO rally.task.runner [-] Task 2f9590e9-81f4-428a-903d-219742909b32 | ITER: 8 START
2019-07-28 07:40:07.430 143 INFO rally.task.runner [-] Task 2f9590e9-81f4-428a-903d-219742909b32 | ITER: 5 END: OK
2019-07-28 07:40:07.434 143 INFO rally.task.runner [-] Task 2f9590e9-81f4-428a-903d-219742909b32 | ITER: 9 START
2019-07-28 07:40:07.441 142 INFO rally.task.runner [-] Task 2f9590e9-81f4-428a-903d-219742909b32 | ITER: 6 END: OK
2019-07-28 07:40:07.444 142 INFO rally.task.runner [-] Task 2f9590e9-81f4-428a-903d-219742909b32 | ITER: 10 START
2019-07-28 07:40:07.445 141 INFO rally.task.runner [-] Task 2f9590e9-81f4-428a-903d-219742909b32 | ITER: 7 END: OK
2019-07-28 07:40:07.460 140 INFO rally.task.runner [-] Task 2f9590e9-81f4-428a-903d-219742909b32 | ITER: 8 END: OK
2019-07-28 07:40:08.013 143 INFO rally.task.runner [-] Task 2f9590e9-81f4-428a-903d-219742909b32 | ITER: 9 END: OK
2019-07-28 07:40:08.016 142 INFO rally.task.runner [-] Task 2f9590e9-81f4-428a-903d-219742909b32 | ITER: 10 END: OK
2019-07-28 07:40:08.040 16 INFO rally.task.context [-] Task 2f9590e9-81f4-428a-903d-219742909b32 | Context users@openstack cleanup() started
2019-07-28 07:40:14.969 16 INFO rally.task.context [-] Task 2f9590e9-81f4-428a-903d-219742909b32 | Context users@openstack cleanup() finished in 6.93 sec
2019-07-28 07:40:15.324 16 INFO rally.task.engine [-] Load duration is: 1.768978
2019-07-28 07:40:15.325 16 INFO rally.task.engine [-] Full runner duration is: 1.815055
2019-07-28 07:40:15.325 16 INFO rally.task.engine [-] Full duration is: 13.715274
2019-07-28 07:40:15.623 16 INFO rally.task.engine [-] Running workload: position = 0 config = { "version": 2, "title": "A cropped version of a bigger task.", "description": "Auto-generated task from a single workload (uuid=d3bdc94e-3882-4677-86c8-dd2b66d25913)", "subtasks": [ { "title": "Authenticate.validate_cinder", "description": "Check Cinder Client to ensure validation of token.", "scenario": { "Authenticate.validate_cinder": { "repetitions": 2 } }, "contexts": { "users": { "tenants": 3, "users_per_tenant": 2 } }, "runner": { "constant": { "concurrency": 4, "times": 10 } }, "hooks": [], "sla": { "failure_rate": { "max": 0 } } } ] }
2019-07-28 07:40:15.641 16 RALLYDEBUG rally_openstack.contexts.keystone.users [-] Creating 3 tenants using 20 threads
2019-07-28 07:40:17.435 16 RALLYDEBUG rally_openstack.contexts.keystone.users [-] Creating 6 users using 20 threads
2019-07-28 07:40:20.047 16 INFO rally.task.context [-] Task 2f9590e9-81f4-428a-903d-219742909b32 | Context users@openstack setup() finished in 4.41 sec
2019-07-28 07:40:20.055 16 RALLYDEBUG rally.task.runner [-] Starting the constant runner (task UUID: 2f9590e9-81f4-428a-903d-219742909b32). timeout: 0 concurrency: 4 concurrency_per_worker: 1 times: 10 concurrency_overhead: 0 processes_to_start: 4 max_cpu_used: 16
2019-07-28 07:40:20.067 244 RALLYDEBUG rally.task.runner [-] Starting a worker. concurrency: 1 args: {"repetitions": 2} times: 10 method_name: run timeout: 0 duration: None cls:
2019-07-28 07:40:20.068 245 RALLYDEBUG rally.task.runner [-] Starting a worker. concurrency: 1 args: {"repetitions": 2} times: 10 method_name: run timeout: 0 duration: None cls:
2019-07-28 07:40:20.070 246 RALLYDEBUG rally.task.runner [-] Starting a worker. concurrency: 1 args: {"repetitions": 2} times: 10 method_name: run timeout: 0 duration: None cls:
2019-07-28 07:40:20.073 245 INFO rally.task.runner [-] Task 2f9590e9-81f4-428a-903d-219742909b32 | ITER: 2 START
2019-07-28 07:40:20.073 247 RALLYDEBUG rally.task.runner [-] Starting a worker. concurrency: 1 args: {"repetitions": 2} times: 10 method_name: run timeout: 0 duration: None cls:
2019-07-28 07:40:20.074 244 INFO rally.task.runner [-] Task 2f9590e9-81f4-428a-903d-219742909b32 | ITER: 1 START
2019-07-28 07:40:20.075 246 INFO rally.task.runner [-] Task 2f9590e9-81f4-428a-903d-219742909b32 | ITER: 3 START
2019-07-28 07:40:20.077 247 INFO rally.task.runner [-] Task 2f9590e9-81f4-428a-903d-219742909b32 | ITER: 4 START
2019-07-28 07:40:21.968 247 INFO rally.task.runner [-] Task 2f9590e9-81f4-428a-903d-219742909b32 | ITER: 4 END: OK
2019-07-28 07:40:21.972 245 INFO rally.task.runner [-] Task 2f9590e9-81f4-428a-903d-219742909b32 | ITER: 2 END: OK
2019-07-28 07:40:21.973 247 INFO rally.task.runner [-] Task 2f9590e9-81f4-428a-903d-219742909b32 | ITER: 5 START
2019-07-28 07:40:21.976 245 INFO rally.task.runner [-] Task 2f9590e9-81f4-428a-903d-219742909b32 | ITER: 6 START
2019-07-28 07:40:22.014 244 INFO rally.task.runner [-] Task 2f9590e9-81f4-428a-903d-219742909b32 | ITER: 1 END: OK
2019-07-28 07:40:22.018 244 INFO rally.task.runner [-] Task 2f9590e9-81f4-428a-903d-219742909b32 | ITER: 7 START
2019-07-28 07:40:22.034 246 INFO rally.task.runner [-] Task 2f9590e9-81f4-428a-903d-219742909b32 | ITER: 3 END: OK
2019-07-28 07:40:22.037 246 INFO rally.task.runner [-] Task 2f9590e9-81f4-428a-903d-219742909b32 | ITER: 8 START
2019-07-28 07:40:24.094 247 INFO rally.task.runner [-] Task 2f9590e9-81f4-428a-903d-219742909b32 | ITER: 5 END: OK
2019-07-28 07:40:24.098 247 INFO rally.task.runner [-] Task 2f9590e9-81f4-428a-903d-219742909b32 | ITER: 9 START
2019-07-28 07:40:25.531 246 INFO rally.task.runner [-] Task 2f9590e9-81f4-428a-903d-219742909b32 | ITER: 8 END: OK
2019-07-28 07:40:25.535 246 INFO rally.task.runner [-] Task 2f9590e9-81f4-428a-903d-219742909b32 | ITER: 10 START
2019-07-28 07:40:25.555 247 INFO rally.task.runner [-] Task 2f9590e9-81f4-428a-903d-219742909b32 | ITER: 9 END: OK
2019-07-28 07:40:25.626 244 INFO rally.task.runner [-] Task 2f9590e9-81f4-428a-903d-219742909b32 | ITER: 7 END: OK
2019-07-28 07:40:26.369 245 INFO rally.task.runner [-] Task 2f9590e9-81f4-428a-903d-219742909b32 | ITER: 6 END: OK
2019-07-28 07:40:26.391 246 INFO rally.task.runner [-] Task 2f9590e9-81f4-428a-903d-219742909b32 | ITER: 10 END: OK
2019-07-28 07:40:26.418 16 INFO rally.task.context [-] Task 2f9590e9-81f4-428a-903d-219742909b32 | Context users@openstack cleanup() started
2019-07-28 07:40:33.286 16 INFO rally.task.context [-] Task 2f9590e9-81f4-428a-903d-219742909b32 | Context users@openstack cleanup() finished in 6.87 sec
2019-07-28 07:40:33.715 16 INFO rally.task.engine [-] Load duration is: 6.316835
2019-07-28 07:40:33.716 16 INFO rally.task.engine [-] Full runner duration is: 6.362794
2019-07-28 07:40:33.716 16 INFO rally.task.engine [-] Full duration is: 17.647787
2019-07-28 07:40:34.007 16 INFO rally.task.engine [-] Running workload: position = 0 config = { "version": 2, "title": "A cropped version of a bigger task.", "description": "Auto-generated task from a single workload (uuid=bbae52a1-e82d-4e6b-9222-2685c7dec4cb)", "subtasks": [ { "title": "Authenticate.validate_glance", "description": "Check Glance Client to ensure validation of token.", "scenario": { "Authenticate.validate_glance": { "repetitions": 2 } }, "contexts": { "users": { "tenants": 3, "users_per_tenant": 2 } }, "runner": { "constant": { "concurrency": 4, "times": 10 } }, "hooks": [], "sla": { "failure_rate": { "max": 0 } } } ] }
2019-07-28 07:40:34.029 16 RALLYDEBUG rally_openstack.contexts.keystone.users [-] Creating 3 tenants using 20 threads
2019-07-28 07:40:35.798 16 RALLYDEBUG rally_openstack.contexts.keystone.users [-] Creating 6 users using 20 threads
2019-07-28 07:40:38.677 16 INFO rally.task.context [-] Task 2f9590e9-81f4-428a-903d-219742909b32 | Context users@openstack setup() finished in 4.65 sec
2019-07-28 07:40:38.685 16 RALLYDEBUG rally.task.runner [-] Starting the constant runner (task UUID: 2f9590e9-81f4-428a-903d-219742909b32). timeout: 0 concurrency: 4 concurrency_per_worker: 1 times: 10 concurrency_overhead: 0 processes_to_start: 4 max_cpu_used: 16
2019-07-28 07:40:38.698 348 RALLYDEBUG rally.task.runner [-] Starting a worker. concurrency: 1 args: {"repetitions": 2} times: 10 method_name: run timeout: 0 duration: None cls:
2019-07-28 07:40:38.702 349 RALLYDEBUG rally.task.runner [-] Starting a worker. concurrency: 1 args: {"repetitions": 2} times: 10 method_name: run timeout: 0 duration: None cls:
2019-07-28 07:40:38.704 348 INFO rally.task.runner [-] Task 2f9590e9-81f4-428a-903d-219742909b32 | ITER: 1 START
2019-07-28 07:40:38.706 350 RALLYDEBUG rally.task.runner [-] Starting a worker. concurrency: 1 args: {"repetitions": 2} times: 10 method_name: run timeout: 0 duration: None cls:
2019-07-28 07:40:38.708 349 INFO rally.task.runner [-] Task 2f9590e9-81f4-428a-903d-219742909b32 | ITER: 2 START
2019-07-28 07:40:38.708 351 RALLYDEBUG rally.task.runner [-] Starting a worker. concurrency: 1 args: {"repetitions": 2} times: 10 method_name: run timeout: 0 duration: None cls:
2019-07-28 07:40:38.712 350 INFO rally.task.runner [-] Task 2f9590e9-81f4-428a-903d-219742909b32 | ITER: 3 START
2019-07-28 07:40:38.714 351 INFO rally.task.runner [-] Task 2f9590e9-81f4-428a-903d-219742909b32 | ITER: 4 START
2019-07-28 07:40:39.532 349 INFO rally.task.runner [-] Task 2f9590e9-81f4-428a-903d-219742909b32 | ITER: 2 END: OK
2019-07-28 07:40:39.537 349 INFO rally.task.runner [-] Task 2f9590e9-81f4-428a-903d-219742909b32 | ITER: 5 START
2019-07-28 07:40:39.539 351 INFO rally.task.runner [-] Task 2f9590e9-81f4-428a-903d-219742909b32 | ITER: 4 END: OK
2019-07-28 07:40:39.544 351 INFO rally.task.runner [-] Task 2f9590e9-81f4-428a-903d-219742909b32 | ITER: 6 START
2019-07-28 07:40:39.546 350 INFO rally.task.runner [-] Task 2f9590e9-81f4-428a-903d-219742909b32 | ITER: 3 END: OK
2019-07-28 07:40:39.551 350 INFO rally.task.runner [-] Task 2f9590e9-81f4-428a-903d-219742909b32 | ITER: 7 START
2019-07-28 07:40:39.576 348 INFO rally.task.runner [-] Task 2f9590e9-81f4-428a-903d-219742909b32 | ITER: 1 END: OK
2019-07-28 07:40:39.579 348 INFO rally.task.runner [-] Task 2f9590e9-81f4-428a-903d-219742909b32 | ITER: 8 START
2019-07-28 07:40:40.281 348 INFO rally.task.runner [-] Task 2f9590e9-81f4-428a-903d-219742909b32 | ITER: 8 END: OK
2019-07-28 07:40:40.285 348 INFO rally.task.runner [-] Task 2f9590e9-81f4-428a-903d-219742909b32 | ITER: 9 START
2019-07-28 07:40:40.314 351 INFO rally.task.runner [-] Task 2f9590e9-81f4-428a-903d-219742909b32 | ITER: 6 END: OK
2019-07-28 07:40:40.315 349 INFO rally.task.runner [-] Task 2f9590e9-81f4-428a-903d-219742909b32 | ITER: 5 END: OK
2019-07-28 07:40:40.317 351 INFO rally.task.runner [-] Task 2f9590e9-81f4-428a-903d-219742909b32 | ITER: 10 START
2019-07-28 07:40:40.336 350 INFO rally.task.runner [-] Task 2f9590e9-81f4-428a-903d-219742909b32 | ITER: 7 END: OK
2019-07-28 07:40:40.968 348 INFO rally.task.runner [-] Task 2f9590e9-81f4-428a-903d-219742909b32 | ITER: 9 END: OK
2019-07-28 07:40:41.009 351 INFO rally.task.runner [-] Task 2f9590e9-81f4-428a-903d-219742909b32 | ITER: 10 END: OK
2019-07-28 07:40:41.028 16 INFO rally.task.context [-] Task 2f9590e9-81f4-428a-903d-219742909b32 | Context users@openstack cleanup() started
2019-07-28 07:40:48.120 16 INFO rally.task.context [-] Task 2f9590e9-81f4-428a-903d-219742909b32 | Context users@openstack cleanup() finished in 7.09 sec
2019-07-28 07:40:50.110 16 INFO rally.task.engine [-] Load duration is: 2.302948
2019-07-28 07:40:50.110 16 INFO rally.task.engine [-] Full runner duration is: 2.343688
2019-07-28 07:40:50.111 16 INFO rally.task.engine [-] Full duration is: 14.093662
2019-07-28 07:40:50.391 16 INFO rally.task.engine [-] Running workload: position = 0 config = { "version": 2, "title": "A cropped version of a bigger task.", "description": "Auto-generated task from a single workload (uuid=8baf25a4-2d1e-4ed5-9f69-2b587cd03a19)", "subtasks": [ { "title": "Authenticate.validate_heat", "description": "Check Heat Client to ensure validation of token.", "scenario": { "Authenticate.validate_heat": { "repetitions": 2 } }, "contexts": { "users": { "tenants": 3, "users_per_tenant": 2 } }, "runner": { "constant": { "concurrency": 4, "times": 10 } }, "hooks": [], "sla": { "failure_rate": { "max": 0 } } } ] }
2019-07-28 07:40:50.412 16 RALLYDEBUG rally_openstack.contexts.keystone.users [-] Creating 3 tenants using 20 threads
2019-07-28 07:40:52.165 16 RALLYDEBUG rally_openstack.contexts.keystone.users [-] Creating 6 users using 20 threads
2019-07-28 07:40:54.952 16 INFO rally.task.context [-] Task 2f9590e9-81f4-428a-903d-219742909b32 | Context users@openstack setup() finished in 4.54 sec
2019-07-28 07:40:54.959 16 RALLYDEBUG rally.task.runner [-] Starting the constant runner (task UUID: 2f9590e9-81f4-428a-903d-219742909b32). timeout: 0 concurrency: 4 concurrency_per_worker: 1 times: 10 concurrency_overhead: 0 processes_to_start: 4 max_cpu_used: 16
2019-07-28 07:40:54.971 452 RALLYDEBUG rally.task.runner [-] Starting a worker. concurrency: 1 args: {"repetitions": 2} times: 10 method_name: run timeout: 0 duration: None cls:
2019-07-28 07:40:54.971 453 RALLYDEBUG rally.task.runner [-] Starting a worker. concurrency: 1 args: {"repetitions": 2} times: 10 method_name: run timeout: 0 duration: None cls:
2019-07-28 07:40:54.974 454 RALLYDEBUG rally.task.runner [-] Starting a worker. concurrency: 1 args: {"repetitions": 2} times: 10 method_name: run timeout: 0 duration: None cls:
2019-07-28 07:40:54.975 453 INFO rally.task.runner [-] Task 2f9590e9-81f4-428a-903d-219742909b32 | ITER: 2 START
2019-07-28 07:40:54.976 452 INFO rally.task.runner [-] Task 2f9590e9-81f4-428a-903d-219742909b32 | ITER: 1 START
2019-07-28 07:40:54.978 454 INFO rally.task.runner [-] Task 2f9590e9-81f4-428a-903d-219742909b32 | ITER: 3 START
2019-07-28 07:40:54.979 455 RALLYDEBUG rally.task.runner [-] Starting a worker. concurrency: 1 args: {"repetitions": 2} times: 10 method_name: run timeout: 0 duration: None cls:
2019-07-28 07:40:54.985 455 INFO rally.task.runner [-] Task 2f9590e9-81f4-428a-903d-219742909b32 | ITER: 4 START
2019-07-28 07:40:56.909 453 INFO rally.task.runner [-] Task 2f9590e9-81f4-428a-903d-219742909b32 | ITER: 2 END: OK
2019-07-28 07:40:56.913 453 INFO rally.task.runner [-] Task 2f9590e9-81f4-428a-903d-219742909b32 | ITER: 5 START
2019-07-28 07:40:56.915 452 INFO rally.task.runner [-] Task 2f9590e9-81f4-428a-903d-219742909b32 | ITER: 1 END: OK
2019-07-28 07:40:56.918 452 INFO rally.task.runner [-] Task 2f9590e9-81f4-428a-903d-219742909b32 | ITER: 6 START
2019-07-28 07:40:56.929 454 INFO rally.task.runner [-] Task 2f9590e9-81f4-428a-903d-219742909b32 | ITER: 3 END: OK
2019-07-28 07:40:56.933 454 INFO rally.task.runner [-] Task 2f9590e9-81f4-428a-903d-219742909b32 | ITER: 7 START
2019-07-28 07:40:57.021 455 INFO rally.task.runner [-] Task 2f9590e9-81f4-428a-903d-219742909b32 | ITER: 4 END: OK
2019-07-28 07:40:57.025 455 INFO rally.task.runner [-] Task 2f9590e9-81f4-428a-903d-219742909b32 | ITER: 8 START
2019-07-28 07:40:58.333 455 INFO rally.task.runner [-] Task 2f9590e9-81f4-428a-903d-219742909b32 | ITER: 8 END: OK
2019-07-28 07:40:58.337 455 INFO rally.task.runner [-] Task 2f9590e9-81f4-428a-903d-219742909b32 | ITER: 9 START
2019-07-28 07:40:58.348 453 INFO rally.task.runner [-] Task 2f9590e9-81f4-428a-903d-219742909b32 | ITER: 5 END: OK
2019-07-28 07:40:58.352 453 INFO rally.task.runner [-] Task 2f9590e9-81f4-428a-903d-219742909b32 | ITER: 10 START
2019-07-28 07:40:58.370 454 INFO rally.task.runner [-] Task 2f9590e9-81f4-428a-903d-219742909b32 | ITER: 7 END: OK
2019-07-28 07:40:58.458 452 INFO rally.task.runner [-] Task 2f9590e9-81f4-428a-903d-219742909b32 | ITER: 6 END: OK
2019-07-28 07:40:59.238 455 INFO rally.task.runner [-] Task 2f9590e9-81f4-428a-903d-219742909b32 | ITER: 9 END: OK
2019-07-28 07:40:59.288 453 INFO rally.task.runner [-] Task 2f9590e9-81f4-428a-903d-219742909b32 | ITER: 10 END: OK
2019-07-28 07:40:59.311 16 INFO rally.task.context [-] Task 2f9590e9-81f4-428a-903d-219742909b32 | Context users@openstack cleanup() started
2019-07-28 07:41:08.254 16 INFO rally.task.context [-] Task 2f9590e9-81f4-428a-903d-219742909b32 | Context users@openstack cleanup() finished in 8.94 sec
2019-07-28 07:41:08.506 16 INFO rally.task.engine [-] Load duration is: 4.311268
2019-07-28 07:41:08.506 16 INFO rally.task.engine [-] Full runner duration is: 4.351935
2019-07-28 07:41:08.506 16 INFO rally.task.engine [-] Full duration is: 17.844053
2019-07-28 07:41:08.783 16 INFO rally.task.engine [-] Running workload: position = 0 config = { "version": 2, "title": "A cropped version of a bigger task.", "description": "Auto-generated task from a single workload (uuid=381ba0f7-553a-4e73-ac5f-f6d0f3931f11)", "subtasks": [ { "title": "Authenticate.validate_neutron", "description": "Check Neutron Client to ensure validation of token.", "scenario": { "Authenticate.validate_neutron": { "repetitions": 2 } }, "contexts": { "users": { "tenants": 3, "users_per_tenant": 2 } }, "runner": { "constant": { "concurrency": 4, "times": 10 } }, "hooks": [], "sla": { "failure_rate": { "max": 0 } } } ] }
2019-07-28 07:41:08.805 16 RALLYDEBUG rally_openstack.contexts.keystone.users [-] Creating 3 tenants using 20 threads
2019-07-28 07:41:10.634 16 RALLYDEBUG rally_openstack.contexts.keystone.users [-] Creating 6 users using 20 threads
2019-07-28 07:41:13.421 16 INFO rally.task.context [-] Task 2f9590e9-81f4-428a-903d-219742909b32 | Context users@openstack setup() finished in 4.62 sec
2019-07-28 07:41:13.428 16 RALLYDEBUG rally.task.runner [-] Starting the constant runner (task UUID: 2f9590e9-81f4-428a-903d-219742909b32). timeout: 0 concurrency: 4 concurrency_per_worker: 1 times: 10 concurrency_overhead: 0 processes_to_start: 4 max_cpu_used: 16
2019-07-28 07:41:13.441 556 RALLYDEBUG rally.task.runner [-] Starting a worker. concurrency: 1 args: {"repetitions": 2} times: 10 method_name: run timeout: 0 duration: None cls:
2019-07-28 07:41:13.443 557 RALLYDEBUG rally.task.runner [-] Starting a worker. concurrency: 1 args: {"repetitions": 2} times: 10 method_name: run timeout: 0 duration: None cls:
2019-07-28 07:41:13.446 558 RALLYDEBUG rally.task.runner [-] Starting a worker. concurrency: 1 args: {"repetitions": 2} times: 10 method_name: run timeout: 0 duration: None cls:
2019-07-28 07:41:13.447 556 INFO rally.task.runner [-] Task 2f9590e9-81f4-428a-903d-219742909b32 | ITER: 1 START
2019-07-28 07:41:13.449 559 RALLYDEBUG rally.task.runner [-] Starting a worker. concurrency: 1 args: {"repetitions": 2} times: 10 method_name: run timeout: 0 duration: None cls:
2019-07-28 07:41:13.449 557 INFO rally.task.runner [-] Task 2f9590e9-81f4-428a-903d-219742909b32 | ITER: 2 START
2019-07-28 07:41:13.452 558 INFO rally.task.runner [-] Task 2f9590e9-81f4-428a-903d-219742909b32 | ITER: 3 START
2019-07-28 07:41:13.456 559 INFO rally.task.runner [-] Task 2f9590e9-81f4-428a-903d-219742909b32 | ITER: 4 START
2019-07-28 07:41:14.382 557 INFO rally.task.runner [-] Task 2f9590e9-81f4-428a-903d-219742909b32 | ITER: 2 END: OK
2019-07-28 07:41:14.387 557 INFO rally.task.runner [-] Task 2f9590e9-81f4-428a-903d-219742909b32 | ITER: 5 START
2019-07-28 07:41:14.547 558 INFO rally.task.runner [-] Task 2f9590e9-81f4-428a-903d-219742909b32 | ITER: 3 END: OK
2019-07-28 07:41:14.552 559 INFO rally.task.runner [-] Task 2f9590e9-81f4-428a-903d-219742909b32 | ITER: 4 END: OK
2019-07-28 07:41:14.551 558 INFO rally.task.runner [-] Task 2f9590e9-81f4-428a-903d-219742909b32 | ITER: 6 START
2019-07-28 07:41:14.555 559 INFO rally.task.runner [-] Task 2f9590e9-81f4-428a-903d-219742909b32 | ITER: 7 START
2019-07-28 07:41:14.689 556 INFO rally.task.runner [-] Task 2f9590e9-81f4-428a-903d-219742909b32 | ITER: 1 END: OK
2019-07-28 07:41:14.693 556 INFO rally.task.runner [-] Task 2f9590e9-81f4-428a-903d-219742909b32 | ITER: 8 START
2019-07-28 07:41:15.290 557 INFO rally.task.runner [-] Task 2f9590e9-81f4-428a-903d-219742909b32 | ITER: 5 END: OK
2019-07-28 07:41:15.293 557 INFO rally.task.runner [-] Task 2f9590e9-81f4-428a-903d-219742909b32 | ITER: 9 START
2019-07-28 07:41:15.482 558 INFO rally.task.runner [-] Task 2f9590e9-81f4-428a-903d-219742909b32 | ITER: 6 END: OK
2019-07-28 07:41:15.485 558 INFO rally.task.runner [-] Task 2f9590e9-81f4-428a-903d-219742909b32 | ITER: 10 START
2019-07-28 07:41:15.556 559 INFO rally.task.runner [-] Task 2f9590e9-81f4-428a-903d-219742909b32 | ITER: 7 END: OK
2019-07-28 07:41:15.663 556 INFO rally.task.runner [-] Task 2f9590e9-81f4-428a-903d-219742909b32 | ITER: 8 END: OK
2019-07-28 07:41:16.176 557 INFO rally.task.runner [-] Task 2f9590e9-81f4-428a-903d-219742909b32 | ITER: 9 END: OK
2019-07-28 07:41:16.522 558 INFO rally.task.runner [-] Task 2f9590e9-81f4-428a-903d-219742909b32 | ITER: 10 END: OK
2019-07-28 07:41:16.546 16 INFO rally.task.context [-] Task 2f9590e9-81f4-428a-903d-219742909b32 | Context users@openstack cleanup() started
2019-07-28 07:41:22.940 16 INFO rally.task.context [-] Task 2f9590e9-81f4-428a-903d-219742909b32 | Context users@openstack cleanup() finished in 6.39 sec
2019-07-28 07:41:24.882 16 INFO rally.task.engine [-] Load duration is: 3.073546
2019-07-28 07:41:24.882 16 INFO rally.task.engine [-] Full runner duration is: 3.117816
2019-07-28 07:41:24.882 16 INFO rally.task.engine [-] Full duration is: 14.136165
2019-07-28 07:41:25.162 16 INFO rally.task.engine [-] Running workload: position = 0 config = { "version": 2, "title": "A cropped version of a bigger task.", "description": "Auto-generated task from a single workload (uuid=1684d5bb-186e-4d9c-94eb-01a8dc0c95dc)", "subtasks": [ { "title": "Authenticate.validate_nova", "description": "Check Nova Client to ensure validation of token.", "scenario": { "Authenticate.validate_nova": { "repetitions": 2 } }, "contexts": { "users": { "tenants": 3, "users_per_tenant": 2 } }, "runner": { "constant": { "concurrency": 4, "times": 10 } }, "hooks": [], "sla": { "failure_rate": { "max": 0 } } } ] }
2019-07-28 07:41:25.178 16 RALLYDEBUG rally_openstack.contexts.keystone.users [-] Creating 3 tenants using 20 threads
2019-07-28 07:41:26.993 16 RALLYDEBUG rally_openstack.contexts.keystone.users [-] Creating 6 users using 20 threads
2019-07-28 07:41:29.695 16 INFO rally.task.context [-] Task 2f9590e9-81f4-428a-903d-219742909b32 | Context users@openstack setup() finished in 4.52 sec
2019-07-28 07:41:29.703 16 RALLYDEBUG rally.task.runner [-] Starting the constant runner (task UUID: 2f9590e9-81f4-428a-903d-219742909b32). timeout: 0 concurrency: 4 concurrency_per_worker: 1 times: 10 concurrency_overhead: 0 processes_to_start: 4 max_cpu_used: 16
2019-07-28 07:41:29.715 660 RALLYDEBUG rally.task.runner [-] Starting a worker. concurrency: 1 args: {"repetitions": 2} times: 10 method_name: run timeout: 0 duration: None cls:
2019-07-28 07:41:29.718 661 RALLYDEBUG rally.task.runner [-] Starting a worker. concurrency: 1 args: {"repetitions": 2} times: 10 method_name: run timeout: 0 duration: None cls:
2019-07-28 07:41:29.720 662 RALLYDEBUG rally.task.runner [-] Starting a worker. concurrency: 1 args: {"repetitions": 2} times: 10 method_name: run timeout: 0 duration: None cls:
2019-07-28 07:41:29.721 660 INFO rally.task.runner [-] Task 2f9590e9-81f4-428a-903d-219742909b32 | ITER: 1 START
2019-07-28 07:41:29.724 661 INFO rally.task.runner [-] Task 2f9590e9-81f4-428a-903d-219742909b32 | ITER: 2 START
2019-07-28 07:41:29.724 663 RALLYDEBUG rally.task.runner [-] Starting a worker. concurrency: 1 args: {"repetitions": 2} times: 10 method_name: run timeout: 0 duration: None cls:
2019-07-28 07:41:29.726 662 INFO rally.task.runner [-] Task 2f9590e9-81f4-428a-903d-219742909b32 | ITER: 3 START
2019-07-28 07:41:29.730 663 INFO rally.task.runner [-] Task 2f9590e9-81f4-428a-903d-219742909b32 | ITER: 4 START
2019-07-28 07:41:30.196 662 DEBUG novaclient.v2.client [-] REQ: curl -g -i -X GET http://172.30.9.38:8774/v2.1/flavors/detail -H "Accept: application/json" -H "User-Agent: python-novaclient" -H "X-Auth-Token: {SHA1}67bbc593fa344b8743d65b8e72e232bbff24a75e" _http_log_request /usr/lib/python2.7/site-packages/keystoneauth1/session.py:448
2019-07-28 07:41:30.206 663 DEBUG novaclient.v2.client [-] REQ: curl -g -i -X GET http://172.30.9.38:8774/v2.1/flavors/detail -H "Accept: application/json" -H "User-Agent: python-novaclient" -H "X-Auth-Token: {SHA1}9a57dc9cd4091e900d207f3b4672052fe5e74610" _http_log_request /usr/lib/python2.7/site-packages/keystoneauth1/session.py:448
2019-07-28 07:41:30.218 660 DEBUG novaclient.v2.client [-] REQ: curl -g -i -X GET http://172.30.9.38:8774/v2.1/flavors/detail -H "Accept: application/json" -H "User-Agent: python-novaclient" -H "X-Auth-Token: {SHA1}b0e89e1e39d52e7126ee817d94d8e11007bb9f35" _http_log_request /usr/lib/python2.7/site-packages/keystoneauth1/session.py:448
2019-07-28 07:41:30.235 661 DEBUG novaclient.v2.client [-] REQ: curl -g -i -X GET http://172.30.9.38:8774/v2.1/flavors/detail -H "Accept: application/json" -H "User-Agent: python-novaclient" -H "X-Auth-Token: {SHA1}8e7ba863af82717c0887314842980b79cfce6330" _http_log_request /usr/lib/python2.7/site-packages/keystoneauth1/session.py:448
2019-07-28 07:41:30.484 663 DEBUG novaclient.v2.client [-] RESP: [200] Content-Encoding: gzip Content-Length: 365 Content-Type: application/json Date: Sun, 28 Jul 2019 07:41:30 GMT OpenStack-API-Version: compute 2.1 Server: Apache Vary: OpenStack-API-Version,X-OpenStack-Nova-API-Version,Accept-Encoding X-OpenStack-Nova-API-Version: 2.1 x-compute-request-id: req-c781580f-7048-4168-bbca-2254628bc762 x-openstack-request-id: req-c781580f-7048-4168-bbca-2254628bc762 _http_log_response /usr/lib/python2.7/site-packages/keystoneauth1/session.py:479
2019-07-28 07:41:30.485 663 DEBUG novaclient.v2.client [-] RESP BODY: {"flavors": [{"name": "rally_full-flavor_alt_90cb5c5e-b285-46a4-ba38-4aa44519520f", "links": [{"href": "http://172.30.9.38:8774/v2.1/flavors/08ddcf2b-3629-4eb8-93fb-808db747100b", "rel": "self"}, {"href": "http://172.30.9.38:8774/flavors/08ddcf2b-3629-4eb8-93fb-808db747100b", "rel": "bookmark"}], "ram": 1024, "OS-FLV-DISABLED:disabled": false, "vcpus": 1, "swap": "", "os-flavor-access:is_public": true, "rxtx_factor": 1.0, "OS-FLV-EXT-DATA:ephemeral": 0, "disk": 1, "id": "08ddcf2b-3629-4eb8-93fb-808db747100b"}, {"name": "rally_full-flavor_90cb5c5e-b285-46a4-ba38-4aa44519520f", "links": [{"href": "http://172.30.9.38:8774/v2.1/flavors/db7e4642-3115-4382-9759-c92a8614f1a9", "rel": "self"}, {"href": "http://172.30.9.38:8774/flavors/db7e4642-3115-4382-9759-c92a8614f1a9", "rel": "bookmark"}], "ram": 512, "OS-FLV-DISABLED:disabled": false, "vcpus": 1, "swap": "", "os-flavor-access:is_public": true, "rxtx_factor": 1.0, "OS-FLV-EXT-DATA:ephemeral": 0, "disk": 1, "id": "db7e4642-3115-4382-9759-c92a8614f1a9"}]} _http_log_response /usr/lib/python2.7/site-packages/keystoneauth1/session.py:511
2019-07-28 07:41:30.485 663 DEBUG novaclient.v2.client [-] GET call to compute for http://172.30.9.38:8774/v2.1/flavors/detail used request id req-c781580f-7048-4168-bbca-2254628bc762 request /usr/lib/python2.7/site-packages/keystoneauth1/session.py:844
2019-07-28 07:41:30.487 663 DEBUG novaclient.v2.client [-] REQ: curl -g -i -X GET http://172.30.9.38:8774/v2.1/flavors/detail -H "Accept: application/json" -H "User-Agent: python-novaclient" -H "X-Auth-Token: {SHA1}9a57dc9cd4091e900d207f3b4672052fe5e74610" _http_log_request /usr/lib/python2.7/site-packages/keystoneauth1/session.py:448
2019-07-28 07:41:30.508 660 DEBUG novaclient.v2.client [-] RESP: [200] Content-Encoding: gzip Content-Length: 365 Content-Type: application/json Date: Sun, 28 Jul 2019 07:41:30 GMT OpenStack-API-Version: compute 2.1 Server: Apache Vary: OpenStack-API-Version,X-OpenStack-Nova-API-Version,Accept-Encoding X-OpenStack-Nova-API-Version: 2.1 x-compute-request-id: req-a4491370-f972-4b61-bfbe-070b1d248374 x-openstack-request-id: req-a4491370-f972-4b61-bfbe-070b1d248374 _http_log_response /usr/lib/python2.7/site-packages/keystoneauth1/session.py:479
2019-07-28 07:41:30.509 660 DEBUG novaclient.v2.client [-] RESP BODY: {"flavors": [{"name": "rally_full-flavor_alt_90cb5c5e-b285-46a4-ba38-4aa44519520f", "links": [{"href": "http://172.30.9.38:8774/v2.1/flavors/08ddcf2b-3629-4eb8-93fb-808db747100b", "rel": "self"}, {"href": "http://172.30.9.38:8774/flavors/08ddcf2b-3629-4eb8-93fb-808db747100b", "rel": "bookmark"}], "ram": 1024, "OS-FLV-DISABLED:disabled": false, "vcpus": 1, "swap": "", "os-flavor-access:is_public": true, "rxtx_factor": 1.0, "OS-FLV-EXT-DATA:ephemeral": 0, "disk": 1, "id": "08ddcf2b-3629-4eb8-93fb-808db747100b"}, {"name": "rally_full-flavor_90cb5c5e-b285-46a4-ba38-4aa44519520f", "links": [{"href": "http://172.30.9.38:8774/v2.1/flavors/db7e4642-3115-4382-9759-c92a8614f1a9", "rel": "self"}, {"href": "http://172.30.9.38:8774/flavors/db7e4642-3115-4382-9759-c92a8614f1a9", "rel": "bookmark"}], "ram": 512, "OS-FLV-DISABLED:disabled": false, "vcpus": 1, "swap": "", "os-flavor-access:is_public": true, "rxtx_factor": 1.0, "OS-FLV-EXT-DATA:ephemeral": 0, "disk": 1, "id": "db7e4642-3115-4382-9759-c92a8614f1a9"}]} _http_log_response /usr/lib/python2.7/site-packages/keystoneauth1/session.py:511
2019-07-28 07:41:30.509 660 DEBUG novaclient.v2.client [-] GET call to compute for http://172.30.9.38:8774/v2.1/flavors/detail used request id req-a4491370-f972-4b61-bfbe-070b1d248374 request /usr/lib/python2.7/site-packages/keystoneauth1/session.py:844
2019-07-28 07:41:30.510 660 DEBUG novaclient.v2.client [-] REQ: curl -g -i -X GET http://172.30.9.38:8774/v2.1/flavors/detail -H "Accept: application/json" -H "User-Agent: python-novaclient" -H "X-Auth-Token: {SHA1}b0e89e1e39d52e7126ee817d94d8e11007bb9f35" _http_log_request /usr/lib/python2.7/site-packages/keystoneauth1/session.py:448
2019-07-28 07:41:30.516 663 DEBUG novaclient.v2.client [-] RESP: [200] Content-Encoding: gzip Content-Length: 365 Content-Type: application/json Date: Sun, 28 Jul 2019 07:41:30 GMT OpenStack-API-Version: compute 2.1 Server: Apache Vary: OpenStack-API-Version,X-OpenStack-Nova-API-Version,Accept-Encoding X-OpenStack-Nova-API-Version: 2.1 x-compute-request-id: req-4882dfc4-21a3-441d-a3cc-42898ec29aa7 x-openstack-request-id: req-4882dfc4-21a3-441d-a3cc-42898ec29aa7 _http_log_response /usr/lib/python2.7/site-packages/keystoneauth1/session.py:479
2019-07-28 07:41:30.517 663 DEBUG novaclient.v2.client [-] RESP BODY: {"flavors": [{"name": "rally_full-flavor_alt_90cb5c5e-b285-46a4-ba38-4aa44519520f", "links": [{"href": "http://172.30.9.38:8774/v2.1/flavors/08ddcf2b-3629-4eb8-93fb-808db747100b", "rel": "self"}, {"href": "http://172.30.9.38:8774/flavors/08ddcf2b-3629-4eb8-93fb-808db747100b", "rel": "bookmark"}], "ram": 1024, "OS-FLV-DISABLED:disabled": false, "vcpus": 1, "swap": "", "os-flavor-access:is_public": true, "rxtx_factor": 1.0, "OS-FLV-EXT-DATA:ephemeral": 0, "disk": 1, "id": "08ddcf2b-3629-4eb8-93fb-808db747100b"}, {"name": "rally_full-flavor_90cb5c5e-b285-46a4-ba38-4aa44519520f", "links": [{"href": "http://172.30.9.38:8774/v2.1/flavors/db7e4642-3115-4382-9759-c92a8614f1a9", "rel": "self"}, {"href": "http://172.30.9.38:8774/flavors/db7e4642-3115-4382-9759-c92a8614f1a9", "rel": "bookmark"}], "ram": 512, "OS-FLV-DISABLED:disabled": false, "vcpus": 1, "swap": "", "os-flavor-access:is_public": true, "rxtx_factor": 1.0, "OS-FLV-EXT-DATA:ephemeral": 0, "disk": 1, "id": "db7e4642-3115-4382-9759-c92a8614f1a9"}]} _http_log_response /usr/lib/python2.7/site-packages/keystoneauth1/session.py:511
2019-07-28 07:41:30.517 663 DEBUG novaclient.v2.client [-] GET call to compute for http://172.30.9.38:8774/v2.1/flavors/detail used request id req-4882dfc4-21a3-441d-a3cc-42898ec29aa7 request /usr/lib/python2.7/site-packages/keystoneauth1/session.py:844
2019-07-28 07:41:30.518 663 INFO rally.task.runner [-] Task 2f9590e9-81f4-428a-903d-219742909b32 | ITER: 4 END: OK
2019-07-28 07:41:30.521 661 DEBUG novaclient.v2.client [-] RESP: [200] Content-Encoding: gzip Content-Length: 365 Content-Type: application/json Date: Sun, 28 Jul 2019 07:41:30 GMT OpenStack-API-Version: compute 2.1 Server: Apache Vary: OpenStack-API-Version,X-OpenStack-Nova-API-Version,Accept-Encoding X-OpenStack-Nova-API-Version: 2.1 x-compute-request-id: req-01fa056d-645a-4daa-85b7-ed32ec0260c4 x-openstack-request-id: req-01fa056d-645a-4daa-85b7-ed32ec0260c4 _http_log_response /usr/lib/python2.7/site-packages/keystoneauth1/session.py:479
2019-07-28 07:41:30.522 661 DEBUG novaclient.v2.client [-] RESP BODY: {"flavors": [{"name": "rally_full-flavor_alt_90cb5c5e-b285-46a4-ba38-4aa44519520f", "links": [{"href": "http://172.30.9.38:8774/v2.1/flavors/08ddcf2b-3629-4eb8-93fb-808db747100b", "rel": "self"}, {"href": "http://172.30.9.38:8774/flavors/08ddcf2b-3629-4eb8-93fb-808db747100b", "rel": "bookmark"}], "ram": 1024, "OS-FLV-DISABLED:disabled": false, "vcpus": 1, "swap": "", "os-flavor-access:is_public": true, "rxtx_factor": 1.0, "OS-FLV-EXT-DATA:ephemeral": 0, "disk": 1, "id": "08ddcf2b-3629-4eb8-93fb-808db747100b"}, {"name": "rally_full-flavor_90cb5c5e-b285-46a4-ba38-4aa44519520f", "links": [{"href": "http://172.30.9.38:8774/v2.1/flavors/db7e4642-3115-4382-9759-c92a8614f1a9", "rel": "self"}, {"href": "http://172.30.9.38:8774/flavors/db7e4642-3115-4382-9759-c92a8614f1a9", "rel": "bookmark"}], "ram": 512, "OS-FLV-DISABLED:disabled": false, "vcpus": 1, "swap": "", "os-flavor-access:is_public": true, "rxtx_factor": 1.0, "OS-FLV-EXT-DATA:ephemeral": 0, "disk": 1, "id": "db7e4642-3115-4382-9759-c92a8614f1a9"}]} _http_log_response /usr/lib/python2.7/site-packages/keystoneauth1/session.py:511
2019-07-28 07:41:30.522 661 DEBUG novaclient.v2.client [-] GET call to compute for http://172.30.9.38:8774/v2.1/flavors/detail used request id req-01fa056d-645a-4daa-85b7-ed32ec0260c4 request /usr/lib/python2.7/site-packages/keystoneauth1/session.py:844
2019-07-28 07:41:30.523 663 INFO rally.task.runner [-] Task 2f9590e9-81f4-428a-903d-219742909b32 | ITER: 5 START
2019-07-28 07:41:30.523 661 DEBUG novaclient.v2.client [-] REQ: curl -g -i -X GET http://172.30.9.38:8774/v2.1/flavors/detail -H "Accept: application/json" -H "User-Agent: python-novaclient" -H "X-Auth-Token: {SHA1}8e7ba863af82717c0887314842980b79cfce6330" _http_log_request /usr/lib/python2.7/site-packages/keystoneauth1/session.py:448
2019-07-28 07:41:30.533 660 DEBUG novaclient.v2.client [-] RESP: [200] Content-Encoding: gzip Content-Length: 365 Content-Type: application/json Date: Sun, 28 Jul 2019 07:41:30 GMT OpenStack-API-Version: compute 2.1 Server: Apache Vary: OpenStack-API-Version,X-OpenStack-Nova-API-Version,Accept-Encoding X-OpenStack-Nova-API-Version: 2.1 x-compute-request-id: req-0135b7e5-7764-4d8b-be3b-fd337578db16 x-openstack-request-id: req-0135b7e5-7764-4d8b-be3b-fd337578db16 _http_log_response /usr/lib/python2.7/site-packages/keystoneauth1/session.py:479
2019-07-28 07:41:30.533 660 DEBUG novaclient.v2.client [-] RESP BODY: {"flavors": [{"name": "rally_full-flavor_alt_90cb5c5e-b285-46a4-ba38-4aa44519520f", "links": [{"href": "http://172.30.9.38:8774/v2.1/flavors/08ddcf2b-3629-4eb8-93fb-808db747100b", "rel": "self"}, {"href": "http://172.30.9.38:8774/flavors/08ddcf2b-3629-4eb8-93fb-808db747100b", "rel": "bookmark"}], "ram": 1024, "OS-FLV-DISABLED:disabled": false, "vcpus": 1, "swap": "", "os-flavor-access:is_public": true, "rxtx_factor": 1.0, "OS-FLV-EXT-DATA:ephemeral": 0, "disk": 1, "id": "08ddcf2b-3629-4eb8-93fb-808db747100b"}, {"name": "rally_full-flavor_90cb5c5e-b285-46a4-ba38-4aa44519520f", "links": [{"href": "http://172.30.9.38:8774/v2.1/flavors/db7e4642-3115-4382-9759-c92a8614f1a9", "rel": "self"}, {"href": "http://172.30.9.38:8774/flavors/db7e4642-3115-4382-9759-c92a8614f1a9", "rel": "bookmark"}], "ram": 512, "OS-FLV-DISABLED:disabled": false, "vcpus": 1, "swap": "", "os-flavor-access:is_public": true, "rxtx_factor": 1.0, "OS-FLV-EXT-DATA:ephemeral": 0, "disk": 1, "id": "db7e4642-3115-4382-9759-c92a8614f1a9"}]} _http_log_response /usr/lib/python2.7/site-packages/keystoneauth1/session.py:511
2019-07-28 07:41:30.534 660 DEBUG novaclient.v2.client [-] GET call to compute for http://172.30.9.38:8774/v2.1/flavors/detail used request id req-0135b7e5-7764-4d8b-be3b-fd337578db16 request /usr/lib/python2.7/site-packages/keystoneauth1/session.py:844
2019-07-28 07:41:30.535 660 INFO rally.task.runner [-] Task 2f9590e9-81f4-428a-903d-219742909b32 | ITER: 1 END: OK
2019-07-28 07:41:30.538 660 INFO rally.task.runner [-] Task 2f9590e9-81f4-428a-903d-219742909b32 | ITER: 6 START
2019-07-28 07:41:30.550 661 DEBUG novaclient.v2.client [-] RESP: [200] Content-Encoding: gzip Content-Length: 365 Content-Type: application/json Date: Sun, 28 Jul 2019 07:41:30 GMT OpenStack-API-Version: compute 2.1 Server: Apache Vary: OpenStack-API-Version,X-OpenStack-Nova-API-Version,Accept-Encoding X-OpenStack-Nova-API-Version: 2.1 x-compute-request-id: req-06b0397b-52c4-4896-a07b-b1e03317b574 x-openstack-request-id: req-06b0397b-52c4-4896-a07b-b1e03317b574 _http_log_response /usr/lib/python2.7/site-packages/keystoneauth1/session.py:479
2019-07-28 07:41:30.551 661 DEBUG novaclient.v2.client [-] RESP BODY: {"flavors": [{"name": "rally_full-flavor_alt_90cb5c5e-b285-46a4-ba38-4aa44519520f", "links": [{"href": "http://172.30.9.38:8774/v2.1/flavors/08ddcf2b-3629-4eb8-93fb-808db747100b", "rel": "self"}, {"href": "http://172.30.9.38:8774/flavors/08ddcf2b-3629-4eb8-93fb-808db747100b", "rel": "bookmark"}], "ram": 1024, "OS-FLV-DISABLED:disabled": false, "vcpus": 1, "swap": "", "os-flavor-access:is_public": true, "rxtx_factor": 1.0, "OS-FLV-EXT-DATA:ephemeral": 0, "disk": 1, "id": "08ddcf2b-3629-4eb8-93fb-808db747100b"}, {"name": "rally_full-flavor_90cb5c5e-b285-46a4-ba38-4aa44519520f", "links": [{"href": "http://172.30.9.38:8774/v2.1/flavors/db7e4642-3115-4382-9759-c92a8614f1a9", "rel": "self"}, {"href": "http://172.30.9.38:8774/flavors/db7e4642-3115-4382-9759-c92a8614f1a9", "rel": "bookmark"}], "ram": 512, "OS-FLV-DISABLED:disabled": false, "vcpus": 1, "swap": "", "os-flavor-access:is_public": true, "rxtx_factor": 1.0, "OS-FLV-EXT-DATA:ephemeral": 0, "disk": 1, "id": "db7e4642-3115-4382-9759-c92a8614f1a9"}]} _http_log_response /usr/lib/python2.7/site-packages/keystoneauth1/session.py:511
2019-07-28 07:41:30.551 661 DEBUG novaclient.v2.client [-] GET call to compute for http://172.30.9.38:8774/v2.1/flavors/detail used request id req-06b0397b-52c4-4896-a07b-b1e03317b574 request /usr/lib/python2.7/site-packages/keystoneauth1/session.py:844
2019-07-28 07:41:30.552 661 INFO rally.task.runner [-] Task 2f9590e9-81f4-428a-903d-219742909b32 | ITER: 2 END: OK
2019-07-28 07:41:30.556 661 INFO rally.task.runner [-] Task 2f9590e9-81f4-428a-903d-219742909b32 | ITER: 7 START
2019-07-28 07:41:30.570 662 DEBUG novaclient.v2.client [-] RESP: [200] Content-Encoding: gzip Content-Length: 365 Content-Type: application/json Date: Sun, 28 Jul 2019 07:41:30 GMT OpenStack-API-Version: compute 2.1 Server: Apache Vary: OpenStack-API-Version,X-OpenStack-Nova-API-Version,Accept-Encoding X-OpenStack-Nova-API-Version: 2.1 x-compute-request-id: req-24f42c8d-0bc8-497c-a659-2a221a6939c7 x-openstack-request-id: req-24f42c8d-0bc8-497c-a659-2a221a6939c7 _http_log_response /usr/lib/python2.7/site-packages/keystoneauth1/session.py:479
2019-07-28 07:41:30.570 662 DEBUG novaclient.v2.client [-] RESP BODY: {"flavors": [{"name": "rally_full-flavor_alt_90cb5c5e-b285-46a4-ba38-4aa44519520f", "links": [{"href": "http://172.30.9.38:8774/v2.1/flavors/08ddcf2b-3629-4eb8-93fb-808db747100b", "rel": "self"}, {"href": "http://172.30.9.38:8774/flavors/08ddcf2b-3629-4eb8-93fb-808db747100b", "rel": "bookmark"}], "ram": 1024, "OS-FLV-DISABLED:disabled": false, "vcpus": 1, "swap": "", "os-flavor-access:is_public": true, "rxtx_factor": 1.0, "OS-FLV-EXT-DATA:ephemeral": 0, "disk": 1, "id": "08ddcf2b-3629-4eb8-93fb-808db747100b"}, {"name": "rally_full-flavor_90cb5c5e-b285-46a4-ba38-4aa44519520f", "links": [{"href": "http://172.30.9.38:8774/v2.1/flavors/db7e4642-3115-4382-9759-c92a8614f1a9", "rel": "self"}, {"href": "http://172.30.9.38:8774/flavors/db7e4642-3115-4382-9759-c92a8614f1a9", "rel": "bookmark"}], "ram": 512, "OS-FLV-DISABLED:disabled": false, "vcpus": 1, "swap": "", "os-flavor-access:is_public": true, "rxtx_factor": 1.0, "OS-FLV-EXT-DATA:ephemeral": 0, "disk": 1, "id": "db7e4642-3115-4382-9759-c92a8614f1a9"}]} _http_log_response /usr/lib/python2.7/site-packages/keystoneauth1/session.py:511
2019-07-28 07:41:30.571 662 DEBUG novaclient.v2.client [-] GET call to compute for http://172.30.9.38:8774/v2.1/flavors/detail used request id req-24f42c8d-0bc8-497c-a659-2a221a6939c7 request /usr/lib/python2.7/site-packages/keystoneauth1/session.py:844
