2019-07-28 08:00:40.832 1842 RALLYDEBUG rally_openstack.cleanup.manager [-] Deleting cinder.volumes object s_rally_b761f020_rgxcxaoq (6a1c8b30-8044-4c2c-93ba-52f2a7d4b5f1)
2019-07-28 08:00:40.833 1842 RALLYDEBUG rally_openstack.cleanup.manager [-] Deleting cinder.volumes object s_rally_b761f020_0V3t95Yl (8e46075c-ca6a-4d5d-9907-fbe569ee0fb1)
2019-07-28 08:00:40.839 1842 RALLYDEBUG rally_openstack.cleanup.manager [-] Deleting cinder.volumes object s_rally_b761f020_UqAmxvwO (c0064545-17a0-4ba9-8f33-46d985729e57)
2019-07-28 08:00:40.855 1842 RALLYDEBUG rally_openstack.cleanup.manager [-] Deleting cinder.volumes object s_rally_b761f020_iNBLPxC1 (19c28721-de39-49d6-966c-d88dec173aae)
2019-07-28 08:00:40.856 1842 RALLYDEBUG rally_openstack.cleanup.manager [-] Deleting cinder.volumes object s_rally_b761f020_RaLQc55T (e68bf57b-5f05-469c-94dc-1c01d856fb65)
2019-07-28 08:00:40.856 1842 RALLYDEBUG rally_openstack.cleanup.manager [-] Deleting cinder.volumes object s_rally_b761f020_CvKqBkx6 (c93dba1a-c4bc-42d5-a8e3-318a7b7fe242)
2019-07-28 08:00:40.871 1842 RALLYDEBUG rally_openstack.cleanup.manager [-] Deleting cinder.volumes object s_rally_b761f020_FIaNFnKH (a6fbdaa0-9902-486e-be72-9fc6598e6df6)
2019-07-28 08:00:45.900 1842 INFO rally.task.context [-] Task 77b18d41-8e4b-4fba-9753-4f102bb15bb1 | Context cleanup@openstack cleanup() finished in 13.21 sec
2019-07-28 08:00:45.901 1842 INFO rally.task.context [-] Task 77b18d41-8e4b-4fba-9753-4f102bb15bb1 | Context api_versions@openstack cleanup() started
2019-07-28 08:00:45.901 1842 INFO rally.task.context [-] Task 77b18d41-8e4b-4fba-9753-4f102bb15bb1 | Context api_versions@openstack cleanup() finished in 0.33 msec
2019-07-28 08:00:45.902 1842 INFO rally.task.context [-] Task 77b18d41-8e4b-4fba-9753-4f102bb15bb1 | Context users@openstack cleanup() started
2019-07-28 08:00:52.709 1842 INFO rally.task.context [-] Task 77b18d41-8e4b-4fba-9753-4f102bb15bb1 | Context users@openstack cleanup() finished in 6.81 sec
2019-07-28 08:00:53.070 1842 INFO rally.task.engine [-] Load duration is: 10.390953
2019-07-28 08:00:53.071 1842 INFO rally.task.engine [-] Full runner duration is: 10.439365
2019-07-28 08:00:53.071 1842 INFO rally.task.engine [-] Full duration is: 35.785222
2019-07-28 08:00:53.258 1842 INFO rally.task.engine [-] Running workload: position = 1 config = { "version": 2, "title": "A cropped version of a bigger task.", "description": "Auto-generated task from a single workload (uuid=6e05e5db-fe81-4ed6-8faa-b6c20f1693d1)", "subtasks": [ { "title": "CinderVolumes.create_volume", "description": "Create a volume.", "scenario": { "CinderVolumes.create_volume": { "size": { "min": 1, "max": 1 } } }, "contexts": { "users": { "tenants": 3, "users_per_tenant": 2 }, "quotas": { "cinder": { "gigabytes": -1, "snapshots": -1, "volumes": -1 } }, "api_versions": { "cinder": { "version": 3, "service_type": "volumev3" } } }, "runner": { "constant": { "concurrency": 4, "times": 10 } }, "hooks": [], "sla": { "failure_rate": { "max": 0 } } } ] }
2019-07-28 08:00:53.279 1842 RALLYDEBUG rally_openstack.contexts.keystone.users [-] Creating 3 tenants using 20 threads
2019-07-28 08:00:55.095 1842 RALLYDEBUG rally_openstack.contexts.keystone.users [-] Creating 6 users using 20 threads
2019-07-28 08:00:57.674 1842 INFO rally.task.context [-] Task 77b18d41-8e4b-4fba-9753-4f102bb15bb1 | Context users@openstack setup() finished in 4.40 sec
2019-07-28 08:00:58.144 1842 INFO rally.task.context [-] Task 77b18d41-8e4b-4fba-9753-4f102bb15bb1 | Context api_versions@openstack setup() finished in 0.47 sec
2019-07-28 08:00:59.979 1842 INFO rally.task.context [-] Task 77b18d41-8e4b-4fba-9753-4f102bb15bb1 | Context quotas@openstack setup() finished in 1.83 sec
2019-07-28 08:00:59.979 1842 INFO rally.task.context [-] Task 77b18d41-8e4b-4fba-9753-4f102bb15bb1 | Context cleanup@openstack setup() finished in 0.01 msec
2019-07-28 08:00:59.987 1842 RALLYDEBUG rally.task.runner [-] Starting the constant runner (task UUID: 77b18d41-8e4b-4fba-9753-4f102bb15bb1). timeout: 0 concurrency: 4 concurrency_per_worker: 1 times: 10 concurrency_overhead: 0 processes_to_start: 4 max_cpu_used: 16
2019-07-28 08:01:00.001 3658 RALLYDEBUG rally.task.runner [-] Starting a worker. concurrency: 1 args: {"size": {"min": 1, "max": 1}} times: 10 method_name: run timeout: 0 duration: None cls:
2019-07-28 08:01:00.004 3659 RALLYDEBUG rally.task.runner [-] Starting a worker. concurrency: 1 args: {"size": {"min": 1, "max": 1}} times: 10 method_name: run timeout: 0 duration: None cls:
2019-07-28 08:01:00.008 3660 RALLYDEBUG rally.task.runner [-] Starting a worker. concurrency: 1 args: {"size": {"min": 1, "max": 1}} times: 10 method_name: run timeout: 0 duration: None cls:
2019-07-28 08:01:00.010 3658 INFO rally.task.runner [-] Task 77b18d41-8e4b-4fba-9753-4f102bb15bb1 | ITER: 1 START
2019-07-28 08:01:00.011 3661 RALLYDEBUG rally.task.runner [-] Starting a worker. concurrency: 1 args: {"size": {"min": 1, "max": 1}} times: 10 method_name: run timeout: 0 duration: None cls:
2019-07-28 08:01:00.013 3659 INFO rally.task.runner [-] Task 77b18d41-8e4b-4fba-9753-4f102bb15bb1 | ITER: 2 START
2019-07-28 08:01:00.015 3660 INFO rally.task.runner [-] Task 77b18d41-8e4b-4fba-9753-4f102bb15bb1 | ITER: 3 START
2019-07-28 08:01:00.019 3661 INFO rally.task.runner [-] Task 77b18d41-8e4b-4fba-9753-4f102bb15bb1 | ITER: 4 START
2019-07-28 08:01:03.666 3660 INFO rally.task.runner [-] Task 77b18d41-8e4b-4fba-9753-4f102bb15bb1 | ITER: 3 END: OK
2019-07-28 08:01:03.673 3660 INFO rally.task.runner [-] Task 77b18d41-8e4b-4fba-9753-4f102bb15bb1 | ITER: 5 START
2019-07-28 08:01:03.726 3658 INFO rally.task.runner [-] Task 77b18d41-8e4b-4fba-9753-4f102bb15bb1 | ITER: 1 END: OK
2019-07-28 08:01:03.731 3658 INFO rally.task.runner [-] Task 77b18d41-8e4b-4fba-9753-4f102bb15bb1 | ITER: 6 START
2019-07-28 08:01:03.745 3661 INFO rally.task.runner [-] Task 77b18d41-8e4b-4fba-9753-4f102bb15bb1 | ITER: 4 END: OK
2019-07-28 08:01:03.751 3661 INFO rally.task.runner [-] Task 77b18d41-8e4b-4fba-9753-4f102bb15bb1 | ITER: 7 START
2019-07-28 08:01:03.818 3659 INFO rally.task.runner [-] Task 77b18d41-8e4b-4fba-9753-4f102bb15bb1 | ITER: 2 END: OK
2019-07-28 08:01:03.823 3659 INFO rally.task.runner [-] Task 77b18d41-8e4b-4fba-9753-4f102bb15bb1 | ITER: 8 START
2019-07-28 08:01:07.224 3661 INFO rally.task.runner [-] Task 77b18d41-8e4b-4fba-9753-4f102bb15bb1 | ITER: 7 END: OK
2019-07-28 08:01:07.229 3661 INFO rally.task.runner [-] Task 77b18d41-8e4b-4fba-9753-4f102bb15bb1 | ITER: 9 START
2019-07-28 08:01:07.249 3660 INFO rally.task.runner [-] Task 77b18d41-8e4b-4fba-9753-4f102bb15bb1 | ITER: 5 END: OK
2019-07-28 08:01:07.254 3660 INFO rally.task.runner [-] Task 77b18d41-8e4b-4fba-9753-4f102bb15bb1 | ITER: 10 START
2019-07-28 08:01:07.257 3659 INFO rally.task.runner [-] Task 77b18d41-8e4b-4fba-9753-4f102bb15bb1 | ITER: 8 END: OK
2019-07-28 08:01:07.302 3658 INFO rally.task.runner [-] Task 77b18d41-8e4b-4fba-9753-4f102bb15bb1 | ITER: 6 END: OK
2019-07-28 08:01:10.402 3660 INFO rally.task.runner [-] Task 77b18d41-8e4b-4fba-9753-4f102bb15bb1 | ITER: 10 END: OK
2019-07-28 08:01:10.587 3661 INFO rally.task.runner [-] Task 77b18d41-8e4b-4fba-9753-4f102bb15bb1 | ITER: 9 END: OK
2019-07-28 08:01:10.616 1842 INFO rally.task.context [-] Task 77b18d41-8e4b-4fba-9753-4f102bb15bb1 | Context cleanup@openstack cleanup() started
2019-07-28 08:01:10.618 1842 RALLYDEBUG rally_openstack.cleanup.manager [-] Cleaning up cinder backups objects
2019-07-28 08:01:12.610 1842 RALLYDEBUG rally_openstack.cleanup.manager [-] Cleaning up cinder volume_snapshots objects
2019-07-28 08:01:14.485 1842 RALLYDEBUG rally_openstack.cleanup.manager [-] Cleaning up cinder transfers objects
2019-07-28 08:01:16.475 1842 RALLYDEBUG rally_openstack.cleanup.manager [-] Cleaning up cinder volumes objects
2019-07-28 08:01:18.632 1842 RALLYDEBUG rally_openstack.cleanup.manager [-] Deleting cinder.volumes object s_rally_6e05e5db_uU015cV0 (a003ab26-cc47-47a9-a99a-774be264192c)
2019-07-28 08:01:18.636 1842 RALLYDEBUG rally_openstack.cleanup.manager [-] Deleting cinder.volumes object s_rally_6e05e5db_YEsJFf02 (2d465707-f235-4251-bf1c-98a70a81455d)
2019-07-28 08:01:18.637 1842 RALLYDEBUG rally_openstack.cleanup.manager [-] Deleting cinder.volumes object s_rally_6e05e5db_dv227OwG (236025ff-0b31-4275-bc36-d224677391ce)
2019-07-28 08:01:18.638 1842 RALLYDEBUG rally_openstack.cleanup.manager [-] Deleting cinder.volumes object s_rally_6e05e5db_GL3kphs7 (a93aadc2-a090-4600-9758-6ba5fe8c4df5)
2019-07-28 08:01:18.640 1842 RALLYDEBUG rally_openstack.cleanup.manager [-] Deleting cinder.volumes object s_rally_6e05e5db_AnFYsFSU (9ebfe894-7159-4218-a90f-bf6bcc1866cc)
2019-07-28 08:01:18.641 1842 RALLYDEBUG rally_openstack.cleanup.manager [-] Deleting cinder.volumes object s_rally_6e05e5db_PrYT0R6s (e930c65e-30d2-44d7-8b2a-0db927635544)
2019-07-28 08:01:18.649 1842 RALLYDEBUG rally_openstack.cleanup.manager [-] Deleting cinder.volumes object s_rally_6e05e5db_Yl9qIQQ2 (32344875-f31e-4b17-b7e1-b1418032062d)
2019-07-28 08:01:18.650 1842 RALLYDEBUG rally_openstack.cleanup.manager [-] Deleting cinder.volumes object s_rally_6e05e5db_25qQ1E4o (b5bb03cc-12b8-41a6-93a0-282f4e3bd1f6)
2019-07-28 08:01:18.650 1842 RALLYDEBUG rally_openstack.cleanup.manager [-] Deleting cinder.volumes object s_rally_6e05e5db_x5T0tlyJ (e94d4914-c520-4e4d-bfe8-681c58e44252)
2019-07-28 08:01:18.655 1842 RALLYDEBUG rally_openstack.cleanup.manager [-] Deleting cinder.volumes object s_rally_6e05e5db_3ckpBUA6 (c97ded24-6bb7-4723-bd8c-6610987151a3)
2019-07-28 08:01:22.491 1842 INFO rally.task.context [-] Task 77b18d41-8e4b-4fba-9753-4f102bb15bb1 | Context cleanup@openstack cleanup() finished in 11.88 sec
2019-07-28 08:01:22.492 1842 INFO rally.task.context [-] Task 77b18d41-8e4b-4fba-9753-4f102bb15bb1 | Context quotas@openstack cleanup() started
2019-07-28 08:01:22.964 1842 INFO rally.task.context [-] Task 77b18d41-8e4b-4fba-9753-4f102bb15bb1 | Context quotas@openstack cleanup() finished in 0.47 sec
2019-07-28 08:01:22.965 1842 INFO rally.task.context [-] Task 77b18d41-8e4b-4fba-9753-4f102bb15bb1 | Context api_versions@openstack cleanup() started
2019-07-28 08:01:22.965 1842 INFO rally.task.context [-] Task 77b18d41-8e4b-4fba-9753-4f102bb15bb1 | Context api_versions@openstack cleanup() finished in 0.31 msec
2019-07-28 08:01:22.965 1842 INFO rally.task.context [-] Task 77b18d41-8e4b-4fba-9753-4f102bb15bb1 | Context users@openstack cleanup() started
2019-07-28 08:01:29.829 1842 INFO rally.task.context [-] Task 77b18d41-8e4b-4fba-9753-4f102bb15bb1 | Context users@openstack cleanup() finished in 6.86 sec
2019-07-28 08:01:31.443 1842 INFO rally.task.engine [-] Load duration is: 10.574025
2019-07-28 08:01:31.443 1842 INFO rally.task.engine [-] Full runner duration is: 10.628878
2019-07-28 08:01:31.444 1842 INFO rally.task.engine [-] Full duration is: 36.553449
2019-07-28 08:01:31.743 1842 INFO rally.task.engine [-] Running workload: position = 0 config = { "version": 2, "title": "A cropped version of a bigger task.", "description": "Auto-generated task from a single workload (uuid=7895d22a-8b12-460f-95dd-ffa92cb58f49)", "subtasks": [ { "title": "CinderVolumes.list_volumes", "description": "List all volumes.", "scenario": { "CinderVolumes.list_volumes": { "detailed": true } }, "contexts": { "users": { "tenants": 3, "users_per_tenant": 2 }, "quotas": { "cinder": { "gigabytes": -1, "snapshots": -1, "volumes": -1 } }, "api_versions": { "cinder": { "version": 3, "service_type": "volumev3" } }, "volumes": { "size": 1, "volumes_per_tenant": 4 } }, "runner": { "constant": { "concurrency": 4, "times": 10 } }, "hooks": [], "sla": { "failure_rate": { "max": 0 } } } ] }
2019-07-28 08:01:31.764 1842 RALLYDEBUG rally_openstack.contexts.keystone.users [-] Creating 3 tenants using 20 threads
2019-07-28 08:01:33.653 1842 RALLYDEBUG rally_openstack.contexts.keystone.users [-] Creating 6 users using 20 threads
2019-07-28 08:01:36.432 1842 INFO rally.task.context [-] Task 77b18d41-8e4b-4fba-9753-4f102bb15bb1 | Context users@openstack setup() finished in 4.67 sec
2019-07-28 08:01:36.854 1842 INFO rally.task.context [-] Task 77b18d41-8e4b-4fba-9753-4f102bb15bb1 | Context api_versions@openstack setup() finished in 0.42 sec
2019-07-28 08:01:38.363 1842 INFO rally.task.context [-] Task 77b18d41-8e4b-4fba-9753-4f102bb15bb1 | Context quotas@openstack setup() finished in 1.51 sec
2019-07-28 08:02:13.899 1842 INFO rally.task.context [-] Task 77b18d41-8e4b-4fba-9753-4f102bb15bb1 | Context volumes@openstack setup() finished in 35.54 sec
2019-07-28 08:02:13.908 1842 RALLYDEBUG rally.task.runner [-] Starting the constant runner (task UUID: 77b18d41-8e4b-4fba-9753-4f102bb15bb1). timeout: 0 concurrency: 4 concurrency_per_worker: 1 times: 10 concurrency_overhead: 0 processes_to_start: 4 max_cpu_used: 16
2019-07-28 08:02:13.922 3842 RALLYDEBUG rally.task.runner [-] Starting a worker. concurrency: 1 args: {"detailed": true} times: 10 method_name: run timeout: 0 duration: None cls:
2019-07-28 08:02:13.923 3843 RALLYDEBUG rally.task.runner [-] Starting a worker. concurrency: 1 args: {"detailed": true} times: 10 method_name: run timeout: 0 duration: None cls:
2019-07-28 08:02:13.928 3844 RALLYDEBUG rally.task.runner [-] Starting a worker. concurrency: 1 args: {"detailed": true} times: 10 method_name: run timeout: 0 duration: None cls:
2019-07-28 08:02:13.930 3843 INFO rally.task.runner [-] Task 77b18d41-8e4b-4fba-9753-4f102bb15bb1 | ITER: 2 START
2019-07-28 08:02:13.930 3842 INFO rally.task.runner [-] Task 77b18d41-8e4b-4fba-9753-4f102bb15bb1 | ITER: 1 START
2019-07-28 08:02:13.931 3845 RALLYDEBUG rally.task.runner [-] Starting a worker. concurrency: 1 args: {"detailed": true} times: 10 method_name: run timeout: 0 duration: None cls:
2019-07-28 08:02:13.937 3844 INFO rally.task.runner [-] Task 77b18d41-8e4b-4fba-9753-4f102bb15bb1 | ITER: 3 START
2019-07-28 08:02:13.942 3845 INFO rally.task.runner [-] Task 77b18d41-8e4b-4fba-9753-4f102bb15bb1 | ITER: 4 START
2019-07-28 08:02:14.673 3844 INFO rally.task.runner [-] Task 77b18d41-8e4b-4fba-9753-4f102bb15bb1 | ITER: 3 END: OK
2019-07-28 08:02:14.679 3844 INFO rally.task.runner [-] Task 77b18d41-8e4b-4fba-9753-4f102bb15bb1 | ITER: 5 START
2019-07-28 08:02:14.726 3843 INFO rally.task.runner [-] Task 77b18d41-8e4b-4fba-9753-4f102bb15bb1 | ITER: 2 END: OK
2019-07-28 08:02:14.732 3843 INFO rally.task.runner [-] Task 77b18d41-8e4b-4fba-9753-4f102bb15bb1 | ITER: 6 START
2019-07-28 08:02:14.744 3842 INFO rally.task.runner [-] Task 77b18d41-8e4b-4fba-9753-4f102bb15bb1 | ITER: 1 END: OK
2019-07-28 08:02:14.748 3845 INFO rally.task.runner [-] Task 77b18d41-8e4b-4fba-9753-4f102bb15bb1 | ITER: 4 END: OK
2019-07-28 08:02:14.751 3842 INFO rally.task.runner [-] Task 77b18d41-8e4b-4fba-9753-4f102bb15bb1 | ITER: 7 START
2019-07-28 08:02:14.753 3845 INFO rally.task.runner [-] Task 77b18d41-8e4b-4fba-9753-4f102bb15bb1 | ITER: 8 START
2019-07-28 08:02:15.458 3842 INFO rally.task.runner [-] Task 77b18d41-8e4b-4fba-9753-4f102bb15bb1 | ITER: 7 END: OK
2019-07-28 08:02:15.462 3842 INFO rally.task.runner [-] Task 77b18d41-8e4b-4fba-9753-4f102bb15bb1 | ITER: 9 START
2019-07-28 08:02:15.500 3844 INFO rally.task.runner [-] Task 77b18d41-8e4b-4fba-9753-4f102bb15bb1 | ITER: 5 END: OK
2019-07-28 08:02:15.507 3844 INFO rally.task.runner [-] Task 77b18d41-8e4b-4fba-9753-4f102bb15bb1 | ITER: 10 START
2019-07-28 08:02:15.516 3845 INFO rally.task.runner [-] Task 77b18d41-8e4b-4fba-9753-4f102bb15bb1 | ITER: 8 END: OK
2019-07-28 08:02:15.533 3843 INFO rally.task.runner [-] Task 77b18d41-8e4b-4fba-9753-4f102bb15bb1 | ITER: 6 END: OK
2019-07-28 08:02:16.175 3842 INFO rally.task.runner [-] Task 77b18d41-8e4b-4fba-9753-4f102bb15bb1 | ITER: 9 END: OK
2019-07-28 08:02:16.218 3844 INFO rally.task.runner [-] Task 77b18d41-8e4b-4fba-9753-4f102bb15bb1 | ITER: 10 END: OK
2019-07-28 08:02:16.236 1842 INFO rally.task.context [-] Task 77b18d41-8e4b-4fba-9753-4f102bb15bb1 | Context volumes@openstack cleanup() started
2019-07-28 08:02:16.237 1842 RALLYDEBUG rally_openstack.cleanup.manager [-] Cleaning up cinder volumes objects
2019-07-28 08:02:18.431 1842 RALLYDEBUG rally_openstack.cleanup.manager [-] Deleting cinder.volumes object c_rally_7895d22a_erbC76Cp (d57647bb-9458-41a3-9832-6f32244012f0)
2019-07-28 08:02:18.436 1842 RALLYDEBUG rally_openstack.cleanup.manager [-] Deleting cinder.volumes object c_rally_7895d22a_d2W4nxAJ (65ab9ed5-f63c-42e5-a24c-c79a7130c125)
2019-07-28 08:02:18.437 1842 RALLYDEBUG rally_openstack.cleanup.manager [-] Deleting cinder.volumes object c_rally_7895d22a_Ijy1eV7g (757fe06f-6185-4a25-a8f2-1a1f370ffb52)
2019-07-28 08:02:18.437 1842 RALLYDEBUG rally_openstack.cleanup.manager [-] Deleting cinder.volumes object c_rally_7895d22a_oEYqM78r (faa87d9b-c392-4afe-b94f-8b18d96e8a4e)
2019-07-28 08:02:18.441 1842 RALLYDEBUG rally_openstack.cleanup.manager [-] Deleting cinder.volumes object c_rally_7895d22a_fCRXb78T (b7b287b6-c9b6-4e5c-8eb0-9dc57aad03c1)
2019-07-28 08:02:18.447 1842 RALLYDEBUG rally_openstack.cleanup.manager [-] Deleting cinder.volumes object c_rally_7895d22a_gs3LD8en (4a39bd6c-9e49-4ab2-a42e-f3c122029462)
2019-07-28 08:02:18.455 1842 RALLYDEBUG rally_openstack.cleanup.manager [-] Deleting cinder.volumes object c_rally_7895d22a_EdpDNUcK (05747994-28e8-4678-8563-b2834304b2d0)
2019-07-28 08:02:18.460 1842 RALLYDEBUG rally_openstack.cleanup.manager [-] Deleting cinder.volumes object c_rally_7895d22a_TPxx5MYm (69850a9b-6dbd-4e39-9765-b40bd4a55483)
2019-07-28 08:02:18.472 1842 RALLYDEBUG rally_openstack.cleanup.manager [-] Deleting cinder.volumes object c_rally_7895d22a_3SLXg1XE (84d657f3-9337-4a10-a998-dd90d7513711)
2019-07-28 08:02:18.487 1842 RALLYDEBUG rally_openstack.cleanup.manager [-] Deleting cinder.volumes object c_rally_7895d22a_WOxk3sp2 (53950f36-0343-4d90-92a3-57c0c730c198)
2019-07-28 08:02:18.490 1842 RALLYDEBUG rally_openstack.cleanup.manager [-] Deleting cinder.volumes object c_rally_7895d22a_hBvChmb5 (005caa68-41b8-4b3e-8217-ecad9de5f4dd)
2019-07-28 08:02:18.503 1842 RALLYDEBUG rally_openstack.cleanup.manager [-] Deleting cinder.volumes object c_rally_7895d22a_ibqzRLBP (41551892-4cd4-4bc2-a197-5723a5d60bfb)
2019-07-28 08:02:23.447 1842 INFO rally.task.context [-] Task 77b18d41-8e4b-4fba-9753-4f102bb15bb1 | Context volumes@openstack cleanup() finished in 7.21 sec
2019-07-28 08:02:23.448 1842 INFO rally.task.context [-] Task 77b18d41-8e4b-4fba-9753-4f102bb15bb1 | Context quotas@openstack cleanup() started
2019-07-28 08:02:24.263 1842 INFO rally.task.context [-] Task 77b18d41-8e4b-4fba-9753-4f102bb15bb1 | Context quotas@openstack cleanup() finished in 0.82 sec
2019-07-28 08:02:24.264 1842 INFO rally.task.context [-] Task 77b18d41-8e4b-4fba-9753-4f102bb15bb1 | Context api_versions@openstack cleanup() started
2019-07-28 08:02:24.264 1842 INFO rally.task.context [-] Task 77b18d41-8e4b-4fba-9753-4f102bb15bb1 | Context api_versions@openstack cleanup() finished in 0.32 msec
2019-07-28 08:02:24.265 1842 INFO rally.task.context [-] Task 77b18d41-8e4b-4fba-9753-4f102bb15bb1 | Context users@openstack cleanup() started
2019-07-28 08:02:31.137 1842 INFO rally.task.context [-] Task 77b18d41-8e4b-4fba-9753-4f102bb15bb1 | Context users@openstack cleanup() finished in 6.87 sec
2019-07-28 08:02:32.015 1842 INFO rally.task.engine [-] Load duration is: 2.284328
2019-07-28 08:02:32.015 1842 INFO rally.task.engine [-] Full runner duration is: 2.3299
2019-07-28 08:02:32.015 1842 INFO rally.task.engine [-] Full duration is: 59.376091
2019-07-28 08:02:32.303 1842 INFO rally.task.engine [-] Running workload: position = 0 config = { "version": 2, "title": "A cropped version of a bigger task.", "description": "Auto-generated task from a single workload (uuid=06b9b37c-79b1-4900-b078-42bb0f01e0f7)", "subtasks": [ { "title": "CinderVolumes.create_and_delete_snapshot", "description": "Create and then delete a volume-snapshot.", "scenario": { "CinderVolumes.create_and_delete_snapshot": { "force": false } }, "contexts": { "users": { "tenants": 3, "users_per_tenant": 2 }, "quotas": { "cinder": { "gigabytes": -1, "snapshots": -1, "volumes": -1 } }, "api_versions": { "cinder": { "version": 3, "service_type": "volumev3" } }, "volumes": { "size": 1, "volumes_per_tenant": 1 } }, "runner": { "constant": { "concurrency": 4, "times": 10 } }, "hooks": [], "sla": { "failure_rate": { "max": 0 } } } ] }
2019-07-28 08:02:32.327 1842 RALLYDEBUG rally_openstack.contexts.keystone.users [-] Creating 3 tenants using 20 threads
2019-07-28 08:02:34.116 1842 RALLYDEBUG rally_openstack.contexts.keystone.users [-] Creating 6 users using 20 threads
2019-07-28 08:02:36.737 1842 INFO rally.task.context [-] Task 77b18d41-8e4b-4fba-9753-4f102bb15bb1 | Context users@openstack setup() finished in 4.41 sec
2019-07-28 08:02:37.161 1842 INFO rally.task.context [-] Task 77b18d41-8e4b-4fba-9753-4f102bb15bb1 | Context api_versions@openstack setup() finished in 0.42 sec
2019-07-28 08:02:38.821 1842 INFO rally.task.context [-] Task 77b18d41-8e4b-4fba-9753-4f102bb15bb1 | Context quotas@openstack setup() finished in 1.66 sec
2019-07-28 08:02:49.470 1842 INFO rally.task.context [-] Task 77b18d41-8e4b-4fba-9753-4f102bb15bb1 | Context volumes@openstack setup() finished in 10.65 sec
2019-07-28 08:02:49.470 1842 INFO rally.task.context [-] Task 77b18d41-8e4b-4fba-9753-4f102bb15bb1 | Context cleanup@openstack setup() finished in 0.01 msec
2019-07-28 08:02:49.479 1842 RALLYDEBUG rally.task.runner [-] Starting the constant runner (task UUID: 77b18d41-8e4b-4fba-9753-4f102bb15bb1). timeout: 0 concurrency: 4 concurrency_per_worker: 1 times: 10 concurrency_overhead: 0 processes_to_start: 4 max_cpu_used: 16
2019-07-28 08:02:49.493 3966 RALLYDEBUG rally.task.runner [-] Starting a worker. concurrency: 1 args: {"force": false} times: 10 method_name: run timeout: 0 duration: None cls:
2019-07-28 08:02:49.496 3967 RALLYDEBUG rally.task.runner [-] Starting a worker. concurrency: 1 args: {"force": false} times: 10 method_name: run timeout: 0 duration: None cls:
2019-07-28 08:02:49.499 3968 RALLYDEBUG rally.task.runner [-] Starting a worker. concurrency: 1 args: {"force": false} times: 10 method_name: run timeout: 0 duration: None cls:
2019-07-28 08:02:49.503 3969 RALLYDEBUG rally.task.runner [-] Starting a worker. concurrency: 1 args: {"force": false} times: 10 method_name: run timeout: 0 duration: None cls:
2019-07-28 08:02:49.505 3966 INFO rally.task.runner [-] Task 77b18d41-8e4b-4fba-9753-4f102bb15bb1 | ITER: 1 START
2019-07-28 08:02:49.507 3967 INFO rally.task.runner [-] Task 77b18d41-8e4b-4fba-9753-4f102bb15bb1 | ITER: 2 START
2019-07-28 08:02:49.510 3968 INFO rally.task.runner [-] Task 77b18d41-8e4b-4fba-9753-4f102bb15bb1 | ITER: 3 START
2019-07-28 08:02:49.514 3969 INFO rally.task.runner [-] Task 77b18d41-8e4b-4fba-9753-4f102bb15bb1 | ITER: 4 START
2019-07-28 08:02:53.092 3969 RALLYDEBUG rally.task.utils [-] Waiting for resource s_rally_06b9b37c_nB0qbc7G. Status changed: AVAILABLE => DELETING in 0.0272331237793
2019-07-28 08:02:53.272 3966 RALLYDEBUG rally.task.utils [-] Waiting for resource s_rally_06b9b37c_WHvKHHGg. Status changed: AVAILABLE => DELETING in 0.248380184174
2019-07-28 08:02:53.495 3968 RALLYDEBUG rally.task.utils [-] Waiting for resource s_rally_06b9b37c_j0TIfAAw. Status changed: AVAILABLE => DELETING in 0.217462062836
2019-07-28 08:02:53.573 3967 RALLYDEBUG rally.task.utils [-] Waiting for resource s_rally_06b9b37c_Ytn6U8eG. Status changed: AVAILABLE => DELETING in 0.300759077072
2019-07-28 08:02:55.319 3969 INFO rally.task.runner [-] Task 77b18d41-8e4b-4fba-9753-4f102bb15bb1 | ITER: 4 END: OK
2019-07-28 08:02:55.323 3969 INFO rally.task.runner [-] Task 77b18d41-8e4b-4fba-9753-4f102bb15bb1 | ITER: 5 START
2019-07-28 08:02:55.473 3966 INFO rally.task.runner [-] Task 77b18d41-8e4b-4fba-9753-4f102bb15bb1 | ITER: 1 END: OK
2019-07-28 08:02:55.478 3966 INFO rally.task.runner [-] Task 77b18d41-8e4b-4fba-9753-4f102bb15bb1 | ITER: 6 START
2019-07-28 08:02:55.723 3968 INFO rally.task.runner [-] Task 77b18d41-8e4b-4fba-9753-4f102bb15bb1 | ITER: 3 END: OK
2019-07-28 08:02:55.728 3968 INFO rally.task.runner [-] Task 77b18d41-8e4b-4fba-9753-4f102bb15bb1 | ITER: 7 START
2019-07-28 08:02:55.823 3967 INFO rally.task.runner [-] Task 77b18d41-8e4b-4fba-9753-4f102bb15bb1 | ITER: 2 END: OK
2019-07-28 08:02:55.828 3967 INFO rally.task.runner [-] Task 77b18d41-8e4b-4fba-9753-4f102bb15bb1 | ITER: 8 START
2019-07-28 08:02:59.011 3966 RALLYDEBUG rally.task.utils [-] Waiting for resource s_rally_06b9b37c_aQDwV0i3. Status changed: AVAILABLE => DELETING in 0.230734109879
2019-07-28 08:02:59.441 3969 RALLYDEBUG rally.task.utils [-] Waiting for resource s_rally_06b9b37c_plrc5U5D. Status changed: AVAILABLE => DELETING in 0.238111019135
2019-07-28 08:02:59.625 3967 RALLYDEBUG rally.task.utils [-] Waiting for resource s_rally_06b9b37c_OF4WBnnM. Status changed: AVAILABLE => DELETING in 0.222571134567
2019-07-28 08:02:59.726 3968 RALLYDEBUG rally.task.utils [-] Waiting for resource s_rally_06b9b37c_C7KktWJI. Status changed: AVAILABLE => DELETING in 0.211319923401
2019-07-28 08:03:01.038 3966 INFO rally.task.runner [-] Task 77b18d41-8e4b-4fba-9753-4f102bb15bb1 | ITER: 6 END: OK
2019-07-28 08:03:01.044 3966 INFO rally.task.runner [-] Task 77b18d41-8e4b-4fba-9753-4f102bb15bb1 | ITER: 9 START
2019-07-28 08:03:01.648 3967 INFO rally.task.runner [-] Task 77b18d41-8e4b-4fba-9753-4f102bb15bb1 | ITER: 8 END: OK
2019-07-28 08:03:01.653 3967 INFO rally.task.runner [-] Task 77b18d41-8e4b-4fba-9753-4f102bb15bb1 | ITER: 10 START
2019-07-28 08:03:01.745 3969 INFO rally.task.runner [-] Task 77b18d41-8e4b-4fba-9753-4f102bb15bb1 | ITER: 5 END: OK
2019-07-28 08:03:01.940 3968 INFO rally.task.runner [-] Task 77b18d41-8e4b-4fba-9753-4f102bb15bb1 | ITER: 7 END: OK
2019-07-28 08:03:05.139 3967 RALLYDEBUG rally.task.utils [-] Waiting for resource s_rally_06b9b37c_MVOEHpi1. Status changed: AVAILABLE => DELETING in 0.0255239009857
2019-07-28 08:03:05.192 3966 RALLYDEBUG rally.task.utils [-] Waiting for resource s_rally_06b9b37c_gFteHNvs. Status changed: AVAILABLE => DELETING in 0.316118001938
2019-07-28 08:03:07.391 3967 INFO rally.task.runner [-] Task 77b18d41-8e4b-4fba-9753-4f102bb15bb1 | ITER: 10 END: OK
2019-07-28 08:03:07.434 3966 INFO rally.task.runner [-] Task 77b18d41-8e4b-4fba-9753-4f102bb15bb1 | ITER: 9 END: OK
2019-07-28 08:03:07.454 1842 INFO rally.task.context [-] Task 77b18d41-8e4b-4fba-9753-4f102bb15bb1 | Context cleanup@openstack cleanup() started
2019-07-28 08:03:07.456 1842 RALLYDEBUG rally_openstack.cleanup.manager [-] Cleaning up cinder backups objects
2019-07-28 08:03:09.379 1842 RALLYDEBUG rally_openstack.cleanup.manager [-] Cleaning up cinder volume_snapshots objects
2019-07-28 08:03:11.282 1842 RALLYDEBUG rally_openstack.cleanup.manager [-] Cleaning up cinder transfers objects
2019-07-28 08:03:13.256 1842 RALLYDEBUG rally_openstack.cleanup.manager [-] Cleaning up cinder volumes objects
2019-07-28 08:03:15.324 1842 INFO rally.task.context [-] Task 77b18d41-8e4b-4fba-9753-4f102bb15bb1 | Context cleanup@openstack cleanup() finished in 7.87 sec
2019-07-28 08:03:15.324 1842 INFO rally.task.context [-] Task 77b18d41-8e4b-4fba-9753-4f102bb15bb1 | Context volumes@openstack cleanup() started
2019-07-28 08:03:15.325 1842 RALLYDEBUG rally_openstack.cleanup.manager [-] Cleaning up cinder volumes objects
2019-07-28 08:03:17.461 1842 RALLYDEBUG rally_openstack.cleanup.manager [-] Deleting cinder.volumes object c_rally_06b9b37c_GRiWmjNI (09071982-2ecd-43c0-9fd0-c72d2a028b72)
2019-07-28 08:03:17.462 1842 RALLYDEBUG rally_openstack.cleanup.manager [-] Deleting cinder.volumes object c_rally_06b9b37c_iqDv12XU (549ed384-e4e6-4742-8867-44aac9da3c09)
2019-07-28 08:03:17.471 1842 RALLYDEBUG rally_openstack.cleanup.manager [-] Deleting cinder.volumes object c_rally_06b9b37c_JPCG7L8j (eb5e1b26-48cb-4cbb-aa0a-730d4f649d8c)
2019-07-28 08:03:20.817 1842 INFO rally.task.context [-] Task 77b18d41-8e4b-4fba-9753-4f102bb15bb1 | Context volumes@openstack cleanup() finished in 5.49 sec
2019-07-28 08:03:20.818 1842 INFO rally.task.context [-] Task 77b18d41-8e4b-4fba-9753-4f102bb15bb1 | Context quotas@openstack cleanup() started
2019-07-28 08:03:21.546 1842 INFO rally.task.context [-] Task 77b18d41-8e4b-4fba-9753-4f102bb15bb1 | Context quotas@openstack cleanup() finished in 0.73 sec
2019-07-28 08:03:21.546 1842 INFO rally.task.context [-] Task 77b18d41-8e4b-4fba-9753-4f102bb15bb1 | Context api_versions@openstack cleanup() started
2019-07-28 08:03:21.547 1842 INFO rally.task.context [-] Task 77b18d41-8e4b-4fba-9753-4f102bb15bb1 | Context api_versions@openstack cleanup() finished in 0.31 msec
2019-07-28 08:03:21.547 1842 INFO rally.task.context [-] Task 77b18d41-8e4b-4fba-9753-4f102bb15bb1 | Context users@openstack cleanup() started
2019-07-28 08:03:28.441 1842 INFO rally.task.context [-] Task 77b18d41-8e4b-4fba-9753-4f102bb15bb1 | Context users@openstack cleanup() finished in 6.89 sec
2019-07-28 08:03:28.568 1842 INFO rally.task.engine [-] Load duration is: 17.925031
2019-07-28 08:03:28.568 1842 INFO rally.task.engine [-] Full runner duration is: 17.97638
2019-07-28 08:03:28.568 1842 INFO rally.task.engine [-] Full duration is: 56.119528
2019-07-28 08:03:28.851 1842 INFO rally.task.engine [-] Running workload: position = 0 config = { "version": 2, "title": "A cropped version of a bigger task.", "description": "Auto-generated task from a single workload (uuid=8a176508-1179-4bb8-9e24-12117f728d0f)", "subtasks": [ { "title": "CinderVolumes.create_and_delete_volume", "description": "Create and then delete a volume.", "scenario": { "CinderVolumes.create_and_delete_volume": { "size": { "max": 1, "min": 1 } } }, "contexts": { "users": { "tenants": 3, "users_per_tenant": 2 }, "quotas": { "cinder": { "gigabytes": -1, "snapshots": -1, "volumes": -1 } }, "api_versions": { "cinder": { "version": 3, "service_type": "volumev3" } } }, "runner": { "constant": { "concurrency": 4, "times": 10 } }, "hooks": [], "sla": { "failure_rate": { "max": 0 } } } ] }
2019-07-28 08:03:28.877 1842 RALLYDEBUG rally_openstack.contexts.keystone.users [-] Creating 3 tenants using 20 threads
2019-07-28 08:03:30.674 1842 RALLYDEBUG rally_openstack.contexts.keystone.users [-] Creating 6 users using 20 threads
2019-07-28 08:03:33.321 1842 INFO rally.task.context [-] Task 77b18d41-8e4b-4fba-9753-4f102bb15bb1 | Context users@openstack setup() finished in 4.44 sec
2019-07-28 08:03:33.738 1842 INFO rally.task.context [-] Task 77b18d41-8e4b-4fba-9753-4f102bb15bb1 | Context api_versions@openstack setup() finished in 0.42 sec
2019-07-28 08:03:35.254 1842 INFO rally.task.context [-] Task 77b18d41-8e4b-4fba-9753-4f102bb15bb1 | Context quotas@openstack setup() finished in 1.52 sec
2019-07-28 08:03:35.254 1842 INFO rally.task.context [-] Task 77b18d41-8e4b-4fba-9753-4f102bb15bb1 | Context cleanup@openstack setup() finished in 0.01 msec
2019-07-28 08:03:35.262 1842 RALLYDEBUG rally.task.runner [-] Starting the constant runner (task UUID: 77b18d41-8e4b-4fba-9753-4f102bb15bb1). timeout: 0 concurrency: 4 concurrency_per_worker: 1 times: 10 concurrency_overhead: 0 processes_to_start: 4 max_cpu_used: 16
2019-07-28 08:03:35.277 4170 RALLYDEBUG rally.task.runner [-] Starting a worker. concurrency: 1 args: {"size": {"max": 1, "min": 1}} times: 10 method_name: run timeout: 0 duration: None cls:
2019-07-28 08:03:35.279 4171 RALLYDEBUG rally.task.runner [-] Starting a worker. concurrency: 1 args: {"size": {"max": 1, "min": 1}} times: 10 method_name: run timeout: 0 duration: None cls:
2019-07-28 08:03:35.282 4172 RALLYDEBUG rally.task.runner [-] Starting a worker. concurrency: 1 args: {"size": {"max": 1, "min": 1}} times: 10 method_name: run timeout: 0 duration: None cls:
2019-07-28 08:03:35.285 4170 INFO rally.task.runner [-] Task 77b18d41-8e4b-4fba-9753-4f102bb15bb1 | ITER: 1 START
2019-07-28 08:03:35.287 4171 INFO rally.task.runner [-] Task 77b18d41-8e4b-4fba-9753-4f102bb15bb1 | ITER: 2 START
2019-07-28 08:03:35.291 4172 INFO rally.task.runner [-] Task 77b18d41-8e4b-4fba-9753-4f102bb15bb1 | ITER: 3 START
2019-07-28 08:03:35.502 4173 RALLYDEBUG rally.task.runner [-] Starting a worker. concurrency: 1 args: {"size": {"max": 1, "min": 1}} times: 10 method_name: run timeout: 0 duration: None cls:
2019-07-28 08:03:35.506 4173 INFO rally.task.runner [-] Task 77b18d41-8e4b-4fba-9753-4f102bb15bb1 | ITER: 4 START
2019-07-28 08:03:39.324 4172 RALLYDEBUG rally.task.utils [-] Waiting for resource s_rally_8a176508_PTxCZSkf. Status changed: AVAILABLE => DELETING in 0.0650858879089
2019-07-28 08:03:39.430 4170 RALLYDEBUG rally.task.utils [-] Waiting for resource s_rally_8a176508_EFkqvzFu. Status changed: AVAILABLE => DELETING in 0.282577037811
2019-07-28 08:03:39.477 4171 RALLYDEBUG rally.task.utils [-] Waiting for resource s_rally_8a176508_xApCzEb8. Status changed: AVAILABLE => DELETING in 0.280602931976
2019-07-28 08:03:39.616 4173 RALLYDEBUG rally.task.utils [-] Waiting for resource s_rally_8a176508_RhWJvzKo. Status changed: AVAILABLE => DELETING in 0.366456031799
2019-07-28 08:03:41.560 4172 INFO rally.task.runner [-] Task 77b18d41-8e4b-4fba-9753-4f102bb15bb1 | ITER: 3 END: OK
2019-07-28 08:03:41.566 4172 INFO rally.task.runner [-] Task 77b18d41-8e4b-4fba-9753-4f102bb15bb1 | ITER: 5 START
2019-07-28 08:03:41.653 4173 INFO rally.task.runner [-] Task 77b18d41-8e4b-4fba-9753-4f102bb15bb1 | ITER: 4 END: OK
2019-07-28 08:03:41.659 4173 INFO rally.task.runner [-] Task 77b18d41-8e4b-4fba-9753-4f102bb15bb1 | ITER: 6 START
2019-07-28 08:03:41.660 4170 INFO rally.task.runner [-] Task 77b18d41-8e4b-4fba-9753-4f102bb15bb1 | ITER: 1 END: OK
2019-07-28 08:03:41.664 4170 INFO rally.task.runner [-] Task 77b18d41-8e4b-4fba-9753-4f102bb15bb1 | ITER: 7 START
2019-07-28 08:03:41.697 4171 INFO rally.task.runner [-] Task 77b18d41-8e4b-4fba-9753-4f102bb15bb1 | ITER: 2 END: OK
2019-07-28 08:03:41.702 4171 INFO rally.task.runner [-] Task 77b18d41-8e4b-4fba-9753-4f102bb15bb1 | ITER: 8 START
2019-07-28 08:03:45.450 4170 RALLYDEBUG rally.task.utils [-] Waiting for resource s_rally_8a176508_P1sOSED5. Status changed: AVAILABLE => DELETING in 0.0659728050232
2019-07-28 08:03:45.548 4173 RALLYDEBUG rally.task.utils [-] Waiting for resource s_rally_8a176508_9TJemPzs. Status changed: AVAILABLE => DELETING in 0.0542941093445
2019-07-28 08:03:45.632 4171 RALLYDEBUG rally.task.utils [-] Waiting for resource s_rally_8a176508_rKqQ8Z0u. Status changed: AVAILABLE => DELETING in 0.280237913132
2019-07-28 08:03:45.638 4172 INFO rally.task.runner [-] Task 77b18d41-8e4b-4fba-9753-4f102bb15bb1 | ITER: 5 END: OK
2019-07-28 08:03:45.643 4172 INFO rally.task.runner [-] Task 77b18d41-8e4b-4fba-9753-4f102bb15bb1 | ITER: 9 START
2019-07-28 08:03:47.683 4170 INFO rally.task.runner [-] Task 77b18d41-8e4b-4fba-9753-4f102bb15bb1 | ITER: 7 END: OK
2019-07-28 08:03:47.690 4170 INFO rally.task.runner [-] Task 77b18d41-8e4b-4fba-9753-4f102bb15bb1 | ITER: 10 START
2019-07-28 08:03:47.776 4173 INFO rally.task.runner [-] Task 77b18d41-8e4b-4fba-9753-4f102bb15bb1 | ITER: 6 END: OK
2019-07-28 08:03:47.873 4171 INFO rally.task.runner [-] Task 77b18d41-8e4b-4fba-9753-4f102bb15bb1 | ITER: 8 END: OK
2019-07-28 08:03:49.302 4172 INFO rally.task.runner [-] Task 77b18d41-8e4b-4fba-9753-4f102bb15bb1 | ITER: 9 END: OK
2019-07-28 08:03:51.667 4170 INFO rally.task.runner [-] Task 77b18d41-8e4b-4fba-9753-4f102bb15bb1 | ITER: 10 END: OK
2019-07-28 08:03:51.696 1842 INFO rally.task.context [-] Task 77b18d41-8e4b-4fba-9753-4f102bb15bb1 | Context cleanup@openstack cleanup() started
2019-07-28 08:03:51.698 1842 RALLYDEBUG rally_openstack.cleanup.manager [-] Cleaning up cinder backups objects
2019-07-28 08:03:53.683 1842 RALLYDEBUG rally_openstack.cleanup.manager [-] Cleaning up cinder volume_snapshots objects
2019-07-28 08:03:55.637 1842 RALLYDEBUG rally_openstack.cleanup.manager [-] Cleaning up cinder transfers objects
2019-07-28 08:03:57.523 1842 RALLYDEBUG rally_openstack.cleanup.manager [-] Cleaning up cinder volumes objects
2019-07-28 08:03:59.432 1842 INFO rally.task.context [-] Task 77b18d41-8e4b-4fba-9753-4f102bb15bb1 | Context cleanup@openstack cleanup() finished in 7.74 sec
2019-07-28 08:03:59.433 1842 INFO rally.task.context [-] Task 77b18d41-8e4b-4fba-9753-4f102bb15bb1 | Context quotas@openstack cleanup() started
2019-07-28 08:03:59.877 1842 INFO rally.task.context [-] Task 77b18d41-8e4b-4fba-9753-4f102bb15bb1 | Context quotas@openstack cleanup() finished in 0.44 sec
2019-07-28 08:03:59.877 1842 INFO rally.task.context [-] Task 77b18d41-8e4b-4fba-9753-4f102bb15bb1 | Context api_versions@openstack cleanup() started
2019-07-28 08:03:59.878 1842 INFO rally.task.context [-] Task 77b18d41-8e4b-4fba-9753-4f102bb15bb1 | Context api_versions@openstack cleanup() finished in 0.31 msec
2019-07-28 08:03:59.878 1842 INFO rally.task.context [-] Task 77b18d41-8e4b-4fba-9753-4f102bb15bb1 | Context users@openstack cleanup() started
2019-07-28 08:04:07.190 1842 INFO rally.task.context [-] Task 77b18d41-8e4b-4fba-9753-4f102bb15bb1 | Context users@openstack cleanup() finished in 7.31 sec
2019-07-28 08:04:09.047 1842 INFO rally.task.engine [-] Load duration is: 16.377691
2019-07-28 08:04:09.047 1842 INFO rally.task.engine [-] Full runner duration is: 16.433942
2019-07-28 08:04:09.048 1842 INFO rally.task.engine [-] Full duration is: 38.318751
2019-07-28 08:04:09.228 1842 INFO rally.task.engine [-] Running workload: position = 1 config = { "version": 2, "title": "A cropped version of a bigger task.", "description": "Auto-generated task from a single workload (uuid=efd04152-6a6d-4d06-8b18-49d0a65ac8ee)", "subtasks": [ { "title": "CinderVolumes.create_and_delete_volume", "description": "Create and then delete a volume.", "scenario": { "CinderVolumes.create_and_delete_volume": { "image": { "name": "rally_full-img_90cb5c5e-b285-46a4-ba38-4aa44519520f" }, "size": 1 } }, "contexts": { "users": { "tenants": 3, "users_per_tenant": 2 }, "quotas": { "cinder": { "gigabytes": -1, "snapshots": -1, "volumes": -1 } }, "api_versions": { "cinder": { "version": 3, "service_type": "volumev3" } } }, "runner": { "constant": { "concurrency": 4, "times": 10 } }, "hooks": [], "sla": { "failure_rate": { "max": 0 } } } ] }
2019-07-28 08:04:09.252 1842 RALLYDEBUG rally_openstack.contexts.keystone.users [-] Creating 3 tenants using 20 threads
2019-07-28 08:04:11.063 1842 RALLYDEBUG rally_openstack.contexts.keystone.users [-] Creating 6 users using 20 threads
2019-07-28 08:04:13.847 1842 INFO rally.task.context [-] Task 77b18d41-8e4b-4fba-9753-4f102bb15bb1 | Context users@openstack setup() finished in 4.60 sec
2019-07-28 08:04:14.269 1842 INFO rally.task.context [-] Task 77b18d41-8e4b-4fba-9753-4f102bb15bb1 | Context api_versions@openstack setup() finished in 0.42 sec
2019-07-28 08:04:15.922 1842 INFO rally.task.context [-] Task 77b18d41-8e4b-4fba-9753-4f102bb15bb1 | Context quotas@openstack setup() finished in 1.65 sec
2019-07-28 08:04:15.923 1842 INFO rally.task.context [-] Task 77b18d41-8e4b-4fba-9753-4f102bb15bb1 | Context cleanup@openstack setup() finished in 0.01 msec
2019-07-28 08:04:17.053 1842 RALLYDEBUG rally.task.runner [-] Starting the constant runner (task UUID: 77b18d41-8e4b-4fba-9753-4f102bb15bb1). timeout: 0 concurrency: 4 concurrency_per_worker: 1 times: 10 concurrency_overhead: 0 processes_to_start: 4 max_cpu_used: 16
2019-07-28 08:04:17.066 4354 RALLYDEBUG rally.task.runner [-] Starting a worker. concurrency: 1 args: {"image": "a40b6138-1bc5-4102-9311-99e372e02f85", "size": 1} times: 10 method_name: run timeout: 0 duration: None cls:
2019-07-28 08:04:17.071 4355 RALLYDEBUG rally.task.runner [-] Starting a worker. concurrency: 1 args: {"image": "a40b6138-1bc5-4102-9311-99e372e02f85", "size": 1} times: 10 method_name: run timeout: 0 duration: None cls:
2019-07-28 08:04:17.072 4356 RALLYDEBUG rally.task.runner [-] Starting a worker. concurrency: 1 args: {"image": "a40b6138-1bc5-4102-9311-99e372e02f85", "size": 1} times: 10 method_name: run timeout: 0 duration: None cls:
2019-07-28 08:04:17.074 4354 INFO rally.task.runner [-] Task 77b18d41-8e4b-4fba-9753-4f102bb15bb1 | ITER: 1 START
2019-07-28 08:04:17.077 4357 RALLYDEBUG rally.task.runner [-] Starting a worker. concurrency: 1 args: {"image": "a40b6138-1bc5-4102-9311-99e372e02f85", "size": 1} times: 10 method_name: run timeout: 0 duration: None cls:
2019-07-28 08:04:17.079 4355 INFO rally.task.runner [-] Task 77b18d41-8e4b-4fba-9753-4f102bb15bb1 | ITER: 2 START
2019-07-28 08:04:17.079 4356 INFO rally.task.runner [-] Task 77b18d41-8e4b-4fba-9753-4f102bb15bb1 | ITER: 3 START
2019-07-28 08:04:17.085 4357 INFO rally.task.runner [-] Task 77b18d41-8e4b-4fba-9753-4f102bb15bb1 | ITER: 4 START
2019-07-28 08:04:21.333 4356 RALLYDEBUG rally.task.utils [-] Waiting for resource s_rally_efd04152_8SGjQHxG. Status changed: CREATING => DOWNLOADING in 0.695591926575
2019-07-28 08:04:23.252 4357 RALLYDEBUG rally.task.utils [-] Waiting for resource s_rally_efd04152_lpuMFAdY. Status changed: DOWNLOADING => AVAILABLE in 2.7349178791
2019-07-28 08:04:23.595 4357 RALLYDEBUG rally.task.utils [-] Waiting for resource s_rally_efd04152_lpuMFAdY. Status changed: AVAILABLE => DELETING in 0.265391111374
2019-07-28 08:04:23.689 4354 RALLYDEBUG rally.task.utils [-] Waiting for resource s_rally_efd04152_8vF2o2fD. Status changed: DOWNLOADING => AVAILABLE in 3.0726120472
2019-07-28 08:04:23.704 4355 RALLYDEBUG rally.task.utils [-] Waiting for resource s_rally_efd04152_8DnbIyxV. Status changed: DOWNLOADING => AVAILABLE in 3.09067416191
2019-07-28 08:04:24.072 4355 RALLYDEBUG rally.task.utils [-] Waiting for resource s_rally_efd04152_8DnbIyxV. Status changed: AVAILABLE => DELETING in 0.278025865555
2019-07-28 08:04:24.098 4354 RALLYDEBUG rally.task.utils [-] Waiting for resource s_rally_efd04152_8vF2o2fD. Status changed: AVAILABLE => DELETING in 0.0614929199219
2019-07-28 08:04:25.664 4356 RALLYDEBUG rally.task.utils [-] Waiting for resource s_rally_efd04152_8SGjQHxG. Status changed: DOWNLOADING => AVAILABLE in 4.33061408997
2019-07-28 08:04:25.883 4357 INFO rally.task.runner [-] Task 77b18d41-8e4b-4fba-9753-4f102bb15bb1 | ITER: 4 END: OK
2019-07-28 08:04:25.886 4357 INFO rally.task.runner [-] Task 77b18d41-8e4b-4fba-9753-4f102bb15bb1 | ITER: 5 START
2019-07-28 08:04:26.125 4356 RALLYDEBUG rally.task.utils [-] Waiting for resource s_rally_efd04152_8SGjQHxG. Status changed: AVAILABLE => DELETING in 0.0591161251068
2019-07-28 08:04:26.414 4355 INFO rally.task.runner [-] Task 77b18d41-8e4b-4fba-9753-4f102bb15bb1 | ITER: 2 END: OK
2019-07-28 08:04:26.420 4355 INFO rally.task.runner [-] Task 77b18d41-8e4b-4fba-9753-4f102bb15bb1 | ITER: 6 START
2019-07-28 08:04:26.453 4354 INFO rally.task.runner [-] Task 77b18d41-8e4b-4fba-9753-4f102bb15bb1 | ITER: 1 END: OK
2019-07-28 08:04:26.458 4354 INFO rally.task.runner [-] Task 77b18d41-8e4b-4fba-9753-4f102bb15bb1 | ITER: 7 START
2019-07-28 08:04:28.368 4356 INFO rally.task.runner [-] Task 77b18d41-8e4b-4fba-9753-4f102bb15bb1 | ITER: 3 END: OK
2019-07-28 08:04:28.374 4356 INFO rally.task.runner [-] Task 77b18d41-8e4b-4fba-9753-4f102bb15bb1 | ITER: 8 START
2019-07-28 08:04:31.945 4357 RALLYDEBUG rally.task.utils [-] Waiting for resource s_rally_efd04152_VLiBIjQk. Status changed: DOWNLOADING => AVAILABLE in 2.88291501999
2019-07-28 08:04:32.349 4357 RALLYDEBUG rally.task.utils [-] Waiting for resource s_rally_efd04152_VLiBIjQk. Status changed: AVAILABLE => DELETING in 0.0568428039551
2019-07-28 08:04:32.730 4354 RALLYDEBUG rally.task.utils [-] Waiting for resource s_rally_efd04152_mdEdberb. Status changed: DOWNLOADING => AVAILABLE in 2.95879888535
2019-07-28 08:04:32.759 4355 RALLYDEBUG rally.task.utils [-] Waiting for resource s_rally_efd04152_7faajTM8. Status changed: DOWNLOADING => AVAILABLE in 2.99775290489
2019-07-28 08:04:33.056 4354 INFO rally.task.runner [-] Task 77b18d41-8e4b-4fba-9753-4f102bb15bb1 | ITER: 7 END: OK
2019-07-28 08:04:33.061 4354 INFO rally.task.runner [-] Task 77b18d41-8e4b-4fba-9753-4f102bb15bb1 | ITER: 9 START
2019-07-28 08:04:33.401 4355 RALLYDEBUG rally.task.utils [-] Waiting for resource s_rally_efd04152_7faajTM8. Status changed: AVAILABLE => DELETING in 0.287008047104
2019-07-28 08:04:34.384 4357 INFO rally.task.runner [-] Task 77b18d41-8e4b-4fba-9753-4f102bb15bb1 | ITER: 5 END: OK
2019-07-28 08:04:34.387 4357 INFO rally.task.runner [-] Task 77b18d41-8e4b-4fba-9753-4f102bb15bb1 | ITER: 10 START
2019-07-28 08:04:34.431 4356 RALLYDEBUG rally.task.utils [-] Waiting for resource s_rally_efd04152_1C3zSf1G. Status changed: DOWNLOADING => AVAILABLE in 2.76662302017
2019-07-28 08:04:34.954 4356 RALLYDEBUG rally.task.utils [-] Waiting for resource s_rally_efd04152_1C3zSf1G. Status changed: AVAILABLE => DELETING in 0.266285896301
2019-07-28 08:04:35.722 4355 INFO rally.task.runner [-] Task 77b18d41-8e4b-4fba-9753-4f102bb15bb1 | ITER: 6 END: OK
2019-07-28 08:04:36.994 4356 INFO rally.task.runner [-] Task 77b18d41-8e4b-4fba-9753-4f102bb15bb1 | ITER: 8 END: OK
2019-07-28 08:04:39.205 4354 RALLYDEBUG rally.task.utils [-] Waiting for resource s_rally_efd04152_rI0mxVlW. Status changed: DOWNLOADING => AVAILABLE in 2.73610901833
2019-07-28 08:04:39.763 4354 INFO rally.task.runner [-] Task 77b18d41-8e4b-4fba-9753-4f102bb15bb1 | ITER: 9 END: OK
2019-07-28 08:04:40.176 4357 RALLYDEBUG rally.task.utils [-] Waiting for resource s_rally_efd04152_YKBhJ7UV. Status changed: DOWNLOADING => AVAILABLE in 2.58888292313
2019-07-28 08:04:40.776 4357 INFO rally.task.runner [-] Task 77b18d41-8e4b-4fba-9753-4f102bb15bb1 | ITER: 10 END: OK
2019-07-28 08:04:40.803 1842 INFO rally.task.context [-] Task 77b18d41-8e4b-4fba-9753-4f102bb15bb1 | Context cleanup@openstack cleanup() started
2019-07-28 08:04:40.806 1842 RALLYDEBUG rally_openstack.cleanup.manager [-] Cleaning up cinder backups objects
2019-07-28 08:04:42.865 1842 RALLYDEBUG rally_openstack.cleanup.manager [-] Cleaning up cinder volume_snapshots objects
2019-07-28 08:04:44.917 1842 RALLYDEBUG rally_openstack.cleanup.manager [-] Cleaning up cinder transfers objects
2019-07-28 08:04:46.863 1842 RALLYDEBUG rally_openstack.cleanup.manager [-] Cleaning up cinder volumes objects
2019-07-28 08:04:49.030 1842 INFO rally.task.context [-] Task 77b18d41-8e4b-4fba-9753-4f102bb15bb1 | Context cleanup@openstack cleanup() finished in 8.23 sec
2019-07-28 08:04:49.030 1842 INFO rally.task.context [-] Task 77b18d41-8e4b-4fba-9753-4f102bb15bb1 | Context quotas@openstack cleanup() started
2019-07-28 08:04:49.504 1842 INFO rally.task.context [-] Task 77b18d41-8e4b-4fba-9753-4f102bb15bb1 | Context quotas@openstack cleanup() finished in 0.47 sec
2019-07-28 08:04:49.504 1842 INFO rally.task.context [-] Task 77b18d41-8e4b-4fba-9753-4f102bb15bb1 | Context api_versions@openstack cleanup() started
2019-07-28 08:04:49.505 1842 INFO rally.task.context [-] Task 77b18d41-8e4b-4fba-9753-4f102bb15bb1 | Context api_versions@openstack cleanup() finished in 0.31 msec
2019-07-28 08:04:49.505 1842 INFO rally.task.context [-] Task 77b18d41-8e4b-4fba-9753-4f102bb15bb1 | Context users@openstack cleanup() started
2019-07-28 08:04:56.110 1842 INFO rally.task.context [-] Task 77b18d41-8e4b-4fba-9753-4f102bb15bb1 | Context users@openstack cleanup() finished in 6.60 sec
2019-07-28 08:04:57.444 1842 INFO rally.task.engine [-] Load duration is: 23.697746
2019-07-28 08:04:57.444 1842 INFO rally.task.engine [-] Full runner duration is: 23.751342
2019-07-28 08:04:57.444 1842 INFO rally.task.engine [-] Full duration is: 46.862698
2019-07-28 08:04:57.612 1842 INFO rally.task.engine [-] Running workload: position = 2 config = { "version": 2, "title": "A cropped version of a bigger task.", "description": "Auto-generated task from a single workload (uuid=7f08dc91-2788-449f-aeba-45260f077674)", "subtasks": [ { "title": "CinderVolumes.create_and_delete_volume", "description": "Create and then delete a volume.", "scenario": { "CinderVolumes.create_and_delete_volume": { "size": 1 } }, "contexts": { "users": { "tenants": 3, "users_per_tenant": 2 }, "quotas": { "cinder": { "gigabytes": -1, "snapshots": -1, "volumes": -1 } }, "api_versions": { "cinder": { "version": 3, "service_type": "volumev3" } } }, "runner": { "constant": { "concurrency": 4, "times": 10 } }, "hooks": [], "sla": { "failure_rate": { "max": 0 } } } ] }
2019-07-28 08:04:57.635 1842 RALLYDEBUG rally_openstack.contexts.keystone.users [-] Creating 3 tenants using 20 threads
2019-07-28 08:04:59.418 1842 RALLYDEBUG rally_openstack.contexts.keystone.users [-] Creating 6 users using 20 threads
2019-07-28 08:05:01.987 1842 INFO rally.task.context [-] Task 77b18d41-8e4b-4fba-9753-4f102bb15bb1 | Context users@openstack setup() finished in 4.35 sec
2019-07-28 08:05:02.400 1842 INFO rally.task.context [-] Task 77b18d41-8e4b-4fba-9753-4f102bb15bb1 | Context api_versions@openstack setup() finished in 0.41 sec
2019-07-28 08:05:04.075 1842 INFO rally.task.context [-] Task 77b18d41-8e4b-4fba-9753-4f102bb15bb1 | Context quotas@openstack setup() finished in 1.67 sec
2019-07-28 08:05:04.076 1842 INFO rally.task.context [-] Task 77b18d41-8e4b-4fba-9753-4f102bb15bb1 | Context cleanup@openstack setup() finished in 0.01 msec
2019-07-28 08:05:04.083 1842 RALLYDEBUG rally.task.runner [-] Starting the constant runner (task UUID: 77b18d41-8e4b-4fba-9753-4f102bb15bb1). timeout: 0 concurrency: 4 concurrency_per_worker: 1 times: 10 concurrency_overhead: 0 processes_to_start: 4 max_cpu_used: 16
2019-07-28 08:05:04.098 4538 RALLYDEBUG rally.task.runner [-] Starting a worker. concurrency: 1 args: {"size": 1} times: 10 method_name: run timeout: 0 duration: None cls:
2019-07-28 08:05:04.101 4539 RALLYDEBUG rally.task.runner [-] Starting a worker. concurrency: 1 args: {"size": 1} times: 10 method_name: run timeout: 0 duration: None cls:
2019-07-28 08:05:04.103 4540 RALLYDEBUG rally.task.runner [-] Starting a worker. concurrency: 1 args: {"size": 1} times: 10 method_name: run timeout: 0 duration: None cls:
2019-07-28 08:05:04.107 4538 INFO rally.task.runner [-] Task 77b18d41-8e4b-4fba-9753-4f102bb15bb1 | ITER: 1 START
