2019-07-26 21:05:45.826 22696 RALLYDEBUG rally.api [-] INFO logs from urllib3 and requests module are hide.
2019-07-26 21:05:45.826 22696 RALLYDEBUG rally.api [-] urllib3 insecure warnings are hidden.
2019-07-26 21:05:45.826 22696 RALLYDEBUG rally.api [-] ERROR log from boto module is hide.
2019-07-26 21:05:48.147 22698 RALLYDEBUG rally.api [-] INFO logs from urllib3 and requests module are hide.
2019-07-26 21:05:48.147 22698 RALLYDEBUG rally.api [-] urllib3 insecure warnings are hidden.
2019-07-26 21:05:48.147 22698 RALLYDEBUG rally.api [-] ERROR log from boto module is hide.
2019-07-26 21:05:49.436 22698 WARNING rally_openstack.platforms.existing [-] endpoint is deprecated and not used.
2019-07-26 21:05:50.439 22700 RALLYDEBUG rally.api [-] INFO logs from urllib3 and requests module are hide.
2019-07-26 21:05:50.439 22700 RALLYDEBUG rally.api [-] urllib3 insecure warnings are hidden.
2019-07-26 21:05:50.439 22700 RALLYDEBUG rally.api [-] ERROR log from boto module is hide.
2019-07-26 21:05:53.910 22703 RALLYDEBUG rally.api [-] INFO logs from urllib3 and requests module are hide.
2019-07-26 21:05:53.910 22703 RALLYDEBUG rally.api [-] urllib3 insecure warnings are hidden.
2019-07-26 21:05:53.910 22703 RALLYDEBUG rally.api [-] ERROR log from boto module is hide.
2019-07-26 21:05:55.643 22705 RALLYDEBUG rally.api [-] INFO logs from urllib3 and requests module are hide.
2019-07-26 21:05:55.643 22705 RALLYDEBUG rally.api [-] urllib3 insecure warnings are hidden.
2019-07-26 21:05:55.644 22705 RALLYDEBUG rally.api [-] ERROR log from boto module is hide.
2019-07-26 21:05:56.797 22705 INFO rally.common.plugin.discover [-] Loading plugins from directories /root/.rally/plugins/*
2019-07-26 21:05:56.798 22705 INFO rally.common.plugin.discover [-] Loaded module with plugins: /root/.rally/plugins/__init__.py
2019-07-26 21:05:56.800 22705 INFO rally.common.plugin.discover [-] Loaded module with plugins: /root/.rally/plugins/trunk_scenario.py
2019-07-26 21:05:56.998 22705 INFO rally.task.engine [-] Task 35fa45fd-0a55-4417-9293-7823d8a8c700 | Starting: Task validation.
2019-07-26 21:05:57.032 22705 INFO rally.task.engine [-] Task 35fa45fd-0a55-4417-9293-7823d8a8c700 | Starting: Task validation of syntax.
2019-07-26 21:05:57.203 22705 INFO rally.task.engine [-] Task 35fa45fd-0a55-4417-9293-7823d8a8c700 | Completed: Task validation of syntax.
2019-07-26 21:05:57.203 22705 INFO rally.task.engine [-] Task 35fa45fd-0a55-4417-9293-7823d8a8c700 | Starting: Task validation of required platforms.
2019-07-26 21:05:57.257 22705 INFO rally.task.engine [-] Task 35fa45fd-0a55-4417-9293-7823d8a8c700 | Completed: Task validation of required platforms.
2019-07-26 21:05:57.257 22705 INFO rally.task.engine [-] Task 35fa45fd-0a55-4417-9293-7823d8a8c700 | Starting: Task validation of semantic.
2019-07-26 21:05:57.258 22705 INFO rally.task.engine [-] Check health of the environment 'f0813f91-be53-4125-bb6f-e2c98ad1ece8'.
2019-07-26 21:05:58.078 22705 INFO rally.task.engine [-] Platform existing@openstack (available: True): OK!
2019-07-26 21:05:58.096 22705 RALLYDEBUG rally_openstack.contexts.keystone.users [-] Creating 1 tenants using 20 threads
2019-07-26 21:06:00.003 22705 RALLYDEBUG rally_openstack.contexts.keystone.users [-] Creating 1 users using 20 threads
2019-07-26 21:06:02.812 22705 INFO rally.task.context [-] Task 35fa45fd-0a55-4417-9293-7823d8a8c700 | Context users@openstack setup() finished in 4.72 sec
2019-07-26 21:06:09.029 22705 INFO rally.task.context [-] Task 35fa45fd-0a55-4417-9293-7823d8a8c700 | Context users@openstack cleanup() started
2019-07-26 21:06:14.344 22705 INFO rally.task.context [-] Task 35fa45fd-0a55-4417-9293-7823d8a8c700 | Context users@openstack cleanup() finished in 5.32 sec
2019-07-26 21:06:14.344 22705 INFO rally.task.engine [-] Task 35fa45fd-0a55-4417-9293-7823d8a8c700 | Completed: Task validation of semantic.
2019-07-26 21:06:14.345 22705 INFO rally.task.engine [-] Task 35fa45fd-0a55-4417-9293-7823d8a8c700 | Completed: Task validation.
2019-07-26 21:06:14.345 22705 INFO rally.api [-] Task 35fa45fd-0a55-4417-9293-7823d8a8c700 input file is valid.
2019-07-26 21:06:14.345 22705 INFO rally.api [-] Run Task 35fa45fd-0a55-4417-9293-7823d8a8c700 against Deployment f0813f91-be53-4125-bb6f-e2c98ad1ece8
2019-07-26 21:06:14.346 22705 INFO rally.task.engine [-] Task 35fa45fd-0a55-4417-9293-7823d8a8c700 | Starting: Running task.
2019-07-26 21:06:14.489 22705 INFO rally.task.engine [-] Running workload: position = 0 config = { "version": 2, "title": "A cropped version of a bigger task.", "description": "Auto-generated task from a single workload (uuid=38d3ba1f-714b-4db2-8059-cffc1136c3bb)", "subtasks": [ { "title": "NeutronNetworks.create_and_list_networks", "description": "Check performance of list_networks action and ensure > network quotas are not exceeded", "scenario": { "NeutronNetworks.create_and_list_networks": {} }, "contexts": { "users": { "tenants": 1, "users_per_tenant": 1 }, "quotas": { "neutron": { "network": 119 } } }, "runner": { "constant": { "times": 100, "concurrency": 20 } }, "hooks": [], "sla": { "max_avg_duration_per_atomic": { "neutron.list_networks": 15 }, "failure_rate": { "max": 0 } } } ] }
2019-07-26 21:06:14.511 22705 RALLYDEBUG rally_openstack.contexts.keystone.users [-] Creating 1 tenants using 20 threads
2019-07-26 21:06:16.350 22705 RALLYDEBUG rally_openstack.contexts.keystone.users [-] Creating 1 users using 20 threads
2019-07-26 21:06:19.118 22705 INFO rally.task.context [-] Task 35fa45fd-0a55-4417-9293-7823d8a8c700 | Context users@openstack setup() finished in 4.61 sec
2019-07-26 21:06:19.906 22705 INFO rally.task.context [-] Task 35fa45fd-0a55-4417-9293-7823d8a8c700 | Context quotas@openstack setup() finished in 0.79 sec
2019-07-26 21:06:19.906 22705 INFO rally.task.context [-] Task 35fa45fd-0a55-4417-9293-7823d8a8c700 | Context cleanup@openstack setup() finished in 0.01 msec
2019-07-26 21:06:19.913 22705 RALLYDEBUG rally.task.runner [-] Starting the constant runner (task UUID: 35fa45fd-0a55-4417-9293-7823d8a8c700). timeout: 0 concurrency: 20 concurrency_per_worker: 1 times: 100 concurrency_overhead: 4 processes_to_start: 16 max_cpu_used: 16
2019-07-26 21:06:19.926 22829 RALLYDEBUG rally.task.runner [-] Starting a worker. concurrency: 2 args: {} times: 100 method_name: run timeout: 0 duration: None cls:
2019-07-26 21:06:19.929 22830 RALLYDEBUG rally.task.runner [-] Starting a worker. concurrency: 2 args: {} times: 100 method_name: run timeout: 0 duration: None cls:
2019-07-26 21:06:19.931 22831 RALLYDEBUG rally.task.runner [-] Starting a worker. concurrency: 2 args: {} times: 100 method_name: run timeout: 0 duration: None cls:
2019-07-26 21:06:19.934 22832 RALLYDEBUG rally.task.runner [-] Starting a worker. concurrency: 2 args: {} times: 100 method_name: run timeout: 0 duration: None cls:
2019-07-26 21:06:19.934 22829 INFO rally.task.runner [-] Task 35fa45fd-0a55-4417-9293-7823d8a8c700 | ITER: 1 START
2019-07-26 21:06:19.934 22830 INFO rally.task.runner [-] Task 35fa45fd-0a55-4417-9293-7823d8a8c700 | ITER: 2 START
2019-07-26 21:06:19.935 22829 INFO rally.task.runner [-] Task 35fa45fd-0a55-4417-9293-7823d8a8c700 | ITER: 3 START
2019-07-26 21:06:19.938 22835 RALLYDEBUG rally.task.runner [-] Starting a worker. concurrency: 1 args: {} times: 100 method_name: run timeout: 0 duration: None cls:
2019-07-26 21:06:19.940 22831 INFO rally.task.runner [-] Task 35fa45fd-0a55-4417-9293-7823d8a8c700 | ITER: 4 START
2019-07-26 21:06:19.943 22841 RALLYDEBUG rally.task.runner [-] Starting a worker. concurrency: 1 args: {} times: 100 method_name: run timeout: 0 duration: None cls:
2019-07-26 21:06:19.941 22831 INFO rally.task.runner [-] Task 35fa45fd-0a55-4417-9293-7823d8a8c700 | ITER: 7 START
2019-07-26 21:06:19.946 22835 INFO rally.task.runner [-] Task 35fa45fd-0a55-4417-9293-7823d8a8c700 | ITER: 9 START
2019-07-26 21:06:19.947 22832 INFO rally.task.runner [-] Task 35fa45fd-0a55-4417-9293-7823d8a8c700 | ITER: 6 START
2019-07-26 21:06:19.948 22844 RALLYDEBUG rally.task.runner [-] Starting a worker. concurrency: 1 args: {} times: 100 method_name: run timeout: 0 duration: None cls:
2019-07-26 21:06:19.949 22830 INFO rally.task.runner [-] Task 35fa45fd-0a55-4417-9293-7823d8a8c700 | ITER: 5 START
2019-07-26 21:06:19.950 22832 INFO rally.task.runner [-] Task 35fa45fd-0a55-4417-9293-7823d8a8c700 | ITER: 8 START
2019-07-26 21:06:19.952 22841 INFO rally.task.runner [-] Task 35fa45fd-0a55-4417-9293-7823d8a8c700 | ITER: 10 START
2019-07-26 21:06:19.953 22849 RALLYDEBUG rally.task.runner [-] Starting a worker. concurrency: 1 args: {} times: 100 method_name: run timeout: 0 duration: None cls:
2019-07-26 21:06:19.955 22850 RALLYDEBUG rally.task.runner [-] Starting a worker. concurrency: 1 args: {} times: 100 method_name: run timeout: 0 duration: None cls:
2019-07-26 21:06:19.957 22854 RALLYDEBUG rally.task.runner [-] Starting a worker. concurrency: 1 args: {} times: 100 method_name: run timeout: 0 duration: None cls:
2019-07-26 21:06:19.961 22856 RALLYDEBUG rally.task.runner [-] Starting a worker. concurrency: 1 args: {} times: 100 method_name: run timeout: 0 duration: None cls:
2019-07-26 21:06:19.961 22849 INFO rally.task.runner [-] Task 35fa45fd-0a55-4417-9293-7823d8a8c700 | ITER: 12 START
2019-07-26 21:06:19.963 22844 INFO rally.task.runner [-] Task 35fa45fd-0a55-4417-9293-7823d8a8c700 | ITER: 11 START
2019-07-26 21:06:19.964 22850 INFO rally.task.runner [-] Task 35fa45fd-0a55-4417-9293-7823d8a8c700 | ITER: 13 START
2019-07-26 21:06:19.965 22854 INFO rally.task.runner [-] Task 35fa45fd-0a55-4417-9293-7823d8a8c700 | ITER: 14 START
2019-07-26 21:06:19.968 22856 INFO rally.task.runner [-] Task 35fa45fd-0a55-4417-9293-7823d8a8c700 | ITER: 15 START
2019-07-26 21:06:19.969 22859 RALLYDEBUG rally.task.runner [-] Starting a worker. concurrency: 1 args: {} times: 100 method_name: run timeout: 0 duration: None cls:
2019-07-26 21:06:19.977 22859 INFO rally.task.runner [-] Task 35fa45fd-0a55-4417-9293-7823d8a8c700 | ITER: 16 START
2019-07-26 21:06:19.983 22869 RALLYDEBUG rally.task.runner [-] Starting a worker. concurrency: 1 args: {} times: 100 method_name: run timeout: 0 duration: None cls:
2019-07-26 21:06:19.988 22870 RALLYDEBUG rally.task.runner [-] Starting a worker. concurrency: 1 args: {} times: 100 method_name: run timeout: 0 duration: None cls:
2019-07-26 21:06:19.992 22869 INFO rally.task.runner [-] Task 35fa45fd-0a55-4417-9293-7823d8a8c700 | ITER: 17 START
2019-07-26 21:06:19.994 22870 INFO rally.task.runner [-] Task 35fa45fd-0a55-4417-9293-7823d8a8c700 | ITER: 18 START
2019-07-26 21:06:19.996 22871 RALLYDEBUG rally.task.runner [-] Starting a worker. concurrency: 1 args: {} times: 100 method_name: run timeout: 0 duration: None cls:
2019-07-26 21:06:19.997 22874 RALLYDEBUG rally.task.runner [-] Starting a worker. concurrency: 1 args: {} times: 100 method_name: run timeout: 0 duration: None cls:
2019-07-26 21:06:20.001 22871 INFO rally.task.runner [-] Task 35fa45fd-0a55-4417-9293-7823d8a8c700 | ITER: 19 START
2019-07-26 21:06:20.003 22874 INFO rally.task.runner [-] Task 35fa45fd-0a55-4417-9293-7823d8a8c700 | ITER: 20 START
2019-07-26 21:06:22.458 22835 INFO rally.task.runner [-] Task 35fa45fd-0a55-4417-9293-7823d8a8c700 | ITER: 9 END: OK
2019-07-26 21:06:22.462 22835 INFO rally.task.runner [-] Task 35fa45fd-0a55-4417-9293-7823d8a8c700 | ITER: 21 START
2019-07-26 21:06:22.487 22841 INFO rally.task.runner [-] Task 35fa45fd-0a55-4417-9293-7823d8a8c700 | ITER: 10 END: OK
2019-07-26 21:06:22.490 22841 INFO rally.task.runner [-] Task 35fa45fd-0a55-4417-9293-7823d8a8c700 | ITER: 22 START
2019-07-26 21:06:22.518 22871 INFO rally.task.runner [-] Task 35fa45fd-0a55-4417-9293-7823d8a8c700 | ITER: 19 END: OK
2019-07-26 21:06:22.522 22871 INFO rally.task.runner [-] Task 35fa45fd-0a55-4417-9293-7823d8a8c700 | ITER: 23 START
2019-07-26 21:06:22.554 22830 INFO rally.task.runner [-] Task 35fa45fd-0a55-4417-9293-7823d8a8c700 | ITER: 2 END: OK
2019-07-26 21:06:22.558 22832 INFO rally.task.runner [-] Task 35fa45fd-0a55-4417-9293-7823d8a8c700 | ITER: 6 END: OK
2019-07-26 21:06:22.559 22830 INFO rally.task.runner [-] Task 35fa45fd-0a55-4417-9293-7823d8a8c700 | ITER: 24 START
2019-07-26 21:06:22.561 22832 INFO rally.task.runner [-] Task 35fa45fd-0a55-4417-9293-7823d8a8c700 | ITER: 25 START
2019-07-26 21:06:22.561 22849 INFO rally.task.runner [-] Task 35fa45fd-0a55-4417-9293-7823d8a8c700 | ITER: 12 END: OK
2019-07-26 21:06:22.565 22849 INFO rally.task.runner [-] Task 35fa45fd-0a55-4417-9293-7823d8a8c700 | ITER: 26 START
2019-07-26 21:06:22.565 22854 INFO rally.task.runner [-] Task 35fa45fd-0a55-4417-9293-7823d8a8c700 | ITER: 14 END: OK
2019-07-26 21:06:22.569 22854 INFO rally.task.runner [-] Task 35fa45fd-0a55-4417-9293-7823d8a8c700 | ITER: 27 START
2019-07-26 21:06:22.612 22859 INFO rally.task.runner [-] Task 35fa45fd-0a55-4417-9293-7823d8a8c700 | ITER: 16 END: OK
2019-07-26 21:06:22.615 22859 INFO rally.task.runner [-] Task 35fa45fd-0a55-4417-9293-7823d8a8c700 | ITER: 28 START
2019-07-26 21:06:22.627 22850 INFO rally.task.runner [-] Task 35fa45fd-0a55-4417-9293-7823d8a8c700 | ITER: 13 END: OK
2019-07-26 21:06:22.630 22850 INFO rally.task.runner [-] Task 35fa45fd-0a55-4417-9293-7823d8a8c700 | ITER: 29 START
2019-07-26 21:06:22.641 22856 INFO rally.task.runner [-] Task 35fa45fd-0a55-4417-9293-7823d8a8c700 | ITER: 15 END: OK
2019-07-26 21:06:22.644 22856 INFO rally.task.runner [-] Task 35fa45fd-0a55-4417-9293-7823d8a8c700 | ITER: 30 START
2019-07-26 21:06:22.700 22830 INFO rally.task.runner [-] Task 35fa45fd-0a55-4417-9293-7823d8a8c700 | ITER: 5 END: OK
2019-07-26 21:06:22.703 22830 INFO rally.task.runner [-] Task 35fa45fd-0a55-4417-9293-7823d8a8c700 | ITER: 31 START
2019-07-26 21:06:22.740 22832 INFO rally.task.runner [-] Task 35fa45fd-0a55-4417-9293-7823d8a8c700 | ITER: 8 END: OK
2019-07-26 21:06:22.743 22832 INFO rally.task.runner [-] Task 35fa45fd-0a55-4417-9293-7823d8a8c700 | ITER: 32 START
2019-07-26 21:06:22.760 22870 INFO rally.task.runner [-] Task 35fa45fd-0a55-4417-9293-7823d8a8c700 | ITER: 18 END: OK
2019-07-26 21:06:22.764 22870 INFO rally.task.runner [-] Task 35fa45fd-0a55-4417-9293-7823d8a8c700 | ITER: 33 START
2019-07-26 21:06:22.798 22869 INFO rally.task.runner [-] Task 35fa45fd-0a55-4417-9293-7823d8a8c700 | ITER: 17 END: OK
2019-07-26 21:06:22.801 22869 INFO rally.task.runner [-] Task 35fa45fd-0a55-4417-9293-7823d8a8c700 | ITER: 34 START
2019-07-26 21:06:22.855 22844 INFO rally.task.runner [-] Task 35fa45fd-0a55-4417-9293-7823d8a8c700 | ITER: 11 END: OK
2019-07-26 21:06:22.859 22844 INFO rally.task.runner [-] Task 35fa45fd-0a55-4417-9293-7823d8a8c700 | ITER: 35 START
2019-07-26 21:06:22.890 22829 INFO rally.task.runner [-] Task 35fa45fd-0a55-4417-9293-7823d8a8c700 | ITER: 3 END: OK
2019-07-26 21:06:22.894 22829 INFO rally.task.runner [-] Task 35fa45fd-0a55-4417-9293-7823d8a8c700 | ITER: 36 START
2019-07-26 21:06:22.947 22874 INFO rally.task.runner [-] Task 35fa45fd-0a55-4417-9293-7823d8a8c700 | ITER: 20 END: OK
2019-07-26 21:06:22.951 22874 INFO rally.task.runner [-] Task 35fa45fd-0a55-4417-9293-7823d8a8c700 | ITER: 37 START
2019-07-26 21:06:22.993 22829 INFO rally.task.runner [-] Task 35fa45fd-0a55-4417-9293-7823d8a8c700 | ITER: 1 END: OK
2019-07-26 21:06:22.996 22829 INFO rally.task.runner [-] Task 35fa45fd-0a55-4417-9293-7823d8a8c700 | ITER: 38 START
2019-07-26 21:06:23.025 22831 INFO rally.task.runner [-] Task 35fa45fd-0a55-4417-9293-7823d8a8c700 | ITER: 7 END: OK
2019-07-26 21:06:23.028 22831 INFO rally.task.runner [-] Task 35fa45fd-0a55-4417-9293-7823d8a8c700 | ITER: 39 START
2019-07-26 21:06:23.040 22831 INFO rally.task.runner [-] Task 35fa45fd-0a55-4417-9293-7823d8a8c700 | ITER: 4 END: OK
2019-07-26 21:06:23.044 22831 INFO rally.task.runner [-] Task 35fa45fd-0a55-4417-9293-7823d8a8c700 | ITER: 40 START
2019-07-26 21:06:24.052 22841 INFO rally.task.runner [-] Task 35fa45fd-0a55-4417-9293-7823d8a8c700 | ITER: 22 END: OK
2019-07-26 21:06:24.055 22841 INFO rally.task.runner [-] Task 35fa45fd-0a55-4417-9293-7823d8a8c700 | ITER: 41 START
2019-07-26 21:06:24.069 22871 INFO rally.task.runner [-] Task 35fa45fd-0a55-4417-9293-7823d8a8c700 | ITER: 23 END: OK
2019-07-26 21:06:24.073 22871 INFO rally.task.runner [-] Task 35fa45fd-0a55-4417-9293-7823d8a8c700 | ITER: 42 START
2019-07-26 21:06:24.218 22835 INFO rally.task.runner [-] Task 35fa45fd-0a55-4417-9293-7823d8a8c700 | ITER: 21 END: OK
2019-07-26 21:06:24.221 22835 INFO rally.task.runner [-] Task 35fa45fd-0a55-4417-9293-7823d8a8c700 | ITER: 43 START
2019-07-26 21:06:24.353 22830 INFO rally.task.runner [-] Task 35fa45fd-0a55-4417-9293-7823d8a8c700 | ITER: 24 END: OK
2019-07-26 21:06:24.356 22830 INFO rally.task.runner [-] Task 35fa45fd-0a55-4417-9293-7823d8a8c700 | ITER: 44 START
2019-07-26 21:06:24.446 22859 INFO rally.task.runner [-] Task 35fa45fd-0a55-4417-9293-7823d8a8c700 | ITER: 28 END: OK
2019-07-26 21:06:24.449 22859 INFO rally.task.runner [-] Task 35fa45fd-0a55-4417-9293-7823d8a8c700 | ITER: 45 START
2019-07-26 21:06:24.499 22856 INFO rally.task.runner [-] Task 35fa45fd-0a55-4417-9293-7823d8a8c700 | ITER: 30 END: OK
2019-07-26 21:06:24.502 22856 INFO rally.task.runner [-] Task 35fa45fd-0a55-4417-9293-7823d8a8c700 | ITER: 46 START
2019-07-26 21:06:24.511 22854 INFO rally.task.runner [-] Task 35fa45fd-0a55-4417-9293-7823d8a8c700 | ITER: 27 END: OK
2019-07-26 21:06:24.514 22854 INFO rally.task.runner [-] Task 35fa45fd-0a55-4417-9293-7823d8a8c700 | ITER: 47 START
2019-07-26 21:06:24.536 22849 INFO rally.task.runner [-] Task 35fa45fd-0a55-4417-9293-7823d8a8c700 | ITER: 26 END: OK
2019-07-26 21:06:24.540 22849 INFO rally.task.runner [-] Task 35fa45fd-0a55-4417-9293-7823d8a8c700 | ITER: 48 START
2019-07-26 21:06:24.638 22850 INFO rally.task.runner [-] Task 35fa45fd-0a55-4417-9293-7823d8a8c700 | ITER: 29 END: OK
2019-07-26 21:06:24.641 22850 INFO rally.task.runner [-] Task 35fa45fd-0a55-4417-9293-7823d8a8c700 | ITER: 49 START
2019-07-26 21:06:24.675 22830 INFO rally.task.runner [-] Task 35fa45fd-0a55-4417-9293-7823d8a8c700 | ITER: 31 END: OK
2019-07-26 21:06:24.678 22830 INFO rally.task.runner [-] Task 35fa45fd-0a55-4417-9293-7823d8a8c700 | ITER: 50 START
2019-07-26 21:06:24.926 22832 INFO rally.task.runner [-] Task 35fa45fd-0a55-4417-9293-7823d8a8c700 | ITER: 32 END: OK
2019-07-26 21:06:24.929 22832 INFO rally.task.runner [-] Task 35fa45fd-0a55-4417-9293-7823d8a8c700 | ITER: 51 START
2019-07-26 21:06:24.989 22832 INFO rally.task.runner [-] Task 35fa45fd-0a55-4417-9293-7823d8a8c700 | ITER: 25 END: OK
2019-07-26 21:06:24.990 22870 INFO rally.task.runner [-] Task 35fa45fd-0a55-4417-9293-7823d8a8c700 | ITER: 33 END: OK
2019-07-26 21:06:24.992 22832 INFO rally.task.runner [-] Task 35fa45fd-0a55-4417-9293-7823d8a8c700 | ITER: 52 START
2019-07-26 21:06:24.993 22870 INFO rally.task.runner [-] Task 35fa45fd-0a55-4417-9293-7823d8a8c700 | ITER: 53 START
2019-07-26 21:06:25.031 22844 INFO rally.task.runner [-] Task 35fa45fd-0a55-4417-9293-7823d8a8c700 | ITER: 35 END: OK
2019-07-26 21:06:25.034 22844 INFO rally.task.runner [-] Task 35fa45fd-0a55-4417-9293-7823d8a8c700 | ITER: 54 START
2019-07-26 21:06:25.429 22874 INFO rally.task.runner [-] Task 35fa45fd-0a55-4417-9293-7823d8a8c700 | ITER: 37 END: OK
2019-07-26 21:06:25.432 22874 INFO rally.task.runner [-] Task 35fa45fd-0a55-4417-9293-7823d8a8c700 | ITER: 55 START
2019-07-26 21:06:25.479 22829 INFO rally.task.runner [-] Task 35fa45fd-0a55-4417-9293-7823d8a8c700 | ITER: 36 END: OK
2019-07-26 21:06:25.482 22829 INFO rally.task.runner [-] Task 35fa45fd-0a55-4417-9293-7823d8a8c700 | ITER: 56 START
2019-07-26 21:06:25.654 22869 INFO rally.task.runner [-] Task 35fa45fd-0a55-4417-9293-7823d8a8c700 | ITER: 34 END: OK
2019-07-26 21:06:25.657 22869 INFO rally.task.runner [-] Task 35fa45fd-0a55-4417-9293-7823d8a8c700 | ITER: 57 START
2019-07-26 21:06:25.767 22829 INFO rally.task.runner [-] Task 35fa45fd-0a55-4417-9293-7823d8a8c700 | ITER: 38 END: OK
2019-07-26 21:06:25.770 22829 INFO rally.task.runner [-] Task 35fa45fd-0a55-4417-9293-7823d8a8c700 | ITER: 58 START
2019-07-26 21:06:25.783 22831 INFO rally.task.runner [-] Task 35fa45fd-0a55-4417-9293-7823d8a8c700 | ITER: 40 END: OK
2019-07-26 21:06:25.786 22831 INFO rally.task.runner [-] Task 35fa45fd-0a55-4417-9293-7823d8a8c700 | ITER: 59 START
2019-07-26 21:06:25.961 22856 INFO rally.task.runner [-] Task 35fa45fd-0a55-4417-9293-7823d8a8c700 | ITER: 46 END: OK
2019-07-26 21:06:25.964 22856 INFO rally.task.runner [-] Task 35fa45fd-0a55-4417-9293-7823d8a8c700 | ITER: 60 START
2019-07-26 21:06:26.171 22871 INFO rally.task.runner [-] Task 35fa45fd-0a55-4417-9293-7823d8a8c700 | ITER: 42 END: OK
2019-07-26 21:06:26.174 22871 INFO rally.task.runner [-] Task 35fa45fd-0a55-4417-9293-7823d8a8c700 | ITER: 61 START
2019-07-26 21:06:26.496 22841 INFO rally.task.runner [-] Task 35fa45fd-0a55-4417-9293-7823d8a8c700 | ITER: 41 END: OK
2019-07-26 21:06:26.500 22841 INFO rally.task.runner [-] Task 35fa45fd-0a55-4417-9293-7823d8a8c700 | ITER: 62 START
2019-07-26 21:06:26.569 22831 INFO rally.task.runner [-] Task 35fa45fd-0a55-4417-9293-7823d8a8c700 | ITER: 39 END: OK
2019-07-26 21:06:26.573 22831 INFO rally.task.runner [-] Task 35fa45fd-0a55-4417-9293-7823d8a8c700 | ITER: 63 START
2019-07-26 21:06:26.716 22835 INFO rally.task.runner [-] Task 35fa45fd-0a55-4417-9293-7823d8a8c700 | ITER: 43 END: OK
2019-07-26 21:06:26.719 22835 INFO rally.task.runner [-] Task 35fa45fd-0a55-4417-9293-7823d8a8c700 | ITER: 64 START
2019-07-26 21:06:26.794 22830 INFO rally.task.runner [-] Task 35fa45fd-0a55-4417-9293-7823d8a8c700 | ITER: 50 END: OK
2019-07-26 21:06:26.795 22870 INFO rally.task.runner [-] Task 35fa45fd-0a55-4417-9293-7823d8a8c700 | ITER: 53 END: OK
2019-07-26 21:06:26.797 22830 INFO rally.task.runner [-] Task 35fa45fd-0a55-4417-9293-7823d8a8c700 | ITER: 65 START
2019-07-26 21:06:26.798 22870 INFO rally.task.runner [-] Task 35fa45fd-0a55-4417-9293-7823d8a8c700 | ITER: 66 START
2019-07-26 21:06:26.884 22832 INFO rally.task.runner [-] Task 35fa45fd-0a55-4417-9293-7823d8a8c700 | ITER: 51 END: OK
2019-07-26 21:06:26.887 22832 INFO rally.task.runner [-] Task 35fa45fd-0a55-4417-9293-7823d8a8c700 | ITER: 67 START
2019-07-26 21:06:26.968 22849 INFO rally.task.runner [-] Task 35fa45fd-0a55-4417-9293-7823d8a8c700 | ITER: 48 END: OK
2019-07-26 21:06:26.971 22849 INFO rally.task.runner [-] Task 35fa45fd-0a55-4417-9293-7823d8a8c700 | ITER: 68 START
2019-07-26 21:06:27.042 22874 INFO rally.task.runner [-] Task 35fa45fd-0a55-4417-9293-7823d8a8c700 | ITER: 55 END: OK
2019-07-26 21:06:27.045 22874 INFO rally.task.runner [-] Task 35fa45fd-0a55-4417-9293-7823d8a8c700 | ITER: 69 START
2019-07-26 21:06:27.108 22859 INFO rally.task.runner [-] Task 35fa45fd-0a55-4417-9293-7823d8a8c700 | ITER: 45 END: OK
2019-07-26 21:06:27.110 22859 INFO rally.task.runner [-] Task 35fa45fd-0a55-4417-9293-7823d8a8c700 | ITER: 70 START
2019-07-26 21:06:27.215 22854 INFO rally.task.runner [-] Task 35fa45fd-0a55-4417-9293-7823d8a8c700 | ITER: 47 END: OK
2019-07-26 21:06:27.218 22854 INFO rally.task.runner [-] Task 35fa45fd-0a55-4417-9293-7823d8a8c700 | ITER: 71 START
2019-07-26 21:06:27.263 22832 INFO rally.task.runner [-] Task 35fa45fd-0a55-4417-9293-7823d8a8c700 | ITER: 52 END: OK
2019-07-26 21:06:27.266 22832 INFO rally.task.runner [-] Task 35fa45fd-0a55-4417-9293-7823d8a8c700 | ITER: 72 START
2019-07-26 21:06:27.275 22830 INFO rally.task.runner [-] Task 35fa45fd-0a55-4417-9293-7823d8a8c700 | ITER: 44 END: OK
2019-07-26 21:06:27.278 22830 INFO rally.task.runner [-] Task 35fa45fd-0a55-4417-9293-7823d8a8c700 | ITER: 73 START
2019-07-26 21:06:27.453 22844 INFO rally.task.runner [-] Task 35fa45fd-0a55-4417-9293-7823d8a8c700 | ITER: 54 END: OK
2019-07-26 21:06:27.457 22844 INFO rally.task.runner [-] Task 35fa45fd-0a55-4417-9293-7823d8a8c700 | ITER: 74 START
2019-07-26 21:06:27.499 22850 INFO rally.task.runner [-] Task 35fa45fd-0a55-4417-9293-7823d8a8c700 | ITER: 49 END: OK
2019-07-26 21:06:27.502 22850 INFO rally.task.runner [-] Task 35fa45fd-0a55-4417-9293-7823d8a8c700 | ITER: 75 START
2019-07-26 21:06:27.513 22829 INFO rally.task.runner [-] Task 35fa45fd-0a55-4417-9293-7823d8a8c700 | ITER: 56 END: OK
2019-07-26 21:06:27.516 22829 INFO rally.task.runner [-] Task 35fa45fd-0a55-4417-9293-7823d8a8c700 | ITER: 76 START
2019-07-26 21:06:27.544 22831 INFO rally.task.runner [-] Task 35fa45fd-0a55-4417-9293-7823d8a8c700 | ITER: 59 END: OK
2019-07-26 21:06:27.547 22831 INFO rally.task.runner [-] Task 35fa45fd-0a55-4417-9293-7823d8a8c700 | ITER: 77 START
2019-07-26 21:06:27.629 22829 INFO rally.task.runner [-] Task 35fa45fd-0a55-4417-9293-7823d8a8c700 | ITER: 58 END: OK
2019-07-26 21:06:27.632 22829 INFO rally.task.runner [-] Task 35fa45fd-0a55-4417-9293-7823d8a8c700 | ITER: 78 START
2019-07-26 21:06:27.929 22869 INFO rally.task.runner [-] Task 35fa45fd-0a55-4417-9293-7823d8a8c700 | ITER: 57 END: OK
2019-07-26 21:06:27.933 22869 INFO rally.task.runner [-] Task 35fa45fd-0a55-4417-9293-7823d8a8c700 | ITER: 79 START
2019-07-26 21:06:27.966 22870 INFO rally.task.runner [-] Task 35fa45fd-0a55-4417-9293-7823d8a8c700 | ITER: 66 END: OK
2019-07-26 21:06:27.969 22870 INFO rally.task.runner [-] Task 35fa45fd-0a55-4417-9293-7823d8a8c700 | ITER: 80 START
2019-07-26 21:06:28.116 22856 INFO rally.task.runner [-] Task 35fa45fd-0a55-4417-9293-7823d8a8c700 | ITER: 60 END: OK
2019-07-26 21:06:28.119 22856 INFO rally.task.runner [-] Task 35fa45fd-0a55-4417-9293-7823d8a8c700 | ITER: 81 START
2019-07-26 21:06:28.217 22841 INFO rally.task.runner [-] Task 35fa45fd-0a55-4417-9293-7823d8a8c700 | ITER: 62 END: OK
2019-07-26 21:06:28.220 22841 INFO rally.task.runner [-] Task 35fa45fd-0a55-4417-9293-7823d8a8c700 | ITER: 82 START
2019-07-26 21:06:28.237 22835 INFO rally.task.runner [-] Task 35fa45fd-0a55-4417-9293-7823d8a8c700 | ITER: 64 END: OK
2019-07-26 21:06:28.240 22835 INFO rally.task.runner [-] Task 35fa45fd-0a55-4417-9293-7823d8a8c700 | ITER: 83 START
2019-07-26 21:06:28.572 22871 INFO rally.task.runner [-] Task 35fa45fd-0a55-4417-9293-7823d8a8c700 | ITER: 61 END: OK
2019-07-26 21:06:28.575 22871 INFO rally.task.runner [-] Task 35fa45fd-0a55-4417-9293-7823d8a8c700 | ITER: 84 START
2019-07-26 21:06:28.665 22830 INFO rally.task.runner [-] Task 35fa45fd-0a55-4417-9293-7823d8a8c700 | ITER: 65 END: OK
2019-07-26 21:06:28.668 22830 INFO rally.task.runner [-] Task 35fa45fd-0a55-4417-9293-7823d8a8c700 | ITER: 85 START
2019-07-26 21:06:28.751 22831 INFO rally.task.runner [-] Task 35fa45fd-0a55-4417-9293-7823d8a8c700 | ITER: 63 END: OK
2019-07-26 21:06:28.754 22831 INFO rally.task.runner [-] Task 35fa45fd-0a55-4417-9293-7823d8a8c700 | ITER: 86 START
2019-07-26 21:06:28.780 22849 INFO rally.task.runner [-] Task 35fa45fd-0a55-4417-9293-7823d8a8c700 | ITER: 68 END: OK
2019-07-26 21:06:28.782 22849 INFO rally.task.runner [-] Task 35fa45fd-0a55-4417-9293-7823d8a8c700 | ITER: 87 START
2019-07-26 21:06:29.085 22874 INFO rally.task.runner [-] Task 35fa45fd-0a55-4417-9293-7823d8a8c700 | ITER: 69 END: OK
2019-07-26 21:06:29.088 22874 INFO rally.task.runner [-] Task 35fa45fd-0a55-4417-9293-7823d8a8c700 | ITER: 88 START
2019-07-26 21:06:29.096 22832 INFO rally.task.runner [-] Task 35fa45fd-0a55-4417-9293-7823d8a8c700 | ITER: 72 END: OK
2019-07-26 21:06:29.099 22832 INFO rally.task.runner [-] Task 35fa45fd-0a55-4417-9293-7823d8a8c700 | ITER: 89 START
2019-07-26 21:06:29.143 22832 INFO rally.task.runner [-] Task 35fa45fd-0a55-4417-9293-7823d8a8c700 | ITER: 67 END: OK
2019-07-26 21:06:29.146 22832 INFO rally.task.runner [-] Task 35fa45fd-0a55-4417-9293-7823d8a8c700 | ITER: 90 START
2019-07-26 21:06:29.151 22829 INFO rally.task.runner [-] Task 35fa45fd-0a55-4417-9293-7823d8a8c700 | ITER: 76 END: OK
2019-07-26 21:06:29.154 22829 INFO rally.task.runner [-] Task 35fa45fd-0a55-4417-9293-7823d8a8c700 | ITER: 91 START
2019-07-26 21:06:29.271 22844 INFO rally.task.runner [-] Task 35fa45fd-0a55-4417-9293-7823d8a8c700 | ITER: 74 END: OK
2019-07-26 21:06:29.273 22844 INFO rally.task.runner [-] Task 35fa45fd-0a55-4417-9293-7823d8a8c700 | ITER: 92 START
2019-07-26 21:06:29.288 22850 INFO rally.task.runner [-] Task 35fa45fd-0a55-4417-9293-7823d8a8c700 | ITER: 75 END: OK
2019-07-26 21:06:29.291 22850 INFO rally.task.runner [-] Task 35fa45fd-0a55-4417-9293-7823d8a8c700 | ITER: 93 START
2019-07-26 21:06:29.312 22859 INFO rally.task.runner [-] Task 35fa45fd-0a55-4417-9293-7823d8a8c700 | ITER: 70 END: OK
2019-07-26 21:06:29.315 22859 INFO rally.task.runner [-] Task 35fa45fd-0a55-4417-9293-7823d8a8c700 | ITER: 94 START
2019-07-26 21:06:29.561 22869 INFO rally.task.runner [-] Task 35fa45fd-0a55-4417-9293-7823d8a8c700 | ITER: 79 END: OK
2019-07-26 21:06:29.564 22869 INFO rally.task.runner [-] Task 35fa45fd-0a55-4417-9293-7823d8a8c700 | ITER: 95 START
2019-07-26 21:06:29.594 22854 INFO rally.task.runner [-] Task 35fa45fd-0a55-4417-9293-7823d8a8c700 | ITER: 71 END: OK
2019-07-26 21:06:29.595 22830 INFO rally.task.runner [-] Task 35fa45fd-0a55-4417-9293-7823d8a8c700 | ITER: 73 END: OK
2019-07-26 21:06:29.597 22854 INFO rally.task.runner [-] Task 35fa45fd-0a55-4417-9293-7823d8a8c700 | ITER: 96 START
2019-07-26 21:06:29.598 22830 INFO rally.task.runner [-] Task 35fa45fd-0a55-4417-9293-7823d8a8c700 | ITER: 97 START
2019-07-26 21:06:29.633 22829 INFO rally.task.runner [-] Task 35fa45fd-0a55-4417-9293-7823d8a8c700 | ITER: 78 END: OK
2019-07-26 21:06:29.636 22829 INFO rally.task.runner [-] Task 35fa45fd-0a55-4417-9293-7823d8a8c700 | ITER: 98 START
2019-07-26 21:06:29.714 22870 INFO rally.task.runner [-] Task 35fa45fd-0a55-4417-9293-7823d8a8c700 | ITER: 80 END: OK
2019-07-26 21:06:29.717 22870 INFO rally.task.runner [-] Task 35fa45fd-0a55-4417-9293-7823d8a8c700 | ITER: 99 START
2019-07-26 21:06:29.850 22831 INFO rally.task.runner [-] Task 35fa45fd-0a55-4417-9293-7823d8a8c700 | ITER: 77 END: OK
2019-07-26 21:06:29.853 22831 INFO rally.task.runner [-] Task 35fa45fd-0a55-4417-9293-7823d8a8c700 | ITER: 100 START
2019-07-26 21:06:30.287 22841 INFO rally.task.runner [-] Task 35fa45fd-0a55-4417-9293-7823d8a8c700 | ITER: 82 END: OK
2019-07-26 21:06:30.366 22830 INFO rally.task.runner [-] Task 35fa45fd-0a55-4417-9293-7823d8a8c700 | ITER: 85 END: OK
2019-07-26 21:06:30.463 22856 INFO rally.task.runner [-] Task 35fa45fd-0a55-4417-9293-7823d8a8c700 | ITER: 81 END: OK
2019-07-26 21:06:30.464 22871 INFO rally.task.runner [-] Task 35fa45fd-0a55-4417-9293-7823d8a8c700 | ITER: 84 END: OK
2019-07-26 21:06:30.477 22835 INFO rally.task.runner [-] Task 35fa45fd-0a55-4417-9293-7823d8a8c700 | ITER: 83 END: OK
2019-07-26 21:06:30.564 22849 INFO rally.task.runner [-] Task 35fa45fd-0a55-4417-9293-7823d8a8c700 | ITER: 87 END: OK
2019-07-26 21:06:30.565 22831 INFO rally.task.runner [-] Task 35fa45fd-0a55-4417-9293-7823d8a8c700 | ITER: 86 END: OK
2019-07-26 21:06:30.877 22829 INFO rally.task.runner [-] Task 35fa45fd-0a55-4417-9293-7823d8a8c700 | ITER: 91 END: OK
2019-07-26 21:06:30.885 22874 INFO rally.task.runner [-] Task 35fa45fd-0a55-4417-9293-7823d8a8c700 | ITER: 88 END: OK
2019-07-26 21:06:30.957 22832 INFO rally.task.runner [-] Task 35fa45fd-0a55-4417-9293-7823d8a8c700 | ITER: 89 END: OK
2019-07-26 21:06:31.158 22832 INFO rally.task.runner [-] Task 35fa45fd-0a55-4417-9293-7823d8a8c700 | ITER: 90 END: OK
2019-07-26 21:06:31.253 22830 INFO rally.task.runner [-] Task 35fa45fd-0a55-4417-9293-7823d8a8c700 | ITER: 97 END: OK
2019-07-26 21:06:31.254 22850 INFO rally.task.runner [-] Task 35fa45fd-0a55-4417-9293-7823d8a8c700 | ITER: 93 END: OK
2019-07-26 21:06:31.404 22829 INFO rally.task.runner [-] Task 35fa45fd-0a55-4417-9293-7823d8a8c700 | ITER: 98 END: OK
2019-07-26 21:06:31.407 22844 INFO rally.task.runner [-] Task 35fa45fd-0a55-4417-9293-7823d8a8c700 | ITER: 92 END: OK
2019-07-26 21:06:31.685 22854 INFO rally.task.runner [-] Task 35fa45fd-0a55-4417-9293-7823d8a8c700 | ITER: 96 END: OK
2019-07-26 21:06:31.707 22859 INFO rally.task.runner [-] Task 35fa45fd-0a55-4417-9293-7823d8a8c700 | ITER: 94 END: OK
2019-07-26 21:06:31.805 22870 INFO rally.task.runner [-] Task 35fa45fd-0a55-4417-9293-7823d8a8c700 | ITER: 99 END: OK
2019-07-26 21:06:31.920 22869 INFO rally.task.runner [-] Task 35fa45fd-0a55-4417-9293-7823d8a8c700 | ITER: 95 END: OK
2019-07-26 21:06:32.355 22831 INFO rally.task.runner [-] Task 35fa45fd-0a55-4417-9293-7823d8a8c700 | ITER: 100 END: OK
2019-07-26 21:06:32.376 22705 INFO rally.task.context [-] Task 35fa45fd-0a55-4417-9293-7823d8a8c700 | Context cleanup@openstack cleanup() started
2019-07-26 21:06:32.378 22705 RALLYDEBUG rally_openstack.cleanup.manager [-] Cleaning up neutron vip objects
2019-07-26 21:06:33.035 22705 RALLYDEBUG rally_openstack.cleanup.manager [-] Cleaning up neutron health_monitor objects
2019-07-26 21:06:33.686 22705 RALLYDEBUG rally_openstack.cleanup.manager [-] Cleaning up neutron pool objects
2019-07-26 21:06:34.409 22705 RALLYDEBUG rally_openstack.cleanup.manager [-] Cleaning up neutron loadbalancer objects
2019-07-26 21:06:35.055 22705 RALLYDEBUG rally_openstack.cleanup.manager [-] Cleaning up neutron floatingip objects
2019-07-26 21:06:35.861 22705 RALLYDEBUG rally_openstack.cleanup.manager [-] Cleaning up neutron port objects
2019-07-26 21:06:36.519 22705 RALLYDEBUG rally_openstack.cleanup.manager [-] Cleaning up neutron subnet objects
2019-07-26 21:06:37.306 22705 RALLYDEBUG rally_openstack.cleanup.manager [-] Cleaning up neutron network objects
2019-07-26 21:06:38.354 22705 RALLYDEBUG rally_openstack.cleanup.manager [-] Deleting neutron.network object s_rally_38d3ba1f_19InKWuL (07a118b1-4797-4731-9efe-02d4a02e0ca9)
2019-07-26 21:06:38.356 22705 RALLYDEBUG rally_openstack.cleanup.manager [-] Deleting neutron.network object s_rally_38d3ba1f_RXwWxkYy (05ca7b77-3495-4f1e-9f30-f3e54d71ba83)
2019-07-26 21:06:38.361 22705 RALLYDEBUG rally_openstack.cleanup.manager [-] Deleting neutron.network object s_rally_38d3ba1f_LhsZpvln (0ee94a37-4c7e-4349-b8fc-cca1c6ed9b70)
2019-07-26 21:06:38.363 22705 RALLYDEBUG rally_openstack.cleanup.manager [-] Deleting neutron.network object s_rally_38d3ba1f_vCTSHsme (124f2d95-3e65-414a-9328-1cd72299a4fa)
2019-07-26 21:06:38.369 22705 RALLYDEBUG rally_openstack.cleanup.manager [-] Deleting neutron.network object s_rally_38d3ba1f_BIANhnpA (1acf9fa2-885e-4690-a357-0ffb342e0bd6)
2019-07-26 21:06:38.375 22705 RALLYDEBUG rally_openstack.cleanup.manager [-] Deleting neutron.network object s_rally_38d3ba1f_buQs3K1E (1aa46026-f160-46a5-b43a-c1bfe02b340f)
2019-07-26 21:06:38.380 22705 RALLYDEBUG rally_openstack.cleanup.manager [-] Deleting neutron.network object s_rally_38d3ba1f_4bOFVZWd (1dae4863-a285-4c7a-9afb-0da62a8f6715)
2019-07-26 21:06:38.380 22705 RALLYDEBUG rally_openstack.cleanup.manager [-] Deleting neutron.network object s_rally_38d3ba1f_fFM9Gblj (07bc73a6-8298-4104-b1b9-eb8e2b55eb65)
2019-07-26 21:06:38.381 22705 RALLYDEBUG rally_openstack.cleanup.manager [-] Deleting neutron.network object s_rally_38d3ba1f_DEn8OFHl (08909a6d-3301-4814-a0f6-6a4bf2b1dc25)
2019-07-26 21:06:38.381 22705 RALLYDEBUG rally_openstack.cleanup.manager [-] Deleting neutron.network object s_rally_38d3ba1f_4etejKDA (166ea396-d185-47d9-b5c1-ede6c05c427d)
2019-07-26 21:06:38.403 22705 RALLYDEBUG rally_openstack.cleanup.manager [-] Deleting neutron.network object s_rally_38d3ba1f_ptnqoKlK (1fe0319b-19b7-44dd-a603-ded5faee0573)
2019-07-26 21:06:38.422 22705 RALLYDEBUG rally_openstack.cleanup.manager [-] Deleting neutron.network object s_rally_38d3ba1f_l4PUpmbj (21e8db45-4463-49a7-9f5b-be10ba5e1996)
2019-07-26 21:06:38.434 22705 RALLYDEBUG rally_openstack.cleanup.manager [-] Deleting neutron.network object s_rally_38d3ba1f_jEncEGSX (2c1b5d9c-ad85-4f05-9ea5-47db34c1affa)
2019-07-26 21:06:38.441 22705 RALLYDEBUG rally_openstack.cleanup.manager [-] Deleting neutron.network object s_rally_38d3ba1f_twYqlEUP (2da49a37-551b-411b-9ba9-b9f4252ff301)
2019-07-26 21:06:38.452 22705 RALLYDEBUG rally_openstack.cleanup.manager [-] Deleting neutron.network object s_rally_38d3ba1f_vUS2TZin (3119d6b7-21bb-4563-baec-7fba898ead80)
2019-07-26 21:06:38.459 22705 RALLYDEBUG rally_openstack.cleanup.manager [-] Deleting neutron.network object s_rally_38d3ba1f_UrcntxaA (31bc8d7d-2a2a-4077-882f-d538ebccb402)
2019-07-26 21:06:38.491 22705 RALLYDEBUG rally_openstack.cleanup.manager [-] Deleting neutron.network object s_rally_38d3ba1f_dmSTceFW (3c3f9ae6-c669-4de5-a4c9-c611bd727b41)
2019-07-26 21:06:38.497 22705 RALLYDEBUG rally_openstack.cleanup.manager [-] Deleting neutron.network object s_rally_38d3ba1f_BFB47LjQ (39655a74-18e7-4b3e-867e-08946e62ea28)
2019-07-26 21:06:38.506 22705 RALLYDEBUG rally_openstack.cleanup.manager [-] Deleting neutron.network object s_rally_38d3ba1f_g2r72cM1 (3cb90bfd-352e-4a33-9666-fbf12a9b0f06)
2019-07-26 21:06:38.524 22705 RALLYDEBUG rally_openstack.cleanup.manager [-] Deleting neutron.network object s_rally_38d3ba1f_PrVoaiU9 (3e0dd542-35b3-45db-a083-30d2650cf666)
2019-07-26 21:06:41.119 22705 RALLYDEBUG rally_openstack.cleanup.manager [-] Deleting neutron.network object s_rally_38d3ba1f_Piu8sU0P (42013f3d-8628-4eff-91a2-dd61b4cdb118)
2019-07-26 21:06:41.195 22705 RALLYDEBUG rally_openstack.cleanup.manager [-] Deleting neutron.network object s_rally_38d3ba1f_4fXMr3Zn (45b183ef-f5e0-4672-adc7-bc3f3b4aa2fe)
2019-07-26 21:06:41.239 22705 RALLYDEBUG rally_openstack.cleanup.manager [-] Deleting neutron.network object s_rally_38d3ba1f_oOJcl5IH (45b2712f-7acc-44de-a3d0-2798fd43acc6)
2019-07-26 21:06:41.250 22705 RALLYDEBUG rally_openstack.cleanup.manager [-] Deleting neutron.network object s_rally_38d3ba1f_XfZHcYAo (4674c125-645c-401d-9e8f-bbc374359183)
2019-07-26 21:06:41.365 22705 RALLYDEBUG rally_openstack.cleanup.manager [-] Deleting neutron.network object s_rally_38d3ba1f_UwTX7zfO (4a4ff132-9b31-479b-98cd-ef99f987802c)
2019-07-26 21:06:41.394 22705 RALLYDEBUG rally_openstack.cleanup.manager [-] Deleting neutron.network object s_rally_38d3ba1f_juf5kxoL (4acbcb80-0b2b-4338-af8c-434e9ccba602)
2019-07-26 21:06:41.465 22705 RALLYDEBUG rally_openstack.cleanup.manager [-] Deleting neutron.network object s_rally_38d3ba1f_6iLxpOg2 (4b9bfe33-8563-4dd6-b40a-312dbd87bd42)
2019-07-26 21:06:41.469 22705 RALLYDEBUG rally_openstack.cleanup.manager [-] Deleting neutron.network object s_rally_38d3ba1f_O03r7hlu (4bc8354b-2949-4ad9-8fdb-28b41ecb78b9)
2019-07-26 21:06:41.493 22705 RALLYDEBUG rally_openstack.cleanup.manager [-] Deleting neutron.network object s_rally_38d3ba1f_V3L8VuEX (4fe85d57-89ed-43df-a719-df473d478af1)
2019-07-26 21:06:41.609 22705 RALLYDEBUG rally_openstack.cleanup.manager [-] Deleting neutron.network object s_rally_38d3ba1f_SWeUJi1b (50729bde-64a6-4323-9eea-d964eea162d5)
2019-07-26 21:06:41.704 22705 RALLYDEBUG rally_openstack.cleanup.manager [-] Deleting neutron.network object s_rally_38d3ba1f_znbgmhYI (531431c2-2bce-4269-97d3-52fa63522213)
2019-07-26 21:06:41.719 22705 RALLYDEBUG rally_openstack.cleanup.manager [-] Deleting neutron.network object s_rally_38d3ba1f_SpzGiQXr (54df0fdf-7e96-4567-b93b-404970f636e5)
2019-07-26 21:06:41.726 22705 RALLYDEBUG rally_openstack.cleanup.manager [-] Deleting neutron.network object s_rally_38d3ba1f_LE637XLS (552f6114-e851-4fd3-810b-a2d195b2ed34)
2019-07-26 21:06:41.740 22705 RALLYDEBUG rally_openstack.cleanup.manager [-] Deleting neutron.network object s_rally_38d3ba1f_VExUYFn8 (5ad79aab-f87c-4976-978e-c036e38a3575)
2019-07-26 21:06:41.775 22705 RALLYDEBUG rally_openstack.cleanup.manager [-] Deleting neutron.network object s_rally_38d3ba1f_Wo89hs9U (5b6d3cd3-d234-45c3-9cdf-d6ad05fa3fb3)
2019-07-26 21:06:42.148 22705 RALLYDEBUG rally_openstack.cleanup.manager [-] Deleting neutron.network object s_rally_38d3ba1f_Kl0HlyVm (5d1a5de6-75b1-4c2d-9759-140bf1c78151)
2019-07-26 21:06:42.181 22705 RALLYDEBUG rally_openstack.cleanup.manager [-] Deleting neutron.network object s_rally_38d3ba1f_BJZSJUwI (5f0fb61f-5aff-4125-a54a-99104f536d60)
2019-07-26 21:06:42.512 22705 RALLYDEBUG rally_openstack.cleanup.manager [-] Deleting neutron.network object s_rally_38d3ba1f_ZFKTqGnP (63139309-723c-4efc-a807-7664dbdf862f)
2019-07-26 21:06:42.518 22705 RALLYDEBUG rally_openstack.cleanup.manager [-] Deleting neutron.network object s_rally_38d3ba1f_WueNPy9K (65508e80-8fd1-446d-a905-56554013658e)
2019-07-26 21:06:42.550 22705 RALLYDEBUG rally_openstack.cleanup.manager [-] Deleting neutron.network object s_rally_38d3ba1f_cQ1E3sdu (6940bc32-fb1c-4ce2-b67c-829e6d3b4073)
2019-07-26 21:06:43.478 22705 RALLYDEBUG rally_openstack.cleanup.manager [-] Deleting neutron.network object s_rally_38d3ba1f_AoTRLUI2 (6b9ab416-90ae-4486-beeb-7891f565e693)
2019-07-26 21:06:43.733 22705 RALLYDEBUG rally_openstack.cleanup.manager [-] Deleting neutron.network object s_rally_38d3ba1f_0AnfztmT (6d75d3d8-5eb1-48ec-8077-4009bd8445c2)
2019-07-26 21:06:43.946 22705 RALLYDEBUG rally_openstack.cleanup.manager [-] Deleting neutron.network object s_rally_38d3ba1f_KkWluSE4 (6ec33a59-b096-4dc7-bfe0-e583cf088c08)
2019-07-26 21:06:43.969 22705 RALLYDEBUG rally_openstack.cleanup.manager [-] Deleting neutron.network object s_rally_38d3ba1f_KVaU7UX5 (70e6ccd5-5b6c-4904-97f5-ef45d30c7653)
2019-07-26 21:06:44.241 22705 RALLYDEBUG rally_openstack.cleanup.manager [-] Deleting neutron.network object s_rally_38d3ba1f_KxR34vfs (7150d4b2-e1f1-4d17-9b07-297c00b3bc8b)
2019-07-26 21:06:44.272 22705 RALLYDEBUG rally_openstack.cleanup.manager [-] Deleting neutron.network object s_rally_38d3ba1f_EFfRH9Hb (72435d54-0bab-4f96-896a-0a183c2b7ebd)
2019-07-26 21:06:44.279 22705 RALLYDEBUG rally_openstack.cleanup.manager [-] Deleting neutron.network object s_rally_38d3ba1f_PD6HDV8M (731dd103-968c-4850-8213-335174052b75)
2019-07-26 21:06:44.333 22705 RALLYDEBUG rally_openstack.cleanup.manager [-] Deleting neutron.network object s_rally_38d3ba1f_uVAGXQif (744b615f-2b34-4201-9834-fba41ca25a52)
2019-07-26 21:06:44.561 22705 RALLYDEBUG rally_openstack.cleanup.manager [-] Deleting neutron.network object s_rally_38d3ba1f_l8TuvePz (74aed622-490d-4cef-9a46-1110b4512179)
2019-07-26 21:06:44.664 22705 RALLYDEBUG rally_openstack.cleanup.manager [-] Deleting neutron.network object s_rally_38d3ba1f_p9ULIpBc (76eaa082-3807-4d61-bf4d-d00a4597dd4a)
2019-07-26 21:06:44.846 22705 RALLYDEBUG rally_openstack.cleanup.manager [-] Deleting neutron.network object s_rally_38d3ba1f_vkb0oTeT (7986a881-946b-46e0-9b7e-f43cb62c240f)
2019-07-26 21:06:45.040 22705 RALLYDEBUG rally_openstack.cleanup.manager [-] Deleting neutron.network object s_rally_38d3ba1f_gpYxswxn (82ef035a-0f84-4c1b-8753-fd4cc7e6ee0c)
2019-07-26 21:06:45.094 22705 RALLYDEBUG rally_openstack.cleanup.manager [-] Deleting neutron.network object s_rally_38d3ba1f_HsDo8gsR (8372dc9f-92c4-46c4-93a1-3a9b643f2c2c)
2019-07-26 21:06:45.111 22705 RALLYDEBUG rally_openstack.cleanup.manager [-] Deleting neutron.network object s_rally_38d3ba1f_uNcIQAEV (86084cf3-6678-4a0e-acb0-af315668e27e)
2019-07-26 21:06:45.128 22705 RALLYDEBUG rally_openstack.cleanup.manager [-] Deleting neutron.network object s_rally_38d3ba1f_yEkJfhnk (88783370-77f7-4b7d-a3fa-c62e4884f606)
2019-07-26 21:06:45.200 22705 RALLYDEBUG rally_openstack.cleanup.manager [-] Deleting neutron.network object s_rally_38d3ba1f_TKVm4Bzk (91514f0e-8424-49dc-9ebe-2bb3b02a58ae)
2019-07-26 21:06:45.303 22705 RALLYDEBUG rally_openstack.cleanup.manager [-] Deleting neutron.network object s_rally_38d3ba1f_dz7H3gOh (925d43d2-f6f0-4dbf-8c93-a8fdc33ad7ff)
2019-07-26 21:06:45.369 22705 RALLYDEBUG rally_openstack.cleanup.manager [-] Deleting neutron.network object s_rally_38d3ba1f_e2YUwlWB (9509c373-fe04-4f05-a609-94cd3238c154)
2019-07-26 21:06:45.459 22705 RALLYDEBUG rally_openstack.cleanup.manager [-] Deleting neutron.network object s_rally_38d3ba1f_3aJBqS8u (97478dc2-cf8f-4678-8da8-5c87d4381bb9)
2019-07-26 21:06:45.460 22705 RALLYDEBUG rally_openstack.cleanup.manager [-] Deleting neutron.network object s_rally_38d3ba1f_ADZiI32l (97233715-a5a3-4715-bb39-49163119d0db)
2019-07-26 21:06:46.123 22705 RALLYDEBUG rally_openstack.cleanup.manager [-] Deleting neutron.network object s_rally_38d3ba1f_Vmwts8WP (9811190f-bf66-413d-89c3-a248afe9206e)
2019-07-26 21:06:46.534 22705 RALLYDEBUG rally_openstack.cleanup.manager [-] Deleting neutron.network object s_rally_38d3ba1f_KXa2ZNNl (9f30e181-0fcc-4970-9a8c-d00fa4d5b855)
2019-07-26 21:06:46.540 22705 RALLYDEBUG rally_openstack.cleanup.manager [-] Deleting neutron.network object s_rally_38d3ba1f_bT3Rmd1D (a5690315-330b-451b-9745-c94fb346e67d)
2019-07-26 21:06:46.621 22705 RALLYDEBUG rally_openstack.cleanup.manager [-] Deleting neutron.network object s_rally_38d3ba1f_x2S450zM (a70846f8-ff84-4c09-94de-153ae10ddc71)
2019-07-26 21:06:46.794 22705 RALLYDEBUG rally_openstack.cleanup.manager [-] Deleting neutron.network object s_rally_38d3ba1f_G2aeH563 (aa1e6a3e-3d49-4c70-8aa2-514e0631bef4)
2019-07-26 21:06:46.919 22705 RALLYDEBUG rally_openstack.cleanup.manager [-] Deleting neutron.network object s_rally_38d3ba1f_ziw5p0xP (aa2e99ef-888d-4d15-9677-ac5b4c87bf71)
2019-07-26 21:06:47.122 22705 RALLYDEBUG rally_openstack.cleanup.manager [-] Deleting neutron.network object s_rally_38d3ba1f_JHbbHFCS (ac0d0881-f531-4824-bebb-e0033aaf3c7a)
2019-07-26 21:06:47.174 22705 RALLYDEBUG rally_openstack.cleanup.manager [-] Deleting neutron.network object s_rally_38d3ba1f_CVC7C7Ho (b0e1bd60-6679-4f11-a6a8-c453333e9fbb)
2019-07-26 21:06:47.449 22705 RALLYDEBUG rally_openstack.cleanup.manager [-] Deleting neutron.network object s_rally_38d3ba1f_hM1fMqq5 (b1bcad17-73cc-47de-86bb-f1dd4239350a)
2019-07-26 21:06:47.542 22705 RALLYDEBUG rally_openstack.cleanup.manager [-] Deleting neutron.network object s_rally_38d3ba1f_8C5kCzOV (b4d06f1d-c389-4c45-b533-2df2238cc82e)
2019-07-26 21:06:47.570 22705 RALLYDEBUG rally_openstack.cleanup.manager [-] Deleting neutron.network object s_rally_38d3ba1f_lexViM9H (b55fc995-5b11-4d17-89af-11e9924b8fa7)
2019-07-26 21:06:47.611 22705 RALLYDEBUG rally_openstack.cleanup.manager [-] Deleting neutron.network object s_rally_38d3ba1f_e7VoLWWI (bb6c01d8-bd55-41b8-b8a6-c48e0c3a053d)
2019-07-26 21:06:47.935 22705 RALLYDEBUG rally_openstack.cleanup.manager [-] Deleting neutron.network object s_rally_38d3ba1f_mkNYbYy1 (bc5de739-0af8-4ed4-9bfd-f6e6f94bf832)
2019-07-26 21:06:47.994 22705 RALLYDEBUG rally_openstack.cleanup.manager [-] Deleting neutron.network object s_rally_38d3ba1f_lguQTS8t (bd62c952-4d1b-4aaa-857c-b55e728ccc57)
2019-07-26 21:06:48.008 22705 RALLYDEBUG rally_openstack.cleanup.manager [-] Deleting neutron.network object s_rally_38d3ba1f_uUznxG3e (bee24ce9-63c5-428a-bc6f-febe026d6d92)
2019-07-26 21:06:48.018 22705 RALLYDEBUG rally_openstack.cleanup.manager [-] Deleting neutron.network object s_rally_38d3ba1f_BAvrwAFq (bf3056ee-0731-44ef-bd04-a025a685c9f1)
2019-07-26 21:06:48.048 22705 RALLYDEBUG rally_openstack.cleanup.manager [-] Deleting neutron.network object s_rally_38d3ba1f_ck568SmY (bf5ab0e8-91a6-48ee-a4de-c9f89248df51)
2019-07-26 21:06:48.091 22705 RALLYDEBUG rally_openstack.cleanup.manager [-] Deleting neutron.network object s_rally_38d3ba1f_5xDU6aRW (c466d4d8-ecc6-404d-8b4f-bcb60f3aa882)
2019-07-26 21:06:48.174 22705 RALLYDEBUG rally_openstack.cleanup.manager [-] Deleting neutron.network object s_rally_38d3ba1f_XwJxhhd3 (c5d27636-1468-4a90-a1c6-a2202f2df72f)
2019-07-26 21:06:48.233 22705 RALLYDEBUG rally_openstack.cleanup.manager [-] Deleting neutron.network object s_rally_38d3ba1f_11B6lW2v (c7b1b479-9675-4898-9a57-53d282e412a9)
2019-07-26 21:06:48.695 22705 RALLYDEBUG rally_openstack.cleanup.manager [-] Deleting neutron.network object s_rally_38d3ba1f_pUCc9BHM (c7c73b5e-9678-4e01-b0e4-055765167001)
2019-07-26 21:06:48.953 22705 RALLYDEBUG rally_openstack.cleanup.manager [-] Deleting neutron.network object s_rally_38d3ba1f_uHCQFsGk (cc59bd28-7305-43b9-b1bd-a7da3948e2c4)
2019-07-26 21:06:49.249 22705 RALLYDEBUG rally_openstack.cleanup.manager [-] Deleting neutron.network object s_rally_38d3ba1f_W7D7Eg2A (cc70b3ac-947b-4e63-9c6b-526ef031e168)
2019-07-26 21:06:49.263 22705 RALLYDEBUG rally_openstack.cleanup.manager [-] Deleting neutron.network object s_rally_38d3ba1f_VC8P8U1L (d484f62d-8d30-485d-a88f-d988b10a1633)
2019-07-26 21:06:49.375 22705 RALLYDEBUG rally_openstack.cleanup.manager [-] Deleting neutron.network object s_rally_38d3ba1f_Jo07jHGn (d50bb9ed-f82e-441d-8818-690d1583ff2e)
2019-07-26 21:06:49.489 22705 RALLYDEBUG rally_openstack.cleanup.manager [-] Deleting neutron.network object s_rally_38d3ba1f_lSJluLJC (d8fdc5f4-b9b8-48f3-b031-e27ad3d36558)
2019-07-26 21:06:49.582 22705 RALLYDEBUG rally_openstack.cleanup.manager [-] Deleting neutron.network object s_rally_38d3ba1f_BHZiy5ug (d979b96a-d8cd-45ed-8a80-4f5058365eaa)
2019-07-26 21:06:49.822 22705 RALLYDEBUG rally_openstack.cleanup.manager [-] Deleting neutron.network object s_rally_38d3ba1f_sE9putIZ (dc3d0286-0d97-42cc-8ca1-e2f58ecc1b18)
2019-07-26 21:06:50.158 22705 RALLYDEBUG rally_openstack.cleanup.manager [-] Deleting neutron.network object s_rally_38d3ba1f_OX4ankae (e2521912-512b-46b8-9337-7306d939123d)
2019-07-26 21:06:50.217 22705 RALLYDEBUG rally_openstack.cleanup.manager [-] Deleting neutron.network object s_rally_38d3ba1f_VuMiKnBs (e40f280a-ed82-4830-b294-4f8e589303db)
2019-07-26 21:06:50.472 22705 RALLYDEBUG rally_openstack.cleanup.manager [-] Deleting neutron.network object s_rally_38d3ba1f_DrmzwSeD (e4230099-b3c2-4c08-8f3f-24f62b0b482a)
2019-07-26 21:06:50.555 22705 RALLYDEBUG rally_openstack.cleanup.manager [-] Deleting neutron.network object s_rally_38d3ba1f_gvAbl4US (e57612d2-0977-4232-9324-f2fc582a398e)
2019-07-26 21:06:50.644 22705 RALLYDEBUG rally_openstack.cleanup.manager [-] Deleting neutron.network object s_rally_38d3ba1f_eJn2TRbt (eaed3d77-b6a7-4d97-884b-5570495f178c)
2019-07-26 21:06:50.695 22705 RALLYDEBUG rally_openstack.cleanup.manager [-] Deleting neutron.network object s_rally_38d3ba1f_EpN9f3Zw (ec7c2f49-c8d4-4a8f-9c52-4574e7994ebe)
2019-07-26 21:06:50.800 22705 RALLYDEBUG rally_openstack.cleanup.manager [-] Deleting neutron.network object s_rally_38d3ba1f_UoUsmTTJ (ed8cd57d-dcb4-46f5-ba91-1876c8ed9731)
2019-07-26 21:06:50.829 22705 RALLYDEBUG rally_openstack.cleanup.manager [-] Deleting neutron.network object s_rally_38d3ba1f_8rLKqYFH (ef342316-a4b5-4045-82d7-2db453166936)
