2019-07-26 21:24:45.987 22705 RALLYDEBUG rally_openstack.cleanup.manager [-] Deleting neutron.port object s_rally_8d566811_Rk9zcrx8 (dfbbd85f-b9f4-4e8a-a0db-0228b3478d23)
2019-07-26 21:24:46.130 22705 RALLYDEBUG rally_openstack.cleanup.manager [-] Deleting neutron.port object s_rally_8d566811_GesaoO2h (dffc1de1-a525-40ee-b090-18696fbc983f)
2019-07-26 21:24:46.502 22705 RALLYDEBUG rally_openstack.cleanup.manager [-] Deleting neutron.port object s_rally_8d566811_wNMA5duc (e0167b23-ac4c-4b94-acbc-cc1d4dbf8032)
2019-07-26 21:24:46.591 22705 RALLYDEBUG rally_openstack.cleanup.manager [-] Deleting neutron.port object s_rally_8d566811_XZsY0Epm (e09eb99a-14ba-43bf-b87c-021705eef743)
2019-07-26 21:24:46.896 22705 RALLYDEBUG rally_openstack.cleanup.manager [-] Deleting neutron.port object s_rally_8d566811_UpwPf0hX (e199824d-a326-4a57-8006-fedc80a1ee1b)
2019-07-26 21:24:46.911 22705 RALLYDEBUG rally_openstack.cleanup.manager [-] Deleting neutron.port object s_rally_8d566811_2WXChpkt (e306983c-90fd-44bd-a343-c69fa9e7f99d)
2019-07-26 21:24:46.975 22705 RALLYDEBUG rally_openstack.cleanup.manager [-] Deleting neutron.port object s_rally_8d566811_QP1kRHvy (e32ef967-ee68-4510-9966-b353e055960a)
2019-07-26 21:24:47.274 22705 RALLYDEBUG rally_openstack.cleanup.manager [-] Deleting neutron.port object s_rally_8d566811_DlRjHJQE (e397d197-ed39-4259-9779-a11f684527bb)
2019-07-26 21:24:47.354 22705 RALLYDEBUG rally_openstack.cleanup.manager [-] Deleting neutron.port object s_rally_8d566811_DQx1ytT7 (e398af60-d659-4ede-9715-68928947f4ea)
2019-07-26 21:24:47.373 22705 RALLYDEBUG rally_openstack.cleanup.manager [-] Deleting neutron.port object s_rally_8d566811_OQU0MZFZ (e3eb6e42-63a6-4d66-8dd5-023ed41b566b)
2019-07-26 21:24:47.380 22705 RALLYDEBUG rally_openstack.cleanup.manager [-] Deleting neutron.port object s_rally_8d566811_1ayagwBQ (e498a29f-162d-46f4-8bfb-2ef8db7590c7)
2019-07-26 21:24:47.453 22705 RALLYDEBUG rally_openstack.cleanup.manager [-] Deleting neutron.port object s_rally_8d566811_Mn9ephJu (e4bcd8bd-f95e-45f8-8a92-6f94f231f7f5)
2019-07-26 21:24:47.461 22705 RALLYDEBUG rally_openstack.cleanup.manager [-] Deleting neutron.port object s_rally_8d566811_EkzogIan (e53d52ec-7597-4eef-87dc-19f3993d75c0)
2019-07-26 21:24:47.754 22705 RALLYDEBUG rally_openstack.cleanup.manager [-] Deleting neutron.port object s_rally_8d566811_iGP2WYPs (e5d6ee64-8e3b-4b50-9a70-d33e0fa7a593)
2019-07-26 21:24:47.784 22705 RALLYDEBUG rally_openstack.cleanup.manager [-] Deleting neutron.port object s_rally_8d566811_dIfRgYAX (e695adf7-f52b-4e06-bf4e-e004f627d546)
2019-07-26 21:24:47.836 22705 RALLYDEBUG rally_openstack.cleanup.manager [-] Deleting neutron.port object s_rally_8d566811_KEhgq4Ur (e6da2eb3-f33e-4e6b-be1b-1e631adbac0c)
2019-07-26 21:24:47.846 22705 RALLYDEBUG rally_openstack.cleanup.manager [-] Deleting neutron.port object s_rally_8d566811_CwlkNVXb (e766d23a-7546-4aee-b9be-c968abb2071a)
2019-07-26 21:24:47.987 22705 RALLYDEBUG rally_openstack.cleanup.manager [-] Deleting neutron.port object s_rally_8d566811_ijYvYLiU (e8608aea-6b24-4508-bc77-ece230c99eb2)
2019-07-26 21:24:48.122 22705 RALLYDEBUG rally_openstack.cleanup.manager [-] Deleting neutron.port object s_rally_8d566811_0WgBtBVI (e886f50c-afd9-4af0-8ffe-cd6190191a25)
2019-07-26 21:24:48.168 22705 RALLYDEBUG rally_openstack.cleanup.manager [-] Deleting neutron.port object s_rally_8d566811_KdEpxFtZ (ea346473-54d0-449b-b43e-d0aacb255935)
2019-07-26 21:24:48.187 22705 RALLYDEBUG rally_openstack.cleanup.manager [-] Deleting neutron.port object s_rally_8d566811_doKW50WV (ea97a5e9-a820-44cc-ae5c-4119e21fa0d8)
2019-07-26 21:24:48.344 22705 RALLYDEBUG rally_openstack.cleanup.manager [-] Deleting neutron.port object s_rally_8d566811_ihuoI2Lp (eb2e1b2b-fb56-49db-8a85-4d3380e51106)
2019-07-26 21:24:48.612 22705 RALLYDEBUG rally_openstack.cleanup.manager [-] Deleting neutron.port object s_rally_8d566811_8NoQ1LP2 (ebb378cf-a225-463e-a371-b9fb60f4459c)
2019-07-26 21:24:48.975 22705 RALLYDEBUG rally_openstack.cleanup.manager [-] Deleting neutron.port object s_rally_8d566811_BOCtdBhB (ecad52a9-413b-4b27-b93e-2a8b03531019)
2019-07-26 21:24:49.158 22705 RALLYDEBUG rally_openstack.cleanup.manager [-] Deleting neutron.port object s_rally_8d566811_ebmkTIFl (ecb6f65d-cce3-4676-9af0-4a09e74cf3d5)
2019-07-26 21:24:49.272 22705 RALLYDEBUG rally_openstack.cleanup.manager [-] Deleting neutron.port object s_rally_8d566811_yje6aHor (edc5df1e-c48a-4fb1-9602-e62e00d349c9)
2019-07-26 21:24:49.374 22705 RALLYDEBUG rally_openstack.cleanup.manager [-] Deleting neutron.port object s_rally_8d566811_qMbehWsy (edd1a771-a532-448a-a262-12843b822139)
2019-07-26 21:24:49.424 22705 RALLYDEBUG rally_openstack.cleanup.manager [-] Deleting neutron.port object s_rally_8d566811_f7nvoDxJ (ee79f2b2-8cf2-4fa4-852d-6d7b1f4dd444)
2019-07-26 21:24:49.727 22705 RALLYDEBUG rally_openstack.cleanup.manager [-] Deleting neutron.port object s_rally_8d566811_B8EscGuR (efba68db-c35e-42e4-8eaa-6734a5c48f38)
2019-07-26 21:24:49.775 22705 RALLYDEBUG rally_openstack.cleanup.manager [-] Deleting neutron.port object s_rally_8d566811_T6hMi86f (efcef7ae-bcf4-4dc8-964c-4c3bba2edc39)
2019-07-26 21:24:49.856 22705 RALLYDEBUG rally_openstack.cleanup.manager [-] Deleting neutron.port object s_rally_8d566811_8zk4pPnr (f02efd63-0183-4bab-aa22-849504146297)
2019-07-26 21:24:49.932 22705 RALLYDEBUG rally_openstack.cleanup.manager [-] Deleting neutron.port object s_rally_8d566811_EssLkjFk (f0a936e5-c142-4c1f-bd78-3e01c7638539)
2019-07-26 21:24:50.034 22705 RALLYDEBUG rally_openstack.cleanup.manager [-] Deleting neutron.port object s_rally_8d566811_rLPFKsfG (f13ff190-e345-4b28-a243-e764bfe4f508)
2019-07-26 21:24:50.101 22705 RALLYDEBUG rally_openstack.cleanup.manager [-] Deleting neutron.port object s_rally_8d566811_wZD0QVNv (f141be7a-1972-4ab0-afd4-36c56199b643)
2019-07-26 21:24:50.159 22705 RALLYDEBUG rally_openstack.cleanup.manager [-] Deleting neutron.port object s_rally_8d566811_WUv7qFlK (f2342a3a-68de-457e-b578-b5e983de215a)
2019-07-26 21:24:50.308 22705 RALLYDEBUG rally_openstack.cleanup.manager [-] Deleting neutron.port object s_rally_8d566811_mpoVKU26 (f24d0ea8-bdca-49a8-979f-d0cf5b03b889)
2019-07-26 21:24:50.357 22705 RALLYDEBUG rally_openstack.cleanup.manager [-] Deleting neutron.port object s_rally_8d566811_Ee06C9VW (f353bd4a-f62e-4cf9-8a70-e98e83aeea0c)
2019-07-26 21:24:50.417 22705 RALLYDEBUG rally_openstack.cleanup.manager [-] Deleting neutron.port object s_rally_8d566811_Jl3FjRJu (f429b293-5efc-4765-bd80-17f6fc444894)
2019-07-26 21:24:50.473 22705 RALLYDEBUG rally_openstack.cleanup.manager [-] Deleting neutron.port object s_rally_8d566811_k85ky7Z3 (f439dd36-2801-42a2-9bfc-01e004c3cfe6)
2019-07-26 21:24:50.674 22705 RALLYDEBUG rally_openstack.cleanup.manager [-] Deleting neutron.port object s_rally_8d566811_KAVSdc6b (f46ea71d-4e94-46f7-9e0c-1308e4cf8c30)
2019-07-26 21:24:50.779 22705 RALLYDEBUG rally_openstack.cleanup.manager [-] Deleting neutron.port object s_rally_8d566811_SYe6dPRF (f473ec3e-92cf-45d7-8a74-010f8ed991f0)
2019-07-26 21:24:50.792 22705 RALLYDEBUG rally_openstack.cleanup.manager [-] Deleting neutron.port object s_rally_8d566811_ljsiq3GT (f4c8beb5-852a-4c9f-8267-10d8fcc70874)
2019-07-26 21:24:50.913 22705 RALLYDEBUG rally_openstack.cleanup.manager [-] Deleting neutron.port object s_rally_8d566811_OCU3Ij99 (f4d85969-dbaf-436a-9b4e-cb6ca677e8d2)
2019-07-26 21:24:51.083 22705 RALLYDEBUG rally_openstack.cleanup.manager [-] Deleting neutron.port object s_rally_8d566811_J4XqJiwJ (f52e58db-a3af-4718-b25b-b5d13f8d0c3d)
2019-07-26 21:24:51.437 22705 RALLYDEBUG rally_openstack.cleanup.manager [-] Deleting neutron.port object s_rally_8d566811_FPF4VBhW (f56f76a3-79f3-43a1-bd8d-6b32431a81de)
2019-07-26 21:24:51.737 22705 RALLYDEBUG rally_openstack.cleanup.manager [-] Deleting neutron.port object s_rally_8d566811_6FFU6Wyo (f5e52723-aa16-41e7-aff9-5e702b1c7cc6)
2019-07-26 21:24:51.827 22705 RALLYDEBUG rally_openstack.cleanup.manager [-] Deleting neutron.port object s_rally_8d566811_ksXEkl0F (f62f37d5-2495-4e94-9593-786dc7288848)
2019-07-26 21:24:51.903 22705 RALLYDEBUG rally_openstack.cleanup.manager [-] Deleting neutron.port object s_rally_8d566811_ciqnQ9Ye (f725b353-561c-43df-977f-1b133772289a)
2019-07-26 21:24:51.990 22705 RALLYDEBUG rally_openstack.cleanup.manager [-] Deleting neutron.port object s_rally_8d566811_OGAhUEbm (f761afa5-6d9e-4eb1-87ad-1f6744b10fc2)
2019-07-26 21:24:52.202 22705 RALLYDEBUG rally_openstack.cleanup.manager [-] Deleting neutron.port object s_rally_8d566811_dTZKQGG7 (f7df8bbd-23c5-4b5b-afd3-b5bb60e24a86)
2019-07-26 21:24:52.243 22705 RALLYDEBUG rally_openstack.cleanup.manager [-] Deleting neutron.port object s_rally_8d566811_D6BUVWes (f9f2d576-44c9-432d-ad51-3bc675db3178)
2019-07-26 21:24:52.377 22705 RALLYDEBUG rally_openstack.cleanup.manager [-] Deleting neutron.port object s_rally_8d566811_IGaffWGY (fc2058bc-a52b-4aa8-b1db-616f3854b326)
2019-07-26 21:24:52.709 22705 RALLYDEBUG rally_openstack.cleanup.manager [-] Deleting neutron.port object s_rally_8d566811_zOtj11qk (fc650f80-18e6-467d-bee6-e75048037c0c)
2019-07-26 21:24:52.749 22705 RALLYDEBUG rally_openstack.cleanup.manager [-] Deleting neutron.port object s_rally_8d566811_8Q5cAOzm (fcb0563f-db63-41a6-b8c6-b14f01753f39)
2019-07-26 21:24:52.756 22705 RALLYDEBUG rally_openstack.cleanup.manager [-] Deleting neutron.port object s_rally_8d566811_Fg3L0qIa (fcb246b4-2f6f-496e-acfc-82031ab9d616)
2019-07-26 21:24:52.760 22705 RALLYDEBUG rally_openstack.cleanup.manager [-] Deleting neutron.port object s_rally_8d566811_s0faGiB3 (fcfb7405-6a70-48b9-bd54-420975313ce7)
2019-07-26 21:24:52.889 22705 RALLYDEBUG rally_openstack.cleanup.manager [-] Deleting neutron.port object s_rally_8d566811_AvehwYk3 (fe78ea81-8c68-4acd-bc64-7e87cf50081e)
2019-07-26 21:24:52.946 22705 RALLYDEBUG rally_openstack.cleanup.manager [-] Deleting neutron.port object s_rally_8d566811_L8S3Jlcs (ff04a670-ccaf-4d56-a2d9-8f03f9b73910)
2019-07-26 21:24:52.970 22705 RALLYDEBUG rally_openstack.cleanup.manager [-] Deleting neutron.port object s_rally_8d566811_GyOCzgpw (ff13b71e-615b-4cc0-8e2f-1df8bf723d06)
2019-07-26 21:24:53.136 22705 RALLYDEBUG rally_openstack.cleanup.manager [-] Deleting neutron.port object s_rally_8d566811_NXIDD6L3 (ff66e05f-5f26-4fab-b54e-ab9c17563316)
2019-07-26 21:24:55.697 22705 RALLYDEBUG rally_openstack.cleanup.manager [-] Cleaning up neutron subnet objects
2019-07-26 21:24:56.450 22705 RALLYDEBUG rally_openstack.cleanup.manager [-] Cleaning up neutron network objects
2019-07-26 21:24:57.174 22705 RALLYDEBUG rally_openstack.cleanup.manager [-] Deleting neutron.network object s_rally_8d566811_jVRtBTUe (1b0080d6-6ddf-455f-a5ee-cfa3fe27d252)
2019-07-26 21:24:57.179 22705 RALLYDEBUG rally_openstack.cleanup.manager [-] Deleting neutron.network object s_rally_8d566811_swMMPNKm (305a2b9f-b590-45d2-bf76-d83325241450)
2019-07-26 21:24:57.185 22705 RALLYDEBUG rally_openstack.cleanup.manager [-] Deleting neutron.network object s_rally_8d566811_ZXEJZ6C8 (3b38bfeb-3799-489b-a35b-660e50e3b2d7)
2019-07-26 21:24:57.195 22705 RALLYDEBUG rally_openstack.cleanup.manager [-] Deleting neutron.network object s_rally_8d566811_ikfZk3n0 (59be53cd-2596-4c27-9c92-f409020e3f78)
2019-07-26 21:24:57.203 22705 RALLYDEBUG rally_openstack.cleanup.manager [-] Deleting neutron.network object s_rally_8d566811_9ueO7JDe (68ea11b9-3df1-4819-ac34-ce64bec764d0)
2019-07-26 21:24:57.210 22705 RALLYDEBUG rally_openstack.cleanup.manager [-] Deleting neutron.network object s_rally_8d566811_RoZ6d6iA (89b54432-b903-4b39-b7bb-54fc8b4f948b)
2019-07-26 21:24:57.215 22705 RALLYDEBUG rally_openstack.cleanup.manager [-] Deleting neutron.network object s_rally_8d566811_e7nEGfzf (ccbcbc27-8e22-465a-ac8b-a33369695ac4)
2019-07-26 21:24:57.224 22705 RALLYDEBUG rally_openstack.cleanup.manager [-] Deleting neutron.network object s_rally_8d566811_YkRhUrS0 (d8564973-97c5-4946-bba0-df9654237800)
2019-07-26 21:25:00.481 22705 RALLYDEBUG rally_openstack.cleanup.manager [-] Cleaning up neutron router objects
2019-07-26 21:25:01.326 22705 RALLYDEBUG rally_openstack.cleanup.manager [-] Cleaning up neutron security_group objects
2019-07-26 21:25:01.977 22705 INFO rally.task.context [-] Task 35fa45fd-0a55-4417-9293-7823d8a8c700 | Context cleanup@openstack cleanup() finished in 1.04 min
2019-07-26 21:25:01.977 22705 INFO rally.task.context [-] Task 35fa45fd-0a55-4417-9293-7823d8a8c700 | Context quotas@openstack cleanup() started
2019-07-26 21:25:02.215 22705 INFO rally.task.context [-] Task 35fa45fd-0a55-4417-9293-7823d8a8c700 | Context quotas@openstack cleanup() finished in 0.24 sec
2019-07-26 21:25:02.216 22705 INFO rally.task.context [-] Task 35fa45fd-0a55-4417-9293-7823d8a8c700 | Context users@openstack cleanup() started
2019-07-26 21:25:07.021 22705 INFO rally.task.context [-] Task 35fa45fd-0a55-4417-9293-7823d8a8c700 | Context users@openstack cleanup() finished in 4.81 sec
2019-07-26 21:25:07.409 22705 INFO rally.task.engine [-] Load duration is: 93.284373
2019-07-26 21:25:07.409 22705 INFO rally.task.engine [-] Full runner duration is: 93.329338
2019-07-26 21:25:07.409 22705 INFO rally.task.engine [-] Full duration is: 166.316346
2019-07-26 21:25:07.611 22705 INFO rally.task.engine [-] Running workload: position = 1 config = { "version": 2, "title": "A cropped version of a bigger task.", "description": "Auto-generated task from a single workload (uuid=c05d4931-1ad0-4673-a844-6d70bf493946)", "subtasks": [ { "title": "NeutronNetworks.create_and_update_ports", "description": "Create and update a given number of ports.", "scenario": { "NeutronNetworks.create_and_update_ports": { "network_create_args": {}, "port_create_args": {}, "ports_per_network": 5, "port_update_args": { "admin_state_up": false, "device_id": "dummy_id", "device_owner": "dummy_owner", "name": "_port_updated" } } }, "contexts": { "users": { "tenants": 1, "users_per_tenant": 1 }, "quotas": { "neutron": { "network": -1, "port": -1 } } }, "runner": { "constant": { "times": 40, "concurrency": 20 } }, "hooks": [], "sla": { "failure_rate": { "max": 0 } } } ] }
2019-07-26 21:25:07.636 22705 RALLYDEBUG rally_openstack.contexts.keystone.users [-] Creating 1 tenants using 20 threads
2019-07-26 21:25:09.536 22705 RALLYDEBUG rally_openstack.contexts.keystone.users [-] Creating 1 users using 20 threads
2019-07-26 21:25:12.308 22705 INFO rally.task.context [-] Task 35fa45fd-0a55-4417-9293-7823d8a8c700 | Context users@openstack setup() finished in 4.67 sec
2019-07-26 21:25:13.120 22705 INFO rally.task.context [-] Task 35fa45fd-0a55-4417-9293-7823d8a8c700 | Context quotas@openstack setup() finished in 0.81 sec
2019-07-26 21:25:13.120 22705 INFO rally.task.context [-] Task 35fa45fd-0a55-4417-9293-7823d8a8c700 | Context cleanup@openstack setup() finished in 0.00 msec
2019-07-26 21:25:13.127 22705 RALLYDEBUG rally.task.runner [-] Starting the constant runner (task UUID: 35fa45fd-0a55-4417-9293-7823d8a8c700). timeout: 0 concurrency: 20 concurrency_per_worker: 1 times: 40 concurrency_overhead: 4 processes_to_start: 16 max_cpu_used: 16
2019-07-26 21:25:13.138 26581 RALLYDEBUG rally.task.runner [-] Starting a worker. concurrency: 2 args: {"network_create_args": {}, "port_create_args": {}, "ports_per_network": 5, "port_update_args": {"admin_state_up": false, "device_id": "dummy_id", "device_owner": "dummy_owner", "name": "_port_updated"}} times: 40 method_name: run timeout: 0 duration: None cls:
2019-07-26 21:25:13.142 26582 RALLYDEBUG rally.task.runner [-] Starting a worker. concurrency: 2 args: {"network_create_args": {}, "port_create_args": {}, "ports_per_network": 5, "port_update_args": {"admin_state_up": false, "device_id": "dummy_id", "device_owner": "dummy_owner", "name": "_port_updated"}} times: 40 method_name: run timeout: 0 duration: None cls:
2019-07-26 21:25:13.144 26581 INFO rally.task.runner [-] Task 35fa45fd-0a55-4417-9293-7823d8a8c700 | ITER: 1 START
2019-07-26 21:25:13.146 26583 RALLYDEBUG rally.task.runner [-] Starting a worker. concurrency: 2 args: {"network_create_args": {}, "port_create_args": {}, "ports_per_network": 5, "port_update_args": {"admin_state_up": false, "device_id": "dummy_id", "device_owner": "dummy_owner", "name": "_port_updated"}} times: 40 method_name: run timeout: 0 duration: None cls:
2019-07-26 21:25:13.147 26581 WARNING rally_openstack.scenarios.neutron.utils [-] Running this scenario without either the 'network' or 'existing_network' context is deprecated
2019-07-26 21:25:13.148 26584 RALLYDEBUG rally.task.runner [-] Starting a worker. concurrency: 2 args: {"network_create_args": {}, "port_create_args": {}, "ports_per_network": 5, "port_update_args": {"admin_state_up": false, "device_id": "dummy_id", "device_owner": "dummy_owner", "name": "_port_updated"}} times: 40 method_name: run timeout: 0 duration: None cls:
2019-07-26 21:25:13.150 26587 RALLYDEBUG rally.task.runner [-] Starting a worker. concurrency: 1 args: {"network_create_args": {}, "port_create_args": {}, "ports_per_network": 5, "port_update_args": {"admin_state_up": false, "device_id": "dummy_id", "device_owner": "dummy_owner", "name": "_port_updated"}} times: 40 method_name: run timeout: 0 duration: None cls:
2019-07-26 21:25:13.152 26582 INFO rally.task.runner [-] Task 35fa45fd-0a55-4417-9293-7823d8a8c700 | ITER: 3 START
2019-07-26 21:25:13.153 26582 INFO rally.task.runner [-] Task 35fa45fd-0a55-4417-9293-7823d8a8c700 | ITER: 4 START
2019-07-26 21:25:13.154 26589 RALLYDEBUG rally.task.runner [-] Starting a worker. concurrency: 1 args: {"network_create_args": {}, "port_create_args": {}, "ports_per_network": 5, "port_update_args": {"admin_state_up": false, "device_id": "dummy_id", "device_owner": "dummy_owner", "name": "_port_updated"}} times: 40 method_name: run timeout: 0 duration: None cls:
2019-07-26 21:25:13.155 26582 WARNING rally_openstack.scenarios.neutron.utils [-] Running this scenario without either the 'network' or 'existing_network' context is deprecated
2019-07-26 21:25:13.154 26583 INFO rally.task.runner [-] Task 35fa45fd-0a55-4417-9293-7823d8a8c700 | ITER: 5 START
2019-07-26 21:25:13.157 26581 INFO rally.task.runner [-] Task 35fa45fd-0a55-4417-9293-7823d8a8c700 | ITER: 2 START
2019-07-26 21:25:13.157 26584 INFO rally.task.runner [-] Task 35fa45fd-0a55-4417-9293-7823d8a8c700 | ITER: 6 START
2019-07-26 21:25:13.157 26587 INFO rally.task.runner [-] Task 35fa45fd-0a55-4417-9293-7823d8a8c700 | ITER: 8 START
2019-07-26 21:25:13.158 26581 WARNING rally_openstack.scenarios.neutron.utils [-] Running this scenario without either the 'network' or 'existing_network' context is deprecated
2019-07-26 21:25:13.158 26592 RALLYDEBUG rally.task.runner [-] Starting a worker. concurrency: 1 args: {"network_create_args": {}, "port_create_args": {}, "ports_per_network": 5, "port_update_args": {"admin_state_up": false, "device_id": "dummy_id", "device_owner": "dummy_owner", "name": "_port_updated"}} times: 40 method_name: run timeout: 0 duration: None cls:
2019-07-26 21:25:13.156 26583 INFO rally.task.runner [-] Task 35fa45fd-0a55-4417-9293-7823d8a8c700 | ITER: 7 START
2019-07-26 21:25:13.159 26583 WARNING rally_openstack.scenarios.neutron.utils [-] Running this scenario without either the 'network' or 'existing_network' context is deprecated
2019-07-26 21:25:13.159 26587 WARNING rally_openstack.scenarios.neutron.utils [-] Running this scenario without either the 'network' or 'existing_network' context is deprecated
2019-07-26 21:25:13.159 26584 WARNING rally_openstack.scenarios.neutron.utils [-] Running this scenario without either the 'network' or 'existing_network' context is deprecated
2019-07-26 21:25:13.155 26582 WARNING rally_openstack.scenarios.neutron.utils [-] Running this scenario without either the 'network' or 'existing_network' context is deprecated
2019-07-26 21:25:13.161 26598 RALLYDEBUG rally.task.runner [-] Starting a worker. concurrency: 1 args: {"network_create_args": {}, "port_create_args": {}, "ports_per_network": 5, "port_update_args": {"admin_state_up": false, "device_id": "dummy_id", "device_owner": "dummy_owner", "name": "_port_updated"}} times: 40 method_name: run timeout: 0 duration: None cls:
2019-07-26 21:25:13.162 26602 RALLYDEBUG rally.task.runner [-] Starting a worker. concurrency: 1 args: {"network_create_args": {}, "port_create_args": {}, "ports_per_network": 5, "port_update_args": {"admin_state_up": false, "device_id": "dummy_id", "device_owner": "dummy_owner", "name": "_port_updated"}} times: 40 method_name: run timeout: 0 duration: None cls:
2019-07-26 21:25:13.167 26583 WARNING rally_openstack.scenarios.neutron.utils [-] Running this scenario without either the 'network' or 'existing_network' context is deprecated
2019-07-26 21:25:13.166 26603 RALLYDEBUG rally.task.runner [-] Starting a worker. concurrency: 1 args: {"network_create_args": {}, "port_create_args": {}, "ports_per_network": 5, "port_update_args": {"admin_state_up": false, "device_id": "dummy_id", "device_owner": "dummy_owner", "name": "_port_updated"}} times: 40 method_name: run timeout: 0 duration: None cls:
2019-07-26 21:25:13.169 26602 INFO rally.task.runner [-] Task 35fa45fd-0a55-4417-9293-7823d8a8c700 | ITER: 13 START
2019-07-26 21:25:13.170 26589 INFO rally.task.runner [-] Task 35fa45fd-0a55-4417-9293-7823d8a8c700 | ITER: 10 START
2019-07-26 21:25:13.170 26598 INFO rally.task.runner [-] Task 35fa45fd-0a55-4417-9293-7823d8a8c700 | ITER: 12 START
2019-07-26 21:25:13.171 26589 WARNING rally_openstack.scenarios.neutron.utils [-] Running this scenario without either the 'network' or 'existing_network' context is deprecated
2019-07-26 21:25:13.172 26602 WARNING rally_openstack.scenarios.neutron.utils [-] Running this scenario without either the 'network' or 'existing_network' context is deprecated
2019-07-26 21:25:13.172 26598 WARNING rally_openstack.scenarios.neutron.utils [-] Running this scenario without either the 'network' or 'existing_network' context is deprecated
2019-07-26 21:25:13.172 26604 RALLYDEBUG rally.task.runner [-] Starting a worker. concurrency: 1 args: {"network_create_args": {}, "port_create_args": {}, "ports_per_network": 5, "port_update_args": {"admin_state_up": false, "device_id": "dummy_id", "device_owner": "dummy_owner", "name": "_port_updated"}} times: 40 method_name: run timeout: 0 duration: None cls:
2019-07-26 21:25:13.173 26603 INFO rally.task.runner [-] Task 35fa45fd-0a55-4417-9293-7823d8a8c700 | ITER: 14 START
2019-07-26 21:25:13.174 26584 INFO rally.task.runner [-] Task 35fa45fd-0a55-4417-9293-7823d8a8c700 | ITER: 9 START
2019-07-26 21:25:13.175 26603 WARNING rally_openstack.scenarios.neutron.utils [-] Running this scenario without either the 'network' or 'existing_network' context is deprecated
2019-07-26 21:25:13.175 26584 WARNING rally_openstack.scenarios.neutron.utils [-] Running this scenario without either the 'network' or 'existing_network' context is deprecated
2019-07-26 21:25:13.175 26592 INFO rally.task.runner [-] Task 35fa45fd-0a55-4417-9293-7823d8a8c700 | ITER: 11 START
2019-07-26 21:25:13.176 26592 WARNING rally_openstack.scenarios.neutron.utils [-] Running this scenario without either the 'network' or 'existing_network' context is deprecated
2019-07-26 21:25:13.177 26604 INFO rally.task.runner [-] Task 35fa45fd-0a55-4417-9293-7823d8a8c700 | ITER: 15 START
2019-07-26 21:25:13.179 26604 WARNING rally_openstack.scenarios.neutron.utils [-] Running this scenario without either the 'network' or 'existing_network' context is deprecated
2019-07-26 21:25:13.180 26614 RALLYDEBUG rally.task.runner [-] Starting a worker. concurrency: 1 args: {"network_create_args": {}, "port_create_args": {}, "ports_per_network": 5, "port_update_args": {"admin_state_up": false, "device_id": "dummy_id", "device_owner": "dummy_owner", "name": "_port_updated"}} times: 40 method_name: run timeout: 0 duration: None cls:
2019-07-26 21:25:13.186 26614 INFO rally.task.runner [-] Task 35fa45fd-0a55-4417-9293-7823d8a8c700 | ITER: 16 START
2019-07-26 21:25:13.188 26614 WARNING rally_openstack.scenarios.neutron.utils [-] Running this scenario without either the 'network' or 'existing_network' context is deprecated
2019-07-26 21:25:13.192 26619 RALLYDEBUG rally.task.runner [-] Starting a worker. concurrency: 1 args: {"network_create_args": {}, "port_create_args": {}, "ports_per_network": 5, "port_update_args": {"admin_state_up": false, "device_id": "dummy_id", "device_owner": "dummy_owner", "name": "_port_updated"}} times: 40 method_name: run timeout: 0 duration: None cls:
2019-07-26 21:25:13.197 26622 RALLYDEBUG rally.task.runner [-] Starting a worker. concurrency: 1 args: {"network_create_args": {}, "port_create_args": {}, "ports_per_network": 5, "port_update_args": {"admin_state_up": false, "device_id": "dummy_id", "device_owner": "dummy_owner", "name": "_port_updated"}} times: 40 method_name: run timeout: 0 duration: None cls:
2019-07-26 21:25:13.199 26619 INFO rally.task.runner [-] Task 35fa45fd-0a55-4417-9293-7823d8a8c700 | ITER: 17 START
2019-07-26 21:25:13.201 26619 WARNING rally_openstack.scenarios.neutron.utils [-] Running this scenario without either the 'network' or 'existing_network' context is deprecated
2019-07-26 21:25:13.203 26622 INFO rally.task.runner [-] Task 35fa45fd-0a55-4417-9293-7823d8a8c700 | ITER: 18 START
2019-07-26 21:25:13.204 26623 RALLYDEBUG rally.task.runner [-] Starting a worker. concurrency: 1 args: {"network_create_args": {}, "port_create_args": {}, "ports_per_network": 5, "port_update_args": {"admin_state_up": false, "device_id": "dummy_id", "device_owner": "dummy_owner", "name": "_port_updated"}} times: 40 method_name: run timeout: 0 duration: None cls:
2019-07-26 21:25:13.205 26622 WARNING rally_openstack.scenarios.neutron.utils [-] Running this scenario without either the 'network' or 'existing_network' context is deprecated
2019-07-26 21:25:13.208 26626 RALLYDEBUG rally.task.runner [-] Starting a worker. concurrency: 1 args: {"network_create_args": {}, "port_create_args": {}, "ports_per_network": 5, "port_update_args": {"admin_state_up": false, "device_id": "dummy_id", "device_owner": "dummy_owner", "name": "_port_updated"}} times: 40 method_name: run timeout: 0 duration: None cls:
2019-07-26 21:25:13.210 26623 INFO rally.task.runner [-] Task 35fa45fd-0a55-4417-9293-7823d8a8c700 | ITER: 19 START
2019-07-26 21:25:13.211 26623 WARNING rally_openstack.scenarios.neutron.utils [-] Running this scenario without either the 'network' or 'existing_network' context is deprecated
2019-07-26 21:25:13.214 26626 INFO rally.task.runner [-] Task 35fa45fd-0a55-4417-9293-7823d8a8c700 | ITER: 20 START
2019-07-26 21:25:13.215 26626 WARNING rally_openstack.scenarios.neutron.utils [-] Running this scenario without either the 'network' or 'existing_network' context is deprecated
2019-07-26 21:25:26.063 26587 INFO rally.task.runner [-] Task 35fa45fd-0a55-4417-9293-7823d8a8c700 | ITER: 8 END: OK
2019-07-26 21:25:26.067 26587 INFO rally.task.runner [-] Task 35fa45fd-0a55-4417-9293-7823d8a8c700 | ITER: 21 START
2019-07-26 21:25:26.068 26587 WARNING rally_openstack.scenarios.neutron.utils [-] Running this scenario without either the 'network' or 'existing_network' context is deprecated
2019-07-26 21:25:26.326 26604 INFO rally.task.runner [-] Task 35fa45fd-0a55-4417-9293-7823d8a8c700 | ITER: 15 END: OK
2019-07-26 21:25:26.332 26604 INFO rally.task.runner [-] Task 35fa45fd-0a55-4417-9293-7823d8a8c700 | ITER: 22 START
2019-07-26 21:25:26.332 26604 WARNING rally_openstack.scenarios.neutron.utils [-] Running this scenario without either the 'network' or 'existing_network' context is deprecated
2019-07-26 21:25:27.192 26626 INFO rally.task.runner [-] Task 35fa45fd-0a55-4417-9293-7823d8a8c700 | ITER: 20 END: OK
2019-07-26 21:25:27.197 26626 INFO rally.task.runner [-] Task 35fa45fd-0a55-4417-9293-7823d8a8c700 | ITER: 23 START
2019-07-26 21:25:27.197 26626 WARNING rally_openstack.scenarios.neutron.utils [-] Running this scenario without either the 'network' or 'existing_network' context is deprecated
2019-07-26 21:25:27.567 26584 INFO rally.task.runner [-] Task 35fa45fd-0a55-4417-9293-7823d8a8c700 | ITER: 9 END: OK
2019-07-26 21:25:27.572 26584 INFO rally.task.runner [-] Task 35fa45fd-0a55-4417-9293-7823d8a8c700 | ITER: 24 START
2019-07-26 21:25:27.573 26584 WARNING rally_openstack.scenarios.neutron.utils [-] Running this scenario without either the 'network' or 'existing_network' context is deprecated
2019-07-26 21:25:27.637 26581 INFO rally.task.runner [-] Task 35fa45fd-0a55-4417-9293-7823d8a8c700 | ITER: 1 END: OK
2019-07-26 21:25:27.642 26581 INFO rally.task.runner [-] Task 35fa45fd-0a55-4417-9293-7823d8a8c700 | ITER: 25 START
2019-07-26 21:25:27.642 26581 WARNING rally_openstack.scenarios.neutron.utils [-] Running this scenario without either the 'network' or 'existing_network' context is deprecated
2019-07-26 21:25:27.647 26592 INFO rally.task.runner [-] Task 35fa45fd-0a55-4417-9293-7823d8a8c700 | ITER: 11 END: OK
2019-07-26 21:25:27.651 26592 INFO rally.task.runner [-] Task 35fa45fd-0a55-4417-9293-7823d8a8c700 | ITER: 26 START
2019-07-26 21:25:27.652 26592 WARNING rally_openstack.scenarios.neutron.utils [-] Running this scenario without either the 'network' or 'existing_network' context is deprecated
2019-07-26 21:25:28.244 26623 INFO rally.task.runner [-] Task 35fa45fd-0a55-4417-9293-7823d8a8c700 | ITER: 19 END: OK
2019-07-26 21:25:28.248 26623 INFO rally.task.runner [-] Task 35fa45fd-0a55-4417-9293-7823d8a8c700 | ITER: 27 START
2019-07-26 21:25:28.249 26623 WARNING rally_openstack.scenarios.neutron.utils [-] Running this scenario without either the 'network' or 'existing_network' context is deprecated
2019-07-26 21:25:28.598 26614 INFO rally.task.runner [-] Task 35fa45fd-0a55-4417-9293-7823d8a8c700 | ITER: 16 END: OK
2019-07-26 21:25:28.602 26614 INFO rally.task.runner [-] Task 35fa45fd-0a55-4417-9293-7823d8a8c700 | ITER: 28 START
2019-07-26 21:25:28.603 26614 WARNING rally_openstack.scenarios.neutron.utils [-] Running this scenario without either the 'network' or 'existing_network' context is deprecated
2019-07-26 21:25:28.688 26581 INFO rally.task.runner [-] Task 35fa45fd-0a55-4417-9293-7823d8a8c700 | ITER: 2 END: OK
2019-07-26 21:25:28.688 26583 INFO rally.task.runner [-] Task 35fa45fd-0a55-4417-9293-7823d8a8c700 | ITER: 5 END: OK
2019-07-26 21:25:28.691 26581 INFO rally.task.runner [-] Task 35fa45fd-0a55-4417-9293-7823d8a8c700 | ITER: 29 START
2019-07-26 21:25:28.692 26581 WARNING rally_openstack.scenarios.neutron.utils [-] Running this scenario without either the 'network' or 'existing_network' context is deprecated
2019-07-26 21:25:28.692 26583 INFO rally.task.runner [-] Task 35fa45fd-0a55-4417-9293-7823d8a8c700 | ITER: 30 START
2019-07-26 21:25:28.692 26583 WARNING rally_openstack.scenarios.neutron.utils [-] Running this scenario without either the 'network' or 'existing_network' context is deprecated
2019-07-26 21:25:28.994 26602 INFO rally.task.runner [-] Task 35fa45fd-0a55-4417-9293-7823d8a8c700 | ITER: 13 END: OK
2019-07-26 21:25:28.998 26602 INFO rally.task.runner [-] Task 35fa45fd-0a55-4417-9293-7823d8a8c700 | ITER: 31 START
2019-07-26 21:25:28.999 26602 WARNING rally_openstack.scenarios.neutron.utils [-] Running this scenario without either the 'network' or 'existing_network' context is deprecated
2019-07-26 21:25:29.058 26619 INFO rally.task.runner [-] Task 35fa45fd-0a55-4417-9293-7823d8a8c700 | ITER: 17 END: OK
2019-07-26 21:25:29.063 26619 INFO rally.task.runner [-] Task 35fa45fd-0a55-4417-9293-7823d8a8c700 | ITER: 32 START
2019-07-26 21:25:29.064 26619 WARNING rally_openstack.scenarios.neutron.utils [-] Running this scenario without either the 'network' or 'existing_network' context is deprecated
2019-07-26 21:25:29.126 26584 INFO rally.task.runner [-] Task 35fa45fd-0a55-4417-9293-7823d8a8c700 | ITER: 6 END: OK
2019-07-26 21:25:29.129 26584 INFO rally.task.runner [-] Task 35fa45fd-0a55-4417-9293-7823d8a8c700 | ITER: 33 START
2019-07-26 21:25:29.129 26584 WARNING rally_openstack.scenarios.neutron.utils [-] Running this scenario without either the 'network' or 'existing_network' context is deprecated
2019-07-26 21:25:29.255 26603 INFO rally.task.runner [-] Task 35fa45fd-0a55-4417-9293-7823d8a8c700 | ITER: 14 END: OK
2019-07-26 21:25:29.259 26603 INFO rally.task.runner [-] Task 35fa45fd-0a55-4417-9293-7823d8a8c700 | ITER: 34 START
2019-07-26 21:25:29.259 26603 WARNING rally_openstack.scenarios.neutron.utils [-] Running this scenario without either the 'network' or 'existing_network' context is deprecated
2019-07-26 21:25:29.346 26582 INFO rally.task.runner [-] Task 35fa45fd-0a55-4417-9293-7823d8a8c700 | ITER: 3 END: OK
2019-07-26 21:25:29.350 26582 INFO rally.task.runner [-] Task 35fa45fd-0a55-4417-9293-7823d8a8c700 | ITER: 35 START
2019-07-26 21:25:29.350 26582 WARNING rally_openstack.scenarios.neutron.utils [-] Running this scenario without either the 'network' or 'existing_network' context is deprecated
2019-07-26 21:25:29.402 26582 INFO rally.task.runner [-] Task 35fa45fd-0a55-4417-9293-7823d8a8c700 | ITER: 4 END: OK
2019-07-26 21:25:29.406 26582 INFO rally.task.runner [-] Task 35fa45fd-0a55-4417-9293-7823d8a8c700 | ITER: 36 START
2019-07-26 21:25:29.406 26582 WARNING rally_openstack.scenarios.neutron.utils [-] Running this scenario without either the 'network' or 'existing_network' context is deprecated
2019-07-26 21:25:29.467 26622 INFO rally.task.runner [-] Task 35fa45fd-0a55-4417-9293-7823d8a8c700 | ITER: 18 END: OK
2019-07-26 21:25:29.471 26622 INFO rally.task.runner [-] Task 35fa45fd-0a55-4417-9293-7823d8a8c700 | ITER: 37 START
2019-07-26 21:25:29.472 26622 WARNING rally_openstack.scenarios.neutron.utils [-] Running this scenario without either the 'network' or 'existing_network' context is deprecated
2019-07-26 21:25:29.814 26583 INFO rally.task.runner [-] Task 35fa45fd-0a55-4417-9293-7823d8a8c700 | ITER: 7 END: OK
2019-07-26 21:25:29.818 26583 INFO rally.task.runner [-] Task 35fa45fd-0a55-4417-9293-7823d8a8c700 | ITER: 38 START
2019-07-26 21:25:29.819 26583 WARNING rally_openstack.scenarios.neutron.utils [-] Running this scenario without either the 'network' or 'existing_network' context is deprecated
2019-07-26 21:25:31.103 26598 INFO rally.task.runner [-] Task 35fa45fd-0a55-4417-9293-7823d8a8c700 | ITER: 12 END: OK
2019-07-26 21:25:31.107 26598 INFO rally.task.runner [-] Task 35fa45fd-0a55-4417-9293-7823d8a8c700 | ITER: 39 START
2019-07-26 21:25:31.108 26598 WARNING rally_openstack.scenarios.neutron.utils [-] Running this scenario without either the 'network' or 'existing_network' context is deprecated
2019-07-26 21:25:32.044 26589 INFO rally.task.runner [-] Task 35fa45fd-0a55-4417-9293-7823d8a8c700 | ITER: 10 END: OK
2019-07-26 21:25:32.047 26589 INFO rally.task.runner [-] Task 35fa45fd-0a55-4417-9293-7823d8a8c700 | ITER: 40 START
2019-07-26 21:25:32.048 26589 WARNING rally_openstack.scenarios.neutron.utils [-] Running this scenario without either the 'network' or 'existing_network' context is deprecated
2019-07-26 21:25:39.605 26604 INFO rally.task.runner [-] Task 35fa45fd-0a55-4417-9293-7823d8a8c700 | ITER: 22 END: OK
2019-07-26 21:25:40.232 26587 INFO rally.task.runner [-] Task 35fa45fd-0a55-4417-9293-7823d8a8c700 | ITER: 21 END: OK
2019-07-26 21:25:40.352 26626 INFO rally.task.runner [-] Task 35fa45fd-0a55-4417-9293-7823d8a8c700 | ITER: 23 END: OK
2019-07-26 21:25:41.353 26623 INFO rally.task.runner [-] Task 35fa45fd-0a55-4417-9293-7823d8a8c700 | ITER: 27 END: OK
2019-07-26 21:25:41.583 26592 INFO rally.task.runner [-] Task 35fa45fd-0a55-4417-9293-7823d8a8c700 | ITER: 26 END: OK
2019-07-26 21:25:41.890 26581 INFO rally.task.runner [-] Task 35fa45fd-0a55-4417-9293-7823d8a8c700 | ITER: 25 END: OK
2019-07-26 21:25:41.990 26614 INFO rally.task.runner [-] Task 35fa45fd-0a55-4417-9293-7823d8a8c700 | ITER: 28 END: OK
2019-07-26 21:25:42.258 26584 INFO rally.task.runner [-] Task 35fa45fd-0a55-4417-9293-7823d8a8c700 | ITER: 24 END: OK
2019-07-26 21:25:42.318 26583 INFO rally.task.runner [-] Task 35fa45fd-0a55-4417-9293-7823d8a8c700 | ITER: 30 END: OK
2019-07-26 21:25:42.485 26602 INFO rally.task.runner [-] Task 35fa45fd-0a55-4417-9293-7823d8a8c700 | ITER: 31 END: OK
2019-07-26 21:25:42.586 26603 INFO rally.task.runner [-] Task 35fa45fd-0a55-4417-9293-7823d8a8c700 | ITER: 34 END: OK
2019-07-26 21:25:42.737 26619 INFO rally.task.runner [-] Task 35fa45fd-0a55-4417-9293-7823d8a8c700 | ITER: 32 END: OK
2019-07-26 21:25:42.759 26581 INFO rally.task.runner [-] Task 35fa45fd-0a55-4417-9293-7823d8a8c700 | ITER: 29 END: OK
2019-07-26 21:25:43.421 26582 INFO rally.task.runner [-] Task 35fa45fd-0a55-4417-9293-7823d8a8c700 | ITER: 35 END: OK
2019-07-26 21:25:43.680 26583 INFO rally.task.runner [-] Task 35fa45fd-0a55-4417-9293-7823d8a8c700 | ITER: 38 END: OK
2019-07-26 21:25:43.791 26582 INFO rally.task.runner [-] Task 35fa45fd-0a55-4417-9293-7823d8a8c700 | ITER: 36 END: OK
2019-07-26 21:25:43.893 26598 INFO rally.task.runner [-] Task 35fa45fd-0a55-4417-9293-7823d8a8c700 | ITER: 39 END: OK
2019-07-26 21:25:44.018 26622 INFO rally.task.runner [-] Task 35fa45fd-0a55-4417-9293-7823d8a8c700 | ITER: 37 END: OK
2019-07-26 21:25:44.622 26589 INFO rally.task.runner [-] Task 35fa45fd-0a55-4417-9293-7823d8a8c700 | ITER: 40 END: OK
2019-07-26 21:25:44.796 26584 INFO rally.task.runner [-] Task 35fa45fd-0a55-4417-9293-7823d8a8c700 | ITER: 33 END: OK
2019-07-26 21:25:44.817 22705 INFO rally.task.context [-] Task 35fa45fd-0a55-4417-9293-7823d8a8c700 | Context cleanup@openstack cleanup() started
2019-07-26 21:25:44.820 22705 RALLYDEBUG rally_openstack.cleanup.manager [-] Cleaning up neutron vip objects
2019-07-26 21:25:45.473 22705 RALLYDEBUG rally_openstack.cleanup.manager [-] Cleaning up neutron health_monitor objects
2019-07-26 21:25:46.129 22705 RALLYDEBUG rally_openstack.cleanup.manager [-] Cleaning up neutron pool objects
2019-07-26 21:25:46.899 22705 RALLYDEBUG rally_openstack.cleanup.manager [-] Cleaning up neutron loadbalancer objects
2019-07-26 21:25:47.740 22705 RALLYDEBUG rally_openstack.cleanup.manager [-] Cleaning up neutron floatingip objects
2019-07-26 21:25:48.449 22705 RALLYDEBUG rally_openstack.cleanup.manager [-] Cleaning up neutron port objects
2019-07-26 21:25:49.549 22705 RALLYDEBUG rally_openstack.cleanup.manager [-] Deleting neutron.port object s_rally_c05d4931_aqhE3GEg (01cec201-ff38-45af-a00e-e671c6b6ceef)
2019-07-26 21:25:49.553 22705 RALLYDEBUG rally_openstack.cleanup.manager [-] Deleting neutron.port object s_rally_c05d4931_iWm3RQFh (11c85e91-5e77-4f94-9fb8-cc543bd1e919)
2019-07-26 21:25:49.555 22705 RALLYDEBUG rally_openstack.cleanup.manager [-] Deleting neutron.port object s_rally_c05d4931_ZwHWhTAS (0d49b25a-7f89-4812-a01a-0e2b6e73d013)
2019-07-26 21:25:49.562 22705 RALLYDEBUG rally_openstack.cleanup.manager [-] Deleting neutron.port object s_rally_c05d4931_nYyaO9zL (123f23fd-3e82-4799-979f-04c8f865e696)
2019-07-26 21:25:49.562 22705 RALLYDEBUG rally_openstack.cleanup.manager [-] Deleting neutron.port object s_rally_c05d4931_ZCrHVaQz (012d037e-8f04-415d-9c3e-1426522509c8)
2019-07-26 21:25:49.563 22705 RALLYDEBUG rally_openstack.cleanup.manager [-] Deleting neutron.port object s_rally_c05d4931_WdA0qiJS (09316c88-809a-424a-9900-1b94a7824323)
2019-07-26 21:25:49.563 22705 RALLYDEBUG rally_openstack.cleanup.manager [-] Deleting neutron.port object s_rally_c05d4931_GNLGCMgY (0cf36d3a-676c-4374-ba3f-5a54495ec731)
2019-07-26 21:25:49.573 22705 RALLYDEBUG rally_openstack.cleanup.manager [-] Deleting neutron.port object s_rally_c05d4931_4hBSvZrc (102d193a-c77b-4798-9769-4623708981e2)
2019-07-26 21:25:49.575 22705 RALLYDEBUG rally_openstack.cleanup.manager [-] Deleting neutron.port object s_rally_c05d4931_XYiOPp1k (097bf87b-2e10-4dfa-846e-69022b6e720c)
2019-07-26 21:25:49.576 22705 RALLYDEBUG rally_openstack.cleanup.manager [-] Deleting neutron.port object s_rally_c05d4931_FfojrK6H (0f27abb2-2e6a-46e6-9c58-898d7e9d99c9)
2019-07-26 21:25:49.582 22705 RALLYDEBUG rally_openstack.cleanup.manager [-] Deleting neutron.port object s_rally_c05d4931_OCqvmeXz (166b0d0b-0b43-4967-aa7d-ae7af62054de)
2019-07-26 21:25:49.585 22705 RALLYDEBUG rally_openstack.cleanup.manager [-] Deleting neutron.port object s_rally_c05d4931_f94DNYjX (181f860f-bf7e-4957-bed2-f189961e9ef2)
2019-07-26 21:25:49.589 22705 RALLYDEBUG rally_openstack.cleanup.manager [-] Deleting neutron.port object s_rally_c05d4931_srAPxw07 (185b1f55-bbef-4a31-aef0-bf85c8a88b8c)
2019-07-26 21:25:49.597 22705 RALLYDEBUG rally_openstack.cleanup.manager [-] Deleting neutron.port object s_rally_c05d4931_IPIu3yS1 (1aadacb8-9dfd-4ac2-8923-4b009af47f0a)
2019-07-26 21:25:49.598 22705 RALLYDEBUG rally_openstack.cleanup.manager [-] Deleting neutron.port object s_rally_c05d4931_xaGsdqmi (10825b50-3f9a-4044-a096-c8bce454f9bb)
2019-07-26 21:25:49.605 22705 RALLYDEBUG rally_openstack.cleanup.manager [-] Deleting neutron.port object s_rally_c05d4931_NinrudjW (1b70a182-8faf-4ef9-b253-6ef7f7839816)
2019-07-26 21:25:49.616 22705 RALLYDEBUG rally_openstack.cleanup.manager [-] Deleting neutron.port object s_rally_c05d4931_whYxcbHe (1b77cbac-bdb8-4fb7-ab02-81b3514d6f0c)
2019-07-26 21:25:49.631 22705 RALLYDEBUG rally_openstack.cleanup.manager [-] Deleting neutron.port object s_rally_c05d4931_t5zaCUOt (1cb94011-6f44-409b-a40c-6ca637f0db05)
2019-07-26 21:25:49.636 22705 RALLYDEBUG rally_openstack.cleanup.manager [-] Deleting neutron.port object s_rally_c05d4931_p15cPYZx (1e6c7ac7-811d-4b95-84b8-6ea579375739)
2019-07-26 21:25:49.675 22705 RALLYDEBUG rally_openstack.cleanup.manager [-] Deleting neutron.port object s_rally_c05d4931_JHI9owYu (1f14c123-ae58-4aa9-89c4-b9dee99c4f74)
2019-07-26 21:25:52.035 22705 RALLYDEBUG rally_openstack.cleanup.manager [-] Deleting neutron.port object s_rally_c05d4931_PdbgOtW9 (1ffb0163-7051-4b77-9f57-37586c04f887)
2019-07-26 21:25:52.044 22705 RALLYDEBUG rally_openstack.cleanup.manager [-] Deleting neutron.port object s_rally_c05d4931_FZ6YeEdU (2054475b-b80d-48cd-a219-df632a2624da)
2019-07-26 21:25:52.133 22705 RALLYDEBUG rally_openstack.cleanup.manager [-] Deleting neutron.port object s_rally_c05d4931_0VoCbfCR (20fd1fb6-5196-44a1-9a38-a326fd41b7a5)
2019-07-26 21:25:52.160 22705 RALLYDEBUG rally_openstack.cleanup.manager [-] Deleting neutron.port object s_rally_c05d4931_m5G46d2R (21101d86-ef17-4acd-85dc-d767c3ad164d)
2019-07-26 21:25:52.256 22705 RALLYDEBUG rally_openstack.cleanup.manager [-] Deleting neutron.port object s_rally_c05d4931_fYc0oyS5 (23a34a42-2898-41e2-a8d2-05b5f304f9b2)
2019-07-26 21:25:52.316 22705 RALLYDEBUG rally_openstack.cleanup.manager [-] Deleting neutron.port object s_rally_c05d4931_ySnkenQt (26332946-295b-4121-b141-12b7bae4c012)
2019-07-26 21:25:52.384 22705 RALLYDEBUG rally_openstack.cleanup.manager [-] Deleting neutron.port object s_rally_c05d4931_57TmUVkl (2748ed9e-7d82-4dcd-b7a3-995dfcfac29c)
2019-07-26 21:25:52.387 22705 RALLYDEBUG rally_openstack.cleanup.manager [-] Deleting neutron.port object s_rally_c05d4931_cBm0YbOK (277b0643-4531-4af9-ad24-60fd7e5299d5)
2019-07-26 21:25:52.473 22705 RALLYDEBUG rally_openstack.cleanup.manager [-] Deleting neutron.port object s_rally_c05d4931_Gp2SoCVn (2841c91d-e0bc-4282-87ac-0c39f1ec55f4)
2019-07-26 21:25:52.554 22705 RALLYDEBUG rally_openstack.cleanup.manager [-] Deleting neutron.port object s_rally_c05d4931_4eaiZmQv (29283e20-341c-41c4-858c-1981c15b508c)
2019-07-26 21:25:52.579 22705 RALLYDEBUG rally_openstack.cleanup.manager [-] Deleting neutron.port object s_rally_c05d4931_lmZChSR3 (2974a79f-fbf4-4c09-83f9-8782178b68a7)
2019-07-26 21:25:52.760 22705 RALLYDEBUG rally_openstack.cleanup.manager [-] Deleting neutron.port object s_rally_c05d4931_pXgOOFie (29d328c4-48b2-4a97-bab9-c5f5d0dbaee6)
2019-07-26 21:25:52.825 22705 RALLYDEBUG rally_openstack.cleanup.manager [-] Deleting neutron.port object s_rally_c05d4931_xpNQrlen (2bf948c0-8997-44f0-a693-a040f19703e8)
2019-07-26 21:25:52.829 22705 RALLYDEBUG rally_openstack.cleanup.manager [-] Deleting neutron.port object s_rally_c05d4931_m2ZweLAZ (2b6ec64a-531f-46df-8bbe-f42cf0c13bad)
2019-07-26 21:25:52.837 22705 RALLYDEBUG rally_openstack.cleanup.manager [-] Deleting neutron.port object s_rally_c05d4931_k2uC9AAl (2caaabe9-177a-4f4b-8fe0-037e0a91334b)
2019-07-26 21:25:52.885 22705 RALLYDEBUG rally_openstack.cleanup.manager [-] Deleting neutron.port object s_rally_c05d4931_3sFfBGk1 (2f653cf1-fe58-4c08-97da-8e26c3babdb1)
2019-07-26 21:25:52.885 22705 RALLYDEBUG rally_openstack.cleanup.manager [-] Deleting neutron.port object s_rally_c05d4931_eLs6VF88 (2e457558-a8cc-4b57-8d93-32b948f1ae14)
2019-07-26 21:25:53.088 22705 RALLYDEBUG rally_openstack.cleanup.manager [-] Deleting neutron.port object s_rally_c05d4931_yq4g7a3T (31b916dd-9274-404b-a05e-6efdf5241bc8)
2019-07-26 21:25:53.177 22705 RALLYDEBUG rally_openstack.cleanup.manager [-] Deleting neutron.port object s_rally_c05d4931_G9f8YTnz (337254af-e20b-4d91-b437-9dcc81b03611)
2019-07-26 21:25:53.204 22705 RALLYDEBUG rally_openstack.cleanup.manager [-] Deleting neutron.port object s_rally_c05d4931_YRHZiwkj (34417011-2e22-45d1-af61-0a6dad59306f)
2019-07-26 21:25:54.317 22705 RALLYDEBUG rally_openstack.cleanup.manager [-] Deleting neutron.port object s_rally_c05d4931_mwFYSJPy (37494ac8-9854-443e-9072-1b6e3cca42ad)
2019-07-26 21:25:54.496 22705 RALLYDEBUG rally_openstack.cleanup.manager [-] Deleting neutron.port object s_rally_c05d4931_4LUVEQlp (395c9ec4-4f16-4bc2-ad77-4e4d571a8f01)
2019-07-26 21:25:54.541 22705 RALLYDEBUG rally_openstack.cleanup.manager [-] Deleting neutron.port object s_rally_c05d4931_Q2Zz2deG (3abd073f-bd45-4bb7-b485-10ca30980557)
2019-07-26 21:25:54.645 22705 RALLYDEBUG rally_openstack.cleanup.manager [-] Deleting neutron.port object s_rally_c05d4931_17YYsGNz (3c35f32a-b4ef-4d29-bfdd-acedcd156af0)
2019-07-26 21:25:54.691 22705 RALLYDEBUG rally_openstack.cleanup.manager [-] Deleting neutron.port object s_rally_c05d4931_N6vDUCBw (3cf41ec9-ce7d-4d60-8db1-1d03ae9ac2fd)
2019-07-26 21:25:54.785 22705 RALLYDEBUG rally_openstack.cleanup.manager [-] Deleting neutron.port object s_rally_c05d4931_FN2I13E2 (3d5628e7-2e1a-4228-8308-e85f12271780)
2019-07-26 21:25:54.805 22705 RALLYDEBUG rally_openstack.cleanup.manager [-] Deleting neutron.port object s_rally_c05d4931_US5aPPSC (3ecdbe2a-b1c0-4074-b563-c0bd6391d4dc)
2019-07-26 21:25:54.847 22705 RALLYDEBUG rally_openstack.cleanup.manager [-] Deleting neutron.port object s_rally_c05d4931_r9fdUR7j (3edd3904-2217-4c3f-9af7-62267ccad0ba)
2019-07-26 21:25:54.950 22705 RALLYDEBUG rally_openstack.cleanup.manager [-] Deleting neutron.port object s_rally_c05d4931_vk41JkaT (3f48684a-6a34-4091-81d4-ae9da4ebe7d2)
2019-07-26 21:25:55.160 22705 RALLYDEBUG rally_openstack.cleanup.manager [-] Deleting neutron.port object s_rally_c05d4931_RONUIZC3 (3f96be83-862d-40aa-a22d-ab0b3fcd77d0)
2019-07-26 21:25:55.172 22705 RALLYDEBUG rally_openstack.cleanup.manager [-] Deleting neutron.port object s_rally_c05d4931_4wQSDSj2 (40db7910-ab17-4dad-827f-bde8b7981553)
2019-07-26 21:25:55.252 22705 RALLYDEBUG rally_openstack.cleanup.manager [-] Deleting neutron.port object s_rally_c05d4931_rzGDKwKc (4372d4d2-58ca-4e8f-9995-5ab1dcd83bc7)
2019-07-26 21:25:55.316 22705 RALLYDEBUG rally_openstack.cleanup.manager [-] Deleting neutron.port object s_rally_c05d4931_1AZPqkNK (44fb4586-4cd3-41f1-aade-bad80b49c251)
2019-07-26 21:25:55.326 22705 RALLYDEBUG rally_openstack.cleanup.manager [-] Deleting neutron.port object s_rally_c05d4931_mJXxdMOL (463f87c1-0eb5-41d8-a438-6a98fd2a986d)
2019-07-26 21:25:55.355 22705 RALLYDEBUG rally_openstack.cleanup.manager [-] Deleting neutron.port object s_rally_c05d4931_mBf3u45p (47478577-4156-4668-b994-1fcd965139f3)
2019-07-26 21:25:55.379 22705 RALLYDEBUG rally_openstack.cleanup.manager [-] Deleting neutron.port object s_rally_c05d4931_Uxnv9Zbc (47e03af1-db65-4f0b-81d8-b117f5d9810e)
2019-07-26 21:25:55.428 22705 RALLYDEBUG rally_openstack.cleanup.manager [-] Deleting neutron.port object s_rally_c05d4931_3tKQXJo8 (490cbc12-9637-4067-9a21-fddc2ddf1385)
2019-07-26 21:25:55.508 22705 RALLYDEBUG rally_openstack.cleanup.manager [-] Deleting neutron.port object s_rally_c05d4931_kbiHqYp6 (49491c0b-ed10-44b1-985f-c03a2e444ffd)
2019-07-26 21:25:55.531 22705 RALLYDEBUG rally_openstack.cleanup.manager [-] Deleting neutron.port object s_rally_c05d4931_xmamjKwv (4aef2cfb-8ed2-4599-97eb-0d7e4dae3281)
2019-07-26 21:25:55.675 22705 RALLYDEBUG rally_openstack.cleanup.manager [-] Deleting neutron.port object s_rally_c05d4931_kphzJaus (4b1456e0-d889-4af9-b54d-69eef87d9028)
2019-07-26 21:25:56.640 22705 RALLYDEBUG rally_openstack.cleanup.manager [-] Deleting neutron.port object s_rally_c05d4931_crcsxUd6 (4c63bbe9-bd22-43ba-94e5-1f5b1cd6dfa4)
2019-07-26 21:25:56.646 22705 RALLYDEBUG rally_openstack.cleanup.manager [-] Deleting neutron.port object s_rally_c05d4931_44tCsYx1 (4c6f292a-f214-43b5-8b1a-d6cba459db28)
2019-07-26 21:25:56.714 22705 RALLYDEBUG rally_openstack.cleanup.manager [-] Deleting neutron.port object s_rally_c05d4931_p8VYeqcM (4ca73426-76c8-403c-9b06-d3ce771a60d3)
2019-07-26 21:25:56.986 22705 RALLYDEBUG rally_openstack.cleanup.manager [-] Deleting neutron.port object s_rally_c05d4931_wBz3HhYH (4f7a173a-a471-41c5-8ac9-634283126e8f)
2019-07-26 21:25:57.050 22705 RALLYDEBUG rally_openstack.cleanup.manager [-] Deleting neutron.port object s_rally_c05d4931_4OQv4pCv (52737fea-0174-47cb-ab4e-3addefffcb7b)
2019-07-26 21:25:57.156 22705 RALLYDEBUG rally_openstack.cleanup.manager [-] Deleting neutron.port object s_rally_c05d4931_S0S2SZUM (53c68f17-2cc8-49e3-870c-6e657a4164d6)
2019-07-26 21:25:57.333 22705 RALLYDEBUG rally_openstack.cleanup.manager [-] Deleting neutron.port object s_rally_c05d4931_HlT5AHmf (55125d9c-2f8d-4e86-99c8-a7e8d1eda089)
2019-07-26 21:25:57.452 22705 RALLYDEBUG rally_openstack.cleanup.manager [-] Deleting neutron.port object s_rally_c05d4931_fLxrv6Wv (5513dd29-f74b-49f6-a2bf-37da2f822962)
2019-07-26 21:25:57.471 22705 RALLYDEBUG rally_openstack.cleanup.manager [-] Deleting neutron.port object s_rally_c05d4931_fPfOiePU (557a98a4-fa1e-4f55-8730-7adf28ba5a9e)
