2019-07-26 21:25:57.574 22705 RALLYDEBUG rally_openstack.cleanup.manager [-] Deleting neutron.port object s_rally_c05d4931_xM76qZQl (55a88ad1-4568-45c3-9e79-fbcb17476c3c)
2019-07-26 21:25:57.604 22705 RALLYDEBUG rally_openstack.cleanup.manager [-] Deleting neutron.port object s_rally_c05d4931_F8RoddDP (5611b4e8-b3ab-4e4b-9172-09462786b997)
2019-07-26 21:25:57.720 22705 RALLYDEBUG rally_openstack.cleanup.manager [-] Deleting neutron.port object s_rally_c05d4931_PEl0mO6Y (56e84631-cf21-490d-b6b1-1eaf889856bc)
2019-07-26 21:25:57.742 22705 RALLYDEBUG rally_openstack.cleanup.manager [-] Deleting neutron.port object s_rally_c05d4931_HKm0WIIn (597b384b-c6fe-43a3-8e83-9e5f19e0a9be)
2019-07-26 21:25:57.759 22705 RALLYDEBUG rally_openstack.cleanup.manager [-] Deleting neutron.port object s_rally_c05d4931_qKoXBNwv (5b97f69d-fc5b-47fb-9222-acf4a3b03bf4)
2019-07-26 21:25:57.874 22705 RALLYDEBUG rally_openstack.cleanup.manager [-] Deleting neutron.port object s_rally_c05d4931_Mu1c0WAt (5c929929-5c38-4b1e-82fb-10f493c9103a)
2019-07-26 21:25:57.882 22705 RALLYDEBUG rally_openstack.cleanup.manager [-] Deleting neutron.port object s_rally_c05d4931_avAXvAgr (5de85585-7c56-48ed-af62-fb3ae3b83e09)
2019-07-26 21:25:58.026 22705 RALLYDEBUG rally_openstack.cleanup.manager [-] Deleting neutron.port object s_rally_c05d4931_qjTj5K5B (5f7a85fc-3f79-4739-945f-2e4002b6fce0)
2019-07-26 21:25:58.121 22705 RALLYDEBUG rally_openstack.cleanup.manager [-] Deleting neutron.port object s_rally_c05d4931_avm4Gl7Y (613bc5fa-dda4-47ba-8e0f-26c82b8b8928)
2019-07-26 21:25:58.150 22705 RALLYDEBUG rally_openstack.cleanup.manager [-] Deleting neutron.port object s_rally_c05d4931_zzb3GqBM (64181458-3ae0-4ed1-a5f4-bfa6da5f769f)
2019-07-26 21:25:58.226 22705 RALLYDEBUG rally_openstack.cleanup.manager [-] Deleting neutron.port object s_rally_c05d4931_gI4U0h2i (674f6b95-197f-40a7-9123-8793d454eb15)
2019-07-26 21:25:58.753 22705 RALLYDEBUG rally_openstack.cleanup.manager [-] Deleting neutron.port object s_rally_c05d4931_HuL36gxF (6759ea6f-e523-434e-895f-e2a0fd5c2624)
2019-07-26 21:25:59.124 22705 RALLYDEBUG rally_openstack.cleanup.manager [-] Deleting neutron.port object s_rally_c05d4931_yYDc03b0 (69677790-1764-42bc-893b-28e0e499ec94)
2019-07-26 21:25:59.125 22705 RALLYDEBUG rally_openstack.cleanup.manager [-] Deleting neutron.port object s_rally_c05d4931_CC8XSQTz (6954d254-35da-48de-ad87-accb7b2ac2ae)
2019-07-26 21:25:59.187 22705 RALLYDEBUG rally_openstack.cleanup.manager [-] Deleting neutron.port object s_rally_c05d4931_MdXInyZk (6a5a557b-c0dc-4632-9210-8996c2eb0e0a)
2019-07-26 21:25:59.575 22705 RALLYDEBUG rally_openstack.cleanup.manager [-] Deleting neutron.port object s_rally_c05d4931_PagwCfjH (6bbdd11f-535a-4308-a5e9-2005cd31e4b5)
2019-07-26 21:25:59.819 22705 RALLYDEBUG rally_openstack.cleanup.manager [-] Deleting neutron.port object s_rally_c05d4931_YOiLbUrL (6be62ddd-c905-4a01-9048-8bd21d20c81d)
2019-07-26 21:25:59.950 22705 RALLYDEBUG rally_openstack.cleanup.manager [-] Deleting neutron.port object s_rally_c05d4931_E8qTfz8f (6bfa58df-7f42-4dcc-aefb-a201893a3cac)
2019-07-26 21:25:59.985 22705 RALLYDEBUG rally_openstack.cleanup.manager [-] Deleting neutron.port object s_rally_c05d4931_6iaghs71 (6c1348c8-a811-4ecb-8c4e-03289e973277)
2019-07-26 21:26:00.093 22705 RALLYDEBUG rally_openstack.cleanup.manager [-] Deleting neutron.port object s_rally_c05d4931_aWXv3Zv3 (6c881364-9e7f-4102-b501-d9160a3b14e4)
2019-07-26 21:26:00.137 22705 RALLYDEBUG rally_openstack.cleanup.manager [-] Deleting neutron.port object s_rally_c05d4931_P7UCK6oY (70a2cbf2-a34a-45ba-a59b-8e69e449a16a)
2019-07-26 21:26:00.233 22705 RALLYDEBUG rally_openstack.cleanup.manager [-] Deleting neutron.port object s_rally_c05d4931_VL7ifFf4 (719c37b6-f6dd-41a4-b120-7cb69f9d8ef8)
2019-07-26 21:26:00.357 22705 RALLYDEBUG rally_openstack.cleanup.manager [-] Deleting neutron.port object s_rally_c05d4931_P6UkABmf (71e45d65-3713-4e9f-9170-9a88272ce5fe)
2019-07-26 21:26:00.389 22705 RALLYDEBUG rally_openstack.cleanup.manager [-] Deleting neutron.port object s_rally_c05d4931_ZuZYJKUK (7393f1b6-a216-414a-ba3f-5d1e34292a42)
2019-07-26 21:26:00.574 22705 RALLYDEBUG rally_openstack.cleanup.manager [-] Deleting neutron.port object s_rally_c05d4931_SGByJvLS (74a3fe9d-5eda-4c9a-ab20-a980fda21fb7)
2019-07-26 21:26:00.582 22705 RALLYDEBUG rally_openstack.cleanup.manager [-] Deleting neutron.port object s_rally_c05d4931_bsE1Om2U (750c1ac4-c67e-4d5c-bbc8-0ca4f227b397)
2019-07-26 21:26:00.594 22705 RALLYDEBUG rally_openstack.cleanup.manager [-] Deleting neutron.port object s_rally_c05d4931_b3b6tfoQ (75453188-e151-4487-8d51-e031b6cfe24a)
2019-07-26 21:26:00.692 22705 RALLYDEBUG rally_openstack.cleanup.manager [-] Deleting neutron.port object s_rally_c05d4931_8zZFbbsj (76a84500-2fb7-4b84-9ef5-05442c46ead2)
2019-07-26 21:26:00.731 22705 RALLYDEBUG rally_openstack.cleanup.manager [-] Deleting neutron.port object s_rally_c05d4931_SOVZ7dYl (77e4cd47-0676-4b0a-a72d-03200192e94d)
2019-07-26 21:26:00.750 22705 RALLYDEBUG rally_openstack.cleanup.manager [-] Deleting neutron.port object s_rally_c05d4931_CEQo2TAl (788bf7dc-50d8-4628-a9e1-e98143137bba)
2019-07-26 21:26:00.759 22705 RALLYDEBUG rally_openstack.cleanup.manager [-] Deleting neutron.port object s_rally_c05d4931_PRP0snp9 (7890db7f-8a00-4ffa-a209-04e297286f9e)
2019-07-26 21:26:01.263 22705 RALLYDEBUG rally_openstack.cleanup.manager [-] Deleting neutron.port object s_rally_c05d4931_MKtpxZAD (791819a0-800f-4b31-b97e-b764de084ad3)
2019-07-26 21:26:01.386 22705 RALLYDEBUG rally_openstack.cleanup.manager [-] Deleting neutron.port object s_rally_c05d4931_YM1Nd3fn (7a508572-d4c2-4785-ab54-e8a7136cec8b)
2019-07-26 21:26:01.559 22705 RALLYDEBUG rally_openstack.cleanup.manager [-] Deleting neutron.port object s_rally_c05d4931_Rj6BIVAl (7aadf173-2aad-4126-b06c-7c66a1f8e2e5)
2019-07-26 21:26:01.592 22705 RALLYDEBUG rally_openstack.cleanup.manager [-] Deleting neutron.port object s_rally_c05d4931_U8d0L5aE (7ca8f9b4-eb5f-4adf-b133-463578e8b3a8)
2019-07-26 21:26:01.711 22705 RALLYDEBUG rally_openstack.cleanup.manager [-] Deleting neutron.port object s_rally_c05d4931_XEepJeGE (7edf3209-b618-462c-8a53-becce97a7b2a)
2019-07-26 21:26:02.028 22705 RALLYDEBUG rally_openstack.cleanup.manager [-] Deleting neutron.port object s_rally_c05d4931_Puvdu0RK (80361dbd-6458-4ede-8be1-a676721674f1)
2019-07-26 21:26:02.338 22705 RALLYDEBUG rally_openstack.cleanup.manager [-] Deleting neutron.port object s_rally_c05d4931_gCnwomKb (817b902d-37eb-4b23-a96b-ad4ab6af707a)
2019-07-26 21:26:02.381 22705 RALLYDEBUG rally_openstack.cleanup.manager [-] Deleting neutron.port object s_rally_c05d4931_0btwCrKT (81ee5efc-dd00-41b5-95c5-a55308aa47b6)
2019-07-26 21:26:02.464 22705 RALLYDEBUG rally_openstack.cleanup.manager [-] Deleting neutron.port object s_rally_c05d4931_feru1Vpo (827e4a66-8d05-421a-b27f-7f0d25bfbe6f)
2019-07-26 21:26:02.574 22705 RALLYDEBUG rally_openstack.cleanup.manager [-] Deleting neutron.port object s_rally_c05d4931_MJqEAQmo (8400d49f-79c6-4c0a-ba41-e8beaef16eb9)
2019-07-26 21:26:02.756 22705 RALLYDEBUG rally_openstack.cleanup.manager [-] Deleting neutron.port object s_rally_c05d4931_RsZdkRag (85080249-f362-4d4c-b29f-d4e3a5ed451f)
2019-07-26 21:26:02.761 22705 RALLYDEBUG rally_openstack.cleanup.manager [-] Deleting neutron.port object s_rally_c05d4931_vXtqyA5V (877f97eb-a1d0-4362-a6ab-a70c615ff312)
2019-07-26 21:26:02.933 22705 RALLYDEBUG rally_openstack.cleanup.manager [-] Deleting neutron.port object s_rally_c05d4931_QxP073o0 (88f5c16a-b46e-45e7-9c50-537a8a489b7e)
2019-07-26 21:26:02.986 22705 RALLYDEBUG rally_openstack.cleanup.manager [-] Deleting neutron.port object s_rally_c05d4931_P1iVp9JD (89e1ea25-7aee-4f3e-9393-c2ba60a4ade6)
2019-07-26 21:26:03.012 22705 RALLYDEBUG rally_openstack.cleanup.manager [-] Deleting neutron.port object s_rally_c05d4931_SxMwYfNj (8a0c93c0-f6c0-4f17-a10a-ed7c037f9b17)
2019-07-26 21:26:03.038 22705 RALLYDEBUG rally_openstack.cleanup.manager [-] Deleting neutron.port object s_rally_c05d4931_OlxiqRuN (8bbd6688-8ba6-40e3-b1d0-067eba61bf53)
2019-07-26 21:26:03.185 22705 RALLYDEBUG rally_openstack.cleanup.manager [-] Deleting neutron.port object s_rally_c05d4931_Kgn2bkmL (8bfd04f1-422e-4a8c-9db4-f7102af9832c)
2019-07-26 21:26:03.433 22705 RALLYDEBUG rally_openstack.cleanup.manager [-] Deleting neutron.port object s_rally_c05d4931_vWL5snVX (8d508292-3592-4bad-9f53-e71056aaf41a)
2019-07-26 21:26:03.532 22705 RALLYDEBUG rally_openstack.cleanup.manager [-] Deleting neutron.port object s_rally_c05d4931_AGYjCMQM (8f7e3e3c-6569-436e-bbb5-8055a7c45280)
2019-07-26 21:26:03.759 22705 RALLYDEBUG rally_openstack.cleanup.manager [-] Deleting neutron.port object s_rally_c05d4931_1s6vRjlc (8f7f48d3-661e-4bff-805f-b5fedbdc2204)
2019-07-26 21:26:03.810 22705 RALLYDEBUG rally_openstack.cleanup.manager [-] Deleting neutron.port object s_rally_c05d4931_dQYdw9QF (8fe8d87f-7dbc-4728-aa5c-19156a036241)
2019-07-26 21:26:03.928 22705 RALLYDEBUG rally_openstack.cleanup.manager [-] Deleting neutron.port object s_rally_c05d4931_nIRdwgs6 (902862cd-a7c2-416e-a929-42948588bac1)
2019-07-26 21:26:03.928 22705 RALLYDEBUG rally_openstack.cleanup.manager [-] Deleting neutron.port object s_rally_c05d4931_KK8mdZj8 (9274035a-86d1-4421-9718-c932380f8747)
2019-07-26 21:26:03.968 22705 RALLYDEBUG rally_openstack.cleanup.manager [-] Deleting neutron.port object s_rally_c05d4931_E62BZbZS (955c261b-d09a-421f-9a36-3286c5f92177)
2019-07-26 21:26:04.047 22705 RALLYDEBUG rally_openstack.cleanup.manager [-] Deleting neutron.port object s_rally_c05d4931_Z4AbigtY (95858f24-d915-402e-b861-f7a64c705c6f)
2019-07-26 21:26:04.213 22705 RALLYDEBUG rally_openstack.cleanup.manager [-] Deleting neutron.port object s_rally_c05d4931_rULVUJTm (97f63a59-a4d0-4c49-97cc-3c671966c76b)
2019-07-26 21:26:04.496 22705 RALLYDEBUG rally_openstack.cleanup.manager [-] Deleting neutron.port object s_rally_c05d4931_lP8wMPVs (99d892f6-2599-4138-9ff5-e452bffa3b27)
2019-07-26 21:26:04.672 22705 RALLYDEBUG rally_openstack.cleanup.manager [-] Deleting neutron.port object s_rally_c05d4931_h3hAZiFo (99f738fa-d0cf-4a9c-827b-5dc97651b2ea)
2019-07-26 21:26:04.731 22705 RALLYDEBUG rally_openstack.cleanup.manager [-] Deleting neutron.port object s_rally_c05d4931_cliY62ov (9bcba356-e997-4b36-afdc-11b947b826ab)
2019-07-26 21:26:04.889 22705 RALLYDEBUG rally_openstack.cleanup.manager [-] Deleting neutron.port object s_rally_c05d4931_u0d2F16g (9bd70dbc-2be7-4547-99a2-558643ae18ad)
2019-07-26 21:26:05.245 22705 RALLYDEBUG rally_openstack.cleanup.manager [-] Deleting neutron.port object s_rally_c05d4931_tjmhF7E8 (9dafc033-4cc0-4bcb-be65-ff3c1e01bcd2)
2019-07-26 21:26:05.329 22705 RALLYDEBUG rally_openstack.cleanup.manager [-] Deleting neutron.port object s_rally_c05d4931_CDe0zobE (9df6333a-52a7-4fe1-a1cb-43d3550a0698)
2019-07-26 21:26:05.467 22705 RALLYDEBUG rally_openstack.cleanup.manager [-] Deleting neutron.port object s_rally_c05d4931_N6axVicW (9e30d2bb-0a94-492e-96cd-0c43b5648aa6)
2019-07-26 21:26:05.547 22705 RALLYDEBUG rally_openstack.cleanup.manager [-] Deleting neutron.port object s_rally_c05d4931_9FfpMag0 (9ee7c7b9-9791-436b-a423-7170b60de110)
2019-07-26 21:26:05.723 22705 RALLYDEBUG rally_openstack.cleanup.manager [-] Deleting neutron.port object s_rally_c05d4931_Y8wWLpe7 (a02ca930-a23c-48d4-9ae9-6e356267c3cc)
2019-07-26 21:26:05.724 22705 RALLYDEBUG rally_openstack.cleanup.manager [-] Deleting neutron.port object s_rally_c05d4931_xZYzNq1c (9eee2970-1bad-4ea2-baa9-f6e6e3d18f7b)
2019-07-26 21:26:05.756 22705 RALLYDEBUG rally_openstack.cleanup.manager [-] Deleting neutron.port object s_rally_c05d4931_j1GJ9bRW (a0673973-2263-4362-b81e-2e7c76b5a7ec)
2019-07-26 21:26:05.876 22705 RALLYDEBUG rally_openstack.cleanup.manager [-] Deleting neutron.port object s_rally_c05d4931_5jJWmWQK (a2e7a914-b827-476a-a0e6-7661bc6c604b)
2019-07-26 21:26:06.010 22705 RALLYDEBUG rally_openstack.cleanup.manager [-] Deleting neutron.port object s_rally_c05d4931_ZWkw0nji (a3016066-7e97-4f77-b48c-4b1dd74189b4)
2019-07-26 21:26:06.045 22705 RALLYDEBUG rally_openstack.cleanup.manager [-] Deleting neutron.port object s_rally_c05d4931_SmrMuPjp (ace563d2-74ee-459f-a389-105a83e9f04e)
2019-07-26 21:26:06.350 22705 RALLYDEBUG rally_openstack.cleanup.manager [-] Deleting neutron.port object s_rally_c05d4931_WpmsIWc3 (afb94b5a-7226-45b5-951b-896f6552e3b5)
2019-07-26 21:26:06.374 22705 RALLYDEBUG rally_openstack.cleanup.manager [-] Deleting neutron.port object s_rally_c05d4931_AFIQMwaK (b0255353-3496-4e9b-a258-dc159516a6c5)
2019-07-26 21:26:06.432 22705 RALLYDEBUG rally_openstack.cleanup.manager [-] Deleting neutron.port object s_rally_c05d4931_jOXSgXPC (b02c2cdb-9646-43f7-b830-fad2eb6a94ad)
2019-07-26 21:26:06.465 22705 RALLYDEBUG rally_openstack.cleanup.manager [-] Deleting neutron.port object s_rally_c05d4931_bbf040In (b1732396-bcef-4587-a656-c6dc374d898c)
2019-07-26 21:26:06.487 22705 RALLYDEBUG rally_openstack.cleanup.manager [-] Deleting neutron.port object s_rally_c05d4931_Y7LBuqxk (b20c7cc4-976e-4962-975b-d928592e0285)
2019-07-26 21:26:06.549 22705 RALLYDEBUG rally_openstack.cleanup.manager [-] Deleting neutron.port object s_rally_c05d4931_c6uqQT8R (b2120d37-7819-41e6-a653-ab8dc2f179c7)
2019-07-26 21:26:06.907 22705 RALLYDEBUG rally_openstack.cleanup.manager [-] Deleting neutron.port object s_rally_c05d4931_zvlfun5O (b3a0e597-e91e-46a0-aaee-647e4928b019)
2019-07-26 21:26:07.022 22705 RALLYDEBUG rally_openstack.cleanup.manager [-] Deleting neutron.port object s_rally_c05d4931_EUiL31EV (b4cbc071-859c-494d-afbe-30e3d8128a00)
2019-07-26 21:26:07.032 22705 RALLYDEBUG rally_openstack.cleanup.manager [-] Deleting neutron.port object s_rally_c05d4931_tocBE1J9 (b7792270-988e-44a8-8808-c61c572a9521)
2019-07-26 21:26:07.134 22705 RALLYDEBUG rally_openstack.cleanup.manager [-] Deleting neutron.port object s_rally_c05d4931_zo0Y20gq (ba9f77d3-081c-4bde-aabc-c2e0a23557df)
2019-07-26 21:26:07.472 22705 RALLYDEBUG rally_openstack.cleanup.manager [-] Deleting neutron.port object s_rally_c05d4931_TzqfD51b (bde6b1cd-920c-4061-995b-4887c9bd78e1)
2019-07-26 21:26:07.493 22705 RALLYDEBUG rally_openstack.cleanup.manager [-] Deleting neutron.port object s_rally_c05d4931_K6Hga7RI (be046a41-a9f5-4a74-9cbd-d13e6e9b0240)
2019-07-26 21:26:07.859 22705 RALLYDEBUG rally_openstack.cleanup.manager [-] Deleting neutron.port object s_rally_c05d4931_E8LRDFx2 (be2fe90a-9e12-40bd-a846-3477f233345e)
2019-07-26 21:26:07.926 22705 RALLYDEBUG rally_openstack.cleanup.manager [-] Deleting neutron.port object s_rally_c05d4931_wjkURnIX (befa7f16-195a-4a21-a3ac-2228902b6ee9)
2019-07-26 21:26:08.023 22705 RALLYDEBUG rally_openstack.cleanup.manager [-] Deleting neutron.port object s_rally_c05d4931_00iCESBV (bf791f9e-959b-4213-9ba7-615744981fdb)
2019-07-26 21:26:08.165 22705 RALLYDEBUG rally_openstack.cleanup.manager [-] Deleting neutron.port object s_rally_c05d4931_Av9AQEd7 (bfde9059-48f0-439e-9a64-0618c8a6cb5b)
2019-07-26 21:26:08.226 22705 RALLYDEBUG rally_openstack.cleanup.manager [-] Deleting neutron.port object s_rally_c05d4931_bLtulTLA (c0ea4cbe-8249-4254-8515-8d2309f7a842)
2019-07-26 21:26:08.292 22705 RALLYDEBUG rally_openstack.cleanup.manager [-] Deleting neutron.port object s_rally_c05d4931_iEpu29i4 (c2fdc085-b0a0-4939-93bd-dfbaa1313e22)
2019-07-26 21:26:08.348 22705 RALLYDEBUG rally_openstack.cleanup.manager [-] Deleting neutron.port object s_rally_c05d4931_aq2u6f2m (c5daa3ce-520e-4151-abb0-09458caa570d)
2019-07-26 21:26:08.404 22705 RALLYDEBUG rally_openstack.cleanup.manager [-] Deleting neutron.port object s_rally_c05d4931_U33Dj7vg (c7ebd3ef-4e03-479e-8008-83252d57ab6e)
2019-07-26 21:26:08.552 22705 RALLYDEBUG rally_openstack.cleanup.manager [-] Deleting neutron.port object s_rally_c05d4931_5QIMmWgX (c91cf37c-a8e8-40fb-98b9-b6a7bb63f8c9)
2019-07-26 21:26:08.580 22705 RALLYDEBUG rally_openstack.cleanup.manager [-] Deleting neutron.port object s_rally_c05d4931_He6tFjZc (c9c7497a-8ab2-4373-b9d8-4ff296cd954c)
2019-07-26 21:26:08.712 22705 RALLYDEBUG rally_openstack.cleanup.manager [-] Deleting neutron.port object s_rally_c05d4931_LWBksUUd (c9db76de-55d1-40ff-9b36-63335cd88160)
2019-07-26 21:26:08.948 22705 RALLYDEBUG rally_openstack.cleanup.manager [-] Deleting neutron.port object s_rally_c05d4931_uDMVwYjB (ca581e78-cf07-4f31-8bc0-3c157e9ca399)
2019-07-26 21:26:09.248 22705 RALLYDEBUG rally_openstack.cleanup.manager [-] Deleting neutron.port object s_rally_c05d4931_EL94rMzc (cef698d2-a36a-48cd-884c-9fd5f7990ec2)
2019-07-26 21:26:09.343 22705 RALLYDEBUG rally_openstack.cleanup.manager [-] Deleting neutron.port object s_rally_c05d4931_vadgQcgy (d0278571-d167-45db-b38c-d84519cf9147)
2019-07-26 21:26:09.378 22705 RALLYDEBUG rally_openstack.cleanup.manager [-] Deleting neutron.port object s_rally_c05d4931_zKUgxZ9d (d0bdc0f7-fccf-4af4-95cd-7c5c2d506e48)
2019-07-26 21:26:09.447 22705 RALLYDEBUG rally_openstack.cleanup.manager [-] Deleting neutron.port object s_rally_c05d4931_jHD7w23B (d1234589-9d84-4d0e-bfd5-b78be8b281de)
2019-07-26 21:26:09.475 22705 RALLYDEBUG rally_openstack.cleanup.manager [-] Deleting neutron.port object s_rally_c05d4931_Aja3vt95 (d14e5792-f59b-4ae5-9a7d-0eb21a4336b4)
2019-07-26 21:26:09.601 22705 RALLYDEBUG rally_openstack.cleanup.manager [-] Deleting neutron.port object s_rally_c05d4931_JnMuU8u0 (d71f1ef6-c4bf-42a3-af16-ebb730496734)
2019-07-26 21:26:09.704 22705 RALLYDEBUG rally_openstack.cleanup.manager [-] Deleting neutron.port object s_rally_c05d4931_XxSwGhmL (d97266bd-725f-47f1-98c0-e300d3118086)
2019-07-26 21:26:10.134 22705 RALLYDEBUG rally_openstack.cleanup.manager [-] Deleting neutron.port object s_rally_c05d4931_lhfXixIE (d99d28fc-3de5-4bcb-9b47-bd1d2ddae7e2)
2019-07-26 21:26:10.394 22705 RALLYDEBUG rally_openstack.cleanup.manager [-] Deleting neutron.port object s_rally_c05d4931_oRaEWoHh (da3a5d75-1a3a-4cab-b9f1-d517225fe9c9)
2019-07-26 21:26:10.491 22705 RALLYDEBUG rally_openstack.cleanup.manager [-] Deleting neutron.port object s_rally_c05d4931_1QK733B0 (e02e0dbc-ed32-48ef-8fb2-3a46600cf4f1)
2019-07-26 21:26:10.582 22705 RALLYDEBUG rally_openstack.cleanup.manager [-] Deleting neutron.port object s_rally_c05d4931_znsxtGpf (e0862c03-1c8d-4683-9fd4-880be5f582a3)
2019-07-26 21:26:10.652 22705 RALLYDEBUG rally_openstack.cleanup.manager [-] Deleting neutron.port object s_rally_c05d4931_mwAtcJ7g (e147c3ac-0797-48b8-a528-cc825c23a35a)
2019-07-26 21:26:10.743 22705 RALLYDEBUG rally_openstack.cleanup.manager [-] Deleting neutron.port object s_rally_c05d4931_gCkfocPb (e3ebcd70-730f-4563-a838-eff2e75b9658)
2019-07-26 21:26:10.764 22705 RALLYDEBUG rally_openstack.cleanup.manager [-] Deleting neutron.port object s_rally_c05d4931_JpIXRfiA (e4048575-5405-4747-81ab-7f31db308a2d)
2019-07-26 21:26:10.894 22705 RALLYDEBUG rally_openstack.cleanup.manager [-] Deleting neutron.port object s_rally_c05d4931_jlcAf6xT (e57e92c6-c3a3-4d9c-8f66-eb1a07f58067)
2019-07-26 21:26:10.916 22705 RALLYDEBUG rally_openstack.cleanup.manager [-] Deleting neutron.port object s_rally_c05d4931_ks4VavYo (e6eb34e7-f6d3-452b-a0f3-fe377deda554)
2019-07-26 21:26:10.949 22705 RALLYDEBUG rally_openstack.cleanup.manager [-] Deleting neutron.port object s_rally_c05d4931_stTFiSnE (e72a17f1-74aa-45ba-87c6-1250b7ea7f1b)
2019-07-26 21:26:11.014 22705 RALLYDEBUG rally_openstack.cleanup.manager [-] Deleting neutron.port object s_rally_c05d4931_upbXtC5d (e7e992ce-3d98-428f-a99c-2ba09c6d2b07)
2019-07-26 21:26:11.022 22705 RALLYDEBUG rally_openstack.cleanup.manager [-] Deleting neutron.port object s_rally_c05d4931_1vsj9Eh5 (e8b05f0e-7da4-4640-90c3-770e173b32e0)
2019-07-26 21:26:11.377 22705 RALLYDEBUG rally_openstack.cleanup.manager [-] Deleting neutron.port object s_rally_c05d4931_j4MMNwxs (e9167127-e4d8-4160-bb3c-4a9263e792b7)
2019-07-26 21:26:11.630 22705 RALLYDEBUG rally_openstack.cleanup.manager [-] Deleting neutron.port object s_rally_c05d4931_1v3qpSU0 (e94f8c6b-0a7a-4558-b30d-2455e96eb2bc)
2019-07-26 21:26:11.694 22705 RALLYDEBUG rally_openstack.cleanup.manager [-] Deleting neutron.port object s_rally_c05d4931_zbwb2rQC (ea9e8b57-6342-4f44-b144-9f9281543c14)
2019-07-26 21:26:11.708 22705 RALLYDEBUG rally_openstack.cleanup.manager [-] Deleting neutron.port object s_rally_c05d4931_kUO6zGCE (eb80bc8a-bd4c-46e0-a80b-714d455bcb11)
2019-07-26 21:26:11.768 22705 RALLYDEBUG rally_openstack.cleanup.manager [-] Deleting neutron.port object s_rally_c05d4931_Syjz3wNv (ecb5de10-f611-4330-bc87-0d1514d64fd2)
2019-07-26 21:26:11.934 22705 RALLYDEBUG rally_openstack.cleanup.manager [-] Deleting neutron.port object s_rally_c05d4931_04czMjQU (edf74cbf-9b23-4ad4-9ffd-c78f195bb634)
2019-07-26 21:26:11.970 22705 RALLYDEBUG rally_openstack.cleanup.manager [-] Deleting neutron.port object s_rally_c05d4931_mqg6mkRc (edf98c56-87fb-4c0c-ad69-17bb5fea38fc)
2019-07-26 21:26:11.982 22705 RALLYDEBUG rally_openstack.cleanup.manager [-] Deleting neutron.port object s_rally_c05d4931_T4mkMIaA (ee44eea5-3b83-40f5-8423-a5e846a2871c)
2019-07-26 21:26:12.381 22705 RALLYDEBUG rally_openstack.cleanup.manager [-] Deleting neutron.port object s_rally_c05d4931_cpoGOp9L (f084f7c4-14f1-4881-a543-dfc10aa7cb15)
2019-07-26 21:26:12.834 22705 RALLYDEBUG rally_openstack.cleanup.manager [-] Deleting neutron.port object s_rally_c05d4931_UHVH7eBO (f28e03a4-5444-4e8f-b768-4e15b8ef70ad)
2019-07-26 21:26:13.031 22705 RALLYDEBUG rally_openstack.cleanup.manager [-] Deleting neutron.port object s_rally_c05d4931_AKgdnt4c (f2b4460d-bd7c-4914-aa24-f9e532e433ee)
2019-07-26 21:26:13.077 22705 RALLYDEBUG rally_openstack.cleanup.manager [-] Deleting neutron.port object s_rally_c05d4931_eEEVh9U8 (f4169d1a-507c-4f8d-9332-f2a774d77a5e)
2019-07-26 21:26:13.107 22705 RALLYDEBUG rally_openstack.cleanup.manager [-] Deleting neutron.port object s_rally_c05d4931_0HrCSYE4 (f4e9ac7e-598e-41c1-a339-556f80d34912)
2019-07-26 21:26:13.252 22705 RALLYDEBUG rally_openstack.cleanup.manager [-] Deleting neutron.port object s_rally_c05d4931_lOn7tY4M (f756dfaa-c926-4c60-92cd-d37abb15c22d)
2019-07-26 21:26:13.265 22705 RALLYDEBUG rally_openstack.cleanup.manager [-] Deleting neutron.port object s_rally_c05d4931_Y81Fjlri (f8fbba99-13c1-48f7-94ac-be84bd3e7f8a)
2019-07-26 21:26:13.355 22705 RALLYDEBUG rally_openstack.cleanup.manager [-] Deleting neutron.port object s_rally_c05d4931_hyzX8Glp (fb3696d1-f29e-4172-9bd4-524ff0309f84)
2019-07-26 21:26:13.382 22705 RALLYDEBUG rally_openstack.cleanup.manager [-] Deleting neutron.port object s_rally_c05d4931_4OuAp23T (feacfd17-1c72-4a00-a7aa-1b6d6884eed2)
2019-07-26 21:26:15.688 22705 RALLYDEBUG rally_openstack.cleanup.manager [-] Cleaning up neutron subnet objects
2019-07-26 21:26:16.443 22705 RALLYDEBUG rally_openstack.cleanup.manager [-] Cleaning up neutron network objects
2019-07-26 21:26:17.293 22705 RALLYDEBUG rally_openstack.cleanup.manager [-] Deleting neutron.network object s_rally_c05d4931_x1FMRSGz (02ad602c-efec-496c-9d35-3113c21f6a9a)
2019-07-26 21:26:17.297 22705 RALLYDEBUG rally_openstack.cleanup.manager [-] Deleting neutron.network object s_rally_c05d4931_7pHmK9CX (0c414f4f-21af-47e7-9a50-ed3987e6b908)
2019-07-26 21:26:17.308 22705 RALLYDEBUG rally_openstack.cleanup.manager [-] Deleting neutron.network object s_rally_c05d4931_3afye8sB (22db4749-0360-4d25-ad5e-cdb4bf06a440)
2019-07-26 21:26:17.311 22705 RALLYDEBUG rally_openstack.cleanup.manager [-] Deleting neutron.network object s_rally_c05d4931_O832AWru (1c699161-2696-45bd-8ea6-dbec25eade87)
2019-07-26 21:26:17.324 22705 RALLYDEBUG rally_openstack.cleanup.manager [-] Deleting neutron.network object s_rally_c05d4931_muvq4JMd (284d48d0-547a-4813-8782-855881c331ed)
2019-07-26 21:26:17.330 22705 RALLYDEBUG rally_openstack.cleanup.manager [-] Deleting neutron.network object s_rally_c05d4931_HLfe0XHQ (2dc6445c-bb8c-4dd7-a2e1-3f88fabca006)
2019-07-26 21:26:17.349 22705 RALLYDEBUG rally_openstack.cleanup.manager [-] Deleting neutron.network object s_rally_c05d4931_oXmf8hKB (2e24857b-6ebd-47af-98a1-8f0a272d512c)
2019-07-26 21:26:17.358 22705 RALLYDEBUG rally_openstack.cleanup.manager [-] Deleting neutron.network object s_rally_c05d4931_7rMQvFOT (38edc1ac-1f5e-4721-9d7d-0529eb2408a8)
2019-07-26 21:26:17.364 22705 RALLYDEBUG rally_openstack.cleanup.manager [-] Deleting neutron.network object s_rally_c05d4931_8138WDVZ (636efef2-0df1-4193-a04d-daba6cfd079c)
2019-07-26 21:26:17.365 22705 RALLYDEBUG rally_openstack.cleanup.manager [-] Deleting neutron.network object s_rally_c05d4931_zC612Ent (605c327f-c74e-420c-ba8d-b30e69c56ead)
2019-07-26 21:26:17.366 22705 RALLYDEBUG rally_openstack.cleanup.manager [-] Deleting neutron.network object s_rally_c05d4931_0ANRbyJJ (60deb85e-bb24-4750-9371-a7297f263f83)
2019-07-26 21:26:17.378 22705 RALLYDEBUG rally_openstack.cleanup.manager [-] Deleting neutron.network object s_rally_c05d4931_I2AUd9gE (6429bffe-03a1-45dc-8e16-d9a5112b64a2)
2019-07-26 21:26:17.387 22705 RALLYDEBUG rally_openstack.cleanup.manager [-] Deleting neutron.network object s_rally_c05d4931_pCgHSd4B (6d6badb9-f169-42cd-bd88-1fac101baa7a)
2019-07-26 21:26:17.409 22705 RALLYDEBUG rally_openstack.cleanup.manager [-] Deleting neutron.network object s_rally_c05d4931_oUXxRFWz (8274deac-6d45-4cda-917a-0ef7fcc369b2)
2019-07-26 21:26:17.411 22705 RALLYDEBUG rally_openstack.cleanup.manager [-] Deleting neutron.network object s_rally_c05d4931_vf6NTXNE (7c146ee6-a134-46c5-8369-708b01fc9935)
2019-07-26 21:26:17.434 22705 RALLYDEBUG rally_openstack.cleanup.manager [-] Deleting neutron.network object s_rally_c05d4931_JQF3W2Zn (84b028e6-18bc-4fde-9895-ec3952221aeb)
2019-07-26 21:26:17.451 22705 RALLYDEBUG rally_openstack.cleanup.manager [-] Deleting neutron.network object s_rally_c05d4931_gLtZSVpg (85ee4705-a6e3-4a8e-b94e-3ae40778b179)
2019-07-26 21:26:17.469 22705 RALLYDEBUG rally_openstack.cleanup.manager [-] Deleting neutron.network object s_rally_c05d4931_fkVCognJ (89cedc8d-b40b-4550-8e75-94c5cf37a04b)
2019-07-26 21:26:17.477 22705 RALLYDEBUG rally_openstack.cleanup.manager [-] Deleting neutron.network object s_rally_c05d4931_8UvKZVu3 (94dca8a7-2352-49ce-adff-29710b90433a)
2019-07-26 21:26:17.491 22705 RALLYDEBUG rally_openstack.cleanup.manager [-] Deleting neutron.network object s_rally_c05d4931_z0DjPEGh (8be86e88-c48c-4e09-ac87-2a19f0efef95)
2019-07-26 21:26:19.837 22705 RALLYDEBUG rally_openstack.cleanup.manager [-] Deleting neutron.network object s_rally_c05d4931_lMgoofgV (a670be39-271b-4e62-a109-f6c2cdd0f65f)
2019-07-26 21:26:19.945 22705 RALLYDEBUG rally_openstack.cleanup.manager [-] Deleting neutron.network object s_rally_c05d4931_pYKxoWvo (aa06dbe0-19ce-4d8b-b9b1-fd1ab33990c8)
2019-07-26 21:26:20.107 22705 RALLYDEBUG rally_openstack.cleanup.manager [-] Deleting neutron.network object s_rally_c05d4931_mB094yMb (aa39623c-253f-4138-8f19-8007439b9dc6)
2019-07-26 21:26:20.164 22705 RALLYDEBUG rally_openstack.cleanup.manager [-] Deleting neutron.network object s_rally_c05d4931_icK4YQYC (b8b4f228-4424-4439-80cc-92956ca316d8)
2019-07-26 21:26:20.287 22705 RALLYDEBUG rally_openstack.cleanup.manager [-] Deleting neutron.network object s_rally_c05d4931_20MeCD3B (bb3ed38d-4dbe-46ce-8429-d85b0dee3427)
2019-07-26 21:26:20.306 22705 RALLYDEBUG rally_openstack.cleanup.manager [-] Deleting neutron.network object s_rally_c05d4931_wwSjvdLv (be9148c7-8d1d-4c5c-b54b-f5433b5acde8)
2019-07-26 21:26:20.351 22705 RALLYDEBUG rally_openstack.cleanup.manager [-] Deleting neutron.network object s_rally_c05d4931_f8vClVLX (bfaf0964-8247-4145-b97f-2225fa5a48be)
2019-07-26 21:26:20.768 22705 RALLYDEBUG rally_openstack.cleanup.manager [-] Deleting neutron.network object s_rally_c05d4931_chtrJqx6 (c10bf888-e8d8-479d-9dc6-c2d0eee197ed)
2019-07-26 21:26:20.813 22705 RALLYDEBUG rally_openstack.cleanup.manager [-] Deleting neutron.network object s_rally_c05d4931_XDEKokw9 (c57f9a03-2500-4aab-9772-d2557c0555dd)
2019-07-26 21:26:20.859 22705 RALLYDEBUG rally_openstack.cleanup.manager [-] Deleting neutron.network object s_rally_c05d4931_84rXaj31 (ccc31e73-470d-44d7-a8dc-344f4f787911)
2019-07-26 21:26:20.866 22705 RALLYDEBUG rally_openstack.cleanup.manager [-] Deleting neutron.network object s_rally_c05d4931_AyIpHDeb (cefb94ed-0580-46f1-9cba-eebc633f05b3)
2019-07-26 21:26:20.904 22705 RALLYDEBUG rally_openstack.cleanup.manager [-] Deleting neutron.network object s_rally_c05d4931_jLfMXt6t (d3137fe8-ccda-486b-9dcf-eebe42bf62b5)
2019-07-26 21:26:20.906 22705 RALLYDEBUG rally_openstack.cleanup.manager [-] Deleting neutron.network object s_rally_c05d4931_WIPD5Ad1 (d0c517b8-b38d-48c0-aa28-59b6b2ab2cd8)
2019-07-26 21:26:20.941 22705 RALLYDEBUG rally_openstack.cleanup.manager [-] Deleting neutron.network object s_rally_c05d4931_wnJBhNfi (d666a6dc-53af-40ef-b080-79c55a0ab3a9)
2019-07-26 21:26:21.011 22705 RALLYDEBUG rally_openstack.cleanup.manager [-] Deleting neutron.network object s_rally_c05d4931_7xWIokEm (d72904a0-d63b-4998-8659-3a4e2fa9eaa6)
2019-07-26 21:26:21.096 22705 RALLYDEBUG rally_openstack.cleanup.manager [-] Deleting neutron.network object s_rally_c05d4931_hbNhZ9Ma (d84989df-f7f5-4a9e-b7b7-228413ccc34f)
2019-07-26 21:26:21.101 22705 RALLYDEBUG rally_openstack.cleanup.manager [-] Deleting neutron.network object s_rally_c05d4931_Vlt5LtVl (d99ef7b6-9719-4df9-aa64-64954acf7f9d)
2019-07-26 21:26:21.610 22705 RALLYDEBUG rally_openstack.cleanup.manager [-] Deleting neutron.network object s_rally_c05d4931_KDv3WGJb (deb9f170-9a3d-40b7-8069-f85056c1944e)
2019-07-26 21:26:21.635 22705 RALLYDEBUG rally_openstack.cleanup.manager [-] Deleting neutron.network object s_rally_c05d4931_FuhRigD7 (f51ad701-7176-4abf-8d0f-8c2734b15812)
2019-07-26 21:26:21.720 22705 RALLYDEBUG rally_openstack.cleanup.manager [-] Deleting neutron.network object s_rally_c05d4931_IbeJ9M5B (f8fe673c-eb60-44d0-a77a-d13ca3014f0f)
2019-07-26 21:26:24.420 22705 RALLYDEBUG rally_openstack.cleanup.manager [-] Cleaning up neutron router objects
2019-07-26 21:26:25.217 22705 RALLYDEBUG rally_openstack.cleanup.manager [-] Cleaning up neutron security_group objects
2019-07-26 21:26:26.010 22705 INFO rally.task.context [-] Task 35fa45fd-0a55-4417-9293-7823d8a8c700 | Context cleanup@openstack cleanup() finished in 41.19 sec
2019-07-26 21:26:26.011 22705 INFO rally.task.context [-] Task 35fa45fd-0a55-4417-9293-7823d8a8c700 | Context quotas@openstack cleanup() started
2019-07-26 21:26:26.264 22705 INFO rally.task.context [-] Task 35fa45fd-0a55-4417-9293-7823d8a8c700 | Context quotas@openstack cleanup() finished in 0.25 sec
2019-07-26 21:26:26.264 22705 INFO rally.task.context [-] Task 35fa45fd-0a55-4417-9293-7823d8a8c700 | Context users@openstack cleanup() started
2019-07-26 21:26:31.717 22705 INFO rally.task.context [-] Task 35fa45fd-0a55-4417-9293-7823d8a8c700 | Context users@openstack cleanup() finished in 5.45 sec
2019-07-26 21:26:31.964 22705 INFO rally.task.engine [-] Load duration is: 31.648885
2019-07-26 21:26:31.965 22705 INFO rally.task.engine [-] Full runner duration is: 31.69042
2019-07-26 21:26:31.965 22705 INFO rally.task.engine [-] Full duration is: 84.08681
2019-07-26 21:26:32.140 22705 INFO rally.task.engine [-] Running workload: position = 2 config = { "version": 2, "title": "A cropped version of a bigger task.", "description": "Auto-generated task from a single workload (uuid=66d0dc87-b4e4-4b46-b4aa-e4cb980326fc)", "subtasks": [ { "title": "NeutronNetworks.create_and_delete_ports", "description": "Create and delete a port.", "scenario": { "NeutronNetworks.create_and_delete_ports": { "network_create_args": {}, "port_create_args": {}, "ports_per_network": 5 } }, "contexts": { "users": { "tenants": 1, "users_per_tenant": 1 }, "quotas": { "neutron": { "network": -1, "port": -1 } } }, "runner": { "constant": { "times": 40, "concurrency": 20 } }, "hooks": [], "sla": { "failure_rate": { "max": 0 } } } ] }
2019-07-26 21:26:32.156 22705 RALLYDEBUG rally_openstack.contexts.keystone.users [-] Creating 1 tenants using 20 threads
2019-07-26 21:26:33.938 22705 RALLYDEBUG rally_openstack.contexts.keystone.users [-] Creating 1 users using 20 threads
2019-07-26 21:26:36.707 22705 INFO rally.task.context [-] Task 35fa45fd-0a55-4417-9293-7823d8a8c700 | Context users@openstack setup() finished in 4.55 sec
2019-07-26 21:26:37.484 22705 INFO rally.task.context [-] Task 35fa45fd-0a55-4417-9293-7823d8a8c700 | Context quotas@openstack setup() finished in 0.78 sec
2019-07-26 21:26:37.485 22705 INFO rally.task.context [-] Task 35fa45fd-0a55-4417-9293-7823d8a8c700 | Context cleanup@openstack setup() finished in 0.00 msec
2019-07-26 21:26:37.492 22705 RALLYDEBUG rally.task.runner [-] Starting the constant runner (task UUID: 35fa45fd-0a55-4417-9293-7823d8a8c700). timeout: 0 concurrency: 20 concurrency_per_worker: 1 times: 40 concurrency_overhead: 4 processes_to_start: 16 max_cpu_used: 16
2019-07-26 21:26:37.504 26951 RALLYDEBUG rally.task.runner [-] Starting a worker. concurrency: 2 args: {"network_create_args": {}, "port_create_args": {}, "ports_per_network": 5} times: 40 method_name: run timeout: 0 duration: None cls:
2019-07-26 21:26:37.506 26952 RALLYDEBUG rally.task.runner [-] Starting a worker. concurrency: 2 args: {"network_create_args": {}, "port_create_args": {}, "ports_per_network": 5} times: 40 method_name: run timeout: 0 duration: None cls:
2019-07-26 21:26:37.510 26953 RALLYDEBUG rally.task.runner [-] Starting a worker. concurrency: 2 args: {"network_create_args": {}, "port_create_args": {}, "ports_per_network": 5} times: 40 method_name: run timeout: 0 duration: None cls:
2019-07-26 21:26:37.512 26954 RALLYDEBUG rally.task.runner [-] Starting a worker. concurrency: 2 args: {"network_create_args": {}, "port_create_args": {}, "ports_per_network": 5} times: 40 method_name: run timeout: 0 duration: None cls:
2019-07-26 21:26:37.513 26952 INFO rally.task.runner [-] Task 35fa45fd-0a55-4417-9293-7823d8a8c700 | ITER: 2 START
2019-07-26 21:26:37.513 26951 INFO rally.task.runner [-] Task 35fa45fd-0a55-4417-9293-7823d8a8c700 | ITER: 1 START
2019-07-26 21:26:37.514 26952 WARNING rally_openstack.scenarios.neutron.utils [-] Running this scenario without either the 'network' or 'existing_network' context is deprecated
2019-07-26 21:26:37.514 26951 INFO rally.task.runner [-] Task 35fa45fd-0a55-4417-9293-7823d8a8c700 | ITER: 3 START
2019-07-26 21:26:37.516 26951 WARNING rally_openstack.scenarios.neutron.utils [-] Running this scenario without either the 'network' or 'existing_network' context is deprecated
2019-07-26 21:26:37.516 26956 RALLYDEBUG rally.task.runner [-] Starting a worker. concurrency: 1 args: {"network_create_args": {}, "port_create_args": {}, "ports_per_network": 5} times: 40 method_name: run timeout: 0 duration: None cls:
2019-07-26 21:26:37.518 26961 RALLYDEBUG rally.task.runner [-] Starting a worker. concurrency: 1 args: {"network_create_args": {}, "port_create_args": {}, "ports_per_network": 5} times: 40 method_name: run timeout: 0 duration: None cls:
2019-07-26 21:26:37.520 26953 INFO rally.task.runner [-] Task 35fa45fd-0a55-4417-9293-7823d8a8c700 | ITER: 5 START
2019-07-26 21:26:37.520 26954 INFO rally.task.runner [-] Task 35fa45fd-0a55-4417-9293-7823d8a8c700 | ITER: 6 START
2019-07-26 21:26:37.522 26953 WARNING rally_openstack.scenarios.neutron.utils [-] Running this scenario without either the 'network' or 'existing_network' context is deprecated
2019-07-26 21:26:37.521 26954 INFO rally.task.runner [-] Task 35fa45fd-0a55-4417-9293-7823d8a8c700 | ITER: 8 START
2019-07-26 21:26:37.522 26954 WARNING rally_openstack.scenarios.neutron.utils [-] Running this scenario without either the 'network' or 'existing_network' context is deprecated
2019-07-26 21:26:37.517 26951 WARNING rally_openstack.scenarios.neutron.utils [-] Running this scenario without either the 'network' or 'existing_network' context is deprecated
2019-07-26 21:26:37.524 26956 INFO rally.task.runner [-] Task 35fa45fd-0a55-4417-9293-7823d8a8c700 | ITER: 9 START
2019-07-26 21:26:37.524 26963 RALLYDEBUG rally.task.runner [-] Starting a worker. concurrency: 1 args: {"network_create_args": {}, "port_create_args": {}, "ports_per_network": 5} times: 40 method_name: run timeout: 0 duration: None cls:
2019-07-26 21:26:37.523 26954 WARNING rally_openstack.scenarios.neutron.utils [-] Running this scenario without either the 'network' or 'existing_network' context is deprecated
2019-07-26 21:26:37.526 26956 WARNING rally_openstack.scenarios.neutron.utils [-] Running this scenario without either the 'network' or 'existing_network' context is deprecated
2019-07-26 21:26:37.529 26961 INFO rally.task.runner [-] Task 35fa45fd-0a55-4417-9293-7823d8a8c700 | ITER: 10 START
2019-07-26 21:26:37.529 26974 RALLYDEBUG rally.task.runner [-] Starting a worker. concurrency: 1 args: {"network_create_args": {}, "port_create_args": {}, "ports_per_network": 5} times: 40 method_name: run timeout: 0 duration: None cls:
2019-07-26 21:26:37.531 26963 INFO rally.task.runner [-] Task 35fa45fd-0a55-4417-9293-7823d8a8c700 | ITER: 11 START
2019-07-26 21:26:37.531 26961 WARNING rally_openstack.scenarios.neutron.utils [-] Running this scenario without either the 'network' or 'existing_network' context is deprecated
2019-07-26 21:26:37.532 26967 RALLYDEBUG rally.task.runner [-] Starting a worker. concurrency: 1 args: {"network_create_args": {}, "port_create_args": {}, "ports_per_network": 5} times: 40 method_name: run timeout: 0 duration: None cls:
2019-07-26 21:26:37.533 26963 WARNING rally_openstack.scenarios.neutron.utils [-] Running this scenario without either the 'network' or 'existing_network' context is deprecated
2019-07-26 21:26:37.533 26953 INFO rally.task.runner [-] Task 35fa45fd-0a55-4417-9293-7823d8a8c700 | ITER: 7 START
2019-07-26 21:26:37.532 26970 RALLYDEBUG rally.task.runner [-] Starting a worker. concurrency: 1 args: {"network_create_args": {}, "port_create_args": {}, "ports_per_network": 5} times: 40 method_name: run timeout: 0 duration: None cls:
2019-07-26 21:26:37.533 26976 RALLYDEBUG rally.task.runner [-] Starting a worker. concurrency: 1 args: {"network_create_args": {}, "port_create_args": {}, "ports_per_network": 5} times: 40 method_name: run timeout: 0 duration: None cls:
2019-07-26 21:26:37.534 26953 WARNING rally_openstack.scenarios.neutron.utils [-] Running this scenario without either the 'network' or 'existing_network' context is deprecated
2019-07-26 21:26:37.535 26974 INFO rally.task.runner [-] Task 35fa45fd-0a55-4417-9293-7823d8a8c700 | ITER: 12 START
2019-07-26 21:26:37.536 26974 WARNING rally_openstack.scenarios.neutron.utils [-] Running this scenario without either the 'network' or 'existing_network' context is deprecated
2019-07-26 21:26:37.537 26952 INFO rally.task.runner [-] Task 35fa45fd-0a55-4417-9293-7823d8a8c700 | ITER: 4 START
2019-07-26 21:26:37.538 26952 WARNING rally_openstack.scenarios.neutron.utils [-] Running this scenario without either the 'network' or 'existing_network' context is deprecated
2019-07-26 21:26:37.540 26976 INFO rally.task.runner [-] Task 35fa45fd-0a55-4417-9293-7823d8a8c700 | ITER: 15 START
2019-07-26 21:26:37.539 26980 RALLYDEBUG rally.task.runner [-] Starting a worker. concurrency: 1 args: {"network_create_args": {}, "port_create_args": {}, "ports_per_network": 5} times: 40 method_name: run timeout: 0 duration: None cls:
2019-07-26 21:26:37.541 26970 INFO rally.task.runner [-] Task 35fa45fd-0a55-4417-9293-7823d8a8c700 | ITER: 14 START
2019-07-26 21:26:37.542 26970 WARNING rally_openstack.scenarios.neutron.utils [-] Running this scenario without either the 'network' or 'existing_network' context is deprecated
2019-07-26 21:26:37.542 26967 INFO rally.task.runner [-] Task 35fa45fd-0a55-4417-9293-7823d8a8c700 | ITER: 13 START
2019-07-26 21:26:37.542 26976 WARNING rally_openstack.scenarios.neutron.utils [-] Running this scenario without either the 'network' or 'existing_network' context is deprecated
2019-07-26 21:26:37.545 26967 WARNING rally_openstack.scenarios.neutron.utils [-] Running this scenario without either the 'network' or 'existing_network' context is deprecated
2019-07-26 21:26:37.546 26980 INFO rally.task.runner [-] Task 35fa45fd-0a55-4417-9293-7823d8a8c700 | ITER: 16 START
2019-07-26 21:26:37.547 26980 WARNING rally_openstack.scenarios.neutron.utils [-] Running this scenario without either the 'network' or 'existing_network' context is deprecated
2019-07-26 21:26:37.550 26987 RALLYDEBUG rally.task.runner [-] Starting a worker. concurrency: 1 args: {"network_create_args": {}, "port_create_args": {}, "ports_per_network": 5} times: 40 method_name: run timeout: 0 duration: None cls:
2019-07-26 21:26:37.554 26992 RALLYDEBUG rally.task.runner [-] Starting a worker. concurrency: 1 args: {"network_create_args": {}, "port_create_args": {}, "ports_per_network": 5} times: 40 method_name: run timeout: 0 duration: None cls:
2019-07-26 21:26:37.559 26992 INFO rally.task.runner [-] Task 35fa45fd-0a55-4417-9293-7823d8a8c700 | ITER: 18 START
2019-07-26 21:26:37.559 26987 INFO rally.task.runner [-] Task 35fa45fd-0a55-4417-9293-7823d8a8c700 | ITER: 17 START
2019-07-26 21:26:37.560 26987 WARNING rally_openstack.scenarios.neutron.utils [-] Running this scenario without either the 'network' or 'existing_network' context is deprecated
2019-07-26 21:26:37.560 26992 WARNING rally_openstack.scenarios.neutron.utils [-] Running this scenario without either the 'network' or 'existing_network' context is deprecated
2019-07-26 21:26:37.571 26997 RALLYDEBUG rally.task.runner [-] Starting a worker. concurrency: 1 args: {"network_create_args": {}, "port_create_args": {}, "ports_per_network": 5} times: 40 method_name: run timeout: 0 duration: None cls:
2019-07-26 21:26:37.575 26997 INFO rally.task.runner [-] Task 35fa45fd-0a55-4417-9293-7823d8a8c700 | ITER: 19 START
2019-07-26 21:26:37.577 26997 WARNING rally_openstack.scenarios.neutron.utils [-] Running this scenario without either the 'network' or 'existing_network' context is deprecated
2019-07-26 21:26:37.578 26998 RALLYDEBUG rally.task.runner [-] Starting a worker. concurrency: 1 args: {"network_create_args": {}, "port_create_args": {}, "ports_per_network": 5} times: 40 method_name: run timeout: 0 duration: None cls:
2019-07-26 21:26:37.582 26998 INFO rally.task.runner [-] Task 35fa45fd-0a55-4417-9293-7823d8a8c700 | ITER: 20 START
2019-07-26 21:26:37.583 26998 WARNING rally_openstack.scenarios.neutron.utils [-] Running this scenario without either the 'network' or 'existing_network' context is deprecated
2019-07-26 21:26:50.864 26951 INFO rally.task.runner [-] Task 35fa45fd-0a55-4417-9293-7823d8a8c700 | ITER: 3 END: OK
2019-07-26 21:26:50.868 26951 INFO rally.task.runner [-] Task 35fa45fd-0a55-4417-9293-7823d8a8c700 | ITER: 21 START
2019-07-26 21:26:50.868 26951 WARNING rally_openstack.scenarios.neutron.utils [-] Running this scenario without either the 'network' or 'existing_network' context is deprecated
2019-07-26 21:26:51.624 26976 INFO rally.task.runner [-] Task 35fa45fd-0a55-4417-9293-7823d8a8c700 | ITER: 15 END: OK
2019-07-26 21:26:51.629 26976 INFO rally.task.runner [-] Task 35fa45fd-0a55-4417-9293-7823d8a8c700 | ITER: 22 START
2019-07-26 21:26:51.630 26976 WARNING rally_openstack.scenarios.neutron.utils [-] Running this scenario without either the 'network' or 'existing_network' context is deprecated
2019-07-26 21:26:52.007 26954 INFO rally.task.runner [-] Task 35fa45fd-0a55-4417-9293-7823d8a8c700 | ITER: 6 END: OK
2019-07-26 21:26:52.012 26954 INFO rally.task.runner [-] Task 35fa45fd-0a55-4417-9293-7823d8a8c700 | ITER: 23 START
2019-07-26 21:26:52.012 26954 WARNING rally_openstack.scenarios.neutron.utils [-] Running this scenario without either the 'network' or 'existing_network' context is deprecated
2019-07-26 21:26:52.083 26954 INFO rally.task.runner [-] Task 35fa45fd-0a55-4417-9293-7823d8a8c700 | ITER: 8 END: OK
2019-07-26 21:26:52.086 26954 INFO rally.task.runner [-] Task 35fa45fd-0a55-4417-9293-7823d8a8c700 | ITER: 24 START
2019-07-26 21:26:52.087 26954 WARNING rally_openstack.scenarios.neutron.utils [-] Running this scenario without either the 'network' or 'existing_network' context is deprecated
2019-07-26 21:26:52.238 26987 INFO rally.task.runner [-] Task 35fa45fd-0a55-4417-9293-7823d8a8c700 | ITER: 17 END: OK
2019-07-26 21:26:52.241 26987 INFO rally.task.runner [-] Task 35fa45fd-0a55-4417-9293-7823d8a8c700 | ITER: 25 START
2019-07-26 21:26:52.242 26987 WARNING rally_openstack.scenarios.neutron.utils [-] Running this scenario without either the 'network' or 'existing_network' context is deprecated
2019-07-26 21:26:52.347 26952 INFO rally.task.runner [-] Task 35fa45fd-0a55-4417-9293-7823d8a8c700 | ITER: 4 END: OK
2019-07-26 21:26:52.352 26952 INFO rally.task.runner [-] Task 35fa45fd-0a55-4417-9293-7823d8a8c700 | ITER: 26 START
2019-07-26 21:26:52.352 26952 WARNING rally_openstack.scenarios.neutron.utils [-] Running this scenario without either the 'network' or 'existing_network' context is deprecated
2019-07-26 21:26:52.366 26951 INFO rally.task.runner [-] Task 35fa45fd-0a55-4417-9293-7823d8a8c700 | ITER: 1 END: OK
2019-07-26 21:26:52.370 26951 INFO rally.task.runner [-] Task 35fa45fd-0a55-4417-9293-7823d8a8c700 | ITER: 27 START
2019-07-26 21:26:52.371 26951 WARNING rally_openstack.scenarios.neutron.utils [-] Running this scenario without either the 'network' or 'existing_network' context is deprecated
2019-07-26 21:26:52.554 26967 INFO rally.task.runner [-] Task 35fa45fd-0a55-4417-9293-7823d8a8c700 | ITER: 13 END: OK
2019-07-26 21:26:52.559 26967 INFO rally.task.runner [-] Task 35fa45fd-0a55-4417-9293-7823d8a8c700 | ITER: 28 START
2019-07-26 21:26:52.560 26967 WARNING rally_openstack.scenarios.neutron.utils [-] Running this scenario without either the 'network' or 'existing_network' context is deprecated
2019-07-26 21:26:52.716 26992 INFO rally.task.runner [-] Task 35fa45fd-0a55-4417-9293-7823d8a8c700 | ITER: 18 END: OK
2019-07-26 21:26:52.721 26992 INFO rally.task.runner [-] Task 35fa45fd-0a55-4417-9293-7823d8a8c700 | ITER: 29 START
2019-07-26 21:26:52.721 26992 WARNING rally_openstack.scenarios.neutron.utils [-] Running this scenario without either the 'network' or 'existing_network' context is deprecated
2019-07-26 21:26:52.879 26956 INFO rally.task.runner [-] Task 35fa45fd-0a55-4417-9293-7823d8a8c700 | ITER: 9 END: OK
2019-07-26 21:26:52.883 26956 INFO rally.task.runner [-] Task 35fa45fd-0a55-4417-9293-7823d8a8c700 | ITER: 30 START
2019-07-26 21:26:52.884 26956 WARNING rally_openstack.scenarios.neutron.utils [-] Running this scenario without either the 'network' or 'existing_network' context is deprecated
2019-07-26 21:26:52.922 26998 INFO rally.task.runner [-] Task 35fa45fd-0a55-4417-9293-7823d8a8c700 | ITER: 20 END: OK
2019-07-26 21:26:52.926 26998 INFO rally.task.runner [-] Task 35fa45fd-0a55-4417-9293-7823d8a8c700 | ITER: 31 START
2019-07-26 21:26:52.926 26998 WARNING rally_openstack.scenarios.neutron.utils [-] Running this scenario without either the 'network' or 'existing_network' context is deprecated
2019-07-26 21:26:52.986 26997 INFO rally.task.runner [-] Task 35fa45fd-0a55-4417-9293-7823d8a8c700 | ITER: 19 END: OK
2019-07-26 21:26:52.990 26997 INFO rally.task.runner [-] Task 35fa45fd-0a55-4417-9293-7823d8a8c700 | ITER: 32 START
2019-07-26 21:26:52.990 26997 WARNING rally_openstack.scenarios.neutron.utils [-] Running this scenario without either the 'network' or 'existing_network' context is deprecated
2019-07-26 21:26:53.249 26963 INFO rally.task.runner [-] Task 35fa45fd-0a55-4417-9293-7823d8a8c700 | ITER: 11 END: OK
2019-07-26 21:26:53.254 26963 INFO rally.task.runner [-] Task 35fa45fd-0a55-4417-9293-7823d8a8c700 | ITER: 33 START
2019-07-26 21:26:53.255 26963 WARNING rally_openstack.scenarios.neutron.utils [-] Running this scenario without either the 'network' or 'existing_network' context is deprecated
2019-07-26 21:26:53.306 26974 INFO rally.task.runner [-] Task 35fa45fd-0a55-4417-9293-7823d8a8c700 | ITER: 12 END: OK
2019-07-26 21:26:53.310 26974 INFO rally.task.runner [-] Task 35fa45fd-0a55-4417-9293-7823d8a8c700 | ITER: 34 START
2019-07-26 21:26:53.311 26974 WARNING rally_openstack.scenarios.neutron.utils [-] Running this scenario without either the 'network' or 'existing_network' context is deprecated
2019-07-26 21:26:53.755 26961 INFO rally.task.runner [-] Task 35fa45fd-0a55-4417-9293-7823d8a8c700 | ITER: 10 END: OK
2019-07-26 21:26:53.760 26961 INFO rally.task.runner [-] Task 35fa45fd-0a55-4417-9293-7823d8a8c700 | ITER: 35 START
2019-07-26 21:26:53.760 26961 WARNING rally_openstack.scenarios.neutron.utils [-] Running this scenario without either the 'network' or 'existing_network' context is deprecated
2019-07-26 21:26:53.839 26953 INFO rally.task.runner [-] Task 35fa45fd-0a55-4417-9293-7823d8a8c700 | ITER: 7 END: OK
2019-07-26 21:26:53.843 26953 INFO rally.task.runner [-] Task 35fa45fd-0a55-4417-9293-7823d8a8c700 | ITER: 36 START
2019-07-26 21:26:53.844 26953 WARNING rally_openstack.scenarios.neutron.utils [-] Running this scenario without either the 'network' or 'existing_network' context is deprecated
2019-07-26 21:26:54.619 26952 INFO rally.task.runner [-] Task 35fa45fd-0a55-4417-9293-7823d8a8c700 | ITER: 2 END: OK
2019-07-26 21:26:54.624 26952 INFO rally.task.runner [-] Task 35fa45fd-0a55-4417-9293-7823d8a8c700 | ITER: 37 START
2019-07-26 21:26:54.624 26952 WARNING rally_openstack.scenarios.neutron.utils [-] Running this scenario without either the 'network' or 'existing_network' context is deprecated
2019-07-26 21:26:54.827 26953 INFO rally.task.runner [-] Task 35fa45fd-0a55-4417-9293-7823d8a8c700 | ITER: 5 END: OK
2019-07-26 21:26:54.831 26953 INFO rally.task.runner [-] Task 35fa45fd-0a55-4417-9293-7823d8a8c700 | ITER: 38 START
2019-07-26 21:26:54.831 26953 WARNING rally_openstack.scenarios.neutron.utils [-] Running this scenario without either the 'network' or 'existing_network' context is deprecated
2019-07-26 21:26:55.201 26980 INFO rally.task.runner [-] Task 35fa45fd-0a55-4417-9293-7823d8a8c700 | ITER: 16 END: OK
2019-07-26 21:26:55.205 26980 INFO rally.task.runner [-] Task 35fa45fd-0a55-4417-9293-7823d8a8c700 | ITER: 39 START
