2019-07-26 21:11:35.754 24813 RALLYDEBUG rally.task.runner [-] Starting a worker. concurrency: 1 args: {"network_create_args": {}, "subnet_create_args": {}, "subnet_cidr_start": "1.1.0.0/30", "subnets_per_network": 2} times: 40 method_name: run timeout: 0 duration: None cls:
2019-07-26 21:11:35.755 24804 WARNING rally_openstack.scenarios.neutron.utils [-] Running this scenario without either the 'network' or 'existing_network' context is deprecated
2019-07-26 21:11:35.751 24800 WARNING rally_openstack.scenarios.neutron.utils [-] Running this scenario without either the 'network' or 'existing_network' context is deprecated
2019-07-26 21:11:35.757 24808 INFO rally.task.runner [-] Task 35fa45fd-0a55-4417-9293-7823d8a8c700 | ITER: 10 START
2019-07-26 21:11:35.757 24802 INFO rally.task.runner [-] Task 35fa45fd-0a55-4417-9293-7823d8a8c700 | ITER: 7 START
2019-07-26 21:11:35.754 24801 WARNING rally_openstack.scenarios.neutron.utils [-] Running this scenario without either the 'network' or 'existing_network' context is deprecated
2019-07-26 21:11:35.759 24808 WARNING rally_openstack.scenarios.neutron.utils [-] Running this scenario without either the 'network' or 'existing_network' context is deprecated
2019-07-26 21:11:35.759 24802 WARNING rally_openstack.scenarios.neutron.utils [-] Running this scenario without either the 'network' or 'existing_network' context is deprecated
2019-07-26 21:11:35.760 24818 RALLYDEBUG rally.task.runner [-] Starting a worker. concurrency: 1 args: {"network_create_args": {}, "subnet_create_args": {}, "subnet_cidr_start": "1.1.0.0/30", "subnets_per_network": 2} times: 40 method_name: run timeout: 0 duration: None cls:
2019-07-26 21:11:35.761 24813 INFO rally.task.runner [-] Task 35fa45fd-0a55-4417-9293-7823d8a8c700 | ITER: 12 START
2019-07-26 21:11:35.763 24813 WARNING rally_openstack.scenarios.neutron.utils [-] Running this scenario without either the 'network' or 'existing_network' context is deprecated
2019-07-26 21:11:35.763 24802 INFO rally.task.runner [-] Task 35fa45fd-0a55-4417-9293-7823d8a8c700 | ITER: 9 START
2019-07-26 21:11:35.762 24822 RALLYDEBUG rally.task.runner [-] Starting a worker. concurrency: 1 args: {"network_create_args": {}, "subnet_create_args": {}, "subnet_cidr_start": "1.1.0.0/30", "subnets_per_network": 2} times: 40 method_name: run timeout: 0 duration: None cls:
2019-07-26 21:11:35.763 24802 WARNING rally_openstack.scenarios.neutron.utils [-] Running this scenario without either the 'network' or 'existing_network' context is deprecated
2019-07-26 21:11:35.767 24815 INFO rally.task.runner [-] Task 35fa45fd-0a55-4417-9293-7823d8a8c700 | ITER: 11 START
2019-07-26 21:11:35.768 24818 INFO rally.task.runner [-] Task 35fa45fd-0a55-4417-9293-7823d8a8c700 | ITER: 13 START
2019-07-26 21:11:35.768 24822 INFO rally.task.runner [-] Task 35fa45fd-0a55-4417-9293-7823d8a8c700 | ITER: 14 START
2019-07-26 21:11:35.769 24815 WARNING rally_openstack.scenarios.neutron.utils [-] Running this scenario without either the 'network' or 'existing_network' context is deprecated
2019-07-26 21:11:35.769 24828 RALLYDEBUG rally.task.runner [-] Starting a worker. concurrency: 1 args: {"network_create_args": {}, "subnet_create_args": {}, "subnet_cidr_start": "1.1.0.0/30", "subnets_per_network": 2} times: 40 method_name: run timeout: 0 duration: None cls:
2019-07-26 21:11:35.772 24818 WARNING rally_openstack.scenarios.neutron.utils [-] Running this scenario without either the 'network' or 'existing_network' context is deprecated
2019-07-26 21:11:35.773 24822 WARNING rally_openstack.scenarios.neutron.utils [-] Running this scenario without either the 'network' or 'existing_network' context is deprecated
2019-07-26 21:11:35.774 24828 INFO rally.task.runner [-] Task 35fa45fd-0a55-4417-9293-7823d8a8c700 | ITER: 15 START
2019-07-26 21:11:35.775 24834 RALLYDEBUG rally.task.runner [-] Starting a worker. concurrency: 1 args: {"network_create_args": {}, "subnet_create_args": {}, "subnet_cidr_start": "1.1.0.0/30", "subnets_per_network": 2} times: 40 method_name: run timeout: 0 duration: None cls:
2019-07-26 21:11:35.778 24828 WARNING rally_openstack.scenarios.neutron.utils [-] Running this scenario without either the 'network' or 'existing_network' context is deprecated
2019-07-26 21:11:35.781 24834 INFO rally.task.runner [-] Task 35fa45fd-0a55-4417-9293-7823d8a8c700 | ITER: 16 START
2019-07-26 21:11:35.782 24837 RALLYDEBUG rally.task.runner [-] Starting a worker. concurrency: 1 args: {"network_create_args": {}, "subnet_create_args": {}, "subnet_cidr_start": "1.1.0.0/30", "subnets_per_network": 2} times: 40 method_name: run timeout: 0 duration: None cls:
2019-07-26 21:11:35.787 24834 WARNING rally_openstack.scenarios.neutron.utils [-] Running this scenario without either the 'network' or 'existing_network' context is deprecated
2019-07-26 21:11:35.789 24840 RALLYDEBUG rally.task.runner [-] Starting a worker. concurrency: 1 args: {"network_create_args": {}, "subnet_create_args": {}, "subnet_cidr_start": "1.1.0.0/30", "subnets_per_network": 2} times: 40 method_name: run timeout: 0 duration: None cls:
2019-07-26 21:11:35.788 24837 INFO rally.task.runner [-] Task 35fa45fd-0a55-4417-9293-7823d8a8c700 | ITER: 17 START
2019-07-26 21:11:35.792 24837 WARNING rally_openstack.scenarios.neutron.utils [-] Running this scenario without either the 'network' or 'existing_network' context is deprecated
2019-07-26 21:11:35.792 24841 RALLYDEBUG rally.task.runner [-] Starting a worker. concurrency: 1 args: {"network_create_args": {}, "subnet_create_args": {}, "subnet_cidr_start": "1.1.0.0/30", "subnets_per_network": 2} times: 40 method_name: run timeout: 0 duration: None cls:
2019-07-26 21:11:35.795 24844 RALLYDEBUG rally.task.runner [-] Starting a worker. concurrency: 1 args: {"network_create_args": {}, "subnet_create_args": {}, "subnet_cidr_start": "1.1.0.0/30", "subnets_per_network": 2} times: 40 method_name: run timeout: 0 duration: None cls:
2019-07-26 21:11:35.799 24840 INFO rally.task.runner [-] Task 35fa45fd-0a55-4417-9293-7823d8a8c700 | ITER: 18 START
2019-07-26 21:11:35.801 24840 WARNING rally_openstack.scenarios.neutron.utils [-] Running this scenario without either the 'network' or 'existing_network' context is deprecated
2019-07-26 21:11:35.804 24844 INFO rally.task.runner [-] Task 35fa45fd-0a55-4417-9293-7823d8a8c700 | ITER: 20 START
2019-07-26 21:11:35.804 24841 INFO rally.task.runner [-] Task 35fa45fd-0a55-4417-9293-7823d8a8c700 | ITER: 19 START
2019-07-26 21:11:35.805 24844 WARNING rally_openstack.scenarios.neutron.utils [-] Running this scenario without either the 'network' or 'existing_network' context is deprecated
2019-07-26 21:11:35.805 24841 WARNING rally_openstack.scenarios.neutron.utils [-] Running this scenario without either the 'network' or 'existing_network' context is deprecated
2019-07-26 21:11:37.425 24804 RALLYDEBUG rally_openstack.wrappers.network [-] CIDR generated: 1.1.4.96/30
2019-07-26 21:11:37.644 24822 RALLYDEBUG rally_openstack.wrappers.network [-] CIDR generated: 1.1.4.100/30
2019-07-26 21:11:37.698 24828 RALLYDEBUG rally_openstack.wrappers.network [-] CIDR generated: 1.1.4.104/30
2019-07-26 21:11:37.722 24834 RALLYDEBUG rally_openstack.wrappers.network [-] CIDR generated: 1.1.4.108/30
2019-07-26 21:11:37.794 24799 RALLYDEBUG rally_openstack.wrappers.network [-] CIDR generated: 1.1.4.112/30
2019-07-26 21:11:37.813 24801 RALLYDEBUG rally_openstack.wrappers.network [-] CIDR generated: 1.1.4.116/30
2019-07-26 21:11:37.818 24844 RALLYDEBUG rally_openstack.wrappers.network [-] CIDR generated: 1.1.4.120/30
2019-07-26 21:11:37.865 24818 RALLYDEBUG rally_openstack.wrappers.network [-] CIDR generated: 1.1.4.124/30
2019-07-26 21:11:37.907 24801 RALLYDEBUG rally_openstack.wrappers.network [-] CIDR generated: 1.1.4.128/30
2019-07-26 21:11:37.967 24800 RALLYDEBUG rally_openstack.wrappers.network [-] CIDR generated: 1.1.4.132/30
2019-07-26 21:11:38.004 24802 RALLYDEBUG rally_openstack.wrappers.network [-] CIDR generated: 1.1.4.136/30
2019-07-26 21:11:38.014 24802 RALLYDEBUG rally_openstack.wrappers.network [-] CIDR generated: 1.1.4.140/30
2019-07-26 21:11:38.051 24808 RALLYDEBUG rally_openstack.wrappers.network [-] CIDR generated: 1.1.4.144/30
2019-07-26 21:11:38.063 24815 RALLYDEBUG rally_openstack.wrappers.network [-] CIDR generated: 1.1.4.148/30
2019-07-26 21:11:38.086 24800 RALLYDEBUG rally_openstack.wrappers.network [-] CIDR generated: 1.1.4.152/30
2019-07-26 21:11:38.129 24841 RALLYDEBUG rally_openstack.wrappers.network [-] CIDR generated: 1.1.4.156/30
2019-07-26 21:11:38.257 24840 RALLYDEBUG rally_openstack.wrappers.network [-] CIDR generated: 1.1.4.160/30
2019-07-26 21:11:38.327 24799 RALLYDEBUG rally_openstack.wrappers.network [-] CIDR generated: 1.1.4.164/30
2019-07-26 21:11:38.371 24837 RALLYDEBUG rally_openstack.wrappers.network [-] CIDR generated: 1.1.4.168/30
2019-07-26 21:11:38.422 24813 RALLYDEBUG rally_openstack.wrappers.network [-] CIDR generated: 1.1.4.172/30
2019-07-26 21:11:42.578 24799 RALLYDEBUG rally_openstack.wrappers.network [-] CIDR generated: 1.1.4.176/30
2019-07-26 21:11:42.590 24799 RALLYDEBUG rally_openstack.wrappers.network [-] CIDR generated: 1.1.4.180/30
2019-07-26 21:11:42.851 24828 RALLYDEBUG rally_openstack.wrappers.network [-] CIDR generated: 1.1.4.184/30
2019-07-26 21:11:42.919 24822 RALLYDEBUG rally_openstack.wrappers.network [-] CIDR generated: 1.1.4.188/30
2019-07-26 21:11:43.212 24800 RALLYDEBUG rally_openstack.wrappers.network [-] CIDR generated: 1.1.4.192/30
2019-07-26 21:11:43.279 24808 RALLYDEBUG rally_openstack.wrappers.network [-] CIDR generated: 1.1.4.196/30
2019-07-26 21:11:43.292 24844 RALLYDEBUG rally_openstack.wrappers.network [-] CIDR generated: 1.1.4.200/30
2019-07-26 21:11:43.302 24801 RALLYDEBUG rally_openstack.wrappers.network [-] CIDR generated: 1.1.4.204/30
2019-07-26 21:11:43.315 24818 RALLYDEBUG rally_openstack.wrappers.network [-] CIDR generated: 1.1.4.208/30
2019-07-26 21:11:43.349 24815 RALLYDEBUG rally_openstack.wrappers.network [-] CIDR generated: 1.1.4.212/30
2019-07-26 21:11:43.352 24804 RALLYDEBUG rally_openstack.wrappers.network [-] CIDR generated: 1.1.4.216/30
2019-07-26 21:11:43.434 24834 RALLYDEBUG rally_openstack.wrappers.network [-] CIDR generated: 1.1.4.220/30
2019-07-26 21:11:43.452 24837 RALLYDEBUG rally_openstack.wrappers.network [-] CIDR generated: 1.1.4.224/30
2019-07-26 21:11:43.506 24813 RALLYDEBUG rally_openstack.wrappers.network [-] CIDR generated: 1.1.4.228/30
2019-07-26 21:11:43.549 24841 RALLYDEBUG rally_openstack.wrappers.network [-] CIDR generated: 1.1.4.232/30
2019-07-26 21:11:43.610 24800 RALLYDEBUG rally_openstack.wrappers.network [-] CIDR generated: 1.1.4.236/30
2019-07-26 21:11:43.681 24802 RALLYDEBUG rally_openstack.wrappers.network [-] CIDR generated: 1.1.4.240/30
2019-07-26 21:11:43.853 24801 RALLYDEBUG rally_openstack.wrappers.network [-] CIDR generated: 1.1.4.244/30
2019-07-26 21:11:43.861 24840 RALLYDEBUG rally_openstack.wrappers.network [-] CIDR generated: 1.1.4.248/30
2019-07-26 21:11:43.918 24802 RALLYDEBUG rally_openstack.wrappers.network [-] CIDR generated: 1.1.4.252/30
2019-07-26 21:11:48.324 24799 INFO rally.task.runner [-] Task 35fa45fd-0a55-4417-9293-7823d8a8c700 | ITER: 1 END: OK
2019-07-26 21:11:48.329 24799 INFO rally.task.runner [-] Task 35fa45fd-0a55-4417-9293-7823d8a8c700 | ITER: 21 START
2019-07-26 21:11:48.330 24799 WARNING rally_openstack.scenarios.neutron.utils [-] Running this scenario without either the 'network' or 'existing_network' context is deprecated
2019-07-26 21:11:48.752 24800 INFO rally.task.runner [-] Task 35fa45fd-0a55-4417-9293-7823d8a8c700 | ITER: 5 END: OK
2019-07-26 21:11:48.756 24800 INFO rally.task.runner [-] Task 35fa45fd-0a55-4417-9293-7823d8a8c700 | ITER: 22 START
2019-07-26 21:11:48.757 24800 WARNING rally_openstack.scenarios.neutron.utils [-] Running this scenario without either the 'network' or 'existing_network' context is deprecated
2019-07-26 21:11:48.954 24799 INFO rally.task.runner [-] Task 35fa45fd-0a55-4417-9293-7823d8a8c700 | ITER: 3 END: OK
2019-07-26 21:11:48.958 24799 INFO rally.task.runner [-] Task 35fa45fd-0a55-4417-9293-7823d8a8c700 | ITER: 23 START
2019-07-26 21:11:48.958 24799 WARNING rally_openstack.scenarios.neutron.utils [-] Running this scenario without either the 'network' or 'existing_network' context is deprecated
2019-07-26 21:11:49.204 24801 INFO rally.task.runner [-] Task 35fa45fd-0a55-4417-9293-7823d8a8c700 | ITER: 4 END: OK
2019-07-26 21:11:49.209 24801 INFO rally.task.runner [-] Task 35fa45fd-0a55-4417-9293-7823d8a8c700 | ITER: 24 START
2019-07-26 21:11:49.210 24801 WARNING rally_openstack.scenarios.neutron.utils [-] Running this scenario without either the 'network' or 'existing_network' context is deprecated
2019-07-26 21:11:49.351 24801 INFO rally.task.runner [-] Task 35fa45fd-0a55-4417-9293-7823d8a8c700 | ITER: 6 END: OK
2019-07-26 21:11:49.354 24801 INFO rally.task.runner [-] Task 35fa45fd-0a55-4417-9293-7823d8a8c700 | ITER: 25 START
2019-07-26 21:11:49.355 24801 WARNING rally_openstack.scenarios.neutron.utils [-] Running this scenario without either the 'network' or 'existing_network' context is deprecated
2019-07-26 21:11:49.574 24818 INFO rally.task.runner [-] Task 35fa45fd-0a55-4417-9293-7823d8a8c700 | ITER: 13 END: OK
2019-07-26 21:11:49.579 24818 INFO rally.task.runner [-] Task 35fa45fd-0a55-4417-9293-7823d8a8c700 | ITER: 26 START
2019-07-26 21:11:49.580 24818 WARNING rally_openstack.scenarios.neutron.utils [-] Running this scenario without either the 'network' or 'existing_network' context is deprecated
2019-07-26 21:11:49.680 24799 RALLYDEBUG rally_openstack.wrappers.network [-] CIDR generated: 1.1.5.0/30
2019-07-26 21:11:49.724 24828 INFO rally.task.runner [-] Task 35fa45fd-0a55-4417-9293-7823d8a8c700 | ITER: 15 END: OK
2019-07-26 21:11:49.729 24828 INFO rally.task.runner [-] Task 35fa45fd-0a55-4417-9293-7823d8a8c700 | ITER: 27 START
2019-07-26 21:11:49.729 24828 WARNING rally_openstack.scenarios.neutron.utils [-] Running this scenario without either the 'network' or 'existing_network' context is deprecated
2019-07-26 21:11:49.878 24802 INFO rally.task.runner [-] Task 35fa45fd-0a55-4417-9293-7823d8a8c700 | ITER: 9 END: OK
2019-07-26 21:11:49.882 24802 INFO rally.task.runner [-] Task 35fa45fd-0a55-4417-9293-7823d8a8c700 | ITER: 28 START
2019-07-26 21:11:49.882 24802 WARNING rally_openstack.scenarios.neutron.utils [-] Running this scenario without either the 'network' or 'existing_network' context is deprecated
2019-07-26 21:11:50.041 24802 INFO rally.task.runner [-] Task 35fa45fd-0a55-4417-9293-7823d8a8c700 | ITER: 7 END: OK
2019-07-26 21:11:50.045 24802 INFO rally.task.runner [-] Task 35fa45fd-0a55-4417-9293-7823d8a8c700 | ITER: 29 START
2019-07-26 21:11:50.046 24802 WARNING rally_openstack.scenarios.neutron.utils [-] Running this scenario without either the 'network' or 'existing_network' context is deprecated
2019-07-26 21:11:50.150 24800 RALLYDEBUG rally_openstack.wrappers.network [-] CIDR generated: 1.1.5.4/30
2019-07-26 21:11:50.160 24808 INFO rally.task.runner [-] Task 35fa45fd-0a55-4417-9293-7823d8a8c700 | ITER: 10 END: OK
2019-07-26 21:11:50.164 24808 INFO rally.task.runner [-] Task 35fa45fd-0a55-4417-9293-7823d8a8c700 | ITER: 30 START
2019-07-26 21:11:50.165 24808 WARNING rally_openstack.scenarios.neutron.utils [-] Running this scenario without either the 'network' or 'existing_network' context is deprecated
2019-07-26 21:11:50.348 24801 RALLYDEBUG rally_openstack.wrappers.network [-] CIDR generated: 1.1.5.8/30
2019-07-26 21:11:50.488 24837 INFO rally.task.runner [-] Task 35fa45fd-0a55-4417-9293-7823d8a8c700 | ITER: 17 END: OK
2019-07-26 21:11:50.492 24837 INFO rally.task.runner [-] Task 35fa45fd-0a55-4417-9293-7823d8a8c700 | ITER: 31 START
2019-07-26 21:11:50.493 24837 WARNING rally_openstack.scenarios.neutron.utils [-] Running this scenario without either the 'network' or 'existing_network' context is deprecated
2019-07-26 21:11:50.530 24799 RALLYDEBUG rally_openstack.wrappers.network [-] CIDR generated: 1.1.5.12/30
2019-07-26 21:11:50.923 24818 RALLYDEBUG rally_openstack.wrappers.network [-] CIDR generated: 1.1.5.16/30
2019-07-26 21:11:50.936 24834 INFO rally.task.runner [-] Task 35fa45fd-0a55-4417-9293-7823d8a8c700 | ITER: 16 END: OK
2019-07-26 21:11:50.941 24834 INFO rally.task.runner [-] Task 35fa45fd-0a55-4417-9293-7823d8a8c700 | ITER: 32 START
2019-07-26 21:11:50.941 24834 WARNING rally_openstack.scenarios.neutron.utils [-] Running this scenario without either the 'network' or 'existing_network' context is deprecated
2019-07-26 21:11:51.123 24800 INFO rally.task.runner [-] Task 35fa45fd-0a55-4417-9293-7823d8a8c700 | ITER: 2 END: OK
2019-07-26 21:11:51.127 24800 INFO rally.task.runner [-] Task 35fa45fd-0a55-4417-9293-7823d8a8c700 | ITER: 33 START
2019-07-26 21:11:51.128 24800 WARNING rally_openstack.scenarios.neutron.utils [-] Running this scenario without either the 'network' or 'existing_network' context is deprecated
2019-07-26 21:11:51.139 24828 RALLYDEBUG rally_openstack.wrappers.network [-] CIDR generated: 1.1.5.20/30
2019-07-26 21:11:51.200 24801 RALLYDEBUG rally_openstack.wrappers.network [-] CIDR generated: 1.1.5.24/30
2019-07-26 21:11:51.238 24802 RALLYDEBUG rally_openstack.wrappers.network [-] CIDR generated: 1.1.5.28/30
2019-07-26 21:11:51.540 24799 RALLYDEBUG rally_openstack.wrappers.network [-] CIDR generated: 1.1.5.32/30
2019-07-26 21:11:51.552 24844 INFO rally.task.runner [-] Task 35fa45fd-0a55-4417-9293-7823d8a8c700 | ITER: 20 END: OK
2019-07-26 21:11:51.556 24844 INFO rally.task.runner [-] Task 35fa45fd-0a55-4417-9293-7823d8a8c700 | ITER: 34 START
2019-07-26 21:11:51.557 24844 WARNING rally_openstack.scenarios.neutron.utils [-] Running this scenario without either the 'network' or 'existing_network' context is deprecated
2019-07-26 21:11:51.859 24802 RALLYDEBUG rally_openstack.wrappers.network [-] CIDR generated: 1.1.5.36/30
2019-07-26 21:11:51.940 24804 INFO rally.task.runner [-] Task 35fa45fd-0a55-4417-9293-7823d8a8c700 | ITER: 8 END: OK
2019-07-26 21:11:51.944 24804 INFO rally.task.runner [-] Task 35fa45fd-0a55-4417-9293-7823d8a8c700 | ITER: 35 START
2019-07-26 21:11:51.945 24804 WARNING rally_openstack.scenarios.neutron.utils [-] Running this scenario without either the 'network' or 'existing_network' context is deprecated
2019-07-26 21:11:52.093 24808 RALLYDEBUG rally_openstack.wrappers.network [-] CIDR generated: 1.1.5.40/30
2019-07-26 21:11:52.111 24813 INFO rally.task.runner [-] Task 35fa45fd-0a55-4417-9293-7823d8a8c700 | ITER: 12 END: OK
2019-07-26 21:11:52.115 24813 INFO rally.task.runner [-] Task 35fa45fd-0a55-4417-9293-7823d8a8c700 | ITER: 36 START
2019-07-26 21:11:52.116 24813 WARNING rally_openstack.scenarios.neutron.utils [-] Running this scenario without either the 'network' or 'existing_network' context is deprecated
2019-07-26 21:11:52.117 24837 RALLYDEBUG rally_openstack.wrappers.network [-] CIDR generated: 1.1.5.44/30
2019-07-26 21:11:52.366 24841 INFO rally.task.runner [-] Task 35fa45fd-0a55-4417-9293-7823d8a8c700 | ITER: 19 END: OK
2019-07-26 21:11:52.370 24841 INFO rally.task.runner [-] Task 35fa45fd-0a55-4417-9293-7823d8a8c700 | ITER: 37 START
2019-07-26 21:11:52.370 24841 WARNING rally_openstack.scenarios.neutron.utils [-] Running this scenario without either the 'network' or 'existing_network' context is deprecated
2019-07-26 21:11:52.398 24799 RALLYDEBUG rally_openstack.wrappers.network [-] CIDR generated: 1.1.5.48/30
2019-07-26 21:11:52.440 24822 INFO rally.task.runner [-] Task 35fa45fd-0a55-4417-9293-7823d8a8c700 | ITER: 14 END: OK
2019-07-26 21:11:52.444 24822 INFO rally.task.runner [-] Task 35fa45fd-0a55-4417-9293-7823d8a8c700 | ITER: 38 START
2019-07-26 21:11:52.444 24822 WARNING rally_openstack.scenarios.neutron.utils [-] Running this scenario without either the 'network' or 'existing_network' context is deprecated
2019-07-26 21:11:52.482 24815 INFO rally.task.runner [-] Task 35fa45fd-0a55-4417-9293-7823d8a8c700 | ITER: 11 END: OK
2019-07-26 21:11:52.486 24815 INFO rally.task.runner [-] Task 35fa45fd-0a55-4417-9293-7823d8a8c700 | ITER: 39 START
2019-07-26 21:11:52.486 24815 WARNING rally_openstack.scenarios.neutron.utils [-] Running this scenario without either the 'network' or 'existing_network' context is deprecated
2019-07-26 21:11:52.766 24800 RALLYDEBUG rally_openstack.wrappers.network [-] CIDR generated: 1.1.5.52/30
2019-07-26 21:11:52.829 24818 RALLYDEBUG rally_openstack.wrappers.network [-] CIDR generated: 1.1.5.56/30
2019-07-26 21:11:52.878 24801 RALLYDEBUG rally_openstack.wrappers.network [-] CIDR generated: 1.1.5.60/30
2019-07-26 21:11:53.011 24828 RALLYDEBUG rally_openstack.wrappers.network [-] CIDR generated: 1.1.5.64/30
2019-07-26 21:11:53.092 24840 INFO rally.task.runner [-] Task 35fa45fd-0a55-4417-9293-7823d8a8c700 | ITER: 18 END: OK
2019-07-26 21:11:53.096 24840 INFO rally.task.runner [-] Task 35fa45fd-0a55-4417-9293-7823d8a8c700 | ITER: 40 START
2019-07-26 21:11:53.096 24840 WARNING rally_openstack.scenarios.neutron.utils [-] Running this scenario without either the 'network' or 'existing_network' context is deprecated
2019-07-26 21:11:53.291 24800 RALLYDEBUG rally_openstack.wrappers.network [-] CIDR generated: 1.1.5.68/30
2019-07-26 21:11:53.543 24802 RALLYDEBUG rally_openstack.wrappers.network [-] CIDR generated: 1.1.5.72/30
2019-07-26 21:11:53.598 24844 RALLYDEBUG rally_openstack.wrappers.network [-] CIDR generated: 1.1.5.76/30
2019-07-26 21:11:54.231 24802 RALLYDEBUG rally_openstack.wrappers.network [-] CIDR generated: 1.1.5.80/30
2019-07-26 21:11:54.358 24808 RALLYDEBUG rally_openstack.wrappers.network [-] CIDR generated: 1.1.5.84/30
2019-07-26 21:11:54.585 24801 RALLYDEBUG rally_openstack.wrappers.network [-] CIDR generated: 1.1.5.88/30
2019-07-26 21:11:54.867 24804 RALLYDEBUG rally_openstack.wrappers.network [-] CIDR generated: 1.1.5.92/30
2019-07-26 21:11:54.911 24813 RALLYDEBUG rally_openstack.wrappers.network [-] CIDR generated: 1.1.5.96/30
2019-07-26 21:11:55.405 24822 RALLYDEBUG rally_openstack.wrappers.network [-] CIDR generated: 1.1.5.100/30
2019-07-26 21:11:55.449 24841 RALLYDEBUG rally_openstack.wrappers.network [-] CIDR generated: 1.1.5.104/30
2019-07-26 21:11:55.644 24815 RALLYDEBUG rally_openstack.wrappers.network [-] CIDR generated: 1.1.5.108/30
2019-07-26 21:11:55.674 24834 RALLYDEBUG rally_openstack.wrappers.network [-] CIDR generated: 1.1.5.112/30
2019-07-26 21:11:55.844 24800 RALLYDEBUG rally_openstack.wrappers.network [-] CIDR generated: 1.1.5.116/30
2019-07-26 21:11:55.892 24840 RALLYDEBUG rally_openstack.wrappers.network [-] CIDR generated: 1.1.5.120/30
2019-07-26 21:11:56.269 24837 RALLYDEBUG rally_openstack.wrappers.network [-] CIDR generated: 1.1.5.124/30
2019-07-26 21:11:56.931 24804 RALLYDEBUG rally_openstack.wrappers.network [-] CIDR generated: 1.1.5.128/30
2019-07-26 21:11:57.041 24844 RALLYDEBUG rally_openstack.wrappers.network [-] CIDR generated: 1.1.5.132/30
2019-07-26 21:11:57.303 24822 RALLYDEBUG rally_openstack.wrappers.network [-] CIDR generated: 1.1.5.136/30
2019-07-26 21:11:57.411 24813 RALLYDEBUG rally_openstack.wrappers.network [-] CIDR generated: 1.1.5.140/30
2019-07-26 21:11:58.196 24841 RALLYDEBUG rally_openstack.wrappers.network [-] CIDR generated: 1.1.5.144/30
2019-07-26 21:11:58.306 24799 INFO rally.task.runner [-] Task 35fa45fd-0a55-4417-9293-7823d8a8c700 | ITER: 21 END: OK
2019-07-26 21:11:58.465 24840 RALLYDEBUG rally_openstack.wrappers.network [-] CIDR generated: 1.1.5.148/30
2019-07-26 21:11:58.552 24834 RALLYDEBUG rally_openstack.wrappers.network [-] CIDR generated: 1.1.5.152/30
2019-07-26 21:11:58.831 24802 INFO rally.task.runner [-] Task 35fa45fd-0a55-4417-9293-7823d8a8c700 | ITER: 28 END: OK
2019-07-26 21:11:59.040 24818 INFO rally.task.runner [-] Task 35fa45fd-0a55-4417-9293-7823d8a8c700 | ITER: 26 END: OK
2019-07-26 21:11:59.200 24801 INFO rally.task.runner [-] Task 35fa45fd-0a55-4417-9293-7823d8a8c700 | ITER: 24 END: OK
2019-07-26 21:11:59.314 24815 RALLYDEBUG rally_openstack.wrappers.network [-] CIDR generated: 1.1.5.156/30
2019-07-26 21:11:59.480 24828 INFO rally.task.runner [-] Task 35fa45fd-0a55-4417-9293-7823d8a8c700 | ITER: 27 END: OK
2019-07-26 21:12:00.146 24799 INFO rally.task.runner [-] Task 35fa45fd-0a55-4417-9293-7823d8a8c700 | ITER: 23 END: OK
2019-07-26 21:12:00.215 24800 INFO rally.task.runner [-] Task 35fa45fd-0a55-4417-9293-7823d8a8c700 | ITER: 22 END: OK
2019-07-26 21:12:01.052 24802 INFO rally.task.runner [-] Task 35fa45fd-0a55-4417-9293-7823d8a8c700 | ITER: 29 END: OK
2019-07-26 21:12:01.415 24801 INFO rally.task.runner [-] Task 35fa45fd-0a55-4417-9293-7823d8a8c700 | ITER: 25 END: OK
2019-07-26 21:12:01.604 24840 INFO rally.task.runner [-] Task 35fa45fd-0a55-4417-9293-7823d8a8c700 | ITER: 40 END: OK
2019-07-26 21:12:01.990 24800 INFO rally.task.runner [-] Task 35fa45fd-0a55-4417-9293-7823d8a8c700 | ITER: 33 END: OK
2019-07-26 21:12:02.229 24844 INFO rally.task.runner [-] Task 35fa45fd-0a55-4417-9293-7823d8a8c700 | ITER: 34 END: OK
2019-07-26 21:12:03.197 24804 INFO rally.task.runner [-] Task 35fa45fd-0a55-4417-9293-7823d8a8c700 | ITER: 35 END: OK
2019-07-26 21:12:03.269 24822 INFO rally.task.runner [-] Task 35fa45fd-0a55-4417-9293-7823d8a8c700 | ITER: 38 END: OK
2019-07-26 21:12:03.723 24841 INFO rally.task.runner [-] Task 35fa45fd-0a55-4417-9293-7823d8a8c700 | ITER: 37 END: OK
2019-07-26 21:12:03.857 24837 INFO rally.task.runner [-] Task 35fa45fd-0a55-4417-9293-7823d8a8c700 | ITER: 31 END: OK
2019-07-26 21:12:03.930 24808 INFO rally.task.runner [-] Task 35fa45fd-0a55-4417-9293-7823d8a8c700 | ITER: 30 END: OK
2019-07-26 21:12:03.957 24834 INFO rally.task.runner [-] Task 35fa45fd-0a55-4417-9293-7823d8a8c700 | ITER: 32 END: OK
2019-07-26 21:12:05.070 24813 INFO rally.task.runner [-] Task 35fa45fd-0a55-4417-9293-7823d8a8c700 | ITER: 36 END: OK
2019-07-26 21:12:05.654 24815 INFO rally.task.runner [-] Task 35fa45fd-0a55-4417-9293-7823d8a8c700 | ITER: 39 END: OK
2019-07-26 21:12:05.677 22705 INFO rally.task.context [-] Task 35fa45fd-0a55-4417-9293-7823d8a8c700 | Context cleanup@openstack cleanup() started
2019-07-26 21:12:05.680 22705 RALLYDEBUG rally_openstack.cleanup.manager [-] Cleaning up neutron vip objects
2019-07-26 21:12:06.479 22705 RALLYDEBUG rally_openstack.cleanup.manager [-] Cleaning up neutron health_monitor objects
2019-07-26 21:12:07.514 22705 RALLYDEBUG rally_openstack.cleanup.manager [-] Cleaning up neutron pool objects
2019-07-26 21:12:08.391 22705 RALLYDEBUG rally_openstack.cleanup.manager [-] Cleaning up neutron loadbalancer objects
2019-07-26 21:12:09.282 22705 RALLYDEBUG rally_openstack.cleanup.manager [-] Cleaning up neutron floatingip objects
2019-07-26 21:12:10.034 22705 RALLYDEBUG rally_openstack.cleanup.manager [-] Cleaning up neutron port objects
2019-07-26 21:12:10.935 22705 RALLYDEBUG rally_openstack.cleanup.manager [-] Cleaning up neutron subnet objects
2019-07-26 21:12:11.877 22705 RALLYDEBUG rally_openstack.cleanup.manager [-] Cleaning up neutron network objects
2019-07-26 21:12:12.825 22705 RALLYDEBUG rally_openstack.cleanup.manager [-] Deleting neutron.network object s_rally_e54bb312_1MxvSR0K (00776508-ca82-4e50-9444-fa32ea46c08d)
2019-07-26 21:12:12.837 22705 RALLYDEBUG rally_openstack.cleanup.manager [-] Deleting neutron.network object s_rally_e54bb312_pGPgoFLY (01027d02-4db2-47e8-a8aa-cdb42af0169b)
2019-07-26 21:12:12.844 22705 RALLYDEBUG rally_openstack.cleanup.manager [-] Deleting neutron.network object s_rally_e54bb312_r5IeQc1U (03b038f5-f730-4772-99e3-9aead936fd07)
2019-07-26 21:12:12.847 22705 RALLYDEBUG rally_openstack.cleanup.manager [-] Deleting neutron.network object s_rally_e54bb312_tkreLE80 (0af426b3-072a-4100-941c-b5a16131ce97)
2019-07-26 21:12:12.854 22705 RALLYDEBUG rally_openstack.cleanup.manager [-] Deleting neutron.network object s_rally_e54bb312_D6AUNyAk (05ce9e53-c5f1-4d49-b257-d7bc1438eac4)
2019-07-26 21:12:12.855 22705 RALLYDEBUG rally_openstack.cleanup.manager [-] Deleting neutron.network object s_rally_e54bb312_4OFO2Nw4 (0b457506-a2f1-40a0-9322-6d31b3f1ab2d)
2019-07-26 21:12:12.871 22705 RALLYDEBUG rally_openstack.cleanup.manager [-] Deleting neutron.network object s_rally_e54bb312_RRh1B61X (136a0d46-5a90-47d6-866d-bb5e15d14b51)
2019-07-26 21:12:12.883 22705 RALLYDEBUG rally_openstack.cleanup.manager [-] Deleting neutron.network object s_rally_e54bb312_3QJmcZO6 (226accd4-c7c2-44ce-a8f7-98e1e2cc5e89)
2019-07-26 21:12:12.892 22705 RALLYDEBUG rally_openstack.cleanup.manager [-] Deleting neutron.network object s_rally_e54bb312_qlnOBCs6 (2365b940-a971-455c-8877-64e405a94fd1)
2019-07-26 21:12:12.911 22705 RALLYDEBUG rally_openstack.cleanup.manager [-] Deleting neutron.network object s_rally_e54bb312_yubK6T3S (23d8dc60-6888-495e-a427-d8a25fbbd20b)
2019-07-26 21:12:12.936 22705 RALLYDEBUG rally_openstack.cleanup.manager [-] Deleting neutron.network object s_rally_e54bb312_uhEhWYPy (287f88ab-f575-4e9e-a17f-4f144b322ef0)
2019-07-26 21:12:12.940 22705 RALLYDEBUG rally_openstack.cleanup.manager [-] Deleting neutron.network object s_rally_e54bb312_1iicSNzS (3a869d5b-aae6-442f-9f8c-018038b52456)
2019-07-26 21:12:12.952 22705 RALLYDEBUG rally_openstack.cleanup.manager [-] Deleting neutron.network object s_rally_e54bb312_GiNInBdp (3cc84136-3f1f-4b01-9781-0a053c1e28ed)
2019-07-26 21:12:12.971 22705 RALLYDEBUG rally_openstack.cleanup.manager [-] Deleting neutron.network object s_rally_e54bb312_hB3JWMbI (3dec9fdd-6f40-4a39-b13f-67cb8f10943e)
2019-07-26 21:12:12.988 22705 RALLYDEBUG rally_openstack.cleanup.manager [-] Deleting neutron.network object s_rally_e54bb312_bYxAWkkH (4e902842-5c97-4215-9d2b-3bf9577cd89d)
2019-07-26 21:12:12.998 22705 RALLYDEBUG rally_openstack.cleanup.manager [-] Deleting neutron.network object s_rally_e54bb312_i6dXXTAt (4f5962a2-0203-42c1-bfac-ce6d4c609857)
2019-07-26 21:12:13.011 22705 RALLYDEBUG rally_openstack.cleanup.manager [-] Deleting neutron.network object s_rally_e54bb312_xudSajvS (4e92fa52-3291-4abf-9fb2-2e060ae0d944)
2019-07-26 21:12:13.028 22705 RALLYDEBUG rally_openstack.cleanup.manager [-] Deleting neutron.network object s_rally_e54bb312_IyhhImxr (5f8ff304-5ace-45fd-8ec0-f1ebbe75fab6)
2019-07-26 21:12:13.035 22705 RALLYDEBUG rally_openstack.cleanup.manager [-] Deleting neutron.network object s_rally_e54bb312_D3AGC8XN (6164caa1-5bc2-4220-b696-6da02c83dc54)
2019-07-26 21:12:13.043 22705 RALLYDEBUG rally_openstack.cleanup.manager [-] Deleting neutron.network object s_rally_e54bb312_vYn3H1Qz (6647d13f-6d72-4fed-97fb-c2c0ba8a7b70)
2019-07-26 21:12:15.726 22705 RALLYDEBUG rally_openstack.cleanup.manager [-] Deleting neutron.network object s_rally_e54bb312_1wbohP5d (677c10a6-1968-4b4d-af3b-a722635cd6ff)
2019-07-26 21:12:15.747 22705 RALLYDEBUG rally_openstack.cleanup.manager [-] Deleting neutron.network object s_rally_e54bb312_Ij4dwcJp (699351e2-1584-47d0-807e-5f80cbdf4b19)
2019-07-26 21:12:15.870 22705 RALLYDEBUG rally_openstack.cleanup.manager [-] Deleting neutron.network object s_rally_e54bb312_LeSwuiim (720535fb-e017-4787-b590-d00ea8c5e95c)
2019-07-26 21:12:15.977 22705 RALLYDEBUG rally_openstack.cleanup.manager [-] Deleting neutron.network object s_rally_e54bb312_SBDFhoKi (897aa4ad-c286-4766-988e-46be51016cc4)
2019-07-26 21:12:16.133 22705 RALLYDEBUG rally_openstack.cleanup.manager [-] Deleting neutron.network object s_rally_e54bb312_p8lTmpwf (a75534da-e53f-4529-a5fc-2a55b3c15d2e)
2019-07-26 21:12:16.211 22705 RALLYDEBUG rally_openstack.cleanup.manager [-] Deleting neutron.network object s_rally_e54bb312_Uccgceeb (ab9c8b1a-79f1-4df8-b4ab-51aed5cf6e26)
2019-07-26 21:12:16.230 22705 RALLYDEBUG rally_openstack.cleanup.manager [-] Deleting neutron.network object s_rally_e54bb312_E9oaB1Vw (ac2a296f-6670-410a-9c07-c291273a63ce)
2019-07-26 21:12:16.311 22705 RALLYDEBUG rally_openstack.cleanup.manager [-] Deleting neutron.network object s_rally_e54bb312_ZEbG0ef0 (ba3cc82a-8587-42ab-90a5-11a263829471)
2019-07-26 21:12:16.315 22705 RALLYDEBUG rally_openstack.cleanup.manager [-] Deleting neutron.network object s_rally_e54bb312_nbEZx7Ob (bb241fbd-fec4-4cf7-b30e-d81b7cb52be2)
2019-07-26 21:12:16.333 22705 RALLYDEBUG rally_openstack.cleanup.manager [-] Deleting neutron.network object s_rally_e54bb312_GGNSZ8xg (c190415b-e1d5-4b72-969f-e3dc8cdf3f24)
2019-07-26 21:12:16.342 22705 RALLYDEBUG rally_openstack.cleanup.manager [-] Deleting neutron.network object s_rally_e54bb312_hzcDgjE8 (c1f87933-5a19-49d9-81f4-93f1cc790847)
2019-07-26 21:12:16.364 22705 RALLYDEBUG rally_openstack.cleanup.manager [-] Deleting neutron.network object s_rally_e54bb312_zzIerqGg (c84fb650-5cdf-4a29-be40-912e44c1b5c1)
2019-07-26 21:12:16.378 22705 RALLYDEBUG rally_openstack.cleanup.manager [-] Deleting neutron.network object s_rally_e54bb312_wE0jJaTO (cce9bcc7-56ae-4e88-9959-0d214a824747)
2019-07-26 21:12:16.400 22705 RALLYDEBUG rally_openstack.cleanup.manager [-] Deleting neutron.network object s_rally_e54bb312_DlbI7tCc (d28bf27c-1eda-4c49-ae9f-400a4fb2c7ae)
2019-07-26 21:12:16.422 22705 RALLYDEBUG rally_openstack.cleanup.manager [-] Deleting neutron.network object s_rally_e54bb312_xSBhXu97 (d3e75c10-94ed-4bcd-8b9e-83c03747b2b5)
2019-07-26 21:12:16.764 22705 RALLYDEBUG rally_openstack.cleanup.manager [-] Deleting neutron.network object s_rally_e54bb312_erbjNnTf (d588b5c9-cbaf-4526-a396-14b01c5df24c)
2019-07-26 21:12:16.792 22705 RALLYDEBUG rally_openstack.cleanup.manager [-] Deleting neutron.network object s_rally_e54bb312_vm7OSgJX (eaf2187a-0654-4603-8b9a-03fb2ce8de0b)
2019-07-26 21:12:16.797 22705 RALLYDEBUG rally_openstack.cleanup.manager [-] Deleting neutron.network object s_rally_e54bb312_a9TljhlO (e5602c5e-a3e5-4db2-9e94-13f55ae82df0)
2019-07-26 21:12:16.896 22705 RALLYDEBUG rally_openstack.cleanup.manager [-] Deleting neutron.network object s_rally_e54bb312_LtRPcGDl (ef2035cc-eb75-44f8-a0e2-c805db5f3ed0)
2019-07-26 21:12:16.913 22705 RALLYDEBUG rally_openstack.cleanup.manager [-] Deleting neutron.network object s_rally_e54bb312_NUm1z30S (ffc4ce6e-b011-4236-be8e-44ddcd6e15a1)
2019-07-26 21:12:20.832 22705 RALLYDEBUG rally_openstack.cleanup.manager [-] Cleaning up neutron router objects
2019-07-26 21:12:21.980 22705 RALLYDEBUG rally_openstack.cleanup.manager [-] Cleaning up neutron security_group objects
2019-07-26 21:12:22.794 22705 INFO rally.task.context [-] Task 35fa45fd-0a55-4417-9293-7823d8a8c700 | Context cleanup@openstack cleanup() finished in 17.12 sec
2019-07-26 21:12:22.794 22705 INFO rally.task.context [-] Task 35fa45fd-0a55-4417-9293-7823d8a8c700 | Context quotas@openstack cleanup() started
2019-07-26 21:12:23.121 22705 INFO rally.task.context [-] Task 35fa45fd-0a55-4417-9293-7823d8a8c700 | Context quotas@openstack cleanup() finished in 0.33 sec
2019-07-26 21:12:23.122 22705 INFO rally.task.context [-] Task 35fa45fd-0a55-4417-9293-7823d8a8c700 | Context users@openstack cleanup() started
2019-07-26 21:12:28.232 22705 INFO rally.task.context [-] Task 35fa45fd-0a55-4417-9293-7823d8a8c700 | Context users@openstack cleanup() finished in 5.11 sec
2019-07-26 21:12:29.461 22705 INFO rally.task.engine [-] Load duration is: 29.905975
2019-07-26 21:12:29.461 22705 INFO rally.task.engine [-] Full runner duration is: 29.957051
2019-07-26 21:12:29.461 22705 INFO rally.task.engine [-] Full duration is: 58.99622
2019-07-26 21:12:29.713 22705 INFO rally.task.engine [-] Running workload: position = 0 config = { "version": 2, "title": "A cropped version of a bigger task.", "description": "Auto-generated task from a single workload (uuid=400a6e7a-1307-4deb-ad41-6a65740476bf)", "subtasks": [ { "title": "NeutronNetworks.create_and_list_routers", "description": "Create and a given number of routers and list all routers.", "scenario": { "NeutronNetworks.create_and_list_routers": { "network_create_args": null, "subnet_create_args": null, "subnet_cidr_start": "1.1.0.0/30", "subnets_per_network": 2, "router_create_args": null } }, "contexts": { "users": { "tenants": 1, "users_per_tenant": 1 }, "quotas": { "neutron": { "network": -1, "subnet": -1, "router": -1 } } }, "runner": { "constant": { "times": 40, "concurrency": 20 } }, "hooks": [], "sla": { "failure_rate": { "max": 0 } } } ] }
2019-07-26 21:12:29.738 22705 RALLYDEBUG rally_openstack.contexts.keystone.users [-] Creating 1 tenants using 20 threads
2019-07-26 21:12:31.646 22705 RALLYDEBUG rally_openstack.contexts.keystone.users [-] Creating 1 users using 20 threads
2019-07-26 21:12:34.518 22705 INFO rally.task.context [-] Task 35fa45fd-0a55-4417-9293-7823d8a8c700 | Context users@openstack setup() finished in 4.78 sec
2019-07-26 21:12:35.336 22705 INFO rally.task.context [-] Task 35fa45fd-0a55-4417-9293-7823d8a8c700 | Context quotas@openstack setup() finished in 0.82 sec
2019-07-26 21:12:35.336 22705 INFO rally.task.context [-] Task 35fa45fd-0a55-4417-9293-7823d8a8c700 | Context cleanup@openstack setup() finished in 0.01 msec
2019-07-26 21:12:35.344 22705 RALLYDEBUG rally.task.runner [-] Starting the constant runner (task UUID: 35fa45fd-0a55-4417-9293-7823d8a8c700). timeout: 0 concurrency: 20 concurrency_per_worker: 1 times: 40 concurrency_overhead: 4 processes_to_start: 16 max_cpu_used: 16
2019-07-26 21:12:35.357 25169 RALLYDEBUG rally.task.runner [-] Starting a worker. concurrency: 2 args: {"network_create_args": null, "subnet_create_args": null, "subnet_cidr_start": "1.1.0.0/30", "subnets_per_network": 2, "router_create_args": null} times: 40 method_name: run timeout: 0 duration: None cls:
2019-07-26 21:12:35.361 25170 RALLYDEBUG rally.task.runner [-] Starting a worker. concurrency: 2 args: {"network_create_args": null, "subnet_create_args": null, "subnet_cidr_start": "1.1.0.0/30", "subnets_per_network": 2, "router_create_args": null} times: 40 method_name: run timeout: 0 duration: None cls:
2019-07-26 21:12:35.363 25171 RALLYDEBUG rally.task.runner [-] Starting a worker. concurrency: 2 args: {"network_create_args": null, "subnet_create_args": null, "subnet_cidr_start": "1.1.0.0/30", "subnets_per_network": 2, "router_create_args": null} times: 40 method_name: run timeout: 0 duration: None cls:
2019-07-26 21:12:35.363 25169 INFO rally.task.runner [-] Task 35fa45fd-0a55-4417-9293-7823d8a8c700 | ITER: 1 START
2019-07-26 21:12:35.366 25172 RALLYDEBUG rally.task.runner [-] Starting a worker. concurrency: 2 args: {"network_create_args": null, "subnet_create_args": null, "subnet_cidr_start": "1.1.0.0/30", "subnets_per_network": 2, "router_create_args": null} times: 40 method_name: run timeout: 0 duration: None cls:
2019-07-26 21:12:35.368 25171 INFO rally.task.runner [-] Task 35fa45fd-0a55-4417-9293-7823d8a8c700 | ITER: 4 START
2019-07-26 21:12:35.369 25169 INFO rally.task.runner [-] Task 35fa45fd-0a55-4417-9293-7823d8a8c700 | ITER: 2 START
2019-07-26 21:12:35.371 25170 INFO rally.task.runner [-] Task 35fa45fd-0a55-4417-9293-7823d8a8c700 | ITER: 3 START
2019-07-26 21:12:35.371 25174 RALLYDEBUG rally.task.runner [-] Starting a worker. concurrency: 1 args: {"network_create_args": null, "subnet_create_args": null, "subnet_cidr_start": "1.1.0.0/30", "subnets_per_network": 2, "router_create_args": null} times: 40 method_name: run timeout: 0 duration: None cls:
2019-07-26 21:12:35.375 25172 INFO rally.task.runner [-] Task 35fa45fd-0a55-4417-9293-7823d8a8c700 | ITER: 6 START
2019-07-26 21:12:35.375 25182 RALLYDEBUG rally.task.runner [-] Starting a worker. concurrency: 1 args: {"network_create_args": null, "subnet_create_args": null, "subnet_cidr_start": "1.1.0.0/30", "subnets_per_network": 2, "router_create_args": null} times: 40 method_name: run timeout: 0 duration: None cls:
2019-07-26 21:12:35.375 25176 RALLYDEBUG rally.task.runner [-] Starting a worker. concurrency: 1 args: {"network_create_args": null, "subnet_create_args": null, "subnet_cidr_start": "1.1.0.0/30", "subnets_per_network": 2, "router_create_args": null} times: 40 method_name: run timeout: 0 duration: None cls:
2019-07-26 21:12:35.379 25174 INFO rally.task.runner [-] Task 35fa45fd-0a55-4417-9293-7823d8a8c700 | ITER: 9 START
2019-07-26 21:12:35.376 25172 INFO rally.task.runner [-] Task 35fa45fd-0a55-4417-9293-7823d8a8c700 | ITER: 8 START
2019-07-26 21:12:35.379 25182 INFO rally.task.runner [-] Task 35fa45fd-0a55-4417-9293-7823d8a8c700 | ITER: 10 START
2019-07-26 21:12:35.381 25170 INFO rally.task.runner [-] Task 35fa45fd-0a55-4417-9293-7823d8a8c700 | ITER: 5 START
2019-07-26 21:12:35.381 25185 RALLYDEBUG rally.task.runner [-] Starting a worker. concurrency: 1 args: {"network_create_args": null, "subnet_create_args": null, "subnet_cidr_start": "1.1.0.0/30", "subnets_per_network": 2, "router_create_args": null} times: 40 method_name: run timeout: 0 duration: None cls:
2019-07-26 21:12:35.382 25176 INFO rally.task.runner [-] Task 35fa45fd-0a55-4417-9293-7823d8a8c700 | ITER: 11 START
2019-07-26 21:12:35.382 25188 RALLYDEBUG rally.task.runner [-] Starting a worker. concurrency: 1 args: {"network_create_args": null, "subnet_create_args": null, "subnet_cidr_start": "1.1.0.0/30", "subnets_per_network": 2, "router_create_args": null} times: 40 method_name: run timeout: 0 duration: None cls:
2019-07-26 21:12:35.382 25190 RALLYDEBUG rally.task.runner [-] Starting a worker. concurrency: 1 args: {"network_create_args": null, "subnet_create_args": null, "subnet_cidr_start": "1.1.0.0/30", "subnets_per_network": 2, "router_create_args": null} times: 40 method_name: run timeout: 0 duration: None cls:
2019-07-26 21:12:35.387 25171 INFO rally.task.runner [-] Task 35fa45fd-0a55-4417-9293-7823d8a8c700 | ITER: 7 START
2019-07-26 21:12:35.387 25190 INFO rally.task.runner [-] Task 35fa45fd-0a55-4417-9293-7823d8a8c700 | ITER: 14 START
2019-07-26 21:12:35.387 25185 INFO rally.task.runner [-] Task 35fa45fd-0a55-4417-9293-7823d8a8c700 | ITER: 12 START
2019-07-26 21:12:35.389 25188 INFO rally.task.runner [-] Task 35fa45fd-0a55-4417-9293-7823d8a8c700 | ITER: 13 START
2019-07-26 21:12:35.391 25194 RALLYDEBUG rally.task.runner [-] Starting a worker. concurrency: 1 args: {"network_create_args": null, "subnet_create_args": null, "subnet_cidr_start": "1.1.0.0/30", "subnets_per_network": 2, "router_create_args": null} times: 40 method_name: run timeout: 0 duration: None cls:
2019-07-26 21:12:35.393 25197 RALLYDEBUG rally.task.runner [-] Starting a worker. concurrency: 1 args: {"network_create_args": null, "subnet_create_args": null, "subnet_cidr_start": "1.1.0.0/30", "subnets_per_network": 2, "router_create_args": null} times: 40 method_name: run timeout: 0 duration: None cls:
2019-07-26 21:12:35.397 25194 INFO rally.task.runner [-] Task 35fa45fd-0a55-4417-9293-7823d8a8c700 | ITER: 15 START
2019-07-26 21:12:35.398 25205 RALLYDEBUG rally.task.runner [-] Starting a worker. concurrency: 1 args: {"network_create_args": null, "subnet_create_args": null, "subnet_cidr_start": "1.1.0.0/30", "subnets_per_network": 2, "router_create_args": null} times: 40 method_name: run timeout: 0 duration: None cls:
2019-07-26 21:12:35.402 25205 INFO rally.task.runner [-] Task 35fa45fd-0a55-4417-9293-7823d8a8c700 | ITER: 17 START
2019-07-26 21:12:35.404 25197 INFO rally.task.runner [-] Task 35fa45fd-0a55-4417-9293-7823d8a8c700 | ITER: 16 START
2019-07-26 21:12:35.406 25209 RALLYDEBUG rally.task.runner [-] Starting a worker. concurrency: 1 args: {"network_create_args": null, "subnet_create_args": null, "subnet_cidr_start": "1.1.0.0/30", "subnets_per_network": 2, "router_create_args": null} times: 40 method_name: run timeout: 0 duration: None cls:
2019-07-26 21:12:35.412 25209 INFO rally.task.runner [-] Task 35fa45fd-0a55-4417-9293-7823d8a8c700 | ITER: 18 START
2019-07-26 21:12:35.417 25213 RALLYDEBUG rally.task.runner [-] Starting a worker. concurrency: 1 args: {"network_create_args": null, "subnet_create_args": null, "subnet_cidr_start": "1.1.0.0/30", "subnets_per_network": 2, "router_create_args": null} times: 40 method_name: run timeout: 0 duration: None cls:
2019-07-26 21:12:35.420 25216 RALLYDEBUG rally.task.runner [-] Starting a worker. concurrency: 1 args: {"network_create_args": null, "subnet_create_args": null, "subnet_cidr_start": "1.1.0.0/30", "subnets_per_network": 2, "router_create_args": null} times: 40 method_name: run timeout: 0 duration: None cls:
2019-07-26 21:12:35.423 25213 INFO rally.task.runner [-] Task 35fa45fd-0a55-4417-9293-7823d8a8c700 | ITER: 19 START
2019-07-26 21:12:35.425 25216 INFO rally.task.runner [-] Task 35fa45fd-0a55-4417-9293-7823d8a8c700 | ITER: 20 START
2019-07-26 21:12:37.208 25170 RALLYDEBUG rally_openstack.wrappers.network [-] CIDR generated: 1.1.5.160/30
2019-07-26 21:12:37.226 25194 RALLYDEBUG rally_openstack.wrappers.network [-] CIDR generated: 1.1.5.164/30
2019-07-26 21:12:37.274 25197 RALLYDEBUG rally_openstack.wrappers.network [-] CIDR generated: 1.1.5.168/30
2019-07-26 21:12:37.326 25185 RALLYDEBUG rally_openstack.wrappers.network [-] CIDR generated: 1.1.5.172/30
2019-07-26 21:12:37.399 25176 RALLYDEBUG rally_openstack.wrappers.network [-] CIDR generated: 1.1.5.176/30
2019-07-26 21:12:37.453 25174 RALLYDEBUG rally_openstack.wrappers.network [-] CIDR generated: 1.1.5.180/30
2019-07-26 21:12:37.525 25169 RALLYDEBUG rally_openstack.wrappers.network [-] CIDR generated: 1.1.5.184/30
2019-07-26 21:12:37.596 25169 RALLYDEBUG rally_openstack.wrappers.network [-] CIDR generated: 1.1.5.188/30
2019-07-26 21:12:37.608 25170 RALLYDEBUG rally_openstack.wrappers.network [-] CIDR generated: 1.1.5.192/30
2019-07-26 21:12:37.650 25172 RALLYDEBUG rally_openstack.wrappers.network [-] CIDR generated: 1.1.5.196/30
2019-07-26 21:12:37.668 25205 RALLYDEBUG rally_openstack.wrappers.network [-] CIDR generated: 1.1.5.200/30
2019-07-26 21:12:37.681 25209 RALLYDEBUG rally_openstack.wrappers.network [-] CIDR generated: 1.1.5.204/30
2019-07-26 21:12:37.693 25190 RALLYDEBUG rally_openstack.wrappers.network [-] CIDR generated: 1.1.5.208/30
2019-07-26 21:12:37.704 25213 RALLYDEBUG rally_openstack.wrappers.network [-] CIDR generated: 1.1.5.212/30
2019-07-26 21:12:37.741 25171 RALLYDEBUG rally_openstack.wrappers.network [-] CIDR generated: 1.1.5.216/30
2019-07-26 21:12:37.760 25171 RALLYDEBUG rally_openstack.wrappers.network [-] CIDR generated: 1.1.5.220/30
2019-07-26 21:12:37.816 25172 RALLYDEBUG rally_openstack.wrappers.network [-] CIDR generated: 1.1.5.224/30
2019-07-26 21:12:37.816 25188 RALLYDEBUG rally_openstack.wrappers.network [-] CIDR generated: 1.1.5.228/30
2019-07-26 21:12:38.119 25182 RALLYDEBUG rally_openstack.wrappers.network [-] CIDR generated: 1.1.5.232/30
2019-07-26 21:12:38.120 25216 RALLYDEBUG rally_openstack.wrappers.network [-] CIDR generated: 1.1.5.236/30
2019-07-26 21:12:39.188 25213 RALLYDEBUG rally_openstack.wrappers.network [-] CIDR generated: 1.1.5.240/30
2019-07-26 21:12:39.417 25170 RALLYDEBUG rally_openstack.wrappers.network [-] CIDR generated: 1.1.5.244/30
2019-07-26 21:12:39.440 25190 RALLYDEBUG rally_openstack.wrappers.network [-] CIDR generated: 1.1.5.248/30
2019-07-26 21:12:39.503 25197 RALLYDEBUG rally_openstack.wrappers.network [-] CIDR generated: 1.1.5.252/30
2019-07-26 21:12:39.589 25169 RALLYDEBUG rally_openstack.wrappers.network [-] CIDR generated: 1.1.6.0/30
2019-07-26 21:12:39.744 25172 RALLYDEBUG rally_openstack.wrappers.network [-] CIDR generated: 1.1.6.4/30
2019-07-26 21:12:39.754 25185 RALLYDEBUG rally_openstack.wrappers.network [-] CIDR generated: 1.1.6.8/30
2019-07-26 21:12:40.028 25171 RALLYDEBUG rally_openstack.wrappers.network [-] CIDR generated: 1.1.6.12/30
2019-07-26 21:12:40.309 25174 RALLYDEBUG rally_openstack.wrappers.network [-] CIDR generated: 1.1.6.16/30
2019-07-26 21:12:40.542 25171 RALLYDEBUG rally_openstack.wrappers.network [-] CIDR generated: 1.1.6.20/30
2019-07-26 21:12:41.380 25176 RALLYDEBUG rally_openstack.wrappers.network [-] CIDR generated: 1.1.6.24/30
2019-07-26 21:12:41.634 25182 RALLYDEBUG rally_openstack.wrappers.network [-] CIDR generated: 1.1.6.28/30
2019-07-26 21:12:41.693 25194 RALLYDEBUG rally_openstack.wrappers.network [-] CIDR generated: 1.1.6.32/30
2019-07-26 21:12:42.401 25172 RALLYDEBUG rally_openstack.wrappers.network [-] CIDR generated: 1.1.6.36/30
2019-07-26 21:12:42.536 25170 RALLYDEBUG rally_openstack.wrappers.network [-] CIDR generated: 1.1.6.40/30
2019-07-26 21:12:42.541 25169 RALLYDEBUG rally_openstack.wrappers.network [-] CIDR generated: 1.1.6.44/30
2019-07-26 21:12:42.641 25205 RALLYDEBUG rally_openstack.wrappers.network [-] CIDR generated: 1.1.6.48/30
2019-07-26 21:12:42.647 25209 RALLYDEBUG rally_openstack.wrappers.network [-] CIDR generated: 1.1.6.52/30
2019-07-26 21:12:42.824 25188 RALLYDEBUG rally_openstack.wrappers.network [-] CIDR generated: 1.1.6.56/30
2019-07-26 21:12:42.935 25216 RALLYDEBUG rally_openstack.wrappers.network [-] CIDR generated: 1.1.6.60/30
2019-07-26 21:13:08.945 25185 INFO rally.task.runner [-] Task 35fa45fd-0a55-4417-9293-7823d8a8c700 | ITER: 12 END: OK
2019-07-26 21:13:08.951 25185 INFO rally.task.runner [-] Task 35fa45fd-0a55-4417-9293-7823d8a8c700 | ITER: 21 START
2019-07-26 21:13:10.197 25185 RALLYDEBUG rally_openstack.wrappers.network [-] CIDR generated: 1.1.6.64/30
2019-07-26 21:13:11.136 25169 INFO rally.task.runner [-] Task 35fa45fd-0a55-4417-9293-7823d8a8c700 | ITER: 1 END: OK
2019-07-26 21:13:11.142 25169 INFO rally.task.runner [-] Task 35fa45fd-0a55-4417-9293-7823d8a8c700 | ITER: 22 START
2019-07-26 21:13:11.451 25170 INFO rally.task.runner [-] Task 35fa45fd-0a55-4417-9293-7823d8a8c700 | ITER: 5 END: OK
2019-07-26 21:13:11.458 25170 INFO rally.task.runner [-] Task 35fa45fd-0a55-4417-9293-7823d8a8c700 | ITER: 23 START
2019-07-26 21:13:11.903 25171 INFO rally.task.runner [-] Task 35fa45fd-0a55-4417-9293-7823d8a8c700 | ITER: 4 END: OK
2019-07-26 21:13:11.909 25171 INFO rally.task.runner [-] Task 35fa45fd-0a55-4417-9293-7823d8a8c700 | ITER: 24 START
2019-07-26 21:13:12.322 25185 RALLYDEBUG rally_openstack.wrappers.network [-] CIDR generated: 1.1.6.68/30
2019-07-26 21:13:12.469 25169 RALLYDEBUG rally_openstack.wrappers.network [-] CIDR generated: 1.1.6.72/30
2019-07-26 21:13:12.685 25170 RALLYDEBUG rally_openstack.wrappers.network [-] CIDR generated: 1.1.6.76/30
