2019-07-26 21:26:55.206 26980 WARNING rally_openstack.scenarios.neutron.utils [-] Running this scenario without either the 'network' or 'existing_network' context is deprecated
2019-07-26 21:26:55.859 26970 INFO rally.task.runner [-] Task 35fa45fd-0a55-4417-9293-7823d8a8c700 | ITER: 14 END: OK
2019-07-26 21:26:55.863 26970 INFO rally.task.runner [-] Task 35fa45fd-0a55-4417-9293-7823d8a8c700 | ITER: 40 START
2019-07-26 21:26:55.864 26970 WARNING rally_openstack.scenarios.neutron.utils [-] Running this scenario without either the 'network' or 'existing_network' context is deprecated
2019-07-26 21:27:04.779 26951 INFO rally.task.runner [-] Task 35fa45fd-0a55-4417-9293-7823d8a8c700 | ITER: 21 END: OK
2019-07-26 21:27:06.270 26961 INFO rally.task.runner [-] Task 35fa45fd-0a55-4417-9293-7823d8a8c700 | ITER: 35 END: OK
2019-07-26 21:27:06.375 26954 INFO rally.task.runner [-] Task 35fa45fd-0a55-4417-9293-7823d8a8c700 | ITER: 24 END: OK
2019-07-26 21:27:06.489 26967 INFO rally.task.runner [-] Task 35fa45fd-0a55-4417-9293-7823d8a8c700 | ITER: 28 END: OK
2019-07-26 21:27:07.097 26997 INFO rally.task.runner [-] Task 35fa45fd-0a55-4417-9293-7823d8a8c700 | ITER: 32 END: OK
2019-07-26 21:27:07.224 26976 INFO rally.task.runner [-] Task 35fa45fd-0a55-4417-9293-7823d8a8c700 | ITER: 22 END: OK
2019-07-26 21:27:07.457 26951 INFO rally.task.runner [-] Task 35fa45fd-0a55-4417-9293-7823d8a8c700 | ITER: 27 END: OK
2019-07-26 21:27:07.667 26987 INFO rally.task.runner [-] Task 35fa45fd-0a55-4417-9293-7823d8a8c700 | ITER: 25 END: OK
2019-07-26 21:27:07.782 26974 INFO rally.task.runner [-] Task 35fa45fd-0a55-4417-9293-7823d8a8c700 | ITER: 34 END: OK
2019-07-26 21:27:07.935 26952 INFO rally.task.runner [-] Task 35fa45fd-0a55-4417-9293-7823d8a8c700 | ITER: 26 END: OK
2019-07-26 21:27:08.105 26998 INFO rally.task.runner [-] Task 35fa45fd-0a55-4417-9293-7823d8a8c700 | ITER: 31 END: OK
2019-07-26 21:27:08.184 26953 INFO rally.task.runner [-] Task 35fa45fd-0a55-4417-9293-7823d8a8c700 | ITER: 36 END: OK
2019-07-26 21:27:08.311 26992 INFO rally.task.runner [-] Task 35fa45fd-0a55-4417-9293-7823d8a8c700 | ITER: 29 END: OK
2019-07-26 21:27:08.401 26954 INFO rally.task.runner [-] Task 35fa45fd-0a55-4417-9293-7823d8a8c700 | ITER: 23 END: OK
2019-07-26 21:27:08.494 26952 INFO rally.task.runner [-] Task 35fa45fd-0a55-4417-9293-7823d8a8c700 | ITER: 37 END: OK
2019-07-26 21:27:08.602 26963 INFO rally.task.runner [-] Task 35fa45fd-0a55-4417-9293-7823d8a8c700 | ITER: 33 END: OK
2019-07-26 21:27:08.856 26953 INFO rally.task.runner [-] Task 35fa45fd-0a55-4417-9293-7823d8a8c700 | ITER: 38 END: OK
2019-07-26 21:27:09.712 26980 INFO rally.task.runner [-] Task 35fa45fd-0a55-4417-9293-7823d8a8c700 | ITER: 39 END: OK
2019-07-26 21:27:09.904 26956 INFO rally.task.runner [-] Task 35fa45fd-0a55-4417-9293-7823d8a8c700 | ITER: 30 END: OK
2019-07-26 21:27:10.059 26970 INFO rally.task.runner [-] Task 35fa45fd-0a55-4417-9293-7823d8a8c700 | ITER: 40 END: OK
2019-07-26 21:27:10.090 22705 INFO rally.task.context [-] Task 35fa45fd-0a55-4417-9293-7823d8a8c700 | Context cleanup@openstack cleanup() started
2019-07-26 21:27:10.092 22705 RALLYDEBUG rally_openstack.cleanup.manager [-] Cleaning up neutron vip objects
2019-07-26 21:27:10.743 22705 RALLYDEBUG rally_openstack.cleanup.manager [-] Cleaning up neutron health_monitor objects
2019-07-26 21:27:11.412 22705 RALLYDEBUG rally_openstack.cleanup.manager [-] Cleaning up neutron pool objects
2019-07-26 21:27:12.141 22705 RALLYDEBUG rally_openstack.cleanup.manager [-] Cleaning up neutron loadbalancer objects
2019-07-26 21:27:12.863 22705 RALLYDEBUG rally_openstack.cleanup.manager [-] Cleaning up neutron floatingip objects
2019-07-26 21:27:13.553 22705 RALLYDEBUG rally_openstack.cleanup.manager [-] Cleaning up neutron port objects
2019-07-26 21:27:14.253 22705 RALLYDEBUG rally_openstack.cleanup.manager [-] Cleaning up neutron subnet objects
2019-07-26 21:27:15.021 22705 RALLYDEBUG rally_openstack.cleanup.manager [-] Cleaning up neutron network objects
2019-07-26 21:27:16.021 22705 RALLYDEBUG rally_openstack.cleanup.manager [-] Deleting neutron.network object s_rally_66d0dc87_ypjRlnkO (051d58ad-9f8e-43eb-9e88-5fd1b4f951a9)
2019-07-26 21:27:16.022 22705 RALLYDEBUG rally_openstack.cleanup.manager [-] Deleting neutron.network object s_rally_66d0dc87_0HNVmPqO (12f5e638-6649-49d7-958e-a71c5aa68129)
2019-07-26 21:27:16.030 22705 RALLYDEBUG rally_openstack.cleanup.manager [-] Deleting neutron.network object s_rally_66d0dc87_AmBZoSm4 (17cae1e0-8089-47b0-8bd5-f9b9943052ad)
2019-07-26 21:27:16.031 22705 RALLYDEBUG rally_openstack.cleanup.manager [-] Deleting neutron.network object s_rally_66d0dc87_VDsSWGoK (3aa17541-f64f-460d-b29a-156249899440)
2019-07-26 21:27:16.035 22705 RALLYDEBUG rally_openstack.cleanup.manager [-] Deleting neutron.network object s_rally_66d0dc87_BfHqs5So (2671c11f-c334-4933-832a-bc4283408727)
2019-07-26 21:27:16.036 22705 RALLYDEBUG rally_openstack.cleanup.manager [-] Deleting neutron.network object s_rally_66d0dc87_5xDmlTY8 (1d4d5023-ed13-496f-98bc-feb8701511de)
2019-07-26 21:27:16.035 22705 RALLYDEBUG rally_openstack.cleanup.manager [-] Deleting neutron.network object s_rally_66d0dc87_28q0E9uR (3fd321a6-ff44-409b-8207-9db99df9c205)
2019-07-26 21:27:16.036 22705 RALLYDEBUG rally_openstack.cleanup.manager [-] Deleting neutron.network object s_rally_66d0dc87_rQirA763 (23647da4-f30c-45f9-84ed-6c4414b7bb6e)
2019-07-26 21:27:16.036 22705 RALLYDEBUG rally_openstack.cleanup.manager [-] Deleting neutron.network object s_rally_66d0dc87_Il34qTiH (274da4a1-f329-4a2d-b4c2-44cfeae11b2b)
2019-07-26 21:27:16.043 22705 RALLYDEBUG rally_openstack.cleanup.manager [-] Deleting neutron.network object s_rally_66d0dc87_rL4R54Hu (381bf239-4070-4e02-b115-a0b88178f6b9)
2019-07-26 21:27:16.051 22705 RALLYDEBUG rally_openstack.cleanup.manager [-] Deleting neutron.network object s_rally_66d0dc87_l6Rxfixj (46d9e5f3-47c5-4c07-b6a9-b93b40655ec6)
2019-07-26 21:27:16.062 22705 RALLYDEBUG rally_openstack.cleanup.manager [-] Deleting neutron.network object s_rally_66d0dc87_I6FMkhKL (490a0c70-6230-4da8-87e7-36ce5355c6e7)
2019-07-26 21:27:16.073 22705 RALLYDEBUG rally_openstack.cleanup.manager [-] Deleting neutron.network object s_rally_66d0dc87_swuoLDdA (36b98e01-2cd7-44b1-91fb-8bad2ba63406)
2019-07-26 21:27:16.073 22705 RALLYDEBUG rally_openstack.cleanup.manager [-] Deleting neutron.network object s_rally_66d0dc87_5u0B3zDg (4796b381-7940-48e3-9022-2f7750cc0455)
2019-07-26 21:27:16.105 22705 RALLYDEBUG rally_openstack.cleanup.manager [-] Deleting neutron.network object s_rally_66d0dc87_76DGl5E9 (4e89c27f-69b1-4c47-ad99-22527fd78cfa)
2019-07-26 21:27:16.112 22705 RALLYDEBUG rally_openstack.cleanup.manager [-] Deleting neutron.network object s_rally_66d0dc87_v4X3mAVe (5c36260f-0ebf-4c99-8fb9-da369b4cf073)
2019-07-26 21:27:16.128 22705 RALLYDEBUG rally_openstack.cleanup.manager [-] Deleting neutron.network object s_rally_66d0dc87_ggOlqgmw (50cc5fec-ea83-497a-bcdb-7306b9a79f2f)
2019-07-26 21:27:16.131 22705 RALLYDEBUG rally_openstack.cleanup.manager [-] Deleting neutron.network object s_rally_66d0dc87_ZlRRrUbU (62f1c9f2-cd97-49df-920b-c4552940c255)
2019-07-26 21:27:16.140 22705 RALLYDEBUG rally_openstack.cleanup.manager [-] Deleting neutron.network object s_rally_66d0dc87_dOewtDIb (5e188fc2-c303-4b5b-af03-a098f3b379bf)
2019-07-26 21:27:16.141 22705 RALLYDEBUG rally_openstack.cleanup.manager [-] Deleting neutron.network object s_rally_66d0dc87_dVsnaAGa (642ff383-08bc-4fa0-b760-39bdbb0db733)
2019-07-26 21:27:18.742 22705 RALLYDEBUG rally_openstack.cleanup.manager [-] Deleting neutron.network object s_rally_66d0dc87_wZazP2r7 (6536db25-51e9-4e6f-8da6-197487ca544b)
2019-07-26 21:27:18.890 22705 RALLYDEBUG rally_openstack.cleanup.manager [-] Deleting neutron.network object s_rally_66d0dc87_4NjFVfVb (67847eb4-b578-43b9-8711-6c826a797807)
2019-07-26 21:27:18.959 22705 RALLYDEBUG rally_openstack.cleanup.manager [-] Deleting neutron.network object s_rally_66d0dc87_GjHklWtz (6db3d47b-670d-47f0-b39e-fc953391e140)
2019-07-26 21:27:19.023 22705 RALLYDEBUG rally_openstack.cleanup.manager [-] Deleting neutron.network object s_rally_66d0dc87_0oT9voAk (7b950fd2-1978-4e72-ac55-14694ff671d9)
2019-07-26 21:27:19.064 22705 RALLYDEBUG rally_openstack.cleanup.manager [-] Deleting neutron.network object s_rally_66d0dc87_kn6OivE2 (7dd9e90f-fd83-45dd-a0e5-9215cde7b25a)
2019-07-26 21:27:19.214 22705 RALLYDEBUG rally_openstack.cleanup.manager [-] Deleting neutron.network object s_rally_66d0dc87_psvQqXkf (87f8722c-19d4-423d-b843-dd7ee97d8a4c)
2019-07-26 21:27:19.294 22705 RALLYDEBUG rally_openstack.cleanup.manager [-] Deleting neutron.network object s_rally_66d0dc87_Nvz7W7SH (881433f3-d34d-46ae-b6b8-f4e64fb52c9c)
2019-07-26 21:27:19.372 22705 RALLYDEBUG rally_openstack.cleanup.manager [-] Deleting neutron.network object s_rally_66d0dc87_QMynliQj (8aeb9b92-b662-4f03-90de-f33b8082e528)
2019-07-26 21:27:19.531 22705 RALLYDEBUG rally_openstack.cleanup.manager [-] Deleting neutron.network object s_rally_66d0dc87_IYZllpRO (94533203-b027-44c9-8dc7-98195247ad72)
2019-07-26 21:27:19.534 22705 RALLYDEBUG rally_openstack.cleanup.manager [-] Deleting neutron.network object s_rally_66d0dc87_99E3K3Ja (97bc9c4d-dd41-4850-8fe6-e4d9ed1640ec)
2019-07-26 21:27:19.569 22705 RALLYDEBUG rally_openstack.cleanup.manager [-] Deleting neutron.network object s_rally_66d0dc87_HCKHYVSF (9acfc67b-5d81-4761-8827-7831c8c1a222)
2019-07-26 21:27:19.667 22705 RALLYDEBUG rally_openstack.cleanup.manager [-] Deleting neutron.network object s_rally_66d0dc87_OxsMhCAt (9beead90-57a7-41c6-b1a0-1190313e8e97)
2019-07-26 21:27:19.676 22705 RALLYDEBUG rally_openstack.cleanup.manager [-] Deleting neutron.network object s_rally_66d0dc87_R7YENvii (a509306e-c18f-4199-9ccc-e47fa5db6fe5)
2019-07-26 21:27:19.778 22705 RALLYDEBUG rally_openstack.cleanup.manager [-] Deleting neutron.network object s_rally_66d0dc87_jynkIs8Y (b172a1d4-ea06-4db3-b25b-41dda1209131)
2019-07-26 21:27:19.803 22705 RALLYDEBUG rally_openstack.cleanup.manager [-] Deleting neutron.network object s_rally_66d0dc87_A7M63NI0 (b1f0fbb1-a400-4847-8a7d-fc4812e37bbd)
2019-07-26 21:27:19.989 22705 RALLYDEBUG rally_openstack.cleanup.manager [-] Deleting neutron.network object s_rally_66d0dc87_rENUGVBr (bc1e61f7-a377-441b-b580-1d7add8eef3f)
2019-07-26 21:27:20.007 22705 RALLYDEBUG rally_openstack.cleanup.manager [-] Deleting neutron.network object s_rally_66d0dc87_v16dZeyo (ca0bb11e-d2b8-4774-b4ae-9efebea031cb)
2019-07-26 21:27:20.417 22705 RALLYDEBUG rally_openstack.cleanup.manager [-] Deleting neutron.network object s_rally_66d0dc87_J0Yc0yL5 (d2ef91e4-a372-407f-8e9c-451927b56e13)
2019-07-26 21:27:20.504 22705 RALLYDEBUG rally_openstack.cleanup.manager [-] Deleting neutron.network object s_rally_66d0dc87_lOK16nE5 (e800516d-6335-430e-9e7e-74b7ea093fb3)
2019-07-26 21:27:20.584 22705 RALLYDEBUG rally_openstack.cleanup.manager [-] Deleting neutron.network object s_rally_66d0dc87_wEBSuBtU (f7daa62e-f466-4368-9088-94e1c2b7d00c)
2019-07-26 21:27:23.276 22705 RALLYDEBUG rally_openstack.cleanup.manager [-] Cleaning up neutron router objects
2019-07-26 21:27:24.067 22705 RALLYDEBUG rally_openstack.cleanup.manager [-] Cleaning up neutron security_group objects
2019-07-26 21:27:24.900 22705 INFO rally.task.context [-] Task 35fa45fd-0a55-4417-9293-7823d8a8c700 | Context cleanup@openstack cleanup() finished in 14.81 sec
2019-07-26 21:27:24.901 22705 INFO rally.task.context [-] Task 35fa45fd-0a55-4417-9293-7823d8a8c700 | Context quotas@openstack cleanup() started
2019-07-26 21:27:25.258 22705 INFO rally.task.context [-] Task 35fa45fd-0a55-4417-9293-7823d8a8c700 | Context quotas@openstack cleanup() finished in 0.36 sec
2019-07-26 21:27:25.259 22705 INFO rally.task.context [-] Task 35fa45fd-0a55-4417-9293-7823d8a8c700 | Context users@openstack cleanup() started
2019-07-26 21:27:30.297 22705 INFO rally.task.context [-] Task 35fa45fd-0a55-4417-9293-7823d8a8c700 | Context users@openstack cleanup() finished in 5.04 sec
2019-07-26 21:27:30.378 22705 INFO rally.task.engine [-] Load duration is: 32.544712
2019-07-26 21:27:30.379 22705 INFO rally.task.engine [-] Full runner duration is: 32.598168
2019-07-26 21:27:30.379 22705 INFO rally.task.engine [-] Full duration is: 58.145289
2019-07-26 21:27:30.655 22705 INFO rally.task.engine [-] Running workload: position = 0 config = { "version": 2, "title": "A cropped version of a bigger task.", "description": "Auto-generated task from a single workload (uuid=0433bfd4-d1a6-45d5-beb7-bedbb5fa2659)", "subtasks": [ { "title": "Quotas.neutron_update", "description": "Update quotas for neutron.", "scenario": { "Quotas.neutron_update": { "max_quota": 1024 } }, "contexts": { "users": { "tenants": 20, "users_per_tenant": 1 } }, "runner": { "constant": { "times": 40, "concurrency": 20 } }, "hooks": [], "sla": { "failure_rate": { "max": 0 } } } ] }
2019-07-26 21:27:30.677 22705 RALLYDEBUG rally_openstack.contexts.keystone.users [-] Creating 20 tenants using 20 threads
2019-07-26 21:27:33.328 22705 RALLYDEBUG rally_openstack.contexts.keystone.users [-] Creating 20 users using 20 threads
2019-07-26 21:27:36.876 22705 INFO rally.task.context [-] Task 35fa45fd-0a55-4417-9293-7823d8a8c700 | Context users@openstack setup() finished in 6.20 sec
2019-07-26 21:27:36.876 22705 INFO rally.task.context [-] Task 35fa45fd-0a55-4417-9293-7823d8a8c700 | Context admin_cleanup@openstack setup() finished in 0.01 msec
2019-07-26 21:27:36.882 22705 RALLYDEBUG rally.task.runner [-] Starting the constant runner (task UUID: 35fa45fd-0a55-4417-9293-7823d8a8c700). timeout: 0 concurrency: 20 concurrency_per_worker: 1 times: 40 concurrency_overhead: 4 processes_to_start: 16 max_cpu_used: 16
2019-07-26 21:27:36.894 27321 RALLYDEBUG rally.task.runner [-] Starting a worker. concurrency: 2 args: {"max_quota": 1024} times: 40 method_name: run timeout: 0 duration: None cls:
2019-07-26 21:27:36.896 27322 RALLYDEBUG rally.task.runner [-] Starting a worker. concurrency: 2 args: {"max_quota": 1024} times: 40 method_name: run timeout: 0 duration: None cls:
2019-07-26 21:27:36.899 27323 RALLYDEBUG rally.task.runner [-] Starting a worker. concurrency: 2 args: {"max_quota": 1024} times: 40 method_name: run timeout: 0 duration: None cls:
2019-07-26 21:27:36.901 27324 RALLYDEBUG rally.task.runner [-] Starting a worker. concurrency: 2 args: {"max_quota": 1024} times: 40 method_name: run timeout: 0 duration: None cls:
2019-07-26 21:27:36.909 27322 INFO rally.task.runner [-] Task 35fa45fd-0a55-4417-9293-7823d8a8c700 | ITER: 2 START
2019-07-26 21:27:36.909 27323 INFO rally.task.runner [-] Task 35fa45fd-0a55-4417-9293-7823d8a8c700 | ITER: 3 START
2019-07-26 21:27:36.910 27324 INFO rally.task.runner [-] Task 35fa45fd-0a55-4417-9293-7823d8a8c700 | ITER: 5 START
2019-07-26 21:27:36.911 27321 INFO rally.task.runner [-] Task 35fa45fd-0a55-4417-9293-7823d8a8c700 | ITER: 1 START
2019-07-26 21:27:36.911 27325 RALLYDEBUG rally.task.runner [-] Starting a worker. concurrency: 1 args: {"max_quota": 1024} times: 40 method_name: run timeout: 0 duration: None cls:
2019-07-26 21:27:36.916 27330 RALLYDEBUG rally.task.runner [-] Starting a worker. concurrency: 1 args: {"max_quota": 1024} times: 40 method_name: run timeout: 0 duration: None cls:
2019-07-26 21:27:36.920 27335 RALLYDEBUG rally.task.runner [-] Starting a worker. concurrency: 1 args: {"max_quota": 1024} times: 40 method_name: run timeout: 0 duration: None cls:
2019-07-26 21:27:36.921 27336 RALLYDEBUG rally.task.runner [-] Starting a worker. concurrency: 1 args: {"max_quota": 1024} times: 40 method_name: run timeout: 0 duration: None cls:
2019-07-26 21:27:36.922 27321 INFO rally.task.runner [-] Task 35fa45fd-0a55-4417-9293-7823d8a8c700 | ITER: 4 START
2019-07-26 21:27:36.925 27330 INFO rally.task.runner [-] Task 35fa45fd-0a55-4417-9293-7823d8a8c700 | ITER: 10 START
2019-07-26 21:27:36.926 27324 INFO rally.task.runner [-] Task 35fa45fd-0a55-4417-9293-7823d8a8c700 | ITER: 8 START
2019-07-26 21:27:36.926 27325 INFO rally.task.runner [-] Task 35fa45fd-0a55-4417-9293-7823d8a8c700 | ITER: 9 START
2019-07-26 21:27:36.927 27323 INFO rally.task.runner [-] Task 35fa45fd-0a55-4417-9293-7823d8a8c700 | ITER: 7 START
2019-07-26 21:27:36.929 27322 INFO rally.task.runner [-] Task 35fa45fd-0a55-4417-9293-7823d8a8c700 | ITER: 6 START
2019-07-26 21:27:36.931 27336 INFO rally.task.runner [-] Task 35fa45fd-0a55-4417-9293-7823d8a8c700 | ITER: 12 START
2019-07-26 21:27:36.935 27335 INFO rally.task.runner [-] Task 35fa45fd-0a55-4417-9293-7823d8a8c700 | ITER: 11 START
2019-07-26 21:27:36.934 27338 RALLYDEBUG rally.task.runner [-] Starting a worker. concurrency: 1 args: {"max_quota": 1024} times: 40 method_name: run timeout: 0 duration: None cls:
2019-07-26 21:27:36.937 27346 RALLYDEBUG rally.task.runner [-] Starting a worker. concurrency: 1 args: {"max_quota": 1024} times: 40 method_name: run timeout: 0 duration: None cls:
2019-07-26 21:27:36.943 27338 INFO rally.task.runner [-] Task 35fa45fd-0a55-4417-9293-7823d8a8c700 | ITER: 13 START
2019-07-26 21:27:36.945 27351 RALLYDEBUG rally.task.runner [-] Starting a worker. concurrency: 1 args: {"max_quota": 1024} times: 40 method_name: run timeout: 0 duration: None cls:
2019-07-26 21:27:36.946 27346 INFO rally.task.runner [-] Task 35fa45fd-0a55-4417-9293-7823d8a8c700 | ITER: 14 START
2019-07-26 21:27:36.946 27352 RALLYDEBUG rally.task.runner [-] Starting a worker. concurrency: 1 args: {"max_quota": 1024} times: 40 method_name: run timeout: 0 duration: None cls:
2019-07-26 21:27:36.950 27355 RALLYDEBUG rally.task.runner [-] Starting a worker. concurrency: 1 args: {"max_quota": 1024} times: 40 method_name: run timeout: 0 duration: None cls:
2019-07-26 21:27:36.951 27351 INFO rally.task.runner [-] Task 35fa45fd-0a55-4417-9293-7823d8a8c700 | ITER: 15 START
2019-07-26 21:27:36.955 27352 INFO rally.task.runner [-] Task 35fa45fd-0a55-4417-9293-7823d8a8c700 | ITER: 16 START
2019-07-26 21:27:36.957 27355 INFO rally.task.runner [-] Task 35fa45fd-0a55-4417-9293-7823d8a8c700 | ITER: 17 START
2019-07-26 21:27:36.958 27358 RALLYDEBUG rally.task.runner [-] Starting a worker. concurrency: 1 args: {"max_quota": 1024} times: 40 method_name: run timeout: 0 duration: None cls:
2019-07-26 21:27:36.963 27363 RALLYDEBUG rally.task.runner [-] Starting a worker. concurrency: 1 args: {"max_quota": 1024} times: 40 method_name: run timeout: 0 duration: None cls:
2019-07-26 21:27:36.967 27358 INFO rally.task.runner [-] Task 35fa45fd-0a55-4417-9293-7823d8a8c700 | ITER: 18 START
2019-07-26 21:27:36.968 27366 RALLYDEBUG rally.task.runner [-] Starting a worker. concurrency: 1 args: {"max_quota": 1024} times: 40 method_name: run timeout: 0 duration: None cls:
2019-07-26 21:27:36.971 27363 INFO rally.task.runner [-] Task 35fa45fd-0a55-4417-9293-7823d8a8c700 | ITER: 19 START
2019-07-26 21:27:36.973 27366 INFO rally.task.runner [-] Task 35fa45fd-0a55-4417-9293-7823d8a8c700 | ITER: 20 START
2019-07-26 21:27:38.774 27323 INFO rally.task.runner [-] Task 35fa45fd-0a55-4417-9293-7823d8a8c700 | ITER: 7 END: OK
2019-07-26 21:27:38.780 27323 INFO rally.task.runner [-] Task 35fa45fd-0a55-4417-9293-7823d8a8c700 | ITER: 21 START
2019-07-26 21:27:38.810 27321 INFO rally.task.runner [-] Task 35fa45fd-0a55-4417-9293-7823d8a8c700 | ITER: 1 END: OK
2019-07-26 21:27:38.816 27321 INFO rally.task.runner [-] Task 35fa45fd-0a55-4417-9293-7823d8a8c700 | ITER: 22 START
2019-07-26 21:27:39.091 27324 INFO rally.task.runner [-] Task 35fa45fd-0a55-4417-9293-7823d8a8c700 | ITER: 8 END: OK
2019-07-26 21:27:39.095 27324 INFO rally.task.runner [-] Task 35fa45fd-0a55-4417-9293-7823d8a8c700 | ITER: 23 START
2019-07-26 21:27:39.108 27324 INFO rally.task.runner [-] Task 35fa45fd-0a55-4417-9293-7823d8a8c700 | ITER: 5 END: OK
2019-07-26 21:27:39.116 27324 INFO rally.task.runner [-] Task 35fa45fd-0a55-4417-9293-7823d8a8c700 | ITER: 24 START
2019-07-26 21:27:39.153 27330 INFO rally.task.runner [-] Task 35fa45fd-0a55-4417-9293-7823d8a8c700 | ITER: 10 END: OK
2019-07-26 21:27:39.157 27330 INFO rally.task.runner [-] Task 35fa45fd-0a55-4417-9293-7823d8a8c700 | ITER: 25 START
2019-07-26 21:27:39.162 27322 INFO rally.task.runner [-] Task 35fa45fd-0a55-4417-9293-7823d8a8c700 | ITER: 2 END: OK
2019-07-26 21:27:39.168 27322 INFO rally.task.runner [-] Task 35fa45fd-0a55-4417-9293-7823d8a8c700 | ITER: 26 START
2019-07-26 21:27:39.181 27338 INFO rally.task.runner [-] Task 35fa45fd-0a55-4417-9293-7823d8a8c700 | ITER: 13 END: OK
2019-07-26 21:27:39.187 27338 INFO rally.task.runner [-] Task 35fa45fd-0a55-4417-9293-7823d8a8c700 | ITER: 27 START
2019-07-26 21:27:39.379 27351 INFO rally.task.runner [-] Task 35fa45fd-0a55-4417-9293-7823d8a8c700 | ITER: 15 END: OK
2019-07-26 21:27:39.383 27351 INFO rally.task.runner [-] Task 35fa45fd-0a55-4417-9293-7823d8a8c700 | ITER: 28 START
2019-07-26 21:27:39.469 27322 INFO rally.task.runner [-] Task 35fa45fd-0a55-4417-9293-7823d8a8c700 | ITER: 6 END: OK
2019-07-26 21:27:39.473 27322 INFO rally.task.runner [-] Task 35fa45fd-0a55-4417-9293-7823d8a8c700 | ITER: 29 START
2019-07-26 21:27:39.608 27335 INFO rally.task.runner [-] Task 35fa45fd-0a55-4417-9293-7823d8a8c700 | ITER: 11 END: OK
2019-07-26 21:27:39.614 27335 INFO rally.task.runner [-] Task 35fa45fd-0a55-4417-9293-7823d8a8c700 | ITER: 30 START
2019-07-26 21:27:39.624 27358 INFO rally.task.runner [-] Task 35fa45fd-0a55-4417-9293-7823d8a8c700 | ITER: 18 END: OK
2019-07-26 21:27:39.629 27358 INFO rally.task.runner [-] Task 35fa45fd-0a55-4417-9293-7823d8a8c700 | ITER: 31 START
2019-07-26 21:27:39.647 27325 INFO rally.task.runner [-] Task 35fa45fd-0a55-4417-9293-7823d8a8c700 | ITER: 9 END: OK
2019-07-26 21:27:39.652 27325 INFO rally.task.runner [-] Task 35fa45fd-0a55-4417-9293-7823d8a8c700 | ITER: 32 START
2019-07-26 21:27:39.660 27323 INFO rally.task.runner [-] Task 35fa45fd-0a55-4417-9293-7823d8a8c700 | ITER: 3 END: OK
2019-07-26 21:27:39.667 27323 INFO rally.task.runner [-] Task 35fa45fd-0a55-4417-9293-7823d8a8c700 | ITER: 33 START
2019-07-26 21:27:39.690 27321 INFO rally.task.runner [-] Task 35fa45fd-0a55-4417-9293-7823d8a8c700 | ITER: 4 END: OK
2019-07-26 21:27:39.694 27321 INFO rally.task.runner [-] Task 35fa45fd-0a55-4417-9293-7823d8a8c700 | ITER: 34 START
2019-07-26 21:27:39.711 27352 INFO rally.task.runner [-] Task 35fa45fd-0a55-4417-9293-7823d8a8c700 | ITER: 16 END: OK
2019-07-26 21:27:39.716 27352 INFO rally.task.runner [-] Task 35fa45fd-0a55-4417-9293-7823d8a8c700 | ITER: 35 START
2019-07-26 21:27:39.730 27346 INFO rally.task.runner [-] Task 35fa45fd-0a55-4417-9293-7823d8a8c700 | ITER: 14 END: OK
2019-07-26 21:27:39.734 27346 INFO rally.task.runner [-] Task 35fa45fd-0a55-4417-9293-7823d8a8c700 | ITER: 36 START
2019-07-26 21:27:39.744 27363 INFO rally.task.runner [-] Task 35fa45fd-0a55-4417-9293-7823d8a8c700 | ITER: 19 END: OK
2019-07-26 21:27:39.749 27363 INFO rally.task.runner [-] Task 35fa45fd-0a55-4417-9293-7823d8a8c700 | ITER: 37 START
2019-07-26 21:27:39.762 27355 INFO rally.task.runner [-] Task 35fa45fd-0a55-4417-9293-7823d8a8c700 | ITER: 17 END: OK
2019-07-26 21:27:39.766 27355 INFO rally.task.runner [-] Task 35fa45fd-0a55-4417-9293-7823d8a8c700 | ITER: 38 START
2019-07-26 21:27:39.791 27366 INFO rally.task.runner [-] Task 35fa45fd-0a55-4417-9293-7823d8a8c700 | ITER: 20 END: OK
2019-07-26 21:27:39.795 27366 INFO rally.task.runner [-] Task 35fa45fd-0a55-4417-9293-7823d8a8c700 | ITER: 39 START
2019-07-26 21:27:39.948 27336 INFO rally.task.runner [-] Task 35fa45fd-0a55-4417-9293-7823d8a8c700 | ITER: 12 END: OK
2019-07-26 21:27:39.951 27336 INFO rally.task.runner [-] Task 35fa45fd-0a55-4417-9293-7823d8a8c700 | ITER: 40 START
2019-07-26 21:27:40.611 27321 INFO rally.task.runner [-] Task 35fa45fd-0a55-4417-9293-7823d8a8c700 | ITER: 22 END: OK
2019-07-26 21:27:40.703 27323 INFO rally.task.runner [-] Task 35fa45fd-0a55-4417-9293-7823d8a8c700 | ITER: 21 END: OK
2019-07-26 21:27:40.918 27324 INFO rally.task.runner [-] Task 35fa45fd-0a55-4417-9293-7823d8a8c700 | ITER: 24 END: OK
2019-07-26 21:27:41.001 27324 INFO rally.task.runner [-] Task 35fa45fd-0a55-4417-9293-7823d8a8c700 | ITER: 23 END: OK
2019-07-26 21:27:41.025 27338 INFO rally.task.runner [-] Task 35fa45fd-0a55-4417-9293-7823d8a8c700 | ITER: 27 END: OK
2019-07-26 21:27:41.074 27330 INFO rally.task.runner [-] Task 35fa45fd-0a55-4417-9293-7823d8a8c700 | ITER: 25 END: OK
2019-07-26 21:27:41.112 27322 INFO rally.task.runner [-] Task 35fa45fd-0a55-4417-9293-7823d8a8c700 | ITER: 26 END: OK
2019-07-26 21:27:41.192 27351 INFO rally.task.runner [-] Task 35fa45fd-0a55-4417-9293-7823d8a8c700 | ITER: 28 END: OK
2019-07-26 21:27:41.275 27322 INFO rally.task.runner [-] Task 35fa45fd-0a55-4417-9293-7823d8a8c700 | ITER: 29 END: OK
2019-07-26 21:27:41.685 27358 INFO rally.task.runner [-] Task 35fa45fd-0a55-4417-9293-7823d8a8c700 | ITER: 31 END: OK
2019-07-26 21:27:41.732 27325 INFO rally.task.runner [-] Task 35fa45fd-0a55-4417-9293-7823d8a8c700 | ITER: 32 END: OK
2019-07-26 21:27:41.742 27323 INFO rally.task.runner [-] Task 35fa45fd-0a55-4417-9293-7823d8a8c700 | ITER: 33 END: OK
2019-07-26 21:27:41.773 27363 INFO rally.task.runner [-] Task 35fa45fd-0a55-4417-9293-7823d8a8c700 | ITER: 37 END: OK
2019-07-26 21:27:41.787 27335 INFO rally.task.runner [-] Task 35fa45fd-0a55-4417-9293-7823d8a8c700 | ITER: 30 END: OK
2019-07-26 21:27:41.809 27366 INFO rally.task.runner [-] Task 35fa45fd-0a55-4417-9293-7823d8a8c700 | ITER: 39 END: OK
2019-07-26 21:27:41.846 27321 INFO rally.task.runner [-] Task 35fa45fd-0a55-4417-9293-7823d8a8c700 | ITER: 34 END: OK
2019-07-26 21:27:41.874 27352 INFO rally.task.runner [-] Task 35fa45fd-0a55-4417-9293-7823d8a8c700 | ITER: 35 END: OK
2019-07-26 21:27:41.886 27355 INFO rally.task.runner [-] Task 35fa45fd-0a55-4417-9293-7823d8a8c700 | ITER: 38 END: OK
2019-07-26 21:27:41.899 27346 INFO rally.task.runner [-] Task 35fa45fd-0a55-4417-9293-7823d8a8c700 | ITER: 36 END: OK
2019-07-26 21:27:41.910 27336 INFO rally.task.runner [-] Task 35fa45fd-0a55-4417-9293-7823d8a8c700 | ITER: 40 END: OK
2019-07-26 21:27:41.931 22705 INFO rally.task.context [-] Task 35fa45fd-0a55-4417-9293-7823d8a8c700 | Context admin_cleanup@openstack cleanup() started
2019-07-26 21:27:41.932 22705 RALLYDEBUG rally_openstack.cleanup.manager [-] Cleaning up neutron quota objects
2019-07-26 21:27:46.784 22705 INFO rally.task.context [-] Task 35fa45fd-0a55-4417-9293-7823d8a8c700 | Context admin_cleanup@openstack cleanup() finished in 4.85 sec
2019-07-26 21:27:46.785 22705 INFO rally.task.context [-] Task 35fa45fd-0a55-4417-9293-7823d8a8c700 | Context users@openstack cleanup() started
2019-07-26 21:28:17.879 22705 INFO rally.task.context [-] Task 35fa45fd-0a55-4417-9293-7823d8a8c700 | Context users@openstack cleanup() finished in 31.09 sec
2019-07-26 21:28:19.045 22705 INFO rally.task.engine [-] Load duration is: 4.999366
2019-07-26 21:28:19.046 22705 INFO rally.task.engine [-] Full runner duration is: 5.050062
2019-07-26 21:28:19.046 22705 INFO rally.task.engine [-] Full duration is: 47.204305
2019-07-26 21:28:19.302 22705 INFO rally.task.engine [-] Running workload: position = 0 config = { "version": 2, "title": "A cropped version of a bigger task.", "description": "Auto-generated task from a single workload (uuid=be4ca0c1-e49d-483a-8220-300f583dafac)", "subtasks": [ { "title": "NeutronTrunks.create_and_list_trunk_subports", "description": "", "scenario": { "NeutronTrunks.create_and_list_trunk_subports": { "subport_count": 125 } }, "contexts": { "users": { "tenants": 1, "users_per_tenant": 1 }, "quotas": { "neutron": { "network": -1, "port": 1000 } } }, "runner": { "constant": { "times": 4, "concurrency": 4 } }, "hooks": [], "sla": { "failure_rate": { "max": 0 } } } ] }
2019-07-26 21:28:19.324 22705 RALLYDEBUG rally_openstack.contexts.keystone.users [-] Creating 1 tenants using 20 threads
2019-07-26 21:28:20.975 22705 RALLYDEBUG rally_openstack.contexts.keystone.users [-] Creating 1 users using 20 threads
2019-07-26 21:28:23.724 22705 INFO rally.task.context [-] Task 35fa45fd-0a55-4417-9293-7823d8a8c700 | Context users@openstack setup() finished in 4.40 sec
2019-07-26 21:28:24.527 22705 INFO rally.task.context [-] Task 35fa45fd-0a55-4417-9293-7823d8a8c700 | Context quotas@openstack setup() finished in 0.80 sec
2019-07-26 21:28:24.528 22705 INFO rally.task.context [-] Task 35fa45fd-0a55-4417-9293-7823d8a8c700 | Context cleanup@openstack setup() finished in 0.01 msec
2019-07-26 21:28:24.535 22705 RALLYDEBUG rally.task.runner [-] Starting the constant runner (task UUID: 35fa45fd-0a55-4417-9293-7823d8a8c700). timeout: 0 concurrency: 4 concurrency_per_worker: 1 times: 4 concurrency_overhead: 0 processes_to_start: 4 max_cpu_used: 16
2019-07-26 21:28:24.548 27511 RALLYDEBUG rally.task.runner [-] Starting a worker. concurrency: 1 args: {"subport_count": 125} times: 4 method_name: run timeout: 0 duration: None cls:
2019-07-26 21:28:24.550 27512 RALLYDEBUG rally.task.runner [-] Starting a worker. concurrency: 1 args: {"subport_count": 125} times: 4 method_name: run timeout: 0 duration: None cls:
2019-07-26 21:28:24.552 27513 RALLYDEBUG rally.task.runner [-] Starting a worker. concurrency: 1 args: {"subport_count": 125} times: 4 method_name: run timeout: 0 duration: None cls:
2019-07-26 21:28:24.553 27511 INFO rally.task.runner [-] Task 35fa45fd-0a55-4417-9293-7823d8a8c700 | ITER: 1 START
2019-07-26 21:28:24.555 27512 INFO rally.task.runner [-] Task 35fa45fd-0a55-4417-9293-7823d8a8c700 | ITER: 2 START
2019-07-26 21:28:24.556 27514 RALLYDEBUG rally.task.runner [-] Starting a worker. concurrency: 1 args: {"subport_count": 125} times: 4 method_name: run timeout: 0 duration: None cls:
2019-07-26 21:28:24.557 27513 INFO rally.task.runner [-] Task 35fa45fd-0a55-4417-9293-7823d8a8c700 | ITER: 3 START
2019-07-26 21:28:24.560 27514 INFO rally.task.runner [-] Task 35fa45fd-0a55-4417-9293-7823d8a8c700 | ITER: 4 START
2019-07-26 21:31:05.538 27513 WARNING rally.task.atomic [-] 'optional_action_timer' is deprecated since rally v0.10.0.Please use action_timer instead, we have improved atomic actions, now do not need to explicitly close original action.
2019-07-26 21:31:05.900 27513 WARNING rally.task.atomic [-] 'optional_action_timer' is deprecated since rally v0.10.0.Please use action_timer instead, we have improved atomic actions, now do not need to explicitly close original action.
2019-07-26 21:31:07.494 27513 INFO rally.task.runner [-] Task 35fa45fd-0a55-4417-9293-7823d8a8c700 | ITER: 3 END: OK
2019-07-26 21:31:08.965 27514 WARNING rally.task.atomic [-] 'optional_action_timer' is deprecated since rally v0.10.0.Please use action_timer instead, we have improved atomic actions, now do not need to explicitly close original action.
2019-07-26 21:31:09.018 27514 WARNING rally.task.atomic [-] 'optional_action_timer' is deprecated since rally v0.10.0.Please use action_timer instead, we have improved atomic actions, now do not need to explicitly close original action.
2019-07-26 21:31:09.617 27514 INFO rally.task.runner [-] Task 35fa45fd-0a55-4417-9293-7823d8a8c700 | ITER: 4 END: OK
2019-07-26 21:31:10.103 27512 WARNING rally.task.atomic [-] 'optional_action_timer' is deprecated since rally v0.10.0.Please use action_timer instead, we have improved atomic actions, now do not need to explicitly close original action.
2019-07-26 21:31:10.154 27512 WARNING rally.task.atomic [-] 'optional_action_timer' is deprecated since rally v0.10.0.Please use action_timer instead, we have improved atomic actions, now do not need to explicitly close original action.
2019-07-26 21:31:10.721 27512 INFO rally.task.runner [-] Task 35fa45fd-0a55-4417-9293-7823d8a8c700 | ITER: 2 END: OK
2019-07-26 21:31:11.275 27511 WARNING rally.task.atomic [-] 'optional_action_timer' is deprecated since rally v0.10.0.Please use action_timer instead, we have improved atomic actions, now do not need to explicitly close original action.
2019-07-26 21:31:11.318 27511 WARNING rally.task.atomic [-] 'optional_action_timer' is deprecated since rally v0.10.0.Please use action_timer instead, we have improved atomic actions, now do not need to explicitly close original action.
2019-07-26 21:31:11.861 27511 INFO rally.task.runner [-] Task 35fa45fd-0a55-4417-9293-7823d8a8c700 | ITER: 1 END: OK
2019-07-26 21:31:11.889 22705 INFO rally.task.context [-] Task 35fa45fd-0a55-4417-9293-7823d8a8c700 | Context cleanup@openstack cleanup() started
2019-07-26 21:31:11.893 22705 RALLYDEBUG rally_openstack.cleanup.manager [-] Cleaning up neutron vip objects
2019-07-26 21:31:13.047 22705 RALLYDEBUG rally_openstack.cleanup.manager [-] Cleaning up neutron health_monitor objects
2019-07-26 21:31:13.800 22705 RALLYDEBUG rally_openstack.cleanup.manager [-] Cleaning up neutron pool objects
2019-07-26 21:31:14.554 22705 RALLYDEBUG rally_openstack.cleanup.manager [-] Cleaning up neutron loadbalancer objects
2019-07-26 21:31:15.289 22705 RALLYDEBUG rally_openstack.cleanup.manager [-] Cleaning up neutron floatingip objects
2019-07-26 21:31:16.094 22705 RALLYDEBUG rally_openstack.cleanup.manager [-] Cleaning up neutron port objects
2019-07-26 21:31:18.092 22705 RALLYDEBUG rally_openstack.cleanup.manager [-] Deleting neutron.port object s_rally_be4ca0c1_wjgDZgzE (01cf71d4-2640-46cb-a31f-1b0922fe6195)
2019-07-26 21:31:18.102 22705 RALLYDEBUG rally_openstack.cleanup.manager [-] Deleting neutron.port object s_rally_be4ca0c1_hQta6kqo (0a145efa-56a6-4195-9121-76e2860e435c)
2019-07-26 21:31:18.114 22705 RALLYDEBUG rally_openstack.cleanup.manager [-] Deleting neutron.port object s_rally_be4ca0c1_joulbtRu (0a9fc419-a0f5-4361-a20f-94aae5b66dba)
2019-07-26 21:31:18.119 22705 RALLYDEBUG rally_openstack.cleanup.manager [-] Deleting neutron.port object s_rally_be4ca0c1_VPxwqb2c (0b9b8348-1763-4de0-a767-cdc8a1f01e30)
2019-07-26 21:31:18.119 22705 RALLYDEBUG rally_openstack.cleanup.manager [-] Deleting neutron.port object s_rally_be4ca0c1_b8Uira7T (02213a58-655a-4c9b-9451-d3405a134842)
2019-07-26 21:31:18.119 22705 RALLYDEBUG rally_openstack.cleanup.manager [-] Deleting neutron.port object s_rally_be4ca0c1_NW0Xm4dL (05584fc6-2b20-4495-82da-01ffd2552686)
2019-07-26 21:31:18.120 22705 RALLYDEBUG rally_openstack.cleanup.manager [-] Deleting neutron.port object s_rally_be4ca0c1_Pb7Nkukt (0c808a1c-e2e6-42b1-bf4e-6d5b8db343cd)
2019-07-26 21:31:18.121 22705 RALLYDEBUG rally_openstack.cleanup.manager [-] Deleting neutron.port object s_rally_be4ca0c1_Nba6HZvY (03c76b1b-661d-4c1c-981d-9208281c1ad4)
2019-07-26 21:31:18.123 22705 RALLYDEBUG rally_openstack.cleanup.manager [-] Deleting neutron.port object s_rally_be4ca0c1_X5pNy42v (0374635e-5248-42f5-96dc-bafe800203d9)
2019-07-26 21:31:18.124 22705 RALLYDEBUG rally_openstack.cleanup.manager [-] Deleting neutron.port object s_rally_be4ca0c1_I14a2tS3 (0a49185a-defc-444c-83d6-84c15f06f5a5)
2019-07-26 21:31:18.127 22705 RALLYDEBUG rally_openstack.cleanup.manager [-] Deleting neutron.port object s_rally_be4ca0c1_bK65nOFQ (03fbdd3f-f99d-43e9-863b-0220a5468174)
2019-07-26 21:31:18.130 22705 RALLYDEBUG rally_openstack.cleanup.manager [-] Deleting neutron.port object s_rally_be4ca0c1_FQWWj1wx (0360f2dd-a7d1-4471-945e-711368a992ea)
2019-07-26 21:31:18.135 22705 RALLYDEBUG rally_openstack.cleanup.manager [-] Deleting neutron.port object s_rally_be4ca0c1_QxYRlaHO (0093cd35-e93b-43a0-8e47-73d72f0f259a)
2019-07-26 21:31:18.143 22705 RALLYDEBUG rally_openstack.cleanup.manager [-] Deleting neutron.port object s_rally_be4ca0c1_2kgRymqR (0d6084f4-f2b3-445d-9039-6bcae430afad)
2019-07-26 21:31:18.149 22705 RALLYDEBUG rally_openstack.cleanup.manager [-] Deleting neutron.port object s_rally_be4ca0c1_KFX5AZDP (0d8b9d99-daac-4e60-8522-6a21f7305e5e)
2019-07-26 21:31:18.168 22705 RALLYDEBUG rally_openstack.cleanup.manager [-] Deleting neutron.port object s_rally_be4ca0c1_j49etNc0 (0db501c1-7071-43c7-815a-2661b0acdd61)
2019-07-26 21:31:18.177 22705 RALLYDEBUG rally_openstack.cleanup.manager [-] Deleting neutron.port object s_rally_be4ca0c1_ManB8b6U (0e565568-7fb7-4f59-b5fc-fdd32755b340)
2019-07-26 21:31:18.203 22705 RALLYDEBUG rally_openstack.cleanup.manager [-] Deleting neutron.port object s_rally_be4ca0c1_GI8KIr1s (0e69d248-1929-4c3c-a516-169e01c3a47a)
2019-07-26 21:31:18.225 22705 RALLYDEBUG rally_openstack.cleanup.manager [-] Deleting neutron.port object s_rally_be4ca0c1_Uk8BCg52 (0f1a24c9-3aec-42af-8ec0-68b73af19ec3)
2019-07-26 21:31:18.240 22705 RALLYDEBUG rally_openstack.cleanup.manager [-] Deleting neutron.port object s_rally_be4ca0c1_XnuEmTEf (0f5d1df3-dd9d-4462-a4c2-9e2309f0530b)
2019-07-26 21:31:20.773 22705 RALLYDEBUG rally_openstack.cleanup.manager [-] Deleting neutron.port object s_rally_be4ca0c1_0cVpnsNu (0f8ddf16-795d-41f9-ac04-5693700f60cc)
2019-07-26 21:31:20.923 22705 RALLYDEBUG rally_openstack.cleanup.manager [-] Deleting neutron.port object s_rally_be4ca0c1_jAuCY0fr (0fabb87f-b9e1-471b-b015-9612ae2b0e81)
2019-07-26 21:31:20.967 22705 RALLYDEBUG rally_openstack.cleanup.manager [-] Deleting neutron.port object s_rally_be4ca0c1_wKeoHKKk (0fc9a477-f051-41df-9dd3-f0accc0f93e6)
2019-07-26 21:31:20.973 22705 RALLYDEBUG rally_openstack.cleanup.manager [-] Deleting neutron.port object s_rally_be4ca0c1_598pjJgc (1295c43b-6c45-4be0-8a00-4e50a86173a0)
2019-07-26 21:31:20.976 22705 RALLYDEBUG rally_openstack.cleanup.manager [-] Deleting neutron.port object s_rally_be4ca0c1_LB7JB2pN (10c250d3-2b9a-4a7d-8e82-7b298b551d70)
2019-07-26 21:31:21.132 22705 RALLYDEBUG rally_openstack.cleanup.manager [-] Deleting neutron.port object s_rally_be4ca0c1_BoEjKYdy (12eb14a0-4268-47ec-ac52-e2f63a401aa9)
2019-07-26 21:31:21.280 22705 RALLYDEBUG rally_openstack.cleanup.manager [-] Deleting neutron.port object s_rally_be4ca0c1_YCDKppjY (132733aa-9737-417a-b7f9-17bb078b29bd)
2019-07-26 21:31:21.288 22705 RALLYDEBUG rally_openstack.cleanup.manager [-] Deleting neutron.port object s_rally_be4ca0c1_2DJWiecJ (1392cfeb-9b91-44f0-9094-ea6da80169e7)
2019-07-26 21:31:21.300 22705 RALLYDEBUG rally_openstack.cleanup.manager [-] Deleting neutron.port object s_rally_be4ca0c1_36LM4UDX (13b9c87e-d594-4731-895d-7ee8372a6e4e)
2019-07-26 21:31:21.386 22705 RALLYDEBUG rally_openstack.cleanup.manager [-] Deleting neutron.port object s_rally_be4ca0c1_B2gFRhMJ (13e77cc8-5bc7-4f5c-821e-7ca93364750f)
2019-07-26 21:31:21.387 22705 RALLYDEBUG rally_openstack.cleanup.manager [-] Deleting neutron.port object s_rally_be4ca0c1_xLenarTg (14af7c07-bdb9-4dd6-95cf-1066099238cc)
2019-07-26 21:31:21.452 22705 RALLYDEBUG rally_openstack.cleanup.manager [-] Deleting neutron.port object s_rally_be4ca0c1_JUCVxjb0 (14c5cf54-f42d-46c0-9ecc-87727f44f3fb)
2019-07-26 21:31:21.532 22705 RALLYDEBUG rally_openstack.cleanup.manager [-] Deleting neutron.port object s_rally_be4ca0c1_Q3JST1z0 (153b3720-2bf2-47a3-b338-4a3b0d45e44a)
2019-07-26 21:31:21.556 22705 RALLYDEBUG rally_openstack.cleanup.manager [-] Deleting neutron.port object s_rally_be4ca0c1_70BOLXx4 (15f5a1d3-be2f-41fd-9427-ed4b9307e3dc)
2019-07-26 21:31:21.637 22705 RALLYDEBUG rally_openstack.cleanup.manager [-] Deleting neutron.port object s_rally_be4ca0c1_8t60PzmV (15f60281-095e-4a33-83b9-403002749d71)
2019-07-26 21:31:22.297 22705 RALLYDEBUG rally_openstack.cleanup.manager [-] Deleting neutron.port object s_rally_be4ca0c1_lpJwhfYh (166dad63-ccd8-40ad-9dfb-1fd14dd5d55f)
2019-07-26 21:31:22.307 22705 RALLYDEBUG rally_openstack.cleanup.manager [-] Deleting neutron.port object s_rally_be4ca0c1_8hIQyEka (16b67669-37c0-445d-8f65-db3d7aaacc92)
2019-07-26 21:31:22.335 22705 RALLYDEBUG rally_openstack.cleanup.manager [-] Deleting neutron.port object s_rally_be4ca0c1_O8wkLu9Q (1781bd98-bec9-4f75-9195-ae821a5be1ee)
2019-07-26 21:31:22.338 22705 RALLYDEBUG rally_openstack.cleanup.manager [-] Deleting neutron.port object s_rally_be4ca0c1_CGwdQ3A3 (19b348cb-96c0-42f9-b934-e1f81961c43b)
2019-07-26 21:31:22.352 22705 RALLYDEBUG rally_openstack.cleanup.manager [-] Deleting neutron.port object s_rally_be4ca0c1_pUM5fnMw (19db1d13-1330-4ee7-ba4a-614af290d9cd)
2019-07-26 21:31:23.192 22705 RALLYDEBUG rally_openstack.cleanup.manager [-] Deleting neutron.port object s_rally_be4ca0c1_nHjbOMLk (1a4e8d89-6614-4aea-b0b5-dd6b3e71a18f)
2019-07-26 21:31:23.514 22705 RALLYDEBUG rally_openstack.cleanup.manager [-] Deleting neutron.port object s_rally_be4ca0c1_Isvm6eAX (1a726d32-81d2-49fc-9a3b-a8c2e61b77d6)
2019-07-26 21:31:23.832 22705 RALLYDEBUG rally_openstack.cleanup.manager [-] Deleting neutron.port object s_rally_be4ca0c1_F6bPeoje (1b73983e-0a80-4c05-abdd-8c69d6c8cc21)
2019-07-26 21:31:23.854 22705 RALLYDEBUG rally_openstack.cleanup.manager [-] Deleting neutron.port object s_rally_be4ca0c1_9AJ9ZSlu (1c1b8231-768d-4c11-9342-68513bfbbe1d)
2019-07-26 21:31:23.880 22705 RALLYDEBUG rally_openstack.cleanup.manager [-] Deleting neutron.port object s_rally_be4ca0c1_7GncwzHP (1c3981d6-44c1-492b-bf31-a2c2a5d05973)
2019-07-26 21:31:23.935 22705 RALLYDEBUG rally_openstack.cleanup.manager [-] Deleting neutron.port object s_rally_be4ca0c1_rhRUoAJZ (1c4a7e6d-66ab-46ca-803f-02c73fa82f6f)
2019-07-26 21:31:24.021 22705 RALLYDEBUG rally_openstack.cleanup.manager [-] Deleting neutron.port object s_rally_be4ca0c1_gXCKPK09 (1c4b6bb0-828d-46b6-9906-7ed0be388366)
2019-07-26 21:31:24.106 22705 RALLYDEBUG rally_openstack.cleanup.manager [-] Deleting neutron.port object s_rally_be4ca0c1_hKv2JfDs (1ce5b8b7-024b-4ade-b07f-ec555ddc1ee5)
2019-07-26 21:31:24.141 22705 RALLYDEBUG rally_openstack.cleanup.manager [-] Deleting neutron.port object s_rally_be4ca0c1_mYKZ2aBB (1cf52e07-9276-4db3-9f04-8a44a61bf3ac)
2019-07-26 21:31:24.147 22705 RALLYDEBUG rally_openstack.cleanup.manager [-] Deleting neutron.port object s_rally_be4ca0c1_ddHGJed2 (1d0c9dcb-2714-475b-aa8b-8b405036ec77)
2019-07-26 21:31:24.186 22705 RALLYDEBUG rally_openstack.cleanup.manager [-] Deleting neutron.port object s_rally_be4ca0c1_YqRrKkZT (1d32d58b-2364-4c90-9730-4e8186a1ae24)
2019-07-26 21:31:24.631 22705 RALLYDEBUG rally_openstack.cleanup.manager [-] Deleting neutron.port object s_rally_be4ca0c1_yWsKBnhy (1e7b177a-584f-4419-9237-2dd1489dae6a)
2019-07-26 21:31:24.694 22705 RALLYDEBUG rally_openstack.cleanup.manager [-] Deleting neutron.port object s_rally_be4ca0c1_zi3DuCgR (1e7f3377-4c8e-4f39-9096-69c51ba35974)
2019-07-26 21:31:24.713 22705 RALLYDEBUG rally_openstack.cleanup.manager [-] Deleting neutron.port object s_rally_be4ca0c1_cXRnSatU (1ea88c38-adad-4ca9-adf8-933ce1ade0fe)
2019-07-26 21:31:24.714 22705 RALLYDEBUG rally_openstack.cleanup.manager [-] Deleting neutron.port object s_rally_be4ca0c1_S3Jeba3s (1f240dfe-99b3-4e97-be9d-448ddc3e2907)
2019-07-26 21:31:24.727 22705 RALLYDEBUG rally_openstack.cleanup.manager [-] Deleting neutron.port object s_rally_be4ca0c1_CpNXvG1G (1f68f71f-2ffb-4e9d-9bce-f6488ed3e90b)
2019-07-26 21:31:25.519 22705 RALLYDEBUG rally_openstack.cleanup.manager [-] Deleting neutron.port object s_rally_be4ca0c1_BOadCyn2 (1f6c0b43-465e-42b3-8c50-27429770a0c4)
2019-07-26 21:31:25.568 22705 RALLYDEBUG rally_openstack.cleanup.manager [-] Deleting neutron.port object s_rally_be4ca0c1_x1geZCuf (2072b936-1812-4cf3-8d8c-b6207bd7424c)
2019-07-26 21:31:25.592 22705 RALLYDEBUG rally_openstack.cleanup.manager [-] Deleting neutron.port object s_rally_be4ca0c1_vpBZbsdt (21247283-a202-472b-b52b-998260ec2377)
2019-07-26 21:31:25.603 22705 RALLYDEBUG rally_openstack.cleanup.manager [-] Deleting neutron.port object s_rally_be4ca0c1_1vrGAJK1 (219c7423-ac93-4e6d-a5be-1f32efe878fa)
2019-07-26 21:31:25.620 22705 RALLYDEBUG rally_openstack.cleanup.manager [-] Deleting neutron.port object s_rally_be4ca0c1_VefbA6oH (23057905-3d36-4f4a-8898-e2fffb8f7654)
2019-07-26 21:31:26.099 22705 RALLYDEBUG rally_openstack.cleanup.manager [-] Deleting neutron.port object s_rally_be4ca0c1_xjKVdhFQ (231be9cd-ff8f-4cc1-ab4c-3d9df4986d62)
2019-07-26 21:31:26.518 22705 RALLYDEBUG rally_openstack.cleanup.manager [-] Deleting neutron.port object s_rally_be4ca0c1_NtNQDJR4 (23453a7a-c50c-4fbb-b8b7-51b56dbd9712)
2019-07-26 21:31:26.752 22705 RALLYDEBUG rally_openstack.cleanup.manager [-] Deleting neutron.port object s_rally_be4ca0c1_qGJ1x5bl (235aa4ce-01df-4998-9b67-03cefe1ad429)
2019-07-26 21:31:26.772 22705 RALLYDEBUG rally_openstack.cleanup.manager [-] Deleting neutron.port object s_rally_be4ca0c1_VisBzLX3 (24d0a267-71fe-4438-9ad6-0a85b32ba7b7)
2019-07-26 21:31:26.810 22705 RALLYDEBUG rally_openstack.cleanup.manager [-] Deleting neutron.port object s_rally_be4ca0c1_aqt5H96F (24de0791-f14a-43cb-b762-c961cc7168c2)
2019-07-26 21:31:26.896 22705 RALLYDEBUG rally_openstack.cleanup.manager [-] Deleting neutron.port object s_rally_be4ca0c1_SvO35Rlp (2509577e-703e-4954-a2ec-a93f60bb4ada)
2019-07-26 21:31:27.164 22705 RALLYDEBUG rally_openstack.cleanup.manager [-] Deleting neutron.port object s_rally_be4ca0c1_fWERfIRf (255232fc-4887-4be3-8831-dca7a6c2da57)
2019-07-26 21:31:27.230 22705 RALLYDEBUG rally_openstack.cleanup.manager [-] Deleting neutron.port object s_rally_be4ca0c1_DG3s4Zxs (25ae3a58-5e14-46a7-8ece-1193189d7d50)
2019-07-26 21:31:27.390 22705 RALLYDEBUG rally_openstack.cleanup.manager [-] Deleting neutron.port object s_rally_be4ca0c1_lrY87pQF (26032ced-2b51-4d72-9cff-4c2a6f3dce20)
2019-07-26 21:31:27.546 22705 RALLYDEBUG rally_openstack.cleanup.manager [-] Deleting neutron.port object s_rally_be4ca0c1_0CKPgA0m (278b5eea-711b-4640-b0a7-be1d0a669321)
2019-07-26 21:31:27.726 22705 RALLYDEBUG rally_openstack.cleanup.manager [-] Deleting neutron.port object s_rally_be4ca0c1_u17y7qcm (27c40b06-a635-443d-b633-524f8a7890e3)
2019-07-26 21:31:27.838 22705 RALLYDEBUG rally_openstack.cleanup.manager [-] Deleting neutron.port object s_rally_be4ca0c1_H7rfp7pf (27fb8d7a-005a-4924-8e76-ff8fdbce8fb3)
2019-07-26 21:31:27.868 22705 RALLYDEBUG rally_openstack.cleanup.manager [-] Deleting neutron.port object s_rally_be4ca0c1_7LpUATs8 (2850e2f8-496c-48f6-81bb-0a8b7c25f42f)
2019-07-26 21:31:27.888 22705 RALLYDEBUG rally_openstack.cleanup.manager [-] Deleting neutron.port object s_rally_be4ca0c1_ZEe85g2a (294d8267-1cb0-4285-b9c1-e5acca77b642)
2019-07-26 21:31:27.983 22705 RALLYDEBUG rally_openstack.cleanup.manager [-] Deleting neutron.port object s_rally_be4ca0c1_BbdB498P (2a89f671-8112-48ed-84ee-5822e88f82e6)
2019-07-26 21:31:27.990 22705 RALLYDEBUG rally_openstack.cleanup.manager [-] Deleting neutron.port object s_rally_be4ca0c1_9IRHN5Fr (2ac3d8d5-8fdb-4718-b834-55c267577298)
2019-07-26 21:31:28.004 22705 RALLYDEBUG rally_openstack.cleanup.manager [-] Deleting neutron.port object s_rally_be4ca0c1_wmKwyOIk (2acdd3ba-dfcd-4b67-a793-38940bc1a187)
2019-07-26 21:31:28.565 22705 RALLYDEBUG rally_openstack.cleanup.manager [-] Deleting neutron.port object s_rally_be4ca0c1_xamA5r2a (2ace0f58-74c5-4492-b388-7f0f944e448f)
2019-07-26 21:31:28.694 22705 RALLYDEBUG rally_openstack.cleanup.manager [-] Deleting neutron.port object s_rally_be4ca0c1_WWDZrkJh (2ad0cc11-dfa8-46d8-85c8-54dbc29ef5df)
2019-07-26 21:31:28.710 22705 RALLYDEBUG rally_openstack.cleanup.manager [-] Deleting neutron.port object s_rally_be4ca0c1_QjzqY3KG (2bc8a51f-0544-4446-8999-c1ffbdf229fc)
2019-07-26 21:31:28.928 22705 RALLYDEBUG rally_openstack.cleanup.manager [-] Deleting neutron.port object s_rally_be4ca0c1_hsFvz1cI (2c7a3061-eadc-40db-86ae-0d011990d9a6)
2019-07-26 21:31:28.946 22705 RALLYDEBUG rally_openstack.cleanup.manager [-] Deleting neutron.port object s_rally_be4ca0c1_K8EYDdju (2c832554-0a5a-49dc-bb1a-2fdecbcc4c2e)
2019-07-26 21:31:29.286 22705 RALLYDEBUG rally_openstack.cleanup.manager [-] Deleting neutron.port object s_rally_be4ca0c1_zkdwysaE (2db15a5a-30ce-44be-8fe5-69d2e7742299)
2019-07-26 21:31:29.702 22705 RALLYDEBUG rally_openstack.cleanup.manager [-] Deleting neutron.port object s_rally_be4ca0c1_mFkmdrpo (2dc001ac-ec0d-4724-a256-e48d1d61e2b1)
2019-07-26 21:31:29.845 22705 RALLYDEBUG rally_openstack.cleanup.manager [-] Deleting neutron.port object s_rally_be4ca0c1_0nASfJ9y (2deb2c12-0890-41b6-b2b5-1a36eb649b76)
2019-07-26 21:31:29.894 22705 RALLYDEBUG rally_openstack.cleanup.manager [-] Deleting neutron.port object s_rally_be4ca0c1_uWnKdUjF (2dece0c7-ed08-45aa-95af-1e21dee60016)
2019-07-26 21:31:29.933 22705 RALLYDEBUG rally_openstack.cleanup.manager [-] Deleting neutron.port object s_rally_be4ca0c1_f9CjjJW0 (2e6e0e55-a473-4e70-9e4c-5e8c8f80eaa6)
2019-07-26 21:31:29.946 22705 RALLYDEBUG rally_openstack.cleanup.manager [-] Deleting neutron.port object s_rally_be4ca0c1_NP0kwthh (2ed1f1dd-d3e8-467e-86e3-39f5a9c12399)
2019-07-26 21:31:29.980 22705 RALLYDEBUG rally_openstack.cleanup.manager [-] Deleting neutron.port object s_rally_be4ca0c1_Jcyn3SgD (2eef4a10-2fcb-409b-a8f2-98e44dbc9e38)
2019-07-26 21:31:30.049 22705 RALLYDEBUG rally_openstack.cleanup.manager [-] Deleting neutron.port object s_rally_be4ca0c1_COtiNG5R (2f710ea1-9a7c-44c2-9f83-a1857ae92c6f)
2019-07-26 21:31:30.147 22705 RALLYDEBUG rally_openstack.cleanup.manager [-] Deleting neutron.port object s_rally_be4ca0c1_964n3ixW (3087f418-009a-4bc8-8817-ff60da448786)
2019-07-26 21:31:30.303 22705 RALLYDEBUG rally_openstack.cleanup.manager [-] Deleting neutron.port object s_rally_be4ca0c1_jQHUDZzc (30d19112-ca9e-48e5-bf8e-2b4de7e8a68c)
2019-07-26 21:31:30.353 22705 RALLYDEBUG rally_openstack.cleanup.manager [-] Deleting neutron.port object s_rally_be4ca0c1_PRTSgBgy (30ea77d7-eb8e-4d20-9568-366d2b134a9b)
2019-07-26 21:31:30.426 22705 RALLYDEBUG rally_openstack.cleanup.manager [-] Deleting neutron.port object s_rally_be4ca0c1_KbQjdzGO (315fe147-4e10-4f56-b403-ed21d3d9f603)
2019-07-26 21:31:30.879 22705 RALLYDEBUG rally_openstack.cleanup.manager [-] Deleting neutron.port object s_rally_be4ca0c1_LM0OP7xA (31b8deb0-8074-4c9e-b36e-f1dc59f7ada5)
2019-07-26 21:31:31.082 22705 RALLYDEBUG rally_openstack.cleanup.manager [-] Deleting neutron.port object s_rally_be4ca0c1_px0kNuc4 (32469985-2102-4c07-b5e7-a6de068d8b5a)
2019-07-26 21:31:31.127 22705 RALLYDEBUG rally_openstack.cleanup.manager [-] Deleting neutron.port object s_rally_be4ca0c1_GalXbwDy (33be7382-814c-45c4-a86b-2a31f1f77deb)
2019-07-26 21:31:31.382 22705 RALLYDEBUG rally_openstack.cleanup.manager [-] Deleting neutron.port object s_rally_be4ca0c1_x7Red0K0 (33d1ae39-c3cb-4d05-acac-7014ab50395b)
