2019-07-26 19:29:49.417 1842 RALLYDEBUG rally_openstack.cleanup.manager [-] Deleting cinder.qos_specs object s_rally_e4c4846e_BCzqvuLa (5ec3b271-3b61-42af-a27e-47a8ec47373f)
2019-07-26 19:29:49.429 1842 RALLYDEBUG rally_openstack.cleanup.manager [-] Deleting cinder.qos_specs object s_rally_e4c4846e_oPBkunPL (3b63263e-e2ee-43c8-862e-a8c0902d300f)
2019-07-26 19:29:49.432 1842 RALLYDEBUG rally_openstack.cleanup.manager [-] Deleting cinder.qos_specs object s_rally_e4c4846e_H4tU3ZmW (d5cb06db-d463-41e1-aae8-92e153472aed)
2019-07-26 19:29:49.443 1842 RALLYDEBUG rally_openstack.cleanup.manager [-] Deleting cinder.qos_specs object s_rally_e4c4846e_83wJWtWi (c6194fa3-95ea-4946-a8f0-bfa59b7cd1cd)
2019-07-26 19:29:49.458 1842 RALLYDEBUG rally_openstack.cleanup.manager [-] Deleting cinder.qos_specs object s_rally_e4c4846e_b9S9bBjp (16815bde-b214-4120-9013-bea1bb07a40f)
2019-07-26 19:29:49.479 1842 RALLYDEBUG rally_openstack.cleanup.manager [-] Deleting cinder.qos_specs object s_rally_e4c4846e_6iTGKJlg (a91aa562-674f-474c-8c59-dc5537594ed6)
2019-07-26 19:29:51.779 1842 INFO rally.task.context [-] Task 5836c755-2f13-426a-9895-4b618997a64f | Context admin_cleanup@openstack cleanup() finished in 7.13 sec
2019-07-26 19:29:51.779 1842 INFO rally.task.context [-] Task 5836c755-2f13-426a-9895-4b618997a64f | Context api_versions@openstack cleanup() started
2019-07-26 19:29:51.779 1842 INFO rally.task.context [-] Task 5836c755-2f13-426a-9895-4b618997a64f | Context api_versions@openstack cleanup() finished in 0.33 msec
2019-07-26 19:29:51.780 1842 INFO rally.task.context [-] Task 5836c755-2f13-426a-9895-4b618997a64f | Context users@openstack cleanup() started
2019-07-26 19:30:00.207 1842 INFO rally.task.context [-] Task 5836c755-2f13-426a-9895-4b618997a64f | Context users@openstack cleanup() finished in 8.43 sec
2019-07-26 19:30:00.243 1842 INFO rally.task.engine [-] Load duration is: 3.23933
2019-07-26 19:30:00.244 1842 INFO rally.task.engine [-] Full runner duration is: 3.280294
2019-07-26 19:30:00.244 1842 INFO rally.task.engine [-] Full duration is: 24.116173
2019-07-26 19:30:00.603 1842 INFO rally.task.engine [-] Running workload: position = 0 config = { "version": 2, "title": "A cropped version of a bigger task.", "description": "Auto-generated task from a single workload (uuid=0c79e27b-afd3-4bd3-9dc8-e60230ddf551)", "subtasks": [ { "title": "CinderQos.create_and_list_qos", "description": "Create a qos, then list all qos.", "scenario": { "CinderQos.create_and_list_qos": { "consumer": "both", "write_iops_sec": "10", "read_iops_sec": "1000" } }, "contexts": { "users": { "tenants": 3, "users_per_tenant": 2 }, "api_versions": { "cinder": { "version": 3, "service_type": "volumev3" } } }, "runner": { "constant": { "concurrency": 4, "times": 10 } }, "hooks": [], "sla": { "failure_rate": { "max": 0 } } } ] }
2019-07-26 19:30:00.626 1842 RALLYDEBUG rally_openstack.contexts.keystone.users [-] Creating 3 tenants using 20 threads
2019-07-26 19:30:02.668 1842 RALLYDEBUG rally_openstack.contexts.keystone.users [-] Creating 6 users using 20 threads
2019-07-26 19:30:05.537 1842 INFO rally.task.context [-] Task 5836c755-2f13-426a-9895-4b618997a64f | Context users@openstack setup() finished in 4.91 sec
2019-07-26 19:30:05.970 1842 INFO rally.task.context [-] Task 5836c755-2f13-426a-9895-4b618997a64f | Context api_versions@openstack setup() finished in 0.43 sec
2019-07-26 19:30:05.970 1842 INFO rally.task.context [-] Task 5836c755-2f13-426a-9895-4b618997a64f | Context admin_cleanup@openstack setup() finished in 0.01 msec
2019-07-26 19:30:05.978 1842 RALLYDEBUG rally.task.runner [-] Starting the constant runner (task UUID: 5836c755-2f13-426a-9895-4b618997a64f). timeout: 0 concurrency: 4 concurrency_per_worker: 1 times: 10 concurrency_overhead: 0 processes_to_start: 4 max_cpu_used: 16
2019-07-26 19:30:05.991 5294 RALLYDEBUG rally.task.runner [-] Starting a worker. concurrency: 1 args: {"consumer": "both", "write_iops_sec": "10", "read_iops_sec": "1000"} times: 10 method_name: run timeout: 0 duration: None cls:
2019-07-26 19:30:05.994 5295 RALLYDEBUG rally.task.runner [-] Starting a worker. concurrency: 1 args: {"consumer": "both", "write_iops_sec": "10", "read_iops_sec": "1000"} times: 10 method_name: run timeout: 0 duration: None cls:
2019-07-26 19:30:05.996 5296 RALLYDEBUG rally.task.runner [-] Starting a worker. concurrency: 1 args: {"consumer": "both", "write_iops_sec": "10", "read_iops_sec": "1000"} times: 10 method_name: run timeout: 0 duration: None cls:
2019-07-26 19:30:05.999 5294 INFO rally.task.runner [-] Task 5836c755-2f13-426a-9895-4b618997a64f | ITER: 1 START
2019-07-26 19:30:05.999 5297 RALLYDEBUG rally.task.runner [-] Starting a worker. concurrency: 1 args: {"consumer": "both", "write_iops_sec": "10", "read_iops_sec": "1000"} times: 10 method_name: run timeout: 0 duration: None cls:
2019-07-26 19:30:06.003 5295 INFO rally.task.runner [-] Task 5836c755-2f13-426a-9895-4b618997a64f | ITER: 2 START
2019-07-26 19:30:06.004 5296 INFO rally.task.runner [-] Task 5836c755-2f13-426a-9895-4b618997a64f | ITER: 3 START
2019-07-26 19:30:06.007 5297 INFO rally.task.runner [-] Task 5836c755-2f13-426a-9895-4b618997a64f | ITER: 4 START
2019-07-26 19:30:07.114 5297 INFO rally.task.runner [-] Task 5836c755-2f13-426a-9895-4b618997a64f | ITER: 4 END: OK
2019-07-26 19:30:07.119 5297 INFO rally.task.runner [-] Task 5836c755-2f13-426a-9895-4b618997a64f | ITER: 5 START
2019-07-26 19:30:07.153 5294 INFO rally.task.runner [-] Task 5836c755-2f13-426a-9895-4b618997a64f | ITER: 1 END: OK
2019-07-26 19:30:07.158 5294 INFO rally.task.runner [-] Task 5836c755-2f13-426a-9895-4b618997a64f | ITER: 6 START
2019-07-26 19:30:07.171 5296 INFO rally.task.runner [-] Task 5836c755-2f13-426a-9895-4b618997a64f | ITER: 3 END: OK
2019-07-26 19:30:07.175 5296 INFO rally.task.runner [-] Task 5836c755-2f13-426a-9895-4b618997a64f | ITER: 7 START
2019-07-26 19:30:07.344 5295 INFO rally.task.runner [-] Task 5836c755-2f13-426a-9895-4b618997a64f | ITER: 2 END: OK
2019-07-26 19:30:07.348 5295 INFO rally.task.runner [-] Task 5836c755-2f13-426a-9895-4b618997a64f | ITER: 8 START
2019-07-26 19:30:08.158 5294 INFO rally.task.runner [-] Task 5836c755-2f13-426a-9895-4b618997a64f | ITER: 6 END: OK
2019-07-26 19:30:08.163 5294 INFO rally.task.runner [-] Task 5836c755-2f13-426a-9895-4b618997a64f | ITER: 9 START
2019-07-26 19:30:08.268 5296 INFO rally.task.runner [-] Task 5836c755-2f13-426a-9895-4b618997a64f | ITER: 7 END: OK
2019-07-26 19:30:08.272 5296 INFO rally.task.runner [-] Task 5836c755-2f13-426a-9895-4b618997a64f | ITER: 10 START
2019-07-26 19:30:08.274 5297 INFO rally.task.runner [-] Task 5836c755-2f13-426a-9895-4b618997a64f | ITER: 5 END: OK
2019-07-26 19:30:08.463 5295 INFO rally.task.runner [-] Task 5836c755-2f13-426a-9895-4b618997a64f | ITER: 8 END: OK
2019-07-26 19:30:09.088 5294 INFO rally.task.runner [-] Task 5836c755-2f13-426a-9895-4b618997a64f | ITER: 9 END: OK
2019-07-26 19:30:09.253 5296 INFO rally.task.runner [-] Task 5836c755-2f13-426a-9895-4b618997a64f | ITER: 10 END: OK
2019-07-26 19:30:09.278 1842 INFO rally.task.context [-] Task 5836c755-2f13-426a-9895-4b618997a64f | Context admin_cleanup@openstack cleanup() started
2019-07-26 19:30:09.281 1842 RALLYDEBUG rally_openstack.cleanup.manager [-] Cleaning up cinder volume_types objects
2019-07-26 19:30:09.942 1842 RALLYDEBUG rally_openstack.cleanup.manager [-] Cleaning up cinder image_volumes_cache objects
2019-07-26 19:30:11.304 1842 RALLYDEBUG rally_openstack.cleanup.manager [-] Cleaning up cinder quotas objects
2019-07-26 19:30:13.154 1842 RALLYDEBUG rally_openstack.cleanup.manager [-] Cleaning up cinder qos_specs objects
2019-07-26 19:30:13.931 1842 RALLYDEBUG rally_openstack.cleanup.manager [-] Deleting cinder.qos_specs object s_rally_0c79e27b_eJ3DJ4s5 (e249cde9-2f38-4456-be56-9ab516b1a0a0)
2019-07-26 19:30:13.935 1842 RALLYDEBUG rally_openstack.cleanup.manager [-] Deleting cinder.qos_specs object s_rally_0c79e27b_z0h9mdnG (92a2e3b2-1f5f-4597-9fda-67475c0710ba)
2019-07-26 19:30:13.939 1842 RALLYDEBUG rally_openstack.cleanup.manager [-] Deleting cinder.qos_specs object s_rally_0c79e27b_CvVhyCUH (56c73671-b9d7-4536-b427-023973a638e9)
2019-07-26 19:30:13.948 1842 RALLYDEBUG rally_openstack.cleanup.manager [-] Deleting cinder.qos_specs object s_rally_0c79e27b_ZvEORjPF (ca9266e0-8bab-45b7-8530-ed62eea19ef4)
2019-07-26 19:30:13.955 1842 RALLYDEBUG rally_openstack.cleanup.manager [-] Deleting cinder.qos_specs object s_rally_0c79e27b_GD8PfGc4 (99e66be5-a914-47ec-93c0-340808081d39)
2019-07-26 19:30:13.969 1842 RALLYDEBUG rally_openstack.cleanup.manager [-] Deleting cinder.qos_specs object s_rally_0c79e27b_92QFbjpp (64ce92fc-cff4-4921-abd6-617d43403a88)
2019-07-26 19:30:13.971 1842 RALLYDEBUG rally_openstack.cleanup.manager [-] Deleting cinder.qos_specs object s_rally_0c79e27b_vSvkZXS5 (64ffa654-2b66-4d53-9f6d-ff30f806fd2d)
2019-07-26 19:30:13.989 1842 RALLYDEBUG rally_openstack.cleanup.manager [-] Deleting cinder.qos_specs object s_rally_0c79e27b_2YeiDVTW (333d2aa2-acac-44e9-8828-eca61dc779fc)
2019-07-26 19:30:14.001 1842 RALLYDEBUG rally_openstack.cleanup.manager [-] Deleting cinder.qos_specs object s_rally_0c79e27b_7Ud4YNmm (1a55b13d-fe38-4705-8c30-249497fcdf0b)
2019-07-26 19:30:14.019 1842 RALLYDEBUG rally_openstack.cleanup.manager [-] Deleting cinder.qos_specs object s_rally_0c79e27b_NPDlMykR (09f8480f-d6e1-4cd6-86f6-ad956683ff6e)
2019-07-26 19:30:16.377 1842 INFO rally.task.context [-] Task 5836c755-2f13-426a-9895-4b618997a64f | Context admin_cleanup@openstack cleanup() finished in 7.10 sec
2019-07-26 19:30:16.378 1842 INFO rally.task.context [-] Task 5836c755-2f13-426a-9895-4b618997a64f | Context api_versions@openstack cleanup() started
2019-07-26 19:30:16.378 1842 INFO rally.task.context [-] Task 5836c755-2f13-426a-9895-4b618997a64f | Context api_versions@openstack cleanup() finished in 0.32 msec
2019-07-26 19:30:16.378 1842 INFO rally.task.context [-] Task 5836c755-2f13-426a-9895-4b618997a64f | Context users@openstack cleanup() started
2019-07-26 19:30:24.399 1842 INFO rally.task.context [-] Task 5836c755-2f13-426a-9895-4b618997a64f | Context users@openstack cleanup() finished in 8.02 sec
2019-07-26 19:30:24.726 1842 INFO rally.task.engine [-] Load duration is: 3.250151
2019-07-26 19:30:24.727 1842 INFO rally.task.engine [-] Full runner duration is: 3.301558
2019-07-26 19:30:24.727 1842 INFO rally.task.engine [-] Full duration is: 23.776
2019-07-26 19:30:24.958 1842 INFO rally.task.engine [-] Running workload: position = 0 config = { "version": 2, "title": "A cropped version of a bigger task.", "description": "Auto-generated task from a single workload (uuid=ca088efa-15de-440d-a16a-4e10cf007804)", "subtasks": [ { "title": "CinderQos.create_and_set_qos", "description": "Create a qos, then Add/Update keys in qos specs.", "scenario": { "CinderQos.create_and_set_qos": { "consumer": "back-end", "write_iops_sec": "10", "read_iops_sec": "1000", "set_consumer": "both", "set_write_iops_sec": "11", "set_read_iops_sec": "1001" } }, "contexts": { "users": { "tenants": 3, "users_per_tenant": 2 }, "api_versions": { "cinder": { "version": 3, "service_type": "volumev3" } } }, "runner": { "constant": { "concurrency": 4, "times": 10 } }, "hooks": [], "sla": { "failure_rate": { "max": 0 } } } ] }
2019-07-26 19:30:24.981 1842 RALLYDEBUG rally_openstack.contexts.keystone.users [-] Creating 3 tenants using 20 threads
2019-07-26 19:30:26.932 1842 RALLYDEBUG rally_openstack.contexts.keystone.users [-] Creating 6 users using 20 threads
2019-07-26 19:30:29.887 1842 INFO rally.task.context [-] Task 5836c755-2f13-426a-9895-4b618997a64f | Context users@openstack setup() finished in 4.91 sec
2019-07-26 19:30:30.321 1842 INFO rally.task.context [-] Task 5836c755-2f13-426a-9895-4b618997a64f | Context api_versions@openstack setup() finished in 0.43 sec
2019-07-26 19:30:30.321 1842 INFO rally.task.context [-] Task 5836c755-2f13-426a-9895-4b618997a64f | Context admin_cleanup@openstack setup() finished in 0.01 msec
2019-07-26 19:30:30.329 1842 RALLYDEBUG rally.task.runner [-] Starting the constant runner (task UUID: 5836c755-2f13-426a-9895-4b618997a64f). timeout: 0 concurrency: 4 concurrency_per_worker: 1 times: 10 concurrency_overhead: 0 processes_to_start: 4 max_cpu_used: 16
2019-07-26 19:30:30.342 5478 RALLYDEBUG rally.task.runner [-] Starting a worker. concurrency: 1 args: {"consumer": "back-end", "write_iops_sec": "10", "read_iops_sec": "1000", "set_consumer": "both", "set_write_iops_sec": "11", "set_read_iops_sec": "1001"} times: 10 method_name: run timeout: 0 duration: None cls:
2019-07-26 19:30:30.345 5479 RALLYDEBUG rally.task.runner [-] Starting a worker. concurrency: 1 args: {"consumer": "back-end", "write_iops_sec": "10", "read_iops_sec": "1000", "set_consumer": "both", "set_write_iops_sec": "11", "set_read_iops_sec": "1001"} times: 10 method_name: run timeout: 0 duration: None cls:
2019-07-26 19:30:30.347 5480 RALLYDEBUG rally.task.runner [-] Starting a worker. concurrency: 1 args: {"consumer": "back-end", "write_iops_sec": "10", "read_iops_sec": "1000", "set_consumer": "both", "set_write_iops_sec": "11", "set_read_iops_sec": "1001"} times: 10 method_name: run timeout: 0 duration: None cls:
2019-07-26 19:30:30.349 5478 INFO rally.task.runner [-] Task 5836c755-2f13-426a-9895-4b618997a64f | ITER: 1 START
2019-07-26 19:30:30.349 5481 RALLYDEBUG rally.task.runner [-] Starting a worker. concurrency: 1 args: {"consumer": "back-end", "write_iops_sec": "10", "read_iops_sec": "1000", "set_consumer": "both", "set_write_iops_sec": "11", "set_read_iops_sec": "1001"} times: 10 method_name: run timeout: 0 duration: None cls:
2019-07-26 19:30:30.354 5479 INFO rally.task.runner [-] Task 5836c755-2f13-426a-9895-4b618997a64f | ITER: 2 START
2019-07-26 19:30:30.354 5480 INFO rally.task.runner [-] Task 5836c755-2f13-426a-9895-4b618997a64f | ITER: 3 START
2019-07-26 19:30:30.356 5481 INFO rally.task.runner [-] Task 5836c755-2f13-426a-9895-4b618997a64f | ITER: 4 START
2019-07-26 19:30:31.453 5479 INFO rally.task.runner [-] Task 5836c755-2f13-426a-9895-4b618997a64f | ITER: 2 END: OK
2019-07-26 19:30:31.459 5479 INFO rally.task.runner [-] Task 5836c755-2f13-426a-9895-4b618997a64f | ITER: 5 START
2019-07-26 19:30:31.507 5481 INFO rally.task.runner [-] Task 5836c755-2f13-426a-9895-4b618997a64f | ITER: 4 END: OK
2019-07-26 19:30:31.508 5480 INFO rally.task.runner [-] Task 5836c755-2f13-426a-9895-4b618997a64f | ITER: 3 END: OK
2019-07-26 19:30:31.514 5481 INFO rally.task.runner [-] Task 5836c755-2f13-426a-9895-4b618997a64f | ITER: 6 START
2019-07-26 19:30:31.516 5480 INFO rally.task.runner [-] Task 5836c755-2f13-426a-9895-4b618997a64f | ITER: 7 START
2019-07-26 19:30:31.525 5478 INFO rally.task.runner [-] Task 5836c755-2f13-426a-9895-4b618997a64f | ITER: 1 END: OK
2019-07-26 19:30:31.530 5478 INFO rally.task.runner [-] Task 5836c755-2f13-426a-9895-4b618997a64f | ITER: 8 START
2019-07-26 19:30:32.542 5478 INFO rally.task.runner [-] Task 5836c755-2f13-426a-9895-4b618997a64f | ITER: 8 END: OK
2019-07-26 19:30:32.548 5478 INFO rally.task.runner [-] Task 5836c755-2f13-426a-9895-4b618997a64f | ITER: 9 START
2019-07-26 19:30:32.584 5479 INFO rally.task.runner [-] Task 5836c755-2f13-426a-9895-4b618997a64f | ITER: 5 END: OK
2019-07-26 19:30:32.589 5479 INFO rally.task.runner [-] Task 5836c755-2f13-426a-9895-4b618997a64f | ITER: 10 START
2019-07-26 19:30:32.622 5481 INFO rally.task.runner [-] Task 5836c755-2f13-426a-9895-4b618997a64f | ITER: 6 END: OK
2019-07-26 19:30:32.627 5480 INFO rally.task.runner [-] Task 5836c755-2f13-426a-9895-4b618997a64f | ITER: 7 END: OK
2019-07-26 19:30:33.609 5479 INFO rally.task.runner [-] Task 5836c755-2f13-426a-9895-4b618997a64f | ITER: 10 END: OK
2019-07-26 19:30:33.640 5478 INFO rally.task.runner [-] Task 5836c755-2f13-426a-9895-4b618997a64f | ITER: 9 END: OK
2019-07-26 19:30:33.662 1842 INFO rally.task.context [-] Task 5836c755-2f13-426a-9895-4b618997a64f | Context admin_cleanup@openstack cleanup() started
2019-07-26 19:30:33.664 1842 RALLYDEBUG rally_openstack.cleanup.manager [-] Cleaning up cinder volume_types objects
2019-07-26 19:30:34.354 1842 RALLYDEBUG rally_openstack.cleanup.manager [-] Cleaning up cinder image_volumes_cache objects
2019-07-26 19:30:35.763 1842 RALLYDEBUG rally_openstack.cleanup.manager [-] Cleaning up cinder quotas objects
2019-07-26 19:30:37.584 1842 RALLYDEBUG rally_openstack.cleanup.manager [-] Cleaning up cinder qos_specs objects
2019-07-26 19:30:38.361 1842 RALLYDEBUG rally_openstack.cleanup.manager [-] Deleting cinder.qos_specs object s_rally_ca088efa_2LMaAX4Z (b8b4639d-1bc3-4010-99da-a031119b4abb)
2019-07-26 19:30:38.362 1842 RALLYDEBUG rally_openstack.cleanup.manager [-] Deleting cinder.qos_specs object s_rally_ca088efa_B2zc87SD (8cb1f63b-fa7e-4d1f-8f63-64dd79756a5e)
2019-07-26 19:30:38.377 1842 RALLYDEBUG rally_openstack.cleanup.manager [-] Deleting cinder.qos_specs object s_rally_ca088efa_J7Cwpryg (8852a467-19ce-42f4-9b70-873be21a78de)
2019-07-26 19:30:38.384 1842 RALLYDEBUG rally_openstack.cleanup.manager [-] Deleting cinder.qos_specs object s_rally_ca088efa_gSVQ1a6p (88349568-cd0b-4970-83ed-5630d85e871b)
2019-07-26 19:30:38.390 1842 RALLYDEBUG rally_openstack.cleanup.manager [-] Deleting cinder.qos_specs object s_rally_ca088efa_nZXpQnxM (87274842-df62-4c07-a26d-ac3c599d69b1)
2019-07-26 19:30:38.391 1842 RALLYDEBUG rally_openstack.cleanup.manager [-] Deleting cinder.qos_specs object s_rally_ca088efa_wyiPvxCQ (0f74a244-869c-4376-827b-28d20d04f1f9)
2019-07-26 19:30:38.402 1842 RALLYDEBUG rally_openstack.cleanup.manager [-] Deleting cinder.qos_specs object s_rally_ca088efa_IcsdWs3D (5ff2eab0-a14e-4888-ad09-22c08314a040)
2019-07-26 19:30:38.406 1842 RALLYDEBUG rally_openstack.cleanup.manager [-] Deleting cinder.qos_specs object s_rally_ca088efa_r0UqVqTA (588dd0c1-fa99-4071-b511-8e804247746e)
2019-07-26 19:30:38.432 1842 RALLYDEBUG rally_openstack.cleanup.manager [-] Deleting cinder.qos_specs object s_rally_ca088efa_hLQRbXOB (022bb254-ae41-4cfd-8040-6852a9664db4)
2019-07-26 19:30:38.443 1842 RALLYDEBUG rally_openstack.cleanup.manager [-] Deleting cinder.qos_specs object s_rally_ca088efa_uTs3wxMj (3338912b-32f0-40b9-8add-51a5f18b2377)
2019-07-26 19:30:40.919 1842 INFO rally.task.context [-] Task 5836c755-2f13-426a-9895-4b618997a64f | Context admin_cleanup@openstack cleanup() finished in 7.26 sec
2019-07-26 19:30:40.919 1842 INFO rally.task.context [-] Task 5836c755-2f13-426a-9895-4b618997a64f | Context api_versions@openstack cleanup() started
2019-07-26 19:30:40.920 1842 INFO rally.task.context [-] Task 5836c755-2f13-426a-9895-4b618997a64f | Context api_versions@openstack cleanup() finished in 0.33 msec
2019-07-26 19:30:40.920 1842 INFO rally.task.context [-] Task 5836c755-2f13-426a-9895-4b618997a64f | Context users@openstack cleanup() started
2019-07-26 19:30:49.076 1842 INFO rally.task.context [-] Task 5836c755-2f13-426a-9895-4b618997a64f | Context users@openstack cleanup() finished in 8.16 sec
2019-07-26 19:30:49.141 1842 INFO rally.task.engine [-] Load duration is: 3.287811
2019-07-26 19:30:49.141 1842 INFO rally.task.engine [-] Full runner duration is: 3.333166
2019-07-26 19:30:49.141 1842 INFO rally.task.engine [-] Full duration is: 24.099498
2019-07-26 19:30:49.371 1842 INFO rally.task.engine [-] Running workload: position = 0 config = { "version": 2, "title": "A cropped version of a bigger task.", "description": "Auto-generated task from a single workload (uuid=4606acdf-86e7-4172-94ce-759782a06ecb)", "subtasks": [ { "title": "CinderVolumeTypes.create_and_get_volume_type", "description": "Create a volume Type, then get the details of the type.", "scenario": { "CinderVolumeTypes.create_and_get_volume_type": { "description": "rally tests creating types" } }, "contexts": { "users": { "tenants": 3, "users_per_tenant": 2 }, "api_versions": { "cinder": { "version": 3, "service_type": "volumev3" } } }, "runner": { "constant": { "concurrency": 4, "times": 10 } }, "hooks": [], "sla": { "failure_rate": { "max": 0 } } } ] }
2019-07-26 19:30:49.395 1842 RALLYDEBUG rally_openstack.contexts.keystone.users [-] Creating 3 tenants using 20 threads
2019-07-26 19:30:51.310 1842 RALLYDEBUG rally_openstack.contexts.keystone.users [-] Creating 6 users using 20 threads
2019-07-26 19:30:54.315 1842 INFO rally.task.context [-] Task 5836c755-2f13-426a-9895-4b618997a64f | Context users@openstack setup() finished in 4.92 sec
2019-07-26 19:30:54.736 1842 INFO rally.task.context [-] Task 5836c755-2f13-426a-9895-4b618997a64f | Context api_versions@openstack setup() finished in 0.42 sec
2019-07-26 19:30:54.737 1842 INFO rally.task.context [-] Task 5836c755-2f13-426a-9895-4b618997a64f | Context admin_cleanup@openstack setup() finished in 0.01 msec
2019-07-26 19:30:54.744 1842 RALLYDEBUG rally.task.runner [-] Starting the constant runner (task UUID: 5836c755-2f13-426a-9895-4b618997a64f). timeout: 0 concurrency: 4 concurrency_per_worker: 1 times: 10 concurrency_overhead: 0 processes_to_start: 4 max_cpu_used: 16
2019-07-26 19:30:54.757 5662 RALLYDEBUG rally.task.runner [-] Starting a worker. concurrency: 1 args: {"description": "rally tests creating types"} times: 10 method_name: run timeout: 0 duration: None cls:
2019-07-26 19:30:54.760 5663 RALLYDEBUG rally.task.runner [-] Starting a worker. concurrency: 1 args: {"description": "rally tests creating types"} times: 10 method_name: run timeout: 0 duration: None cls:
2019-07-26 19:30:54.762 5664 RALLYDEBUG rally.task.runner [-] Starting a worker. concurrency: 1 args: {"description": "rally tests creating types"} times: 10 method_name: run timeout: 0 duration: None cls:
2019-07-26 19:30:54.765 5662 INFO rally.task.runner [-] Task 5836c755-2f13-426a-9895-4b618997a64f | ITER: 1 START
2019-07-26 19:30:54.765 5665 RALLYDEBUG rally.task.runner [-] Starting a worker. concurrency: 1 args: {"description": "rally tests creating types"} times: 10 method_name: run timeout: 0 duration: None cls:
2019-07-26 19:30:54.768 5663 INFO rally.task.runner [-] Task 5836c755-2f13-426a-9895-4b618997a64f | ITER: 2 START
2019-07-26 19:30:54.769 5664 INFO rally.task.runner [-] Task 5836c755-2f13-426a-9895-4b618997a64f | ITER: 3 START
2019-07-26 19:30:54.773 5665 INFO rally.task.runner [-] Task 5836c755-2f13-426a-9895-4b618997a64f | ITER: 4 START
2019-07-26 19:30:55.828 5662 INFO rally.task.runner [-] Task 5836c755-2f13-426a-9895-4b618997a64f | ITER: 1 END: OK
2019-07-26 19:30:55.834 5662 INFO rally.task.runner [-] Task 5836c755-2f13-426a-9895-4b618997a64f | ITER: 5 START
2019-07-26 19:30:55.839 5663 INFO rally.task.runner [-] Task 5836c755-2f13-426a-9895-4b618997a64f | ITER: 2 END: OK
2019-07-26 19:30:55.844 5663 INFO rally.task.runner [-] Task 5836c755-2f13-426a-9895-4b618997a64f | ITER: 6 START
2019-07-26 19:30:55.863 5664 INFO rally.task.runner [-] Task 5836c755-2f13-426a-9895-4b618997a64f | ITER: 3 END: OK
2019-07-26 19:30:55.868 5664 INFO rally.task.runner [-] Task 5836c755-2f13-426a-9895-4b618997a64f | ITER: 7 START
2019-07-26 19:30:56.011 5665 INFO rally.task.runner [-] Task 5836c755-2f13-426a-9895-4b618997a64f | ITER: 4 END: OK
2019-07-26 19:30:56.017 5665 INFO rally.task.runner [-] Task 5836c755-2f13-426a-9895-4b618997a64f | ITER: 8 START
2019-07-26 19:30:56.881 5664 INFO rally.task.runner [-] Task 5836c755-2f13-426a-9895-4b618997a64f | ITER: 7 END: OK
2019-07-26 19:30:56.885 5664 INFO rally.task.runner [-] Task 5836c755-2f13-426a-9895-4b618997a64f | ITER: 9 START
2019-07-26 19:30:56.931 5663 INFO rally.task.runner [-] Task 5836c755-2f13-426a-9895-4b618997a64f | ITER: 6 END: OK
2019-07-26 19:30:56.935 5663 INFO rally.task.runner [-] Task 5836c755-2f13-426a-9895-4b618997a64f | ITER: 10 START
2019-07-26 19:30:56.970 5662 INFO rally.task.runner [-] Task 5836c755-2f13-426a-9895-4b618997a64f | ITER: 5 END: OK
2019-07-26 19:30:57.123 5665 INFO rally.task.runner [-] Task 5836c755-2f13-426a-9895-4b618997a64f | ITER: 8 END: OK
2019-07-26 19:30:57.970 5664 INFO rally.task.runner [-] Task 5836c755-2f13-426a-9895-4b618997a64f | ITER: 9 END: OK
2019-07-26 19:30:58.097 5663 INFO rally.task.runner [-] Task 5836c755-2f13-426a-9895-4b618997a64f | ITER: 10 END: OK
2019-07-26 19:30:58.118 1842 INFO rally.task.context [-] Task 5836c755-2f13-426a-9895-4b618997a64f | Context admin_cleanup@openstack cleanup() started
2019-07-26 19:30:58.120 1842 RALLYDEBUG rally_openstack.cleanup.manager [-] Cleaning up cinder volume_types objects
2019-07-26 19:30:58.853 1842 RALLYDEBUG rally_openstack.cleanup.manager [-] Deleting cinder.volume_types object s_rally_4606acdf_QbZkYmTR (c405f5b5-0919-445d-ac38-cc87ee1b7f45)
2019-07-26 19:30:58.857 1842 RALLYDEBUG rally_openstack.cleanup.manager [-] Deleting cinder.volume_types object s_rally_4606acdf_e2SxUzO1 (4bd28773-0b67-45f9-9408-ec28aa60fa22)
2019-07-26 19:30:58.859 1842 RALLYDEBUG rally_openstack.cleanup.manager [-] Deleting cinder.volume_types object s_rally_4606acdf_2jnD09sJ (39ccbcce-3060-4172-b1b9-a5dad9b3a13c)
2019-07-26 19:30:58.859 1842 RALLYDEBUG rally_openstack.cleanup.manager [-] Deleting cinder.volume_types object s_rally_4606acdf_e4FjgUpW (6c6df525-4155-4062-9192-27191e696933)
2019-07-26 19:30:58.878 1842 RALLYDEBUG rally_openstack.cleanup.manager [-] Deleting cinder.volume_types object s_rally_4606acdf_Bd9QphWm (9cbcfb08-e906-471c-b1cf-89b2de0d2788)
2019-07-26 19:30:58.881 1842 RALLYDEBUG rally_openstack.cleanup.manager [-] Deleting cinder.volume_types object s_rally_4606acdf_Flx5mR43 (388770a9-65a8-424a-92f7-63e61780c4b9)
2019-07-26 19:30:58.881 1842 RALLYDEBUG rally_openstack.cleanup.manager [-] Deleting cinder.volume_types object s_rally_4606acdf_DGPmBVWG (ab6cdb5b-8c2d-4683-8c3c-f0ea7f150967)
2019-07-26 19:30:58.882 1842 RALLYDEBUG rally_openstack.cleanup.manager [-] Deleting cinder.volume_types object s_rally_4606acdf_6hfzRwXk (6b2732c9-c3b3-42cb-8ff4-196200eafb32)
2019-07-26 19:30:58.882 1842 RALLYDEBUG rally_openstack.cleanup.manager [-] Deleting cinder.volume_types object s_rally_4606acdf_hIYpCWaN (9041d703-d985-4c0c-83c4-374a4d43153a)
2019-07-26 19:30:58.884 1842 RALLYDEBUG rally_openstack.cleanup.manager [-] Deleting cinder.volume_types object s_rally_4606acdf_8NXrHx0P (f8a80045-e218-4546-82e8-4b6b6578f5ce)
2019-07-26 19:31:01.294 1842 RALLYDEBUG rally_openstack.cleanup.manager [-] Cleaning up cinder image_volumes_cache objects
2019-07-26 19:31:02.569 1842 RALLYDEBUG rally_openstack.cleanup.manager [-] Cleaning up cinder quotas objects
2019-07-26 19:31:04.204 1842 RALLYDEBUG rally_openstack.cleanup.manager [-] Cleaning up cinder qos_specs objects
2019-07-26 19:31:05.050 1842 INFO rally.task.context [-] Task 5836c755-2f13-426a-9895-4b618997a64f | Context admin_cleanup@openstack cleanup() finished in 6.93 sec
2019-07-26 19:31:05.050 1842 INFO rally.task.context [-] Task 5836c755-2f13-426a-9895-4b618997a64f | Context api_versions@openstack cleanup() started
2019-07-26 19:31:05.051 1842 INFO rally.task.context [-] Task 5836c755-2f13-426a-9895-4b618997a64f | Context api_versions@openstack cleanup() finished in 0.32 msec
2019-07-26 19:31:05.051 1842 INFO rally.task.context [-] Task 5836c755-2f13-426a-9895-4b618997a64f | Context users@openstack cleanup() started
2019-07-26 19:31:13.231 1842 INFO rally.task.context [-] Task 5836c755-2f13-426a-9895-4b618997a64f | Context users@openstack cleanup() finished in 8.18 sec
2019-07-26 19:31:13.513 1842 INFO rally.task.engine [-] Load duration is: 3.32556
2019-07-26 19:31:13.514 1842 INFO rally.task.engine [-] Full runner duration is: 3.374489
2019-07-26 19:31:13.514 1842 INFO rally.task.engine [-] Full duration is: 23.840883
2019-07-26 19:31:13.749 1842 INFO rally.task.engine [-] Running workload: position = 0 config = { "version": 2, "title": "A cropped version of a bigger task.", "description": "Auto-generated task from a single workload (uuid=025298d5-125c-4e3d-849f-037406be853c)", "subtasks": [ { "title": "CinderVolumeTypes.create_and_list_volume_types", "description": "Create a volume Type, then list all types.", "scenario": { "CinderVolumeTypes.create_and_list_volume_types": { "description": "rally tests creating types" } }, "contexts": { "users": { "tenants": 3, "users_per_tenant": 2 }, "api_versions": { "cinder": { "version": 3, "service_type": "volumev3" } } }, "runner": { "constant": { "concurrency": 4, "times": 10 } }, "hooks": [], "sla": { "failure_rate": { "max": 0 } } } ] }
2019-07-26 19:31:13.773 1842 RALLYDEBUG rally_openstack.contexts.keystone.users [-] Creating 3 tenants using 20 threads
2019-07-26 19:31:15.621 1842 RALLYDEBUG rally_openstack.contexts.keystone.users [-] Creating 6 users using 20 threads
2019-07-26 19:31:18.387 1842 INFO rally.task.context [-] Task 5836c755-2f13-426a-9895-4b618997a64f | Context users@openstack setup() finished in 4.61 sec
2019-07-26 19:31:18.838 1842 INFO rally.task.context [-] Task 5836c755-2f13-426a-9895-4b618997a64f | Context api_versions@openstack setup() finished in 0.45 sec
2019-07-26 19:31:18.839 1842 INFO rally.task.context [-] Task 5836c755-2f13-426a-9895-4b618997a64f | Context admin_cleanup@openstack setup() finished in 0.01 msec
2019-07-26 19:31:18.846 1842 RALLYDEBUG rally.task.runner [-] Starting the constant runner (task UUID: 5836c755-2f13-426a-9895-4b618997a64f). timeout: 0 concurrency: 4 concurrency_per_worker: 1 times: 10 concurrency_overhead: 0 processes_to_start: 4 max_cpu_used: 16
2019-07-26 19:31:18.858 5846 RALLYDEBUG rally.task.runner [-] Starting a worker. concurrency: 1 args: {"description": "rally tests creating types"} times: 10 method_name: run timeout: 0 duration: None cls:
2019-07-26 19:31:18.862 5847 RALLYDEBUG rally.task.runner [-] Starting a worker. concurrency: 1 args: {"description": "rally tests creating types"} times: 10 method_name: run timeout: 0 duration: None cls:
2019-07-26 19:31:18.865 5846 INFO rally.task.runner [-] Task 5836c755-2f13-426a-9895-4b618997a64f | ITER: 1 START
2019-07-26 19:31:18.864 5848 RALLYDEBUG rally.task.runner [-] Starting a worker. concurrency: 1 args: {"description": "rally tests creating types"} times: 10 method_name: run timeout: 0 duration: None cls:
2019-07-26 19:31:18.867 5849 RALLYDEBUG rally.task.runner [-] Starting a worker. concurrency: 1 args: {"description": "rally tests creating types"} times: 10 method_name: run timeout: 0 duration: None cls:
2019-07-26 19:31:18.871 5848 INFO rally.task.runner [-] Task 5836c755-2f13-426a-9895-4b618997a64f | ITER: 3 START
2019-07-26 19:31:18.872 5847 INFO rally.task.runner [-] Task 5836c755-2f13-426a-9895-4b618997a64f | ITER: 2 START
2019-07-26 19:31:18.873 5849 INFO rally.task.runner [-] Task 5836c755-2f13-426a-9895-4b618997a64f | ITER: 4 START
2019-07-26 19:31:19.952 5847 INFO rally.task.runner [-] Task 5836c755-2f13-426a-9895-4b618997a64f | ITER: 2 END: OK
2019-07-26 19:31:19.957 5847 INFO rally.task.runner [-] Task 5836c755-2f13-426a-9895-4b618997a64f | ITER: 5 START
2019-07-26 19:31:19.990 5846 INFO rally.task.runner [-] Task 5836c755-2f13-426a-9895-4b618997a64f | ITER: 1 END: OK
2019-07-26 19:31:19.995 5846 INFO rally.task.runner [-] Task 5836c755-2f13-426a-9895-4b618997a64f | ITER: 6 START
2019-07-26 19:31:20.024 5849 INFO rally.task.runner [-] Task 5836c755-2f13-426a-9895-4b618997a64f | ITER: 4 END: OK
2019-07-26 19:31:20.029 5849 INFO rally.task.runner [-] Task 5836c755-2f13-426a-9895-4b618997a64f | ITER: 7 START
2019-07-26 19:31:20.163 5848 INFO rally.task.runner [-] Task 5836c755-2f13-426a-9895-4b618997a64f | ITER: 3 END: OK
2019-07-26 19:31:20.168 5848 INFO rally.task.runner [-] Task 5836c755-2f13-426a-9895-4b618997a64f | ITER: 8 START
2019-07-26 19:31:21.004 5847 INFO rally.task.runner [-] Task 5836c755-2f13-426a-9895-4b618997a64f | ITER: 5 END: OK
2019-07-26 19:31:21.010 5847 INFO rally.task.runner [-] Task 5836c755-2f13-426a-9895-4b618997a64f | ITER: 9 START
2019-07-26 19:31:21.027 5849 INFO rally.task.runner [-] Task 5836c755-2f13-426a-9895-4b618997a64f | ITER: 7 END: OK
2019-07-26 19:31:21.031 5849 INFO rally.task.runner [-] Task 5836c755-2f13-426a-9895-4b618997a64f | ITER: 10 START
2019-07-26 19:31:21.200 5846 INFO rally.task.runner [-] Task 5836c755-2f13-426a-9895-4b618997a64f | ITER: 6 END: OK
2019-07-26 19:31:21.325 5848 INFO rally.task.runner [-] Task 5836c755-2f13-426a-9895-4b618997a64f | ITER: 8 END: OK
2019-07-26 19:31:21.957 5849 INFO rally.task.runner [-] Task 5836c755-2f13-426a-9895-4b618997a64f | ITER: 10 END: OK
2019-07-26 19:31:22.103 5847 INFO rally.task.runner [-] Task 5836c755-2f13-426a-9895-4b618997a64f | ITER: 9 END: OK
2019-07-26 19:31:22.128 1842 INFO rally.task.context [-] Task 5836c755-2f13-426a-9895-4b618997a64f | Context admin_cleanup@openstack cleanup() started
2019-07-26 19:31:22.130 1842 RALLYDEBUG rally_openstack.cleanup.manager [-] Cleaning up cinder volume_types objects
2019-07-26 19:31:22.892 1842 RALLYDEBUG rally_openstack.cleanup.manager [-] Deleting cinder.volume_types object s_rally_025298d5_xVVty59o (6179f40f-5a61-48da-8f8f-5f1f9e18af0e)
2019-07-26 19:31:22.894 1842 RALLYDEBUG rally_openstack.cleanup.manager [-] Deleting cinder.volume_types object s_rally_025298d5_maJzJEJS (bc70b365-d962-4d40-98a8-84f250efd155)
2019-07-26 19:31:22.901 1842 RALLYDEBUG rally_openstack.cleanup.manager [-] Deleting cinder.volume_types object s_rally_025298d5_oOLN8avi (e442f237-0e39-4eeb-a8b8-c38f8490b479)
2019-07-26 19:31:22.903 1842 RALLYDEBUG rally_openstack.cleanup.manager [-] Deleting cinder.volume_types object s_rally_025298d5_Ad76Ks2x (b107ca3f-ddc6-41a7-a49f-236d59756104)
2019-07-26 19:31:22.914 1842 RALLYDEBUG rally_openstack.cleanup.manager [-] Deleting cinder.volume_types object s_rally_025298d5_8qoAoQtC (8ca2df57-fb1a-4455-a490-567650e58463)
2019-07-26 19:31:22.915 1842 RALLYDEBUG rally_openstack.cleanup.manager [-] Deleting cinder.volume_types object s_rally_025298d5_SA9f2tab (206fbfdd-f682-4737-8305-d1cf803ca163)
2019-07-26 19:31:22.918 1842 RALLYDEBUG rally_openstack.cleanup.manager [-] Deleting cinder.volume_types object s_rally_025298d5_ldHuZUiZ (899d29f8-e47e-479a-8e5f-54de3a0d6c0d)
2019-07-26 19:31:22.925 1842 RALLYDEBUG rally_openstack.cleanup.manager [-] Deleting cinder.volume_types object s_rally_025298d5_VPcHvVtJ (5f2301ea-704b-49c5-b8d6-fb25e9dbe20f)
2019-07-26 19:31:22.933 1842 RALLYDEBUG rally_openstack.cleanup.manager [-] Deleting cinder.volume_types object s_rally_025298d5_5059whr4 (54a54831-a295-4472-b518-d8e1d8fec0da)
2019-07-26 19:31:22.939 1842 RALLYDEBUG rally_openstack.cleanup.manager [-] Deleting cinder.volume_types object s_rally_025298d5_QEpydDdg (c49b617e-b4d3-4b3f-933c-f59831e0362c)
2019-07-26 19:31:25.300 1842 RALLYDEBUG rally_openstack.cleanup.manager [-] Cleaning up cinder image_volumes_cache objects
2019-07-26 19:31:26.571 1842 RALLYDEBUG rally_openstack.cleanup.manager [-] Cleaning up cinder quotas objects
2019-07-26 19:31:28.128 1842 RALLYDEBUG rally_openstack.cleanup.manager [-] Cleaning up cinder qos_specs objects
2019-07-26 19:31:28.980 1842 INFO rally.task.context [-] Task 5836c755-2f13-426a-9895-4b618997a64f | Context admin_cleanup@openstack cleanup() finished in 6.85 sec
2019-07-26 19:31:28.981 1842 INFO rally.task.context [-] Task 5836c755-2f13-426a-9895-4b618997a64f | Context api_versions@openstack cleanup() started
2019-07-26 19:31:28.981 1842 INFO rally.task.context [-] Task 5836c755-2f13-426a-9895-4b618997a64f | Context api_versions@openstack cleanup() finished in 0.36 msec
2019-07-26 19:31:28.981 1842 INFO rally.task.context [-] Task 5836c755-2f13-426a-9895-4b618997a64f | Context users@openstack cleanup() started
2019-07-26 19:31:36.608 1842 INFO rally.task.context [-] Task 5836c755-2f13-426a-9895-4b618997a64f | Context users@openstack cleanup() finished in 7.63 sec
2019-07-26 19:31:37.880 1842 INFO rally.task.engine [-] Load duration is: 3.234435
2019-07-26 19:31:37.881 1842 INFO rally.task.engine [-] Full runner duration is: 3.282376
2019-07-26 19:31:37.881 1842 INFO rally.task.engine [-] Full duration is: 22.838513
2019-07-26 19:31:38.114 1842 INFO rally.task.engine [-] Running workload: position = 0 config = { "version": 2, "title": "A cropped version of a bigger task.", "description": "Auto-generated task from a single workload (uuid=bc0ceffc-501d-42f8-ad8f-0993f527632a)", "subtasks": [ { "title": "CinderVolumeTypes.create_and_update_volume_type", "description": "create a volume type, then update the type.", "scenario": { "CinderVolumeTypes.create_and_update_volume_type": { "description": "test", "update_description": "test update" } }, "contexts": { "users": { "tenants": 3, "users_per_tenant": 2 }, "api_versions": { "cinder": { "version": 3, "service_type": "volumev3" } } }, "runner": { "constant": { "concurrency": 4, "times": 10 } }, "hooks": [], "sla": { "failure_rate": { "max": 0 } } } ] }
2019-07-26 19:31:38.138 1842 RALLYDEBUG rally_openstack.contexts.keystone.users [-] Creating 3 tenants using 20 threads
2019-07-26 19:31:40.051 1842 RALLYDEBUG rally_openstack.contexts.keystone.users [-] Creating 6 users using 20 threads
2019-07-26 19:31:42.950 1842 INFO rally.task.context [-] Task 5836c755-2f13-426a-9895-4b618997a64f | Context users@openstack setup() finished in 4.81 sec
2019-07-26 19:31:43.383 1842 INFO rally.task.context [-] Task 5836c755-2f13-426a-9895-4b618997a64f | Context api_versions@openstack setup() finished in 0.43 sec
2019-07-26 19:31:43.383 1842 INFO rally.task.context [-] Task 5836c755-2f13-426a-9895-4b618997a64f | Context admin_cleanup@openstack setup() finished in 0.01 msec
2019-07-26 19:31:43.391 1842 RALLYDEBUG rally.task.runner [-] Starting the constant runner (task UUID: 5836c755-2f13-426a-9895-4b618997a64f). timeout: 0 concurrency: 4 concurrency_per_worker: 1 times: 10 concurrency_overhead: 0 processes_to_start: 4 max_cpu_used: 16
2019-07-26 19:31:43.404 6030 RALLYDEBUG rally.task.runner [-] Starting a worker. concurrency: 1 args: {"description": "test", "update_description": "test update"} times: 10 method_name: run timeout: 0 duration: None cls:
2019-07-26 19:31:43.407 6031 RALLYDEBUG rally.task.runner [-] Starting a worker. concurrency: 1 args: {"description": "test", "update_description": "test update"} times: 10 method_name: run timeout: 0 duration: None cls:
2019-07-26 19:31:43.410 6032 RALLYDEBUG rally.task.runner [-] Starting a worker. concurrency: 1 args: {"description": "test", "update_description": "test update"} times: 10 method_name: run timeout: 0 duration: None cls:
2019-07-26 19:31:43.412 6030 INFO rally.task.runner [-] Task 5836c755-2f13-426a-9895-4b618997a64f | ITER: 1 START
2019-07-26 19:31:43.412 6033 RALLYDEBUG rally.task.runner [-] Starting a worker. concurrency: 1 args: {"description": "test", "update_description": "test update"} times: 10 method_name: run timeout: 0 duration: None cls:
2019-07-26 19:31:43.414 6031 INFO rally.task.runner [-] Task 5836c755-2f13-426a-9895-4b618997a64f | ITER: 2 START
2019-07-26 19:31:43.417 6032 INFO rally.task.runner [-] Task 5836c755-2f13-426a-9895-4b618997a64f | ITER: 3 START
2019-07-26 19:31:43.418 6033 INFO rally.task.runner [-] Task 5836c755-2f13-426a-9895-4b618997a64f | ITER: 4 START
2019-07-26 19:31:43.862 6030 DEBUG cinderclient.v2.client [-] REQ: curl -g -i -X POST http://172.30.9.29:8776/v3/69e72f6e15dc4beba8f76398672dbac6/types -H "Accept: application/json" -H "Content-Type: application/json" -H "User-Agent: python-cinderclient" -H "X-Auth-Token: {SHA1}3e8b9cf29f4e918bbb4119832ccb58430e880418" -d '{"volume_type": {"os-volume-type-access:is_public": true, "name": "s_rally_bc0ceffc_EoW8UW2U", "description": "test"}}' _http_log_request /usr/lib/python2.7/site-packages/keystoneauth1/session.py:448
2019-07-26 19:31:43.862 6033 DEBUG cinderclient.v2.client [-] REQ: curl -g -i -X POST http://172.30.9.29:8776/v3/69e72f6e15dc4beba8f76398672dbac6/types -H "Accept: application/json" -H "Content-Type: application/json" -H "User-Agent: python-cinderclient" -H "X-Auth-Token: {SHA1}352c3490908fcab82b37f4726351a01a52872e3b" -d '{"volume_type": {"os-volume-type-access:is_public": true, "name": "s_rally_bc0ceffc_powUybSi", "description": "test"}}' _http_log_request /usr/lib/python2.7/site-packages/keystoneauth1/session.py:448
2019-07-26 19:31:43.864 6031 DEBUG cinderclient.v2.client [-] REQ: curl -g -i -X POST http://172.30.9.29:8776/v3/69e72f6e15dc4beba8f76398672dbac6/types -H "Accept: application/json" -H "Content-Type: application/json" -H "User-Agent: python-cinderclient" -H "X-Auth-Token: {SHA1}98df6c7e8928cfe1986033c98478f62239103c4f" -d '{"volume_type": {"os-volume-type-access:is_public": true, "name": "s_rally_bc0ceffc_abeodV3b", "description": "test"}}' _http_log_request /usr/lib/python2.7/site-packages/keystoneauth1/session.py:448
2019-07-26 19:31:43.868 6032 DEBUG cinderclient.v2.client [-] REQ: curl -g -i -X POST http://172.30.9.29:8776/v3/69e72f6e15dc4beba8f76398672dbac6/types -H "Accept: application/json" -H "Content-Type: application/json" -H "User-Agent: python-cinderclient" -H "X-Auth-Token: {SHA1}055de1cdace2fedd80a20a5ad1423adcf1427acb" -d '{"volume_type": {"os-volume-type-access:is_public": true, "name": "s_rally_bc0ceffc_VR0aeWoc", "description": "test"}}' _http_log_request /usr/lib/python2.7/site-packages/keystoneauth1/session.py:448
2019-07-26 19:31:44.168 6033 DEBUG cinderclient.v2.client [-] RESP: [200] Content-Encoding: gzip Content-Length: 165 Content-Type: application/json Date: Fri, 26 Jul 2019 19:31:43 GMT OpenStack-API-Version: volume 3.0 Server: Apache Vary: OpenStack-API-Version,Accept-Encoding x-compute-request-id: req-6b807019-d1d7-4a67-8bb7-764123ad4686 x-openstack-request-id: req-6b807019-d1d7-4a67-8bb7-764123ad4686 _http_log_response /usr/lib/python2.7/site-packages/keystoneauth1/session.py:479
2019-07-26 19:31:44.168 6033 DEBUG cinderclient.v2.client [-] RESP BODY: {"volume_type": {"name": "s_rally_bc0ceffc_powUybSi", "extra_specs": {}, "os-volume-type-access:is_public": true, "is_public": true, "id": "13293de5-ba91-4077-aa94-a9af7c222059", "description": "test"}} _http_log_response /usr/lib/python2.7/site-packages/keystoneauth1/session.py:511
2019-07-26 19:31:44.169 6033 DEBUG cinderclient.v2.client [-] POST call to volumev2 for http://172.30.9.29:8776/v3/69e72f6e15dc4beba8f76398672dbac6/types used request id req-6b807019-d1d7-4a67-8bb7-764123ad4686 request /usr/lib/python2.7/site-packages/keystoneauth1/session.py:844
2019-07-26 19:31:44.171 6033 DEBUG cinderclient.v2.client [-] REQ: curl -g -i -X PUT http://172.30.9.29:8776/v3/69e72f6e15dc4beba8f76398672dbac6/types/13293de5-ba91-4077-aa94-a9af7c222059 -H "Accept: application/json" -H "Content-Type: application/json" -H "User-Agent: python-cinderclient" -H "X-Auth-Token: {SHA1}352c3490908fcab82b37f4726351a01a52872e3b" -H "X-OpenStack-Request-ID: req-6b807019-d1d7-4a67-8bb7-764123ad4686" -d '{"volume_type": {"name": "s_rally_bc0ceffc_powUybSi", "description": "test update"}}' _http_log_request /usr/lib/python2.7/site-packages/keystoneauth1/session.py:448
2019-07-26 19:31:44.194 6031 DEBUG cinderclient.v2.client [-] RESP: [200] Content-Encoding: gzip Content-Length: 165 Content-Type: application/json Date: Fri, 26 Jul 2019 19:31:43 GMT OpenStack-API-Version: volume 3.0 Server: Apache Vary: OpenStack-API-Version,Accept-Encoding x-compute-request-id: req-8d9ce85e-c966-4c73-a0a8-a6543c6d0e73 x-openstack-request-id: req-8d9ce85e-c966-4c73-a0a8-a6543c6d0e73 _http_log_response /usr/lib/python2.7/site-packages/keystoneauth1/session.py:479
2019-07-26 19:31:44.195 6031 DEBUG cinderclient.v2.client [-] RESP BODY: {"volume_type": {"name": "s_rally_bc0ceffc_abeodV3b", "extra_specs": {}, "os-volume-type-access:is_public": true, "is_public": true, "id": "d0f7ecb9-2347-4314-8610-98454b3c9b53", "description": "test"}} _http_log_response /usr/lib/python2.7/site-packages/keystoneauth1/session.py:511
2019-07-26 19:31:44.195 6031 DEBUG cinderclient.v2.client [-] POST call to volumev2 for http://172.30.9.29:8776/v3/69e72f6e15dc4beba8f76398672dbac6/types used request id req-8d9ce85e-c966-4c73-a0a8-a6543c6d0e73 request /usr/lib/python2.7/site-packages/keystoneauth1/session.py:844
2019-07-26 19:31:44.197 6031 DEBUG cinderclient.v2.client [-] REQ: curl -g -i -X PUT http://172.30.9.29:8776/v3/69e72f6e15dc4beba8f76398672dbac6/types/d0f7ecb9-2347-4314-8610-98454b3c9b53 -H "Accept: application/json" -H "Content-Type: application/json" -H "User-Agent: python-cinderclient" -H "X-Auth-Token: {SHA1}98df6c7e8928cfe1986033c98478f62239103c4f" -H "X-OpenStack-Request-ID: req-8d9ce85e-c966-4c73-a0a8-a6543c6d0e73" -d '{"volume_type": {"name": "s_rally_bc0ceffc_abeodV3b", "description": "test update"}}' _http_log_request /usr/lib/python2.7/site-packages/keystoneauth1/session.py:448
2019-07-26 19:31:44.391 6032 DEBUG cinderclient.v2.client [-] RESP: [200] Content-Encoding: gzip Content-Length: 166 Content-Type: application/json Date: Fri, 26 Jul 2019 19:31:43 GMT OpenStack-API-Version: volume 3.0 Server: Apache Vary: OpenStack-API-Version,Accept-Encoding x-compute-request-id: req-abec3818-e852-40c6-bd7b-86de058441fa x-openstack-request-id: req-abec3818-e852-40c6-bd7b-86de058441fa _http_log_response /usr/lib/python2.7/site-packages/keystoneauth1/session.py:479
2019-07-26 19:31:44.392 6032 DEBUG cinderclient.v2.client [-] RESP BODY: {"volume_type": {"name": "s_rally_bc0ceffc_VR0aeWoc", "extra_specs": {}, "os-volume-type-access:is_public": true, "is_public": true, "id": "cb3f493e-87bf-4705-9ac2-f76eefabb0eb", "description": "test"}} _http_log_response /usr/lib/python2.7/site-packages/keystoneauth1/session.py:511
2019-07-26 19:31:44.392 6032 DEBUG cinderclient.v2.client [-] POST call to volumev2 for http://172.30.9.29:8776/v3/69e72f6e15dc4beba8f76398672dbac6/types used request id req-abec3818-e852-40c6-bd7b-86de058441fa request /usr/lib/python2.7/site-packages/keystoneauth1/session.py:844
2019-07-26 19:31:44.394 6032 DEBUG cinderclient.v2.client [-] REQ: curl -g -i -X PUT http://172.30.9.29:8776/v3/69e72f6e15dc4beba8f76398672dbac6/types/cb3f493e-87bf-4705-9ac2-f76eefabb0eb -H "Accept: application/json" -H "Content-Type: application/json" -H "User-Agent: python-cinderclient" -H "X-Auth-Token: {SHA1}055de1cdace2fedd80a20a5ad1423adcf1427acb" -H "X-OpenStack-Request-ID: req-abec3818-e852-40c6-bd7b-86de058441fa" -d '{"volume_type": {"name": "s_rally_bc0ceffc_VR0aeWoc", "description": "test update"}}' _http_log_request /usr/lib/python2.7/site-packages/keystoneauth1/session.py:448
2019-07-26 19:31:44.414 6030 DEBUG cinderclient.v2.client [-] RESP: [200] Content-Encoding: gzip Content-Length: 168 Content-Type: application/json Date: Fri, 26 Jul 2019 19:31:43 GMT OpenStack-API-Version: volume 3.0 Server: Apache Vary: OpenStack-API-Version,Accept-Encoding x-compute-request-id: req-d77daf38-655d-4e92-9b12-753d7d218743 x-openstack-request-id: req-d77daf38-655d-4e92-9b12-753d7d218743 _http_log_response /usr/lib/python2.7/site-packages/keystoneauth1/session.py:479
2019-07-26 19:31:44.415 6030 DEBUG cinderclient.v2.client [-] RESP BODY: {"volume_type": {"name": "s_rally_bc0ceffc_EoW8UW2U", "extra_specs": {}, "os-volume-type-access:is_public": true, "is_public": true, "id": "5599bb3b-28cf-4955-b11e-3c7c82231577", "description": "test"}} _http_log_response /usr/lib/python2.7/site-packages/keystoneauth1/session.py:511
2019-07-26 19:31:44.415 6030 DEBUG cinderclient.v2.client [-] POST call to volumev2 for http://172.30.9.29:8776/v3/69e72f6e15dc4beba8f76398672dbac6/types used request id req-d77daf38-655d-4e92-9b12-753d7d218743 request /usr/lib/python2.7/site-packages/keystoneauth1/session.py:844
2019-07-26 19:31:44.417 6030 DEBUG cinderclient.v2.client [-] REQ: curl -g -i -X PUT http://172.30.9.29:8776/v3/69e72f6e15dc4beba8f76398672dbac6/types/5599bb3b-28cf-4955-b11e-3c7c82231577 -H "Accept: application/json" -H "Content-Type: application/json" -H "User-Agent: python-cinderclient" -H "X-Auth-Token: {SHA1}3e8b9cf29f4e918bbb4119832ccb58430e880418" -H "X-OpenStack-Request-ID: req-d77daf38-655d-4e92-9b12-753d7d218743" -d '{"volume_type": {"name": "s_rally_bc0ceffc_EoW8UW2U", "description": "test update"}}' _http_log_request /usr/lib/python2.7/site-packages/keystoneauth1/session.py:448
2019-07-26 19:31:44.496 6033 DEBUG cinderclient.v2.client [-] RESP: [200] Content-Encoding: gzip Content-Length: 156 Content-Type: application/json Date: Fri, 26 Jul 2019 19:31:44 GMT OpenStack-API-Version: volume 3.0 Server: Apache Vary: OpenStack-API-Version,Accept-Encoding x-compute-request-id: req-637e8f22-53ab-413c-927c-6cc68e164105 x-openstack-request-id: req-637e8f22-53ab-413c-927c-6cc68e164105 _http_log_response /usr/lib/python2.7/site-packages/keystoneauth1/session.py:479
2019-07-26 19:31:44.496 6033 DEBUG cinderclient.v2.client [-] RESP BODY: {"volume_type": {"is_public": true, "extra_specs": {}, "id": "13293de5-ba91-4077-aa94-a9af7c222059", "name": "s_rally_bc0ceffc_powUybSi", "description": "test update"}} _http_log_response /usr/lib/python2.7/site-packages/keystoneauth1/session.py:511
2019-07-26 19:31:44.497 6033 DEBUG cinderclient.v2.client [-] PUT call to volumev2 for http://172.30.9.29:8776/v3/69e72f6e15dc4beba8f76398672dbac6/types/13293de5-ba91-4077-aa94-a9af7c222059 used request id req-637e8f22-53ab-413c-927c-6cc68e164105 request /usr/lib/python2.7/site-packages/keystoneauth1/session.py:844
2019-07-26 19:31:44.497 6033 INFO rally.task.runner [-] Task 5836c755-2f13-426a-9895-4b618997a64f | ITER: 4 END: OK
2019-07-26 19:31:44.503 6033 INFO rally.task.runner [-] Task 5836c755-2f13-426a-9895-4b618997a64f | ITER: 5 START
2019-07-26 19:31:44.648 6031 DEBUG cinderclient.v2.client [-] RESP: [200] Content-Encoding: gzip Content-Length: 155 Content-Type: application/json Date: Fri, 26 Jul 2019 19:31:44 GMT OpenStack-API-Version: volume 3.0 Server: Apache Vary: OpenStack-API-Version,Accept-Encoding x-compute-request-id: req-66ec2646-0180-461e-8cce-4aa9094e794b x-openstack-request-id: req-66ec2646-0180-461e-8cce-4aa9094e794b _http_log_response /usr/lib/python2.7/site-packages/keystoneauth1/session.py:479
