2019-07-26 19:25:00.955 4172 INFO rally.task.runner [-] Task 5836c755-2f13-426a-9895-4b618997a64f | ITER: 3 START
2019-07-26 19:25:00.960 4173 INFO rally.task.runner [-] Task 5836c755-2f13-426a-9895-4b618997a64f | ITER: 4 START
2019-07-26 19:25:05.338 4171 RALLYDEBUG rally.task.utils [-] Waiting for resource s_rally_84528e60_uChUrMMi. Status changed: AVAILABLE => DELETING in 0.358482122421
2019-07-26 19:25:05.402 4172 RALLYDEBUG rally.task.utils [-] Waiting for resource s_rally_84528e60_QCBl8KOn. Status changed: AVAILABLE => DELETING in 0.248780965805
2019-07-26 19:25:05.473 4173 RALLYDEBUG rally.task.utils [-] Waiting for resource s_rally_84528e60_yTAwDgW0. Status changed: AVAILABLE => DELETING in 0.366822004318
2019-07-26 19:25:05.590 4170 RALLYDEBUG rally.task.utils [-] Waiting for resource s_rally_84528e60_s8lZovLc. Status changed: AVAILABLE => DELETING in 0.40642285347
2019-07-26 19:25:07.377 4171 INFO rally.task.runner [-] Task 5836c755-2f13-426a-9895-4b618997a64f | ITER: 2 END: OK
2019-07-26 19:25:07.383 4171 INFO rally.task.runner [-] Task 5836c755-2f13-426a-9895-4b618997a64f | ITER: 5 START
2019-07-26 19:25:07.437 4172 INFO rally.task.runner [-] Task 5836c755-2f13-426a-9895-4b618997a64f | ITER: 3 END: OK
2019-07-26 19:25:07.442 4172 INFO rally.task.runner [-] Task 5836c755-2f13-426a-9895-4b618997a64f | ITER: 6 START
2019-07-26 19:25:07.711 4173 INFO rally.task.runner [-] Task 5836c755-2f13-426a-9895-4b618997a64f | ITER: 4 END: OK
2019-07-26 19:25:07.717 4173 INFO rally.task.runner [-] Task 5836c755-2f13-426a-9895-4b618997a64f | ITER: 7 START
2019-07-26 19:25:08.049 4170 INFO rally.task.runner [-] Task 5836c755-2f13-426a-9895-4b618997a64f | ITER: 1 END: OK
2019-07-26 19:25:08.054 4170 INFO rally.task.runner [-] Task 5836c755-2f13-426a-9895-4b618997a64f | ITER: 8 START
2019-07-26 19:25:11.683 4171 INFO rally.task.runner [-] Task 5836c755-2f13-426a-9895-4b618997a64f | ITER: 5 END: OK
2019-07-26 19:25:11.688 4171 INFO rally.task.runner [-] Task 5836c755-2f13-426a-9895-4b618997a64f | ITER: 9 START
2019-07-26 19:25:11.918 4172 RALLYDEBUG rally.task.utils [-] Waiting for resource s_rally_84528e60_pQI0YY2w. Status changed: AVAILABLE => DELETING in 0.267600059509
2019-07-26 19:25:12.073 4173 INFO rally.task.runner [-] Task 5836c755-2f13-426a-9895-4b618997a64f | ITER: 7 END: OK
2019-07-26 19:25:12.079 4173 INFO rally.task.runner [-] Task 5836c755-2f13-426a-9895-4b618997a64f | ITER: 10 START
2019-07-26 19:25:12.593 4170 INFO rally.task.runner [-] Task 5836c755-2f13-426a-9895-4b618997a64f | ITER: 8 END: OK
2019-07-26 19:25:14.222 4172 INFO rally.task.runner [-] Task 5836c755-2f13-426a-9895-4b618997a64f | ITER: 6 END: OK
2019-07-26 19:25:16.078 4171 INFO rally.task.runner [-] Task 5836c755-2f13-426a-9895-4b618997a64f | ITER: 9 END: OK
2019-07-26 19:25:16.117 4173 INFO rally.task.runner [-] Task 5836c755-2f13-426a-9895-4b618997a64f | ITER: 10 END: OK
2019-07-26 19:25:16.146 1842 INFO rally.task.context [-] Task 5836c755-2f13-426a-9895-4b618997a64f | Context cleanup@openstack cleanup() started
2019-07-26 19:25:16.148 1842 RALLYDEBUG rally_openstack.cleanup.manager [-] Cleaning up cinder backups objects
2019-07-26 19:25:18.304 1842 RALLYDEBUG rally_openstack.cleanup.manager [-] Cleaning up cinder volume_snapshots objects
2019-07-26 19:25:20.530 1842 RALLYDEBUG rally_openstack.cleanup.manager [-] Cleaning up cinder transfers objects
2019-07-26 19:25:22.666 1842 RALLYDEBUG rally_openstack.cleanup.manager [-] Cleaning up cinder volumes objects
2019-07-26 19:25:24.858 1842 INFO rally.task.context [-] Task 5836c755-2f13-426a-9895-4b618997a64f | Context cleanup@openstack cleanup() finished in 8.71 sec
2019-07-26 19:25:24.858 1842 INFO rally.task.context [-] Task 5836c755-2f13-426a-9895-4b618997a64f | Context quotas@openstack cleanup() started
2019-07-26 19:25:25.461 1842 INFO rally.task.context [-] Task 5836c755-2f13-426a-9895-4b618997a64f | Context quotas@openstack cleanup() finished in 0.60 sec
2019-07-26 19:25:25.461 1842 INFO rally.task.context [-] Task 5836c755-2f13-426a-9895-4b618997a64f | Context api_versions@openstack cleanup() started
2019-07-26 19:25:25.462 1842 INFO rally.task.context [-] Task 5836c755-2f13-426a-9895-4b618997a64f | Context api_versions@openstack cleanup() finished in 0.31 msec
2019-07-26 19:25:25.462 1842 INFO rally.task.context [-] Task 5836c755-2f13-426a-9895-4b618997a64f | Context users@openstack cleanup() started
2019-07-26 19:25:33.727 1842 INFO rally.task.context [-] Task 5836c755-2f13-426a-9895-4b618997a64f | Context users@openstack cleanup() finished in 8.26 sec
2019-07-26 19:25:34.039 1842 INFO rally.task.engine [-] Load duration is: 15.157087
2019-07-26 19:25:34.040 1842 INFO rally.task.engine [-] Full runner duration is: 15.216901
2019-07-26 19:25:34.040 1842 INFO rally.task.engine [-] Full duration is: 39.86023
2019-07-26 19:25:34.197 1842 INFO rally.task.engine [-] Running workload: position = 1 config = { "version": 2, "title": "A cropped version of a bigger task.", "description": "Auto-generated task from a single workload (uuid=e5552d54-9638-4cdd-9016-bf3fe31238b5)", "subtasks": [ { "title": "CinderVolumes.create_and_delete_volume", "description": "Create and then delete a volume.", "scenario": { "CinderVolumes.create_and_delete_volume": { "image": { "name": "rally_full-img_69c70ed9-e367-47ee-8fdb-e5d9c6909511" }, "size": 1 } }, "contexts": { "users": { "tenants": 3, "users_per_tenant": 2 }, "quotas": { "cinder": { "gigabytes": -1, "snapshots": -1, "volumes": -1 } }, "api_versions": { "cinder": { "version": 3, "service_type": "volumev3" } } }, "runner": { "constant": { "concurrency": 4, "times": 10 } }, "hooks": [], "sla": { "failure_rate": { "max": 0 } } } ] }
2019-07-26 19:25:34.222 1842 RALLYDEBUG rally_openstack.contexts.keystone.users [-] Creating 3 tenants using 20 threads
2019-07-26 19:25:36.092 1842 RALLYDEBUG rally_openstack.contexts.keystone.users [-] Creating 6 users using 20 threads
2019-07-26 19:25:38.938 1842 INFO rally.task.context [-] Task 5836c755-2f13-426a-9895-4b618997a64f | Context users@openstack setup() finished in 4.72 sec
2019-07-26 19:25:39.362 1842 INFO rally.task.context [-] Task 5836c755-2f13-426a-9895-4b618997a64f | Context api_versions@openstack setup() finished in 0.42 sec
2019-07-26 19:25:41.090 1842 INFO rally.task.context [-] Task 5836c755-2f13-426a-9895-4b618997a64f | Context quotas@openstack setup() finished in 1.73 sec
2019-07-26 19:25:41.090 1842 INFO rally.task.context [-] Task 5836c755-2f13-426a-9895-4b618997a64f | Context cleanup@openstack setup() finished in 0.01 msec
2019-07-26 19:25:42.141 1842 RALLYDEBUG rally.task.runner [-] Starting the constant runner (task UUID: 5836c755-2f13-426a-9895-4b618997a64f). timeout: 0 concurrency: 4 concurrency_per_worker: 1 times: 10 concurrency_overhead: 0 processes_to_start: 4 max_cpu_used: 16
2019-07-26 19:25:42.154 4354 RALLYDEBUG rally.task.runner [-] Starting a worker. concurrency: 1 args: {"image": "6c6abc93-e436-4948-b207-27cf7764a199", "size": 1} times: 10 method_name: run timeout: 0 duration: None cls:
2019-07-26 19:25:42.157 4355 RALLYDEBUG rally.task.runner [-] Starting a worker. concurrency: 1 args: {"image": "6c6abc93-e436-4948-b207-27cf7764a199", "size": 1} times: 10 method_name: run timeout: 0 duration: None cls:
2019-07-26 19:25:42.159 4356 RALLYDEBUG rally.task.runner [-] Starting a worker. concurrency: 1 args: {"image": "6c6abc93-e436-4948-b207-27cf7764a199", "size": 1} times: 10 method_name: run timeout: 0 duration: None cls:
2019-07-26 19:25:42.163 4354 INFO rally.task.runner [-] Task 5836c755-2f13-426a-9895-4b618997a64f | ITER: 1 START
2019-07-26 19:25:42.164 4357 RALLYDEBUG rally.task.runner [-] Starting a worker. concurrency: 1 args: {"image": "6c6abc93-e436-4948-b207-27cf7764a199", "size": 1} times: 10 method_name: run timeout: 0 duration: None cls:
2019-07-26 19:25:42.166 4355 INFO rally.task.runner [-] Task 5836c755-2f13-426a-9895-4b618997a64f | ITER: 2 START
2019-07-26 19:25:42.166 4356 INFO rally.task.runner [-] Task 5836c755-2f13-426a-9895-4b618997a64f | ITER: 3 START
2019-07-26 19:25:42.172 4357 INFO rally.task.runner [-] Task 5836c755-2f13-426a-9895-4b618997a64f | ITER: 4 START
2019-07-26 19:25:51.860 4356 RALLYDEBUG rally.task.utils [-] Waiting for resource s_rally_e5552d54_jUCE66xm. Status changed: CREATING => DOWNLOADING in 4.96421194077
2019-07-26 19:25:51.979 4357 RALLYDEBUG rally.task.utils [-] Waiting for resource s_rally_e5552d54_me3SP2JN. Status changed: CREATING => DOWNLOADING in 5.07502102852
2019-07-26 19:25:52.738 4354 RALLYDEBUG rally.task.utils [-] Waiting for resource s_rally_e5552d54_dkf1etus. Status changed: CREATING => DOWNLOADING in 5.60842609406
2019-07-26 19:25:54.045 4355 RALLYDEBUG rally.task.utils [-] Waiting for resource s_rally_e5552d54_8NyqsZzK. Status changed: CREATING => DOWNLOADING in 7.3153719902
2019-07-26 19:26:01.745 4354 RALLYDEBUG rally.task.utils [-] Waiting for resource s_rally_e5552d54_dkf1etus. Status changed: DOWNLOADING => AVAILABLE in 9.00611996651
2019-07-26 19:26:02.154 4354 INFO rally.task.runner [-] Task 5836c755-2f13-426a-9895-4b618997a64f | ITER: 1 END: OK
2019-07-26 19:26:02.160 4354 INFO rally.task.runner [-] Task 5836c755-2f13-426a-9895-4b618997a64f | ITER: 5 START
2019-07-26 19:26:03.120 4356 RALLYDEBUG rally.task.utils [-] Waiting for resource s_rally_e5552d54_jUCE66xm. Status changed: DOWNLOADING => AVAILABLE in 11.2601048946
2019-07-26 19:26:03.127 4355 RALLYDEBUG rally.task.utils [-] Waiting for resource s_rally_e5552d54_8NyqsZzK. Status changed: DOWNLOADING => AVAILABLE in 9.0825009346
2019-07-26 19:26:03.299 4357 RALLYDEBUG rally.task.utils [-] Waiting for resource s_rally_e5552d54_me3SP2JN. Status changed: DOWNLOADING => AVAILABLE in 11.3199820518
2019-07-26 19:26:03.569 4356 RALLYDEBUG rally.task.utils [-] Waiting for resource s_rally_e5552d54_jUCE66xm. Status changed: AVAILABLE => DELETING in 0.0728969573975
2019-07-26 19:26:03.717 4357 RALLYDEBUG rally.task.utils [-] Waiting for resource s_rally_e5552d54_me3SP2JN. Status changed: AVAILABLE => DELETING in 0.347453117371
2019-07-26 19:26:03.742 4355 RALLYDEBUG rally.task.utils [-] Waiting for resource s_rally_e5552d54_8NyqsZzK. Status changed: AVAILABLE => DELETING in 0.251945972443
2019-07-26 19:26:05.915 4356 INFO rally.task.runner [-] Task 5836c755-2f13-426a-9895-4b618997a64f | ITER: 3 END: OK
2019-07-26 19:26:05.921 4356 INFO rally.task.runner [-] Task 5836c755-2f13-426a-9895-4b618997a64f | ITER: 6 START
2019-07-26 19:26:06.055 4357 INFO rally.task.runner [-] Task 5836c755-2f13-426a-9895-4b618997a64f | ITER: 4 END: OK
2019-07-26 19:26:06.060 4355 INFO rally.task.runner [-] Task 5836c755-2f13-426a-9895-4b618997a64f | ITER: 2 END: OK
2019-07-26 19:26:06.061 4357 INFO rally.task.runner [-] Task 5836c755-2f13-426a-9895-4b618997a64f | ITER: 7 START
2019-07-26 19:26:06.065 4355 INFO rally.task.runner [-] Task 5836c755-2f13-426a-9895-4b618997a64f | ITER: 8 START
2019-07-26 19:26:10.165 4354 RALLYDEBUG rally.task.utils [-] Waiting for resource s_rally_e5552d54_xVp16UOj. Status changed: CREATING => DOWNLOADING in 3.09495806694
2019-07-26 19:26:12.508 4354 RALLYDEBUG rally.task.utils [-] Waiting for resource s_rally_e5552d54_xVp16UOj. Status changed: DOWNLOADING => AVAILABLE in 2.34324598312
2019-07-26 19:26:13.170 4354 RALLYDEBUG rally.task.utils [-] Waiting for resource s_rally_e5552d54_xVp16UOj. Status changed: AVAILABLE => DELETING in 0.315806865692
2019-07-26 19:26:13.419 4356 RALLYDEBUG rally.task.utils [-] Waiting for resource s_rally_e5552d54_73krMcs5. Status changed: CREATING => DOWNLOADING in 3.18657302856
2019-07-26 19:26:15.492 4354 INFO rally.task.runner [-] Task 5836c755-2f13-426a-9895-4b618997a64f | ITER: 5 END: OK
2019-07-26 19:26:15.501 4354 INFO rally.task.runner [-] Task 5836c755-2f13-426a-9895-4b618997a64f | ITER: 9 START
2019-07-26 19:26:18.442 4357 RALLYDEBUG rally.task.utils [-] Waiting for resource s_rally_e5552d54_idgG2tuE. Status changed: CREATING => DOWNLOADING in 7.62384605408
2019-07-26 19:26:18.480 4355 RALLYDEBUG rally.task.utils [-] Waiting for resource s_rally_e5552d54_pZRYNBIa. Status changed: CREATING => DOWNLOADING in 7.42207503319
2019-07-26 19:26:23.186 4357 RALLYDEBUG rally.task.utils [-] Waiting for resource s_rally_e5552d54_idgG2tuE. Status changed: DOWNLOADING => AVAILABLE in 4.74430513382
2019-07-26 19:26:23.189 4355 RALLYDEBUG rally.task.utils [-] Waiting for resource s_rally_e5552d54_pZRYNBIa. Status changed: DOWNLOADING => AVAILABLE in 4.7087430954
2019-07-26 19:26:23.344 4355 RALLYDEBUG rally.task.utils [-] Waiting for resource s_rally_e5552d54_pZRYNBIa. Status changed: AVAILABLE => DELETING in 0.0588021278381
2019-07-26 19:26:23.899 4357 RALLYDEBUG rally.task.utils [-] Waiting for resource s_rally_e5552d54_idgG2tuE. Status changed: AVAILABLE => DELETING in 0.31316280365
2019-07-26 19:26:24.702 4356 RALLYDEBUG rally.task.utils [-] Waiting for resource s_rally_e5552d54_73krMcs5. Status changed: DOWNLOADING => AVAILABLE in 11.2826869488
2019-07-26 19:26:25.472 4356 INFO rally.task.runner [-] Task 5836c755-2f13-426a-9895-4b618997a64f | ITER: 6 END: OK
2019-07-26 19:26:25.478 4356 INFO rally.task.runner [-] Task 5836c755-2f13-426a-9895-4b618997a64f | ITER: 10 START
2019-07-26 19:26:25.576 4355 INFO rally.task.runner [-] Task 5836c755-2f13-426a-9895-4b618997a64f | ITER: 8 END: OK
2019-07-26 19:26:25.939 4357 INFO rally.task.runner [-] Task 5836c755-2f13-426a-9895-4b618997a64f | ITER: 7 END: OK
2019-07-26 19:26:27.679 4354 RALLYDEBUG rally.task.utils [-] Waiting for resource s_rally_e5552d54_3w300BfW. Status changed: CREATING => DOWNLOADING in 7.06430602074
2019-07-26 19:26:29.923 4354 RALLYDEBUG rally.task.utils [-] Waiting for resource s_rally_e5552d54_3w300BfW. Status changed: DOWNLOADING => AVAILABLE in 2.24404001236
2019-07-26 19:26:30.558 4354 INFO rally.task.runner [-] Task 5836c755-2f13-426a-9895-4b618997a64f | ITER: 9 END: OK
2019-07-26 19:26:33.640 4356 RALLYDEBUG rally.task.utils [-] Waiting for resource s_rally_e5552d54_X0XOVPNN. Status changed: CREATING => DOWNLOADING in 3.16061401367
2019-07-26 19:26:35.986 4356 RALLYDEBUG rally.task.utils [-] Waiting for resource s_rally_e5552d54_X0XOVPNN. Status changed: DOWNLOADING => AVAILABLE in 2.34626197815
2019-07-26 19:26:36.609 4356 INFO rally.task.runner [-] Task 5836c755-2f13-426a-9895-4b618997a64f | ITER: 10 END: OK
2019-07-26 19:26:36.633 1842 INFO rally.task.context [-] Task 5836c755-2f13-426a-9895-4b618997a64f | Context cleanup@openstack cleanup() started
2019-07-26 19:26:36.635 1842 RALLYDEBUG rally_openstack.cleanup.manager [-] Cleaning up cinder backups objects
2019-07-26 19:26:38.891 1842 RALLYDEBUG rally_openstack.cleanup.manager [-] Cleaning up cinder volume_snapshots objects
2019-07-26 19:26:41.113 1842 RALLYDEBUG rally_openstack.cleanup.manager [-] Cleaning up cinder transfers objects
2019-07-26 19:26:43.408 1842 RALLYDEBUG rally_openstack.cleanup.manager [-] Cleaning up cinder volumes objects
2019-07-26 19:26:45.708 1842 INFO rally.task.context [-] Task 5836c755-2f13-426a-9895-4b618997a64f | Context cleanup@openstack cleanup() finished in 9.07 sec
2019-07-26 19:26:45.708 1842 INFO rally.task.context [-] Task 5836c755-2f13-426a-9895-4b618997a64f | Context quotas@openstack cleanup() started
2019-07-26 19:26:46.215 1842 INFO rally.task.context [-] Task 5836c755-2f13-426a-9895-4b618997a64f | Context quotas@openstack cleanup() finished in 0.51 sec
2019-07-26 19:26:46.216 1842 INFO rally.task.context [-] Task 5836c755-2f13-426a-9895-4b618997a64f | Context api_versions@openstack cleanup() started
2019-07-26 19:26:46.216 1842 INFO rally.task.context [-] Task 5836c755-2f13-426a-9895-4b618997a64f | Context api_versions@openstack cleanup() finished in 0.32 msec
2019-07-26 19:26:46.216 1842 INFO rally.task.context [-] Task 5836c755-2f13-426a-9895-4b618997a64f | Context users@openstack cleanup() started
2019-07-26 19:26:54.278 1842 INFO rally.task.context [-] Task 5836c755-2f13-426a-9895-4b618997a64f | Context users@openstack cleanup() finished in 8.06 sec
2019-07-26 19:26:54.527 1842 INFO rally.task.engine [-] Load duration is: 54.442569
2019-07-26 19:26:54.528 1842 INFO rally.task.engine [-] Full runner duration is: 54.492535
2019-07-26 19:26:54.528 1842 INFO rally.task.engine [-] Full duration is: 80.059495
2019-07-26 19:26:54.673 1842 INFO rally.task.engine [-] Running workload: position = 2 config = { "version": 2, "title": "A cropped version of a bigger task.", "description": "Auto-generated task from a single workload (uuid=8f0939a6-9e3c-44c1-a0a8-ead92ed804b7)", "subtasks": [ { "title": "CinderVolumes.create_and_delete_volume", "description": "Create and then delete a volume.", "scenario": { "CinderVolumes.create_and_delete_volume": { "size": 1 } }, "contexts": { "users": { "tenants": 3, "users_per_tenant": 2 }, "quotas": { "cinder": { "gigabytes": -1, "snapshots": -1, "volumes": -1 } }, "api_versions": { "cinder": { "version": 3, "service_type": "volumev3" } } }, "runner": { "constant": { "concurrency": 4, "times": 10 } }, "hooks": [], "sla": { "failure_rate": { "max": 0 } } } ] }
2019-07-26 19:26:54.696 1842 RALLYDEBUG rally_openstack.contexts.keystone.users [-] Creating 3 tenants using 20 threads
2019-07-26 19:26:56.597 1842 RALLYDEBUG rally_openstack.contexts.keystone.users [-] Creating 6 users using 20 threads
2019-07-26 19:26:59.337 1842 INFO rally.task.context [-] Task 5836c755-2f13-426a-9895-4b618997a64f | Context users@openstack setup() finished in 4.64 sec
2019-07-26 19:26:59.765 1842 INFO rally.task.context [-] Task 5836c755-2f13-426a-9895-4b618997a64f | Context api_versions@openstack setup() finished in 0.43 sec
2019-07-26 19:27:01.565 1842 INFO rally.task.context [-] Task 5836c755-2f13-426a-9895-4b618997a64f | Context quotas@openstack setup() finished in 1.80 sec
2019-07-26 19:27:01.566 1842 INFO rally.task.context [-] Task 5836c755-2f13-426a-9895-4b618997a64f | Context cleanup@openstack setup() finished in 0.01 msec
2019-07-26 19:27:01.573 1842 RALLYDEBUG rally.task.runner [-] Starting the constant runner (task UUID: 5836c755-2f13-426a-9895-4b618997a64f). timeout: 0 concurrency: 4 concurrency_per_worker: 1 times: 10 concurrency_overhead: 0 processes_to_start: 4 max_cpu_used: 16
2019-07-26 19:27:01.586 4538 RALLYDEBUG rally.task.runner [-] Starting a worker. concurrency: 1 args: {"size": 1} times: 10 method_name: run timeout: 0 duration: None cls:
2019-07-26 19:27:01.588 4539 RALLYDEBUG rally.task.runner [-] Starting a worker. concurrency: 1 args: {"size": 1} times: 10 method_name: run timeout: 0 duration: None cls:
2019-07-26 19:27:01.591 4541 RALLYDEBUG rally.task.runner [-] Starting a worker. concurrency: 1 args: {"size": 1} times: 10 method_name: run timeout: 0 duration: None cls:
2019-07-26 19:27:01.591 4540 RALLYDEBUG rally.task.runner [-] Starting a worker. concurrency: 1 args: {"size": 1} times: 10 method_name: run timeout: 0 duration: None cls:
2019-07-26 19:27:01.593 4538 INFO rally.task.runner [-] Task 5836c755-2f13-426a-9895-4b618997a64f | ITER: 1 START
2019-07-26 19:27:01.594 4539 INFO rally.task.runner [-] Task 5836c755-2f13-426a-9895-4b618997a64f | ITER: 2 START
2019-07-26 19:27:01.595 4541 INFO rally.task.runner [-] Task 5836c755-2f13-426a-9895-4b618997a64f | ITER: 3 START
2019-07-26 19:27:01.599 4540 INFO rally.task.runner [-] Task 5836c755-2f13-426a-9895-4b618997a64f | ITER: 4 START
2019-07-26 19:27:05.865 4538 RALLYDEBUG rally.task.utils [-] Waiting for resource s_rally_8f0939a6_7cw3OXyv. Status changed: AVAILABLE => DELETING in 0.0637450218201
2019-07-26 19:27:05.945 4541 RALLYDEBUG rally.task.utils [-] Waiting for resource s_rally_8f0939a6_a2POZrY4. Status changed: AVAILABLE => DELETING in 0.281723976135
2019-07-26 19:27:06.082 4540 RALLYDEBUG rally.task.utils [-] Waiting for resource s_rally_8f0939a6_EZONtNVO. Status changed: AVAILABLE => DELETING in 0.358505964279
2019-07-26 19:27:06.254 4539 RALLYDEBUG rally.task.utils [-] Waiting for resource s_rally_8f0939a6_4YgHQiaY. Status changed: AVAILABLE => DELETING in 0.33420085907
2019-07-26 19:27:08.170 4538 INFO rally.task.runner [-] Task 5836c755-2f13-426a-9895-4b618997a64f | ITER: 1 END: OK
2019-07-26 19:27:08.176 4538 INFO rally.task.runner [-] Task 5836c755-2f13-426a-9895-4b618997a64f | ITER: 5 START
2019-07-26 19:27:08.180 4541 INFO rally.task.runner [-] Task 5836c755-2f13-426a-9895-4b618997a64f | ITER: 3 END: OK
2019-07-26 19:27:08.186 4541 INFO rally.task.runner [-] Task 5836c755-2f13-426a-9895-4b618997a64f | ITER: 6 START
2019-07-26 19:27:08.318 4540 INFO rally.task.runner [-] Task 5836c755-2f13-426a-9895-4b618997a64f | ITER: 4 END: OK
2019-07-26 19:27:08.323 4540 INFO rally.task.runner [-] Task 5836c755-2f13-426a-9895-4b618997a64f | ITER: 7 START
2019-07-26 19:27:08.599 4539 INFO rally.task.runner [-] Task 5836c755-2f13-426a-9895-4b618997a64f | ITER: 2 END: OK
2019-07-26 19:27:08.605 4539 INFO rally.task.runner [-] Task 5836c755-2f13-426a-9895-4b618997a64f | ITER: 8 START
2019-07-26 19:27:12.607 4538 RALLYDEBUG rally.task.utils [-] Waiting for resource s_rally_8f0939a6_jW76cn3a. Status changed: AVAILABLE => DELETING in 0.357215881348
2019-07-26 19:27:12.637 4540 RALLYDEBUG rally.task.utils [-] Waiting for resource s_rally_8f0939a6_vgz5SR8L. Status changed: AVAILABLE => DELETING in 0.352209806442
2019-07-26 19:27:12.725 4541 RALLYDEBUG rally.task.utils [-] Waiting for resource s_rally_8f0939a6_5wrnNOQU. Status changed: AVAILABLE => DELETING in 0.350501060486
2019-07-26 19:27:12.868 4539 RALLYDEBUG rally.task.utils [-] Waiting for resource s_rally_8f0939a6_1lgLhe45. Status changed: AVAILABLE => DELETING in 0.253654003143
2019-07-26 19:27:14.846 4538 INFO rally.task.runner [-] Task 5836c755-2f13-426a-9895-4b618997a64f | ITER: 5 END: OK
2019-07-26 19:27:14.851 4538 INFO rally.task.runner [-] Task 5836c755-2f13-426a-9895-4b618997a64f | ITER: 9 START
2019-07-26 19:27:14.945 4540 INFO rally.task.runner [-] Task 5836c755-2f13-426a-9895-4b618997a64f | ITER: 7 END: OK
2019-07-26 19:27:14.950 4540 INFO rally.task.runner [-] Task 5836c755-2f13-426a-9895-4b618997a64f | ITER: 10 START
2019-07-26 19:27:14.961 4541 INFO rally.task.runner [-] Task 5836c755-2f13-426a-9895-4b618997a64f | ITER: 6 END: OK
2019-07-26 19:27:15.192 4539 INFO rally.task.runner [-] Task 5836c755-2f13-426a-9895-4b618997a64f | ITER: 8 END: OK
2019-07-26 19:27:19.317 4540 INFO rally.task.runner [-] Task 5836c755-2f13-426a-9895-4b618997a64f | ITER: 10 END: OK
2019-07-26 19:27:19.445 4538 INFO rally.task.runner [-] Task 5836c755-2f13-426a-9895-4b618997a64f | ITER: 9 END: OK
2019-07-26 19:27:19.465 1842 INFO rally.task.context [-] Task 5836c755-2f13-426a-9895-4b618997a64f | Context cleanup@openstack cleanup() started
2019-07-26 19:27:19.468 1842 RALLYDEBUG rally_openstack.cleanup.manager [-] Cleaning up cinder backups objects
2019-07-26 19:27:21.503 1842 RALLYDEBUG rally_openstack.cleanup.manager [-] Cleaning up cinder volume_snapshots objects
2019-07-26 19:27:23.616 1842 RALLYDEBUG rally_openstack.cleanup.manager [-] Cleaning up cinder transfers objects
2019-07-26 19:27:25.889 1842 RALLYDEBUG rally_openstack.cleanup.manager [-] Cleaning up cinder volumes objects
2019-07-26 19:27:28.156 1842 INFO rally.task.context [-] Task 5836c755-2f13-426a-9895-4b618997a64f | Context cleanup@openstack cleanup() finished in 8.69 sec
2019-07-26 19:27:28.156 1842 INFO rally.task.context [-] Task 5836c755-2f13-426a-9895-4b618997a64f | Context quotas@openstack cleanup() started
2019-07-26 19:27:28.971 1842 INFO rally.task.context [-] Task 5836c755-2f13-426a-9895-4b618997a64f | Context quotas@openstack cleanup() finished in 0.81 sec
2019-07-26 19:27:28.971 1842 INFO rally.task.context [-] Task 5836c755-2f13-426a-9895-4b618997a64f | Context api_versions@openstack cleanup() started
2019-07-26 19:27:28.972 1842 INFO rally.task.context [-] Task 5836c755-2f13-426a-9895-4b618997a64f | Context api_versions@openstack cleanup() finished in 0.30 msec
2019-07-26 19:27:28.972 1842 INFO rally.task.context [-] Task 5836c755-2f13-426a-9895-4b618997a64f | Context users@openstack cleanup() started
2019-07-26 19:27:37.398 1842 INFO rally.task.context [-] Task 5836c755-2f13-426a-9895-4b618997a64f | Context users@openstack cleanup() finished in 8.43 sec
2019-07-26 19:27:38.870 1842 INFO rally.task.engine [-] Load duration is: 17.848955
2019-07-26 19:27:38.870 1842 INFO rally.task.engine [-] Full runner duration is: 17.892525
2019-07-26 19:27:38.871 1842 INFO rally.task.engine [-] Full duration is: 42.704449
2019-07-26 19:27:39.098 1842 INFO rally.task.engine [-] Running workload: position = 0 config = { "version": 2, "title": "A cropped version of a bigger task.", "description": "Auto-generated task from a single workload (uuid=632bc579-5cad-4fa4-8704-b55c156e079c)", "subtasks": [ { "title": "CinderVolumes.create_and_extend_volume", "description": "Create and extend a volume and then delete it.", "scenario": { "CinderVolumes.create_and_extend_volume": { "new_size": 2, "size": 1 } }, "contexts": { "users": { "tenants": 3, "users_per_tenant": 2 }, "quotas": { "cinder": { "gigabytes": -1, "snapshots": -1, "volumes": -1 } }, "api_versions": { "cinder": { "version": 3, "service_type": "volumev3" } } }, "runner": { "constant": { "concurrency": 4, "times": 10 } }, "hooks": [], "sla": { "failure_rate": { "max": 0 } } } ] }
2019-07-26 19:27:39.112 1842 RALLYDEBUG rally_openstack.contexts.keystone.users [-] Creating 3 tenants using 20 threads
2019-07-26 19:27:41.050 1842 RALLYDEBUG rally_openstack.contexts.keystone.users [-] Creating 6 users using 20 threads
2019-07-26 19:27:44.058 1842 INFO rally.task.context [-] Task 5836c755-2f13-426a-9895-4b618997a64f | Context users@openstack setup() finished in 4.95 sec
2019-07-26 19:27:44.572 1842 INFO rally.task.context [-] Task 5836c755-2f13-426a-9895-4b618997a64f | Context api_versions@openstack setup() finished in 0.51 sec
2019-07-26 19:27:46.240 1842 INFO rally.task.context [-] Task 5836c755-2f13-426a-9895-4b618997a64f | Context quotas@openstack setup() finished in 1.67 sec
2019-07-26 19:27:46.240 1842 INFO rally.task.context [-] Task 5836c755-2f13-426a-9895-4b618997a64f | Context cleanup@openstack setup() finished in 0.00 msec
2019-07-26 19:27:46.248 1842 RALLYDEBUG rally.task.runner [-] Starting the constant runner (task UUID: 5836c755-2f13-426a-9895-4b618997a64f). timeout: 0 concurrency: 4 concurrency_per_worker: 1 times: 10 concurrency_overhead: 0 processes_to_start: 4 max_cpu_used: 16
2019-07-26 19:27:46.259 4722 RALLYDEBUG rally.task.runner [-] Starting a worker. concurrency: 1 args: {"new_size": 2, "size": 1} times: 10 method_name: run timeout: 0 duration: None cls:
2019-07-26 19:27:46.262 4723 RALLYDEBUG rally.task.runner [-] Starting a worker. concurrency: 1 args: {"new_size": 2, "size": 1} times: 10 method_name: run timeout: 0 duration: None cls:
2019-07-26 19:27:46.266 4724 RALLYDEBUG rally.task.runner [-] Starting a worker. concurrency: 1 args: {"new_size": 2, "size": 1} times: 10 method_name: run timeout: 0 duration: None cls:
2019-07-26 19:27:46.267 4722 INFO rally.task.runner [-] Task 5836c755-2f13-426a-9895-4b618997a64f | ITER: 1 START
2019-07-26 19:27:46.268 4725 RALLYDEBUG rally.task.runner [-] Starting a worker. concurrency: 1 args: {"new_size": 2, "size": 1} times: 10 method_name: run timeout: 0 duration: None cls:
2019-07-26 19:27:46.269 4723 INFO rally.task.runner [-] Task 5836c755-2f13-426a-9895-4b618997a64f | ITER: 2 START
2019-07-26 19:27:46.274 4724 INFO rally.task.runner [-] Task 5836c755-2f13-426a-9895-4b618997a64f | ITER: 3 START
2019-07-26 19:27:46.276 4725 INFO rally.task.runner [-] Task 5836c755-2f13-426a-9895-4b618997a64f | ITER: 4 START
2019-07-26 19:27:50.747 4723 RALLYDEBUG rally.task.utils [-] Waiting for resource s_rally_632bc579_W60XUbRI. Status changed: AVAILABLE => EXTENDING in 0.323067903519
2019-07-26 19:27:50.794 4722 RALLYDEBUG rally.task.utils [-] Waiting for resource s_rally_632bc579_bMjMOmyC. Status changed: AVAILABLE => EXTENDING in 0.344850063324
2019-07-26 19:27:50.814 4724 RALLYDEBUG rally.task.utils [-] Waiting for resource s_rally_632bc579_hEZXpoDN. Status changed: AVAILABLE => EXTENDING in 0.302963018417
2019-07-26 19:27:51.318 4725 INFO rally.task.runner [-] Task 5836c755-2f13-426a-9895-4b618997a64f | ITER: 4 END: OK
2019-07-26 19:27:51.323 4725 INFO rally.task.runner [-] Task 5836c755-2f13-426a-9895-4b618997a64f | ITER: 5 START
2019-07-26 19:27:52.853 4722 RALLYDEBUG rally.task.utils [-] Waiting for resource s_rally_632bc579_bMjMOmyC. Status changed: EXTENDING => AVAILABLE in 2.05882287025
2019-07-26 19:27:53.062 4724 RALLYDEBUG rally.task.utils [-] Waiting for resource s_rally_632bc579_hEZXpoDN. Status changed: EXTENDING => AVAILABLE in 2.24783301353
2019-07-26 19:27:53.103 4723 RALLYDEBUG rally.task.utils [-] Waiting for resource s_rally_632bc579_W60XUbRI. Status changed: EXTENDING => AVAILABLE in 2.35578894615
2019-07-26 19:27:53.268 4722 RALLYDEBUG rally.task.utils [-] Waiting for resource s_rally_632bc579_bMjMOmyC. Status changed: AVAILABLE => DELETING in 0.0543370246887
2019-07-26 19:27:53.801 4723 RALLYDEBUG rally.task.utils [-] Waiting for resource s_rally_632bc579_W60XUbRI. Status changed: AVAILABLE => DELETING in 0.323004007339
2019-07-26 19:27:53.802 4724 RALLYDEBUG rally.task.utils [-] Waiting for resource s_rally_632bc579_hEZXpoDN. Status changed: AVAILABLE => DELETING in 0.372673034668
2019-07-26 19:27:55.514 4722 INFO rally.task.runner [-] Task 5836c755-2f13-426a-9895-4b618997a64f | ITER: 1 END: OK
2019-07-26 19:27:55.520 4722 INFO rally.task.runner [-] Task 5836c755-2f13-426a-9895-4b618997a64f | ITER: 6 START
2019-07-26 19:27:55.843 4723 INFO rally.task.runner [-] Task 5836c755-2f13-426a-9895-4b618997a64f | ITER: 2 END: OK
2019-07-26 19:27:55.847 4723 INFO rally.task.runner [-] Task 5836c755-2f13-426a-9895-4b618997a64f | ITER: 7 START
2019-07-26 19:27:56.032 4724 INFO rally.task.runner [-] Task 5836c755-2f13-426a-9895-4b618997a64f | ITER: 3 END: OK
2019-07-26 19:27:56.037 4724 INFO rally.task.runner [-] Task 5836c755-2f13-426a-9895-4b618997a64f | ITER: 8 START
2019-07-26 19:27:56.122 4725 INFO rally.task.runner [-] Task 5836c755-2f13-426a-9895-4b618997a64f | ITER: 5 END: OK
2019-07-26 19:27:56.127 4725 INFO rally.task.runner [-] Task 5836c755-2f13-426a-9895-4b618997a64f | ITER: 9 START
2019-07-26 19:28:00.462 4722 RALLYDEBUG rally.task.utils [-] Waiting for resource s_rally_632bc579_B4fN2qO0. Status changed: AVAILABLE => DELETING in 0.314233064651
2019-07-26 19:28:00.782 4723 RALLYDEBUG rally.task.utils [-] Waiting for resource s_rally_632bc579_t8OP6306. Status changed: AVAILABLE => DELETING in 0.338986873627
2019-07-26 19:28:00.803 4724 RALLYDEBUG rally.task.utils [-] Waiting for resource s_rally_632bc579_ZZLF5FTV. Status changed: AVAILABLE => DELETING in 0.0627431869507
2019-07-26 19:28:01.055 4725 RALLYDEBUG rally.task.utils [-] Waiting for resource s_rally_632bc579_8gpPDnvi. Status changed: AVAILABLE => DELETING in 0.254125118256
2019-07-26 19:28:02.765 4722 INFO rally.task.runner [-] Task 5836c755-2f13-426a-9895-4b618997a64f | ITER: 6 END: OK
2019-07-26 19:28:02.770 4722 INFO rally.task.runner [-] Task 5836c755-2f13-426a-9895-4b618997a64f | ITER: 10 START
2019-07-26 19:28:02.818 4723 INFO rally.task.runner [-] Task 5836c755-2f13-426a-9895-4b618997a64f | ITER: 7 END: OK
2019-07-26 19:28:03.031 4724 INFO rally.task.runner [-] Task 5836c755-2f13-426a-9895-4b618997a64f | ITER: 8 END: OK
2019-07-26 19:28:03.369 4725 INFO rally.task.runner [-] Task 5836c755-2f13-426a-9895-4b618997a64f | ITER: 9 END: OK
2019-07-26 19:28:08.094 4722 INFO rally.task.runner [-] Task 5836c755-2f13-426a-9895-4b618997a64f | ITER: 10 END: OK
2019-07-26 19:28:08.121 1842 INFO rally.task.context [-] Task 5836c755-2f13-426a-9895-4b618997a64f | Context cleanup@openstack cleanup() started
2019-07-26 19:28:08.124 1842 RALLYDEBUG rally_openstack.cleanup.manager [-] Cleaning up cinder backups objects
2019-07-26 19:28:10.310 1842 RALLYDEBUG rally_openstack.cleanup.manager [-] Cleaning up cinder volume_snapshots objects
2019-07-26 19:28:12.448 1842 RALLYDEBUG rally_openstack.cleanup.manager [-] Cleaning up cinder transfers objects
2019-07-26 19:28:14.629 1842 RALLYDEBUG rally_openstack.cleanup.manager [-] Cleaning up cinder volumes objects
2019-07-26 19:28:16.893 1842 INFO rally.task.context [-] Task 5836c755-2f13-426a-9895-4b618997a64f | Context cleanup@openstack cleanup() finished in 8.77 sec
2019-07-26 19:28:16.893 1842 INFO rally.task.context [-] Task 5836c755-2f13-426a-9895-4b618997a64f | Context quotas@openstack cleanup() started
2019-07-26 19:28:17.881 1842 INFO rally.task.context [-] Task 5836c755-2f13-426a-9895-4b618997a64f | Context quotas@openstack cleanup() finished in 0.99 sec
2019-07-26 19:28:17.882 1842 INFO rally.task.context [-] Task 5836c755-2f13-426a-9895-4b618997a64f | Context api_versions@openstack cleanup() started
2019-07-26 19:28:17.882 1842 INFO rally.task.context [-] Task 5836c755-2f13-426a-9895-4b618997a64f | Context api_versions@openstack cleanup() finished in 0.31 msec
2019-07-26 19:28:17.882 1842 INFO rally.task.context [-] Task 5836c755-2f13-426a-9895-4b618997a64f | Context users@openstack cleanup() started
2019-07-26 19:28:25.937 1842 INFO rally.task.context [-] Task 5836c755-2f13-426a-9895-4b618997a64f | Context users@openstack cleanup() finished in 8.05 sec
2019-07-26 19:28:27.307 1842 INFO rally.task.engine [-] Load duration is: 21.823495
2019-07-26 19:28:27.308 1842 INFO rally.task.engine [-] Full runner duration is: 21.874294
2019-07-26 19:28:27.308 1842 INFO rally.task.engine [-] Full duration is: 46.828023
2019-07-26 19:28:27.558 1842 INFO rally.task.engine [-] Running workload: position = 0 config = { "version": 2, "title": "A cropped version of a bigger task.", "description": "Auto-generated task from a single workload (uuid=042a41ff-18eb-42a3-8685-22797f94831a)", "subtasks": [ { "title": "CinderVolumes.create_from_volume_and_delete_volume", "description": "Create volume from volume and then delete it.", "scenario": { "CinderVolumes.create_from_volume_and_delete_volume": { "size": 1 } }, "contexts": { "users": { "tenants": 3, "users_per_tenant": 2 }, "quotas": { "cinder": { "gigabytes": -1, "snapshots": -1, "volumes": -1 } }, "api_versions": { "cinder": { "version": 3, "service_type": "volumev3" } }, "volumes": { "size": 1, "volumes_per_tenant": 1 } }, "runner": { "constant": { "concurrency": 4, "times": 10 } }, "hooks": [], "sla": { "failure_rate": { "max": 0 } } } ] }
2019-07-26 19:28:27.585 1842 RALLYDEBUG rally_openstack.contexts.keystone.users [-] Creating 3 tenants using 20 threads
2019-07-26 19:28:29.482 1842 RALLYDEBUG rally_openstack.contexts.keystone.users [-] Creating 6 users using 20 threads
2019-07-26 19:28:32.329 1842 INFO rally.task.context [-] Task 5836c755-2f13-426a-9895-4b618997a64f | Context users@openstack setup() finished in 4.74 sec
2019-07-26 19:28:32.768 1842 INFO rally.task.context [-] Task 5836c755-2f13-426a-9895-4b618997a64f | Context api_versions@openstack setup() finished in 0.44 sec
2019-07-26 19:28:34.463 1842 INFO rally.task.context [-] Task 5836c755-2f13-426a-9895-4b618997a64f | Context quotas@openstack setup() finished in 1.70 sec
2019-07-26 19:28:45.371 1842 INFO rally.task.context [-] Task 5836c755-2f13-426a-9895-4b618997a64f | Context volumes@openstack setup() finished in 10.91 sec
2019-07-26 19:28:45.371 1842 INFO rally.task.context [-] Task 5836c755-2f13-426a-9895-4b618997a64f | Context cleanup@openstack setup() finished in 0.02 msec
2019-07-26 19:28:45.380 1842 RALLYDEBUG rally.task.runner [-] Starting the constant runner (task UUID: 5836c755-2f13-426a-9895-4b618997a64f). timeout: 0 concurrency: 4 concurrency_per_worker: 1 times: 10 concurrency_overhead: 0 processes_to_start: 4 max_cpu_used: 16
2019-07-26 19:28:45.391 4906 RALLYDEBUG rally.task.runner [-] Starting a worker. concurrency: 1 args: {"size": 1} times: 10 method_name: run timeout: 0 duration: None cls:
2019-07-26 19:28:45.393 4907 RALLYDEBUG rally.task.runner [-] Starting a worker. concurrency: 1 args: {"size": 1} times: 10 method_name: run timeout: 0 duration: None cls:
2019-07-26 19:28:45.396 4908 RALLYDEBUG rally.task.runner [-] Starting a worker. concurrency: 1 args: {"size": 1} times: 10 method_name: run timeout: 0 duration: None cls:
2019-07-26 19:28:45.402 4906 INFO rally.task.runner [-] Task 5836c755-2f13-426a-9895-4b618997a64f | ITER: 1 START
2019-07-26 19:28:45.403 4909 RALLYDEBUG rally.task.runner [-] Starting a worker. concurrency: 1 args: {"size": 1} times: 10 method_name: run timeout: 0 duration: None cls:
2019-07-26 19:28:45.405 4907 INFO rally.task.runner [-] Task 5836c755-2f13-426a-9895-4b618997a64f | ITER: 2 START
2019-07-26 19:28:45.406 4908 INFO rally.task.runner [-] Task 5836c755-2f13-426a-9895-4b618997a64f | ITER: 3 START
2019-07-26 19:28:45.410 4909 INFO rally.task.runner [-] Task 5836c755-2f13-426a-9895-4b618997a64f | ITER: 4 START
2019-07-26 19:28:49.901 4907 RALLYDEBUG rally.task.utils [-] Waiting for resource s_rally_042a41ff_jgYlrEDC. Status changed: AVAILABLE => DELETING in 0.345679998398
2019-07-26 19:28:50.263 4906 RALLYDEBUG rally.task.utils [-] Waiting for resource s_rally_042a41ff_ZbS23uGC. Status changed: AVAILABLE => DELETING in 0.342019081116
2019-07-26 19:28:51.678 4909 RALLYDEBUG rally.task.utils [-] Waiting for resource s_rally_042a41ff_Y3mbOo2I. Status changed: CREATING => AVAILABLE in 3.04159998894
2019-07-26 19:28:52.227 4909 RALLYDEBUG rally.task.utils [-] Waiting for resource s_rally_042a41ff_Y3mbOo2I. Status changed: AVAILABLE => DELETING in 0.252394914627
2019-07-26 19:28:54.138 4908 RALLYDEBUG rally.task.utils [-] Waiting for resource s_rally_042a41ff_yj3PInOP. Status changed: CREATING => AVAILABLE in 5.4317779541
2019-07-26 19:28:54.577 4907 INFO rally.task.runner [-] Task 5836c755-2f13-426a-9895-4b618997a64f | ITER: 2 END: OK
2019-07-26 19:28:54.582 4907 INFO rally.task.runner [-] Task 5836c755-2f13-426a-9895-4b618997a64f | ITER: 5 START
2019-07-26 19:28:54.648 4906 INFO rally.task.runner [-] Task 5836c755-2f13-426a-9895-4b618997a64f | ITER: 1 END: OK
2019-07-26 19:28:54.653 4906 INFO rally.task.runner [-] Task 5836c755-2f13-426a-9895-4b618997a64f | ITER: 6 START
2019-07-26 19:28:54.830 4908 RALLYDEBUG rally.task.utils [-] Waiting for resource s_rally_042a41ff_yj3PInOP. Status changed: AVAILABLE => DELETING in 0.375159025192
2019-07-26 19:28:56.641 4909 INFO rally.task.runner [-] Task 5836c755-2f13-426a-9895-4b618997a64f | ITER: 4 END: OK
2019-07-26 19:28:56.647 4909 INFO rally.task.runner [-] Task 5836c755-2f13-426a-9895-4b618997a64f | ITER: 7 START
2019-07-26 19:28:57.144 4908 INFO rally.task.runner [-] Task 5836c755-2f13-426a-9895-4b618997a64f | ITER: 3 END: OK
2019-07-26 19:28:57.149 4908 INFO rally.task.runner [-] Task 5836c755-2f13-426a-9895-4b618997a64f | ITER: 8 START
2019-07-26 19:28:58.590 4907 RALLYDEBUG rally.task.utils [-] Waiting for resource s_rally_042a41ff_X4cxp0Fe. Status changed: AVAILABLE => DELETING in 0.0708730220795
2019-07-26 19:28:59.013 4906 RALLYDEBUG rally.task.utils [-] Waiting for resource s_rally_042a41ff_Cq0waTzv. Status changed: AVAILABLE => DELETING in 0.253202915192
2019-07-26 19:29:01.187 4909 RALLYDEBUG rally.task.utils [-] Waiting for resource s_rally_042a41ff_dN0Ug48N. Status changed: AVAILABLE => DELETING in 0.374865055084
2019-07-26 19:29:03.158 4907 INFO rally.task.runner [-] Task 5836c755-2f13-426a-9895-4b618997a64f | ITER: 5 END: OK
2019-07-26 19:29:03.165 4907 INFO rally.task.runner [-] Task 5836c755-2f13-426a-9895-4b618997a64f | ITER: 9 START
2019-07-26 19:29:03.252 4908 RALLYDEBUG rally.task.utils [-] Waiting for resource s_rally_042a41ff_VqJeP9of. Status changed: CREATING => AVAILABLE in 2.83538913727
2019-07-26 19:29:03.431 4909 INFO rally.task.runner [-] Task 5836c755-2f13-426a-9895-4b618997a64f | ITER: 7 END: OK
2019-07-26 19:29:03.436 4909 INFO rally.task.runner [-] Task 5836c755-2f13-426a-9895-4b618997a64f | ITER: 10 START
2019-07-26 19:29:03.590 4906 INFO rally.task.runner [-] Task 5836c755-2f13-426a-9895-4b618997a64f | ITER: 6 END: OK
2019-07-26 19:29:03.842 4908 RALLYDEBUG rally.task.utils [-] Waiting for resource s_rally_042a41ff_VqJeP9of. Status changed: AVAILABLE => DELETING in 0.238859176636
2019-07-26 19:29:06.082 4908 INFO rally.task.runner [-] Task 5836c755-2f13-426a-9895-4b618997a64f | ITER: 8 END: OK
2019-07-26 19:29:07.555 4907 RALLYDEBUG rally.task.utils [-] Waiting for resource s_rally_042a41ff_AKqbruJi. Status changed: AVAILABLE => DELETING in 0.341099977493
2019-07-26 19:29:07.919 4909 RALLYDEBUG rally.task.utils [-] Waiting for resource s_rally_042a41ff_irfLZ9CS. Status changed: AVAILABLE => DELETING in 0.346014022827
2019-07-26 19:29:09.848 4907 INFO rally.task.runner [-] Task 5836c755-2f13-426a-9895-4b618997a64f | ITER: 9 END: OK
2019-07-26 19:29:10.156 4909 INFO rally.task.runner [-] Task 5836c755-2f13-426a-9895-4b618997a64f | ITER: 10 END: OK
2019-07-26 19:29:10.185 1842 INFO rally.task.context [-] Task 5836c755-2f13-426a-9895-4b618997a64f | Context cleanup@openstack cleanup() started
2019-07-26 19:29:10.187 1842 RALLYDEBUG rally_openstack.cleanup.manager [-] Cleaning up cinder backups objects
2019-07-26 19:29:12.394 1842 RALLYDEBUG rally_openstack.cleanup.manager [-] Cleaning up cinder volume_snapshots objects
2019-07-26 19:29:14.689 1842 RALLYDEBUG rally_openstack.cleanup.manager [-] Cleaning up cinder transfers objects
2019-07-26 19:29:16.816 1842 RALLYDEBUG rally_openstack.cleanup.manager [-] Cleaning up cinder volumes objects
2019-07-26 19:29:19.352 1842 INFO rally.task.context [-] Task 5836c755-2f13-426a-9895-4b618997a64f | Context cleanup@openstack cleanup() finished in 9.17 sec
2019-07-26 19:29:19.352 1842 INFO rally.task.context [-] Task 5836c755-2f13-426a-9895-4b618997a64f | Context volumes@openstack cleanup() started
2019-07-26 19:29:19.353 1842 RALLYDEBUG rally_openstack.cleanup.manager [-] Cleaning up cinder volumes objects
2019-07-26 19:29:21.805 1842 RALLYDEBUG rally_openstack.cleanup.manager [-] Deleting cinder.volumes object c_rally_042a41ff_C74m0aMQ (aabaec50-1f59-4352-8ff0-55273789f45d)
2019-07-26 19:29:21.806 1842 RALLYDEBUG rally_openstack.cleanup.manager [-] Deleting cinder.volumes object c_rally_042a41ff_ZCRP8BaJ (62d83dbe-94c7-4a18-a9a5-680c997a33cb)
2019-07-26 19:29:21.819 1842 RALLYDEBUG rally_openstack.cleanup.manager [-] Deleting cinder.volumes object c_rally_042a41ff_Cps7ZXq7 (56c50a43-35c7-4a3f-9305-e22793409c41)
2019-07-26 19:29:25.317 1842 INFO rally.task.context [-] Task 5836c755-2f13-426a-9895-4b618997a64f | Context volumes@openstack cleanup() finished in 5.96 sec
2019-07-26 19:29:25.318 1842 INFO rally.task.context [-] Task 5836c755-2f13-426a-9895-4b618997a64f | Context quotas@openstack cleanup() started
2019-07-26 19:29:26.228 1842 INFO rally.task.context [-] Task 5836c755-2f13-426a-9895-4b618997a64f | Context quotas@openstack cleanup() finished in 0.91 sec
2019-07-26 19:29:26.229 1842 INFO rally.task.context [-] Task 5836c755-2f13-426a-9895-4b618997a64f | Context api_versions@openstack cleanup() started
2019-07-26 19:29:26.229 1842 INFO rally.task.context [-] Task 5836c755-2f13-426a-9895-4b618997a64f | Context api_versions@openstack cleanup() finished in 0.34 msec
2019-07-26 19:29:26.230 1842 INFO rally.task.context [-] Task 5836c755-2f13-426a-9895-4b618997a64f | Context users@openstack cleanup() started
2019-07-26 19:29:34.524 1842 INFO rally.task.context [-] Task 5836c755-2f13-426a-9895-4b618997a64f | Context users@openstack cleanup() finished in 8.29 sec
2019-07-26 19:29:35.849 1842 INFO rally.task.engine [-] Load duration is: 24.749573
2019-07-26 19:29:35.850 1842 INFO rally.task.engine [-] Full runner duration is: 24.807013
2019-07-26 19:29:35.850 1842 INFO rally.task.engine [-] Full duration is: 66.942403
2019-07-26 19:29:36.075 1842 INFO rally.task.engine [-] Running workload: position = 0 config = { "version": 2, "title": "A cropped version of a bigger task.", "description": "Auto-generated task from a single workload (uuid=e4c4846e-63f1-4c76-9e64-25983c3791a6)", "subtasks": [ { "title": "CinderQos.create_and_get_qos", "description": "Create a qos, then get details of the qos.", "scenario": { "CinderQos.create_and_get_qos": { "consumer": "both", "write_iops_sec": "10", "read_iops_sec": "1000" } }, "contexts": { "users": { "tenants": 3, "users_per_tenant": 2 }, "api_versions": { "cinder": { "version": 3, "service_type": "volumev3" } } }, "runner": { "constant": { "concurrency": 4, "times": 10 } }, "hooks": [], "sla": { "failure_rate": { "max": 0 } } } ] }
2019-07-26 19:29:36.096 1842 RALLYDEBUG rally_openstack.contexts.keystone.users [-] Creating 3 tenants using 20 threads
2019-07-26 19:29:38.070 1842 RALLYDEBUG rally_openstack.contexts.keystone.users [-] Creating 6 users using 20 threads
2019-07-26 19:29:40.943 1842 INFO rally.task.context [-] Task 5836c755-2f13-426a-9895-4b618997a64f | Context users@openstack setup() finished in 4.85 sec
2019-07-26 19:29:41.364 1842 INFO rally.task.context [-] Task 5836c755-2f13-426a-9895-4b618997a64f | Context api_versions@openstack setup() finished in 0.42 sec
2019-07-26 19:29:41.364 1842 INFO rally.task.context [-] Task 5836c755-2f13-426a-9895-4b618997a64f | Context admin_cleanup@openstack setup() finished in 0.01 msec
2019-07-26 19:29:41.372 1842 RALLYDEBUG rally.task.runner [-] Starting the constant runner (task UUID: 5836c755-2f13-426a-9895-4b618997a64f). timeout: 0 concurrency: 4 concurrency_per_worker: 1 times: 10 concurrency_overhead: 0 processes_to_start: 4 max_cpu_used: 16
2019-07-26 19:29:41.384 5110 RALLYDEBUG rally.task.runner [-] Starting a worker. concurrency: 1 args: {"consumer": "both", "write_iops_sec": "10", "read_iops_sec": "1000"} times: 10 method_name: run timeout: 0 duration: None cls:
2019-07-26 19:29:41.387 5111 RALLYDEBUG rally.task.runner [-] Starting a worker. concurrency: 1 args: {"consumer": "both", "write_iops_sec": "10", "read_iops_sec": "1000"} times: 10 method_name: run timeout: 0 duration: None cls:
2019-07-26 19:29:41.389 5112 RALLYDEBUG rally.task.runner [-] Starting a worker. concurrency: 1 args: {"consumer": "both", "write_iops_sec": "10", "read_iops_sec": "1000"} times: 10 method_name: run timeout: 0 duration: None cls:
2019-07-26 19:29:41.391 5110 INFO rally.task.runner [-] Task 5836c755-2f13-426a-9895-4b618997a64f | ITER: 1 START
2019-07-26 19:29:41.393 5113 RALLYDEBUG rally.task.runner [-] Starting a worker. concurrency: 1 args: {"consumer": "both", "write_iops_sec": "10", "read_iops_sec": "1000"} times: 10 method_name: run timeout: 0 duration: None cls:
2019-07-26 19:29:41.394 5111 INFO rally.task.runner [-] Task 5836c755-2f13-426a-9895-4b618997a64f | ITER: 2 START
2019-07-26 19:29:41.395 5112 INFO rally.task.runner [-] Task 5836c755-2f13-426a-9895-4b618997a64f | ITER: 3 START
2019-07-26 19:29:41.401 5113 INFO rally.task.runner [-] Task 5836c755-2f13-426a-9895-4b618997a64f | ITER: 4 START
2019-07-26 19:29:42.476 5112 INFO rally.task.runner [-] Task 5836c755-2f13-426a-9895-4b618997a64f | ITER: 3 END: OK
2019-07-26 19:29:42.477 5113 INFO rally.task.runner [-] Task 5836c755-2f13-426a-9895-4b618997a64f | ITER: 4 END: OK
2019-07-26 19:29:42.482 5112 INFO rally.task.runner [-] Task 5836c755-2f13-426a-9895-4b618997a64f | ITER: 5 START
2019-07-26 19:29:42.483 5113 INFO rally.task.runner [-] Task 5836c755-2f13-426a-9895-4b618997a64f | ITER: 6 START
2019-07-26 19:29:42.503 5110 INFO rally.task.runner [-] Task 5836c755-2f13-426a-9895-4b618997a64f | ITER: 1 END: OK
2019-07-26 19:29:42.508 5110 INFO rally.task.runner [-] Task 5836c755-2f13-426a-9895-4b618997a64f | ITER: 7 START
2019-07-26 19:29:42.576 5111 INFO rally.task.runner [-] Task 5836c755-2f13-426a-9895-4b618997a64f | ITER: 2 END: OK
2019-07-26 19:29:42.581 5111 INFO rally.task.runner [-] Task 5836c755-2f13-426a-9895-4b618997a64f | ITER: 8 START
2019-07-26 19:29:43.480 5113 INFO rally.task.runner [-] Task 5836c755-2f13-426a-9895-4b618997a64f | ITER: 6 END: OK
2019-07-26 19:29:43.484 5113 INFO rally.task.runner [-] Task 5836c755-2f13-426a-9895-4b618997a64f | ITER: 9 START
2019-07-26 19:29:43.533 5112 INFO rally.task.runner [-] Task 5836c755-2f13-426a-9895-4b618997a64f | ITER: 5 END: OK
2019-07-26 19:29:43.538 5112 INFO rally.task.runner [-] Task 5836c755-2f13-426a-9895-4b618997a64f | ITER: 10 START
2019-07-26 19:29:43.553 5110 INFO rally.task.runner [-] Task 5836c755-2f13-426a-9895-4b618997a64f | ITER: 7 END: OK
2019-07-26 19:29:43.562 5111 INFO rally.task.runner [-] Task 5836c755-2f13-426a-9895-4b618997a64f | ITER: 8 END: OK
2019-07-26 19:29:44.538 5112 INFO rally.task.runner [-] Task 5836c755-2f13-426a-9895-4b618997a64f | ITER: 10 END: OK
2019-07-26 19:29:44.633 5113 INFO rally.task.runner [-] Task 5836c755-2f13-426a-9895-4b618997a64f | ITER: 9 END: OK
2019-07-26 19:29:44.652 1842 INFO rally.task.context [-] Task 5836c755-2f13-426a-9895-4b618997a64f | Context admin_cleanup@openstack cleanup() started
2019-07-26 19:29:44.654 1842 RALLYDEBUG rally_openstack.cleanup.manager [-] Cleaning up cinder volume_types objects
2019-07-26 19:29:45.302 1842 RALLYDEBUG rally_openstack.cleanup.manager [-] Cleaning up cinder image_volumes_cache objects
2019-07-26 19:29:46.698 1842 RALLYDEBUG rally_openstack.cleanup.manager [-] Cleaning up cinder quotas objects
2019-07-26 19:29:48.535 1842 RALLYDEBUG rally_openstack.cleanup.manager [-] Cleaning up cinder qos_specs objects
2019-07-26 19:29:49.399 1842 RALLYDEBUG rally_openstack.cleanup.manager [-] Deleting cinder.qos_specs object s_rally_e4c4846e_CFNayaMI (b6230233-b1fd-44da-9067-ea7f88ce5bd6)
2019-07-26 19:29:49.399 1842 RALLYDEBUG rally_openstack.cleanup.manager [-] Deleting cinder.qos_specs object s_rally_e4c4846e_vhdFJeII (6d7f01b6-3a19-4e51-9f89-5cc1b3f224b9)
2019-07-26 19:29:49.403 1842 RALLYDEBUG rally_openstack.cleanup.manager [-] Deleting cinder.qos_specs object s_rally_e4c4846e_vyq4bSfB (a9134a83-eb0a-4305-a492-befd3d2b06d1)
2019-07-26 19:29:49.407 1842 RALLYDEBUG rally_openstack.cleanup.manager [-] Deleting cinder.qos_specs object s_rally_e4c4846e_pgNQlvDF (bfa40f25-37e8-4f1f-b33d-5aec3a25d2c1)
