2019-07-26 19:10:42.305 2211 INFO rally.task.runner [-] Task 5836c755-2f13-426a-9895-4b618997a64f | ITER: 2 END: OK
2019-07-26 19:10:42.310 2211 INFO rally.task.runner [-] Task 5836c755-2f13-426a-9895-4b618997a64f | ITER: 8 START
2019-07-26 19:10:45.550 2210 INFO rally.task.runner [-] Task 5836c755-2f13-426a-9895-4b618997a64f | ITER: 5 END: OK
2019-07-26 19:10:45.555 2210 INFO rally.task.runner [-] Task 5836c755-2f13-426a-9895-4b618997a64f | ITER: 9 START
2019-07-26 19:10:45.917 2212 INFO rally.task.runner [-] Task 5836c755-2f13-426a-9895-4b618997a64f | ITER: 6 END: OK
2019-07-26 19:10:45.923 2212 INFO rally.task.runner [-] Task 5836c755-2f13-426a-9895-4b618997a64f | ITER: 10 START
2019-07-26 19:10:45.940 2213 INFO rally.task.runner [-] Task 5836c755-2f13-426a-9895-4b618997a64f | ITER: 7 END: OK
2019-07-26 19:10:46.072 2211 INFO rally.task.runner [-] Task 5836c755-2f13-426a-9895-4b618997a64f | ITER: 8 END: OK
2019-07-26 19:10:49.164 2210 INFO rally.task.runner [-] Task 5836c755-2f13-426a-9895-4b618997a64f | ITER: 9 END: OK
2019-07-26 19:10:49.799 2212 INFO rally.task.runner [-] Task 5836c755-2f13-426a-9895-4b618997a64f | ITER: 10 END: OK
2019-07-26 19:10:49.820 1842 INFO rally.task.context [-] Task 5836c755-2f13-426a-9895-4b618997a64f | Context cleanup@openstack cleanup() started
2019-07-26 19:10:49.823 1842 RALLYDEBUG rally_openstack.cleanup.manager [-] Cleaning up cinder backups objects
2019-07-26 19:10:51.965 1842 RALLYDEBUG rally_openstack.cleanup.manager [-] Cleaning up cinder volume_snapshots objects
2019-07-26 19:10:54.170 1842 RALLYDEBUG rally_openstack.cleanup.manager [-] Deleting cinder.volume_snapshots object s_rally_a5c0e1d4_SjscMclL (dfb9310f-6f33-4143-9793-202134c67e9e)
2019-07-26 19:10:54.171 1842 RALLYDEBUG rally_openstack.cleanup.manager [-] Deleting cinder.volume_snapshots object s_rally_a5c0e1d4_DaEwH5jU (39c5bbc3-86de-4d73-b678-8487c4e59ed0)
2019-07-26 19:10:54.173 1842 RALLYDEBUG rally_openstack.cleanup.manager [-] Deleting cinder.volume_snapshots object s_rally_a5c0e1d4_XqTnpWWz (2a91fda2-af35-4309-87a8-1f44b7e57bf5)
2019-07-26 19:10:54.179 1842 RALLYDEBUG rally_openstack.cleanup.manager [-] Deleting cinder.volume_snapshots object s_rally_a5c0e1d4_xQa33rkn (24939458-e736-42c6-9a72-41b34f8e854a)
2019-07-26 19:10:54.187 1842 RALLYDEBUG rally_openstack.cleanup.manager [-] Deleting cinder.volume_snapshots object s_rally_a5c0e1d4_R4iFMZ9H (4956c149-b35a-4b05-8fcf-c1cbcd403637)
2019-07-26 19:10:54.189 1842 RALLYDEBUG rally_openstack.cleanup.manager [-] Deleting cinder.volume_snapshots object s_rally_a5c0e1d4_cVd6o8kg (a919a668-d983-4e6e-8349-6c6a2e4b7ea8)
2019-07-26 19:10:54.190 1842 RALLYDEBUG rally_openstack.cleanup.manager [-] Deleting cinder.volume_snapshots object s_rally_a5c0e1d4_DbmdB6Dk (802ca726-aafc-4554-84d8-583f5a1e63f7)
2019-07-26 19:10:54.195 1842 RALLYDEBUG rally_openstack.cleanup.manager [-] Deleting cinder.volume_snapshots object s_rally_a5c0e1d4_syWkkJOB (c391c450-8cd0-426d-b4a9-73047293fbc7)
2019-07-26 19:10:54.203 1842 RALLYDEBUG rally_openstack.cleanup.manager [-] Deleting cinder.volume_snapshots object s_rally_a5c0e1d4_sXnoHs8u (3c5bf06d-cea6-4028-b45f-68441a5f0c7a)
2019-07-26 19:10:54.212 1842 RALLYDEBUG rally_openstack.cleanup.manager [-] Deleting cinder.volume_snapshots object s_rally_a5c0e1d4_BeDrQMQd (05187e4a-4761-4fea-a0f6-95a01df2d521)
2019-07-26 19:10:59.159 1842 RALLYDEBUG rally_openstack.cleanup.manager [-] Cleaning up cinder transfers objects
2019-07-26 19:11:01.172 1842 RALLYDEBUG rally_openstack.cleanup.manager [-] Cleaning up cinder volumes objects
2019-07-26 19:11:03.506 1842 INFO rally.task.context [-] Task 5836c755-2f13-426a-9895-4b618997a64f | Context cleanup@openstack cleanup() finished in 13.69 sec
2019-07-26 19:11:03.506 1842 INFO rally.task.context [-] Task 5836c755-2f13-426a-9895-4b618997a64f | Context volumes@openstack cleanup() started
2019-07-26 19:11:03.507 1842 RALLYDEBUG rally_openstack.cleanup.manager [-] Cleaning up cinder volumes objects
2019-07-26 19:11:05.950 1842 RALLYDEBUG rally_openstack.cleanup.manager [-] Deleting cinder.volumes object c_rally_a5c0e1d4_uWdHIaVx (52933686-d968-4c3a-b2c9-abca6af5ee88)
2019-07-26 19:11:05.956 1842 RALLYDEBUG rally_openstack.cleanup.manager [-] Deleting cinder.volumes object c_rally_a5c0e1d4_38UA6XTn (5af67233-de62-4eb6-8834-00c3312c2fda)
2019-07-26 19:11:05.961 1842 RALLYDEBUG rally_openstack.cleanup.manager [-] Deleting cinder.volumes object c_rally_a5c0e1d4_dQBDm2fd (cfafc61c-5461-46d8-b94e-af3d8417ad9c)
2019-07-26 19:11:09.473 1842 INFO rally.task.context [-] Task 5836c755-2f13-426a-9895-4b618997a64f | Context volumes@openstack cleanup() finished in 5.97 sec
2019-07-26 19:11:09.474 1842 INFO rally.task.context [-] Task 5836c755-2f13-426a-9895-4b618997a64f | Context quotas@openstack cleanup() started
2019-07-26 19:11:10.265 1842 INFO rally.task.context [-] Task 5836c755-2f13-426a-9895-4b618997a64f | Context quotas@openstack cleanup() finished in 0.79 sec
2019-07-26 19:11:10.266 1842 INFO rally.task.context [-] Task 5836c755-2f13-426a-9895-4b618997a64f | Context api_versions@openstack cleanup() started
2019-07-26 19:11:10.266 1842 INFO rally.task.context [-] Task 5836c755-2f13-426a-9895-4b618997a64f | Context api_versions@openstack cleanup() finished in 0.30 msec
2019-07-26 19:11:10.266 1842 INFO rally.task.context [-] Task 5836c755-2f13-426a-9895-4b618997a64f | Context users@openstack cleanup() started
2019-07-26 19:11:17.991 1842 INFO rally.task.context [-] Task 5836c755-2f13-426a-9895-4b618997a64f | Context users@openstack cleanup() finished in 7.72 sec
2019-07-26 19:11:18.198 1842 INFO rally.task.engine [-] Load duration is: 11.480683
2019-07-26 19:11:18.199 1842 INFO rally.task.engine [-] Full runner duration is: 11.528852
2019-07-26 19:11:18.199 1842 INFO rally.task.engine [-] Full duration is: 58.02728
2019-07-26 19:11:18.430 1842 INFO rally.task.engine [-] Running workload: position = 0 config = { "version": 2, "title": "A cropped version of a bigger task.", "description": "Auto-generated task from a single workload (uuid=013f70a2-ee9f-438b-9038-043ca3a9ac9a)", "subtasks": [ { "title": "CinderVolumes.create_and_list_volume", "description": "Create a volume and list all volumes.", "scenario": { "CinderVolumes.create_and_list_volume": { "detailed": true, "image": { "name": "rally_full-img_69c70ed9-e367-47ee-8fdb-e5d9c6909511" }, "size": 1 } }, "contexts": { "users": { "tenants": 3, "users_per_tenant": 2 }, "quotas": { "cinder": { "gigabytes": -1, "snapshots": -1, "volumes": -1 } }, "api_versions": { "cinder": { "version": 3, "service_type": "volumev3" } } }, "runner": { "constant": { "concurrency": 4, "times": 10 } }, "hooks": [], "sla": { "failure_rate": { "max": 0 } } } ] }
2019-07-26 19:11:18.456 1842 RALLYDEBUG rally_openstack.contexts.keystone.users [-] Creating 3 tenants using 20 threads
2019-07-26 19:11:20.393 1842 RALLYDEBUG rally_openstack.contexts.keystone.users [-] Creating 6 users using 20 threads
2019-07-26 19:11:23.171 1842 INFO rally.task.context [-] Task 5836c755-2f13-426a-9895-4b618997a64f | Context users@openstack setup() finished in 4.72 sec
2019-07-26 19:11:23.600 1842 INFO rally.task.context [-] Task 5836c755-2f13-426a-9895-4b618997a64f | Context api_versions@openstack setup() finished in 0.43 sec
2019-07-26 19:11:25.274 1842 INFO rally.task.context [-] Task 5836c755-2f13-426a-9895-4b618997a64f | Context quotas@openstack setup() finished in 1.67 sec
2019-07-26 19:11:25.275 1842 INFO rally.task.context [-] Task 5836c755-2f13-426a-9895-4b618997a64f | Context cleanup@openstack setup() finished in 0.00 msec
2019-07-26 19:11:26.317 1842 RALLYDEBUG rally.task.runner [-] Starting the constant runner (task UUID: 5836c755-2f13-426a-9895-4b618997a64f). timeout: 0 concurrency: 4 concurrency_per_worker: 1 times: 10 concurrency_overhead: 0 processes_to_start: 4 max_cpu_used: 16
2019-07-26 19:11:26.329 2414 RALLYDEBUG rally.task.runner [-] Starting a worker. concurrency: 1 args: {"detailed": true, "image": "6c6abc93-e436-4948-b207-27cf7764a199", "size": 1} times: 10 method_name: run timeout: 0 duration: None cls:
2019-07-26 19:11:26.332 2415 RALLYDEBUG rally.task.runner [-] Starting a worker. concurrency: 1 args: {"detailed": true, "image": "6c6abc93-e436-4948-b207-27cf7764a199", "size": 1} times: 10 method_name: run timeout: 0 duration: None cls:
2019-07-26 19:11:26.335 2416 RALLYDEBUG rally.task.runner [-] Starting a worker. concurrency: 1 args: {"detailed": true, "image": "6c6abc93-e436-4948-b207-27cf7764a199", "size": 1} times: 10 method_name: run timeout: 0 duration: None cls:
2019-07-26 19:11:26.337 2414 INFO rally.task.runner [-] Task 5836c755-2f13-426a-9895-4b618997a64f | ITER: 1 START
2019-07-26 19:11:26.338 2417 RALLYDEBUG rally.task.runner [-] Starting a worker. concurrency: 1 args: {"detailed": true, "image": "6c6abc93-e436-4948-b207-27cf7764a199", "size": 1} times: 10 method_name: run timeout: 0 duration: None cls:
2019-07-26 19:11:26.340 2415 INFO rally.task.runner [-] Task 5836c755-2f13-426a-9895-4b618997a64f | ITER: 2 START
2019-07-26 19:11:26.344 2416 INFO rally.task.runner [-] Task 5836c755-2f13-426a-9895-4b618997a64f | ITER: 3 START
2019-07-26 19:11:26.347 2417 INFO rally.task.runner [-] Task 5836c755-2f13-426a-9895-4b618997a64f | ITER: 4 START
2019-07-26 19:11:33.666 2414 RALLYDEBUG rally.task.utils [-] Waiting for resource s_rally_013f70a2_6Xt6ALMC. Status changed: CREATING => DOWNLOADING in 2.99493408203
2019-07-26 19:11:38.590 2416 RALLYDEBUG rally.task.utils [-] Waiting for resource s_rally_013f70a2_xPF3jIyG. Status changed: CREATING => DOWNLOADING in 7.78047394753
2019-07-26 19:11:38.924 2417 RALLYDEBUG rally.task.utils [-] Waiting for resource s_rally_013f70a2_dXDngcAv. Status changed: CREATING => DOWNLOADING in 7.81151914597
2019-07-26 19:11:40.971 2415 RALLYDEBUG rally.task.utils [-] Waiting for resource s_rally_013f70a2_BgzZ5XLJ. Status changed: CREATING => DOWNLOADING in 10.0751760006
2019-07-26 19:11:45.293 2416 RALLYDEBUG rally.task.utils [-] Waiting for resource s_rally_013f70a2_xPF3jIyG. Status changed: DOWNLOADING => AVAILABLE in 6.70333194733
2019-07-26 19:11:45.361 2414 RALLYDEBUG rally.task.utils [-] Waiting for resource s_rally_013f70a2_6Xt6ALMC. Status changed: DOWNLOADING => AVAILABLE in 11.6952388287
2019-07-26 19:11:45.608 2414 INFO rally.task.runner [-] Task 5836c755-2f13-426a-9895-4b618997a64f | ITER: 1 END: OK
2019-07-26 19:11:45.613 2414 INFO rally.task.runner [-] Task 5836c755-2f13-426a-9895-4b618997a64f | ITER: 5 START
2019-07-26 19:11:45.629 2415 RALLYDEBUG rally.task.utils [-] Waiting for resource s_rally_013f70a2_BgzZ5XLJ. Status changed: DOWNLOADING => AVAILABLE in 4.65825986862
2019-07-26 19:11:45.785 2416 INFO rally.task.runner [-] Task 5836c755-2f13-426a-9895-4b618997a64f | ITER: 3 END: OK
2019-07-26 19:11:45.790 2416 INFO rally.task.runner [-] Task 5836c755-2f13-426a-9895-4b618997a64f | ITER: 6 START
2019-07-26 19:11:45.915 2417 RALLYDEBUG rally.task.utils [-] Waiting for resource s_rally_013f70a2_dXDngcAv. Status changed: DOWNLOADING => AVAILABLE in 6.99126195908
2019-07-26 19:11:45.991 2417 INFO rally.task.runner [-] Task 5836c755-2f13-426a-9895-4b618997a64f | ITER: 4 END: OK
2019-07-26 19:11:45.997 2417 INFO rally.task.runner [-] Task 5836c755-2f13-426a-9895-4b618997a64f | ITER: 7 START
2019-07-26 19:11:46.003 2415 INFO rally.task.runner [-] Task 5836c755-2f13-426a-9895-4b618997a64f | ITER: 2 END: OK
2019-07-26 19:11:46.009 2415 INFO rally.task.runner [-] Task 5836c755-2f13-426a-9895-4b618997a64f | ITER: 8 START
2019-07-26 19:11:53.392 2416 RALLYDEBUG rally.task.utils [-] Waiting for resource s_rally_013f70a2_Yx98tCh3. Status changed: CREATING => DOWNLOADING in 3.0333480835
2019-07-26 19:11:53.491 2417 RALLYDEBUG rally.task.utils [-] Waiting for resource s_rally_013f70a2_H4d9dzOW. Status changed: CREATING => DOWNLOADING in 3.03202414513
2019-07-26 19:12:00.155 2416 RALLYDEBUG rally.task.utils [-] Waiting for resource s_rally_013f70a2_Yx98tCh3. Status changed: DOWNLOADING => AVAILABLE in 6.76325511932
2019-07-26 19:12:00.236 2415 RALLYDEBUG rally.task.utils [-] Waiting for resource s_rally_013f70a2_CnYayxPS. Status changed: CREATING => DOWNLOADING in 9.54396677017
2019-07-26 19:12:00.474 2414 RALLYDEBUG rally.task.utils [-] Waiting for resource s_rally_013f70a2_QRmlC4xK. Status changed: CREATING => DOWNLOADING in 10.0603339672
2019-07-26 19:12:00.543 2416 INFO rally.task.runner [-] Task 5836c755-2f13-426a-9895-4b618997a64f | ITER: 6 END: OK
2019-07-26 19:12:00.548 2416 INFO rally.task.runner [-] Task 5836c755-2f13-426a-9895-4b618997a64f | ITER: 9 START
2019-07-26 19:12:02.692 2417 RALLYDEBUG rally.task.utils [-] Waiting for resource s_rally_013f70a2_H4d9dzOW. Status changed: DOWNLOADING => AVAILABLE in 9.20134997368
2019-07-26 19:12:02.760 2417 INFO rally.task.runner [-] Task 5836c755-2f13-426a-9895-4b618997a64f | ITER: 7 END: OK
2019-07-26 19:12:02.768 2417 INFO rally.task.runner [-] Task 5836c755-2f13-426a-9895-4b618997a64f | ITER: 10 START
2019-07-26 19:12:04.956 2415 RALLYDEBUG rally.task.utils [-] Waiting for resource s_rally_013f70a2_CnYayxPS. Status changed: DOWNLOADING => AVAILABLE in 4.71969413757
2019-07-26 19:12:05.040 2415 INFO rally.task.runner [-] Task 5836c755-2f13-426a-9895-4b618997a64f | ITER: 8 END: OK
2019-07-26 19:12:05.158 2414 RALLYDEBUG rally.task.utils [-] Waiting for resource s_rally_013f70a2_QRmlC4xK. Status changed: DOWNLOADING => AVAILABLE in 4.68402504921
2019-07-26 19:12:05.533 2414 INFO rally.task.runner [-] Task 5836c755-2f13-426a-9895-4b618997a64f | ITER: 5 END: OK
2019-07-26 19:12:09.667 2416 RALLYDEBUG rally.task.utils [-] Waiting for resource s_rally_013f70a2_6q62lKvB. Status changed: CREATING => DOWNLOADING in 4.98586297035
2019-07-26 19:12:11.996 2416 RALLYDEBUG rally.task.utils [-] Waiting for resource s_rally_013f70a2_6q62lKvB. Status changed: DOWNLOADING => AVAILABLE in 2.32900094986
2019-07-26 19:12:12.344 2416 INFO rally.task.runner [-] Task 5836c755-2f13-426a-9895-4b618997a64f | ITER: 9 END: OK
2019-07-26 19:12:12.934 2417 RALLYDEBUG rally.task.utils [-] Waiting for resource s_rally_013f70a2_cqXkxVH6. Status changed: CREATING => DOWNLOADING in 5.1758890152
2019-07-26 19:12:15.187 2417 RALLYDEBUG rally.task.utils [-] Waiting for resource s_rally_013f70a2_cqXkxVH6. Status changed: DOWNLOADING => AVAILABLE in 2.25352191925
2019-07-26 19:12:15.562 2417 INFO rally.task.runner [-] Task 5836c755-2f13-426a-9895-4b618997a64f | ITER: 10 END: OK
2019-07-26 19:12:15.585 1842 INFO rally.task.context [-] Task 5836c755-2f13-426a-9895-4b618997a64f | Context cleanup@openstack cleanup() started
2019-07-26 19:12:15.588 1842 RALLYDEBUG rally_openstack.cleanup.manager [-] Cleaning up cinder backups objects
2019-07-26 19:12:17.855 1842 RALLYDEBUG rally_openstack.cleanup.manager [-] Cleaning up cinder volume_snapshots objects
2019-07-26 19:12:20.073 1842 RALLYDEBUG rally_openstack.cleanup.manager [-] Cleaning up cinder transfers objects
2019-07-26 19:12:22.201 1842 RALLYDEBUG rally_openstack.cleanup.manager [-] Cleaning up cinder volumes objects
2019-07-26 19:12:24.747 1842 RALLYDEBUG rally_openstack.cleanup.manager [-] Deleting cinder.volumes object s_rally_013f70a2_QRmlC4xK (7184efb0-035d-47df-8d6c-80ac36f469f6)
2019-07-26 19:12:24.748 1842 RALLYDEBUG rally_openstack.cleanup.manager [-] Deleting cinder.volumes object s_rally_013f70a2_6q62lKvB (bbb5ba85-76a5-4fac-91f6-3d6494728047)
2019-07-26 19:12:24.751 1842 RALLYDEBUG rally_openstack.cleanup.manager [-] Deleting cinder.volumes object s_rally_013f70a2_H4d9dzOW (60fed721-55bc-40f4-97cf-59c53ba48855)
2019-07-26 19:12:24.752 1842 RALLYDEBUG rally_openstack.cleanup.manager [-] Deleting cinder.volumes object s_rally_013f70a2_dXDngcAv (42996173-8e7e-46ae-9932-7ccabdd9c478)
2019-07-26 19:12:24.753 1842 RALLYDEBUG rally_openstack.cleanup.manager [-] Deleting cinder.volumes object s_rally_013f70a2_BgzZ5XLJ (92ef0fce-e38a-4f9d-8332-f155b39eae03)
2019-07-26 19:12:24.755 1842 RALLYDEBUG rally_openstack.cleanup.manager [-] Deleting cinder.volumes object s_rally_013f70a2_6Xt6ALMC (db0d3fc0-8d64-48b6-b130-c5d3a07d1a92)
2019-07-26 19:12:24.761 1842 RALLYDEBUG rally_openstack.cleanup.manager [-] Deleting cinder.volumes object s_rally_013f70a2_CnYayxPS (be7f1ccf-7a90-47f3-b6b5-b1342a7508b7)
2019-07-26 19:12:24.762 1842 RALLYDEBUG rally_openstack.cleanup.manager [-] Deleting cinder.volumes object s_rally_013f70a2_Yx98tCh3 (b211ba53-fbb0-4039-945b-0b8464536562)
2019-07-26 19:12:24.767 1842 RALLYDEBUG rally_openstack.cleanup.manager [-] Deleting cinder.volumes object s_rally_013f70a2_cqXkxVH6 (d3ff9041-6eb4-46c3-b415-ab7cc5aba1d7)
2019-07-26 19:12:24.782 1842 RALLYDEBUG rally_openstack.cleanup.manager [-] Deleting cinder.volumes object s_rally_013f70a2_xPF3jIyG (8f7fe60a-02b8-4bb5-8f2f-8fbf50fc266f)
2019-07-26 19:12:29.698 1842 INFO rally.task.context [-] Task 5836c755-2f13-426a-9895-4b618997a64f | Context cleanup@openstack cleanup() finished in 14.11 sec
2019-07-26 19:12:29.698 1842 INFO rally.task.context [-] Task 5836c755-2f13-426a-9895-4b618997a64f | Context quotas@openstack cleanup() started
2019-07-26 19:12:30.667 1842 INFO rally.task.context [-] Task 5836c755-2f13-426a-9895-4b618997a64f | Context quotas@openstack cleanup() finished in 0.97 sec
2019-07-26 19:12:30.667 1842 INFO rally.task.context [-] Task 5836c755-2f13-426a-9895-4b618997a64f | Context api_versions@openstack cleanup() started
2019-07-26 19:12:30.667 1842 INFO rally.task.context [-] Task 5836c755-2f13-426a-9895-4b618997a64f | Context api_versions@openstack cleanup() finished in 0.32 msec
2019-07-26 19:12:30.668 1842 INFO rally.task.context [-] Task 5836c755-2f13-426a-9895-4b618997a64f | Context users@openstack cleanup() started
2019-07-26 19:12:39.208 1842 INFO rally.task.context [-] Task 5836c755-2f13-426a-9895-4b618997a64f | Context users@openstack cleanup() finished in 8.54 sec
2019-07-26 19:12:40.805 1842 INFO rally.task.engine [-] Load duration is: 49.221232
2019-07-26 19:12:40.806 1842 INFO rally.task.engine [-] Full runner duration is: 49.268932
2019-07-26 19:12:40.806 1842 INFO rally.task.engine [-] Full duration is: 80.755706
2019-07-26 19:12:40.968 1842 INFO rally.task.engine [-] Running workload: position = 1 config = { "version": 2, "title": "A cropped version of a bigger task.", "description": "Auto-generated task from a single workload (uuid=e18b59af-46dc-4b0e-a70e-b1a0268363ad)", "subtasks": [ { "title": "CinderVolumes.create_and_list_volume", "description": "Create a volume and list all volumes.", "scenario": { "CinderVolumes.create_and_list_volume": { "detailed": true, "size": 1 } }, "contexts": { "users": { "tenants": 3, "users_per_tenant": 2 }, "quotas": { "cinder": { "gigabytes": -1, "snapshots": -1, "volumes": -1 } }, "api_versions": { "cinder": { "version": 3, "service_type": "volumev3" } } }, "runner": { "constant": { "concurrency": 4, "times": 10 } }, "hooks": [], "sla": { "failure_rate": { "max": 0 } } } ] }
2019-07-26 19:12:40.992 1842 RALLYDEBUG rally_openstack.contexts.keystone.users [-] Creating 3 tenants using 20 threads
2019-07-26 19:12:42.872 1842 RALLYDEBUG rally_openstack.contexts.keystone.users [-] Creating 6 users using 20 threads
2019-07-26 19:12:45.607 1842 INFO rally.task.context [-] Task 5836c755-2f13-426a-9895-4b618997a64f | Context users@openstack setup() finished in 4.61 sec
2019-07-26 19:12:46.041 1842 INFO rally.task.context [-] Task 5836c755-2f13-426a-9895-4b618997a64f | Context api_versions@openstack setup() finished in 0.43 sec
2019-07-26 19:12:47.773 1842 INFO rally.task.context [-] Task 5836c755-2f13-426a-9895-4b618997a64f | Context quotas@openstack setup() finished in 1.73 sec
2019-07-26 19:12:47.774 1842 INFO rally.task.context [-] Task 5836c755-2f13-426a-9895-4b618997a64f | Context cleanup@openstack setup() finished in 0.00 msec
2019-07-26 19:12:47.781 1842 RALLYDEBUG rally.task.runner [-] Starting the constant runner (task UUID: 5836c755-2f13-426a-9895-4b618997a64f). timeout: 0 concurrency: 4 concurrency_per_worker: 1 times: 10 concurrency_overhead: 0 processes_to_start: 4 max_cpu_used: 16
2019-07-26 19:12:47.795 2598 RALLYDEBUG rally.task.runner [-] Starting a worker. concurrency: 1 args: {"detailed": true, "size": 1} times: 10 method_name: run timeout: 0 duration: None cls:
2019-07-26 19:12:47.797 2599 RALLYDEBUG rally.task.runner [-] Starting a worker. concurrency: 1 args: {"detailed": true, "size": 1} times: 10 method_name: run timeout: 0 duration: None cls:
2019-07-26 19:12:47.800 2600 RALLYDEBUG rally.task.runner [-] Starting a worker. concurrency: 1 args: {"detailed": true, "size": 1} times: 10 method_name: run timeout: 0 duration: None cls:
2019-07-26 19:12:47.802 2598 INFO rally.task.runner [-] Task 5836c755-2f13-426a-9895-4b618997a64f | ITER: 1 START
2019-07-26 19:12:47.803 2601 RALLYDEBUG rally.task.runner [-] Starting a worker. concurrency: 1 args: {"detailed": true, "size": 1} times: 10 method_name: run timeout: 0 duration: None cls:
2019-07-26 19:12:47.805 2599 INFO rally.task.runner [-] Task 5836c755-2f13-426a-9895-4b618997a64f | ITER: 2 START
2019-07-26 19:12:47.808 2600 INFO rally.task.runner [-] Task 5836c755-2f13-426a-9895-4b618997a64f | ITER: 3 START
2019-07-26 19:12:47.810 2601 INFO rally.task.runner [-] Task 5836c755-2f13-426a-9895-4b618997a64f | ITER: 4 START
2019-07-26 19:12:51.643 2601 INFO rally.task.runner [-] Task 5836c755-2f13-426a-9895-4b618997a64f | ITER: 4 END: OK
2019-07-26 19:12:51.648 2601 INFO rally.task.runner [-] Task 5836c755-2f13-426a-9895-4b618997a64f | ITER: 5 START
2019-07-26 19:12:51.765 2598 INFO rally.task.runner [-] Task 5836c755-2f13-426a-9895-4b618997a64f | ITER: 1 END: OK
2019-07-26 19:12:51.771 2598 INFO rally.task.runner [-] Task 5836c755-2f13-426a-9895-4b618997a64f | ITER: 6 START
2019-07-26 19:12:51.903 2599 INFO rally.task.runner [-] Task 5836c755-2f13-426a-9895-4b618997a64f | ITER: 2 END: OK
2019-07-26 19:12:51.908 2599 INFO rally.task.runner [-] Task 5836c755-2f13-426a-9895-4b618997a64f | ITER: 7 START
2019-07-26 19:12:52.081 2600 INFO rally.task.runner [-] Task 5836c755-2f13-426a-9895-4b618997a64f | ITER: 3 END: OK
2019-07-26 19:12:52.086 2600 INFO rally.task.runner [-] Task 5836c755-2f13-426a-9895-4b618997a64f | ITER: 8 START
2019-07-26 19:12:55.515 2601 INFO rally.task.runner [-] Task 5836c755-2f13-426a-9895-4b618997a64f | ITER: 5 END: OK
2019-07-26 19:12:55.520 2601 INFO rally.task.runner [-] Task 5836c755-2f13-426a-9895-4b618997a64f | ITER: 9 START
2019-07-26 19:12:55.837 2600 INFO rally.task.runner [-] Task 5836c755-2f13-426a-9895-4b618997a64f | ITER: 8 END: OK
2019-07-26 19:12:55.841 2600 INFO rally.task.runner [-] Task 5836c755-2f13-426a-9895-4b618997a64f | ITER: 10 START
2019-07-26 19:12:55.886 2599 INFO rally.task.runner [-] Task 5836c755-2f13-426a-9895-4b618997a64f | ITER: 7 END: OK
2019-07-26 19:12:55.962 2598 INFO rally.task.runner [-] Task 5836c755-2f13-426a-9895-4b618997a64f | ITER: 6 END: OK
2019-07-26 19:12:59.568 2601 INFO rally.task.runner [-] Task 5836c755-2f13-426a-9895-4b618997a64f | ITER: 9 END: OK
2019-07-26 19:12:59.900 2600 INFO rally.task.runner [-] Task 5836c755-2f13-426a-9895-4b618997a64f | ITER: 10 END: OK
2019-07-26 19:12:59.922 1842 INFO rally.task.context [-] Task 5836c755-2f13-426a-9895-4b618997a64f | Context cleanup@openstack cleanup() started
2019-07-26 19:12:59.924 1842 RALLYDEBUG rally_openstack.cleanup.manager [-] Cleaning up cinder backups objects
2019-07-26 19:13:02.151 1842 RALLYDEBUG rally_openstack.cleanup.manager [-] Cleaning up cinder volume_snapshots objects
2019-07-26 19:13:04.311 1842 RALLYDEBUG rally_openstack.cleanup.manager [-] Cleaning up cinder transfers objects
2019-07-26 19:13:06.394 1842 RALLYDEBUG rally_openstack.cleanup.manager [-] Cleaning up cinder volumes objects
2019-07-26 19:13:08.794 1842 RALLYDEBUG rally_openstack.cleanup.manager [-] Deleting cinder.volumes object s_rally_e18b59af_tKN1I8d9 (c1b27d67-cefc-41b6-b95c-5a2109697986)
2019-07-26 19:13:08.795 1842 RALLYDEBUG rally_openstack.cleanup.manager [-] Deleting cinder.volumes object s_rally_e18b59af_ocUZhRpV (18327fd1-d3ce-43c3-aed5-1f8310396371)
2019-07-26 19:13:08.806 1842 RALLYDEBUG rally_openstack.cleanup.manager [-] Deleting cinder.volumes object s_rally_e18b59af_UwXSdosQ (20e0eaff-aa6d-4bd3-8d2f-073baa71d36d)
2019-07-26 19:13:08.809 1842 RALLYDEBUG rally_openstack.cleanup.manager [-] Deleting cinder.volumes object s_rally_e18b59af_EUgIRHZp (dfd9a52e-a092-408e-be92-9b5c25539410)
2019-07-26 19:13:08.814 1842 RALLYDEBUG rally_openstack.cleanup.manager [-] Deleting cinder.volumes object s_rally_e18b59af_IU5uHVgB (026ca721-82ac-4e82-8748-6b73b814fda5)
2019-07-26 19:13:08.826 1842 RALLYDEBUG rally_openstack.cleanup.manager [-] Deleting cinder.volumes object s_rally_e18b59af_IhdiDTFB (0300f286-dc0a-46e9-8721-b78b18ad03b5)
2019-07-26 19:13:08.826 1842 RALLYDEBUG rally_openstack.cleanup.manager [-] Deleting cinder.volumes object s_rally_e18b59af_3cA2oT6g (f1388aa1-9a34-48da-92a2-5e99900dcf02)
2019-07-26 19:13:08.828 1842 RALLYDEBUG rally_openstack.cleanup.manager [-] Deleting cinder.volumes object s_rally_e18b59af_Gg2sJbZj (e42507e3-13b5-4fd9-80d5-7ad6e0a3ae96)
2019-07-26 19:13:08.841 1842 RALLYDEBUG rally_openstack.cleanup.manager [-] Deleting cinder.volumes object s_rally_e18b59af_5vjT3w0N (62345d9c-d7b0-4a8c-9ce0-7d1d9fb9d7ee)
2019-07-26 19:13:08.842 1842 RALLYDEBUG rally_openstack.cleanup.manager [-] Deleting cinder.volumes object s_rally_e18b59af_FMl8QjDm (f3096524-fab9-4029-883f-7dedad77b4cd)
2019-07-26 19:13:12.795 1842 INFO rally.task.context [-] Task 5836c755-2f13-426a-9895-4b618997a64f | Context cleanup@openstack cleanup() finished in 12.87 sec
2019-07-26 19:13:12.795 1842 INFO rally.task.context [-] Task 5836c755-2f13-426a-9895-4b618997a64f | Context quotas@openstack cleanup() started
2019-07-26 19:13:13.517 1842 INFO rally.task.context [-] Task 5836c755-2f13-426a-9895-4b618997a64f | Context quotas@openstack cleanup() finished in 0.72 sec
2019-07-26 19:13:13.518 1842 INFO rally.task.context [-] Task 5836c755-2f13-426a-9895-4b618997a64f | Context api_versions@openstack cleanup() started
2019-07-26 19:13:13.518 1842 INFO rally.task.context [-] Task 5836c755-2f13-426a-9895-4b618997a64f | Context api_versions@openstack cleanup() finished in 0.32 msec
2019-07-26 19:13:13.518 1842 INFO rally.task.context [-] Task 5836c755-2f13-426a-9895-4b618997a64f | Context users@openstack cleanup() started
2019-07-26 19:13:21.567 1842 INFO rally.task.context [-] Task 5836c755-2f13-426a-9895-4b618997a64f | Context users@openstack cleanup() finished in 8.05 sec
2019-07-26 19:13:23.183 1842 INFO rally.task.engine [-] Load duration is: 12.093998
2019-07-26 19:13:23.183 1842 INFO rally.task.engine [-] Full runner duration is: 12.14068
2019-07-26 19:13:23.183 1842 INFO rally.task.engine [-] Full duration is: 40.578619
2019-07-26 19:13:23.371 1842 INFO rally.task.engine [-] Running workload: position = 0 config = { "version": 2, "title": "A cropped version of a bigger task.", "description": "Auto-generated task from a single workload (uuid=9e24c267-212e-47a4-993f-bd52db1df603)", "subtasks": [ { "title": "CinderVolumes.create_and_upload_volume_to_image", "description": "Create and upload a volume to image.", "scenario": { "CinderVolumes.create_and_upload_volume_to_image": { "container_format": "bare", "disk_format": "raw", "do_delete": true, "force": false, "size": 1 } }, "contexts": { "users": { "tenants": 3, "users_per_tenant": 2 }, "quotas": { "cinder": { "gigabytes": -1, "snapshots": -1, "volumes": -1 } }, "api_versions": { "cinder": { "version": 3, "service_type": "volumev3" } } }, "runner": { "constant": { "concurrency": 4, "times": 10 } }, "hooks": [], "sla": { "failure_rate": { "max": 0 } } } ] }
2019-07-26 19:13:23.393 1842 RALLYDEBUG rally_openstack.contexts.keystone.users [-] Creating 3 tenants using 20 threads
2019-07-26 19:13:25.358 1842 RALLYDEBUG rally_openstack.contexts.keystone.users [-] Creating 6 users using 20 threads
2019-07-26 19:13:28.210 1842 INFO rally.task.context [-] Task 5836c755-2f13-426a-9895-4b618997a64f | Context users@openstack setup() finished in 4.82 sec
2019-07-26 19:13:28.640 1842 INFO rally.task.context [-] Task 5836c755-2f13-426a-9895-4b618997a64f | Context api_versions@openstack setup() finished in 0.43 sec
2019-07-26 19:13:30.298 1842 INFO rally.task.context [-] Task 5836c755-2f13-426a-9895-4b618997a64f | Context quotas@openstack setup() finished in 1.66 sec
2019-07-26 19:13:30.299 1842 INFO rally.task.context [-] Task 5836c755-2f13-426a-9895-4b618997a64f | Context cleanup@openstack setup() finished in 0.01 msec
2019-07-26 19:13:30.308 1842 RALLYDEBUG rally.task.runner [-] Starting the constant runner (task UUID: 5836c755-2f13-426a-9895-4b618997a64f). timeout: 0 concurrency: 4 concurrency_per_worker: 1 times: 10 concurrency_overhead: 0 processes_to_start: 4 max_cpu_used: 16
2019-07-26 19:13:30.321 2782 RALLYDEBUG rally.task.runner [-] Starting a worker. concurrency: 1 args: {"container_format": "bare", "disk_format": "raw", "do_delete": true, "force": false, "size": 1} times: 10 method_name: run timeout: 0 duration: None cls:
2019-07-26 19:13:30.324 2783 RALLYDEBUG rally.task.runner [-] Starting a worker. concurrency: 1 args: {"container_format": "bare", "disk_format": "raw", "do_delete": true, "force": false, "size": 1} times: 10 method_name: run timeout: 0 duration: None cls:
2019-07-26 19:13:30.327 2784 RALLYDEBUG rally.task.runner [-] Starting a worker. concurrency: 1 args: {"container_format": "bare", "disk_format": "raw", "do_delete": true, "force": false, "size": 1} times: 10 method_name: run timeout: 0 duration: None cls:
2019-07-26 19:13:30.329 2782 INFO rally.task.runner [-] Task 5836c755-2f13-426a-9895-4b618997a64f | ITER: 1 START
2019-07-26 19:13:30.329 2785 RALLYDEBUG rally.task.runner [-] Starting a worker. concurrency: 1 args: {"container_format": "bare", "disk_format": "raw", "do_delete": true, "force": false, "size": 1} times: 10 method_name: run timeout: 0 duration: None cls:
2019-07-26 19:13:30.332 2783 INFO rally.task.runner [-] Task 5836c755-2f13-426a-9895-4b618997a64f | ITER: 2 START
2019-07-26 19:13:30.336 2784 INFO rally.task.runner [-] Task 5836c755-2f13-426a-9895-4b618997a64f | ITER: 3 START
2019-07-26 19:13:30.337 2785 INFO rally.task.runner [-] Task 5836c755-2f13-426a-9895-4b618997a64f | ITER: 4 START
2019-07-26 19:13:35.453 2784 RALLYDEBUG rally.task.utils [-] Waiting for resource s_rally_9e24c267_jQN1lJMF. Status changed: AVAILABLE => UPLOADING in 0.0622088909149
2019-07-26 19:13:35.713 2782 RALLYDEBUG rally.task.utils [-] Waiting for resource s_rally_9e24c267_U6AsP1UK. Status changed: AVAILABLE => UPLOADING in 0.0597429275513
2019-07-26 19:13:35.913 2783 RALLYDEBUG rally.task.utils [-] Waiting for resource s_rally_9e24c267_HEuD8Ysx. Status changed: AVAILABLE => UPLOADING in 0.249577999115
2019-07-26 19:13:36.139 2785 RALLYDEBUG rally.task.utils [-] Waiting for resource s_rally_9e24c267_DrOCDbFU. Status changed: AVAILABLE => UPLOADING in 0.443851947784
2019-07-26 19:14:23.984 2785 RALLYDEBUG rally.task.utils [-] Waiting for resource s_rally_9e24c267_DrOCDbFU. Status changed: UPLOADING => AVAILABLE in 47.8449430466
2019-07-26 19:14:24.809 2784 RALLYDEBUG rally.task.utils [-] Waiting for resource s_rally_9e24c267_jQN1lJMF. Status changed: UPLOADING => AVAILABLE in 49.3559200764
2019-07-26 19:14:24.894 2785 RALLYDEBUG rally.task.utils [-] Waiting for resource s_rally_9e24c267_DrOCDbFU. Status changed: AVAILABLE => DELETING in 0.210954904556
2019-07-26 19:14:25.208 2782 RALLYDEBUG rally.task.utils [-] Waiting for resource s_rally_9e24c267_U6AsP1UK. Status changed: UPLOADING => AVAILABLE in 49.4954140186
2019-07-26 19:14:25.296 2783 RALLYDEBUG rally.task.utils [-] Waiting for resource s_rally_9e24c267_HEuD8Ysx. Status changed: UPLOADING => AVAILABLE in 49.3832719326
2019-07-26 19:14:26.198 2782 RALLYDEBUG rally.task.utils [-] Waiting for resource s_rally_9e24c267_U6AsP1UK. Status changed: AVAILABLE => DELETING in 0.0538589954376
2019-07-26 19:14:26.574 2784 INFO rally.task.runner [-] Task 5836c755-2f13-426a-9895-4b618997a64f | ITER: 3 END: OK
2019-07-26 19:14:26.584 2784 INFO rally.task.runner [-] Task 5836c755-2f13-426a-9895-4b618997a64f | ITER: 5 START
2019-07-26 19:14:27.688 2785 INFO rally.task.runner [-] Task 5836c755-2f13-426a-9895-4b618997a64f | ITER: 4 END: OK
2019-07-26 19:14:27.695 2785 INFO rally.task.runner [-] Task 5836c755-2f13-426a-9895-4b618997a64f | ITER: 6 START
2019-07-26 19:14:27.700 2783 INFO rally.task.runner [-] Task 5836c755-2f13-426a-9895-4b618997a64f | ITER: 2 END: OK
2019-07-26 19:14:27.706 2783 INFO rally.task.runner [-] Task 5836c755-2f13-426a-9895-4b618997a64f | ITER: 7 START
2019-07-26 19:14:28.765 2782 INFO rally.task.runner [-] Task 5836c755-2f13-426a-9895-4b618997a64f | ITER: 1 END: OK
2019-07-26 19:14:28.772 2782 INFO rally.task.runner [-] Task 5836c755-2f13-426a-9895-4b618997a64f | ITER: 8 START
2019-07-26 19:14:32.529 2784 RALLYDEBUG rally.task.utils [-] Waiting for resource s_rally_9e24c267_ptNUkY3x. Status changed: AVAILABLE => UPLOADING in 0.331984996796
2019-07-26 19:14:33.232 2783 RALLYDEBUG rally.task.utils [-] Waiting for resource s_rally_9e24c267_Vex3zFrd. Status changed: AVAILABLE => UPLOADING in 0.326795101166
2019-07-26 19:14:33.296 2785 RALLYDEBUG rally.task.utils [-] Waiting for resource s_rally_9e24c267_cuu7209G. Status changed: AVAILABLE => UPLOADING in 0.351851940155
2019-07-26 19:14:34.539 2782 RALLYDEBUG rally.task.utils [-] Waiting for resource s_rally_9e24c267_okZsMJpo. Status changed: AVAILABLE => UPLOADING in 0.316422939301
2019-07-26 19:15:20.764 2784 RALLYDEBUG rally.task.utils [-] Waiting for resource s_rally_9e24c267_ptNUkY3x. Status changed: UPLOADING => AVAILABLE in 48.2357618809
2019-07-26 19:15:21.744 2785 RALLYDEBUG rally.task.utils [-] Waiting for resource s_rally_9e24c267_cuu7209G. Status changed: UPLOADING => AVAILABLE in 48.44759202
2019-07-26 19:15:21.886 2784 RALLYDEBUG rally.task.utils [-] Waiting for resource s_rally_9e24c267_ptNUkY3x. Status changed: AVAILABLE => DELETING in 0.0586059093475
2019-07-26 19:15:22.379 2782 RALLYDEBUG rally.task.utils [-] Waiting for resource s_rally_9e24c267_okZsMJpo. Status changed: UPLOADING => AVAILABLE in 47.8400771618
2019-07-26 19:15:23.050 2783 RALLYDEBUG rally.task.utils [-] Waiting for resource s_rally_9e24c267_Vex3zFrd. Status changed: UPLOADING => AVAILABLE in 49.8171908855
2019-07-26 19:15:23.093 2785 RALLYDEBUG rally.task.utils [-] Waiting for resource s_rally_9e24c267_cuu7209G. Status changed: AVAILABLE => DELETING in 0.0513119697571
2019-07-26 19:15:24.659 2782 INFO rally.task.runner [-] Task 5836c755-2f13-426a-9895-4b618997a64f | ITER: 8 END: OK
2019-07-26 19:15:24.664 2782 INFO rally.task.runner [-] Task 5836c755-2f13-426a-9895-4b618997a64f | ITER: 9 START
2019-07-26 19:15:24.670 2783 INFO rally.task.runner [-] Task 5836c755-2f13-426a-9895-4b618997a64f | ITER: 7 END: OK
2019-07-26 19:15:24.676 2783 INFO rally.task.runner [-] Task 5836c755-2f13-426a-9895-4b618997a64f | ITER: 10 START
2019-07-26 19:15:25.681 2784 INFO rally.task.runner [-] Task 5836c755-2f13-426a-9895-4b618997a64f | ITER: 5 END: OK
2019-07-26 19:15:26.831 2785 INFO rally.task.runner [-] Task 5836c755-2f13-426a-9895-4b618997a64f | ITER: 6 END: OK
2019-07-26 19:15:30.254 2783 RALLYDEBUG rally.task.utils [-] Waiting for resource s_rally_9e24c267_UsY5SAVD. Status changed: AVAILABLE => UPLOADING in 0.323262929916
2019-07-26 19:15:30.459 2782 RALLYDEBUG rally.task.utils [-] Waiting for resource s_rally_9e24c267_tm1LXqZt. Status changed: AVAILABLE => UPLOADING in 0.238790035248
2019-07-26 19:16:01.943 2782 RALLYDEBUG rally.task.utils [-] Waiting for resource s_rally_9e24c267_tm1LXqZt. Status changed: UPLOADING => AVAILABLE in 31.4849028587
2019-07-26 19:16:02.082 2783 RALLYDEBUG rally.task.utils [-] Waiting for resource s_rally_9e24c267_UsY5SAVD. Status changed: UPLOADING => AVAILABLE in 31.82782197
2019-07-26 19:16:02.549 2783 RALLYDEBUG rally.task.utils [-] Waiting for resource s_rally_9e24c267_UsY5SAVD. Status changed: AVAILABLE => DELETING in 0.057107925415
2019-07-26 19:16:02.989 2782 RALLYDEBUG rally.task.utils [-] Waiting for resource s_rally_9e24c267_tm1LXqZt. Status changed: AVAILABLE => DELETING in 0.0536251068115
2019-07-26 19:16:05.388 2783 INFO rally.task.runner [-] Task 5836c755-2f13-426a-9895-4b618997a64f | ITER: 10 END: OK
2019-07-26 19:16:06.460 2782 INFO rally.task.runner [-] Task 5836c755-2f13-426a-9895-4b618997a64f | ITER: 9 END: OK
2019-07-26 19:16:06.490 1842 INFO rally.task.context [-] Task 5836c755-2f13-426a-9895-4b618997a64f | Context cleanup@openstack cleanup() started
2019-07-26 19:16:06.492 1842 RALLYDEBUG rally_openstack.cleanup.manager [-] Cleaning up cinder backups objects
2019-07-26 19:16:08.713 1842 RALLYDEBUG rally_openstack.cleanup.manager [-] Cleaning up cinder volume_snapshots objects
2019-07-26 19:16:10.997 1842 RALLYDEBUG rally_openstack.cleanup.manager [-] Cleaning up cinder transfers objects
2019-07-26 19:16:13.116 1842 RALLYDEBUG rally_openstack.cleanup.manager [-] Cleaning up cinder volumes objects
2019-07-26 19:16:15.477 1842 RALLYDEBUG rally_openstack.cleanup.manager [-] Cleaning up glance images objects
2019-07-26 19:16:18.780 1842 INFO rally.task.context [-] Task 5836c755-2f13-426a-9895-4b618997a64f | Context cleanup@openstack cleanup() finished in 12.29 sec
2019-07-26 19:16:18.781 1842 INFO rally.task.context [-] Task 5836c755-2f13-426a-9895-4b618997a64f | Context quotas@openstack cleanup() started
2019-07-26 19:16:19.692 1842 INFO rally.task.context [-] Task 5836c755-2f13-426a-9895-4b618997a64f | Context quotas@openstack cleanup() finished in 0.91 sec
2019-07-26 19:16:19.693 1842 INFO rally.task.context [-] Task 5836c755-2f13-426a-9895-4b618997a64f | Context api_versions@openstack cleanup() started
2019-07-26 19:16:19.693 1842 INFO rally.task.context [-] Task 5836c755-2f13-426a-9895-4b618997a64f | Context api_versions@openstack cleanup() finished in 0.31 msec
2019-07-26 19:16:19.693 1842 INFO rally.task.context [-] Task 5836c755-2f13-426a-9895-4b618997a64f | Context users@openstack cleanup() started
2019-07-26 19:16:28.113 1842 INFO rally.task.context [-] Task 5836c755-2f13-426a-9895-4b618997a64f | Context users@openstack cleanup() finished in 8.42 sec
2019-07-26 19:16:30.075 1842 INFO rally.task.engine [-] Load duration is: 155.258715
2019-07-26 19:16:30.075 1842 INFO rally.task.engine [-] Full runner duration is: 156.181762
2019-07-26 19:16:30.075 1842 INFO rally.task.engine [-] Full duration is: 184.725427
2019-07-26 19:16:30.314 1842 INFO rally.task.engine [-] Running workload: position = 0 config = { "version": 2, "title": "A cropped version of a bigger task.", "description": "Auto-generated task from a single workload (uuid=9b202428-1699-4b10-802c-d1ad44be3440)", "subtasks": [ { "title": "CinderVolumes.create_nested_snapshots_and_attach_volume", "description": "Create a volume from snapshot and attach/detach the volume", "scenario": { "CinderVolumes.create_nested_snapshots_and_attach_volume": { "flavor": { "name": "rally_full-flavor_69c70ed9-e367-47ee-8fdb-e5d9c6909511" }, "image": { "name": "rally_full-img_69c70ed9-e367-47ee-8fdb-e5d9c6909511" }, "nested_level": 1, "size": { "max": 1, "min": 1 }, "create_vm_params": { "nics": [ { "net-id": "6e4c90fc-0cd2-489f-afe1-26a28243fb0e" } ] } } }, "contexts": { "users": { "tenants": 3, "users_per_tenant": 2 }, "quotas": { "cinder": { "gigabytes": -1, "snapshots": -1, "volumes": -1 } }, "api_versions": { "cinder": { "version": 3, "service_type": "volumev3" } } }, "runner": { "constant": { "concurrency": 4, "times": 10 } }, "hooks": [], "sla": { "failure_rate": { "max": 0 } } } ] }
2019-07-26 19:16:30.338 1842 RALLYDEBUG rally_openstack.contexts.keystone.users [-] Creating 3 tenants using 20 threads
2019-07-26 19:16:32.317 1842 RALLYDEBUG rally_openstack.contexts.keystone.users [-] Creating 6 users using 20 threads
2019-07-26 19:16:35.221 1842 INFO rally.task.context [-] Task 5836c755-2f13-426a-9895-4b618997a64f | Context users@openstack setup() finished in 4.88 sec
2019-07-26 19:16:35.645 1842 INFO rally.task.context [-] Task 5836c755-2f13-426a-9895-4b618997a64f | Context api_versions@openstack setup() finished in 0.42 sec
2019-07-26 19:16:37.394 1842 INFO rally.task.context [-] Task 5836c755-2f13-426a-9895-4b618997a64f | Context quotas@openstack setup() finished in 1.75 sec
2019-07-26 19:16:37.394 1842 INFO rally.task.context [-] Task 5836c755-2f13-426a-9895-4b618997a64f | Context cleanup@openstack setup() finished in 0.00 msec
2019-07-26 19:16:38.892 1842 DEBUG novaclient.v2.client [-] REQ: curl -g -i -X GET http://172.30.9.29:8774/v2.1/flavors/detail -H "Accept: application/json" -H "User-Agent: python-novaclient" -H "X-Auth-Token: {SHA1}978ba913d35768e52be7e7cfb7664eb2d9d0dac8" _http_log_request /usr/lib/python2.7/site-packages/keystoneauth1/session.py:448
2019-07-26 19:16:39.199 1842 DEBUG novaclient.v2.client [-] RESP: [200] Content-Encoding: gzip Content-Length: 364 Content-Type: application/json Date: Fri, 26 Jul 2019 19:16:38 GMT OpenStack-API-Version: compute 2.1 Server: Apache Vary: OpenStack-API-Version,X-OpenStack-Nova-API-Version,Accept-Encoding X-OpenStack-Nova-API-Version: 2.1 x-compute-request-id: req-f6db7a3f-2e49-47f6-b442-9d71d907e149 x-openstack-request-id: req-f6db7a3f-2e49-47f6-b442-9d71d907e149 _http_log_response /usr/lib/python2.7/site-packages/keystoneauth1/session.py:479
2019-07-26 19:16:39.199 1842 DEBUG novaclient.v2.client [-] RESP BODY: {"flavors": [{"name": "rally_full-flavor_69c70ed9-e367-47ee-8fdb-e5d9c6909511", "links": [{"href": "http://172.30.9.29:8774/v2.1/flavors/03200362-707e-4b76-b640-14a02d29defb", "rel": "self"}, {"href": "http://172.30.9.29:8774/flavors/03200362-707e-4b76-b640-14a02d29defb", "rel": "bookmark"}], "ram": 512, "OS-FLV-DISABLED:disabled": false, "vcpus": 1, "swap": "", "os-flavor-access:is_public": true, "rxtx_factor": 1.0, "OS-FLV-EXT-DATA:ephemeral": 0, "disk": 1, "id": "03200362-707e-4b76-b640-14a02d29defb"}, {"name": "rally_full-flavor_alt_69c70ed9-e367-47ee-8fdb-e5d9c6909511", "links": [{"href": "http://172.30.9.29:8774/v2.1/flavors/3a23e566-04bc-4cd7-b737-4f7ade348962", "rel": "self"}, {"href": "http://172.30.9.29:8774/flavors/3a23e566-04bc-4cd7-b737-4f7ade348962", "rel": "bookmark"}], "ram": 1024, "OS-FLV-DISABLED:disabled": false, "vcpus": 1, "swap": "", "os-flavor-access:is_public": true, "rxtx_factor": 1.0, "OS-FLV-EXT-DATA:ephemeral": 0, "disk": 1, "id": "3a23e566-04bc-4cd7-b737-4f7ade348962"}]} _http_log_response /usr/lib/python2.7/site-packages/keystoneauth1/session.py:511
2019-07-26 19:16:39.200 1842 DEBUG novaclient.v2.client [-] GET call to compute for http://172.30.9.29:8774/v2.1/flavors/detail used request id req-f6db7a3f-2e49-47f6-b442-9d71d907e149 request /usr/lib/python2.7/site-packages/keystoneauth1/session.py:844
2019-07-26 19:16:39.201 1842 RALLYDEBUG rally.task.runner [-] Starting the constant runner (task UUID: 5836c755-2f13-426a-9895-4b618997a64f). timeout: 0 concurrency: 4 concurrency_per_worker: 1 times: 10 concurrency_overhead: 0 processes_to_start: 4 max_cpu_used: 16
2019-07-26 19:16:39.215 2986 RALLYDEBUG rally.task.runner [-] Starting a worker. concurrency: 1 args: {"flavor": "03200362-707e-4b76-b640-14a02d29defb", "image": "6c6abc93-e436-4948-b207-27cf7764a199", "nested_level": 1, "size": {"max": 1, "min": 1}, "create_vm_params": {"nics": [{"net-id": "6e4c90fc-0cd2-489f-afe1-26a28243fb0e"}]}} times: 10 method_name: run timeout: 0 duration: None cls:
2019-07-26 19:16:39.217 2987 RALLYDEBUG rally.task.runner [-] Starting a worker. concurrency: 1 args: {"flavor": "03200362-707e-4b76-b640-14a02d29defb", "image": "6c6abc93-e436-4948-b207-27cf7764a199", "nested_level": 1, "size": {"max": 1, "min": 1}, "create_vm_params": {"nics": [{"net-id": "6e4c90fc-0cd2-489f-afe1-26a28243fb0e"}]}} times: 10 method_name: run timeout: 0 duration: None cls:
2019-07-26 19:16:39.221 2988 RALLYDEBUG rally.task.runner [-] Starting a worker. concurrency: 1 args: {"flavor": "03200362-707e-4b76-b640-14a02d29defb", "image": "6c6abc93-e436-4948-b207-27cf7764a199", "nested_level": 1, "size": {"max": 1, "min": 1}, "create_vm_params": {"nics": [{"net-id": "6e4c90fc-0cd2-489f-afe1-26a28243fb0e"}]}} times: 10 method_name: run timeout: 0 duration: None cls:
2019-07-26 19:16:39.223 2986 INFO rally.task.runner [-] Task 5836c755-2f13-426a-9895-4b618997a64f | ITER: 1 START
2019-07-26 19:16:39.224 2989 RALLYDEBUG rally.task.runner [-] Starting a worker. concurrency: 1 args: {"flavor": "03200362-707e-4b76-b640-14a02d29defb", "image": "6c6abc93-e436-4948-b207-27cf7764a199", "nested_level": 1, "size": {"max": 1, "min": 1}, "create_vm_params": {"nics": [{"net-id": "6e4c90fc-0cd2-489f-afe1-26a28243fb0e"}]}} times: 10 method_name: run timeout: 0 duration: None cls:
2019-07-26 19:16:39.226 2987 INFO rally.task.runner [-] Task 5836c755-2f13-426a-9895-4b618997a64f | ITER: 2 START
2019-07-26 19:16:39.232 2989 INFO rally.task.runner [-] Task 5836c755-2f13-426a-9895-4b618997a64f | ITER: 4 START
2019-07-26 19:16:39.232 2988 INFO rally.task.runner [-] Task 5836c755-2f13-426a-9895-4b618997a64f | ITER: 3 START
2019-07-26 19:16:39.673 2988 DEBUG novaclient.v2.client [-] REQ: curl -g -i -X POST http://172.30.9.29:8774/v2.1/servers -H "Accept: application/json" -H "Content-Type: application/json" -H "User-Agent: python-novaclient" -H "X-Auth-Token: {SHA1}053d97f620f722def2ad15993b9288a567aad0ad" -d '{"server": {"name": "s_rally_9b202428_BfcWTNmO", "imageRef": "6c6abc93-e436-4948-b207-27cf7764a199", "flavorRef": "03200362-707e-4b76-b640-14a02d29defb", "max_count": 1, "min_count": 1, "networks": [{"uuid": "6e4c90fc-0cd2-489f-afe1-26a28243fb0e"}]}}' _http_log_request /usr/lib/python2.7/site-packages/keystoneauth1/session.py:448
2019-07-26 19:16:39.686 2986 DEBUG novaclient.v2.client [-] REQ: curl -g -i -X POST http://172.30.9.29:8774/v2.1/servers -H "Accept: application/json" -H "Content-Type: application/json" -H "User-Agent: python-novaclient" -H "X-Auth-Token: {SHA1}bbb20486cfc7bc1761f3c1dc282fdea8109acbef" -d '{"server": {"name": "s_rally_9b202428_POhGtpcI", "imageRef": "6c6abc93-e436-4948-b207-27cf7764a199", "flavorRef": "03200362-707e-4b76-b640-14a02d29defb", "max_count": 1, "min_count": 1, "networks": [{"uuid": "6e4c90fc-0cd2-489f-afe1-26a28243fb0e"}]}}' _http_log_request /usr/lib/python2.7/site-packages/keystoneauth1/session.py:448
2019-07-26 19:16:39.768 2987 DEBUG novaclient.v2.client [-] REQ: curl -g -i -X POST http://172.30.9.29:8774/v2.1/servers -H "Accept: application/json" -H "Content-Type: application/json" -H "User-Agent: python-novaclient" -H "X-Auth-Token: {SHA1}85766d5cd3d3374da46a38aa11aac14ead83d57f" -d '{"server": {"name": "s_rally_9b202428_ZqzaF5LQ", "imageRef": "6c6abc93-e436-4948-b207-27cf7764a199", "flavorRef": "03200362-707e-4b76-b640-14a02d29defb", "max_count": 1, "min_count": 1, "networks": [{"uuid": "6e4c90fc-0cd2-489f-afe1-26a28243fb0e"}]}}' _http_log_request /usr/lib/python2.7/site-packages/keystoneauth1/session.py:448
2019-07-26 19:16:39.816 2989 DEBUG novaclient.v2.client [-] REQ: curl -g -i -X POST http://172.30.9.29:8774/v2.1/servers -H "Accept: application/json" -H "Content-Type: application/json" -H "User-Agent: python-novaclient" -H "X-Auth-Token: {SHA1}ceb914eba9841468e781e7b8236a111796a973f2" -d '{"server": {"name": "s_rally_9b202428_VGfOSGHo", "imageRef": "6c6abc93-e436-4948-b207-27cf7764a199", "flavorRef": "03200362-707e-4b76-b640-14a02d29defb", "max_count": 1, "min_count": 1, "networks": [{"uuid": "6e4c90fc-0cd2-489f-afe1-26a28243fb0e"}]}}' _http_log_request /usr/lib/python2.7/site-packages/keystoneauth1/session.py:448
2019-07-26 19:16:43.624 2986 DEBUG novaclient.v2.client [-] RESP: [202] Content-Length: 374 Content-Type: application/json Date: Fri, 26 Jul 2019 19:16:39 GMT OpenStack-API-Version: compute 2.1 Server: Apache Vary: OpenStack-API-Version,X-OpenStack-Nova-API-Version X-OpenStack-Nova-API-Version: 2.1 location: http://172.30.9.29:8774/v2.1/servers/6ccaf727-5eb9-4b30-a9aa-1277fa252ce0 x-compute-request-id: req-d45ca107-c8e1-4adb-b571-3d0beb91e9a5 x-openstack-request-id: req-d45ca107-c8e1-4adb-b571-3d0beb91e9a5 _http_log_response /usr/lib/python2.7/site-packages/keystoneauth1/session.py:479
2019-07-26 19:16:43.625 2986 DEBUG novaclient.v2.client [-] RESP BODY: {"server": {"security_groups": [{"name": "default"}], "OS-DCF:diskConfig": "MANUAL", "id": "6ccaf727-5eb9-4b30-a9aa-1277fa252ce0", "links": [{"href": "http://172.30.9.29:8774/v2.1/servers/6ccaf727-5eb9-4b30-a9aa-1277fa252ce0", "rel": "self"}, {"href": "http://172.30.9.29:8774/servers/6ccaf727-5eb9-4b30-a9aa-1277fa252ce0", "rel": "bookmark"}], "adminPass": "mUT3nqG9Ckwa"}} _http_log_response /usr/lib/python2.7/site-packages/keystoneauth1/session.py:511
2019-07-26 19:16:43.626 2986 DEBUG novaclient.v2.client [-] POST call to compute for http://172.30.9.29:8774/v2.1/servers used request id req-d45ca107-c8e1-4adb-b571-3d0beb91e9a5 request /usr/lib/python2.7/site-packages/keystoneauth1/session.py:844
2019-07-26 19:16:43.778 2988 DEBUG novaclient.v2.client [-] RESP: [202] Content-Length: 374 Content-Type: application/json Date: Fri, 26 Jul 2019 19:16:39 GMT OpenStack-API-Version: compute 2.1 Server: Apache Vary: OpenStack-API-Version,X-OpenStack-Nova-API-Version X-OpenStack-Nova-API-Version: 2.1 location: http://172.30.9.29:8774/v2.1/servers/f08b32cc-d10e-4fe9-8075-8b0727a5a4de x-compute-request-id: req-c7480f73-cd85-44fd-b4e9-a538d65aaaab x-openstack-request-id: req-c7480f73-cd85-44fd-b4e9-a538d65aaaab _http_log_response /usr/lib/python2.7/site-packages/keystoneauth1/session.py:479
