2019-07-26 18:58:14.321 7 RALLYDEBUG rally.api [-] INFO logs from urllib3 and requests module are hide.
2019-07-26 18:58:14.321 7 RALLYDEBUG rally.api [-] urllib3 insecure warnings are hidden.
2019-07-26 18:58:14.321 7 RALLYDEBUG rally.api [-] ERROR log from boto module is hide.
2019-07-26 18:58:15.567 7 ERROR rally.cli.cliutils [-] Unexpected exception in CLI: DBRecordNotFound: Record for uuid or name is opnfv-rally not found in table envs
2019-07-26 18:58:15.567 7 ERROR rally.cli.cliutils
Traceback (most recent call last):
2019-07-26 18:58:15.567 7 ERROR rally.cli.cliutils
File "/usr/lib/python2.7/site-packages/rally/cli/cliutils.py", line 674, in run
2019-07-26 18:58:15.567 7 ERROR rally.cli.cliutils ret = fn(*fn_args, **fn_kwargs)
2019-07-26 18:58:15.567 7 ERROR rally.cli.cliutils File "", line 2, in destroy
2019-07-26 18:58:15.567 7 ERROR rally.cli.cliutils
File "/usr/lib/python2.7/site-packages/rally/cli/envutils.py", line 69, in default_from_global
2019-07-26 18:58:15.567 7 ERROR rally.cli.cliutils return f(*args, **kwargs)
2019-07-26 18:58:15.567 7 ERROR rally.cli.cliutils File "", line 2, in destroy
2019-07-26 18:58:15.567 7 ERROR rally.cli.cliutils
File "/usr/lib/python2.7/site-packages/rally/plugins/__init__.py", line 51, in ensure_plugins_are_loaded
2019-07-26 18:58:15.567 7 ERROR rally.cli.cliutils return f(*args, **kwargs)
2019-07-26 18:58:15.567 7 ERROR rally.cli.cliutils
File "/usr/lib/python2.7/site-packages/rally/cli/commands/deployment.py", line 140, in destroy
2019-07-26 18:58:15.567 7 ERROR rally.cli.cliutils api.deployment.destroy(deployment=deployment)
2019-07-26 18:58:15.567 7 ERROR rally.cli.cliutils
File "/usr/lib/python2.7/site-packages/rally/api.py", line 115, in destroy
2019-07-26 18:58:15.567 7 ERROR rally.cli.cliutils deploy = objects.Deployment.get(deployment)
2019-07-26 18:58:15.567 7 ERROR rally.cli.cliutils
File "/usr/lib/python2.7/site-packages/rally/common/objects/deploy.py", line 124, in get
2019-07-26 18:58:15.567 7 ERROR rally.cli.cliutils return Deployment(env_mgr.EnvManager.get(deploy))
2019-07-26 18:58:15.567 7 ERROR rally.cli.cliutils
File "/usr/lib/python2.7/site-packages/rally/env/env_mgr.py", line 212, in get
2019-07-26 18:58:15.567 7 ERROR rally.cli.cliutils return cls(db.env_get(uuid_or_name))
2019-07-26 18:58:15.567 7 ERROR rally.cli.cliutils
File "/usr/lib/python2.7/site-packages/rally/common/db/api.py", line 135, in wrapper
2019-07-26 18:58:15.567 7 ERROR rally.cli.cliutils result = f(session, *args, **kwargs)
2019-07-26 18:58:15.567 7 ERROR rally.cli.cliutils
File "/usr/lib/python2.7/site-packages/rally/common/db/api.py", line 521, in env_get
2019-07-26 18:58:15.567 7 ERROR rally.cli.cliutils criteria="uuid or name is %s" % uuid_or_name, table="envs")
2019-07-26 18:58:15.567 7 ERROR rally.cli.cliutils DBRecordNotFound: Record for uuid or name is opnfv-rally not found in table envs
2019-07-26 18:58:15.567 7 ERROR rally.cli.cliutils
2019-07-26 18:58:16.558 9 RALLYDEBUG rally.api [-] INFO logs from urllib3 and requests module are hide.
2019-07-26 18:58:16.558 9 RALLYDEBUG rally.api [-] urllib3 insecure warnings are hidden.
2019-07-26 18:58:16.558 9 RALLYDEBUG rally.api [-] ERROR log from boto module is hide.
2019-07-26 18:58:17.859 9 WARNING rally_openstack.platforms.existing [-] endpoint is deprecated and not used.
2019-07-26 18:58:18.758 11 RALLYDEBUG rally.api [-] INFO logs from urllib3 and requests module are hide.
2019-07-26 18:58:18.759 11 RALLYDEBUG rally.api [-] urllib3 insecure warnings are hidden.
2019-07-26 18:58:18.759 11 RALLYDEBUG rally.api [-] ERROR log from boto module is hide.
2019-07-26 18:58:22.044 14 RALLYDEBUG rally.api [-] INFO logs from urllib3 and requests module are hide.
2019-07-26 18:58:22.044 14 RALLYDEBUG rally.api [-] urllib3 insecure warnings are hidden.
2019-07-26 18:58:22.044 14 RALLYDEBUG rally.api [-] ERROR log from boto module is hide.
2019-07-26 18:58:24.028 16 RALLYDEBUG rally.api [-] INFO logs from urllib3 and requests module are hide.
2019-07-26 18:58:24.029 16 RALLYDEBUG rally.api [-] urllib3 insecure warnings are hidden.
2019-07-26 18:58:24.029 16 RALLYDEBUG rally.api [-] ERROR log from boto module is hide.
2019-07-26 18:58:25.229 16 INFO rally.task.engine [-] Task 063c6026-d378-4501-8f82-528d0acdd7de | Starting: Task validation.
2019-07-26 18:58:25.258 16 INFO rally.task.engine [-] Task 063c6026-d378-4501-8f82-528d0acdd7de | Starting: Task validation of syntax.
2019-07-26 18:58:25.328 16 INFO rally.task.engine [-] Task 063c6026-d378-4501-8f82-528d0acdd7de | Completed: Task validation of syntax.
2019-07-26 18:58:25.329 16 INFO rally.task.engine [-] Task 063c6026-d378-4501-8f82-528d0acdd7de | Starting: Task validation of required platforms.
2019-07-26 18:58:25.367 16 INFO rally.task.engine [-] Task 063c6026-d378-4501-8f82-528d0acdd7de | Completed: Task validation of required platforms.
2019-07-26 18:58:25.367 16 INFO rally.task.engine [-] Task 063c6026-d378-4501-8f82-528d0acdd7de | Starting: Task validation of semantic.
2019-07-26 18:58:25.367 16 INFO rally.task.engine [-] Check health of the environment '2c2a448e-3281-448e-8cb9-b286f0507f95'.
2019-07-26 18:58:26.199 16 INFO rally.task.engine [-] Platform existing@openstack (available: True): OK!
2019-07-26 18:58:26.218 16 RALLYDEBUG rally_openstack.contexts.keystone.users [-] Creating 1 tenants using 20 threads
2019-07-26 18:58:28.192 16 RALLYDEBUG rally_openstack.contexts.keystone.users [-] Creating 1 users using 20 threads
2019-07-26 18:58:30.980 16 INFO rally.task.context [-] Task 063c6026-d378-4501-8f82-528d0acdd7de | Context users@openstack setup() finished in 4.76 sec
2019-07-26 18:58:31.026 16 INFO rally.task.context [-] Task 063c6026-d378-4501-8f82-528d0acdd7de | Context users@openstack cleanup() started
2019-07-26 18:58:36.336 16 INFO rally.task.context [-] Task 063c6026-d378-4501-8f82-528d0acdd7de | Context users@openstack cleanup() finished in 5.31 sec
2019-07-26 18:58:36.336 16 INFO rally.task.engine [-] Task 063c6026-d378-4501-8f82-528d0acdd7de | Completed: Task validation of semantic.
2019-07-26 18:58:36.337 16 INFO rally.task.engine [-] Task 063c6026-d378-4501-8f82-528d0acdd7de | Completed: Task validation.
2019-07-26 18:58:36.337 16 INFO rally.api [-] Task 063c6026-d378-4501-8f82-528d0acdd7de input file is valid.
2019-07-26 18:58:36.337 16 INFO rally.api [-] Run Task 063c6026-d378-4501-8f82-528d0acdd7de against Deployment 2c2a448e-3281-448e-8cb9-b286f0507f95
2019-07-26 18:58:36.338 16 INFO rally.task.engine [-] Task 063c6026-d378-4501-8f82-528d0acdd7de | Starting: Running task.
2019-07-26 18:58:36.469 16 INFO rally.task.engine [-] Running workload: position = 0 config = { "version": 2, "title": "A cropped version of a bigger task.", "description": "Auto-generated task from a single workload (uuid=90dc56ef-e441-4d11-b30b-22cab81dc4fe)", "subtasks": [ { "title": "Authenticate.keystone", "description": "Check Keystone Client.", "scenario": { "Authenticate.keystone": {} }, "contexts": { "users": { "tenants": 3, "users_per_tenant": 2 } }, "runner": { "constant": { "concurrency": 4, "times": 10 } }, "hooks": [], "sla": { "failure_rate": { "max": 0 } } } ] }
2019-07-26 18:58:36.489 16 RALLYDEBUG rally_openstack.contexts.keystone.users [-] Creating 3 tenants using 20 threads
2019-07-26 18:58:38.523 16 RALLYDEBUG rally_openstack.contexts.keystone.users [-] Creating 6 users using 20 threads
2019-07-26 18:58:41.324 16 INFO rally.task.context [-] Task 063c6026-d378-4501-8f82-528d0acdd7de | Context users@openstack setup() finished in 4.84 sec
2019-07-26 18:58:41.331 16 RALLYDEBUG rally.task.runner [-] Starting the constant runner (task UUID: 063c6026-d378-4501-8f82-528d0acdd7de). timeout: 0 concurrency: 4 concurrency_per_worker: 1 times: 10 concurrency_overhead: 0 processes_to_start: 4 max_cpu_used: 16
2019-07-26 18:58:41.345 140 RALLYDEBUG rally.task.runner [-] Starting a worker. concurrency: 1 args: {} times: 10 method_name: run timeout: 0 duration: None cls:
2019-07-26 18:58:41.346 141 RALLYDEBUG rally.task.runner [-] Starting a worker. concurrency: 1 args: {} times: 10 method_name: run timeout: 0 duration: None cls:
2019-07-26 18:58:41.349 142 RALLYDEBUG rally.task.runner [-] Starting a worker. concurrency: 1 args: {} times: 10 method_name: run timeout: 0 duration: None cls:
2019-07-26 18:58:41.352 141 INFO rally.task.runner [-] Task 063c6026-d378-4501-8f82-528d0acdd7de | ITER: 2 START
2019-07-26 18:58:41.352 140 INFO rally.task.runner [-] Task 063c6026-d378-4501-8f82-528d0acdd7de | ITER: 1 START
2019-07-26 18:58:41.353 143 RALLYDEBUG rally.task.runner [-] Starting a worker. concurrency: 1 args: {} times: 10 method_name: run timeout: 0 duration: None cls:
2019-07-26 18:58:41.355 142 INFO rally.task.runner [-] Task 063c6026-d378-4501-8f82-528d0acdd7de | ITER: 3 START
2019-07-26 18:58:41.360 143 INFO rally.task.runner [-] Task 063c6026-d378-4501-8f82-528d0acdd7de | ITER: 4 START
2019-07-26 18:58:41.948 140 INFO rally.task.runner [-] Task 063c6026-d378-4501-8f82-528d0acdd7de | ITER: 1 END: OK
2019-07-26 18:58:41.952 140 INFO rally.task.runner [-] Task 063c6026-d378-4501-8f82-528d0acdd7de | ITER: 5 START
2019-07-26 18:58:41.957 143 INFO rally.task.runner [-] Task 063c6026-d378-4501-8f82-528d0acdd7de | ITER: 4 END: OK
2019-07-26 18:58:41.958 141 INFO rally.task.runner [-] Task 063c6026-d378-4501-8f82-528d0acdd7de | ITER: 2 END: OK
2019-07-26 18:58:41.960 143 INFO rally.task.runner [-] Task 063c6026-d378-4501-8f82-528d0acdd7de | ITER: 6 START
2019-07-26 18:58:41.963 141 INFO rally.task.runner [-] Task 063c6026-d378-4501-8f82-528d0acdd7de | ITER: 7 START
2019-07-26 18:58:41.964 142 INFO rally.task.runner [-] Task 063c6026-d378-4501-8f82-528d0acdd7de | ITER: 3 END: OK
2019-07-26 18:58:41.969 142 INFO rally.task.runner [-] Task 063c6026-d378-4501-8f82-528d0acdd7de | ITER: 8 START
2019-07-26 18:58:42.573 142 INFO rally.task.runner [-] Task 063c6026-d378-4501-8f82-528d0acdd7de | ITER: 8 END: OK
2019-07-26 18:58:42.576 140 INFO rally.task.runner [-] Task 063c6026-d378-4501-8f82-528d0acdd7de | ITER: 5 END: OK
2019-07-26 18:58:42.577 142 INFO rally.task.runner [-] Task 063c6026-d378-4501-8f82-528d0acdd7de | ITER: 9 START
2019-07-26 18:58:42.579 140 INFO rally.task.runner [-] Task 063c6026-d378-4501-8f82-528d0acdd7de | ITER: 10 START
2019-07-26 18:58:42.588 143 INFO rally.task.runner [-] Task 063c6026-d378-4501-8f82-528d0acdd7de | ITER: 6 END: OK
2019-07-26 18:58:42.601 141 INFO rally.task.runner [-] Task 063c6026-d378-4501-8f82-528d0acdd7de | ITER: 7 END: OK
2019-07-26 18:58:43.180 140 INFO rally.task.runner [-] Task 063c6026-d378-4501-8f82-528d0acdd7de | ITER: 10 END: OK
2019-07-26 18:58:43.187 142 INFO rally.task.runner [-] Task 063c6026-d378-4501-8f82-528d0acdd7de | ITER: 9 END: OK
2019-07-26 18:58:43.214 16 INFO rally.task.context [-] Task 063c6026-d378-4501-8f82-528d0acdd7de | Context users@openstack cleanup() started
2019-07-26 18:58:51.377 16 INFO rally.task.context [-] Task 063c6026-d378-4501-8f82-528d0acdd7de | Context users@openstack cleanup() finished in 8.16 sec
2019-07-26 18:58:52.564 16 INFO rally.task.engine [-] Load duration is: 1.834436
2019-07-26 18:58:52.564 16 INFO rally.task.engine [-] Full runner duration is: 1.883021
2019-07-26 18:58:52.564 16 INFO rally.task.engine [-] Full duration is: 14.889861
2019-07-26 18:58:52.756 16 INFO rally.task.engine [-] Running workload: position = 0 config = { "version": 2, "title": "A cropped version of a bigger task.", "description": "Auto-generated task from a single workload (uuid=751f5c66-3241-4dc3-a96c-9fb762775b4f)", "subtasks": [ { "title": "Authenticate.validate_cinder", "description": "Check Cinder Client to ensure validation of token.", "scenario": { "Authenticate.validate_cinder": { "repetitions": 2 } }, "contexts": { "users": { "tenants": 3, "users_per_tenant": 2 } }, "runner": { "constant": { "concurrency": 4, "times": 10 } }, "hooks": [], "sla": { "failure_rate": { "max": 0 } } } ] }
2019-07-26 18:58:52.777 16 RALLYDEBUG rally_openstack.contexts.keystone.users [-] Creating 3 tenants using 20 threads
2019-07-26 18:58:54.647 16 RALLYDEBUG rally_openstack.contexts.keystone.users [-] Creating 6 users using 20 threads
2019-07-26 18:58:57.609 16 INFO rally.task.context [-] Task 063c6026-d378-4501-8f82-528d0acdd7de | Context users@openstack setup() finished in 4.83 sec
2019-07-26 18:58:57.617 16 RALLYDEBUG rally.task.runner [-] Starting the constant runner (task UUID: 063c6026-d378-4501-8f82-528d0acdd7de). timeout: 0 concurrency: 4 concurrency_per_worker: 1 times: 10 concurrency_overhead: 0 processes_to_start: 4 max_cpu_used: 16
2019-07-26 18:58:57.629 244 RALLYDEBUG rally.task.runner [-] Starting a worker. concurrency: 1 args: {"repetitions": 2} times: 10 method_name: run timeout: 0 duration: None cls:
2019-07-26 18:58:57.632 245 RALLYDEBUG rally.task.runner [-] Starting a worker. concurrency: 1 args: {"repetitions": 2} times: 10 method_name: run timeout: 0 duration: None cls:
2019-07-26 18:58:57.634 244 INFO rally.task.runner [-] Task 063c6026-d378-4501-8f82-528d0acdd7de | ITER: 1 START
2019-07-26 18:58:57.636 246 RALLYDEBUG rally.task.runner [-] Starting a worker. concurrency: 1 args: {"repetitions": 2} times: 10 method_name: run timeout: 0 duration: None cls:
2019-07-26 18:58:57.637 247 RALLYDEBUG rally.task.runner [-] Starting a worker. concurrency: 1 args: {"repetitions": 2} times: 10 method_name: run timeout: 0 duration: None cls:
2019-07-26 18:58:57.638 245 INFO rally.task.runner [-] Task 063c6026-d378-4501-8f82-528d0acdd7de | ITER: 2 START
2019-07-26 18:58:57.642 246 INFO rally.task.runner [-] Task 063c6026-d378-4501-8f82-528d0acdd7de | ITER: 3 START
2019-07-26 18:58:57.642 247 INFO rally.task.runner [-] Task 063c6026-d378-4501-8f82-528d0acdd7de | ITER: 4 START
2019-07-26 18:58:59.523 246 INFO rally.task.runner [-] Task 063c6026-d378-4501-8f82-528d0acdd7de | ITER: 3 END: OK
2019-07-26 18:58:59.527 246 INFO rally.task.runner [-] Task 063c6026-d378-4501-8f82-528d0acdd7de | ITER: 5 START
2019-07-26 18:58:59.534 244 INFO rally.task.runner [-] Task 063c6026-d378-4501-8f82-528d0acdd7de | ITER: 1 END: OK
2019-07-26 18:58:59.538 244 INFO rally.task.runner [-] Task 063c6026-d378-4501-8f82-528d0acdd7de | ITER: 6 START
2019-07-26 18:58:59.563 245 INFO rally.task.runner [-] Task 063c6026-d378-4501-8f82-528d0acdd7de | ITER: 2 END: OK
2019-07-26 18:58:59.567 245 INFO rally.task.runner [-] Task 063c6026-d378-4501-8f82-528d0acdd7de | ITER: 7 START
2019-07-26 18:58:59.572 247 INFO rally.task.runner [-] Task 063c6026-d378-4501-8f82-528d0acdd7de | ITER: 4 END: OK
2019-07-26 18:58:59.577 247 INFO rally.task.runner [-] Task 063c6026-d378-4501-8f82-528d0acdd7de | ITER: 8 START
2019-07-26 18:59:01.012 244 INFO rally.task.runner [-] Task 063c6026-d378-4501-8f82-528d0acdd7de | ITER: 6 END: OK
2019-07-26 18:59:01.016 244 INFO rally.task.runner [-] Task 063c6026-d378-4501-8f82-528d0acdd7de | ITER: 9 START
2019-07-26 18:59:01.373 247 INFO rally.task.runner [-] Task 063c6026-d378-4501-8f82-528d0acdd7de | ITER: 8 END: OK
2019-07-26 18:59:01.377 247 INFO rally.task.runner [-] Task 063c6026-d378-4501-8f82-528d0acdd7de | ITER: 10 START
2019-07-26 18:59:01.382 246 INFO rally.task.runner [-] Task 063c6026-d378-4501-8f82-528d0acdd7de | ITER: 5 END: OK
2019-07-26 18:59:01.397 245 INFO rally.task.runner [-] Task 063c6026-d378-4501-8f82-528d0acdd7de | ITER: 7 END: OK
2019-07-26 18:59:02.382 244 INFO rally.task.runner [-] Task 063c6026-d378-4501-8f82-528d0acdd7de | ITER: 9 END: OK
2019-07-26 18:59:02.972 247 INFO rally.task.runner [-] Task 063c6026-d378-4501-8f82-528d0acdd7de | ITER: 10 END: OK
2019-07-26 18:59:03.001 16 INFO rally.task.context [-] Task 063c6026-d378-4501-8f82-528d0acdd7de | Context users@openstack cleanup() started
2019-07-26 18:59:11.073 16 INFO rally.task.context [-] Task 063c6026-d378-4501-8f82-528d0acdd7de | Context users@openstack cleanup() finished in 8.07 sec
2019-07-26 18:59:12.882 16 INFO rally.task.engine [-] Load duration is: 5.336674
2019-07-26 18:59:12.883 16 INFO rally.task.engine [-] Full runner duration is: 5.384891
2019-07-26 18:59:12.883 16 INFO rally.task.engine [-] Full duration is: 18.300228
2019-07-26 18:59:13.121 16 INFO rally.task.engine [-] Running workload: position = 0 config = { "version": 2, "title": "A cropped version of a bigger task.", "description": "Auto-generated task from a single workload (uuid=1a7f49cc-a61f-4e9d-b21d-8d1ab00f399c)", "subtasks": [ { "title": "Authenticate.validate_glance", "description": "Check Glance Client to ensure validation of token.", "scenario": { "Authenticate.validate_glance": { "repetitions": 2 } }, "contexts": { "users": { "tenants": 3, "users_per_tenant": 2 } }, "runner": { "constant": { "concurrency": 4, "times": 10 } }, "hooks": [], "sla": { "failure_rate": { "max": 0 } } } ] }
2019-07-26 18:59:13.145 16 RALLYDEBUG rally_openstack.contexts.keystone.users [-] Creating 3 tenants using 20 threads
2019-07-26 18:59:15.054 16 RALLYDEBUG rally_openstack.contexts.keystone.users [-] Creating 6 users using 20 threads
2019-07-26 18:59:17.999 16 INFO rally.task.context [-] Task 063c6026-d378-4501-8f82-528d0acdd7de | Context users@openstack setup() finished in 4.85 sec
2019-07-26 18:59:18.006 16 RALLYDEBUG rally.task.runner [-] Starting the constant runner (task UUID: 063c6026-d378-4501-8f82-528d0acdd7de). timeout: 0 concurrency: 4 concurrency_per_worker: 1 times: 10 concurrency_overhead: 0 processes_to_start: 4 max_cpu_used: 16
2019-07-26 18:59:18.018 348 RALLYDEBUG rally.task.runner [-] Starting a worker. concurrency: 1 args: {"repetitions": 2} times: 10 method_name: run timeout: 0 duration: None cls:
2019-07-26 18:59:18.020 349 RALLYDEBUG rally.task.runner [-] Starting a worker. concurrency: 1 args: {"repetitions": 2} times: 10 method_name: run timeout: 0 duration: None cls:
2019-07-26 18:59:18.022 350 RALLYDEBUG rally.task.runner [-] Starting a worker. concurrency: 1 args: {"repetitions": 2} times: 10 method_name: run timeout: 0 duration: None cls:
2019-07-26 18:59:18.024 348 INFO rally.task.runner [-] Task 063c6026-d378-4501-8f82-528d0acdd7de | ITER: 1 START
2019-07-26 18:59:18.025 351 RALLYDEBUG rally.task.runner [-] Starting a worker. concurrency: 1 args: {"repetitions": 2} times: 10 method_name: run timeout: 0 duration: None cls:
2019-07-26 18:59:18.026 349 INFO rally.task.runner [-] Task 063c6026-d378-4501-8f82-528d0acdd7de | ITER: 2 START
2019-07-26 18:59:18.029 350 INFO rally.task.runner [-] Task 063c6026-d378-4501-8f82-528d0acdd7de | ITER: 3 START
2019-07-26 18:59:18.031 351 INFO rally.task.runner [-] Task 063c6026-d378-4501-8f82-528d0acdd7de | ITER: 4 START
2019-07-26 18:59:19.122 349 INFO rally.task.runner [-] Task 063c6026-d378-4501-8f82-528d0acdd7de | ITER: 2 END: OK
2019-07-26 18:59:19.127 349 INFO rally.task.runner [-] Task 063c6026-d378-4501-8f82-528d0acdd7de | ITER: 5 START
2019-07-26 18:59:19.146 348 INFO rally.task.runner [-] Task 063c6026-d378-4501-8f82-528d0acdd7de | ITER: 1 END: OK
2019-07-26 18:59:19.149 348 INFO rally.task.runner [-] Task 063c6026-d378-4501-8f82-528d0acdd7de | ITER: 6 START
2019-07-26 18:59:19.155 350 INFO rally.task.runner [-] Task 063c6026-d378-4501-8f82-528d0acdd7de | ITER: 3 END: OK
2019-07-26 18:59:19.159 350 INFO rally.task.runner [-] Task 063c6026-d378-4501-8f82-528d0acdd7de | ITER: 7 START
2019-07-26 18:59:19.170 351 INFO rally.task.runner [-] Task 063c6026-d378-4501-8f82-528d0acdd7de | ITER: 4 END: OK
2019-07-26 18:59:19.174 351 INFO rally.task.runner [-] Task 063c6026-d378-4501-8f82-528d0acdd7de | ITER: 8 START
2019-07-26 18:59:20.292 350 INFO rally.task.runner [-] Task 063c6026-d378-4501-8f82-528d0acdd7de | ITER: 7 END: OK
2019-07-26 18:59:20.296 350 INFO rally.task.runner [-] Task 063c6026-d378-4501-8f82-528d0acdd7de | ITER: 9 START
2019-07-26 18:59:20.343 349 INFO rally.task.runner [-] Task 063c6026-d378-4501-8f82-528d0acdd7de | ITER: 5 END: OK
2019-07-26 18:59:20.346 349 INFO rally.task.runner [-] Task 063c6026-d378-4501-8f82-528d0acdd7de | ITER: 10 START
2019-07-26 18:59:20.396 351 INFO rally.task.runner [-] Task 063c6026-d378-4501-8f82-528d0acdd7de | ITER: 8 END: OK
2019-07-26 18:59:20.860 348 INFO rally.task.runner [-] Task 063c6026-d378-4501-8f82-528d0acdd7de | ITER: 6 END: OK
2019-07-26 18:59:21.396 350 INFO rally.task.runner [-] Task 063c6026-d378-4501-8f82-528d0acdd7de | ITER: 9 END: OK
2019-07-26 18:59:21.558 349 INFO rally.task.runner [-] Task 063c6026-d378-4501-8f82-528d0acdd7de | ITER: 10 END: OK
2019-07-26 18:59:21.584 16 INFO rally.task.context [-] Task 063c6026-d378-4501-8f82-528d0acdd7de | Context users@openstack cleanup() started
2019-07-26 18:59:29.402 16 INFO rally.task.context [-] Task 063c6026-d378-4501-8f82-528d0acdd7de | Context users@openstack cleanup() finished in 7.82 sec
2019-07-26 18:59:31.236 16 INFO rally.task.engine [-] Load duration is: 3.531479
2019-07-26 18:59:31.237 16 INFO rally.task.engine [-] Full runner duration is: 3.579356
2019-07-26 18:59:31.237 16 INFO rally.task.engine [-] Full duration is: 16.258711
2019-07-26 18:59:31.451 16 INFO rally.task.engine [-] Running workload: position = 0 config = { "version": 2, "title": "A cropped version of a bigger task.", "description": "Auto-generated task from a single workload (uuid=290d720b-778c-4d0b-89a9-3b854745ea1b)", "subtasks": [ { "title": "Authenticate.validate_heat", "description": "Check Heat Client to ensure validation of token.", "scenario": { "Authenticate.validate_heat": { "repetitions": 2 } }, "contexts": { "users": { "tenants": 3, "users_per_tenant": 2 } }, "runner": { "constant": { "concurrency": 4, "times": 10 } }, "hooks": [], "sla": { "failure_rate": { "max": 0 } } } ] }
2019-07-26 18:59:31.474 16 RALLYDEBUG rally_openstack.contexts.keystone.users [-] Creating 3 tenants using 20 threads
2019-07-26 18:59:33.534 16 RALLYDEBUG rally_openstack.contexts.keystone.users [-] Creating 6 users using 20 threads
2019-07-26 18:59:36.249 16 INFO rally.task.context [-] Task 063c6026-d378-4501-8f82-528d0acdd7de | Context users@openstack setup() finished in 4.78 sec
2019-07-26 18:59:36.257 16 RALLYDEBUG rally.task.runner [-] Starting the constant runner (task UUID: 063c6026-d378-4501-8f82-528d0acdd7de). timeout: 0 concurrency: 4 concurrency_per_worker: 1 times: 10 concurrency_overhead: 0 processes_to_start: 4 max_cpu_used: 16
2019-07-26 18:59:36.269 452 RALLYDEBUG rally.task.runner [-] Starting a worker. concurrency: 1 args: {"repetitions": 2} times: 10 method_name: run timeout: 0 duration: None cls:
2019-07-26 18:59:36.272 453 RALLYDEBUG rally.task.runner [-] Starting a worker. concurrency: 1 args: {"repetitions": 2} times: 10 method_name: run timeout: 0 duration: None cls:
2019-07-26 18:59:36.275 454 RALLYDEBUG rally.task.runner [-] Starting a worker. concurrency: 1 args: {"repetitions": 2} times: 10 method_name: run timeout: 0 duration: None cls:
2019-07-26 18:59:36.276 452 INFO rally.task.runner [-] Task 063c6026-d378-4501-8f82-528d0acdd7de | ITER: 1 START
2019-07-26 18:59:36.277 455 RALLYDEBUG rally.task.runner [-] Starting a worker. concurrency: 1 args: {"repetitions": 2} times: 10 method_name: run timeout: 0 duration: None cls:
2019-07-26 18:59:36.278 453 INFO rally.task.runner [-] Task 063c6026-d378-4501-8f82-528d0acdd7de | ITER: 2 START
2019-07-26 18:59:36.281 454 INFO rally.task.runner [-] Task 063c6026-d378-4501-8f82-528d0acdd7de | ITER: 3 START
2019-07-26 18:59:36.283 455 INFO rally.task.runner [-] Task 063c6026-d378-4501-8f82-528d0acdd7de | ITER: 4 START
2019-07-26 18:59:38.226 453 INFO rally.task.runner [-] Task 063c6026-d378-4501-8f82-528d0acdd7de | ITER: 2 END: OK
2019-07-26 18:59:38.230 453 INFO rally.task.runner [-] Task 063c6026-d378-4501-8f82-528d0acdd7de | ITER: 5 START
2019-07-26 18:59:38.291 452 INFO rally.task.runner [-] Task 063c6026-d378-4501-8f82-528d0acdd7de | ITER: 1 END: OK
2019-07-26 18:59:38.295 452 INFO rally.task.runner [-] Task 063c6026-d378-4501-8f82-528d0acdd7de | ITER: 6 START
2019-07-26 18:59:38.299 454 INFO rally.task.runner [-] Task 063c6026-d378-4501-8f82-528d0acdd7de | ITER: 3 END: OK
2019-07-26 18:59:38.303 454 INFO rally.task.runner [-] Task 063c6026-d378-4501-8f82-528d0acdd7de | ITER: 7 START
2019-07-26 18:59:38.361 455 INFO rally.task.runner [-] Task 063c6026-d378-4501-8f82-528d0acdd7de | ITER: 4 END: OK
2019-07-26 18:59:38.364 455 INFO rally.task.runner [-] Task 063c6026-d378-4501-8f82-528d0acdd7de | ITER: 8 START
2019-07-26 18:59:39.730 454 INFO rally.task.runner [-] Task 063c6026-d378-4501-8f82-528d0acdd7de | ITER: 7 END: OK
2019-07-26 18:59:39.734 454 INFO rally.task.runner [-] Task 063c6026-d378-4501-8f82-528d0acdd7de | ITER: 9 START
2019-07-26 18:59:39.798 455 INFO rally.task.runner [-] Task 063c6026-d378-4501-8f82-528d0acdd7de | ITER: 8 END: OK
2019-07-26 18:59:39.801 455 INFO rally.task.runner [-] Task 063c6026-d378-4501-8f82-528d0acdd7de | ITER: 10 START
2019-07-26 18:59:39.883 452 INFO rally.task.runner [-] Task 063c6026-d378-4501-8f82-528d0acdd7de | ITER: 6 END: OK
2019-07-26 18:59:40.245 453 INFO rally.task.runner [-] Task 063c6026-d378-4501-8f82-528d0acdd7de | ITER: 5 END: OK
2019-07-26 18:59:41.630 455 INFO rally.task.runner [-] Task 063c6026-d378-4501-8f82-528d0acdd7de | ITER: 10 END: OK
2019-07-26 18:59:41.668 454 INFO rally.task.runner [-] Task 063c6026-d378-4501-8f82-528d0acdd7de | ITER: 9 END: OK
2019-07-26 18:59:41.693 16 INFO rally.task.context [-] Task 063c6026-d378-4501-8f82-528d0acdd7de | Context users@openstack cleanup() started
2019-07-26 18:59:49.725 16 INFO rally.task.context [-] Task 063c6026-d378-4501-8f82-528d0acdd7de | Context users@openstack cleanup() finished in 8.03 sec
2019-07-26 18:59:51.559 16 INFO rally.task.engine [-] Load duration is: 5.389599
2019-07-26 18:59:51.560 16 INFO rally.task.engine [-] Full runner duration is: 5.436923
2019-07-26 18:59:51.560 16 INFO rally.task.engine [-] Full duration is: 18.253827
2019-07-26 18:59:51.810 16 INFO rally.task.engine [-] Running workload: position = 0 config = { "version": 2, "title": "A cropped version of a bigger task.", "description": "Auto-generated task from a single workload (uuid=9a9b04b2-a4c0-4a98-8757-bbcd011a62ad)", "subtasks": [ { "title": "Authenticate.validate_neutron", "description": "Check Neutron Client to ensure validation of token.", "scenario": { "Authenticate.validate_neutron": { "repetitions": 2 } }, "contexts": { "users": { "tenants": 3, "users_per_tenant": 2 } }, "runner": { "constant": { "concurrency": 4, "times": 10 } }, "hooks": [], "sla": { "failure_rate": { "max": 0 } } } ] }
2019-07-26 18:59:51.833 16 RALLYDEBUG rally_openstack.contexts.keystone.users [-] Creating 3 tenants using 20 threads
2019-07-26 18:59:53.743 16 RALLYDEBUG rally_openstack.contexts.keystone.users [-] Creating 6 users using 20 threads
2019-07-26 18:59:56.556 16 INFO rally.task.context [-] Task 063c6026-d378-4501-8f82-528d0acdd7de | Context users@openstack setup() finished in 4.72 sec
2019-07-26 18:59:56.564 16 RALLYDEBUG rally.task.runner [-] Starting the constant runner (task UUID: 063c6026-d378-4501-8f82-528d0acdd7de). timeout: 0 concurrency: 4 concurrency_per_worker: 1 times: 10 concurrency_overhead: 0 processes_to_start: 4 max_cpu_used: 16
2019-07-26 18:59:56.576 556 RALLYDEBUG rally.task.runner [-] Starting a worker. concurrency: 1 args: {"repetitions": 2} times: 10 method_name: run timeout: 0 duration: None cls:
2019-07-26 18:59:56.580 557 RALLYDEBUG rally.task.runner [-] Starting a worker. concurrency: 1 args: {"repetitions": 2} times: 10 method_name: run timeout: 0 duration: None cls:
2019-07-26 18:59:56.582 558 RALLYDEBUG rally.task.runner [-] Starting a worker. concurrency: 1 args: {"repetitions": 2} times: 10 method_name: run timeout: 0 duration: None cls:
2019-07-26 18:59:56.582 556 INFO rally.task.runner [-] Task 063c6026-d378-4501-8f82-528d0acdd7de | ITER: 1 START
2019-07-26 18:59:56.585 559 RALLYDEBUG rally.task.runner [-] Starting a worker. concurrency: 1 args: {"repetitions": 2} times: 10 method_name: run timeout: 0 duration: None cls:
2019-07-26 18:59:56.586 557 INFO rally.task.runner [-] Task 063c6026-d378-4501-8f82-528d0acdd7de | ITER: 2 START
2019-07-26 18:59:56.588 558 INFO rally.task.runner [-] Task 063c6026-d378-4501-8f82-528d0acdd7de | ITER: 3 START
2019-07-26 18:59:56.591 559 INFO rally.task.runner [-] Task 063c6026-d378-4501-8f82-528d0acdd7de | ITER: 4 START
2019-07-26 18:59:57.530 556 INFO rally.task.runner [-] Task 063c6026-d378-4501-8f82-528d0acdd7de | ITER: 1 END: OK
2019-07-26 18:59:57.534 556 INFO rally.task.runner [-] Task 063c6026-d378-4501-8f82-528d0acdd7de | ITER: 5 START
2019-07-26 18:59:57.719 557 INFO rally.task.runner [-] Task 063c6026-d378-4501-8f82-528d0acdd7de | ITER: 2 END: OK
2019-07-26 18:59:57.722 557 INFO rally.task.runner [-] Task 063c6026-d378-4501-8f82-528d0acdd7de | ITER: 6 START
2019-07-26 18:59:57.833 558 INFO rally.task.runner [-] Task 063c6026-d378-4501-8f82-528d0acdd7de | ITER: 3 END: OK
2019-07-26 18:59:57.837 558 INFO rally.task.runner [-] Task 063c6026-d378-4501-8f82-528d0acdd7de | ITER: 7 START
2019-07-26 18:59:58.069 559 INFO rally.task.runner [-] Task 063c6026-d378-4501-8f82-528d0acdd7de | ITER: 4 END: OK
2019-07-26 18:59:58.073 559 INFO rally.task.runner [-] Task 063c6026-d378-4501-8f82-528d0acdd7de | ITER: 8 START
2019-07-26 18:59:58.507 556 INFO rally.task.runner [-] Task 063c6026-d378-4501-8f82-528d0acdd7de | ITER: 5 END: OK
2019-07-26 18:59:58.510 556 INFO rally.task.runner [-] Task 063c6026-d378-4501-8f82-528d0acdd7de | ITER: 9 START
2019-07-26 18:59:58.957 557 INFO rally.task.runner [-] Task 063c6026-d378-4501-8f82-528d0acdd7de | ITER: 6 END: OK
2019-07-26 18:59:58.960 557 INFO rally.task.runner [-] Task 063c6026-d378-4501-8f82-528d0acdd7de | ITER: 10 START
2019-07-26 18:59:59.072 558 INFO rally.task.runner [-] Task 063c6026-d378-4501-8f82-528d0acdd7de | ITER: 7 END: OK
2019-07-26 18:59:59.685 559 INFO rally.task.runner [-] Task 063c6026-d378-4501-8f82-528d0acdd7de | ITER: 8 END: OK
2019-07-26 18:59:59.814 556 INFO rally.task.runner [-] Task 063c6026-d378-4501-8f82-528d0acdd7de | ITER: 9 END: OK
2019-07-26 19:00:00.090 557 INFO rally.task.runner [-] Task 063c6026-d378-4501-8f82-528d0acdd7de | ITER: 10 END: OK
2019-07-26 19:00:00.117 16 INFO rally.task.context [-] Task 063c6026-d378-4501-8f82-528d0acdd7de | Context users@openstack cleanup() started
2019-07-26 19:00:08.114 16 INFO rally.task.context [-] Task 063c6026-d378-4501-8f82-528d0acdd7de | Context users@openstack cleanup() finished in 8.00 sec
2019-07-26 19:00:09.920 16 INFO rally.task.engine [-] Load duration is: 3.506066
2019-07-26 19:00:09.920 16 INFO rally.task.engine [-] Full runner duration is: 3.553332
2019-07-26 19:00:09.921 16 INFO rally.task.engine [-] Full duration is: 16.283286
2019-07-26 19:00:10.152 16 INFO rally.task.engine [-] Running workload: position = 0 config = { "version": 2, "title": "A cropped version of a bigger task.", "description": "Auto-generated task from a single workload (uuid=10c92bdf-da9b-4bf7-a4c5-51c30eb4cdf3)", "subtasks": [ { "title": "Authenticate.validate_nova", "description": "Check Nova Client to ensure validation of token.", "scenario": { "Authenticate.validate_nova": { "repetitions": 2 } }, "contexts": { "users": { "tenants": 3, "users_per_tenant": 2 } }, "runner": { "constant": { "concurrency": 4, "times": 10 } }, "hooks": [], "sla": { "failure_rate": { "max": 0 } } } ] }
2019-07-26 19:00:10.174 16 RALLYDEBUG rally_openstack.contexts.keystone.users [-] Creating 3 tenants using 20 threads
2019-07-26 19:00:12.025 16 RALLYDEBUG rally_openstack.contexts.keystone.users [-] Creating 6 users using 20 threads
2019-07-26 19:00:14.879 16 INFO rally.task.context [-] Task 063c6026-d378-4501-8f82-528d0acdd7de | Context users@openstack setup() finished in 4.70 sec
2019-07-26 19:00:14.887 16 RALLYDEBUG rally.task.runner [-] Starting the constant runner (task UUID: 063c6026-d378-4501-8f82-528d0acdd7de). timeout: 0 concurrency: 4 concurrency_per_worker: 1 times: 10 concurrency_overhead: 0 processes_to_start: 4 max_cpu_used: 16
2019-07-26 19:00:14.899 660 RALLYDEBUG rally.task.runner [-] Starting a worker. concurrency: 1 args: {"repetitions": 2} times: 10 method_name: run timeout: 0 duration: None cls:
2019-07-26 19:00:14.901 661 RALLYDEBUG rally.task.runner [-] Starting a worker. concurrency: 1 args: {"repetitions": 2} times: 10 method_name: run timeout: 0 duration: None cls:
2019-07-26 19:00:14.904 660 INFO rally.task.runner [-] Task 063c6026-d378-4501-8f82-528d0acdd7de | ITER: 1 START
2019-07-26 19:00:14.905 662 RALLYDEBUG rally.task.runner [-] Starting a worker. concurrency: 1 args: {"repetitions": 2} times: 10 method_name: run timeout: 0 duration: None cls:
2019-07-26 19:00:14.907 661 INFO rally.task.runner [-] Task 063c6026-d378-4501-8f82-528d0acdd7de | ITER: 2 START
2019-07-26 19:00:14.908 663 RALLYDEBUG rally.task.runner [-] Starting a worker. concurrency: 1 args: {"repetitions": 2} times: 10 method_name: run timeout: 0 duration: None cls:
2019-07-26 19:00:14.911 662 INFO rally.task.runner [-] Task 063c6026-d378-4501-8f82-528d0acdd7de | ITER: 3 START
2019-07-26 19:00:14.914 663 INFO rally.task.runner [-] Task 063c6026-d378-4501-8f82-528d0acdd7de | ITER: 4 START
2019-07-26 19:00:15.404 660 DEBUG novaclient.v2.client [-] REQ: curl -g -i -X GET http://172.30.9.29:8774/v2.1/flavors/detail -H "Accept: application/json" -H "User-Agent: python-novaclient" -H "X-Auth-Token: {SHA1}3c61c3cd156e44b04d40002245918134214f0db7" _http_log_request /usr/lib/python2.7/site-packages/keystoneauth1/session.py:448
2019-07-26 19:00:15.405 661 DEBUG novaclient.v2.client [-] REQ: curl -g -i -X GET http://172.30.9.29:8774/v2.1/flavors/detail -H "Accept: application/json" -H "User-Agent: python-novaclient" -H "X-Auth-Token: {SHA1}2542f74b0ee2b9265bac9fd301f593a4f3a38308" _http_log_request /usr/lib/python2.7/site-packages/keystoneauth1/session.py:448
2019-07-26 19:00:15.504 662 DEBUG novaclient.v2.client [-] REQ: curl -g -i -X GET http://172.30.9.29:8774/v2.1/flavors/detail -H "Accept: application/json" -H "User-Agent: python-novaclient" -H "X-Auth-Token: {SHA1}79a0bf64e8726bdbcc36edce9862a00306eef743" _http_log_request /usr/lib/python2.7/site-packages/keystoneauth1/session.py:448
2019-07-26 19:00:15.505 663 DEBUG novaclient.v2.client [-] REQ: curl -g -i -X GET http://172.30.9.29:8774/v2.1/flavors/detail -H "Accept: application/json" -H "User-Agent: python-novaclient" -H "X-Auth-Token: {SHA1}c89753c1e677681b1235eca484073d39d74e0276" _http_log_request /usr/lib/python2.7/site-packages/keystoneauth1/session.py:448
2019-07-26 19:00:15.696 661 DEBUG novaclient.v2.client [-] RESP: [200] Content-Encoding: gzip Content-Length: 364 Content-Type: application/json Date: Fri, 26 Jul 2019 19:00:15 GMT OpenStack-API-Version: compute 2.1 Server: Apache Vary: OpenStack-API-Version,X-OpenStack-Nova-API-Version,Accept-Encoding X-OpenStack-Nova-API-Version: 2.1 x-compute-request-id: req-2305f574-84f6-4673-ab29-02b38fc85806 x-openstack-request-id: req-2305f574-84f6-4673-ab29-02b38fc85806 _http_log_response /usr/lib/python2.7/site-packages/keystoneauth1/session.py:479
2019-07-26 19:00:15.697 661 DEBUG novaclient.v2.client [-] RESP BODY: {"flavors": [{"name": "rally_full-flavor_69c70ed9-e367-47ee-8fdb-e5d9c6909511", "links": [{"href": "http://172.30.9.29:8774/v2.1/flavors/03200362-707e-4b76-b640-14a02d29defb", "rel": "self"}, {"href": "http://172.30.9.29:8774/flavors/03200362-707e-4b76-b640-14a02d29defb", "rel": "bookmark"}], "ram": 512, "OS-FLV-DISABLED:disabled": false, "vcpus": 1, "swap": "", "os-flavor-access:is_public": true, "rxtx_factor": 1.0, "OS-FLV-EXT-DATA:ephemeral": 0, "disk": 1, "id": "03200362-707e-4b76-b640-14a02d29defb"}, {"name": "rally_full-flavor_alt_69c70ed9-e367-47ee-8fdb-e5d9c6909511", "links": [{"href": "http://172.30.9.29:8774/v2.1/flavors/3a23e566-04bc-4cd7-b737-4f7ade348962", "rel": "self"}, {"href": "http://172.30.9.29:8774/flavors/3a23e566-04bc-4cd7-b737-4f7ade348962", "rel": "bookmark"}], "ram": 1024, "OS-FLV-DISABLED:disabled": false, "vcpus": 1, "swap": "", "os-flavor-access:is_public": true, "rxtx_factor": 1.0, "OS-FLV-EXT-DATA:ephemeral": 0, "disk": 1, "id": "3a23e566-04bc-4cd7-b737-4f7ade348962"}]} _http_log_response /usr/lib/python2.7/site-packages/keystoneauth1/session.py:511
2019-07-26 19:00:15.697 661 DEBUG novaclient.v2.client [-] GET call to compute for http://172.30.9.29:8774/v2.1/flavors/detail used request id req-2305f574-84f6-4673-ab29-02b38fc85806 request /usr/lib/python2.7/site-packages/keystoneauth1/session.py:844
2019-07-26 19:00:15.699 661 DEBUG novaclient.v2.client [-] REQ: curl -g -i -X GET http://172.30.9.29:8774/v2.1/flavors/detail -H "Accept: application/json" -H "User-Agent: python-novaclient" -H "X-Auth-Token: {SHA1}2542f74b0ee2b9265bac9fd301f593a4f3a38308" _http_log_request /usr/lib/python2.7/site-packages/keystoneauth1/session.py:448
2019-07-26 19:00:15.706 660 DEBUG novaclient.v2.client [-] RESP: [200] Content-Encoding: gzip Content-Length: 364 Content-Type: application/json Date: Fri, 26 Jul 2019 19:00:15 GMT OpenStack-API-Version: compute 2.1 Server: Apache Vary: OpenStack-API-Version,X-OpenStack-Nova-API-Version,Accept-Encoding X-OpenStack-Nova-API-Version: 2.1 x-compute-request-id: req-b2c52315-5a31-4ec4-a80a-89677b4e67fd x-openstack-request-id: req-b2c52315-5a31-4ec4-a80a-89677b4e67fd _http_log_response /usr/lib/python2.7/site-packages/keystoneauth1/session.py:479
2019-07-26 19:00:15.707 660 DEBUG novaclient.v2.client [-] RESP BODY: {"flavors": [{"name": "rally_full-flavor_69c70ed9-e367-47ee-8fdb-e5d9c6909511", "links": [{"href": "http://172.30.9.29:8774/v2.1/flavors/03200362-707e-4b76-b640-14a02d29defb", "rel": "self"}, {"href": "http://172.30.9.29:8774/flavors/03200362-707e-4b76-b640-14a02d29defb", "rel": "bookmark"}], "ram": 512, "OS-FLV-DISABLED:disabled": false, "vcpus": 1, "swap": "", "os-flavor-access:is_public": true, "rxtx_factor": 1.0, "OS-FLV-EXT-DATA:ephemeral": 0, "disk": 1, "id": "03200362-707e-4b76-b640-14a02d29defb"}, {"name": "rally_full-flavor_alt_69c70ed9-e367-47ee-8fdb-e5d9c6909511", "links": [{"href": "http://172.30.9.29:8774/v2.1/flavors/3a23e566-04bc-4cd7-b737-4f7ade348962", "rel": "self"}, {"href": "http://172.30.9.29:8774/flavors/3a23e566-04bc-4cd7-b737-4f7ade348962", "rel": "bookmark"}], "ram": 1024, "OS-FLV-DISABLED:disabled": false, "vcpus": 1, "swap": "", "os-flavor-access:is_public": true, "rxtx_factor": 1.0, "OS-FLV-EXT-DATA:ephemeral": 0, "disk": 1, "id": "3a23e566-04bc-4cd7-b737-4f7ade348962"}]} _http_log_response /usr/lib/python2.7/site-packages/keystoneauth1/session.py:511
2019-07-26 19:00:15.708 660 DEBUG novaclient.v2.client [-] GET call to compute for http://172.30.9.29:8774/v2.1/flavors/detail used request id req-b2c52315-5a31-4ec4-a80a-89677b4e67fd request /usr/lib/python2.7/site-packages/keystoneauth1/session.py:844
2019-07-26 19:00:15.709 660 DEBUG novaclient.v2.client [-] REQ: curl -g -i -X GET http://172.30.9.29:8774/v2.1/flavors/detail -H "Accept: application/json" -H "User-Agent: python-novaclient" -H "X-Auth-Token: {SHA1}3c61c3cd156e44b04d40002245918134214f0db7" _http_log_request /usr/lib/python2.7/site-packages/keystoneauth1/session.py:448
2019-07-26 19:00:15.719 661 DEBUG novaclient.v2.client [-] RESP: [200] Content-Encoding: gzip Content-Length: 364 Content-Type: application/json Date: Fri, 26 Jul 2019 19:00:15 GMT OpenStack-API-Version: compute 2.1 Server: Apache Vary: OpenStack-API-Version,X-OpenStack-Nova-API-Version,Accept-Encoding X-OpenStack-Nova-API-Version: 2.1 x-compute-request-id: req-344bb94a-adcb-4d8f-9056-87002b5a2937 x-openstack-request-id: req-344bb94a-adcb-4d8f-9056-87002b5a2937 _http_log_response /usr/lib/python2.7/site-packages/keystoneauth1/session.py:479
2019-07-26 19:00:15.719 661 DEBUG novaclient.v2.client [-] RESP BODY: {"flavors": [{"name": "rally_full-flavor_69c70ed9-e367-47ee-8fdb-e5d9c6909511", "links": [{"href": "http://172.30.9.29:8774/v2.1/flavors/03200362-707e-4b76-b640-14a02d29defb", "rel": "self"}, {"href": "http://172.30.9.29:8774/flavors/03200362-707e-4b76-b640-14a02d29defb", "rel": "bookmark"}], "ram": 512, "OS-FLV-DISABLED:disabled": false, "vcpus": 1, "swap": "", "os-flavor-access:is_public": true, "rxtx_factor": 1.0, "OS-FLV-EXT-DATA:ephemeral": 0, "disk": 1, "id": "03200362-707e-4b76-b640-14a02d29defb"}, {"name": "rally_full-flavor_alt_69c70ed9-e367-47ee-8fdb-e5d9c6909511", "links": [{"href": "http://172.30.9.29:8774/v2.1/flavors/3a23e566-04bc-4cd7-b737-4f7ade348962", "rel": "self"}, {"href": "http://172.30.9.29:8774/flavors/3a23e566-04bc-4cd7-b737-4f7ade348962", "rel": "bookmark"}], "ram": 1024, "OS-FLV-DISABLED:disabled": false, "vcpus": 1, "swap": "", "os-flavor-access:is_public": true, "rxtx_factor": 1.0, "OS-FLV-EXT-DATA:ephemeral": 0, "disk": 1, "id": "3a23e566-04bc-4cd7-b737-4f7ade348962"}]} _http_log_response /usr/lib/python2.7/site-packages/keystoneauth1/session.py:511
2019-07-26 19:00:15.720 661 DEBUG novaclient.v2.client [-] GET call to compute for http://172.30.9.29:8774/v2.1/flavors/detail used request id req-344bb94a-adcb-4d8f-9056-87002b5a2937 request /usr/lib/python2.7/site-packages/keystoneauth1/session.py:844
2019-07-26 19:00:15.721 661 INFO rally.task.runner [-] Task 063c6026-d378-4501-8f82-528d0acdd7de | ITER: 2 END: OK
2019-07-26 19:00:15.724 661 INFO rally.task.runner [-] Task 063c6026-d378-4501-8f82-528d0acdd7de | ITER: 5 START
2019-07-26 19:00:15.736 660 DEBUG novaclient.v2.client [-] RESP: [200] Content-Encoding: gzip Content-Length: 364 Content-Type: application/json Date: Fri, 26 Jul 2019 19:00:15 GMT OpenStack-API-Version: compute 2.1 Server: Apache Vary: OpenStack-API-Version,X-OpenStack-Nova-API-Version,Accept-Encoding X-OpenStack-Nova-API-Version: 2.1 x-compute-request-id: req-9541db6e-f0fc-4f13-9b05-be743258ca2c x-openstack-request-id: req-9541db6e-f0fc-4f13-9b05-be743258ca2c _http_log_response /usr/lib/python2.7/site-packages/keystoneauth1/session.py:479
2019-07-26 19:00:15.737 660 DEBUG novaclient.v2.client [-] RESP BODY: {"flavors": [{"name": "rally_full-flavor_69c70ed9-e367-47ee-8fdb-e5d9c6909511", "links": [{"href": "http://172.30.9.29:8774/v2.1/flavors/03200362-707e-4b76-b640-14a02d29defb", "rel": "self"}, {"href": "http://172.30.9.29:8774/flavors/03200362-707e-4b76-b640-14a02d29defb", "rel": "bookmark"}], "ram": 512, "OS-FLV-DISABLED:disabled": false, "vcpus": 1, "swap": "", "os-flavor-access:is_public": true, "rxtx_factor": 1.0, "OS-FLV-EXT-DATA:ephemeral": 0, "disk": 1, "id": "03200362-707e-4b76-b640-14a02d29defb"}, {"name": "rally_full-flavor_alt_69c70ed9-e367-47ee-8fdb-e5d9c6909511", "links": [{"href": "http://172.30.9.29:8774/v2.1/flavors/3a23e566-04bc-4cd7-b737-4f7ade348962", "rel": "self"}, {"href": "http://172.30.9.29:8774/flavors/3a23e566-04bc-4cd7-b737-4f7ade348962", "rel": "bookmark"}], "ram": 1024, "OS-FLV-DISABLED:disabled": false, "vcpus": 1, "swap": "", "os-flavor-access:is_public": true, "rxtx_factor": 1.0, "OS-FLV-EXT-DATA:ephemeral": 0, "disk": 1, "id": "3a23e566-04bc-4cd7-b737-4f7ade348962"}]} _http_log_response /usr/lib/python2.7/site-packages/keystoneauth1/session.py:511
2019-07-26 19:00:15.737 660 DEBUG novaclient.v2.client [-] GET call to compute for http://172.30.9.29:8774/v2.1/flavors/detail used request id req-9541db6e-f0fc-4f13-9b05-be743258ca2c request /usr/lib/python2.7/site-packages/keystoneauth1/session.py:844
2019-07-26 19:00:15.738 660 INFO rally.task.runner [-] Task 063c6026-d378-4501-8f82-528d0acdd7de | ITER: 1 END: OK
2019-07-26 19:00:15.742 660 INFO rally.task.runner [-] Task 063c6026-d378-4501-8f82-528d0acdd7de | ITER: 6 START
2019-07-26 19:00:15.793 662 DEBUG novaclient.v2.client [-] RESP: [200] Content-Encoding: gzip Content-Length: 364 Content-Type: application/json Date: Fri, 26 Jul 2019 19:00:15 GMT OpenStack-API-Version: compute 2.1 Server: Apache Vary: OpenStack-API-Version,X-OpenStack-Nova-API-Version,Accept-Encoding X-OpenStack-Nova-API-Version: 2.1 x-compute-request-id: req-f3892a89-485b-452f-961e-ff0d8c49265f x-openstack-request-id: req-f3892a89-485b-452f-961e-ff0d8c49265f _http_log_response /usr/lib/python2.7/site-packages/keystoneauth1/session.py:479
2019-07-26 19:00:15.794 662 DEBUG novaclient.v2.client [-] RESP BODY: {"flavors": [{"name": "rally_full-flavor_69c70ed9-e367-47ee-8fdb-e5d9c6909511", "links": [{"href": "http://172.30.9.29:8774/v2.1/flavors/03200362-707e-4b76-b640-14a02d29defb", "rel": "self"}, {"href": "http://172.30.9.29:8774/flavors/03200362-707e-4b76-b640-14a02d29defb", "rel": "bookmark"}], "ram": 512, "OS-FLV-DISABLED:disabled": false, "vcpus": 1, "swap": "", "os-flavor-access:is_public": true, "rxtx_factor": 1.0, "OS-FLV-EXT-DATA:ephemeral": 0, "disk": 1, "id": "03200362-707e-4b76-b640-14a02d29defb"}, {"name": "rally_full-flavor_alt_69c70ed9-e367-47ee-8fdb-e5d9c6909511", "links": [{"href": "http://172.30.9.29:8774/v2.1/flavors/3a23e566-04bc-4cd7-b737-4f7ade348962", "rel": "self"}, {"href": "http://172.30.9.29:8774/flavors/3a23e566-04bc-4cd7-b737-4f7ade348962", "rel": "bookmark"}], "ram": 1024, "OS-FLV-DISABLED:disabled": false, "vcpus": 1, "swap": "", "os-flavor-access:is_public": true, "rxtx_factor": 1.0, "OS-FLV-EXT-DATA:ephemeral": 0, "disk": 1, "id": "3a23e566-04bc-4cd7-b737-4f7ade348962"}]} _http_log_response /usr/lib/python2.7/site-packages/keystoneauth1/session.py:511
2019-07-26 19:00:15.794 662 DEBUG novaclient.v2.client [-] GET call to compute for http://172.30.9.29:8774/v2.1/flavors/detail used request id req-f3892a89-485b-452f-961e-ff0d8c49265f request /usr/lib/python2.7/site-packages/keystoneauth1/session.py:844
2019-07-26 19:00:15.795 662 DEBUG novaclient.v2.client [-] REQ: curl -g -i -X GET http://172.30.9.29:8774/v2.1/flavors/detail -H "Accept: application/json" -H "User-Agent: python-novaclient" -H "X-Auth-Token: {SHA1}79a0bf64e8726bdbcc36edce9862a00306eef743" _http_log_request /usr/lib/python2.7/site-packages/keystoneauth1/session.py:448
2019-07-26 19:00:15.799 663 DEBUG novaclient.v2.client [-] RESP: [200] Content-Encoding: gzip Content-Length: 364 Content-Type: application/json Date: Fri, 26 Jul 2019 19:00:15 GMT OpenStack-API-Version: compute 2.1 Server: Apache Vary: OpenStack-API-Version,X-OpenStack-Nova-API-Version,Accept-Encoding X-OpenStack-Nova-API-Version: 2.1 x-compute-request-id: req-212d21ce-9b5f-4cf0-a798-e4785d4355ac x-openstack-request-id: req-212d21ce-9b5f-4cf0-a798-e4785d4355ac _http_log_response /usr/lib/python2.7/site-packages/keystoneauth1/session.py:479
2019-07-26 19:00:15.800 663 DEBUG novaclient.v2.client [-] RESP BODY: {"flavors": [{"name": "rally_full-flavor_69c70ed9-e367-47ee-8fdb-e5d9c6909511", "links": [{"href": "http://172.30.9.29:8774/v2.1/flavors/03200362-707e-4b76-b640-14a02d29defb", "rel": "self"}, {"href": "http://172.30.9.29:8774/flavors/03200362-707e-4b76-b640-14a02d29defb", "rel": "bookmark"}], "ram": 512, "OS-FLV-DISABLED:disabled": false, "vcpus": 1, "swap": "", "os-flavor-access:is_public": true, "rxtx_factor": 1.0, "OS-FLV-EXT-DATA:ephemeral": 0, "disk": 1, "id": "03200362-707e-4b76-b640-14a02d29defb"}, {"name": "rally_full-flavor_alt_69c70ed9-e367-47ee-8fdb-e5d9c6909511", "links": [{"href": "http://172.30.9.29:8774/v2.1/flavors/3a23e566-04bc-4cd7-b737-4f7ade348962", "rel": "self"}, {"href": "http://172.30.9.29:8774/flavors/3a23e566-04bc-4cd7-b737-4f7ade348962", "rel": "bookmark"}], "ram": 1024, "OS-FLV-DISABLED:disabled": false, "vcpus": 1, "swap": "", "os-flavor-access:is_public": true, "rxtx_factor": 1.0, "OS-FLV-EXT-DATA:ephemeral": 0, "disk": 1, "id": "3a23e566-04bc-4cd7-b737-4f7ade348962"}]} _http_log_response /usr/lib/python2.7/site-packages/keystoneauth1/session.py:511
2019-07-26 19:00:15.800 663 DEBUG novaclient.v2.client [-] GET call to compute for http://172.30.9.29:8774/v2.1/flavors/detail used request id req-212d21ce-9b5f-4cf0-a798-e4785d4355ac request /usr/lib/python2.7/site-packages/keystoneauth1/session.py:844
2019-07-26 19:00:15.801 663 DEBUG novaclient.v2.client [-] REQ: curl -g -i -X GET http://172.30.9.29:8774/v2.1/flavors/detail -H "Accept: application/json" -H "User-Agent: python-novaclient" -H "X-Auth-Token: {SHA1}c89753c1e677681b1235eca484073d39d74e0276" _http_log_request /usr/lib/python2.7/site-packages/keystoneauth1/session.py:448
2019-07-26 19:00:15.817 662 DEBUG novaclient.v2.client [-] RESP: [200] Content-Encoding: gzip Content-Length: 364 Content-Type: application/json Date: Fri, 26 Jul 2019 19:00:15 GMT OpenStack-API-Version: compute 2.1 Server: Apache Vary: OpenStack-API-Version,X-OpenStack-Nova-API-Version,Accept-Encoding X-OpenStack-Nova-API-Version: 2.1 x-compute-request-id: req-f48c53fe-7671-4eb6-9a0d-f9c782756eb8 x-openstack-request-id: req-f48c53fe-7671-4eb6-9a0d-f9c782756eb8 _http_log_response /usr/lib/python2.7/site-packages/keystoneauth1/session.py:479
2019-07-26 19:00:15.818 662 DEBUG novaclient.v2.client [-] RESP BODY: {"flavors": [{"name": "rally_full-flavor_69c70ed9-e367-47ee-8fdb-e5d9c6909511", "links": [{"href": "http://172.30.9.29:8774/v2.1/flavors/03200362-707e-4b76-b640-14a02d29defb", "rel": "self"}, {"href": "http://172.30.9.29:8774/flavors/03200362-707e-4b76-b640-14a02d29defb", "rel": "bookmark"}], "ram": 512, "OS-FLV-DISABLED:disabled": false, "vcpus": 1, "swap": "", "os-flavor-access:is_public": true, "rxtx_factor": 1.0, "OS-FLV-EXT-DATA:ephemeral": 0, "disk": 1, "id": "03200362-707e-4b76-b640-14a02d29defb"}, {"name": "rally_full-flavor_alt_69c70ed9-e367-47ee-8fdb-e5d9c6909511", "links": [{"href": "http://172.30.9.29:8774/v2.1/flavors/3a23e566-04bc-4cd7-b737-4f7ade348962", "rel": "self"}, {"href": "http://172.30.9.29:8774/flavors/3a23e566-04bc-4cd7-b737-4f7ade348962", "rel": "bookmark"}], "ram": 1024, "OS-FLV-DISABLED:disabled": false, "vcpus": 1, "swap": "", "os-flavor-access:is_public": true, "rxtx_factor": 1.0, "OS-FLV-EXT-DATA:ephemeral": 0, "disk": 1, "id": "3a23e566-04bc-4cd7-b737-4f7ade348962"}]} _http_log_response /usr/lib/python2.7/site-packages/keystoneauth1/session.py:511
2019-07-26 19:00:15.818 662 DEBUG novaclient.v2.client [-] GET call to compute for http://172.30.9.29:8774/v2.1/flavors/detail used request id req-f48c53fe-7671-4eb6-9a0d-f9c782756eb8 request /usr/lib/python2.7/site-packages/keystoneauth1/session.py:844
