2019-07-26 19:21:03.574 1842 DEBUG novaclient.v2.client [-] REQ: curl -g -i -X GET http://172.30.9.29:8774/v2.1/os-server-groups -H "Accept: application/json" -H "User-Agent: python-novaclient" -H "X-Auth-Token: {SHA1}98a3a38c5350d5442eadda7ad7ebf134cb9e2836" _http_log_request /usr/lib/python2.7/site-packages/keystoneauth1/session.py:448
2019-07-26 19:21:03.795 1842 DEBUG novaclient.v2.client [-] RESP: [200] Content-Length: 21 Content-Type: application/json Date: Fri, 26 Jul 2019 19:21:03 GMT OpenStack-API-Version: compute 2.1 Server: Apache Vary: OpenStack-API-Version,X-OpenStack-Nova-API-Version X-OpenStack-Nova-API-Version: 2.1 x-compute-request-id: req-7ee82621-fee6-4f1a-9acd-eabb47128763 x-openstack-request-id: req-7ee82621-fee6-4f1a-9acd-eabb47128763 _http_log_response /usr/lib/python2.7/site-packages/keystoneauth1/session.py:479
2019-07-26 19:21:03.795 1842 DEBUG novaclient.v2.client [-] RESP BODY: {"server_groups": []} _http_log_response /usr/lib/python2.7/site-packages/keystoneauth1/session.py:511
2019-07-26 19:21:03.795 1842 DEBUG novaclient.v2.client [-] GET call to compute for http://172.30.9.29:8774/v2.1/os-server-groups used request id req-7ee82621-fee6-4f1a-9acd-eabb47128763 request /usr/lib/python2.7/site-packages/keystoneauth1/session.py:844
2019-07-26 19:21:04.236 1842 DEBUG novaclient.v2.client [-] REQ: curl -g -i -X GET http://172.30.9.29:8774/v2.1/os-server-groups -H "Accept: application/json" -H "User-Agent: python-novaclient" -H "X-Auth-Token: {SHA1}2dc0297a931db5f9e59b1f656e90dcfd6655b00c" _http_log_request /usr/lib/python2.7/site-packages/keystoneauth1/session.py:448
2019-07-26 19:21:04.472 1842 DEBUG novaclient.v2.client [-] RESP: [200] Content-Length: 21 Content-Type: application/json Date: Fri, 26 Jul 2019 19:21:04 GMT OpenStack-API-Version: compute 2.1 Server: Apache Vary: OpenStack-API-Version,X-OpenStack-Nova-API-Version X-OpenStack-Nova-API-Version: 2.1 x-compute-request-id: req-f9a4f5fa-5761-4472-9f1e-640af913999b x-openstack-request-id: req-f9a4f5fa-5761-4472-9f1e-640af913999b _http_log_response /usr/lib/python2.7/site-packages/keystoneauth1/session.py:479
2019-07-26 19:21:04.473 1842 DEBUG novaclient.v2.client [-] RESP BODY: {"server_groups": []} _http_log_response /usr/lib/python2.7/site-packages/keystoneauth1/session.py:511
2019-07-26 19:21:04.473 1842 DEBUG novaclient.v2.client [-] GET call to compute for http://172.30.9.29:8774/v2.1/os-server-groups used request id req-f9a4f5fa-5761-4472-9f1e-640af913999b request /usr/lib/python2.7/site-packages/keystoneauth1/session.py:844
2019-07-26 19:21:04.480 1842 RALLYDEBUG rally_openstack.cleanup.manager [-] Cleaning up nova keypairs objects
2019-07-26 19:21:04.905 1842 DEBUG novaclient.v2.client [-] REQ: curl -g -i -X GET http://172.30.9.29:8774/v2.1/os-keypairs -H "Accept: application/json" -H "User-Agent: python-novaclient" -H "X-Auth-Token: {SHA1}bb8d3bb66faed6d24da9a72f4604709ca3dda1f9" _http_log_request /usr/lib/python2.7/site-packages/keystoneauth1/session.py:448
2019-07-26 19:21:05.211 1842 DEBUG novaclient.v2.client [-] RESP: [200] Content-Length: 16 Content-Type: application/json Date: Fri, 26 Jul 2019 19:21:04 GMT OpenStack-API-Version: compute 2.1 Server: Apache Vary: OpenStack-API-Version,X-OpenStack-Nova-API-Version X-OpenStack-Nova-API-Version: 2.1 x-compute-request-id: req-371139f5-1b72-467a-8980-c65a1059dede x-openstack-request-id: req-371139f5-1b72-467a-8980-c65a1059dede _http_log_response /usr/lib/python2.7/site-packages/keystoneauth1/session.py:479
2019-07-26 19:21:05.211 1842 DEBUG novaclient.v2.client [-] RESP BODY: {"keypairs": []} _http_log_response /usr/lib/python2.7/site-packages/keystoneauth1/session.py:511
2019-07-26 19:21:05.212 1842 DEBUG novaclient.v2.client [-] GET call to compute for http://172.30.9.29:8774/v2.1/os-keypairs used request id req-371139f5-1b72-467a-8980-c65a1059dede request /usr/lib/python2.7/site-packages/keystoneauth1/session.py:844
2019-07-26 19:21:05.733 1842 DEBUG novaclient.v2.client [-] REQ: curl -g -i -X GET http://172.30.9.29:8774/v2.1/os-keypairs -H "Accept: application/json" -H "User-Agent: python-novaclient" -H "X-Auth-Token: {SHA1}74f813e4c620f5169207db7d46009d2463a7c57e" _http_log_request /usr/lib/python2.7/site-packages/keystoneauth1/session.py:448
2019-07-26 19:21:06.065 1842 DEBUG novaclient.v2.client [-] RESP: [200] Content-Length: 16 Content-Type: application/json Date: Fri, 26 Jul 2019 19:21:05 GMT OpenStack-API-Version: compute 2.1 Server: Apache Vary: OpenStack-API-Version,X-OpenStack-Nova-API-Version X-OpenStack-Nova-API-Version: 2.1 x-compute-request-id: req-68f03a77-00c9-4dd2-819b-bd637042bc5f x-openstack-request-id: req-68f03a77-00c9-4dd2-819b-bd637042bc5f _http_log_response /usr/lib/python2.7/site-packages/keystoneauth1/session.py:479
2019-07-26 19:21:06.066 1842 DEBUG novaclient.v2.client [-] RESP BODY: {"keypairs": []} _http_log_response /usr/lib/python2.7/site-packages/keystoneauth1/session.py:511
2019-07-26 19:21:06.066 1842 DEBUG novaclient.v2.client [-] GET call to compute for http://172.30.9.29:8774/v2.1/os-keypairs used request id req-68f03a77-00c9-4dd2-819b-bd637042bc5f request /usr/lib/python2.7/site-packages/keystoneauth1/session.py:844
2019-07-26 19:21:06.500 1842 DEBUG novaclient.v2.client [-] REQ: curl -g -i -X GET http://172.30.9.29:8774/v2.1/os-keypairs -H "Accept: application/json" -H "User-Agent: python-novaclient" -H "X-Auth-Token: {SHA1}471145288c8e3e1c9a585b7354415dedb0c933a5" _http_log_request /usr/lib/python2.7/site-packages/keystoneauth1/session.py:448
2019-07-26 19:21:06.806 1842 DEBUG novaclient.v2.client [-] RESP: [200] Content-Length: 16 Content-Type: application/json Date: Fri, 26 Jul 2019 19:21:06 GMT OpenStack-API-Version: compute 2.1 Server: Apache Vary: OpenStack-API-Version,X-OpenStack-Nova-API-Version X-OpenStack-Nova-API-Version: 2.1 x-compute-request-id: req-248aed93-6674-4d82-957b-7366376051e9 x-openstack-request-id: req-248aed93-6674-4d82-957b-7366376051e9 _http_log_response /usr/lib/python2.7/site-packages/keystoneauth1/session.py:479
2019-07-26 19:21:06.806 1842 DEBUG novaclient.v2.client [-] RESP BODY: {"keypairs": []} _http_log_response /usr/lib/python2.7/site-packages/keystoneauth1/session.py:511
2019-07-26 19:21:06.806 1842 DEBUG novaclient.v2.client [-] GET call to compute for http://172.30.9.29:8774/v2.1/os-keypairs used request id req-248aed93-6674-4d82-957b-7366376051e9 request /usr/lib/python2.7/site-packages/keystoneauth1/session.py:844
2019-07-26 19:21:07.234 1842 DEBUG novaclient.v2.client [-] REQ: curl -g -i -X GET http://172.30.9.29:8774/v2.1/os-keypairs -H "Accept: application/json" -H "User-Agent: python-novaclient" -H "X-Auth-Token: {SHA1}467c8ca987873502c14926fc1a7c9e8c66567692" _http_log_request /usr/lib/python2.7/site-packages/keystoneauth1/session.py:448
2019-07-26 19:21:07.538 1842 DEBUG novaclient.v2.client [-] RESP: [200] Content-Length: 16 Content-Type: application/json Date: Fri, 26 Jul 2019 19:21:07 GMT OpenStack-API-Version: compute 2.1 Server: Apache Vary: OpenStack-API-Version,X-OpenStack-Nova-API-Version X-OpenStack-Nova-API-Version: 2.1 x-compute-request-id: req-66c5354b-cb39-4fcc-9a17-0c7b7b51acfd x-openstack-request-id: req-66c5354b-cb39-4fcc-9a17-0c7b7b51acfd _http_log_response /usr/lib/python2.7/site-packages/keystoneauth1/session.py:479
2019-07-26 19:21:07.538 1842 DEBUG novaclient.v2.client [-] RESP BODY: {"keypairs": []} _http_log_response /usr/lib/python2.7/site-packages/keystoneauth1/session.py:511
2019-07-26 19:21:07.539 1842 DEBUG novaclient.v2.client [-] GET call to compute for http://172.30.9.29:8774/v2.1/os-keypairs used request id req-66c5354b-cb39-4fcc-9a17-0c7b7b51acfd request /usr/lib/python2.7/site-packages/keystoneauth1/session.py:844
2019-07-26 19:21:07.961 1842 DEBUG novaclient.v2.client [-] REQ: curl -g -i -X GET http://172.30.9.29:8774/v2.1/os-keypairs -H "Accept: application/json" -H "User-Agent: python-novaclient" -H "X-Auth-Token: {SHA1}e4b3f386eec82b6fafb9c7fb9cdd87f210d65d0f" _http_log_request /usr/lib/python2.7/site-packages/keystoneauth1/session.py:448
2019-07-26 19:21:08.248 1842 DEBUG novaclient.v2.client [-] RESP: [200] Content-Length: 16 Content-Type: application/json Date: Fri, 26 Jul 2019 19:21:07 GMT OpenStack-API-Version: compute 2.1 Server: Apache Vary: OpenStack-API-Version,X-OpenStack-Nova-API-Version X-OpenStack-Nova-API-Version: 2.1 x-compute-request-id: req-7dfc8993-80d8-431a-a2c6-8473b1d0bae5 x-openstack-request-id: req-7dfc8993-80d8-431a-a2c6-8473b1d0bae5 _http_log_response /usr/lib/python2.7/site-packages/keystoneauth1/session.py:479
2019-07-26 19:21:08.249 1842 DEBUG novaclient.v2.client [-] RESP BODY: {"keypairs": []} _http_log_response /usr/lib/python2.7/site-packages/keystoneauth1/session.py:511
2019-07-26 19:21:08.249 1842 DEBUG novaclient.v2.client [-] GET call to compute for http://172.30.9.29:8774/v2.1/os-keypairs used request id req-7dfc8993-80d8-431a-a2c6-8473b1d0bae5 request /usr/lib/python2.7/site-packages/keystoneauth1/session.py:844
2019-07-26 19:21:08.679 1842 DEBUG novaclient.v2.client [-] REQ: curl -g -i -X GET http://172.30.9.29:8774/v2.1/os-keypairs -H "Accept: application/json" -H "User-Agent: python-novaclient" -H "X-Auth-Token: {SHA1}3e53265990914bdc42c2f7b6db7f5cf88cdc99c5" _http_log_request /usr/lib/python2.7/site-packages/keystoneauth1/session.py:448
2019-07-26 19:21:08.993 1842 DEBUG novaclient.v2.client [-] RESP: [200] Content-Length: 16 Content-Type: application/json Date: Fri, 26 Jul 2019 19:21:08 GMT OpenStack-API-Version: compute 2.1 Server: Apache Vary: OpenStack-API-Version,X-OpenStack-Nova-API-Version X-OpenStack-Nova-API-Version: 2.1 x-compute-request-id: req-7ceba8c2-8d07-4505-844b-48cd1ce20af9 x-openstack-request-id: req-7ceba8c2-8d07-4505-844b-48cd1ce20af9 _http_log_response /usr/lib/python2.7/site-packages/keystoneauth1/session.py:479
2019-07-26 19:21:08.993 1842 DEBUG novaclient.v2.client [-] RESP BODY: {"keypairs": []} _http_log_response /usr/lib/python2.7/site-packages/keystoneauth1/session.py:511
2019-07-26 19:21:08.993 1842 DEBUG novaclient.v2.client [-] GET call to compute for http://172.30.9.29:8774/v2.1/os-keypairs used request id req-7ceba8c2-8d07-4505-844b-48cd1ce20af9 request /usr/lib/python2.7/site-packages/keystoneauth1/session.py:844
2019-07-26 19:21:09.000 1842 RALLYDEBUG rally_openstack.cleanup.manager [-] Cleaning up cinder backups objects
2019-07-26 19:21:11.137 1842 RALLYDEBUG rally_openstack.cleanup.manager [-] Cleaning up cinder volume_snapshots objects
2019-07-26 19:21:13.365 1842 RALLYDEBUG rally_openstack.cleanup.manager [-] Cleaning up cinder transfers objects
2019-07-26 19:21:15.674 1842 RALLYDEBUG rally_openstack.cleanup.manager [-] Cleaning up cinder volumes objects
2019-07-26 19:21:17.848 1842 INFO rally.task.context [-] Task 5836c755-2f13-426a-9895-4b618997a64f | Context cleanup@openstack cleanup() finished in 17.89 sec
2019-07-26 19:21:17.848 1842 INFO rally.task.context [-] Task 5836c755-2f13-426a-9895-4b618997a64f | Context quotas@openstack cleanup() started
2019-07-26 19:21:18.795 1842 INFO rally.task.context [-] Task 5836c755-2f13-426a-9895-4b618997a64f | Context quotas@openstack cleanup() finished in 0.95 sec
2019-07-26 19:21:18.795 1842 INFO rally.task.context [-] Task 5836c755-2f13-426a-9895-4b618997a64f | Context api_versions@openstack cleanup() started
2019-07-26 19:21:18.796 1842 INFO rally.task.context [-] Task 5836c755-2f13-426a-9895-4b618997a64f | Context api_versions@openstack cleanup() finished in 0.32 msec
2019-07-26 19:21:18.796 1842 INFO rally.task.context [-] Task 5836c755-2f13-426a-9895-4b618997a64f | Context users@openstack cleanup() started
2019-07-26 19:21:26.690 1842 INFO rally.task.context [-] Task 5836c755-2f13-426a-9895-4b618997a64f | Context users@openstack cleanup() finished in 7.89 sec
2019-07-26 19:21:27.685 1842 INFO rally.task.engine [-] Load duration is: 109.15563
2019-07-26 19:21:27.686 1842 INFO rally.task.engine [-] Full runner duration is: 110.204357
2019-07-26 19:21:27.686 1842 INFO rally.task.engine [-] Full duration is: 145.533408
2019-07-26 19:21:27.949 1842 INFO rally.task.engine [-] Running workload: position = 0 config = { "version": 2, "title": "A cropped version of a bigger task.", "description": "Auto-generated task from a single workload (uuid=589a091a-e0a1-4bac-8eb9-0d1fd1b52853)", "subtasks": [ { "title": "CinderVolumes.create_volume", "description": "Create a volume.", "scenario": { "CinderVolumes.create_volume": { "size": 1 } }, "contexts": { "users": { "tenants": 3, "users_per_tenant": 2 }, "api_versions": { "cinder": { "version": 3, "service_type": "volumev3" } } }, "runner": { "constant": { "concurrency": 4, "times": 10 } }, "hooks": [], "sla": { "failure_rate": { "max": 0 } } } ] }
2019-07-26 19:21:27.973 1842 RALLYDEBUG rally_openstack.contexts.keystone.users [-] Creating 3 tenants using 20 threads
2019-07-26 19:21:29.983 1842 RALLYDEBUG rally_openstack.contexts.keystone.users [-] Creating 6 users using 20 threads
2019-07-26 19:21:32.911 1842 INFO rally.task.context [-] Task 5836c755-2f13-426a-9895-4b618997a64f | Context users@openstack setup() finished in 4.94 sec
2019-07-26 19:21:33.345 1842 INFO rally.task.context [-] Task 5836c755-2f13-426a-9895-4b618997a64f | Context api_versions@openstack setup() finished in 0.43 sec
2019-07-26 19:21:33.346 1842 INFO rally.task.context [-] Task 5836c755-2f13-426a-9895-4b618997a64f | Context cleanup@openstack setup() finished in 0.00 msec
2019-07-26 19:21:33.353 1842 RALLYDEBUG rally.task.runner [-] Starting the constant runner (task UUID: 5836c755-2f13-426a-9895-4b618997a64f). timeout: 0 concurrency: 4 concurrency_per_worker: 1 times: 10 concurrency_overhead: 0 processes_to_start: 4 max_cpu_used: 16
2019-07-26 19:21:33.365 3474 RALLYDEBUG rally.task.runner [-] Starting a worker. concurrency: 1 args: {"size": 1} times: 10 method_name: run timeout: 0 duration: None cls:
2019-07-26 19:21:33.371 3475 RALLYDEBUG rally.task.runner [-] Starting a worker. concurrency: 1 args: {"size": 1} times: 10 method_name: run timeout: 0 duration: None cls:
2019-07-26 19:21:33.372 3476 RALLYDEBUG rally.task.runner [-] Starting a worker. concurrency: 1 args: {"size": 1} times: 10 method_name: run timeout: 0 duration: None cls:
2019-07-26 19:21:33.373 3474 INFO rally.task.runner [-] Task 5836c755-2f13-426a-9895-4b618997a64f | ITER: 1 START
2019-07-26 19:21:33.375 3477 RALLYDEBUG rally.task.runner [-] Starting a worker. concurrency: 1 args: {"size": 1} times: 10 method_name: run timeout: 0 duration: None cls:
2019-07-26 19:21:33.379 3476 INFO rally.task.runner [-] Task 5836c755-2f13-426a-9895-4b618997a64f | ITER: 3 START
2019-07-26 19:21:33.381 3475 INFO rally.task.runner [-] Task 5836c755-2f13-426a-9895-4b618997a64f | ITER: 2 START
2019-07-26 19:21:33.382 3477 INFO rally.task.runner [-] Task 5836c755-2f13-426a-9895-4b618997a64f | ITER: 4 START
2019-07-26 19:21:36.901 3476 INFO rally.task.runner [-] Task 5836c755-2f13-426a-9895-4b618997a64f | ITER: 3 END: OK
2019-07-26 19:21:36.906 3476 INFO rally.task.runner [-] Task 5836c755-2f13-426a-9895-4b618997a64f | ITER: 5 START
2019-07-26 19:21:37.021 3475 INFO rally.task.runner [-] Task 5836c755-2f13-426a-9895-4b618997a64f | ITER: 2 END: OK
2019-07-26 19:21:37.026 3475 INFO rally.task.runner [-] Task 5836c755-2f13-426a-9895-4b618997a64f | ITER: 6 START
2019-07-26 19:21:37.129 3474 INFO rally.task.runner [-] Task 5836c755-2f13-426a-9895-4b618997a64f | ITER: 1 END: OK
2019-07-26 19:21:37.134 3474 INFO rally.task.runner [-] Task 5836c755-2f13-426a-9895-4b618997a64f | ITER: 7 START
2019-07-26 19:21:37.207 3477 INFO rally.task.runner [-] Task 5836c755-2f13-426a-9895-4b618997a64f | ITER: 4 END: OK
2019-07-26 19:21:37.213 3477 INFO rally.task.runner [-] Task 5836c755-2f13-426a-9895-4b618997a64f | ITER: 8 START
2019-07-26 19:21:40.470 3476 INFO rally.task.runner [-] Task 5836c755-2f13-426a-9895-4b618997a64f | ITER: 5 END: OK
2019-07-26 19:21:40.475 3476 INFO rally.task.runner [-] Task 5836c755-2f13-426a-9895-4b618997a64f | ITER: 9 START
2019-07-26 19:21:40.704 3475 INFO rally.task.runner [-] Task 5836c755-2f13-426a-9895-4b618997a64f | ITER: 6 END: OK
2019-07-26 19:21:40.707 3475 INFO rally.task.runner [-] Task 5836c755-2f13-426a-9895-4b618997a64f | ITER: 10 START
2019-07-26 19:21:40.937 3477 INFO rally.task.runner [-] Task 5836c755-2f13-426a-9895-4b618997a64f | ITER: 8 END: OK
2019-07-26 19:21:40.949 3474 INFO rally.task.runner [-] Task 5836c755-2f13-426a-9895-4b618997a64f | ITER: 7 END: OK
2019-07-26 19:21:44.101 3476 INFO rally.task.runner [-] Task 5836c755-2f13-426a-9895-4b618997a64f | ITER: 9 END: OK
2019-07-26 19:21:44.366 3475 INFO rally.task.runner [-] Task 5836c755-2f13-426a-9895-4b618997a64f | ITER: 10 END: OK
2019-07-26 19:21:44.386 1842 INFO rally.task.context [-] Task 5836c755-2f13-426a-9895-4b618997a64f | Context cleanup@openstack cleanup() started
2019-07-26 19:21:44.388 1842 RALLYDEBUG rally_openstack.cleanup.manager [-] Cleaning up cinder backups objects
2019-07-26 19:21:46.619 1842 RALLYDEBUG rally_openstack.cleanup.manager [-] Cleaning up cinder volume_snapshots objects
2019-07-26 19:21:48.928 1842 RALLYDEBUG rally_openstack.cleanup.manager [-] Cleaning up cinder transfers objects
2019-07-26 19:21:51.031 1842 RALLYDEBUG rally_openstack.cleanup.manager [-] Cleaning up cinder volumes objects
2019-07-26 19:21:53.471 1842 RALLYDEBUG rally_openstack.cleanup.manager [-] Deleting cinder.volumes object s_rally_589a091a_Zf54Wd9b (1c9c86fd-9b65-4ec2-8017-7d4d6a9acdf8)
2019-07-26 19:21:53.474 1842 RALLYDEBUG rally_openstack.cleanup.manager [-] Deleting cinder.volumes object s_rally_589a091a_Sl6pZlke (6664f12b-73e2-453c-880d-a0e28f7ab03e)
2019-07-26 19:21:53.477 1842 RALLYDEBUG rally_openstack.cleanup.manager [-] Deleting cinder.volumes object s_rally_589a091a_1NPcNoVO (1d64fb13-dd84-4d2c-9d60-bb25805ec0c0)
2019-07-26 19:21:53.478 1842 RALLYDEBUG rally_openstack.cleanup.manager [-] Deleting cinder.volumes object s_rally_589a091a_Y5eSpJ3V (8de64576-cbe8-4809-b759-1099de4b4e9b)
2019-07-26 19:21:53.482 1842 RALLYDEBUG rally_openstack.cleanup.manager [-] Deleting cinder.volumes object s_rally_589a091a_cecJxDye (4fdccfb5-6fcb-4f16-bff4-56374e8b38e2)
2019-07-26 19:21:53.486 1842 RALLYDEBUG rally_openstack.cleanup.manager [-] Deleting cinder.volumes object s_rally_589a091a_m3ucBaxE (3092d76a-e117-4b33-bd3f-ec4bc864d7f0)
2019-07-26 19:21:53.489 1842 RALLYDEBUG rally_openstack.cleanup.manager [-] Deleting cinder.volumes object s_rally_589a091a_OqDdpuxo (c14b6d5a-adf3-449c-abfd-92a82e79feab)
2019-07-26 19:21:53.492 1842 RALLYDEBUG rally_openstack.cleanup.manager [-] Deleting cinder.volumes object s_rally_589a091a_3WMxPhs8 (e1538e22-d2af-46ea-b5c8-9fbba981c2ed)
2019-07-26 19:21:53.497 1842 RALLYDEBUG rally_openstack.cleanup.manager [-] Deleting cinder.volumes object s_rally_589a091a_fj8DwVR9 (ffd9ac19-87e1-4c1c-9d1f-7f794e0733c7)
2019-07-26 19:21:53.497 1842 RALLYDEBUG rally_openstack.cleanup.manager [-] Deleting cinder.volumes object s_rally_589a091a_iThlNEeP (647b14eb-5e95-47f3-8556-e087611b23ad)
2019-07-26 19:21:58.135 1842 INFO rally.task.context [-] Task 5836c755-2f13-426a-9895-4b618997a64f | Context cleanup@openstack cleanup() finished in 13.75 sec
2019-07-26 19:21:58.136 1842 INFO rally.task.context [-] Task 5836c755-2f13-426a-9895-4b618997a64f | Context api_versions@openstack cleanup() started
2019-07-26 19:21:58.136 1842 INFO rally.task.context [-] Task 5836c755-2f13-426a-9895-4b618997a64f | Context api_versions@openstack cleanup() finished in 0.35 msec
2019-07-26 19:21:58.137 1842 INFO rally.task.context [-] Task 5836c755-2f13-426a-9895-4b618997a64f | Context users@openstack cleanup() started
2019-07-26 19:22:06.270 1842 INFO rally.task.context [-] Task 5836c755-2f13-426a-9895-4b618997a64f | Context users@openstack cleanup() finished in 8.13 sec
2019-07-26 19:22:08.159 1842 INFO rally.task.engine [-] Load duration is: 10.990141
2019-07-26 19:22:08.159 1842 INFO rally.task.engine [-] Full runner duration is: 11.033517
2019-07-26 19:22:08.160 1842 INFO rally.task.engine [-] Full duration is: 38.302542
2019-07-26 19:22:08.313 1842 INFO rally.task.engine [-] Running workload: position = 1 config = { "version": 2, "title": "A cropped version of a bigger task.", "description": "Auto-generated task from a single workload (uuid=9abdc91a-4ace-47a8-8481-707a2ad33a3e)", "subtasks": [ { "title": "CinderVolumes.create_volume", "description": "Create a volume.", "scenario": { "CinderVolumes.create_volume": { "size": { "min": 1, "max": 1 } } }, "contexts": { "users": { "tenants": 3, "users_per_tenant": 2 }, "quotas": { "cinder": { "gigabytes": -1, "snapshots": -1, "volumes": -1 } }, "api_versions": { "cinder": { "version": 3, "service_type": "volumev3" } } }, "runner": { "constant": { "concurrency": 4, "times": 10 } }, "hooks": [], "sla": { "failure_rate": { "max": 0 } } } ] }
2019-07-26 19:22:08.335 1842 RALLYDEBUG rally_openstack.contexts.keystone.users [-] Creating 3 tenants using 20 threads
2019-07-26 19:22:10.385 1842 RALLYDEBUG rally_openstack.contexts.keystone.users [-] Creating 6 users using 20 threads
2019-07-26 19:22:13.282 1842 INFO rally.task.context [-] Task 5836c755-2f13-426a-9895-4b618997a64f | Context users@openstack setup() finished in 4.95 sec
2019-07-26 19:22:13.712 1842 INFO rally.task.context [-] Task 5836c755-2f13-426a-9895-4b618997a64f | Context api_versions@openstack setup() finished in 0.43 sec
2019-07-26 19:22:15.444 1842 INFO rally.task.context [-] Task 5836c755-2f13-426a-9895-4b618997a64f | Context quotas@openstack setup() finished in 1.73 sec
2019-07-26 19:22:15.445 1842 INFO rally.task.context [-] Task 5836c755-2f13-426a-9895-4b618997a64f | Context cleanup@openstack setup() finished in 0.01 msec
2019-07-26 19:22:15.452 1842 RALLYDEBUG rally.task.runner [-] Starting the constant runner (task UUID: 5836c755-2f13-426a-9895-4b618997a64f). timeout: 0 concurrency: 4 concurrency_per_worker: 1 times: 10 concurrency_overhead: 0 processes_to_start: 4 max_cpu_used: 16
2019-07-26 19:22:15.466 3658 RALLYDEBUG rally.task.runner [-] Starting a worker. concurrency: 1 args: {"size": {"min": 1, "max": 1}} times: 10 method_name: run timeout: 0 duration: None cls:
2019-07-26 19:22:15.468 3659 RALLYDEBUG rally.task.runner [-] Starting a worker. concurrency: 1 args: {"size": {"min": 1, "max": 1}} times: 10 method_name: run timeout: 0 duration: None cls:
2019-07-26 19:22:15.472 3660 RALLYDEBUG rally.task.runner [-] Starting a worker. concurrency: 1 args: {"size": {"min": 1, "max": 1}} times: 10 method_name: run timeout: 0 duration: None cls:
2019-07-26 19:22:15.474 3658 INFO rally.task.runner [-] Task 5836c755-2f13-426a-9895-4b618997a64f | ITER: 1 START
2019-07-26 19:22:15.474 3661 RALLYDEBUG rally.task.runner [-] Starting a worker. concurrency: 1 args: {"size": {"min": 1, "max": 1}} times: 10 method_name: run timeout: 0 duration: None cls:
2019-07-26 19:22:15.477 3659 INFO rally.task.runner [-] Task 5836c755-2f13-426a-9895-4b618997a64f | ITER: 2 START
2019-07-26 19:22:15.479 3660 INFO rally.task.runner [-] Task 5836c755-2f13-426a-9895-4b618997a64f | ITER: 3 START
2019-07-26 19:22:15.482 3661 INFO rally.task.runner [-] Task 5836c755-2f13-426a-9895-4b618997a64f | ITER: 4 START
2019-07-26 19:22:18.961 3658 INFO rally.task.runner [-] Task 5836c755-2f13-426a-9895-4b618997a64f | ITER: 1 END: OK
2019-07-26 19:22:18.967 3658 INFO rally.task.runner [-] Task 5836c755-2f13-426a-9895-4b618997a64f | ITER: 5 START
2019-07-26 19:22:19.289 3660 INFO rally.task.runner [-] Task 5836c755-2f13-426a-9895-4b618997a64f | ITER: 3 END: OK
2019-07-26 19:22:19.295 3660 INFO rally.task.runner [-] Task 5836c755-2f13-426a-9895-4b618997a64f | ITER: 6 START
2019-07-26 19:22:19.383 3659 INFO rally.task.runner [-] Task 5836c755-2f13-426a-9895-4b618997a64f | ITER: 2 END: OK
2019-07-26 19:22:19.388 3659 INFO rally.task.runner [-] Task 5836c755-2f13-426a-9895-4b618997a64f | ITER: 7 START
2019-07-26 19:22:19.396 3661 INFO rally.task.runner [-] Task 5836c755-2f13-426a-9895-4b618997a64f | ITER: 4 END: OK
2019-07-26 19:22:19.402 3661 INFO rally.task.runner [-] Task 5836c755-2f13-426a-9895-4b618997a64f | ITER: 8 START
2019-07-26 19:22:22.444 3658 INFO rally.task.runner [-] Task 5836c755-2f13-426a-9895-4b618997a64f | ITER: 5 END: OK
2019-07-26 19:22:22.450 3658 INFO rally.task.runner [-] Task 5836c755-2f13-426a-9895-4b618997a64f | ITER: 9 START
2019-07-26 19:22:22.858 3660 INFO rally.task.runner [-] Task 5836c755-2f13-426a-9895-4b618997a64f | ITER: 6 END: OK
2019-07-26 19:22:22.863 3660 INFO rally.task.runner [-] Task 5836c755-2f13-426a-9895-4b618997a64f | ITER: 10 START
2019-07-26 19:22:23.075 3659 INFO rally.task.runner [-] Task 5836c755-2f13-426a-9895-4b618997a64f | ITER: 7 END: OK
2019-07-26 19:22:23.161 3661 INFO rally.task.runner [-] Task 5836c755-2f13-426a-9895-4b618997a64f | ITER: 8 END: OK
2019-07-26 19:22:26.164 3658 INFO rally.task.runner [-] Task 5836c755-2f13-426a-9895-4b618997a64f | ITER: 9 END: OK
2019-07-26 19:22:26.522 3660 INFO rally.task.runner [-] Task 5836c755-2f13-426a-9895-4b618997a64f | ITER: 10 END: OK
2019-07-26 19:22:26.551 1842 INFO rally.task.context [-] Task 5836c755-2f13-426a-9895-4b618997a64f | Context cleanup@openstack cleanup() started
2019-07-26 19:22:26.554 1842 RALLYDEBUG rally_openstack.cleanup.manager [-] Cleaning up cinder backups objects
2019-07-26 19:22:28.693 1842 RALLYDEBUG rally_openstack.cleanup.manager [-] Cleaning up cinder volume_snapshots objects
2019-07-26 19:22:30.915 1842 RALLYDEBUG rally_openstack.cleanup.manager [-] Cleaning up cinder transfers objects
2019-07-26 19:22:33.055 1842 RALLYDEBUG rally_openstack.cleanup.manager [-] Cleaning up cinder volumes objects
2019-07-26 19:22:35.490 1842 RALLYDEBUG rally_openstack.cleanup.manager [-] Deleting cinder.volumes object s_rally_9abdc91a_tIujwEiY (8cef7902-a8e3-4132-b35b-2da50d33931b)
2019-07-26 19:22:35.500 1842 RALLYDEBUG rally_openstack.cleanup.manager [-] Deleting cinder.volumes object s_rally_9abdc91a_Ua26yH5x (aa37cdc8-6ae5-4fc0-9e6e-402a1f5caade)
2019-07-26 19:22:35.501 1842 RALLYDEBUG rally_openstack.cleanup.manager [-] Deleting cinder.volumes object s_rally_9abdc91a_wZWiLNCQ (13d50d56-9e89-45a5-bbc4-eda83c118031)
2019-07-26 19:22:35.504 1842 RALLYDEBUG rally_openstack.cleanup.manager [-] Deleting cinder.volumes object s_rally_9abdc91a_QdBH6p1K (ca6db282-f7e0-452b-a593-3a4c66944163)
2019-07-26 19:22:35.506 1842 RALLYDEBUG rally_openstack.cleanup.manager [-] Deleting cinder.volumes object s_rally_9abdc91a_S9JGIIg5 (d79e3055-a81d-4bd7-abe8-b8fc081d2903)
2019-07-26 19:22:35.510 1842 RALLYDEBUG rally_openstack.cleanup.manager [-] Deleting cinder.volumes object s_rally_9abdc91a_C5whFPN5 (b6e9813d-7f86-4844-9e28-4e9829532da6)
2019-07-26 19:22:35.510 1842 RALLYDEBUG rally_openstack.cleanup.manager [-] Deleting cinder.volumes object s_rally_9abdc91a_sg2KEDIT (048e4b81-6148-45d9-9cc6-9adbcd98e4a6)
2019-07-26 19:22:35.527 1842 RALLYDEBUG rally_openstack.cleanup.manager [-] Deleting cinder.volumes object s_rally_9abdc91a_Sa6YdzFP (51afe305-a0c8-4184-8e8e-e37436e307c8)
2019-07-26 19:22:35.534 1842 RALLYDEBUG rally_openstack.cleanup.manager [-] Deleting cinder.volumes object s_rally_9abdc91a_moBZFHAN (898ac2ea-0cf6-4012-b9fd-7b3f5f0ebf0a)
2019-07-26 19:22:35.539 1842 RALLYDEBUG rally_openstack.cleanup.manager [-] Deleting cinder.volumes object s_rally_9abdc91a_HgctrRmH (0e1804f7-90e4-484b-80ee-4e0afbb830b0)
2019-07-26 19:22:39.240 1842 INFO rally.task.context [-] Task 5836c755-2f13-426a-9895-4b618997a64f | Context cleanup@openstack cleanup() finished in 12.69 sec
2019-07-26 19:22:39.240 1842 INFO rally.task.context [-] Task 5836c755-2f13-426a-9895-4b618997a64f | Context quotas@openstack cleanup() started
2019-07-26 19:22:40.221 1842 INFO rally.task.context [-] Task 5836c755-2f13-426a-9895-4b618997a64f | Context quotas@openstack cleanup() finished in 0.98 sec
2019-07-26 19:22:40.221 1842 INFO rally.task.context [-] Task 5836c755-2f13-426a-9895-4b618997a64f | Context api_versions@openstack cleanup() started
2019-07-26 19:22:40.222 1842 INFO rally.task.context [-] Task 5836c755-2f13-426a-9895-4b618997a64f | Context api_versions@openstack cleanup() finished in 0.32 msec
2019-07-26 19:22:40.222 1842 INFO rally.task.context [-] Task 5836c755-2f13-426a-9895-4b618997a64f | Context users@openstack cleanup() started
2019-07-26 19:22:48.390 1842 INFO rally.task.context [-] Task 5836c755-2f13-426a-9895-4b618997a64f | Context users@openstack cleanup() finished in 8.17 sec
2019-07-26 19:22:48.495 1842 INFO rally.task.engine [-] Load duration is: 11.043921
2019-07-26 19:22:48.495 1842 INFO rally.task.engine [-] Full runner duration is: 11.099326
2019-07-26 19:22:48.495 1842 INFO rally.task.engine [-] Full duration is: 40.059058
2019-07-26 19:22:48.738 1842 INFO rally.task.engine [-] Running workload: position = 0 config = { "version": 2, "title": "A cropped version of a bigger task.", "description": "Auto-generated task from a single workload (uuid=c5bfc5ef-6411-4e82-93e8-5a54448a27f1)", "subtasks": [ { "title": "CinderVolumes.list_volumes", "description": "List all volumes.", "scenario": { "CinderVolumes.list_volumes": { "detailed": true } }, "contexts": { "users": { "tenants": 3, "users_per_tenant": 2 }, "quotas": { "cinder": { "gigabytes": -1, "snapshots": -1, "volumes": -1 } }, "api_versions": { "cinder": { "version": 3, "service_type": "volumev3" } }, "volumes": { "size": 1, "volumes_per_tenant": 4 } }, "runner": { "constant": { "concurrency": 4, "times": 10 } }, "hooks": [], "sla": { "failure_rate": { "max": 0 } } } ] }
2019-07-26 19:22:48.761 1842 RALLYDEBUG rally_openstack.contexts.keystone.users [-] Creating 3 tenants using 20 threads
2019-07-26 19:22:50.630 1842 RALLYDEBUG rally_openstack.contexts.keystone.users [-] Creating 6 users using 20 threads
2019-07-26 19:22:53.585 1842 INFO rally.task.context [-] Task 5836c755-2f13-426a-9895-4b618997a64f | Context users@openstack setup() finished in 4.82 sec
2019-07-26 19:22:54.003 1842 INFO rally.task.context [-] Task 5836c755-2f13-426a-9895-4b618997a64f | Context api_versions@openstack setup() finished in 0.42 sec
2019-07-26 19:22:55.697 1842 INFO rally.task.context [-] Task 5836c755-2f13-426a-9895-4b618997a64f | Context quotas@openstack setup() finished in 1.69 sec
2019-07-26 19:23:34.160 1842 INFO rally.task.context [-] Task 5836c755-2f13-426a-9895-4b618997a64f | Context volumes@openstack setup() finished in 38.46 sec
2019-07-26 19:23:34.168 1842 RALLYDEBUG rally.task.runner [-] Starting the constant runner (task UUID: 5836c755-2f13-426a-9895-4b618997a64f). timeout: 0 concurrency: 4 concurrency_per_worker: 1 times: 10 concurrency_overhead: 0 processes_to_start: 4 max_cpu_used: 16
2019-07-26 19:23:34.180 3842 RALLYDEBUG rally.task.runner [-] Starting a worker. concurrency: 1 args: {"detailed": true} times: 10 method_name: run timeout: 0 duration: None cls:
2019-07-26 19:23:34.183 3843 RALLYDEBUG rally.task.runner [-] Starting a worker. concurrency: 1 args: {"detailed": true} times: 10 method_name: run timeout: 0 duration: None cls:
2019-07-26 19:23:34.186 3844 RALLYDEBUG rally.task.runner [-] Starting a worker. concurrency: 1 args: {"detailed": true} times: 10 method_name: run timeout: 0 duration: None cls:
2019-07-26 19:23:34.189 3845 RALLYDEBUG rally.task.runner [-] Starting a worker. concurrency: 1 args: {"detailed": true} times: 10 method_name: run timeout: 0 duration: None cls:
2019-07-26 19:23:34.196 3842 INFO rally.task.runner [-] Task 5836c755-2f13-426a-9895-4b618997a64f | ITER: 1 START
2019-07-26 19:23:34.198 3843 INFO rally.task.runner [-] Task 5836c755-2f13-426a-9895-4b618997a64f | ITER: 2 START
2019-07-26 19:23:34.201 3844 INFO rally.task.runner [-] Task 5836c755-2f13-426a-9895-4b618997a64f | ITER: 3 START
2019-07-26 19:23:34.204 3845 INFO rally.task.runner [-] Task 5836c755-2f13-426a-9895-4b618997a64f | ITER: 4 START
2019-07-26 19:23:34.947 3845 INFO rally.task.runner [-] Task 5836c755-2f13-426a-9895-4b618997a64f | ITER: 4 END: OK
2019-07-26 19:23:34.953 3845 INFO rally.task.runner [-] Task 5836c755-2f13-426a-9895-4b618997a64f | ITER: 5 START
2019-07-26 19:23:35.025 3843 INFO rally.task.runner [-] Task 5836c755-2f13-426a-9895-4b618997a64f | ITER: 2 END: OK
2019-07-26 19:23:35.031 3844 INFO rally.task.runner [-] Task 5836c755-2f13-426a-9895-4b618997a64f | ITER: 3 END: OK
2019-07-26 19:23:35.031 3843 INFO rally.task.runner [-] Task 5836c755-2f13-426a-9895-4b618997a64f | ITER: 6 START
2019-07-26 19:23:35.035 3844 INFO rally.task.runner [-] Task 5836c755-2f13-426a-9895-4b618997a64f | ITER: 7 START
2019-07-26 19:23:35.052 3842 INFO rally.task.runner [-] Task 5836c755-2f13-426a-9895-4b618997a64f | ITER: 1 END: OK
2019-07-26 19:23:35.056 3842 INFO rally.task.runner [-] Task 5836c755-2f13-426a-9895-4b618997a64f | ITER: 8 START
2019-07-26 19:23:35.708 3845 INFO rally.task.runner [-] Task 5836c755-2f13-426a-9895-4b618997a64f | ITER: 5 END: OK
2019-07-26 19:23:35.712 3845 INFO rally.task.runner [-] Task 5836c755-2f13-426a-9895-4b618997a64f | ITER: 9 START
2019-07-26 19:23:35.867 3842 INFO rally.task.runner [-] Task 5836c755-2f13-426a-9895-4b618997a64f | ITER: 8 END: OK
2019-07-26 19:23:35.873 3842 INFO rally.task.runner [-] Task 5836c755-2f13-426a-9895-4b618997a64f | ITER: 10 START
2019-07-26 19:23:35.881 3844 INFO rally.task.runner [-] Task 5836c755-2f13-426a-9895-4b618997a64f | ITER: 7 END: OK
2019-07-26 19:23:35.928 3843 INFO rally.task.runner [-] Task 5836c755-2f13-426a-9895-4b618997a64f | ITER: 6 END: OK
2019-07-26 19:23:36.534 3845 INFO rally.task.runner [-] Task 5836c755-2f13-426a-9895-4b618997a64f | ITER: 9 END: OK
2019-07-26 19:23:36.611 3842 INFO rally.task.runner [-] Task 5836c755-2f13-426a-9895-4b618997a64f | ITER: 10 END: OK
2019-07-26 19:23:36.639 1842 INFO rally.task.context [-] Task 5836c755-2f13-426a-9895-4b618997a64f | Context volumes@openstack cleanup() started
2019-07-26 19:23:36.640 1842 RALLYDEBUG rally_openstack.cleanup.manager [-] Cleaning up cinder volumes objects
2019-07-26 19:23:38.909 1842 RALLYDEBUG rally_openstack.cleanup.manager [-] Deleting cinder.volumes object c_rally_c5bfc5ef_4MdYJxGI (3a8a465d-c0ab-476b-80b7-9a0979d63c84)
2019-07-26 19:23:38.909 1842 RALLYDEBUG rally_openstack.cleanup.manager [-] Deleting cinder.volumes object c_rally_c5bfc5ef_bZMITH0M (d05b4a36-8646-4116-86d2-283b3832b522)
2019-07-26 19:23:38.916 1842 RALLYDEBUG rally_openstack.cleanup.manager [-] Deleting cinder.volumes object c_rally_c5bfc5ef_waMS1T2x (c00900cb-f7fa-4b3e-bf3d-de7e92edc7aa)
2019-07-26 19:23:38.917 1842 RALLYDEBUG rally_openstack.cleanup.manager [-] Deleting cinder.volumes object c_rally_c5bfc5ef_mfM9xEuW (3c89ce58-704c-4514-8e4d-3e4c1f055206)
2019-07-26 19:23:38.924 1842 RALLYDEBUG rally_openstack.cleanup.manager [-] Deleting cinder.volumes object c_rally_c5bfc5ef_OvZqYvrR (4cc2a7b0-7325-47a9-ae52-425084336b62)
2019-07-26 19:23:38.929 1842 RALLYDEBUG rally_openstack.cleanup.manager [-] Deleting cinder.volumes object c_rally_c5bfc5ef_Lr0meFIG (3b9a1da6-6333-4158-928f-4f2d6f806ce1)
2019-07-26 19:23:38.932 1842 RALLYDEBUG rally_openstack.cleanup.manager [-] Deleting cinder.volumes object c_rally_c5bfc5ef_AVwDgjob (86010f17-414e-4c2f-8739-d970fe85ea38)
2019-07-26 19:23:38.933 1842 RALLYDEBUG rally_openstack.cleanup.manager [-] Deleting cinder.volumes object c_rally_c5bfc5ef_hQ3FW9Pm (209dc952-83ac-4c63-83d7-bf1caf921cbe)
2019-07-26 19:23:38.949 1842 RALLYDEBUG rally_openstack.cleanup.manager [-] Deleting cinder.volumes object c_rally_c5bfc5ef_gbroQPUw (372261ac-bb24-4c95-be86-14bbf76773fb)
2019-07-26 19:23:38.955 1842 RALLYDEBUG rally_openstack.cleanup.manager [-] Deleting cinder.volumes object c_rally_c5bfc5ef_K3GI57fl (1c3b9b17-e642-4a8c-baf0-6331a93ff5c2)
2019-07-26 19:23:38.960 1842 RALLYDEBUG rally_openstack.cleanup.manager [-] Deleting cinder.volumes object c_rally_c5bfc5ef_fwNyBdZu (a452775d-42ce-469d-a39b-1c4eb20b8cd5)
2019-07-26 19:23:38.975 1842 RALLYDEBUG rally_openstack.cleanup.manager [-] Deleting cinder.volumes object c_rally_c5bfc5ef_vNmWwgY1 (076eb7ce-eb6c-4dde-a8e6-483050c92983)
2019-07-26 19:23:44.128 1842 INFO rally.task.context [-] Task 5836c755-2f13-426a-9895-4b618997a64f | Context volumes@openstack cleanup() finished in 7.49 sec
2019-07-26 19:23:44.129 1842 INFO rally.task.context [-] Task 5836c755-2f13-426a-9895-4b618997a64f | Context quotas@openstack cleanup() started
2019-07-26 19:23:45.023 1842 INFO rally.task.context [-] Task 5836c755-2f13-426a-9895-4b618997a64f | Context quotas@openstack cleanup() finished in 0.89 sec
2019-07-26 19:23:45.024 1842 INFO rally.task.context [-] Task 5836c755-2f13-426a-9895-4b618997a64f | Context api_versions@openstack cleanup() started
2019-07-26 19:23:45.024 1842 INFO rally.task.context [-] Task 5836c755-2f13-426a-9895-4b618997a64f | Context api_versions@openstack cleanup() finished in 0.29 msec
2019-07-26 19:23:45.024 1842 INFO rally.task.context [-] Task 5836c755-2f13-426a-9895-4b618997a64f | Context users@openstack cleanup() started
2019-07-26 19:23:52.726 1842 INFO rally.task.context [-] Task 5836c755-2f13-426a-9895-4b618997a64f | Context users@openstack cleanup() finished in 7.70 sec
2019-07-26 19:23:53.083 1842 INFO rally.task.engine [-] Load duration is: 2.411823
2019-07-26 19:23:53.083 1842 INFO rally.task.engine [-] Full runner duration is: 2.472031
2019-07-26 19:23:53.084 1842 INFO rally.task.engine [-] Full duration is: 63.968234
2019-07-26 19:23:53.340 1842 INFO rally.task.engine [-] Running workload: position = 0 config = { "version": 2, "title": "A cropped version of a bigger task.", "description": "Auto-generated task from a single workload (uuid=9a4403c5-01d7-48cb-8ca8-dd93417c0a8d)", "subtasks": [ { "title": "CinderVolumes.create_and_delete_snapshot", "description": "Create and then delete a volume-snapshot.", "scenario": { "CinderVolumes.create_and_delete_snapshot": { "force": false } }, "contexts": { "users": { "tenants": 3, "users_per_tenant": 2 }, "quotas": { "cinder": { "gigabytes": -1, "snapshots": -1, "volumes": -1 } }, "api_versions": { "cinder": { "version": 3, "service_type": "volumev3" } }, "volumes": { "size": 1, "volumes_per_tenant": 1 } }, "runner": { "constant": { "concurrency": 4, "times": 10 } }, "hooks": [], "sla": { "failure_rate": { "max": 0 } } } ] }
2019-07-26 19:23:53.365 1842 RALLYDEBUG rally_openstack.contexts.keystone.users [-] Creating 3 tenants using 20 threads
2019-07-26 19:23:55.295 1842 RALLYDEBUG rally_openstack.contexts.keystone.users [-] Creating 6 users using 20 threads
2019-07-26 19:23:58.170 1842 INFO rally.task.context [-] Task 5836c755-2f13-426a-9895-4b618997a64f | Context users@openstack setup() finished in 4.81 sec
2019-07-26 19:23:58.590 1842 INFO rally.task.context [-] Task 5836c755-2f13-426a-9895-4b618997a64f | Context api_versions@openstack setup() finished in 0.42 sec
2019-07-26 19:24:00.259 1842 INFO rally.task.context [-] Task 5836c755-2f13-426a-9895-4b618997a64f | Context quotas@openstack setup() finished in 1.67 sec
2019-07-26 19:24:11.367 1842 INFO rally.task.context [-] Task 5836c755-2f13-426a-9895-4b618997a64f | Context volumes@openstack setup() finished in 11.11 sec
2019-07-26 19:24:11.368 1842 INFO rally.task.context [-] Task 5836c755-2f13-426a-9895-4b618997a64f | Context cleanup@openstack setup() finished in 0.01 msec
2019-07-26 19:24:11.375 1842 RALLYDEBUG rally.task.runner [-] Starting the constant runner (task UUID: 5836c755-2f13-426a-9895-4b618997a64f). timeout: 0 concurrency: 4 concurrency_per_worker: 1 times: 10 concurrency_overhead: 0 processes_to_start: 4 max_cpu_used: 16
2019-07-26 19:24:11.389 3966 RALLYDEBUG rally.task.runner [-] Starting a worker. concurrency: 1 args: {"force": false} times: 10 method_name: run timeout: 0 duration: None cls:
2019-07-26 19:24:11.391 3967 RALLYDEBUG rally.task.runner [-] Starting a worker. concurrency: 1 args: {"force": false} times: 10 method_name: run timeout: 0 duration: None cls:
2019-07-26 19:24:11.393 3968 RALLYDEBUG rally.task.runner [-] Starting a worker. concurrency: 1 args: {"force": false} times: 10 method_name: run timeout: 0 duration: None cls:
2019-07-26 19:24:11.397 3966 INFO rally.task.runner [-] Task 5836c755-2f13-426a-9895-4b618997a64f | ITER: 1 START
2019-07-26 19:24:11.399 3967 INFO rally.task.runner [-] Task 5836c755-2f13-426a-9895-4b618997a64f | ITER: 2 START
2019-07-26 19:24:11.398 3969 RALLYDEBUG rally.task.runner [-] Starting a worker. concurrency: 1 args: {"force": false} times: 10 method_name: run timeout: 0 duration: None cls:
2019-07-26 19:24:11.399 3968 INFO rally.task.runner [-] Task 5836c755-2f13-426a-9895-4b618997a64f | ITER: 3 START
2019-07-26 19:24:11.406 3969 INFO rally.task.runner [-] Task 5836c755-2f13-426a-9895-4b618997a64f | ITER: 4 START
2019-07-26 19:24:15.392 3969 RALLYDEBUG rally.task.utils [-] Waiting for resource s_rally_9a4403c5_g04EBV75. Status changed: AVAILABLE => DELETING in 0.243680000305
2019-07-26 19:24:15.399 3967 RALLYDEBUG rally.task.utils [-] Waiting for resource s_rally_9a4403c5_7drgMe8i. Status changed: AVAILABLE => DELETING in 0.328818082809
2019-07-26 19:24:15.437 3966 RALLYDEBUG rally.task.utils [-] Waiting for resource s_rally_9a4403c5_hLpfYTPz. Status changed: AVAILABLE => DELETING in 0.324223995209
2019-07-26 19:24:15.665 3968 RALLYDEBUG rally.task.utils [-] Waiting for resource s_rally_9a4403c5_nfUFrFiO. Status changed: AVAILABLE => DELETING in 0.224654197693
2019-07-26 19:24:17.610 3969 INFO rally.task.runner [-] Task 5836c755-2f13-426a-9895-4b618997a64f | ITER: 4 END: OK
2019-07-26 19:24:17.615 3969 INFO rally.task.runner [-] Task 5836c755-2f13-426a-9895-4b618997a64f | ITER: 5 START
2019-07-26 19:24:17.667 3966 INFO rally.task.runner [-] Task 5836c755-2f13-426a-9895-4b618997a64f | ITER: 1 END: OK
2019-07-26 19:24:17.672 3966 INFO rally.task.runner [-] Task 5836c755-2f13-426a-9895-4b618997a64f | ITER: 6 START
2019-07-26 19:24:17.703 3967 INFO rally.task.runner [-] Task 5836c755-2f13-426a-9895-4b618997a64f | ITER: 2 END: OK
2019-07-26 19:24:17.708 3967 INFO rally.task.runner [-] Task 5836c755-2f13-426a-9895-4b618997a64f | ITER: 7 START
2019-07-26 19:24:17.972 3968 INFO rally.task.runner [-] Task 5836c755-2f13-426a-9895-4b618997a64f | ITER: 3 END: OK
2019-07-26 19:24:17.978 3968 INFO rally.task.runner [-] Task 5836c755-2f13-426a-9895-4b618997a64f | ITER: 8 START
2019-07-26 19:24:21.443 3969 RALLYDEBUG rally.task.utils [-] Waiting for resource s_rally_9a4403c5_1wVW9Xvq. Status changed: AVAILABLE => DELETING in 0.252326011658
2019-07-26 19:24:21.520 3967 RALLYDEBUG rally.task.utils [-] Waiting for resource s_rally_9a4403c5_C5JTDeMG. Status changed: AVAILABLE => DELETING in 0.0256388187408
2019-07-26 19:24:21.624 3966 RALLYDEBUG rally.task.utils [-] Waiting for resource s_rally_9a4403c5_UWd71C04. Status changed: AVAILABLE => DELETING in 0.231244087219
2019-07-26 19:24:22.200 3968 RALLYDEBUG rally.task.utils [-] Waiting for resource s_rally_9a4403c5_ZQb8iBBW. Status changed: AVAILABLE => DELETING in 0.304229021072
2019-07-26 19:24:23.558 3967 INFO rally.task.runner [-] Task 5836c755-2f13-426a-9895-4b618997a64f | ITER: 7 END: OK
2019-07-26 19:24:23.563 3967 INFO rally.task.runner [-] Task 5836c755-2f13-426a-9895-4b618997a64f | ITER: 9 START
2019-07-26 19:24:23.759 3969 INFO rally.task.runner [-] Task 5836c755-2f13-426a-9895-4b618997a64f | ITER: 5 END: OK
2019-07-26 19:24:23.764 3969 INFO rally.task.runner [-] Task 5836c755-2f13-426a-9895-4b618997a64f | ITER: 10 START
2019-07-26 19:24:23.845 3966 INFO rally.task.runner [-] Task 5836c755-2f13-426a-9895-4b618997a64f | ITER: 6 END: OK
2019-07-26 19:24:24.228 3968 INFO rally.task.runner [-] Task 5836c755-2f13-426a-9895-4b618997a64f | ITER: 8 END: OK
2019-07-26 19:24:27.864 3969 RALLYDEBUG rally.task.utils [-] Waiting for resource s_rally_9a4403c5_OHeyKIOr. Status changed: AVAILABLE => DELETING in 0.309553146362
2019-07-26 19:24:27.916 3967 RALLYDEBUG rally.task.utils [-] Waiting for resource s_rally_9a4403c5_gXbQKBSH. Status changed: AVAILABLE => DELETING in 0.301409959793
2019-07-26 19:24:29.888 3969 INFO rally.task.runner [-] Task 5836c755-2f13-426a-9895-4b618997a64f | ITER: 10 END: OK
2019-07-26 19:24:29.941 3967 INFO rally.task.runner [-] Task 5836c755-2f13-426a-9895-4b618997a64f | ITER: 9 END: OK
2019-07-26 19:24:29.966 1842 INFO rally.task.context [-] Task 5836c755-2f13-426a-9895-4b618997a64f | Context cleanup@openstack cleanup() started
2019-07-26 19:24:29.968 1842 RALLYDEBUG rally_openstack.cleanup.manager [-] Cleaning up cinder backups objects
2019-07-26 19:24:31.999 1842 RALLYDEBUG rally_openstack.cleanup.manager [-] Cleaning up cinder volume_snapshots objects
2019-07-26 19:24:34.044 1842 RALLYDEBUG rally_openstack.cleanup.manager [-] Cleaning up cinder transfers objects
2019-07-26 19:24:36.204 1842 RALLYDEBUG rally_openstack.cleanup.manager [-] Cleaning up cinder volumes objects
2019-07-26 19:24:38.391 1842 INFO rally.task.context [-] Task 5836c755-2f13-426a-9895-4b618997a64f | Context cleanup@openstack cleanup() finished in 8.43 sec
2019-07-26 19:24:38.391 1842 INFO rally.task.context [-] Task 5836c755-2f13-426a-9895-4b618997a64f | Context volumes@openstack cleanup() started
2019-07-26 19:24:38.392 1842 RALLYDEBUG rally_openstack.cleanup.manager [-] Cleaning up cinder volumes objects
2019-07-26 19:24:40.606 1842 RALLYDEBUG rally_openstack.cleanup.manager [-] Deleting cinder.volumes object c_rally_9a4403c5_ZspdTZ9w (a96a6279-3e1c-41e2-9d00-ead65b3a532f)
2019-07-26 19:24:40.609 1842 RALLYDEBUG rally_openstack.cleanup.manager [-] Deleting cinder.volumes object c_rally_9a4403c5_2dJeeSZy (b26e9a74-50c9-4642-94cd-11c3ccacfc26)
2019-07-26 19:24:40.613 1842 RALLYDEBUG rally_openstack.cleanup.manager [-] Deleting cinder.volumes object c_rally_9a4403c5_NkK6TrwR (661fa0be-df3e-4684-a41a-25a668987331)
2019-07-26 19:24:44.189 1842 INFO rally.task.context [-] Task 5836c755-2f13-426a-9895-4b618997a64f | Context volumes@openstack cleanup() finished in 5.80 sec
2019-07-26 19:24:44.190 1842 INFO rally.task.context [-] Task 5836c755-2f13-426a-9895-4b618997a64f | Context quotas@openstack cleanup() started
2019-07-26 19:24:44.772 1842 INFO rally.task.context [-] Task 5836c755-2f13-426a-9895-4b618997a64f | Context quotas@openstack cleanup() finished in 0.58 sec
2019-07-26 19:24:44.773 1842 INFO rally.task.context [-] Task 5836c755-2f13-426a-9895-4b618997a64f | Context api_versions@openstack cleanup() started
2019-07-26 19:24:44.773 1842 INFO rally.task.context [-] Task 5836c755-2f13-426a-9895-4b618997a64f | Context api_versions@openstack cleanup() finished in 0.31 msec
2019-07-26 19:24:44.773 1842 INFO rally.task.context [-] Task 5836c755-2f13-426a-9895-4b618997a64f | Context users@openstack cleanup() started
2019-07-26 19:24:52.606 1842 INFO rally.task.context [-] Task 5836c755-2f13-426a-9895-4b618997a64f | Context users@openstack cleanup() finished in 7.83 sec
2019-07-26 19:24:53.606 1842 INFO rally.task.engine [-] Load duration is: 18.539818
2019-07-26 19:24:53.606 1842 INFO rally.task.engine [-] Full runner duration is: 18.590482
2019-07-26 19:24:53.607 1842 INFO rally.task.engine [-] Full duration is: 59.245644
2019-07-26 19:24:53.847 1842 INFO rally.task.engine [-] Running workload: position = 0 config = { "version": 2, "title": "A cropped version of a bigger task.", "description": "Auto-generated task from a single workload (uuid=84528e60-a0f2-4258-ab64-22044ed47c23)", "subtasks": [ { "title": "CinderVolumes.create_and_delete_volume", "description": "Create and then delete a volume.", "scenario": { "CinderVolumes.create_and_delete_volume": { "size": { "max": 1, "min": 1 } } }, "contexts": { "users": { "tenants": 3, "users_per_tenant": 2 }, "quotas": { "cinder": { "gigabytes": -1, "snapshots": -1, "volumes": -1 } }, "api_versions": { "cinder": { "version": 3, "service_type": "volumev3" } } }, "runner": { "constant": { "concurrency": 4, "times": 10 } }, "hooks": [], "sla": { "failure_rate": { "max": 0 } } } ] }
2019-07-26 19:24:53.869 1842 RALLYDEBUG rally_openstack.contexts.keystone.users [-] Creating 3 tenants using 20 threads
2019-07-26 19:24:55.799 1842 RALLYDEBUG rally_openstack.contexts.keystone.users [-] Creating 6 users using 20 threads
2019-07-26 19:24:58.701 1842 INFO rally.task.context [-] Task 5836c755-2f13-426a-9895-4b618997a64f | Context users@openstack setup() finished in 4.83 sec
2019-07-26 19:24:59.130 1842 INFO rally.task.context [-] Task 5836c755-2f13-426a-9895-4b618997a64f | Context api_versions@openstack setup() finished in 0.43 sec
2019-07-26 19:25:00.919 1842 INFO rally.task.context [-] Task 5836c755-2f13-426a-9895-4b618997a64f | Context quotas@openstack setup() finished in 1.79 sec
2019-07-26 19:25:00.920 1842 INFO rally.task.context [-] Task 5836c755-2f13-426a-9895-4b618997a64f | Context cleanup@openstack setup() finished in 0.01 msec
2019-07-26 19:25:00.930 1842 RALLYDEBUG rally.task.runner [-] Starting the constant runner (task UUID: 5836c755-2f13-426a-9895-4b618997a64f). timeout: 0 concurrency: 4 concurrency_per_worker: 1 times: 10 concurrency_overhead: 0 processes_to_start: 4 max_cpu_used: 16
2019-07-26 19:25:00.944 4170 RALLYDEBUG rally.task.runner [-] Starting a worker. concurrency: 1 args: {"size": {"max": 1, "min": 1}} times: 10 method_name: run timeout: 0 duration: None cls:
2019-07-26 19:25:00.944 4171 RALLYDEBUG rally.task.runner [-] Starting a worker. concurrency: 1 args: {"size": {"max": 1, "min": 1}} times: 10 method_name: run timeout: 0 duration: None cls:
2019-07-26 19:25:00.947 4172 RALLYDEBUG rally.task.runner [-] Starting a worker. concurrency: 1 args: {"size": {"max": 1, "min": 1}} times: 10 method_name: run timeout: 0 duration: None cls:
2019-07-26 19:25:00.951 4173 RALLYDEBUG rally.task.runner [-] Starting a worker. concurrency: 1 args: {"size": {"max": 1, "min": 1}} times: 10 method_name: run timeout: 0 duration: None cls:
2019-07-26 19:25:00.955 4170 INFO rally.task.runner [-] Task 5836c755-2f13-426a-9895-4b618997a64f | ITER: 1 START
2019-07-26 19:25:00.955 4171 INFO rally.task.runner [-] Task 5836c755-2f13-426a-9895-4b618997a64f | ITER: 2 START
