2019-07-26 09:43:44.232 22705 RALLYDEBUG rally_openstack.cleanup.manager [-] Deleting neutron.port object s_rally_cd8946d2_pck3Pf11 (d50dd4a4-500b-4784-b3d4-262510f373ff)
2019-07-26 09:43:44.398 22705 RALLYDEBUG rally_openstack.cleanup.manager [-] Deleting neutron.port object s_rally_cd8946d2_iBgY61EC (d538dc39-26f4-4d76-8be3-930bd6bdcd96)
2019-07-26 09:43:44.499 22705 RALLYDEBUG rally_openstack.cleanup.manager [-] Deleting neutron.port object s_rally_cd8946d2_eCsrwTki (d6300a80-663c-4ea7-84fc-fbfbb13055ff)
2019-07-26 09:43:44.516 22705 RALLYDEBUG rally_openstack.cleanup.manager [-] Deleting neutron.port object s_rally_cd8946d2_CCZmVfIo (d6ff285b-bd9a-438f-904e-896db97797d9)
2019-07-26 09:43:45.108 22705 RALLYDEBUG rally_openstack.cleanup.manager [-] Deleting neutron.port object s_rally_cd8946d2_bv1uICoz (d73bae77-d72c-4653-9067-2673aaa90f2f)
2019-07-26 09:43:45.127 22705 RALLYDEBUG rally_openstack.cleanup.manager [-] Deleting neutron.port object s_rally_cd8946d2_IvPhe3Lz (d7bd3709-fb53-4f80-b87e-58dd1f2903d4)
2019-07-26 09:43:45.465 22705 RALLYDEBUG rally_openstack.cleanup.manager [-] Deleting neutron.port object s_rally_cd8946d2_VJfU1H6f (d7fc58ef-1a4f-4dc5-bb36-ea45be402465)
2019-07-26 09:43:45.603 22705 RALLYDEBUG rally_openstack.cleanup.manager [-] Deleting neutron.port object s_rally_cd8946d2_JDROVEUM (d81a63eb-f2a6-46fc-9a3b-74d186e5829e)
2019-07-26 09:43:45.796 22705 RALLYDEBUG rally_openstack.cleanup.manager [-] Deleting neutron.port object s_rally_cd8946d2_aUUwYT1E (d833dd51-b2e5-4377-b49f-9817a86c9f68)
2019-07-26 09:43:45.906 22705 RALLYDEBUG rally_openstack.cleanup.manager [-] Deleting neutron.port object s_rally_cd8946d2_AETLUZfB (d86ff28c-e4c0-4cae-a1c6-301c46f77c63)
2019-07-26 09:43:45.935 22705 RALLYDEBUG rally_openstack.cleanup.manager [-] Deleting neutron.port object s_rally_cd8946d2_jODkGWb3 (d909d045-8bd9-4602-8401-b74f2013d67a)
2019-07-26 09:43:46.134 22705 RALLYDEBUG rally_openstack.cleanup.manager [-] Deleting neutron.port object s_rally_cd8946d2_BOsIBoOJ (d9973099-cb2f-4cb0-978b-af98550e684a)
2019-07-26 09:43:46.143 22705 RALLYDEBUG rally_openstack.cleanup.manager [-] Deleting neutron.port object s_rally_cd8946d2_ANu5vUtw (d9cb9055-71bc-44fa-9d79-39bd3d096969)
2019-07-26 09:43:46.193 22705 RALLYDEBUG rally_openstack.cleanup.manager [-] Deleting neutron.port object s_rally_cd8946d2_FgrPYCqt (d9d9f41c-a8ca-49eb-b706-f799f0013f21)
2019-07-26 09:43:46.208 22705 RALLYDEBUG rally_openstack.cleanup.manager [-] Deleting neutron.port object s_rally_cd8946d2_8EIrgNfn (da4a7291-fa6e-4c35-97eb-2d2a4a78ab7e)
2019-07-26 09:43:46.338 22705 RALLYDEBUG rally_openstack.cleanup.manager [-] Deleting neutron.port object s_rally_cd8946d2_EEBgoGOh (da7d1f18-8d90-420b-b6bf-57a0d046f911)
2019-07-26 09:43:46.342 22705 RALLYDEBUG rally_openstack.cleanup.manager [-] Deleting neutron.port object s_rally_cd8946d2_uYRtii4R (db21b55a-cd8c-47be-bc02-3f50f5665b32)
2019-07-26 09:43:46.522 22705 RALLYDEBUG rally_openstack.cleanup.manager [-] Deleting neutron.port object s_rally_cd8946d2_R8yd3iC2 (db6bdace-1f63-41e9-be16-dda307aabb1f)
2019-07-26 09:43:46.554 22705 RALLYDEBUG rally_openstack.cleanup.manager [-] Deleting neutron.port object s_rally_cd8946d2_HHLqnw4k (dc36ddb5-a82b-4acc-b96c-bf4ffe5e55fe)
2019-07-26 09:43:46.565 22705 RALLYDEBUG rally_openstack.cleanup.manager [-] Deleting neutron.port object s_rally_cd8946d2_112nE4Vl (dcfdc037-61f8-4a93-a5b5-eccdcdeb7695)
2019-07-26 09:43:46.574 22705 RALLYDEBUG rally_openstack.cleanup.manager [-] Deleting neutron.port object s_rally_cd8946d2_bYzg6NFp (de445275-4595-470e-91e6-8c2bd72225a9)
2019-07-26 09:43:46.715 22705 RALLYDEBUG rally_openstack.cleanup.manager [-] Deleting neutron.port object s_rally_cd8946d2_MYY9VJvc (de981b52-1d89-4784-814f-ecf3d6ba3904)
2019-07-26 09:43:46.725 22705 RALLYDEBUG rally_openstack.cleanup.manager [-] Deleting neutron.port object s_rally_cd8946d2_rrd2aaRE (df5de49d-cf2f-4200-8a4e-a1a4845b2ea7)
2019-07-26 09:43:46.988 22705 RALLYDEBUG rally_openstack.cleanup.manager [-] Deleting neutron.port object s_rally_cd8946d2_fmVXPwmB (e2b9f47b-4242-438e-82c0-1e2881e79f8a)
2019-07-26 09:43:47.246 22705 RALLYDEBUG rally_openstack.cleanup.manager [-] Deleting neutron.port object s_rally_cd8946d2_6OZu7WMX (e53a34f7-af59-4329-b5d9-60d0bdc60551)
2019-07-26 09:43:47.764 22705 RALLYDEBUG rally_openstack.cleanup.manager [-] Deleting neutron.port object s_rally_cd8946d2_1sSn3DVw (e5fe4a5f-68b0-4b44-a00b-5c1df645ff3a)
2019-07-26 09:43:47.933 22705 RALLYDEBUG rally_openstack.cleanup.manager [-] Deleting neutron.port object s_rally_cd8946d2_Z24UZMcN (e762b705-e8c5-4066-9ccf-fe4fb60151e2)
2019-07-26 09:43:47.981 22705 RALLYDEBUG rally_openstack.cleanup.manager [-] Deleting neutron.port object s_rally_cd8946d2_ND2qZIu4 (e84aea2e-3a2e-45a0-a966-d677438aadcd)
2019-07-26 09:43:48.901 22705 RALLYDEBUG rally_openstack.cleanup.manager [-] Deleting neutron.port object s_rally_cd8946d2_Rb0uq29g (e8bd9ff0-91bf-4a0e-8542-2a8228bb3ec8)
2019-07-26 09:43:48.976 22705 RALLYDEBUG rally_openstack.cleanup.manager [-] Deleting neutron.port object s_rally_cd8946d2_mwsb6qnW (e97c7f62-03ca-4815-8381-bb1a8e7cd7f3)
2019-07-26 09:43:49.249 22705 RALLYDEBUG rally_openstack.cleanup.manager [-] Deleting neutron.port object s_rally_cd8946d2_BW0sDpNp (e98e91bd-a4db-4fe0-9e79-f2964a83d3e4)
2019-07-26 09:43:49.358 22705 RALLYDEBUG rally_openstack.cleanup.manager [-] Deleting neutron.port object s_rally_cd8946d2_Vrb6zys3 (e9c84bb6-1daa-499e-bf03-b9bcaf228c1f)
2019-07-26 09:43:49.461 22705 RALLYDEBUG rally_openstack.cleanup.manager [-] Deleting neutron.port object s_rally_cd8946d2_1pHmOfxq (e9fa915c-1bda-465b-8681-44f48df02b5f)
2019-07-26 09:43:49.504 22705 RALLYDEBUG rally_openstack.cleanup.manager [-] Deleting neutron.port object s_rally_cd8946d2_lkDDUJNk (ea11e228-685e-47b3-aa32-25118ec7c6b2)
2019-07-26 09:43:49.536 22705 RALLYDEBUG rally_openstack.cleanup.manager [-] Deleting neutron.port object s_rally_cd8946d2_EErfNeMc (ea1699c9-eedb-4b4f-9d63-2fe890b288a8)
2019-07-26 09:43:49.566 22705 RALLYDEBUG rally_openstack.cleanup.manager [-] Deleting neutron.port object s_rally_cd8946d2_Lp6ZTv0C (eb19c831-43f9-4fc1-8e20-6480efaf8e02)
2019-07-26 09:43:49.566 22705 RALLYDEBUG rally_openstack.cleanup.manager [-] Deleting neutron.port object s_rally_cd8946d2_CXamvIsq (eb1b5d35-54bb-4405-84a3-253017a81811)
2019-07-26 09:43:49.647 22705 RALLYDEBUG rally_openstack.cleanup.manager [-] Deleting neutron.port object s_rally_cd8946d2_xDSJjSR9 (ec17eff0-70cb-41d9-a309-892277e30f56)
2019-07-26 09:43:49.913 22705 RALLYDEBUG rally_openstack.cleanup.manager [-] Deleting neutron.port object s_rally_cd8946d2_crOnTYee (ed0ec7b1-cd2b-46b4-84f5-f34fd82bf664)
2019-07-26 09:43:49.977 22705 RALLYDEBUG rally_openstack.cleanup.manager [-] Deleting neutron.port object s_rally_cd8946d2_PBLgVvrn (ed315fd4-34b9-415b-acdd-029d54dd4e3c)
2019-07-26 09:43:50.217 22705 RALLYDEBUG rally_openstack.cleanup.manager [-] Deleting neutron.port object s_rally_cd8946d2_vvGcB6ch (efa347e7-86d0-4fec-b2d7-1db78281140a)
2019-07-26 09:43:50.224 22705 RALLYDEBUG rally_openstack.cleanup.manager [-] Deleting neutron.port object s_rally_cd8946d2_YZGnAi1D (efd4468b-0a81-41b7-9d4a-8f26e152185d)
2019-07-26 09:43:50.780 22705 RALLYDEBUG rally_openstack.cleanup.manager [-] Deleting neutron.port object s_rally_cd8946d2_LRziVB4a (f09959db-cd81-4944-a201-cfc7b90c8979)
2019-07-26 09:43:50.795 22705 RALLYDEBUG rally_openstack.cleanup.manager [-] Deleting neutron.port object s_rally_cd8946d2_8HrcSOyo (f2a4b7c0-62e0-4f71-823f-927477128acb)
2019-07-26 09:43:50.868 22705 RALLYDEBUG rally_openstack.cleanup.manager [-] Deleting neutron.port object s_rally_cd8946d2_u11BE2o5 (f418263a-0a25-4c84-bdde-f67369a1d19a)
2019-07-26 09:43:50.993 22705 RALLYDEBUG rally_openstack.cleanup.manager [-] Deleting neutron.port object s_rally_cd8946d2_3EC5O7CO (f4c01e96-fc06-4521-96a8-821481d42ba2)
2019-07-26 09:43:51.007 22705 RALLYDEBUG rally_openstack.cleanup.manager [-] Deleting neutron.port object s_rally_cd8946d2_Dvy1G6R4 (f5957e0c-af56-4f4c-8647-86832cea4f7b)
2019-07-26 09:43:51.048 22705 RALLYDEBUG rally_openstack.cleanup.manager [-] Deleting neutron.port object s_rally_cd8946d2_EYaoSexj (f5c5817b-2f10-412e-8186-cf5cccf8893a)
2019-07-26 09:43:51.314 22705 RALLYDEBUG rally_openstack.cleanup.manager [-] Deleting neutron.port object s_rally_cd8946d2_mJ7omPED (f65283d5-52c0-408a-8302-f52a5c9ee5cf)
2019-07-26 09:43:51.422 22705 RALLYDEBUG rally_openstack.cleanup.manager [-] Deleting neutron.port object s_rally_cd8946d2_C9GL7Jux (f70dbc4c-b845-4247-8e47-ce76cf03b123)
2019-07-26 09:43:52.307 22705 RALLYDEBUG rally_openstack.cleanup.manager [-] Deleting neutron.port object s_rally_cd8946d2_O1SSR2Ua (f7778650-eeea-4a30-949d-2557e0347831)
2019-07-26 09:43:52.329 22705 RALLYDEBUG rally_openstack.cleanup.manager [-] Deleting neutron.port object s_rally_cd8946d2_6je9FtHn (f7c138e3-e715-4c12-af57-6e178d05963a)
2019-07-26 09:43:52.353 22705 RALLYDEBUG rally_openstack.cleanup.manager [-] Deleting neutron.port object s_rally_cd8946d2_UCqmpERj (f9518c34-8cd6-4609-a7d1-4ec5820b6565)
2019-07-26 09:43:52.360 22705 RALLYDEBUG rally_openstack.cleanup.manager [-] Deleting neutron.port object s_rally_cd8946d2_NqgmW4Eu (fd0368e3-40f2-4abb-bde1-315f86e3d193)
2019-07-26 09:43:52.433 22705 RALLYDEBUG rally_openstack.cleanup.manager [-] Deleting neutron.port object s_rally_cd8946d2_vgyKUjEe (fe7c94ef-e093-47e5-ab05-d76e410f7eca)
2019-07-26 09:43:52.463 22705 RALLYDEBUG rally_openstack.cleanup.manager [-] Deleting neutron.port object s_rally_cd8946d2_WgmLxGlG (fe943b58-120c-4da3-b8a7-97bbbe8bcc6c)
2019-07-26 09:43:52.700 22705 RALLYDEBUG rally_openstack.cleanup.manager [-] Deleting neutron.port object s_rally_cd8946d2_9bGVuQ5O (fee07bb5-a8c6-4f44-b550-0344d36b9928)
2019-07-26 09:43:52.981 22705 RALLYDEBUG rally_openstack.cleanup.manager [-] Deleting neutron.port object s_rally_cd8946d2_y9zyb0oE (fefe3fad-4f45-4398-9145-aa7087edc608)
2019-07-26 09:43:53.276 22705 RALLYDEBUG rally_openstack.cleanup.manager [-] Deleting neutron.port object s_rally_cd8946d2_dD9bDnkK (ff56da48-ae1d-4203-bb36-0b0e3e01bb3a)
2019-07-26 09:43:53.526 22705 RALLYDEBUG rally_openstack.cleanup.manager [-] Deleting neutron.port object s_rally_cd8946d2_5BctrHEM (ffb57b78-df0a-4157-bfd6-3c0fd278f008)
2019-07-26 09:43:55.607 22705 RALLYDEBUG rally_openstack.cleanup.manager [-] Cleaning up neutron subnet objects
2019-07-26 09:43:56.248 22705 RALLYDEBUG rally_openstack.cleanup.manager [-] Cleaning up neutron network objects
2019-07-26 09:43:57.058 22705 RALLYDEBUG rally_openstack.cleanup.manager [-] Deleting neutron.network object s_rally_cd8946d2_OG5ljjav (08ca6402-5cc9-49d9-b972-f480d632faa0)
2019-07-26 09:43:57.066 22705 RALLYDEBUG rally_openstack.cleanup.manager [-] Deleting neutron.network object s_rally_cd8946d2_955Tq2hz (193d8f7e-99e9-4b82-b237-a697fea2cfb3)
2019-07-26 09:43:57.076 22705 RALLYDEBUG rally_openstack.cleanup.manager [-] Deleting neutron.network object s_rally_cd8946d2_Up2D9Hka (2bd0aeed-02c9-4f31-8fc4-5693a0b1f5f2)
2019-07-26 09:43:57.082 22705 RALLYDEBUG rally_openstack.cleanup.manager [-] Deleting neutron.network object s_rally_cd8946d2_95te54SH (3521e5f6-34fc-4ade-8f0c-4dfc86780a66)
2019-07-26 09:43:57.098 22705 RALLYDEBUG rally_openstack.cleanup.manager [-] Deleting neutron.network object s_rally_cd8946d2_9696WzF6 (6290ee72-4712-406f-884d-3dcd6e258bb3)
2019-07-26 09:43:57.111 22705 RALLYDEBUG rally_openstack.cleanup.manager [-] Deleting neutron.network object s_rally_cd8946d2_9lAR4zyN (7e07b4c2-139f-4702-8f7a-3e387e838160)
2019-07-26 09:43:57.122 22705 RALLYDEBUG rally_openstack.cleanup.manager [-] Deleting neutron.network object s_rally_cd8946d2_FaFDIHTt (974ec540-c898-4a09-9d4f-d2e2b8b4a176)
2019-07-26 09:43:57.125 22705 RALLYDEBUG rally_openstack.cleanup.manager [-] Deleting neutron.network object s_rally_cd8946d2_67GgO3vG (e90d76e6-2701-4bca-863d-46a5b9d71914)
2019-07-26 09:44:01.224 22705 RALLYDEBUG rally_openstack.cleanup.manager [-] Cleaning up neutron router objects
2019-07-26 09:44:01.900 22705 RALLYDEBUG rally_openstack.cleanup.manager [-] Cleaning up neutron security_group objects
2019-07-26 09:44:02.557 22705 INFO rally.task.context [-] Task 3e705c15-d3f8-4826-81d5-f9904e263a70 | Context cleanup@openstack cleanup() finished in 1.27 min
2019-07-26 09:44:02.557 22705 INFO rally.task.context [-] Task 3e705c15-d3f8-4826-81d5-f9904e263a70 | Context quotas@openstack cleanup() started
2019-07-26 09:44:02.779 22705 INFO rally.task.context [-] Task 3e705c15-d3f8-4826-81d5-f9904e263a70 | Context quotas@openstack cleanup() finished in 0.22 sec
2019-07-26 09:44:02.779 22705 INFO rally.task.context [-] Task 3e705c15-d3f8-4826-81d5-f9904e263a70 | Context users@openstack cleanup() started
2019-07-26 09:44:07.374 22705 INFO rally.task.context [-] Task 3e705c15-d3f8-4826-81d5-f9904e263a70 | Context users@openstack cleanup() finished in 4.60 sec
2019-07-26 09:44:07.478 22705 INFO rally.task.engine [-] Load duration is: 100.574011
2019-07-26 09:44:07.478 22705 INFO rally.task.engine [-] Full runner duration is: 100.618493
2019-07-26 09:44:07.479 22705 INFO rally.task.engine [-] Full duration is: 186.620988
2019-07-26 09:44:07.690 22705 INFO rally.task.engine [-] Running workload: position = 1 config = { "version": 2, "title": "A cropped version of a bigger task.", "description": "Auto-generated task from a single workload (uuid=60dfd6e4-2782-4199-9d28-d630f060ab14)", "subtasks": [ { "title": "NeutronNetworks.create_and_update_ports", "description": "Create and update a given number of ports.", "scenario": { "NeutronNetworks.create_and_update_ports": { "network_create_args": {}, "port_create_args": {}, "ports_per_network": 5, "port_update_args": { "admin_state_up": false, "device_id": "dummy_id", "device_owner": "dummy_owner", "name": "_port_updated" } } }, "contexts": { "users": { "tenants": 1, "users_per_tenant": 1 }, "quotas": { "neutron": { "network": -1, "port": -1 } } }, "runner": { "constant": { "times": 40, "concurrency": 20 } }, "hooks": [], "sla": { "failure_rate": { "max": 0 } } } ] }
2019-07-26 09:44:07.708 22705 RALLYDEBUG rally_openstack.contexts.keystone.users [-] Creating 1 tenants using 20 threads
2019-07-26 09:44:09.332 22705 RALLYDEBUG rally_openstack.contexts.keystone.users [-] Creating 1 users using 20 threads
2019-07-26 09:44:11.861 22705 INFO rally.task.context [-] Task 3e705c15-d3f8-4826-81d5-f9904e263a70 | Context users@openstack setup() finished in 4.15 sec
2019-07-26 09:44:12.539 22705 INFO rally.task.context [-] Task 3e705c15-d3f8-4826-81d5-f9904e263a70 | Context quotas@openstack setup() finished in 0.68 sec
2019-07-26 09:44:12.539 22705 INFO rally.task.context [-] Task 3e705c15-d3f8-4826-81d5-f9904e263a70 | Context cleanup@openstack setup() finished in 0.02 msec
2019-07-26 09:44:12.547 22705 RALLYDEBUG rally.task.runner [-] Starting the constant runner (task UUID: 3e705c15-d3f8-4826-81d5-f9904e263a70). timeout: 0 concurrency: 20 concurrency_per_worker: 1 times: 40 concurrency_overhead: 4 processes_to_start: 16 max_cpu_used: 16
2019-07-26 09:44:12.560 26581 RALLYDEBUG rally.task.runner [-] Starting a worker. concurrency: 2 args: {"network_create_args": {}, "port_create_args": {}, "ports_per_network": 5, "port_update_args": {"admin_state_up": false, "device_id": "dummy_id", "device_owner": "dummy_owner", "name": "_port_updated"}} times: 40 method_name: run timeout: 0 duration: None cls:
2019-07-26 09:44:12.563 26582 RALLYDEBUG rally.task.runner [-] Starting a worker. concurrency: 2 args: {"network_create_args": {}, "port_create_args": {}, "ports_per_network": 5, "port_update_args": {"admin_state_up": false, "device_id": "dummy_id", "device_owner": "dummy_owner", "name": "_port_updated"}} times: 40 method_name: run timeout: 0 duration: None cls:
2019-07-26 09:44:12.565 26583 RALLYDEBUG rally.task.runner [-] Starting a worker. concurrency: 2 args: {"network_create_args": {}, "port_create_args": {}, "ports_per_network": 5, "port_update_args": {"admin_state_up": false, "device_id": "dummy_id", "device_owner": "dummy_owner", "name": "_port_updated"}} times: 40 method_name: run timeout: 0 duration: None cls:
2019-07-26 09:44:12.568 26581 INFO rally.task.runner [-] Task 3e705c15-d3f8-4826-81d5-f9904e263a70 | ITER: 1 START
2019-07-26 09:44:12.569 26586 RALLYDEBUG rally.task.runner [-] Starting a worker. concurrency: 1 args: {"network_create_args": {}, "port_create_args": {}, "ports_per_network": 5, "port_update_args": {"admin_state_up": false, "device_id": "dummy_id", "device_owner": "dummy_owner", "name": "_port_updated"}} times: 40 method_name: run timeout: 0 duration: None cls:
2019-07-26 09:44:12.569 26584 RALLYDEBUG rally.task.runner [-] Starting a worker. concurrency: 2 args: {"network_create_args": {}, "port_create_args": {}, "ports_per_network": 5, "port_update_args": {"admin_state_up": false, "device_id": "dummy_id", "device_owner": "dummy_owner", "name": "_port_updated"}} times: 40 method_name: run timeout: 0 duration: None cls:
2019-07-26 09:44:12.570 26581 WARNING rally_openstack.scenarios.neutron.utils [-] Running this scenario without either the 'network' or 'existing_network' context is deprecated
2019-07-26 09:44:12.571 26582 INFO rally.task.runner [-] Task 3e705c15-d3f8-4826-81d5-f9904e263a70 | ITER: 2 START
2019-07-26 09:44:12.573 26586 INFO rally.task.runner [-] Task 3e705c15-d3f8-4826-81d5-f9904e263a70 | ITER: 7 START
2019-07-26 09:44:12.573 26583 INFO rally.task.runner [-] Task 3e705c15-d3f8-4826-81d5-f9904e263a70 | ITER: 4 START
2019-07-26 09:44:12.575 26586 WARNING rally_openstack.scenarios.neutron.utils [-] Running this scenario without either the 'network' or 'existing_network' context is deprecated
2019-07-26 09:44:12.574 26583 INFO rally.task.runner [-] Task 3e705c15-d3f8-4826-81d5-f9904e263a70 | ITER: 6 START
2019-07-26 09:44:12.575 26582 WARNING rally_openstack.scenarios.neutron.utils [-] Running this scenario without either the 'network' or 'existing_network' context is deprecated
2019-07-26 09:44:12.575 26583 WARNING rally_openstack.scenarios.neutron.utils [-] Running this scenario without either the 'network' or 'existing_network' context is deprecated
2019-07-26 09:44:12.576 26582 INFO rally.task.runner [-] Task 3e705c15-d3f8-4826-81d5-f9904e263a70 | ITER: 5 START
2019-07-26 09:44:12.577 26584 INFO rally.task.runner [-] Task 3e705c15-d3f8-4826-81d5-f9904e263a70 | ITER: 8 START
2019-07-26 09:44:12.578 26582 WARNING rally_openstack.scenarios.neutron.utils [-] Running this scenario without either the 'network' or 'existing_network' context is deprecated
2019-07-26 09:44:12.579 26592 RALLYDEBUG rally.task.runner [-] Starting a worker. concurrency: 1 args: {"network_create_args": {}, "port_create_args": {}, "ports_per_network": 5, "port_update_args": {"admin_state_up": false, "device_id": "dummy_id", "device_owner": "dummy_owner", "name": "_port_updated"}} times: 40 method_name: run timeout: 0 duration: None cls:
2019-07-26 09:44:12.580 26598 RALLYDEBUG rally.task.runner [-] Starting a worker. concurrency: 1 args: {"network_create_args": {}, "port_create_args": {}, "ports_per_network": 5, "port_update_args": {"admin_state_up": false, "device_id": "dummy_id", "device_owner": "dummy_owner", "name": "_port_updated"}} times: 40 method_name: run timeout: 0 duration: None cls:
2019-07-26 09:44:12.579 26584 WARNING rally_openstack.scenarios.neutron.utils [-] Running this scenario without either the 'network' or 'existing_network' context is deprecated
2019-07-26 09:44:12.580 26581 INFO rally.task.runner [-] Task 3e705c15-d3f8-4826-81d5-f9904e263a70 | ITER: 3 START
2019-07-26 09:44:12.576 26583 WARNING rally_openstack.scenarios.neutron.utils [-] Running this scenario without either the 'network' or 'existing_network' context is deprecated
2019-07-26 09:44:12.585 26581 WARNING rally_openstack.scenarios.neutron.utils [-] Running this scenario without either the 'network' or 'existing_network' context is deprecated
2019-07-26 09:44:12.586 26592 INFO rally.task.runner [-] Task 3e705c15-d3f8-4826-81d5-f9904e263a70 | ITER: 10 START
2019-07-26 09:44:12.587 26592 WARNING rally_openstack.scenarios.neutron.utils [-] Running this scenario without either the 'network' or 'existing_network' context is deprecated
2019-07-26 09:44:12.587 26601 RALLYDEBUG rally.task.runner [-] Starting a worker. concurrency: 1 args: {"network_create_args": {}, "port_create_args": {}, "ports_per_network": 5, "port_update_args": {"admin_state_up": false, "device_id": "dummy_id", "device_owner": "dummy_owner", "name": "_port_updated"}} times: 40 method_name: run timeout: 0 duration: None cls:
2019-07-26 09:44:12.587 26602 RALLYDEBUG rally.task.runner [-] Starting a worker. concurrency: 1 args: {"network_create_args": {}, "port_create_args": {}, "ports_per_network": 5, "port_update_args": {"admin_state_up": false, "device_id": "dummy_id", "device_owner": "dummy_owner", "name": "_port_updated"}} times: 40 method_name: run timeout: 0 duration: None cls:
2019-07-26 09:44:12.593 26607 RALLYDEBUG rally.task.runner [-] Starting a worker. concurrency: 1 args: {"network_create_args": {}, "port_create_args": {}, "ports_per_network": 5, "port_update_args": {"admin_state_up": false, "device_id": "dummy_id", "device_owner": "dummy_owner", "name": "_port_updated"}} times: 40 method_name: run timeout: 0 duration: None cls:
2019-07-26 09:44:12.593 26598 INFO rally.task.runner [-] Task 3e705c15-d3f8-4826-81d5-f9904e263a70 | ITER: 11 START
2019-07-26 09:44:12.594 26584 INFO rally.task.runner [-] Task 3e705c15-d3f8-4826-81d5-f9904e263a70 | ITER: 9 START
2019-07-26 09:44:12.594 26602 INFO rally.task.runner [-] Task 3e705c15-d3f8-4826-81d5-f9904e263a70 | ITER: 13 START
2019-07-26 09:44:12.594 26584 WARNING rally_openstack.scenarios.neutron.utils [-] Running this scenario without either the 'network' or 'existing_network' context is deprecated
2019-07-26 09:44:12.595 26598 WARNING rally_openstack.scenarios.neutron.utils [-] Running this scenario without either the 'network' or 'existing_network' context is deprecated
2019-07-26 09:44:12.595 26602 WARNING rally_openstack.scenarios.neutron.utils [-] Running this scenario without either the 'network' or 'existing_network' context is deprecated
2019-07-26 09:44:12.596 26601 INFO rally.task.runner [-] Task 3e705c15-d3f8-4826-81d5-f9904e263a70 | ITER: 12 START
2019-07-26 09:44:12.597 26601 WARNING rally_openstack.scenarios.neutron.utils [-] Running this scenario without either the 'network' or 'existing_network' context is deprecated
2019-07-26 09:44:12.599 26607 INFO rally.task.runner [-] Task 3e705c15-d3f8-4826-81d5-f9904e263a70 | ITER: 14 START
2019-07-26 09:44:12.601 26607 WARNING rally_openstack.scenarios.neutron.utils [-] Running this scenario without either the 'network' or 'existing_network' context is deprecated
2019-07-26 09:44:12.607 26615 RALLYDEBUG rally.task.runner [-] Starting a worker. concurrency: 1 args: {"network_create_args": {}, "port_create_args": {}, "ports_per_network": 5, "port_update_args": {"admin_state_up": false, "device_id": "dummy_id", "device_owner": "dummy_owner", "name": "_port_updated"}} times: 40 method_name: run timeout: 0 duration: None cls:
2019-07-26 09:44:12.612 26616 RALLYDEBUG rally.task.runner [-] Starting a worker. concurrency: 1 args: {"network_create_args": {}, "port_create_args": {}, "ports_per_network": 5, "port_update_args": {"admin_state_up": false, "device_id": "dummy_id", "device_owner": "dummy_owner", "name": "_port_updated"}} times: 40 method_name: run timeout: 0 duration: None cls:
2019-07-26 09:44:12.616 26615 INFO rally.task.runner [-] Task 3e705c15-d3f8-4826-81d5-f9904e263a70 | ITER: 15 START
2019-07-26 09:44:12.617 26615 WARNING rally_openstack.scenarios.neutron.utils [-] Running this scenario without either the 'network' or 'existing_network' context is deprecated
2019-07-26 09:44:12.620 26616 INFO rally.task.runner [-] Task 3e705c15-d3f8-4826-81d5-f9904e263a70 | ITER: 16 START
2019-07-26 09:44:12.622 26616 WARNING rally_openstack.scenarios.neutron.utils [-] Running this scenario without either the 'network' or 'existing_network' context is deprecated
2019-07-26 09:44:12.624 26618 RALLYDEBUG rally.task.runner [-] Starting a worker. concurrency: 1 args: {"network_create_args": {}, "port_create_args": {}, "ports_per_network": 5, "port_update_args": {"admin_state_up": false, "device_id": "dummy_id", "device_owner": "dummy_owner", "name": "_port_updated"}} times: 40 method_name: run timeout: 0 duration: None cls:
2019-07-26 09:44:12.626 26622 RALLYDEBUG rally.task.runner [-] Starting a worker. concurrency: 1 args: {"network_create_args": {}, "port_create_args": {}, "ports_per_network": 5, "port_update_args": {"admin_state_up": false, "device_id": "dummy_id", "device_owner": "dummy_owner", "name": "_port_updated"}} times: 40 method_name: run timeout: 0 duration: None cls:
2019-07-26 09:44:12.630 26618 INFO rally.task.runner [-] Task 3e705c15-d3f8-4826-81d5-f9904e263a70 | ITER: 17 START
2019-07-26 09:44:12.630 26623 RALLYDEBUG rally.task.runner [-] Starting a worker. concurrency: 1 args: {"network_create_args": {}, "port_create_args": {}, "ports_per_network": 5, "port_update_args": {"admin_state_up": false, "device_id": "dummy_id", "device_owner": "dummy_owner", "name": "_port_updated"}} times: 40 method_name: run timeout: 0 duration: None cls:
2019-07-26 09:44:12.631 26618 WARNING rally_openstack.scenarios.neutron.utils [-] Running this scenario without either the 'network' or 'existing_network' context is deprecated
2019-07-26 09:44:12.631 26622 INFO rally.task.runner [-] Task 3e705c15-d3f8-4826-81d5-f9904e263a70 | ITER: 18 START
2019-07-26 09:44:12.633 26622 WARNING rally_openstack.scenarios.neutron.utils [-] Running this scenario without either the 'network' or 'existing_network' context is deprecated
2019-07-26 09:44:12.635 26623 INFO rally.task.runner [-] Task 3e705c15-d3f8-4826-81d5-f9904e263a70 | ITER: 19 START
2019-07-26 09:44:12.636 26628 RALLYDEBUG rally.task.runner [-] Starting a worker. concurrency: 1 args: {"network_create_args": {}, "port_create_args": {}, "ports_per_network": 5, "port_update_args": {"admin_state_up": false, "device_id": "dummy_id", "device_owner": "dummy_owner", "name": "_port_updated"}} times: 40 method_name: run timeout: 0 duration: None cls:
2019-07-26 09:44:12.637 26623 WARNING rally_openstack.scenarios.neutron.utils [-] Running this scenario without either the 'network' or 'existing_network' context is deprecated
2019-07-26 09:44:12.639 26628 INFO rally.task.runner [-] Task 3e705c15-d3f8-4826-81d5-f9904e263a70 | ITER: 20 START
2019-07-26 09:44:12.641 26628 WARNING rally_openstack.scenarios.neutron.utils [-] Running this scenario without either the 'network' or 'existing_network' context is deprecated
2019-07-26 09:44:21.928 26583 INFO rally.task.runner [-] Task 3e705c15-d3f8-4826-81d5-f9904e263a70 | ITER: 6 END: OK
2019-07-26 09:44:21.932 26583 INFO rally.task.runner [-] Task 3e705c15-d3f8-4826-81d5-f9904e263a70 | ITER: 21 START
2019-07-26 09:44:21.933 26583 WARNING rally_openstack.scenarios.neutron.utils [-] Running this scenario without either the 'network' or 'existing_network' context is deprecated
2019-07-26 09:44:22.102 26601 INFO rally.task.runner [-] Task 3e705c15-d3f8-4826-81d5-f9904e263a70 | ITER: 12 END: OK
2019-07-26 09:44:22.107 26601 INFO rally.task.runner [-] Task 3e705c15-d3f8-4826-81d5-f9904e263a70 | ITER: 22 START
2019-07-26 09:44:22.108 26601 WARNING rally_openstack.scenarios.neutron.utils [-] Running this scenario without either the 'network' or 'existing_network' context is deprecated
2019-07-26 09:44:22.650 26618 INFO rally.task.runner [-] Task 3e705c15-d3f8-4826-81d5-f9904e263a70 | ITER: 17 END: OK
2019-07-26 09:44:22.654 26618 INFO rally.task.runner [-] Task 3e705c15-d3f8-4826-81d5-f9904e263a70 | ITER: 23 START
2019-07-26 09:44:22.655 26618 WARNING rally_openstack.scenarios.neutron.utils [-] Running this scenario without either the 'network' or 'existing_network' context is deprecated
2019-07-26 09:44:28.276 26584 INFO rally.task.runner [-] Task 3e705c15-d3f8-4826-81d5-f9904e263a70 | ITER: 9 END: OK
2019-07-26 09:44:28.281 26584 INFO rally.task.runner [-] Task 3e705c15-d3f8-4826-81d5-f9904e263a70 | ITER: 24 START
2019-07-26 09:44:28.282 26584 WARNING rally_openstack.scenarios.neutron.utils [-] Running this scenario without either the 'network' or 'existing_network' context is deprecated
2019-07-26 09:44:28.290 26623 INFO rally.task.runner [-] Task 3e705c15-d3f8-4826-81d5-f9904e263a70 | ITER: 19 END: OK
2019-07-26 09:44:28.294 26623 INFO rally.task.runner [-] Task 3e705c15-d3f8-4826-81d5-f9904e263a70 | ITER: 25 START
2019-07-26 09:44:28.295 26623 WARNING rally_openstack.scenarios.neutron.utils [-] Running this scenario without either the 'network' or 'existing_network' context is deprecated
2019-07-26 09:44:31.129 26618 INFO rally.task.runner [-] Task 3e705c15-d3f8-4826-81d5-f9904e263a70 | ITER: 23 END: OK
2019-07-26 09:44:31.132 26618 INFO rally.task.runner [-] Task 3e705c15-d3f8-4826-81d5-f9904e263a70 | ITER: 26 START
2019-07-26 09:44:31.132 26618 WARNING rally_openstack.scenarios.neutron.utils [-] Running this scenario without either the 'network' or 'existing_network' context is deprecated
2019-07-26 09:44:35.930 26584 INFO rally.task.runner [-] Task 3e705c15-d3f8-4826-81d5-f9904e263a70 | ITER: 24 END: OK
2019-07-26 09:44:35.934 26584 INFO rally.task.runner [-] Task 3e705c15-d3f8-4826-81d5-f9904e263a70 | ITER: 27 START
2019-07-26 09:44:35.934 26584 WARNING rally_openstack.scenarios.neutron.utils [-] Running this scenario without either the 'network' or 'existing_network' context is deprecated
2019-07-26 09:44:35.986 26583 INFO rally.task.runner [-] Task 3e705c15-d3f8-4826-81d5-f9904e263a70 | ITER: 21 END: OK
2019-07-26 09:44:35.989 26583 INFO rally.task.runner [-] Task 3e705c15-d3f8-4826-81d5-f9904e263a70 | ITER: 28 START
2019-07-26 09:44:35.990 26583 WARNING rally_openstack.scenarios.neutron.utils [-] Running this scenario without either the 'network' or 'existing_network' context is deprecated
2019-07-26 09:44:36.113 26623 INFO rally.task.runner [-] Task 3e705c15-d3f8-4826-81d5-f9904e263a70 | ITER: 25 END: OK
2019-07-26 09:44:36.116 26623 INFO rally.task.runner [-] Task 3e705c15-d3f8-4826-81d5-f9904e263a70 | ITER: 29 START
2019-07-26 09:44:36.117 26623 WARNING rally_openstack.scenarios.neutron.utils [-] Running this scenario without either the 'network' or 'existing_network' context is deprecated
2019-07-26 09:44:36.189 26601 INFO rally.task.runner [-] Task 3e705c15-d3f8-4826-81d5-f9904e263a70 | ITER: 22 END: OK
2019-07-26 09:44:36.193 26601 INFO rally.task.runner [-] Task 3e705c15-d3f8-4826-81d5-f9904e263a70 | ITER: 30 START
2019-07-26 09:44:36.193 26601 WARNING rally_openstack.scenarios.neutron.utils [-] Running this scenario without either the 'network' or 'existing_network' context is deprecated
2019-07-26 09:44:38.245 26581 INFO rally.task.runner [-] Task 3e705c15-d3f8-4826-81d5-f9904e263a70 | ITER: 3 END: OK
2019-07-26 09:44:38.249 26581 INFO rally.task.runner [-] Task 3e705c15-d3f8-4826-81d5-f9904e263a70 | ITER: 31 START
2019-07-26 09:44:38.249 26581 WARNING rally_openstack.scenarios.neutron.utils [-] Running this scenario without either the 'network' or 'existing_network' context is deprecated
2019-07-26 09:44:38.626 26586 INFO rally.task.runner [-] Task 3e705c15-d3f8-4826-81d5-f9904e263a70 | ITER: 7 END: OK
2019-07-26 09:44:38.630 26586 INFO rally.task.runner [-] Task 3e705c15-d3f8-4826-81d5-f9904e263a70 | ITER: 32 START
2019-07-26 09:44:38.631 26586 WARNING rally_openstack.scenarios.neutron.utils [-] Running this scenario without either the 'network' or 'existing_network' context is deprecated
2019-07-26 09:44:38.821 26584 INFO rally.task.runner [-] Task 3e705c15-d3f8-4826-81d5-f9904e263a70 | ITER: 8 END: OK
2019-07-26 09:44:38.825 26584 INFO rally.task.runner [-] Task 3e705c15-d3f8-4826-81d5-f9904e263a70 | ITER: 33 START
2019-07-26 09:44:38.825 26584 WARNING rally_openstack.scenarios.neutron.utils [-] Running this scenario without either the 'network' or 'existing_network' context is deprecated
2019-07-26 09:44:38.946 26582 INFO rally.task.runner [-] Task 3e705c15-d3f8-4826-81d5-f9904e263a70 | ITER: 5 END: OK
2019-07-26 09:44:38.950 26582 INFO rally.task.runner [-] Task 3e705c15-d3f8-4826-81d5-f9904e263a70 | ITER: 34 START
2019-07-26 09:44:38.950 26582 WARNING rally_openstack.scenarios.neutron.utils [-] Running this scenario without either the 'network' or 'existing_network' context is deprecated
2019-07-26 09:44:39.352 26618 INFO rally.task.runner [-] Task 3e705c15-d3f8-4826-81d5-f9904e263a70 | ITER: 26 END: OK
2019-07-26 09:44:39.356 26618 INFO rally.task.runner [-] Task 3e705c15-d3f8-4826-81d5-f9904e263a70 | ITER: 35 START
2019-07-26 09:44:39.357 26618 WARNING rally_openstack.scenarios.neutron.utils [-] Running this scenario without either the 'network' or 'existing_network' context is deprecated
2019-07-26 09:44:42.027 26598 INFO rally.task.runner [-] Task 3e705c15-d3f8-4826-81d5-f9904e263a70 | ITER: 11 END: OK
2019-07-26 09:44:42.032 26598 INFO rally.task.runner [-] Task 3e705c15-d3f8-4826-81d5-f9904e263a70 | ITER: 36 START
2019-07-26 09:44:42.032 26598 WARNING rally_openstack.scenarios.neutron.utils [-] Running this scenario without either the 'network' or 'existing_network' context is deprecated
2019-07-26 09:44:42.096 26583 INFO rally.task.runner [-] Task 3e705c15-d3f8-4826-81d5-f9904e263a70 | ITER: 4 END: OK
2019-07-26 09:44:42.101 26583 INFO rally.task.runner [-] Task 3e705c15-d3f8-4826-81d5-f9904e263a70 | ITER: 37 START
2019-07-26 09:44:42.101 26583 WARNING rally_openstack.scenarios.neutron.utils [-] Running this scenario without either the 'network' or 'existing_network' context is deprecated
2019-07-26 09:44:42.473 26607 INFO rally.task.runner [-] Task 3e705c15-d3f8-4826-81d5-f9904e263a70 | ITER: 14 END: OK
2019-07-26 09:44:42.478 26607 INFO rally.task.runner [-] Task 3e705c15-d3f8-4826-81d5-f9904e263a70 | ITER: 38 START
2019-07-26 09:44:42.478 26607 WARNING rally_openstack.scenarios.neutron.utils [-] Running this scenario without either the 'network' or 'existing_network' context is deprecated
2019-07-26 09:44:42.503 26602 INFO rally.task.runner [-] Task 3e705c15-d3f8-4826-81d5-f9904e263a70 | ITER: 13 END: OK
2019-07-26 09:44:42.509 26602 INFO rally.task.runner [-] Task 3e705c15-d3f8-4826-81d5-f9904e263a70 | ITER: 39 START
2019-07-26 09:44:42.509 26602 WARNING rally_openstack.scenarios.neutron.utils [-] Running this scenario without either the 'network' or 'existing_network' context is deprecated
2019-07-26 09:44:45.328 26623 INFO rally.task.runner [-] Task 3e705c15-d3f8-4826-81d5-f9904e263a70 | ITER: 29 END: OK
2019-07-26 09:44:45.334 26623 INFO rally.task.runner [-] Task 3e705c15-d3f8-4826-81d5-f9904e263a70 | ITER: 40 START
2019-07-26 09:44:45.335 26623 WARNING rally_openstack.scenarios.neutron.utils [-] Running this scenario without either the 'network' or 'existing_network' context is deprecated
2019-07-26 09:44:45.469 26601 INFO rally.task.runner [-] Task 3e705c15-d3f8-4826-81d5-f9904e263a70 | ITER: 30 END: OK
2019-07-26 09:44:47.847 26581 INFO rally.task.runner [-] Task 3e705c15-d3f8-4826-81d5-f9904e263a70 | ITER: 31 END: OK
2019-07-26 09:44:50.312 26602 INFO rally.task.runner [-] Task 3e705c15-d3f8-4826-81d5-f9904e263a70 | ITER: 39 END: OK
2019-07-26 09:44:51.300 26607 INFO rally.task.runner [-] Task 3e705c15-d3f8-4826-81d5-f9904e263a70 | ITER: 38 END: OK
2019-07-26 09:44:51.473 26598 INFO rally.task.runner [-] Task 3e705c15-d3f8-4826-81d5-f9904e263a70 | ITER: 36 END: OK
2019-07-26 09:44:52.395 26584 INFO rally.task.runner [-] Task 3e705c15-d3f8-4826-81d5-f9904e263a70 | ITER: 27 END: OK
2019-07-26 09:44:52.414 26583 INFO rally.task.runner [-] Task 3e705c15-d3f8-4826-81d5-f9904e263a70 | ITER: 28 END: OK
2019-07-26 09:44:52.711 26618 INFO rally.task.runner [-] Task 3e705c15-d3f8-4826-81d5-f9904e263a70 | ITER: 35 END: OK
2019-07-26 09:44:53.775 26623 INFO rally.task.runner [-] Task 3e705c15-d3f8-4826-81d5-f9904e263a70 | ITER: 40 END: OK
2019-07-26 09:44:54.854 26583 INFO rally.task.runner [-] Task 3e705c15-d3f8-4826-81d5-f9904e263a70 | ITER: 37 END: OK
2019-07-26 09:44:57.276 26586 INFO rally.task.runner [-] Task 3e705c15-d3f8-4826-81d5-f9904e263a70 | ITER: 32 END: OK
2019-07-26 09:44:57.301 26584 INFO rally.task.runner [-] Task 3e705c15-d3f8-4826-81d5-f9904e263a70 | ITER: 33 END: OK
2019-07-26 09:44:57.730 26582 INFO rally.task.runner [-] Task 3e705c15-d3f8-4826-81d5-f9904e263a70 | ITER: 34 END: OK
2019-07-26 09:45:01.603 26581 INFO rally.task.runner [-] Task 3e705c15-d3f8-4826-81d5-f9904e263a70 | ITER: 1 END: OK
2019-07-26 09:45:01.625 26592 INFO rally.task.runner [-] Task 3e705c15-d3f8-4826-81d5-f9904e263a70 | ITER: 10 END: OK
2019-07-26 09:45:02.676 26628 INFO rally.task.runner [-] Task 3e705c15-d3f8-4826-81d5-f9904e263a70 | ITER: 20 END: OK
2019-07-26 09:45:02.737 26582 INFO rally.task.runner [-] Task 3e705c15-d3f8-4826-81d5-f9904e263a70 | ITER: 2 END: OK
2019-07-26 09:45:02.800 26615 INFO rally.task.runner [-] Task 3e705c15-d3f8-4826-81d5-f9904e263a70 | ITER: 15 END: OK
2019-07-26 09:45:02.809 26616 INFO rally.task.runner [-] Task 3e705c15-d3f8-4826-81d5-f9904e263a70 | ITER: 16 END: OK
2019-07-26 09:45:02.814 26622 INFO rally.task.runner [-] Task 3e705c15-d3f8-4826-81d5-f9904e263a70 | ITER: 18 END: OK
2019-07-26 09:45:02.839 22705 INFO rally.task.context [-] Task 3e705c15-d3f8-4826-81d5-f9904e263a70 | Context cleanup@openstack cleanup() started
2019-07-26 09:45:02.842 22705 RALLYDEBUG rally_openstack.cleanup.manager [-] Cleaning up neutron vip objects
2019-07-26 09:45:03.482 22705 RALLYDEBUG rally_openstack.cleanup.manager [-] Cleaning up neutron health_monitor objects
2019-07-26 09:45:04.183 22705 RALLYDEBUG rally_openstack.cleanup.manager [-] Cleaning up neutron pool objects
2019-07-26 09:45:04.894 22705 RALLYDEBUG rally_openstack.cleanup.manager [-] Cleaning up neutron loadbalancer objects
2019-07-26 09:45:05.578 22705 RALLYDEBUG rally_openstack.cleanup.manager [-] Cleaning up neutron floatingip objects
2019-07-26 09:45:06.242 22705 RALLYDEBUG rally_openstack.cleanup.manager [-] Cleaning up neutron port objects
2019-07-26 09:45:07.458 22705 RALLYDEBUG rally_openstack.cleanup.manager [-] Deleting neutron.port object s_rally_60dfd6e4_XmH6ygKg (06b4dac3-6952-4ac9-9114-e7606cbb60df)
2019-07-26 09:45:07.460 22705 RALLYDEBUG rally_openstack.cleanup.manager [-] Deleting neutron.port object s_rally_60dfd6e4_aS6meXnE (028e850b-81c5-42a5-a182-05a73a189aa9)
2019-07-26 09:45:07.466 22705 RALLYDEBUG rally_openstack.cleanup.manager [-] Deleting neutron.port object s_rally_60dfd6e4_P4lWnviJ (03143d2a-e0f0-4959-8b2f-953f594a252f)
2019-07-26 09:45:07.466 22705 RALLYDEBUG rally_openstack.cleanup.manager [-] Deleting neutron.port object s_rally_60dfd6e4_8FPWqsjL (0c8b965b-9995-4d8a-83c9-af9cade93622)
2019-07-26 09:45:07.470 22705 RALLYDEBUG rally_openstack.cleanup.manager [-] Deleting neutron.port object s_rally_60dfd6e4_e0Cza5Mz (020192cc-9b5f-4a9b-a0bb-d9f7c0d1396e)
2019-07-26 09:45:07.470 22705 RALLYDEBUG rally_openstack.cleanup.manager [-] Deleting neutron.port object s_rally_60dfd6e4_c28shdjx (0900cedf-2e68-46a9-ad42-663385c166d6)
2019-07-26 09:45:07.474 22705 RALLYDEBUG rally_openstack.cleanup.manager [-] Deleting neutron.port object s_rally_60dfd6e4_8xArLrxc (0e3c7a63-dc0d-497e-b29d-9fcc6092dfd1)
2019-07-26 09:45:07.474 22705 RALLYDEBUG rally_openstack.cleanup.manager [-] Deleting neutron.port object s_rally_60dfd6e4_dGhN39G0 (0011b3a7-fde3-43b7-9b37-cc7e9f19d17c)
2019-07-26 09:45:07.479 22705 RALLYDEBUG rally_openstack.cleanup.manager [-] Deleting neutron.port object s_rally_60dfd6e4_eGOnf9R3 (0240edfa-d793-4a03-bd2d-7138567ba22e)
2019-07-26 09:45:07.480 22705 RALLYDEBUG rally_openstack.cleanup.manager [-] Deleting neutron.port object s_rally_60dfd6e4_ZZLgzBuk (02ce62c1-5881-482c-99ad-107f886c3fd0)
2019-07-26 09:45:07.481 22705 RALLYDEBUG rally_openstack.cleanup.manager [-] Deleting neutron.port object s_rally_60dfd6e4_y4yTHvou (0937658b-2f50-43fc-b5f3-23eb2de52309)
2019-07-26 09:45:07.482 22705 RALLYDEBUG rally_openstack.cleanup.manager [-] Deleting neutron.port object s_rally_60dfd6e4_dAcrE1u6 (099929b3-2f6e-46cb-83fa-f5ed9431f6a1)
2019-07-26 09:45:07.482 22705 RALLYDEBUG rally_openstack.cleanup.manager [-] Deleting neutron.port object s_rally_60dfd6e4_dLRfn7C4 (0f68eb50-4cef-4910-8d77-d9907cee7771)
2019-07-26 09:45:07.486 22705 RALLYDEBUG rally_openstack.cleanup.manager [-] Deleting neutron.port object s_rally_60dfd6e4_qtWtLxOz (1028bcf7-9421-4bb2-a054-a0fb558f193a)
2019-07-26 09:45:07.490 22705 RALLYDEBUG rally_openstack.cleanup.manager [-] Deleting neutron.port object s_rally_60dfd6e4_2N6Mhd8N (1116242f-6f11-4ceb-b467-bc7c4ad0220e)
2019-07-26 09:45:07.504 22705 RALLYDEBUG rally_openstack.cleanup.manager [-] Deleting neutron.port object s_rally_60dfd6e4_kT8EsTm4 (0c3c3e83-8ed7-40dd-8d37-b56a93c72026)
2019-07-26 09:45:07.510 22705 RALLYDEBUG rally_openstack.cleanup.manager [-] Deleting neutron.port object s_rally_60dfd6e4_mY0DstEn (150cce66-3130-4fb5-b2c0-4d5d657367f2)
2019-07-26 09:45:07.523 22705 RALLYDEBUG rally_openstack.cleanup.manager [-] Deleting neutron.port object s_rally_60dfd6e4_bLs2UuF2 (15c563b2-a98a-4454-ab2f-a883893f2c84)
2019-07-26 09:45:07.529 22705 RALLYDEBUG rally_openstack.cleanup.manager [-] Deleting neutron.port object s_rally_60dfd6e4_EqXXT8Pd (15fe78a9-26c0-4c5f-a42e-6f8fd7ef9685)
2019-07-26 09:45:07.541 22705 RALLYDEBUG rally_openstack.cleanup.manager [-] Deleting neutron.port object s_rally_60dfd6e4_qiKMe9MN (169a7568-98b2-4959-a5a2-e7976b4e1b30)
2019-07-26 09:45:09.976 22705 RALLYDEBUG rally_openstack.cleanup.manager [-] Deleting neutron.port object s_rally_60dfd6e4_wHA3X467 (1a69c85e-3dea-4ae0-82b7-5ef3f5028693)
2019-07-26 09:45:10.166 22705 RALLYDEBUG rally_openstack.cleanup.manager [-] Deleting neutron.port object s_rally_60dfd6e4_b5C0pz5e (1b4303ed-f582-457d-9616-cb9b0514a026)
2019-07-26 09:45:10.266 22705 RALLYDEBUG rally_openstack.cleanup.manager [-] Deleting neutron.port object s_rally_60dfd6e4_Mth0NUuh (1cc5230e-1ae9-4d8c-9390-30567d80cdb1)
2019-07-26 09:45:10.529 22705 RALLYDEBUG rally_openstack.cleanup.manager [-] Deleting neutron.port object s_rally_60dfd6e4_sgL2Vulx (20438a25-764e-44e0-8375-87430d954dcb)
2019-07-26 09:45:10.722 22705 RALLYDEBUG rally_openstack.cleanup.manager [-] Deleting neutron.port object s_rally_60dfd6e4_7fcTeoWd (2048d72a-29c5-42bc-b81e-87e3f6965b84)
2019-07-26 09:45:11.805 22705 RALLYDEBUG rally_openstack.cleanup.manager [-] Deleting neutron.port object s_rally_60dfd6e4_ADrknGkc (232b3ce6-87a3-4f3a-8ef5-88a22e8c2baa)
2019-07-26 09:45:12.118 22705 RALLYDEBUG rally_openstack.cleanup.manager [-] Deleting neutron.port object s_rally_60dfd6e4_laGg7RV7 (24040306-685b-46dd-b3bf-96a1daceb233)
2019-07-26 09:45:12.248 22705 RALLYDEBUG rally_openstack.cleanup.manager [-] Deleting neutron.port object s_rally_60dfd6e4_TWEWm21h (240d053b-c5d5-4bf9-af4c-c1a0254b0c59)
2019-07-26 09:45:12.685 22705 RALLYDEBUG rally_openstack.cleanup.manager [-] Deleting neutron.port object s_rally_60dfd6e4_rBbXt7Po (25c89023-0231-4184-a5f9-1be54b461409)
2019-07-26 09:45:12.785 22705 RALLYDEBUG rally_openstack.cleanup.manager [-] Deleting neutron.port object s_rally_60dfd6e4_ZQ5ddm26 (2bc97e01-3170-4b61-961a-5dd997623f37)
2019-07-26 09:45:12.877 22705 RALLYDEBUG rally_openstack.cleanup.manager [-] Deleting neutron.port object s_rally_60dfd6e4_20bOJASy (2c29fd36-94c6-496b-93bd-74a81d120c1b)
2019-07-26 09:45:12.900 22705 RALLYDEBUG rally_openstack.cleanup.manager [-] Deleting neutron.port object s_rally_60dfd6e4_X2aZWzww (2c7d63c5-cb27-4902-9e51-6944a6a3b583)
2019-07-26 09:45:13.132 22705 RALLYDEBUG rally_openstack.cleanup.manager [-] Deleting neutron.port object s_rally_60dfd6e4_sSNEMdWZ (2c9c0da5-08fc-4bee-b052-78dd4c5b6a8c)
2019-07-26 09:45:13.139 22705 RALLYDEBUG rally_openstack.cleanup.manager [-] Deleting neutron.port object s_rally_60dfd6e4_GEXuwjVu (2ef23e4b-abb0-41b6-be8e-1fdb00bd0ae2)
2019-07-26 09:45:13.275 22705 RALLYDEBUG rally_openstack.cleanup.manager [-] Deleting neutron.port object s_rally_60dfd6e4_rTuzzLDG (33a531af-eb86-4a8b-8c47-6d90790359b5)
2019-07-26 09:45:13.309 22705 RALLYDEBUG rally_openstack.cleanup.manager [-] Deleting neutron.port object s_rally_60dfd6e4_0aXadNmV (33e14f02-476b-4308-9adc-d1cc05f653dc)
2019-07-26 09:45:13.609 22705 RALLYDEBUG rally_openstack.cleanup.manager [-] Deleting neutron.port object s_rally_60dfd6e4_FmJORStx (351b2070-535f-47ca-a0a5-0bd4d8db7716)
2019-07-26 09:45:13.616 22705 RALLYDEBUG rally_openstack.cleanup.manager [-] Deleting neutron.port object s_rally_60dfd6e4_1iE9TiHV (35a81165-9a78-4e3f-8c2b-44051e6dc5d0)
2019-07-26 09:45:13.826 22705 RALLYDEBUG rally_openstack.cleanup.manager [-] Deleting neutron.port object s_rally_60dfd6e4_LzWszNjP (3a34655d-224d-4484-af57-9c68405c8f0a)
2019-07-26 09:45:13.863 22705 RALLYDEBUG rally_openstack.cleanup.manager [-] Deleting neutron.port object s_rally_60dfd6e4_OO3shQRs (3a39251d-2673-4be0-baa3-9f3125f05aed)
2019-07-26 09:45:13.870 22705 RALLYDEBUG rally_openstack.cleanup.manager [-] Deleting neutron.port object s_rally_60dfd6e4_R0kzJ6YU (3ae12bde-9263-49cf-b012-60c3106152e5)
2019-07-26 09:45:13.898 22705 RALLYDEBUG rally_openstack.cleanup.manager [-] Deleting neutron.port object s_rally_60dfd6e4_DpHLToJ1 (3b254822-cf3a-4502-a53b-e62a77346f0e)
2019-07-26 09:45:15.031 22705 RALLYDEBUG rally_openstack.cleanup.manager [-] Deleting neutron.port object s_rally_60dfd6e4_kqNHZtNc (400718d1-bd6c-4c04-901d-4d22271d028a)
2019-07-26 09:45:15.083 22705 RALLYDEBUG rally_openstack.cleanup.manager [-] Deleting neutron.port object s_rally_60dfd6e4_pXtfZvj0 (4147b871-ae33-4442-bc7e-44603ed8aedc)
2019-07-26 09:45:15.087 22705 RALLYDEBUG rally_openstack.cleanup.manager [-] Deleting neutron.port object s_rally_60dfd6e4_79wVV0lO (4135322d-8dc9-4530-98f6-c62068c64745)
2019-07-26 09:45:15.108 22705 RALLYDEBUG rally_openstack.cleanup.manager [-] Deleting neutron.port object s_rally_60dfd6e4_X3oXWGVe (436b4e68-ad4a-4ba3-bfbb-4ff71b3f8c5f)
2019-07-26 09:45:15.490 22705 RALLYDEBUG rally_openstack.cleanup.manager [-] Deleting neutron.port object s_rally_60dfd6e4_IuZc4M5V (44861c86-1336-4c33-b1b2-65a40b6355eb)
2019-07-26 09:45:15.620 22705 RALLYDEBUG rally_openstack.cleanup.manager [-] Deleting neutron.port object s_rally_60dfd6e4_oVaIGDhw (46ce3dc2-bff8-4fcc-ad99-4765eb3e0c7d)
2019-07-26 09:45:15.648 22705 RALLYDEBUG rally_openstack.cleanup.manager [-] Deleting neutron.port object s_rally_60dfd6e4_WenuUSLM (496003f0-0237-4a97-87ec-0241b5e57c7f)
2019-07-26 09:45:15.659 22705 RALLYDEBUG rally_openstack.cleanup.manager [-] Deleting neutron.port object s_rally_60dfd6e4_7r9TAa2g (4a52e80d-aee0-4ce9-9085-0211094de26e)
2019-07-26 09:45:15.837 22705 RALLYDEBUG rally_openstack.cleanup.manager [-] Deleting neutron.port object s_rally_60dfd6e4_S0PWf3H5 (4ab3deea-6b47-4604-ac59-d994f35f7efb)
2019-07-26 09:45:15.956 22705 RALLYDEBUG rally_openstack.cleanup.manager [-] Deleting neutron.port object s_rally_60dfd6e4_pDhQvEEf (4b617437-017e-4275-94a4-a04b41e27564)
2019-07-26 09:45:16.207 22705 RALLYDEBUG rally_openstack.cleanup.manager [-] Deleting neutron.port object s_rally_60dfd6e4_BYJz0okJ (4c6d45c9-0112-4c42-b101-764538fc31e0)
2019-07-26 09:45:16.351 22705 RALLYDEBUG rally_openstack.cleanup.manager [-] Deleting neutron.port object s_rally_60dfd6e4_HhlISSzd (4e12634b-85db-4b5c-96b0-eef4a6c5b05e)
2019-07-26 09:45:16.369 22705 RALLYDEBUG rally_openstack.cleanup.manager [-] Deleting neutron.port object s_rally_60dfd6e4_1229tHwM (4ec5b9ce-cf8a-47de-b61e-92705de53aa4)
2019-07-26 09:45:16.436 22705 RALLYDEBUG rally_openstack.cleanup.manager [-] Deleting neutron.port object s_rally_60dfd6e4_OBpcC2Kl (50a48c04-4e5b-4b7d-a274-3ca85934ca0f)
2019-07-26 09:45:16.462 22705 RALLYDEBUG rally_openstack.cleanup.manager [-] Deleting neutron.port object s_rally_60dfd6e4_14naG3Fm (53fbb79b-69ca-439d-a9a9-e4d815c7851f)
2019-07-26 09:45:16.462 22705 RALLYDEBUG rally_openstack.cleanup.manager [-] Deleting neutron.port object s_rally_60dfd6e4_1FvuWtU6 (54c68137-9112-4f1d-830e-501339bcd163)
2019-07-26 09:45:16.471 22705 RALLYDEBUG rally_openstack.cleanup.manager [-] Deleting neutron.port object s_rally_60dfd6e4_5MN9TcBc (54e455a7-6519-49b5-9833-d296b757542a)
2019-07-26 09:45:16.643 22705 RALLYDEBUG rally_openstack.cleanup.manager [-] Deleting neutron.port object s_rally_60dfd6e4_21mNqKiY (565a8687-8e5c-4926-b4f0-f33617cbdafd)
2019-07-26 09:45:17.047 22705 RALLYDEBUG rally_openstack.cleanup.manager [-] Deleting neutron.port object s_rally_60dfd6e4_DDpXyRKr (57271b80-d083-4d96-a9e1-15a7697a1df4)
2019-07-26 09:45:17.055 22705 RALLYDEBUG rally_openstack.cleanup.manager [-] Deleting neutron.port object s_rally_60dfd6e4_GfonOcN4 (58ba0d62-d547-4d7f-b55a-1daf2fcc7e90)
2019-07-26 09:45:18.089 22705 RALLYDEBUG rally_openstack.cleanup.manager [-] Deleting neutron.port object s_rally_60dfd6e4_J0PWmTfG (58dbc29e-ceab-4c49-8a18-c9586bc8730f)
2019-07-26 09:45:18.103 22705 RALLYDEBUG rally_openstack.cleanup.manager [-] Deleting neutron.port object s_rally_60dfd6e4_lw4dTTTK (591fc19d-fc62-4cd8-af0a-52b90ad32d96)
2019-07-26 09:45:18.300 22705 RALLYDEBUG rally_openstack.cleanup.manager [-] Deleting neutron.port object s_rally_60dfd6e4_8qXtcfXP (5a4590c6-2c44-4af0-a23f-8390d445a131)
2019-07-26 09:45:18.432 22705 RALLYDEBUG rally_openstack.cleanup.manager [-] Deleting neutron.port object s_rally_60dfd6e4_Xl09EGKO (5b703fcc-d6de-4729-832e-7de31f6f2591)
2019-07-26 09:45:18.546 22705 RALLYDEBUG rally_openstack.cleanup.manager [-] Deleting neutron.port object s_rally_60dfd6e4_dYfeoIz3 (5b9fb133-eb53-4244-9465-4aada31a1ea7)
2019-07-26 09:45:18.679 22705 RALLYDEBUG rally_openstack.cleanup.manager [-] Deleting neutron.port object s_rally_60dfd6e4_22Byh4SN (5cea1707-59cc-4d81-b872-d0aa729e42c7)
2019-07-26 09:45:18.700 22705 RALLYDEBUG rally_openstack.cleanup.manager [-] Deleting neutron.port object s_rally_60dfd6e4_t8eKmLEe (5da27aed-102d-425e-8361-d4f0c7d63039)
