2019-07-26 09:45:19.142 22705 RALLYDEBUG rally_openstack.cleanup.manager [-] Deleting neutron.port object s_rally_60dfd6e4_3aMy1fkC (5dceecd7-dcc4-4a8d-92df-524620c38176)
2019-07-26 09:45:19.229 22705 RALLYDEBUG rally_openstack.cleanup.manager [-] Deleting neutron.port object s_rally_60dfd6e4_9deaIpl7 (5e1f123b-89a8-431e-ba04-1e6a35f76a2a)
2019-07-26 09:45:19.367 22705 RALLYDEBUG rally_openstack.cleanup.manager [-] Deleting neutron.port object s_rally_60dfd6e4_YawfLyT3 (5fe0b076-b8c4-418b-b8c7-13e1d08b6101)
2019-07-26 09:45:19.432 22705 RALLYDEBUG rally_openstack.cleanup.manager [-] Deleting neutron.port object s_rally_60dfd6e4_F0cl9Ym7 (62419e5c-3258-47e4-bef0-c8fcd2539b1f)
2019-07-26 09:45:19.442 22705 RALLYDEBUG rally_openstack.cleanup.manager [-] Deleting neutron.port object s_rally_60dfd6e4_gnlEZHTy (661b8db0-6a9f-4029-88b5-a27b8cf856f0)
2019-07-26 09:45:19.452 22705 RALLYDEBUG rally_openstack.cleanup.manager [-] Deleting neutron.port object s_rally_60dfd6e4_14B7H8au (687704d0-c27d-48bb-8b39-60f9f6763c07)
2019-07-26 09:45:19.716 22705 RALLYDEBUG rally_openstack.cleanup.manager [-] Deleting neutron.port object s_rally_60dfd6e4_eSdHGSmV (687c7b37-5284-4928-bab9-27f7ec073e3d)
2019-07-26 09:45:19.806 22705 RALLYDEBUG rally_openstack.cleanup.manager [-] Deleting neutron.port object s_rally_60dfd6e4_oa7qApMV (6890a0b8-8d43-46d1-83a4-c5b11c21b0df)
2019-07-26 09:45:19.875 22705 RALLYDEBUG rally_openstack.cleanup.manager [-] Deleting neutron.port object s_rally_60dfd6e4_1mxzB4oV (6a873198-837a-49c2-8821-debec5731357)
2019-07-26 09:45:19.888 22705 RALLYDEBUG rally_openstack.cleanup.manager [-] Deleting neutron.port object s_rally_60dfd6e4_wYEMAwDO (6ae3d77a-83ae-40f3-86c3-749640286c5c)
2019-07-26 09:45:19.935 22705 RALLYDEBUG rally_openstack.cleanup.manager [-] Deleting neutron.port object s_rally_60dfd6e4_s4xVlOeu (6b3fa007-96cd-4a69-b938-1f1d7708875c)
2019-07-26 09:45:20.009 22705 RALLYDEBUG rally_openstack.cleanup.manager [-] Deleting neutron.port object s_rally_60dfd6e4_0SUI0DHo (6bd35b95-91a2-4e28-91b9-b0031fd601ff)
2019-07-26 09:45:20.062 22705 RALLYDEBUG rally_openstack.cleanup.manager [-] Deleting neutron.port object s_rally_60dfd6e4_NrawtiFH (6cd3b2d7-5d20-4bcc-bc33-48c8e0742e55)
2019-07-26 09:45:20.474 22705 RALLYDEBUG rally_openstack.cleanup.manager [-] Deleting neutron.port object s_rally_60dfd6e4_1ANk3Mcq (6dfd7367-03de-470f-a97b-d52f25ecb728)
2019-07-26 09:45:20.770 22705 RALLYDEBUG rally_openstack.cleanup.manager [-] Deleting neutron.port object s_rally_60dfd6e4_X39s2szQ (6f45a9ba-dc92-469e-be9b-d696b21ccbf9)
2019-07-26 09:45:21.157 22705 RALLYDEBUG rally_openstack.cleanup.manager [-] Deleting neutron.port object s_rally_60dfd6e4_McpcBCtx (72242f47-111b-4e14-a78e-4fb94ae14538)
2019-07-26 09:45:21.263 22705 RALLYDEBUG rally_openstack.cleanup.manager [-] Deleting neutron.port object s_rally_60dfd6e4_6xMq5OqZ (726a7ab5-e0d7-4036-9ba7-8decb5f8c6c8)
2019-07-26 09:45:21.443 22705 RALLYDEBUG rally_openstack.cleanup.manager [-] Deleting neutron.port object s_rally_60dfd6e4_u7CLvoOc (726fa61e-b148-49e8-8694-7118029dd6ac)
2019-07-26 09:45:21.540 22705 RALLYDEBUG rally_openstack.cleanup.manager [-] Deleting neutron.port object s_rally_60dfd6e4_wZeNtp9F (73b81b01-0a2f-4b1a-94b9-9d6087fffb98)
2019-07-26 09:45:21.612 22705 RALLYDEBUG rally_openstack.cleanup.manager [-] Deleting neutron.port object s_rally_60dfd6e4_EAoL7jiy (74559696-693c-4bc8-84de-334855670cf9)
2019-07-26 09:45:21.820 22705 RALLYDEBUG rally_openstack.cleanup.manager [-] Deleting neutron.port object s_rally_60dfd6e4_tIXyApAp (74bb791a-9a91-4b24-88a2-8c4486a770de)
2019-07-26 09:45:22.201 22705 RALLYDEBUG rally_openstack.cleanup.manager [-] Deleting neutron.port object s_rally_60dfd6e4_XgalZAq3 (77b6b859-81d8-44a7-94ba-45cad0f39bb1)
2019-07-26 09:45:22.408 22705 RALLYDEBUG rally_openstack.cleanup.manager [-] Deleting neutron.port object s_rally_60dfd6e4_VqvaRrvn (78565c8d-a917-4a32-9b1a-151587d0715a)
2019-07-26 09:45:22.579 22705 RALLYDEBUG rally_openstack.cleanup.manager [-] Deleting neutron.port object s_rally_60dfd6e4_D4fhoapT (7962731e-21da-4577-af89-0b12fd518cf0)
2019-07-26 09:45:22.626 22705 RALLYDEBUG rally_openstack.cleanup.manager [-] Deleting neutron.port object s_rally_60dfd6e4_xuT59fr4 (7b1fb30a-1aff-4a1e-a5d4-60f2f5916cbf)
2019-07-26 09:45:22.652 22705 RALLYDEBUG rally_openstack.cleanup.manager [-] Deleting neutron.port object s_rally_60dfd6e4_R8Pf63G5 (7b61788d-950b-4ea0-9107-271a379cd3d3)
2019-07-26 09:45:22.800 22705 RALLYDEBUG rally_openstack.cleanup.manager [-] Deleting neutron.port object s_rally_60dfd6e4_OhfAKSUn (7bd3acac-0465-4cd5-b2e3-42fe15663c07)
2019-07-26 09:45:22.873 22705 RALLYDEBUG rally_openstack.cleanup.manager [-] Deleting neutron.port object s_rally_60dfd6e4_HPXEhqJl (7d7d7996-9c03-4213-b537-21d8868acc7a)
2019-07-26 09:45:22.917 22705 RALLYDEBUG rally_openstack.cleanup.manager [-] Deleting neutron.port object s_rally_60dfd6e4_097nXz4r (7ecc8c1f-c3b3-49a0-a8eb-4ea5ee366cf7)
2019-07-26 09:45:23.077 22705 RALLYDEBUG rally_openstack.cleanup.manager [-] Deleting neutron.port object s_rally_60dfd6e4_ZxinP8ai (7f0d3392-4cae-43eb-a2bb-8e345d496596)
2019-07-26 09:45:23.213 22705 RALLYDEBUG rally_openstack.cleanup.manager [-] Deleting neutron.port object s_rally_60dfd6e4_Cqu6Vnvo (7f0fd89c-e7b9-4711-a735-f822b7434c15)
2019-07-26 09:45:23.269 22705 RALLYDEBUG rally_openstack.cleanup.manager [-] Deleting neutron.port object s_rally_60dfd6e4_9F8P1qH8 (81dff11b-163e-49ce-a230-6ba32d47413f)
2019-07-26 09:45:23.456 22705 RALLYDEBUG rally_openstack.cleanup.manager [-] Deleting neutron.port object s_rally_60dfd6e4_gvG5qNCg (823937ce-e8c5-4f9d-9283-ab9f78246f93)
2019-07-26 09:45:23.516 22705 RALLYDEBUG rally_openstack.cleanup.manager [-] Deleting neutron.port object s_rally_60dfd6e4_M3n9iRA7 (84232364-d8eb-4211-a482-b1526e7524f3)
2019-07-26 09:45:23.537 22705 RALLYDEBUG rally_openstack.cleanup.manager [-] Deleting neutron.port object s_rally_60dfd6e4_NIrZeGcw (845888d5-8b88-478e-846f-3483f702e960)
2019-07-26 09:45:23.591 22705 RALLYDEBUG rally_openstack.cleanup.manager [-] Deleting neutron.port object s_rally_60dfd6e4_awPlDyuP (84ad3c48-c5ec-410b-8adc-44d0f4c1c46c)
2019-07-26 09:45:23.593 22705 RALLYDEBUG rally_openstack.cleanup.manager [-] Deleting neutron.port object s_rally_60dfd6e4_jWxbMGDi (84b7cf54-8d05-4a1e-9203-7cd92156a8d2)
2019-07-26 09:45:23.813 22705 RALLYDEBUG rally_openstack.cleanup.manager [-] Deleting neutron.port object s_rally_60dfd6e4_t738tBTX (84cc5b93-81c8-4b75-82e2-b412d199e7cb)
2019-07-26 09:45:23.940 22705 RALLYDEBUG rally_openstack.cleanup.manager [-] Deleting neutron.port object s_rally_60dfd6e4_7xuQbc19 (86459965-6068-4bff-a9e5-63e517e4e016)
2019-07-26 09:45:24.004 22705 RALLYDEBUG rally_openstack.cleanup.manager [-] Deleting neutron.port object s_rally_60dfd6e4_rGI7pD1e (86c2c497-f5c4-40a7-95ee-8f977d09aba6)
2019-07-26 09:45:24.161 22705 RALLYDEBUG rally_openstack.cleanup.manager [-] Deleting neutron.port object s_rally_60dfd6e4_6UIIB5pZ (89dd3b00-0dd7-40a7-86a9-00531d264802)
2019-07-26 09:45:24.578 22705 RALLYDEBUG rally_openstack.cleanup.manager [-] Deleting neutron.port object s_rally_60dfd6e4_Y0sh9wpL (8a74ee5b-9664-4789-8444-574ebd9ac5ce)
2019-07-26 09:45:24.769 22705 RALLYDEBUG rally_openstack.cleanup.manager [-] Deleting neutron.port object s_rally_60dfd6e4_avvdoB0A (8b89deb9-0c90-4a75-bfdd-cf055ee0bc4e)
2019-07-26 09:45:25.302 22705 RALLYDEBUG rally_openstack.cleanup.manager [-] Deleting neutron.port object s_rally_60dfd6e4_Bg0yHFoq (8decdbae-6c44-491a-9b16-d75a2db7b4b3)
2019-07-26 09:45:25.393 22705 RALLYDEBUG rally_openstack.cleanup.manager [-] Deleting neutron.port object s_rally_60dfd6e4_4bKxgafN (8f55815c-04a6-4bc3-b68a-d378b05704d6)
2019-07-26 09:45:25.800 22705 RALLYDEBUG rally_openstack.cleanup.manager [-] Deleting neutron.port object s_rally_60dfd6e4_62DTYc3E (8fcef157-e944-4b66-b88f-0e3b19acd02d)
2019-07-26 09:45:25.871 22705 RALLYDEBUG rally_openstack.cleanup.manager [-] Deleting neutron.port object s_rally_60dfd6e4_k2fSvex3 (900190db-b072-48ef-90b3-5892466e7c10)
2019-07-26 09:45:25.923 22705 RALLYDEBUG rally_openstack.cleanup.manager [-] Deleting neutron.port object s_rally_60dfd6e4_9u75WIha (9367e6b4-8c1b-4d2b-8647-96abcdabdd77)
2019-07-26 09:45:25.963 22705 RALLYDEBUG rally_openstack.cleanup.manager [-] Deleting neutron.port object s_rally_60dfd6e4_nXSdQqT5 (93f09556-e0e7-42d3-81a0-baa3393dfe71)
2019-07-26 09:45:26.158 22705 RALLYDEBUG rally_openstack.cleanup.manager [-] Deleting neutron.port object s_rally_60dfd6e4_uaI0KoSJ (94061203-60ef-4892-95c4-f80dbe37eef6)
2019-07-26 09:45:26.341 22705 RALLYDEBUG rally_openstack.cleanup.manager [-] Deleting neutron.port object s_rally_60dfd6e4_Wp2ZI9Qr (947c6597-420a-4523-959e-2327e82a69b2)
2019-07-26 09:45:26.440 22705 RALLYDEBUG rally_openstack.cleanup.manager [-] Deleting neutron.port object s_rally_60dfd6e4_ctgAXDwL (94ee04fb-0e6a-4971-b04b-e656b6303809)
2019-07-26 09:45:26.525 22705 RALLYDEBUG rally_openstack.cleanup.manager [-] Deleting neutron.port object s_rally_60dfd6e4_ySW7zPmt (9a1089ae-b7a7-44c4-87b5-6d18364bedcd)
2019-07-26 09:45:26.677 22705 RALLYDEBUG rally_openstack.cleanup.manager [-] Deleting neutron.port object s_rally_60dfd6e4_AhUH6awe (9c0974ea-82ba-447a-9148-3fe50cc2f842)
2019-07-26 09:45:26.937 22705 RALLYDEBUG rally_openstack.cleanup.manager [-] Deleting neutron.port object s_rally_60dfd6e4_dsXo4kvP (9cc6dee4-0c07-44cf-900e-236143575e5b)
2019-07-26 09:45:27.065 22705 RALLYDEBUG rally_openstack.cleanup.manager [-] Deleting neutron.port object s_rally_60dfd6e4_qTCD4tv1 (a0f05922-b687-4788-a754-3f4b040a374f)
2019-07-26 09:45:27.115 22705 RALLYDEBUG rally_openstack.cleanup.manager [-] Deleting neutron.port object s_rally_60dfd6e4_MOLUn4Qy (a34c3524-50ff-4cb2-8adf-8c2f4fdc4e99)
2019-07-26 09:45:27.284 22705 RALLYDEBUG rally_openstack.cleanup.manager [-] Deleting neutron.port object s_rally_60dfd6e4_JLLBkRKM (a40d7c9f-bf6d-4783-aefa-6049011cec26)
2019-07-26 09:45:27.660 22705 RALLYDEBUG rally_openstack.cleanup.manager [-] Deleting neutron.port object s_rally_60dfd6e4_LPVe8sup (a51801a3-db93-4afc-9528-cb77d3cd8fbb)
2019-07-26 09:45:27.693 22705 RALLYDEBUG rally_openstack.cleanup.manager [-] Deleting neutron.port object s_rally_60dfd6e4_FunZ4bNl (a52a05d9-aed8-4886-b013-de72596d1352)
2019-07-26 09:45:27.791 22705 RALLYDEBUG rally_openstack.cleanup.manager [-] Deleting neutron.port object s_rally_60dfd6e4_elONeQW4 (a6437b8c-2128-4b3b-acb6-ce398ff348fe)
2019-07-26 09:45:27.797 22705 RALLYDEBUG rally_openstack.cleanup.manager [-] Deleting neutron.port object s_rally_60dfd6e4_yuHJgCj0 (aace4325-9a9c-428f-9308-e791af1158fd)
2019-07-26 09:45:27.801 22705 RALLYDEBUG rally_openstack.cleanup.manager [-] Deleting neutron.port object s_rally_60dfd6e4_JD44WkTg (ad98c475-2b24-455b-81d0-f866010039dc)
2019-07-26 09:45:27.803 22705 RALLYDEBUG rally_openstack.cleanup.manager [-] Deleting neutron.port object s_rally_60dfd6e4_WUicWGap (ade87596-2983-43af-9022-0ef6311833fc)
2019-07-26 09:45:27.858 22705 RALLYDEBUG rally_openstack.cleanup.manager [-] Deleting neutron.port object s_rally_60dfd6e4_fYArbMwG (ae691769-0596-48fe-bd9c-6557374ed753)
2019-07-26 09:45:28.636 22705 RALLYDEBUG rally_openstack.cleanup.manager [-] Deleting neutron.port object s_rally_60dfd6e4_ojcJb4UB (af3fb51c-7949-4ee9-b5b9-f0ac4bdd8bff)
2019-07-26 09:45:28.840 22705 RALLYDEBUG rally_openstack.cleanup.manager [-] Deleting neutron.port object s_rally_60dfd6e4_198nYKQr (b1f1f279-fca2-49c0-a1ad-5685f95c20e4)
2019-07-26 09:45:28.891 22705 RALLYDEBUG rally_openstack.cleanup.manager [-] Deleting neutron.port object s_rally_60dfd6e4_HqRRgxTA (b23cd2b2-4709-46f9-98b7-8323028621b2)
2019-07-26 09:45:29.439 22705 RALLYDEBUG rally_openstack.cleanup.manager [-] Deleting neutron.port object s_rally_60dfd6e4_VZrTGrcb (b769f708-22c3-492c-847a-02f6f954b9a9)
2019-07-26 09:45:29.831 22705 RALLYDEBUG rally_openstack.cleanup.manager [-] Deleting neutron.port object s_rally_60dfd6e4_DL1w3CZ4 (bb177461-067e-4ba8-b52b-862925ba2331)
2019-07-26 09:45:30.160 22705 RALLYDEBUG rally_openstack.cleanup.manager [-] Deleting neutron.port object s_rally_60dfd6e4_EWyIKS8Z (bc4b74d6-5c4d-4ad0-91fc-b7f6d2f77c09)
2019-07-26 09:45:30.176 22705 RALLYDEBUG rally_openstack.cleanup.manager [-] Deleting neutron.port object s_rally_60dfd6e4_5Kl5oE17 (be8bdb94-3412-48f3-86e8-a67c72a13d15)
2019-07-26 09:45:30.201 22705 RALLYDEBUG rally_openstack.cleanup.manager [-] Deleting neutron.port object s_rally_60dfd6e4_qxV289yN (bff62235-501d-4f51-ae36-9309d946e619)
2019-07-26 09:45:30.286 22705 RALLYDEBUG rally_openstack.cleanup.manager [-] Deleting neutron.port object s_rally_60dfd6e4_GHXIk1a4 (c31a00a9-9fa7-436c-ad73-1d12345dc897)
2019-07-26 09:45:30.304 22705 RALLYDEBUG rally_openstack.cleanup.manager [-] Deleting neutron.port object s_rally_60dfd6e4_y7NvH47o (c349626f-99ec-4601-bc3c-0408fe6e06db)
2019-07-26 09:45:30.308 22705 RALLYDEBUG rally_openstack.cleanup.manager [-] Deleting neutron.port object s_rally_60dfd6e4_Iol6HfLo (c7e9b59d-388b-4eb9-bfdd-fb8ef09c7be5)
2019-07-26 09:45:30.349 22705 RALLYDEBUG rally_openstack.cleanup.manager [-] Deleting neutron.port object s_rally_60dfd6e4_eGOkn2EP (c8b3e66a-c534-4549-a7ba-4d59f9917b4f)
2019-07-26 09:45:30.384 22705 RALLYDEBUG rally_openstack.cleanup.manager [-] Deleting neutron.port object s_rally_60dfd6e4_BjZoFV4U (c8debcf5-7204-4297-9f4e-ba22348e9c10)
2019-07-26 09:45:30.474 22705 RALLYDEBUG rally_openstack.cleanup.manager [-] Deleting neutron.port object s_rally_60dfd6e4_EGtEE8gB (c8f5fcfb-d42f-4a84-918c-8558c668352f)
2019-07-26 09:45:31.123 22705 RALLYDEBUG rally_openstack.cleanup.manager [-] Deleting neutron.port object s_rally_60dfd6e4_ydwz9g1O (c910621c-b88a-4ed2-979c-da7534013a17)
2019-07-26 09:45:31.149 22705 RALLYDEBUG rally_openstack.cleanup.manager [-] Deleting neutron.port object s_rally_60dfd6e4_FMOO9ejK (c940f534-bfbf-433f-928a-902414c1772f)
2019-07-26 09:45:31.246 22705 RALLYDEBUG rally_openstack.cleanup.manager [-] Deleting neutron.port object s_rally_60dfd6e4_3AjYhvwz (c9aec82c-f178-4b02-bf94-6583f8f82a31)
2019-07-26 09:45:31.273 22705 RALLYDEBUG rally_openstack.cleanup.manager [-] Deleting neutron.port object s_rally_60dfd6e4_Qe5JopfE (c9c32d81-2579-4353-9487-226fabfe591f)
2019-07-26 09:45:31.302 22705 RALLYDEBUG rally_openstack.cleanup.manager [-] Deleting neutron.port object s_rally_60dfd6e4_1uQFFyES (cb5c20c2-72bd-4698-ae8e-92fa72d7d4cb)
2019-07-26 09:45:31.344 22705 RALLYDEBUG rally_openstack.cleanup.manager [-] Deleting neutron.port object s_rally_60dfd6e4_rtzQJZrO (cbb39a41-cd35-4336-9754-125e8a27da6f)
2019-07-26 09:45:31.364 22705 RALLYDEBUG rally_openstack.cleanup.manager [-] Deleting neutron.port object s_rally_60dfd6e4_bl4BViWs (cc2f8d0d-7169-480f-8f30-52c2a8d122d0)
2019-07-26 09:45:31.370 22705 RALLYDEBUG rally_openstack.cleanup.manager [-] Deleting neutron.port object s_rally_60dfd6e4_Qd5V3DL7 (cc557be5-96be-4869-ae6a-7430d3781aa7)
2019-07-26 09:45:31.399 22705 RALLYDEBUG rally_openstack.cleanup.manager [-] Deleting neutron.port object s_rally_60dfd6e4_sfi1nfxj (ce1dc1e7-9393-4067-a61c-2e3847784da0)
2019-07-26 09:45:31.702 22705 RALLYDEBUG rally_openstack.cleanup.manager [-] Deleting neutron.port object s_rally_60dfd6e4_qVooMJsV (d06dfbf6-9058-4661-afb9-ea41db71a500)
2019-07-26 09:45:32.541 22705 RALLYDEBUG rally_openstack.cleanup.manager [-] Deleting neutron.port object s_rally_60dfd6e4_04iMgKqk (d0f7b723-3cc2-42d5-842e-694aac3ce991)
2019-07-26 09:45:32.607 22705 RALLYDEBUG rally_openstack.cleanup.manager [-] Deleting neutron.port object s_rally_60dfd6e4_O4tzGay6 (d2d056a6-2706-4615-a8bd-6e0d1940e5b9)
2019-07-26 09:45:32.927 22705 RALLYDEBUG rally_openstack.cleanup.manager [-] Deleting neutron.port object s_rally_60dfd6e4_YA9itttC (d2e13f4a-d1b8-47cd-a167-a5c0c9566ec6)
2019-07-26 09:45:33.007 22705 RALLYDEBUG rally_openstack.cleanup.manager [-] Deleting neutron.port object s_rally_60dfd6e4_JLJ7SFTK (d372601b-9606-4ab0-b294-e1ccc01db98d)
2019-07-26 09:45:33.794 22705 RALLYDEBUG rally_openstack.cleanup.manager [-] Deleting neutron.port object s_rally_60dfd6e4_o3KjhShc (d398f52a-9d55-4a78-b9f9-6b30debadcf2)
2019-07-26 09:45:33.901 22705 RALLYDEBUG rally_openstack.cleanup.manager [-] Deleting neutron.port object s_rally_60dfd6e4_maxVbyFj (d3b06e14-7206-4dfe-9bae-2d3619217021)
2019-07-26 09:45:34.034 22705 RALLYDEBUG rally_openstack.cleanup.manager [-] Deleting neutron.port object s_rally_60dfd6e4_eyqXTCLl (d45368f4-916d-4ca8-aefd-68e5d9a1e6b9)
2019-07-26 09:45:34.067 22705 RALLYDEBUG rally_openstack.cleanup.manager [-] Deleting neutron.port object s_rally_60dfd6e4_XK5JMMqn (d53407ae-fe96-4534-9c73-c5e5f303dee5)
2019-07-26 09:45:34.067 22705 RALLYDEBUG rally_openstack.cleanup.manager [-] Deleting neutron.port object s_rally_60dfd6e4_eZnSsGzE (d510c3eb-8890-42b0-acbb-7b2230b9bec3)
2019-07-26 09:45:34.129 22705 RALLYDEBUG rally_openstack.cleanup.manager [-] Deleting neutron.port object s_rally_60dfd6e4_gguqAjkh (d804202b-8c63-4997-aa24-53986776bbb7)
2019-07-26 09:45:34.142 22705 RALLYDEBUG rally_openstack.cleanup.manager [-] Deleting neutron.port object s_rally_60dfd6e4_W50Ofr18 (d8371bc2-f3b6-4aaa-a6a1-a48b9a58a400)
2019-07-26 09:45:34.237 22705 RALLYDEBUG rally_openstack.cleanup.manager [-] Deleting neutron.port object s_rally_60dfd6e4_tpHkZ4pW (d9172ffe-930d-4cc9-b162-2d57262d5e3b)
2019-07-26 09:45:34.248 22705 RALLYDEBUG rally_openstack.cleanup.manager [-] Deleting neutron.port object s_rally_60dfd6e4_7X2nLMDQ (d9a9acd5-eed2-47f8-a079-f2258bb131ed)
2019-07-26 09:45:34.250 22705 RALLYDEBUG rally_openstack.cleanup.manager [-] Deleting neutron.port object s_rally_60dfd6e4_9zMoFZVk (d9634d20-9a54-4dd7-b333-5ec7cbd56a50)
2019-07-26 09:45:34.466 22705 RALLYDEBUG rally_openstack.cleanup.manager [-] Deleting neutron.port object s_rally_60dfd6e4_zatAxOvU (de87a3fe-2371-4f1a-9a2c-8fe402608456)
2019-07-26 09:45:34.595 22705 RALLYDEBUG rally_openstack.cleanup.manager [-] Deleting neutron.port object s_rally_60dfd6e4_e9nAXjOx (df6f5bab-76dc-4e1a-99f1-7dd5e5497451)
2019-07-26 09:45:34.603 22705 RALLYDEBUG rally_openstack.cleanup.manager [-] Deleting neutron.port object s_rally_60dfd6e4_S2jwtKlc (e0051a39-6f5e-4724-9452-9e4d48b82664)
2019-07-26 09:45:34.612 22705 RALLYDEBUG rally_openstack.cleanup.manager [-] Deleting neutron.port object s_rally_60dfd6e4_LoZ4XApX (e047f800-a987-4f64-abce-60db5a946f79)
2019-07-26 09:45:34.752 22705 RALLYDEBUG rally_openstack.cleanup.manager [-] Deleting neutron.port object s_rally_60dfd6e4_trsQ57rj (e090d1c1-cf2e-4b2c-b4ba-255f86ad7fce)
2019-07-26 09:45:34.782 22705 RALLYDEBUG rally_openstack.cleanup.manager [-] Deleting neutron.port object s_rally_60dfd6e4_UL3SMvAP (e100147f-fc5a-4635-9f25-d0e5b1d8850f)
2019-07-26 09:45:34.856 22705 RALLYDEBUG rally_openstack.cleanup.manager [-] Deleting neutron.port object s_rally_60dfd6e4_CsSJJ4Wx (e24c650b-b9d7-49c1-9892-de8a2943b0fe)
2019-07-26 09:45:35.106 22705 RALLYDEBUG rally_openstack.cleanup.manager [-] Deleting neutron.port object s_rally_60dfd6e4_eprzzBZ2 (e284cae0-918b-4cc0-8710-2e14568e52b7)
2019-07-26 09:45:35.158 22705 RALLYDEBUG rally_openstack.cleanup.manager [-] Deleting neutron.port object s_rally_60dfd6e4_LMKfBQFO (e28e72c9-271e-4ff9-8fd7-874153bae850)
2019-07-26 09:45:35.426 22705 RALLYDEBUG rally_openstack.cleanup.manager [-] Deleting neutron.port object s_rally_60dfd6e4_wGimytYv (e565dec1-0c1b-422d-b3b8-35f72f157fe4)
2019-07-26 09:45:36.494 22705 RALLYDEBUG rally_openstack.cleanup.manager [-] Deleting neutron.port object s_rally_60dfd6e4_ztrVBZix (e5b0bcd2-80f0-4fa2-b886-aa3fcd35580c)
2019-07-26 09:45:36.792 22705 RALLYDEBUG rally_openstack.cleanup.manager [-] Deleting neutron.port object s_rally_60dfd6e4_8Sfm2mhx (e6d0fe63-f888-4ed2-8d67-f369191a5b9c)
2019-07-26 09:45:37.013 22705 RALLYDEBUG rally_openstack.cleanup.manager [-] Deleting neutron.port object s_rally_60dfd6e4_fNT0O7zw (e8a2a010-b2a2-4895-8130-e70a39134d4c)
2019-07-26 09:45:37.046 22705 RALLYDEBUG rally_openstack.cleanup.manager [-] Deleting neutron.port object s_rally_60dfd6e4_x1vKfVdQ (e94b9808-6ac5-45c1-b067-7f7ad4ad52ed)
2019-07-26 09:45:37.204 22705 RALLYDEBUG rally_openstack.cleanup.manager [-] Deleting neutron.port object s_rally_60dfd6e4_8sWn9Ora (ebba5a61-d86b-4d2f-b16c-fa22d6741e9d)
2019-07-26 09:45:37.524 22705 RALLYDEBUG rally_openstack.cleanup.manager [-] Deleting neutron.port object s_rally_60dfd6e4_gvGzbYyF (ec3e142b-f490-4750-8719-d85c60d9f05e)
2019-07-26 09:45:37.534 22705 RALLYDEBUG rally_openstack.cleanup.manager [-] Deleting neutron.port object s_rally_60dfd6e4_8ZE86kax (ed044584-de65-46ba-9569-817fbea39a15)
2019-07-26 09:45:37.541 22705 RALLYDEBUG rally_openstack.cleanup.manager [-] Deleting neutron.port object s_rally_60dfd6e4_1V91LuFJ (ee4472ee-0b7f-4334-a252-d9b449be392a)
2019-07-26 09:45:37.552 22705 RALLYDEBUG rally_openstack.cleanup.manager [-] Deleting neutron.port object s_rally_60dfd6e4_9yz1uoai (ef154448-235e-4eb1-8f00-81c95f620d9e)
2019-07-26 09:45:37.582 22705 RALLYDEBUG rally_openstack.cleanup.manager [-] Deleting neutron.port object s_rally_60dfd6e4_yihKu7Ca (f07816ee-9f46-4d27-b995-33ad6df4110a)
2019-07-26 09:45:37.587 22705 RALLYDEBUG rally_openstack.cleanup.manager [-] Deleting neutron.port object s_rally_60dfd6e4_i317I6l2 (f2727d15-89d7-4121-abe1-2bfe806a590f)
2019-07-26 09:45:37.781 22705 RALLYDEBUG rally_openstack.cleanup.manager [-] Deleting neutron.port object s_rally_60dfd6e4_s7Xmwz2w (f65440b9-e5b6-4fc6-9528-fb6eb4ad4696)
2019-07-26 09:45:37.867 22705 RALLYDEBUG rally_openstack.cleanup.manager [-] Deleting neutron.port object s_rally_60dfd6e4_GPHyZhsj (f68ed74d-be96-4b26-84cc-e2f185d33639)
2019-07-26 09:45:37.873 22705 RALLYDEBUG rally_openstack.cleanup.manager [-] Deleting neutron.port object s_rally_60dfd6e4_bCf723b5 (f985e819-0fbd-4ffc-bdb5-8aaa071509b0)
2019-07-26 09:45:37.904 22705 RALLYDEBUG rally_openstack.cleanup.manager [-] Deleting neutron.port object s_rally_60dfd6e4_Yg8tTmeb (fa360e1e-c44c-403f-a3f8-f7bd1afd71de)
2019-07-26 09:45:37.975 22705 RALLYDEBUG rally_openstack.cleanup.manager [-] Deleting neutron.port object s_rally_60dfd6e4_vsqvWEqI (fc78a3dc-6dad-4c60-b427-748256b283c3)
2019-07-26 09:45:38.132 22705 RALLYDEBUG rally_openstack.cleanup.manager [-] Deleting neutron.port object s_rally_60dfd6e4_a5uSxPN8 (fd69e438-ea42-4a37-8b91-7a7a6f92dc09)
2019-07-26 09:45:38.271 22705 RALLYDEBUG rally_openstack.cleanup.manager [-] Deleting neutron.port object s_rally_60dfd6e4_2fANSXhW (fe902a5e-e894-4e80-8278-bc9a773ec8c4)
2019-07-26 09:45:42.163 22705 RALLYDEBUG rally_openstack.cleanup.manager [-] Cleaning up neutron subnet objects
2019-07-26 09:45:42.819 22705 RALLYDEBUG rally_openstack.cleanup.manager [-] Cleaning up neutron network objects
2019-07-26 09:45:44.041 22705 RALLYDEBUG rally_openstack.cleanup.manager [-] Deleting neutron.network object s_rally_60dfd6e4_L4wrMf5M (089b5360-8253-4c90-9118-5c2309d3a515)
2019-07-26 09:45:44.048 22705 RALLYDEBUG rally_openstack.cleanup.manager [-] Deleting neutron.network object s_rally_60dfd6e4_g4mNX9O5 (0e229e3e-089b-4198-a10d-1a231d8ad09c)
2019-07-26 09:45:44.061 22705 RALLYDEBUG rally_openstack.cleanup.manager [-] Deleting neutron.network object s_rally_60dfd6e4_WYyPx0wM (139190f7-2801-41b6-a35d-9f5c2512557c)
2019-07-26 09:45:44.065 22705 RALLYDEBUG rally_openstack.cleanup.manager [-] Deleting neutron.network object s_rally_60dfd6e4_rX4tsOSs (18b7b9b6-3dd2-40fc-a6e9-7268ef4eb320)
2019-07-26 09:45:44.074 22705 RALLYDEBUG rally_openstack.cleanup.manager [-] Deleting neutron.network object s_rally_60dfd6e4_aKb4mmSb (1913d4ee-7c12-46f4-b386-34537933f1b8)
2019-07-26 09:45:44.082 22705 RALLYDEBUG rally_openstack.cleanup.manager [-] Deleting neutron.network object s_rally_60dfd6e4_tA5HwKxx (20bcc85d-eca5-4f41-bf5c-611ef00277ef)
2019-07-26 09:45:44.099 22705 RALLYDEBUG rally_openstack.cleanup.manager [-] Deleting neutron.network object s_rally_60dfd6e4_sWXom4DO (2df06ebf-cf3d-4cfd-b516-a9d41d737ab6)
2019-07-26 09:45:44.108 22705 RALLYDEBUG rally_openstack.cleanup.manager [-] Deleting neutron.network object s_rally_60dfd6e4_FkuZN3ZE (3362cd10-8f39-42ea-88f3-be84f0c13dac)
2019-07-26 09:45:44.135 22705 RALLYDEBUG rally_openstack.cleanup.manager [-] Deleting neutron.network object s_rally_60dfd6e4_BfZQ1HQB (38de6441-f98a-4a9e-9923-21c8274b8207)
2019-07-26 09:45:44.142 22705 RALLYDEBUG rally_openstack.cleanup.manager [-] Deleting neutron.network object s_rally_60dfd6e4_xhSmzqoV (3a131e0d-856f-45f4-bff2-c911a63f7522)
2019-07-26 09:45:44.145 22705 RALLYDEBUG rally_openstack.cleanup.manager [-] Deleting neutron.network object s_rally_60dfd6e4_ajxbaIKl (3c5c8258-2df3-47f8-8aa9-2854c52c3dca)
2019-07-26 09:45:44.146 22705 RALLYDEBUG rally_openstack.cleanup.manager [-] Deleting neutron.network object s_rally_60dfd6e4_KMgDHmeZ (355e86f0-c84c-438c-98d8-3920bad93641)
2019-07-26 09:45:44.165 22705 RALLYDEBUG rally_openstack.cleanup.manager [-] Deleting neutron.network object s_rally_60dfd6e4_L4GEgnsQ (4182e208-ce91-4391-b7be-a807a1d2e425)
2019-07-26 09:45:44.185 22705 RALLYDEBUG rally_openstack.cleanup.manager [-] Deleting neutron.network object s_rally_60dfd6e4_QlZyKEj1 (41a3e3d2-c10d-4bd7-9854-78373d4c2bf7)
2019-07-26 09:45:44.187 22705 RALLYDEBUG rally_openstack.cleanup.manager [-] Deleting neutron.network object s_rally_60dfd6e4_hAyyXTZm (5655b1d8-cf33-4e7f-a9d7-585989f38747)
2019-07-26 09:45:44.205 22705 RALLYDEBUG rally_openstack.cleanup.manager [-] Deleting neutron.network object s_rally_60dfd6e4_a18bwqlW (4c91ae31-76a0-45bc-8ad0-6cb1b77e027d)
2019-07-26 09:45:44.225 22705 RALLYDEBUG rally_openstack.cleanup.manager [-] Deleting neutron.network object s_rally_60dfd6e4_6i8PEsDQ (73a51b98-8a8e-48f1-93f3-0bedf4983932)
2019-07-26 09:45:44.243 22705 RALLYDEBUG rally_openstack.cleanup.manager [-] Deleting neutron.network object s_rally_60dfd6e4_bxUCMCxI (5891576f-ead4-45d9-952a-5834d9bd7fcb)
2019-07-26 09:45:44.251 22705 RALLYDEBUG rally_openstack.cleanup.manager [-] Deleting neutron.network object s_rally_60dfd6e4_CEwZfxXh (789752c5-ca4a-4d00-8c22-e632abbf6845)
2019-07-26 09:45:44.252 22705 RALLYDEBUG rally_openstack.cleanup.manager [-] Deleting neutron.network object s_rally_60dfd6e4_awQpVVyO (5cce4a99-0e49-4f41-9d87-d002208209a2)
2019-07-26 09:45:47.545 22705 RALLYDEBUG rally_openstack.cleanup.manager [-] Deleting neutron.network object s_rally_60dfd6e4_FV2hfG5W (7c80f43b-a5d5-4719-812c-72224982d872)
2019-07-26 09:45:47.587 22705 RALLYDEBUG rally_openstack.cleanup.manager [-] Deleting neutron.network object s_rally_60dfd6e4_zYkT8eCX (7d24668a-b89a-42a7-a50e-e7d7821db5dc)
2019-07-26 09:45:47.855 22705 RALLYDEBUG rally_openstack.cleanup.manager [-] Deleting neutron.network object s_rally_60dfd6e4_lccCBiiZ (883b69bc-2c08-4aa8-b6fd-5646b6fc74a0)
2019-07-26 09:45:48.013 22705 RALLYDEBUG rally_openstack.cleanup.manager [-] Deleting neutron.network object s_rally_60dfd6e4_U4BshXdt (8f586de1-1f8f-4440-b642-62b4c263fd8f)
2019-07-26 09:45:48.335 22705 RALLYDEBUG rally_openstack.cleanup.manager [-] Deleting neutron.network object s_rally_60dfd6e4_xWHbT3BL (97371a22-ee4f-4c21-9f33-52a0a95bdb75)
2019-07-26 09:45:48.343 22705 RALLYDEBUG rally_openstack.cleanup.manager [-] Deleting neutron.network object s_rally_60dfd6e4_95xgEpSC (9742ba76-b098-4653-ab6c-080d0465dda3)
2019-07-26 09:45:48.437 22705 RALLYDEBUG rally_openstack.cleanup.manager [-] Deleting neutron.network object s_rally_60dfd6e4_X8eIBVfv (a6131b92-3c77-42dc-954c-1100e37dee2a)
2019-07-26 09:45:48.473 22705 RALLYDEBUG rally_openstack.cleanup.manager [-] Deleting neutron.network object s_rally_60dfd6e4_h3ITEsn7 (a999418a-b2c7-4f29-9ad6-68fc30d38e89)
2019-07-26 09:45:48.530 22705 RALLYDEBUG rally_openstack.cleanup.manager [-] Deleting neutron.network object s_rally_60dfd6e4_lrxcYdtu (aad1c402-d0c4-42c2-b163-146fb4844cb0)
2019-07-26 09:45:48.556 22705 RALLYDEBUG rally_openstack.cleanup.manager [-] Deleting neutron.network object s_rally_60dfd6e4_WsZsHncc (acceec96-1342-4448-8d21-df1a90db9a37)
2019-07-26 09:45:48.652 22705 RALLYDEBUG rally_openstack.cleanup.manager [-] Deleting neutron.network object s_rally_60dfd6e4_VY8Xqrqf (c1cf1f4c-5e8c-474d-b747-fee2a7bfb5eb)
2019-07-26 09:45:48.663 22705 RALLYDEBUG rally_openstack.cleanup.manager [-] Deleting neutron.network object s_rally_60dfd6e4_O5yjJBie (c9d049db-5cca-412e-8e75-5bcf84a4d0ce)
2019-07-26 09:45:48.716 22705 RALLYDEBUG rally_openstack.cleanup.manager [-] Deleting neutron.network object s_rally_60dfd6e4_EzXlunqi (cac9e873-eadb-49f5-9ee7-eb62917ddac7)
2019-07-26 09:45:48.723 22705 RALLYDEBUG rally_openstack.cleanup.manager [-] Deleting neutron.network object s_rally_60dfd6e4_KrVV5170 (d0989733-5d0b-44ea-8473-637202e7907f)
2019-07-26 09:45:48.847 22705 RALLYDEBUG rally_openstack.cleanup.manager [-] Deleting neutron.network object s_rally_60dfd6e4_CCOREC3X (d521d70e-8e42-4a4e-93c7-329fd0f9f884)
2019-07-26 09:45:48.847 22705 RALLYDEBUG rally_openstack.cleanup.manager [-] Deleting neutron.network object s_rally_60dfd6e4_WYnKYs3W (dd225716-f727-4f54-a4bc-74a1dbc447c1)
2019-07-26 09:45:50.009 22705 RALLYDEBUG rally_openstack.cleanup.manager [-] Deleting neutron.network object s_rally_60dfd6e4_ARRwWhYo (e8eac1c3-62c7-4698-8ab6-ae1f739afa90)
2019-07-26 09:45:50.026 22705 RALLYDEBUG rally_openstack.cleanup.manager [-] Deleting neutron.network object s_rally_60dfd6e4_5XyVDiY7 (eb91b444-2122-4e8d-8cab-90745eb47ce6)
2019-07-26 09:45:50.052 22705 RALLYDEBUG rally_openstack.cleanup.manager [-] Deleting neutron.network object s_rally_60dfd6e4_wgt1mngL (ef23b8d2-bea6-465a-b929-9f89afec7930)
2019-07-26 09:45:50.147 22705 RALLYDEBUG rally_openstack.cleanup.manager [-] Deleting neutron.network object s_rally_60dfd6e4_qkmcYLAD (f1fb6302-acbf-4bec-8e29-c4d1cbca62e6)
2019-07-26 09:45:54.018 22705 RALLYDEBUG rally_openstack.cleanup.manager [-] Cleaning up neutron router objects
2019-07-26 09:45:54.968 22705 RALLYDEBUG rally_openstack.cleanup.manager [-] Cleaning up neutron security_group objects
2019-07-26 09:45:55.668 22705 INFO rally.task.context [-] Task 3e705c15-d3f8-4826-81d5-f9904e263a70 | Context cleanup@openstack cleanup() finished in 52.83 sec
2019-07-26 09:45:55.669 22705 INFO rally.task.context [-] Task 3e705c15-d3f8-4826-81d5-f9904e263a70 | Context quotas@openstack cleanup() started
2019-07-26 09:45:55.894 22705 INFO rally.task.context [-] Task 3e705c15-d3f8-4826-81d5-f9904e263a70 | Context quotas@openstack cleanup() finished in 0.23 sec
2019-07-26 09:45:55.895 22705 INFO rally.task.context [-] Task 3e705c15-d3f8-4826-81d5-f9904e263a70 | Context users@openstack cleanup() started
2019-07-26 09:46:00.353 22705 INFO rally.task.context [-] Task 3e705c15-d3f8-4826-81d5-f9904e263a70 | Context users@openstack cleanup() finished in 4.46 sec
2019-07-26 09:46:02.161 22705 INFO rally.task.engine [-] Load duration is: 50.243797
2019-07-26 09:46:02.162 22705 INFO rally.task.engine [-] Full runner duration is: 50.292473
2019-07-26 09:46:02.162 22705 INFO rally.task.engine [-] Full duration is: 112.6493
2019-07-26 09:46:02.330 22705 INFO rally.task.engine [-] Running workload: position = 2 config = { "version": 2, "title": "A cropped version of a bigger task.", "description": "Auto-generated task from a single workload (uuid=a9754d68-4b53-45d2-b45f-85d2dff501e9)", "subtasks": [ { "title": "NeutronNetworks.create_and_delete_ports", "description": "Create and delete a port.", "scenario": { "NeutronNetworks.create_and_delete_ports": { "network_create_args": {}, "port_create_args": {}, "ports_per_network": 5 } }, "contexts": { "users": { "tenants": 1, "users_per_tenant": 1 }, "quotas": { "neutron": { "network": -1, "port": -1 } } }, "runner": { "constant": { "times": 40, "concurrency": 20 } }, "hooks": [], "sla": { "failure_rate": { "max": 0 } } } ] }
2019-07-26 09:46:02.352 22705 RALLYDEBUG rally_openstack.contexts.keystone.users [-] Creating 1 tenants using 20 threads
2019-07-26 09:46:03.917 22705 RALLYDEBUG rally_openstack.contexts.keystone.users [-] Creating 1 users using 20 threads
2019-07-26 09:46:06.445 22705 INFO rally.task.context [-] Task 3e705c15-d3f8-4826-81d5-f9904e263a70 | Context users@openstack setup() finished in 4.09 sec
2019-07-26 09:46:07.196 22705 INFO rally.task.context [-] Task 3e705c15-d3f8-4826-81d5-f9904e263a70 | Context quotas@openstack setup() finished in 0.75 sec
2019-07-26 09:46:07.196 22705 INFO rally.task.context [-] Task 3e705c15-d3f8-4826-81d5-f9904e263a70 | Context cleanup@openstack setup() finished in 0.01 msec
2019-07-26 09:46:07.204 22705 RALLYDEBUG rally.task.runner [-] Starting the constant runner (task UUID: 3e705c15-d3f8-4826-81d5-f9904e263a70). timeout: 0 concurrency: 20 concurrency_per_worker: 1 times: 40 concurrency_overhead: 4 processes_to_start: 16 max_cpu_used: 16
2019-07-26 09:46:07.218 26951 RALLYDEBUG rally.task.runner [-] Starting a worker. concurrency: 2 args: {"network_create_args": {}, "port_create_args": {}, "ports_per_network": 5} times: 40 method_name: run timeout: 0 duration: None cls:
2019-07-26 09:46:07.220 26952 RALLYDEBUG rally.task.runner [-] Starting a worker. concurrency: 2 args: {"network_create_args": {}, "port_create_args": {}, "ports_per_network": 5} times: 40 method_name: run timeout: 0 duration: None cls:
2019-07-26 09:46:07.224 26953 RALLYDEBUG rally.task.runner [-] Starting a worker. concurrency: 2 args: {"network_create_args": {}, "port_create_args": {}, "ports_per_network": 5} times: 40 method_name: run timeout: 0 duration: None cls:
2019-07-26 09:46:07.226 26951 INFO rally.task.runner [-] Task 3e705c15-d3f8-4826-81d5-f9904e263a70 | ITER: 1 START
2019-07-26 09:46:07.226 26954 RALLYDEBUG rally.task.runner [-] Starting a worker. concurrency: 2 args: {"network_create_args": {}, "port_create_args": {}, "ports_per_network": 5} times: 40 method_name: run timeout: 0 duration: None cls:
2019-07-26 09:46:07.228 26952 INFO rally.task.runner [-] Task 3e705c15-d3f8-4826-81d5-f9904e263a70 | ITER: 2 START
2019-07-26 09:46:07.228 26951 WARNING rally_openstack.scenarios.neutron.utils [-] Running this scenario without either the 'network' or 'existing_network' context is deprecated
2019-07-26 09:46:07.230 26956 RALLYDEBUG rally.task.runner [-] Starting a worker. concurrency: 1 args: {"network_create_args": {}, "port_create_args": {}, "ports_per_network": 5} times: 40 method_name: run timeout: 0 duration: None cls:
2019-07-26 09:46:07.230 26952 WARNING rally_openstack.scenarios.neutron.utils [-] Running this scenario without either the 'network' or 'existing_network' context is deprecated
2019-07-26 09:46:07.232 26953 INFO rally.task.runner [-] Task 3e705c15-d3f8-4826-81d5-f9904e263a70 | ITER: 5 START
2019-07-26 09:46:07.236 26953 INFO rally.task.runner [-] Task 3e705c15-d3f8-4826-81d5-f9904e263a70 | ITER: 7 START
2019-07-26 09:46:07.237 26953 WARNING rally_openstack.scenarios.neutron.utils [-] Running this scenario without either the 'network' or 'existing_network' context is deprecated
2019-07-26 09:46:07.230 26951 INFO rally.task.runner [-] Task 3e705c15-d3f8-4826-81d5-f9904e263a70 | ITER: 3 START
2019-07-26 09:46:07.238 26954 INFO rally.task.runner [-] Task 3e705c15-d3f8-4826-81d5-f9904e263a70 | ITER: 6 START
2019-07-26 09:46:07.238 26951 WARNING rally_openstack.scenarios.neutron.utils [-] Running this scenario without either the 'network' or 'existing_network' context is deprecated
2019-07-26 09:46:07.237 26953 WARNING rally_openstack.scenarios.neutron.utils [-] Running this scenario without either the 'network' or 'existing_network' context is deprecated
2019-07-26 09:46:07.240 26954 WARNING rally_openstack.scenarios.neutron.utils [-] Running this scenario without either the 'network' or 'existing_network' context is deprecated
2019-07-26 09:46:07.241 26956 INFO rally.task.runner [-] Task 3e705c15-d3f8-4826-81d5-f9904e263a70 | ITER: 8 START
2019-07-26 09:46:07.242 26956 WARNING rally_openstack.scenarios.neutron.utils [-] Running this scenario without either the 'network' or 'existing_network' context is deprecated
2019-07-26 09:46:07.241 26952 INFO rally.task.runner [-] Task 3e705c15-d3f8-4826-81d5-f9904e263a70 | ITER: 4 START
2019-07-26 09:46:07.243 26952 WARNING rally_openstack.scenarios.neutron.utils [-] Running this scenario without either the 'network' or 'existing_network' context is deprecated
2019-07-26 09:46:07.250 26954 INFO rally.task.runner [-] Task 3e705c15-d3f8-4826-81d5-f9904e263a70 | ITER: 9 START
2019-07-26 09:46:07.252 26954 WARNING rally_openstack.scenarios.neutron.utils [-] Running this scenario without either the 'network' or 'existing_network' context is deprecated
2019-07-26 09:46:07.257 26975 RALLYDEBUG rally.task.runner [-] Starting a worker. concurrency: 1 args: {"network_create_args": {}, "port_create_args": {}, "ports_per_network": 5} times: 40 method_name: run timeout: 0 duration: None cls:
2019-07-26 09:46:07.257 26976 RALLYDEBUG rally.task.runner [-] Starting a worker. concurrency: 1 args: {"network_create_args": {}, "port_create_args": {}, "ports_per_network": 5} times: 40 method_name: run timeout: 0 duration: None cls:
2019-07-26 09:46:07.265 26977 RALLYDEBUG rally.task.runner [-] Starting a worker. concurrency: 1 args: {"network_create_args": {}, "port_create_args": {}, "ports_per_network": 5} times: 40 method_name: run timeout: 0 duration: None cls:
2019-07-26 09:46:07.259 26961 RALLYDEBUG rally.task.runner [-] Starting a worker. concurrency: 1 args: {"network_create_args": {}, "port_create_args": {}, "ports_per_network": 5} times: 40 method_name: run timeout: 0 duration: None cls:
2019-07-26 09:46:07.269 26978 RALLYDEBUG rally.task.runner [-] Starting a worker. concurrency: 1 args: {"network_create_args": {}, "port_create_args": {}, "ports_per_network": 5} times: 40 method_name: run timeout: 0 duration: None cls:
2019-07-26 09:46:07.260 26973 RALLYDEBUG rally.task.runner [-] Starting a worker. concurrency: 1 args: {"network_create_args": {}, "port_create_args": {}, "ports_per_network": 5} times: 40 method_name: run timeout: 0 duration: None cls:
2019-07-26 09:46:07.259 26968 RALLYDEBUG rally.task.runner [-] Starting a worker. concurrency: 1 args: {"network_create_args": {}, "port_create_args": {}, "ports_per_network": 5} times: 40 method_name: run timeout: 0 duration: None cls:
2019-07-26 09:46:07.259 26974 RALLYDEBUG rally.task.runner [-] Starting a worker. concurrency: 1 args: {"network_create_args": {}, "port_create_args": {}, "ports_per_network": 5} times: 40 method_name: run timeout: 0 duration: None cls:
2019-07-26 09:46:07.274 26976 INFO rally.task.runner [-] Task 3e705c15-d3f8-4826-81d5-f9904e263a70 | ITER: 11 START
2019-07-26 09:46:07.259 26964 RALLYDEBUG rally.task.runner [-] Starting a worker. concurrency: 1 args: {"network_create_args": {}, "port_create_args": {}, "ports_per_network": 5} times: 40 method_name: run timeout: 0 duration: None cls:
2019-07-26 09:46:07.276 26977 INFO rally.task.runner [-] Task 3e705c15-d3f8-4826-81d5-f9904e263a70 | ITER: 12 START
2019-07-26 09:46:07.276 26975 INFO rally.task.runner [-] Task 3e705c15-d3f8-4826-81d5-f9904e263a70 | ITER: 10 START
2019-07-26 09:46:07.276 26979 RALLYDEBUG rally.task.runner [-] Starting a worker. concurrency: 1 args: {"network_create_args": {}, "port_create_args": {}, "ports_per_network": 5} times: 40 method_name: run timeout: 0 duration: None cls:
2019-07-26 09:46:07.277 26961 INFO rally.task.runner [-] Task 3e705c15-d3f8-4826-81d5-f9904e263a70 | ITER: 13 START
2019-07-26 09:46:07.279 26976 WARNING rally_openstack.scenarios.neutron.utils [-] Running this scenario without either the 'network' or 'existing_network' context is deprecated
2019-07-26 09:46:07.280 26975 WARNING rally_openstack.scenarios.neutron.utils [-] Running this scenario without either the 'network' or 'existing_network' context is deprecated
2019-07-26 09:46:07.280 26977 WARNING rally_openstack.scenarios.neutron.utils [-] Running this scenario without either the 'network' or 'existing_network' context is deprecated
2019-07-26 09:46:07.280 26961 WARNING rally_openstack.scenarios.neutron.utils [-] Running this scenario without either the 'network' or 'existing_network' context is deprecated
2019-07-26 09:46:07.282 26978 INFO rally.task.runner [-] Task 3e705c15-d3f8-4826-81d5-f9904e263a70 | ITER: 14 START
2019-07-26 09:46:07.282 26973 INFO rally.task.runner [-] Task 3e705c15-d3f8-4826-81d5-f9904e263a70 | ITER: 15 START
2019-07-26 09:46:07.284 26978 WARNING rally_openstack.scenarios.neutron.utils [-] Running this scenario without either the 'network' or 'existing_network' context is deprecated
2019-07-26 09:46:07.284 26973 WARNING rally_openstack.scenarios.neutron.utils [-] Running this scenario without either the 'network' or 'existing_network' context is deprecated
2019-07-26 09:46:07.284 26988 RALLYDEBUG rally.task.runner [-] Starting a worker. concurrency: 1 args: {"network_create_args": {}, "port_create_args": {}, "ports_per_network": 5} times: 40 method_name: run timeout: 0 duration: None cls:
2019-07-26 09:46:07.286 26968 INFO rally.task.runner [-] Task 3e705c15-d3f8-4826-81d5-f9904e263a70 | ITER: 16 START
2019-07-26 09:46:07.287 26968 WARNING rally_openstack.scenarios.neutron.utils [-] Running this scenario without either the 'network' or 'existing_network' context is deprecated
2019-07-26 09:46:07.288 26974 INFO rally.task.runner [-] Task 3e705c15-d3f8-4826-81d5-f9904e263a70 | ITER: 17 START
2019-07-26 09:46:07.288 26964 INFO rally.task.runner [-] Task 3e705c15-d3f8-4826-81d5-f9904e263a70 | ITER: 18 START
2019-07-26 09:46:07.289 26988 INFO rally.task.runner [-] Task 3e705c15-d3f8-4826-81d5-f9904e263a70 | ITER: 20 START
2019-07-26 09:46:07.289 26964 WARNING rally_openstack.scenarios.neutron.utils [-] Running this scenario without either the 'network' or 'existing_network' context is deprecated
2019-07-26 09:46:07.290 26988 WARNING rally_openstack.scenarios.neutron.utils [-] Running this scenario without either the 'network' or 'existing_network' context is deprecated
2019-07-26 09:46:07.290 26979 INFO rally.task.runner [-] Task 3e705c15-d3f8-4826-81d5-f9904e263a70 | ITER: 19 START
2019-07-26 09:46:07.291 26974 WARNING rally_openstack.scenarios.neutron.utils [-] Running this scenario without either the 'network' or 'existing_network' context is deprecated
2019-07-26 09:46:07.292 26979 WARNING rally_openstack.scenarios.neutron.utils [-] Running this scenario without either the 'network' or 'existing_network' context is deprecated
2019-07-26 09:46:16.864 26977 INFO rally.task.runner [-] Task 3e705c15-d3f8-4826-81d5-f9904e263a70 | ITER: 12 END: OK
2019-07-26 09:46:16.868 26977 INFO rally.task.runner [-] Task 3e705c15-d3f8-4826-81d5-f9904e263a70 | ITER: 21 START
2019-07-26 09:46:16.869 26977 WARNING rally_openstack.scenarios.neutron.utils [-] Running this scenario without either the 'network' or 'existing_network' context is deprecated
2019-07-26 09:46:16.977 26951 INFO rally.task.runner [-] Task 3e705c15-d3f8-4826-81d5-f9904e263a70 | ITER: 3 END: OK
2019-07-26 09:46:16.981 26951 INFO rally.task.runner [-] Task 3e705c15-d3f8-4826-81d5-f9904e263a70 | ITER: 22 START
2019-07-26 09:46:16.982 26951 WARNING rally_openstack.scenarios.neutron.utils [-] Running this scenario without either the 'network' or 'existing_network' context is deprecated
2019-07-26 09:46:25.227 26974 INFO rally.task.runner [-] Task 3e705c15-d3f8-4826-81d5-f9904e263a70 | ITER: 17 END: OK
2019-07-26 09:46:25.228 26988 INFO rally.task.runner [-] Task 3e705c15-d3f8-4826-81d5-f9904e263a70 | ITER: 20 END: OK
2019-07-26 09:46:25.231 26974 INFO rally.task.runner [-] Task 3e705c15-d3f8-4826-81d5-f9904e263a70 | ITER: 23 START
2019-07-26 09:46:25.231 26974 WARNING rally_openstack.scenarios.neutron.utils [-] Running this scenario without either the 'network' or 'existing_network' context is deprecated
2019-07-26 09:46:25.232 26988 INFO rally.task.runner [-] Task 3e705c15-d3f8-4826-81d5-f9904e263a70 | ITER: 24 START
2019-07-26 09:46:25.233 26988 WARNING rally_openstack.scenarios.neutron.utils [-] Running this scenario without either the 'network' or 'existing_network' context is deprecated
2019-07-26 09:46:25.586 26952 INFO rally.task.runner [-] Task 3e705c15-d3f8-4826-81d5-f9904e263a70 | ITER: 4 END: OK
2019-07-26 09:46:25.590 26952 INFO rally.task.runner [-] Task 3e705c15-d3f8-4826-81d5-f9904e263a70 | ITER: 25 START
2019-07-26 09:46:25.590 26952 WARNING rally_openstack.scenarios.neutron.utils [-] Running this scenario without either the 'network' or 'existing_network' context is deprecated
2019-07-26 09:46:25.631 26954 INFO rally.task.runner [-] Task 3e705c15-d3f8-4826-81d5-f9904e263a70 | ITER: 9 END: OK
2019-07-26 09:46:25.635 26954 INFO rally.task.runner [-] Task 3e705c15-d3f8-4826-81d5-f9904e263a70 | ITER: 26 START
2019-07-26 09:46:25.636 26954 WARNING rally_openstack.scenarios.neutron.utils [-] Running this scenario without either the 'network' or 'existing_network' context is deprecated
2019-07-26 09:46:26.009 26951 INFO rally.task.runner [-] Task 3e705c15-d3f8-4826-81d5-f9904e263a70 | ITER: 1 END: OK
2019-07-26 09:46:26.014 26951 INFO rally.task.runner [-] Task 3e705c15-d3f8-4826-81d5-f9904e263a70 | ITER: 27 START
2019-07-26 09:46:26.015 26951 WARNING rally_openstack.scenarios.neutron.utils [-] Running this scenario without either the 'network' or 'existing_network' context is deprecated
2019-07-26 09:46:26.045 26976 INFO rally.task.runner [-] Task 3e705c15-d3f8-4826-81d5-f9904e263a70 | ITER: 11 END: OK
2019-07-26 09:46:26.050 26976 INFO rally.task.runner [-] Task 3e705c15-d3f8-4826-81d5-f9904e263a70 | ITER: 28 START
2019-07-26 09:46:26.050 26976 WARNING rally_openstack.scenarios.neutron.utils [-] Running this scenario without either the 'network' or 'existing_network' context is deprecated
2019-07-26 09:46:29.782 26977 INFO rally.task.runner [-] Task 3e705c15-d3f8-4826-81d5-f9904e263a70 | ITER: 21 END: OK
2019-07-26 09:46:29.787 26977 INFO rally.task.runner [-] Task 3e705c15-d3f8-4826-81d5-f9904e263a70 | ITER: 29 START
2019-07-26 09:46:29.787 26977 WARNING rally_openstack.scenarios.neutron.utils [-] Running this scenario without either the 'network' or 'existing_network' context is deprecated
2019-07-26 09:46:30.205 26951 INFO rally.task.runner [-] Task 3e705c15-d3f8-4826-81d5-f9904e263a70 | ITER: 22 END: OK
2019-07-26 09:46:30.209 26951 INFO rally.task.runner [-] Task 3e705c15-d3f8-4826-81d5-f9904e263a70 | ITER: 30 START
2019-07-26 09:46:30.209 26951 WARNING rally_openstack.scenarios.neutron.utils [-] Running this scenario without either the 'network' or 'existing_network' context is deprecated
2019-07-26 09:46:33.406 26975 INFO rally.task.runner [-] Task 3e705c15-d3f8-4826-81d5-f9904e263a70 | ITER: 10 END: OK
2019-07-26 09:46:33.409 26975 INFO rally.task.runner [-] Task 3e705c15-d3f8-4826-81d5-f9904e263a70 | ITER: 31 START
2019-07-26 09:46:33.410 26975 WARNING rally_openstack.scenarios.neutron.utils [-] Running this scenario without either the 'network' or 'existing_network' context is deprecated
2019-07-26 09:46:34.080 26954 INFO rally.task.runner [-] Task 3e705c15-d3f8-4826-81d5-f9904e263a70 | ITER: 26 END: OK
2019-07-26 09:46:34.084 26954 INFO rally.task.runner [-] Task 3e705c15-d3f8-4826-81d5-f9904e263a70 | ITER: 32 START
2019-07-26 09:46:34.084 26954 WARNING rally_openstack.scenarios.neutron.utils [-] Running this scenario without either the 'network' or 'existing_network' context is deprecated
2019-07-26 09:46:34.089 26968 INFO rally.task.runner [-] Task 3e705c15-d3f8-4826-81d5-f9904e263a70 | ITER: 16 END: OK
2019-07-26 09:46:34.092 26953 INFO rally.task.runner [-] Task 3e705c15-d3f8-4826-81d5-f9904e263a70 | ITER: 7 END: OK
2019-07-26 09:46:34.094 26968 INFO rally.task.runner [-] Task 3e705c15-d3f8-4826-81d5-f9904e263a70 | ITER: 33 START
2019-07-26 09:46:34.094 26968 WARNING rally_openstack.scenarios.neutron.utils [-] Running this scenario without either the 'network' or 'existing_network' context is deprecated
2019-07-26 09:46:34.096 26953 INFO rally.task.runner [-] Task 3e705c15-d3f8-4826-81d5-f9904e263a70 | ITER: 34 START
2019-07-26 09:46:34.096 26953 WARNING rally_openstack.scenarios.neutron.utils [-] Running this scenario without either the 'network' or 'existing_network' context is deprecated
2019-07-26 09:46:37.638 26976 INFO rally.task.runner [-] Task 3e705c15-d3f8-4826-81d5-f9904e263a70 | ITER: 28 END: OK
2019-07-26 09:46:37.642 26976 INFO rally.task.runner [-] Task 3e705c15-d3f8-4826-81d5-f9904e263a70 | ITER: 35 START
2019-07-26 09:46:37.642 26976 WARNING rally_openstack.scenarios.neutron.utils [-] Running this scenario without either the 'network' or 'existing_network' context is deprecated
2019-07-26 09:46:37.749 26977 INFO rally.task.runner [-] Task 3e705c15-d3f8-4826-81d5-f9904e263a70 | ITER: 29 END: OK
2019-07-26 09:46:37.753 26977 INFO rally.task.runner [-] Task 3e705c15-d3f8-4826-81d5-f9904e263a70 | ITER: 36 START
2019-07-26 09:46:37.754 26977 WARNING rally_openstack.scenarios.neutron.utils [-] Running this scenario without either the 'network' or 'existing_network' context is deprecated
2019-07-26 09:46:39.904 26951 INFO rally.task.runner [-] Task 3e705c15-d3f8-4826-81d5-f9904e263a70 | ITER: 30 END: OK
2019-07-26 09:46:39.911 26951 INFO rally.task.runner [-] Task 3e705c15-d3f8-4826-81d5-f9904e263a70 | ITER: 37 START
2019-07-26 09:46:39.912 26951 WARNING rally_openstack.scenarios.neutron.utils [-] Running this scenario without either the 'network' or 'existing_network' context is deprecated
2019-07-26 09:46:42.867 26968 INFO rally.task.runner [-] Task 3e705c15-d3f8-4826-81d5-f9904e263a70 | ITER: 33 END: OK
2019-07-26 09:46:42.870 26968 INFO rally.task.runner [-] Task 3e705c15-d3f8-4826-81d5-f9904e263a70 | ITER: 38 START
2019-07-26 09:46:42.871 26968 WARNING rally_openstack.scenarios.neutron.utils [-] Running this scenario without either the 'network' or 'existing_network' context is deprecated
2019-07-26 09:46:42.967 26978 INFO rally.task.runner [-] Task 3e705c15-d3f8-4826-81d5-f9904e263a70 | ITER: 14 END: OK
2019-07-26 09:46:42.971 26978 INFO rally.task.runner [-] Task 3e705c15-d3f8-4826-81d5-f9904e263a70 | ITER: 39 START
