2019-07-26 09:46:42.971 26978 WARNING rally_openstack.scenarios.neutron.utils [-] Running this scenario without either the 'network' or 'existing_network' context is deprecated
2019-07-26 09:46:43.057 26964 INFO rally.task.runner [-] Task 3e705c15-d3f8-4826-81d5-f9904e263a70 | ITER: 18 END: OK
2019-07-26 09:46:43.065 26964 INFO rally.task.runner [-] Task 3e705c15-d3f8-4826-81d5-f9904e263a70 | ITER: 40 START
2019-07-26 09:46:43.066 26964 WARNING rally_openstack.scenarios.neutron.utils [-] Running this scenario without either the 'network' or 'existing_network' context is deprecated
2019-07-26 09:46:43.115 26973 INFO rally.task.runner [-] Task 3e705c15-d3f8-4826-81d5-f9904e263a70 | ITER: 15 END: OK
2019-07-26 09:46:43.562 26952 INFO rally.task.runner [-] Task 3e705c15-d3f8-4826-81d5-f9904e263a70 | ITER: 25 END: OK
2019-07-26 09:46:43.621 26974 INFO rally.task.runner [-] Task 3e705c15-d3f8-4826-81d5-f9904e263a70 | ITER: 23 END: OK
2019-07-26 09:46:43.623 26988 INFO rally.task.runner [-] Task 3e705c15-d3f8-4826-81d5-f9904e263a70 | ITER: 24 END: OK
2019-07-26 09:46:43.667 26954 INFO rally.task.runner [-] Task 3e705c15-d3f8-4826-81d5-f9904e263a70 | ITER: 6 END: OK
2019-07-26 09:46:43.745 26975 INFO rally.task.runner [-] Task 3e705c15-d3f8-4826-81d5-f9904e263a70 | ITER: 31 END: OK
2019-07-26 09:46:44.165 26954 INFO rally.task.runner [-] Task 3e705c15-d3f8-4826-81d5-f9904e263a70 | ITER: 32 END: OK
2019-07-26 09:46:44.219 26951 INFO rally.task.runner [-] Task 3e705c15-d3f8-4826-81d5-f9904e263a70 | ITER: 27 END: OK
2019-07-26 09:46:45.905 26953 INFO rally.task.runner [-] Task 3e705c15-d3f8-4826-81d5-f9904e263a70 | ITER: 34 END: OK
2019-07-26 09:46:46.461 26977 INFO rally.task.runner [-] Task 3e705c15-d3f8-4826-81d5-f9904e263a70 | ITER: 36 END: OK
2019-07-26 09:46:46.871 26976 INFO rally.task.runner [-] Task 3e705c15-d3f8-4826-81d5-f9904e263a70 | ITER: 35 END: OK
2019-07-26 09:46:48.838 26951 INFO rally.task.runner [-] Task 3e705c15-d3f8-4826-81d5-f9904e263a70 | ITER: 37 END: OK
2019-07-26 09:46:49.658 26952 INFO rally.task.runner [-] Task 3e705c15-d3f8-4826-81d5-f9904e263a70 | ITER: 2 END: OK
2019-07-26 09:46:49.659 26953 INFO rally.task.runner [-] Task 3e705c15-d3f8-4826-81d5-f9904e263a70 | ITER: 5 END: OK
2019-07-26 09:46:49.709 26961 INFO rally.task.runner [-] Task 3e705c15-d3f8-4826-81d5-f9904e263a70 | ITER: 13 END: OK
2019-07-26 09:46:49.710 26979 INFO rally.task.runner [-] Task 3e705c15-d3f8-4826-81d5-f9904e263a70 | ITER: 19 END: OK
2019-07-26 09:46:49.716 26956 INFO rally.task.runner [-] Task 3e705c15-d3f8-4826-81d5-f9904e263a70 | ITER: 8 END: OK
2019-07-26 09:46:50.514 26964 INFO rally.task.runner [-] Task 3e705c15-d3f8-4826-81d5-f9904e263a70 | ITER: 40 END: OK
2019-07-26 09:46:55.536 26968 INFO rally.task.runner [-] Task 3e705c15-d3f8-4826-81d5-f9904e263a70 | ITER: 38 END: OK
2019-07-26 09:46:55.667 26978 INFO rally.task.runner [-] Task 3e705c15-d3f8-4826-81d5-f9904e263a70 | ITER: 39 END: OK
2019-07-26 09:46:55.697 22705 INFO rally.task.context [-] Task 3e705c15-d3f8-4826-81d5-f9904e263a70 | Context cleanup@openstack cleanup() started
2019-07-26 09:46:55.702 22705 RALLYDEBUG rally_openstack.cleanup.manager [-] Cleaning up neutron vip objects
2019-07-26 09:46:56.322 22705 RALLYDEBUG rally_openstack.cleanup.manager [-] Cleaning up neutron health_monitor objects
2019-07-26 09:46:57.040 22705 RALLYDEBUG rally_openstack.cleanup.manager [-] Cleaning up neutron pool objects
2019-07-26 09:46:57.761 22705 RALLYDEBUG rally_openstack.cleanup.manager [-] Cleaning up neutron loadbalancer objects
2019-07-26 09:46:58.397 22705 RALLYDEBUG rally_openstack.cleanup.manager [-] Cleaning up neutron floatingip objects
2019-07-26 09:46:59.076 22705 RALLYDEBUG rally_openstack.cleanup.manager [-] Cleaning up neutron port objects
2019-07-26 09:46:59.731 22705 RALLYDEBUG rally_openstack.cleanup.manager [-] Cleaning up neutron subnet objects
2019-07-26 09:47:00.463 22705 RALLYDEBUG rally_openstack.cleanup.manager [-] Cleaning up neutron network objects
2019-07-26 09:47:01.471 22705 RALLYDEBUG rally_openstack.cleanup.manager [-] Deleting neutron.network object s_rally_a9754d68_kSQauUKQ (03fe1271-8bae-4859-8203-f99433a6a8f9)
2019-07-26 09:47:01.473 22705 RALLYDEBUG rally_openstack.cleanup.manager [-] Deleting neutron.network object s_rally_a9754d68_R6LDLHYv (21803827-5bc3-4720-883e-9f2192c083b1)
2019-07-26 09:47:01.476 22705 RALLYDEBUG rally_openstack.cleanup.manager [-] Deleting neutron.network object s_rally_a9754d68_TX4eEXlG (04658ac2-16ce-4647-b68e-830ab19ca75c)
2019-07-26 09:47:01.477 22705 RALLYDEBUG rally_openstack.cleanup.manager [-] Deleting neutron.network object s_rally_a9754d68_ypvijOtT (24747f3a-f6c6-4692-a919-c2f96afa13e7)
2019-07-26 09:47:01.477 22705 RALLYDEBUG rally_openstack.cleanup.manager [-] Deleting neutron.network object s_rally_a9754d68_xpPjADw4 (34b186db-6df3-41e0-b8da-5c3be8dae30a)
2019-07-26 09:47:01.478 22705 RALLYDEBUG rally_openstack.cleanup.manager [-] Deleting neutron.network object s_rally_a9754d68_8EwtewYn (24997b20-d961-4066-b7e8-a298b879125f)
2019-07-26 09:47:01.482 22705 RALLYDEBUG rally_openstack.cleanup.manager [-] Deleting neutron.network object s_rally_a9754d68_wCr9E91H (358127ca-a282-4577-ad58-73fbed8a408b)
2019-07-26 09:47:01.494 22705 RALLYDEBUG rally_openstack.cleanup.manager [-] Deleting neutron.network object s_rally_a9754d68_neOtO1gj (4e79748a-1129-4a77-9724-987a55b071a0)
2019-07-26 09:47:01.494 22705 RALLYDEBUG rally_openstack.cleanup.manager [-] Deleting neutron.network object s_rally_a9754d68_2g4Exyst (156a42dc-0010-4d65-8709-1ba316aa17c1)
2019-07-26 09:47:01.497 22705 RALLYDEBUG rally_openstack.cleanup.manager [-] Deleting neutron.network object s_rally_a9754d68_BLutbiIf (6096ea39-ee5c-4d7d-a100-0fe1ee513f48)
2019-07-26 09:47:01.498 22705 RALLYDEBUG rally_openstack.cleanup.manager [-] Deleting neutron.network object s_rally_a9754d68_bpzzfQ2t (57b79624-50ad-41d8-8973-ccd83db43b84)
2019-07-26 09:47:01.500 22705 RALLYDEBUG rally_openstack.cleanup.manager [-] Deleting neutron.network object s_rally_a9754d68_S5TjJ02J (2a2addbd-ad23-4835-ab3b-75be83896703)
2019-07-26 09:47:01.519 22705 RALLYDEBUG rally_openstack.cleanup.manager [-] Deleting neutron.network object s_rally_a9754d68_QniZQEvQ (658542a7-4732-4825-801d-6167ea91ae13)
2019-07-26 09:47:01.525 22705 RALLYDEBUG rally_openstack.cleanup.manager [-] Deleting neutron.network object s_rally_a9754d68_RRq2FOYE (728fb696-cc80-453c-80b6-7785c6e8e6b4)
2019-07-26 09:47:01.526 22705 RALLYDEBUG rally_openstack.cleanup.manager [-] Deleting neutron.network object s_rally_a9754d68_yxfx26pS (23879d6f-2938-4ab9-bb47-961cd45ab0ba)
2019-07-26 09:47:01.537 22705 RALLYDEBUG rally_openstack.cleanup.manager [-] Deleting neutron.network object s_rally_a9754d68_xsiJ7tTM (7505cb0d-eb13-4ff1-8383-ef4990bd2e8c)
2019-07-26 09:47:01.547 22705 RALLYDEBUG rally_openstack.cleanup.manager [-] Deleting neutron.network object s_rally_a9754d68_k38L6DQI (7eeccbbc-7acf-4b70-b408-57e323323791)
2019-07-26 09:47:01.576 22705 RALLYDEBUG rally_openstack.cleanup.manager [-] Deleting neutron.network object s_rally_a9754d68_zk0vA34v (87c69040-48ce-42f7-b8d9-f36b5dfd94a0)
2019-07-26 09:47:01.634 22705 RALLYDEBUG rally_openstack.cleanup.manager [-] Deleting neutron.network object s_rally_a9754d68_gfZ1Q6Fh (881684b5-f16d-42c0-acba-711ae7817a44)
2019-07-26 09:47:01.643 22705 RALLYDEBUG rally_openstack.cleanup.manager [-] Deleting neutron.network object s_rally_a9754d68_G4bYpO1L (8a92992e-9b78-43e7-9601-3a971ddd35b0)
2019-07-26 09:47:04.138 22705 RALLYDEBUG rally_openstack.cleanup.manager [-] Deleting neutron.network object s_rally_a9754d68_yqE1xtRO (8cf6ceaa-f6e0-47ad-9702-4403cae77864)
2019-07-26 09:47:04.448 22705 RALLYDEBUG rally_openstack.cleanup.manager [-] Deleting neutron.network object s_rally_a9754d68_5XLcEvvL (99360022-3a4d-42ef-80af-d3ae6ce2c0fa)
2019-07-26 09:47:04.620 22705 RALLYDEBUG rally_openstack.cleanup.manager [-] Deleting neutron.network object s_rally_a9754d68_ouQbiN91 (a5ee3cb0-0732-4937-aa54-8a4bfc5a4202)
2019-07-26 09:47:04.860 22705 RALLYDEBUG rally_openstack.cleanup.manager [-] Deleting neutron.network object s_rally_a9754d68_hbBSw6VN (aa5295e9-d0e0-485e-80d2-e3c66c32bd09)
2019-07-26 09:47:05.544 22705 RALLYDEBUG rally_openstack.cleanup.manager [-] Deleting neutron.network object s_rally_a9754d68_JeERAdJA (aacd0846-1791-450d-96d8-065167c0aea1)
2019-07-26 09:47:05.681 22705 RALLYDEBUG rally_openstack.cleanup.manager [-] Deleting neutron.network object s_rally_a9754d68_1ak8noGm (b98e118f-5150-4584-95c3-a9e416e12f70)
2019-07-26 09:47:06.107 22705 RALLYDEBUG rally_openstack.cleanup.manager [-] Deleting neutron.network object s_rally_a9754d68_HiVBYdfJ (bc8880a7-9dd7-4269-b5da-e323c653020e)
2019-07-26 09:47:06.703 22705 RALLYDEBUG rally_openstack.cleanup.manager [-] Deleting neutron.network object s_rally_a9754d68_nA6k4HsZ (c3fc6e33-8715-4f3e-98fa-22a6e8e7ebd6)
2019-07-26 09:47:06.812 22705 RALLYDEBUG rally_openstack.cleanup.manager [-] Deleting neutron.network object s_rally_a9754d68_d1iOSFX6 (c3fe8a04-0187-4483-aa29-70a01197e596)
2019-07-26 09:47:07.715 22705 RALLYDEBUG rally_openstack.cleanup.manager [-] Deleting neutron.network object s_rally_a9754d68_e6rSdczD (c411cf5f-0921-4032-b6b1-5fdd83ce9ed5)
2019-07-26 09:47:07.883 22705 RALLYDEBUG rally_openstack.cleanup.manager [-] Deleting neutron.network object s_rally_a9754d68_FHikDgzx (c5605bbe-fc2a-42ee-8c7d-0c9681e0770a)
2019-07-26 09:47:07.884 22705 RALLYDEBUG rally_openstack.cleanup.manager [-] Deleting neutron.network object s_rally_a9754d68_cI0g6BHo (c61f3e09-9a9b-4bc4-bf15-c9d795f7031f)
2019-07-26 09:47:07.908 22705 RALLYDEBUG rally_openstack.cleanup.manager [-] Deleting neutron.network object s_rally_a9754d68_xCdQ7jLE (d0060be6-10a8-46e8-938c-45abaf4cc058)
2019-07-26 09:47:08.214 22705 RALLYDEBUG rally_openstack.cleanup.manager [-] Deleting neutron.network object s_rally_a9754d68_wuMrneW2 (d0888565-573c-41c0-aed1-9123c131841d)
2019-07-26 09:47:08.404 22705 RALLYDEBUG rally_openstack.cleanup.manager [-] Deleting neutron.network object s_rally_a9754d68_dYt4KMrh (d994f58c-7d8c-4df8-8fa1-8b06452f91e5)
2019-07-26 09:47:08.484 22705 RALLYDEBUG rally_openstack.cleanup.manager [-] Deleting neutron.network object s_rally_a9754d68_ZOsOXqba (e74af06b-6fc3-4c63-a460-f8806fcba2ee)
2019-07-26 09:47:08.776 22705 RALLYDEBUG rally_openstack.cleanup.manager [-] Deleting neutron.network object s_rally_a9754d68_3iMtzX9S (f0a822b8-bd31-4404-b0e8-0be5dd9eb8bc)
2019-07-26 09:47:09.404 22705 RALLYDEBUG rally_openstack.cleanup.manager [-] Deleting neutron.network object s_rally_a9754d68_nw3dRWr8 (f1935e80-3585-43a3-a1d8-dd0566fe2d3e)
2019-07-26 09:47:09.480 22705 RALLYDEBUG rally_openstack.cleanup.manager [-] Deleting neutron.network object s_rally_a9754d68_sbpbx60p (fa1a6c9d-10c8-40ef-85da-9df17b887a79)
2019-07-26 09:47:09.712 22705 RALLYDEBUG rally_openstack.cleanup.manager [-] Deleting neutron.network object s_rally_a9754d68_cMlGir4h (ff7635f8-cfe1-4981-bb24-d79e427ee10b)
2019-07-26 09:47:12.083 22705 RALLYDEBUG rally_openstack.cleanup.manager [-] Cleaning up neutron router objects
2019-07-26 09:47:12.840 22705 RALLYDEBUG rally_openstack.cleanup.manager [-] Cleaning up neutron security_group objects
2019-07-26 09:47:13.492 22705 INFO rally.task.context [-] Task 3e705c15-d3f8-4826-81d5-f9904e263a70 | Context cleanup@openstack cleanup() finished in 17.80 sec
2019-07-26 09:47:13.492 22705 INFO rally.task.context [-] Task 3e705c15-d3f8-4826-81d5-f9904e263a70 | Context quotas@openstack cleanup() started
2019-07-26 09:47:13.714 22705 INFO rally.task.context [-] Task 3e705c15-d3f8-4826-81d5-f9904e263a70 | Context quotas@openstack cleanup() finished in 0.22 sec
2019-07-26 09:47:13.714 22705 INFO rally.task.context [-] Task 3e705c15-d3f8-4826-81d5-f9904e263a70 | Context users@openstack cleanup() started
2019-07-26 09:47:17.951 22705 INFO rally.task.context [-] Task 3e705c15-d3f8-4826-81d5-f9904e263a70 | Context users@openstack cleanup() finished in 4.24 sec
2019-07-26 09:47:18.646 22705 INFO rally.task.engine [-] Load duration is: 48.438713
2019-07-26 09:47:18.646 22705 INFO rally.task.engine [-] Full runner duration is: 48.492826
2019-07-26 09:47:18.646 22705 INFO rally.task.engine [-] Full duration is: 75.603414
2019-07-26 09:47:18.912 22705 INFO rally.task.engine [-] Running workload: position = 0 config = { "version": 2, "title": "A cropped version of a bigger task.", "description": "Auto-generated task from a single workload (uuid=06df68c1-54d6-4b55-a2e4-dca96526c30d)", "subtasks": [ { "title": "Quotas.neutron_update", "description": "Update quotas for neutron.", "scenario": { "Quotas.neutron_update": { "max_quota": 1024 } }, "contexts": { "users": { "tenants": 20, "users_per_tenant": 1 } }, "runner": { "constant": { "times": 40, "concurrency": 20 } }, "hooks": [], "sla": { "failure_rate": { "max": 0 } } } ] }
2019-07-26 09:47:18.936 22705 RALLYDEBUG rally_openstack.contexts.keystone.users [-] Creating 20 tenants using 20 threads
2019-07-26 09:47:23.225 22705 RALLYDEBUG rally_openstack.contexts.keystone.users [-] Creating 20 users using 20 threads
2019-07-26 09:47:28.581 22705 INFO rally.task.context [-] Task 3e705c15-d3f8-4826-81d5-f9904e263a70 | Context users@openstack setup() finished in 9.64 sec
2019-07-26 09:47:28.582 22705 INFO rally.task.context [-] Task 3e705c15-d3f8-4826-81d5-f9904e263a70 | Context admin_cleanup@openstack setup() finished in 0.01 msec
2019-07-26 09:47:28.590 22705 RALLYDEBUG rally.task.runner [-] Starting the constant runner (task UUID: 3e705c15-d3f8-4826-81d5-f9904e263a70). timeout: 0 concurrency: 20 concurrency_per_worker: 1 times: 40 concurrency_overhead: 4 processes_to_start: 16 max_cpu_used: 16
2019-07-26 09:47:28.604 27321 RALLYDEBUG rally.task.runner [-] Starting a worker. concurrency: 2 args: {"max_quota": 1024} times: 40 method_name: run timeout: 0 duration: None cls:
2019-07-26 09:47:28.607 27322 RALLYDEBUG rally.task.runner [-] Starting a worker. concurrency: 2 args: {"max_quota": 1024} times: 40 method_name: run timeout: 0 duration: None cls:
2019-07-26 09:47:28.610 27323 RALLYDEBUG rally.task.runner [-] Starting a worker. concurrency: 2 args: {"max_quota": 1024} times: 40 method_name: run timeout: 0 duration: None cls:
2019-07-26 09:47:28.612 27324 RALLYDEBUG rally.task.runner [-] Starting a worker. concurrency: 2 args: {"max_quota": 1024} times: 40 method_name: run timeout: 0 duration: None cls:
2019-07-26 09:47:28.617 27325 RALLYDEBUG rally.task.runner [-] Starting a worker. concurrency: 1 args: {"max_quota": 1024} times: 40 method_name: run timeout: 0 duration: None cls:
2019-07-26 09:47:28.616 27322 INFO rally.task.runner [-] Task 3e705c15-d3f8-4826-81d5-f9904e263a70 | ITER: 2 START
2019-07-26 09:47:28.619 27321 INFO rally.task.runner [-] Task 3e705c15-d3f8-4826-81d5-f9904e263a70 | ITER: 1 START
2019-07-26 09:47:28.619 27327 RALLYDEBUG rally.task.runner [-] Starting a worker. concurrency: 1 args: {"max_quota": 1024} times: 40 method_name: run timeout: 0 duration: None cls:
2019-07-26 09:47:28.622 27324 INFO rally.task.runner [-] Task 3e705c15-d3f8-4826-81d5-f9904e263a70 | ITER: 5 START
2019-07-26 09:47:28.620 27321 INFO rally.task.runner [-] Task 3e705c15-d3f8-4826-81d5-f9904e263a70 | ITER: 4 START
2019-07-26 09:47:28.625 27330 RALLYDEBUG rally.task.runner [-] Starting a worker. concurrency: 1 args: {"max_quota": 1024} times: 40 method_name: run timeout: 0 duration: None cls:
2019-07-26 09:47:28.627 27332 RALLYDEBUG rally.task.runner [-] Starting a worker. concurrency: 1 args: {"max_quota": 1024} times: 40 method_name: run timeout: 0 duration: None cls:
2019-07-26 09:47:28.629 27327 INFO rally.task.runner [-] Task 3e705c15-d3f8-4826-81d5-f9904e263a70 | ITER: 8 START
2019-07-26 09:47:28.630 27325 INFO rally.task.runner [-] Task 3e705c15-d3f8-4826-81d5-f9904e263a70 | ITER: 7 START
2019-07-26 09:47:28.630 27336 RALLYDEBUG rally.task.runner [-] Starting a worker. concurrency: 1 args: {"max_quota": 1024} times: 40 method_name: run timeout: 0 duration: None cls:
2019-07-26 09:47:28.631 27323 INFO rally.task.runner [-] Task 3e705c15-d3f8-4826-81d5-f9904e263a70 | ITER: 3 START
2019-07-26 09:47:28.634 27339 RALLYDEBUG rally.task.runner [-] Starting a worker. concurrency: 1 args: {"max_quota": 1024} times: 40 method_name: run timeout: 0 duration: None cls:
2019-07-26 09:47:28.635 27340 RALLYDEBUG rally.task.runner [-] Starting a worker. concurrency: 1 args: {"max_quota": 1024} times: 40 method_name: run timeout: 0 duration: None cls:
2019-07-26 09:47:28.639 27330 INFO rally.task.runner [-] Task 3e705c15-d3f8-4826-81d5-f9904e263a70 | ITER: 11 START
2019-07-26 09:47:28.640 27324 INFO rally.task.runner [-] Task 3e705c15-d3f8-4826-81d5-f9904e263a70 | ITER: 10 START
2019-07-26 09:47:28.640 27332 INFO rally.task.runner [-] Task 3e705c15-d3f8-4826-81d5-f9904e263a70 | ITER: 12 START
2019-07-26 09:47:28.639 27322 INFO rally.task.runner [-] Task 3e705c15-d3f8-4826-81d5-f9904e263a70 | ITER: 6 START
2019-07-26 09:47:28.641 27346 RALLYDEBUG rally.task.runner [-] Starting a worker. concurrency: 1 args: {"max_quota": 1024} times: 40 method_name: run timeout: 0 duration: None cls:
2019-07-26 09:47:28.642 27336 INFO rally.task.runner [-] Task 3e705c15-d3f8-4826-81d5-f9904e263a70 | ITER: 13 START
2019-07-26 09:47:28.643 27323 INFO rally.task.runner [-] Task 3e705c15-d3f8-4826-81d5-f9904e263a70 | ITER: 9 START
2019-07-26 09:47:28.644 27340 INFO rally.task.runner [-] Task 3e705c15-d3f8-4826-81d5-f9904e263a70 | ITER: 15 START
2019-07-26 09:47:28.647 27339 INFO rally.task.runner [-] Task 3e705c15-d3f8-4826-81d5-f9904e263a70 | ITER: 14 START
2019-07-26 09:47:28.650 27353 RALLYDEBUG rally.task.runner [-] Starting a worker. concurrency: 1 args: {"max_quota": 1024} times: 40 method_name: run timeout: 0 duration: None cls:
2019-07-26 09:47:28.658 27346 INFO rally.task.runner [-] Task 3e705c15-d3f8-4826-81d5-f9904e263a70 | ITER: 16 START
2019-07-26 09:47:28.661 27360 RALLYDEBUG rally.task.runner [-] Starting a worker. concurrency: 1 args: {"max_quota": 1024} times: 40 method_name: run timeout: 0 duration: None cls:
2019-07-26 09:47:28.664 27353 INFO rally.task.runner [-] Task 3e705c15-d3f8-4826-81d5-f9904e263a70 | ITER: 17 START
2019-07-26 09:47:28.667 27361 RALLYDEBUG rally.task.runner [-] Starting a worker. concurrency: 1 args: {"max_quota": 1024} times: 40 method_name: run timeout: 0 duration: None cls:
2019-07-26 09:47:28.671 27364 RALLYDEBUG rally.task.runner [-] Starting a worker. concurrency: 1 args: {"max_quota": 1024} times: 40 method_name: run timeout: 0 duration: None cls:
2019-07-26 09:47:28.673 27361 INFO rally.task.runner [-] Task 3e705c15-d3f8-4826-81d5-f9904e263a70 | ITER: 19 START
2019-07-26 09:47:28.675 27360 INFO rally.task.runner [-] Task 3e705c15-d3f8-4826-81d5-f9904e263a70 | ITER: 18 START
2019-07-26 09:47:28.677 27364 INFO rally.task.runner [-] Task 3e705c15-d3f8-4826-81d5-f9904e263a70 | ITER: 20 START
2019-07-26 09:47:30.081 27339 INFO rally.task.runner [-] Task 3e705c15-d3f8-4826-81d5-f9904e263a70 | ITER: 14 END: OK
2019-07-26 09:47:30.088 27339 INFO rally.task.runner [-] Task 3e705c15-d3f8-4826-81d5-f9904e263a70 | ITER: 21 START
2019-07-26 09:47:30.126 27336 INFO rally.task.runner [-] Task 3e705c15-d3f8-4826-81d5-f9904e263a70 | ITER: 13 END: OK
2019-07-26 09:47:30.132 27336 INFO rally.task.runner [-] Task 3e705c15-d3f8-4826-81d5-f9904e263a70 | ITER: 22 START
2019-07-26 09:47:30.137 27325 INFO rally.task.runner [-] Task 3e705c15-d3f8-4826-81d5-f9904e263a70 | ITER: 7 END: OK
2019-07-26 09:47:30.142 27325 INFO rally.task.runner [-] Task 3e705c15-d3f8-4826-81d5-f9904e263a70 | ITER: 23 START
2019-07-26 09:47:30.187 27330 INFO rally.task.runner [-] Task 3e705c15-d3f8-4826-81d5-f9904e263a70 | ITER: 11 END: OK
2019-07-26 09:47:30.188 27321 INFO rally.task.runner [-] Task 3e705c15-d3f8-4826-81d5-f9904e263a70 | ITER: 4 END: OK
2019-07-26 09:47:30.193 27330 INFO rally.task.runner [-] Task 3e705c15-d3f8-4826-81d5-f9904e263a70 | ITER: 24 START
2019-07-26 09:47:30.194 27321 INFO rally.task.runner [-] Task 3e705c15-d3f8-4826-81d5-f9904e263a70 | ITER: 25 START
2019-07-26 09:47:30.221 27340 INFO rally.task.runner [-] Task 3e705c15-d3f8-4826-81d5-f9904e263a70 | ITER: 15 END: OK
2019-07-26 09:47:30.222 27327 INFO rally.task.runner [-] Task 3e705c15-d3f8-4826-81d5-f9904e263a70 | ITER: 8 END: OK
2019-07-26 09:47:30.222 27332 INFO rally.task.runner [-] Task 3e705c15-d3f8-4826-81d5-f9904e263a70 | ITER: 12 END: OK
2019-07-26 09:47:30.224 27321 INFO rally.task.runner [-] Task 3e705c15-d3f8-4826-81d5-f9904e263a70 | ITER: 1 END: OK
2019-07-26 09:47:30.227 27340 INFO rally.task.runner [-] Task 3e705c15-d3f8-4826-81d5-f9904e263a70 | ITER: 26 START
2019-07-26 09:47:30.228 27327 INFO rally.task.runner [-] Task 3e705c15-d3f8-4826-81d5-f9904e263a70 | ITER: 28 START
2019-07-26 09:47:30.228 27332 INFO rally.task.runner [-] Task 3e705c15-d3f8-4826-81d5-f9904e263a70 | ITER: 27 START
2019-07-26 09:47:30.229 27321 INFO rally.task.runner [-] Task 3e705c15-d3f8-4826-81d5-f9904e263a70 | ITER: 29 START
2019-07-26 09:47:30.231 27324 INFO rally.task.runner [-] Task 3e705c15-d3f8-4826-81d5-f9904e263a70 | ITER: 5 END: OK
2019-07-26 09:47:30.236 27324 INFO rally.task.runner [-] Task 3e705c15-d3f8-4826-81d5-f9904e263a70 | ITER: 30 START
2019-07-26 09:47:30.296 27323 INFO rally.task.runner [-] Task 3e705c15-d3f8-4826-81d5-f9904e263a70 | ITER: 9 END: OK
2019-07-26 09:47:30.303 27323 INFO rally.task.runner [-] Task 3e705c15-d3f8-4826-81d5-f9904e263a70 | ITER: 31 START
2019-07-26 09:47:30.322 27322 INFO rally.task.runner [-] Task 3e705c15-d3f8-4826-81d5-f9904e263a70 | ITER: 2 END: OK
2019-07-26 09:47:30.328 27322 INFO rally.task.runner [-] Task 3e705c15-d3f8-4826-81d5-f9904e263a70 | ITER: 32 START
2019-07-26 09:47:30.475 27364 INFO rally.task.runner [-] Task 3e705c15-d3f8-4826-81d5-f9904e263a70 | ITER: 20 END: OK
2019-07-26 09:47:30.481 27364 INFO rally.task.runner [-] Task 3e705c15-d3f8-4826-81d5-f9904e263a70 | ITER: 33 START
2019-07-26 09:47:30.497 27323 INFO rally.task.runner [-] Task 3e705c15-d3f8-4826-81d5-f9904e263a70 | ITER: 3 END: OK
2019-07-26 09:47:30.502 27323 INFO rally.task.runner [-] Task 3e705c15-d3f8-4826-81d5-f9904e263a70 | ITER: 34 START
2019-07-26 09:47:30.541 27346 INFO rally.task.runner [-] Task 3e705c15-d3f8-4826-81d5-f9904e263a70 | ITER: 16 END: OK
2019-07-26 09:47:30.542 27322 INFO rally.task.runner [-] Task 3e705c15-d3f8-4826-81d5-f9904e263a70 | ITER: 6 END: OK
2019-07-26 09:47:30.547 27322 INFO rally.task.runner [-] Task 3e705c15-d3f8-4826-81d5-f9904e263a70 | ITER: 35 START
2019-07-26 09:47:30.548 27346 INFO rally.task.runner [-] Task 3e705c15-d3f8-4826-81d5-f9904e263a70 | ITER: 36 START
2019-07-26 09:47:30.557 27353 INFO rally.task.runner [-] Task 3e705c15-d3f8-4826-81d5-f9904e263a70 | ITER: 17 END: OK
2019-07-26 09:47:30.564 27353 INFO rally.task.runner [-] Task 3e705c15-d3f8-4826-81d5-f9904e263a70 | ITER: 37 START
2019-07-26 09:47:30.584 27361 INFO rally.task.runner [-] Task 3e705c15-d3f8-4826-81d5-f9904e263a70 | ITER: 19 END: OK
2019-07-26 09:47:30.587 27324 INFO rally.task.runner [-] Task 3e705c15-d3f8-4826-81d5-f9904e263a70 | ITER: 10 END: OK
2019-07-26 09:47:30.591 27360 INFO rally.task.runner [-] Task 3e705c15-d3f8-4826-81d5-f9904e263a70 | ITER: 18 END: OK
2019-07-26 09:47:30.593 27361 INFO rally.task.runner [-] Task 3e705c15-d3f8-4826-81d5-f9904e263a70 | ITER: 38 START
2019-07-26 09:47:30.595 27324 INFO rally.task.runner [-] Task 3e705c15-d3f8-4826-81d5-f9904e263a70 | ITER: 39 START
2019-07-26 09:47:30.598 27360 INFO rally.task.runner [-] Task 3e705c15-d3f8-4826-81d5-f9904e263a70 | ITER: 40 START
2019-07-26 09:47:31.457 27336 INFO rally.task.runner [-] Task 3e705c15-d3f8-4826-81d5-f9904e263a70 | ITER: 22 END: OK
2019-07-26 09:47:31.566 27325 INFO rally.task.runner [-] Task 3e705c15-d3f8-4826-81d5-f9904e263a70 | ITER: 23 END: OK
2019-07-26 09:47:31.672 27339 INFO rally.task.runner [-] Task 3e705c15-d3f8-4826-81d5-f9904e263a70 | ITER: 21 END: OK
2019-07-26 09:47:31.718 27330 INFO rally.task.runner [-] Task 3e705c15-d3f8-4826-81d5-f9904e263a70 | ITER: 24 END: OK
2019-07-26 09:47:31.719 27332 INFO rally.task.runner [-] Task 3e705c15-d3f8-4826-81d5-f9904e263a70 | ITER: 27 END: OK
2019-07-26 09:47:31.742 27321 INFO rally.task.runner [-] Task 3e705c15-d3f8-4826-81d5-f9904e263a70 | ITER: 29 END: OK
2019-07-26 09:47:31.755 27321 INFO rally.task.runner [-] Task 3e705c15-d3f8-4826-81d5-f9904e263a70 | ITER: 25 END: OK
2019-07-26 09:47:31.761 27340 INFO rally.task.runner [-] Task 3e705c15-d3f8-4826-81d5-f9904e263a70 | ITER: 26 END: OK
2019-07-26 09:47:31.761 27323 INFO rally.task.runner [-] Task 3e705c15-d3f8-4826-81d5-f9904e263a70 | ITER: 31 END: OK
2019-07-26 09:47:31.766 27327 INFO rally.task.runner [-] Task 3e705c15-d3f8-4826-81d5-f9904e263a70 | ITER: 28 END: OK
2019-07-26 09:47:31.797 27324 INFO rally.task.runner [-] Task 3e705c15-d3f8-4826-81d5-f9904e263a70 | ITER: 30 END: OK
2019-07-26 09:47:31.817 27322 INFO rally.task.runner [-] Task 3e705c15-d3f8-4826-81d5-f9904e263a70 | ITER: 32 END: OK
2019-07-26 09:47:31.894 27323 INFO rally.task.runner [-] Task 3e705c15-d3f8-4826-81d5-f9904e263a70 | ITER: 34 END: OK
2019-07-26 09:47:31.906 27364 INFO rally.task.runner [-] Task 3e705c15-d3f8-4826-81d5-f9904e263a70 | ITER: 33 END: OK
2019-07-26 09:47:31.927 27361 INFO rally.task.runner [-] Task 3e705c15-d3f8-4826-81d5-f9904e263a70 | ITER: 38 END: OK
2019-07-26 09:47:31.928 27322 INFO rally.task.runner [-] Task 3e705c15-d3f8-4826-81d5-f9904e263a70 | ITER: 35 END: OK
2019-07-26 09:47:31.955 27324 INFO rally.task.runner [-] Task 3e705c15-d3f8-4826-81d5-f9904e263a70 | ITER: 39 END: OK
2019-07-26 09:47:31.979 27346 INFO rally.task.runner [-] Task 3e705c15-d3f8-4826-81d5-f9904e263a70 | ITER: 36 END: OK
2019-07-26 09:47:31.986 27360 INFO rally.task.runner [-] Task 3e705c15-d3f8-4826-81d5-f9904e263a70 | ITER: 40 END: OK
2019-07-26 09:47:31.998 27353 INFO rally.task.runner [-] Task 3e705c15-d3f8-4826-81d5-f9904e263a70 | ITER: 37 END: OK
2019-07-26 09:47:32.020 22705 INFO rally.task.context [-] Task 3e705c15-d3f8-4826-81d5-f9904e263a70 | Context admin_cleanup@openstack cleanup() started
2019-07-26 09:47:32.023 22705 RALLYDEBUG rally_openstack.cleanup.manager [-] Cleaning up neutron quota objects
2019-07-26 09:47:35.784 22705 INFO rally.task.context [-] Task 3e705c15-d3f8-4826-81d5-f9904e263a70 | Context admin_cleanup@openstack cleanup() finished in 3.76 sec
2019-07-26 09:47:35.784 22705 INFO rally.task.context [-] Task 3e705c15-d3f8-4826-81d5-f9904e263a70 | Context users@openstack cleanup() started
2019-07-26 09:48:03.763 22705 INFO rally.task.context [-] Task 3e705c15-d3f8-4826-81d5-f9904e263a70 | Context users@openstack cleanup() finished in 27.98 sec
2019-07-26 09:48:05.135 22705 INFO rally.task.engine [-] Load duration is: 3.377484
2019-07-26 09:48:05.135 22705 INFO rally.task.engine [-] Full runner duration is: 3.43127
2019-07-26 09:48:05.135 22705 INFO rally.task.engine [-] Full duration is: 44.830935
2019-07-26 09:48:05.403 22705 INFO rally.task.engine [-] Running workload: position = 0 config = { "version": 2, "title": "A cropped version of a bigger task.", "description": "Auto-generated task from a single workload (uuid=308755ca-81d3-4aec-b0bf-d9acdc6ca6cd)", "subtasks": [ { "title": "NeutronTrunks.create_and_list_trunk_subports", "description": "", "scenario": { "NeutronTrunks.create_and_list_trunk_subports": { "subport_count": 125 } }, "contexts": { "users": { "tenants": 1, "users_per_tenant": 1 }, "quotas": { "neutron": { "network": -1, "port": 1000 } } }, "runner": { "constant": { "times": 4, "concurrency": 4 } }, "hooks": [], "sla": { "failure_rate": { "max": 0 } } } ] }
2019-07-26 09:48:05.427 22705 RALLYDEBUG rally_openstack.contexts.keystone.users [-] Creating 1 tenants using 20 threads
2019-07-26 09:48:06.963 22705 RALLYDEBUG rally_openstack.contexts.keystone.users [-] Creating 1 users using 20 threads
2019-07-26 09:48:09.380 22705 INFO rally.task.context [-] Task 3e705c15-d3f8-4826-81d5-f9904e263a70 | Context users@openstack setup() finished in 3.95 sec
2019-07-26 09:48:10.124 22705 INFO rally.task.context [-] Task 3e705c15-d3f8-4826-81d5-f9904e263a70 | Context quotas@openstack setup() finished in 0.74 sec
2019-07-26 09:48:10.125 22705 INFO rally.task.context [-] Task 3e705c15-d3f8-4826-81d5-f9904e263a70 | Context cleanup@openstack setup() finished in 0.01 msec
2019-07-26 09:48:10.132 22705 RALLYDEBUG rally.task.runner [-] Starting the constant runner (task UUID: 3e705c15-d3f8-4826-81d5-f9904e263a70). timeout: 0 concurrency: 4 concurrency_per_worker: 1 times: 4 concurrency_overhead: 0 processes_to_start: 4 max_cpu_used: 16
2019-07-26 09:48:10.146 27511 RALLYDEBUG rally.task.runner [-] Starting a worker. concurrency: 1 args: {"subport_count": 125} times: 4 method_name: run timeout: 0 duration: None cls:
2019-07-26 09:48:10.149 27512 RALLYDEBUG rally.task.runner [-] Starting a worker. concurrency: 1 args: {"subport_count": 125} times: 4 method_name: run timeout: 0 duration: None cls:
2019-07-26 09:48:10.152 27511 INFO rally.task.runner [-] Task 3e705c15-d3f8-4826-81d5-f9904e263a70 | ITER: 1 START
2019-07-26 09:48:10.152 27513 RALLYDEBUG rally.task.runner [-] Starting a worker. concurrency: 1 args: {"subport_count": 125} times: 4 method_name: run timeout: 0 duration: None cls:
2019-07-26 09:48:10.155 27512 INFO rally.task.runner [-] Task 3e705c15-d3f8-4826-81d5-f9904e263a70 | ITER: 2 START
2019-07-26 09:48:10.155 27514 RALLYDEBUG rally.task.runner [-] Starting a worker. concurrency: 1 args: {"subport_count": 125} times: 4 method_name: run timeout: 0 duration: None cls:
2019-07-26 09:48:10.157 27513 INFO rally.task.runner [-] Task 3e705c15-d3f8-4826-81d5-f9904e263a70 | ITER: 3 START
2019-07-26 09:48:10.160 27514 INFO rally.task.runner [-] Task 3e705c15-d3f8-4826-81d5-f9904e263a70 | ITER: 4 START
2019-07-26 09:50:30.469 27514 WARNING rally.task.atomic [-] 'optional_action_timer' is deprecated since rally v0.10.0.Please use action_timer instead, we have improved atomic actions, now do not need to explicitly close original action.
2019-07-26 09:50:30.479 27513 WARNING rally.task.atomic [-] 'optional_action_timer' is deprecated since rally v0.10.0.Please use action_timer instead, we have improved atomic actions, now do not need to explicitly close original action.
2019-07-26 09:50:30.505 27514 WARNING rally.task.atomic [-] 'optional_action_timer' is deprecated since rally v0.10.0.Please use action_timer instead, we have improved atomic actions, now do not need to explicitly close original action.
2019-07-26 09:50:30.516 27513 WARNING rally.task.atomic [-] 'optional_action_timer' is deprecated since rally v0.10.0.Please use action_timer instead, we have improved atomic actions, now do not need to explicitly close original action.
2019-07-26 09:50:31.453 27513 INFO rally.task.runner [-] Task 3e705c15-d3f8-4826-81d5-f9904e263a70 | ITER: 3 END: OK
2019-07-26 09:50:31.461 27514 INFO rally.task.runner [-] Task 3e705c15-d3f8-4826-81d5-f9904e263a70 | ITER: 4 END: OK
2019-07-26 09:52:19.931 27512 WARNING rally.task.atomic [-] 'optional_action_timer' is deprecated since rally v0.10.0.Please use action_timer instead, we have improved atomic actions, now do not need to explicitly close original action.
2019-07-26 09:52:19.945 27511 WARNING rally.task.atomic [-] 'optional_action_timer' is deprecated since rally v0.10.0.Please use action_timer instead, we have improved atomic actions, now do not need to explicitly close original action.
2019-07-26 09:52:19.974 27512 WARNING rally.task.atomic [-] 'optional_action_timer' is deprecated since rally v0.10.0.Please use action_timer instead, we have improved atomic actions, now do not need to explicitly close original action.
2019-07-26 09:52:20.018 27511 WARNING rally.task.atomic [-] 'optional_action_timer' is deprecated since rally v0.10.0.Please use action_timer instead, we have improved atomic actions, now do not need to explicitly close original action.
2019-07-26 09:52:21.355 27512 INFO rally.task.runner [-] Task 3e705c15-d3f8-4826-81d5-f9904e263a70 | ITER: 2 END: OK
2019-07-26 09:52:21.357 27511 INFO rally.task.runner [-] Task 3e705c15-d3f8-4826-81d5-f9904e263a70 | ITER: 1 END: OK
2019-07-26 09:52:21.382 22705 INFO rally.task.context [-] Task 3e705c15-d3f8-4826-81d5-f9904e263a70 | Context cleanup@openstack cleanup() started
2019-07-26 09:52:21.385 22705 RALLYDEBUG rally_openstack.cleanup.manager [-] Cleaning up neutron vip objects
2019-07-26 09:52:22.583 22705 RALLYDEBUG rally_openstack.cleanup.manager [-] Cleaning up neutron health_monitor objects
2019-07-26 09:52:23.703 22705 RALLYDEBUG rally_openstack.cleanup.manager [-] Cleaning up neutron pool objects
2019-07-26 09:52:24.393 22705 RALLYDEBUG rally_openstack.cleanup.manager [-] Cleaning up neutron loadbalancer objects
2019-07-26 09:52:25.124 22705 RALLYDEBUG rally_openstack.cleanup.manager [-] Cleaning up neutron floatingip objects
2019-07-26 09:52:26.317 22705 RALLYDEBUG rally_openstack.cleanup.manager [-] Cleaning up neutron port objects
2019-07-26 09:52:28.150 22705 RALLYDEBUG rally_openstack.cleanup.manager [-] Deleting neutron.port object s_rally_308755ca_xxVq1icO (032e9a0e-361a-4eec-90b3-ddf792bcc6b9)
2019-07-26 09:52:28.154 22705 RALLYDEBUG rally_openstack.cleanup.manager [-] Deleting neutron.port object s_rally_308755ca_e2CSELrF (03768d30-24c4-4719-9213-186c92166170)
2019-07-26 09:52:28.155 22705 RALLYDEBUG rally_openstack.cleanup.manager [-] Deleting neutron.port object s_rally_308755ca_UCPrT6kt (02193253-b0e9-443f-9469-caf83bd8071d)
2019-07-26 09:52:28.155 22705 RALLYDEBUG rally_openstack.cleanup.manager [-] Deleting neutron.port object s_rally_308755ca_2AhF3T08 (002239e9-66bd-4cf9-8b25-4b11dd6170e3)
2019-07-26 09:52:28.167 22705 RALLYDEBUG rally_openstack.cleanup.manager [-] Deleting neutron.port object s_rally_308755ca_OUnIhax4 (038be332-8041-4ef9-8cd7-a4228e2eda7d)
2019-07-26 09:52:28.168 22705 RALLYDEBUG rally_openstack.cleanup.manager [-] Deleting neutron.port object s_rally_308755ca_K7eSocmM (0201d0a3-a407-4bb7-81c4-4ad3a4bd36fb)
2019-07-26 09:52:28.180 22705 RALLYDEBUG rally_openstack.cleanup.manager [-] Deleting neutron.port object s_rally_308755ca_jObwgfBx (0554d43d-5107-4231-b15c-4463b1bb9b2e)
2019-07-26 09:52:28.181 22705 RALLYDEBUG rally_openstack.cleanup.manager [-] Deleting neutron.port object s_rally_308755ca_N9vvshaw (04592fd8-fa65-45d2-9749-2cba7a4a9546)
2019-07-26 09:52:28.192 22705 RALLYDEBUG rally_openstack.cleanup.manager [-] Deleting neutron.port object s_rally_308755ca_k60O5kIG (05e94878-c727-4a70-ae6a-d470ca383e10)
2019-07-26 09:52:28.202 22705 RALLYDEBUG rally_openstack.cleanup.manager [-] Deleting neutron.port object s_rally_308755ca_nucwB6KH (0797a1d0-06e8-474f-bcb8-3290e89801f5)
2019-07-26 09:52:28.214 22705 RALLYDEBUG rally_openstack.cleanup.manager [-] Deleting neutron.port object s_rally_308755ca_5CTpJmd5 (081f4812-8291-433d-9f89-4b1683bb74f5)
2019-07-26 09:52:28.222 22705 RALLYDEBUG rally_openstack.cleanup.manager [-] Deleting neutron.port object s_rally_308755ca_md5SMeuC (0864e72b-c59f-4ef4-ac9b-2c362a31e0ae)
2019-07-26 09:52:28.248 22705 RALLYDEBUG rally_openstack.cleanup.manager [-] Deleting neutron.port object s_rally_308755ca_PLL9wabV (0996aed3-96b4-4041-a7d4-d0695dc1e3c7)
2019-07-26 09:52:28.250 22705 RALLYDEBUG rally_openstack.cleanup.manager [-] Deleting neutron.port object s_rally_308755ca_sF1DEEuL (09552dac-d9ab-4cbe-a6f0-d8c74855aebd)
2019-07-26 09:52:28.258 22705 RALLYDEBUG rally_openstack.cleanup.manager [-] Deleting neutron.port object s_rally_308755ca_iozL1hgw (09aa0bad-96d5-4364-810f-e4ca286e7fef)
2019-07-26 09:52:28.267 22705 RALLYDEBUG rally_openstack.cleanup.manager [-] Deleting neutron.port object s_rally_308755ca_btzxrKLy (0a6daed7-3884-41f0-876c-3d50861b6e0f)
2019-07-26 09:52:28.274 22705 RALLYDEBUG rally_openstack.cleanup.manager [-] Deleting neutron.port object s_rally_308755ca_PFJnFh3c (0b7b9ce0-b873-4837-a44e-fd98edfd9554)
2019-07-26 09:52:28.291 22705 RALLYDEBUG rally_openstack.cleanup.manager [-] Deleting neutron.port object s_rally_308755ca_65spxs4A (0ccd4511-67f6-4c27-8d99-04bcb5d73866)
2019-07-26 09:52:28.292 22705 RALLYDEBUG rally_openstack.cleanup.manager [-] Deleting neutron.port object s_rally_308755ca_ck58SNlU (0b80fcac-45a4-43dc-be5d-05fb50f1f6a8)
2019-07-26 09:52:28.307 22705 RALLYDEBUG rally_openstack.cleanup.manager [-] Deleting neutron.port object s_rally_308755ca_3ipqQZLl (0d065b5d-9a3b-452f-97ed-a78b292e1731)
2019-07-26 09:52:30.714 22705 RALLYDEBUG rally_openstack.cleanup.manager [-] Deleting neutron.port object s_rally_308755ca_pck3wKC0 (0d2a8b71-47eb-4a70-9d31-fd6127618ea3)
2019-07-26 09:52:30.749 22705 RALLYDEBUG rally_openstack.cleanup.manager [-] Deleting neutron.port object s_rally_308755ca_KIpe66dk (0e73d75b-ceb8-4a3f-a81f-d674dd9d5c9b)
2019-07-26 09:52:32.573 22705 RALLYDEBUG rally_openstack.cleanup.manager [-] Deleting neutron.port object s_rally_308755ca_bcGbfsi8 (0f7a0dcf-69ad-47c6-8473-17057662a310)
2019-07-26 09:52:32.961 22705 RALLYDEBUG rally_openstack.cleanup.manager [-] Deleting neutron.port object s_rally_308755ca_swNjz2jk (10755785-7424-49e0-82a5-577dba49f9d7)
2019-07-26 09:52:33.359 22705 RALLYDEBUG rally_openstack.cleanup.manager [-] Deleting neutron.port object s_rally_308755ca_cqfp55FS (10909b5e-18c8-4bc5-80ac-0993a93cf269)
2019-07-26 09:52:33.512 22705 RALLYDEBUG rally_openstack.cleanup.manager [-] Deleting neutron.port object s_rally_308755ca_cv7yCTG0 (10c11398-de53-45a1-abb2-bca92de89f07)
2019-07-26 09:52:33.728 22705 RALLYDEBUG rally_openstack.cleanup.manager [-] Deleting neutron.port object s_rally_308755ca_0fj9GSFB (11aa7962-f05e-4a41-9fa7-3ebd04878541)
2019-07-26 09:52:34.025 22705 RALLYDEBUG rally_openstack.cleanup.manager [-] Deleting neutron.port object s_rally_308755ca_UhZllBy9 (12abdeaf-6d01-4110-9bbe-015b1680f6ba)
2019-07-26 09:52:34.509 22705 RALLYDEBUG rally_openstack.cleanup.manager [-] Deleting neutron.port object s_rally_308755ca_rAhXUd8e (14e0ee00-804c-4dd6-a253-94f28222d041)
2019-07-26 09:52:34.749 22705 RALLYDEBUG rally_openstack.cleanup.manager [-] Deleting neutron.port object s_rally_308755ca_FSPrPx6l (14e60ea0-44cc-4895-9c23-1c49b9e1ec14)
2019-07-26 09:52:34.761 22705 RALLYDEBUG rally_openstack.cleanup.manager [-] Deleting neutron.port object s_rally_308755ca_vP6PulYd (156b4dce-f3f6-4122-8d88-fe0eda791da9)
2019-07-26 09:52:35.305 22705 RALLYDEBUG rally_openstack.cleanup.manager [-] Deleting neutron.port object s_rally_308755ca_rKg8BlrR (15801e06-9525-4605-8e3b-e9cc286f352a)
2019-07-26 09:52:35.306 22705 RALLYDEBUG rally_openstack.cleanup.manager [-] Deleting neutron.port object s_rally_308755ca_taI1lY3h (172387cc-23b3-4ccf-bc4a-4de6630a5495)
2019-07-26 09:52:35.917 22705 RALLYDEBUG rally_openstack.cleanup.manager [-] Deleting neutron.port object s_rally_308755ca_FRgdgspI (17bb8c14-147b-4942-a0d0-656217edf2f8)
2019-07-26 09:52:35.975 22705 RALLYDEBUG rally_openstack.cleanup.manager [-] Deleting neutron.port object s_rally_308755ca_Xabtd0QM (17cd45b2-ed77-4d7f-99e3-97ff99b42b03)
2019-07-26 09:52:36.011 22705 RALLYDEBUG rally_openstack.cleanup.manager [-] Deleting neutron.port object s_rally_308755ca_ogTZXyda (188f80fe-79b8-4bc0-b47e-e06cbf8872ed)
2019-07-26 09:52:36.085 22705 RALLYDEBUG rally_openstack.cleanup.manager [-] Deleting neutron.port object s_rally_308755ca_zd4bvHAS (18b5a870-f9f0-4ea5-830d-39649ecb4d03)
2019-07-26 09:52:36.146 22705 RALLYDEBUG rally_openstack.cleanup.manager [-] Deleting neutron.port object s_rally_308755ca_Ftde6mkO (192f0f29-8687-4c90-bb10-8a940e170825)
2019-07-26 09:52:36.156 22705 RALLYDEBUG rally_openstack.cleanup.manager [-] Deleting neutron.port object s_rally_308755ca_1dau3Bs6 (1930446f-cc3c-4c48-ac4f-0038c2fa9522)
2019-07-26 09:52:36.355 22705 RALLYDEBUG rally_openstack.cleanup.manager [-] Deleting neutron.port object s_rally_308755ca_gpANor7j (196b3e2e-ac1c-4bba-9d10-b7852b8c3dd5)
2019-07-26 09:52:36.367 22705 RALLYDEBUG rally_openstack.cleanup.manager [-] Deleting neutron.port object s_rally_308755ca_76zUCgaw (1aaa280d-91dd-446d-ab91-fb77c0a9dc4a)
2019-07-26 09:52:36.785 22705 RALLYDEBUG rally_openstack.cleanup.manager [-] Deleting neutron.port object s_rally_308755ca_H6WW1R0Q (1bc8cca0-87ca-474f-b78b-e9b36d5fe176)
2019-07-26 09:52:36.895 22705 RALLYDEBUG rally_openstack.cleanup.manager [-] Deleting neutron.port object s_rally_308755ca_WVvSu3BO (1d0079a8-1632-4377-81b7-c68c9b2aff8d)
2019-07-26 09:52:37.018 22705 RALLYDEBUG rally_openstack.cleanup.manager [-] Deleting neutron.port object s_rally_308755ca_iwPGzCun (1d8e5c95-b051-46d4-83a7-17ca2cab316a)
2019-07-26 09:52:37.388 22705 RALLYDEBUG rally_openstack.cleanup.manager [-] Deleting neutron.port object s_rally_308755ca_s9PUe0fm (1ed64890-d535-4591-b4f3-7ec02e175888)
2019-07-26 09:52:37.565 22705 RALLYDEBUG rally_openstack.cleanup.manager [-] Deleting neutron.port object s_rally_308755ca_eOwcD0Pd (1f0abf0d-2f17-4c76-85bc-463030249b35)
2019-07-26 09:52:37.582 22705 RALLYDEBUG rally_openstack.cleanup.manager [-] Deleting neutron.port object s_rally_308755ca_n0HZmhQy (20c6674b-1c7d-4b42-afd7-25c61582d691)
2019-07-26 09:52:37.582 22705 RALLYDEBUG rally_openstack.cleanup.manager [-] Deleting neutron.port object s_rally_308755ca_TaGOFVGj (21a1a314-0d48-4667-a0f6-9109e752fcaf)
2019-07-26 09:52:37.582 22705 RALLYDEBUG rally_openstack.cleanup.manager [-] Deleting neutron.port object s_rally_308755ca_Oj8EBMIf (2074c802-9c65-4118-a321-02639ba0caa5)
2019-07-26 09:52:37.947 22705 RALLYDEBUG rally_openstack.cleanup.manager [-] Deleting neutron.port object s_rally_308755ca_McSqu66q (21b60c2c-7e84-4de2-9e2c-6e1ac19b70b7)
2019-07-26 09:52:38.300 22705 RALLYDEBUG rally_openstack.cleanup.manager [-] Deleting neutron.port object s_rally_308755ca_goLPLffr (22d2abbb-60ba-4d9d-a9ea-f1f37a8fe62a)
2019-07-26 09:52:38.382 22705 RALLYDEBUG rally_openstack.cleanup.manager [-] Deleting neutron.port object s_rally_308755ca_ojwDv1KL (22d987a6-30e9-416b-8c62-1f2bfb4c74de)
2019-07-26 09:52:38.493 22705 RALLYDEBUG rally_openstack.cleanup.manager [-] Deleting neutron.port object s_rally_308755ca_5Dgk9qr8 (2445ed58-999e-4f82-b1a0-0b1c6b769d02)
2019-07-26 09:52:38.752 22705 RALLYDEBUG rally_openstack.cleanup.manager [-] Deleting neutron.port object s_rally_308755ca_9keBrHvl (24d57d90-e272-4367-b635-1951db58d15f)
2019-07-26 09:52:38.766 22705 RALLYDEBUG rally_openstack.cleanup.manager [-] Deleting neutron.port object s_rally_308755ca_niPPxHXH (24edad4f-0252-44e3-9d87-beac47bdf306)
2019-07-26 09:52:38.873 22705 RALLYDEBUG rally_openstack.cleanup.manager [-] Deleting neutron.port object s_rally_308755ca_TDOLV5lK (255d5857-8e2b-4214-9f02-803bbeb55f3e)
2019-07-26 09:52:38.923 22705 RALLYDEBUG rally_openstack.cleanup.manager [-] Deleting neutron.port object s_rally_308755ca_eRP4fagD (25918235-9fe3-4ae3-89ed-9a09f81792af)
2019-07-26 09:52:39.198 22705 RALLYDEBUG rally_openstack.cleanup.manager [-] Deleting neutron.port object s_rally_308755ca_e5SiYsEV (259d7235-dd05-4e49-bc47-96110b046f44)
2019-07-26 09:52:39.292 22705 RALLYDEBUG rally_openstack.cleanup.manager [-] Deleting neutron.port object s_rally_308755ca_cp5moxOi (25f6fbff-1702-4d0f-b992-4fa8515fc1a4)
2019-07-26 09:52:39.934 22705 RALLYDEBUG rally_openstack.cleanup.manager [-] Deleting neutron.port object s_rally_308755ca_KulGq1D4 (264a84fc-1eff-42b4-834b-42686815d508)
2019-07-26 09:52:40.058 22705 RALLYDEBUG rally_openstack.cleanup.manager [-] Deleting neutron.port object s_rally_308755ca_tlvQEt5M (26b0d519-4103-4769-8679-b9ac61e9b99a)
2019-07-26 09:52:40.139 22705 RALLYDEBUG rally_openstack.cleanup.manager [-] Deleting neutron.port object s_rally_308755ca_lujJy448 (26f69dc9-158c-4b28-873a-ee3a239e4bee)
2019-07-26 09:52:40.143 22705 RALLYDEBUG rally_openstack.cleanup.manager [-] Deleting neutron.port object s_rally_308755ca_pvRWTfSX (27f9c2f6-2334-4213-807f-0ac7ee1cde62)
2019-07-26 09:52:40.351 22705 RALLYDEBUG rally_openstack.cleanup.manager [-] Deleting neutron.port object s_rally_308755ca_FnmZjHgA (287d5df5-ed9f-4ae8-8a0c-be64c7f59418)
2019-07-26 09:52:40.748 22705 RALLYDEBUG rally_openstack.cleanup.manager [-] Deleting neutron.port object s_rally_308755ca_bhIEEtYS (28902c7f-1e00-4b68-b478-a605b9c0f7e7)
2019-07-26 09:52:40.787 22705 RALLYDEBUG rally_openstack.cleanup.manager [-] Deleting neutron.port object s_rally_308755ca_fF8OsDLx (28c85e46-fc02-430a-891b-491b6ce6f1e3)
2019-07-26 09:52:41.589 22705 RALLYDEBUG rally_openstack.cleanup.manager [-] Deleting neutron.port object s_rally_308755ca_KB8qKJJS (295e8530-8a05-4c49-8c33-7f3334c5cf2d)
2019-07-26 09:52:41.669 22705 RALLYDEBUG rally_openstack.cleanup.manager [-] Deleting neutron.port object s_rally_308755ca_W7T0tmK7 (2aac6dbf-9403-4f4a-abc8-4057107dcfca)
2019-07-26 09:52:41.757 22705 RALLYDEBUG rally_openstack.cleanup.manager [-] Deleting neutron.port object s_rally_308755ca_AlPazlGB (2b025414-7156-4897-9583-50cbca0af78c)
2019-07-26 09:52:41.841 22705 RALLYDEBUG rally_openstack.cleanup.manager [-] Deleting neutron.port object s_rally_308755ca_Gg7fUIgn (2b6d5bae-82c6-44cb-87a1-24c85f86e215)
2019-07-26 09:52:41.848 22705 RALLYDEBUG rally_openstack.cleanup.manager [-] Deleting neutron.port object s_rally_308755ca_LQtT9DxD (2ba4c09c-f4a5-4858-826d-ae8e2b226d20)
2019-07-26 09:52:42.047 22705 RALLYDEBUG rally_openstack.cleanup.manager [-] Deleting neutron.port object s_rally_308755ca_JBbKp4Iz (2bf92b73-bb3e-44cc-a2ad-7326077f2809)
2019-07-26 09:52:42.089 22705 RALLYDEBUG rally_openstack.cleanup.manager [-] Deleting neutron.port object s_rally_308755ca_3cw7fe27 (2bfb73da-f612-485c-be04-159d70c528c2)
2019-07-26 09:52:42.110 22705 RALLYDEBUG rally_openstack.cleanup.manager [-] Deleting neutron.port object s_rally_308755ca_NUGnb4HH (2d243c49-a6af-4de9-91a9-6686bf7d1bbe)
2019-07-26 09:52:42.193 22705 RALLYDEBUG rally_openstack.cleanup.manager [-] Deleting neutron.port object s_rally_308755ca_jhMaTjau (2ebd03f2-1678-4da9-ba02-3d8f2cb41d98)
2019-07-26 09:52:42.389 22705 RALLYDEBUG rally_openstack.cleanup.manager [-] Deleting neutron.port object s_rally_308755ca_a2DXbt3M (2f2b5f8e-3b4d-436e-8c0d-d9ab98bc887a)
2019-07-26 09:52:42.545 22705 RALLYDEBUG rally_openstack.cleanup.manager [-] Deleting neutron.port object s_rally_308755ca_sEbww1Ck (2f90ac6a-c0de-420a-b623-ed72631607fe)
2019-07-26 09:52:42.623 22705 RALLYDEBUG rally_openstack.cleanup.manager [-] Deleting neutron.port object s_rally_308755ca_hpEcJ7WT (30e25011-f4f2-4d0e-bc52-7432638b7203)
2019-07-26 09:52:42.648 22705 RALLYDEBUG rally_openstack.cleanup.manager [-] Deleting neutron.port object s_rally_308755ca_epOYS9oy (311d39b0-2f02-4914-b599-47d052578081)
2019-07-26 09:52:42.768 22705 RALLYDEBUG rally_openstack.cleanup.manager [-] Deleting neutron.port object s_rally_308755ca_ldScaogm (315c5000-d548-48f4-a89a-4b3b2e6ff787)
2019-07-26 09:52:42.777 22705 RALLYDEBUG rally_openstack.cleanup.manager [-] Deleting neutron.port object s_rally_308755ca_kbzhOne4 (316b5204-f66c-4ff6-82f8-5accfcba663e)
2019-07-26 09:52:43.223 22705 RALLYDEBUG rally_openstack.cleanup.manager [-] Deleting neutron.port object s_rally_308755ca_DMdKy2mF (318bd338-5f06-4a3c-ab09-2c2e0fff9928)
2019-07-26 09:52:43.345 22705 RALLYDEBUG rally_openstack.cleanup.manager [-] Deleting neutron.port object s_rally_308755ca_OCLnfhnZ (32118b81-ea74-4e23-8970-8d75bc861be2)
2019-07-26 09:52:43.381 22705 RALLYDEBUG rally_openstack.cleanup.manager [-] Deleting neutron.port object s_rally_308755ca_cLegJHVu (329365a6-aa42-4b8c-8801-d603f3676b6c)
2019-07-26 09:52:43.647 22705 RALLYDEBUG rally_openstack.cleanup.manager [-] Deleting neutron.port object s_rally_308755ca_3w9o1m4p (32ec8bee-e56c-4049-97e2-5f33014b611b)
2019-07-26 09:52:43.661 22705 RALLYDEBUG rally_openstack.cleanup.manager [-] Deleting neutron.port object s_rally_308755ca_bnH38Bvv (331c02e5-dbf8-4f35-90b1-a812247e53f1)
2019-07-26 09:52:44.794 22705 RALLYDEBUG rally_openstack.cleanup.manager [-] Deleting neutron.port object s_rally_308755ca_lb1y3BXF (3390f918-fd08-41a7-ba7d-cc4d8e182754)
2019-07-26 09:52:45.207 22705 RALLYDEBUG rally_openstack.cleanup.manager [-] Deleting neutron.port object s_rally_308755ca_V3N5Lg1e (3555bfcf-bbb0-4be1-afcf-23ec0143b561)
2019-07-26 09:52:45.237 22705 RALLYDEBUG rally_openstack.cleanup.manager [-] Deleting neutron.port object s_rally_308755ca_S5zk3VKu (356b47a3-f681-4d54-b845-9cdb6731ab4e)
2019-07-26 09:52:45.482 22705 RALLYDEBUG rally_openstack.cleanup.manager [-] Deleting neutron.port object s_rally_308755ca_AXgzlacv (36ac5115-6877-4112-a822-0fbfa0edcd4c)
2019-07-26 09:52:45.657 22705 RALLYDEBUG rally_openstack.cleanup.manager [-] Deleting neutron.port object s_rally_308755ca_u6eanQZe (36e68f68-0d41-44b6-a32a-d3e22058cd84)
2019-07-26 09:52:45.767 22705 RALLYDEBUG rally_openstack.cleanup.manager [-] Deleting neutron.port object s_rally_308755ca_ZAwaW137 (36fc1887-ae33-42ab-a93d-9beb9a0bb09d)
2019-07-26 09:52:45.778 22705 RALLYDEBUG rally_openstack.cleanup.manager [-] Deleting neutron.port object s_rally_308755ca_JQS8uHfP (36fd2c28-e235-48e3-ab92-6d657e907eda)
2019-07-26 09:52:45.872 22705 RALLYDEBUG rally_openstack.cleanup.manager [-] Deleting neutron.port object s_rally_308755ca_A65uAsv2 (371a3b8b-cb2c-47e2-a800-c8a643bb462e)
2019-07-26 09:52:46.087 22705 RALLYDEBUG rally_openstack.cleanup.manager [-] Deleting neutron.port object s_rally_308755ca_3MJ67GwD (3742a040-1006-440b-b8bf-530279f08f1e)
2019-07-26 09:52:46.323 22705 RALLYDEBUG rally_openstack.cleanup.manager [-] Deleting neutron.port object s_rally_308755ca_6avJmr8v (3750f4f6-8938-4810-82e4-1299ab727b28)
2019-07-26 09:52:46.330 22705 RALLYDEBUG rally_openstack.cleanup.manager [-] Deleting neutron.port object s_rally_308755ca_1K0oi6Co (3798a7f8-ec1d-4a71-bb84-60cbb7de946f)
2019-07-26 09:52:46.813 22705 RALLYDEBUG rally_openstack.cleanup.manager [-] Deleting neutron.port object s_rally_308755ca_yJmDSNKb (379b4c3d-78f0-48f1-823b-93670f9e46cc)
2019-07-26 09:52:47.035 22705 RALLYDEBUG rally_openstack.cleanup.manager [-] Deleting neutron.port object s_rally_308755ca_YMjO3vaT (38a3d984-6dba-4785-8a2e-f59042e856f6)
