2019-07-26 09:24:42.097 22696 RALLYDEBUG rally.api [-] INFO logs from urllib3 and requests module are hide.
2019-07-26 09:24:42.097 22696 RALLYDEBUG rally.api [-] urllib3 insecure warnings are hidden.
2019-07-26 09:24:42.097 22696 RALLYDEBUG rally.api [-] ERROR log from boto module is hide.
2019-07-26 09:24:44.192 22698 RALLYDEBUG rally.api [-] INFO logs from urllib3 and requests module are hide.
2019-07-26 09:24:44.193 22698 RALLYDEBUG rally.api [-] urllib3 insecure warnings are hidden.
2019-07-26 09:24:44.193 22698 RALLYDEBUG rally.api [-] ERROR log from boto module is hide.
2019-07-26 09:24:45.312 22698 WARNING rally_openstack.platforms.existing [-] endpoint is deprecated and not used.
2019-07-26 09:24:46.249 22700 RALLYDEBUG rally.api [-] INFO logs from urllib3 and requests module are hide.
2019-07-26 09:24:46.250 22700 RALLYDEBUG rally.api [-] urllib3 insecure warnings are hidden.
2019-07-26 09:24:46.250 22700 RALLYDEBUG rally.api [-] ERROR log from boto module is hide.
2019-07-26 09:24:49.417 22703 RALLYDEBUG rally.api [-] INFO logs from urllib3 and requests module are hide.
2019-07-26 09:24:49.418 22703 RALLYDEBUG rally.api [-] urllib3 insecure warnings are hidden.
2019-07-26 09:24:49.418 22703 RALLYDEBUG rally.api [-] ERROR log from boto module is hide.
2019-07-26 09:24:50.983 22705 RALLYDEBUG rally.api [-] INFO logs from urllib3 and requests module are hide.
2019-07-26 09:24:50.983 22705 RALLYDEBUG rally.api [-] urllib3 insecure warnings are hidden.
2019-07-26 09:24:50.983 22705 RALLYDEBUG rally.api [-] ERROR log from boto module is hide.
2019-07-26 09:24:52.000 22705 INFO rally.common.plugin.discover [-] Loading plugins from directories /root/.rally/plugins/*
2019-07-26 09:24:52.001 22705 INFO rally.common.plugin.discover [-] Loaded module with plugins: /root/.rally/plugins/__init__.py
2019-07-26 09:24:52.003 22705 INFO rally.common.plugin.discover [-] Loaded module with plugins: /root/.rally/plugins/trunk_scenario.py
2019-07-26 09:24:52.183 22705 INFO rally.task.engine [-] Task 3e705c15-d3f8-4826-81d5-f9904e263a70 | Starting: Task validation.
2019-07-26 09:24:52.226 22705 INFO rally.task.engine [-] Task 3e705c15-d3f8-4826-81d5-f9904e263a70 | Starting: Task validation of syntax.
2019-07-26 09:24:52.411 22705 INFO rally.task.engine [-] Task 3e705c15-d3f8-4826-81d5-f9904e263a70 | Completed: Task validation of syntax.
2019-07-26 09:24:52.412 22705 INFO rally.task.engine [-] Task 3e705c15-d3f8-4826-81d5-f9904e263a70 | Starting: Task validation of required platforms.
2019-07-26 09:24:52.469 22705 INFO rally.task.engine [-] Task 3e705c15-d3f8-4826-81d5-f9904e263a70 | Completed: Task validation of required platforms.
2019-07-26 09:24:52.469 22705 INFO rally.task.engine [-] Task 3e705c15-d3f8-4826-81d5-f9904e263a70 | Starting: Task validation of semantic.
2019-07-26 09:24:52.469 22705 INFO rally.task.engine [-] Check health of the environment 'c733030c-6eb9-4f44-bc7d-c24b52043c53'.
2019-07-26 09:24:53.261 22705 INFO rally.task.engine [-] Platform existing@openstack (available: True): OK!
2019-07-26 09:24:53.273 22705 RALLYDEBUG rally_openstack.contexts.keystone.users [-] Creating 1 tenants using 20 threads
2019-07-26 09:24:55.046 22705 RALLYDEBUG rally_openstack.contexts.keystone.users [-] Creating 1 users using 20 threads
2019-07-26 09:24:57.614 22705 INFO rally.task.context [-] Task 3e705c15-d3f8-4826-81d5-f9904e263a70 | Context users@openstack setup() finished in 4.34 sec
2019-07-26 09:25:03.662 22705 INFO rally.task.context [-] Task 3e705c15-d3f8-4826-81d5-f9904e263a70 | Context users@openstack cleanup() started
2019-07-26 09:25:08.323 22705 INFO rally.task.context [-] Task 3e705c15-d3f8-4826-81d5-f9904e263a70 | Context users@openstack cleanup() finished in 4.66 sec
2019-07-26 09:25:08.323 22705 INFO rally.task.engine [-] Task 3e705c15-d3f8-4826-81d5-f9904e263a70 | Completed: Task validation of semantic.
2019-07-26 09:25:08.323 22705 INFO rally.task.engine [-] Task 3e705c15-d3f8-4826-81d5-f9904e263a70 | Completed: Task validation.
2019-07-26 09:25:08.324 22705 INFO rally.api [-] Task 3e705c15-d3f8-4826-81d5-f9904e263a70 input file is valid.
2019-07-26 09:25:08.324 22705 INFO rally.api [-] Run Task 3e705c15-d3f8-4826-81d5-f9904e263a70 against Deployment c733030c-6eb9-4f44-bc7d-c24b52043c53
2019-07-26 09:25:08.324 22705 INFO rally.task.engine [-] Task 3e705c15-d3f8-4826-81d5-f9904e263a70 | Starting: Running task.
2019-07-26 09:25:08.491 22705 INFO rally.task.engine [-] Running workload: position = 0 config = { "version": 2, "title": "A cropped version of a bigger task.", "description": "Auto-generated task from a single workload (uuid=27c78904-cf49-4d65-b177-1b8e67dc55e8)", "subtasks": [ { "title": "NeutronNetworks.create_and_list_networks", "description": "Check performance of list_networks action and ensure > network quotas are not exceeded", "scenario": { "NeutronNetworks.create_and_list_networks": {} }, "contexts": { "users": { "tenants": 1, "users_per_tenant": 1 }, "quotas": { "neutron": { "network": 119 } } }, "runner": { "constant": { "times": 100, "concurrency": 20 } }, "hooks": [], "sla": { "max_avg_duration_per_atomic": { "neutron.list_networks": 15 }, "failure_rate": { "max": 0 } } } ] }
2019-07-26 09:25:08.512 22705 RALLYDEBUG rally_openstack.contexts.keystone.users [-] Creating 1 tenants using 20 threads
2019-07-26 09:25:10.318 22705 RALLYDEBUG rally_openstack.contexts.keystone.users [-] Creating 1 users using 20 threads
2019-07-26 09:25:12.720 22705 INFO rally.task.context [-] Task 3e705c15-d3f8-4826-81d5-f9904e263a70 | Context users@openstack setup() finished in 4.21 sec
2019-07-26 09:25:13.439 22705 INFO rally.task.context [-] Task 3e705c15-d3f8-4826-81d5-f9904e263a70 | Context quotas@openstack setup() finished in 0.72 sec
2019-07-26 09:25:13.440 22705 INFO rally.task.context [-] Task 3e705c15-d3f8-4826-81d5-f9904e263a70 | Context cleanup@openstack setup() finished in 0.03 msec
2019-07-26 09:25:13.448 22705 RALLYDEBUG rally.task.runner [-] Starting the constant runner (task UUID: 3e705c15-d3f8-4826-81d5-f9904e263a70). timeout: 0 concurrency: 20 concurrency_per_worker: 1 times: 100 concurrency_overhead: 4 processes_to_start: 16 max_cpu_used: 16
2019-07-26 09:25:13.459 22829 RALLYDEBUG rally.task.runner [-] Starting a worker. concurrency: 2 args: {} times: 100 method_name: run timeout: 0 duration: None cls:
2019-07-26 09:25:13.462 22830 RALLYDEBUG rally.task.runner [-] Starting a worker. concurrency: 2 args: {} times: 100 method_name: run timeout: 0 duration: None cls:
2019-07-26 09:25:13.464 22831 RALLYDEBUG rally.task.runner [-] Starting a worker. concurrency: 2 args: {} times: 100 method_name: run timeout: 0 duration: None cls:
2019-07-26 09:25:13.466 22832 RALLYDEBUG rally.task.runner [-] Starting a worker. concurrency: 2 args: {} times: 100 method_name: run timeout: 0 duration: None cls:
2019-07-26 09:25:13.470 22829 INFO rally.task.runner [-] Task 3e705c15-d3f8-4826-81d5-f9904e263a70 | ITER: 1 START
2019-07-26 09:25:13.472 22831 INFO rally.task.runner [-] Task 3e705c15-d3f8-4826-81d5-f9904e263a70 | ITER: 4 START
2019-07-26 09:25:13.471 22834 RALLYDEBUG rally.task.runner [-] Starting a worker. concurrency: 1 args: {} times: 100 method_name: run timeout: 0 duration: None cls:
2019-07-26 09:25:13.472 22830 INFO rally.task.runner [-] Task 3e705c15-d3f8-4826-81d5-f9904e263a70 | ITER: 2 START
2019-07-26 09:25:13.473 22837 RALLYDEBUG rally.task.runner [-] Starting a worker. concurrency: 1 args: {} times: 100 method_name: run timeout: 0 duration: None cls:
2019-07-26 09:25:13.475 22832 INFO rally.task.runner [-] Task 3e705c15-d3f8-4826-81d5-f9904e263a70 | ITER: 6 START
2019-07-26 09:25:13.473 22830 INFO rally.task.runner [-] Task 3e705c15-d3f8-4826-81d5-f9904e263a70 | ITER: 5 START
2019-07-26 09:25:13.478 22841 RALLYDEBUG rally.task.runner [-] Starting a worker. concurrency: 1 args: {} times: 100 method_name: run timeout: 0 duration: None cls:
2019-07-26 09:25:13.479 22829 INFO rally.task.runner [-] Task 3e705c15-d3f8-4826-81d5-f9904e263a70 | ITER: 3 START
2019-07-26 09:25:13.479 22832 INFO rally.task.runner [-] Task 3e705c15-d3f8-4826-81d5-f9904e263a70 | ITER: 8 START
2019-07-26 09:25:13.481 22834 INFO rally.task.runner [-] Task 3e705c15-d3f8-4826-81d5-f9904e263a70 | ITER: 9 START
2019-07-26 09:25:13.478 22831 INFO rally.task.runner [-] Task 3e705c15-d3f8-4826-81d5-f9904e263a70 | ITER: 7 START
2019-07-26 09:25:13.482 22846 RALLYDEBUG rally.task.runner [-] Starting a worker. concurrency: 1 args: {} times: 100 method_name: run timeout: 0 duration: None cls:
2019-07-26 09:25:13.485 22848 RALLYDEBUG rally.task.runner [-] Starting a worker. concurrency: 1 args: {} times: 100 method_name: run timeout: 0 duration: None cls:
2019-07-26 09:25:13.488 22854 RALLYDEBUG rally.task.runner [-] Starting a worker. concurrency: 1 args: {} times: 100 method_name: run timeout: 0 duration: None cls:
2019-07-26 09:25:13.492 22848 INFO rally.task.runner [-] Task 3e705c15-d3f8-4826-81d5-f9904e263a70 | ITER: 13 START
2019-07-26 09:25:13.492 22846 INFO rally.task.runner [-] Task 3e705c15-d3f8-4826-81d5-f9904e263a70 | ITER: 12 START
2019-07-26 09:25:13.493 22841 INFO rally.task.runner [-] Task 3e705c15-d3f8-4826-81d5-f9904e263a70 | ITER: 11 START
2019-07-26 09:25:13.493 22856 RALLYDEBUG rally.task.runner [-] Starting a worker. concurrency: 1 args: {} times: 100 method_name: run timeout: 0 duration: None cls:
2019-07-26 09:25:13.494 22857 RALLYDEBUG rally.task.runner [-] Starting a worker. concurrency: 1 args: {} times: 100 method_name: run timeout: 0 duration: None cls:
2019-07-26 09:25:13.495 22861 RALLYDEBUG rally.task.runner [-] Starting a worker. concurrency: 1 args: {} times: 100 method_name: run timeout: 0 duration: None cls:
2019-07-26 09:25:13.498 22837 INFO rally.task.runner [-] Task 3e705c15-d3f8-4826-81d5-f9904e263a70 | ITER: 10 START
2019-07-26 09:25:13.502 22854 INFO rally.task.runner [-] Task 3e705c15-d3f8-4826-81d5-f9904e263a70 | ITER: 14 START
2019-07-26 09:25:13.503 22861 INFO rally.task.runner [-] Task 3e705c15-d3f8-4826-81d5-f9904e263a70 | ITER: 17 START
2019-07-26 09:25:13.497 22853 RALLYDEBUG rally.task.runner [-] Starting a worker. concurrency: 1 args: {} times: 100 method_name: run timeout: 0 duration: None cls:
2019-07-26 09:25:13.504 22865 RALLYDEBUG rally.task.runner [-] Starting a worker. concurrency: 1 args: {} times: 100 method_name: run timeout: 0 duration: None cls:
2019-07-26 09:25:13.508 22857 INFO rally.task.runner [-] Task 3e705c15-d3f8-4826-81d5-f9904e263a70 | ITER: 16 START
2019-07-26 09:25:13.510 22856 INFO rally.task.runner [-] Task 3e705c15-d3f8-4826-81d5-f9904e263a70 | ITER: 15 START
2019-07-26 09:25:13.511 22865 INFO rally.task.runner [-] Task 3e705c15-d3f8-4826-81d5-f9904e263a70 | ITER: 19 START
2019-07-26 09:25:13.511 22867 RALLYDEBUG rally.task.runner [-] Starting a worker. concurrency: 1 args: {} times: 100 method_name: run timeout: 0 duration: None cls:
2019-07-26 09:25:13.512 22853 INFO rally.task.runner [-] Task 3e705c15-d3f8-4826-81d5-f9904e263a70 | ITER: 18 START
2019-07-26 09:25:13.516 22867 INFO rally.task.runner [-] Task 3e705c15-d3f8-4826-81d5-f9904e263a70 | ITER: 20 START
2019-07-26 09:25:14.879 22829 INFO rally.task.runner [-] Task 3e705c15-d3f8-4826-81d5-f9904e263a70 | ITER: 3 END: OK
2019-07-26 09:25:14.882 22829 INFO rally.task.runner [-] Task 3e705c15-d3f8-4826-81d5-f9904e263a70 | ITER: 21 START
2019-07-26 09:25:15.228 22832 INFO rally.task.runner [-] Task 3e705c15-d3f8-4826-81d5-f9904e263a70 | ITER: 8 END: OK
2019-07-26 09:25:15.230 22832 INFO rally.task.runner [-] Task 3e705c15-d3f8-4826-81d5-f9904e263a70 | ITER: 22 START
2019-07-26 09:25:15.233 22856 INFO rally.task.runner [-] Task 3e705c15-d3f8-4826-81d5-f9904e263a70 | ITER: 15 END: OK
2019-07-26 09:25:15.236 22856 INFO rally.task.runner [-] Task 3e705c15-d3f8-4826-81d5-f9904e263a70 | ITER: 23 START
2019-07-26 09:25:15.520 22831 INFO rally.task.runner [-] Task 3e705c15-d3f8-4826-81d5-f9904e263a70 | ITER: 4 END: OK
2019-07-26 09:25:15.524 22831 INFO rally.task.runner [-] Task 3e705c15-d3f8-4826-81d5-f9904e263a70 | ITER: 24 START
2019-07-26 09:25:15.557 22857 INFO rally.task.runner [-] Task 3e705c15-d3f8-4826-81d5-f9904e263a70 | ITER: 16 END: OK
2019-07-26 09:25:15.559 22857 INFO rally.task.runner [-] Task 3e705c15-d3f8-4826-81d5-f9904e263a70 | ITER: 25 START
2019-07-26 09:25:16.125 22830 INFO rally.task.runner [-] Task 3e705c15-d3f8-4826-81d5-f9904e263a70 | ITER: 5 END: OK
2019-07-26 09:25:16.129 22830 INFO rally.task.runner [-] Task 3e705c15-d3f8-4826-81d5-f9904e263a70 | ITER: 26 START
2019-07-26 09:25:16.239 22830 INFO rally.task.runner [-] Task 3e705c15-d3f8-4826-81d5-f9904e263a70 | ITER: 2 END: OK
2019-07-26 09:25:16.242 22830 INFO rally.task.runner [-] Task 3e705c15-d3f8-4826-81d5-f9904e263a70 | ITER: 27 START
2019-07-26 09:25:16.833 22834 INFO rally.task.runner [-] Task 3e705c15-d3f8-4826-81d5-f9904e263a70 | ITER: 9 END: OK
2019-07-26 09:25:16.835 22834 INFO rally.task.runner [-] Task 3e705c15-d3f8-4826-81d5-f9904e263a70 | ITER: 28 START
2019-07-26 09:25:17.058 22837 INFO rally.task.runner [-] Task 3e705c15-d3f8-4826-81d5-f9904e263a70 | ITER: 10 END: OK
2019-07-26 09:25:17.061 22837 INFO rally.task.runner [-] Task 3e705c15-d3f8-4826-81d5-f9904e263a70 | ITER: 29 START
2019-07-26 09:25:17.141 22848 INFO rally.task.runner [-] Task 3e705c15-d3f8-4826-81d5-f9904e263a70 | ITER: 13 END: OK
2019-07-26 09:25:17.144 22848 INFO rally.task.runner [-] Task 3e705c15-d3f8-4826-81d5-f9904e263a70 | ITER: 30 START
2019-07-26 09:25:17.167 22829 INFO rally.task.runner [-] Task 3e705c15-d3f8-4826-81d5-f9904e263a70 | ITER: 1 END: OK
2019-07-26 09:25:17.170 22829 INFO rally.task.runner [-] Task 3e705c15-d3f8-4826-81d5-f9904e263a70 | ITER: 31 START
2019-07-26 09:25:17.171 22846 INFO rally.task.runner [-] Task 3e705c15-d3f8-4826-81d5-f9904e263a70 | ITER: 12 END: OK
2019-07-26 09:25:17.173 22846 INFO rally.task.runner [-] Task 3e705c15-d3f8-4826-81d5-f9904e263a70 | ITER: 32 START
2019-07-26 09:25:17.215 22831 INFO rally.task.runner [-] Task 3e705c15-d3f8-4826-81d5-f9904e263a70 | ITER: 7 END: OK
2019-07-26 09:25:17.218 22831 INFO rally.task.runner [-] Task 3e705c15-d3f8-4826-81d5-f9904e263a70 | ITER: 33 START
2019-07-26 09:25:17.244 22832 INFO rally.task.runner [-] Task 3e705c15-d3f8-4826-81d5-f9904e263a70 | ITER: 6 END: OK
2019-07-26 09:25:17.246 22832 INFO rally.task.runner [-] Task 3e705c15-d3f8-4826-81d5-f9904e263a70 | ITER: 34 START
2019-07-26 09:25:17.628 22854 INFO rally.task.runner [-] Task 3e705c15-d3f8-4826-81d5-f9904e263a70 | ITER: 14 END: OK
2019-07-26 09:25:17.630 22854 INFO rally.task.runner [-] Task 3e705c15-d3f8-4826-81d5-f9904e263a70 | ITER: 35 START
2019-07-26 09:25:17.653 22841 INFO rally.task.runner [-] Task 3e705c15-d3f8-4826-81d5-f9904e263a70 | ITER: 11 END: OK
2019-07-26 09:25:17.656 22841 INFO rally.task.runner [-] Task 3e705c15-d3f8-4826-81d5-f9904e263a70 | ITER: 36 START
2019-07-26 09:25:17.975 22867 INFO rally.task.runner [-] Task 3e705c15-d3f8-4826-81d5-f9904e263a70 | ITER: 20 END: OK
2019-07-26 09:25:17.977 22867 INFO rally.task.runner [-] Task 3e705c15-d3f8-4826-81d5-f9904e263a70 | ITER: 37 START
2019-07-26 09:25:17.987 22865 INFO rally.task.runner [-] Task 3e705c15-d3f8-4826-81d5-f9904e263a70 | ITER: 19 END: OK
2019-07-26 09:25:17.989 22865 INFO rally.task.runner [-] Task 3e705c15-d3f8-4826-81d5-f9904e263a70 | ITER: 38 START
2019-07-26 09:25:18.470 22856 INFO rally.task.runner [-] Task 3e705c15-d3f8-4826-81d5-f9904e263a70 | ITER: 23 END: OK
2019-07-26 09:25:18.473 22856 INFO rally.task.runner [-] Task 3e705c15-d3f8-4826-81d5-f9904e263a70 | ITER: 39 START
2019-07-26 09:25:18.510 22861 INFO rally.task.runner [-] Task 3e705c15-d3f8-4826-81d5-f9904e263a70 | ITER: 17 END: OK
2019-07-26 09:25:18.513 22861 INFO rally.task.runner [-] Task 3e705c15-d3f8-4826-81d5-f9904e263a70 | ITER: 40 START
2019-07-26 09:25:18.573 22853 INFO rally.task.runner [-] Task 3e705c15-d3f8-4826-81d5-f9904e263a70 | ITER: 18 END: OK
2019-07-26 09:25:18.576 22853 INFO rally.task.runner [-] Task 3e705c15-d3f8-4826-81d5-f9904e263a70 | ITER: 41 START
2019-07-26 09:25:19.094 22834 INFO rally.task.runner [-] Task 3e705c15-d3f8-4826-81d5-f9904e263a70 | ITER: 28 END: OK
2019-07-26 09:25:19.097 22834 INFO rally.task.runner [-] Task 3e705c15-d3f8-4826-81d5-f9904e263a70 | ITER: 42 START
2019-07-26 09:25:19.161 22832 INFO rally.task.runner [-] Task 3e705c15-d3f8-4826-81d5-f9904e263a70 | ITER: 22 END: OK
2019-07-26 09:25:19.164 22832 INFO rally.task.runner [-] Task 3e705c15-d3f8-4826-81d5-f9904e263a70 | ITER: 43 START
2019-07-26 09:25:19.403 22831 INFO rally.task.runner [-] Task 3e705c15-d3f8-4826-81d5-f9904e263a70 | ITER: 24 END: OK
2019-07-26 09:25:19.404 22857 INFO rally.task.runner [-] Task 3e705c15-d3f8-4826-81d5-f9904e263a70 | ITER: 25 END: OK
2019-07-26 09:25:19.406 22831 INFO rally.task.runner [-] Task 3e705c15-d3f8-4826-81d5-f9904e263a70 | ITER: 44 START
2019-07-26 09:25:19.406 22857 INFO rally.task.runner [-] Task 3e705c15-d3f8-4826-81d5-f9904e263a70 | ITER: 45 START
2019-07-26 09:25:19.670 22829 INFO rally.task.runner [-] Task 3e705c15-d3f8-4826-81d5-f9904e263a70 | ITER: 21 END: OK
2019-07-26 09:25:19.672 22829 INFO rally.task.runner [-] Task 3e705c15-d3f8-4826-81d5-f9904e263a70 | ITER: 46 START
2019-07-26 09:25:19.946 22830 INFO rally.task.runner [-] Task 3e705c15-d3f8-4826-81d5-f9904e263a70 | ITER: 26 END: OK
2019-07-26 09:25:19.949 22830 INFO rally.task.runner [-] Task 3e705c15-d3f8-4826-81d5-f9904e263a70 | ITER: 47 START
2019-07-26 09:25:20.152 22848 INFO rally.task.runner [-] Task 3e705c15-d3f8-4826-81d5-f9904e263a70 | ITER: 30 END: OK
2019-07-26 09:25:20.154 22829 INFO rally.task.runner [-] Task 3e705c15-d3f8-4826-81d5-f9904e263a70 | ITER: 31 END: OK
2019-07-26 09:25:20.155 22848 INFO rally.task.runner [-] Task 3e705c15-d3f8-4826-81d5-f9904e263a70 | ITER: 48 START
2019-07-26 09:25:20.156 22854 INFO rally.task.runner [-] Task 3e705c15-d3f8-4826-81d5-f9904e263a70 | ITER: 35 END: OK
2019-07-26 09:25:20.156 22830 INFO rally.task.runner [-] Task 3e705c15-d3f8-4826-81d5-f9904e263a70 | ITER: 27 END: OK
2019-07-26 09:25:20.158 22829 INFO rally.task.runner [-] Task 3e705c15-d3f8-4826-81d5-f9904e263a70 | ITER: 49 START
2019-07-26 09:25:20.159 22830 INFO rally.task.runner [-] Task 3e705c15-d3f8-4826-81d5-f9904e263a70 | ITER: 51 START
2019-07-26 09:25:20.159 22854 INFO rally.task.runner [-] Task 3e705c15-d3f8-4826-81d5-f9904e263a70 | ITER: 50 START
2019-07-26 09:25:20.161 22832 INFO rally.task.runner [-] Task 3e705c15-d3f8-4826-81d5-f9904e263a70 | ITER: 34 END: OK
2019-07-26 09:25:20.164 22832 INFO rally.task.runner [-] Task 3e705c15-d3f8-4826-81d5-f9904e263a70 | ITER: 52 START
2019-07-26 09:25:20.588 22837 INFO rally.task.runner [-] Task 3e705c15-d3f8-4826-81d5-f9904e263a70 | ITER: 29 END: OK
2019-07-26 09:25:20.591 22837 INFO rally.task.runner [-] Task 3e705c15-d3f8-4826-81d5-f9904e263a70 | ITER: 53 START
2019-07-26 09:25:20.840 22861 INFO rally.task.runner [-] Task 3e705c15-d3f8-4826-81d5-f9904e263a70 | ITER: 40 END: OK
2019-07-26 09:25:20.844 22861 INFO rally.task.runner [-] Task 3e705c15-d3f8-4826-81d5-f9904e263a70 | ITER: 54 START
2019-07-26 09:25:20.890 22856 INFO rally.task.runner [-] Task 3e705c15-d3f8-4826-81d5-f9904e263a70 | ITER: 39 END: OK
2019-07-26 09:25:20.893 22856 INFO rally.task.runner [-] Task 3e705c15-d3f8-4826-81d5-f9904e263a70 | ITER: 55 START
2019-07-26 09:25:20.938 22831 INFO rally.task.runner [-] Task 3e705c15-d3f8-4826-81d5-f9904e263a70 | ITER: 33 END: OK
2019-07-26 09:25:20.940 22831 INFO rally.task.runner [-] Task 3e705c15-d3f8-4826-81d5-f9904e263a70 | ITER: 56 START
2019-07-26 09:25:20.988 22846 INFO rally.task.runner [-] Task 3e705c15-d3f8-4826-81d5-f9904e263a70 | ITER: 32 END: OK
2019-07-26 09:25:20.991 22846 INFO rally.task.runner [-] Task 3e705c15-d3f8-4826-81d5-f9904e263a70 | ITER: 57 START
2019-07-26 09:25:20.999 22832 INFO rally.task.runner [-] Task 3e705c15-d3f8-4826-81d5-f9904e263a70 | ITER: 43 END: OK
2019-07-26 09:25:21.001 22832 INFO rally.task.runner [-] Task 3e705c15-d3f8-4826-81d5-f9904e263a70 | ITER: 58 START
2019-07-26 09:25:21.280 22831 INFO rally.task.runner [-] Task 3e705c15-d3f8-4826-81d5-f9904e263a70 | ITER: 44 END: OK
2019-07-26 09:25:21.284 22831 INFO rally.task.runner [-] Task 3e705c15-d3f8-4826-81d5-f9904e263a70 | ITER: 59 START
2019-07-26 09:25:21.503 22857 INFO rally.task.runner [-] Task 3e705c15-d3f8-4826-81d5-f9904e263a70 | ITER: 45 END: OK
2019-07-26 09:25:21.506 22857 INFO rally.task.runner [-] Task 3e705c15-d3f8-4826-81d5-f9904e263a70 | ITER: 60 START
2019-07-26 09:25:21.512 22829 INFO rally.task.runner [-] Task 3e705c15-d3f8-4826-81d5-f9904e263a70 | ITER: 46 END: OK
2019-07-26 09:25:21.515 22829 INFO rally.task.runner [-] Task 3e705c15-d3f8-4826-81d5-f9904e263a70 | ITER: 61 START
2019-07-26 09:25:21.723 22834 INFO rally.task.runner [-] Task 3e705c15-d3f8-4826-81d5-f9904e263a70 | ITER: 42 END: OK
2019-07-26 09:25:21.727 22834 INFO rally.task.runner [-] Task 3e705c15-d3f8-4826-81d5-f9904e263a70 | ITER: 62 START
2019-07-26 09:25:21.763 22865 INFO rally.task.runner [-] Task 3e705c15-d3f8-4826-81d5-f9904e263a70 | ITER: 38 END: OK
2019-07-26 09:25:21.765 22865 INFO rally.task.runner [-] Task 3e705c15-d3f8-4826-81d5-f9904e263a70 | ITER: 63 START
2019-07-26 09:25:21.782 22841 INFO rally.task.runner [-] Task 3e705c15-d3f8-4826-81d5-f9904e263a70 | ITER: 36 END: OK
2019-07-26 09:25:21.785 22841 INFO rally.task.runner [-] Task 3e705c15-d3f8-4826-81d5-f9904e263a70 | ITER: 64 START
2019-07-26 09:25:21.833 22867 INFO rally.task.runner [-] Task 3e705c15-d3f8-4826-81d5-f9904e263a70 | ITER: 37 END: OK
2019-07-26 09:25:21.837 22867 INFO rally.task.runner [-] Task 3e705c15-d3f8-4826-81d5-f9904e263a70 | ITER: 65 START
2019-07-26 09:25:22.044 22830 INFO rally.task.runner [-] Task 3e705c15-d3f8-4826-81d5-f9904e263a70 | ITER: 51 END: OK
2019-07-26 09:25:22.047 22830 INFO rally.task.runner [-] Task 3e705c15-d3f8-4826-81d5-f9904e263a70 | ITER: 66 START
2019-07-26 09:25:22.103 22829 INFO rally.task.runner [-] Task 3e705c15-d3f8-4826-81d5-f9904e263a70 | ITER: 49 END: OK
2019-07-26 09:25:22.106 22829 INFO rally.task.runner [-] Task 3e705c15-d3f8-4826-81d5-f9904e263a70 | ITER: 67 START
2019-07-26 09:25:22.161 22853 INFO rally.task.runner [-] Task 3e705c15-d3f8-4826-81d5-f9904e263a70 | ITER: 41 END: OK
2019-07-26 09:25:22.164 22853 INFO rally.task.runner [-] Task 3e705c15-d3f8-4826-81d5-f9904e263a70 | ITER: 68 START
2019-07-26 09:25:22.275 22854 INFO rally.task.runner [-] Task 3e705c15-d3f8-4826-81d5-f9904e263a70 | ITER: 50 END: OK
2019-07-26 09:25:22.277 22854 INFO rally.task.runner [-] Task 3e705c15-d3f8-4826-81d5-f9904e263a70 | ITER: 69 START
2019-07-26 09:25:22.447 22830 INFO rally.task.runner [-] Task 3e705c15-d3f8-4826-81d5-f9904e263a70 | ITER: 47 END: OK
2019-07-26 09:25:22.449 22830 INFO rally.task.runner [-] Task 3e705c15-d3f8-4826-81d5-f9904e263a70 | ITER: 70 START
2019-07-26 09:25:22.528 22837 INFO rally.task.runner [-] Task 3e705c15-d3f8-4826-81d5-f9904e263a70 | ITER: 53 END: OK
2019-07-26 09:25:22.531 22837 INFO rally.task.runner [-] Task 3e705c15-d3f8-4826-81d5-f9904e263a70 | ITER: 71 START
2019-07-26 09:25:22.638 22861 INFO rally.task.runner [-] Task 3e705c15-d3f8-4826-81d5-f9904e263a70 | ITER: 54 END: OK
2019-07-26 09:25:22.641 22861 INFO rally.task.runner [-] Task 3e705c15-d3f8-4826-81d5-f9904e263a70 | ITER: 72 START
2019-07-26 09:25:22.673 22832 INFO rally.task.runner [-] Task 3e705c15-d3f8-4826-81d5-f9904e263a70 | ITER: 52 END: OK
2019-07-26 09:25:22.676 22832 INFO rally.task.runner [-] Task 3e705c15-d3f8-4826-81d5-f9904e263a70 | ITER: 73 START
2019-07-26 09:25:23.329 22832 INFO rally.task.runner [-] Task 3e705c15-d3f8-4826-81d5-f9904e263a70 | ITER: 58 END: OK
2019-07-26 09:25:23.332 22832 INFO rally.task.runner [-] Task 3e705c15-d3f8-4826-81d5-f9904e263a70 | ITER: 74 START
2019-07-26 09:25:23.414 22831 INFO rally.task.runner [-] Task 3e705c15-d3f8-4826-81d5-f9904e263a70 | ITER: 56 END: OK
2019-07-26 09:25:23.416 22831 INFO rally.task.runner [-] Task 3e705c15-d3f8-4826-81d5-f9904e263a70 | ITER: 75 START
2019-07-26 09:25:23.500 22848 INFO rally.task.runner [-] Task 3e705c15-d3f8-4826-81d5-f9904e263a70 | ITER: 48 END: OK
2019-07-26 09:25:23.503 22848 INFO rally.task.runner [-] Task 3e705c15-d3f8-4826-81d5-f9904e263a70 | ITER: 76 START
2019-07-26 09:25:23.700 22831 INFO rally.task.runner [-] Task 3e705c15-d3f8-4826-81d5-f9904e263a70 | ITER: 59 END: OK
2019-07-26 09:25:23.703 22831 INFO rally.task.runner [-] Task 3e705c15-d3f8-4826-81d5-f9904e263a70 | ITER: 77 START
2019-07-26 09:25:23.709 22856 INFO rally.task.runner [-] Task 3e705c15-d3f8-4826-81d5-f9904e263a70 | ITER: 55 END: OK
2019-07-26 09:25:23.712 22857 INFO rally.task.runner [-] Task 3e705c15-d3f8-4826-81d5-f9904e263a70 | ITER: 60 END: OK
2019-07-26 09:25:23.712 22856 INFO rally.task.runner [-] Task 3e705c15-d3f8-4826-81d5-f9904e263a70 | ITER: 78 START
2019-07-26 09:25:23.714 22857 INFO rally.task.runner [-] Task 3e705c15-d3f8-4826-81d5-f9904e263a70 | ITER: 79 START
2019-07-26 09:25:23.739 22834 INFO rally.task.runner [-] Task 3e705c15-d3f8-4826-81d5-f9904e263a70 | ITER: 62 END: OK
2019-07-26 09:25:23.743 22834 INFO rally.task.runner [-] Task 3e705c15-d3f8-4826-81d5-f9904e263a70 | ITER: 80 START
2019-07-26 09:25:23.766 22829 INFO rally.task.runner [-] Task 3e705c15-d3f8-4826-81d5-f9904e263a70 | ITER: 61 END: OK
2019-07-26 09:25:23.768 22829 INFO rally.task.runner [-] Task 3e705c15-d3f8-4826-81d5-f9904e263a70 | ITER: 81 START
2019-07-26 09:25:23.829 22867 INFO rally.task.runner [-] Task 3e705c15-d3f8-4826-81d5-f9904e263a70 | ITER: 65 END: OK
2019-07-26 09:25:23.832 22867 INFO rally.task.runner [-] Task 3e705c15-d3f8-4826-81d5-f9904e263a70 | ITER: 82 START
2019-07-26 09:25:23.981 22846 INFO rally.task.runner [-] Task 3e705c15-d3f8-4826-81d5-f9904e263a70 | ITER: 57 END: OK
2019-07-26 09:25:23.985 22846 INFO rally.task.runner [-] Task 3e705c15-d3f8-4826-81d5-f9904e263a70 | ITER: 83 START
2019-07-26 09:25:24.139 22865 INFO rally.task.runner [-] Task 3e705c15-d3f8-4826-81d5-f9904e263a70 | ITER: 63 END: OK
2019-07-26 09:25:24.142 22865 INFO rally.task.runner [-] Task 3e705c15-d3f8-4826-81d5-f9904e263a70 | ITER: 84 START
2019-07-26 09:25:24.475 22837 INFO rally.task.runner [-] Task 3e705c15-d3f8-4826-81d5-f9904e263a70 | ITER: 71 END: OK
2019-07-26 09:25:24.477 22837 INFO rally.task.runner [-] Task 3e705c15-d3f8-4826-81d5-f9904e263a70 | ITER: 85 START
2019-07-26 09:25:24.624 22829 INFO rally.task.runner [-] Task 3e705c15-d3f8-4826-81d5-f9904e263a70 | ITER: 67 END: OK
2019-07-26 09:25:24.627 22829 INFO rally.task.runner [-] Task 3e705c15-d3f8-4826-81d5-f9904e263a70 | ITER: 86 START
2019-07-26 09:25:24.865 22830 INFO rally.task.runner [-] Task 3e705c15-d3f8-4826-81d5-f9904e263a70 | ITER: 66 END: OK
2019-07-26 09:25:24.868 22830 INFO rally.task.runner [-] Task 3e705c15-d3f8-4826-81d5-f9904e263a70 | ITER: 87 START
2019-07-26 09:25:24.958 22832 INFO rally.task.runner [-] Task 3e705c15-d3f8-4826-81d5-f9904e263a70 | ITER: 73 END: OK
2019-07-26 09:25:24.960 22832 INFO rally.task.runner [-] Task 3e705c15-d3f8-4826-81d5-f9904e263a70 | ITER: 88 START
2019-07-26 09:25:25.049 22841 INFO rally.task.runner [-] Task 3e705c15-d3f8-4826-81d5-f9904e263a70 | ITER: 64 END: OK
2019-07-26 09:25:25.051 22841 INFO rally.task.runner [-] Task 3e705c15-d3f8-4826-81d5-f9904e263a70 | ITER: 89 START
2019-07-26 09:25:25.332 22853 INFO rally.task.runner [-] Task 3e705c15-d3f8-4826-81d5-f9904e263a70 | ITER: 68 END: OK
2019-07-26 09:25:25.336 22853 INFO rally.task.runner [-] Task 3e705c15-d3f8-4826-81d5-f9904e263a70 | ITER: 90 START
2019-07-26 09:25:25.506 22830 INFO rally.task.runner [-] Task 3e705c15-d3f8-4826-81d5-f9904e263a70 | ITER: 70 END: OK
2019-07-26 09:25:25.509 22830 INFO rally.task.runner [-] Task 3e705c15-d3f8-4826-81d5-f9904e263a70 | ITER: 91 START
2019-07-26 09:25:25.543 22854 INFO rally.task.runner [-] Task 3e705c15-d3f8-4826-81d5-f9904e263a70 | ITER: 69 END: OK
2019-07-26 09:25:25.546 22854 INFO rally.task.runner [-] Task 3e705c15-d3f8-4826-81d5-f9904e263a70 | ITER: 92 START
2019-07-26 09:25:25.599 22831 INFO rally.task.runner [-] Task 3e705c15-d3f8-4826-81d5-f9904e263a70 | ITER: 75 END: OK
2019-07-26 09:25:25.602 22831 INFO rally.task.runner [-] Task 3e705c15-d3f8-4826-81d5-f9904e263a70 | ITER: 93 START
2019-07-26 09:25:25.805 22832 INFO rally.task.runner [-] Task 3e705c15-d3f8-4826-81d5-f9904e263a70 | ITER: 74 END: OK
2019-07-26 09:25:25.808 22832 INFO rally.task.runner [-] Task 3e705c15-d3f8-4826-81d5-f9904e263a70 | ITER: 94 START
2019-07-26 09:25:25.819 22861 INFO rally.task.runner [-] Task 3e705c15-d3f8-4826-81d5-f9904e263a70 | ITER: 72 END: OK
2019-07-26 09:25:25.820 22848 INFO rally.task.runner [-] Task 3e705c15-d3f8-4826-81d5-f9904e263a70 | ITER: 76 END: OK
2019-07-26 09:25:25.821 22861 INFO rally.task.runner [-] Task 3e705c15-d3f8-4826-81d5-f9904e263a70 | ITER: 95 START
2019-07-26 09:25:25.824 22848 INFO rally.task.runner [-] Task 3e705c15-d3f8-4826-81d5-f9904e263a70 | ITER: 96 START
2019-07-26 09:25:26.233 22834 INFO rally.task.runner [-] Task 3e705c15-d3f8-4826-81d5-f9904e263a70 | ITER: 80 END: OK
2019-07-26 09:25:26.236 22834 INFO rally.task.runner [-] Task 3e705c15-d3f8-4826-81d5-f9904e263a70 | ITER: 97 START
2019-07-26 09:25:26.399 22829 INFO rally.task.runner [-] Task 3e705c15-d3f8-4826-81d5-f9904e263a70 | ITER: 81 END: OK
2019-07-26 09:25:26.400 22867 INFO rally.task.runner [-] Task 3e705c15-d3f8-4826-81d5-f9904e263a70 | ITER: 82 END: OK
2019-07-26 09:25:26.402 22829 INFO rally.task.runner [-] Task 3e705c15-d3f8-4826-81d5-f9904e263a70 | ITER: 98 START
2019-07-26 09:25:26.403 22867 INFO rally.task.runner [-] Task 3e705c15-d3f8-4826-81d5-f9904e263a70 | ITER: 99 START
2019-07-26 09:25:26.405 22831 INFO rally.task.runner [-] Task 3e705c15-d3f8-4826-81d5-f9904e263a70 | ITER: 77 END: OK
2019-07-26 09:25:26.407 22831 INFO rally.task.runner [-] Task 3e705c15-d3f8-4826-81d5-f9904e263a70 | ITER: 100 START
2019-07-26 09:25:26.552 22846 INFO rally.task.runner [-] Task 3e705c15-d3f8-4826-81d5-f9904e263a70 | ITER: 83 END: OK
2019-07-26 09:25:26.605 22856 INFO rally.task.runner [-] Task 3e705c15-d3f8-4826-81d5-f9904e263a70 | ITER: 78 END: OK
2019-07-26 09:25:26.780 22857 INFO rally.task.runner [-] Task 3e705c15-d3f8-4826-81d5-f9904e263a70 | ITER: 79 END: OK
2019-07-26 09:25:27.061 22829 INFO rally.task.runner [-] Task 3e705c15-d3f8-4826-81d5-f9904e263a70 | ITER: 86 END: OK
2019-07-26 09:25:27.220 22865 INFO rally.task.runner [-] Task 3e705c15-d3f8-4826-81d5-f9904e263a70 | ITER: 84 END: OK
2019-07-26 09:25:27.455 22854 INFO rally.task.runner [-] Task 3e705c15-d3f8-4826-81d5-f9904e263a70 | ITER: 92 END: OK
2019-07-26 09:25:27.557 22830 INFO rally.task.runner [-] Task 3e705c15-d3f8-4826-81d5-f9904e263a70 | ITER: 91 END: OK
2019-07-26 09:25:27.725 22837 INFO rally.task.runner [-] Task 3e705c15-d3f8-4826-81d5-f9904e263a70 | ITER: 85 END: OK
2019-07-26 09:25:27.757 22841 INFO rally.task.runner [-] Task 3e705c15-d3f8-4826-81d5-f9904e263a70 | ITER: 89 END: OK
2019-07-26 09:25:27.885 22830 INFO rally.task.runner [-] Task 3e705c15-d3f8-4826-81d5-f9904e263a70 | ITER: 87 END: OK
2019-07-26 09:25:28.059 22853 INFO rally.task.runner [-] Task 3e705c15-d3f8-4826-81d5-f9904e263a70 | ITER: 90 END: OK
2019-07-26 09:25:28.080 22829 INFO rally.task.runner [-] Task 3e705c15-d3f8-4826-81d5-f9904e263a70 | ITER: 98 END: OK
2019-07-26 09:25:28.103 22832 INFO rally.task.runner [-] Task 3e705c15-d3f8-4826-81d5-f9904e263a70 | ITER: 88 END: OK
2019-07-26 09:25:28.156 22861 INFO rally.task.runner [-] Task 3e705c15-d3f8-4826-81d5-f9904e263a70 | ITER: 95 END: OK
2019-07-26 09:25:28.226 22848 INFO rally.task.runner [-] Task 3e705c15-d3f8-4826-81d5-f9904e263a70 | ITER: 96 END: OK
2019-07-26 09:25:28.251 22832 INFO rally.task.runner [-] Task 3e705c15-d3f8-4826-81d5-f9904e263a70 | ITER: 94 END: OK
2019-07-26 09:25:28.608 22831 INFO rally.task.runner [-] Task 3e705c15-d3f8-4826-81d5-f9904e263a70 | ITER: 100 END: OK
2019-07-26 09:25:28.622 22867 INFO rally.task.runner [-] Task 3e705c15-d3f8-4826-81d5-f9904e263a70 | ITER: 99 END: OK
2019-07-26 09:25:28.649 22834 INFO rally.task.runner [-] Task 3e705c15-d3f8-4826-81d5-f9904e263a70 | ITER: 97 END: OK
2019-07-26 09:25:28.699 22831 INFO rally.task.runner [-] Task 3e705c15-d3f8-4826-81d5-f9904e263a70 | ITER: 93 END: OK
2019-07-26 09:25:28.718 22705 INFO rally.task.context [-] Task 3e705c15-d3f8-4826-81d5-f9904e263a70 | Context cleanup@openstack cleanup() started
2019-07-26 09:25:28.720 22705 RALLYDEBUG rally_openstack.cleanup.manager [-] Cleaning up neutron vip objects
2019-07-26 09:25:29.453 22705 RALLYDEBUG rally_openstack.cleanup.manager [-] Cleaning up neutron health_monitor objects
2019-07-26 09:25:30.117 22705 RALLYDEBUG rally_openstack.cleanup.manager [-] Cleaning up neutron pool objects
2019-07-26 09:25:30.761 22705 RALLYDEBUG rally_openstack.cleanup.manager [-] Cleaning up neutron loadbalancer objects
2019-07-26 09:25:31.470 22705 RALLYDEBUG rally_openstack.cleanup.manager [-] Cleaning up neutron floatingip objects
2019-07-26 09:25:32.137 22705 RALLYDEBUG rally_openstack.cleanup.manager [-] Cleaning up neutron port objects
2019-07-26 09:25:32.797 22705 RALLYDEBUG rally_openstack.cleanup.manager [-] Cleaning up neutron subnet objects
2019-07-26 09:25:33.521 22705 RALLYDEBUG rally_openstack.cleanup.manager [-] Cleaning up neutron network objects
2019-07-26 09:25:34.470 22705 RALLYDEBUG rally_openstack.cleanup.manager [-] Deleting neutron.network object s_rally_27c78904_59fmeyfD (0812c765-548d-4257-9a5b-0f691ae70d54)
2019-07-26 09:25:34.471 22705 RALLYDEBUG rally_openstack.cleanup.manager [-] Deleting neutron.network object s_rally_27c78904_pw8uqgYb (0e8a5b39-ee32-4fb3-8f68-af96da6977ac)
2019-07-26 09:25:34.474 22705 RALLYDEBUG rally_openstack.cleanup.manager [-] Deleting neutron.network object s_rally_27c78904_TRqcBxUD (10102787-0202-4a19-a757-c77de4018ebc)
2019-07-26 09:25:34.476 22705 RALLYDEBUG rally_openstack.cleanup.manager [-] Deleting neutron.network object s_rally_27c78904_ye0uu8Cw (00041c55-3801-40cb-8d9e-169e0f56352d)
2019-07-26 09:25:34.482 22705 RALLYDEBUG rally_openstack.cleanup.manager [-] Deleting neutron.network object s_rally_27c78904_E7f9QXv1 (18281a0c-9ec3-4a88-b9fc-17f4a8422a45)
2019-07-26 09:25:34.483 22705 RALLYDEBUG rally_openstack.cleanup.manager [-] Deleting neutron.network object s_rally_27c78904_Y9GKnA6e (1854e49a-985b-4df6-a2b2-ee5b30f11631)
2019-07-26 09:25:34.492 22705 RALLYDEBUG rally_openstack.cleanup.manager [-] Deleting neutron.network object s_rally_27c78904_ZKWiqKh8 (0081f545-c74a-49b7-88c7-545b665da842)
2019-07-26 09:25:34.500 22705 RALLYDEBUG rally_openstack.cleanup.manager [-] Deleting neutron.network object s_rally_27c78904_YV3SsA4L (1bf2adab-61e6-45c5-a171-122e906c2ce0)
2019-07-26 09:25:34.500 22705 RALLYDEBUG rally_openstack.cleanup.manager [-] Deleting neutron.network object s_rally_27c78904_j4HezWz4 (023eacef-e059-4d21-86a4-fc14bdd6e5f1)
2019-07-26 09:25:34.512 22705 RALLYDEBUG rally_openstack.cleanup.manager [-] Deleting neutron.network object s_rally_27c78904_39lPq3pk (1eabba68-43cf-4312-a5a5-463cf91e17b5)
2019-07-26 09:25:34.520 22705 RALLYDEBUG rally_openstack.cleanup.manager [-] Deleting neutron.network object s_rally_27c78904_2vCCbXsx (1f9beebd-be0d-4272-91e9-c7d36d703b14)
2019-07-26 09:25:34.528 22705 RALLYDEBUG rally_openstack.cleanup.manager [-] Deleting neutron.network object s_rally_27c78904_j0EDTyY4 (2040806b-2dcd-4958-b133-316302764992)
2019-07-26 09:25:34.534 22705 RALLYDEBUG rally_openstack.cleanup.manager [-] Deleting neutron.network object s_rally_27c78904_pmsJziSB (274c0f72-98c0-4c2b-8344-f1990b9a99c1)
2019-07-26 09:25:34.544 22705 RALLYDEBUG rally_openstack.cleanup.manager [-] Deleting neutron.network object s_rally_27c78904_Jfuqeg7V (275948c4-699c-437c-80f4-fded561403c4)
2019-07-26 09:25:34.556 22705 RALLYDEBUG rally_openstack.cleanup.manager [-] Deleting neutron.network object s_rally_27c78904_7UwK22ZD (2a793615-1c4a-4ef9-a4ae-86cb003b7555)
2019-07-26 09:25:34.570 22705 RALLYDEBUG rally_openstack.cleanup.manager [-] Deleting neutron.network object s_rally_27c78904_m2r4XcZT (2b9a2a3f-b885-449a-ab07-00a6add720fb)
2019-07-26 09:25:34.580 22705 RALLYDEBUG rally_openstack.cleanup.manager [-] Deleting neutron.network object s_rally_27c78904_Hl3EDf7F (2d5e6665-d1c5-4bec-82e2-93c2d8736e94)
2019-07-26 09:25:34.603 22705 RALLYDEBUG rally_openstack.cleanup.manager [-] Deleting neutron.network object s_rally_27c78904_F7EjQlN0 (2f7a8841-e9e8-4793-8395-f7d612b372ac)
2019-07-26 09:25:34.641 22705 RALLYDEBUG rally_openstack.cleanup.manager [-] Deleting neutron.network object s_rally_27c78904_V4RDVBDV (39bdbad6-772c-4459-8e08-758ea7d43734)
2019-07-26 09:25:34.651 22705 RALLYDEBUG rally_openstack.cleanup.manager [-] Deleting neutron.network object s_rally_27c78904_6CRd3fQ4 (34edadf1-12b8-4740-af95-a5c15f8cb6ef)
2019-07-26 09:25:37.660 22705 RALLYDEBUG rally_openstack.cleanup.manager [-] Deleting neutron.network object s_rally_27c78904_D04Sxqhd (3b2603f7-21e4-44ce-aa3f-436111e777ee)
2019-07-26 09:25:37.899 22705 RALLYDEBUG rally_openstack.cleanup.manager [-] Deleting neutron.network object s_rally_27c78904_dwHMMVkG (3b41bf3e-de06-4d49-bd1a-5526c0059b89)
2019-07-26 09:25:38.043 22705 RALLYDEBUG rally_openstack.cleanup.manager [-] Deleting neutron.network object s_rally_27c78904_NJA3Xju6 (3d31bb9d-65ea-4a6e-aeca-a8c27bb11ff9)
2019-07-26 09:25:38.167 22705 RALLYDEBUG rally_openstack.cleanup.manager [-] Deleting neutron.network object s_rally_27c78904_UTheFPhX (3f59047e-dd12-4857-8037-db1c47aa1527)
2019-07-26 09:25:38.595 22705 RALLYDEBUG rally_openstack.cleanup.manager [-] Deleting neutron.network object s_rally_27c78904_Pg2YqSfV (4777cc40-7404-4523-8c17-a584f0b51e6e)
2019-07-26 09:25:38.695 22705 RALLYDEBUG rally_openstack.cleanup.manager [-] Deleting neutron.network object s_rally_27c78904_big3e1qv (4844c369-ddb3-4e8d-9818-cad421d1b523)
2019-07-26 09:25:38.726 22705 RALLYDEBUG rally_openstack.cleanup.manager [-] Deleting neutron.network object s_rally_27c78904_wBREHbbc (48f21d1d-c441-4a8e-8a91-b43453ac05a9)
2019-07-26 09:25:38.983 22705 RALLYDEBUG rally_openstack.cleanup.manager [-] Deleting neutron.network object s_rally_27c78904_DJd2ftzo (49564eb0-b231-4fe7-84a3-58f1d8d2b9bb)
2019-07-26 09:25:38.987 22705 RALLYDEBUG rally_openstack.cleanup.manager [-] Deleting neutron.network object s_rally_27c78904_m1DXPYDY (4a048ed0-b7b8-4ff0-98f7-2a5d642c81d3)
2019-07-26 09:25:39.257 22705 RALLYDEBUG rally_openstack.cleanup.manager [-] Deleting neutron.network object s_rally_27c78904_MvTI9h54 (4c42f6f6-c46c-4852-83d6-9d2b1cc8f342)
2019-07-26 09:25:39.271 22705 RALLYDEBUG rally_openstack.cleanup.manager [-] Deleting neutron.network object s_rally_27c78904_cIRgJGyW (4fee8887-51a7-4756-91ae-b1f2d8c5cb40)
2019-07-26 09:25:40.348 22705 RALLYDEBUG rally_openstack.cleanup.manager [-] Deleting neutron.network object s_rally_27c78904_mbdwXwhb (502ad63a-c7f7-44a9-9b49-54a71185a91c)
2019-07-26 09:25:40.533 22705 RALLYDEBUG rally_openstack.cleanup.manager [-] Deleting neutron.network object s_rally_27c78904_egUtLOi9 (51367fc3-7143-46ae-bc8e-465ba0a6343c)
2019-07-26 09:25:40.752 22705 RALLYDEBUG rally_openstack.cleanup.manager [-] Deleting neutron.network object s_rally_27c78904_TmQAw1Kh (538fed7e-a798-49c1-af21-9518fcd9455c)
2019-07-26 09:25:40.828 22705 RALLYDEBUG rally_openstack.cleanup.manager [-] Deleting neutron.network object s_rally_27c78904_a6gT2Drc (54475ffc-07cc-418c-8cf0-9a8b3d065d37)
2019-07-26 09:25:40.965 22705 RALLYDEBUG rally_openstack.cleanup.manager [-] Deleting neutron.network object s_rally_27c78904_2lOpmY8d (5672e104-1bdb-4526-914f-39d0f3e4ce69)
2019-07-26 09:25:41.143 22705 RALLYDEBUG rally_openstack.cleanup.manager [-] Deleting neutron.network object s_rally_27c78904_36CHBCyh (5732c7e7-15c5-40ac-94d6-d8713ac2afcf)
2019-07-26 09:25:41.145 22705 RALLYDEBUG rally_openstack.cleanup.manager [-] Deleting neutron.network object s_rally_27c78904_MFENKfiS (567638ea-a632-4ac5-8853-04e753912f5c)
2019-07-26 09:25:41.156 22705 RALLYDEBUG rally_openstack.cleanup.manager [-] Deleting neutron.network object s_rally_27c78904_fI91ImCf (5a1c28d7-6e74-4224-8467-e021fe98aaab)
2019-07-26 09:25:41.209 22705 RALLYDEBUG rally_openstack.cleanup.manager [-] Deleting neutron.network object s_rally_27c78904_q5zygogh (6e4b1099-c7f2-4ab5-b967-3001117cd6c0)
2019-07-26 09:25:41.209 22705 RALLYDEBUG rally_openstack.cleanup.manager [-] Deleting neutron.network object s_rally_27c78904_v9qnMHcQ (662c0ba4-1d7f-4c44-8d96-b743632376fd)
2019-07-26 09:25:41.245 22705 RALLYDEBUG rally_openstack.cleanup.manager [-] Deleting neutron.network object s_rally_27c78904_wBXMa8YL (71d9efd0-8e99-40aa-8195-357ec1b9eacc)
2019-07-26 09:25:41.252 22705 RALLYDEBUG rally_openstack.cleanup.manager [-] Deleting neutron.network object s_rally_27c78904_2QuJzEh4 (774dfc25-9b49-46e6-9504-4e2dc7da3039)
2019-07-26 09:25:41.252 22705 RALLYDEBUG rally_openstack.cleanup.manager [-] Deleting neutron.network object s_rally_27c78904_SaKhcxai (720febcc-f0b4-48f3-b537-67126fd98c97)
2019-07-26 09:25:41.281 22705 RALLYDEBUG rally_openstack.cleanup.manager [-] Deleting neutron.network object s_rally_27c78904_k8YRVKSZ (79a12376-8d1f-4c3e-988d-60c0d7f1ac03)
2019-07-26 09:25:41.571 22705 RALLYDEBUG rally_openstack.cleanup.manager [-] Deleting neutron.network object s_rally_27c78904_nhTrvqQH (7def540a-c4a8-4aae-b30c-2563ab5df515)
2019-07-26 09:25:41.770 22705 RALLYDEBUG rally_openstack.cleanup.manager [-] Deleting neutron.network object s_rally_27c78904_k3iYfdY4 (82c4dbc9-cea5-42e9-a2a6-b15b1912c379)
2019-07-26 09:25:41.885 22705 RALLYDEBUG rally_openstack.cleanup.manager [-] Deleting neutron.network object s_rally_27c78904_woEJBsce (82ccd682-1245-4e86-8316-7c136d495aca)
2019-07-26 09:25:41.961 22705 RALLYDEBUG rally_openstack.cleanup.manager [-] Deleting neutron.network object s_rally_27c78904_iYtW6Xpx (82e407d3-c1d1-4dd5-9010-ceef3cbe89fb)
2019-07-26 09:25:42.170 22705 RALLYDEBUG rally_openstack.cleanup.manager [-] Deleting neutron.network object s_rally_27c78904_IsusrA58 (84e2ba5c-133d-49bd-8eb4-98d244756c4c)
2019-07-26 09:25:42.365 22705 RALLYDEBUG rally_openstack.cleanup.manager [-] Deleting neutron.network object s_rally_27c78904_a9Q0CVjR (860cc2cc-f334-495c-81cd-aab43d575af2)
2019-07-26 09:25:42.915 22705 RALLYDEBUG rally_openstack.cleanup.manager [-] Deleting neutron.network object s_rally_27c78904_fElp3hsv (8612b2e7-d327-4d8a-bb2e-1f83dc5ea084)
2019-07-26 09:25:43.178 22705 RALLYDEBUG rally_openstack.cleanup.manager [-] Deleting neutron.network object s_rally_27c78904_j7h5JrNw (862c2a29-dacf-4583-9526-3790cba8d0f1)
2019-07-26 09:25:43.798 22705 RALLYDEBUG rally_openstack.cleanup.manager [-] Deleting neutron.network object s_rally_27c78904_UFOaJXTx (86db236d-9ea9-4c79-b834-b7e48351143d)
2019-07-26 09:25:44.274 22705 RALLYDEBUG rally_openstack.cleanup.manager [-] Deleting neutron.network object s_rally_27c78904_xiVqJu9e (89016575-9e26-4647-8d04-e27c50945cb5)
2019-07-26 09:25:45.079 22705 RALLYDEBUG rally_openstack.cleanup.manager [-] Deleting neutron.network object s_rally_27c78904_udmScC4P (8b79d5b5-2a26-49cc-8ffc-4913cb6d2418)
2019-07-26 09:25:45.087 22705 RALLYDEBUG rally_openstack.cleanup.manager [-] Deleting neutron.network object s_rally_27c78904_KFd1giUK (8db80905-9c2c-4512-b679-f86825900162)
2019-07-26 09:25:45.248 22705 RALLYDEBUG rally_openstack.cleanup.manager [-] Deleting neutron.network object s_rally_27c78904_8nCapcVY (900fc46c-2c72-4df8-a144-d80b3049e53c)
2019-07-26 09:25:45.262 22705 RALLYDEBUG rally_openstack.cleanup.manager [-] Deleting neutron.network object s_rally_27c78904_UnIi5xf3 (92ec843c-bf8b-4301-a5e3-8cc7d14e5076)
2019-07-26 09:25:45.352 22705 RALLYDEBUG rally_openstack.cleanup.manager [-] Deleting neutron.network object s_rally_27c78904_3qrnhaVS (97f6ef7e-61b5-49cc-bc32-4cc8acc20fae)
2019-07-26 09:25:45.579 22705 RALLYDEBUG rally_openstack.cleanup.manager [-] Deleting neutron.network object s_rally_27c78904_UJVOgQPw (9a1cac51-5f94-4abe-a4a9-4edf7ac805c2)
2019-07-26 09:25:45.888 22705 RALLYDEBUG rally_openstack.cleanup.manager [-] Deleting neutron.network object s_rally_27c78904_7e6QLoBB (9c4ebd93-c9d2-4631-aef4-bdbf5d857f5e)
2019-07-26 09:25:45.909 22705 RALLYDEBUG rally_openstack.cleanup.manager [-] Deleting neutron.network object s_rally_27c78904_cu7Z4ccg (9e92b307-2f98-4d3b-99b3-bb4dfdee3a4e)
2019-07-26 09:25:45.921 22705 RALLYDEBUG rally_openstack.cleanup.manager [-] Deleting neutron.network object s_rally_27c78904_DyLxi19h (a236168f-6b58-42c3-b8c4-2a4db54bbb8c)
2019-07-26 09:25:45.957 22705 RALLYDEBUG rally_openstack.cleanup.manager [-] Deleting neutron.network object s_rally_27c78904_TdUos2fF (a9085a98-bbdf-4fdd-8556-598ea3723037)
2019-07-26 09:25:46.013 22705 RALLYDEBUG rally_openstack.cleanup.manager [-] Deleting neutron.network object s_rally_27c78904_UM6nTPbz (a9b90288-1179-4fb2-8e17-7d4b01b4638f)
2019-07-26 09:25:46.113 22705 RALLYDEBUG rally_openstack.cleanup.manager [-] Deleting neutron.network object s_rally_27c78904_g8BjNF32 (abe4dedf-b8be-4335-b61b-6ae3cf7d5f81)
2019-07-26 09:25:46.120 22705 RALLYDEBUG rally_openstack.cleanup.manager [-] Deleting neutron.network object s_rally_27c78904_tpHy8i8R (b454ab0c-53cf-4aa6-9793-e3f3328afd91)
2019-07-26 09:25:46.491 22705 RALLYDEBUG rally_openstack.cleanup.manager [-] Deleting neutron.network object s_rally_27c78904_GU6pHpPt (b47c1bd6-d08f-4aa2-9b5e-65d53f39775c)
2019-07-26 09:25:46.634 22705 RALLYDEBUG rally_openstack.cleanup.manager [-] Deleting neutron.network object s_rally_27c78904_LSBYejGN (b96d2b49-e2ff-435a-b78b-c2f072b062ab)
2019-07-26 09:25:46.644 22705 RALLYDEBUG rally_openstack.cleanup.manager [-] Deleting neutron.network object s_rally_27c78904_mpvgK28X (bba8d05f-0358-4467-afed-596e866aba7a)
2019-07-26 09:25:46.647 22705 RALLYDEBUG rally_openstack.cleanup.manager [-] Deleting neutron.network object s_rally_27c78904_wD68YNCK (bd69522f-5544-4fe8-a477-25fe4d4ec079)
2019-07-26 09:25:46.694 22705 RALLYDEBUG rally_openstack.cleanup.manager [-] Deleting neutron.network object s_rally_27c78904_41QTQp18 (bdb1788d-b4c3-4905-945e-f8cee73ca50c)
2019-07-26 09:25:46.752 22705 RALLYDEBUG rally_openstack.cleanup.manager [-] Deleting neutron.network object s_rally_27c78904_uROmiiQH (c27328db-b89c-4f62-89ca-3a1652db7350)
2019-07-26 09:25:46.999 22705 RALLYDEBUG rally_openstack.cleanup.manager [-] Deleting neutron.network object s_rally_27c78904_UeZOqesH (c4cd2ac5-78a4-412d-aff6-901643c5a8bc)
2019-07-26 09:25:47.818 22705 RALLYDEBUG rally_openstack.cleanup.manager [-] Deleting neutron.network object s_rally_27c78904_DjKklv6G (c7265577-3764-49ea-8d43-df8be3e7fedc)
2019-07-26 09:25:47.932 22705 RALLYDEBUG rally_openstack.cleanup.manager [-] Deleting neutron.network object s_rally_27c78904_l0U54tmH (c9d9d537-952a-4013-be15-6e977a9f5205)
2019-07-26 09:25:48.238 22705 RALLYDEBUG rally_openstack.cleanup.manager [-] Deleting neutron.network object s_rally_27c78904_3plVVdb7 (ca27c3a7-b339-467f-a3e6-7557fc9ec550)
2019-07-26 09:25:48.512 22705 RALLYDEBUG rally_openstack.cleanup.manager [-] Deleting neutron.network object s_rally_27c78904_8rl4ScnM (cbfca839-1971-4a57-ac46-6f1668c66a52)
2019-07-26 09:25:48.926 22705 RALLYDEBUG rally_openstack.cleanup.manager [-] Deleting neutron.network object s_rally_27c78904_8Yx7xvTh (cc7e5686-e084-44f5-985e-f1c81ffdcf70)
2019-07-26 09:25:49.012 22705 RALLYDEBUG rally_openstack.cleanup.manager [-] Deleting neutron.network object s_rally_27c78904_9dKyT90E (cc8e42c4-4b88-4d74-9430-04114294b5d6)
2019-07-26 09:25:49.320 22705 RALLYDEBUG rally_openstack.cleanup.manager [-] Deleting neutron.network object s_rally_27c78904_EoNPeWfm (ce319a34-b9a4-4a39-a9bb-745ea1c1419f)
2019-07-26 09:25:49.372 22705 RALLYDEBUG rally_openstack.cleanup.manager [-] Deleting neutron.network object s_rally_27c78904_SOlVcicm (cf9b9e73-f244-42f3-9a26-b6d628da3405)
2019-07-26 09:25:49.684 22705 RALLYDEBUG rally_openstack.cleanup.manager [-] Deleting neutron.network object s_rally_27c78904_HpDszNa1 (cfe05ae8-9e2c-47b5-8ccc-3eaef5aecf7d)
2019-07-26 09:25:50.135 22705 RALLYDEBUG rally_openstack.cleanup.manager [-] Deleting neutron.network object s_rally_27c78904_3O7T5b3t (d06c46cb-c7e4-4c8b-b0eb-0c1cf7dd769a)
2019-07-26 09:25:50.257 22705 RALLYDEBUG rally_openstack.cleanup.manager [-] Deleting neutron.network object s_rally_27c78904_A4Pyg9E6 (d46d2bf1-218f-4818-8e4c-80b9e5eb8829)
2019-07-26 09:25:50.514 22705 RALLYDEBUG rally_openstack.cleanup.manager [-] Deleting neutron.network object s_rally_27c78904_6mJBxre4 (d796084c-687d-47c3-ad68-5fddb25d8feb)
2019-07-26 09:25:50.517 22705 RALLYDEBUG rally_openstack.cleanup.manager [-] Deleting neutron.network object s_rally_27c78904_Ndil3yt9 (d936ebda-be1f-4f65-a264-6aab340bcfb1)
2019-07-26 09:25:50.853 22705 RALLYDEBUG rally_openstack.cleanup.manager [-] Deleting neutron.network object s_rally_27c78904_c3Hhtxai (da22ea40-d9c1-4ac8-a671-f56ad37ebf1e)
2019-07-26 09:25:50.885 22705 RALLYDEBUG rally_openstack.cleanup.manager [-] Deleting neutron.network object s_rally_27c78904_j9uFntjh (e128b26e-4cbd-4f07-8e7d-9a8a1cb44bb5)
2019-07-26 09:25:50.906 22705 RALLYDEBUG rally_openstack.cleanup.manager [-] Deleting neutron.network object s_rally_27c78904_MguvUaQz (e19de7fd-064e-440e-99de-8453f0f8dcda)
2019-07-26 09:25:51.196 22705 RALLYDEBUG rally_openstack.cleanup.manager [-] Deleting neutron.network object s_rally_27c78904_1LiJkTrU (e45f18a8-738d-44c5-9e51-f54c3e142f39)
2019-07-26 09:25:51.196 22705 RALLYDEBUG rally_openstack.cleanup.manager [-] Deleting neutron.network object s_rally_27c78904_9R4Zcjvu (e7ab7bd8-9907-4ca4-85a0-e386f2d964a2)
2019-07-26 09:25:51.202 22705 RALLYDEBUG rally_openstack.cleanup.manager [-] Deleting neutron.network object s_rally_27c78904_dBEIsRev (ea4e9cb8-1db7-4cb6-b10b-c9c011f5cbeb)
2019-07-26 09:25:51.443 22705 RALLYDEBUG rally_openstack.cleanup.manager [-] Deleting neutron.network object s_rally_27c78904_s2CFAOep (edb16a44-c5e1-4c49-b680-89e015cdee40)
2019-07-26 09:25:52.117 22705 RALLYDEBUG rally_openstack.cleanup.manager [-] Deleting neutron.network object s_rally_27c78904_RhSP1Ox2 (ef5b3a03-7a40-402f-8e5e-ab06e9ffbe9a)
