2019-07-26 09:31:02.327 24814 RALLYDEBUG rally.task.runner [-] Starting a worker. concurrency: 1 args: {"network_create_args": {}, "subnet_create_args": {}, "subnet_cidr_start": "1.1.0.0/30", "subnets_per_network": 2} times: 40 method_name: run timeout: 0 duration: None cls:
2019-07-26 09:31:02.328 24800 WARNING rally_openstack.scenarios.neutron.utils [-] Running this scenario without either the 'network' or 'existing_network' context is deprecated
2019-07-26 09:31:02.327 24799 WARNING rally_openstack.scenarios.neutron.utils [-] Running this scenario without either the 'network' or 'existing_network' context is deprecated
2019-07-26 09:31:02.329 24807 INFO rally.task.runner [-] Task 3e705c15-d3f8-4826-81d5-f9904e263a70 | ITER: 10 START
2019-07-26 09:31:02.329 24817 RALLYDEBUG rally.task.runner [-] Starting a worker. concurrency: 1 args: {"network_create_args": {}, "subnet_create_args": {}, "subnet_cidr_start": "1.1.0.0/30", "subnets_per_network": 2} times: 40 method_name: run timeout: 0 duration: None cls:
2019-07-26 09:31:02.331 24807 WARNING rally_openstack.scenarios.neutron.utils [-] Running this scenario without either the 'network' or 'existing_network' context is deprecated
2019-07-26 09:31:02.325 24801 WARNING rally_openstack.scenarios.neutron.utils [-] Running this scenario without either the 'network' or 'existing_network' context is deprecated
2019-07-26 09:31:02.331 24802 INFO rally.task.runner [-] Task 3e705c15-d3f8-4826-81d5-f9904e263a70 | ITER: 8 START
2019-07-26 09:31:02.333 24802 WARNING rally_openstack.scenarios.neutron.utils [-] Running this scenario without either the 'network' or 'existing_network' context is deprecated
2019-07-26 09:31:02.334 24814 INFO rally.task.runner [-] Task 3e705c15-d3f8-4826-81d5-f9904e263a70 | ITER: 11 START
2019-07-26 09:31:02.333 24821 RALLYDEBUG rally.task.runner [-] Starting a worker. concurrency: 1 args: {"network_create_args": {}, "subnet_create_args": {}, "subnet_cidr_start": "1.1.0.0/30", "subnets_per_network": 2} times: 40 method_name: run timeout: 0 duration: None cls:
2019-07-26 09:31:02.336 24814 WARNING rally_openstack.scenarios.neutron.utils [-] Running this scenario without either the 'network' or 'existing_network' context is deprecated
2019-07-26 09:31:02.336 24817 INFO rally.task.runner [-] Task 3e705c15-d3f8-4826-81d5-f9904e263a70 | ITER: 12 START
2019-07-26 09:31:02.338 24817 WARNING rally_openstack.scenarios.neutron.utils [-] Running this scenario without either the 'network' or 'existing_network' context is deprecated
2019-07-26 09:31:02.339 24821 INFO rally.task.runner [-] Task 3e705c15-d3f8-4826-81d5-f9904e263a70 | ITER: 13 START
2019-07-26 09:31:02.340 24821 WARNING rally_openstack.scenarios.neutron.utils [-] Running this scenario without either the 'network' or 'existing_network' context is deprecated
2019-07-26 09:31:02.342 24826 RALLYDEBUG rally.task.runner [-] Starting a worker. concurrency: 1 args: {"network_create_args": {}, "subnet_create_args": {}, "subnet_cidr_start": "1.1.0.0/30", "subnets_per_network": 2} times: 40 method_name: run timeout: 0 duration: None cls:
2019-07-26 09:31:02.347 24831 RALLYDEBUG rally.task.runner [-] Starting a worker. concurrency: 1 args: {"network_create_args": {}, "subnet_create_args": {}, "subnet_cidr_start": "1.1.0.0/30", "subnets_per_network": 2} times: 40 method_name: run timeout: 0 duration: None cls:
2019-07-26 09:31:02.350 24826 INFO rally.task.runner [-] Task 3e705c15-d3f8-4826-81d5-f9904e263a70 | ITER: 14 START
2019-07-26 09:31:02.351 24826 WARNING rally_openstack.scenarios.neutron.utils [-] Running this scenario without either the 'network' or 'existing_network' context is deprecated
2019-07-26 09:31:02.351 24831 INFO rally.task.runner [-] Task 3e705c15-d3f8-4826-81d5-f9904e263a70 | ITER: 15 START
2019-07-26 09:31:02.353 24831 WARNING rally_openstack.scenarios.neutron.utils [-] Running this scenario without either the 'network' or 'existing_network' context is deprecated
2019-07-26 09:31:02.363 24836 RALLYDEBUG rally.task.runner [-] Starting a worker. concurrency: 1 args: {"network_create_args": {}, "subnet_create_args": {}, "subnet_cidr_start": "1.1.0.0/30", "subnets_per_network": 2} times: 40 method_name: run timeout: 0 duration: None cls:
2019-07-26 09:31:02.365 24837 RALLYDEBUG rally.task.runner [-] Starting a worker. concurrency: 1 args: {"network_create_args": {}, "subnet_create_args": {}, "subnet_cidr_start": "1.1.0.0/30", "subnets_per_network": 2} times: 40 method_name: run timeout: 0 duration: None cls:
2019-07-26 09:31:02.369 24838 RALLYDEBUG rally.task.runner [-] Starting a worker. concurrency: 1 args: {"network_create_args": {}, "subnet_create_args": {}, "subnet_cidr_start": "1.1.0.0/30", "subnets_per_network": 2} times: 40 method_name: run timeout: 0 duration: None cls:
2019-07-26 09:31:02.370 24837 INFO rally.task.runner [-] Task 3e705c15-d3f8-4826-81d5-f9904e263a70 | ITER: 17 START
2019-07-26 09:31:02.371 24836 INFO rally.task.runner [-] Task 3e705c15-d3f8-4826-81d5-f9904e263a70 | ITER: 16 START
2019-07-26 09:31:02.372 24836 WARNING rally_openstack.scenarios.neutron.utils [-] Running this scenario without either the 'network' or 'existing_network' context is deprecated
2019-07-26 09:31:02.372 24837 WARNING rally_openstack.scenarios.neutron.utils [-] Running this scenario without either the 'network' or 'existing_network' context is deprecated
2019-07-26 09:31:02.374 24838 INFO rally.task.runner [-] Task 3e705c15-d3f8-4826-81d5-f9904e263a70 | ITER: 18 START
2019-07-26 09:31:02.374 24842 RALLYDEBUG rally.task.runner [-] Starting a worker. concurrency: 1 args: {"network_create_args": {}, "subnet_create_args": {}, "subnet_cidr_start": "1.1.0.0/30", "subnets_per_network": 2} times: 40 method_name: run timeout: 0 duration: None cls:
2019-07-26 09:31:02.376 24838 WARNING rally_openstack.scenarios.neutron.utils [-] Running this scenario without either the 'network' or 'existing_network' context is deprecated
2019-07-26 09:31:02.378 24842 INFO rally.task.runner [-] Task 3e705c15-d3f8-4826-81d5-f9904e263a70 | ITER: 19 START
2019-07-26 09:31:02.379 24842 WARNING rally_openstack.scenarios.neutron.utils [-] Running this scenario without either the 'network' or 'existing_network' context is deprecated
2019-07-26 09:31:02.382 24846 RALLYDEBUG rally.task.runner [-] Starting a worker. concurrency: 1 args: {"network_create_args": {}, "subnet_create_args": {}, "subnet_cidr_start": "1.1.0.0/30", "subnets_per_network": 2} times: 40 method_name: run timeout: 0 duration: None cls:
2019-07-26 09:31:02.385 24846 INFO rally.task.runner [-] Task 3e705c15-d3f8-4826-81d5-f9904e263a70 | ITER: 20 START
2019-07-26 09:31:02.387 24846 WARNING rally_openstack.scenarios.neutron.utils [-] Running this scenario without either the 'network' or 'existing_network' context is deprecated
2019-07-26 09:31:04.018 24801 RALLYDEBUG rally_openstack.wrappers.network [-] CIDR generated: 1.1.4.96/30
2019-07-26 09:31:04.037 24800 RALLYDEBUG rally_openstack.wrappers.network [-] CIDR generated: 1.1.4.100/30
2019-07-26 09:31:04.039 24801 RALLYDEBUG rally_openstack.wrappers.network [-] CIDR generated: 1.1.4.104/30
2019-07-26 09:31:04.096 24802 RALLYDEBUG rally_openstack.wrappers.network [-] CIDR generated: 1.1.4.108/30
2019-07-26 09:31:04.111 24805 RALLYDEBUG rally_openstack.wrappers.network [-] CIDR generated: 1.1.4.112/30
2019-07-26 09:31:04.159 24802 RALLYDEBUG rally_openstack.wrappers.network [-] CIDR generated: 1.1.4.116/30
2019-07-26 09:31:04.240 24799 RALLYDEBUG rally_openstack.wrappers.network [-] CIDR generated: 1.1.4.120/30
2019-07-26 09:31:04.345 24821 RALLYDEBUG rally_openstack.wrappers.network [-] CIDR generated: 1.1.4.124/30
2019-07-26 09:31:04.345 24817 RALLYDEBUG rally_openstack.wrappers.network [-] CIDR generated: 1.1.4.128/30
2019-07-26 09:31:04.384 24836 RALLYDEBUG rally_openstack.wrappers.network [-] CIDR generated: 1.1.4.132/30
2019-07-26 09:31:04.397 24799 RALLYDEBUG rally_openstack.wrappers.network [-] CIDR generated: 1.1.4.136/30
2019-07-26 09:31:04.465 24831 RALLYDEBUG rally_openstack.wrappers.network [-] CIDR generated: 1.1.4.140/30
2019-07-26 09:31:04.466 24826 RALLYDEBUG rally_openstack.wrappers.network [-] CIDR generated: 1.1.4.144/30
2019-07-26 09:31:04.480 24807 RALLYDEBUG rally_openstack.wrappers.network [-] CIDR generated: 1.1.4.148/30
2019-07-26 09:31:04.817 24800 RALLYDEBUG rally_openstack.wrappers.network [-] CIDR generated: 1.1.4.152/30
2019-07-26 09:31:05.079 24801 RALLYDEBUG rally_openstack.wrappers.network [-] CIDR generated: 1.1.4.156/30
2019-07-26 09:31:05.263 24814 RALLYDEBUG rally_openstack.wrappers.network [-] CIDR generated: 1.1.4.160/30
2019-07-26 09:31:05.269 24838 RALLYDEBUG rally_openstack.wrappers.network [-] CIDR generated: 1.1.4.164/30
2019-07-26 09:31:05.522 24801 RALLYDEBUG rally_openstack.wrappers.network [-] CIDR generated: 1.1.4.168/30
2019-07-26 09:31:05.673 24800 RALLYDEBUG rally_openstack.wrappers.network [-] CIDR generated: 1.1.4.172/30
2019-07-26 09:31:06.051 24846 RALLYDEBUG rally_openstack.wrappers.network [-] CIDR generated: 1.1.4.176/30
2019-07-26 09:31:06.098 24842 RALLYDEBUG rally_openstack.wrappers.network [-] CIDR generated: 1.1.4.180/30
2019-07-26 09:31:06.187 24837 RALLYDEBUG rally_openstack.wrappers.network [-] CIDR generated: 1.1.4.184/30
2019-07-26 09:31:06.840 24805 RALLYDEBUG rally_openstack.wrappers.network [-] CIDR generated: 1.1.4.188/30
2019-07-26 09:31:06.860 24836 RALLYDEBUG rally_openstack.wrappers.network [-] CIDR generated: 1.1.4.192/30
2019-07-26 09:31:06.975 24802 RALLYDEBUG rally_openstack.wrappers.network [-] CIDR generated: 1.1.4.196/30
2019-07-26 09:31:07.086 24802 RALLYDEBUG rally_openstack.wrappers.network [-] CIDR generated: 1.1.4.200/30
2019-07-26 09:31:07.087 24821 RALLYDEBUG rally_openstack.wrappers.network [-] CIDR generated: 1.1.4.204/30
2019-07-26 09:31:07.656 24831 RALLYDEBUG rally_openstack.wrappers.network [-] CIDR generated: 1.1.4.208/30
2019-07-26 09:31:07.771 24826 RALLYDEBUG rally_openstack.wrappers.network [-] CIDR generated: 1.1.4.212/30
2019-07-26 09:31:08.310 24838 RALLYDEBUG rally_openstack.wrappers.network [-] CIDR generated: 1.1.4.216/30
2019-07-26 09:31:08.809 24799 RALLYDEBUG rally_openstack.wrappers.network [-] CIDR generated: 1.1.4.220/30
2019-07-26 09:31:09.077 24817 RALLYDEBUG rally_openstack.wrappers.network [-] CIDR generated: 1.1.4.224/30
2019-07-26 09:31:09.113 24807 RALLYDEBUG rally_openstack.wrappers.network [-] CIDR generated: 1.1.4.228/30
2019-07-26 09:31:09.776 24801 INFO rally.task.runner [-] Task 3e705c15-d3f8-4826-81d5-f9904e263a70 | ITER: 5 END: OK
2019-07-26 09:31:09.781 24801 INFO rally.task.runner [-] Task 3e705c15-d3f8-4826-81d5-f9904e263a70 | ITER: 21 START
2019-07-26 09:31:09.781 24801 WARNING rally_openstack.scenarios.neutron.utils [-] Running this scenario without either the 'network' or 'existing_network' context is deprecated
2019-07-26 09:31:10.661 24801 INFO rally.task.runner [-] Task 3e705c15-d3f8-4826-81d5-f9904e263a70 | ITER: 7 END: OK
2019-07-26 09:31:10.664 24801 INFO rally.task.runner [-] Task 3e705c15-d3f8-4826-81d5-f9904e263a70 | ITER: 22 START
2019-07-26 09:31:10.665 24801 WARNING rally_openstack.scenarios.neutron.utils [-] Running this scenario without either the 'network' or 'existing_network' context is deprecated
2019-07-26 09:31:10.675 24800 INFO rally.task.runner [-] Task 3e705c15-d3f8-4826-81d5-f9904e263a70 | ITER: 4 END: OK
2019-07-26 09:31:10.679 24800 INFO rally.task.runner [-] Task 3e705c15-d3f8-4826-81d5-f9904e263a70 | ITER: 23 START
2019-07-26 09:31:10.680 24800 WARNING rally_openstack.scenarios.neutron.utils [-] Running this scenario without either the 'network' or 'existing_network' context is deprecated
2019-07-26 09:31:11.312 24801 RALLYDEBUG rally_openstack.wrappers.network [-] CIDR generated: 1.1.4.232/30
2019-07-26 09:31:11.926 24799 RALLYDEBUG rally_openstack.wrappers.network [-] CIDR generated: 1.1.4.236/30
2019-07-26 09:31:11.974 24801 RALLYDEBUG rally_openstack.wrappers.network [-] CIDR generated: 1.1.4.240/30
2019-07-26 09:31:12.085 24800 RALLYDEBUG rally_openstack.wrappers.network [-] CIDR generated: 1.1.4.244/30
2019-07-26 09:31:12.217 24800 RALLYDEBUG rally_openstack.wrappers.network [-] CIDR generated: 1.1.4.248/30
2019-07-26 09:31:12.587 24801 RALLYDEBUG rally_openstack.wrappers.network [-] CIDR generated: 1.1.4.252/30
2019-07-26 09:31:13.204 24814 RALLYDEBUG rally_openstack.wrappers.network [-] CIDR generated: 1.1.5.0/30
2019-07-26 09:31:13.394 24842 RALLYDEBUG rally_openstack.wrappers.network [-] CIDR generated: 1.1.5.4/30
2019-07-26 09:31:13.497 24846 RALLYDEBUG rally_openstack.wrappers.network [-] CIDR generated: 1.1.5.8/30
2019-07-26 09:31:13.536 24801 RALLYDEBUG rally_openstack.wrappers.network [-] CIDR generated: 1.1.5.12/30
2019-07-26 09:31:13.572 24831 INFO rally.task.runner [-] Task 3e705c15-d3f8-4826-81d5-f9904e263a70 | ITER: 15 END: OK
2019-07-26 09:31:13.573 24826 INFO rally.task.runner [-] Task 3e705c15-d3f8-4826-81d5-f9904e263a70 | ITER: 14 END: OK
2019-07-26 09:31:13.577 24826 INFO rally.task.runner [-] Task 3e705c15-d3f8-4826-81d5-f9904e263a70 | ITER: 25 START
2019-07-26 09:31:13.578 24826 WARNING rally_openstack.scenarios.neutron.utils [-] Running this scenario without either the 'network' or 'existing_network' context is deprecated
2019-07-26 09:31:13.578 24831 INFO rally.task.runner [-] Task 3e705c15-d3f8-4826-81d5-f9904e263a70 | ITER: 24 START
2019-07-26 09:31:13.578 24831 WARNING rally_openstack.scenarios.neutron.utils [-] Running this scenario without either the 'network' or 'existing_network' context is deprecated
2019-07-26 09:31:13.741 24837 RALLYDEBUG rally_openstack.wrappers.network [-] CIDR generated: 1.1.5.16/30
2019-07-26 09:31:13.747 24800 RALLYDEBUG rally_openstack.wrappers.network [-] CIDR generated: 1.1.5.20/30
2019-07-26 09:31:14.113 24838 INFO rally.task.runner [-] Task 3e705c15-d3f8-4826-81d5-f9904e263a70 | ITER: 18 END: OK
2019-07-26 09:31:14.116 24836 INFO rally.task.runner [-] Task 3e705c15-d3f8-4826-81d5-f9904e263a70 | ITER: 16 END: OK
2019-07-26 09:31:14.118 24838 INFO rally.task.runner [-] Task 3e705c15-d3f8-4826-81d5-f9904e263a70 | ITER: 26 START
2019-07-26 09:31:14.119 24838 WARNING rally_openstack.scenarios.neutron.utils [-] Running this scenario without either the 'network' or 'existing_network' context is deprecated
2019-07-26 09:31:14.120 24836 INFO rally.task.runner [-] Task 3e705c15-d3f8-4826-81d5-f9904e263a70 | ITER: 27 START
2019-07-26 09:31:14.120 24836 WARNING rally_openstack.scenarios.neutron.utils [-] Running this scenario without either the 'network' or 'existing_network' context is deprecated
2019-07-26 09:31:15.017 24805 INFO rally.task.runner [-] Task 3e705c15-d3f8-4826-81d5-f9904e263a70 | ITER: 9 END: OK
2019-07-26 09:31:15.021 24805 INFO rally.task.runner [-] Task 3e705c15-d3f8-4826-81d5-f9904e263a70 | ITER: 28 START
2019-07-26 09:31:15.022 24805 WARNING rally_openstack.scenarios.neutron.utils [-] Running this scenario without either the 'network' or 'existing_network' context is deprecated
2019-07-26 09:31:15.031 24802 INFO rally.task.runner [-] Task 3e705c15-d3f8-4826-81d5-f9904e263a70 | ITER: 6 END: OK
2019-07-26 09:31:15.035 24802 INFO rally.task.runner [-] Task 3e705c15-d3f8-4826-81d5-f9904e263a70 | ITER: 29 START
2019-07-26 09:31:15.036 24802 WARNING rally_openstack.scenarios.neutron.utils [-] Running this scenario without either the 'network' or 'existing_network' context is deprecated
2019-07-26 09:31:15.038 24826 RALLYDEBUG rally_openstack.wrappers.network [-] CIDR generated: 1.1.5.24/30
2019-07-26 09:31:15.125 24821 INFO rally.task.runner [-] Task 3e705c15-d3f8-4826-81d5-f9904e263a70 | ITER: 13 END: OK
2019-07-26 09:31:15.128 24821 INFO rally.task.runner [-] Task 3e705c15-d3f8-4826-81d5-f9904e263a70 | ITER: 30 START
2019-07-26 09:31:15.129 24821 WARNING rally_openstack.scenarios.neutron.utils [-] Running this scenario without either the 'network' or 'existing_network' context is deprecated
2019-07-26 09:31:15.130 24802 INFO rally.task.runner [-] Task 3e705c15-d3f8-4826-81d5-f9904e263a70 | ITER: 8 END: OK
2019-07-26 09:31:15.133 24802 INFO rally.task.runner [-] Task 3e705c15-d3f8-4826-81d5-f9904e263a70 | ITER: 31 START
2019-07-26 09:31:15.133 24802 WARNING rally_openstack.scenarios.neutron.utils [-] Running this scenario without either the 'network' or 'existing_network' context is deprecated
2019-07-26 09:31:15.271 24831 RALLYDEBUG rally_openstack.wrappers.network [-] CIDR generated: 1.1.5.28/30
2019-07-26 09:31:15.473 24836 RALLYDEBUG rally_openstack.wrappers.network [-] CIDR generated: 1.1.5.32/30
2019-07-26 09:31:15.977 24838 RALLYDEBUG rally_openstack.wrappers.network [-] CIDR generated: 1.1.5.36/30
2019-07-26 09:31:16.445 24805 RALLYDEBUG rally_openstack.wrappers.network [-] CIDR generated: 1.1.5.40/30
2019-07-26 09:31:16.764 24802 RALLYDEBUG rally_openstack.wrappers.network [-] CIDR generated: 1.1.5.44/30
2019-07-26 09:31:16.845 24826 RALLYDEBUG rally_openstack.wrappers.network [-] CIDR generated: 1.1.5.48/30
2019-07-26 09:31:16.959 24802 RALLYDEBUG rally_openstack.wrappers.network [-] CIDR generated: 1.1.5.52/30
2019-07-26 09:31:17.045 24801 INFO rally.task.runner [-] Task 3e705c15-d3f8-4826-81d5-f9904e263a70 | ITER: 22 END: OK
2019-07-26 09:31:17.049 24801 INFO rally.task.runner [-] Task 3e705c15-d3f8-4826-81d5-f9904e263a70 | ITER: 32 START
2019-07-26 09:31:17.049 24801 WARNING rally_openstack.scenarios.neutron.utils [-] Running this scenario without either the 'network' or 'existing_network' context is deprecated
2019-07-26 09:31:17.078 24801 INFO rally.task.runner [-] Task 3e705c15-d3f8-4826-81d5-f9904e263a70 | ITER: 21 END: OK
2019-07-26 09:31:17.081 24801 INFO rally.task.runner [-] Task 3e705c15-d3f8-4826-81d5-f9904e263a70 | ITER: 33 START
2019-07-26 09:31:17.082 24801 WARNING rally_openstack.scenarios.neutron.utils [-] Running this scenario without either the 'network' or 'existing_network' context is deprecated
2019-07-26 09:31:17.333 24800 INFO rally.task.runner [-] Task 3e705c15-d3f8-4826-81d5-f9904e263a70 | ITER: 23 END: OK
2019-07-26 09:31:17.336 24800 INFO rally.task.runner [-] Task 3e705c15-d3f8-4826-81d5-f9904e263a70 | ITER: 34 START
2019-07-26 09:31:17.337 24800 WARNING rally_openstack.scenarios.neutron.utils [-] Running this scenario without either the 'network' or 'existing_network' context is deprecated
2019-07-26 09:31:17.642 24799 INFO rally.task.runner [-] Task 3e705c15-d3f8-4826-81d5-f9904e263a70 | ITER: 2 END: OK
2019-07-26 09:31:17.646 24799 INFO rally.task.runner [-] Task 3e705c15-d3f8-4826-81d5-f9904e263a70 | ITER: 35 START
2019-07-26 09:31:17.647 24799 WARNING rally_openstack.scenarios.neutron.utils [-] Running this scenario without either the 'network' or 'existing_network' context is deprecated
2019-07-26 09:31:17.677 24807 INFO rally.task.runner [-] Task 3e705c15-d3f8-4826-81d5-f9904e263a70 | ITER: 10 END: OK
2019-07-26 09:31:17.681 24807 INFO rally.task.runner [-] Task 3e705c15-d3f8-4826-81d5-f9904e263a70 | ITER: 36 START
2019-07-26 09:31:17.681 24807 WARNING rally_openstack.scenarios.neutron.utils [-] Running this scenario without either the 'network' or 'existing_network' context is deprecated
2019-07-26 09:31:17.713 24817 INFO rally.task.runner [-] Task 3e705c15-d3f8-4826-81d5-f9904e263a70 | ITER: 12 END: OK
2019-07-26 09:31:17.718 24817 INFO rally.task.runner [-] Task 3e705c15-d3f8-4826-81d5-f9904e263a70 | ITER: 37 START
2019-07-26 09:31:17.718 24817 WARNING rally_openstack.scenarios.neutron.utils [-] Running this scenario without either the 'network' or 'existing_network' context is deprecated
2019-07-26 09:31:17.721 24821 RALLYDEBUG rally_openstack.wrappers.network [-] CIDR generated: 1.1.5.56/30
2019-07-26 09:31:17.751 24831 RALLYDEBUG rally_openstack.wrappers.network [-] CIDR generated: 1.1.5.60/30
2019-07-26 09:31:18.062 24836 RALLYDEBUG rally_openstack.wrappers.network [-] CIDR generated: 1.1.5.64/30
2019-07-26 09:31:18.534 24805 RALLYDEBUG rally_openstack.wrappers.network [-] CIDR generated: 1.1.5.68/30
2019-07-26 09:31:18.574 24838 RALLYDEBUG rally_openstack.wrappers.network [-] CIDR generated: 1.1.5.72/30
2019-07-26 09:31:18.584 24801 RALLYDEBUG rally_openstack.wrappers.network [-] CIDR generated: 1.1.5.76/30
2019-07-26 09:31:18.745 24801 RALLYDEBUG rally_openstack.wrappers.network [-] CIDR generated: 1.1.5.80/30
2019-07-26 09:31:19.011 24800 RALLYDEBUG rally_openstack.wrappers.network [-] CIDR generated: 1.1.5.84/30
2019-07-26 09:31:19.522 24807 RALLYDEBUG rally_openstack.wrappers.network [-] CIDR generated: 1.1.5.88/30
2019-07-26 09:31:19.619 24817 RALLYDEBUG rally_openstack.wrappers.network [-] CIDR generated: 1.1.5.92/30
2019-07-26 09:31:19.811 24799 RALLYDEBUG rally_openstack.wrappers.network [-] CIDR generated: 1.1.5.96/30
2019-07-26 09:31:20.496 24800 RALLYDEBUG rally_openstack.wrappers.network [-] CIDR generated: 1.1.5.100/30
2019-07-26 09:31:20.707 24826 INFO rally.task.runner [-] Task 3e705c15-d3f8-4826-81d5-f9904e263a70 | ITER: 25 END: OK
2019-07-26 09:31:20.710 24826 INFO rally.task.runner [-] Task 3e705c15-d3f8-4826-81d5-f9904e263a70 | ITER: 38 START
2019-07-26 09:31:20.711 24826 WARNING rally_openstack.scenarios.neutron.utils [-] Running this scenario without either the 'network' or 'existing_network' context is deprecated
2019-07-26 09:31:20.812 24802 RALLYDEBUG rally_openstack.wrappers.network [-] CIDR generated: 1.1.5.104/30
2019-07-26 09:31:21.436 24802 RALLYDEBUG rally_openstack.wrappers.network [-] CIDR generated: 1.1.5.108/30
2019-07-26 09:31:22.123 24801 RALLYDEBUG rally_openstack.wrappers.network [-] CIDR generated: 1.1.5.112/30
2019-07-26 09:31:22.137 24821 RALLYDEBUG rally_openstack.wrappers.network [-] CIDR generated: 1.1.5.116/30
2019-07-26 09:31:22.212 24831 INFO rally.task.runner [-] Task 3e705c15-d3f8-4826-81d5-f9904e263a70 | ITER: 24 END: OK
2019-07-26 09:31:22.216 24831 INFO rally.task.runner [-] Task 3e705c15-d3f8-4826-81d5-f9904e263a70 | ITER: 39 START
2019-07-26 09:31:22.217 24831 WARNING rally_openstack.scenarios.neutron.utils [-] Running this scenario without either the 'network' or 'existing_network' context is deprecated
2019-07-26 09:31:22.629 24801 RALLYDEBUG rally_openstack.wrappers.network [-] CIDR generated: 1.1.5.120/30
2019-07-26 09:31:22.772 24826 RALLYDEBUG rally_openstack.wrappers.network [-] CIDR generated: 1.1.5.124/30
2019-07-26 09:31:22.773 24805 INFO rally.task.runner [-] Task 3e705c15-d3f8-4826-81d5-f9904e263a70 | ITER: 28 END: OK
2019-07-26 09:31:22.776 24805 INFO rally.task.runner [-] Task 3e705c15-d3f8-4826-81d5-f9904e263a70 | ITER: 40 START
2019-07-26 09:31:22.777 24805 WARNING rally_openstack.scenarios.neutron.utils [-] Running this scenario without either the 'network' or 'existing_network' context is deprecated
2019-07-26 09:31:22.975 24817 RALLYDEBUG rally_openstack.wrappers.network [-] CIDR generated: 1.1.5.128/30
2019-07-26 09:31:23.798 24831 RALLYDEBUG rally_openstack.wrappers.network [-] CIDR generated: 1.1.5.132/30
2019-07-26 09:31:24.304 24805 RALLYDEBUG rally_openstack.wrappers.network [-] CIDR generated: 1.1.5.136/30
2019-07-26 09:31:24.366 24799 RALLYDEBUG rally_openstack.wrappers.network [-] CIDR generated: 1.1.5.140/30
2019-07-26 09:31:24.370 24807 RALLYDEBUG rally_openstack.wrappers.network [-] CIDR generated: 1.1.5.144/30
2019-07-26 09:31:24.403 24836 INFO rally.task.runner [-] Task 3e705c15-d3f8-4826-81d5-f9904e263a70 | ITER: 27 END: OK
2019-07-26 09:31:24.431 24826 RALLYDEBUG rally_openstack.wrappers.network [-] CIDR generated: 1.1.5.148/30
2019-07-26 09:31:24.613 24838 INFO rally.task.runner [-] Task 3e705c15-d3f8-4826-81d5-f9904e263a70 | ITER: 26 END: OK
2019-07-26 09:31:25.108 24831 RALLYDEBUG rally_openstack.wrappers.network [-] CIDR generated: 1.1.5.152/30
2019-07-26 09:31:25.338 24800 INFO rally.task.runner [-] Task 3e705c15-d3f8-4826-81d5-f9904e263a70 | ITER: 34 END: OK
2019-07-26 09:31:25.826 24805 RALLYDEBUG rally_openstack.wrappers.network [-] CIDR generated: 1.1.5.156/30
2019-07-26 09:31:27.147 24826 INFO rally.task.runner [-] Task 3e705c15-d3f8-4826-81d5-f9904e263a70 | ITER: 38 END: OK
2019-07-26 09:31:27.747 24801 INFO rally.task.runner [-] Task 3e705c15-d3f8-4826-81d5-f9904e263a70 | ITER: 32 END: OK
2019-07-26 09:31:27.876 24831 INFO rally.task.runner [-] Task 3e705c15-d3f8-4826-81d5-f9904e263a70 | ITER: 39 END: OK
2019-07-26 09:31:28.131 24817 INFO rally.task.runner [-] Task 3e705c15-d3f8-4826-81d5-f9904e263a70 | ITER: 37 END: OK
2019-07-26 09:31:28.331 24805 INFO rally.task.runner [-] Task 3e705c15-d3f8-4826-81d5-f9904e263a70 | ITER: 40 END: OK
2019-07-26 09:31:28.678 24802 INFO rally.task.runner [-] Task 3e705c15-d3f8-4826-81d5-f9904e263a70 | ITER: 29 END: OK
2019-07-26 09:31:29.355 24821 INFO rally.task.runner [-] Task 3e705c15-d3f8-4826-81d5-f9904e263a70 | ITER: 30 END: OK
2019-07-26 09:31:29.507 24802 INFO rally.task.runner [-] Task 3e705c15-d3f8-4826-81d5-f9904e263a70 | ITER: 31 END: OK
2019-07-26 09:31:29.726 24801 INFO rally.task.runner [-] Task 3e705c15-d3f8-4826-81d5-f9904e263a70 | ITER: 33 END: OK
2019-07-26 09:31:30.423 24807 INFO rally.task.runner [-] Task 3e705c15-d3f8-4826-81d5-f9904e263a70 | ITER: 36 END: OK
2019-07-26 09:31:30.742 24799 INFO rally.task.runner [-] Task 3e705c15-d3f8-4826-81d5-f9904e263a70 | ITER: 35 END: OK
2019-07-26 09:31:34.802 24846 INFO rally.task.runner [-] Task 3e705c15-d3f8-4826-81d5-f9904e263a70 | ITER: 20 END: OK
2019-07-26 09:31:34.902 24837 INFO rally.task.runner [-] Task 3e705c15-d3f8-4826-81d5-f9904e263a70 | ITER: 17 END: OK
2019-07-26 09:31:36.669 24799 INFO rally.task.runner [-] Task 3e705c15-d3f8-4826-81d5-f9904e263a70 | ITER: 1 END: OK
2019-07-26 09:31:36.766 24800 INFO rally.task.runner [-] Task 3e705c15-d3f8-4826-81d5-f9904e263a70 | ITER: 3 END: OK
2019-07-26 09:31:37.338 24814 INFO rally.task.runner [-] Task 3e705c15-d3f8-4826-81d5-f9904e263a70 | ITER: 11 END: OK
2019-07-26 09:31:37.554 24842 INFO rally.task.runner [-] Task 3e705c15-d3f8-4826-81d5-f9904e263a70 | ITER: 19 END: OK
2019-07-26 09:31:37.584 22705 INFO rally.task.context [-] Task 3e705c15-d3f8-4826-81d5-f9904e263a70 | Context cleanup@openstack cleanup() started
2019-07-26 09:31:37.586 22705 RALLYDEBUG rally_openstack.cleanup.manager [-] Cleaning up neutron vip objects
2019-07-26 09:31:38.247 22705 RALLYDEBUG rally_openstack.cleanup.manager [-] Cleaning up neutron health_monitor objects
2019-07-26 09:31:38.924 22705 RALLYDEBUG rally_openstack.cleanup.manager [-] Cleaning up neutron pool objects
2019-07-26 09:31:39.542 22705 RALLYDEBUG rally_openstack.cleanup.manager [-] Cleaning up neutron loadbalancer objects
2019-07-26 09:31:40.195 22705 RALLYDEBUG rally_openstack.cleanup.manager [-] Cleaning up neutron floatingip objects
2019-07-26 09:31:40.949 22705 RALLYDEBUG rally_openstack.cleanup.manager [-] Cleaning up neutron port objects
2019-07-26 09:31:41.703 22705 RALLYDEBUG rally_openstack.cleanup.manager [-] Cleaning up neutron subnet objects
2019-07-26 09:31:42.490 22705 RALLYDEBUG rally_openstack.cleanup.manager [-] Cleaning up neutron network objects
2019-07-26 09:31:43.301 22705 RALLYDEBUG rally_openstack.cleanup.manager [-] Deleting neutron.network object s_rally_97480156_Gjer8jvs (005a9020-9ce5-4c82-8c4a-868f4f9ba4d6)
2019-07-26 09:31:43.307 22705 RALLYDEBUG rally_openstack.cleanup.manager [-] Deleting neutron.network object s_rally_97480156_YuZ6ZKdh (028c612b-a932-4d7f-8126-8d4e64cc4f96)
2019-07-26 09:31:43.320 22705 RALLYDEBUG rally_openstack.cleanup.manager [-] Deleting neutron.network object s_rally_97480156_y5nvsQ7c (15590403-1fa6-4dd2-a59e-371ae9642e5f)
2019-07-26 09:31:43.324 22705 RALLYDEBUG rally_openstack.cleanup.manager [-] Deleting neutron.network object s_rally_97480156_tQiM9D9L (14f5f712-3659-4ffa-836d-f07c12a85309)
2019-07-26 09:31:43.329 22705 RALLYDEBUG rally_openstack.cleanup.manager [-] Deleting neutron.network object s_rally_97480156_L6JIbBOd (16cc4e65-d9f6-4911-aee9-d38b621634a9)
2019-07-26 09:31:43.345 22705 RALLYDEBUG rally_openstack.cleanup.manager [-] Deleting neutron.network object s_rally_97480156_x31seP8o (1aafa929-bba2-4852-88a5-c9a650737ecc)
2019-07-26 09:31:43.351 22705 RALLYDEBUG rally_openstack.cleanup.manager [-] Deleting neutron.network object s_rally_97480156_n0ABCvLx (2762fbc6-3197-4bbf-a185-9087f7bc36e7)
2019-07-26 09:31:43.355 22705 RALLYDEBUG rally_openstack.cleanup.manager [-] Deleting neutron.network object s_rally_97480156_r0DP5w66 (2d3a3285-9c9f-49c7-932e-70052bd518ea)
2019-07-26 09:31:43.369 22705 RALLYDEBUG rally_openstack.cleanup.manager [-] Deleting neutron.network object s_rally_97480156_m5coYVLO (2f71defb-2231-42ef-886b-25ffac861605)
2019-07-26 09:31:43.385 22705 RALLYDEBUG rally_openstack.cleanup.manager [-] Deleting neutron.network object s_rally_97480156_T4lICTc5 (338bf4b5-6f22-41e3-9b38-38ce9af1bb07)
2019-07-26 09:31:43.396 22705 RALLYDEBUG rally_openstack.cleanup.manager [-] Deleting neutron.network object s_rally_97480156_wdhLFlCu (3cb92264-bf99-4bdc-a725-14262137eb71)
2019-07-26 09:31:43.409 22705 RALLYDEBUG rally_openstack.cleanup.manager [-] Deleting neutron.network object s_rally_97480156_snrr4BUb (4711d370-2f6a-4813-83b3-372380fa41aa)
2019-07-26 09:31:43.415 22705 RALLYDEBUG rally_openstack.cleanup.manager [-] Deleting neutron.network object s_rally_97480156_eSKRrspP (53d05e06-8ece-43e4-a6f4-a32ab6b27cbb)
2019-07-26 09:31:43.451 22705 RALLYDEBUG rally_openstack.cleanup.manager [-] Deleting neutron.network object s_rally_97480156_2ZiYaHnY (5a32b346-ea4c-43a9-9f67-229c321ba0d7)
2019-07-26 09:31:43.458 22705 RALLYDEBUG rally_openstack.cleanup.manager [-] Deleting neutron.network object s_rally_97480156_XbDyMS6h (590ac544-f66b-4468-8837-6f3eb82c17ae)
2019-07-26 09:31:43.466 22705 RALLYDEBUG rally_openstack.cleanup.manager [-] Deleting neutron.network object s_rally_97480156_pEkhO8Xw (637f7f9f-86b4-4175-b825-85132fcdcb64)
2019-07-26 09:31:43.471 22705 RALLYDEBUG rally_openstack.cleanup.manager [-] Deleting neutron.network object s_rally_97480156_2NLPvW24 (6382ca0b-003a-4ef1-8f9a-806ec2b01502)
2019-07-26 09:31:43.479 22705 RALLYDEBUG rally_openstack.cleanup.manager [-] Deleting neutron.network object s_rally_97480156_RpoVit19 (6a40f559-2e3f-4a8e-8e8a-a4a9c0f4c382)
2019-07-26 09:31:43.482 22705 RALLYDEBUG rally_openstack.cleanup.manager [-] Deleting neutron.network object s_rally_97480156_snUQ0Hgi (6aa0bbae-60f1-4f87-a72f-9ac201cd7dce)
2019-07-26 09:31:43.498 22705 RALLYDEBUG rally_openstack.cleanup.manager [-] Deleting neutron.network object s_rally_97480156_a8f10q8U (6d65b118-5c6b-4d93-8353-b383a9bb9f31)
2019-07-26 09:31:46.513 22705 RALLYDEBUG rally_openstack.cleanup.manager [-] Deleting neutron.network object s_rally_97480156_J0cXaSGq (76213ebf-94f1-46e8-b856-d5cd50ad6a1d)
2019-07-26 09:31:46.616 22705 RALLYDEBUG rally_openstack.cleanup.manager [-] Deleting neutron.network object s_rally_97480156_Yjre3Bj7 (76599715-c500-4ef1-862c-962cda259623)
2019-07-26 09:31:46.663 22705 RALLYDEBUG rally_openstack.cleanup.manager [-] Deleting neutron.network object s_rally_97480156_jltuI7NG (7659d707-9ac6-4eae-9341-5a08dd9fdb82)
2019-07-26 09:31:46.707 22705 RALLYDEBUG rally_openstack.cleanup.manager [-] Deleting neutron.network object s_rally_97480156_y8vtBOSr (77e3c7d6-49e3-4354-abf6-f69c50244fd8)
2019-07-26 09:31:46.726 22705 RALLYDEBUG rally_openstack.cleanup.manager [-] Deleting neutron.network object s_rally_97480156_pCv2y1Q0 (96752050-1ba3-40f8-b2bc-973db2577871)
2019-07-26 09:31:46.972 22705 RALLYDEBUG rally_openstack.cleanup.manager [-] Deleting neutron.network object s_rally_97480156_jYnxvpDo (9d979059-0c5f-4954-9bbc-e3fc6d71d27a)
2019-07-26 09:31:47.480 22705 RALLYDEBUG rally_openstack.cleanup.manager [-] Deleting neutron.network object s_rally_97480156_KSX4mzhS (9f808040-19d1-4b86-83b1-cf08190059cd)
2019-07-26 09:31:47.483 22705 RALLYDEBUG rally_openstack.cleanup.manager [-] Deleting neutron.network object s_rally_97480156_2aX2ovRF (afb4febf-2490-429f-91f8-ce96efc7bd3a)
2019-07-26 09:31:47.530 22705 RALLYDEBUG rally_openstack.cleanup.manager [-] Deleting neutron.network object s_rally_97480156_FjEuM17V (b12990ee-dc89-4458-a090-c58e6244d8fd)
2019-07-26 09:31:47.833 22705 RALLYDEBUG rally_openstack.cleanup.manager [-] Deleting neutron.network object s_rally_97480156_N5fsoHkD (c2255a00-5502-4691-b766-b6ff5582ef83)
2019-07-26 09:31:47.981 22705 RALLYDEBUG rally_openstack.cleanup.manager [-] Deleting neutron.network object s_rally_97480156_rsivTYqv (c4e5d168-0fd5-48f6-898b-4f46876a8029)
2019-07-26 09:31:48.930 22705 RALLYDEBUG rally_openstack.cleanup.manager [-] Deleting neutron.network object s_rally_97480156_hCkpvDF9 (c6e1dbc9-3a54-414f-a154-551bab8ade54)
2019-07-26 09:31:49.245 22705 RALLYDEBUG rally_openstack.cleanup.manager [-] Deleting neutron.network object s_rally_97480156_4uP6ggLK (cb26d55c-e048-4165-ade6-2fda33106887)
2019-07-26 09:31:49.727 22705 RALLYDEBUG rally_openstack.cleanup.manager [-] Deleting neutron.network object s_rally_97480156_V1gRRARH (d8485626-b0dc-40d6-8348-928de5937450)
2019-07-26 09:31:49.757 22705 RALLYDEBUG rally_openstack.cleanup.manager [-] Deleting neutron.network object s_rally_97480156_Ec2tcUyq (dbac1302-82cb-4d51-8628-c6baf6ac8eae)
2019-07-26 09:31:49.781 22705 RALLYDEBUG rally_openstack.cleanup.manager [-] Deleting neutron.network object s_rally_97480156_Ei2QU240 (df6c1195-65f4-42ec-ad07-44598266f88c)
2019-07-26 09:31:49.807 22705 RALLYDEBUG rally_openstack.cleanup.manager [-] Deleting neutron.network object s_rally_97480156_gEyf1gzB (e1400167-0b0d-4b7e-b65e-1dec252f1bd9)
2019-07-26 09:31:49.825 22705 RALLYDEBUG rally_openstack.cleanup.manager [-] Deleting neutron.network object s_rally_97480156_6ghQitYC (e50392ba-33a7-4e86-8f32-036b98e4a295)
2019-07-26 09:31:49.830 22705 RALLYDEBUG rally_openstack.cleanup.manager [-] Deleting neutron.network object s_rally_97480156_AYltvmWd (fb1e027a-7c45-41cd-aacb-d8217f81ae22)
2019-07-26 09:31:49.850 22705 RALLYDEBUG rally_openstack.cleanup.manager [-] Deleting neutron.network object s_rally_97480156_KgdOkQxm (ff4a7e30-8e54-4cbb-80f6-974964198799)
2019-07-26 09:31:56.963 22705 RALLYDEBUG rally_openstack.cleanup.manager [-] Cleaning up neutron router objects
2019-07-26 09:31:57.626 22705 RALLYDEBUG rally_openstack.cleanup.manager [-] Cleaning up neutron security_group objects
2019-07-26 09:31:58.273 22705 INFO rally.task.context [-] Task 3e705c15-d3f8-4826-81d5-f9904e263a70 | Context cleanup@openstack cleanup() finished in 20.69 sec
2019-07-26 09:31:58.274 22705 INFO rally.task.context [-] Task 3e705c15-d3f8-4826-81d5-f9904e263a70 | Context quotas@openstack cleanup() started
2019-07-26 09:31:58.558 22705 INFO rally.task.context [-] Task 3e705c15-d3f8-4826-81d5-f9904e263a70 | Context quotas@openstack cleanup() finished in 0.28 sec
2019-07-26 09:31:58.559 22705 INFO rally.task.context [-] Task 3e705c15-d3f8-4826-81d5-f9904e263a70 | Context users@openstack cleanup() started
2019-07-26 09:32:02.992 22705 INFO rally.task.context [-] Task 3e705c15-d3f8-4826-81d5-f9904e263a70 | Context users@openstack cleanup() finished in 4.43 sec
2019-07-26 09:32:03.551 22705 INFO rally.task.engine [-] Load duration is: 35.239412
2019-07-26 09:32:03.552 22705 INFO rally.task.engine [-] Full runner duration is: 35.290766
2019-07-26 09:32:03.552 22705 INFO rally.task.engine [-] Full duration is: 65.740233
2019-07-26 09:32:03.836 22705 INFO rally.task.engine [-] Running workload: position = 0 config = { "version": 2, "title": "A cropped version of a bigger task.", "description": "Auto-generated task from a single workload (uuid=0e15a89b-06d8-467f-a513-6b5fa0ff3179)", "subtasks": [ { "title": "NeutronNetworks.create_and_list_routers", "description": "Create and a given number of routers and list all routers.", "scenario": { "NeutronNetworks.create_and_list_routers": { "network_create_args": null, "subnet_create_args": null, "subnet_cidr_start": "1.1.0.0/30", "subnets_per_network": 2, "router_create_args": null } }, "contexts": { "users": { "tenants": 1, "users_per_tenant": 1 }, "quotas": { "neutron": { "network": -1, "subnet": -1, "router": -1 } } }, "runner": { "constant": { "times": 40, "concurrency": 20 } }, "hooks": [], "sla": { "failure_rate": { "max": 0 } } } ] }
2019-07-26 09:32:03.861 22705 RALLYDEBUG rally_openstack.contexts.keystone.users [-] Creating 1 tenants using 20 threads
2019-07-26 09:32:05.567 22705 RALLYDEBUG rally_openstack.contexts.keystone.users [-] Creating 1 users using 20 threads
2019-07-26 09:32:07.994 22705 INFO rally.task.context [-] Task 3e705c15-d3f8-4826-81d5-f9904e263a70 | Context users@openstack setup() finished in 4.13 sec
2019-07-26 09:32:08.765 22705 INFO rally.task.context [-] Task 3e705c15-d3f8-4826-81d5-f9904e263a70 | Context quotas@openstack setup() finished in 0.77 sec
2019-07-26 09:32:08.766 22705 INFO rally.task.context [-] Task 3e705c15-d3f8-4826-81d5-f9904e263a70 | Context cleanup@openstack setup() finished in 0.01 msec
2019-07-26 09:32:08.773 22705 RALLYDEBUG rally.task.runner [-] Starting the constant runner (task UUID: 3e705c15-d3f8-4826-81d5-f9904e263a70). timeout: 0 concurrency: 20 concurrency_per_worker: 1 times: 40 concurrency_overhead: 4 processes_to_start: 16 max_cpu_used: 16
2019-07-26 09:32:08.786 25169 RALLYDEBUG rally.task.runner [-] Starting a worker. concurrency: 2 args: {"network_create_args": null, "subnet_create_args": null, "subnet_cidr_start": "1.1.0.0/30", "subnets_per_network": 2, "router_create_args": null} times: 40 method_name: run timeout: 0 duration: None cls:
2019-07-26 09:32:08.788 25170 RALLYDEBUG rally.task.runner [-] Starting a worker. concurrency: 2 args: {"network_create_args": null, "subnet_create_args": null, "subnet_cidr_start": "1.1.0.0/30", "subnets_per_network": 2, "router_create_args": null} times: 40 method_name: run timeout: 0 duration: None cls:
2019-07-26 09:32:08.791 25171 RALLYDEBUG rally.task.runner [-] Starting a worker. concurrency: 2 args: {"network_create_args": null, "subnet_create_args": null, "subnet_cidr_start": "1.1.0.0/30", "subnets_per_network": 2, "router_create_args": null} times: 40 method_name: run timeout: 0 duration: None cls:
2019-07-26 09:32:08.795 25172 RALLYDEBUG rally.task.runner [-] Starting a worker. concurrency: 2 args: {"network_create_args": null, "subnet_create_args": null, "subnet_cidr_start": "1.1.0.0/30", "subnets_per_network": 2, "router_create_args": null} times: 40 method_name: run timeout: 0 duration: None cls:
2019-07-26 09:32:08.796 25170 INFO rally.task.runner [-] Task 3e705c15-d3f8-4826-81d5-f9904e263a70 | ITER: 2 START
2019-07-26 09:32:08.795 25169 INFO rally.task.runner [-] Task 3e705c15-d3f8-4826-81d5-f9904e263a70 | ITER: 1 START
2019-07-26 09:32:08.797 25171 INFO rally.task.runner [-] Task 3e705c15-d3f8-4826-81d5-f9904e263a70 | ITER: 4 START
2019-07-26 09:32:08.798 25174 RALLYDEBUG rally.task.runner [-] Starting a worker. concurrency: 1 args: {"network_create_args": null, "subnet_create_args": null, "subnet_cidr_start": "1.1.0.0/30", "subnets_per_network": 2, "router_create_args": null} times: 40 method_name: run timeout: 0 duration: None cls:
2019-07-26 09:32:08.798 25177 RALLYDEBUG rally.task.runner [-] Starting a worker. concurrency: 1 args: {"network_create_args": null, "subnet_create_args": null, "subnet_cidr_start": "1.1.0.0/30", "subnets_per_network": 2, "router_create_args": null} times: 40 method_name: run timeout: 0 duration: None cls:
2019-07-26 09:32:08.796 25169 INFO rally.task.runner [-] Task 3e705c15-d3f8-4826-81d5-f9904e263a70 | ITER: 3 START
2019-07-26 09:32:08.803 25172 INFO rally.task.runner [-] Task 3e705c15-d3f8-4826-81d5-f9904e263a70 | ITER: 7 START
2019-07-26 09:32:08.805 25177 INFO rally.task.runner [-] Task 3e705c15-d3f8-4826-81d5-f9904e263a70 | ITER: 10 START
2019-07-26 09:32:08.805 25183 RALLYDEBUG rally.task.runner [-] Starting a worker. concurrency: 1 args: {"network_create_args": null, "subnet_create_args": null, "subnet_cidr_start": "1.1.0.0/30", "subnets_per_network": 2, "router_create_args": null} times: 40 method_name: run timeout: 0 duration: None cls:
2019-07-26 09:32:08.806 25172 INFO rally.task.runner [-] Task 3e705c15-d3f8-4826-81d5-f9904e263a70 | ITER: 8 START
2019-07-26 09:32:08.806 25170 INFO rally.task.runner [-] Task 3e705c15-d3f8-4826-81d5-f9904e263a70 | ITER: 5 START
2019-07-26 09:32:08.810 25186 RALLYDEBUG rally.task.runner [-] Starting a worker. concurrency: 1 args: {"network_create_args": null, "subnet_create_args": null, "subnet_cidr_start": "1.1.0.0/30", "subnets_per_network": 2, "router_create_args": null} times: 40 method_name: run timeout: 0 duration: None cls:
2019-07-26 09:32:08.812 25174 INFO rally.task.runner [-] Task 3e705c15-d3f8-4826-81d5-f9904e263a70 | ITER: 9 START
2019-07-26 09:32:08.812 25183 INFO rally.task.runner [-] Task 3e705c15-d3f8-4826-81d5-f9904e263a70 | ITER: 11 START
2019-07-26 09:32:08.814 25190 RALLYDEBUG rally.task.runner [-] Starting a worker. concurrency: 1 args: {"network_create_args": null, "subnet_create_args": null, "subnet_cidr_start": "1.1.0.0/30", "subnets_per_network": 2, "router_create_args": null} times: 40 method_name: run timeout: 0 duration: None cls:
2019-07-26 09:32:08.815 25193 RALLYDEBUG rally.task.runner [-] Starting a worker. concurrency: 1 args: {"network_create_args": null, "subnet_create_args": null, "subnet_cidr_start": "1.1.0.0/30", "subnets_per_network": 2, "router_create_args": null} times: 40 method_name: run timeout: 0 duration: None cls:
2019-07-26 09:32:08.820 25171 INFO rally.task.runner [-] Task 3e705c15-d3f8-4826-81d5-f9904e263a70 | ITER: 6 START
2019-07-26 09:32:08.820 25193 INFO rally.task.runner [-] Task 3e705c15-d3f8-4826-81d5-f9904e263a70 | ITER: 14 START
2019-07-26 09:32:08.821 25186 INFO rally.task.runner [-] Task 3e705c15-d3f8-4826-81d5-f9904e263a70 | ITER: 12 START
2019-07-26 09:32:08.821 25190 INFO rally.task.runner [-] Task 3e705c15-d3f8-4826-81d5-f9904e263a70 | ITER: 13 START
2019-07-26 09:32:08.822 25196 RALLYDEBUG rally.task.runner [-] Starting a worker. concurrency: 1 args: {"network_create_args": null, "subnet_create_args": null, "subnet_cidr_start": "1.1.0.0/30", "subnets_per_network": 2, "router_create_args": null} times: 40 method_name: run timeout: 0 duration: None cls:
2019-07-26 09:32:08.828 25204 RALLYDEBUG rally.task.runner [-] Starting a worker. concurrency: 1 args: {"network_create_args": null, "subnet_create_args": null, "subnet_cidr_start": "1.1.0.0/30", "subnets_per_network": 2, "router_create_args": null} times: 40 method_name: run timeout: 0 duration: None cls:
2019-07-26 09:32:08.831 25196 INFO rally.task.runner [-] Task 3e705c15-d3f8-4826-81d5-f9904e263a70 | ITER: 15 START
2019-07-26 09:32:08.834 25204 INFO rally.task.runner [-] Task 3e705c15-d3f8-4826-81d5-f9904e263a70 | ITER: 16 START
2019-07-26 09:32:08.836 25206 RALLYDEBUG rally.task.runner [-] Starting a worker. concurrency: 1 args: {"network_create_args": null, "subnet_create_args": null, "subnet_cidr_start": "1.1.0.0/30", "subnets_per_network": 2, "router_create_args": null} times: 40 method_name: run timeout: 0 duration: None cls:
2019-07-26 09:32:08.840 25206 INFO rally.task.runner [-] Task 3e705c15-d3f8-4826-81d5-f9904e263a70 | ITER: 17 START
2019-07-26 09:32:08.847 25212 RALLYDEBUG rally.task.runner [-] Starting a worker. concurrency: 1 args: {"network_create_args": null, "subnet_create_args": null, "subnet_cidr_start": "1.1.0.0/30", "subnets_per_network": 2, "router_create_args": null} times: 40 method_name: run timeout: 0 duration: None cls:
2019-07-26 09:32:08.852 25212 INFO rally.task.runner [-] Task 3e705c15-d3f8-4826-81d5-f9904e263a70 | ITER: 18 START
2019-07-26 09:32:08.853 25213 RALLYDEBUG rally.task.runner [-] Starting a worker. concurrency: 1 args: {"network_create_args": null, "subnet_create_args": null, "subnet_cidr_start": "1.1.0.0/30", "subnets_per_network": 2, "router_create_args": null} times: 40 method_name: run timeout: 0 duration: None cls:
2019-07-26 09:32:08.857 25213 INFO rally.task.runner [-] Task 3e705c15-d3f8-4826-81d5-f9904e263a70 | ITER: 19 START
2019-07-26 09:32:08.858 25216 RALLYDEBUG rally.task.runner [-] Starting a worker. concurrency: 1 args: {"network_create_args": null, "subnet_create_args": null, "subnet_cidr_start": "1.1.0.0/30", "subnets_per_network": 2, "router_create_args": null} times: 40 method_name: run timeout: 0 duration: None cls:
2019-07-26 09:32:08.862 25216 INFO rally.task.runner [-] Task 3e705c15-d3f8-4826-81d5-f9904e263a70 | ITER: 20 START
2019-07-26 09:32:10.522 25190 RALLYDEBUG rally_openstack.wrappers.network [-] CIDR generated: 1.1.5.160/30
2019-07-26 09:32:10.566 25170 RALLYDEBUG rally_openstack.wrappers.network [-] CIDR generated: 1.1.5.164/30
2019-07-26 09:32:10.578 25183 RALLYDEBUG rally_openstack.wrappers.network [-] CIDR generated: 1.1.5.168/30
2019-07-26 09:32:10.584 25170 RALLYDEBUG rally_openstack.wrappers.network [-] CIDR generated: 1.1.5.172/30
2019-07-26 09:32:10.630 25172 RALLYDEBUG rally_openstack.wrappers.network [-] CIDR generated: 1.1.5.176/30
2019-07-26 09:32:10.641 25193 RALLYDEBUG rally_openstack.wrappers.network [-] CIDR generated: 1.1.5.180/30
2019-07-26 09:32:10.664 25169 RALLYDEBUG rally_openstack.wrappers.network [-] CIDR generated: 1.1.5.184/30
2019-07-26 09:32:10.668 25172 RALLYDEBUG rally_openstack.wrappers.network [-] CIDR generated: 1.1.5.188/30
2019-07-26 09:32:10.721 25174 RALLYDEBUG rally_openstack.wrappers.network [-] CIDR generated: 1.1.5.192/30
2019-07-26 09:32:10.819 25206 RALLYDEBUG rally_openstack.wrappers.network [-] CIDR generated: 1.1.5.196/30
2019-07-26 09:32:10.917 25171 RALLYDEBUG rally_openstack.wrappers.network [-] CIDR generated: 1.1.5.200/30
2019-07-26 09:32:11.071 25177 RALLYDEBUG rally_openstack.wrappers.network [-] CIDR generated: 1.1.5.208/30
2019-07-26 09:32:11.071 25186 RALLYDEBUG rally_openstack.wrappers.network [-] CIDR generated: 1.1.5.204/30
2019-07-26 09:32:11.276 25212 RALLYDEBUG rally_openstack.wrappers.network [-] CIDR generated: 1.1.5.212/30
2019-07-26 09:32:11.376 25169 RALLYDEBUG rally_openstack.wrappers.network [-] CIDR generated: 1.1.5.216/30
2019-07-26 09:32:11.423 25213 RALLYDEBUG rally_openstack.wrappers.network [-] CIDR generated: 1.1.5.220/30
2019-07-26 09:32:11.445 25171 RALLYDEBUG rally_openstack.wrappers.network [-] CIDR generated: 1.1.5.224/30
2019-07-26 09:32:11.796 25204 RALLYDEBUG rally_openstack.wrappers.network [-] CIDR generated: 1.1.5.228/30
2019-07-26 09:32:12.096 25216 RALLYDEBUG rally_openstack.wrappers.network [-] CIDR generated: 1.1.5.232/30
2019-07-26 09:32:12.415 25196 RALLYDEBUG rally_openstack.wrappers.network [-] CIDR generated: 1.1.5.236/30
2019-07-26 09:32:12.648 25170 RALLYDEBUG rally_openstack.wrappers.network [-] CIDR generated: 1.1.5.240/30
2019-07-26 09:32:12.762 25190 RALLYDEBUG rally_openstack.wrappers.network [-] CIDR generated: 1.1.5.244/30
2019-07-26 09:32:12.772 25171 RALLYDEBUG rally_openstack.wrappers.network [-] CIDR generated: 1.1.5.248/30
2019-07-26 09:32:13.167 25171 RALLYDEBUG rally_openstack.wrappers.network [-] CIDR generated: 1.1.5.252/30
2019-07-26 09:32:13.232 25206 RALLYDEBUG rally_openstack.wrappers.network [-] CIDR generated: 1.1.6.0/30
2019-07-26 09:32:13.357 25186 RALLYDEBUG rally_openstack.wrappers.network [-] CIDR generated: 1.1.6.4/30
2019-07-26 09:32:14.088 25193 RALLYDEBUG rally_openstack.wrappers.network [-] CIDR generated: 1.1.6.8/30
2019-07-26 09:32:14.457 25172 RALLYDEBUG rally_openstack.wrappers.network [-] CIDR generated: 1.1.6.12/30
2019-07-26 09:32:14.849 25177 RALLYDEBUG rally_openstack.wrappers.network [-] CIDR generated: 1.1.6.16/30
2019-07-26 09:32:15.118 25169 RALLYDEBUG rally_openstack.wrappers.network [-] CIDR generated: 1.1.6.20/30
2019-07-26 09:32:15.322 25172 RALLYDEBUG rally_openstack.wrappers.network [-] CIDR generated: 1.1.6.24/30
2019-07-26 09:32:15.454 25212 RALLYDEBUG rally_openstack.wrappers.network [-] CIDR generated: 1.1.6.28/30
2019-07-26 09:32:15.486 25213 RALLYDEBUG rally_openstack.wrappers.network [-] CIDR generated: 1.1.6.32/30
2019-07-26 09:32:15.522 25169 RALLYDEBUG rally_openstack.wrappers.network [-] CIDR generated: 1.1.6.36/30
2019-07-26 09:32:15.732 25170 RALLYDEBUG rally_openstack.wrappers.network [-] CIDR generated: 1.1.6.40/30
2019-07-26 09:32:15.784 25174 RALLYDEBUG rally_openstack.wrappers.network [-] CIDR generated: 1.1.6.44/30
2019-07-26 09:32:15.836 25183 RALLYDEBUG rally_openstack.wrappers.network [-] CIDR generated: 1.1.6.48/30
2019-07-26 09:32:16.358 25204 RALLYDEBUG rally_openstack.wrappers.network [-] CIDR generated: 1.1.6.52/30
2019-07-26 09:32:16.741 25216 RALLYDEBUG rally_openstack.wrappers.network [-] CIDR generated: 1.1.6.56/30
2019-07-26 09:32:16.820 25196 RALLYDEBUG rally_openstack.wrappers.network [-] CIDR generated: 1.1.6.60/30
2019-07-26 09:32:28.292 25170 INFO rally.task.runner [-] Task 3e705c15-d3f8-4826-81d5-f9904e263a70 | ITER: 5 END: OK
2019-07-26 09:32:28.297 25170 INFO rally.task.runner [-] Task 3e705c15-d3f8-4826-81d5-f9904e263a70 | ITER: 21 START
2019-07-26 09:32:28.303 25190 INFO rally.task.runner [-] Task 3e705c15-d3f8-4826-81d5-f9904e263a70 | ITER: 13 END: OK
2019-07-26 09:32:28.308 25190 INFO rally.task.runner [-] Task 3e705c15-d3f8-4826-81d5-f9904e263a70 | ITER: 22 START
2019-07-26 09:32:29.090 25171 INFO rally.task.runner [-] Task 3e705c15-d3f8-4826-81d5-f9904e263a70 | ITER: 4 END: OK
2019-07-26 09:32:29.094 25171 INFO rally.task.runner [-] Task 3e705c15-d3f8-4826-81d5-f9904e263a70 | ITER: 23 START
2019-07-26 09:32:29.110 25171 INFO rally.task.runner [-] Task 3e705c15-d3f8-4826-81d5-f9904e263a70 | ITER: 6 END: OK
2019-07-26 09:32:29.113 25171 INFO rally.task.runner [-] Task 3e705c15-d3f8-4826-81d5-f9904e263a70 | ITER: 24 START
2019-07-26 09:32:30.021 25170 RALLYDEBUG rally_openstack.wrappers.network [-] CIDR generated: 1.1.6.64/30
2019-07-26 09:32:30.022 25190 RALLYDEBUG rally_openstack.wrappers.network [-] CIDR generated: 1.1.6.68/30
2019-07-26 09:32:30.671 25206 INFO rally.task.runner [-] Task 3e705c15-d3f8-4826-81d5-f9904e263a70 | ITER: 17 END: OK
2019-07-26 09:32:30.675 25206 INFO rally.task.runner [-] Task 3e705c15-d3f8-4826-81d5-f9904e263a70 | ITER: 25 START
