2019-07-26 08:00:40.365 4171 RALLYDEBUG rally.task.runner [-] Starting a worker. concurrency: 1 args: {"size": {"max": 1, "min": 1}} times: 10 method_name: run timeout: 0 duration: None cls:
2019-07-26 08:00:40.370 4172 INFO rally.task.runner [-] Task 23a42665-6f0a-463e-ac38-55a2fee7dd48 | ITER: 2 START
2019-07-26 08:00:40.373 4171 INFO rally.task.runner [-] Task 23a42665-6f0a-463e-ac38-55a2fee7dd48 | ITER: 3 START
2019-07-26 08:00:40.375 4175 RALLYDEBUG rally.task.runner [-] Starting a worker. concurrency: 1 args: {"size": {"max": 1, "min": 1}} times: 10 method_name: run timeout: 0 duration: None cls:
2019-07-26 08:00:40.385 4175 INFO rally.task.runner [-] Task 23a42665-6f0a-463e-ac38-55a2fee7dd48 | ITER: 4 START
2019-07-26 08:00:44.313 4170 INFO rally.task.runner [-] Task 23a42665-6f0a-463e-ac38-55a2fee7dd48 | ITER: 1 END: OK
2019-07-26 08:00:44.319 4170 INFO rally.task.runner [-] Task 23a42665-6f0a-463e-ac38-55a2fee7dd48 | ITER: 5 START
2019-07-26 08:00:44.354 4175 RALLYDEBUG rally.task.utils [-] Waiting for resource s_rally_a6d852f1_gKo824S1. Status changed: AVAILABLE => DELETING in 0.0663859844208
2019-07-26 08:00:44.411 4171 RALLYDEBUG rally.task.utils [-] Waiting for resource s_rally_a6d852f1_G9XuUG0h. Status changed: AVAILABLE => DELETING in 0.0560698509216
2019-07-26 08:00:44.524 4172 RALLYDEBUG rally.task.utils [-] Waiting for resource s_rally_a6d852f1_64u0lCS9. Status changed: AVAILABLE => DELETING in 0.24245595932
2019-07-26 08:00:46.653 4171 INFO rally.task.runner [-] Task 23a42665-6f0a-463e-ac38-55a2fee7dd48 | ITER: 3 END: OK
2019-07-26 08:00:46.659 4171 INFO rally.task.runner [-] Task 23a42665-6f0a-463e-ac38-55a2fee7dd48 | ITER: 6 START
2019-07-26 08:00:46.663 4175 INFO rally.task.runner [-] Task 23a42665-6f0a-463e-ac38-55a2fee7dd48 | ITER: 4 END: OK
2019-07-26 08:00:46.668 4175 INFO rally.task.runner [-] Task 23a42665-6f0a-463e-ac38-55a2fee7dd48 | ITER: 7 START
2019-07-26 08:00:46.822 4172 INFO rally.task.runner [-] Task 23a42665-6f0a-463e-ac38-55a2fee7dd48 | ITER: 2 END: OK
2019-07-26 08:00:46.828 4172 INFO rally.task.runner [-] Task 23a42665-6f0a-463e-ac38-55a2fee7dd48 | ITER: 8 START
2019-07-26 08:00:47.979 4170 RALLYDEBUG rally.task.utils [-] Waiting for resource s_rally_a6d852f1_futMdek3. Status changed: AVAILABLE => DELETING in 0.234826087952
2019-07-26 08:00:50.020 4170 INFO rally.task.runner [-] Task 23a42665-6f0a-463e-ac38-55a2fee7dd48 | ITER: 5 END: OK
2019-07-26 08:00:50.026 4170 INFO rally.task.runner [-] Task 23a42665-6f0a-463e-ac38-55a2fee7dd48 | ITER: 9 START
2019-07-26 08:00:50.309 4171 RALLYDEBUG rally.task.utils [-] Waiting for resource s_rally_a6d852f1_H9q5yLAb. Status changed: AVAILABLE => DELETING in 0.0537600517273
2019-07-26 08:00:50.636 4175 RALLYDEBUG rally.task.utils [-] Waiting for resource s_rally_a6d852f1_KQtm2arw. Status changed: AVAILABLE => DELETING in 0.249444007874
2019-07-26 08:00:50.907 4172 RALLYDEBUG rally.task.utils [-] Waiting for resource s_rally_a6d852f1_j5t3IzJm. Status changed: AVAILABLE => DELETING in 0.299458026886
2019-07-26 08:00:52.625 4171 INFO rally.task.runner [-] Task 23a42665-6f0a-463e-ac38-55a2fee7dd48 | ITER: 6 END: OK
2019-07-26 08:00:52.631 4171 INFO rally.task.runner [-] Task 23a42665-6f0a-463e-ac38-55a2fee7dd48 | ITER: 10 START
2019-07-26 08:00:52.963 4175 INFO rally.task.runner [-] Task 23a42665-6f0a-463e-ac38-55a2fee7dd48 | ITER: 7 END: OK
2019-07-26 08:00:53.146 4172 INFO rally.task.runner [-] Task 23a42665-6f0a-463e-ac38-55a2fee7dd48 | ITER: 8 END: OK
2019-07-26 08:00:54.179 4170 INFO rally.task.runner [-] Task 23a42665-6f0a-463e-ac38-55a2fee7dd48 | ITER: 9 END: OK
2019-07-26 08:00:56.518 4171 INFO rally.task.runner [-] Task 23a42665-6f0a-463e-ac38-55a2fee7dd48 | ITER: 10 END: OK
2019-07-26 08:00:56.544 1842 INFO rally.task.context [-] Task 23a42665-6f0a-463e-ac38-55a2fee7dd48 | Context cleanup@openstack cleanup() started
2019-07-26 08:00:56.547 1842 RALLYDEBUG rally_openstack.cleanup.manager [-] Cleaning up cinder backups objects
2019-07-26 08:00:58.441 1842 RALLYDEBUG rally_openstack.cleanup.manager [-] Cleaning up cinder volume_snapshots objects
2019-07-26 08:01:00.477 1842 RALLYDEBUG rally_openstack.cleanup.manager [-] Cleaning up cinder transfers objects
2019-07-26 08:01:02.593 1842 RALLYDEBUG rally_openstack.cleanup.manager [-] Cleaning up cinder volumes objects
2019-07-26 08:01:04.637 1842 INFO rally.task.context [-] Task 23a42665-6f0a-463e-ac38-55a2fee7dd48 | Context cleanup@openstack cleanup() finished in 8.09 sec
2019-07-26 08:01:04.638 1842 INFO rally.task.context [-] Task 23a42665-6f0a-463e-ac38-55a2fee7dd48 | Context quotas@openstack cleanup() started
2019-07-26 08:01:05.349 1842 INFO rally.task.context [-] Task 23a42665-6f0a-463e-ac38-55a2fee7dd48 | Context quotas@openstack cleanup() finished in 0.71 sec
2019-07-26 08:01:05.349 1842 INFO rally.task.context [-] Task 23a42665-6f0a-463e-ac38-55a2fee7dd48 | Context api_versions@openstack cleanup() started
2019-07-26 08:01:05.349 1842 INFO rally.task.context [-] Task 23a42665-6f0a-463e-ac38-55a2fee7dd48 | Context api_versions@openstack cleanup() finished in 0.31 msec
2019-07-26 08:01:05.350 1842 INFO rally.task.context [-] Task 23a42665-6f0a-463e-ac38-55a2fee7dd48 | Context users@openstack cleanup() started
2019-07-26 08:01:12.219 1842 INFO rally.task.context [-] Task 23a42665-6f0a-463e-ac38-55a2fee7dd48 | Context users@openstack cleanup() finished in 6.87 sec
2019-07-26 08:01:13.325 1842 INFO rally.task.engine [-] Load duration is: 16.1455
2019-07-26 08:01:13.325 1842 INFO rally.task.engine [-] Full runner duration is: 16.194382
2019-07-26 08:01:13.326 1842 INFO rally.task.engine [-] Full duration is: 39.050661
2019-07-26 08:01:13.499 1842 INFO rally.task.engine [-] Running workload: position = 1 config = { "version": 2, "title": "A cropped version of a bigger task.", "description": "Auto-generated task from a single workload (uuid=fcac5030-3c91-4ce3-aa83-e06317f0f226)", "subtasks": [ { "title": "CinderVolumes.create_and_delete_volume", "description": "Create and then delete a volume.", "scenario": { "CinderVolumes.create_and_delete_volume": { "image": { "name": "rally_full-img_e9ac6848-eda2-4dc7-86fa-0539806dab32" }, "size": 1 } }, "contexts": { "users": { "tenants": 3, "users_per_tenant": 2 }, "quotas": { "cinder": { "gigabytes": -1, "snapshots": -1, "volumes": -1 } }, "api_versions": { "cinder": { "version": 3, "service_type": "volumev3" } } }, "runner": { "constant": { "concurrency": 4, "times": 10 } }, "hooks": [], "sla": { "failure_rate": { "max": 0 } } } ] }
2019-07-26 08:01:13.521 1842 RALLYDEBUG rally_openstack.contexts.keystone.users [-] Creating 3 tenants using 20 threads
2019-07-26 08:01:15.316 1842 RALLYDEBUG rally_openstack.contexts.keystone.users [-] Creating 6 users using 20 threads
2019-07-26 08:01:18.000 1842 INFO rally.task.context [-] Task 23a42665-6f0a-463e-ac38-55a2fee7dd48 | Context users@openstack setup() finished in 4.48 sec
2019-07-26 08:01:18.422 1842 INFO rally.task.context [-] Task 23a42665-6f0a-463e-ac38-55a2fee7dd48 | Context api_versions@openstack setup() finished in 0.42 sec
2019-07-26 08:01:19.950 1842 INFO rally.task.context [-] Task 23a42665-6f0a-463e-ac38-55a2fee7dd48 | Context quotas@openstack setup() finished in 1.53 sec
2019-07-26 08:01:19.950 1842 INFO rally.task.context [-] Task 23a42665-6f0a-463e-ac38-55a2fee7dd48 | Context cleanup@openstack setup() finished in 0.01 msec
2019-07-26 08:01:20.674 1842 RALLYDEBUG rally.task.runner [-] Starting the constant runner (task UUID: 23a42665-6f0a-463e-ac38-55a2fee7dd48). timeout: 0 concurrency: 4 concurrency_per_worker: 1 times: 10 concurrency_overhead: 0 processes_to_start: 4 max_cpu_used: 16
2019-07-26 08:01:20.686 4354 RALLYDEBUG rally.task.runner [-] Starting a worker. concurrency: 1 args: {"image": "ecd4f39e-28e7-4cda-b06c-5243c181439f", "size": 1} times: 10 method_name: run timeout: 0 duration: None cls:
2019-07-26 08:01:20.690 4355 RALLYDEBUG rally.task.runner [-] Starting a worker. concurrency: 1 args: {"image": "ecd4f39e-28e7-4cda-b06c-5243c181439f", "size": 1} times: 10 method_name: run timeout: 0 duration: None cls:
2019-07-26 08:01:20.692 4356 RALLYDEBUG rally.task.runner [-] Starting a worker. concurrency: 1 args: {"image": "ecd4f39e-28e7-4cda-b06c-5243c181439f", "size": 1} times: 10 method_name: run timeout: 0 duration: None cls:
2019-07-26 08:01:20.695 4354 INFO rally.task.runner [-] Task 23a42665-6f0a-463e-ac38-55a2fee7dd48 | ITER: 1 START
2019-07-26 08:01:20.695 4357 RALLYDEBUG rally.task.runner [-] Starting a worker. concurrency: 1 args: {"image": "ecd4f39e-28e7-4cda-b06c-5243c181439f", "size": 1} times: 10 method_name: run timeout: 0 duration: None cls:
2019-07-26 08:01:20.698 4355 INFO rally.task.runner [-] Task 23a42665-6f0a-463e-ac38-55a2fee7dd48 | ITER: 2 START
2019-07-26 08:01:20.699 4356 INFO rally.task.runner [-] Task 23a42665-6f0a-463e-ac38-55a2fee7dd48 | ITER: 3 START
2019-07-26 08:01:20.702 4357 INFO rally.task.runner [-] Task 23a42665-6f0a-463e-ac38-55a2fee7dd48 | ITER: 4 START
2019-07-26 08:01:27.154 4356 RALLYDEBUG rally.task.utils [-] Waiting for resource s_rally_fcac5030_Dd2HLDc6. Status changed: DOWNLOADING => AVAILABLE in 3.03570008278
2019-07-26 08:01:27.217 4357 RALLYDEBUG rally.task.utils [-] Waiting for resource s_rally_fcac5030_dvQeIkKj. Status changed: DOWNLOADING => AVAILABLE in 2.99365186691
2019-07-26 08:01:27.229 4354 RALLYDEBUG rally.task.utils [-] Waiting for resource s_rally_fcac5030_55XF6H7T. Status changed: DOWNLOADING => AVAILABLE in 3.03799295425
2019-07-26 08:01:27.262 4355 RALLYDEBUG rally.task.utils [-] Waiting for resource s_rally_fcac5030_92tDwFp8. Status changed: DOWNLOADING => AVAILABLE in 3.05089092255
2019-07-26 08:01:27.505 4356 RALLYDEBUG rally.task.utils [-] Waiting for resource s_rally_fcac5030_Dd2HLDc6. Status changed: AVAILABLE => DELETING in 0.0566079616547
2019-07-26 08:01:27.612 4357 INFO rally.task.runner [-] Task 23a42665-6f0a-463e-ac38-55a2fee7dd48 | ITER: 4 END: OK
2019-07-26 08:01:27.617 4357 INFO rally.task.runner [-] Task 23a42665-6f0a-463e-ac38-55a2fee7dd48 | ITER: 5 START
2019-07-26 08:01:27.865 4354 RALLYDEBUG rally.task.utils [-] Waiting for resource s_rally_fcac5030_55XF6H7T. Status changed: AVAILABLE => DELETING in 0.275735139847
2019-07-26 08:01:27.894 4355 RALLYDEBUG rally.task.utils [-] Waiting for resource s_rally_fcac5030_92tDwFp8. Status changed: AVAILABLE => DELETING in 0.358930110931
2019-07-26 08:01:29.732 4356 INFO rally.task.runner [-] Task 23a42665-6f0a-463e-ac38-55a2fee7dd48 | ITER: 3 END: OK
2019-07-26 08:01:29.737 4356 INFO rally.task.runner [-] Task 23a42665-6f0a-463e-ac38-55a2fee7dd48 | ITER: 6 START
2019-07-26 08:01:29.905 4354 INFO rally.task.runner [-] Task 23a42665-6f0a-463e-ac38-55a2fee7dd48 | ITER: 1 END: OK
2019-07-26 08:01:29.910 4354 INFO rally.task.runner [-] Task 23a42665-6f0a-463e-ac38-55a2fee7dd48 | ITER: 7 START
2019-07-26 08:01:30.151 4355 INFO rally.task.runner [-] Task 23a42665-6f0a-463e-ac38-55a2fee7dd48 | ITER: 2 END: OK
2019-07-26 08:01:30.156 4355 INFO rally.task.runner [-] Task 23a42665-6f0a-463e-ac38-55a2fee7dd48 | ITER: 8 START
2019-07-26 08:01:33.926 4357 RALLYDEBUG rally.task.utils [-] Waiting for resource s_rally_fcac5030_hHKdQKwX. Status changed: DOWNLOADING => AVAILABLE in 2.99218797684
2019-07-26 08:01:34.551 4357 RALLYDEBUG rally.task.utils [-] Waiting for resource s_rally_fcac5030_hHKdQKwX. Status changed: AVAILABLE => DELETING in 0.254641056061
2019-07-26 08:01:35.542 4356 RALLYDEBUG rally.task.utils [-] Waiting for resource s_rally_fcac5030_YCjKN3PQ. Status changed: CREATING => DOWNLOADING in 2.44384288788
2019-07-26 08:01:36.045 4354 RALLYDEBUG rally.task.utils [-] Waiting for resource s_rally_fcac5030_AsCFyAOG. Status changed: DOWNLOADING => AVAILABLE in 2.72967886925
2019-07-26 08:01:36.397 4355 RALLYDEBUG rally.task.utils [-] Waiting for resource s_rally_fcac5030_k4YKDE20. Status changed: DOWNLOADING => AVAILABLE in 2.87058496475
2019-07-26 08:01:36.616 4354 RALLYDEBUG rally.task.utils [-] Waiting for resource s_rally_fcac5030_AsCFyAOG. Status changed: AVAILABLE => DELETING in 0.243587017059
2019-07-26 08:01:36.774 4357 INFO rally.task.runner [-] Task 23a42665-6f0a-463e-ac38-55a2fee7dd48 | ITER: 5 END: OK
2019-07-26 08:01:36.780 4357 INFO rally.task.runner [-] Task 23a42665-6f0a-463e-ac38-55a2fee7dd48 | ITER: 9 START
2019-07-26 08:01:37.028 4355 RALLYDEBUG rally.task.utils [-] Waiting for resource s_rally_fcac5030_k4YKDE20. Status changed: AVAILABLE => DELETING in 0.244211196899
2019-07-26 08:01:37.595 4356 RALLYDEBUG rally.task.utils [-] Waiting for resource s_rally_fcac5030_YCjKN3PQ. Status changed: DOWNLOADING => AVAILABLE in 2.05298018456
2019-07-26 08:01:38.260 4356 INFO rally.task.runner [-] Task 23a42665-6f0a-463e-ac38-55a2fee7dd48 | ITER: 6 END: OK
2019-07-26 08:01:38.264 4356 INFO rally.task.runner [-] Task 23a42665-6f0a-463e-ac38-55a2fee7dd48 | ITER: 10 START
2019-07-26 08:01:38.885 4354 INFO rally.task.runner [-] Task 23a42665-6f0a-463e-ac38-55a2fee7dd48 | ITER: 7 END: OK
2019-07-26 08:01:39.067 4355 INFO rally.task.runner [-] Task 23a42665-6f0a-463e-ac38-55a2fee7dd48 | ITER: 8 END: OK
2019-07-26 08:01:42.761 4357 RALLYDEBUG rally.task.utils [-] Waiting for resource s_rally_fcac5030_sA2MlwtY. Status changed: DOWNLOADING => AVAILABLE in 2.79093790054
2019-07-26 08:01:43.314 4357 RALLYDEBUG rally.task.utils [-] Waiting for resource s_rally_fcac5030_sA2MlwtY. Status changed: AVAILABLE => DELETING in 0.234969139099
2019-07-26 08:01:44.643 4356 RALLYDEBUG rally.task.utils [-] Waiting for resource s_rally_fcac5030_U0jAdtnv. Status changed: DOWNLOADING => AVAILABLE in 2.96985220909
2019-07-26 08:01:44.975 4356 RALLYDEBUG rally.task.utils [-] Waiting for resource s_rally_fcac5030_U0jAdtnv. Status changed: AVAILABLE => DELETING in 0.0513379573822
2019-07-26 08:01:45.614 4357 INFO rally.task.runner [-] Task 23a42665-6f0a-463e-ac38-55a2fee7dd48 | ITER: 9 END: OK
2019-07-26 08:01:47.199 4356 INFO rally.task.runner [-] Task 23a42665-6f0a-463e-ac38-55a2fee7dd48 | ITER: 10 END: OK
2019-07-26 08:01:47.226 1842 INFO rally.task.context [-] Task 23a42665-6f0a-463e-ac38-55a2fee7dd48 | Context cleanup@openstack cleanup() started
2019-07-26 08:01:47.228 1842 RALLYDEBUG rally_openstack.cleanup.manager [-] Cleaning up cinder backups objects
2019-07-26 08:01:49.291 1842 RALLYDEBUG rally_openstack.cleanup.manager [-] Cleaning up cinder volume_snapshots objects
2019-07-26 08:01:51.243 1842 RALLYDEBUG rally_openstack.cleanup.manager [-] Cleaning up cinder transfers objects
2019-07-26 08:01:53.206 1842 RALLYDEBUG rally_openstack.cleanup.manager [-] Cleaning up cinder volumes objects
2019-07-26 08:01:55.115 1842 INFO rally.task.context [-] Task 23a42665-6f0a-463e-ac38-55a2fee7dd48 | Context cleanup@openstack cleanup() finished in 7.89 sec
2019-07-26 08:01:55.116 1842 INFO rally.task.context [-] Task 23a42665-6f0a-463e-ac38-55a2fee7dd48 | Context quotas@openstack cleanup() started
2019-07-26 08:01:55.567 1842 INFO rally.task.context [-] Task 23a42665-6f0a-463e-ac38-55a2fee7dd48 | Context quotas@openstack cleanup() finished in 0.45 sec
2019-07-26 08:01:55.567 1842 INFO rally.task.context [-] Task 23a42665-6f0a-463e-ac38-55a2fee7dd48 | Context api_versions@openstack cleanup() started
2019-07-26 08:01:55.568 1842 INFO rally.task.context [-] Task 23a42665-6f0a-463e-ac38-55a2fee7dd48 | Context api_versions@openstack cleanup() finished in 0.32 msec
2019-07-26 08:01:55.568 1842 INFO rally.task.context [-] Task 23a42665-6f0a-463e-ac38-55a2fee7dd48 | Context users@openstack cleanup() started
2019-07-26 08:02:02.829 1842 INFO rally.task.context [-] Task 23a42665-6f0a-463e-ac38-55a2fee7dd48 | Context users@openstack cleanup() finished in 7.26 sec
2019-07-26 08:02:03.735 1842 INFO rally.task.engine [-] Load duration is: 26.499472
2019-07-26 08:02:03.736 1842 INFO rally.task.engine [-] Full runner duration is: 26.552433
2019-07-26 08:02:03.736 1842 INFO rally.task.engine [-] Full duration is: 49.31072
2019-07-26 08:02:03.889 1842 INFO rally.task.engine [-] Running workload: position = 2 config = { "version": 2, "title": "A cropped version of a bigger task.", "description": "Auto-generated task from a single workload (uuid=73bbab6e-5a19-4ba3-81d2-8263f666b748)", "subtasks": [ { "title": "CinderVolumes.create_and_delete_volume", "description": "Create and then delete a volume.", "scenario": { "CinderVolumes.create_and_delete_volume": { "size": 1 } }, "contexts": { "users": { "tenants": 3, "users_per_tenant": 2 }, "quotas": { "cinder": { "gigabytes": -1, "snapshots": -1, "volumes": -1 } }, "api_versions": { "cinder": { "version": 3, "service_type": "volumev3" } } }, "runner": { "constant": { "concurrency": 4, "times": 10 } }, "hooks": [], "sla": { "failure_rate": { "max": 0 } } } ] }
2019-07-26 08:02:03.913 1842 RALLYDEBUG rally_openstack.contexts.keystone.users [-] Creating 3 tenants using 20 threads
2019-07-26 08:02:05.755 1842 RALLYDEBUG rally_openstack.contexts.keystone.users [-] Creating 6 users using 20 threads
2019-07-26 08:02:08.392 1842 INFO rally.task.context [-] Task 23a42665-6f0a-463e-ac38-55a2fee7dd48 | Context users@openstack setup() finished in 4.48 sec
2019-07-26 08:02:08.807 1842 INFO rally.task.context [-] Task 23a42665-6f0a-463e-ac38-55a2fee7dd48 | Context api_versions@openstack setup() finished in 0.41 sec
2019-07-26 08:02:10.436 1842 INFO rally.task.context [-] Task 23a42665-6f0a-463e-ac38-55a2fee7dd48 | Context quotas@openstack setup() finished in 1.63 sec
2019-07-26 08:02:10.436 1842 INFO rally.task.context [-] Task 23a42665-6f0a-463e-ac38-55a2fee7dd48 | Context cleanup@openstack setup() finished in 0.01 msec
2019-07-26 08:02:10.444 1842 RALLYDEBUG rally.task.runner [-] Starting the constant runner (task UUID: 23a42665-6f0a-463e-ac38-55a2fee7dd48). timeout: 0 concurrency: 4 concurrency_per_worker: 1 times: 10 concurrency_overhead: 0 processes_to_start: 4 max_cpu_used: 16
2019-07-26 08:02:10.456 4538 RALLYDEBUG rally.task.runner [-] Starting a worker. concurrency: 1 args: {"size": 1} times: 10 method_name: run timeout: 0 duration: None cls:
2019-07-26 08:02:10.460 4539 RALLYDEBUG rally.task.runner [-] Starting a worker. concurrency: 1 args: {"size": 1} times: 10 method_name: run timeout: 0 duration: None cls:
2019-07-26 08:02:10.463 4540 RALLYDEBUG rally.task.runner [-] Starting a worker. concurrency: 1 args: {"size": 1} times: 10 method_name: run timeout: 0 duration: None cls:
2019-07-26 08:02:10.465 4538 INFO rally.task.runner [-] Task 23a42665-6f0a-463e-ac38-55a2fee7dd48 | ITER: 1 START
2019-07-26 08:02:10.466 4541 RALLYDEBUG rally.task.runner [-] Starting a worker. concurrency: 1 args: {"size": 1} times: 10 method_name: run timeout: 0 duration: None cls:
2019-07-26 08:02:10.468 4539 INFO rally.task.runner [-] Task 23a42665-6f0a-463e-ac38-55a2fee7dd48 | ITER: 2 START
2019-07-26 08:02:10.471 4540 INFO rally.task.runner [-] Task 23a42665-6f0a-463e-ac38-55a2fee7dd48 | ITER: 3 START
2019-07-26 08:02:10.476 4541 INFO rally.task.runner [-] Task 23a42665-6f0a-463e-ac38-55a2fee7dd48 | ITER: 4 START
2019-07-26 08:02:14.422 4540 RALLYDEBUG rally.task.utils [-] Waiting for resource s_rally_73bbab6e_3dbrg3DL. Status changed: AVAILABLE => DELETING in 0.0564239025116
2019-07-26 08:02:14.583 4538 RALLYDEBUG rally.task.utils [-] Waiting for resource s_rally_73bbab6e_W9mPPLPN. Status changed: AVAILABLE => DELETING in 0.0670659542084
2019-07-26 08:02:14.756 4541 RALLYDEBUG rally.task.utils [-] Waiting for resource s_rally_73bbab6e_bi2PTPXw. Status changed: AVAILABLE => DELETING in 0.267884969711
2019-07-26 08:02:14.877 4539 RALLYDEBUG rally.task.utils [-] Waiting for resource s_rally_73bbab6e_hsJ3fv4E. Status changed: AVAILABLE => DELETING in 0.238677024841
2019-07-26 08:02:16.622 4538 INFO rally.task.runner [-] Task 23a42665-6f0a-463e-ac38-55a2fee7dd48 | ITER: 1 END: OK
2019-07-26 08:02:16.627 4538 INFO rally.task.runner [-] Task 23a42665-6f0a-463e-ac38-55a2fee7dd48 | ITER: 5 START
2019-07-26 08:02:16.654 4540 INFO rally.task.runner [-] Task 23a42665-6f0a-463e-ac38-55a2fee7dd48 | ITER: 3 END: OK
2019-07-26 08:02:16.659 4540 INFO rally.task.runner [-] Task 23a42665-6f0a-463e-ac38-55a2fee7dd48 | ITER: 6 START
2019-07-26 08:02:16.794 4541 INFO rally.task.runner [-] Task 23a42665-6f0a-463e-ac38-55a2fee7dd48 | ITER: 4 END: OK
2019-07-26 08:02:16.799 4541 INFO rally.task.runner [-] Task 23a42665-6f0a-463e-ac38-55a2fee7dd48 | ITER: 7 START
2019-07-26 08:02:17.120 4539 INFO rally.task.runner [-] Task 23a42665-6f0a-463e-ac38-55a2fee7dd48 | ITER: 2 END: OK
2019-07-26 08:02:17.125 4539 INFO rally.task.runner [-] Task 23a42665-6f0a-463e-ac38-55a2fee7dd48 | ITER: 8 START
2019-07-26 08:02:20.613 4538 RALLYDEBUG rally.task.utils [-] Waiting for resource s_rally_73bbab6e_B16jQ4Kq. Status changed: AVAILABLE => DELETING in 0.252168893814
2019-07-26 08:02:20.731 4540 RALLYDEBUG rally.task.utils [-] Waiting for resource s_rally_73bbab6e_syT63xku. Status changed: AVAILABLE => DELETING in 0.263096809387
2019-07-26 08:02:20.791 4541 RALLYDEBUG rally.task.utils [-] Waiting for resource s_rally_73bbab6e_haEXdZQL. Status changed: AVAILABLE => DELETING in 0.0555601119995
2019-07-26 08:02:21.149 4539 RALLYDEBUG rally.task.utils [-] Waiting for resource s_rally_73bbab6e_oxfWeAc4. Status changed: AVAILABLE => DELETING in 0.251518011093
2019-07-26 08:02:22.783 4540 INFO rally.task.runner [-] Task 23a42665-6f0a-463e-ac38-55a2fee7dd48 | ITER: 6 END: OK
2019-07-26 08:02:22.787 4540 INFO rally.task.runner [-] Task 23a42665-6f0a-463e-ac38-55a2fee7dd48 | ITER: 9 START
2019-07-26 08:02:22.830 4541 INFO rally.task.runner [-] Task 23a42665-6f0a-463e-ac38-55a2fee7dd48 | ITER: 7 END: OK
2019-07-26 08:02:22.836 4541 INFO rally.task.runner [-] Task 23a42665-6f0a-463e-ac38-55a2fee7dd48 | ITER: 10 START
2019-07-26 08:02:22.844 4538 INFO rally.task.runner [-] Task 23a42665-6f0a-463e-ac38-55a2fee7dd48 | ITER: 5 END: OK
2019-07-26 08:02:23.372 4539 INFO rally.task.runner [-] Task 23a42665-6f0a-463e-ac38-55a2fee7dd48 | ITER: 8 END: OK
2019-07-26 08:02:26.497 4541 INFO rally.task.runner [-] Task 23a42665-6f0a-463e-ac38-55a2fee7dd48 | ITER: 10 END: OK
2019-07-26 08:02:26.735 4540 INFO rally.task.runner [-] Task 23a42665-6f0a-463e-ac38-55a2fee7dd48 | ITER: 9 END: OK
2019-07-26 08:02:26.765 1842 INFO rally.task.context [-] Task 23a42665-6f0a-463e-ac38-55a2fee7dd48 | Context cleanup@openstack cleanup() started
2019-07-26 08:02:26.767 1842 RALLYDEBUG rally_openstack.cleanup.manager [-] Cleaning up cinder backups objects
2019-07-26 08:02:28.692 1842 RALLYDEBUG rally_openstack.cleanup.manager [-] Cleaning up cinder volume_snapshots objects
2019-07-26 08:02:30.566 1842 RALLYDEBUG rally_openstack.cleanup.manager [-] Cleaning up cinder transfers objects
2019-07-26 08:02:32.404 1842 RALLYDEBUG rally_openstack.cleanup.manager [-] Cleaning up cinder volumes objects
2019-07-26 08:02:34.630 1842 INFO rally.task.context [-] Task 23a42665-6f0a-463e-ac38-55a2fee7dd48 | Context cleanup@openstack cleanup() finished in 7.87 sec
2019-07-26 08:02:34.631 1842 INFO rally.task.context [-] Task 23a42665-6f0a-463e-ac38-55a2fee7dd48 | Context quotas@openstack cleanup() started
2019-07-26 08:02:35.094 1842 INFO rally.task.context [-] Task 23a42665-6f0a-463e-ac38-55a2fee7dd48 | Context quotas@openstack cleanup() finished in 0.46 sec
2019-07-26 08:02:35.094 1842 INFO rally.task.context [-] Task 23a42665-6f0a-463e-ac38-55a2fee7dd48 | Context api_versions@openstack cleanup() started
2019-07-26 08:02:35.095 1842 INFO rally.task.context [-] Task 23a42665-6f0a-463e-ac38-55a2fee7dd48 | Context api_versions@openstack cleanup() finished in 0.31 msec
2019-07-26 08:02:35.095 1842 INFO rally.task.context [-] Task 23a42665-6f0a-463e-ac38-55a2fee7dd48 | Context users@openstack cleanup() started
2019-07-26 08:02:42.289 1842 INFO rally.task.context [-] Task 23a42665-6f0a-463e-ac38-55a2fee7dd48 | Context users@openstack cleanup() finished in 7.19 sec
2019-07-26 08:02:44.077 1842 INFO rally.task.engine [-] Load duration is: 16.26478
2019-07-26 08:02:44.077 1842 INFO rally.task.engine [-] Full runner duration is: 16.321225
2019-07-26 08:02:44.077 1842 INFO rally.task.engine [-] Full duration is: 38.379488
2019-07-26 08:02:44.342 1842 INFO rally.task.engine [-] Running workload: position = 0 config = { "version": 2, "title": "A cropped version of a bigger task.", "description": "Auto-generated task from a single workload (uuid=b359e81e-f63f-4438-a863-750e41b0bd5c)", "subtasks": [ { "title": "CinderVolumes.create_and_extend_volume", "description": "Create and extend a volume and then delete it.", "scenario": { "CinderVolumes.create_and_extend_volume": { "new_size": 2, "size": 1 } }, "contexts": { "users": { "tenants": 3, "users_per_tenant": 2 }, "quotas": { "cinder": { "gigabytes": -1, "snapshots": -1, "volumes": -1 } }, "api_versions": { "cinder": { "version": 3, "service_type": "volumev3" } } }, "runner": { "constant": { "concurrency": 4, "times": 10 } }, "hooks": [], "sla": { "failure_rate": { "max": 0 } } } ] }
2019-07-26 08:02:44.366 1842 RALLYDEBUG rally_openstack.contexts.keystone.users [-] Creating 3 tenants using 20 threads
2019-07-26 08:02:46.176 1842 RALLYDEBUG rally_openstack.contexts.keystone.users [-] Creating 6 users using 20 threads
2019-07-26 08:02:48.818 1842 INFO rally.task.context [-] Task 23a42665-6f0a-463e-ac38-55a2fee7dd48 | Context users@openstack setup() finished in 4.45 sec
2019-07-26 08:02:49.242 1842 INFO rally.task.context [-] Task 23a42665-6f0a-463e-ac38-55a2fee7dd48 | Context api_versions@openstack setup() finished in 0.42 sec
2019-07-26 08:02:50.790 1842 INFO rally.task.context [-] Task 23a42665-6f0a-463e-ac38-55a2fee7dd48 | Context quotas@openstack setup() finished in 1.55 sec
2019-07-26 08:02:50.791 1842 INFO rally.task.context [-] Task 23a42665-6f0a-463e-ac38-55a2fee7dd48 | Context cleanup@openstack setup() finished in 0.01 msec
2019-07-26 08:02:50.798 1842 RALLYDEBUG rally.task.runner [-] Starting the constant runner (task UUID: 23a42665-6f0a-463e-ac38-55a2fee7dd48). timeout: 0 concurrency: 4 concurrency_per_worker: 1 times: 10 concurrency_overhead: 0 processes_to_start: 4 max_cpu_used: 16
2019-07-26 08:02:50.811 4722 RALLYDEBUG rally.task.runner [-] Starting a worker. concurrency: 1 args: {"new_size": 2, "size": 1} times: 10 method_name: run timeout: 0 duration: None cls:
2019-07-26 08:02:50.813 4723 RALLYDEBUG rally.task.runner [-] Starting a worker. concurrency: 1 args: {"new_size": 2, "size": 1} times: 10 method_name: run timeout: 0 duration: None cls:
2019-07-26 08:02:50.817 4724 RALLYDEBUG rally.task.runner [-] Starting a worker. concurrency: 1 args: {"new_size": 2, "size": 1} times: 10 method_name: run timeout: 0 duration: None cls:
2019-07-26 08:02:50.819 4722 INFO rally.task.runner [-] Task 23a42665-6f0a-463e-ac38-55a2fee7dd48 | ITER: 1 START
2019-07-26 08:02:50.820 4725 RALLYDEBUG rally.task.runner [-] Starting a worker. concurrency: 1 args: {"new_size": 2, "size": 1} times: 10 method_name: run timeout: 0 duration: None cls:
2019-07-26 08:02:50.821 4723 INFO rally.task.runner [-] Task 23a42665-6f0a-463e-ac38-55a2fee7dd48 | ITER: 2 START
2019-07-26 08:02:50.824 4724 INFO rally.task.runner [-] Task 23a42665-6f0a-463e-ac38-55a2fee7dd48 | ITER: 3 START
2019-07-26 08:02:50.827 4725 INFO rally.task.runner [-] Task 23a42665-6f0a-463e-ac38-55a2fee7dd48 | ITER: 4 START
2019-07-26 08:02:54.928 4722 RALLYDEBUG rally.task.utils [-] Waiting for resource s_rally_b359e81e_GCgIUYX3. Status changed: AVAILABLE => EXTENDING in 0.0734629631042
2019-07-26 08:02:55.310 4723 INFO rally.task.runner [-] Task 23a42665-6f0a-463e-ac38-55a2fee7dd48 | ITER: 2 END: OK
2019-07-26 08:02:55.315 4723 INFO rally.task.runner [-] Task 23a42665-6f0a-463e-ac38-55a2fee7dd48 | ITER: 5 START
2019-07-26 08:02:55.345 4724 RALLYDEBUG rally.task.utils [-] Waiting for resource s_rally_b359e81e_HvQjlQYm. Status changed: AVAILABLE => DELETING in 0.0609269142151
2019-07-26 08:02:55.959 4725 RALLYDEBUG rally.task.utils [-] Waiting for resource s_rally_b359e81e_yKRuR0yq. Status changed: AVAILABLE => EXTENDING in 0.252984046936
2019-07-26 08:02:56.982 4722 RALLYDEBUG rally.task.utils [-] Waiting for resource s_rally_b359e81e_GCgIUYX3. Status changed: EXTENDING => AVAILABLE in 2.05386590958
2019-07-26 08:02:57.484 4722 INFO rally.task.runner [-] Task 23a42665-6f0a-463e-ac38-55a2fee7dd48 | ITER: 1 END: OK
2019-07-26 08:02:57.490 4722 INFO rally.task.runner [-] Task 23a42665-6f0a-463e-ac38-55a2fee7dd48 | ITER: 6 START
2019-07-26 08:02:57.585 4724 INFO rally.task.runner [-] Task 23a42665-6f0a-463e-ac38-55a2fee7dd48 | ITER: 3 END: OK
2019-07-26 08:02:57.590 4724 INFO rally.task.runner [-] Task 23a42665-6f0a-463e-ac38-55a2fee7dd48 | ITER: 7 START
2019-07-26 08:02:58.013 4725 RALLYDEBUG rally.task.utils [-] Waiting for resource s_rally_b359e81e_yKRuR0yq. Status changed: EXTENDING => AVAILABLE in 2.05449604988
2019-07-26 08:02:58.439 4725 RALLYDEBUG rally.task.utils [-] Waiting for resource s_rally_b359e81e_yKRuR0yq. Status changed: AVAILABLE => DELETING in 0.0557708740234
2019-07-26 08:02:59.610 4723 INFO rally.task.runner [-] Task 23a42665-6f0a-463e-ac38-55a2fee7dd48 | ITER: 5 END: OK
2019-07-26 08:02:59.615 4723 INFO rally.task.runner [-] Task 23a42665-6f0a-463e-ac38-55a2fee7dd48 | ITER: 8 START
2019-07-26 08:03:00.481 4725 INFO rally.task.runner [-] Task 23a42665-6f0a-463e-ac38-55a2fee7dd48 | ITER: 4 END: OK
2019-07-26 08:03:00.486 4725 INFO rally.task.runner [-] Task 23a42665-6f0a-463e-ac38-55a2fee7dd48 | ITER: 9 START
2019-07-26 08:03:01.257 4722 RALLYDEBUG rally.task.utils [-] Waiting for resource s_rally_b359e81e_FzPRx11T. Status changed: AVAILABLE => EXTENDING in 0.0578830242157
2019-07-26 08:03:02.163 4724 INFO rally.task.runner [-] Task 23a42665-6f0a-463e-ac38-55a2fee7dd48 | ITER: 7 END: OK
2019-07-26 08:03:02.168 4724 INFO rally.task.runner [-] Task 23a42665-6f0a-463e-ac38-55a2fee7dd48 | ITER: 10 START
2019-07-26 08:03:03.541 4722 RALLYDEBUG rally.task.utils [-] Waiting for resource s_rally_b359e81e_FzPRx11T. Status changed: EXTENDING => AVAILABLE in 2.28424811363
2019-07-26 08:03:03.660 4723 INFO rally.task.runner [-] Task 23a42665-6f0a-463e-ac38-55a2fee7dd48 | ITER: 8 END: OK
2019-07-26 08:03:03.668 4722 RALLYDEBUG rally.task.utils [-] Waiting for resource s_rally_b359e81e_FzPRx11T. Status changed: AVAILABLE => DELETING in 0.0560390949249
2019-07-26 08:03:05.073 4725 INFO rally.task.runner [-] Task 23a42665-6f0a-463e-ac38-55a2fee7dd48 | ITER: 9 END: OK
2019-07-26 08:03:05.887 4722 INFO rally.task.runner [-] Task 23a42665-6f0a-463e-ac38-55a2fee7dd48 | ITER: 6 END: OK
2019-07-26 08:03:05.973 4724 RALLYDEBUG rally.task.utils [-] Waiting for resource s_rally_b359e81e_MSOq5Pcg. Status changed: AVAILABLE => EXTENDING in 0.0536801815033
2019-07-26 08:03:08.204 4724 RALLYDEBUG rally.task.utils [-] Waiting for resource s_rally_b359e81e_MSOq5Pcg. Status changed: EXTENDING => AVAILABLE in 2.23059988022
2019-07-26 08:03:08.637 4724 INFO rally.task.runner [-] Task 23a42665-6f0a-463e-ac38-55a2fee7dd48 | ITER: 10 END: OK
2019-07-26 08:03:08.657 1842 INFO rally.task.context [-] Task 23a42665-6f0a-463e-ac38-55a2fee7dd48 | Context cleanup@openstack cleanup() started
2019-07-26 08:03:08.659 1842 RALLYDEBUG rally_openstack.cleanup.manager [-] Cleaning up cinder backups objects
2019-07-26 08:03:10.619 1842 RALLYDEBUG rally_openstack.cleanup.manager [-] Cleaning up cinder volume_snapshots objects
2019-07-26 08:03:12.674 1842 RALLYDEBUG rally_openstack.cleanup.manager [-] Cleaning up cinder transfers objects
2019-07-26 08:03:14.586 1842 RALLYDEBUG rally_openstack.cleanup.manager [-] Cleaning up cinder volumes objects
2019-07-26 08:03:16.512 1842 INFO rally.task.context [-] Task 23a42665-6f0a-463e-ac38-55a2fee7dd48 | Context cleanup@openstack cleanup() finished in 7.85 sec
2019-07-26 08:03:16.512 1842 INFO rally.task.context [-] Task 23a42665-6f0a-463e-ac38-55a2fee7dd48 | Context quotas@openstack cleanup() started
2019-07-26 08:03:16.961 1842 INFO rally.task.context [-] Task 23a42665-6f0a-463e-ac38-55a2fee7dd48 | Context quotas@openstack cleanup() finished in 0.45 sec
2019-07-26 08:03:16.961 1842 INFO rally.task.context [-] Task 23a42665-6f0a-463e-ac38-55a2fee7dd48 | Context api_versions@openstack cleanup() started
2019-07-26 08:03:16.961 1842 INFO rally.task.context [-] Task 23a42665-6f0a-463e-ac38-55a2fee7dd48 | Context api_versions@openstack cleanup() finished in 0.32 msec
2019-07-26 08:03:16.962 1842 INFO rally.task.context [-] Task 23a42665-6f0a-463e-ac38-55a2fee7dd48 | Context users@openstack cleanup() started
2019-07-26 08:03:23.915 1842 INFO rally.task.context [-] Task 23a42665-6f0a-463e-ac38-55a2fee7dd48 | Context users@openstack cleanup() finished in 6.95 sec
2019-07-26 08:03:24.534 1842 INFO rally.task.engine [-] Load duration is: 17.814332
2019-07-26 08:03:24.535 1842 INFO rally.task.engine [-] Full runner duration is: 17.859182
2019-07-26 08:03:24.535 1842 INFO rally.task.engine [-] Full duration is: 39.552482
2019-07-26 08:03:24.807 1842 INFO rally.task.engine [-] Running workload: position = 0 config = { "version": 2, "title": "A cropped version of a bigger task.", "description": "Auto-generated task from a single workload (uuid=e2700e5d-ff84-44b5-8e24-9ceb23ed53a0)", "subtasks": [ { "title": "CinderVolumes.create_from_volume_and_delete_volume", "description": "Create volume from volume and then delete it.", "scenario": { "CinderVolumes.create_from_volume_and_delete_volume": { "size": 1 } }, "contexts": { "users": { "tenants": 3, "users_per_tenant": 2 }, "quotas": { "cinder": { "gigabytes": -1, "snapshots": -1, "volumes": -1 } }, "api_versions": { "cinder": { "version": 3, "service_type": "volumev3" } }, "volumes": { "size": 1, "volumes_per_tenant": 1 } }, "runner": { "constant": { "concurrency": 4, "times": 10 } }, "hooks": [], "sla": { "failure_rate": { "max": 0 } } } ] }
2019-07-26 08:03:24.832 1842 RALLYDEBUG rally_openstack.contexts.keystone.users [-] Creating 3 tenants using 20 threads
2019-07-26 08:03:26.712 1842 RALLYDEBUG rally_openstack.contexts.keystone.users [-] Creating 6 users using 20 threads
2019-07-26 08:03:29.680 1842 INFO rally.task.context [-] Task 23a42665-6f0a-463e-ac38-55a2fee7dd48 | Context users@openstack setup() finished in 4.85 sec
2019-07-26 08:03:30.090 1842 INFO rally.task.context [-] Task 23a42665-6f0a-463e-ac38-55a2fee7dd48 | Context api_versions@openstack setup() finished in 0.41 sec
2019-07-26 08:03:31.623 1842 INFO rally.task.context [-] Task 23a42665-6f0a-463e-ac38-55a2fee7dd48 | Context quotas@openstack setup() finished in 1.53 sec
2019-07-26 08:03:42.472 1842 INFO rally.task.context [-] Task 23a42665-6f0a-463e-ac38-55a2fee7dd48 | Context volumes@openstack setup() finished in 10.85 sec
2019-07-26 08:03:42.473 1842 INFO rally.task.context [-] Task 23a42665-6f0a-463e-ac38-55a2fee7dd48 | Context cleanup@openstack setup() finished in 0.01 msec
2019-07-26 08:03:42.480 1842 RALLYDEBUG rally.task.runner [-] Starting the constant runner (task UUID: 23a42665-6f0a-463e-ac38-55a2fee7dd48). timeout: 0 concurrency: 4 concurrency_per_worker: 1 times: 10 concurrency_overhead: 0 processes_to_start: 4 max_cpu_used: 16
2019-07-26 08:03:42.492 4906 RALLYDEBUG rally.task.runner [-] Starting a worker. concurrency: 1 args: {"size": 1} times: 10 method_name: run timeout: 0 duration: None cls:
2019-07-26 08:03:42.496 4907 RALLYDEBUG rally.task.runner [-] Starting a worker. concurrency: 1 args: {"size": 1} times: 10 method_name: run timeout: 0 duration: None cls:
2019-07-26 08:03:42.499 4908 RALLYDEBUG rally.task.runner [-] Starting a worker. concurrency: 1 args: {"size": 1} times: 10 method_name: run timeout: 0 duration: None cls:
2019-07-26 08:03:42.503 4909 RALLYDEBUG rally.task.runner [-] Starting a worker. concurrency: 1 args: {"size": 1} times: 10 method_name: run timeout: 0 duration: None cls:
2019-07-26 08:03:42.504 4906 INFO rally.task.runner [-] Task 23a42665-6f0a-463e-ac38-55a2fee7dd48 | ITER: 1 START
2019-07-26 08:03:42.507 4907 INFO rally.task.runner [-] Task 23a42665-6f0a-463e-ac38-55a2fee7dd48 | ITER: 2 START
2019-07-26 08:03:42.511 4908 INFO rally.task.runner [-] Task 23a42665-6f0a-463e-ac38-55a2fee7dd48 | ITER: 3 START
2019-07-26 08:03:42.516 4909 INFO rally.task.runner [-] Task 23a42665-6f0a-463e-ac38-55a2fee7dd48 | ITER: 4 START
2019-07-26 08:03:46.629 4907 RALLYDEBUG rally.task.utils [-] Waiting for resource s_rally_e2700e5d_uXp64UTo. Status changed: AVAILABLE => DELETING in 0.0547330379486
2019-07-26 08:03:46.700 4906 RALLYDEBUG rally.task.utils [-] Waiting for resource s_rally_e2700e5d_Jy1NcUNE. Status changed: AVAILABLE => DELETING in 0.255020141602
2019-07-26 08:03:48.594 4909 RALLYDEBUG rally.task.utils [-] Waiting for resource s_rally_e2700e5d_80SztJvr. Status changed: CREATING => AVAILABLE in 2.84944486618
2019-07-26 08:03:48.729 4908 RALLYDEBUG rally.task.utils [-] Waiting for resource s_rally_e2700e5d_NqxLe2k7. Status changed: CREATING => AVAILABLE in 3.09814786911
2019-07-26 08:03:48.919 4909 RALLYDEBUG rally.task.utils [-] Waiting for resource s_rally_e2700e5d_80SztJvr. Status changed: AVAILABLE => DELETING in 0.0703101158142
2019-07-26 08:03:49.049 4906 INFO rally.task.runner [-] Task 23a42665-6f0a-463e-ac38-55a2fee7dd48 | ITER: 1 END: OK
2019-07-26 08:03:49.054 4906 INFO rally.task.runner [-] Task 23a42665-6f0a-463e-ac38-55a2fee7dd48 | ITER: 5 START
2019-07-26 08:03:49.079 4908 RALLYDEBUG rally.task.utils [-] Waiting for resource s_rally_e2700e5d_NqxLe2k7. Status changed: AVAILABLE => DELETING in 0.0556640625
2019-07-26 08:03:53.194 4909 INFO rally.task.runner [-] Task 23a42665-6f0a-463e-ac38-55a2fee7dd48 | ITER: 4 END: OK
2019-07-26 08:03:53.199 4909 INFO rally.task.runner [-] Task 23a42665-6f0a-463e-ac38-55a2fee7dd48 | ITER: 6 START
2019-07-26 08:03:53.375 4908 INFO rally.task.runner [-] Task 23a42665-6f0a-463e-ac38-55a2fee7dd48 | ITER: 3 END: OK
2019-07-26 08:03:53.380 4908 INFO rally.task.runner [-] Task 23a42665-6f0a-463e-ac38-55a2fee7dd48 | ITER: 7 START
2019-07-26 08:03:53.405 4907 INFO rally.task.runner [-] Task 23a42665-6f0a-463e-ac38-55a2fee7dd48 | ITER: 2 END: OK
2019-07-26 08:03:53.410 4907 INFO rally.task.runner [-] Task 23a42665-6f0a-463e-ac38-55a2fee7dd48 | ITER: 8 START
2019-07-26 08:03:54.643 4906 RALLYDEBUG rally.task.utils [-] Waiting for resource s_rally_e2700e5d_ukoB1Det. Status changed: CREATING => AVAILABLE in 2.53224802017
2019-07-26 08:03:55.222 4906 RALLYDEBUG rally.task.utils [-] Waiting for resource s_rally_e2700e5d_ukoB1Det. Status changed: AVAILABLE => DELETING in 0.239885091782
2019-07-26 08:03:57.120 4909 RALLYDEBUG rally.task.utils [-] Waiting for resource s_rally_e2700e5d_XHDzyV2u. Status changed: AVAILABLE => DELETING in 0.246056079865
2019-07-26 08:03:57.296 4907 RALLYDEBUG rally.task.utils [-] Waiting for resource s_rally_e2700e5d_I3GQeRW6. Status changed: AVAILABLE => DELETING in 0.0600230693817
2019-07-26 08:03:59.081 4908 RALLYDEBUG rally.task.utils [-] Waiting for resource s_rally_e2700e5d_EywZuxtA. Status changed: CREATING => AVAILABLE in 2.73781013489
2019-07-26 08:03:59.512 4906 INFO rally.task.runner [-] Task 23a42665-6f0a-463e-ac38-55a2fee7dd48 | ITER: 5 END: OK
2019-07-26 08:03:59.517 4906 INFO rally.task.runner [-] Task 23a42665-6f0a-463e-ac38-55a2fee7dd48 | ITER: 9 START
2019-07-26 08:04:00.283 4908 RALLYDEBUG rally.task.utils [-] Waiting for resource s_rally_e2700e5d_EywZuxtA. Status changed: AVAILABLE => DELETING in 0.255830049515
2019-07-26 08:04:01.383 4909 INFO rally.task.runner [-] Task 23a42665-6f0a-463e-ac38-55a2fee7dd48 | ITER: 6 END: OK
2019-07-26 08:04:01.389 4909 INFO rally.task.runner [-] Task 23a42665-6f0a-463e-ac38-55a2fee7dd48 | ITER: 10 START
2019-07-26 08:04:01.781 4907 INFO rally.task.runner [-] Task 23a42665-6f0a-463e-ac38-55a2fee7dd48 | ITER: 8 END: OK
2019-07-26 08:04:02.512 4908 INFO rally.task.runner [-] Task 23a42665-6f0a-463e-ac38-55a2fee7dd48 | ITER: 7 END: OK
2019-07-26 08:04:04.372 4906 RALLYDEBUG rally.task.utils [-] Waiting for resource s_rally_e2700e5d_NbJg0iOM. Status changed: AVAILABLE => DELETING in 0.277120113373
2019-07-26 08:04:05.470 4909 RALLYDEBUG rally.task.utils [-] Waiting for resource s_rally_e2700e5d_kp6iPyBq. Status changed: AVAILABLE => DELETING in 0.260200023651
2019-07-26 08:04:06.412 4906 INFO rally.task.runner [-] Task 23a42665-6f0a-463e-ac38-55a2fee7dd48 | ITER: 9 END: OK
2019-07-26 08:04:07.506 4909 INFO rally.task.runner [-] Task 23a42665-6f0a-463e-ac38-55a2fee7dd48 | ITER: 10 END: OK
2019-07-26 08:04:07.536 1842 INFO rally.task.context [-] Task 23a42665-6f0a-463e-ac38-55a2fee7dd48 | Context cleanup@openstack cleanup() started
2019-07-26 08:04:07.539 1842 RALLYDEBUG rally_openstack.cleanup.manager [-] Cleaning up cinder backups objects
2019-07-26 08:04:09.405 1842 RALLYDEBUG rally_openstack.cleanup.manager [-] Cleaning up cinder volume_snapshots objects
2019-07-26 08:04:11.461 1842 RALLYDEBUG rally_openstack.cleanup.manager [-] Cleaning up cinder transfers objects
2019-07-26 08:04:13.405 1842 RALLYDEBUG rally_openstack.cleanup.manager [-] Cleaning up cinder volumes objects
2019-07-26 08:04:15.491 1842 INFO rally.task.context [-] Task 23a42665-6f0a-463e-ac38-55a2fee7dd48 | Context cleanup@openstack cleanup() finished in 7.95 sec
2019-07-26 08:04:15.491 1842 INFO rally.task.context [-] Task 23a42665-6f0a-463e-ac38-55a2fee7dd48 | Context volumes@openstack cleanup() started
2019-07-26 08:04:15.492 1842 RALLYDEBUG rally_openstack.cleanup.manager [-] Cleaning up cinder volumes objects
2019-07-26 08:04:17.526 1842 RALLYDEBUG rally_openstack.cleanup.manager [-] Deleting cinder.volumes object c_rally_e2700e5d_Z6Y9SqUr (9bb47079-c66b-4f92-8f0d-fddfc5924090)
2019-07-26 08:04:17.532 1842 RALLYDEBUG rally_openstack.cleanup.manager [-] Deleting cinder.volumes object c_rally_e2700e5d_tSbH1hBV (a8d2cb6e-2bde-4821-9e51-4057307af695)
2019-07-26 08:04:17.533 1842 RALLYDEBUG rally_openstack.cleanup.manager [-] Deleting cinder.volumes object c_rally_e2700e5d_pUExtgOr (b3146518-ecbd-41ae-8e32-76d3d5574a9c)
2019-07-26 08:04:20.848 1842 INFO rally.task.context [-] Task 23a42665-6f0a-463e-ac38-55a2fee7dd48 | Context volumes@openstack cleanup() finished in 5.36 sec
2019-07-26 08:04:20.849 1842 INFO rally.task.context [-] Task 23a42665-6f0a-463e-ac38-55a2fee7dd48 | Context quotas@openstack cleanup() started
2019-07-26 08:04:21.260 1842 INFO rally.task.context [-] Task 23a42665-6f0a-463e-ac38-55a2fee7dd48 | Context quotas@openstack cleanup() finished in 0.41 sec
2019-07-26 08:04:21.261 1842 INFO rally.task.context [-] Task 23a42665-6f0a-463e-ac38-55a2fee7dd48 | Context api_versions@openstack cleanup() started
2019-07-26 08:04:21.261 1842 INFO rally.task.context [-] Task 23a42665-6f0a-463e-ac38-55a2fee7dd48 | Context api_versions@openstack cleanup() finished in 0.34 msec
2019-07-26 08:04:21.262 1842 INFO rally.task.context [-] Task 23a42665-6f0a-463e-ac38-55a2fee7dd48 | Context users@openstack cleanup() started
2019-07-26 08:04:28.216 1842 INFO rally.task.context [-] Task 23a42665-6f0a-463e-ac38-55a2fee7dd48 | Context users@openstack cleanup() finished in 6.95 sec
2019-07-26 08:04:29.183 1842 INFO rally.task.engine [-] Load duration is: 24.998782
2019-07-26 08:04:29.183 1842 INFO rally.task.engine [-] Full runner duration is: 25.056097
2019-07-26 08:04:29.184 1842 INFO rally.task.engine [-] Full duration is: 63.389327
2019-07-26 08:04:29.458 1842 INFO rally.task.engine [-] Running workload: position = 0 config = { "version": 2, "title": "A cropped version of a bigger task.", "description": "Auto-generated task from a single workload (uuid=8b6a744a-bce5-42f1-a09a-afa6bc7af422)", "subtasks": [ { "title": "CinderQos.create_and_get_qos", "description": "Create a qos, then get details of the qos.", "scenario": { "CinderQos.create_and_get_qos": { "consumer": "both", "write_iops_sec": "10", "read_iops_sec": "1000" } }, "contexts": { "users": { "tenants": 3, "users_per_tenant": 2 }, "api_versions": { "cinder": { "version": 3, "service_type": "volumev3" } } }, "runner": { "constant": { "concurrency": 4, "times": 10 } }, "hooks": [], "sla": { "failure_rate": { "max": 0 } } } ] }
2019-07-26 08:04:29.481 1842 RALLYDEBUG rally_openstack.contexts.keystone.users [-] Creating 3 tenants using 20 threads
2019-07-26 08:04:31.345 1842 RALLYDEBUG rally_openstack.contexts.keystone.users [-] Creating 6 users using 20 threads
2019-07-26 08:04:34.044 1842 INFO rally.task.context [-] Task 23a42665-6f0a-463e-ac38-55a2fee7dd48 | Context users@openstack setup() finished in 4.56 sec
2019-07-26 08:04:34.479 1842 INFO rally.task.context [-] Task 23a42665-6f0a-463e-ac38-55a2fee7dd48 | Context api_versions@openstack setup() finished in 0.43 sec
2019-07-26 08:04:34.480 1842 INFO rally.task.context [-] Task 23a42665-6f0a-463e-ac38-55a2fee7dd48 | Context admin_cleanup@openstack setup() finished in 0.02 msec
2019-07-26 08:04:34.489 1842 RALLYDEBUG rally.task.runner [-] Starting the constant runner (task UUID: 23a42665-6f0a-463e-ac38-55a2fee7dd48). timeout: 0 concurrency: 4 concurrency_per_worker: 1 times: 10 concurrency_overhead: 0 processes_to_start: 4 max_cpu_used: 16
2019-07-26 08:04:34.505 5110 RALLYDEBUG rally.task.runner [-] Starting a worker. concurrency: 1 args: {"consumer": "both", "write_iops_sec": "10", "read_iops_sec": "1000"} times: 10 method_name: run timeout: 0 duration: None cls:
2019-07-26 08:04:34.507 5111 RALLYDEBUG rally.task.runner [-] Starting a worker. concurrency: 1 args: {"consumer": "both", "write_iops_sec": "10", "read_iops_sec": "1000"} times: 10 method_name: run timeout: 0 duration: None cls:
2019-07-26 08:04:34.510 5112 RALLYDEBUG rally.task.runner [-] Starting a worker. concurrency: 1 args: {"consumer": "both", "write_iops_sec": "10", "read_iops_sec": "1000"} times: 10 method_name: run timeout: 0 duration: None cls:
2019-07-26 08:04:34.513 5110 INFO rally.task.runner [-] Task 23a42665-6f0a-463e-ac38-55a2fee7dd48 | ITER: 1 START
2019-07-26 08:04:34.513 5113 RALLYDEBUG rally.task.runner [-] Starting a worker. concurrency: 1 args: {"consumer": "both", "write_iops_sec": "10", "read_iops_sec": "1000"} times: 10 method_name: run timeout: 0 duration: None cls:
2019-07-26 08:04:34.515 5111 INFO rally.task.runner [-] Task 23a42665-6f0a-463e-ac38-55a2fee7dd48 | ITER: 2 START
2019-07-26 08:04:34.518 5112 INFO rally.task.runner [-] Task 23a42665-6f0a-463e-ac38-55a2fee7dd48 | ITER: 3 START
2019-07-26 08:04:34.522 5113 INFO rally.task.runner [-] Task 23a42665-6f0a-463e-ac38-55a2fee7dd48 | ITER: 4 START
2019-07-26 08:04:35.553 5111 INFO rally.task.runner [-] Task 23a42665-6f0a-463e-ac38-55a2fee7dd48 | ITER: 2 END: OK
2019-07-26 08:04:35.559 5111 INFO rally.task.runner [-] Task 23a42665-6f0a-463e-ac38-55a2fee7dd48 | ITER: 5 START
2019-07-26 08:04:35.586 5110 INFO rally.task.runner [-] Task 23a42665-6f0a-463e-ac38-55a2fee7dd48 | ITER: 1 END: OK
2019-07-26 08:04:35.592 5110 INFO rally.task.runner [-] Task 23a42665-6f0a-463e-ac38-55a2fee7dd48 | ITER: 6 START
2019-07-26 08:04:35.595 5113 INFO rally.task.runner [-] Task 23a42665-6f0a-463e-ac38-55a2fee7dd48 | ITER: 4 END: OK
2019-07-26 08:04:35.600 5113 INFO rally.task.runner [-] Task 23a42665-6f0a-463e-ac38-55a2fee7dd48 | ITER: 7 START
2019-07-26 08:04:35.680 5112 INFO rally.task.runner [-] Task 23a42665-6f0a-463e-ac38-55a2fee7dd48 | ITER: 3 END: OK
2019-07-26 08:04:35.686 5112 INFO rally.task.runner [-] Task 23a42665-6f0a-463e-ac38-55a2fee7dd48 | ITER: 8 START
2019-07-26 08:04:36.464 5111 INFO rally.task.runner [-] Task 23a42665-6f0a-463e-ac38-55a2fee7dd48 | ITER: 5 END: OK
2019-07-26 08:04:36.468 5111 INFO rally.task.runner [-] Task 23a42665-6f0a-463e-ac38-55a2fee7dd48 | ITER: 9 START
2019-07-26 08:04:36.502 5113 INFO rally.task.runner [-] Task 23a42665-6f0a-463e-ac38-55a2fee7dd48 | ITER: 7 END: OK
2019-07-26 08:04:36.506 5113 INFO rally.task.runner [-] Task 23a42665-6f0a-463e-ac38-55a2fee7dd48 | ITER: 10 START
2019-07-26 08:04:36.548 5110 INFO rally.task.runner [-] Task 23a42665-6f0a-463e-ac38-55a2fee7dd48 | ITER: 6 END: OK
2019-07-26 08:04:36.628 5112 INFO rally.task.runner [-] Task 23a42665-6f0a-463e-ac38-55a2fee7dd48 | ITER: 8 END: OK
2019-07-26 08:04:37.371 5113 INFO rally.task.runner [-] Task 23a42665-6f0a-463e-ac38-55a2fee7dd48 | ITER: 10 END: OK
2019-07-26 08:04:37.460 5111 INFO rally.task.runner [-] Task 23a42665-6f0a-463e-ac38-55a2fee7dd48 | ITER: 9 END: OK
2019-07-26 08:04:37.484 1842 INFO rally.task.context [-] Task 23a42665-6f0a-463e-ac38-55a2fee7dd48 | Context admin_cleanup@openstack cleanup() started
2019-07-26 08:04:37.487 1842 RALLYDEBUG rally_openstack.cleanup.manager [-] Cleaning up cinder volume_types objects
2019-07-26 08:04:38.132 1842 RALLYDEBUG rally_openstack.cleanup.manager [-] Cleaning up cinder image_volumes_cache objects
2019-07-26 08:04:39.468 1842 RALLYDEBUG rally_openstack.cleanup.manager [-] Cleaning up cinder quotas objects
2019-07-26 08:04:41.131 1842 RALLYDEBUG rally_openstack.cleanup.manager [-] Cleaning up cinder qos_specs objects
2019-07-26 08:04:41.767 1842 RALLYDEBUG rally_openstack.cleanup.manager [-] Deleting cinder.qos_specs object s_rally_8b6a744a_J192SKsb (20c009b9-bd97-47da-813b-42909644003f)
2019-07-26 08:04:41.775 1842 RALLYDEBUG rally_openstack.cleanup.manager [-] Deleting cinder.qos_specs object s_rally_8b6a744a_lURdrsKE (02d33d32-88e7-427c-8bc2-ab41db4e1771)
2019-07-26 08:04:41.785 1842 RALLYDEBUG rally_openstack.cleanup.manager [-] Deleting cinder.qos_specs object s_rally_8b6a744a_SQy6EXlX (a03819c0-0b05-4e10-8a5d-e06435a83787)
2019-07-26 08:04:41.789 1842 RALLYDEBUG rally_openstack.cleanup.manager [-] Deleting cinder.qos_specs object s_rally_8b6a744a_aWt86t0Z (dc74b443-32d4-4903-acf7-aa3c632fe69d)
2019-07-26 08:04:41.799 1842 RALLYDEBUG rally_openstack.cleanup.manager [-] Deleting cinder.qos_specs object s_rally_8b6a744a_Ae8ft52t (854244cd-8e76-47b8-88b0-6a457a205e0a)
2019-07-26 08:04:41.811 1842 RALLYDEBUG rally_openstack.cleanup.manager [-] Deleting cinder.qos_specs object s_rally_8b6a744a_zxpKWcJe (84e9f338-9562-4364-9214-af00802f9e2b)
2019-07-26 08:04:41.822 1842 RALLYDEBUG rally_openstack.cleanup.manager [-] Deleting cinder.qos_specs object s_rally_8b6a744a_B43Tz185 (8a654e17-eee9-403e-aa28-559159f38097)
