2019-07-26 07:42:15.804 725 DEBUG glanceclient.common.http [-] Request returned failure status 404. _handle_response /usr/lib/python2.7/site-packages/glanceclient/common/http.py:125
2019-07-26 07:42:15.804 725 DEBUG glanceclient.common.http [-] Request returned failure status 404. _handle_response /usr/lib/python2.7/site-packages/glanceclient/common/http.py:125
2019-07-26 07:42:15.814 725 DEBUG glanceclient.common.http [-] Request returned failure status 404. _handle_response /usr/lib/python2.7/site-packages/glanceclient/common/http.py:125
2019-07-26 07:42:16.747 725 DEBUG glanceclient.common.http [-] Request returned failure status 404. _handle_response /usr/lib/python2.7/site-packages/glanceclient/common/http.py:125
2019-07-26 07:42:16.749 725 DEBUG glanceclient.common.http [-] Request returned failure status 404. _handle_response /usr/lib/python2.7/site-packages/glanceclient/common/http.py:125
2019-07-26 07:42:16.770 725 DEBUG glanceclient.common.http [-] Request returned failure status 404. _handle_response /usr/lib/python2.7/site-packages/glanceclient/common/http.py:125
2019-07-26 07:42:16.772 725 DEBUG glanceclient.common.http [-] Request returned failure status 404. _handle_response /usr/lib/python2.7/site-packages/glanceclient/common/http.py:125
2019-07-26 07:42:18.866 725 DEBUG glanceclient.common.http [-] Request returned failure status 404. _handle_response /usr/lib/python2.7/site-packages/glanceclient/common/http.py:125
2019-07-26 07:42:18.888 725 DEBUG glanceclient.common.http [-] Request returned failure status 404. _handle_response /usr/lib/python2.7/site-packages/glanceclient/common/http.py:125
2019-07-26 07:42:18.889 725 DEBUG glanceclient.common.http [-] Request returned failure status 404. _handle_response /usr/lib/python2.7/site-packages/glanceclient/common/http.py:125
2019-07-26 07:42:18.905 725 DEBUG glanceclient.common.http [-] Request returned failure status 404. _handle_response /usr/lib/python2.7/site-packages/glanceclient/common/http.py:125
2019-07-26 07:42:18.909 725 DEBUG glanceclient.common.http [-] Request returned failure status 404. _handle_response /usr/lib/python2.7/site-packages/glanceclient/common/http.py:125
2019-07-26 07:42:18.927 725 DEBUG glanceclient.common.http [-] Request returned failure status 404. _handle_response /usr/lib/python2.7/site-packages/glanceclient/common/http.py:125
2019-07-26 07:42:18.930 725 DEBUG glanceclient.common.http [-] Request returned failure status 404. _handle_response /usr/lib/python2.7/site-packages/glanceclient/common/http.py:125
2019-07-26 07:42:18.947 725 DEBUG glanceclient.common.http [-] Request returned failure status 404. _handle_response /usr/lib/python2.7/site-packages/glanceclient/common/http.py:125
2019-07-26 07:42:19.949 725 INFO rally.task.context [-] Task 82e38656-d59b-4dfe-b5c4-f3fbf9dd3e4c | Context cleanup@openstack cleanup() finished in 31.98 sec
2019-07-26 07:42:19.950 725 INFO rally.task.context [-] Task 82e38656-d59b-4dfe-b5c4-f3fbf9dd3e4c | Context quotas@openstack cleanup() started
2019-07-26 07:42:19.951 725 DEBUG novaclient.v2.client [-] REQ: curl -g -i -X DELETE http://172.30.9.33:8774/v2.1/os-quota-sets/5b9659de0b34407d8c80a04df26b3e7a -H "Accept: application/json" -H "User-Agent: python-novaclient" -H "X-Auth-Token: {SHA1}c649527db6a2faa1d239f12bcd50a1b5439a3344" _http_log_request /usr/lib/python2.7/site-packages/keystoneauth1/session.py:448
2019-07-26 07:42:19.994 725 DEBUG novaclient.v2.client [-] RESP: [202] Content-Length: 0 Content-Type: application/json Date: Fri, 26 Jul 2019 07:42:19 GMT OpenStack-API-Version: compute 2.1 Server: Apache Vary: OpenStack-API-Version,X-OpenStack-Nova-API-Version X-OpenStack-Nova-API-Version: 2.1 x-compute-request-id: req-674ec922-deda-4c63-b4d7-44d29916f207 x-openstack-request-id: req-674ec922-deda-4c63-b4d7-44d29916f207 _http_log_response /usr/lib/python2.7/site-packages/keystoneauth1/session.py:479
2019-07-26 07:42:19.994 725 DEBUG novaclient.v2.client [-] DELETE call to compute for http://172.30.9.33:8774/v2.1/os-quota-sets/5b9659de0b34407d8c80a04df26b3e7a used request id req-674ec922-deda-4c63-b4d7-44d29916f207 request /usr/lib/python2.7/site-packages/keystoneauth1/session.py:844
2019-07-26 07:42:19.996 725 DEBUG novaclient.v2.client [-] REQ: curl -g -i -X DELETE http://172.30.9.33:8774/v2.1/os-quota-sets/c3991e0796cb43e18a3f79b4411da0f3 -H "Accept: application/json" -H "User-Agent: python-novaclient" -H "X-Auth-Token: {SHA1}c649527db6a2faa1d239f12bcd50a1b5439a3344" _http_log_request /usr/lib/python2.7/site-packages/keystoneauth1/session.py:448
2019-07-26 07:42:20.042 725 DEBUG novaclient.v2.client [-] RESP: [202] Content-Length: 0 Content-Type: application/json Date: Fri, 26 Jul 2019 07:42:19 GMT OpenStack-API-Version: compute 2.1 Server: Apache Vary: OpenStack-API-Version,X-OpenStack-Nova-API-Version X-OpenStack-Nova-API-Version: 2.1 x-compute-request-id: req-4492ef6a-3ce0-4f69-8bab-533fdf765443 x-openstack-request-id: req-4492ef6a-3ce0-4f69-8bab-533fdf765443 _http_log_response /usr/lib/python2.7/site-packages/keystoneauth1/session.py:479
2019-07-26 07:42:20.042 725 DEBUG novaclient.v2.client [-] DELETE call to compute for http://172.30.9.33:8774/v2.1/os-quota-sets/c3991e0796cb43e18a3f79b4411da0f3 used request id req-4492ef6a-3ce0-4f69-8bab-533fdf765443 request /usr/lib/python2.7/site-packages/keystoneauth1/session.py:844
2019-07-26 07:42:20.043 725 DEBUG novaclient.v2.client [-] REQ: curl -g -i -X DELETE http://172.30.9.33:8774/v2.1/os-quota-sets/6f67c4532f464669a1b738c341c18070 -H "Accept: application/json" -H "User-Agent: python-novaclient" -H "X-Auth-Token: {SHA1}c649527db6a2faa1d239f12bcd50a1b5439a3344" _http_log_request /usr/lib/python2.7/site-packages/keystoneauth1/session.py:448
2019-07-26 07:42:20.078 725 DEBUG novaclient.v2.client [-] RESP: [202] Content-Length: 0 Content-Type: application/json Date: Fri, 26 Jul 2019 07:42:20 GMT OpenStack-API-Version: compute 2.1 Server: Apache Vary: OpenStack-API-Version,X-OpenStack-Nova-API-Version X-OpenStack-Nova-API-Version: 2.1 x-compute-request-id: req-e55f9d84-7e57-475a-998c-70e3297b6f20 x-openstack-request-id: req-e55f9d84-7e57-475a-998c-70e3297b6f20 _http_log_response /usr/lib/python2.7/site-packages/keystoneauth1/session.py:479
2019-07-26 07:42:20.079 725 DEBUG novaclient.v2.client [-] DELETE call to compute for http://172.30.9.33:8774/v2.1/os-quota-sets/6f67c4532f464669a1b738c341c18070 used request id req-e55f9d84-7e57-475a-998c-70e3297b6f20 request /usr/lib/python2.7/site-packages/keystoneauth1/session.py:844
2019-07-26 07:42:20.079 725 INFO rally.task.context [-] Task 82e38656-d59b-4dfe-b5c4-f3fbf9dd3e4c | Context quotas@openstack cleanup() finished in 0.13 sec
2019-07-26 07:42:20.079 725 INFO rally.task.context [-] Task 82e38656-d59b-4dfe-b5c4-f3fbf9dd3e4c | Context users@openstack cleanup() started
2019-07-26 07:42:26.872 725 INFO rally.task.context [-] Task 82e38656-d59b-4dfe-b5c4-f3fbf9dd3e4c | Context users@openstack cleanup() finished in 6.79 sec
2019-07-26 07:42:27.984 725 INFO rally.task.engine [-] Load duration is: 73.680288
2019-07-26 07:42:27.985 725 INFO rally.task.engine [-] Full runner duration is: 75.582619
2019-07-26 07:42:27.985 725 INFO rally.task.engine [-] Full duration is: 121.362958
2019-07-26 07:42:28.279 725 INFO rally.task.engine [-] Running workload: position = 0 config = { "version": 2, "title": "A cropped version of a bigger task.", "description": "Auto-generated task from a single workload (uuid=635616bf-8dab-4834-a5ae-f4c07981f42f)", "subtasks": [ { "title": "GlanceImages.create_and_deactivate_image", "description": "Create an image, then deactivate it.", "scenario": { "GlanceImages.create_and_deactivate_image": { "container_format": "bare", "disk_format": "qcow2", "image_location": "/home/opnfv/functest/images/cirros-0.4.0-x86_64-disk.img" } }, "contexts": { "users": { "tenants": 3, "users_per_tenant": 2 } }, "runner": { "constant": { "concurrency": 4, "times": 10 } }, "hooks": [], "sla": { "failure_rate": { "max": 0 } } } ] }
2019-07-26 07:42:28.302 725 RALLYDEBUG rally_openstack.contexts.keystone.users [-] Creating 3 tenants using 20 threads
2019-07-26 07:42:30.092 725 RALLYDEBUG rally_openstack.contexts.keystone.users [-] Creating 6 users using 20 threads
2019-07-26 07:42:32.864 725 INFO rally.task.context [-] Task 82e38656-d59b-4dfe-b5c4-f3fbf9dd3e4c | Context users@openstack setup() finished in 4.56 sec
2019-07-26 07:42:32.865 725 INFO rally.task.context [-] Task 82e38656-d59b-4dfe-b5c4-f3fbf9dd3e4c | Context cleanup@openstack setup() finished in 0.00 msec
2019-07-26 07:42:32.872 725 RALLYDEBUG rally.task.runner [-] Starting the constant runner (task UUID: 82e38656-d59b-4dfe-b5c4-f3fbf9dd3e4c). timeout: 0 concurrency: 4 concurrency_per_worker: 1 times: 10 concurrency_overhead: 0 processes_to_start: 4 max_cpu_used: 16
2019-07-26 07:42:32.885 1385 RALLYDEBUG rally.task.runner [-] Starting a worker. concurrency: 1 args: {"container_format": "bare", "disk_format": "qcow2", "image_location": "/home/opnfv/functest/images/cirros-0.4.0-x86_64-disk.img"} times: 10 method_name: run timeout: 0 duration: None cls:
2019-07-26 07:42:32.887 1386 RALLYDEBUG rally.task.runner [-] Starting a worker. concurrency: 1 args: {"container_format": "bare", "disk_format": "qcow2", "image_location": "/home/opnfv/functest/images/cirros-0.4.0-x86_64-disk.img"} times: 10 method_name: run timeout: 0 duration: None cls:
2019-07-26 07:42:32.890 1387 RALLYDEBUG rally.task.runner [-] Starting a worker. concurrency: 1 args: {"container_format": "bare", "disk_format": "qcow2", "image_location": "/home/opnfv/functest/images/cirros-0.4.0-x86_64-disk.img"} times: 10 method_name: run timeout: 0 duration: None cls:
2019-07-26 07:42:32.892 1386 INFO rally.task.runner [-] Task 82e38656-d59b-4dfe-b5c4-f3fbf9dd3e4c | ITER: 2 START
2019-07-26 07:42:32.892 1385 INFO rally.task.runner [-] Task 82e38656-d59b-4dfe-b5c4-f3fbf9dd3e4c | ITER: 1 START
2019-07-26 07:42:32.893 1388 RALLYDEBUG rally.task.runner [-] Starting a worker. concurrency: 1 args: {"container_format": "bare", "disk_format": "qcow2", "image_location": "/home/opnfv/functest/images/cirros-0.4.0-x86_64-disk.img"} times: 10 method_name: run timeout: 0 duration: None cls:
2019-07-26 07:42:32.896 1387 INFO rally.task.runner [-] Task 82e38656-d59b-4dfe-b5c4-f3fbf9dd3e4c | ITER: 3 START
2019-07-26 07:42:32.899 1388 INFO rally.task.runner [-] Task 82e38656-d59b-4dfe-b5c4-f3fbf9dd3e4c | ITER: 4 START
2019-07-26 07:42:36.169 1385 RALLYDEBUG rally.task.utils [-] Waiting for resource u'f6ed94ed-3bbb-42e1-a776-7ce536da0993'. Status changed: NONE => QUEUED in 0.0288491249084
2019-07-26 07:42:36.170 1386 RALLYDEBUG rally.task.utils [-] Waiting for resource u'186f5e4a-079f-4c73-b278-19440d7d91bf'. Status changed: NONE => QUEUED in 0.0347678661346
2019-07-26 07:42:36.192 1387 RALLYDEBUG rally.task.utils [-] Waiting for resource u'955e36a7-9369-4d93-9d41-579f7f47cabd'. Status changed: NONE => QUEUED in 0.0435049533844
2019-07-26 07:42:36.212 1388 RALLYDEBUG rally.task.utils [-] Waiting for resource u'a08d3cd1-85a1-4f63-b5d0-f86014bfaee8'. Status changed: NONE => QUEUED in 0.0531890392303
2019-07-26 07:42:36.574 1385 RALLYDEBUG rally.task.utils [-] Waiting for resource s_rally_635616bf_yDk8B2x5. Status changed: QUEUED => ACTIVE in 0.0193002223969
2019-07-26 07:42:36.707 1385 INFO rally.task.runner [-] Task 82e38656-d59b-4dfe-b5c4-f3fbf9dd3e4c | ITER: 1 END: OK
2019-07-26 07:42:36.712 1385 INFO rally.task.runner [-] Task 82e38656-d59b-4dfe-b5c4-f3fbf9dd3e4c | ITER: 5 START
2019-07-26 07:42:38.741 1386 RALLYDEBUG rally.task.utils [-] Waiting for resource s_rally_635616bf_7sEt1Sx3. Status changed: QUEUED => ACTIVE in 0.0313639640808
2019-07-26 07:42:38.803 1388 RALLYDEBUG rally.task.utils [-] Waiting for resource s_rally_635616bf_AGbU1omr. Status changed: QUEUED => ACTIVE in 0.0423681735992
2019-07-26 07:42:38.806 1387 RALLYDEBUG rally.task.utils [-] Waiting for resource s_rally_635616bf_nVuoiO3k. Status changed: QUEUED => ACTIVE in 0.04314494133
2019-07-26 07:42:38.888 1386 INFO rally.task.runner [-] Task 82e38656-d59b-4dfe-b5c4-f3fbf9dd3e4c | ITER: 2 END: OK
2019-07-26 07:42:38.891 1386 INFO rally.task.runner [-] Task 82e38656-d59b-4dfe-b5c4-f3fbf9dd3e4c | ITER: 6 START
2019-07-26 07:42:38.907 1388 INFO rally.task.runner [-] Task 82e38656-d59b-4dfe-b5c4-f3fbf9dd3e4c | ITER: 4 END: OK
2019-07-26 07:42:38.911 1388 INFO rally.task.runner [-] Task 82e38656-d59b-4dfe-b5c4-f3fbf9dd3e4c | ITER: 7 START
2019-07-26 07:42:38.913 1387 INFO rally.task.runner [-] Task 82e38656-d59b-4dfe-b5c4-f3fbf9dd3e4c | ITER: 3 END: OK
2019-07-26 07:42:38.916 1387 INFO rally.task.runner [-] Task 82e38656-d59b-4dfe-b5c4-f3fbf9dd3e4c | ITER: 8 START
2019-07-26 07:42:39.977 1385 RALLYDEBUG rally.task.utils [-] Waiting for resource u'79dad399-3bbc-4142-a9c4-da12e6b73740'. Status changed: NONE => QUEUED in 0.0284519195557
2019-07-26 07:42:40.781 1385 RALLYDEBUG rally.task.utils [-] Waiting for resource s_rally_635616bf_1k5a6d50. Status changed: QUEUED => ACTIVE in 0.0176677703857
2019-07-26 07:42:40.837 1385 INFO rally.task.runner [-] Task 82e38656-d59b-4dfe-b5c4-f3fbf9dd3e4c | ITER: 5 END: OK
2019-07-26 07:42:40.840 1385 INFO rally.task.runner [-] Task 82e38656-d59b-4dfe-b5c4-f3fbf9dd3e4c | ITER: 9 START
2019-07-26 07:42:42.143 1388 RALLYDEBUG rally.task.utils [-] Waiting for resource u'1f85c951-d139-4930-836f-c548dcd7857c'. Status changed: NONE => QUEUED in 0.0359418392181
2019-07-26 07:42:42.144 1387 RALLYDEBUG rally.task.utils [-] Waiting for resource u'd29daf82-a188-4254-987a-fb340a235d0e'. Status changed: NONE => QUEUED in 0.0415940284729
2019-07-26 07:42:42.167 1386 RALLYDEBUG rally.task.utils [-] Waiting for resource u'5eaa7380-4e0a-4e1c-a6a3-7e1f045c9b69'. Status changed: NONE => QUEUED in 0.0406610965729
2019-07-26 07:42:44.086 1385 RALLYDEBUG rally.task.utils [-] Waiting for resource u'53653add-e15c-4911-98a7-818c19446842'. Status changed: NONE => QUEUED in 0.0287420749664
2019-07-26 07:42:44.969 1385 RALLYDEBUG rally.task.utils [-] Waiting for resource s_rally_635616bf_WahdOV1y. Status changed: QUEUED => ACTIVE in 0.0229139328003
2019-07-26 07:42:44.973 1388 RALLYDEBUG rally.task.utils [-] Waiting for resource s_rally_635616bf_IuD4aRWL. Status changed: QUEUED => ACTIVE in 0.0389499664307
2019-07-26 07:42:44.977 1387 RALLYDEBUG rally.task.utils [-] Waiting for resource s_rally_635616bf_bALmUz4i. Status changed: QUEUED => ACTIVE in 0.0458738803864
2019-07-26 07:42:45.053 1386 RALLYDEBUG rally.task.utils [-] Waiting for resource s_rally_635616bf_PuPMdAzt. Status changed: QUEUED => ACTIVE in 0.0558609962463
2019-07-26 07:42:45.074 1385 INFO rally.task.runner [-] Task 82e38656-d59b-4dfe-b5c4-f3fbf9dd3e4c | ITER: 9 END: OK
2019-07-26 07:42:45.077 1385 INFO rally.task.runner [-] Task 82e38656-d59b-4dfe-b5c4-f3fbf9dd3e4c | ITER: 10 START
2019-07-26 07:42:45.164 1388 INFO rally.task.runner [-] Task 82e38656-d59b-4dfe-b5c4-f3fbf9dd3e4c | ITER: 7 END: OK
2019-07-26 07:42:45.168 1387 INFO rally.task.runner [-] Task 82e38656-d59b-4dfe-b5c4-f3fbf9dd3e4c | ITER: 8 END: OK
2019-07-26 07:42:45.171 1386 INFO rally.task.runner [-] Task 82e38656-d59b-4dfe-b5c4-f3fbf9dd3e4c | ITER: 6 END: OK
2019-07-26 07:42:48.337 1385 RALLYDEBUG rally.task.utils [-] Waiting for resource u'b4101c6c-7f03-4fd3-ba7f-4165bdbc9d62'. Status changed: NONE => QUEUED in 0.0287108421326
2019-07-26 07:42:48.707 1385 RALLYDEBUG rally.task.utils [-] Waiting for resource s_rally_635616bf_rREqoCOm. Status changed: QUEUED => ACTIVE in 0.0181479454041
2019-07-26 07:42:48.764 1385 INFO rally.task.runner [-] Task 82e38656-d59b-4dfe-b5c4-f3fbf9dd3e4c | ITER: 10 END: OK
2019-07-26 07:42:48.794 725 INFO rally.task.context [-] Task 82e38656-d59b-4dfe-b5c4-f3fbf9dd3e4c | Context cleanup@openstack cleanup() started
2019-07-26 07:42:48.796 725 RALLYDEBUG rally_openstack.cleanup.manager [-] Cleaning up glance images objects
2019-07-26 07:42:51.014 725 RALLYDEBUG rally_openstack.cleanup.manager [-] Deleting glance.images object s_rally_635616bf_AGbU1omr (a08d3cd1-85a1-4f63-b5d0-f86014bfaee8)
2019-07-26 07:42:51.016 725 RALLYDEBUG rally_openstack.cleanup.manager [-] Deleting glance.images object s_rally_635616bf_yDk8B2x5 (f6ed94ed-3bbb-42e1-a776-7ce536da0993)
2019-07-26 07:42:51.019 725 RALLYDEBUG rally_openstack.cleanup.manager [-] Deleting glance.images object s_rally_635616bf_IuD4aRWL (1f85c951-d139-4930-836f-c548dcd7857c)
2019-07-26 07:42:51.019 725 RALLYDEBUG rally_openstack.cleanup.manager [-] Deleting glance.images object s_rally_635616bf_rREqoCOm (b4101c6c-7f03-4fd3-ba7f-4165bdbc9d62)
2019-07-26 07:42:51.026 725 RALLYDEBUG rally_openstack.cleanup.manager [-] Deleting glance.images object s_rally_635616bf_WahdOV1y (53653add-e15c-4911-98a7-818c19446842)
2019-07-26 07:42:51.026 725 RALLYDEBUG rally_openstack.cleanup.manager [-] Deleting glance.images object s_rally_635616bf_nVuoiO3k (955e36a7-9369-4d93-9d41-579f7f47cabd)
2019-07-26 07:42:51.028 725 RALLYDEBUG rally_openstack.cleanup.manager [-] Deleting glance.images object s_rally_635616bf_7sEt1Sx3 (186f5e4a-079f-4c73-b278-19440d7d91bf)
2019-07-26 07:42:51.029 725 RALLYDEBUG rally_openstack.cleanup.manager [-] Deleting glance.images object s_rally_635616bf_1k5a6d50 (79dad399-3bbc-4142-a9c4-da12e6b73740)
2019-07-26 07:42:51.030 725 RALLYDEBUG rally_openstack.cleanup.manager [-] Deleting glance.images object s_rally_635616bf_PuPMdAzt (5eaa7380-4e0a-4e1c-a6a3-7e1f045c9b69)
2019-07-26 07:42:51.059 725 RALLYDEBUG rally_openstack.cleanup.manager [-] Deleting glance.images object s_rally_635616bf_bALmUz4i (d29daf82-a188-4254-987a-fb340a235d0e)
2019-07-26 07:42:52.338 725 DEBUG glanceclient.common.http [-] Request returned failure status 404. _handle_response /usr/lib/python2.7/site-packages/glanceclient/common/http.py:125
2019-07-26 07:42:52.342 725 DEBUG glanceclient.common.http [-] Request returned failure status 404. _handle_response /usr/lib/python2.7/site-packages/glanceclient/common/http.py:125
2019-07-26 07:42:52.355 725 DEBUG glanceclient.common.http [-] Request returned failure status 404. _handle_response /usr/lib/python2.7/site-packages/glanceclient/common/http.py:125
2019-07-26 07:42:52.356 725 DEBUG glanceclient.common.http [-] Request returned failure status 404. _handle_response /usr/lib/python2.7/site-packages/glanceclient/common/http.py:125
2019-07-26 07:42:53.353 725 DEBUG glanceclient.common.http [-] Request returned failure status 404. _handle_response /usr/lib/python2.7/site-packages/glanceclient/common/http.py:125
2019-07-26 07:42:53.360 725 DEBUG glanceclient.common.http [-] Request returned failure status 404. _handle_response /usr/lib/python2.7/site-packages/glanceclient/common/http.py:125
2019-07-26 07:42:53.363 725 DEBUG glanceclient.common.http [-] Request returned failure status 404. _handle_response /usr/lib/python2.7/site-packages/glanceclient/common/http.py:125
2019-07-26 07:42:53.372 725 DEBUG glanceclient.common.http [-] Request returned failure status 404. _handle_response /usr/lib/python2.7/site-packages/glanceclient/common/http.py:125
2019-07-26 07:42:53.382 725 DEBUG glanceclient.common.http [-] Request returned failure status 404. _handle_response /usr/lib/python2.7/site-packages/glanceclient/common/http.py:125
2019-07-26 07:42:53.383 725 DEBUG glanceclient.common.http [-] Request returned failure status 404. _handle_response /usr/lib/python2.7/site-packages/glanceclient/common/http.py:125
2019-07-26 07:42:53.402 725 DEBUG glanceclient.common.http [-] Request returned failure status 404. _handle_response /usr/lib/python2.7/site-packages/glanceclient/common/http.py:125
2019-07-26 07:42:53.406 725 DEBUG glanceclient.common.http [-] Request returned failure status 404. _handle_response /usr/lib/python2.7/site-packages/glanceclient/common/http.py:125
2019-07-26 07:42:53.422 725 DEBUG glanceclient.common.http [-] Request returned failure status 404. _handle_response /usr/lib/python2.7/site-packages/glanceclient/common/http.py:125
2019-07-26 07:42:53.423 725 DEBUG glanceclient.common.http [-] Request returned failure status 404. _handle_response /usr/lib/python2.7/site-packages/glanceclient/common/http.py:125
2019-07-26 07:42:54.412 725 DEBUG glanceclient.common.http [-] Request returned failure status 404. _handle_response /usr/lib/python2.7/site-packages/glanceclient/common/http.py:125
2019-07-26 07:42:54.415 725 DEBUG glanceclient.common.http [-] Request returned failure status 404. _handle_response /usr/lib/python2.7/site-packages/glanceclient/common/http.py:125
2019-07-26 07:42:54.433 725 DEBUG glanceclient.common.http [-] Request returned failure status 404. _handle_response /usr/lib/python2.7/site-packages/glanceclient/common/http.py:125
2019-07-26 07:42:54.456 725 DEBUG glanceclient.common.http [-] Request returned failure status 404. _handle_response /usr/lib/python2.7/site-packages/glanceclient/common/http.py:125
2019-07-26 07:42:54.459 725 DEBUG glanceclient.common.http [-] Request returned failure status 404. _handle_response /usr/lib/python2.7/site-packages/glanceclient/common/http.py:125
2019-07-26 07:42:54.485 725 DEBUG glanceclient.common.http [-] Request returned failure status 404. _handle_response /usr/lib/python2.7/site-packages/glanceclient/common/http.py:125
2019-07-26 07:42:55.488 725 INFO rally.task.context [-] Task 82e38656-d59b-4dfe-b5c4-f3fbf9dd3e4c | Context cleanup@openstack cleanup() finished in 6.69 sec
2019-07-26 07:42:55.489 725 INFO rally.task.context [-] Task 82e38656-d59b-4dfe-b5c4-f3fbf9dd3e4c | Context users@openstack cleanup() started
2019-07-26 07:43:02.049 725 INFO rally.task.context [-] Task 82e38656-d59b-4dfe-b5c4-f3fbf9dd3e4c | Context users@openstack cleanup() finished in 6.56 sec
2019-07-26 07:43:02.470 725 INFO rally.task.engine [-] Load duration is: 15.01004
2019-07-26 07:43:02.470 725 INFO rally.task.engine [-] Full runner duration is: 15.922198
2019-07-26 07:43:02.471 725 INFO rally.task.engine [-] Full duration is: 33.748803
2019-07-26 07:43:02.719 725 INFO rally.task.engine [-] Running workload: position = 0 config = { "version": 2, "title": "A cropped version of a bigger task.", "description": "Auto-generated task from a single workload (uuid=f7dc8611-bfb2-420e-9068-2dcfa7e5acb6)", "subtasks": [ { "title": "GlanceImages.create_and_download_image", "description": "Create an image, then download data of the image.", "scenario": { "GlanceImages.create_and_download_image": { "container_format": "bare", "disk_format": "qcow2", "image_location": "/home/opnfv/functest/images/cirros-0.4.0-x86_64-disk.img" } }, "contexts": { "users": { "tenants": 3, "users_per_tenant": 2 } }, "runner": { "constant": { "concurrency": 4, "times": 10 } }, "hooks": [], "sla": { "failure_rate": { "max": 0 } } } ] }
2019-07-26 07:43:02.739 725 RALLYDEBUG rally_openstack.contexts.keystone.users [-] Creating 3 tenants using 20 threads
2019-07-26 07:43:04.714 725 RALLYDEBUG rally_openstack.contexts.keystone.users [-] Creating 6 users using 20 threads
2019-07-26 07:43:07.310 725 INFO rally.task.context [-] Task 82e38656-d59b-4dfe-b5c4-f3fbf9dd3e4c | Context users@openstack setup() finished in 4.57 sec
2019-07-26 07:43:07.311 725 INFO rally.task.context [-] Task 82e38656-d59b-4dfe-b5c4-f3fbf9dd3e4c | Context cleanup@openstack setup() finished in 0.01 msec
2019-07-26 07:43:07.317 725 RALLYDEBUG rally.task.runner [-] Starting the constant runner (task UUID: 82e38656-d59b-4dfe-b5c4-f3fbf9dd3e4c). timeout: 0 concurrency: 4 concurrency_per_worker: 1 times: 10 concurrency_overhead: 0 processes_to_start: 4 max_cpu_used: 16
2019-07-26 07:43:07.330 1509 RALLYDEBUG rally.task.runner [-] Starting a worker. concurrency: 1 args: {"container_format": "bare", "disk_format": "qcow2", "image_location": "/home/opnfv/functest/images/cirros-0.4.0-x86_64-disk.img"} times: 10 method_name: run timeout: 0 duration: None cls:
2019-07-26 07:43:07.332 1510 RALLYDEBUG rally.task.runner [-] Starting a worker. concurrency: 1 args: {"container_format": "bare", "disk_format": "qcow2", "image_location": "/home/opnfv/functest/images/cirros-0.4.0-x86_64-disk.img"} times: 10 method_name: run timeout: 0 duration: None cls:
2019-07-26 07:43:07.335 1511 RALLYDEBUG rally.task.runner [-] Starting a worker. concurrency: 1 args: {"container_format": "bare", "disk_format": "qcow2", "image_location": "/home/opnfv/functest/images/cirros-0.4.0-x86_64-disk.img"} times: 10 method_name: run timeout: 0 duration: None cls:
2019-07-26 07:43:07.338 1509 INFO rally.task.runner [-] Task 82e38656-d59b-4dfe-b5c4-f3fbf9dd3e4c | ITER: 1 START
2019-07-26 07:43:07.338 1512 RALLYDEBUG rally.task.runner [-] Starting a worker. concurrency: 1 args: {"container_format": "bare", "disk_format": "qcow2", "image_location": "/home/opnfv/functest/images/cirros-0.4.0-x86_64-disk.img"} times: 10 method_name: run timeout: 0 duration: None cls:
2019-07-26 07:43:07.339 1510 INFO rally.task.runner [-] Task 82e38656-d59b-4dfe-b5c4-f3fbf9dd3e4c | ITER: 2 START
2019-07-26 07:43:07.341 1511 INFO rally.task.runner [-] Task 82e38656-d59b-4dfe-b5c4-f3fbf9dd3e4c | ITER: 3 START
2019-07-26 07:43:07.344 1512 INFO rally.task.runner [-] Task 82e38656-d59b-4dfe-b5c4-f3fbf9dd3e4c | ITER: 4 START
2019-07-26 07:43:10.628 1510 RALLYDEBUG rally.task.utils [-] Waiting for resource u'e8ed080f-d36a-444a-a485-ae63a4af52d3'. Status changed: NONE => QUEUED in 0.0298221111298
2019-07-26 07:43:10.647 1509 RALLYDEBUG rally.task.utils [-] Waiting for resource u'741e5050-7ec7-4084-a30b-8703dc7ea79b'. Status changed: NONE => QUEUED in 0.0325608253479
2019-07-26 07:43:10.657 1512 RALLYDEBUG rally.task.utils [-] Waiting for resource u'5368cde2-2198-4a18-9165-7b51db52720e'. Status changed: NONE => QUEUED in 0.031121969223
2019-07-26 07:43:10.658 1511 RALLYDEBUG rally.task.utils [-] Waiting for resource u'6e18df52-2f9a-4e3a-be16-f91a59639464'. Status changed: NONE => QUEUED in 0.0318529605865
2019-07-26 07:43:11.698 1510 RALLYDEBUG rally.task.utils [-] Waiting for resource s_rally_f7dc8611_LOqHfogM. Status changed: QUEUED => ACTIVE in 0.0222511291504
2019-07-26 07:43:11.709 1511 RALLYDEBUG rally.task.utils [-] Waiting for resource s_rally_f7dc8611_KT8UPwNy. Status changed: QUEUED => ACTIVE in 0.022561788559
2019-07-26 07:43:12.060 1511 INFO rally.task.runner [-] Task 82e38656-d59b-4dfe-b5c4-f3fbf9dd3e4c | ITER: 3 END: OK
2019-07-26 07:43:12.063 1511 INFO rally.task.runner [-] Task 82e38656-d59b-4dfe-b5c4-f3fbf9dd3e4c | ITER: 5 START
2019-07-26 07:43:12.075 1510 INFO rally.task.runner [-] Task 82e38656-d59b-4dfe-b5c4-f3fbf9dd3e4c | ITER: 2 END: OK
2019-07-26 07:43:12.080 1510 INFO rally.task.runner [-] Task 82e38656-d59b-4dfe-b5c4-f3fbf9dd3e4c | ITER: 6 START
2019-07-26 07:43:12.723 1509 RALLYDEBUG rally.task.utils [-] Waiting for resource s_rally_f7dc8611_yKbtAGkc. Status changed: QUEUED => ACTIVE in 0.0192410945892
2019-07-26 07:43:12.782 1512 RALLYDEBUG rally.task.utils [-] Waiting for resource s_rally_f7dc8611_EJ5ZaoCQ. Status changed: QUEUED => ACTIVE in 0.0401341915131
2019-07-26 07:43:12.898 1509 INFO rally.task.runner [-] Task 82e38656-d59b-4dfe-b5c4-f3fbf9dd3e4c | ITER: 1 END: OK
2019-07-26 07:43:12.903 1509 INFO rally.task.runner [-] Task 82e38656-d59b-4dfe-b5c4-f3fbf9dd3e4c | ITER: 7 START
2019-07-26 07:43:13.279 1512 INFO rally.task.runner [-] Task 82e38656-d59b-4dfe-b5c4-f3fbf9dd3e4c | ITER: 4 END: OK
2019-07-26 07:43:13.283 1512 INFO rally.task.runner [-] Task 82e38656-d59b-4dfe-b5c4-f3fbf9dd3e4c | ITER: 8 START
2019-07-26 07:43:15.256 1510 RALLYDEBUG rally.task.utils [-] Waiting for resource u'd65e2a45-8dbc-45eb-9fd8-d5a73f91c31b'. Status changed: NONE => QUEUED in 0.030788898468
2019-07-26 07:43:15.344 1511 RALLYDEBUG rally.task.utils [-] Waiting for resource u'09b1dc43-4846-4fe0-bca8-083061498c30'. Status changed: NONE => QUEUED in 0.0280778408051
2019-07-26 07:43:16.028 1510 RALLYDEBUG rally.task.utils [-] Waiting for resource s_rally_f7dc8611_cV0XCV8Y. Status changed: QUEUED => ACTIVE in 0.0191130638123
2019-07-26 07:43:16.108 1509 RALLYDEBUG rally.task.utils [-] Waiting for resource u'963d38c0-b1e5-44f5-85fa-11669597c75e'. Status changed: NONE => QUEUED in 0.0296740531921
2019-07-26 07:43:16.185 1510 INFO rally.task.runner [-] Task 82e38656-d59b-4dfe-b5c4-f3fbf9dd3e4c | ITER: 6 END: OK
2019-07-26 07:43:16.188 1510 INFO rally.task.runner [-] Task 82e38656-d59b-4dfe-b5c4-f3fbf9dd3e4c | ITER: 9 START
2019-07-26 07:43:16.798 1512 RALLYDEBUG rally.task.utils [-] Waiting for resource u'a1d4c8da-2cfa-4de8-9bdb-c30a6fbe6e3c'. Status changed: NONE => QUEUED in 0.299493074417
2019-07-26 07:43:16.829 1511 RALLYDEBUG rally.task.utils [-] Waiting for resource s_rally_f7dc8611_yFSlk9c3. Status changed: QUEUED => ACTIVE in 0.0206730365753
2019-07-26 07:43:16.864 1509 RALLYDEBUG rally.task.utils [-] Waiting for resource s_rally_f7dc8611_wAvVyQGG. Status changed: QUEUED => ACTIVE in 0.0257811546326
2019-07-26 07:43:16.987 1511 INFO rally.task.runner [-] Task 82e38656-d59b-4dfe-b5c4-f3fbf9dd3e4c | ITER: 5 END: OK
2019-07-26 07:43:16.991 1511 INFO rally.task.runner [-] Task 82e38656-d59b-4dfe-b5c4-f3fbf9dd3e4c | ITER: 10 START
2019-07-26 07:43:17.960 1509 INFO rally.task.runner [-] Task 82e38656-d59b-4dfe-b5c4-f3fbf9dd3e4c | ITER: 7 END: OK
2019-07-26 07:43:18.005 1512 RALLYDEBUG rally.task.utils [-] Waiting for resource s_rally_f7dc8611_senVytsg. Status changed: QUEUED => ACTIVE in 0.018590927124
2019-07-26 07:43:18.145 1512 INFO rally.task.runner [-] Task 82e38656-d59b-4dfe-b5c4-f3fbf9dd3e4c | ITER: 8 END: OK
2019-07-26 07:43:19.555 1510 RALLYDEBUG rally.task.utils [-] Waiting for resource u'5900764e-5786-432a-bd65-8584629afc6c'. Status changed: NONE => QUEUED in 0.0281009674072
2019-07-26 07:43:19.942 1510 RALLYDEBUG rally.task.utils [-] Waiting for resource s_rally_f7dc8611_WLrs9TM3. Status changed: QUEUED => ACTIVE in 0.0175251960754
2019-07-26 07:43:20.086 1510 INFO rally.task.runner [-] Task 82e38656-d59b-4dfe-b5c4-f3fbf9dd3e4c | ITER: 9 END: OK
2019-07-26 07:43:20.355 1511 RALLYDEBUG rally.task.utils [-] Waiting for resource u'0e4c7845-c3dc-41e2-9ca6-7a9c7e965c7a'. Status changed: NONE => QUEUED in 0.0286569595337
2019-07-26 07:43:21.092 1511 RALLYDEBUG rally.task.utils [-] Waiting for resource s_rally_f7dc8611_lTTQwf60. Status changed: QUEUED => ACTIVE in 0.114840984344
2019-07-26 07:43:21.268 1511 INFO rally.task.runner [-] Task 82e38656-d59b-4dfe-b5c4-f3fbf9dd3e4c | ITER: 10 END: OK
2019-07-26 07:43:21.297 725 INFO rally.task.context [-] Task 82e38656-d59b-4dfe-b5c4-f3fbf9dd3e4c | Context cleanup@openstack cleanup() started
2019-07-26 07:43:21.300 725 RALLYDEBUG rally_openstack.cleanup.manager [-] Cleaning up glance images objects
2019-07-26 07:43:23.666 725 RALLYDEBUG rally_openstack.cleanup.manager [-] Deleting glance.images object s_rally_f7dc8611_senVytsg (a1d4c8da-2cfa-4de8-9bdb-c30a6fbe6e3c)
2019-07-26 07:43:23.668 725 RALLYDEBUG rally_openstack.cleanup.manager [-] Deleting glance.images object s_rally_f7dc8611_WLrs9TM3 (5900764e-5786-432a-bd65-8584629afc6c)
2019-07-26 07:43:23.673 725 RALLYDEBUG rally_openstack.cleanup.manager [-] Deleting glance.images object s_rally_f7dc8611_EJ5ZaoCQ (5368cde2-2198-4a18-9165-7b51db52720e)
2019-07-26 07:43:23.681 725 RALLYDEBUG rally_openstack.cleanup.manager [-] Deleting glance.images object s_rally_f7dc8611_cV0XCV8Y (d65e2a45-8dbc-45eb-9fd8-d5a73f91c31b)
2019-07-26 07:43:23.687 725 RALLYDEBUG rally_openstack.cleanup.manager [-] Deleting glance.images object s_rally_f7dc8611_yFSlk9c3 (09b1dc43-4846-4fe0-bca8-083061498c30)
2019-07-26 07:43:23.689 725 RALLYDEBUG rally_openstack.cleanup.manager [-] Deleting glance.images object s_rally_f7dc8611_KT8UPwNy (6e18df52-2f9a-4e3a-be16-f91a59639464)
2019-07-26 07:43:23.694 725 RALLYDEBUG rally_openstack.cleanup.manager [-] Deleting glance.images object s_rally_f7dc8611_yKbtAGkc (741e5050-7ec7-4084-a30b-8703dc7ea79b)
2019-07-26 07:43:23.703 725 RALLYDEBUG rally_openstack.cleanup.manager [-] Deleting glance.images object s_rally_f7dc8611_lTTQwf60 (0e4c7845-c3dc-41e2-9ca6-7a9c7e965c7a)
2019-07-26 07:43:23.711 725 RALLYDEBUG rally_openstack.cleanup.manager [-] Deleting glance.images object s_rally_f7dc8611_LOqHfogM (e8ed080f-d36a-444a-a485-ae63a4af52d3)
2019-07-26 07:43:23.716 725 RALLYDEBUG rally_openstack.cleanup.manager [-] Deleting glance.images object s_rally_f7dc8611_wAvVyQGG (963d38c0-b1e5-44f5-85fa-11669597c75e)
2019-07-26 07:43:25.764 725 DEBUG glanceclient.common.http [-] Request returned failure status 404. _handle_response /usr/lib/python2.7/site-packages/glanceclient/common/http.py:125
2019-07-26 07:43:25.774 725 DEBUG glanceclient.common.http [-] Request returned failure status 404. _handle_response /usr/lib/python2.7/site-packages/glanceclient/common/http.py:125
2019-07-26 07:43:25.783 725 DEBUG glanceclient.common.http [-] Request returned failure status 404. _handle_response /usr/lib/python2.7/site-packages/glanceclient/common/http.py:125
2019-07-26 07:43:25.787 725 DEBUG glanceclient.common.http [-] Request returned failure status 404. _handle_response /usr/lib/python2.7/site-packages/glanceclient/common/http.py:125
2019-07-26 07:43:25.791 725 DEBUG glanceclient.common.http [-] Request returned failure status 404. _handle_response /usr/lib/python2.7/site-packages/glanceclient/common/http.py:125
2019-07-26 07:43:25.798 725 DEBUG glanceclient.common.http [-] Request returned failure status 404. _handle_response /usr/lib/python2.7/site-packages/glanceclient/common/http.py:125
2019-07-26 07:43:25.800 725 DEBUG glanceclient.common.http [-] Request returned failure status 404. _handle_response /usr/lib/python2.7/site-packages/glanceclient/common/http.py:125
2019-07-26 07:43:25.802 725 DEBUG glanceclient.common.http [-] Request returned failure status 404. _handle_response /usr/lib/python2.7/site-packages/glanceclient/common/http.py:125
2019-07-26 07:43:25.803 725 DEBUG glanceclient.common.http [-] Request returned failure status 404. _handle_response /usr/lib/python2.7/site-packages/glanceclient/common/http.py:125
2019-07-26 07:43:25.805 725 DEBUG glanceclient.common.http [-] Request returned failure status 404. _handle_response /usr/lib/python2.7/site-packages/glanceclient/common/http.py:125
2019-07-26 07:43:26.722 725 DEBUG glanceclient.common.http [-] Request returned failure status 404. _handle_response /usr/lib/python2.7/site-packages/glanceclient/common/http.py:125
2019-07-26 07:43:26.741 725 DEBUG glanceclient.common.http [-] Request returned failure status 404. _handle_response /usr/lib/python2.7/site-packages/glanceclient/common/http.py:125
2019-07-26 07:43:26.766 725 DEBUG glanceclient.common.http [-] Request returned failure status 404. _handle_response /usr/lib/python2.7/site-packages/glanceclient/common/http.py:125
2019-07-26 07:43:26.779 725 DEBUG glanceclient.common.http [-] Request returned failure status 404. _handle_response /usr/lib/python2.7/site-packages/glanceclient/common/http.py:125
2019-07-26 07:43:27.841 725 DEBUG glanceclient.common.http [-] Request returned failure status 404. _handle_response /usr/lib/python2.7/site-packages/glanceclient/common/http.py:125
2019-07-26 07:43:27.872 725 DEBUG glanceclient.common.http [-] Request returned failure status 404. _handle_response /usr/lib/python2.7/site-packages/glanceclient/common/http.py:125
2019-07-26 07:43:27.873 725 DEBUG glanceclient.common.http [-] Request returned failure status 404. _handle_response /usr/lib/python2.7/site-packages/glanceclient/common/http.py:125
2019-07-26 07:43:27.875 725 DEBUG glanceclient.common.http [-] Request returned failure status 404. _handle_response /usr/lib/python2.7/site-packages/glanceclient/common/http.py:125
2019-07-26 07:43:27.894 725 DEBUG glanceclient.common.http [-] Request returned failure status 404. _handle_response /usr/lib/python2.7/site-packages/glanceclient/common/http.py:125
2019-07-26 07:43:27.896 725 DEBUG glanceclient.common.http [-] Request returned failure status 404. _handle_response /usr/lib/python2.7/site-packages/glanceclient/common/http.py:125
2019-07-26 07:43:28.898 725 INFO rally.task.context [-] Task 82e38656-d59b-4dfe-b5c4-f3fbf9dd3e4c | Context cleanup@openstack cleanup() finished in 7.60 sec
2019-07-26 07:43:28.899 725 INFO rally.task.context [-] Task 82e38656-d59b-4dfe-b5c4-f3fbf9dd3e4c | Context users@openstack cleanup() started
2019-07-26 07:43:35.952 725 INFO rally.task.context [-] Task 82e38656-d59b-4dfe-b5c4-f3fbf9dd3e4c | Context users@openstack cleanup() finished in 7.05 sec
2019-07-26 07:43:36.912 725 INFO rally.task.engine [-] Load duration is: 13.075809
2019-07-26 07:43:36.913 725 INFO rally.task.engine [-] Full runner duration is: 13.980593
2019-07-26 07:43:36.913 725 INFO rally.task.engine [-] Full duration is: 33.214449
2019-07-26 07:43:37.186 725 INFO rally.task.engine [-] Running workload: position = 0 config = { "version": 2, "title": "A cropped version of a bigger task.", "description": "Auto-generated task from a single workload (uuid=62b2cb19-10df-4922-80c3-b0883053986e)", "subtasks": [ { "title": "GlanceImages.create_and_get_image", "description": "Create and get detailed information of an image.", "scenario": { "GlanceImages.create_and_get_image": { "container_format": "bare", "disk_format": "qcow2", "image_location": "/home/opnfv/functest/images/cirros-0.4.0-x86_64-disk.img" } }, "contexts": { "users": { "tenants": 3, "users_per_tenant": 2 } }, "runner": { "constant": { "concurrency": 4, "times": 10 } }, "hooks": [], "sla": { "failure_rate": { "max": 0 } } } ] }
2019-07-26 07:43:37.208 725 RALLYDEBUG rally_openstack.contexts.keystone.users [-] Creating 3 tenants using 20 threads
2019-07-26 07:43:39.049 725 RALLYDEBUG rally_openstack.contexts.keystone.users [-] Creating 6 users using 20 threads
2019-07-26 07:43:41.888 725 INFO rally.task.context [-] Task 82e38656-d59b-4dfe-b5c4-f3fbf9dd3e4c | Context users@openstack setup() finished in 4.68 sec
2019-07-26 07:43:41.888 725 INFO rally.task.context [-] Task 82e38656-d59b-4dfe-b5c4-f3fbf9dd3e4c | Context cleanup@openstack setup() finished in 0.00 msec
2019-07-26 07:43:41.896 725 RALLYDEBUG rally.task.runner [-] Starting the constant runner (task UUID: 82e38656-d59b-4dfe-b5c4-f3fbf9dd3e4c). timeout: 0 concurrency: 4 concurrency_per_worker: 1 times: 10 concurrency_overhead: 0 processes_to_start: 4 max_cpu_used: 16
2019-07-26 07:43:41.909 1633 RALLYDEBUG rally.task.runner [-] Starting a worker. concurrency: 1 args: {"container_format": "bare", "disk_format": "qcow2", "image_location": "/home/opnfv/functest/images/cirros-0.4.0-x86_64-disk.img"} times: 10 method_name: run timeout: 0 duration: None cls:
2019-07-26 07:43:41.912 1634 RALLYDEBUG rally.task.runner [-] Starting a worker. concurrency: 1 args: {"container_format": "bare", "disk_format": "qcow2", "image_location": "/home/opnfv/functest/images/cirros-0.4.0-x86_64-disk.img"} times: 10 method_name: run timeout: 0 duration: None cls:
2019-07-26 07:43:41.914 1635 RALLYDEBUG rally.task.runner [-] Starting a worker. concurrency: 1 args: {"container_format": "bare", "disk_format": "qcow2", "image_location": "/home/opnfv/functest/images/cirros-0.4.0-x86_64-disk.img"} times: 10 method_name: run timeout: 0 duration: None cls:
2019-07-26 07:43:41.915 1633 INFO rally.task.runner [-] Task 82e38656-d59b-4dfe-b5c4-f3fbf9dd3e4c | ITER: 1 START
2019-07-26 07:43:41.918 1636 RALLYDEBUG rally.task.runner [-] Starting a worker. concurrency: 1 args: {"container_format": "bare", "disk_format": "qcow2", "image_location": "/home/opnfv/functest/images/cirros-0.4.0-x86_64-disk.img"} times: 10 method_name: run timeout: 0 duration: None cls:
2019-07-26 07:43:41.919 1634 INFO rally.task.runner [-] Task 82e38656-d59b-4dfe-b5c4-f3fbf9dd3e4c | ITER: 2 START
2019-07-26 07:43:41.920 1635 INFO rally.task.runner [-] Task 82e38656-d59b-4dfe-b5c4-f3fbf9dd3e4c | ITER: 3 START
2019-07-26 07:43:41.924 1636 INFO rally.task.runner [-] Task 82e38656-d59b-4dfe-b5c4-f3fbf9dd3e4c | ITER: 4 START
2019-07-26 07:43:45.194 1633 RALLYDEBUG rally.task.utils [-] Waiting for resource u'5ea7799a-e959-4bf7-bed3-58089594c802'. Status changed: NONE => QUEUED in 0.0326180458069
2019-07-26 07:43:45.200 1635 RALLYDEBUG rally.task.utils [-] Waiting for resource u'12387096-a505-4f05-a93a-4f9bda6c336d'. Status changed: NONE => QUEUED in 0.0300481319427
2019-07-26 07:43:45.249 1636 RALLYDEBUG rally.task.utils [-] Waiting for resource u'fda1dafa-722d-4609-93be-6cce8dc2f7ac'. Status changed: NONE => QUEUED in 0.0286757946014
2019-07-26 07:43:45.251 1634 RALLYDEBUG rally.task.utils [-] Waiting for resource u'afe9c52b-4e0f-497b-9f6d-0571c25a93cc'. Status changed: NONE => QUEUED in 0.0326409339905
2019-07-26 07:43:45.688 1635 RALLYDEBUG rally.task.utils [-] Waiting for resource s_rally_62b2cb19_V5T6aTaX. Status changed: QUEUED => ACTIVE in 0.0194549560547
2019-07-26 07:43:45.706 1635 INFO rally.task.runner [-] Task 82e38656-d59b-4dfe-b5c4-f3fbf9dd3e4c | ITER: 3 END: OK
2019-07-26 07:43:45.711 1635 INFO rally.task.runner [-] Task 82e38656-d59b-4dfe-b5c4-f3fbf9dd3e4c | ITER: 5 START
2019-07-26 07:43:45.791 1636 RALLYDEBUG rally.task.utils [-] Waiting for resource s_rally_62b2cb19_YOOioOc8. Status changed: QUEUED => ACTIVE in 0.0226829051971
2019-07-26 07:43:45.808 1636 INFO rally.task.runner [-] Task 82e38656-d59b-4dfe-b5c4-f3fbf9dd3e4c | ITER: 4 END: OK
2019-07-26 07:43:45.813 1636 INFO rally.task.runner [-] Task 82e38656-d59b-4dfe-b5c4-f3fbf9dd3e4c | ITER: 6 START
2019-07-26 07:43:46.793 1633 RALLYDEBUG rally.task.utils [-] Waiting for resource s_rally_62b2cb19_q0YVANRI. Status changed: QUEUED => ACTIVE in 0.0242850780487
2019-07-26 07:43:46.852 1633 INFO rally.task.runner [-] Task 82e38656-d59b-4dfe-b5c4-f3fbf9dd3e4c | ITER: 1 END: OK
2019-07-26 07:43:46.856 1634 RALLYDEBUG rally.task.utils [-] Waiting for resource s_rally_62b2cb19_xMALNhoI. Status changed: QUEUED => ACTIVE in 0.0377881526947
2019-07-26 07:43:46.856 1633 INFO rally.task.runner [-] Task 82e38656-d59b-4dfe-b5c4-f3fbf9dd3e4c | ITER: 7 START
2019-07-26 07:43:46.878 1634 INFO rally.task.runner [-] Task 82e38656-d59b-4dfe-b5c4-f3fbf9dd3e4c | ITER: 2 END: OK
2019-07-26 07:43:46.883 1634 INFO rally.task.runner [-] Task 82e38656-d59b-4dfe-b5c4-f3fbf9dd3e4c | ITER: 8 START
2019-07-26 07:43:49.011 1635 RALLYDEBUG rally.task.utils [-] Waiting for resource u'fe1ef619-21a3-4088-b0a2-3f6693362655'. Status changed: NONE => QUEUED in 0.0317120552063
2019-07-26 07:43:49.743 1636 RALLYDEBUG rally.task.utils [-] Waiting for resource u'dc172091-e681-47c5-9a58-a5cb67d576c4'. Status changed: NONE => QUEUED in 0.64799618721
2019-07-26 07:43:49.816 1635 RALLYDEBUG rally.task.utils [-] Waiting for resource s_rally_62b2cb19_eF796NGb. Status changed: QUEUED => ACTIVE in 0.0268070697784
2019-07-26 07:43:50.215 1633 RALLYDEBUG rally.task.utils [-] Waiting for resource u'5b519f7f-09be-4443-b953-4cecc66aeeb9'. Status changed: NONE => QUEUED in 0.0297601222992
2019-07-26 07:43:50.793 1635 INFO rally.task.runner [-] Task 82e38656-d59b-4dfe-b5c4-f3fbf9dd3e4c | ITER: 5 END: OK
2019-07-26 07:43:50.799 1635 INFO rally.task.runner [-] Task 82e38656-d59b-4dfe-b5c4-f3fbf9dd3e4c | ITER: 9 START
2019-07-26 07:43:50.815 1634 RALLYDEBUG rally.task.utils [-] Waiting for resource u'510bd7c2-625a-44c7-af41-c29b5efef1a6'. Status changed: NONE => QUEUED in 0.78755402565
2019-07-26 07:43:50.829 1633 RALLYDEBUG rally.task.utils [-] Waiting for resource s_rally_62b2cb19_t9IxYoc0. Status changed: QUEUED => ACTIVE in 0.0188589096069
2019-07-26 07:43:50.848 1636 RALLYDEBUG rally.task.utils [-] Waiting for resource s_rally_62b2cb19_fdgKY9tS. Status changed: QUEUED => ACTIVE in 0.0272369384766
2019-07-26 07:43:50.848 1633 INFO rally.task.runner [-] Task 82e38656-d59b-4dfe-b5c4-f3fbf9dd3e4c | ITER: 7 END: OK
2019-07-26 07:43:50.852 1633 INFO rally.task.runner [-] Task 82e38656-d59b-4dfe-b5c4-f3fbf9dd3e4c | ITER: 10 START
2019-07-26 07:43:50.873 1636 INFO rally.task.runner [-] Task 82e38656-d59b-4dfe-b5c4-f3fbf9dd3e4c | ITER: 6 END: OK
2019-07-26 07:43:52.043 1634 RALLYDEBUG rally.task.utils [-] Waiting for resource s_rally_62b2cb19_awc4FKJl. Status changed: QUEUED => ACTIVE in 0.0202708244324
2019-07-26 07:43:52.060 1634 INFO rally.task.runner [-] Task 82e38656-d59b-4dfe-b5c4-f3fbf9dd3e4c | ITER: 8 END: OK
2019-07-26 07:43:53.996 1635 RALLYDEBUG rally.task.utils [-] Waiting for resource u'c8ee7725-3df0-437d-ab25-4689bc5afc08'. Status changed: NONE => QUEUED in 0.0306749343872
2019-07-26 07:43:54.040 1633 RALLYDEBUG rally.task.utils [-] Waiting for resource u'64a4f0dc-cda2-45bb-9a95-b2305d33e135'. Status changed: NONE => QUEUED in 0.0290269851685
2019-07-26 07:43:54.817 1635 RALLYDEBUG rally.task.utils [-] Waiting for resource s_rally_62b2cb19_Du1wIVcE. Status changed: QUEUED => ACTIVE in 0.0179917812347
2019-07-26 07:43:54.839 1635 INFO rally.task.runner [-] Task 82e38656-d59b-4dfe-b5c4-f3fbf9dd3e4c | ITER: 9 END: OK
2019-07-26 07:43:55.512 1633 RALLYDEBUG rally.task.utils [-] Waiting for resource s_rally_62b2cb19_Bcp5O4aG. Status changed: QUEUED => ACTIVE in 0.0229630470276
2019-07-26 07:43:55.528 1633 INFO rally.task.runner [-] Task 82e38656-d59b-4dfe-b5c4-f3fbf9dd3e4c | ITER: 10 END: OK
2019-07-26 07:43:55.549 725 INFO rally.task.context [-] Task 82e38656-d59b-4dfe-b5c4-f3fbf9dd3e4c | Context cleanup@openstack cleanup() started
2019-07-26 07:43:55.552 725 RALLYDEBUG rally_openstack.cleanup.manager [-] Cleaning up glance images objects
2019-07-26 07:43:57.672 725 RALLYDEBUG rally_openstack.cleanup.manager [-] Deleting glance.images object s_rally_62b2cb19_fdgKY9tS (dc172091-e681-47c5-9a58-a5cb67d576c4)
2019-07-26 07:43:57.675 725 RALLYDEBUG rally_openstack.cleanup.manager [-] Deleting glance.images object s_rally_62b2cb19_eF796NGb (fe1ef619-21a3-4088-b0a2-3f6693362655)
2019-07-26 07:43:57.676 725 RALLYDEBUG rally_openstack.cleanup.manager [-] Deleting glance.images object s_rally_62b2cb19_q0YVANRI (5ea7799a-e959-4bf7-bed3-58089594c802)
2019-07-26 07:43:57.681 725 RALLYDEBUG rally_openstack.cleanup.manager [-] Deleting glance.images object s_rally_62b2cb19_xMALNhoI (afe9c52b-4e0f-497b-9f6d-0571c25a93cc)
2019-07-26 07:43:57.683 725 RALLYDEBUG rally_openstack.cleanup.manager [-] Deleting glance.images object s_rally_62b2cb19_Bcp5O4aG (64a4f0dc-cda2-45bb-9a95-b2305d33e135)
2019-07-26 07:43:57.686 725 RALLYDEBUG rally_openstack.cleanup.manager [-] Deleting glance.images object s_rally_62b2cb19_Du1wIVcE (c8ee7725-3df0-437d-ab25-4689bc5afc08)
2019-07-26 07:43:57.686 725 RALLYDEBUG rally_openstack.cleanup.manager [-] Deleting glance.images object s_rally_62b2cb19_awc4FKJl (510bd7c2-625a-44c7-af41-c29b5efef1a6)
2019-07-26 07:43:57.689 725 RALLYDEBUG rally_openstack.cleanup.manager [-] Deleting glance.images object s_rally_62b2cb19_t9IxYoc0 (5b519f7f-09be-4443-b953-4cecc66aeeb9)
2019-07-26 07:43:57.690 725 RALLYDEBUG rally_openstack.cleanup.manager [-] Deleting glance.images object s_rally_62b2cb19_YOOioOc8 (fda1dafa-722d-4609-93be-6cce8dc2f7ac)
2019-07-26 07:43:57.706 725 RALLYDEBUG rally_openstack.cleanup.manager [-] Deleting glance.images object s_rally_62b2cb19_V5T6aTaX (12387096-a505-4f05-a93a-4f9bda6c336d)
2019-07-26 07:43:59.828 725 DEBUG glanceclient.common.http [-] Request returned failure status 404. _handle_response /usr/lib/python2.7/site-packages/glanceclient/common/http.py:125
2019-07-26 07:43:59.844 725 DEBUG glanceclient.common.http [-] Request returned failure status 404. _handle_response /usr/lib/python2.7/site-packages/glanceclient/common/http.py:125
2019-07-26 07:43:59.845 725 DEBUG glanceclient.common.http [-] Request returned failure status 404. _handle_response /usr/lib/python2.7/site-packages/glanceclient/common/http.py:125
2019-07-26 07:43:59.860 725 DEBUG glanceclient.common.http [-] Request returned failure status 404. _handle_response /usr/lib/python2.7/site-packages/glanceclient/common/http.py:125
2019-07-26 07:43:59.867 725 DEBUG glanceclient.common.http [-] Request returned failure status 404. _handle_response /usr/lib/python2.7/site-packages/glanceclient/common/http.py:125
2019-07-26 07:43:59.874 725 DEBUG glanceclient.common.http [-] Request returned failure status 404. _handle_response /usr/lib/python2.7/site-packages/glanceclient/common/http.py:125
2019-07-26 07:43:59.878 725 DEBUG glanceclient.common.http [-] Request returned failure status 404. _handle_response /usr/lib/python2.7/site-packages/glanceclient/common/http.py:125
2019-07-26 07:43:59.882 725 DEBUG glanceclient.common.http [-] Request returned failure status 404. _handle_response /usr/lib/python2.7/site-packages/glanceclient/common/http.py:125
2019-07-26 07:43:59.883 725 DEBUG glanceclient.common.http [-] Request returned failure status 404. _handle_response /usr/lib/python2.7/site-packages/glanceclient/common/http.py:125
2019-07-26 07:43:59.888 725 DEBUG glanceclient.common.http [-] Request returned failure status 404. _handle_response /usr/lib/python2.7/site-packages/glanceclient/common/http.py:125
2019-07-26 07:43:59.893 725 DEBUG glanceclient.common.http [-] Request returned failure status 404. _handle_response /usr/lib/python2.7/site-packages/glanceclient/common/http.py:125
2019-07-26 07:43:59.894 725 DEBUG glanceclient.common.http [-] Request returned failure status 404. _handle_response /usr/lib/python2.7/site-packages/glanceclient/common/http.py:125
2019-07-26 07:43:59.898 725 DEBUG glanceclient.common.http [-] Request returned failure status 404. _handle_response /usr/lib/python2.7/site-packages/glanceclient/common/http.py:125
2019-07-26 07:43:59.906 725 DEBUG glanceclient.common.http [-] Request returned failure status 404. _handle_response /usr/lib/python2.7/site-packages/glanceclient/common/http.py:125
2019-07-26 07:44:01.860 725 DEBUG glanceclient.common.http [-] Request returned failure status 404. _handle_response /usr/lib/python2.7/site-packages/glanceclient/common/http.py:125
2019-07-26 07:44:01.861 725 DEBUG glanceclient.common.http [-] Request returned failure status 404. _handle_response /usr/lib/python2.7/site-packages/glanceclient/common/http.py:125
