2019-07-26 07:56:58.475 1842 DEBUG novaclient.v2.client [-] RESP BODY: {"server_groups": []} _http_log_response /usr/lib/python2.7/site-packages/keystoneauth1/session.py:511
2019-07-26 07:56:58.475 1842 DEBUG novaclient.v2.client [-] GET call to compute for http://172.30.9.33:8774/v2.1/os-server-groups used request id req-7dffd783-3b16-448d-ad1e-c81faead9f7d request /usr/lib/python2.7/site-packages/keystoneauth1/session.py:844
2019-07-26 07:56:58.890 1842 DEBUG novaclient.v2.client [-] REQ: curl -g -i -X GET http://172.30.9.33:8774/v2.1/os-server-groups -H "Accept: application/json" -H "User-Agent: python-novaclient" -H "X-Auth-Token: {SHA1}524d115e58124d14ae9a595bce4ed781ebfe3bf7" _http_log_request /usr/lib/python2.7/site-packages/keystoneauth1/session.py:448
2019-07-26 07:56:59.148 1842 DEBUG novaclient.v2.client [-] RESP: [200] Content-Length: 21 Content-Type: application/json Date: Fri, 26 Jul 2019 07:56:58 GMT OpenStack-API-Version: compute 2.1 Server: Apache Vary: OpenStack-API-Version,X-OpenStack-Nova-API-Version X-OpenStack-Nova-API-Version: 2.1 x-compute-request-id: req-2c6046b5-ce31-4b32-90be-f8531c74dde1 x-openstack-request-id: req-2c6046b5-ce31-4b32-90be-f8531c74dde1 _http_log_response /usr/lib/python2.7/site-packages/keystoneauth1/session.py:479
2019-07-26 07:56:59.148 1842 DEBUG novaclient.v2.client [-] RESP BODY: {"server_groups": []} _http_log_response /usr/lib/python2.7/site-packages/keystoneauth1/session.py:511
2019-07-26 07:56:59.149 1842 DEBUG novaclient.v2.client [-] GET call to compute for http://172.30.9.33:8774/v2.1/os-server-groups used request id req-2c6046b5-ce31-4b32-90be-f8531c74dde1 request /usr/lib/python2.7/site-packages/keystoneauth1/session.py:844
2019-07-26 07:56:59.567 1842 DEBUG novaclient.v2.client [-] REQ: curl -g -i -X GET http://172.30.9.33:8774/v2.1/os-server-groups -H "Accept: application/json" -H "User-Agent: python-novaclient" -H "X-Auth-Token: {SHA1}df61551ebb3fdf630dfb499ce469420982415711" _http_log_request /usr/lib/python2.7/site-packages/keystoneauth1/session.py:448
2019-07-26 07:56:59.761 1842 DEBUG novaclient.v2.client [-] RESP: [200] Content-Length: 21 Content-Type: application/json Date: Fri, 26 Jul 2019 07:56:59 GMT OpenStack-API-Version: compute 2.1 Server: Apache Vary: OpenStack-API-Version,X-OpenStack-Nova-API-Version X-OpenStack-Nova-API-Version: 2.1 x-compute-request-id: req-7cc4aed7-c1cd-4b50-ae83-3f704a918986 x-openstack-request-id: req-7cc4aed7-c1cd-4b50-ae83-3f704a918986 _http_log_response /usr/lib/python2.7/site-packages/keystoneauth1/session.py:479
2019-07-26 07:56:59.761 1842 DEBUG novaclient.v2.client [-] RESP BODY: {"server_groups": []} _http_log_response /usr/lib/python2.7/site-packages/keystoneauth1/session.py:511
2019-07-26 07:56:59.762 1842 DEBUG novaclient.v2.client [-] GET call to compute for http://172.30.9.33:8774/v2.1/os-server-groups used request id req-7cc4aed7-c1cd-4b50-ae83-3f704a918986 request /usr/lib/python2.7/site-packages/keystoneauth1/session.py:844
2019-07-26 07:56:59.769 1842 RALLYDEBUG rally_openstack.cleanup.manager [-] Cleaning up nova keypairs objects
2019-07-26 07:57:00.193 1842 DEBUG novaclient.v2.client [-] REQ: curl -g -i -X GET http://172.30.9.33:8774/v2.1/os-keypairs -H "Accept: application/json" -H "User-Agent: python-novaclient" -H "X-Auth-Token: {SHA1}990abdf8a4c5018028e87efb4b8a34e5f5654d23" _http_log_request /usr/lib/python2.7/site-packages/keystoneauth1/session.py:448
2019-07-26 07:57:00.457 1842 DEBUG novaclient.v2.client [-] RESP: [200] Content-Length: 16 Content-Type: application/json Date: Fri, 26 Jul 2019 07:57:00 GMT OpenStack-API-Version: compute 2.1 Server: Apache Vary: OpenStack-API-Version,X-OpenStack-Nova-API-Version X-OpenStack-Nova-API-Version: 2.1 x-compute-request-id: req-4bd2fe34-7d71-44fa-bd70-73caa7890906 x-openstack-request-id: req-4bd2fe34-7d71-44fa-bd70-73caa7890906 _http_log_response /usr/lib/python2.7/site-packages/keystoneauth1/session.py:479
2019-07-26 07:57:00.458 1842 DEBUG novaclient.v2.client [-] RESP BODY: {"keypairs": []} _http_log_response /usr/lib/python2.7/site-packages/keystoneauth1/session.py:511
2019-07-26 07:57:00.458 1842 DEBUG novaclient.v2.client [-] GET call to compute for http://172.30.9.33:8774/v2.1/os-keypairs used request id req-4bd2fe34-7d71-44fa-bd70-73caa7890906 request /usr/lib/python2.7/site-packages/keystoneauth1/session.py:844
2019-07-26 07:57:00.870 1842 DEBUG novaclient.v2.client [-] REQ: curl -g -i -X GET http://172.30.9.33:8774/v2.1/os-keypairs -H "Accept: application/json" -H "User-Agent: python-novaclient" -H "X-Auth-Token: {SHA1}9f4c7e21fea009aea5514d6bba897741ffd5af83" _http_log_request /usr/lib/python2.7/site-packages/keystoneauth1/session.py:448
2019-07-26 07:57:01.159 1842 DEBUG novaclient.v2.client [-] RESP: [200] Content-Length: 16 Content-Type: application/json Date: Fri, 26 Jul 2019 07:57:00 GMT OpenStack-API-Version: compute 2.1 Server: Apache Vary: OpenStack-API-Version,X-OpenStack-Nova-API-Version X-OpenStack-Nova-API-Version: 2.1 x-compute-request-id: req-acde92ba-3630-4d4f-9d5a-5c84f227e502 x-openstack-request-id: req-acde92ba-3630-4d4f-9d5a-5c84f227e502 _http_log_response /usr/lib/python2.7/site-packages/keystoneauth1/session.py:479
2019-07-26 07:57:01.160 1842 DEBUG novaclient.v2.client [-] RESP BODY: {"keypairs": []} _http_log_response /usr/lib/python2.7/site-packages/keystoneauth1/session.py:511
2019-07-26 07:57:01.160 1842 DEBUG novaclient.v2.client [-] GET call to compute for http://172.30.9.33:8774/v2.1/os-keypairs used request id req-acde92ba-3630-4d4f-9d5a-5c84f227e502 request /usr/lib/python2.7/site-packages/keystoneauth1/session.py:844
2019-07-26 07:57:01.600 1842 DEBUG novaclient.v2.client [-] REQ: curl -g -i -X GET http://172.30.9.33:8774/v2.1/os-keypairs -H "Accept: application/json" -H "User-Agent: python-novaclient" -H "X-Auth-Token: {SHA1}a590d6dec9c8ae6bd94a8e05b90938014ba8eb5e" _http_log_request /usr/lib/python2.7/site-packages/keystoneauth1/session.py:448
2019-07-26 07:57:01.797 1842 DEBUG novaclient.v2.client [-] RESP: [200] Content-Length: 16 Content-Type: application/json Date: Fri, 26 Jul 2019 07:57:01 GMT OpenStack-API-Version: compute 2.1 Server: Apache Vary: OpenStack-API-Version,X-OpenStack-Nova-API-Version X-OpenStack-Nova-API-Version: 2.1 x-compute-request-id: req-ccfd6aab-736b-4504-ab25-3e38a07ec4b6 x-openstack-request-id: req-ccfd6aab-736b-4504-ab25-3e38a07ec4b6 _http_log_response /usr/lib/python2.7/site-packages/keystoneauth1/session.py:479
2019-07-26 07:57:01.798 1842 DEBUG novaclient.v2.client [-] RESP BODY: {"keypairs": []} _http_log_response /usr/lib/python2.7/site-packages/keystoneauth1/session.py:511
2019-07-26 07:57:01.798 1842 DEBUG novaclient.v2.client [-] GET call to compute for http://172.30.9.33:8774/v2.1/os-keypairs used request id req-ccfd6aab-736b-4504-ab25-3e38a07ec4b6 request /usr/lib/python2.7/site-packages/keystoneauth1/session.py:844
2019-07-26 07:57:02.213 1842 DEBUG novaclient.v2.client [-] REQ: curl -g -i -X GET http://172.30.9.33:8774/v2.1/os-keypairs -H "Accept: application/json" -H "User-Agent: python-novaclient" -H "X-Auth-Token: {SHA1}2d8ec55132a82d5325ebc5a4a273980b212a47d9" _http_log_request /usr/lib/python2.7/site-packages/keystoneauth1/session.py:448
2019-07-26 07:57:02.405 1842 DEBUG novaclient.v2.client [-] RESP: [200] Content-Length: 16 Content-Type: application/json Date: Fri, 26 Jul 2019 07:57:02 GMT OpenStack-API-Version: compute 2.1 Server: Apache Vary: OpenStack-API-Version,X-OpenStack-Nova-API-Version X-OpenStack-Nova-API-Version: 2.1 x-compute-request-id: req-060a02c8-e061-4602-ad7c-58a80d234570 x-openstack-request-id: req-060a02c8-e061-4602-ad7c-58a80d234570 _http_log_response /usr/lib/python2.7/site-packages/keystoneauth1/session.py:479
2019-07-26 07:57:02.406 1842 DEBUG novaclient.v2.client [-] RESP BODY: {"keypairs": []} _http_log_response /usr/lib/python2.7/site-packages/keystoneauth1/session.py:511
2019-07-26 07:57:02.406 1842 DEBUG novaclient.v2.client [-] GET call to compute for http://172.30.9.33:8774/v2.1/os-keypairs used request id req-060a02c8-e061-4602-ad7c-58a80d234570 request /usr/lib/python2.7/site-packages/keystoneauth1/session.py:844
2019-07-26 07:57:02.824 1842 DEBUG novaclient.v2.client [-] REQ: curl -g -i -X GET http://172.30.9.33:8774/v2.1/os-keypairs -H "Accept: application/json" -H "User-Agent: python-novaclient" -H "X-Auth-Token: {SHA1}3766293fafaa469113297e7450216297b2282d58" _http_log_request /usr/lib/python2.7/site-packages/keystoneauth1/session.py:448
2019-07-26 07:57:03.096 1842 DEBUG novaclient.v2.client [-] RESP: [200] Content-Length: 16 Content-Type: application/json Date: Fri, 26 Jul 2019 07:57:02 GMT OpenStack-API-Version: compute 2.1 Server: Apache Vary: OpenStack-API-Version,X-OpenStack-Nova-API-Version X-OpenStack-Nova-API-Version: 2.1 x-compute-request-id: req-516d66d6-48d2-47e1-a1ee-ae552a9ade30 x-openstack-request-id: req-516d66d6-48d2-47e1-a1ee-ae552a9ade30 _http_log_response /usr/lib/python2.7/site-packages/keystoneauth1/session.py:479
2019-07-26 07:57:03.097 1842 DEBUG novaclient.v2.client [-] RESP BODY: {"keypairs": []} _http_log_response /usr/lib/python2.7/site-packages/keystoneauth1/session.py:511
2019-07-26 07:57:03.097 1842 DEBUG novaclient.v2.client [-] GET call to compute for http://172.30.9.33:8774/v2.1/os-keypairs used request id req-516d66d6-48d2-47e1-a1ee-ae552a9ade30 request /usr/lib/python2.7/site-packages/keystoneauth1/session.py:844
2019-07-26 07:57:03.525 1842 DEBUG novaclient.v2.client [-] REQ: curl -g -i -X GET http://172.30.9.33:8774/v2.1/os-keypairs -H "Accept: application/json" -H "User-Agent: python-novaclient" -H "X-Auth-Token: {SHA1}d74cfc17764b7e4d3450818ae0bfcdf727edc8b9" _http_log_request /usr/lib/python2.7/site-packages/keystoneauth1/session.py:448
2019-07-26 07:57:03.785 1842 DEBUG novaclient.v2.client [-] RESP: [200] Content-Length: 16 Content-Type: application/json Date: Fri, 26 Jul 2019 07:57:03 GMT OpenStack-API-Version: compute 2.1 Server: Apache Vary: OpenStack-API-Version,X-OpenStack-Nova-API-Version X-OpenStack-Nova-API-Version: 2.1 x-compute-request-id: req-ec9b5ef9-adeb-4230-9449-b2d29a0f5db5 x-openstack-request-id: req-ec9b5ef9-adeb-4230-9449-b2d29a0f5db5 _http_log_response /usr/lib/python2.7/site-packages/keystoneauth1/session.py:479
2019-07-26 07:57:03.786 1842 DEBUG novaclient.v2.client [-] RESP BODY: {"keypairs": []} _http_log_response /usr/lib/python2.7/site-packages/keystoneauth1/session.py:511
2019-07-26 07:57:03.786 1842 DEBUG novaclient.v2.client [-] GET call to compute for http://172.30.9.33:8774/v2.1/os-keypairs used request id req-ec9b5ef9-adeb-4230-9449-b2d29a0f5db5 request /usr/lib/python2.7/site-packages/keystoneauth1/session.py:844
2019-07-26 07:57:03.793 1842 RALLYDEBUG rally_openstack.cleanup.manager [-] Cleaning up cinder backups objects
2019-07-26 07:57:05.926 1842 RALLYDEBUG rally_openstack.cleanup.manager [-] Cleaning up cinder volume_snapshots objects
2019-07-26 07:57:08.003 1842 RALLYDEBUG rally_openstack.cleanup.manager [-] Cleaning up cinder transfers objects
2019-07-26 07:57:09.980 1842 RALLYDEBUG rally_openstack.cleanup.manager [-] Cleaning up cinder volumes objects
2019-07-26 07:57:11.988 1842 INFO rally.task.context [-] Task 23a42665-6f0a-463e-ac38-55a2fee7dd48 | Context cleanup@openstack cleanup() finished in 16.33 sec
2019-07-26 07:57:11.989 1842 INFO rally.task.context [-] Task 23a42665-6f0a-463e-ac38-55a2fee7dd48 | Context quotas@openstack cleanup() started
2019-07-26 07:57:12.582 1842 INFO rally.task.context [-] Task 23a42665-6f0a-463e-ac38-55a2fee7dd48 | Context quotas@openstack cleanup() finished in 0.59 sec
2019-07-26 07:57:12.582 1842 INFO rally.task.context [-] Task 23a42665-6f0a-463e-ac38-55a2fee7dd48 | Context api_versions@openstack cleanup() started
2019-07-26 07:57:12.583 1842 INFO rally.task.context [-] Task 23a42665-6f0a-463e-ac38-55a2fee7dd48 | Context api_versions@openstack cleanup() finished in 0.30 msec
2019-07-26 07:57:12.583 1842 INFO rally.task.context [-] Task 23a42665-6f0a-463e-ac38-55a2fee7dd48 | Context users@openstack cleanup() started
2019-07-26 07:57:19.090 1842 INFO rally.task.context [-] Task 23a42665-6f0a-463e-ac38-55a2fee7dd48 | Context users@openstack cleanup() finished in 6.51 sec
2019-07-26 07:57:21.021 1842 INFO rally.task.engine [-] Load duration is: 95.946578
2019-07-26 07:57:21.022 1842 INFO rally.task.engine [-] Full runner duration is: 97.002307
2019-07-26 07:57:21.022 1842 INFO rally.task.engine [-] Full duration is: 128.574627
2019-07-26 07:57:21.304 1842 INFO rally.task.engine [-] Running workload: position = 0 config = { "version": 2, "title": "A cropped version of a bigger task.", "description": "Auto-generated task from a single workload (uuid=820d9056-64f6-407e-ab6d-2a1c64ad5629)", "subtasks": [ { "title": "CinderVolumes.create_volume", "description": "Create a volume.", "scenario": { "CinderVolumes.create_volume": { "size": 1 } }, "contexts": { "users": { "tenants": 3, "users_per_tenant": 2 }, "api_versions": { "cinder": { "version": 3, "service_type": "volumev3" } } }, "runner": { "constant": { "concurrency": 4, "times": 10 } }, "hooks": [], "sla": { "failure_rate": { "max": 0 } } } ] }
2019-07-26 07:57:21.329 1842 RALLYDEBUG rally_openstack.contexts.keystone.users [-] Creating 3 tenants using 20 threads
2019-07-26 07:57:23.244 1842 RALLYDEBUG rally_openstack.contexts.keystone.users [-] Creating 6 users using 20 threads
2019-07-26 07:57:25.901 1842 INFO rally.task.context [-] Task 23a42665-6f0a-463e-ac38-55a2fee7dd48 | Context users@openstack setup() finished in 4.57 sec
2019-07-26 07:57:26.318 1842 INFO rally.task.context [-] Task 23a42665-6f0a-463e-ac38-55a2fee7dd48 | Context api_versions@openstack setup() finished in 0.42 sec
2019-07-26 07:57:26.319 1842 INFO rally.task.context [-] Task 23a42665-6f0a-463e-ac38-55a2fee7dd48 | Context cleanup@openstack setup() finished in 0.00 msec
2019-07-26 07:57:26.326 1842 RALLYDEBUG rally.task.runner [-] Starting the constant runner (task UUID: 23a42665-6f0a-463e-ac38-55a2fee7dd48). timeout: 0 concurrency: 4 concurrency_per_worker: 1 times: 10 concurrency_overhead: 0 processes_to_start: 4 max_cpu_used: 16
2019-07-26 07:57:26.335 3474 RALLYDEBUG rally.task.runner [-] Starting a worker. concurrency: 1 args: {"size": 1} times: 10 method_name: run timeout: 0 duration: None cls:
2019-07-26 07:57:26.340 3474 INFO rally.task.runner [-] Task 23a42665-6f0a-463e-ac38-55a2fee7dd48 | ITER: 1 START
2019-07-26 07:57:26.341 3475 RALLYDEBUG rally.task.runner [-] Starting a worker. concurrency: 1 args: {"size": 1} times: 10 method_name: run timeout: 0 duration: None cls:
2019-07-26 07:57:26.342 3476 RALLYDEBUG rally.task.runner [-] Starting a worker. concurrency: 1 args: {"size": 1} times: 10 method_name: run timeout: 0 duration: None cls:
2019-07-26 07:57:26.347 3476 INFO rally.task.runner [-] Task 23a42665-6f0a-463e-ac38-55a2fee7dd48 | ITER: 3 START
2019-07-26 07:57:26.347 3479 RALLYDEBUG rally.task.runner [-] Starting a worker. concurrency: 1 args: {"size": 1} times: 10 method_name: run timeout: 0 duration: None cls:
2019-07-26 07:57:26.348 3475 INFO rally.task.runner [-] Task 23a42665-6f0a-463e-ac38-55a2fee7dd48 | ITER: 2 START
2019-07-26 07:57:26.354 3479 INFO rally.task.runner [-] Task 23a42665-6f0a-463e-ac38-55a2fee7dd48 | ITER: 4 START
2019-07-26 07:57:30.018 3479 INFO rally.task.runner [-] Task 23a42665-6f0a-463e-ac38-55a2fee7dd48 | ITER: 4 END: OK
2019-07-26 07:57:30.023 3479 INFO rally.task.runner [-] Task 23a42665-6f0a-463e-ac38-55a2fee7dd48 | ITER: 5 START
2019-07-26 07:57:30.086 3476 INFO rally.task.runner [-] Task 23a42665-6f0a-463e-ac38-55a2fee7dd48 | ITER: 3 END: OK
2019-07-26 07:57:30.091 3476 INFO rally.task.runner [-] Task 23a42665-6f0a-463e-ac38-55a2fee7dd48 | ITER: 6 START
2019-07-26 07:57:30.135 3474 INFO rally.task.runner [-] Task 23a42665-6f0a-463e-ac38-55a2fee7dd48 | ITER: 1 END: OK
2019-07-26 07:57:30.140 3474 INFO rally.task.runner [-] Task 23a42665-6f0a-463e-ac38-55a2fee7dd48 | ITER: 7 START
2019-07-26 07:57:30.149 3475 INFO rally.task.runner [-] Task 23a42665-6f0a-463e-ac38-55a2fee7dd48 | ITER: 2 END: OK
2019-07-26 07:57:30.153 3475 INFO rally.task.runner [-] Task 23a42665-6f0a-463e-ac38-55a2fee7dd48 | ITER: 8 START
2019-07-26 07:57:33.530 3479 INFO rally.task.runner [-] Task 23a42665-6f0a-463e-ac38-55a2fee7dd48 | ITER: 5 END: OK
2019-07-26 07:57:33.535 3479 INFO rally.task.runner [-] Task 23a42665-6f0a-463e-ac38-55a2fee7dd48 | ITER: 9 START
2019-07-26 07:57:33.540 3474 INFO rally.task.runner [-] Task 23a42665-6f0a-463e-ac38-55a2fee7dd48 | ITER: 7 END: OK
2019-07-26 07:57:33.545 3474 INFO rally.task.runner [-] Task 23a42665-6f0a-463e-ac38-55a2fee7dd48 | ITER: 10 START
2019-07-26 07:57:33.599 3475 INFO rally.task.runner [-] Task 23a42665-6f0a-463e-ac38-55a2fee7dd48 | ITER: 8 END: OK
2019-07-26 07:57:33.736 3476 INFO rally.task.runner [-] Task 23a42665-6f0a-463e-ac38-55a2fee7dd48 | ITER: 6 END: OK
2019-07-26 07:57:36.900 3474 INFO rally.task.runner [-] Task 23a42665-6f0a-463e-ac38-55a2fee7dd48 | ITER: 10 END: OK
2019-07-26 07:57:36.971 3479 INFO rally.task.runner [-] Task 23a42665-6f0a-463e-ac38-55a2fee7dd48 | ITER: 9 END: OK
2019-07-26 07:57:36.999 1842 INFO rally.task.context [-] Task 23a42665-6f0a-463e-ac38-55a2fee7dd48 | Context cleanup@openstack cleanup() started
2019-07-26 07:57:37.001 1842 RALLYDEBUG rally_openstack.cleanup.manager [-] Cleaning up cinder backups objects
2019-07-26 07:57:38.993 1842 RALLYDEBUG rally_openstack.cleanup.manager [-] Cleaning up cinder volume_snapshots objects
2019-07-26 07:57:40.963 1842 RALLYDEBUG rally_openstack.cleanup.manager [-] Cleaning up cinder transfers objects
2019-07-26 07:57:42.823 1842 RALLYDEBUG rally_openstack.cleanup.manager [-] Cleaning up cinder volumes objects
2019-07-26 07:57:44.954 1842 RALLYDEBUG rally_openstack.cleanup.manager [-] Deleting cinder.volumes object s_rally_820d9056_s5tEQDG7 (6ce554dc-6bf7-42ed-acfd-6186f40dc5c4)
2019-07-26 07:57:44.959 1842 RALLYDEBUG rally_openstack.cleanup.manager [-] Deleting cinder.volumes object s_rally_820d9056_eAA12Cu4 (41651037-f5a4-46e6-8561-ee68c58b8c19)
2019-07-26 07:57:44.959 1842 RALLYDEBUG rally_openstack.cleanup.manager [-] Deleting cinder.volumes object s_rally_820d9056_pMdWadDa (176868c5-3386-4b8c-be83-cd81fa731973)
2019-07-26 07:57:44.960 1842 RALLYDEBUG rally_openstack.cleanup.manager [-] Deleting cinder.volumes object s_rally_820d9056_4ZmXcA9Y (6a1208f4-38cd-4414-ba40-08d016161e07)
2019-07-26 07:57:44.960 1842 RALLYDEBUG rally_openstack.cleanup.manager [-] Deleting cinder.volumes object s_rally_820d9056_TZjaOOAO (c513adc1-9f2e-47ea-ba74-0f84452da958)
2019-07-26 07:57:44.961 1842 RALLYDEBUG rally_openstack.cleanup.manager [-] Deleting cinder.volumes object s_rally_820d9056_ZT5WDOxL (6d0ec987-8660-4d28-898c-178fe4dae53c)
2019-07-26 07:57:44.965 1842 RALLYDEBUG rally_openstack.cleanup.manager [-] Deleting cinder.volumes object s_rally_820d9056_UlftcRfK (ce71e423-6591-4b0b-b3df-d0993e8f8315)
2019-07-26 07:57:44.965 1842 RALLYDEBUG rally_openstack.cleanup.manager [-] Deleting cinder.volumes object s_rally_820d9056_M5KkYEgJ (b50f6613-1cd9-4225-bf37-7736aac11d2e)
2019-07-26 07:57:44.963 1842 RALLYDEBUG rally_openstack.cleanup.manager [-] Deleting cinder.volumes object s_rally_820d9056_tjcHktvR (ec3ebd4d-0f76-4cce-8196-d57b5fcce204)
2019-07-26 07:57:44.976 1842 RALLYDEBUG rally_openstack.cleanup.manager [-] Deleting cinder.volumes object s_rally_820d9056_7GG8K6UQ (44cf9606-031b-430a-963c-5cfe3cd01d70)
2019-07-26 07:57:49.779 1842 INFO rally.task.context [-] Task 23a42665-6f0a-463e-ac38-55a2fee7dd48 | Context cleanup@openstack cleanup() finished in 12.78 sec
2019-07-26 07:57:49.779 1842 INFO rally.task.context [-] Task 23a42665-6f0a-463e-ac38-55a2fee7dd48 | Context api_versions@openstack cleanup() started
2019-07-26 07:57:49.779 1842 INFO rally.task.context [-] Task 23a42665-6f0a-463e-ac38-55a2fee7dd48 | Context api_versions@openstack cleanup() finished in 0.34 msec
2019-07-26 07:57:49.780 1842 INFO rally.task.context [-] Task 23a42665-6f0a-463e-ac38-55a2fee7dd48 | Context users@openstack cleanup() started
2019-07-26 07:57:56.582 1842 INFO rally.task.context [-] Task 23a42665-6f0a-463e-ac38-55a2fee7dd48 | Context users@openstack cleanup() finished in 6.80 sec
2019-07-26 07:57:57.483 1842 INFO rally.task.engine [-] Load duration is: 10.62767
2019-07-26 07:57:57.483 1842 INFO rally.task.engine [-] Full runner duration is: 10.673026
2019-07-26 07:57:57.483 1842 INFO rally.task.engine [-] Full duration is: 35.256133
2019-07-26 07:57:57.663 1842 INFO rally.task.engine [-] Running workload: position = 1 config = { "version": 2, "title": "A cropped version of a bigger task.", "description": "Auto-generated task from a single workload (uuid=fa9abaef-cb71-471c-a152-c7fed218fd9f)", "subtasks": [ { "title": "CinderVolumes.create_volume", "description": "Create a volume.", "scenario": { "CinderVolumes.create_volume": { "size": { "min": 1, "max": 1 } } }, "contexts": { "users": { "tenants": 3, "users_per_tenant": 2 }, "quotas": { "cinder": { "gigabytes": -1, "snapshots": -1, "volumes": -1 } }, "api_versions": { "cinder": { "version": 3, "service_type": "volumev3" } } }, "runner": { "constant": { "concurrency": 4, "times": 10 } }, "hooks": [], "sla": { "failure_rate": { "max": 0 } } } ] }
2019-07-26 07:57:57.686 1842 RALLYDEBUG rally_openstack.contexts.keystone.users [-] Creating 3 tenants using 20 threads
2019-07-26 07:57:59.519 1842 RALLYDEBUG rally_openstack.contexts.keystone.users [-] Creating 6 users using 20 threads
2019-07-26 07:58:02.309 1842 INFO rally.task.context [-] Task 23a42665-6f0a-463e-ac38-55a2fee7dd48 | Context users@openstack setup() finished in 4.62 sec
2019-07-26 07:58:02.719 1842 INFO rally.task.context [-] Task 23a42665-6f0a-463e-ac38-55a2fee7dd48 | Context api_versions@openstack setup() finished in 0.41 sec
2019-07-26 07:58:04.320 1842 INFO rally.task.context [-] Task 23a42665-6f0a-463e-ac38-55a2fee7dd48 | Context quotas@openstack setup() finished in 1.60 sec
2019-07-26 07:58:04.320 1842 INFO rally.task.context [-] Task 23a42665-6f0a-463e-ac38-55a2fee7dd48 | Context cleanup@openstack setup() finished in 0.01 msec
2019-07-26 07:58:04.328 1842 RALLYDEBUG rally.task.runner [-] Starting the constant runner (task UUID: 23a42665-6f0a-463e-ac38-55a2fee7dd48). timeout: 0 concurrency: 4 concurrency_per_worker: 1 times: 10 concurrency_overhead: 0 processes_to_start: 4 max_cpu_used: 16
2019-07-26 07:58:04.341 3658 RALLYDEBUG rally.task.runner [-] Starting a worker. concurrency: 1 args: {"size": {"min": 1, "max": 1}} times: 10 method_name: run timeout: 0 duration: None cls:
2019-07-26 07:58:04.344 3659 RALLYDEBUG rally.task.runner [-] Starting a worker. concurrency: 1 args: {"size": {"min": 1, "max": 1}} times: 10 method_name: run timeout: 0 duration: None cls:
2019-07-26 07:58:04.347 3660 RALLYDEBUG rally.task.runner [-] Starting a worker. concurrency: 1 args: {"size": {"min": 1, "max": 1}} times: 10 method_name: run timeout: 0 duration: None cls:
2019-07-26 07:58:04.350 3658 INFO rally.task.runner [-] Task 23a42665-6f0a-463e-ac38-55a2fee7dd48 | ITER: 1 START
2019-07-26 07:58:04.351 3661 RALLYDEBUG rally.task.runner [-] Starting a worker. concurrency: 1 args: {"size": {"min": 1, "max": 1}} times: 10 method_name: run timeout: 0 duration: None cls:
2019-07-26 07:58:04.351 3659 INFO rally.task.runner [-] Task 23a42665-6f0a-463e-ac38-55a2fee7dd48 | ITER: 2 START
2019-07-26 07:58:04.355 3660 INFO rally.task.runner [-] Task 23a42665-6f0a-463e-ac38-55a2fee7dd48 | ITER: 3 START
2019-07-26 07:58:04.359 3661 INFO rally.task.runner [-] Task 23a42665-6f0a-463e-ac38-55a2fee7dd48 | ITER: 4 START
2019-07-26 07:58:07.697 3659 INFO rally.task.runner [-] Task 23a42665-6f0a-463e-ac38-55a2fee7dd48 | ITER: 2 END: OK
2019-07-26 07:58:07.703 3659 INFO rally.task.runner [-] Task 23a42665-6f0a-463e-ac38-55a2fee7dd48 | ITER: 5 START
2019-07-26 07:58:07.912 3661 INFO rally.task.runner [-] Task 23a42665-6f0a-463e-ac38-55a2fee7dd48 | ITER: 4 END: OK
2019-07-26 07:58:07.917 3661 INFO rally.task.runner [-] Task 23a42665-6f0a-463e-ac38-55a2fee7dd48 | ITER: 6 START
2019-07-26 07:58:08.094 3660 INFO rally.task.runner [-] Task 23a42665-6f0a-463e-ac38-55a2fee7dd48 | ITER: 3 END: OK
2019-07-26 07:58:08.098 3660 INFO rally.task.runner [-] Task 23a42665-6f0a-463e-ac38-55a2fee7dd48 | ITER: 7 START
2019-07-26 07:58:09.136 3658 INFO rally.task.runner [-] Task 23a42665-6f0a-463e-ac38-55a2fee7dd48 | ITER: 1 END: OK
2019-07-26 07:58:09.141 3658 INFO rally.task.runner [-] Task 23a42665-6f0a-463e-ac38-55a2fee7dd48 | ITER: 8 START
2019-07-26 07:58:11.087 3659 INFO rally.task.runner [-] Task 23a42665-6f0a-463e-ac38-55a2fee7dd48 | ITER: 5 END: OK
2019-07-26 07:58:11.092 3659 INFO rally.task.runner [-] Task 23a42665-6f0a-463e-ac38-55a2fee7dd48 | ITER: 9 START
2019-07-26 07:58:11.462 3661 INFO rally.task.runner [-] Task 23a42665-6f0a-463e-ac38-55a2fee7dd48 | ITER: 6 END: OK
2019-07-26 07:58:11.467 3661 INFO rally.task.runner [-] Task 23a42665-6f0a-463e-ac38-55a2fee7dd48 | ITER: 10 START
2019-07-26 07:58:11.557 3660 INFO rally.task.runner [-] Task 23a42665-6f0a-463e-ac38-55a2fee7dd48 | ITER: 7 END: OK
2019-07-26 07:58:12.730 3658 INFO rally.task.runner [-] Task 23a42665-6f0a-463e-ac38-55a2fee7dd48 | ITER: 8 END: OK
2019-07-26 07:58:14.410 3659 INFO rally.task.runner [-] Task 23a42665-6f0a-463e-ac38-55a2fee7dd48 | ITER: 9 END: OK
2019-07-26 07:58:14.861 3661 INFO rally.task.runner [-] Task 23a42665-6f0a-463e-ac38-55a2fee7dd48 | ITER: 10 END: OK
2019-07-26 07:58:14.883 1842 INFO rally.task.context [-] Task 23a42665-6f0a-463e-ac38-55a2fee7dd48 | Context cleanup@openstack cleanup() started
2019-07-26 07:58:14.884 1842 RALLYDEBUG rally_openstack.cleanup.manager [-] Cleaning up cinder backups objects
2019-07-26 07:58:16.920 1842 RALLYDEBUG rally_openstack.cleanup.manager [-] Cleaning up cinder volume_snapshots objects
2019-07-26 07:58:18.901 1842 RALLYDEBUG rally_openstack.cleanup.manager [-] Cleaning up cinder transfers objects
2019-07-26 07:58:20.910 1842 RALLYDEBUG rally_openstack.cleanup.manager [-] Cleaning up cinder volumes objects
2019-07-26 07:58:22.953 1842 RALLYDEBUG rally_openstack.cleanup.manager [-] Deleting cinder.volumes object s_rally_fa9abaef_vtUQUWR7 (d7c51a37-67ec-4de5-89b3-f03db40b192b)
2019-07-26 07:58:22.953 1842 RALLYDEBUG rally_openstack.cleanup.manager [-] Deleting cinder.volumes object s_rally_fa9abaef_c5MenzJy (4a789e62-5d48-42ab-9147-52d5b6652689)
2019-07-26 07:58:22.954 1842 RALLYDEBUG rally_openstack.cleanup.manager [-] Deleting cinder.volumes object s_rally_fa9abaef_UhU5AVNk (78416936-b3f9-4dc6-b42a-eeefa4c6d1b9)
2019-07-26 07:58:22.957 1842 RALLYDEBUG rally_openstack.cleanup.manager [-] Deleting cinder.volumes object s_rally_fa9abaef_9Dfy6azZ (c700e408-520a-47fe-afb0-90fc81be95fc)
2019-07-26 07:58:22.962 1842 RALLYDEBUG rally_openstack.cleanup.manager [-] Deleting cinder.volumes object s_rally_fa9abaef_HB32O5GV (132f8be3-61ca-4daa-8302-c0a29f076c5a)
2019-07-26 07:58:22.962 1842 RALLYDEBUG rally_openstack.cleanup.manager [-] Deleting cinder.volumes object s_rally_fa9abaef_x953aDBr (e56c55a5-650c-445c-a12b-d9ed372008aa)
2019-07-26 07:58:22.964 1842 RALLYDEBUG rally_openstack.cleanup.manager [-] Deleting cinder.volumes object s_rally_fa9abaef_4jz1pykv (b75f0b84-115d-48c4-a2c5-685ae549c4b6)
2019-07-26 07:58:22.966 1842 RALLYDEBUG rally_openstack.cleanup.manager [-] Deleting cinder.volumes object s_rally_fa9abaef_DPJ7I2mp (20ba4d45-8e64-4c83-9227-8ac9733d1d4b)
2019-07-26 07:58:22.982 1842 RALLYDEBUG rally_openstack.cleanup.manager [-] Deleting cinder.volumes object s_rally_fa9abaef_cYKguORx (42b65b7a-9098-41ac-ba2e-ed64eba9eb5b)
2019-07-26 07:58:22.990 1842 RALLYDEBUG rally_openstack.cleanup.manager [-] Deleting cinder.volumes object s_rally_fa9abaef_lAaf2ub0 (6a5625bd-a356-479d-95ad-a1dac53e23a2)
2019-07-26 07:58:27.711 1842 INFO rally.task.context [-] Task 23a42665-6f0a-463e-ac38-55a2fee7dd48 | Context cleanup@openstack cleanup() finished in 12.83 sec
2019-07-26 07:58:27.712 1842 INFO rally.task.context [-] Task 23a42665-6f0a-463e-ac38-55a2fee7dd48 | Context quotas@openstack cleanup() started
2019-07-26 07:58:27.988 1842 INFO rally.task.context [-] Task 23a42665-6f0a-463e-ac38-55a2fee7dd48 | Context quotas@openstack cleanup() finished in 0.28 sec
2019-07-26 07:58:27.988 1842 INFO rally.task.context [-] Task 23a42665-6f0a-463e-ac38-55a2fee7dd48 | Context api_versions@openstack cleanup() started
2019-07-26 07:58:27.988 1842 INFO rally.task.context [-] Task 23a42665-6f0a-463e-ac38-55a2fee7dd48 | Context api_versions@openstack cleanup() finished in 0.30 msec
2019-07-26 07:58:27.989 1842 INFO rally.task.context [-] Task 23a42665-6f0a-463e-ac38-55a2fee7dd48 | Context users@openstack cleanup() started
2019-07-26 07:58:34.701 1842 INFO rally.task.context [-] Task 23a42665-6f0a-463e-ac38-55a2fee7dd48 | Context users@openstack cleanup() finished in 6.71 sec
2019-07-26 07:58:35.844 1842 INFO rally.task.engine [-] Load duration is: 10.50625
2019-07-26 07:58:35.844 1842 INFO rally.task.engine [-] Full runner duration is: 10.555183
2019-07-26 07:58:35.845 1842 INFO rally.task.engine [-] Full duration is: 37.018745
2019-07-26 07:58:36.101 1842 INFO rally.task.engine [-] Running workload: position = 0 config = { "version": 2, "title": "A cropped version of a bigger task.", "description": "Auto-generated task from a single workload (uuid=23f9ede6-5626-4558-ad90-96bd4aac3157)", "subtasks": [ { "title": "CinderVolumes.list_volumes", "description": "List all volumes.", "scenario": { "CinderVolumes.list_volumes": { "detailed": true } }, "contexts": { "users": { "tenants": 3, "users_per_tenant": 2 }, "quotas": { "cinder": { "gigabytes": -1, "snapshots": -1, "volumes": -1 } }, "api_versions": { "cinder": { "version": 3, "service_type": "volumev3" } }, "volumes": { "size": 1, "volumes_per_tenant": 4 } }, "runner": { "constant": { "concurrency": 4, "times": 10 } }, "hooks": [], "sla": { "failure_rate": { "max": 0 } } } ] }
2019-07-26 07:58:36.123 1842 RALLYDEBUG rally_openstack.contexts.keystone.users [-] Creating 3 tenants using 20 threads
2019-07-26 07:58:37.947 1842 RALLYDEBUG rally_openstack.contexts.keystone.users [-] Creating 6 users using 20 threads
2019-07-26 07:58:40.627 1842 INFO rally.task.context [-] Task 23a42665-6f0a-463e-ac38-55a2fee7dd48 | Context users@openstack setup() finished in 4.50 sec
2019-07-26 07:58:41.172 1842 INFO rally.task.context [-] Task 23a42665-6f0a-463e-ac38-55a2fee7dd48 | Context api_versions@openstack setup() finished in 0.54 sec
2019-07-26 07:58:42.773 1842 INFO rally.task.context [-] Task 23a42665-6f0a-463e-ac38-55a2fee7dd48 | Context quotas@openstack setup() finished in 1.60 sec
2019-07-26 07:59:18.064 1842 INFO rally.task.context [-] Task 23a42665-6f0a-463e-ac38-55a2fee7dd48 | Context volumes@openstack setup() finished in 35.29 sec
2019-07-26 07:59:18.073 1842 RALLYDEBUG rally.task.runner [-] Starting the constant runner (task UUID: 23a42665-6f0a-463e-ac38-55a2fee7dd48). timeout: 0 concurrency: 4 concurrency_per_worker: 1 times: 10 concurrency_overhead: 0 processes_to_start: 4 max_cpu_used: 16
2019-07-26 07:59:18.086 3842 RALLYDEBUG rally.task.runner [-] Starting a worker. concurrency: 1 args: {"detailed": true} times: 10 method_name: run timeout: 0 duration: None cls:
2019-07-26 07:59:18.088 3843 RALLYDEBUG rally.task.runner [-] Starting a worker. concurrency: 1 args: {"detailed": true} times: 10 method_name: run timeout: 0 duration: None cls:
2019-07-26 07:59:18.091 3844 RALLYDEBUG rally.task.runner [-] Starting a worker. concurrency: 1 args: {"detailed": true} times: 10 method_name: run timeout: 0 duration: None cls:
2019-07-26 07:59:18.094 3842 INFO rally.task.runner [-] Task 23a42665-6f0a-463e-ac38-55a2fee7dd48 | ITER: 1 START
2019-07-26 07:59:18.095 3845 RALLYDEBUG rally.task.runner [-] Starting a worker. concurrency: 1 args: {"detailed": true} times: 10 method_name: run timeout: 0 duration: None cls:
2019-07-26 07:59:18.096 3843 INFO rally.task.runner [-] Task 23a42665-6f0a-463e-ac38-55a2fee7dd48 | ITER: 2 START
2019-07-26 07:59:18.098 3844 INFO rally.task.runner [-] Task 23a42665-6f0a-463e-ac38-55a2fee7dd48 | ITER: 3 START
2019-07-26 07:59:18.103 3845 INFO rally.task.runner [-] Task 23a42665-6f0a-463e-ac38-55a2fee7dd48 | ITER: 4 START
2019-07-26 07:59:18.819 3844 INFO rally.task.runner [-] Task 23a42665-6f0a-463e-ac38-55a2fee7dd48 | ITER: 3 END: OK
2019-07-26 07:59:18.826 3844 INFO rally.task.runner [-] Task 23a42665-6f0a-463e-ac38-55a2fee7dd48 | ITER: 5 START
2019-07-26 07:59:18.836 3845 INFO rally.task.runner [-] Task 23a42665-6f0a-463e-ac38-55a2fee7dd48 | ITER: 4 END: OK
2019-07-26 07:59:18.841 3845 INFO rally.task.runner [-] Task 23a42665-6f0a-463e-ac38-55a2fee7dd48 | ITER: 6 START
2019-07-26 07:59:18.930 3842 INFO rally.task.runner [-] Task 23a42665-6f0a-463e-ac38-55a2fee7dd48 | ITER: 1 END: OK
2019-07-26 07:59:18.935 3842 INFO rally.task.runner [-] Task 23a42665-6f0a-463e-ac38-55a2fee7dd48 | ITER: 7 START
2019-07-26 07:59:18.988 3843 INFO rally.task.runner [-] Task 23a42665-6f0a-463e-ac38-55a2fee7dd48 | ITER: 2 END: OK
2019-07-26 07:59:18.994 3843 INFO rally.task.runner [-] Task 23a42665-6f0a-463e-ac38-55a2fee7dd48 | ITER: 8 START
2019-07-26 07:59:19.555 3844 INFO rally.task.runner [-] Task 23a42665-6f0a-463e-ac38-55a2fee7dd48 | ITER: 5 END: OK
2019-07-26 07:59:19.560 3844 INFO rally.task.runner [-] Task 23a42665-6f0a-463e-ac38-55a2fee7dd48 | ITER: 9 START
2019-07-26 07:59:19.650 3845 INFO rally.task.runner [-] Task 23a42665-6f0a-463e-ac38-55a2fee7dd48 | ITER: 6 END: OK
2019-07-26 07:59:19.655 3845 INFO rally.task.runner [-] Task 23a42665-6f0a-463e-ac38-55a2fee7dd48 | ITER: 10 START
2019-07-26 07:59:19.672 3842 INFO rally.task.runner [-] Task 23a42665-6f0a-463e-ac38-55a2fee7dd48 | ITER: 7 END: OK
2019-07-26 07:59:19.723 3843 INFO rally.task.runner [-] Task 23a42665-6f0a-463e-ac38-55a2fee7dd48 | ITER: 8 END: OK
2019-07-26 07:59:20.327 3845 INFO rally.task.runner [-] Task 23a42665-6f0a-463e-ac38-55a2fee7dd48 | ITER: 10 END: OK
2019-07-26 07:59:20.417 3844 INFO rally.task.runner [-] Task 23a42665-6f0a-463e-ac38-55a2fee7dd48 | ITER: 9 END: OK
2019-07-26 07:59:20.438 1842 INFO rally.task.context [-] Task 23a42665-6f0a-463e-ac38-55a2fee7dd48 | Context volumes@openstack cleanup() started
2019-07-26 07:59:20.440 1842 RALLYDEBUG rally_openstack.cleanup.manager [-] Cleaning up cinder volumes objects
2019-07-26 07:59:22.583 1842 RALLYDEBUG rally_openstack.cleanup.manager [-] Deleting cinder.volumes object c_rally_23f9ede6_YYOLsgmE (b34aa2b9-0b6b-43dd-b279-d350ab966285)
2019-07-26 07:59:22.584 1842 RALLYDEBUG rally_openstack.cleanup.manager [-] Deleting cinder.volumes object c_rally_23f9ede6_k5szObxs (1cb62040-ce20-4920-8d1e-fea876740829)
2019-07-26 07:59:22.587 1842 RALLYDEBUG rally_openstack.cleanup.manager [-] Deleting cinder.volumes object c_rally_23f9ede6_ix9iBj5l (31f4c4bb-8b38-400d-8e62-13c10d46d5f3)
2019-07-26 07:59:22.592 1842 RALLYDEBUG rally_openstack.cleanup.manager [-] Deleting cinder.volumes object c_rally_23f9ede6_ggAoPkiu (a33f8684-437d-460f-917c-9d014a53238c)
2019-07-26 07:59:22.593 1842 RALLYDEBUG rally_openstack.cleanup.manager [-] Deleting cinder.volumes object c_rally_23f9ede6_csrcIY1o (ac4fc2c4-02ee-4bbf-97a3-064c52735bc6)
2019-07-26 07:59:22.599 1842 RALLYDEBUG rally_openstack.cleanup.manager [-] Deleting cinder.volumes object c_rally_23f9ede6_u6znV4RS (18bc6a5f-efdd-4f5e-9af1-992795345f49)
2019-07-26 07:59:22.604 1842 RALLYDEBUG rally_openstack.cleanup.manager [-] Deleting cinder.volumes object c_rally_23f9ede6_DHNYxyEE (788021ff-9425-4137-87ea-29439ccf0989)
2019-07-26 07:59:22.610 1842 RALLYDEBUG rally_openstack.cleanup.manager [-] Deleting cinder.volumes object c_rally_23f9ede6_yFrGKQNx (5ca8f779-0771-4e89-bdc2-50fef7f05c34)
2019-07-26 07:59:22.616 1842 RALLYDEBUG rally_openstack.cleanup.manager [-] Deleting cinder.volumes object c_rally_23f9ede6_NZrWTvN7 (294c15c9-84fa-463c-9079-30272503f6fb)
2019-07-26 07:59:22.626 1842 RALLYDEBUG rally_openstack.cleanup.manager [-] Deleting cinder.volumes object c_rally_23f9ede6_gBS5gsBk (a2df02fb-b19c-4b68-abd5-65c3a272fbe3)
2019-07-26 07:59:22.648 1842 RALLYDEBUG rally_openstack.cleanup.manager [-] Deleting cinder.volumes object c_rally_23f9ede6_9O2pPEhC (3490eca6-8218-432b-9700-bbecb9c79ed0)
2019-07-26 07:59:22.678 1842 RALLYDEBUG rally_openstack.cleanup.manager [-] Deleting cinder.volumes object c_rally_23f9ede6_sRtrqItq (b494d812-a4dc-4d18-ac63-95a7d905cd36)
2019-07-26 07:59:28.033 1842 INFO rally.task.context [-] Task 23a42665-6f0a-463e-ac38-55a2fee7dd48 | Context volumes@openstack cleanup() finished in 7.59 sec
2019-07-26 07:59:28.034 1842 INFO rally.task.context [-] Task 23a42665-6f0a-463e-ac38-55a2fee7dd48 | Context quotas@openstack cleanup() started
2019-07-26 07:59:28.539 1842 INFO rally.task.context [-] Task 23a42665-6f0a-463e-ac38-55a2fee7dd48 | Context quotas@openstack cleanup() finished in 0.51 sec
2019-07-26 07:59:28.539 1842 INFO rally.task.context [-] Task 23a42665-6f0a-463e-ac38-55a2fee7dd48 | Context api_versions@openstack cleanup() started
2019-07-26 07:59:28.539 1842 INFO rally.task.context [-] Task 23a42665-6f0a-463e-ac38-55a2fee7dd48 | Context api_versions@openstack cleanup() finished in 0.30 msec
2019-07-26 07:59:28.540 1842 INFO rally.task.context [-] Task 23a42665-6f0a-463e-ac38-55a2fee7dd48 | Context users@openstack cleanup() started
2019-07-26 07:59:35.275 1842 INFO rally.task.context [-] Task 23a42665-6f0a-463e-ac38-55a2fee7dd48 | Context users@openstack cleanup() finished in 6.73 sec
2019-07-26 07:59:36.366 1842 INFO rally.task.engine [-] Load duration is: 2.317789
2019-07-26 07:59:36.367 1842 INFO rally.task.engine [-] Full runner duration is: 2.367094
2019-07-26 07:59:36.367 1842 INFO rally.task.engine [-] Full duration is: 59.155866
2019-07-26 07:59:36.637 1842 INFO rally.task.engine [-] Running workload: position = 0 config = { "version": 2, "title": "A cropped version of a bigger task.", "description": "Auto-generated task from a single workload (uuid=01f26a96-d0cc-4892-a1c8-df86eb2520ea)", "subtasks": [ { "title": "CinderVolumes.create_and_delete_snapshot", "description": "Create and then delete a volume-snapshot.", "scenario": { "CinderVolumes.create_and_delete_snapshot": { "force": false } }, "contexts": { "users": { "tenants": 3, "users_per_tenant": 2 }, "quotas": { "cinder": { "gigabytes": -1, "snapshots": -1, "volumes": -1 } }, "api_versions": { "cinder": { "version": 3, "service_type": "volumev3" } }, "volumes": { "size": 1, "volumes_per_tenant": 1 } }, "runner": { "constant": { "concurrency": 4, "times": 10 } }, "hooks": [], "sla": { "failure_rate": { "max": 0 } } } ] }
2019-07-26 07:59:36.660 1842 RALLYDEBUG rally_openstack.contexts.keystone.users [-] Creating 3 tenants using 20 threads
2019-07-26 07:59:38.470 1842 RALLYDEBUG rally_openstack.contexts.keystone.users [-] Creating 6 users using 20 threads
2019-07-26 07:59:41.069 1842 INFO rally.task.context [-] Task 23a42665-6f0a-463e-ac38-55a2fee7dd48 | Context users@openstack setup() finished in 4.41 sec
2019-07-26 07:59:41.514 1842 INFO rally.task.context [-] Task 23a42665-6f0a-463e-ac38-55a2fee7dd48 | Context api_versions@openstack setup() finished in 0.44 sec
2019-07-26 07:59:43.072 1842 INFO rally.task.context [-] Task 23a42665-6f0a-463e-ac38-55a2fee7dd48 | Context quotas@openstack setup() finished in 1.56 sec
2019-07-26 07:59:53.792 1842 INFO rally.task.context [-] Task 23a42665-6f0a-463e-ac38-55a2fee7dd48 | Context volumes@openstack setup() finished in 10.72 sec
2019-07-26 07:59:53.792 1842 INFO rally.task.context [-] Task 23a42665-6f0a-463e-ac38-55a2fee7dd48 | Context cleanup@openstack setup() finished in 0.01 msec
2019-07-26 07:59:53.801 1842 RALLYDEBUG rally.task.runner [-] Starting the constant runner (task UUID: 23a42665-6f0a-463e-ac38-55a2fee7dd48). timeout: 0 concurrency: 4 concurrency_per_worker: 1 times: 10 concurrency_overhead: 0 processes_to_start: 4 max_cpu_used: 16
2019-07-26 07:59:53.814 3966 RALLYDEBUG rally.task.runner [-] Starting a worker. concurrency: 1 args: {"force": false} times: 10 method_name: run timeout: 0 duration: None cls:
2019-07-26 07:59:53.817 3967 RALLYDEBUG rally.task.runner [-] Starting a worker. concurrency: 1 args: {"force": false} times: 10 method_name: run timeout: 0 duration: None cls:
2019-07-26 07:59:53.820 3968 RALLYDEBUG rally.task.runner [-] Starting a worker. concurrency: 1 args: {"force": false} times: 10 method_name: run timeout: 0 duration: None cls:
2019-07-26 07:59:53.823 3969 RALLYDEBUG rally.task.runner [-] Starting a worker. concurrency: 1 args: {"force": false} times: 10 method_name: run timeout: 0 duration: None cls:
2019-07-26 07:59:53.826 3966 INFO rally.task.runner [-] Task 23a42665-6f0a-463e-ac38-55a2fee7dd48 | ITER: 1 START
2019-07-26 07:59:53.828 3967 INFO rally.task.runner [-] Task 23a42665-6f0a-463e-ac38-55a2fee7dd48 | ITER: 2 START
2019-07-26 07:59:53.832 3968 INFO rally.task.runner [-] Task 23a42665-6f0a-463e-ac38-55a2fee7dd48 | ITER: 3 START
2019-07-26 07:59:53.834 3969 INFO rally.task.runner [-] Task 23a42665-6f0a-463e-ac38-55a2fee7dd48 | ITER: 4 START
2019-07-26 07:59:57.481 3967 RALLYDEBUG rally.task.utils [-] Waiting for resource s_rally_01f26a96_1JkeZPQy. Status changed: AVAILABLE => DELETING in 0.230705976486
2019-07-26 07:59:57.491 3966 RALLYDEBUG rally.task.utils [-] Waiting for resource s_rally_01f26a96_8RRw38TY. Status changed: AVAILABLE => DELETING in 0.0414619445801
2019-07-26 07:59:57.542 3969 RALLYDEBUG rally.task.utils [-] Waiting for resource s_rally_01f26a96_i1zkBvaQ. Status changed: AVAILABLE => DELETING in 0.255798101425
2019-07-26 07:59:57.708 3968 RALLYDEBUG rally.task.utils [-] Waiting for resource s_rally_01f26a96_zMl8KTv7. Status changed: AVAILABLE => DELETING in 0.0233719348907
2019-07-26 07:59:59.509 3967 INFO rally.task.runner [-] Task 23a42665-6f0a-463e-ac38-55a2fee7dd48 | ITER: 2 END: OK
2019-07-26 07:59:59.514 3967 INFO rally.task.runner [-] Task 23a42665-6f0a-463e-ac38-55a2fee7dd48 | ITER: 5 START
2019-07-26 07:59:59.577 3969 INFO rally.task.runner [-] Task 23a42665-6f0a-463e-ac38-55a2fee7dd48 | ITER: 4 END: OK
2019-07-26 07:59:59.582 3969 INFO rally.task.runner [-] Task 23a42665-6f0a-463e-ac38-55a2fee7dd48 | ITER: 6 START
2019-07-26 07:59:59.698 3966 INFO rally.task.runner [-] Task 23a42665-6f0a-463e-ac38-55a2fee7dd48 | ITER: 1 END: OK
2019-07-26 07:59:59.702 3966 INFO rally.task.runner [-] Task 23a42665-6f0a-463e-ac38-55a2fee7dd48 | ITER: 7 START
2019-07-26 07:59:59.732 3968 INFO rally.task.runner [-] Task 23a42665-6f0a-463e-ac38-55a2fee7dd48 | ITER: 3 END: OK
2019-07-26 07:59:59.737 3968 INFO rally.task.runner [-] Task 23a42665-6f0a-463e-ac38-55a2fee7dd48 | ITER: 8 START
2019-07-26 08:00:03.128 3969 RALLYDEBUG rally.task.utils [-] Waiting for resource s_rally_01f26a96_mHLmv1Gj. Status changed: AVAILABLE => DELETING in 0.233292102814
2019-07-26 08:00:03.256 3967 RALLYDEBUG rally.task.utils [-] Waiting for resource s_rally_01f26a96_ye56Q9OU. Status changed: AVAILABLE => DELETING in 0.223127841949
2019-07-26 08:00:03.679 3968 RALLYDEBUG rally.task.utils [-] Waiting for resource s_rally_01f26a96_N2zL818D. Status changed: AVAILABLE => DELETING in 0.301411151886
2019-07-26 08:00:03.723 3966 RALLYDEBUG rally.task.utils [-] Waiting for resource s_rally_01f26a96_CfplDUZD. Status changed: AVAILABLE => DELETING in 0.213912963867
2019-07-26 08:00:05.281 3967 INFO rally.task.runner [-] Task 23a42665-6f0a-463e-ac38-55a2fee7dd48 | ITER: 5 END: OK
2019-07-26 08:00:05.287 3967 INFO rally.task.runner [-] Task 23a42665-6f0a-463e-ac38-55a2fee7dd48 | ITER: 9 START
2019-07-26 08:00:05.344 3969 INFO rally.task.runner [-] Task 23a42665-6f0a-463e-ac38-55a2fee7dd48 | ITER: 6 END: OK
2019-07-26 08:00:05.351 3969 INFO rally.task.runner [-] Task 23a42665-6f0a-463e-ac38-55a2fee7dd48 | ITER: 10 START
2019-07-26 08:00:05.911 3968 INFO rally.task.runner [-] Task 23a42665-6f0a-463e-ac38-55a2fee7dd48 | ITER: 8 END: OK
2019-07-26 08:00:05.964 3966 INFO rally.task.runner [-] Task 23a42665-6f0a-463e-ac38-55a2fee7dd48 | ITER: 7 END: OK
2019-07-26 08:00:08.891 3967 RALLYDEBUG rally.task.utils [-] Waiting for resource s_rally_01f26a96_w9ZOr57X. Status changed: AVAILABLE => DELETING in 0.300857067108
2019-07-26 08:00:08.933 3969 RALLYDEBUG rally.task.utils [-] Waiting for resource s_rally_01f26a96_CLNftaav. Status changed: AVAILABLE => DELETING in 0.220304965973
2019-07-26 08:00:10.921 3967 INFO rally.task.runner [-] Task 23a42665-6f0a-463e-ac38-55a2fee7dd48 | ITER: 9 END: OK
2019-07-26 08:00:11.168 3969 INFO rally.task.runner [-] Task 23a42665-6f0a-463e-ac38-55a2fee7dd48 | ITER: 10 END: OK
2019-07-26 08:00:11.193 1842 INFO rally.task.context [-] Task 23a42665-6f0a-463e-ac38-55a2fee7dd48 | Context cleanup@openstack cleanup() started
2019-07-26 08:00:11.196 1842 RALLYDEBUG rally_openstack.cleanup.manager [-] Cleaning up cinder backups objects
2019-07-26 08:00:13.162 1842 RALLYDEBUG rally_openstack.cleanup.manager [-] Cleaning up cinder volume_snapshots objects
2019-07-26 08:00:15.335 1842 RALLYDEBUG rally_openstack.cleanup.manager [-] Cleaning up cinder transfers objects
2019-07-26 08:00:17.449 1842 RALLYDEBUG rally_openstack.cleanup.manager [-] Cleaning up cinder volumes objects
2019-07-26 08:00:19.640 1842 INFO rally.task.context [-] Task 23a42665-6f0a-463e-ac38-55a2fee7dd48 | Context cleanup@openstack cleanup() finished in 8.45 sec
2019-07-26 08:00:19.641 1842 INFO rally.task.context [-] Task 23a42665-6f0a-463e-ac38-55a2fee7dd48 | Context volumes@openstack cleanup() started
2019-07-26 08:00:19.641 1842 RALLYDEBUG rally_openstack.cleanup.manager [-] Cleaning up cinder volumes objects
2019-07-26 08:00:21.613 1842 RALLYDEBUG rally_openstack.cleanup.manager [-] Deleting cinder.volumes object c_rally_01f26a96_rDubcll5 (3b8b6519-9d7d-452b-a9c0-0ba5e0b526f8)
2019-07-26 08:00:21.619 1842 RALLYDEBUG rally_openstack.cleanup.manager [-] Deleting cinder.volumes object c_rally_01f26a96_5En0NqKU (d6877ba0-cec3-4944-9044-ffc9d36b5065)
2019-07-26 08:00:21.626 1842 RALLYDEBUG rally_openstack.cleanup.manager [-] Deleting cinder.volumes object c_rally_01f26a96_jqnpNEws (c06e8aa7-e0eb-4ace-aaa3-ca3753893a87)
2019-07-26 08:00:25.007 1842 INFO rally.task.context [-] Task 23a42665-6f0a-463e-ac38-55a2fee7dd48 | Context volumes@openstack cleanup() finished in 5.37 sec
2019-07-26 08:00:25.007 1842 INFO rally.task.context [-] Task 23a42665-6f0a-463e-ac38-55a2fee7dd48 | Context quotas@openstack cleanup() started
2019-07-26 08:00:25.489 1842 INFO rally.task.context [-] Task 23a42665-6f0a-463e-ac38-55a2fee7dd48 | Context quotas@openstack cleanup() finished in 0.48 sec
2019-07-26 08:00:25.490 1842 INFO rally.task.context [-] Task 23a42665-6f0a-463e-ac38-55a2fee7dd48 | Context api_versions@openstack cleanup() started
2019-07-26 08:00:25.490 1842 INFO rally.task.context [-] Task 23a42665-6f0a-463e-ac38-55a2fee7dd48 | Context api_versions@openstack cleanup() finished in 0.36 msec
2019-07-26 08:00:25.491 1842 INFO rally.task.context [-] Task 23a42665-6f0a-463e-ac38-55a2fee7dd48 | Context users@openstack cleanup() started
2019-07-26 08:00:32.222 1842 INFO rally.task.context [-] Task 23a42665-6f0a-463e-ac38-55a2fee7dd48 | Context users@openstack cleanup() finished in 6.73 sec
2019-07-26 08:00:32.901 1842 INFO rally.task.engine [-] Load duration is: 17.337791
2019-07-26 08:00:32.901 1842 INFO rally.task.engine [-] Full runner duration is: 17.394053
2019-07-26 08:00:32.902 1842 INFO rally.task.engine [-] Full duration is: 55.565606
2019-07-26 08:00:33.152 1842 INFO rally.task.engine [-] Running workload: position = 0 config = { "version": 2, "title": "A cropped version of a bigger task.", "description": "Auto-generated task from a single workload (uuid=a6d852f1-ca30-47f5-ae65-538d17da2b79)", "subtasks": [ { "title": "CinderVolumes.create_and_delete_volume", "description": "Create and then delete a volume.", "scenario": { "CinderVolumes.create_and_delete_volume": { "size": { "max": 1, "min": 1 } } }, "contexts": { "users": { "tenants": 3, "users_per_tenant": 2 }, "quotas": { "cinder": { "gigabytes": -1, "snapshots": -1, "volumes": -1 } }, "api_versions": { "cinder": { "version": 3, "service_type": "volumev3" } } }, "runner": { "constant": { "concurrency": 4, "times": 10 } }, "hooks": [], "sla": { "failure_rate": { "max": 0 } } } ] }
2019-07-26 08:00:33.175 1842 RALLYDEBUG rally_openstack.contexts.keystone.users [-] Creating 3 tenants using 20 threads
2019-07-26 08:00:35.271 1842 RALLYDEBUG rally_openstack.contexts.keystone.users [-] Creating 6 users using 20 threads
2019-07-26 08:00:38.229 1842 INFO rally.task.context [-] Task 23a42665-6f0a-463e-ac38-55a2fee7dd48 | Context users@openstack setup() finished in 5.05 sec
2019-07-26 08:00:38.662 1842 INFO rally.task.context [-] Task 23a42665-6f0a-463e-ac38-55a2fee7dd48 | Context api_versions@openstack setup() finished in 0.43 sec
2019-07-26 08:00:40.342 1842 INFO rally.task.context [-] Task 23a42665-6f0a-463e-ac38-55a2fee7dd48 | Context quotas@openstack setup() finished in 1.68 sec
2019-07-26 08:00:40.342 1842 INFO rally.task.context [-] Task 23a42665-6f0a-463e-ac38-55a2fee7dd48 | Context cleanup@openstack setup() finished in 0.01 msec
2019-07-26 08:00:40.350 1842 RALLYDEBUG rally.task.runner [-] Starting the constant runner (task UUID: 23a42665-6f0a-463e-ac38-55a2fee7dd48). timeout: 0 concurrency: 4 concurrency_per_worker: 1 times: 10 concurrency_overhead: 0 processes_to_start: 4 max_cpu_used: 16
2019-07-26 08:00:40.359 4170 RALLYDEBUG rally.task.runner [-] Starting a worker. concurrency: 1 args: {"size": {"max": 1, "min": 1}} times: 10 method_name: run timeout: 0 duration: None cls:
2019-07-26 08:00:40.365 4172 RALLYDEBUG rally.task.runner [-] Starting a worker. concurrency: 1 args: {"size": {"max": 1, "min": 1}} times: 10 method_name: run timeout: 0 duration: None cls:
2019-07-26 08:00:40.366 4170 INFO rally.task.runner [-] Task 23a42665-6f0a-463e-ac38-55a2fee7dd48 | ITER: 1 START
