2019-07-26 07:36:50.494 7 RALLYDEBUG rally.api [-] INFO logs from urllib3 and requests module are hide.
2019-07-26 07:36:50.494 7 RALLYDEBUG rally.api [-] urllib3 insecure warnings are hidden.
2019-07-26 07:36:50.494 7 RALLYDEBUG rally.api [-] ERROR log from boto module is hide.
2019-07-26 07:36:51.549 7 ERROR rally.cli.cliutils [-] Unexpected exception in CLI: DBRecordNotFound: Record for uuid or name is opnfv-rally not found in table envs
2019-07-26 07:36:51.549 7 ERROR rally.cli.cliutils
Traceback (most recent call last):
2019-07-26 07:36:51.549 7 ERROR rally.cli.cliutils
File "/usr/lib/python2.7/site-packages/rally/cli/cliutils.py", line 674, in run
2019-07-26 07:36:51.549 7 ERROR rally.cli.cliutils ret = fn(*fn_args, **fn_kwargs)
2019-07-26 07:36:51.549 7 ERROR rally.cli.cliutils File "", line 2, in destroy
2019-07-26 07:36:51.549 7 ERROR rally.cli.cliutils
File "/usr/lib/python2.7/site-packages/rally/cli/envutils.py", line 69, in default_from_global
2019-07-26 07:36:51.549 7 ERROR rally.cli.cliutils return f(*args, **kwargs)
2019-07-26 07:36:51.549 7 ERROR rally.cli.cliutils File "", line 2, in destroy
2019-07-26 07:36:51.549 7 ERROR rally.cli.cliutils
File "/usr/lib/python2.7/site-packages/rally/plugins/__init__.py", line 51, in ensure_plugins_are_loaded
2019-07-26 07:36:51.549 7 ERROR rally.cli.cliutils return f(*args, **kwargs)
2019-07-26 07:36:51.549 7 ERROR rally.cli.cliutils
File "/usr/lib/python2.7/site-packages/rally/cli/commands/deployment.py", line 140, in destroy
2019-07-26 07:36:51.549 7 ERROR rally.cli.cliutils api.deployment.destroy(deployment=deployment)
2019-07-26 07:36:51.549 7 ERROR rally.cli.cliutils
File "/usr/lib/python2.7/site-packages/rally/api.py", line 115, in destroy
2019-07-26 07:36:51.549 7 ERROR rally.cli.cliutils deploy = objects.Deployment.get(deployment)
2019-07-26 07:36:51.549 7 ERROR rally.cli.cliutils
File "/usr/lib/python2.7/site-packages/rally/common/objects/deploy.py", line 124, in get
2019-07-26 07:36:51.549 7 ERROR rally.cli.cliutils return Deployment(env_mgr.EnvManager.get(deploy))
2019-07-26 07:36:51.549 7 ERROR rally.cli.cliutils
File "/usr/lib/python2.7/site-packages/rally/env/env_mgr.py", line 212, in get
2019-07-26 07:36:51.549 7 ERROR rally.cli.cliutils return cls(db.env_get(uuid_or_name))
2019-07-26 07:36:51.549 7 ERROR rally.cli.cliutils
File "/usr/lib/python2.7/site-packages/rally/common/db/api.py", line 135, in wrapper
2019-07-26 07:36:51.549 7 ERROR rally.cli.cliutils result = f(session, *args, **kwargs)
2019-07-26 07:36:51.549 7 ERROR rally.cli.cliutils
File "/usr/lib/python2.7/site-packages/rally/common/db/api.py", line 521, in env_get
2019-07-26 07:36:51.549 7 ERROR rally.cli.cliutils criteria="uuid or name is %s" % uuid_or_name, table="envs")
2019-07-26 07:36:51.549 7 ERROR rally.cli.cliutils DBRecordNotFound: Record for uuid or name is opnfv-rally not found in table envs
2019-07-26 07:36:51.549 7 ERROR rally.cli.cliutils
2019-07-26 07:36:52.274 9 RALLYDEBUG rally.api [-] INFO logs from urllib3 and requests module are hide.
2019-07-26 07:36:52.275 9 RALLYDEBUG rally.api [-] urllib3 insecure warnings are hidden.
2019-07-26 07:36:52.275 9 RALLYDEBUG rally.api [-] ERROR log from boto module is hide.
2019-07-26 07:36:53.486 9 WARNING rally_openstack.platforms.existing [-] endpoint is deprecated and not used.
2019-07-26 07:36:54.371 11 RALLYDEBUG rally.api [-] INFO logs from urllib3 and requests module are hide.
2019-07-26 07:36:54.371 11 RALLYDEBUG rally.api [-] urllib3 insecure warnings are hidden.
2019-07-26 07:36:54.371 11 RALLYDEBUG rally.api [-] ERROR log from boto module is hide.
2019-07-26 07:36:57.634 14 RALLYDEBUG rally.api [-] INFO logs from urllib3 and requests module are hide.
2019-07-26 07:36:57.634 14 RALLYDEBUG rally.api [-] urllib3 insecure warnings are hidden.
2019-07-26 07:36:57.635 14 RALLYDEBUG rally.api [-] ERROR log from boto module is hide.
2019-07-26 07:36:58.979 16 RALLYDEBUG rally.api [-] INFO logs from urllib3 and requests module are hide.
2019-07-26 07:36:58.979 16 RALLYDEBUG rally.api [-] urllib3 insecure warnings are hidden.
2019-07-26 07:36:58.980 16 RALLYDEBUG rally.api [-] ERROR log from boto module is hide.
2019-07-26 07:37:00.289 16 INFO rally.task.engine [-] Task 7eef6193-95e3-46fb-aaf7-5e6a1391155f | Starting: Task validation.
2019-07-26 07:37:00.331 16 INFO rally.task.engine [-] Task 7eef6193-95e3-46fb-aaf7-5e6a1391155f | Starting: Task validation of syntax.
2019-07-26 07:37:00.407 16 INFO rally.task.engine [-] Task 7eef6193-95e3-46fb-aaf7-5e6a1391155f | Completed: Task validation of syntax.
2019-07-26 07:37:00.408 16 INFO rally.task.engine [-] Task 7eef6193-95e3-46fb-aaf7-5e6a1391155f | Starting: Task validation of required platforms.
2019-07-26 07:37:00.456 16 INFO rally.task.engine [-] Task 7eef6193-95e3-46fb-aaf7-5e6a1391155f | Completed: Task validation of required platforms.
2019-07-26 07:37:00.457 16 INFO rally.task.engine [-] Task 7eef6193-95e3-46fb-aaf7-5e6a1391155f | Starting: Task validation of semantic.
2019-07-26 07:37:00.457 16 INFO rally.task.engine [-] Check health of the environment '7dab6413-f294-44e6-ac7d-b43eafadaf1b'.
2019-07-26 07:37:01.289 16 INFO rally.task.engine [-] Platform existing@openstack (available: True): OK!
2019-07-26 07:37:01.307 16 RALLYDEBUG rally_openstack.contexts.keystone.users [-] Creating 1 tenants using 20 threads
2019-07-26 07:37:03.361 16 RALLYDEBUG rally_openstack.contexts.keystone.users [-] Creating 1 users using 20 threads
2019-07-26 07:37:05.723 16 INFO rally.task.context [-] Task 7eef6193-95e3-46fb-aaf7-5e6a1391155f | Context users@openstack setup() finished in 4.42 sec
2019-07-26 07:37:05.769 16 INFO rally.task.context [-] Task 7eef6193-95e3-46fb-aaf7-5e6a1391155f | Context users@openstack cleanup() started
2019-07-26 07:37:10.019 16 INFO rally.task.context [-] Task 7eef6193-95e3-46fb-aaf7-5e6a1391155f | Context users@openstack cleanup() finished in 4.25 sec
2019-07-26 07:37:10.019 16 INFO rally.task.engine [-] Task 7eef6193-95e3-46fb-aaf7-5e6a1391155f | Completed: Task validation of semantic.
2019-07-26 07:37:10.020 16 INFO rally.task.engine [-] Task 7eef6193-95e3-46fb-aaf7-5e6a1391155f | Completed: Task validation.
2019-07-26 07:37:10.020 16 INFO rally.api [-] Task 7eef6193-95e3-46fb-aaf7-5e6a1391155f input file is valid.
2019-07-26 07:37:10.020 16 INFO rally.api [-] Run Task 7eef6193-95e3-46fb-aaf7-5e6a1391155f against Deployment 7dab6413-f294-44e6-ac7d-b43eafadaf1b
2019-07-26 07:37:10.020 16 INFO rally.task.engine [-] Task 7eef6193-95e3-46fb-aaf7-5e6a1391155f | Starting: Running task.
2019-07-26 07:37:10.168 16 INFO rally.task.engine [-] Running workload: position = 0 config = { "version": 2, "title": "A cropped version of a bigger task.", "description": "Auto-generated task from a single workload (uuid=d8cc4bef-8916-4a31-8f09-6b321f25d973)", "subtasks": [ { "title": "Authenticate.keystone", "description": "Check Keystone Client.", "scenario": { "Authenticate.keystone": {} }, "contexts": { "users": { "tenants": 3, "users_per_tenant": 2 } }, "runner": { "constant": { "concurrency": 4, "times": 10 } }, "hooks": [], "sla": { "failure_rate": { "max": 0 } } } ] }
2019-07-26 07:37:10.188 16 RALLYDEBUG rally_openstack.contexts.keystone.users [-] Creating 3 tenants using 20 threads
2019-07-26 07:37:11.982 16 RALLYDEBUG rally_openstack.contexts.keystone.users [-] Creating 6 users using 20 threads
2019-07-26 07:37:14.703 16 INFO rally.task.context [-] Task 7eef6193-95e3-46fb-aaf7-5e6a1391155f | Context users@openstack setup() finished in 4.52 sec
2019-07-26 07:37:14.711 16 RALLYDEBUG rally.task.runner [-] Starting the constant runner (task UUID: 7eef6193-95e3-46fb-aaf7-5e6a1391155f). timeout: 0 concurrency: 4 concurrency_per_worker: 1 times: 10 concurrency_overhead: 0 processes_to_start: 4 max_cpu_used: 16
2019-07-26 07:37:14.721 140 RALLYDEBUG rally.task.runner [-] Starting a worker. concurrency: 1 args: {} times: 10 method_name: run timeout: 0 duration: None cls:
2019-07-26 07:37:14.725 140 INFO rally.task.runner [-] Task 7eef6193-95e3-46fb-aaf7-5e6a1391155f | ITER: 1 START
2019-07-26 07:37:14.724 141 RALLYDEBUG rally.task.runner [-] Starting a worker. concurrency: 1 args: {} times: 10 method_name: run timeout: 0 duration: None cls:
2019-07-26 07:37:14.726 142 RALLYDEBUG rally.task.runner [-] Starting a worker. concurrency: 1 args: {} times: 10 method_name: run timeout: 0 duration: None cls:
2019-07-26 07:37:14.729 141 INFO rally.task.runner [-] Task 7eef6193-95e3-46fb-aaf7-5e6a1391155f | ITER: 2 START
2019-07-26 07:37:14.730 142 INFO rally.task.runner [-] Task 7eef6193-95e3-46fb-aaf7-5e6a1391155f | ITER: 3 START
2019-07-26 07:37:14.731 145 RALLYDEBUG rally.task.runner [-] Starting a worker. concurrency: 1 args: {} times: 10 method_name: run timeout: 0 duration: None cls:
2019-07-26 07:37:14.736 145 INFO rally.task.runner [-] Task 7eef6193-95e3-46fb-aaf7-5e6a1391155f | ITER: 4 START
2019-07-26 07:37:15.318 145 INFO rally.task.runner [-] Task 7eef6193-95e3-46fb-aaf7-5e6a1391155f | ITER: 4 END: OK
2019-07-26 07:37:15.323 145 INFO rally.task.runner [-] Task 7eef6193-95e3-46fb-aaf7-5e6a1391155f | ITER: 5 START
2019-07-26 07:37:15.324 142 INFO rally.task.runner [-] Task 7eef6193-95e3-46fb-aaf7-5e6a1391155f | ITER: 3 END: OK
2019-07-26 07:37:15.328 142 INFO rally.task.runner [-] Task 7eef6193-95e3-46fb-aaf7-5e6a1391155f | ITER: 6 START
2019-07-26 07:37:15.342 140 INFO rally.task.runner [-] Task 7eef6193-95e3-46fb-aaf7-5e6a1391155f | ITER: 1 END: OK
2019-07-26 07:37:15.343 141 INFO rally.task.runner [-] Task 7eef6193-95e3-46fb-aaf7-5e6a1391155f | ITER: 2 END: OK
2019-07-26 07:37:15.346 141 INFO rally.task.runner [-] Task 7eef6193-95e3-46fb-aaf7-5e6a1391155f | ITER: 7 START
2019-07-26 07:37:15.346 140 INFO rally.task.runner [-] Task 7eef6193-95e3-46fb-aaf7-5e6a1391155f | ITER: 8 START
2019-07-26 07:37:15.918 142 INFO rally.task.runner [-] Task 7eef6193-95e3-46fb-aaf7-5e6a1391155f | ITER: 6 END: OK
2019-07-26 07:37:15.921 142 INFO rally.task.runner [-] Task 7eef6193-95e3-46fb-aaf7-5e6a1391155f | ITER: 9 START
2019-07-26 07:37:15.922 145 INFO rally.task.runner [-] Task 7eef6193-95e3-46fb-aaf7-5e6a1391155f | ITER: 5 END: OK
2019-07-26 07:37:15.926 145 INFO rally.task.runner [-] Task 7eef6193-95e3-46fb-aaf7-5e6a1391155f | ITER: 10 START
2019-07-26 07:37:15.939 141 INFO rally.task.runner [-] Task 7eef6193-95e3-46fb-aaf7-5e6a1391155f | ITER: 7 END: OK
2019-07-26 07:37:16.041 140 INFO rally.task.runner [-] Task 7eef6193-95e3-46fb-aaf7-5e6a1391155f | ITER: 8 END: OK
2019-07-26 07:37:16.530 142 INFO rally.task.runner [-] Task 7eef6193-95e3-46fb-aaf7-5e6a1391155f | ITER: 9 END: OK
2019-07-26 07:37:16.609 145 INFO rally.task.runner [-] Task 7eef6193-95e3-46fb-aaf7-5e6a1391155f | ITER: 10 END: OK
2019-07-26 07:37:16.631 16 INFO rally.task.context [-] Task 7eef6193-95e3-46fb-aaf7-5e6a1391155f | Context users@openstack cleanup() started
2019-07-26 07:37:23.797 16 INFO rally.task.context [-] Task 7eef6193-95e3-46fb-aaf7-5e6a1391155f | Context users@openstack cleanup() finished in 7.17 sec
2019-07-26 07:37:24.251 16 INFO rally.task.engine [-] Load duration is: 1.882888
2019-07-26 07:37:24.251 16 INFO rally.task.engine [-] Full runner duration is: 1.920437
2019-07-26 07:37:24.251 16 INFO rally.task.engine [-] Full duration is: 13.612912
2019-07-26 07:37:24.485 16 INFO rally.task.engine [-] Running workload: position = 0 config = { "version": 2, "title": "A cropped version of a bigger task.", "description": "Auto-generated task from a single workload (uuid=906d02bc-f2b7-4eae-a7f2-c4b0cd66e58f)", "subtasks": [ { "title": "Authenticate.validate_cinder", "description": "Check Cinder Client to ensure validation of token.", "scenario": { "Authenticate.validate_cinder": { "repetitions": 2 } }, "contexts": { "users": { "tenants": 3, "users_per_tenant": 2 } }, "runner": { "constant": { "concurrency": 4, "times": 10 } }, "hooks": [], "sla": { "failure_rate": { "max": 0 } } } ] }
2019-07-26 07:37:24.501 16 RALLYDEBUG rally_openstack.contexts.keystone.users [-] Creating 3 tenants using 20 threads
2019-07-26 07:37:26.344 16 RALLYDEBUG rally_openstack.contexts.keystone.users [-] Creating 6 users using 20 threads
2019-07-26 07:37:28.979 16 INFO rally.task.context [-] Task 7eef6193-95e3-46fb-aaf7-5e6a1391155f | Context users@openstack setup() finished in 4.48 sec
2019-07-26 07:37:28.987 16 RALLYDEBUG rally.task.runner [-] Starting the constant runner (task UUID: 7eef6193-95e3-46fb-aaf7-5e6a1391155f). timeout: 0 concurrency: 4 concurrency_per_worker: 1 times: 10 concurrency_overhead: 0 processes_to_start: 4 max_cpu_used: 16
2019-07-26 07:37:28.998 244 RALLYDEBUG rally.task.runner [-] Starting a worker. concurrency: 1 args: {"repetitions": 2} times: 10 method_name: run timeout: 0 duration: None cls:
2019-07-26 07:37:29.000 245 RALLYDEBUG rally.task.runner [-] Starting a worker. concurrency: 1 args: {"repetitions": 2} times: 10 method_name: run timeout: 0 duration: None cls:
2019-07-26 07:37:29.003 246 RALLYDEBUG rally.task.runner [-] Starting a worker. concurrency: 1 args: {"repetitions": 2} times: 10 method_name: run timeout: 0 duration: None cls:
2019-07-26 07:37:29.004 244 INFO rally.task.runner [-] Task 7eef6193-95e3-46fb-aaf7-5e6a1391155f | ITER: 1 START
2019-07-26 07:37:29.006 245 INFO rally.task.runner [-] Task 7eef6193-95e3-46fb-aaf7-5e6a1391155f | ITER: 2 START
2019-07-26 07:37:29.007 247 RALLYDEBUG rally.task.runner [-] Starting a worker. concurrency: 1 args: {"repetitions": 2} times: 10 method_name: run timeout: 0 duration: None cls:
2019-07-26 07:37:29.011 246 INFO rally.task.runner [-] Task 7eef6193-95e3-46fb-aaf7-5e6a1391155f | ITER: 3 START
2019-07-26 07:37:29.015 247 INFO rally.task.runner [-] Task 7eef6193-95e3-46fb-aaf7-5e6a1391155f | ITER: 4 START
2019-07-26 07:37:30.903 245 INFO rally.task.runner [-] Task 7eef6193-95e3-46fb-aaf7-5e6a1391155f | ITER: 2 END: OK
2019-07-26 07:37:30.906 245 INFO rally.task.runner [-] Task 7eef6193-95e3-46fb-aaf7-5e6a1391155f | ITER: 5 START
2019-07-26 07:37:30.919 247 INFO rally.task.runner [-] Task 7eef6193-95e3-46fb-aaf7-5e6a1391155f | ITER: 4 END: OK
2019-07-26 07:37:30.923 247 INFO rally.task.runner [-] Task 7eef6193-95e3-46fb-aaf7-5e6a1391155f | ITER: 6 START
2019-07-26 07:37:30.935 244 INFO rally.task.runner [-] Task 7eef6193-95e3-46fb-aaf7-5e6a1391155f | ITER: 1 END: OK
2019-07-26 07:37:30.939 244 INFO rally.task.runner [-] Task 7eef6193-95e3-46fb-aaf7-5e6a1391155f | ITER: 7 START
2019-07-26 07:37:31.014 246 INFO rally.task.runner [-] Task 7eef6193-95e3-46fb-aaf7-5e6a1391155f | ITER: 3 END: OK
2019-07-26 07:37:31.018 246 INFO rally.task.runner [-] Task 7eef6193-95e3-46fb-aaf7-5e6a1391155f | ITER: 8 START
2019-07-26 07:37:31.855 247 INFO rally.task.runner [-] Task 7eef6193-95e3-46fb-aaf7-5e6a1391155f | ITER: 6 END: OK
2019-07-26 07:37:31.859 247 INFO rally.task.runner [-] Task 7eef6193-95e3-46fb-aaf7-5e6a1391155f | ITER: 9 START
2019-07-26 07:37:32.359 246 INFO rally.task.runner [-] Task 7eef6193-95e3-46fb-aaf7-5e6a1391155f | ITER: 8 END: OK
2019-07-26 07:37:32.363 246 INFO rally.task.runner [-] Task 7eef6193-95e3-46fb-aaf7-5e6a1391155f | ITER: 10 START
2019-07-26 07:37:33.724 245 INFO rally.task.runner [-] Task 7eef6193-95e3-46fb-aaf7-5e6a1391155f | ITER: 5 END: OK
2019-07-26 07:37:33.805 244 INFO rally.task.runner [-] Task 7eef6193-95e3-46fb-aaf7-5e6a1391155f | ITER: 7 END: OK
2019-07-26 07:37:34.316 246 INFO rally.task.runner [-] Task 7eef6193-95e3-46fb-aaf7-5e6a1391155f | ITER: 10 END: OK
2019-07-26 07:37:34.827 247 INFO rally.task.runner [-] Task 7eef6193-95e3-46fb-aaf7-5e6a1391155f | ITER: 9 END: OK
2019-07-26 07:37:34.851 16 INFO rally.task.context [-] Task 7eef6193-95e3-46fb-aaf7-5e6a1391155f | Context users@openstack cleanup() started
2019-07-26 07:37:42.400 16 INFO rally.task.context [-] Task 7eef6193-95e3-46fb-aaf7-5e6a1391155f | Context users@openstack cleanup() finished in 7.55 sec
2019-07-26 07:37:42.588 16 INFO rally.task.engine [-] Load duration is: 5.821449
2019-07-26 07:37:42.589 16 INFO rally.task.engine [-] Full runner duration is: 5.864335
2019-07-26 07:37:42.589 16 INFO rally.task.engine [-] Full duration is: 17.900816
2019-07-26 07:37:42.827 16 INFO rally.task.engine [-] Running workload: position = 0 config = { "version": 2, "title": "A cropped version of a bigger task.", "description": "Auto-generated task from a single workload (uuid=8a6106da-6772-444b-8434-56ba891c5690)", "subtasks": [ { "title": "Authenticate.validate_glance", "description": "Check Glance Client to ensure validation of token.", "scenario": { "Authenticate.validate_glance": { "repetitions": 2 } }, "contexts": { "users": { "tenants": 3, "users_per_tenant": 2 } }, "runner": { "constant": { "concurrency": 4, "times": 10 } }, "hooks": [], "sla": { "failure_rate": { "max": 0 } } } ] }
2019-07-26 07:37:42.847 16 RALLYDEBUG rally_openstack.contexts.keystone.users [-] Creating 3 tenants using 20 threads
2019-07-26 07:37:44.655 16 RALLYDEBUG rally_openstack.contexts.keystone.users [-] Creating 6 users using 20 threads
2019-07-26 07:37:47.448 16 INFO rally.task.context [-] Task 7eef6193-95e3-46fb-aaf7-5e6a1391155f | Context users@openstack setup() finished in 4.60 sec
2019-07-26 07:37:47.457 16 RALLYDEBUG rally.task.runner [-] Starting the constant runner (task UUID: 7eef6193-95e3-46fb-aaf7-5e6a1391155f). timeout: 0 concurrency: 4 concurrency_per_worker: 1 times: 10 concurrency_overhead: 0 processes_to_start: 4 max_cpu_used: 16
2019-07-26 07:37:47.467 348 RALLYDEBUG rally.task.runner [-] Starting a worker. concurrency: 1 args: {"repetitions": 2} times: 10 method_name: run timeout: 0 duration: None cls:
2019-07-26 07:37:47.470 349 RALLYDEBUG rally.task.runner [-] Starting a worker. concurrency: 1 args: {"repetitions": 2} times: 10 method_name: run timeout: 0 duration: None cls:
2019-07-26 07:37:47.471 350 RALLYDEBUG rally.task.runner [-] Starting a worker. concurrency: 1 args: {"repetitions": 2} times: 10 method_name: run timeout: 0 duration: None cls:
2019-07-26 07:37:47.474 348 INFO rally.task.runner [-] Task 7eef6193-95e3-46fb-aaf7-5e6a1391155f | ITER: 1 START
2019-07-26 07:37:47.476 350 INFO rally.task.runner [-] Task 7eef6193-95e3-46fb-aaf7-5e6a1391155f | ITER: 3 START
2019-07-26 07:37:47.476 349 INFO rally.task.runner [-] Task 7eef6193-95e3-46fb-aaf7-5e6a1391155f | ITER: 2 START
2019-07-26 07:37:47.476 351 RALLYDEBUG rally.task.runner [-] Starting a worker. concurrency: 1 args: {"repetitions": 2} times: 10 method_name: run timeout: 0 duration: None cls:
2019-07-26 07:37:47.481 351 INFO rally.task.runner [-] Task 7eef6193-95e3-46fb-aaf7-5e6a1391155f | ITER: 4 START
2019-07-26 07:37:48.298 349 INFO rally.task.runner [-] Task 7eef6193-95e3-46fb-aaf7-5e6a1391155f | ITER: 2 END: OK
2019-07-26 07:37:48.302 348 INFO rally.task.runner [-] Task 7eef6193-95e3-46fb-aaf7-5e6a1391155f | ITER: 1 END: OK
2019-07-26 07:37:48.303 349 INFO rally.task.runner [-] Task 7eef6193-95e3-46fb-aaf7-5e6a1391155f | ITER: 5 START
2019-07-26 07:37:48.306 348 INFO rally.task.runner [-] Task 7eef6193-95e3-46fb-aaf7-5e6a1391155f | ITER: 6 START
2019-07-26 07:37:48.431 351 INFO rally.task.runner [-] Task 7eef6193-95e3-46fb-aaf7-5e6a1391155f | ITER: 4 END: OK
2019-07-26 07:37:48.433 350 INFO rally.task.runner [-] Task 7eef6193-95e3-46fb-aaf7-5e6a1391155f | ITER: 3 END: OK
2019-07-26 07:37:48.437 350 INFO rally.task.runner [-] Task 7eef6193-95e3-46fb-aaf7-5e6a1391155f | ITER: 8 START
2019-07-26 07:37:48.437 351 INFO rally.task.runner [-] Task 7eef6193-95e3-46fb-aaf7-5e6a1391155f | ITER: 7 START
2019-07-26 07:37:49.101 348 INFO rally.task.runner [-] Task 7eef6193-95e3-46fb-aaf7-5e6a1391155f | ITER: 6 END: OK
2019-07-26 07:37:49.104 348 INFO rally.task.runner [-] Task 7eef6193-95e3-46fb-aaf7-5e6a1391155f | ITER: 9 START
2019-07-26 07:37:49.121 349 INFO rally.task.runner [-] Task 7eef6193-95e3-46fb-aaf7-5e6a1391155f | ITER: 5 END: OK
2019-07-26 07:37:49.125 349 INFO rally.task.runner [-] Task 7eef6193-95e3-46fb-aaf7-5e6a1391155f | ITER: 10 START
2019-07-26 07:37:49.194 351 INFO rally.task.runner [-] Task 7eef6193-95e3-46fb-aaf7-5e6a1391155f | ITER: 7 END: OK
2019-07-26 07:37:49.278 350 INFO rally.task.runner [-] Task 7eef6193-95e3-46fb-aaf7-5e6a1391155f | ITER: 8 END: OK
2019-07-26 07:37:49.802 349 INFO rally.task.runner [-] Task 7eef6193-95e3-46fb-aaf7-5e6a1391155f | ITER: 10 END: OK
2019-07-26 07:37:49.877 348 INFO rally.task.runner [-] Task 7eef6193-95e3-46fb-aaf7-5e6a1391155f | ITER: 9 END: OK
2019-07-26 07:37:49.901 16 INFO rally.task.context [-] Task 7eef6193-95e3-46fb-aaf7-5e6a1391155f | Context users@openstack cleanup() started
2019-07-26 07:37:56.754 16 INFO rally.task.context [-] Task 7eef6193-95e3-46fb-aaf7-5e6a1391155f | Context users@openstack cleanup() finished in 6.85 sec
2019-07-26 07:37:56.918 16 INFO rally.task.engine [-] Load duration is: 2.401251
2019-07-26 07:37:56.919 16 INFO rally.task.engine [-] Full runner duration is: 2.446182
2019-07-26 07:37:56.919 16 INFO rally.task.engine [-] Full duration is: 13.908038
2019-07-26 07:37:57.169 16 INFO rally.task.engine [-] Running workload: position = 0 config = { "version": 2, "title": "A cropped version of a bigger task.", "description": "Auto-generated task from a single workload (uuid=77ed860e-9ff5-4b27-9660-dc6434eec2a5)", "subtasks": [ { "title": "Authenticate.validate_heat", "description": "Check Heat Client to ensure validation of token.", "scenario": { "Authenticate.validate_heat": { "repetitions": 2 } }, "contexts": { "users": { "tenants": 3, "users_per_tenant": 2 } }, "runner": { "constant": { "concurrency": 4, "times": 10 } }, "hooks": [], "sla": { "failure_rate": { "max": 0 } } } ] }
2019-07-26 07:37:57.183 16 RALLYDEBUG rally_openstack.contexts.keystone.users [-] Creating 3 tenants using 20 threads
2019-07-26 07:37:58.982 16 RALLYDEBUG rally_openstack.contexts.keystone.users [-] Creating 6 users using 20 threads
2019-07-26 07:38:01.599 16 INFO rally.task.context [-] Task 7eef6193-95e3-46fb-aaf7-5e6a1391155f | Context users@openstack setup() finished in 4.42 sec
2019-07-26 07:38:01.606 16 RALLYDEBUG rally.task.runner [-] Starting the constant runner (task UUID: 7eef6193-95e3-46fb-aaf7-5e6a1391155f). timeout: 0 concurrency: 4 concurrency_per_worker: 1 times: 10 concurrency_overhead: 0 processes_to_start: 4 max_cpu_used: 16
2019-07-26 07:38:01.617 452 RALLYDEBUG rally.task.runner [-] Starting a worker. concurrency: 1 args: {"repetitions": 2} times: 10 method_name: run timeout: 0 duration: None cls:
2019-07-26 07:38:01.620 453 RALLYDEBUG rally.task.runner [-] Starting a worker. concurrency: 1 args: {"repetitions": 2} times: 10 method_name: run timeout: 0 duration: None cls:
2019-07-26 07:38:01.621 454 RALLYDEBUG rally.task.runner [-] Starting a worker. concurrency: 1 args: {"repetitions": 2} times: 10 method_name: run timeout: 0 duration: None cls:
2019-07-26 07:38:01.624 452 INFO rally.task.runner [-] Task 7eef6193-95e3-46fb-aaf7-5e6a1391155f | ITER: 1 START
2019-07-26 07:38:01.625 455 RALLYDEBUG rally.task.runner [-] Starting a worker. concurrency: 1 args: {"repetitions": 2} times: 10 method_name: run timeout: 0 duration: None cls:
2019-07-26 07:38:01.626 454 INFO rally.task.runner [-] Task 7eef6193-95e3-46fb-aaf7-5e6a1391155f | ITER: 3 START
2019-07-26 07:38:01.628 453 INFO rally.task.runner [-] Task 7eef6193-95e3-46fb-aaf7-5e6a1391155f | ITER: 2 START
2019-07-26 07:38:01.630 455 INFO rally.task.runner [-] Task 7eef6193-95e3-46fb-aaf7-5e6a1391155f | ITER: 4 START
2019-07-26 07:38:03.531 452 INFO rally.task.runner [-] Task 7eef6193-95e3-46fb-aaf7-5e6a1391155f | ITER: 1 END: OK
2019-07-26 07:38:03.535 452 INFO rally.task.runner [-] Task 7eef6193-95e3-46fb-aaf7-5e6a1391155f | ITER: 5 START
2019-07-26 07:38:03.598 455 INFO rally.task.runner [-] Task 7eef6193-95e3-46fb-aaf7-5e6a1391155f | ITER: 4 END: OK
2019-07-26 07:38:03.603 455 INFO rally.task.runner [-] Task 7eef6193-95e3-46fb-aaf7-5e6a1391155f | ITER: 6 START
2019-07-26 07:38:03.609 454 INFO rally.task.runner [-] Task 7eef6193-95e3-46fb-aaf7-5e6a1391155f | ITER: 3 END: OK
2019-07-26 07:38:03.612 454 INFO rally.task.runner [-] Task 7eef6193-95e3-46fb-aaf7-5e6a1391155f | ITER: 7 START
2019-07-26 07:38:03.656 453 INFO rally.task.runner [-] Task 7eef6193-95e3-46fb-aaf7-5e6a1391155f | ITER: 2 END: OK
2019-07-26 07:38:03.660 453 INFO rally.task.runner [-] Task 7eef6193-95e3-46fb-aaf7-5e6a1391155f | ITER: 8 START
2019-07-26 07:38:04.624 454 INFO rally.task.runner [-] Task 7eef6193-95e3-46fb-aaf7-5e6a1391155f | ITER: 7 END: OK
2019-07-26 07:38:04.628 454 INFO rally.task.runner [-] Task 7eef6193-95e3-46fb-aaf7-5e6a1391155f | ITER: 9 START
2019-07-26 07:38:04.655 453 INFO rally.task.runner [-] Task 7eef6193-95e3-46fb-aaf7-5e6a1391155f | ITER: 8 END: OK
2019-07-26 07:38:04.658 453 INFO rally.task.runner [-] Task 7eef6193-95e3-46fb-aaf7-5e6a1391155f | ITER: 10 START
2019-07-26 07:38:04.829 452 INFO rally.task.runner [-] Task 7eef6193-95e3-46fb-aaf7-5e6a1391155f | ITER: 5 END: OK
2019-07-26 07:38:04.955 455 INFO rally.task.runner [-] Task 7eef6193-95e3-46fb-aaf7-5e6a1391155f | ITER: 6 END: OK
2019-07-26 07:38:05.474 454 INFO rally.task.runner [-] Task 7eef6193-95e3-46fb-aaf7-5e6a1391155f | ITER: 9 END: OK
2019-07-26 07:38:05.924 453 INFO rally.task.runner [-] Task 7eef6193-95e3-46fb-aaf7-5e6a1391155f | ITER: 10 END: OK
2019-07-26 07:38:05.951 16 INFO rally.task.context [-] Task 7eef6193-95e3-46fb-aaf7-5e6a1391155f | Context users@openstack cleanup() started
2019-07-26 07:38:12.857 16 INFO rally.task.context [-] Task 7eef6193-95e3-46fb-aaf7-5e6a1391155f | Context users@openstack cleanup() finished in 6.91 sec
2019-07-26 07:38:13.267 16 INFO rally.task.engine [-] Load duration is: 4.298679
2019-07-26 07:38:13.268 16 INFO rally.task.engine [-] Full runner duration is: 4.345568
2019-07-26 07:38:13.268 16 INFO rally.task.engine [-] Full duration is: 15.674227
2019-07-26 07:38:13.552 16 INFO rally.task.engine [-] Running workload: position = 0 config = { "version": 2, "title": "A cropped version of a bigger task.", "description": "Auto-generated task from a single workload (uuid=f1c6b390-7322-4d4b-b9ea-b802c0d53cf1)", "subtasks": [ { "title": "Authenticate.validate_neutron", "description": "Check Neutron Client to ensure validation of token.", "scenario": { "Authenticate.validate_neutron": { "repetitions": 2 } }, "contexts": { "users": { "tenants": 3, "users_per_tenant": 2 } }, "runner": { "constant": { "concurrency": 4, "times": 10 } }, "hooks": [], "sla": { "failure_rate": { "max": 0 } } } ] }
2019-07-26 07:38:13.573 16 RALLYDEBUG rally_openstack.contexts.keystone.users [-] Creating 3 tenants using 20 threads
2019-07-26 07:38:15.386 16 RALLYDEBUG rally_openstack.contexts.keystone.users [-] Creating 6 users using 20 threads
2019-07-26 07:38:18.085 16 INFO rally.task.context [-] Task 7eef6193-95e3-46fb-aaf7-5e6a1391155f | Context users@openstack setup() finished in 4.51 sec
2019-07-26 07:38:18.092 16 RALLYDEBUG rally.task.runner [-] Starting the constant runner (task UUID: 7eef6193-95e3-46fb-aaf7-5e6a1391155f). timeout: 0 concurrency: 4 concurrency_per_worker: 1 times: 10 concurrency_overhead: 0 processes_to_start: 4 max_cpu_used: 16
2019-07-26 07:38:18.104 556 RALLYDEBUG rally.task.runner [-] Starting a worker. concurrency: 1 args: {"repetitions": 2} times: 10 method_name: run timeout: 0 duration: None cls:
2019-07-26 07:38:18.106 557 RALLYDEBUG rally.task.runner [-] Starting a worker. concurrency: 1 args: {"repetitions": 2} times: 10 method_name: run timeout: 0 duration: None cls:
2019-07-26 07:38:18.109 558 RALLYDEBUG rally.task.runner [-] Starting a worker. concurrency: 1 args: {"repetitions": 2} times: 10 method_name: run timeout: 0 duration: None cls:
2019-07-26 07:38:18.111 556 INFO rally.task.runner [-] Task 7eef6193-95e3-46fb-aaf7-5e6a1391155f | ITER: 1 START
2019-07-26 07:38:18.112 557 INFO rally.task.runner [-] Task 7eef6193-95e3-46fb-aaf7-5e6a1391155f | ITER: 2 START
2019-07-26 07:38:18.112 559 RALLYDEBUG rally.task.runner [-] Starting a worker. concurrency: 1 args: {"repetitions": 2} times: 10 method_name: run timeout: 0 duration: None cls:
2019-07-26 07:38:18.115 558 INFO rally.task.runner [-] Task 7eef6193-95e3-46fb-aaf7-5e6a1391155f | ITER: 3 START
2019-07-26 07:38:18.118 559 INFO rally.task.runner [-] Task 7eef6193-95e3-46fb-aaf7-5e6a1391155f | ITER: 4 START
2019-07-26 07:38:19.022 556 INFO rally.task.runner [-] Task 7eef6193-95e3-46fb-aaf7-5e6a1391155f | ITER: 1 END: OK
2019-07-26 07:38:19.027 556 INFO rally.task.runner [-] Task 7eef6193-95e3-46fb-aaf7-5e6a1391155f | ITER: 5 START
2019-07-26 07:38:19.065 557 INFO rally.task.runner [-] Task 7eef6193-95e3-46fb-aaf7-5e6a1391155f | ITER: 2 END: OK
2019-07-26 07:38:19.067 558 INFO rally.task.runner [-] Task 7eef6193-95e3-46fb-aaf7-5e6a1391155f | ITER: 3 END: OK
2019-07-26 07:38:19.069 557 INFO rally.task.runner [-] Task 7eef6193-95e3-46fb-aaf7-5e6a1391155f | ITER: 6 START
2019-07-26 07:38:19.071 558 INFO rally.task.runner [-] Task 7eef6193-95e3-46fb-aaf7-5e6a1391155f | ITER: 7 START
2019-07-26 07:38:19.297 559 INFO rally.task.runner [-] Task 7eef6193-95e3-46fb-aaf7-5e6a1391155f | ITER: 4 END: OK
2019-07-26 07:38:19.302 559 INFO rally.task.runner [-] Task 7eef6193-95e3-46fb-aaf7-5e6a1391155f | ITER: 8 START
2019-07-26 07:38:19.971 557 INFO rally.task.runner [-] Task 7eef6193-95e3-46fb-aaf7-5e6a1391155f | ITER: 6 END: OK
2019-07-26 07:38:19.976 557 INFO rally.task.runner [-] Task 7eef6193-95e3-46fb-aaf7-5e6a1391155f | ITER: 9 START
2019-07-26 07:38:20.176 558 INFO rally.task.runner [-] Task 7eef6193-95e3-46fb-aaf7-5e6a1391155f | ITER: 7 END: OK
2019-07-26 07:38:20.179 558 INFO rally.task.runner [-] Task 7eef6193-95e3-46fb-aaf7-5e6a1391155f | ITER: 10 START
2019-07-26 07:38:20.203 556 INFO rally.task.runner [-] Task 7eef6193-95e3-46fb-aaf7-5e6a1391155f | ITER: 5 END: OK
2019-07-26 07:38:20.298 559 INFO rally.task.runner [-] Task 7eef6193-95e3-46fb-aaf7-5e6a1391155f | ITER: 8 END: OK
2019-07-26 07:38:21.002 558 INFO rally.task.runner [-] Task 7eef6193-95e3-46fb-aaf7-5e6a1391155f | ITER: 10 END: OK
2019-07-26 07:38:21.058 557 INFO rally.task.runner [-] Task 7eef6193-95e3-46fb-aaf7-5e6a1391155f | ITER: 9 END: OK
2019-07-26 07:38:21.085 16 INFO rally.task.context [-] Task 7eef6193-95e3-46fb-aaf7-5e6a1391155f | Context users@openstack cleanup() started
2019-07-26 07:38:27.534 16 INFO rally.task.context [-] Task 7eef6193-95e3-46fb-aaf7-5e6a1391155f | Context users@openstack cleanup() finished in 6.45 sec
2019-07-26 07:38:27.646 16 INFO rally.task.engine [-] Load duration is: 2.945866
2019-07-26 07:38:27.646 16 INFO rally.task.engine [-] Full runner duration is: 2.993447
2019-07-26 07:38:27.647 16 INFO rally.task.engine [-] Full duration is: 13.962845
2019-07-26 07:38:27.906 16 INFO rally.task.engine [-] Running workload: position = 0 config = { "version": 2, "title": "A cropped version of a bigger task.", "description": "Auto-generated task from a single workload (uuid=1e156e2d-df95-4cf5-8f20-9d3eed24e897)", "subtasks": [ { "title": "Authenticate.validate_nova", "description": "Check Nova Client to ensure validation of token.", "scenario": { "Authenticate.validate_nova": { "repetitions": 2 } }, "contexts": { "users": { "tenants": 3, "users_per_tenant": 2 } }, "runner": { "constant": { "concurrency": 4, "times": 10 } }, "hooks": [], "sla": { "failure_rate": { "max": 0 } } } ] }
2019-07-26 07:38:27.928 16 RALLYDEBUG rally_openstack.contexts.keystone.users [-] Creating 3 tenants using 20 threads
2019-07-26 07:38:29.679 16 RALLYDEBUG rally_openstack.contexts.keystone.users [-] Creating 6 users using 20 threads
2019-07-26 07:38:32.342 16 INFO rally.task.context [-] Task 7eef6193-95e3-46fb-aaf7-5e6a1391155f | Context users@openstack setup() finished in 4.41 sec
2019-07-26 07:38:32.350 16 RALLYDEBUG rally.task.runner [-] Starting the constant runner (task UUID: 7eef6193-95e3-46fb-aaf7-5e6a1391155f). timeout: 0 concurrency: 4 concurrency_per_worker: 1 times: 10 concurrency_overhead: 0 processes_to_start: 4 max_cpu_used: 16
2019-07-26 07:38:32.363 660 RALLYDEBUG rally.task.runner [-] Starting a worker. concurrency: 1 args: {"repetitions": 2} times: 10 method_name: run timeout: 0 duration: None cls:
2019-07-26 07:38:32.365 661 RALLYDEBUG rally.task.runner [-] Starting a worker. concurrency: 1 args: {"repetitions": 2} times: 10 method_name: run timeout: 0 duration: None cls:
2019-07-26 07:38:32.368 662 RALLYDEBUG rally.task.runner [-] Starting a worker. concurrency: 1 args: {"repetitions": 2} times: 10 method_name: run timeout: 0 duration: None cls:
2019-07-26 07:38:32.369 660 INFO rally.task.runner [-] Task 7eef6193-95e3-46fb-aaf7-5e6a1391155f | ITER: 1 START
2019-07-26 07:38:32.372 661 INFO rally.task.runner [-] Task 7eef6193-95e3-46fb-aaf7-5e6a1391155f | ITER: 2 START
2019-07-26 07:38:32.371 663 RALLYDEBUG rally.task.runner [-] Starting a worker. concurrency: 1 args: {"repetitions": 2} times: 10 method_name: run timeout: 0 duration: None cls:
2019-07-26 07:38:32.375 662 INFO rally.task.runner [-] Task 7eef6193-95e3-46fb-aaf7-5e6a1391155f | ITER: 3 START
2019-07-26 07:38:32.377 663 INFO rally.task.runner [-] Task 7eef6193-95e3-46fb-aaf7-5e6a1391155f | ITER: 4 START
2019-07-26 07:38:32.864 660 DEBUG novaclient.v2.client [-] REQ: curl -g -i -X GET http://172.30.9.33:8774/v2.1/flavors/detail -H "Accept: application/json" -H "User-Agent: python-novaclient" -H "X-Auth-Token: {SHA1}4bf3ea1752cebe9c895c84f8bcdc6293853f5a14" _http_log_request /usr/lib/python2.7/site-packages/keystoneauth1/session.py:448
2019-07-26 07:38:32.864 661 DEBUG novaclient.v2.client [-] REQ: curl -g -i -X GET http://172.30.9.33:8774/v2.1/flavors/detail -H "Accept: application/json" -H "User-Agent: python-novaclient" -H "X-Auth-Token: {SHA1}9531662502fa6b2a364a7feb44bb100a6ca34748" _http_log_request /usr/lib/python2.7/site-packages/keystoneauth1/session.py:448
2019-07-26 07:38:32.867 662 DEBUG novaclient.v2.client [-] REQ: curl -g -i -X GET http://172.30.9.33:8774/v2.1/flavors/detail -H "Accept: application/json" -H "User-Agent: python-novaclient" -H "X-Auth-Token: {SHA1}525dfa69f485642e3cf0004e178bded4a13e5882" _http_log_request /usr/lib/python2.7/site-packages/keystoneauth1/session.py:448
2019-07-26 07:38:32.871 663 DEBUG novaclient.v2.client [-] REQ: curl -g -i -X GET http://172.30.9.33:8774/v2.1/flavors/detail -H "Accept: application/json" -H "User-Agent: python-novaclient" -H "X-Auth-Token: {SHA1}57be82b0b5251ba857b1a453777a02ac0761184d" _http_log_request /usr/lib/python2.7/site-packages/keystoneauth1/session.py:448
2019-07-26 07:38:33.144 660 DEBUG novaclient.v2.client [-] RESP: [200] Content-Encoding: gzip Content-Length: 365 Content-Type: application/json Date: Fri, 26 Jul 2019 07:38:32 GMT OpenStack-API-Version: compute 2.1 Server: Apache Vary: OpenStack-API-Version,X-OpenStack-Nova-API-Version,Accept-Encoding X-OpenStack-Nova-API-Version: 2.1 x-compute-request-id: req-784c309a-2392-4e4e-bcc4-5248d2d15aa0 x-openstack-request-id: req-784c309a-2392-4e4e-bcc4-5248d2d15aa0 _http_log_response /usr/lib/python2.7/site-packages/keystoneauth1/session.py:479
2019-07-26 07:38:33.145 660 DEBUG novaclient.v2.client [-] RESP BODY: {"flavors": [{"name": "rally_full-flavor_alt_e9ac6848-eda2-4dc7-86fa-0539806dab32", "links": [{"href": "http://172.30.9.33:8774/v2.1/flavors/36c7db48-f92f-419f-b74b-325f4f0d1ab1", "rel": "self"}, {"href": "http://172.30.9.33:8774/flavors/36c7db48-f92f-419f-b74b-325f4f0d1ab1", "rel": "bookmark"}], "ram": 1024, "OS-FLV-DISABLED:disabled": false, "vcpus": 1, "swap": "", "os-flavor-access:is_public": true, "rxtx_factor": 1.0, "OS-FLV-EXT-DATA:ephemeral": 0, "disk": 1, "id": "36c7db48-f92f-419f-b74b-325f4f0d1ab1"}, {"name": "rally_full-flavor_e9ac6848-eda2-4dc7-86fa-0539806dab32", "links": [{"href": "http://172.30.9.33:8774/v2.1/flavors/7d8eca18-e2a4-4fa8-b57c-9e7c223e2668", "rel": "self"}, {"href": "http://172.30.9.33:8774/flavors/7d8eca18-e2a4-4fa8-b57c-9e7c223e2668", "rel": "bookmark"}], "ram": 512, "OS-FLV-DISABLED:disabled": false, "vcpus": 1, "swap": "", "os-flavor-access:is_public": true, "rxtx_factor": 1.0, "OS-FLV-EXT-DATA:ephemeral": 0, "disk": 1, "id": "7d8eca18-e2a4-4fa8-b57c-9e7c223e2668"}]} _http_log_response /usr/lib/python2.7/site-packages/keystoneauth1/session.py:511
2019-07-26 07:38:33.145 660 DEBUG novaclient.v2.client [-] GET call to compute for http://172.30.9.33:8774/v2.1/flavors/detail used request id req-784c309a-2392-4e4e-bcc4-5248d2d15aa0 request /usr/lib/python2.7/site-packages/keystoneauth1/session.py:844
2019-07-26 07:38:33.147 660 DEBUG novaclient.v2.client [-] REQ: curl -g -i -X GET http://172.30.9.33:8774/v2.1/flavors/detail -H "Accept: application/json" -H "User-Agent: python-novaclient" -H "X-Auth-Token: {SHA1}4bf3ea1752cebe9c895c84f8bcdc6293853f5a14" _http_log_request /usr/lib/python2.7/site-packages/keystoneauth1/session.py:448
2019-07-26 07:38:33.156 661 DEBUG novaclient.v2.client [-] RESP: [200] Content-Encoding: gzip Content-Length: 365 Content-Type: application/json Date: Fri, 26 Jul 2019 07:38:32 GMT OpenStack-API-Version: compute 2.1 Server: Apache Vary: OpenStack-API-Version,X-OpenStack-Nova-API-Version,Accept-Encoding X-OpenStack-Nova-API-Version: 2.1 x-compute-request-id: req-926002c0-ea08-4576-bc0c-cdefd015a92c x-openstack-request-id: req-926002c0-ea08-4576-bc0c-cdefd015a92c _http_log_response /usr/lib/python2.7/site-packages/keystoneauth1/session.py:479
2019-07-26 07:38:33.157 661 DEBUG novaclient.v2.client [-] RESP BODY: {"flavors": [{"name": "rally_full-flavor_alt_e9ac6848-eda2-4dc7-86fa-0539806dab32", "links": [{"href": "http://172.30.9.33:8774/v2.1/flavors/36c7db48-f92f-419f-b74b-325f4f0d1ab1", "rel": "self"}, {"href": "http://172.30.9.33:8774/flavors/36c7db48-f92f-419f-b74b-325f4f0d1ab1", "rel": "bookmark"}], "ram": 1024, "OS-FLV-DISABLED:disabled": false, "vcpus": 1, "swap": "", "os-flavor-access:is_public": true, "rxtx_factor": 1.0, "OS-FLV-EXT-DATA:ephemeral": 0, "disk": 1, "id": "36c7db48-f92f-419f-b74b-325f4f0d1ab1"}, {"name": "rally_full-flavor_e9ac6848-eda2-4dc7-86fa-0539806dab32", "links": [{"href": "http://172.30.9.33:8774/v2.1/flavors/7d8eca18-e2a4-4fa8-b57c-9e7c223e2668", "rel": "self"}, {"href": "http://172.30.9.33:8774/flavors/7d8eca18-e2a4-4fa8-b57c-9e7c223e2668", "rel": "bookmark"}], "ram": 512, "OS-FLV-DISABLED:disabled": false, "vcpus": 1, "swap": "", "os-flavor-access:is_public": true, "rxtx_factor": 1.0, "OS-FLV-EXT-DATA:ephemeral": 0, "disk": 1, "id": "7d8eca18-e2a4-4fa8-b57c-9e7c223e2668"}]} _http_log_response /usr/lib/python2.7/site-packages/keystoneauth1/session.py:511
2019-07-26 07:38:33.157 661 DEBUG novaclient.v2.client [-] GET call to compute for http://172.30.9.33:8774/v2.1/flavors/detail used request id req-926002c0-ea08-4576-bc0c-cdefd015a92c request /usr/lib/python2.7/site-packages/keystoneauth1/session.py:844
2019-07-26 07:38:33.159 661 DEBUG novaclient.v2.client [-] REQ: curl -g -i -X GET http://172.30.9.33:8774/v2.1/flavors/detail -H "Accept: application/json" -H "User-Agent: python-novaclient" -H "X-Auth-Token: {SHA1}9531662502fa6b2a364a7feb44bb100a6ca34748" _http_log_request /usr/lib/python2.7/site-packages/keystoneauth1/session.py:448
2019-07-26 07:38:33.167 660 DEBUG novaclient.v2.client [-] RESP: [200] Content-Encoding: gzip Content-Length: 365 Content-Type: application/json Date: Fri, 26 Jul 2019 07:38:33 GMT OpenStack-API-Version: compute 2.1 Server: Apache Vary: OpenStack-API-Version,X-OpenStack-Nova-API-Version,Accept-Encoding X-OpenStack-Nova-API-Version: 2.1 x-compute-request-id: req-141b9d4e-a040-48e6-b0e6-f710ad60e1cc x-openstack-request-id: req-141b9d4e-a040-48e6-b0e6-f710ad60e1cc _http_log_response /usr/lib/python2.7/site-packages/keystoneauth1/session.py:479
2019-07-26 07:38:33.167 660 DEBUG novaclient.v2.client [-] RESP BODY: {"flavors": [{"name": "rally_full-flavor_alt_e9ac6848-eda2-4dc7-86fa-0539806dab32", "links": [{"href": "http://172.30.9.33:8774/v2.1/flavors/36c7db48-f92f-419f-b74b-325f4f0d1ab1", "rel": "self"}, {"href": "http://172.30.9.33:8774/flavors/36c7db48-f92f-419f-b74b-325f4f0d1ab1", "rel": "bookmark"}], "ram": 1024, "OS-FLV-DISABLED:disabled": false, "vcpus": 1, "swap": "", "os-flavor-access:is_public": true, "rxtx_factor": 1.0, "OS-FLV-EXT-DATA:ephemeral": 0, "disk": 1, "id": "36c7db48-f92f-419f-b74b-325f4f0d1ab1"}, {"name": "rally_full-flavor_e9ac6848-eda2-4dc7-86fa-0539806dab32", "links": [{"href": "http://172.30.9.33:8774/v2.1/flavors/7d8eca18-e2a4-4fa8-b57c-9e7c223e2668", "rel": "self"}, {"href": "http://172.30.9.33:8774/flavors/7d8eca18-e2a4-4fa8-b57c-9e7c223e2668", "rel": "bookmark"}], "ram": 512, "OS-FLV-DISABLED:disabled": false, "vcpus": 1, "swap": "", "os-flavor-access:is_public": true, "rxtx_factor": 1.0, "OS-FLV-EXT-DATA:ephemeral": 0, "disk": 1, "id": "7d8eca18-e2a4-4fa8-b57c-9e7c223e2668"}]} _http_log_response /usr/lib/python2.7/site-packages/keystoneauth1/session.py:511
2019-07-26 07:38:33.168 660 DEBUG novaclient.v2.client [-] GET call to compute for http://172.30.9.33:8774/v2.1/flavors/detail used request id req-141b9d4e-a040-48e6-b0e6-f710ad60e1cc request /usr/lib/python2.7/site-packages/keystoneauth1/session.py:844
2019-07-26 07:38:33.169 660 INFO rally.task.runner [-] Task 7eef6193-95e3-46fb-aaf7-5e6a1391155f | ITER: 1 END: OK
2019-07-26 07:38:33.173 660 INFO rally.task.runner [-] Task 7eef6193-95e3-46fb-aaf7-5e6a1391155f | ITER: 5 START
2019-07-26 07:38:33.180 661 DEBUG novaclient.v2.client [-] RESP: [200] Content-Encoding: gzip Content-Length: 365 Content-Type: application/json Date: Fri, 26 Jul 2019 07:38:33 GMT OpenStack-API-Version: compute 2.1 Server: Apache Vary: OpenStack-API-Version,X-OpenStack-Nova-API-Version,Accept-Encoding X-OpenStack-Nova-API-Version: 2.1 x-compute-request-id: req-6d59b316-c3ab-46a4-9c0d-5afb22f3c576 x-openstack-request-id: req-6d59b316-c3ab-46a4-9c0d-5afb22f3c576 _http_log_response /usr/lib/python2.7/site-packages/keystoneauth1/session.py:479
2019-07-26 07:38:33.181 661 DEBUG novaclient.v2.client [-] RESP BODY: {"flavors": [{"name": "rally_full-flavor_alt_e9ac6848-eda2-4dc7-86fa-0539806dab32", "links": [{"href": "http://172.30.9.33:8774/v2.1/flavors/36c7db48-f92f-419f-b74b-325f4f0d1ab1", "rel": "self"}, {"href": "http://172.30.9.33:8774/flavors/36c7db48-f92f-419f-b74b-325f4f0d1ab1", "rel": "bookmark"}], "ram": 1024, "OS-FLV-DISABLED:disabled": false, "vcpus": 1, "swap": "", "os-flavor-access:is_public": true, "rxtx_factor": 1.0, "OS-FLV-EXT-DATA:ephemeral": 0, "disk": 1, "id": "36c7db48-f92f-419f-b74b-325f4f0d1ab1"}, {"name": "rally_full-flavor_e9ac6848-eda2-4dc7-86fa-0539806dab32", "links": [{"href": "http://172.30.9.33:8774/v2.1/flavors/7d8eca18-e2a4-4fa8-b57c-9e7c223e2668", "rel": "self"}, {"href": "http://172.30.9.33:8774/flavors/7d8eca18-e2a4-4fa8-b57c-9e7c223e2668", "rel": "bookmark"}], "ram": 512, "OS-FLV-DISABLED:disabled": false, "vcpus": 1, "swap": "", "os-flavor-access:is_public": true, "rxtx_factor": 1.0, "OS-FLV-EXT-DATA:ephemeral": 0, "disk": 1, "id": "7d8eca18-e2a4-4fa8-b57c-9e7c223e2668"}]} _http_log_response /usr/lib/python2.7/site-packages/keystoneauth1/session.py:511
2019-07-26 07:38:33.181 661 DEBUG novaclient.v2.client [-] GET call to compute for http://172.30.9.33:8774/v2.1/flavors/detail used request id req-6d59b316-c3ab-46a4-9c0d-5afb22f3c576 request /usr/lib/python2.7/site-packages/keystoneauth1/session.py:844
2019-07-26 07:38:33.182 661 INFO rally.task.runner [-] Task 7eef6193-95e3-46fb-aaf7-5e6a1391155f | ITER: 2 END: OK
2019-07-26 07:38:33.186 663 DEBUG novaclient.v2.client [-] RESP: [200] Content-Encoding: gzip Content-Length: 365 Content-Type: application/json Date: Fri, 26 Jul 2019 07:38:32 GMT OpenStack-API-Version: compute 2.1 Server: Apache Vary: OpenStack-API-Version,X-OpenStack-Nova-API-Version,Accept-Encoding X-OpenStack-Nova-API-Version: 2.1 x-compute-request-id: req-45551022-7f55-46a8-aee0-f6982cc3e802 x-openstack-request-id: req-45551022-7f55-46a8-aee0-f6982cc3e802 _http_log_response /usr/lib/python2.7/site-packages/keystoneauth1/session.py:479
2019-07-26 07:38:33.186 661 INFO rally.task.runner [-] Task 7eef6193-95e3-46fb-aaf7-5e6a1391155f | ITER: 6 START
2019-07-26 07:38:33.187 663 DEBUG novaclient.v2.client [-] RESP BODY: {"flavors": [{"name": "rally_full-flavor_alt_e9ac6848-eda2-4dc7-86fa-0539806dab32", "links": [{"href": "http://172.30.9.33:8774/v2.1/flavors/36c7db48-f92f-419f-b74b-325f4f0d1ab1", "rel": "self"}, {"href": "http://172.30.9.33:8774/flavors/36c7db48-f92f-419f-b74b-325f4f0d1ab1", "rel": "bookmark"}], "ram": 1024, "OS-FLV-DISABLED:disabled": false, "vcpus": 1, "swap": "", "os-flavor-access:is_public": true, "rxtx_factor": 1.0, "OS-FLV-EXT-DATA:ephemeral": 0, "disk": 1, "id": "36c7db48-f92f-419f-b74b-325f4f0d1ab1"}, {"name": "rally_full-flavor_e9ac6848-eda2-4dc7-86fa-0539806dab32", "links": [{"href": "http://172.30.9.33:8774/v2.1/flavors/7d8eca18-e2a4-4fa8-b57c-9e7c223e2668", "rel": "self"}, {"href": "http://172.30.9.33:8774/flavors/7d8eca18-e2a4-4fa8-b57c-9e7c223e2668", "rel": "bookmark"}], "ram": 512, "OS-FLV-DISABLED:disabled": false, "vcpus": 1, "swap": "", "os-flavor-access:is_public": true, "rxtx_factor": 1.0, "OS-FLV-EXT-DATA:ephemeral": 0, "disk": 1, "id": "7d8eca18-e2a4-4fa8-b57c-9e7c223e2668"}]} _http_log_response /usr/lib/python2.7/site-packages/keystoneauth1/session.py:511
2019-07-26 07:38:33.187 663 DEBUG novaclient.v2.client [-] GET call to compute for http://172.30.9.33:8774/v2.1/flavors/detail used request id req-45551022-7f55-46a8-aee0-f6982cc3e802 request /usr/lib/python2.7/site-packages/keystoneauth1/session.py:844
2019-07-26 07:38:33.187 662 DEBUG novaclient.v2.client [-] RESP: [200] Content-Encoding: gzip Content-Length: 365 Content-Type: application/json Date: Fri, 26 Jul 2019 07:38:32 GMT OpenStack-API-Version: compute 2.1 Server: Apache Vary: OpenStack-API-Version,X-OpenStack-Nova-API-Version,Accept-Encoding X-OpenStack-Nova-API-Version: 2.1 x-compute-request-id: req-af91b591-5b7f-494b-8244-3049b4dca211 x-openstack-request-id: req-af91b591-5b7f-494b-8244-3049b4dca211 _http_log_response /usr/lib/python2.7/site-packages/keystoneauth1/session.py:479
2019-07-26 07:38:33.188 662 DEBUG novaclient.v2.client [-] RESP BODY: {"flavors": [{"name": "rally_full-flavor_alt_e9ac6848-eda2-4dc7-86fa-0539806dab32", "links": [{"href": "http://172.30.9.33:8774/v2.1/flavors/36c7db48-f92f-419f-b74b-325f4f0d1ab1", "rel": "self"}, {"href": "http://172.30.9.33:8774/flavors/36c7db48-f92f-419f-b74b-325f4f0d1ab1", "rel": "bookmark"}], "ram": 1024, "OS-FLV-DISABLED:disabled": false, "vcpus": 1, "swap": "", "os-flavor-access:is_public": true, "rxtx_factor": 1.0, "OS-FLV-EXT-DATA:ephemeral": 0, "disk": 1, "id": "36c7db48-f92f-419f-b74b-325f4f0d1ab1"}, {"name": "rally_full-flavor_e9ac6848-eda2-4dc7-86fa-0539806dab32", "links": [{"href": "http://172.30.9.33:8774/v2.1/flavors/7d8eca18-e2a4-4fa8-b57c-9e7c223e2668", "rel": "self"}, {"href": "http://172.30.9.33:8774/flavors/7d8eca18-e2a4-4fa8-b57c-9e7c223e2668", "rel": "bookmark"}], "ram": 512, "OS-FLV-DISABLED:disabled": false, "vcpus": 1, "swap": "", "os-flavor-access:is_public": true, "rxtx_factor": 1.0, "OS-FLV-EXT-DATA:ephemeral": 0, "disk": 1, "id": "7d8eca18-e2a4-4fa8-b57c-9e7c223e2668"}]} _http_log_response /usr/lib/python2.7/site-packages/keystoneauth1/session.py:511
2019-07-26 07:38:33.188 663 DEBUG novaclient.v2.client [-] REQ: curl -g -i -X GET http://172.30.9.33:8774/v2.1/flavors/detail -H "Accept: application/json" -H "User-Agent: python-novaclient" -H "X-Auth-Token: {SHA1}57be82b0b5251ba857b1a453777a02ac0761184d" _http_log_request /usr/lib/python2.7/site-packages/keystoneauth1/session.py:448
2019-07-26 07:38:33.188 662 DEBUG novaclient.v2.client [-] GET call to compute for http://172.30.9.33:8774/v2.1/flavors/detail used request id req-af91b591-5b7f-494b-8244-3049b4dca211 request /usr/lib/python2.7/site-packages/keystoneauth1/session.py:844
2019-07-26 07:38:33.190 662 DEBUG novaclient.v2.client [-] REQ: curl -g -i -X GET http://172.30.9.33:8774/v2.1/flavors/detail -H "Accept: application/json" -H "User-Agent: python-novaclient" -H "X-Auth-Token: {SHA1}525dfa69f485642e3cf0004e178bded4a13e5882" _http_log_request /usr/lib/python2.7/site-packages/keystoneauth1/session.py:448
2019-07-26 07:38:33.212 663 DEBUG novaclient.v2.client [-] RESP: [200] Content-Encoding: gzip Content-Length: 365 Content-Type: application/json Date: Fri, 26 Jul 2019 07:38:33 GMT OpenStack-API-Version: compute 2.1 Server: Apache Vary: OpenStack-API-Version,X-OpenStack-Nova-API-Version,Accept-Encoding X-OpenStack-Nova-API-Version: 2.1 x-compute-request-id: req-9aa33aaa-de63-4449-a0eb-df437bc7f8fd x-openstack-request-id: req-9aa33aaa-de63-4449-a0eb-df437bc7f8fd _http_log_response /usr/lib/python2.7/site-packages/keystoneauth1/session.py:479
2019-07-26 07:38:33.212 663 DEBUG novaclient.v2.client [-] RESP BODY: {"flavors": [{"name": "rally_full-flavor_alt_e9ac6848-eda2-4dc7-86fa-0539806dab32", "links": [{"href": "http://172.30.9.33:8774/v2.1/flavors/36c7db48-f92f-419f-b74b-325f4f0d1ab1", "rel": "self"}, {"href": "http://172.30.9.33:8774/flavors/36c7db48-f92f-419f-b74b-325f4f0d1ab1", "rel": "bookmark"}], "ram": 1024, "OS-FLV-DISABLED:disabled": false, "vcpus": 1, "swap": "", "os-flavor-access:is_public": true, "rxtx_factor": 1.0, "OS-FLV-EXT-DATA:ephemeral": 0, "disk": 1, "id": "36c7db48-f92f-419f-b74b-325f4f0d1ab1"}, {"name": "rally_full-flavor_e9ac6848-eda2-4dc7-86fa-0539806dab32", "links": [{"href": "http://172.30.9.33:8774/v2.1/flavors/7d8eca18-e2a4-4fa8-b57c-9e7c223e2668", "rel": "self"}, {"href": "http://172.30.9.33:8774/flavors/7d8eca18-e2a4-4fa8-b57c-9e7c223e2668", "rel": "bookmark"}], "ram": 512, "OS-FLV-DISABLED:disabled": false, "vcpus": 1, "swap": "", "os-flavor-access:is_public": true, "rxtx_factor": 1.0, "OS-FLV-EXT-DATA:ephemeral": 0, "disk": 1, "id": "7d8eca18-e2a4-4fa8-b57c-9e7c223e2668"}]} _http_log_response /usr/lib/python2.7/site-packages/keystoneauth1/session.py:511
2019-07-26 07:38:33.212 663 DEBUG novaclient.v2.client [-] GET call to compute for http://172.30.9.33:8774/v2.1/flavors/detail used request id req-9aa33aaa-de63-4449-a0eb-df437bc7f8fd request /usr/lib/python2.7/site-packages/keystoneauth1/session.py:844
