2019-07-26 08:04:41.829 1842 RALLYDEBUG rally_openstack.cleanup.manager [-] Deleting cinder.qos_specs object s_rally_8b6a744a_be51aj7O (3bc61145-f051-438b-b5a3-d6986ac0725b)
2019-07-26 08:04:41.835 1842 RALLYDEBUG rally_openstack.cleanup.manager [-] Deleting cinder.qos_specs object s_rally_8b6a744a_cWOwO9qh (c1362979-c7aa-4cf3-9447-0d9dde14e6f2)
2019-07-26 08:04:41.858 1842 RALLYDEBUG rally_openstack.cleanup.manager [-] Deleting cinder.qos_specs object s_rally_8b6a744a_BuO63IbY (28cf0ea3-91b7-4bdc-a688-a044781f13ea)
2019-07-26 08:04:44.216 1842 INFO rally.task.context [-] Task 23a42665-6f0a-463e-ac38-55a2fee7dd48 | Context admin_cleanup@openstack cleanup() finished in 6.73 sec
2019-07-26 08:04:44.216 1842 INFO rally.task.context [-] Task 23a42665-6f0a-463e-ac38-55a2fee7dd48 | Context api_versions@openstack cleanup() started
2019-07-26 08:04:44.217 1842 INFO rally.task.context [-] Task 23a42665-6f0a-463e-ac38-55a2fee7dd48 | Context api_versions@openstack cleanup() finished in 0.33 msec
2019-07-26 08:04:44.217 1842 INFO rally.task.context [-] Task 23a42665-6f0a-463e-ac38-55a2fee7dd48 | Context users@openstack cleanup() started
2019-07-26 08:04:51.656 1842 INFO rally.task.context [-] Task 23a42665-6f0a-463e-ac38-55a2fee7dd48 | Context users@openstack cleanup() finished in 7.44 sec
2019-07-26 08:04:53.596 1842 INFO rally.task.engine [-] Load duration is: 2.94101
2019-07-26 08:04:53.597 1842 INFO rally.task.engine [-] Full runner duration is: 2.996521
2019-07-26 08:04:53.597 1842 INFO rally.task.engine [-] Full duration is: 22.177844
2019-07-26 08:04:53.830 1842 INFO rally.task.engine [-] Running workload: position = 0 config = { "version": 2, "title": "A cropped version of a bigger task.", "description": "Auto-generated task from a single workload (uuid=4b43272a-66c9-4116-b67b-f0ddc548d5ab)", "subtasks": [ { "title": "CinderQos.create_and_list_qos", "description": "Create a qos, then list all qos.", "scenario": { "CinderQos.create_and_list_qos": { "consumer": "both", "write_iops_sec": "10", "read_iops_sec": "1000" } }, "contexts": { "users": { "tenants": 3, "users_per_tenant": 2 }, "api_versions": { "cinder": { "version": 3, "service_type": "volumev3" } } }, "runner": { "constant": { "concurrency": 4, "times": 10 } }, "hooks": [], "sla": { "failure_rate": { "max": 0 } } } ] }
2019-07-26 08:04:53.852 1842 RALLYDEBUG rally_openstack.contexts.keystone.users [-] Creating 3 tenants using 20 threads
2019-07-26 08:04:55.697 1842 RALLYDEBUG rally_openstack.contexts.keystone.users [-] Creating 6 users using 20 threads
2019-07-26 08:04:58.429 1842 INFO rally.task.context [-] Task 23a42665-6f0a-463e-ac38-55a2fee7dd48 | Context users@openstack setup() finished in 4.58 sec
2019-07-26 08:04:58.853 1842 INFO rally.task.context [-] Task 23a42665-6f0a-463e-ac38-55a2fee7dd48 | Context api_versions@openstack setup() finished in 0.42 sec
2019-07-26 08:04:58.854 1842 INFO rally.task.context [-] Task 23a42665-6f0a-463e-ac38-55a2fee7dd48 | Context admin_cleanup@openstack setup() finished in 0.00 msec
2019-07-26 08:04:58.861 1842 RALLYDEBUG rally.task.runner [-] Starting the constant runner (task UUID: 23a42665-6f0a-463e-ac38-55a2fee7dd48). timeout: 0 concurrency: 4 concurrency_per_worker: 1 times: 10 concurrency_overhead: 0 processes_to_start: 4 max_cpu_used: 16
2019-07-26 08:04:58.875 5294 RALLYDEBUG rally.task.runner [-] Starting a worker. concurrency: 1 args: {"consumer": "both", "write_iops_sec": "10", "read_iops_sec": "1000"} times: 10 method_name: run timeout: 0 duration: None cls:
2019-07-26 08:04:58.876 5295 RALLYDEBUG rally.task.runner [-] Starting a worker. concurrency: 1 args: {"consumer": "both", "write_iops_sec": "10", "read_iops_sec": "1000"} times: 10 method_name: run timeout: 0 duration: None cls:
2019-07-26 08:04:58.878 5297 RALLYDEBUG rally.task.runner [-] Starting a worker. concurrency: 1 args: {"consumer": "both", "write_iops_sec": "10", "read_iops_sec": "1000"} times: 10 method_name: run timeout: 0 duration: None cls:
2019-07-26 08:04:58.879 5296 RALLYDEBUG rally.task.runner [-] Starting a worker. concurrency: 1 args: {"consumer": "both", "write_iops_sec": "10", "read_iops_sec": "1000"} times: 10 method_name: run timeout: 0 duration: None cls:
2019-07-26 08:04:58.882 5297 INFO rally.task.runner [-] Task 23a42665-6f0a-463e-ac38-55a2fee7dd48 | ITER: 3 START
2019-07-26 08:04:58.882 5295 INFO rally.task.runner [-] Task 23a42665-6f0a-463e-ac38-55a2fee7dd48 | ITER: 2 START
2019-07-26 08:04:58.883 5294 INFO rally.task.runner [-] Task 23a42665-6f0a-463e-ac38-55a2fee7dd48 | ITER: 1 START
2019-07-26 08:04:58.886 5296 INFO rally.task.runner [-] Task 23a42665-6f0a-463e-ac38-55a2fee7dd48 | ITER: 4 START
2019-07-26 08:04:59.898 5294 INFO rally.task.runner [-] Task 23a42665-6f0a-463e-ac38-55a2fee7dd48 | ITER: 1 END: OK
2019-07-26 08:04:59.903 5294 INFO rally.task.runner [-] Task 23a42665-6f0a-463e-ac38-55a2fee7dd48 | ITER: 5 START
2019-07-26 08:04:59.930 5297 INFO rally.task.runner [-] Task 23a42665-6f0a-463e-ac38-55a2fee7dd48 | ITER: 3 END: OK
2019-07-26 08:04:59.932 5295 INFO rally.task.runner [-] Task 23a42665-6f0a-463e-ac38-55a2fee7dd48 | ITER: 2 END: OK
2019-07-26 08:04:59.934 5296 INFO rally.task.runner [-] Task 23a42665-6f0a-463e-ac38-55a2fee7dd48 | ITER: 4 END: OK
2019-07-26 08:04:59.935 5297 INFO rally.task.runner [-] Task 23a42665-6f0a-463e-ac38-55a2fee7dd48 | ITER: 6 START
2019-07-26 08:04:59.937 5295 INFO rally.task.runner [-] Task 23a42665-6f0a-463e-ac38-55a2fee7dd48 | ITER: 7 START
2019-07-26 08:04:59.939 5296 INFO rally.task.runner [-] Task 23a42665-6f0a-463e-ac38-55a2fee7dd48 | ITER: 8 START
2019-07-26 08:05:00.886 5294 INFO rally.task.runner [-] Task 23a42665-6f0a-463e-ac38-55a2fee7dd48 | ITER: 5 END: OK
2019-07-26 08:05:00.891 5294 INFO rally.task.runner [-] Task 23a42665-6f0a-463e-ac38-55a2fee7dd48 | ITER: 9 START
2019-07-26 08:05:00.894 5297 INFO rally.task.runner [-] Task 23a42665-6f0a-463e-ac38-55a2fee7dd48 | ITER: 6 END: OK
2019-07-26 08:05:00.899 5297 INFO rally.task.runner [-] Task 23a42665-6f0a-463e-ac38-55a2fee7dd48 | ITER: 10 START
2019-07-26 08:05:00.927 5295 INFO rally.task.runner [-] Task 23a42665-6f0a-463e-ac38-55a2fee7dd48 | ITER: 7 END: OK
2019-07-26 08:05:00.931 5296 INFO rally.task.runner [-] Task 23a42665-6f0a-463e-ac38-55a2fee7dd48 | ITER: 8 END: OK
2019-07-26 08:05:01.833 5294 INFO rally.task.runner [-] Task 23a42665-6f0a-463e-ac38-55a2fee7dd48 | ITER: 9 END: OK
2019-07-26 08:05:01.911 5297 INFO rally.task.runner [-] Task 23a42665-6f0a-463e-ac38-55a2fee7dd48 | ITER: 10 END: OK
2019-07-26 08:05:01.939 1842 INFO rally.task.context [-] Task 23a42665-6f0a-463e-ac38-55a2fee7dd48 | Context admin_cleanup@openstack cleanup() started
2019-07-26 08:05:01.941 1842 RALLYDEBUG rally_openstack.cleanup.manager [-] Cleaning up cinder volume_types objects
2019-07-26 08:05:02.595 1842 RALLYDEBUG rally_openstack.cleanup.manager [-] Cleaning up cinder image_volumes_cache objects
2019-07-26 08:05:03.548 1842 RALLYDEBUG rally_openstack.cleanup.manager [-] Cleaning up cinder quotas objects
2019-07-26 08:05:05.105 1842 RALLYDEBUG rally_openstack.cleanup.manager [-] Cleaning up cinder qos_specs objects
2019-07-26 08:05:05.808 1842 RALLYDEBUG rally_openstack.cleanup.manager [-] Deleting cinder.qos_specs object s_rally_4b43272a_IsaplNSe (acc496aa-f9f1-4b64-87e2-3730610f93e5)
2019-07-26 08:05:05.812 1842 RALLYDEBUG rally_openstack.cleanup.manager [-] Deleting cinder.qos_specs object s_rally_4b43272a_dzDeVTgk (310d024a-f706-4ecc-af81-df93d032fdb4)
2019-07-26 08:05:05.827 1842 RALLYDEBUG rally_openstack.cleanup.manager [-] Deleting cinder.qos_specs object s_rally_4b43272a_z8bCmQwR (88aba44f-b01d-40d6-b48e-8e09f35013d4)
2019-07-26 08:05:05.827 1842 RALLYDEBUG rally_openstack.cleanup.manager [-] Deleting cinder.qos_specs object s_rally_4b43272a_pFu8BmU3 (c44bfa45-c8e8-408c-ae29-c292405d53b2)
2019-07-26 08:05:05.838 1842 RALLYDEBUG rally_openstack.cleanup.manager [-] Deleting cinder.qos_specs object s_rally_4b43272a_AznZOZ7Z (14daf2cf-1b28-4474-ac46-3eabf359d9cd)
2019-07-26 08:05:05.844 1842 RALLYDEBUG rally_openstack.cleanup.manager [-] Deleting cinder.qos_specs object s_rally_4b43272a_5tIPtkEw (0ae7f511-4f9d-45d5-a52e-06839b98b33e)
2019-07-26 08:05:05.851 1842 RALLYDEBUG rally_openstack.cleanup.manager [-] Deleting cinder.qos_specs object s_rally_4b43272a_P07TG0kq (d5be8bc6-7c3e-415d-9b93-cdd8d4b5c95a)
2019-07-26 08:05:05.871 1842 RALLYDEBUG rally_openstack.cleanup.manager [-] Deleting cinder.qos_specs object s_rally_4b43272a_cxd8nnKM (82dd1188-e948-4873-a928-077612220252)
2019-07-26 08:05:05.886 1842 RALLYDEBUG rally_openstack.cleanup.manager [-] Deleting cinder.qos_specs object s_rally_4b43272a_uxbpthfU (385eb4ac-6396-43b3-8bdd-695478f69b01)
2019-07-26 08:05:05.892 1842 RALLYDEBUG rally_openstack.cleanup.manager [-] Deleting cinder.qos_specs object s_rally_4b43272a_wPp6A6Vu (278f2643-10b6-4965-84d3-9f407a07e8c7)
2019-07-26 08:05:08.219 1842 INFO rally.task.context [-] Task 23a42665-6f0a-463e-ac38-55a2fee7dd48 | Context admin_cleanup@openstack cleanup() finished in 6.28 sec
2019-07-26 08:05:08.220 1842 INFO rally.task.context [-] Task 23a42665-6f0a-463e-ac38-55a2fee7dd48 | Context api_versions@openstack cleanup() started
2019-07-26 08:05:08.220 1842 INFO rally.task.context [-] Task 23a42665-6f0a-463e-ac38-55a2fee7dd48 | Context api_versions@openstack cleanup() finished in 0.32 msec
2019-07-26 08:05:08.221 1842 INFO rally.task.context [-] Task 23a42665-6f0a-463e-ac38-55a2fee7dd48 | Context users@openstack cleanup() started
2019-07-26 08:05:15.051 1842 INFO rally.task.context [-] Task 23a42665-6f0a-463e-ac38-55a2fee7dd48 | Context users@openstack cleanup() finished in 6.83 sec
2019-07-26 08:05:15.983 1842 INFO rally.task.engine [-] Load duration is: 3.026255
2019-07-26 08:05:15.984 1842 INFO rally.task.engine [-] Full runner duration is: 3.078182
2019-07-26 08:05:15.984 1842 INFO rally.task.engine [-] Full duration is: 21.202872
2019-07-26 08:05:16.219 1842 INFO rally.task.engine [-] Running workload: position = 0 config = { "version": 2, "title": "A cropped version of a bigger task.", "description": "Auto-generated task from a single workload (uuid=4156ce9a-c2a4-479e-9565-dea7ea866570)", "subtasks": [ { "title": "CinderQos.create_and_set_qos", "description": "Create a qos, then Add/Update keys in qos specs.", "scenario": { "CinderQos.create_and_set_qos": { "consumer": "back-end", "write_iops_sec": "10", "read_iops_sec": "1000", "set_consumer": "both", "set_write_iops_sec": "11", "set_read_iops_sec": "1001" } }, "contexts": { "users": { "tenants": 3, "users_per_tenant": 2 }, "api_versions": { "cinder": { "version": 3, "service_type": "volumev3" } } }, "runner": { "constant": { "concurrency": 4, "times": 10 } }, "hooks": [], "sla": { "failure_rate": { "max": 0 } } } ] }
2019-07-26 08:05:16.242 1842 RALLYDEBUG rally_openstack.contexts.keystone.users [-] Creating 3 tenants using 20 threads
2019-07-26 08:05:17.978 1842 RALLYDEBUG rally_openstack.contexts.keystone.users [-] Creating 6 users using 20 threads
2019-07-26 08:05:20.710 1842 INFO rally.task.context [-] Task 23a42665-6f0a-463e-ac38-55a2fee7dd48 | Context users@openstack setup() finished in 4.47 sec
2019-07-26 08:05:21.121 1842 INFO rally.task.context [-] Task 23a42665-6f0a-463e-ac38-55a2fee7dd48 | Context api_versions@openstack setup() finished in 0.41 sec
2019-07-26 08:05:21.122 1842 INFO rally.task.context [-] Task 23a42665-6f0a-463e-ac38-55a2fee7dd48 | Context admin_cleanup@openstack setup() finished in 0.01 msec
2019-07-26 08:05:21.129 1842 RALLYDEBUG rally.task.runner [-] Starting the constant runner (task UUID: 23a42665-6f0a-463e-ac38-55a2fee7dd48). timeout: 0 concurrency: 4 concurrency_per_worker: 1 times: 10 concurrency_overhead: 0 processes_to_start: 4 max_cpu_used: 16
2019-07-26 08:05:21.142 5478 RALLYDEBUG rally.task.runner [-] Starting a worker. concurrency: 1 args: {"consumer": "back-end", "write_iops_sec": "10", "read_iops_sec": "1000", "set_consumer": "both", "set_write_iops_sec": "11", "set_read_iops_sec": "1001"} times: 10 method_name: run timeout: 0 duration: None cls:
2019-07-26 08:05:21.144 5479 RALLYDEBUG rally.task.runner [-] Starting a worker. concurrency: 1 args: {"consumer": "back-end", "write_iops_sec": "10", "read_iops_sec": "1000", "set_consumer": "both", "set_write_iops_sec": "11", "set_read_iops_sec": "1001"} times: 10 method_name: run timeout: 0 duration: None cls:
2019-07-26 08:05:21.147 5480 RALLYDEBUG rally.task.runner [-] Starting a worker. concurrency: 1 args: {"consumer": "back-end", "write_iops_sec": "10", "read_iops_sec": "1000", "set_consumer": "both", "set_write_iops_sec": "11", "set_read_iops_sec": "1001"} times: 10 method_name: run timeout: 0 duration: None cls:
2019-07-26 08:05:21.150 5478 INFO rally.task.runner [-] Task 23a42665-6f0a-463e-ac38-55a2fee7dd48 | ITER: 1 START
2019-07-26 08:05:21.150 5481 RALLYDEBUG rally.task.runner [-] Starting a worker. concurrency: 1 args: {"consumer": "back-end", "write_iops_sec": "10", "read_iops_sec": "1000", "set_consumer": "both", "set_write_iops_sec": "11", "set_read_iops_sec": "1001"} times: 10 method_name: run timeout: 0 duration: None cls:
2019-07-26 08:05:21.152 5479 INFO rally.task.runner [-] Task 23a42665-6f0a-463e-ac38-55a2fee7dd48 | ITER: 2 START
2019-07-26 08:05:21.155 5480 INFO rally.task.runner [-] Task 23a42665-6f0a-463e-ac38-55a2fee7dd48 | ITER: 3 START
2019-07-26 08:05:21.157 5481 INFO rally.task.runner [-] Task 23a42665-6f0a-463e-ac38-55a2fee7dd48 | ITER: 4 START
2019-07-26 08:05:22.208 5481 INFO rally.task.runner [-] Task 23a42665-6f0a-463e-ac38-55a2fee7dd48 | ITER: 4 END: OK
2019-07-26 08:05:22.213 5481 INFO rally.task.runner [-] Task 23a42665-6f0a-463e-ac38-55a2fee7dd48 | ITER: 5 START
2019-07-26 08:05:22.222 5479 INFO rally.task.runner [-] Task 23a42665-6f0a-463e-ac38-55a2fee7dd48 | ITER: 2 END: OK
2019-07-26 08:05:22.227 5479 INFO rally.task.runner [-] Task 23a42665-6f0a-463e-ac38-55a2fee7dd48 | ITER: 6 START
2019-07-26 08:05:22.295 5480 INFO rally.task.runner [-] Task 23a42665-6f0a-463e-ac38-55a2fee7dd48 | ITER: 3 END: OK
2019-07-26 08:05:22.295 5478 INFO rally.task.runner [-] Task 23a42665-6f0a-463e-ac38-55a2fee7dd48 | ITER: 1 END: OK
2019-07-26 08:05:22.300 5480 INFO rally.task.runner [-] Task 23a42665-6f0a-463e-ac38-55a2fee7dd48 | ITER: 7 START
2019-07-26 08:05:22.301 5478 INFO rally.task.runner [-] Task 23a42665-6f0a-463e-ac38-55a2fee7dd48 | ITER: 8 START
2019-07-26 08:05:23.193 5480 INFO rally.task.runner [-] Task 23a42665-6f0a-463e-ac38-55a2fee7dd48 | ITER: 7 END: OK
2019-07-26 08:05:23.197 5480 INFO rally.task.runner [-] Task 23a42665-6f0a-463e-ac38-55a2fee7dd48 | ITER: 9 START
2019-07-26 08:05:23.232 5479 INFO rally.task.runner [-] Task 23a42665-6f0a-463e-ac38-55a2fee7dd48 | ITER: 6 END: OK
2019-07-26 08:05:23.237 5479 INFO rally.task.runner [-] Task 23a42665-6f0a-463e-ac38-55a2fee7dd48 | ITER: 10 START
2019-07-26 08:05:23.238 5478 INFO rally.task.runner [-] Task 23a42665-6f0a-463e-ac38-55a2fee7dd48 | ITER: 8 END: OK
2019-07-26 08:05:23.321 5481 INFO rally.task.runner [-] Task 23a42665-6f0a-463e-ac38-55a2fee7dd48 | ITER: 5 END: OK
2019-07-26 08:05:24.094 5480 INFO rally.task.runner [-] Task 23a42665-6f0a-463e-ac38-55a2fee7dd48 | ITER: 9 END: OK
2019-07-26 08:05:24.223 5479 INFO rally.task.runner [-] Task 23a42665-6f0a-463e-ac38-55a2fee7dd48 | ITER: 10 END: OK
2019-07-26 08:05:24.243 1842 INFO rally.task.context [-] Task 23a42665-6f0a-463e-ac38-55a2fee7dd48 | Context admin_cleanup@openstack cleanup() started
2019-07-26 08:05:24.246 1842 RALLYDEBUG rally_openstack.cleanup.manager [-] Cleaning up cinder volume_types objects
2019-07-26 08:05:24.896 1842 RALLYDEBUG rally_openstack.cleanup.manager [-] Cleaning up cinder image_volumes_cache objects
2019-07-26 08:05:25.844 1842 RALLYDEBUG rally_openstack.cleanup.manager [-] Cleaning up cinder quotas objects
2019-07-26 08:05:27.398 1842 RALLYDEBUG rally_openstack.cleanup.manager [-] Cleaning up cinder qos_specs objects
2019-07-26 08:05:28.102 1842 RALLYDEBUG rally_openstack.cleanup.manager [-] Deleting cinder.qos_specs object s_rally_4156ce9a_pEQsrl2R (5407686a-8321-4419-8378-9568b0e1e99a)
2019-07-26 08:05:28.113 1842 RALLYDEBUG rally_openstack.cleanup.manager [-] Deleting cinder.qos_specs object s_rally_4156ce9a_aD2pIchj (4b96679f-0b63-4c0e-bd1e-a45d79470a78)
2019-07-26 08:05:28.115 1842 RALLYDEBUG rally_openstack.cleanup.manager [-] Deleting cinder.qos_specs object s_rally_4156ce9a_uXf9L65s (f9f4fd26-ba21-49e0-b2a0-ee9f57cfa140)
2019-07-26 08:05:28.124 1842 RALLYDEBUG rally_openstack.cleanup.manager [-] Deleting cinder.qos_specs object s_rally_4156ce9a_DyXYc8Vu (ea5e36c8-26e7-4d63-b730-64c42a9a2298)
2019-07-26 08:05:28.134 1842 RALLYDEBUG rally_openstack.cleanup.manager [-] Deleting cinder.qos_specs object s_rally_4156ce9a_HyCVNbdi (b9cae433-877a-4a1d-b350-dfa5aa63b445)
2019-07-26 08:05:28.149 1842 RALLYDEBUG rally_openstack.cleanup.manager [-] Deleting cinder.qos_specs object s_rally_4156ce9a_SWaEzZV2 (900a88c6-139c-4a12-989d-86e8913669fe)
2019-07-26 08:05:28.159 1842 RALLYDEBUG rally_openstack.cleanup.manager [-] Deleting cinder.qos_specs object s_rally_4156ce9a_MYXnAEb7 (ef7557ed-6852-4ef7-b034-51f4451de385)
2019-07-26 08:05:28.170 1842 RALLYDEBUG rally_openstack.cleanup.manager [-] Deleting cinder.qos_specs object s_rally_4156ce9a_JrDmnKwK (b7d13951-8e79-4146-828b-393130bdf1ac)
2019-07-26 08:05:28.185 1842 RALLYDEBUG rally_openstack.cleanup.manager [-] Deleting cinder.qos_specs object s_rally_4156ce9a_PHCVAYxO (bea6b1aa-a459-495c-a4a0-d383e610dc03)
2019-07-26 08:05:28.188 1842 RALLYDEBUG rally_openstack.cleanup.manager [-] Deleting cinder.qos_specs object s_rally_4156ce9a_deegsyeu (27b42ef5-b237-417e-a61f-66c24a410c65)
2019-07-26 08:05:30.605 1842 INFO rally.task.context [-] Task 23a42665-6f0a-463e-ac38-55a2fee7dd48 | Context admin_cleanup@openstack cleanup() finished in 6.36 sec
2019-07-26 08:05:30.605 1842 INFO rally.task.context [-] Task 23a42665-6f0a-463e-ac38-55a2fee7dd48 | Context api_versions@openstack cleanup() started
2019-07-26 08:05:30.605 1842 INFO rally.task.context [-] Task 23a42665-6f0a-463e-ac38-55a2fee7dd48 | Context api_versions@openstack cleanup() finished in 0.32 msec
2019-07-26 08:05:30.606 1842 INFO rally.task.context [-] Task 23a42665-6f0a-463e-ac38-55a2fee7dd48 | Context users@openstack cleanup() started
2019-07-26 08:05:37.488 1842 INFO rally.task.context [-] Task 23a42665-6f0a-463e-ac38-55a2fee7dd48 | Context users@openstack cleanup() finished in 6.88 sec
2019-07-26 08:05:38.343 1842 INFO rally.task.engine [-] Load duration is: 3.068002
2019-07-26 08:05:38.343 1842 INFO rally.task.engine [-] Full runner duration is: 3.114813
2019-07-26 08:05:38.344 1842 INFO rally.task.engine [-] Full duration is: 21.248002
2019-07-26 08:05:38.597 1842 INFO rally.task.engine [-] Running workload: position = 0 config = { "version": 2, "title": "A cropped version of a bigger task.", "description": "Auto-generated task from a single workload (uuid=8495fa65-6252-4f2f-9bcd-7c6b833e9f25)", "subtasks": [ { "title": "CinderVolumeTypes.create_and_get_volume_type", "description": "Create a volume Type, then get the details of the type.", "scenario": { "CinderVolumeTypes.create_and_get_volume_type": { "description": "rally tests creating types" } }, "contexts": { "users": { "tenants": 3, "users_per_tenant": 2 }, "api_versions": { "cinder": { "version": 3, "service_type": "volumev3" } } }, "runner": { "constant": { "concurrency": 4, "times": 10 } }, "hooks": [], "sla": { "failure_rate": { "max": 0 } } } ] }
2019-07-26 08:05:38.620 1842 RALLYDEBUG rally_openstack.contexts.keystone.users [-] Creating 3 tenants using 20 threads
2019-07-26 08:05:40.426 1842 RALLYDEBUG rally_openstack.contexts.keystone.users [-] Creating 6 users using 20 threads
2019-07-26 08:05:43.104 1842 INFO rally.task.context [-] Task 23a42665-6f0a-463e-ac38-55a2fee7dd48 | Context users@openstack setup() finished in 4.48 sec
2019-07-26 08:05:43.535 1842 INFO rally.task.context [-] Task 23a42665-6f0a-463e-ac38-55a2fee7dd48 | Context api_versions@openstack setup() finished in 0.43 sec
2019-07-26 08:05:43.536 1842 INFO rally.task.context [-] Task 23a42665-6f0a-463e-ac38-55a2fee7dd48 | Context admin_cleanup@openstack setup() finished in 0.01 msec
2019-07-26 08:05:43.543 1842 RALLYDEBUG rally.task.runner [-] Starting the constant runner (task UUID: 23a42665-6f0a-463e-ac38-55a2fee7dd48). timeout: 0 concurrency: 4 concurrency_per_worker: 1 times: 10 concurrency_overhead: 0 processes_to_start: 4 max_cpu_used: 16
2019-07-26 08:05:43.555 5662 RALLYDEBUG rally.task.runner [-] Starting a worker. concurrency: 1 args: {"description": "rally tests creating types"} times: 10 method_name: run timeout: 0 duration: None cls:
2019-07-26 08:05:43.557 5663 RALLYDEBUG rally.task.runner [-] Starting a worker. concurrency: 1 args: {"description": "rally tests creating types"} times: 10 method_name: run timeout: 0 duration: None cls:
2019-07-26 08:05:43.560 5664 RALLYDEBUG rally.task.runner [-] Starting a worker. concurrency: 1 args: {"description": "rally tests creating types"} times: 10 method_name: run timeout: 0 duration: None cls:
2019-07-26 08:05:43.561 5662 INFO rally.task.runner [-] Task 23a42665-6f0a-463e-ac38-55a2fee7dd48 | ITER: 1 START
2019-07-26 08:05:43.563 5663 INFO rally.task.runner [-] Task 23a42665-6f0a-463e-ac38-55a2fee7dd48 | ITER: 2 START
2019-07-26 08:05:43.564 5665 RALLYDEBUG rally.task.runner [-] Starting a worker. concurrency: 1 args: {"description": "rally tests creating types"} times: 10 method_name: run timeout: 0 duration: None cls:
2019-07-26 08:05:43.567 5664 INFO rally.task.runner [-] Task 23a42665-6f0a-463e-ac38-55a2fee7dd48 | ITER: 3 START
2019-07-26 08:05:43.571 5665 INFO rally.task.runner [-] Task 23a42665-6f0a-463e-ac38-55a2fee7dd48 | ITER: 4 START
2019-07-26 08:05:44.611 5665 INFO rally.task.runner [-] Task 23a42665-6f0a-463e-ac38-55a2fee7dd48 | ITER: 4 END: OK
2019-07-26 08:05:44.612 5663 INFO rally.task.runner [-] Task 23a42665-6f0a-463e-ac38-55a2fee7dd48 | ITER: 2 END: OK
2019-07-26 08:05:44.617 5665 INFO rally.task.runner [-] Task 23a42665-6f0a-463e-ac38-55a2fee7dd48 | ITER: 5 START
2019-07-26 08:05:44.618 5663 INFO rally.task.runner [-] Task 23a42665-6f0a-463e-ac38-55a2fee7dd48 | ITER: 6 START
2019-07-26 08:05:44.639 5664 INFO rally.task.runner [-] Task 23a42665-6f0a-463e-ac38-55a2fee7dd48 | ITER: 3 END: OK
2019-07-26 08:05:44.645 5664 INFO rally.task.runner [-] Task 23a42665-6f0a-463e-ac38-55a2fee7dd48 | ITER: 7 START
2019-07-26 08:05:44.650 5662 INFO rally.task.runner [-] Task 23a42665-6f0a-463e-ac38-55a2fee7dd48 | ITER: 1 END: OK
2019-07-26 08:05:44.654 5662 INFO rally.task.runner [-] Task 23a42665-6f0a-463e-ac38-55a2fee7dd48 | ITER: 8 START
2019-07-26 08:05:45.516 5662 INFO rally.task.runner [-] Task 23a42665-6f0a-463e-ac38-55a2fee7dd48 | ITER: 8 END: OK
2019-07-26 08:05:45.521 5662 INFO rally.task.runner [-] Task 23a42665-6f0a-463e-ac38-55a2fee7dd48 | ITER: 9 START
2019-07-26 08:05:45.612 5663 INFO rally.task.runner [-] Task 23a42665-6f0a-463e-ac38-55a2fee7dd48 | ITER: 6 END: OK
2019-07-26 08:05:45.616 5663 INFO rally.task.runner [-] Task 23a42665-6f0a-463e-ac38-55a2fee7dd48 | ITER: 10 START
2019-07-26 08:05:45.623 5665 INFO rally.task.runner [-] Task 23a42665-6f0a-463e-ac38-55a2fee7dd48 | ITER: 5 END: OK
2019-07-26 08:05:45.662 5664 INFO rally.task.runner [-] Task 23a42665-6f0a-463e-ac38-55a2fee7dd48 | ITER: 7 END: OK
2019-07-26 08:05:46.433 5662 INFO rally.task.runner [-] Task 23a42665-6f0a-463e-ac38-55a2fee7dd48 | ITER: 9 END: OK
2019-07-26 08:05:46.514 5663 INFO rally.task.runner [-] Task 23a42665-6f0a-463e-ac38-55a2fee7dd48 | ITER: 10 END: OK
2019-07-26 08:05:46.539 1842 INFO rally.task.context [-] Task 23a42665-6f0a-463e-ac38-55a2fee7dd48 | Context admin_cleanup@openstack cleanup() started
2019-07-26 08:05:46.541 1842 RALLYDEBUG rally_openstack.cleanup.manager [-] Cleaning up cinder volume_types objects
2019-07-26 08:05:47.241 1842 RALLYDEBUG rally_openstack.cleanup.manager [-] Deleting cinder.volume_types object s_rally_8495fa65_wucQ3s4V (f5b6b947-35f2-4f21-b1c2-c33febf7e673)
2019-07-26 08:05:47.241 1842 RALLYDEBUG rally_openstack.cleanup.manager [-] Deleting cinder.volume_types object s_rally_8495fa65_sZJbXtzE (0839105e-6dc7-4d1c-84b3-7d3c9907ddc1)
2019-07-26 08:05:47.245 1842 RALLYDEBUG rally_openstack.cleanup.manager [-] Deleting cinder.volume_types object s_rally_8495fa65_AMdGvNH3 (ddd75691-74af-4e11-b667-debd447333b2)
2019-07-26 08:05:47.246 1842 RALLYDEBUG rally_openstack.cleanup.manager [-] Deleting cinder.volume_types object s_rally_8495fa65_CD9C8sZt (1123ad1b-59d4-4579-a8d1-bd395f79d48c)
2019-07-26 08:05:47.249 1842 RALLYDEBUG rally_openstack.cleanup.manager [-] Deleting cinder.volume_types object s_rally_8495fa65_vN6F3hTn (719f57e4-2b95-45d5-877e-36b9c1ccb323)
2019-07-26 08:05:47.254 1842 RALLYDEBUG rally_openstack.cleanup.manager [-] Deleting cinder.volume_types object s_rally_8495fa65_ZwnWBB1m (ce53edc9-91e6-4c54-ba48-08219eee52de)
2019-07-26 08:05:47.255 1842 RALLYDEBUG rally_openstack.cleanup.manager [-] Deleting cinder.volume_types object s_rally_8495fa65_0Y2e72kU (3750fe8c-feda-43d1-81e3-45289d53410a)
2019-07-26 08:05:47.255 1842 RALLYDEBUG rally_openstack.cleanup.manager [-] Deleting cinder.volume_types object s_rally_8495fa65_WKyv4oMY (1537fbca-cbe6-4649-b25f-f214b8139d35)
2019-07-26 08:05:47.256 1842 RALLYDEBUG rally_openstack.cleanup.manager [-] Deleting cinder.volume_types object s_rally_8495fa65_Wt3z7oWb (f017f0cd-50df-4802-8a7a-8de3d54accdc)
2019-07-26 08:05:47.262 1842 RALLYDEBUG rally_openstack.cleanup.manager [-] Deleting cinder.volume_types object s_rally_8495fa65_ZGg4uT2k (d93c76fb-69ca-4f59-a304-6083cbc362d2)
2019-07-26 08:05:49.636 1842 RALLYDEBUG rally_openstack.cleanup.manager [-] Cleaning up cinder image_volumes_cache objects
2019-07-26 08:05:50.587 1842 RALLYDEBUG rally_openstack.cleanup.manager [-] Cleaning up cinder quotas objects
2019-07-26 08:05:52.142 1842 RALLYDEBUG rally_openstack.cleanup.manager [-] Cleaning up cinder qos_specs objects
2019-07-26 08:05:52.889 1842 INFO rally.task.context [-] Task 23a42665-6f0a-463e-ac38-55a2fee7dd48 | Context admin_cleanup@openstack cleanup() finished in 6.35 sec
2019-07-26 08:05:52.889 1842 INFO rally.task.context [-] Task 23a42665-6f0a-463e-ac38-55a2fee7dd48 | Context api_versions@openstack cleanup() started
2019-07-26 08:05:52.890 1842 INFO rally.task.context [-] Task 23a42665-6f0a-463e-ac38-55a2fee7dd48 | Context api_versions@openstack cleanup() finished in 0.32 msec
2019-07-26 08:05:52.890 1842 INFO rally.task.context [-] Task 23a42665-6f0a-463e-ac38-55a2fee7dd48 | Context users@openstack cleanup() started
2019-07-26 08:06:00.279 1842 INFO rally.task.context [-] Task 23a42665-6f0a-463e-ac38-55a2fee7dd48 | Context users@openstack cleanup() finished in 7.39 sec
2019-07-26 08:06:00.728 1842 INFO rally.task.engine [-] Load duration is: 2.948956
2019-07-26 08:06:00.728 1842 INFO rally.task.engine [-] Full runner duration is: 2.995968
2019-07-26 08:06:00.728 1842 INFO rally.task.engine [-] Full duration is: 21.663607
2019-07-26 08:06:00.992 1842 INFO rally.task.engine [-] Running workload: position = 0 config = { "version": 2, "title": "A cropped version of a bigger task.", "description": "Auto-generated task from a single workload (uuid=66f44798-22b8-46e0-8362-b268144d4de2)", "subtasks": [ { "title": "CinderVolumeTypes.create_and_list_volume_types", "description": "Create a volume Type, then list all types.", "scenario": { "CinderVolumeTypes.create_and_list_volume_types": { "description": "rally tests creating types" } }, "contexts": { "users": { "tenants": 3, "users_per_tenant": 2 }, "api_versions": { "cinder": { "version": 3, "service_type": "volumev3" } } }, "runner": { "constant": { "concurrency": 4, "times": 10 } }, "hooks": [], "sla": { "failure_rate": { "max": 0 } } } ] }
2019-07-26 08:06:01.016 1842 RALLYDEBUG rally_openstack.contexts.keystone.users [-] Creating 3 tenants using 20 threads
2019-07-26 08:06:02.774 1842 RALLYDEBUG rally_openstack.contexts.keystone.users [-] Creating 6 users using 20 threads
2019-07-26 08:06:05.569 1842 INFO rally.task.context [-] Task 23a42665-6f0a-463e-ac38-55a2fee7dd48 | Context users@openstack setup() finished in 4.55 sec
2019-07-26 08:06:05.995 1842 INFO rally.task.context [-] Task 23a42665-6f0a-463e-ac38-55a2fee7dd48 | Context api_versions@openstack setup() finished in 0.43 sec
2019-07-26 08:06:05.996 1842 INFO rally.task.context [-] Task 23a42665-6f0a-463e-ac38-55a2fee7dd48 | Context admin_cleanup@openstack setup() finished in 0.01 msec
2019-07-26 08:06:06.003 1842 RALLYDEBUG rally.task.runner [-] Starting the constant runner (task UUID: 23a42665-6f0a-463e-ac38-55a2fee7dd48). timeout: 0 concurrency: 4 concurrency_per_worker: 1 times: 10 concurrency_overhead: 0 processes_to_start: 4 max_cpu_used: 16
2019-07-26 08:06:06.016 5846 RALLYDEBUG rally.task.runner [-] Starting a worker. concurrency: 1 args: {"description": "rally tests creating types"} times: 10 method_name: run timeout: 0 duration: None cls:
2019-07-26 08:06:06.018 5847 RALLYDEBUG rally.task.runner [-] Starting a worker. concurrency: 1 args: {"description": "rally tests creating types"} times: 10 method_name: run timeout: 0 duration: None cls:
2019-07-26 08:06:06.021 5848 RALLYDEBUG rally.task.runner [-] Starting a worker. concurrency: 1 args: {"description": "rally tests creating types"} times: 10 method_name: run timeout: 0 duration: None cls:
2019-07-26 08:06:06.023 5846 INFO rally.task.runner [-] Task 23a42665-6f0a-463e-ac38-55a2fee7dd48 | ITER: 1 START
2019-07-26 08:06:06.025 5849 RALLYDEBUG rally.task.runner [-] Starting a worker. concurrency: 1 args: {"description": "rally tests creating types"} times: 10 method_name: run timeout: 0 duration: None cls:
2019-07-26 08:06:06.026 5847 INFO rally.task.runner [-] Task 23a42665-6f0a-463e-ac38-55a2fee7dd48 | ITER: 2 START
2019-07-26 08:06:06.028 5848 INFO rally.task.runner [-] Task 23a42665-6f0a-463e-ac38-55a2fee7dd48 | ITER: 3 START
2019-07-26 08:06:06.032 5849 INFO rally.task.runner [-] Task 23a42665-6f0a-463e-ac38-55a2fee7dd48 | ITER: 4 START
2019-07-26 08:06:07.033 5847 INFO rally.task.runner [-] Task 23a42665-6f0a-463e-ac38-55a2fee7dd48 | ITER: 2 END: OK
2019-07-26 08:06:07.038 5847 INFO rally.task.runner [-] Task 23a42665-6f0a-463e-ac38-55a2fee7dd48 | ITER: 5 START
2019-07-26 08:06:07.090 5848 INFO rally.task.runner [-] Task 23a42665-6f0a-463e-ac38-55a2fee7dd48 | ITER: 3 END: OK
2019-07-26 08:06:07.094 5848 INFO rally.task.runner [-] Task 23a42665-6f0a-463e-ac38-55a2fee7dd48 | ITER: 6 START
2019-07-26 08:06:07.112 5849 INFO rally.task.runner [-] Task 23a42665-6f0a-463e-ac38-55a2fee7dd48 | ITER: 4 END: OK
2019-07-26 08:06:07.117 5846 INFO rally.task.runner [-] Task 23a42665-6f0a-463e-ac38-55a2fee7dd48 | ITER: 1 END: OK
2019-07-26 08:06:07.117 5849 INFO rally.task.runner [-] Task 23a42665-6f0a-463e-ac38-55a2fee7dd48 | ITER: 7 START
2019-07-26 08:06:07.124 5846 INFO rally.task.runner [-] Task 23a42665-6f0a-463e-ac38-55a2fee7dd48 | ITER: 8 START
2019-07-26 08:06:07.964 5847 INFO rally.task.runner [-] Task 23a42665-6f0a-463e-ac38-55a2fee7dd48 | ITER: 5 END: OK
2019-07-26 08:06:07.969 5847 INFO rally.task.runner [-] Task 23a42665-6f0a-463e-ac38-55a2fee7dd48 | ITER: 9 START
2019-07-26 08:06:08.000 5846 INFO rally.task.runner [-] Task 23a42665-6f0a-463e-ac38-55a2fee7dd48 | ITER: 8 END: OK
2019-07-26 08:06:08.001 5849 INFO rally.task.runner [-] Task 23a42665-6f0a-463e-ac38-55a2fee7dd48 | ITER: 7 END: OK
2019-07-26 08:06:08.005 5846 INFO rally.task.runner [-] Task 23a42665-6f0a-463e-ac38-55a2fee7dd48 | ITER: 10 START
2019-07-26 08:06:08.139 5848 INFO rally.task.runner [-] Task 23a42665-6f0a-463e-ac38-55a2fee7dd48 | ITER: 6 END: OK
2019-07-26 08:06:09.021 5847 INFO rally.task.runner [-] Task 23a42665-6f0a-463e-ac38-55a2fee7dd48 | ITER: 9 END: OK
2019-07-26 08:06:09.094 5846 INFO rally.task.runner [-] Task 23a42665-6f0a-463e-ac38-55a2fee7dd48 | ITER: 10 END: OK
2019-07-26 08:06:09.129 1842 INFO rally.task.context [-] Task 23a42665-6f0a-463e-ac38-55a2fee7dd48 | Context admin_cleanup@openstack cleanup() started
2019-07-26 08:06:09.131 1842 RALLYDEBUG rally_openstack.cleanup.manager [-] Cleaning up cinder volume_types objects
2019-07-26 08:06:09.804 1842 RALLYDEBUG rally_openstack.cleanup.manager [-] Deleting cinder.volume_types object s_rally_66f44798_5xletcyS (607ee577-8a1d-46a7-a291-75e17e46b459)
2019-07-26 08:06:09.809 1842 RALLYDEBUG rally_openstack.cleanup.manager [-] Deleting cinder.volume_types object s_rally_66f44798_OVrwJpJ2 (77ef4345-36fd-4021-89ca-5385eb9dfcba)
2019-07-26 08:06:09.809 1842 RALLYDEBUG rally_openstack.cleanup.manager [-] Deleting cinder.volume_types object s_rally_66f44798_ES4T1s8n (271c483a-db19-469b-87fd-0c06724818c5)
2019-07-26 08:06:09.815 1842 RALLYDEBUG rally_openstack.cleanup.manager [-] Deleting cinder.volume_types object s_rally_66f44798_3Pz2rySg (cef98810-8386-45ee-9411-6d2f1460c5ce)
2019-07-26 08:06:09.821 1842 RALLYDEBUG rally_openstack.cleanup.manager [-] Deleting cinder.volume_types object s_rally_66f44798_8bZe0RR1 (8b9028cb-ceb0-46cc-8cf3-4e6dce7a82b1)
2019-07-26 08:06:09.824 1842 RALLYDEBUG rally_openstack.cleanup.manager [-] Deleting cinder.volume_types object s_rally_66f44798_6fVovr07 (c33fa316-4348-46f5-a48e-5e297c50408f)
2019-07-26 08:06:09.825 1842 RALLYDEBUG rally_openstack.cleanup.manager [-] Deleting cinder.volume_types object s_rally_66f44798_mFSWXUHC (7e8ac223-704a-4137-a47b-c596cdb3e067)
2019-07-26 08:06:09.837 1842 RALLYDEBUG rally_openstack.cleanup.manager [-] Deleting cinder.volume_types object s_rally_66f44798_rXXo0XOx (9b3aa10a-9f7c-453d-b8ca-1ad6be961bbf)
2019-07-26 08:06:09.838 1842 RALLYDEBUG rally_openstack.cleanup.manager [-] Deleting cinder.volume_types object s_rally_66f44798_mddDhiz1 (a9e7df03-2c0f-47a6-90c9-067790283a2a)
2019-07-26 08:06:09.990 1842 RALLYDEBUG rally_openstack.cleanup.manager [-] Deleting cinder.volume_types object s_rally_66f44798_uGjH20yV (dae9af0d-060a-4738-910e-2a50217849a0)
2019-07-26 08:06:12.306 1842 RALLYDEBUG rally_openstack.cleanup.manager [-] Cleaning up cinder image_volumes_cache objects
2019-07-26 08:06:13.272 1842 RALLYDEBUG rally_openstack.cleanup.manager [-] Cleaning up cinder quotas objects
2019-07-26 08:06:14.758 1842 RALLYDEBUG rally_openstack.cleanup.manager [-] Cleaning up cinder qos_specs objects
2019-07-26 08:06:15.406 1842 INFO rally.task.context [-] Task 23a42665-6f0a-463e-ac38-55a2fee7dd48 | Context admin_cleanup@openstack cleanup() finished in 6.28 sec
2019-07-26 08:06:15.406 1842 INFO rally.task.context [-] Task 23a42665-6f0a-463e-ac38-55a2fee7dd48 | Context api_versions@openstack cleanup() started
2019-07-26 08:06:15.406 1842 INFO rally.task.context [-] Task 23a42665-6f0a-463e-ac38-55a2fee7dd48 | Context api_versions@openstack cleanup() finished in 0.29 msec
2019-07-26 08:06:15.407 1842 INFO rally.task.context [-] Task 23a42665-6f0a-463e-ac38-55a2fee7dd48 | Context users@openstack cleanup() started
2019-07-26 08:06:22.271 1842 INFO rally.task.context [-] Task 23a42665-6f0a-463e-ac38-55a2fee7dd48 | Context users@openstack cleanup() finished in 6.86 sec
2019-07-26 08:06:23.118 1842 INFO rally.task.engine [-] Load duration is: 3.066731
2019-07-26 08:06:23.118 1842 INFO rally.task.engine [-] Full runner duration is: 3.126317
2019-07-26 08:06:23.118 1842 INFO rally.task.engine [-] Full duration is: 21.258104
2019-07-26 08:06:23.375 1842 INFO rally.task.engine [-] Running workload: position = 0 config = { "version": 2, "title": "A cropped version of a bigger task.", "description": "Auto-generated task from a single workload (uuid=f1152576-865e-4217-9988-c35681934ceb)", "subtasks": [ { "title": "CinderVolumeTypes.create_and_update_volume_type", "description": "create a volume type, then update the type.", "scenario": { "CinderVolumeTypes.create_and_update_volume_type": { "description": "test", "update_description": "test update" } }, "contexts": { "users": { "tenants": 3, "users_per_tenant": 2 }, "api_versions": { "cinder": { "version": 3, "service_type": "volumev3" } } }, "runner": { "constant": { "concurrency": 4, "times": 10 } }, "hooks": [], "sla": { "failure_rate": { "max": 0 } } } ] }
2019-07-26 08:06:23.396 1842 RALLYDEBUG rally_openstack.contexts.keystone.users [-] Creating 3 tenants using 20 threads
2019-07-26 08:06:25.239 1842 RALLYDEBUG rally_openstack.contexts.keystone.users [-] Creating 6 users using 20 threads
2019-07-26 08:06:27.891 1842 INFO rally.task.context [-] Task 23a42665-6f0a-463e-ac38-55a2fee7dd48 | Context users@openstack setup() finished in 4.50 sec
2019-07-26 08:06:28.317 1842 INFO rally.task.context [-] Task 23a42665-6f0a-463e-ac38-55a2fee7dd48 | Context api_versions@openstack setup() finished in 0.43 sec
2019-07-26 08:06:28.317 1842 INFO rally.task.context [-] Task 23a42665-6f0a-463e-ac38-55a2fee7dd48 | Context admin_cleanup@openstack setup() finished in 0.01 msec
2019-07-26 08:06:28.325 1842 RALLYDEBUG rally.task.runner [-] Starting the constant runner (task UUID: 23a42665-6f0a-463e-ac38-55a2fee7dd48). timeout: 0 concurrency: 4 concurrency_per_worker: 1 times: 10 concurrency_overhead: 0 processes_to_start: 4 max_cpu_used: 16
2019-07-26 08:06:28.338 6030 RALLYDEBUG rally.task.runner [-] Starting a worker. concurrency: 1 args: {"description": "test", "update_description": "test update"} times: 10 method_name: run timeout: 0 duration: None cls:
2019-07-26 08:06:28.340 6031 RALLYDEBUG rally.task.runner [-] Starting a worker. concurrency: 1 args: {"description": "test", "update_description": "test update"} times: 10 method_name: run timeout: 0 duration: None cls:
2019-07-26 08:06:28.343 6032 RALLYDEBUG rally.task.runner [-] Starting a worker. concurrency: 1 args: {"description": "test", "update_description": "test update"} times: 10 method_name: run timeout: 0 duration: None cls:
2019-07-26 08:06:28.346 6030 INFO rally.task.runner [-] Task 23a42665-6f0a-463e-ac38-55a2fee7dd48 | ITER: 1 START
2019-07-26 08:06:28.346 6033 RALLYDEBUG rally.task.runner [-] Starting a worker. concurrency: 1 args: {"description": "test", "update_description": "test update"} times: 10 method_name: run timeout: 0 duration: None cls:
2019-07-26 08:06:28.348 6031 INFO rally.task.runner [-] Task 23a42665-6f0a-463e-ac38-55a2fee7dd48 | ITER: 2 START
2019-07-26 08:06:28.351 6032 INFO rally.task.runner [-] Task 23a42665-6f0a-463e-ac38-55a2fee7dd48 | ITER: 3 START
2019-07-26 08:06:28.354 6033 INFO rally.task.runner [-] Task 23a42665-6f0a-463e-ac38-55a2fee7dd48 | ITER: 4 START
2019-07-26 08:06:28.790 6033 DEBUG cinderclient.v2.client [-] REQ: curl -g -i -X POST http://172.30.9.33:8776/v3/9b037b16f5d5404ba5a02fa2cad35b8e/types -H "Accept: application/json" -H "Content-Type: application/json" -H "User-Agent: python-cinderclient" -H "X-Auth-Token: {SHA1}cc76f3b955dfce091d9e693de79ff8205a59c0cf" -d '{"volume_type": {"os-volume-type-access:is_public": true, "name": "s_rally_f1152576_CasdGj1Q", "description": "test"}}' _http_log_request /usr/lib/python2.7/site-packages/keystoneauth1/session.py:448
2019-07-26 08:06:28.794 6032 DEBUG cinderclient.v2.client [-] REQ: curl -g -i -X POST http://172.30.9.33:8776/v3/9b037b16f5d5404ba5a02fa2cad35b8e/types -H "Accept: application/json" -H "Content-Type: application/json" -H "User-Agent: python-cinderclient" -H "X-Auth-Token: {SHA1}063e99e70ba3d0b8e35ee785fb30ee8cfb7bb55c" -d '{"volume_type": {"os-volume-type-access:is_public": true, "name": "s_rally_f1152576_JssO16Z2", "description": "test"}}' _http_log_request /usr/lib/python2.7/site-packages/keystoneauth1/session.py:448
2019-07-26 08:06:28.809 6030 DEBUG cinderclient.v2.client [-] REQ: curl -g -i -X POST http://172.30.9.33:8776/v3/9b037b16f5d5404ba5a02fa2cad35b8e/types -H "Accept: application/json" -H "Content-Type: application/json" -H "User-Agent: python-cinderclient" -H "X-Auth-Token: {SHA1}66b619fab7cbbe7405e4232562dddf84c2ac0f93" -d '{"volume_type": {"os-volume-type-access:is_public": true, "name": "s_rally_f1152576_SUd4dewz", "description": "test"}}' _http_log_request /usr/lib/python2.7/site-packages/keystoneauth1/session.py:448
2019-07-26 08:06:28.812 6031 DEBUG cinderclient.v2.client [-] REQ: curl -g -i -X POST http://172.30.9.33:8776/v3/9b037b16f5d5404ba5a02fa2cad35b8e/types -H "Accept: application/json" -H "Content-Type: application/json" -H "User-Agent: python-cinderclient" -H "X-Auth-Token: {SHA1}57d15d83be4e5681412d6118c01791f402335273" -d '{"volume_type": {"os-volume-type-access:is_public": true, "name": "s_rally_f1152576_CWBbELt4", "description": "test"}}' _http_log_request /usr/lib/python2.7/site-packages/keystoneauth1/session.py:448
2019-07-26 08:06:29.126 6030 DEBUG cinderclient.v2.client [-] RESP: [200] Content-Encoding: gzip Content-Length: 167 Content-Type: application/json Date: Fri, 26 Jul 2019 08:06:28 GMT OpenStack-API-Version: volume 3.0 Server: Apache Vary: OpenStack-API-Version,Accept-Encoding x-compute-request-id: req-8f9642b5-5f9d-4eb5-b01e-a17a015bcdad x-openstack-request-id: req-8f9642b5-5f9d-4eb5-b01e-a17a015bcdad _http_log_response /usr/lib/python2.7/site-packages/keystoneauth1/session.py:479
2019-07-26 08:06:29.127 6030 DEBUG cinderclient.v2.client [-] RESP BODY: {"volume_type": {"name": "s_rally_f1152576_SUd4dewz", "extra_specs": {}, "os-volume-type-access:is_public": true, "is_public": true, "id": "9a7c370d-556d-449c-a2f2-db40e061f325", "description": "test"}} _http_log_response /usr/lib/python2.7/site-packages/keystoneauth1/session.py:511
2019-07-26 08:06:29.127 6030 DEBUG cinderclient.v2.client [-] POST call to volumev2 for http://172.30.9.33:8776/v3/9b037b16f5d5404ba5a02fa2cad35b8e/types used request id req-8f9642b5-5f9d-4eb5-b01e-a17a015bcdad request /usr/lib/python2.7/site-packages/keystoneauth1/session.py:844
2019-07-26 08:06:29.129 6030 DEBUG cinderclient.v2.client [-] REQ: curl -g -i -X PUT http://172.30.9.33:8776/v3/9b037b16f5d5404ba5a02fa2cad35b8e/types/9a7c370d-556d-449c-a2f2-db40e061f325 -H "Accept: application/json" -H "Content-Type: application/json" -H "User-Agent: python-cinderclient" -H "X-Auth-Token: {SHA1}66b619fab7cbbe7405e4232562dddf84c2ac0f93" -H "X-OpenStack-Request-ID: req-8f9642b5-5f9d-4eb5-b01e-a17a015bcdad" -d '{"volume_type": {"name": "s_rally_f1152576_SUd4dewz", "description": "test update"}}' _http_log_request /usr/lib/python2.7/site-packages/keystoneauth1/session.py:448
2019-07-26 08:06:29.138 6033 DEBUG cinderclient.v2.client [-] RESP: [200] Content-Encoding: gzip Content-Length: 169 Content-Type: application/json Date: Fri, 26 Jul 2019 08:06:28 GMT OpenStack-API-Version: volume 3.0 Server: Apache Vary: OpenStack-API-Version,Accept-Encoding x-compute-request-id: req-1e594e09-62e7-4eac-bf68-fc58e4947a0a x-openstack-request-id: req-1e594e09-62e7-4eac-bf68-fc58e4947a0a _http_log_response /usr/lib/python2.7/site-packages/keystoneauth1/session.py:479
2019-07-26 08:06:29.139 6033 DEBUG cinderclient.v2.client [-] RESP BODY: {"volume_type": {"name": "s_rally_f1152576_CasdGj1Q", "extra_specs": {}, "os-volume-type-access:is_public": true, "is_public": true, "id": "8e445d0c-d31e-49c5-be0d-63f432f6039b", "description": "test"}} _http_log_response /usr/lib/python2.7/site-packages/keystoneauth1/session.py:511
2019-07-26 08:06:29.139 6033 DEBUG cinderclient.v2.client [-] POST call to volumev2 for http://172.30.9.33:8776/v3/9b037b16f5d5404ba5a02fa2cad35b8e/types used request id req-1e594e09-62e7-4eac-bf68-fc58e4947a0a request /usr/lib/python2.7/site-packages/keystoneauth1/session.py:844
2019-07-26 08:06:29.141 6033 DEBUG cinderclient.v2.client [-] REQ: curl -g -i -X PUT http://172.30.9.33:8776/v3/9b037b16f5d5404ba5a02fa2cad35b8e/types/8e445d0c-d31e-49c5-be0d-63f432f6039b -H "Accept: application/json" -H "Content-Type: application/json" -H "User-Agent: python-cinderclient" -H "X-Auth-Token: {SHA1}cc76f3b955dfce091d9e693de79ff8205a59c0cf" -H "X-OpenStack-Request-ID: req-1e594e09-62e7-4eac-bf68-fc58e4947a0a" -d '{"volume_type": {"name": "s_rally_f1152576_CasdGj1Q", "description": "test update"}}' _http_log_request /usr/lib/python2.7/site-packages/keystoneauth1/session.py:448
2019-07-26 08:06:29.177 6032 DEBUG cinderclient.v2.client [-] RESP: [200] Content-Encoding: gzip Content-Length: 168 Content-Type: application/json Date: Fri, 26 Jul 2019 08:06:28 GMT OpenStack-API-Version: volume 3.0 Server: Apache Vary: OpenStack-API-Version,Accept-Encoding x-compute-request-id: req-32a31e2a-af9b-4196-affd-8130c9ee6e12 x-openstack-request-id: req-32a31e2a-af9b-4196-affd-8130c9ee6e12 _http_log_response /usr/lib/python2.7/site-packages/keystoneauth1/session.py:479
2019-07-26 08:06:29.178 6032 DEBUG cinderclient.v2.client [-] RESP BODY: {"volume_type": {"name": "s_rally_f1152576_JssO16Z2", "extra_specs": {}, "os-volume-type-access:is_public": true, "is_public": true, "id": "0296ce09-dc16-4d82-b697-b7e97470fbdb", "description": "test"}} _http_log_response /usr/lib/python2.7/site-packages/keystoneauth1/session.py:511
2019-07-26 08:06:29.179 6032 DEBUG cinderclient.v2.client [-] POST call to volumev2 for http://172.30.9.33:8776/v3/9b037b16f5d5404ba5a02fa2cad35b8e/types used request id req-32a31e2a-af9b-4196-affd-8130c9ee6e12 request /usr/lib/python2.7/site-packages/keystoneauth1/session.py:844
2019-07-26 08:06:29.179 6031 DEBUG cinderclient.v2.client [-] RESP: [200] Content-Encoding: gzip Content-Length: 169 Content-Type: application/json Date: Fri, 26 Jul 2019 08:06:28 GMT OpenStack-API-Version: volume 3.0 Server: Apache Vary: OpenStack-API-Version,Accept-Encoding x-compute-request-id: req-8f384cd6-7c93-4d7f-9c7a-b8fbfb2b0f83 x-openstack-request-id: req-8f384cd6-7c93-4d7f-9c7a-b8fbfb2b0f83 _http_log_response /usr/lib/python2.7/site-packages/keystoneauth1/session.py:479
2019-07-26 08:06:29.179 6031 DEBUG cinderclient.v2.client [-] RESP BODY: {"volume_type": {"name": "s_rally_f1152576_CWBbELt4", "extra_specs": {}, "os-volume-type-access:is_public": true, "is_public": true, "id": "201fb0b6-c911-426e-a499-50f702dcacfc", "description": "test"}} _http_log_response /usr/lib/python2.7/site-packages/keystoneauth1/session.py:511
2019-07-26 08:06:29.180 6031 DEBUG cinderclient.v2.client [-] POST call to volumev2 for http://172.30.9.33:8776/v3/9b037b16f5d5404ba5a02fa2cad35b8e/types used request id req-8f384cd6-7c93-4d7f-9c7a-b8fbfb2b0f83 request /usr/lib/python2.7/site-packages/keystoneauth1/session.py:844
2019-07-26 08:06:29.181 6032 DEBUG cinderclient.v2.client [-] REQ: curl -g -i -X PUT http://172.30.9.33:8776/v3/9b037b16f5d5404ba5a02fa2cad35b8e/types/0296ce09-dc16-4d82-b697-b7e97470fbdb -H "Accept: application/json" -H "Content-Type: application/json" -H "User-Agent: python-cinderclient" -H "X-Auth-Token: {SHA1}063e99e70ba3d0b8e35ee785fb30ee8cfb7bb55c" -H "X-OpenStack-Request-ID: req-32a31e2a-af9b-4196-affd-8130c9ee6e12" -d '{"volume_type": {"name": "s_rally_f1152576_JssO16Z2", "description": "test update"}}' _http_log_request /usr/lib/python2.7/site-packages/keystoneauth1/session.py:448
2019-07-26 08:06:29.182 6031 DEBUG cinderclient.v2.client [-] REQ: curl -g -i -X PUT http://172.30.9.33:8776/v3/9b037b16f5d5404ba5a02fa2cad35b8e/types/201fb0b6-c911-426e-a499-50f702dcacfc -H "Accept: application/json" -H "Content-Type: application/json" -H "User-Agent: python-cinderclient" -H "X-Auth-Token: {SHA1}57d15d83be4e5681412d6118c01791f402335273" -H "X-OpenStack-Request-ID: req-8f384cd6-7c93-4d7f-9c7a-b8fbfb2b0f83" -d '{"volume_type": {"name": "s_rally_f1152576_CWBbELt4", "description": "test update"}}' _http_log_request /usr/lib/python2.7/site-packages/keystoneauth1/session.py:448
2019-07-26 08:06:29.455 6030 DEBUG cinderclient.v2.client [-] RESP: [200] Content-Encoding: gzip Content-Length: 157 Content-Type: application/json Date: Fri, 26 Jul 2019 08:06:29 GMT OpenStack-API-Version: volume 3.0 Server: Apache Vary: OpenStack-API-Version,Accept-Encoding x-compute-request-id: req-e820a80f-0027-4b1e-afe7-159a62b5cfd3 x-openstack-request-id: req-e820a80f-0027-4b1e-afe7-159a62b5cfd3 _http_log_response /usr/lib/python2.7/site-packages/keystoneauth1/session.py:479
2019-07-26 08:06:29.455 6030 DEBUG cinderclient.v2.client [-] RESP BODY: {"volume_type": {"is_public": true, "extra_specs": {}, "id": "9a7c370d-556d-449c-a2f2-db40e061f325", "name": "s_rally_f1152576_SUd4dewz", "description": "test update"}} _http_log_response /usr/lib/python2.7/site-packages/keystoneauth1/session.py:511
2019-07-26 08:06:29.456 6030 DEBUG cinderclient.v2.client [-] PUT call to volumev2 for http://172.30.9.33:8776/v3/9b037b16f5d5404ba5a02fa2cad35b8e/types/9a7c370d-556d-449c-a2f2-db40e061f325 used request id req-e820a80f-0027-4b1e-afe7-159a62b5cfd3 request /usr/lib/python2.7/site-packages/keystoneauth1/session.py:844
2019-07-26 08:06:29.456 6030 INFO rally.task.runner [-] Task 23a42665-6f0a-463e-ac38-55a2fee7dd48 | ITER: 1 END: OK
2019-07-26 08:06:29.462 6030 INFO rally.task.runner [-] Task 23a42665-6f0a-463e-ac38-55a2fee7dd48 | ITER: 5 START
2019-07-26 08:06:29.462 6033 DEBUG cinderclient.v2.client [-] RESP: [200] Content-Encoding: gzip Content-Length: 159 Content-Type: application/json Date: Fri, 26 Jul 2019 08:06:29 GMT OpenStack-API-Version: volume 3.0 Server: Apache Vary: OpenStack-API-Version,Accept-Encoding x-compute-request-id: req-f74c6b1c-77d8-494f-9f7b-a13842bb4954 x-openstack-request-id: req-f74c6b1c-77d8-494f-9f7b-a13842bb4954 _http_log_response /usr/lib/python2.7/site-packages/keystoneauth1/session.py:479
2019-07-26 08:06:29.463 6033 DEBUG cinderclient.v2.client [-] RESP BODY: {"volume_type": {"is_public": true, "extra_specs": {}, "id": "8e445d0c-d31e-49c5-be0d-63f432f6039b", "name": "s_rally_f1152576_CasdGj1Q", "description": "test update"}} _http_log_response /usr/lib/python2.7/site-packages/keystoneauth1/session.py:511
2019-07-26 08:06:29.463 6033 DEBUG cinderclient.v2.client [-] PUT call to volumev2 for http://172.30.9.33:8776/v3/9b037b16f5d5404ba5a02fa2cad35b8e/types/8e445d0c-d31e-49c5-be0d-63f432f6039b used request id req-f74c6b1c-77d8-494f-9f7b-a13842bb4954 request /usr/lib/python2.7/site-packages/keystoneauth1/session.py:844
