2019-07-25 09:18:04.622 23267 WARNING rally_openstack.scenarios.neutron.utils [-] Running this scenario without either the 'network' or 'existing_network' context is deprecated
2019-07-25 09:18:05.569 23287 INFO rally.task.runner [-] Task 16829d42-217c-4d5a-9a10-d8bc0f218b4c | ITER: 20 END: OK
2019-07-25 09:18:05.573 23287 INFO rally.task.runner [-] Task 16829d42-217c-4d5a-9a10-d8bc0f218b4c | ITER: 40 START
2019-07-25 09:18:05.574 23287 WARNING rally_openstack.scenarios.neutron.utils [-] Running this scenario without either the 'network' or 'existing_network' context is deprecated
2019-07-25 09:18:16.531 23261 INFO rally.task.runner [-] Task 16829d42-217c-4d5a-9a10-d8bc0f218b4c | ITER: 25 END: OK
2019-07-25 09:18:16.701 23249 INFO rally.task.runner [-] Task 16829d42-217c-4d5a-9a10-d8bc0f218b4c | ITER: 22 END: OK
2019-07-25 09:18:16.844 23275 INFO rally.task.runner [-] Task 16829d42-217c-4d5a-9a10-d8bc0f218b4c | ITER: 23 END: OK
2019-07-25 09:18:18.391 23272 INFO rally.task.runner [-] Task 16829d42-217c-4d5a-9a10-d8bc0f218b4c | ITER: 21 END: OK
2019-07-25 09:18:18.458 23241 INFO rally.task.runner [-] Task 16829d42-217c-4d5a-9a10-d8bc0f218b4c | ITER: 28 END: OK
2019-07-25 09:18:18.712 23276 INFO rally.task.runner [-] Task 16829d42-217c-4d5a-9a10-d8bc0f218b4c | ITER: 26 END: OK
2019-07-25 09:18:18.800 23240 INFO rally.task.runner [-] Task 16829d42-217c-4d5a-9a10-d8bc0f218b4c | ITER: 24 END: OK
2019-07-25 09:18:18.888 23242 INFO rally.task.runner [-] Task 16829d42-217c-4d5a-9a10-d8bc0f218b4c | ITER: 29 END: OK
2019-07-25 09:18:19.143 23281 INFO rally.task.runner [-] Task 16829d42-217c-4d5a-9a10-d8bc0f218b4c | ITER: 32 END: OK
2019-07-25 09:18:19.458 23243 INFO rally.task.runner [-] Task 16829d42-217c-4d5a-9a10-d8bc0f218b4c | ITER: 33 END: OK
2019-07-25 09:18:19.633 23286 INFO rally.task.runner [-] Task 16829d42-217c-4d5a-9a10-d8bc0f218b4c | ITER: 27 END: OK
2019-07-25 09:18:20.041 23271 INFO rally.task.runner [-] Task 16829d42-217c-4d5a-9a10-d8bc0f218b4c | ITER: 37 END: OK
2019-07-25 09:18:20.275 23257 INFO rally.task.runner [-] Task 16829d42-217c-4d5a-9a10-d8bc0f218b4c | ITER: 30 END: OK
2019-07-25 09:18:20.603 23240 INFO rally.task.runner [-] Task 16829d42-217c-4d5a-9a10-d8bc0f218b4c | ITER: 38 END: OK
2019-07-25 09:18:20.927 23243 INFO rally.task.runner [-] Task 16829d42-217c-4d5a-9a10-d8bc0f218b4c | ITER: 35 END: OK
2019-07-25 09:18:20.968 23242 INFO rally.task.runner [-] Task 16829d42-217c-4d5a-9a10-d8bc0f218b4c | ITER: 34 END: OK
2019-07-25 09:18:21.334 23287 INFO rally.task.runner [-] Task 16829d42-217c-4d5a-9a10-d8bc0f218b4c | ITER: 40 END: OK
2019-07-25 09:18:21.481 23260 INFO rally.task.runner [-] Task 16829d42-217c-4d5a-9a10-d8bc0f218b4c | ITER: 31 END: OK
2019-07-25 09:18:22.459 23241 INFO rally.task.runner [-] Task 16829d42-217c-4d5a-9a10-d8bc0f218b4c | ITER: 36 END: OK
2019-07-25 09:18:22.619 23267 INFO rally.task.runner [-] Task 16829d42-217c-4d5a-9a10-d8bc0f218b4c | ITER: 39 END: OK
2019-07-25 09:18:22.648 18994 INFO rally.task.context [-] Task 16829d42-217c-4d5a-9a10-d8bc0f218b4c | Context cleanup@openstack cleanup() started
2019-07-25 09:18:22.650 18994 RALLYDEBUG rally_openstack.cleanup.manager [-] Cleaning up neutron vip objects
2019-07-25 09:18:23.495 18994 RALLYDEBUG rally_openstack.cleanup.manager [-] Cleaning up neutron health_monitor objects
2019-07-25 09:18:24.159 18994 RALLYDEBUG rally_openstack.cleanup.manager [-] Cleaning up neutron pool objects
2019-07-25 09:18:24.903 18994 RALLYDEBUG rally_openstack.cleanup.manager [-] Cleaning up neutron loadbalancer objects
2019-07-25 09:18:25.550 18994 RALLYDEBUG rally_openstack.cleanup.manager [-] Cleaning up neutron floatingip objects
2019-07-25 09:18:26.224 18994 RALLYDEBUG rally_openstack.cleanup.manager [-] Cleaning up neutron port objects
2019-07-25 09:18:27.124 18994 RALLYDEBUG rally_openstack.cleanup.manager [-] Cleaning up neutron subnet objects
2019-07-25 09:18:27.892 18994 RALLYDEBUG rally_openstack.cleanup.manager [-] Cleaning up neutron network objects
2019-07-25 09:18:28.722 18994 RALLYDEBUG rally_openstack.cleanup.manager [-] Deleting neutron.network object s_rally_dc0ebd45_uR2yi0jM (063977ce-2656-4e8b-81bf-cd4bdb5f3a62)
2019-07-25 09:18:28.728 18994 RALLYDEBUG rally_openstack.cleanup.manager [-] Deleting neutron.network object s_rally_dc0ebd45_RngMC8NG (0ebb4b86-5174-43e2-9896-09f77447c34f)
2019-07-25 09:18:28.737 18994 RALLYDEBUG rally_openstack.cleanup.manager [-] Deleting neutron.network object s_rally_dc0ebd45_VrgdXumo (126cfb3a-d604-464f-a914-fe10792699df)
2019-07-25 09:18:28.742 18994 RALLYDEBUG rally_openstack.cleanup.manager [-] Deleting neutron.network object s_rally_dc0ebd45_1aSorzkC (129ecea7-8962-40e4-b541-1ab351e2b77e)
2019-07-25 09:18:28.755 18994 RALLYDEBUG rally_openstack.cleanup.manager [-] Deleting neutron.network object s_rally_dc0ebd45_U87QoXU7 (2450178e-1764-4956-a4c9-c8d67807f78b)
2019-07-25 09:18:28.755 18994 RALLYDEBUG rally_openstack.cleanup.manager [-] Deleting neutron.network object s_rally_dc0ebd45_rdQUjoXG (1deffc78-ea30-4189-88bf-85d10dafd7b3)
2019-07-25 09:18:28.763 18994 RALLYDEBUG rally_openstack.cleanup.manager [-] Deleting neutron.network object s_rally_dc0ebd45_AAKsg9ke (2698026d-74c8-4fba-b208-9cbdc4c8525d)
2019-07-25 09:18:28.775 18994 RALLYDEBUG rally_openstack.cleanup.manager [-] Deleting neutron.network object s_rally_dc0ebd45_ZHaEzxsQ (2c8efef1-a51f-4237-bb0b-3a7c6b4fb0ed)
2019-07-25 09:18:28.783 18994 RALLYDEBUG rally_openstack.cleanup.manager [-] Deleting neutron.network object s_rally_dc0ebd45_7hMAZ9uc (3d4fb4ae-14e4-4533-92dc-37825265c042)
2019-07-25 09:18:28.789 18994 RALLYDEBUG rally_openstack.cleanup.manager [-] Deleting neutron.network object s_rally_dc0ebd45_9hxCZ058 (42ce18e1-445b-4d52-8d6c-ecedc0a2a3c2)
2019-07-25 09:18:28.800 18994 RALLYDEBUG rally_openstack.cleanup.manager [-] Deleting neutron.network object s_rally_dc0ebd45_AJpHSt1Y (464682f9-eb76-4df3-9d93-06ccad9c38c8)
2019-07-25 09:18:28.821 18994 RALLYDEBUG rally_openstack.cleanup.manager [-] Deleting neutron.network object s_rally_dc0ebd45_1bdZ9wBB (475b3ad2-0441-41e2-9ac9-dbaa2cd32633)
2019-07-25 09:18:28.832 18994 RALLYDEBUG rally_openstack.cleanup.manager [-] Deleting neutron.network object s_rally_dc0ebd45_GUnr3Ojj (5108e1a8-8fbd-4c7a-afc2-fe9c08ae07bf)
2019-07-25 09:18:28.839 18994 RALLYDEBUG rally_openstack.cleanup.manager [-] Deleting neutron.network object s_rally_dc0ebd45_IZLX5mA0 (6cea5fe3-c2e5-42dc-861c-97de2fef624e)
2019-07-25 09:18:28.844 18994 RALLYDEBUG rally_openstack.cleanup.manager [-] Deleting neutron.network object s_rally_dc0ebd45_cMH0hEWf (7a15631c-8fbd-4056-966b-d70fd0174b2a)
2019-07-25 09:18:28.844 18994 RALLYDEBUG rally_openstack.cleanup.manager [-] Deleting neutron.network object s_rally_dc0ebd45_dC4q0WTs (7aed125e-aa88-4841-9b06-86afa6d3267c)
2019-07-25 09:18:28.867 18994 RALLYDEBUG rally_openstack.cleanup.manager [-] Deleting neutron.network object s_rally_dc0ebd45_ILcEPihF (819dcd53-88be-4e4c-b753-cd7272329928)
2019-07-25 09:18:28.874 18994 RALLYDEBUG rally_openstack.cleanup.manager [-] Deleting neutron.network object s_rally_dc0ebd45_ZaywNPgK (82eb06c9-daf6-4843-93dc-65e5d250d4cf)
2019-07-25 09:18:28.894 18994 RALLYDEBUG rally_openstack.cleanup.manager [-] Deleting neutron.network object s_rally_dc0ebd45_zZ5kVhQy (87b012e8-5ead-49d2-acff-f7a3be97d665)
2019-07-25 09:18:28.904 18994 RALLYDEBUG rally_openstack.cleanup.manager [-] Deleting neutron.network object s_rally_dc0ebd45_50C8reTX (89e001fa-54b2-4576-b872-12f16d6457da)
2019-07-25 09:18:32.108 18994 RALLYDEBUG rally_openstack.cleanup.manager [-] Deleting neutron.network object s_rally_dc0ebd45_eIT7ThFq (94d4eb26-a689-4d2f-9bfb-712a78672820)
2019-07-25 09:18:32.145 18994 RALLYDEBUG rally_openstack.cleanup.manager [-] Deleting neutron.network object s_rally_dc0ebd45_RJ2mRpnk (98183063-0be9-4155-92c6-709e05bdcadc)
2019-07-25 09:18:32.397 18994 RALLYDEBUG rally_openstack.cleanup.manager [-] Deleting neutron.network object s_rally_dc0ebd45_r0zRx4Cm (9c6cbc22-7ac7-4f70-811f-6ad6bef6f88f)
2019-07-25 09:18:32.454 18994 RALLYDEBUG rally_openstack.cleanup.manager [-] Deleting neutron.network object s_rally_dc0ebd45_WZ22mHzB (a7c53bba-e9d8-44c8-b119-ae0ee68e93d9)
2019-07-25 09:18:32.554 18994 RALLYDEBUG rally_openstack.cleanup.manager [-] Deleting neutron.network object s_rally_dc0ebd45_qLhsewIr (abf41b9a-2ce0-4f54-b117-2424948c41ac)
2019-07-25 09:18:32.568 18994 RALLYDEBUG rally_openstack.cleanup.manager [-] Deleting neutron.network object s_rally_dc0ebd45_LhWIOAXa (acae9b60-660c-47fa-8204-177733f4dea5)
2019-07-25 09:18:33.228 18994 RALLYDEBUG rally_openstack.cleanup.manager [-] Deleting neutron.network object s_rally_dc0ebd45_1bJ2Y7X5 (b31d2f8e-1447-4ffd-ba87-144e8d55fc59)
2019-07-25 09:18:33.362 18994 RALLYDEBUG rally_openstack.cleanup.manager [-] Deleting neutron.network object s_rally_dc0ebd45_bzpUHkjL (b592d947-3e72-43c8-ae69-7e43dfd8a0af)
2019-07-25 09:18:33.374 18994 RALLYDEBUG rally_openstack.cleanup.manager [-] Deleting neutron.network object s_rally_dc0ebd45_iShMZp67 (b829cad5-7575-47b4-8a69-0cf1ed0c26f7)
2019-07-25 09:18:33.653 18994 RALLYDEBUG rally_openstack.cleanup.manager [-] Deleting neutron.network object s_rally_dc0ebd45_SFtfqqaW (c266bf75-8969-4ea0-b8f9-d9f5940a73ff)
2019-07-25 09:18:33.658 18994 RALLYDEBUG rally_openstack.cleanup.manager [-] Deleting neutron.network object s_rally_dc0ebd45_kpHtN2G6 (c950c5d1-0f43-47b5-9a0b-b4f8e66e8880)
2019-07-25 09:18:33.669 18994 RALLYDEBUG rally_openstack.cleanup.manager [-] Deleting neutron.network object s_rally_dc0ebd45_0faPu8BO (ca617cc3-8fce-43a0-a14e-207394b672aa)
2019-07-25 09:18:33.669 18994 RALLYDEBUG rally_openstack.cleanup.manager [-] Deleting neutron.network object s_rally_dc0ebd45_oJTcVV26 (ce837fdb-e4fd-415c-85b0-c2342d097a9f)
2019-07-25 09:18:33.706 18994 RALLYDEBUG rally_openstack.cleanup.manager [-] Deleting neutron.network object s_rally_dc0ebd45_bJFFv0r5 (d25b5e64-54bf-4563-9e6a-ed408054a466)
2019-07-25 09:18:33.709 18994 RALLYDEBUG rally_openstack.cleanup.manager [-] Deleting neutron.network object s_rally_dc0ebd45_1UpMW4Rf (db80d7bd-c8fe-48f6-8e41-2294d50b72d7)
2019-07-25 09:18:33.741 18994 RALLYDEBUG rally_openstack.cleanup.manager [-] Deleting neutron.network object s_rally_dc0ebd45_H3HQRtBz (dd3200cc-6122-453b-bb1e-1162af155a03)
2019-07-25 09:18:33.744 18994 RALLYDEBUG rally_openstack.cleanup.manager [-] Deleting neutron.network object s_rally_dc0ebd45_wwcjFVYC (e435525e-a065-43df-b2bf-f8f0ee091b88)
2019-07-25 09:18:33.829 18994 RALLYDEBUG rally_openstack.cleanup.manager [-] Deleting neutron.network object s_rally_dc0ebd45_VXRg8NLg (e8960a50-f215-4317-86c2-cbd7d0b98312)
2019-07-25 09:18:33.835 18994 RALLYDEBUG rally_openstack.cleanup.manager [-] Deleting neutron.network object s_rally_dc0ebd45_XwNI8MkB (e9ef4bbf-2966-468d-ba77-f7650db5068c)
2019-07-25 09:18:33.850 18994 RALLYDEBUG rally_openstack.cleanup.manager [-] Deleting neutron.network object s_rally_dc0ebd45_8N7V1ZuP (f9e3beca-33a5-43c8-8881-c36640079dd5)
2019-07-25 09:18:38.749 18994 RALLYDEBUG rally_openstack.cleanup.manager [-] Cleaning up neutron router objects
2019-07-25 09:18:39.551 18994 RALLYDEBUG rally_openstack.cleanup.manager [-] Cleaning up neutron security_group objects
2019-07-25 09:18:40.283 18994 INFO rally.task.context [-] Task 16829d42-217c-4d5a-9a10-d8bc0f218b4c | Context cleanup@openstack cleanup() finished in 17.64 sec
2019-07-25 09:18:40.284 18994 INFO rally.task.context [-] Task 16829d42-217c-4d5a-9a10-d8bc0f218b4c | Context quotas@openstack cleanup() started
2019-07-25 09:18:40.625 18994 INFO rally.task.context [-] Task 16829d42-217c-4d5a-9a10-d8bc0f218b4c | Context quotas@openstack cleanup() finished in 0.34 sec
2019-07-25 09:18:40.625 18994 INFO rally.task.context [-] Task 16829d42-217c-4d5a-9a10-d8bc0f218b4c | Context users@openstack cleanup() started
2019-07-25 09:18:46.112 18994 INFO rally.task.context [-] Task 16829d42-217c-4d5a-9a10-d8bc0f218b4c | Context users@openstack cleanup() finished in 5.49 sec
2019-07-25 09:18:46.302 18994 INFO rally.task.engine [-] Load duration is: 38.837522
2019-07-25 09:18:46.302 18994 INFO rally.task.engine [-] Full runner duration is: 38.891247
2019-07-25 09:18:46.302 18994 INFO rally.task.engine [-] Full duration is: 68.062923
2019-07-25 09:18:46.601 18994 INFO rally.task.engine [-] Running workload: position = 0 config = { "version": 2, "title": "A cropped version of a bigger task.", "description": "Auto-generated task from a single workload (uuid=bbc74f79-fa28-44ea-9f82-c982cafd00bb)", "subtasks": [ { "title": "Quotas.neutron_update", "description": "Update quotas for neutron.", "scenario": { "Quotas.neutron_update": { "max_quota": 1024 } }, "contexts": { "users": { "tenants": 20, "users_per_tenant": 1 } }, "runner": { "constant": { "times": 40, "concurrency": 20 } }, "hooks": [], "sla": { "failure_rate": { "max": 0 } } } ] }
2019-07-25 09:18:46.615 18994 RALLYDEBUG rally_openstack.contexts.keystone.users [-] Creating 20 tenants using 20 threads
2019-07-25 09:18:49.244 18994 RALLYDEBUG rally_openstack.contexts.keystone.users [-] Creating 20 users using 20 threads
2019-07-25 09:18:52.773 18994 INFO rally.task.context [-] Task 16829d42-217c-4d5a-9a10-d8bc0f218b4c | Context users@openstack setup() finished in 6.16 sec
2019-07-25 09:18:52.773 18994 INFO rally.task.context [-] Task 16829d42-217c-4d5a-9a10-d8bc0f218b4c | Context admin_cleanup@openstack setup() finished in 0.01 msec
2019-07-25 09:18:52.780 18994 RALLYDEBUG rally.task.runner [-] Starting the constant runner (task UUID: 16829d42-217c-4d5a-9a10-d8bc0f218b4c). timeout: 0 concurrency: 20 concurrency_per_worker: 1 times: 40 concurrency_overhead: 4 processes_to_start: 16 max_cpu_used: 16
2019-07-25 09:18:52.794 23610 RALLYDEBUG rally.task.runner [-] Starting a worker. concurrency: 2 args: {"max_quota": 1024} times: 40 method_name: run timeout: 0 duration: None cls:
2019-07-25 09:18:52.795 23611 RALLYDEBUG rally.task.runner [-] Starting a worker. concurrency: 2 args: {"max_quota": 1024} times: 40 method_name: run timeout: 0 duration: None cls:
2019-07-25 09:18:52.798 23612 RALLYDEBUG rally.task.runner [-] Starting a worker. concurrency: 2 args: {"max_quota": 1024} times: 40 method_name: run timeout: 0 duration: None cls:
2019-07-25 09:18:52.801 23613 RALLYDEBUG rally.task.runner [-] Starting a worker. concurrency: 2 args: {"max_quota": 1024} times: 40 method_name: run timeout: 0 duration: None cls:
2019-07-25 09:18:52.806 23614 RALLYDEBUG rally.task.runner [-] Starting a worker. concurrency: 1 args: {"max_quota": 1024} times: 40 method_name: run timeout: 0 duration: None cls:
2019-07-25 09:18:52.807 23610 INFO rally.task.runner [-] Task 16829d42-217c-4d5a-9a10-d8bc0f218b4c | ITER: 1 START
2019-07-25 09:18:52.810 23612 INFO rally.task.runner [-] Task 16829d42-217c-4d5a-9a10-d8bc0f218b4c | ITER: 3 START
2019-07-25 09:18:52.809 23615 RALLYDEBUG rally.task.runner [-] Starting a worker. concurrency: 1 args: {"max_quota": 1024} times: 40 method_name: run timeout: 0 duration: None cls:
2019-07-25 09:18:52.810 23617 RALLYDEBUG rally.task.runner [-] Starting a worker. concurrency: 1 args: {"max_quota": 1024} times: 40 method_name: run timeout: 0 duration: None cls:
2019-07-25 09:18:52.811 23611 INFO rally.task.runner [-] Task 16829d42-217c-4d5a-9a10-d8bc0f218b4c | ITER: 2 START
2019-07-25 09:18:52.815 23621 RALLYDEBUG rally.task.runner [-] Starting a worker. concurrency: 1 args: {"max_quota": 1024} times: 40 method_name: run timeout: 0 duration: None cls:
2019-07-25 09:18:52.817 23610 INFO rally.task.runner [-] Task 16829d42-217c-4d5a-9a10-d8bc0f218b4c | ITER: 5 START
2019-07-25 09:18:52.812 23611 INFO rally.task.runner [-] Task 16829d42-217c-4d5a-9a10-d8bc0f218b4c | ITER: 6 START
2019-07-25 09:18:52.820 23613 INFO rally.task.runner [-] Task 16829d42-217c-4d5a-9a10-d8bc0f218b4c | ITER: 4 START
2019-07-25 09:18:52.820 23614 INFO rally.task.runner [-] Task 16829d42-217c-4d5a-9a10-d8bc0f218b4c | ITER: 7 START
2019-07-25 09:18:52.823 23612 INFO rally.task.runner [-] Task 16829d42-217c-4d5a-9a10-d8bc0f218b4c | ITER: 11 START
2019-07-25 09:18:52.825 23615 INFO rally.task.runner [-] Task 16829d42-217c-4d5a-9a10-d8bc0f218b4c | ITER: 9 START
2019-07-25 09:18:52.825 23635 RALLYDEBUG rally.task.runner [-] Starting a worker. concurrency: 1 args: {"max_quota": 1024} times: 40 method_name: run timeout: 0 duration: None cls:
2019-07-25 09:18:52.826 23613 INFO rally.task.runner [-] Task 16829d42-217c-4d5a-9a10-d8bc0f218b4c | ITER: 8 START
2019-07-25 09:18:52.827 23621 INFO rally.task.runner [-] Task 16829d42-217c-4d5a-9a10-d8bc0f218b4c | ITER: 12 START
2019-07-25 09:18:52.829 23639 RALLYDEBUG rally.task.runner [-] Starting a worker. concurrency: 1 args: {"max_quota": 1024} times: 40 method_name: run timeout: 0 duration: None cls:
2019-07-25 09:18:52.830 23629 RALLYDEBUG rally.task.runner [-] Starting a worker. concurrency: 1 args: {"max_quota": 1024} times: 40 method_name: run timeout: 0 duration: None cls:
2019-07-25 09:18:52.831 23626 RALLYDEBUG rally.task.runner [-] Starting a worker. concurrency: 1 args: {"max_quota": 1024} times: 40 method_name: run timeout: 0 duration: None cls:
2019-07-25 09:18:52.837 23635 INFO rally.task.runner [-] Task 16829d42-217c-4d5a-9a10-d8bc0f218b4c | ITER: 13 START
2019-07-25 09:18:52.839 23617 INFO rally.task.runner [-] Task 16829d42-217c-4d5a-9a10-d8bc0f218b4c | ITER: 10 START
2019-07-25 09:18:52.841 23642 RALLYDEBUG rally.task.runner [-] Starting a worker. concurrency: 1 args: {"max_quota": 1024} times: 40 method_name: run timeout: 0 duration: None cls:
2019-07-25 09:18:52.843 23639 INFO rally.task.runner [-] Task 16829d42-217c-4d5a-9a10-d8bc0f218b4c | ITER: 14 START
2019-07-25 09:18:52.847 23644 RALLYDEBUG rally.task.runner [-] Starting a worker. concurrency: 1 args: {"max_quota": 1024} times: 40 method_name: run timeout: 0 duration: None cls:
2019-07-25 09:18:52.848 23629 INFO rally.task.runner [-] Task 16829d42-217c-4d5a-9a10-d8bc0f218b4c | ITER: 15 START
2019-07-25 09:18:52.848 23626 INFO rally.task.runner [-] Task 16829d42-217c-4d5a-9a10-d8bc0f218b4c | ITER: 16 START
2019-07-25 09:18:52.857 23642 INFO rally.task.runner [-] Task 16829d42-217c-4d5a-9a10-d8bc0f218b4c | ITER: 17 START
2019-07-25 09:18:52.857 23649 RALLYDEBUG rally.task.runner [-] Starting a worker. concurrency: 1 args: {"max_quota": 1024} times: 40 method_name: run timeout: 0 duration: None cls:
2019-07-25 09:18:52.858 23644 INFO rally.task.runner [-] Task 16829d42-217c-4d5a-9a10-d8bc0f218b4c | ITER: 18 START
2019-07-25 09:18:52.860 23648 RALLYDEBUG rally.task.runner [-] Starting a worker. concurrency: 1 args: {"max_quota": 1024} times: 40 method_name: run timeout: 0 duration: None cls:
2019-07-25 09:18:52.864 23649 INFO rally.task.runner [-] Task 16829d42-217c-4d5a-9a10-d8bc0f218b4c | ITER: 19 START
2019-07-25 09:18:52.870 23648 INFO rally.task.runner [-] Task 16829d42-217c-4d5a-9a10-d8bc0f218b4c | ITER: 20 START
2019-07-25 09:18:55.096 23615 INFO rally.task.runner [-] Task 16829d42-217c-4d5a-9a10-d8bc0f218b4c | ITER: 9 END: OK
2019-07-25 09:18:55.102 23615 INFO rally.task.runner [-] Task 16829d42-217c-4d5a-9a10-d8bc0f218b4c | ITER: 21 START
2019-07-25 09:18:55.582 23639 INFO rally.task.runner [-] Task 16829d42-217c-4d5a-9a10-d8bc0f218b4c | ITER: 14 END: OK
2019-07-25 09:18:55.586 23639 INFO rally.task.runner [-] Task 16829d42-217c-4d5a-9a10-d8bc0f218b4c | ITER: 22 START
2019-07-25 09:18:55.614 23612 INFO rally.task.runner [-] Task 16829d42-217c-4d5a-9a10-d8bc0f218b4c | ITER: 3 END: OK
2019-07-25 09:18:55.620 23612 INFO rally.task.runner [-] Task 16829d42-217c-4d5a-9a10-d8bc0f218b4c | ITER: 23 START
2019-07-25 09:18:55.703 23612 INFO rally.task.runner [-] Task 16829d42-217c-4d5a-9a10-d8bc0f218b4c | ITER: 11 END: OK
2019-07-25 09:18:55.709 23612 INFO rally.task.runner [-] Task 16829d42-217c-4d5a-9a10-d8bc0f218b4c | ITER: 24 START
2019-07-25 09:18:55.756 23613 INFO rally.task.runner [-] Task 16829d42-217c-4d5a-9a10-d8bc0f218b4c | ITER: 4 END: OK
2019-07-25 09:18:55.760 23613 INFO rally.task.runner [-] Task 16829d42-217c-4d5a-9a10-d8bc0f218b4c | ITER: 25 START
2019-07-25 09:18:55.792 23611 INFO rally.task.runner [-] Task 16829d42-217c-4d5a-9a10-d8bc0f218b4c | ITER: 2 END: OK
2019-07-25 09:18:55.798 23611 INFO rally.task.runner [-] Task 16829d42-217c-4d5a-9a10-d8bc0f218b4c | ITER: 26 START
2019-07-25 09:18:55.830 23611 INFO rally.task.runner [-] Task 16829d42-217c-4d5a-9a10-d8bc0f218b4c | ITER: 6 END: OK
2019-07-25 09:18:55.836 23611 INFO rally.task.runner [-] Task 16829d42-217c-4d5a-9a10-d8bc0f218b4c | ITER: 27 START
2019-07-25 09:18:55.865 23610 INFO rally.task.runner [-] Task 16829d42-217c-4d5a-9a10-d8bc0f218b4c | ITER: 5 END: OK
2019-07-25 09:18:55.869 23610 INFO rally.task.runner [-] Task 16829d42-217c-4d5a-9a10-d8bc0f218b4c | ITER: 28 START
2019-07-25 09:18:55.915 23644 INFO rally.task.runner [-] Task 16829d42-217c-4d5a-9a10-d8bc0f218b4c | ITER: 18 END: OK
2019-07-25 09:18:55.921 23644 INFO rally.task.runner [-] Task 16829d42-217c-4d5a-9a10-d8bc0f218b4c | ITER: 29 START
2019-07-25 09:18:55.926 23626 INFO rally.task.runner [-] Task 16829d42-217c-4d5a-9a10-d8bc0f218b4c | ITER: 16 END: OK
2019-07-25 09:18:55.929 23626 INFO rally.task.runner [-] Task 16829d42-217c-4d5a-9a10-d8bc0f218b4c | ITER: 30 START
2019-07-25 09:18:55.939 23621 INFO rally.task.runner [-] Task 16829d42-217c-4d5a-9a10-d8bc0f218b4c | ITER: 12 END: OK
2019-07-25 09:18:55.945 23621 INFO rally.task.runner [-] Task 16829d42-217c-4d5a-9a10-d8bc0f218b4c | ITER: 31 START
2019-07-25 09:18:55.947 23610 INFO rally.task.runner [-] Task 16829d42-217c-4d5a-9a10-d8bc0f218b4c | ITER: 1 END: OK
2019-07-25 09:18:55.952 23610 INFO rally.task.runner [-] Task 16829d42-217c-4d5a-9a10-d8bc0f218b4c | ITER: 32 START
2019-07-25 09:18:55.959 23648 INFO rally.task.runner [-] Task 16829d42-217c-4d5a-9a10-d8bc0f218b4c | ITER: 20 END: OK
2019-07-25 09:18:55.965 23648 INFO rally.task.runner [-] Task 16829d42-217c-4d5a-9a10-d8bc0f218b4c | ITER: 33 START
2019-07-25 09:18:55.972 23649 INFO rally.task.runner [-] Task 16829d42-217c-4d5a-9a10-d8bc0f218b4c | ITER: 19 END: OK
2019-07-25 09:18:55.977 23649 INFO rally.task.runner [-] Task 16829d42-217c-4d5a-9a10-d8bc0f218b4c | ITER: 34 START
2019-07-25 09:18:55.995 23613 INFO rally.task.runner [-] Task 16829d42-217c-4d5a-9a10-d8bc0f218b4c | ITER: 8 END: OK
2019-07-25 09:18:55.999 23613 INFO rally.task.runner [-] Task 16829d42-217c-4d5a-9a10-d8bc0f218b4c | ITER: 35 START
2019-07-25 09:18:56.007 23642 INFO rally.task.runner [-] Task 16829d42-217c-4d5a-9a10-d8bc0f218b4c | ITER: 17 END: OK
2019-07-25 09:18:56.012 23642 INFO rally.task.runner [-] Task 16829d42-217c-4d5a-9a10-d8bc0f218b4c | ITER: 36 START
2019-07-25 09:18:56.023 23614 INFO rally.task.runner [-] Task 16829d42-217c-4d5a-9a10-d8bc0f218b4c | ITER: 7 END: OK
2019-07-25 09:18:56.027 23614 INFO rally.task.runner [-] Task 16829d42-217c-4d5a-9a10-d8bc0f218b4c | ITER: 37 START
2019-07-25 09:18:56.049 23629 INFO rally.task.runner [-] Task 16829d42-217c-4d5a-9a10-d8bc0f218b4c | ITER: 15 END: OK
2019-07-25 09:18:56.052 23629 INFO rally.task.runner [-] Task 16829d42-217c-4d5a-9a10-d8bc0f218b4c | ITER: 38 START
2019-07-25 09:18:56.056 23635 INFO rally.task.runner [-] Task 16829d42-217c-4d5a-9a10-d8bc0f218b4c | ITER: 13 END: OK
2019-07-25 09:18:56.060 23635 INFO rally.task.runner [-] Task 16829d42-217c-4d5a-9a10-d8bc0f218b4c | ITER: 39 START
2019-07-25 09:18:56.072 23617 INFO rally.task.runner [-] Task 16829d42-217c-4d5a-9a10-d8bc0f218b4c | ITER: 10 END: OK
2019-07-25 09:18:56.077 23617 INFO rally.task.runner [-] Task 16829d42-217c-4d5a-9a10-d8bc0f218b4c | ITER: 40 START
2019-07-25 09:18:56.192 23615 INFO rally.task.runner [-] Task 16829d42-217c-4d5a-9a10-d8bc0f218b4c | ITER: 21 END: OK
2019-07-25 09:18:56.691 23639 INFO rally.task.runner [-] Task 16829d42-217c-4d5a-9a10-d8bc0f218b4c | ITER: 22 END: OK
2019-07-25 09:18:56.977 23612 INFO rally.task.runner [-] Task 16829d42-217c-4d5a-9a10-d8bc0f218b4c | ITER: 24 END: OK
2019-07-25 09:18:57.200 23612 INFO rally.task.runner [-] Task 16829d42-217c-4d5a-9a10-d8bc0f218b4c | ITER: 23 END: OK
2019-07-25 09:18:57.367 23611 INFO rally.task.runner [-] Task 16829d42-217c-4d5a-9a10-d8bc0f218b4c | ITER: 26 END: OK
2019-07-25 09:18:57.434 23613 INFO rally.task.runner [-] Task 16829d42-217c-4d5a-9a10-d8bc0f218b4c | ITER: 25 END: OK
2019-07-25 09:18:57.618 23610 INFO rally.task.runner [-] Task 16829d42-217c-4d5a-9a10-d8bc0f218b4c | ITER: 28 END: OK
2019-07-25 09:18:57.764 23626 INFO rally.task.runner [-] Task 16829d42-217c-4d5a-9a10-d8bc0f218b4c | ITER: 30 END: OK
2019-07-25 09:18:57.836 23611 INFO rally.task.runner [-] Task 16829d42-217c-4d5a-9a10-d8bc0f218b4c | ITER: 27 END: OK
2019-07-25 09:18:57.859 23644 INFO rally.task.runner [-] Task 16829d42-217c-4d5a-9a10-d8bc0f218b4c | ITER: 29 END: OK
2019-07-25 09:18:57.906 23621 INFO rally.task.runner [-] Task 16829d42-217c-4d5a-9a10-d8bc0f218b4c | ITER: 31 END: OK
2019-07-25 09:18:57.931 23648 INFO rally.task.runner [-] Task 16829d42-217c-4d5a-9a10-d8bc0f218b4c | ITER: 33 END: OK
2019-07-25 09:18:57.942 23642 INFO rally.task.runner [-] Task 16829d42-217c-4d5a-9a10-d8bc0f218b4c | ITER: 36 END: OK
2019-07-25 09:18:58.029 23629 INFO rally.task.runner [-] Task 16829d42-217c-4d5a-9a10-d8bc0f218b4c | ITER: 38 END: OK
2019-07-25 09:18:58.050 23613 INFO rally.task.runner [-] Task 16829d42-217c-4d5a-9a10-d8bc0f218b4c | ITER: 35 END: OK
2019-07-25 09:18:58.063 23610 INFO rally.task.runner [-] Task 16829d42-217c-4d5a-9a10-d8bc0f218b4c | ITER: 32 END: OK
2019-07-25 09:18:58.075 23649 INFO rally.task.runner [-] Task 16829d42-217c-4d5a-9a10-d8bc0f218b4c | ITER: 34 END: OK
2019-07-25 09:18:58.110 23635 INFO rally.task.runner [-] Task 16829d42-217c-4d5a-9a10-d8bc0f218b4c | ITER: 39 END: OK
2019-07-25 09:18:58.134 23614 INFO rally.task.runner [-] Task 16829d42-217c-4d5a-9a10-d8bc0f218b4c | ITER: 37 END: OK
2019-07-25 09:18:58.157 23617 INFO rally.task.runner [-] Task 16829d42-217c-4d5a-9a10-d8bc0f218b4c | ITER: 40 END: OK
2019-07-25 09:18:58.184 18994 INFO rally.task.context [-] Task 16829d42-217c-4d5a-9a10-d8bc0f218b4c | Context admin_cleanup@openstack cleanup() started
2019-07-25 09:18:58.186 18994 RALLYDEBUG rally_openstack.cleanup.manager [-] Cleaning up neutron quota objects
2019-07-25 09:19:02.736 18994 INFO rally.task.context [-] Task 16829d42-217c-4d5a-9a10-d8bc0f218b4c | Context admin_cleanup@openstack cleanup() finished in 4.55 sec
2019-07-25 09:19:02.736 18994 INFO rally.task.context [-] Task 16829d42-217c-4d5a-9a10-d8bc0f218b4c | Context users@openstack cleanup() started
2019-07-25 09:19:35.698 18994 INFO rally.task.context [-] Task 16829d42-217c-4d5a-9a10-d8bc0f218b4c | Context users@openstack cleanup() finished in 32.96 sec
2019-07-25 09:19:36.859 18994 INFO rally.task.engine [-] Load duration is: 5.347868
2019-07-25 09:19:36.860 18994 INFO rally.task.engine [-] Full runner duration is: 5.403854
2019-07-25 09:19:36.860 18994 INFO rally.task.engine [-] Full duration is: 49.085376
2019-07-25 09:19:37.147 18994 INFO rally.task.engine [-] Running workload: position = 0 config = { "version": 2, "title": "A cropped version of a bigger task.", "description": "Auto-generated task from a single workload (uuid=9f9a13c3-9005-48ff-861b-8140969babfc)", "subtasks": [ { "title": "NeutronTrunks.create_and_list_trunk_subports", "description": "", "scenario": { "NeutronTrunks.create_and_list_trunk_subports": { "subport_count": 125 } }, "contexts": { "users": { "tenants": 1, "users_per_tenant": 1 }, "quotas": { "neutron": { "network": -1, "port": 1000 } } }, "runner": { "constant": { "times": 4, "concurrency": 4 } }, "hooks": [], "sla": { "failure_rate": { "max": 0 } } } ] }
2019-07-25 09:19:37.169 18994 RALLYDEBUG rally_openstack.contexts.keystone.users [-] Creating 1 tenants using 20 threads
2019-07-25 09:19:38.933 18994 RALLYDEBUG rally_openstack.contexts.keystone.users [-] Creating 1 users using 20 threads
2019-07-25 09:19:41.645 18994 INFO rally.task.context [-] Task 16829d42-217c-4d5a-9a10-d8bc0f218b4c | Context users@openstack setup() finished in 4.48 sec
2019-07-25 09:19:42.433 18994 INFO rally.task.context [-] Task 16829d42-217c-4d5a-9a10-d8bc0f218b4c | Context quotas@openstack setup() finished in 0.79 sec
2019-07-25 09:19:42.433 18994 INFO rally.task.context [-] Task 16829d42-217c-4d5a-9a10-d8bc0f218b4c | Context cleanup@openstack setup() finished in 0.00 msec
2019-07-25 09:19:42.442 18994 RALLYDEBUG rally.task.runner [-] Starting the constant runner (task UUID: 16829d42-217c-4d5a-9a10-d8bc0f218b4c). timeout: 0 concurrency: 4 concurrency_per_worker: 1 times: 4 concurrency_overhead: 0 processes_to_start: 4 max_cpu_used: 16
2019-07-25 09:19:42.454 23800 RALLYDEBUG rally.task.runner [-] Starting a worker. concurrency: 1 args: {"subport_count": 125} times: 4 method_name: run timeout: 0 duration: None cls:
2019-07-25 09:19:42.457 23801 RALLYDEBUG rally.task.runner [-] Starting a worker. concurrency: 1 args: {"subport_count": 125} times: 4 method_name: run timeout: 0 duration: None cls:
2019-07-25 09:19:42.459 23802 RALLYDEBUG rally.task.runner [-] Starting a worker. concurrency: 1 args: {"subport_count": 125} times: 4 method_name: run timeout: 0 duration: None cls:
2019-07-25 09:19:42.459 23800 INFO rally.task.runner [-] Task 16829d42-217c-4d5a-9a10-d8bc0f218b4c | ITER: 1 START
2019-07-25 09:19:42.462 23801 INFO rally.task.runner [-] Task 16829d42-217c-4d5a-9a10-d8bc0f218b4c | ITER: 2 START
2019-07-25 09:19:42.462 23803 RALLYDEBUG rally.task.runner [-] Starting a worker. concurrency: 1 args: {"subport_count": 125} times: 4 method_name: run timeout: 0 duration: None cls:
2019-07-25 09:19:42.464 23802 INFO rally.task.runner [-] Task 16829d42-217c-4d5a-9a10-d8bc0f218b4c | ITER: 3 START
2019-07-25 09:19:42.467 23803 INFO rally.task.runner [-] Task 16829d42-217c-4d5a-9a10-d8bc0f218b4c | ITER: 4 START
2019-07-25 09:24:29.845 23802 DEBUG neutronclient.v2_0.client [-] Error message:

504 Gateway Time-out

The server didn't respond in time. _handle_fault_response /usr/lib/python2.7/site-packages/neutronclient/v2_0/client.py:259
2019-07-25 09:24:29.852 23802 ERROR rally.task.runner [-] Iteration 3 raised Exception: NeutronClientException:

504 Gateway Time-out

The server didn't respond in time.
2019-07-25 09:24:29.852 23802 ERROR rally.task.runner
Traceback (most recent call last):
2019-07-25 09:24:29.852 23802 ERROR rally.task.runner
File "/usr/lib/python2.7/site-packages/rally/task/runner.py", line 71, in _run_scenario_once
2019-07-25 09:24:29.852 23802 ERROR rally.task.runner getattr(scenario_inst, method_name)(**scenario_kwargs)
2019-07-25 09:24:29.852 23802 ERROR rally.task.runner
File "/root/.rally/plugins/trunk_scenario.py", line 41, in run
2019-07-25 09:24:29.852 23802 ERROR rally.task.runner trunk = self._create_trunk(trunk_payload)
2019-07-25 09:24:29.852 23802 ERROR rally.task.runner
File "/usr/lib/python2.7/site-packages/rally/task/atomic.py", line 91, in func_atomic_actions
2019-07-25 09:24:29.852 23802 ERROR rally.task.runner f = func(self, *args, **kwargs)
2019-07-25 09:24:29.852 23802 ERROR rally.task.runner
File "/root/.rally/plugins/trunk_scenario.py", line 53, in _create_trunk
2019-07-25 09:24:29.852 23802 ERROR rally.task.runner return self.clients("neutron").create_trunk({'trunk': trunk_payload})
2019-07-25 09:24:29.852 23802 ERROR rally.task.runner
File "/usr/lib/python2.7/site-packages/neutronclient/v2_0/client.py", line 2091, in create_trunk
2019-07-25 09:24:29.852 23802 ERROR rally.task.runner return self.post(self.trunks_path, body=body)
2019-07-25 09:24:29.852 23802 ERROR rally.task.runner
File "/usr/lib/python2.7/site-packages/neutronclient/v2_0/client.py", line 359, in post
2019-07-25 09:24:29.852 23802 ERROR rally.task.runner headers=headers, params=params)
2019-07-25 09:24:29.852 23802 ERROR rally.task.runner
File "/usr/lib/python2.7/site-packages/neutronclient/v2_0/client.py", line 294, in do_request
2019-07-25 09:24:29.852 23802 ERROR rally.task.runner self._handle_fault_response(status_code, replybody, resp)
2019-07-25 09:24:29.852 23802 ERROR rally.task.runner
File "/usr/lib/python2.7/site-packages/neutronclient/v2_0/client.py", line 269, in _handle_fault_response
2019-07-25 09:24:29.852 23802 ERROR rally.task.runner exception_handler_v20(status_code, error_body)
2019-07-25 09:24:29.852 23802 ERROR rally.task.runner
File "/usr/lib/python2.7/site-packages/neutronclient/v2_0/client.py", line 93, in exception_handler_v20
2019-07-25 09:24:29.852 23802 ERROR rally.task.runner request_ids=request_ids)
2019-07-25 09:24:29.852 23802 ERROR rally.task.runner NeutronClientException:

504 Gateway Time-out

2019-07-25 09:24:29.852 23802 ERROR rally.task.runner The server didn't respond in time.
2019-07-25 09:24:29.852 23802 ERROR rally.task.runner
2019-07-25 09:24:29.852 23802 ERROR rally.task.runner
2019-07-25 09:24:29.852 23802 ERROR rally.task.runner
2019-07-25 09:24:29.853 23802 INFO rally.task.runner [-] Task 16829d42-217c-4d5a-9a10-d8bc0f218b4c | ITER: 3 END: Error NeutronClientException:

504 Gateway Time-out

The server didn't respond in time.
2019-07-25 09:24:30.590 23800 DEBUG neutronclient.v2_0.client [-] Error message:

504 Gateway Time-out

The server didn't respond in time. _handle_fault_response /usr/lib/python2.7/site-packages/neutronclient/v2_0/client.py:259
2019-07-25 09:24:30.598 23800 ERROR rally.task.runner [-] Iteration 1 raised Exception: NeutronClientException:

504 Gateway Time-out

The server didn't respond in time.
2019-07-25 09:24:30.598 23800 ERROR rally.task.runner
Traceback (most recent call last):
2019-07-25 09:24:30.598 23800 ERROR rally.task.runner
File "/usr/lib/python2.7/site-packages/rally/task/runner.py", line 71, in _run_scenario_once
2019-07-25 09:24:30.598 23800 ERROR rally.task.runner getattr(scenario_inst, method_name)(**scenario_kwargs)
2019-07-25 09:24:30.598 23800 ERROR rally.task.runner
File "/root/.rally/plugins/trunk_scenario.py", line 41, in run
2019-07-25 09:24:30.598 23800 ERROR rally.task.runner trunk = self._create_trunk(trunk_payload)
2019-07-25 09:24:30.598 23800 ERROR rally.task.runner
File "/usr/lib/python2.7/site-packages/rally/task/atomic.py", line 91, in func_atomic_actions
2019-07-25 09:24:30.598 23800 ERROR rally.task.runner f = func(self, *args, **kwargs)
2019-07-25 09:24:30.598 23800 ERROR rally.task.runner
File "/root/.rally/plugins/trunk_scenario.py", line 53, in _create_trunk
2019-07-25 09:24:30.598 23800 ERROR rally.task.runner return self.clients("neutron").create_trunk({'trunk': trunk_payload})
2019-07-25 09:24:30.598 23800 ERROR rally.task.runner
File "/usr/lib/python2.7/site-packages/neutronclient/v2_0/client.py", line 2091, in create_trunk
2019-07-25 09:24:30.598 23800 ERROR rally.task.runner return self.post(self.trunks_path, body=body)
2019-07-25 09:24:30.598 23800 ERROR rally.task.runner
File "/usr/lib/python2.7/site-packages/neutronclient/v2_0/client.py", line 359, in post
2019-07-25 09:24:30.598 23800 ERROR rally.task.runner headers=headers, params=params)
2019-07-25 09:24:30.598 23800 ERROR rally.task.runner
File "/usr/lib/python2.7/site-packages/neutronclient/v2_0/client.py", line 294, in do_request
2019-07-25 09:24:30.598 23800 ERROR rally.task.runner self._handle_fault_response(status_code, replybody, resp)
2019-07-25 09:24:30.598 23800 ERROR rally.task.runner
File "/usr/lib/python2.7/site-packages/neutronclient/v2_0/client.py", line 269, in _handle_fault_response
2019-07-25 09:24:30.598 23800 ERROR rally.task.runner exception_handler_v20(status_code, error_body)
2019-07-25 09:24:30.598 23800 ERROR rally.task.runner
File "/usr/lib/python2.7/site-packages/neutronclient/v2_0/client.py", line 93, in exception_handler_v20
2019-07-25 09:24:30.598 23800 ERROR rally.task.runner request_ids=request_ids)
2019-07-25 09:24:30.598 23800 ERROR rally.task.runner NeutronClientException:

504 Gateway Time-out

2019-07-25 09:24:30.598 23800 ERROR rally.task.runner The server didn't respond in time.
2019-07-25 09:24:30.598 23800 ERROR rally.task.runner
2019-07-25 09:24:30.598 23800 ERROR rally.task.runner
2019-07-25 09:24:30.598 23800 ERROR rally.task.runner
2019-07-25 09:24:30.599 23800 INFO rally.task.runner [-] Task 16829d42-217c-4d5a-9a10-d8bc0f218b4c | ITER: 1 END: Error NeutronClientException:

504 Gateway Time-out

The server didn't respond in time.
2019-07-25 09:24:31.465 23801 DEBUG neutronclient.v2_0.client [-] Error message:

504 Gateway Time-out

The server didn't respond in time. _handle_fault_response /usr/lib/python2.7/site-packages/neutronclient/v2_0/client.py:259
2019-07-25 09:24:31.473 23801 ERROR rally.task.runner [-] Iteration 2 raised Exception: NeutronClientException:

504 Gateway Time-out

The server didn't respond in time.
2019-07-25 09:24:31.473 23801 ERROR rally.task.runner
Traceback (most recent call last):
2019-07-25 09:24:31.473 23801 ERROR rally.task.runner
File "/usr/lib/python2.7/site-packages/rally/task/runner.py", line 71, in _run_scenario_once
2019-07-25 09:24:31.473 23801 ERROR rally.task.runner getattr(scenario_inst, method_name)(**scenario_kwargs)
2019-07-25 09:24:31.473 23801 ERROR rally.task.runner
File "/root/.rally/plugins/trunk_scenario.py", line 41, in run
2019-07-25 09:24:31.473 23801 ERROR rally.task.runner trunk = self._create_trunk(trunk_payload)
2019-07-25 09:24:31.473 23801 ERROR rally.task.runner
File "/usr/lib/python2.7/site-packages/rally/task/atomic.py", line 91, in func_atomic_actions
2019-07-25 09:24:31.473 23801 ERROR rally.task.runner f = func(self, *args, **kwargs)
2019-07-25 09:24:31.473 23801 ERROR rally.task.runner
File "/root/.rally/plugins/trunk_scenario.py", line 53, in _create_trunk
2019-07-25 09:24:31.473 23801 ERROR rally.task.runner return self.clients("neutron").create_trunk({'trunk': trunk_payload})
2019-07-25 09:24:31.473 23801 ERROR rally.task.runner
File "/usr/lib/python2.7/site-packages/neutronclient/v2_0/client.py", line 2091, in create_trunk
2019-07-25 09:24:31.473 23801 ERROR rally.task.runner return self.post(self.trunks_path, body=body)
2019-07-25 09:24:31.473 23801 ERROR rally.task.runner
File "/usr/lib/python2.7/site-packages/neutronclient/v2_0/client.py", line 359, in post
2019-07-25 09:24:31.473 23801 ERROR rally.task.runner headers=headers, params=params)
2019-07-25 09:24:31.473 23801 ERROR rally.task.runner
File "/usr/lib/python2.7/site-packages/neutronclient/v2_0/client.py", line 294, in do_request
2019-07-25 09:24:31.473 23801 ERROR rally.task.runner self._handle_fault_response(status_code, replybody, resp)
2019-07-25 09:24:31.473 23801 ERROR rally.task.runner
File "/usr/lib/python2.7/site-packages/neutronclient/v2_0/client.py", line 269, in _handle_fault_response
2019-07-25 09:24:31.473 23801 ERROR rally.task.runner exception_handler_v20(status_code, error_body)
2019-07-25 09:24:31.473 23801 ERROR rally.task.runner
File "/usr/lib/python2.7/site-packages/neutronclient/v2_0/client.py", line 93, in exception_handler_v20
2019-07-25 09:24:31.473 23801 ERROR rally.task.runner request_ids=request_ids)
2019-07-25 09:24:31.473 23801 ERROR rally.task.runner NeutronClientException:

504 Gateway Time-out

2019-07-25 09:24:31.473 23801 ERROR rally.task.runner The server didn't respond in time.
2019-07-25 09:24:31.473 23801 ERROR rally.task.runner
2019-07-25 09:24:31.473 23801 ERROR rally.task.runner
2019-07-25 09:24:31.473 23801 ERROR rally.task.runner
2019-07-25 09:24:31.475 23801 INFO rally.task.runner [-] Task 16829d42-217c-4d5a-9a10-d8bc0f218b4c | ITER: 2 END: Error NeutronClientException:

504 Gateway Time-out

The server didn't respond in time.
2019-07-25 09:24:33.472 23803 DEBUG neutronclient.v2_0.client [-] Error message:

504 Gateway Time-out

The server didn't respond in time. _handle_fault_response /usr/lib/python2.7/site-packages/neutronclient/v2_0/client.py:259
2019-07-25 09:24:33.479 23803 ERROR rally.task.runner [-] Iteration 4 raised Exception: NeutronClientException:

504 Gateway Time-out

The server didn't respond in time.
2019-07-25 09:24:33.479 23803 ERROR rally.task.runner
Traceback (most recent call last):
2019-07-25 09:24:33.479 23803 ERROR rally.task.runner
File "/usr/lib/python2.7/site-packages/rally/task/runner.py", line 71, in _run_scenario_once
2019-07-25 09:24:33.479 23803 ERROR rally.task.runner getattr(scenario_inst, method_name)(**scenario_kwargs)
2019-07-25 09:24:33.479 23803 ERROR rally.task.runner
File "/root/.rally/plugins/trunk_scenario.py", line 41, in run
2019-07-25 09:24:33.479 23803 ERROR rally.task.runner trunk = self._create_trunk(trunk_payload)
2019-07-25 09:24:33.479 23803 ERROR rally.task.runner
File "/usr/lib/python2.7/site-packages/rally/task/atomic.py", line 91, in func_atomic_actions
2019-07-25 09:24:33.479 23803 ERROR rally.task.runner f = func(self, *args, **kwargs)
2019-07-25 09:24:33.479 23803 ERROR rally.task.runner
File "/root/.rally/plugins/trunk_scenario.py", line 53, in _create_trunk
2019-07-25 09:24:33.479 23803 ERROR rally.task.runner return self.clients("neutron").create_trunk({'trunk': trunk_payload})
2019-07-25 09:24:33.479 23803 ERROR rally.task.runner
File "/usr/lib/python2.7/site-packages/neutronclient/v2_0/client.py", line 2091, in create_trunk
2019-07-25 09:24:33.479 23803 ERROR rally.task.runner return self.post(self.trunks_path, body=body)
2019-07-25 09:24:33.479 23803 ERROR rally.task.runner
File "/usr/lib/python2.7/site-packages/neutronclient/v2_0/client.py", line 359, in post
2019-07-25 09:24:33.479 23803 ERROR rally.task.runner headers=headers, params=params)
2019-07-25 09:24:33.479 23803 ERROR rally.task.runner
File "/usr/lib/python2.7/site-packages/neutronclient/v2_0/client.py", line 294, in do_request
2019-07-25 09:24:33.479 23803 ERROR rally.task.runner self._handle_fault_response(status_code, replybody, resp)
2019-07-25 09:24:33.479 23803 ERROR rally.task.runner
File "/usr/lib/python2.7/site-packages/neutronclient/v2_0/client.py", line 269, in _handle_fault_response
2019-07-25 09:24:33.479 23803 ERROR rally.task.runner exception_handler_v20(status_code, error_body)
2019-07-25 09:24:33.479 23803 ERROR rally.task.runner
File "/usr/lib/python2.7/site-packages/neutronclient/v2_0/client.py", line 93, in exception_handler_v20
2019-07-25 09:24:33.479 23803 ERROR rally.task.runner request_ids=request_ids)
2019-07-25 09:24:33.479 23803 ERROR rally.task.runner NeutronClientException:

504 Gateway Time-out

2019-07-25 09:24:33.479 23803 ERROR rally.task.runner The server didn't respond in time.
2019-07-25 09:24:33.479 23803 ERROR rally.task.runner
2019-07-25 09:24:33.479 23803 ERROR rally.task.runner
2019-07-25 09:24:33.479 23803 ERROR rally.task.runner
2019-07-25 09:24:33.481 23803 INFO rally.task.runner [-] Task 16829d42-217c-4d5a-9a10-d8bc0f218b4c | ITER: 4 END: Error NeutronClientException:

504 Gateway Time-out

The server didn't respond in time.
2019-07-25 09:24:33.511 18994 INFO rally.task.context [-] Task 16829d42-217c-4d5a-9a10-d8bc0f218b4c | Context cleanup@openstack cleanup() started
2019-07-25 09:24:33.516 18994 RALLYDEBUG rally_openstack.cleanup.manager [-] Cleaning up neutron vip objects
2019-07-25 09:24:34.282 18994 RALLYDEBUG rally_openstack.cleanup.manager [-] Cleaning up neutron health_monitor objects
2019-07-25 09:24:35.080 18994 RALLYDEBUG rally_openstack.cleanup.manager [-] Cleaning up neutron pool objects
2019-07-25 09:24:35.823 18994 RALLYDEBUG rally_openstack.cleanup.manager [-] Cleaning up neutron loadbalancer objects
2019-07-25 09:24:36.579 18994 RALLYDEBUG rally_openstack.cleanup.manager [-] Cleaning up neutron floatingip objects
2019-07-25 09:24:37.485 18994 RALLYDEBUG rally_openstack.cleanup.manager [-] Cleaning up neutron port objects
2019-07-25 09:24:40.403 18994 RALLYDEBUG rally_openstack.cleanup.manager [-] Deleting neutron.port object s_rally_9f9a13c3_t9UTfs2C (00fd343d-cc0e-4f83-b163-db498831f70c)
2019-07-25 09:24:40.404 18994 RALLYDEBUG rally_openstack.cleanup.manager [-] Deleting neutron.port object s_rally_9f9a13c3_6QicJr0h (025798dc-cc37-4fa4-8346-f1e517a16631)
2019-07-25 09:24:40.422 18994 RALLYDEBUG rally_openstack.cleanup.manager [-] Deleting neutron.port object s_rally_9f9a13c3_7EGirlZs (0280869e-adde-4d30-aa2b-ff82ce473527)
2019-07-25 09:24:40.424 18994 RALLYDEBUG rally_openstack.cleanup.manager [-] Deleting neutron.port object s_rally_9f9a13c3_tssDzLhX (01078610-2d3b-4972-827d-d14f7dd876a7)
2019-07-25 09:24:40.424 18994 RALLYDEBUG rally_openstack.cleanup.manager [-] Deleting neutron.port object s_rally_9f9a13c3_JuKvGyaq (0228d97f-6314-4612-8c22-ebf3a42efae6)
2019-07-25 09:24:40.429 18994 RALLYDEBUG rally_openstack.cleanup.manager [-] Deleting neutron.port object s_rally_9f9a13c3_xEJqJeCx (0315c093-8c78-4239-b15d-e01d3aee8a36)
2019-07-25 09:24:40.435 18994 RALLYDEBUG rally_openstack.cleanup.manager [-] Deleting neutron.port object s_rally_9f9a13c3_k8S1TaMH (020a4f42-5043-4751-af4a-132afd29a7ab)
2019-07-25 09:24:40.439 18994 RALLYDEBUG rally_openstack.cleanup.manager [-] Deleting neutron.port object s_rally_9f9a13c3_WQnNk6tD (0356074e-457d-4411-a3f6-f4e5e3090076)
2019-07-25 09:24:40.459 18994 RALLYDEBUG rally_openstack.cleanup.manager [-] Deleting neutron.port object s_rally_9f9a13c3_pNIugxq4 (0369e51a-f7e0-45f2-86de-68ded965fe7e)
2019-07-25 09:24:40.478 18994 RALLYDEBUG rally_openstack.cleanup.manager [-] Deleting neutron.port object s_rally_9f9a13c3_Ae8t3IxS (03e8b5d2-b380-46fd-b838-d4de99dc8f87)
2019-07-25 09:24:40.479 18994 RALLYDEBUG rally_openstack.cleanup.manager [-] Deleting neutron.port object s_rally_9f9a13c3_oSxIldBh (037fb41b-75be-47dc-a245-79cf72841639)
2019-07-25 09:24:40.496 18994 RALLYDEBUG rally_openstack.cleanup.manager [-] Deleting neutron.port object s_rally_9f9a13c3_7g3WfVgJ (0496ceec-d63f-4143-b00e-a29c10f938b6)
2019-07-25 09:24:40.497 18994 RALLYDEBUG rally_openstack.cleanup.manager [-] Deleting neutron.port object s_rally_9f9a13c3_1CDaUo0b (03fb3953-0517-4104-b80b-0746ab9361d5)
2019-07-25 09:24:40.500 18994 RALLYDEBUG rally_openstack.cleanup.manager [-] Deleting neutron.port object s_rally_9f9a13c3_U9p3Hc5v (03971e72-7cf2-44e3-ba03-5602c3d9359f)
2019-07-25 09:24:40.512 18994 RALLYDEBUG rally_openstack.cleanup.manager [-] Deleting neutron.port object s_rally_9f9a13c3_6FsY6p7t (038bc830-a50e-427b-bf5b-9fccc86e855e)
2019-07-25 09:24:40.519 18994 RALLYDEBUG rally_openstack.cleanup.manager [-] Deleting neutron.port object s_rally_9f9a13c3_VTnQRiO1 (0526cc08-ade1-44bd-9d40-ab29a2df8221)
2019-07-25 09:24:40.521 18994 RALLYDEBUG rally_openstack.cleanup.manager [-] Deleting neutron.port object s_rally_9f9a13c3_HN8wNlWt (06284ceb-d249-4701-8358-f6ee7ede93b5)
2019-07-25 09:24:40.535 18994 RALLYDEBUG rally_openstack.cleanup.manager [-] Deleting neutron.port object s_rally_9f9a13c3_9FlC3iSc (063cc953-f11b-4ae1-95ce-2a43136e6d43)
2019-07-25 09:24:40.568 18994 RALLYDEBUG rally_openstack.cleanup.manager [-] Deleting neutron.port object s_rally_9f9a13c3_mH1AcsxX (065f939d-83c9-4e15-80d8-7b3bcfcbf634)
2019-07-25 09:24:40.573 18994 RALLYDEBUG rally_openstack.cleanup.manager [-] Deleting neutron.port object s_rally_9f9a13c3_4UTmwbBx (06b3062d-780d-4715-860b-0937fbb58be8)
2019-07-25 09:24:41.527 18994 DEBUG neutronclient.v2_0.client [-] Error message: {"NeutronError": {"message": "Port 00fd343d-cc0e-4f83-b163-db498831f70c is currently a subport for trunk 91bc9b31-b26a-4c81-b04e-01da9cfdd41d.", "type": "PortInUseAsSubPort", "detail": ""}} _handle_fault_response /usr/lib/python2.7/site-packages/neutronclient/v2_0/client.py:259
2019-07-25 09:24:41.626 18994 DEBUG neutronclient.v2_0.client [-] Error message: {"NeutronError": {"message": "Port 01078610-2d3b-4972-827d-d14f7dd876a7 is currently a subport for trunk 4ee96065-b856-4351-8830-13347b12d146.", "type": "PortInUseAsSubPort", "detail": ""}} _handle_fault_response /usr/lib/python2.7/site-packages/neutronclient/v2_0/client.py:259
2019-07-25 09:24:41.679 18994 DEBUG neutronclient.v2_0.client [-] Error message: {"NeutronError": {"message": "Port 025798dc-cc37-4fa4-8346-f1e517a16631 is currently a subport for trunk 68b318b3-9fe2-4898-bddb-a38dc16cb306.", "type": "PortInUseAsSubPort", "detail": ""}} _handle_fault_response /usr/lib/python2.7/site-packages/neutronclient/v2_0/client.py:259
2019-07-25 09:24:41.757 18994 DEBUG neutronclient.v2_0.client [-] Error message: {"NeutronError": {"message": "Port 0280869e-adde-4d30-aa2b-ff82ce473527 is currently a subport for trunk 91bc9b31-b26a-4c81-b04e-01da9cfdd41d.", "type": "PortInUseAsSubPort", "detail": ""}} _handle_fault_response /usr/lib/python2.7/site-packages/neutronclient/v2_0/client.py:259
2019-07-25 09:24:41.778 18994 DEBUG neutronclient.v2_0.client [-] Error message: {"NeutronError": {"message": "Port 0315c093-8c78-4239-b15d-e01d3aee8a36 is currently a subport for trunk 4b6b1c5d-5fe0-4b67-9c8f-20aae18a877f.", "type": "PortInUseAsSubPort", "detail": ""}} _handle_fault_response /usr/lib/python2.7/site-packages/neutronclient/v2_0/client.py:259
2019-07-25 09:24:41.793 18994 DEBUG neutronclient.v2_0.client [-] Error message: {"NeutronError": {"message": "Port 038bc830-a50e-427b-bf5b-9fccc86e855e is currently a subport for trunk 4b6b1c5d-5fe0-4b67-9c8f-20aae18a877f.", "type": "PortInUseAsSubPort", "detail": ""}} _handle_fault_response /usr/lib/python2.7/site-packages/neutronclient/v2_0/client.py:259
2019-07-25 09:24:41.797 18994 DEBUG neutronclient.v2_0.client [-] Error message: {"NeutronError": {"message": "Port 06284ceb-d249-4701-8358-f6ee7ede93b5 is currently a subport for trunk 4b6b1c5d-5fe0-4b67-9c8f-20aae18a877f.", "type": "PortInUseAsSubPort", "detail": ""}} _handle_fault_response /usr/lib/python2.7/site-packages/neutronclient/v2_0/client.py:259
2019-07-25 09:24:41.815 18994 DEBUG neutronclient.v2_0.client [-] Error message: {"NeutronError": {"message": "Port 025798dc-cc37-4fa4-8346-f1e517a16631 is currently a subport for trunk 68b318b3-9fe2-4898-bddb-a38dc16cb306.", "type": "PortInUseAsSubPort", "detail": ""}} _handle_fault_response /usr/lib/python2.7/site-packages/neutronclient/v2_0/client.py:259
