2019-07-25 08:59:19.693 18985 RALLYDEBUG rally.api [-] INFO logs from urllib3 and requests module are hide.
2019-07-25 08:59:19.693 18985 RALLYDEBUG rally.api [-] urllib3 insecure warnings are hidden.
2019-07-25 08:59:19.693 18985 RALLYDEBUG rally.api [-] ERROR log from boto module is hide.
2019-07-25 08:59:22.047 18987 RALLYDEBUG rally.api [-] INFO logs from urllib3 and requests module are hide.
2019-07-25 08:59:22.047 18987 RALLYDEBUG rally.api [-] urllib3 insecure warnings are hidden.
2019-07-25 08:59:22.047 18987 RALLYDEBUG rally.api [-] ERROR log from boto module is hide.
2019-07-25 08:59:23.365 18987 WARNING rally_openstack.platforms.existing [-] endpoint is deprecated and not used.
2019-07-25 08:59:24.381 18989 RALLYDEBUG rally.api [-] INFO logs from urllib3 and requests module are hide.
2019-07-25 08:59:24.381 18989 RALLYDEBUG rally.api [-] urllib3 insecure warnings are hidden.
2019-07-25 08:59:24.381 18989 RALLYDEBUG rally.api [-] ERROR log from boto module is hide.
2019-07-25 08:59:27.487 18992 RALLYDEBUG rally.api [-] INFO logs from urllib3 and requests module are hide.
2019-07-25 08:59:27.487 18992 RALLYDEBUG rally.api [-] urllib3 insecure warnings are hidden.
2019-07-25 08:59:27.487 18992 RALLYDEBUG rally.api [-] ERROR log from boto module is hide.
2019-07-25 08:59:29.505 18994 RALLYDEBUG rally.api [-] INFO logs from urllib3 and requests module are hide.
2019-07-25 08:59:29.505 18994 RALLYDEBUG rally.api [-] urllib3 insecure warnings are hidden.
2019-07-25 08:59:29.506 18994 RALLYDEBUG rally.api [-] ERROR log from boto module is hide.
2019-07-25 08:59:30.535 18994 INFO rally.common.plugin.discover [-] Loading plugins from directories /root/.rally/plugins/*
2019-07-25 08:59:30.535 18994 INFO rally.common.plugin.discover [-] Loaded module with plugins: /root/.rally/plugins/__init__.py
2019-07-25 08:59:30.537 18994 INFO rally.common.plugin.discover [-] Loaded module with plugins: /root/.rally/plugins/trunk_scenario.py
2019-07-25 08:59:30.722 18994 INFO rally.task.engine [-] Task 16829d42-217c-4d5a-9a10-d8bc0f218b4c | Starting: Task validation.
2019-07-25 08:59:30.767 18994 INFO rally.task.engine [-] Task 16829d42-217c-4d5a-9a10-d8bc0f218b4c | Starting: Task validation of syntax.
2019-07-25 08:59:30.907 18994 INFO rally.task.engine [-] Task 16829d42-217c-4d5a-9a10-d8bc0f218b4c | Completed: Task validation of syntax.
2019-07-25 08:59:30.907 18994 INFO rally.task.engine [-] Task 16829d42-217c-4d5a-9a10-d8bc0f218b4c | Starting: Task validation of required platforms.
2019-07-25 08:59:30.965 18994 INFO rally.task.engine [-] Task 16829d42-217c-4d5a-9a10-d8bc0f218b4c | Completed: Task validation of required platforms.
2019-07-25 08:59:30.966 18994 INFO rally.task.engine [-] Task 16829d42-217c-4d5a-9a10-d8bc0f218b4c | Starting: Task validation of semantic.
2019-07-25 08:59:30.966 18994 INFO rally.task.engine [-] Check health of the environment '08b76724-73da-4a0e-92d2-ca09c5dcd3f2'.
2019-07-25 08:59:31.820 18994 INFO rally.task.engine [-] Platform existing@openstack (available: True): OK!
2019-07-25 08:59:31.829 18994 RALLYDEBUG rally_openstack.contexts.keystone.users [-] Creating 1 tenants using 20 threads
2019-07-25 08:59:33.775 18994 RALLYDEBUG rally_openstack.contexts.keystone.users [-] Creating 1 users using 20 threads
2019-07-25 08:59:36.693 18994 INFO rally.task.context [-] Task 16829d42-217c-4d5a-9a10-d8bc0f218b4c | Context users@openstack setup() finished in 4.86 sec
2019-07-25 08:59:42.949 18994 INFO rally.task.context [-] Task 16829d42-217c-4d5a-9a10-d8bc0f218b4c | Context users@openstack cleanup() started
2019-07-25 08:59:48.225 18994 INFO rally.task.context [-] Task 16829d42-217c-4d5a-9a10-d8bc0f218b4c | Context users@openstack cleanup() finished in 5.28 sec
2019-07-25 08:59:48.226 18994 INFO rally.task.engine [-] Task 16829d42-217c-4d5a-9a10-d8bc0f218b4c | Completed: Task validation of semantic.
2019-07-25 08:59:48.226 18994 INFO rally.task.engine [-] Task 16829d42-217c-4d5a-9a10-d8bc0f218b4c | Completed: Task validation.
2019-07-25 08:59:48.227 18994 INFO rally.api [-] Task 16829d42-217c-4d5a-9a10-d8bc0f218b4c input file is valid.
2019-07-25 08:59:48.227 18994 INFO rally.api [-] Run Task 16829d42-217c-4d5a-9a10-d8bc0f218b4c against Deployment 08b76724-73da-4a0e-92d2-ca09c5dcd3f2
2019-07-25 08:59:48.227 18994 INFO rally.task.engine [-] Task 16829d42-217c-4d5a-9a10-d8bc0f218b4c | Starting: Running task.
2019-07-25 08:59:48.384 18994 INFO rally.task.engine [-] Running workload: position = 0 config = { "version": 2, "title": "A cropped version of a bigger task.", "description": "Auto-generated task from a single workload (uuid=1b6aa2f0-752f-4aca-a72f-353a2d3cc6b0)", "subtasks": [ { "title": "NeutronNetworks.create_and_list_networks", "description": "Check performance of list_networks action and ensure > network quotas are not exceeded", "scenario": { "NeutronNetworks.create_and_list_networks": {} }, "contexts": { "users": { "tenants": 1, "users_per_tenant": 1 }, "quotas": { "neutron": { "network": 119 } } }, "runner": { "constant": { "times": 100, "concurrency": 20 } }, "hooks": [], "sla": { "max_avg_duration_per_atomic": { "neutron.list_networks": 15 }, "failure_rate": { "max": 0 } } } ] }
2019-07-25 08:59:48.408 18994 RALLYDEBUG rally_openstack.contexts.keystone.users [-] Creating 1 tenants using 20 threads
2019-07-25 08:59:50.249 18994 RALLYDEBUG rally_openstack.contexts.keystone.users [-] Creating 1 users using 20 threads
2019-07-25 08:59:53.119 18994 INFO rally.task.context [-] Task 16829d42-217c-4d5a-9a10-d8bc0f218b4c | Context users@openstack setup() finished in 4.71 sec
2019-07-25 08:59:53.886 18994 INFO rally.task.context [-] Task 16829d42-217c-4d5a-9a10-d8bc0f218b4c | Context quotas@openstack setup() finished in 0.77 sec
2019-07-25 08:59:53.887 18994 INFO rally.task.context [-] Task 16829d42-217c-4d5a-9a10-d8bc0f218b4c | Context cleanup@openstack setup() finished in 0.01 msec
2019-07-25 08:59:53.893 18994 RALLYDEBUG rally.task.runner [-] Starting the constant runner (task UUID: 16829d42-217c-4d5a-9a10-d8bc0f218b4c). timeout: 0 concurrency: 20 concurrency_per_worker: 1 times: 100 concurrency_overhead: 4 processes_to_start: 16 max_cpu_used: 16
2019-07-25 08:59:53.904 19118 RALLYDEBUG rally.task.runner [-] Starting a worker. concurrency: 2 args: {} times: 100 method_name: run timeout: 0 duration: None cls:
2019-07-25 08:59:53.907 19119 RALLYDEBUG rally.task.runner [-] Starting a worker. concurrency: 2 args: {} times: 100 method_name: run timeout: 0 duration: None cls:
2019-07-25 08:59:53.909 19120 RALLYDEBUG rally.task.runner [-] Starting a worker. concurrency: 2 args: {} times: 100 method_name: run timeout: 0 duration: None cls:
2019-07-25 08:59:53.910 19118 INFO rally.task.runner [-] Task 16829d42-217c-4d5a-9a10-d8bc0f218b4c | ITER: 1 START
2019-07-25 08:59:53.912 19121 RALLYDEBUG rally.task.runner [-] Starting a worker. concurrency: 2 args: {} times: 100 method_name: run timeout: 0 duration: None cls:
2019-07-25 08:59:53.914 19124 RALLYDEBUG rally.task.runner [-] Starting a worker. concurrency: 1 args: {} times: 100 method_name: run timeout: 0 duration: None cls:
2019-07-25 08:59:53.913 19119 INFO rally.task.runner [-] Task 16829d42-217c-4d5a-9a10-d8bc0f218b4c | ITER: 3 START
2019-07-25 08:59:53.914 19120 INFO rally.task.runner [-] Task 16829d42-217c-4d5a-9a10-d8bc0f218b4c | ITER: 4 START
2019-07-25 08:59:53.916 19118 INFO rally.task.runner [-] Task 16829d42-217c-4d5a-9a10-d8bc0f218b4c | ITER: 2 START
2019-07-25 08:59:53.917 19126 RALLYDEBUG rally.task.runner [-] Starting a worker. concurrency: 1 args: {} times: 100 method_name: run timeout: 0 duration: None cls:
2019-07-25 08:59:53.919 19133 RALLYDEBUG rally.task.runner [-] Starting a worker. concurrency: 1 args: {} times: 100 method_name: run timeout: 0 duration: None cls:
2019-07-25 08:59:53.920 19121 INFO rally.task.runner [-] Task 16829d42-217c-4d5a-9a10-d8bc0f218b4c | ITER: 7 START
2019-07-25 08:59:53.920 19124 INFO rally.task.runner [-] Task 16829d42-217c-4d5a-9a10-d8bc0f218b4c | ITER: 9 START
2019-07-25 08:59:53.923 19126 INFO rally.task.runner [-] Task 16829d42-217c-4d5a-9a10-d8bc0f218b4c | ITER: 10 START
2019-07-25 08:59:53.925 19121 INFO rally.task.runner [-] Task 16829d42-217c-4d5a-9a10-d8bc0f218b4c | ITER: 8 START
2019-07-25 08:59:53.925 19140 RALLYDEBUG rally.task.runner [-] Starting a worker. concurrency: 1 args: {} times: 100 method_name: run timeout: 0 duration: None cls:
2019-07-25 08:59:53.926 19120 INFO rally.task.runner [-] Task 16829d42-217c-4d5a-9a10-d8bc0f218b4c | ITER: 6 START
2019-07-25 08:59:53.926 19119 INFO rally.task.runner [-] Task 16829d42-217c-4d5a-9a10-d8bc0f218b4c | ITER: 5 START
2019-07-25 08:59:53.927 19133 INFO rally.task.runner [-] Task 16829d42-217c-4d5a-9a10-d8bc0f218b4c | ITER: 11 START
2019-07-25 08:59:53.929 19143 RALLYDEBUG rally.task.runner [-] Starting a worker. concurrency: 1 args: {} times: 100 method_name: run timeout: 0 duration: None cls:
2019-07-25 08:59:53.932 19140 INFO rally.task.runner [-] Task 16829d42-217c-4d5a-9a10-d8bc0f218b4c | ITER: 12 START
2019-07-25 08:59:53.934 19143 INFO rally.task.runner [-] Task 16829d42-217c-4d5a-9a10-d8bc0f218b4c | ITER: 13 START
2019-07-25 08:59:53.935 19146 RALLYDEBUG rally.task.runner [-] Starting a worker. concurrency: 1 args: {} times: 100 method_name: run timeout: 0 duration: None cls:
2019-07-25 08:59:53.943 19146 INFO rally.task.runner [-] Task 16829d42-217c-4d5a-9a10-d8bc0f218b4c | ITER: 14 START
2019-07-25 08:59:53.944 19150 RALLYDEBUG rally.task.runner [-] Starting a worker. concurrency: 1 args: {} times: 100 method_name: run timeout: 0 duration: None cls:
2019-07-25 08:59:53.950 19153 RALLYDEBUG rally.task.runner [-] Starting a worker. concurrency: 1 args: {} times: 100 method_name: run timeout: 0 duration: None cls:
2019-07-25 08:59:53.951 19150 INFO rally.task.runner [-] Task 16829d42-217c-4d5a-9a10-d8bc0f218b4c | ITER: 15 START
2019-07-25 08:59:53.956 19155 RALLYDEBUG rally.task.runner [-] Starting a worker. concurrency: 1 args: {} times: 100 method_name: run timeout: 0 duration: None cls:
2019-07-25 08:59:53.959 19153 INFO rally.task.runner [-] Task 16829d42-217c-4d5a-9a10-d8bc0f218b4c | ITER: 16 START
2019-07-25 08:59:53.961 19159 RALLYDEBUG rally.task.runner [-] Starting a worker. concurrency: 1 args: {} times: 100 method_name: run timeout: 0 duration: None cls:
2019-07-25 08:59:53.962 19155 INFO rally.task.runner [-] Task 16829d42-217c-4d5a-9a10-d8bc0f218b4c | ITER: 17 START
2019-07-25 08:59:53.964 19159 INFO rally.task.runner [-] Task 16829d42-217c-4d5a-9a10-d8bc0f218b4c | ITER: 18 START
2019-07-25 08:59:53.965 19161 RALLYDEBUG rally.task.runner [-] Starting a worker. concurrency: 1 args: {} times: 100 method_name: run timeout: 0 duration: None cls:
2019-07-25 08:59:53.968 19165 RALLYDEBUG rally.task.runner [-] Starting a worker. concurrency: 1 args: {} times: 100 method_name: run timeout: 0 duration: None cls:
2019-07-25 08:59:53.970 19161 INFO rally.task.runner [-] Task 16829d42-217c-4d5a-9a10-d8bc0f218b4c | ITER: 19 START
2019-07-25 08:59:53.972 19165 INFO rally.task.runner [-] Task 16829d42-217c-4d5a-9a10-d8bc0f218b4c | ITER: 20 START
2019-07-25 08:59:57.128 19161 INFO rally.task.runner [-] Task 16829d42-217c-4d5a-9a10-d8bc0f218b4c | ITER: 19 END: OK
2019-07-25 08:59:57.132 19161 INFO rally.task.runner [-] Task 16829d42-217c-4d5a-9a10-d8bc0f218b4c | ITER: 21 START
2019-07-25 08:59:57.203 19133 INFO rally.task.runner [-] Task 16829d42-217c-4d5a-9a10-d8bc0f218b4c | ITER: 11 END: OK
2019-07-25 08:59:57.206 19133 INFO rally.task.runner [-] Task 16829d42-217c-4d5a-9a10-d8bc0f218b4c | ITER: 22 START
2019-07-25 08:59:57.442 19159 INFO rally.task.runner [-] Task 16829d42-217c-4d5a-9a10-d8bc0f218b4c | ITER: 18 END: OK
2019-07-25 08:59:57.446 19159 INFO rally.task.runner [-] Task 16829d42-217c-4d5a-9a10-d8bc0f218b4c | ITER: 23 START
2019-07-25 08:59:57.452 19121 INFO rally.task.runner [-] Task 16829d42-217c-4d5a-9a10-d8bc0f218b4c | ITER: 7 END: OK
2019-07-25 08:59:57.455 19121 INFO rally.task.runner [-] Task 16829d42-217c-4d5a-9a10-d8bc0f218b4c | ITER: 24 START
2019-07-25 08:59:57.612 19155 INFO rally.task.runner [-] Task 16829d42-217c-4d5a-9a10-d8bc0f218b4c | ITER: 17 END: OK
2019-07-25 08:59:57.614 19155 INFO rally.task.runner [-] Task 16829d42-217c-4d5a-9a10-d8bc0f218b4c | ITER: 25 START
2019-07-25 08:59:58.046 19121 INFO rally.task.runner [-] Task 16829d42-217c-4d5a-9a10-d8bc0f218b4c | ITER: 8 END: OK
2019-07-25 08:59:58.049 19121 INFO rally.task.runner [-] Task 16829d42-217c-4d5a-9a10-d8bc0f218b4c | ITER: 26 START
2019-07-25 08:59:58.083 19119 INFO rally.task.runner [-] Task 16829d42-217c-4d5a-9a10-d8bc0f218b4c | ITER: 5 END: OK
2019-07-25 08:59:58.088 19119 INFO rally.task.runner [-] Task 16829d42-217c-4d5a-9a10-d8bc0f218b4c | ITER: 27 START
2019-07-25 08:59:58.229 19120 INFO rally.task.runner [-] Task 16829d42-217c-4d5a-9a10-d8bc0f218b4c | ITER: 6 END: OK
2019-07-25 08:59:58.233 19120 INFO rally.task.runner [-] Task 16829d42-217c-4d5a-9a10-d8bc0f218b4c | ITER: 28 START
2019-07-25 08:59:58.233 19118 INFO rally.task.runner [-] Task 16829d42-217c-4d5a-9a10-d8bc0f218b4c | ITER: 1 END: OK
2019-07-25 08:59:58.237 19118 INFO rally.task.runner [-] Task 16829d42-217c-4d5a-9a10-d8bc0f218b4c | ITER: 29 START
2019-07-25 08:59:58.357 19140 INFO rally.task.runner [-] Task 16829d42-217c-4d5a-9a10-d8bc0f218b4c | ITER: 12 END: OK
2019-07-25 08:59:58.360 19140 INFO rally.task.runner [-] Task 16829d42-217c-4d5a-9a10-d8bc0f218b4c | ITER: 30 START
2019-07-25 08:59:58.668 19150 INFO rally.task.runner [-] Task 16829d42-217c-4d5a-9a10-d8bc0f218b4c | ITER: 15 END: OK
2019-07-25 08:59:58.671 19150 INFO rally.task.runner [-] Task 16829d42-217c-4d5a-9a10-d8bc0f218b4c | ITER: 31 START
2019-07-25 08:59:59.075 19146 INFO rally.task.runner [-] Task 16829d42-217c-4d5a-9a10-d8bc0f218b4c | ITER: 14 END: OK
2019-07-25 08:59:59.078 19146 INFO rally.task.runner [-] Task 16829d42-217c-4d5a-9a10-d8bc0f218b4c | ITER: 32 START
2019-07-25 08:59:59.314 19119 INFO rally.task.runner [-] Task 16829d42-217c-4d5a-9a10-d8bc0f218b4c | ITER: 3 END: OK
2019-07-25 08:59:59.317 19119 INFO rally.task.runner [-] Task 16829d42-217c-4d5a-9a10-d8bc0f218b4c | ITER: 33 START
2019-07-25 08:59:59.573 19143 INFO rally.task.runner [-] Task 16829d42-217c-4d5a-9a10-d8bc0f218b4c | ITER: 13 END: OK
2019-07-25 08:59:59.576 19143 INFO rally.task.runner [-] Task 16829d42-217c-4d5a-9a10-d8bc0f218b4c | ITER: 34 START
2019-07-25 08:59:59.627 19161 INFO rally.task.runner [-] Task 16829d42-217c-4d5a-9a10-d8bc0f218b4c | ITER: 21 END: OK
2019-07-25 08:59:59.631 19161 INFO rally.task.runner [-] Task 16829d42-217c-4d5a-9a10-d8bc0f218b4c | ITER: 35 START
2019-07-25 08:59:59.828 19159 INFO rally.task.runner [-] Task 16829d42-217c-4d5a-9a10-d8bc0f218b4c | ITER: 23 END: OK
2019-07-25 08:59:59.831 19159 INFO rally.task.runner [-] Task 16829d42-217c-4d5a-9a10-d8bc0f218b4c | ITER: 36 START
2019-07-25 08:59:59.879 19121 INFO rally.task.runner [-] Task 16829d42-217c-4d5a-9a10-d8bc0f218b4c | ITER: 24 END: OK
2019-07-25 08:59:59.883 19121 INFO rally.task.runner [-] Task 16829d42-217c-4d5a-9a10-d8bc0f218b4c | ITER: 37 START
2019-07-25 09:00:00.374 19155 INFO rally.task.runner [-] Task 16829d42-217c-4d5a-9a10-d8bc0f218b4c | ITER: 25 END: OK
2019-07-25 09:00:00.377 19155 INFO rally.task.runner [-] Task 16829d42-217c-4d5a-9a10-d8bc0f218b4c | ITER: 38 START
2019-07-25 09:00:00.476 19121 INFO rally.task.runner [-] Task 16829d42-217c-4d5a-9a10-d8bc0f218b4c | ITER: 26 END: OK
2019-07-25 09:00:00.479 19121 INFO rally.task.runner [-] Task 16829d42-217c-4d5a-9a10-d8bc0f218b4c | ITER: 39 START
2019-07-25 09:00:00.611 19133 INFO rally.task.runner [-] Task 16829d42-217c-4d5a-9a10-d8bc0f218b4c | ITER: 22 END: OK
2019-07-25 09:00:00.614 19133 INFO rally.task.runner [-] Task 16829d42-217c-4d5a-9a10-d8bc0f218b4c | ITER: 40 START
2019-07-25 09:00:00.650 19119 INFO rally.task.runner [-] Task 16829d42-217c-4d5a-9a10-d8bc0f218b4c | ITER: 27 END: OK
2019-07-25 09:00:00.653 19119 INFO rally.task.runner [-] Task 16829d42-217c-4d5a-9a10-d8bc0f218b4c | ITER: 41 START
2019-07-25 09:00:01.028 19120 INFO rally.task.runner [-] Task 16829d42-217c-4d5a-9a10-d8bc0f218b4c | ITER: 28 END: OK
2019-07-25 09:00:01.031 19120 INFO rally.task.runner [-] Task 16829d42-217c-4d5a-9a10-d8bc0f218b4c | ITER: 42 START
2019-07-25 09:00:01.135 19140 INFO rally.task.runner [-] Task 16829d42-217c-4d5a-9a10-d8bc0f218b4c | ITER: 30 END: OK
2019-07-25 09:00:01.138 19140 INFO rally.task.runner [-] Task 16829d42-217c-4d5a-9a10-d8bc0f218b4c | ITER: 43 START
2019-07-25 09:00:01.584 19118 INFO rally.task.runner [-] Task 16829d42-217c-4d5a-9a10-d8bc0f218b4c | ITER: 29 END: OK
2019-07-25 09:00:01.587 19118 INFO rally.task.runner [-] Task 16829d42-217c-4d5a-9a10-d8bc0f218b4c | ITER: 44 START
2019-07-25 09:00:02.024 19150 INFO rally.task.runner [-] Task 16829d42-217c-4d5a-9a10-d8bc0f218b4c | ITER: 31 END: OK
2019-07-25 09:00:02.027 19150 INFO rally.task.runner [-] Task 16829d42-217c-4d5a-9a10-d8bc0f218b4c | ITER: 45 START
2019-07-25 09:00:02.185 19124 INFO rally.task.runner [-] Task 16829d42-217c-4d5a-9a10-d8bc0f218b4c | ITER: 9 END: OK
2019-07-25 09:00:02.188 19124 INFO rally.task.runner [-] Task 16829d42-217c-4d5a-9a10-d8bc0f218b4c | ITER: 46 START
2019-07-25 09:00:02.222 19165 INFO rally.task.runner [-] Task 16829d42-217c-4d5a-9a10-d8bc0f218b4c | ITER: 20 END: OK
2019-07-25 09:00:02.226 19165 INFO rally.task.runner [-] Task 16829d42-217c-4d5a-9a10-d8bc0f218b4c | ITER: 47 START
2019-07-25 09:00:02.340 19120 INFO rally.task.runner [-] Task 16829d42-217c-4d5a-9a10-d8bc0f218b4c | ITER: 4 END: OK
2019-07-25 09:00:02.343 19120 INFO rally.task.runner [-] Task 16829d42-217c-4d5a-9a10-d8bc0f218b4c | ITER: 48 START
2019-07-25 09:00:02.400 19118 INFO rally.task.runner [-] Task 16829d42-217c-4d5a-9a10-d8bc0f218b4c | ITER: 2 END: OK
2019-07-25 09:00:02.403 19146 INFO rally.task.runner [-] Task 16829d42-217c-4d5a-9a10-d8bc0f218b4c | ITER: 32 END: OK
2019-07-25 09:00:02.403 19118 INFO rally.task.runner [-] Task 16829d42-217c-4d5a-9a10-d8bc0f218b4c | ITER: 49 START
2019-07-25 09:00:02.406 19146 INFO rally.task.runner [-] Task 16829d42-217c-4d5a-9a10-d8bc0f218b4c | ITER: 50 START
2019-07-25 09:00:02.563 19153 INFO rally.task.runner [-] Task 16829d42-217c-4d5a-9a10-d8bc0f218b4c | ITER: 16 END: OK
2019-07-25 09:00:02.567 19153 INFO rally.task.runner [-] Task 16829d42-217c-4d5a-9a10-d8bc0f218b4c | ITER: 51 START
2019-07-25 09:00:02.849 19119 INFO rally.task.runner [-] Task 16829d42-217c-4d5a-9a10-d8bc0f218b4c | ITER: 33 END: OK
2019-07-25 09:00:02.852 19119 INFO rally.task.runner [-] Task 16829d42-217c-4d5a-9a10-d8bc0f218b4c | ITER: 52 START
2019-07-25 09:00:02.949 19161 INFO rally.task.runner [-] Task 16829d42-217c-4d5a-9a10-d8bc0f218b4c | ITER: 35 END: OK
2019-07-25 09:00:02.952 19161 INFO rally.task.runner [-] Task 16829d42-217c-4d5a-9a10-d8bc0f218b4c | ITER: 53 START
2019-07-25 09:00:02.969 19143 INFO rally.task.runner [-] Task 16829d42-217c-4d5a-9a10-d8bc0f218b4c | ITER: 34 END: OK
2019-07-25 09:00:02.972 19143 INFO rally.task.runner [-] Task 16829d42-217c-4d5a-9a10-d8bc0f218b4c | ITER: 54 START
2019-07-25 09:00:02.977 19126 INFO rally.task.runner [-] Task 16829d42-217c-4d5a-9a10-d8bc0f218b4c | ITER: 10 END: OK
2019-07-25 09:00:02.980 19126 INFO rally.task.runner [-] Task 16829d42-217c-4d5a-9a10-d8bc0f218b4c | ITER: 55 START
2019-07-25 09:00:03.213 19119 INFO rally.task.runner [-] Task 16829d42-217c-4d5a-9a10-d8bc0f218b4c | ITER: 41 END: OK
2019-07-25 09:00:03.216 19119 INFO rally.task.runner [-] Task 16829d42-217c-4d5a-9a10-d8bc0f218b4c | ITER: 56 START
2019-07-25 09:00:03.499 19121 INFO rally.task.runner [-] Task 16829d42-217c-4d5a-9a10-d8bc0f218b4c | ITER: 39 END: OK
2019-07-25 09:00:03.502 19121 INFO rally.task.runner [-] Task 16829d42-217c-4d5a-9a10-d8bc0f218b4c | ITER: 57 START
2019-07-25 09:00:03.551 19120 INFO rally.task.runner [-] Task 16829d42-217c-4d5a-9a10-d8bc0f218b4c | ITER: 42 END: OK
2019-07-25 09:00:03.554 19120 INFO rally.task.runner [-] Task 16829d42-217c-4d5a-9a10-d8bc0f218b4c | ITER: 58 START
2019-07-25 09:00:03.876 19118 INFO rally.task.runner [-] Task 16829d42-217c-4d5a-9a10-d8bc0f218b4c | ITER: 44 END: OK
2019-07-25 09:00:03.879 19118 INFO rally.task.runner [-] Task 16829d42-217c-4d5a-9a10-d8bc0f218b4c | ITER: 59 START
2019-07-25 09:00:03.966 19140 INFO rally.task.runner [-] Task 16829d42-217c-4d5a-9a10-d8bc0f218b4c | ITER: 43 END: OK
2019-07-25 09:00:03.969 19140 INFO rally.task.runner [-] Task 16829d42-217c-4d5a-9a10-d8bc0f218b4c | ITER: 60 START
2019-07-25 09:00:03.999 19159 INFO rally.task.runner [-] Task 16829d42-217c-4d5a-9a10-d8bc0f218b4c | ITER: 36 END: OK
2019-07-25 09:00:04.002 19159 INFO rally.task.runner [-] Task 16829d42-217c-4d5a-9a10-d8bc0f218b4c | ITER: 61 START
2019-07-25 09:00:04.330 19133 INFO rally.task.runner [-] Task 16829d42-217c-4d5a-9a10-d8bc0f218b4c | ITER: 40 END: OK
2019-07-25 09:00:04.333 19133 INFO rally.task.runner [-] Task 16829d42-217c-4d5a-9a10-d8bc0f218b4c | ITER: 62 START
2019-07-25 09:00:04.510 19121 INFO rally.task.runner [-] Task 16829d42-217c-4d5a-9a10-d8bc0f218b4c | ITER: 37 END: OK
2019-07-25 09:00:04.512 19121 INFO rally.task.runner [-] Task 16829d42-217c-4d5a-9a10-d8bc0f218b4c | ITER: 63 START
2019-07-25 09:00:04.736 19118 INFO rally.task.runner [-] Task 16829d42-217c-4d5a-9a10-d8bc0f218b4c | ITER: 49 END: OK
2019-07-25 09:00:04.738 19118 INFO rally.task.runner [-] Task 16829d42-217c-4d5a-9a10-d8bc0f218b4c | ITER: 64 START
2019-07-25 09:00:05.261 19143 INFO rally.task.runner [-] Task 16829d42-217c-4d5a-9a10-d8bc0f218b4c | ITER: 54 END: OK
2019-07-25 09:00:05.265 19143 INFO rally.task.runner [-] Task 16829d42-217c-4d5a-9a10-d8bc0f218b4c | ITER: 65 START
2019-07-25 09:00:05.304 19150 INFO rally.task.runner [-] Task 16829d42-217c-4d5a-9a10-d8bc0f218b4c | ITER: 45 END: OK
2019-07-25 09:00:05.307 19150 INFO rally.task.runner [-] Task 16829d42-217c-4d5a-9a10-d8bc0f218b4c | ITER: 66 START
2019-07-25 09:00:05.372 19124 INFO rally.task.runner [-] Task 16829d42-217c-4d5a-9a10-d8bc0f218b4c | ITER: 46 END: OK
2019-07-25 09:00:05.375 19124 INFO rally.task.runner [-] Task 16829d42-217c-4d5a-9a10-d8bc0f218b4c | ITER: 67 START
2019-07-25 09:00:05.776 19155 INFO rally.task.runner [-] Task 16829d42-217c-4d5a-9a10-d8bc0f218b4c | ITER: 38 END: OK
2019-07-25 09:00:05.779 19155 INFO rally.task.runner [-] Task 16829d42-217c-4d5a-9a10-d8bc0f218b4c | ITER: 68 START
2019-07-25 09:00:05.892 19161 INFO rally.task.runner [-] Task 16829d42-217c-4d5a-9a10-d8bc0f218b4c | ITER: 53 END: OK
2019-07-25 09:00:05.893 19153 INFO rally.task.runner [-] Task 16829d42-217c-4d5a-9a10-d8bc0f218b4c | ITER: 51 END: OK
2019-07-25 09:00:05.895 19161 INFO rally.task.runner [-] Task 16829d42-217c-4d5a-9a10-d8bc0f218b4c | ITER: 69 START
2019-07-25 09:00:05.896 19153 INFO rally.task.runner [-] Task 16829d42-217c-4d5a-9a10-d8bc0f218b4c | ITER: 70 START
2019-07-25 09:00:05.960 19165 INFO rally.task.runner [-] Task 16829d42-217c-4d5a-9a10-d8bc0f218b4c | ITER: 47 END: OK
2019-07-25 09:00:05.963 19165 INFO rally.task.runner [-] Task 16829d42-217c-4d5a-9a10-d8bc0f218b4c | ITER: 71 START
2019-07-25 09:00:06.077 19146 INFO rally.task.runner [-] Task 16829d42-217c-4d5a-9a10-d8bc0f218b4c | ITER: 50 END: OK
2019-07-25 09:00:06.080 19146 INFO rally.task.runner [-] Task 16829d42-217c-4d5a-9a10-d8bc0f218b4c | ITER: 72 START
2019-07-25 09:00:06.145 19120 INFO rally.task.runner [-] Task 16829d42-217c-4d5a-9a10-d8bc0f218b4c | ITER: 58 END: OK
2019-07-25 09:00:06.149 19120 INFO rally.task.runner [-] Task 16829d42-217c-4d5a-9a10-d8bc0f218b4c | ITER: 73 START
2019-07-25 09:00:06.189 19120 INFO rally.task.runner [-] Task 16829d42-217c-4d5a-9a10-d8bc0f218b4c | ITER: 48 END: OK
2019-07-25 09:00:06.191 19119 INFO rally.task.runner [-] Task 16829d42-217c-4d5a-9a10-d8bc0f218b4c | ITER: 56 END: OK
2019-07-25 09:00:06.192 19120 INFO rally.task.runner [-] Task 16829d42-217c-4d5a-9a10-d8bc0f218b4c | ITER: 74 START
2019-07-25 09:00:06.194 19119 INFO rally.task.runner [-] Task 16829d42-217c-4d5a-9a10-d8bc0f218b4c | ITER: 75 START
2019-07-25 09:00:06.228 19126 INFO rally.task.runner [-] Task 16829d42-217c-4d5a-9a10-d8bc0f218b4c | ITER: 55 END: OK
2019-07-25 09:00:06.232 19126 INFO rally.task.runner [-] Task 16829d42-217c-4d5a-9a10-d8bc0f218b4c | ITER: 76 START
2019-07-25 09:00:06.251 19121 INFO rally.task.runner [-] Task 16829d42-217c-4d5a-9a10-d8bc0f218b4c | ITER: 57 END: OK
2019-07-25 09:00:06.254 19121 INFO rally.task.runner [-] Task 16829d42-217c-4d5a-9a10-d8bc0f218b4c | ITER: 77 START
2019-07-25 09:00:06.474 19119 INFO rally.task.runner [-] Task 16829d42-217c-4d5a-9a10-d8bc0f218b4c | ITER: 52 END: OK
2019-07-25 09:00:06.478 19119 INFO rally.task.runner [-] Task 16829d42-217c-4d5a-9a10-d8bc0f218b4c | ITER: 78 START
2019-07-25 09:00:06.834 19159 INFO rally.task.runner [-] Task 16829d42-217c-4d5a-9a10-d8bc0f218b4c | ITER: 61 END: OK
2019-07-25 09:00:06.837 19159 INFO rally.task.runner [-] Task 16829d42-217c-4d5a-9a10-d8bc0f218b4c | ITER: 79 START
2019-07-25 09:00:07.123 19133 INFO rally.task.runner [-] Task 16829d42-217c-4d5a-9a10-d8bc0f218b4c | ITER: 62 END: OK
2019-07-25 09:00:07.126 19133 INFO rally.task.runner [-] Task 16829d42-217c-4d5a-9a10-d8bc0f218b4c | ITER: 80 START
2019-07-25 09:00:07.451 19121 INFO rally.task.runner [-] Task 16829d42-217c-4d5a-9a10-d8bc0f218b4c | ITER: 63 END: OK
2019-07-25 09:00:07.455 19121 INFO rally.task.runner [-] Task 16829d42-217c-4d5a-9a10-d8bc0f218b4c | ITER: 81 START
2019-07-25 09:00:07.704 19118 INFO rally.task.runner [-] Task 16829d42-217c-4d5a-9a10-d8bc0f218b4c | ITER: 59 END: OK
2019-07-25 09:00:07.707 19118 INFO rally.task.runner [-] Task 16829d42-217c-4d5a-9a10-d8bc0f218b4c | ITER: 82 START
2019-07-25 09:00:08.204 19140 INFO rally.task.runner [-] Task 16829d42-217c-4d5a-9a10-d8bc0f218b4c | ITER: 60 END: OK
2019-07-25 09:00:08.207 19140 INFO rally.task.runner [-] Task 16829d42-217c-4d5a-9a10-d8bc0f218b4c | ITER: 83 START
2019-07-25 09:00:08.225 19150 INFO rally.task.runner [-] Task 16829d42-217c-4d5a-9a10-d8bc0f218b4c | ITER: 66 END: OK
2019-07-25 09:00:08.228 19150 INFO rally.task.runner [-] Task 16829d42-217c-4d5a-9a10-d8bc0f218b4c | ITER: 84 START
2019-07-25 09:00:08.250 19118 INFO rally.task.runner [-] Task 16829d42-217c-4d5a-9a10-d8bc0f218b4c | ITER: 64 END: OK
2019-07-25 09:00:08.252 19118 INFO rally.task.runner [-] Task 16829d42-217c-4d5a-9a10-d8bc0f218b4c | ITER: 85 START
2019-07-25 09:00:08.618 19143 INFO rally.task.runner [-] Task 16829d42-217c-4d5a-9a10-d8bc0f218b4c | ITER: 65 END: OK
2019-07-25 09:00:08.621 19143 INFO rally.task.runner [-] Task 16829d42-217c-4d5a-9a10-d8bc0f218b4c | ITER: 86 START
2019-07-25 09:00:08.684 19155 INFO rally.task.runner [-] Task 16829d42-217c-4d5a-9a10-d8bc0f218b4c | ITER: 68 END: OK
2019-07-25 09:00:08.687 19155 INFO rally.task.runner [-] Task 16829d42-217c-4d5a-9a10-d8bc0f218b4c | ITER: 87 START
2019-07-25 09:00:08.831 19124 INFO rally.task.runner [-] Task 16829d42-217c-4d5a-9a10-d8bc0f218b4c | ITER: 67 END: OK
2019-07-25 09:00:08.832 19153 INFO rally.task.runner [-] Task 16829d42-217c-4d5a-9a10-d8bc0f218b4c | ITER: 70 END: OK
2019-07-25 09:00:08.835 19124 INFO rally.task.runner [-] Task 16829d42-217c-4d5a-9a10-d8bc0f218b4c | ITER: 88 START
2019-07-25 09:00:08.835 19153 INFO rally.task.runner [-] Task 16829d42-217c-4d5a-9a10-d8bc0f218b4c | ITER: 89 START
2019-07-25 09:00:08.957 19161 INFO rally.task.runner [-] Task 16829d42-217c-4d5a-9a10-d8bc0f218b4c | ITER: 69 END: OK
2019-07-25 09:00:08.960 19161 INFO rally.task.runner [-] Task 16829d42-217c-4d5a-9a10-d8bc0f218b4c | ITER: 90 START
2019-07-25 09:00:09.176 19120 INFO rally.task.runner [-] Task 16829d42-217c-4d5a-9a10-d8bc0f218b4c | ITER: 74 END: OK
2019-07-25 09:00:09.180 19121 INFO rally.task.runner [-] Task 16829d42-217c-4d5a-9a10-d8bc0f218b4c | ITER: 77 END: OK
2019-07-25 09:00:09.180 19120 INFO rally.task.runner [-] Task 16829d42-217c-4d5a-9a10-d8bc0f218b4c | ITER: 91 START
2019-07-25 09:00:09.182 19146 INFO rally.task.runner [-] Task 16829d42-217c-4d5a-9a10-d8bc0f218b4c | ITER: 72 END: OK
2019-07-25 09:00:09.183 19121 INFO rally.task.runner [-] Task 16829d42-217c-4d5a-9a10-d8bc0f218b4c | ITER: 92 START
2019-07-25 09:00:09.186 19146 INFO rally.task.runner [-] Task 16829d42-217c-4d5a-9a10-d8bc0f218b4c | ITER: 93 START
2019-07-25 09:00:09.268 19120 INFO rally.task.runner [-] Task 16829d42-217c-4d5a-9a10-d8bc0f218b4c | ITER: 73 END: OK
2019-07-25 09:00:09.271 19120 INFO rally.task.runner [-] Task 16829d42-217c-4d5a-9a10-d8bc0f218b4c | ITER: 94 START
2019-07-25 09:00:09.353 19119 INFO rally.task.runner [-] Task 16829d42-217c-4d5a-9a10-d8bc0f218b4c | ITER: 78 END: OK
2019-07-25 09:00:09.356 19119 INFO rally.task.runner [-] Task 16829d42-217c-4d5a-9a10-d8bc0f218b4c | ITER: 95 START
2019-07-25 09:00:09.530 19159 INFO rally.task.runner [-] Task 16829d42-217c-4d5a-9a10-d8bc0f218b4c | ITER: 79 END: OK
2019-07-25 09:00:09.533 19126 INFO rally.task.runner [-] Task 16829d42-217c-4d5a-9a10-d8bc0f218b4c | ITER: 76 END: OK
2019-07-25 09:00:09.534 19159 INFO rally.task.runner [-] Task 16829d42-217c-4d5a-9a10-d8bc0f218b4c | ITER: 96 START
2019-07-25 09:00:09.536 19126 INFO rally.task.runner [-] Task 16829d42-217c-4d5a-9a10-d8bc0f218b4c | ITER: 97 START
2019-07-25 09:00:09.717 19119 INFO rally.task.runner [-] Task 16829d42-217c-4d5a-9a10-d8bc0f218b4c | ITER: 75 END: OK
2019-07-25 09:00:09.720 19119 INFO rally.task.runner [-] Task 16829d42-217c-4d5a-9a10-d8bc0f218b4c | ITER: 98 START
2019-07-25 09:00:09.782 19133 INFO rally.task.runner [-] Task 16829d42-217c-4d5a-9a10-d8bc0f218b4c | ITER: 80 END: OK
2019-07-25 09:00:09.785 19133 INFO rally.task.runner [-] Task 16829d42-217c-4d5a-9a10-d8bc0f218b4c | ITER: 99 START
2019-07-25 09:00:09.840 19165 INFO rally.task.runner [-] Task 16829d42-217c-4d5a-9a10-d8bc0f218b4c | ITER: 71 END: OK
2019-07-25 09:00:09.843 19165 INFO rally.task.runner [-] Task 16829d42-217c-4d5a-9a10-d8bc0f218b4c | ITER: 100 START
2019-07-25 09:00:10.615 19118 INFO rally.task.runner [-] Task 16829d42-217c-4d5a-9a10-d8bc0f218b4c | ITER: 82 END: OK
2019-07-25 09:00:10.716 19121 INFO rally.task.runner [-] Task 16829d42-217c-4d5a-9a10-d8bc0f218b4c | ITER: 81 END: OK
2019-07-25 09:00:11.110 19118 INFO rally.task.runner [-] Task 16829d42-217c-4d5a-9a10-d8bc0f218b4c | ITER: 85 END: OK
2019-07-25 09:00:11.584 19153 INFO rally.task.runner [-] Task 16829d42-217c-4d5a-9a10-d8bc0f218b4c | ITER: 89 END: OK
2019-07-25 09:00:11.689 19150 INFO rally.task.runner [-] Task 16829d42-217c-4d5a-9a10-d8bc0f218b4c | ITER: 84 END: OK
2019-07-25 09:00:11.830 19140 INFO rally.task.runner [-] Task 16829d42-217c-4d5a-9a10-d8bc0f218b4c | ITER: 83 END: OK
2019-07-25 09:00:11.982 19120 INFO rally.task.runner [-] Task 16829d42-217c-4d5a-9a10-d8bc0f218b4c | ITER: 91 END: OK
2019-07-25 09:00:12.490 19143 INFO rally.task.runner [-] Task 16829d42-217c-4d5a-9a10-d8bc0f218b4c | ITER: 86 END: OK
2019-07-25 09:00:12.657 19133 INFO rally.task.runner [-] Task 16829d42-217c-4d5a-9a10-d8bc0f218b4c | ITER: 99 END: OK
2019-07-25 09:00:12.801 19146 INFO rally.task.runner [-] Task 16829d42-217c-4d5a-9a10-d8bc0f218b4c | ITER: 93 END: OK
2019-07-25 09:00:12.810 19126 INFO rally.task.runner [-] Task 16829d42-217c-4d5a-9a10-d8bc0f218b4c | ITER: 97 END: OK
2019-07-25 09:00:12.938 19155 INFO rally.task.runner [-] Task 16829d42-217c-4d5a-9a10-d8bc0f218b4c | ITER: 87 END: OK
2019-07-25 09:00:12.964 19120 INFO rally.task.runner [-] Task 16829d42-217c-4d5a-9a10-d8bc0f218b4c | ITER: 94 END: OK
2019-07-25 09:00:13.038 19119 INFO rally.task.runner [-] Task 16829d42-217c-4d5a-9a10-d8bc0f218b4c | ITER: 95 END: OK
2019-07-25 09:00:13.209 19165 INFO rally.task.runner [-] Task 16829d42-217c-4d5a-9a10-d8bc0f218b4c | ITER: 100 END: OK
2019-07-25 09:00:13.453 19159 INFO rally.task.runner [-] Task 16829d42-217c-4d5a-9a10-d8bc0f218b4c | ITER: 96 END: OK
2019-07-25 09:00:13.481 19119 INFO rally.task.runner [-] Task 16829d42-217c-4d5a-9a10-d8bc0f218b4c | ITER: 98 END: OK
2019-07-25 09:00:13.696 19121 INFO rally.task.runner [-] Task 16829d42-217c-4d5a-9a10-d8bc0f218b4c | ITER: 92 END: OK
2019-07-25 09:00:13.735 19124 INFO rally.task.runner [-] Task 16829d42-217c-4d5a-9a10-d8bc0f218b4c | ITER: 88 END: OK
2019-07-25 09:00:14.193 19161 INFO rally.task.runner [-] Task 16829d42-217c-4d5a-9a10-d8bc0f218b4c | ITER: 90 END: OK
2019-07-25 09:00:14.213 18994 INFO rally.task.context [-] Task 16829d42-217c-4d5a-9a10-d8bc0f218b4c | Context cleanup@openstack cleanup() started
2019-07-25 09:00:14.215 18994 RALLYDEBUG rally_openstack.cleanup.manager [-] Cleaning up neutron vip objects
2019-07-25 09:00:14.945 18994 RALLYDEBUG rally_openstack.cleanup.manager [-] Cleaning up neutron health_monitor objects
2019-07-25 09:00:15.662 18994 RALLYDEBUG rally_openstack.cleanup.manager [-] Cleaning up neutron pool objects
2019-07-25 09:00:16.383 18994 RALLYDEBUG rally_openstack.cleanup.manager [-] Cleaning up neutron loadbalancer objects
2019-07-25 09:00:17.104 18994 RALLYDEBUG rally_openstack.cleanup.manager [-] Cleaning up neutron floatingip objects
2019-07-25 09:00:17.877 18994 RALLYDEBUG rally_openstack.cleanup.manager [-] Cleaning up neutron port objects
2019-07-25 09:00:19.184 18994 RALLYDEBUG rally_openstack.cleanup.manager [-] Cleaning up neutron subnet objects
2019-07-25 09:00:19.950 18994 RALLYDEBUG rally_openstack.cleanup.manager [-] Cleaning up neutron network objects
2019-07-25 09:00:20.953 18994 RALLYDEBUG rally_openstack.cleanup.manager [-] Deleting neutron.network object s_rally_1b6aa2f0_QQYenFJx (058d0504-e9d8-40a3-a9e8-291286ca3642)
2019-07-25 09:00:20.957 18994 RALLYDEBUG rally_openstack.cleanup.manager [-] Deleting neutron.network object s_rally_1b6aa2f0_frL48Uma (0c3751fd-aa54-49da-9599-32c8ed9f09b0)
2019-07-25 09:00:20.966 18994 RALLYDEBUG rally_openstack.cleanup.manager [-] Deleting neutron.network object s_rally_1b6aa2f0_hm4ye4dl (102f6f5c-8fce-449b-9e55-acc504b751c8)
2019-07-25 09:00:20.979 18994 RALLYDEBUG rally_openstack.cleanup.manager [-] Deleting neutron.network object s_rally_1b6aa2f0_FTcDrqzr (11ddc4d6-7bda-42f7-b51b-d29a36d74f1a)
2019-07-25 09:00:20.979 18994 RALLYDEBUG rally_openstack.cleanup.manager [-] Deleting neutron.network object s_rally_1b6aa2f0_ByMUSaKr (12224e58-1373-4ec1-bc19-fedec040dfd6)
2019-07-25 09:00:20.983 18994 RALLYDEBUG rally_openstack.cleanup.manager [-] Deleting neutron.network object s_rally_1b6aa2f0_4EfmAkwK (1385c6b0-9c21-4fc0-8051-d0a805252fa8)
2019-07-25 09:00:20.990 18994 RALLYDEBUG rally_openstack.cleanup.manager [-] Deleting neutron.network object s_rally_1b6aa2f0_SFEkA0Yp (1623b950-56ee-4833-9893-062bf29d0b5f)
2019-07-25 09:00:21.009 18994 RALLYDEBUG rally_openstack.cleanup.manager [-] Deleting neutron.network object s_rally_1b6aa2f0_93zQ7Jq1 (16fca46d-0419-42ea-a20e-8ea05edc70b2)
2019-07-25 09:00:21.017 18994 RALLYDEBUG rally_openstack.cleanup.manager [-] Deleting neutron.network object s_rally_1b6aa2f0_rG9ZtNnu (175c6766-e17c-4123-858d-d451aaae539e)
2019-07-25 09:00:21.028 18994 RALLYDEBUG rally_openstack.cleanup.manager [-] Deleting neutron.network object s_rally_1b6aa2f0_2NmmDuOS (189adcf0-4867-46e6-8e2c-bde7d023f963)
2019-07-25 09:00:21.049 18994 RALLYDEBUG rally_openstack.cleanup.manager [-] Deleting neutron.network object s_rally_1b6aa2f0_Bsc564Si (192c50f8-2ade-43a6-bb04-b19a3fe6fe28)
2019-07-25 09:00:21.051 18994 RALLYDEBUG rally_openstack.cleanup.manager [-] Deleting neutron.network object s_rally_1b6aa2f0_hxkd0Ogf (19b12c7b-94f8-483d-a3e2-e7c0a68d72b3)
2019-07-25 09:00:21.058 18994 RALLYDEBUG rally_openstack.cleanup.manager [-] Deleting neutron.network object s_rally_1b6aa2f0_qFKUC9RE (1f4743a3-3d2d-46fa-8af1-93d7dbe734be)
2019-07-25 09:00:21.063 18994 RALLYDEBUG rally_openstack.cleanup.manager [-] Deleting neutron.network object s_rally_1b6aa2f0_NHZSex3L (20817dbf-97bc-4fb6-9720-00eac313f23f)
2019-07-25 09:00:21.084 18994 RALLYDEBUG rally_openstack.cleanup.manager [-] Deleting neutron.network object s_rally_1b6aa2f0_XI7dpkoq (232779e0-3c61-47f5-a85a-5b88c403d28f)
2019-07-25 09:00:21.090 18994 RALLYDEBUG rally_openstack.cleanup.manager [-] Deleting neutron.network object s_rally_1b6aa2f0_ry44oyL2 (24e3ddec-4e31-4a24-bb8a-d6168ec303ec)
2019-07-25 09:00:21.115 18994 RALLYDEBUG rally_openstack.cleanup.manager [-] Deleting neutron.network object s_rally_1b6aa2f0_ihjyGLdH (26f36672-e85f-46ee-a148-364c832fb733)
2019-07-25 09:00:21.122 18994 RALLYDEBUG rally_openstack.cleanup.manager [-] Deleting neutron.network object s_rally_1b6aa2f0_kPXGJIpf (2d13db64-2cdb-4584-a78b-b8afdce7160a)
2019-07-25 09:00:21.153 18994 RALLYDEBUG rally_openstack.cleanup.manager [-] Deleting neutron.network object s_rally_1b6aa2f0_BrnMTDG6 (2d306eb4-f9ae-4ee6-995e-784a3388dfdb)
2019-07-25 09:00:21.155 18994 RALLYDEBUG rally_openstack.cleanup.manager [-] Deleting neutron.network object s_rally_1b6aa2f0_mdNM8bdW (32250063-81ae-4319-a01e-0d6feb54a39f)
2019-07-25 09:00:24.621 18994 RALLYDEBUG rally_openstack.cleanup.manager [-] Deleting neutron.network object s_rally_1b6aa2f0_c7IqOZRx (367864fe-a73c-4d53-87a2-fe12fad9162b)
2019-07-25 09:00:24.681 18994 RALLYDEBUG rally_openstack.cleanup.manager [-] Deleting neutron.network object s_rally_1b6aa2f0_DMvU5Jiq (372a9b82-a470-41c0-9bd9-ca2bf5e4210d)
2019-07-25 09:00:24.877 18994 RALLYDEBUG rally_openstack.cleanup.manager [-] Deleting neutron.network object s_rally_1b6aa2f0_4BYSo08U (3a307348-4fc9-4317-8049-8d5cb77d7cd7)
2019-07-25 09:00:24.995 18994 RALLYDEBUG rally_openstack.cleanup.manager [-] Deleting neutron.network object s_rally_1b6aa2f0_JY03jxpm (3b777d26-d507-430a-b05a-c4c78917f9bd)
2019-07-25 09:00:25.064 18994 RALLYDEBUG rally_openstack.cleanup.manager [-] Deleting neutron.network object s_rally_1b6aa2f0_975HUQ9s (455daa7c-17d5-46f5-978c-3ee8e4c738e8)
2019-07-25 09:00:25.081 18994 RALLYDEBUG rally_openstack.cleanup.manager [-] Deleting neutron.network object s_rally_1b6aa2f0_U4zKmC4t (45b43dad-5426-4443-b3bd-cc379d89fafd)
2019-07-25 09:00:25.113 18994 RALLYDEBUG rally_openstack.cleanup.manager [-] Deleting neutron.network object s_rally_1b6aa2f0_9RGsca5n (47a56410-b10f-4b18-bac7-e4f2bf251756)
2019-07-25 09:00:25.168 18994 RALLYDEBUG rally_openstack.cleanup.manager [-] Deleting neutron.network object s_rally_1b6aa2f0_cQtKeKT4 (4967671b-d6ec-4c57-be1b-440d03c1de2c)
2019-07-25 09:00:25.195 18994 RALLYDEBUG rally_openstack.cleanup.manager [-] Deleting neutron.network object s_rally_1b6aa2f0_8HX4jATS (4cef9221-87d7-49dc-ae1f-a10ff0daba99)
2019-07-25 09:00:25.778 18994 RALLYDEBUG rally_openstack.cleanup.manager [-] Deleting neutron.network object s_rally_1b6aa2f0_Z48kKHwe (51343324-aab1-407b-a032-6f93b77a2e65)
2019-07-25 09:00:25.783 18994 RALLYDEBUG rally_openstack.cleanup.manager [-] Deleting neutron.network object s_rally_1b6aa2f0_GaLa9un2 (527e67cd-cbd4-46ef-bff8-14558f4b1acf)
2019-07-25 09:00:25.826 18994 RALLYDEBUG rally_openstack.cleanup.manager [-] Deleting neutron.network object s_rally_1b6aa2f0_JXhmmrT9 (567619da-8de4-43d2-ab2b-3d54ff1619f4)
2019-07-25 09:00:25.899 18994 RALLYDEBUG rally_openstack.cleanup.manager [-] Deleting neutron.network object s_rally_1b6aa2f0_cAWrgAZH (57616a4e-f8d2-446c-bdc0-701967a56877)
2019-07-25 09:00:26.107 18994 RALLYDEBUG rally_openstack.cleanup.manager [-] Deleting neutron.network object s_rally_1b6aa2f0_tOKXEnWj (5925dc14-5abc-475a-b5f3-84bcc9aaf0f6)
2019-07-25 09:00:26.159 18994 RALLYDEBUG rally_openstack.cleanup.manager [-] Deleting neutron.network object s_rally_1b6aa2f0_iBqJsTIG (5b72a195-6b02-4717-934e-01b8d0e22485)
2019-07-25 09:00:26.371 18994 RALLYDEBUG rally_openstack.cleanup.manager [-] Deleting neutron.network object s_rally_1b6aa2f0_l6fpMk91 (5b7416a8-5595-460e-909a-fa2747286dbb)
2019-07-25 09:00:26.375 18994 RALLYDEBUG rally_openstack.cleanup.manager [-] Deleting neutron.network object s_rally_1b6aa2f0_ySNgcmZY (5c498059-67b6-4288-93a1-abb6a1084559)
2019-07-25 09:00:26.617 18994 RALLYDEBUG rally_openstack.cleanup.manager [-] Deleting neutron.network object s_rally_1b6aa2f0_e2IZwMuz (5cab51ed-acb0-451d-ba17-a6a67c193d24)
2019-07-25 09:00:26.649 18994 RALLYDEBUG rally_openstack.cleanup.manager [-] Deleting neutron.network object s_rally_1b6aa2f0_UBCVaiqw (5d98a637-d6bd-4261-9ded-d17db4e5479e)
2019-07-25 09:00:26.700 18994 RALLYDEBUG rally_openstack.cleanup.manager [-] Deleting neutron.network object s_rally_1b6aa2f0_sicyMJpl (606d94a6-a163-4c6a-834b-46539388caf3)
2019-07-25 09:00:28.052 18994 RALLYDEBUG rally_openstack.cleanup.manager [-] Deleting neutron.network object s_rally_1b6aa2f0_ybhbgngF (61ab63a3-e277-44a2-8e19-3369601ce15f)
2019-07-25 09:00:28.162 18994 RALLYDEBUG rally_openstack.cleanup.manager [-] Deleting neutron.network object s_rally_1b6aa2f0_NMNz0m3H (624d3481-2951-4c05-9a02-1c8d2bdc0171)
2019-07-25 09:00:28.343 18994 RALLYDEBUG rally_openstack.cleanup.manager [-] Deleting neutron.network object s_rally_1b6aa2f0_ujDTFN2I (639dbf58-6c7e-4536-b77c-79b8ce9034db)
2019-07-25 09:00:28.498 18994 RALLYDEBUG rally_openstack.cleanup.manager [-] Deleting neutron.network object s_rally_1b6aa2f0_phm9qfod (645d2495-2f32-435a-9f13-39f9ca17338f)
2019-07-25 09:00:28.675 18994 RALLYDEBUG rally_openstack.cleanup.manager [-] Deleting neutron.network object s_rally_1b6aa2f0_TMekQoGO (651af97f-e25f-48d0-9ba4-fd2df31cd918)
2019-07-25 09:00:28.688 18994 RALLYDEBUG rally_openstack.cleanup.manager [-] Deleting neutron.network object s_rally_1b6aa2f0_wSm6fV7n (6dae7de5-9765-43b4-b52a-2801b8f2163c)
2019-07-25 09:00:28.688 18994 RALLYDEBUG rally_openstack.cleanup.manager [-] Deleting neutron.network object s_rally_1b6aa2f0_h20t3qH6 (69e4102b-be45-45cb-ae34-db9fa859363c)
2019-07-25 09:00:28.978 18994 RALLYDEBUG rally_openstack.cleanup.manager [-] Deleting neutron.network object s_rally_1b6aa2f0_gqYBQoDF (6e7177c4-ae3b-4595-b773-4b90073910f0)
2019-07-25 09:00:28.984 18994 RALLYDEBUG rally_openstack.cleanup.manager [-] Deleting neutron.network object s_rally_1b6aa2f0_Lny0PQfm (72936cec-2f86-4d4d-9a95-65e8f27e2e79)
2019-07-25 09:00:29.117 18994 RALLYDEBUG rally_openstack.cleanup.manager [-] Deleting neutron.network object s_rally_1b6aa2f0_a4A3E18T (737628b6-efe6-4d9d-97db-7c128f0beb3d)
2019-07-25 09:00:29.264 18994 RALLYDEBUG rally_openstack.cleanup.manager [-] Deleting neutron.network object s_rally_1b6aa2f0_mef6qO1t (73c3084e-b953-4e6f-9d8a-a22870e85788)
2019-07-25 09:00:29.416 18994 RALLYDEBUG rally_openstack.cleanup.manager [-] Deleting neutron.network object s_rally_1b6aa2f0_bqNszxon (7414cf59-8f4e-4fbc-bcc2-cd756316be78)
2019-07-25 09:00:29.583 18994 RALLYDEBUG rally_openstack.cleanup.manager [-] Deleting neutron.network object s_rally_1b6aa2f0_VbD3OiuH (758f464c-f9ba-43ad-84af-a4191895364f)
2019-07-25 09:00:29.602 18994 RALLYDEBUG rally_openstack.cleanup.manager [-] Deleting neutron.network object s_rally_1b6aa2f0_OjdjDJQP (76acb8b6-1a8a-4fbd-85ef-21ee10deb5b0)
2019-07-25 09:00:29.736 18994 RALLYDEBUG rally_openstack.cleanup.manager [-] Deleting neutron.network object s_rally_1b6aa2f0_XOMUegsW (78ac6529-5669-480c-ba6a-75849af254e6)
2019-07-25 09:00:29.742 18994 RALLYDEBUG rally_openstack.cleanup.manager [-] Deleting neutron.network object s_rally_1b6aa2f0_jZRpXDay (7999b70a-f346-447c-b914-87da7720eca9)
2019-07-25 09:00:29.749 18994 RALLYDEBUG rally_openstack.cleanup.manager [-] Deleting neutron.network object s_rally_1b6aa2f0_OBBMz2Nq (7b8b8d9e-82d6-4657-a672-be4f49d9fb75)
2019-07-25 09:00:29.850 18994 RALLYDEBUG rally_openstack.cleanup.manager [-] Deleting neutron.network object s_rally_1b6aa2f0_Mpx5yUSW (7c07e532-b8fa-4667-bc68-f73212c1222f)
2019-07-25 09:00:29.939 18994 RALLYDEBUG rally_openstack.cleanup.manager [-] Deleting neutron.network object s_rally_1b6aa2f0_zOUksBG4 (7c8bdbed-1dc8-43f3-be2f-dacc6d84f3d1)
2019-07-25 09:00:30.208 18994 RALLYDEBUG rally_openstack.cleanup.manager [-] Deleting neutron.network object s_rally_1b6aa2f0_Dtis949e (80f034a5-40fb-454f-ad11-ff6adc851a9b)
2019-07-25 09:00:31.386 18994 RALLYDEBUG rally_openstack.cleanup.manager [-] Deleting neutron.network object s_rally_1b6aa2f0_J3CqTsf8 (86892b53-0992-427b-9ffd-21fcbaadd380)
2019-07-25 09:00:31.452 18994 RALLYDEBUG rally_openstack.cleanup.manager [-] Deleting neutron.network object s_rally_1b6aa2f0_nfIFXBbJ (88ab9991-3e07-4abd-8c67-7cde481b4aba)
2019-07-25 09:00:31.704 18994 RALLYDEBUG rally_openstack.cleanup.manager [-] Deleting neutron.network object s_rally_1b6aa2f0_e0KRNfiq (8a478497-1f25-4b30-813b-234907c49847)
2019-07-25 09:00:31.765 18994 RALLYDEBUG rally_openstack.cleanup.manager [-] Deleting neutron.network object s_rally_1b6aa2f0_PxDeqkSD (8b86e257-dd82-4393-9837-0eb6813be50e)
2019-07-25 09:00:32.100 18994 RALLYDEBUG rally_openstack.cleanup.manager [-] Deleting neutron.network object s_rally_1b6aa2f0_rpkWIym3 (8bb8bed5-856b-4333-ab38-4f8378f8be37)
2019-07-25 09:00:32.197 18994 RALLYDEBUG rally_openstack.cleanup.manager [-] Deleting neutron.network object s_rally_1b6aa2f0_UUk5j3Ky (9142d8f2-4f4a-4fd9-9bc3-1490561b92dd)
2019-07-25 09:00:32.217 18994 RALLYDEBUG rally_openstack.cleanup.manager [-] Deleting neutron.network object s_rally_1b6aa2f0_jqjw7FfF (954b2e07-0953-40f0-a0e2-3aff6148757a)
2019-07-25 09:00:32.290 18994 RALLYDEBUG rally_openstack.cleanup.manager [-] Deleting neutron.network object s_rally_1b6aa2f0_Vw0FReBV (95d76242-26ca-404a-8fb8-2c43a10cdb5f)
2019-07-25 09:00:32.412 18994 RALLYDEBUG rally_openstack.cleanup.manager [-] Deleting neutron.network object s_rally_1b6aa2f0_4I6OJdas (968d0b78-e192-44fc-889b-cc35b0547e42)
2019-07-25 09:00:32.726 18994 RALLYDEBUG rally_openstack.cleanup.manager [-] Deleting neutron.network object s_rally_1b6aa2f0_8RaXgN1R (a03d1b5a-d10e-4d8f-94ce-5f6eec066cfb)
2019-07-25 09:00:32.816 18994 RALLYDEBUG rally_openstack.cleanup.manager [-] Deleting neutron.network object s_rally_1b6aa2f0_rM3fbDKk (a0700821-867e-449c-8ab3-13274373c88b)
2019-07-25 09:00:32.860 18994 RALLYDEBUG rally_openstack.cleanup.manager [-] Deleting neutron.network object s_rally_1b6aa2f0_7R7imlYN (a13892c8-df1d-4830-a6c9-5bf4476c950b)
2019-07-25 09:00:33.016 18994 RALLYDEBUG rally_openstack.cleanup.manager [-] Deleting neutron.network object s_rally_1b6aa2f0_OaNNysVM (a4e1e697-59f7-4f94-aa79-d671787b43dd)
2019-07-25 09:00:33.022 18994 RALLYDEBUG rally_openstack.cleanup.manager [-] Deleting neutron.network object s_rally_1b6aa2f0_DyWULJSk (a5a2a5f3-d3cf-47fe-98cc-bdca4c6e980a)
2019-07-25 09:00:33.395 18994 RALLYDEBUG rally_openstack.cleanup.manager [-] Deleting neutron.network object s_rally_1b6aa2f0_1elc3HuR (a6bd6e3f-39e9-47a8-b61b-ba8725ca738a)
2019-07-25 09:00:33.398 18994 RALLYDEBUG rally_openstack.cleanup.manager [-] Deleting neutron.network object s_rally_1b6aa2f0_UpHjJcXX (a60ce32e-7dd5-4416-9bd1-42daae8eec31)
2019-07-25 09:00:33.633 18994 RALLYDEBUG rally_openstack.cleanup.manager [-] Deleting neutron.network object s_rally_1b6aa2f0_BtUXx6tp (a796a2c9-33de-4785-9f11-2d6d7e78320b)
2019-07-25 09:00:33.704 18994 RALLYDEBUG rally_openstack.cleanup.manager [-] Deleting neutron.network object s_rally_1b6aa2f0_C2RbNR9Z (a99f8d38-ec26-45fc-b6d2-bcf32b532e36)
2019-07-25 09:00:33.799 18994 RALLYDEBUG rally_openstack.cleanup.manager [-] Deleting neutron.network object s_rally_1b6aa2f0_SEkK0Aeo (ad64041f-4560-46ae-8fb1-819f01d3ac48)
2019-07-25 09:00:33.856 18994 RALLYDEBUG rally_openstack.cleanup.manager [-] Deleting neutron.network object s_rally_1b6aa2f0_1o0hwjYy (b31bab1e-41d2-436d-bf23-b7881d9049d7)
2019-07-25 09:00:34.558 18994 RALLYDEBUG rally_openstack.cleanup.manager [-] Deleting neutron.network object s_rally_1b6aa2f0_BqlLwbCd (b397b8f3-e8f1-4a30-8874-602103eef27b)
2019-07-25 09:00:34.613 18994 RALLYDEBUG rally_openstack.cleanup.manager [-] Deleting neutron.network object s_rally_1b6aa2f0_NNzc4Lj2 (b4dce66b-3793-466e-a6f0-17b715a53315)
2019-07-25 09:00:34.905 18994 RALLYDEBUG rally_openstack.cleanup.manager [-] Deleting neutron.network object s_rally_1b6aa2f0_TdZWK16T (ba6777fd-ecc3-4cd8-b266-ec8edb9182c6)
2019-07-25 09:00:35.162 18994 RALLYDEBUG rally_openstack.cleanup.manager [-] Deleting neutron.network object s_rally_1b6aa2f0_89DqBr06 (bab7fbc3-a878-4de6-8e7f-6764eda53c35)
2019-07-25 09:00:35.388 18994 RALLYDEBUG rally_openstack.cleanup.manager [-] Deleting neutron.network object s_rally_1b6aa2f0_dhJ4nrWJ (bfb65b61-5a93-41e9-a9ac-1f681d57cfed)
2019-07-25 09:00:35.480 18994 RALLYDEBUG rally_openstack.cleanup.manager [-] Deleting neutron.network object s_rally_1b6aa2f0_r8G4ZxIl (c007fd51-89b3-4c52-9c84-62d826e98e1b)
2019-07-25 09:00:35.585 18994 RALLYDEBUG rally_openstack.cleanup.manager [-] Deleting neutron.network object s_rally_1b6aa2f0_Mv82yhEd (db601947-2696-45e1-aaee-299e419b7cb2)
2019-07-25 09:00:35.602 18994 RALLYDEBUG rally_openstack.cleanup.manager [-] Deleting neutron.network object s_rally_1b6aa2f0_O0lNlNOU (de853d5c-6cda-4062-b1dc-2fa79b38655c)
2019-07-25 09:00:35.660 18994 RALLYDEBUG rally_openstack.cleanup.manager [-] Deleting neutron.network object s_rally_1b6aa2f0_jmhsnDo5 (deb1fbc1-8adb-495d-b64e-51085bd467ff)
2019-07-25 09:00:36.211 18994 RALLYDEBUG rally_openstack.cleanup.manager [-] Deleting neutron.network object s_rally_1b6aa2f0_bZID53gX (e05f5d9e-7ecd-4462-8488-153ce462fee9)
2019-07-25 09:00:36.336 18994 RALLYDEBUG rally_openstack.cleanup.manager [-] Deleting neutron.network object s_rally_1b6aa2f0_bVpzsutF (e35e41ec-a6d5-4bcc-a1b1-08bc8ccfc26a)
2019-07-25 09:00:36.337 18994 RALLYDEBUG rally_openstack.cleanup.manager [-] Deleting neutron.network object s_rally_1b6aa2f0_WANWnXXO (ead85c82-3c1d-4008-bd36-c7c8cfa0ead7)
2019-07-25 09:00:36.458 18994 RALLYDEBUG rally_openstack.cleanup.manager [-] Deleting neutron.network object s_rally_1b6aa2f0_EZDADIc9 (eb3ab616-ee2f-489f-aaaf-d83e2c60c5e4)
2019-07-25 09:00:36.509 18994 RALLYDEBUG rally_openstack.cleanup.manager [-] Deleting neutron.network object s_rally_1b6aa2f0_zrXJsPp2 (ed80f745-5f23-4a17-8453-e34e09405bf0)
2019-07-25 09:00:36.740 18994 RALLYDEBUG rally_openstack.cleanup.manager [-] Deleting neutron.network object s_rally_1b6aa2f0_UlYz5rqz (f42754a5-33a2-4374-97a8-06736d86cc22)
2019-07-25 09:00:36.982 18994 RALLYDEBUG rally_openstack.cleanup.manager [-] Deleting neutron.network object s_rally_1b6aa2f0_JMLzS06i (f4f7383f-7938-4b54-8871-83b9bac37702)
