2019-07-25 09:15:33.438 18994 RALLYDEBUG rally_openstack.cleanup.manager [-] Deleting neutron.port object s_rally_3c3f892c_e8wuQryK (d49d0536-ee11-4af0-a2c3-6ab90cc12bda)
2019-07-25 09:15:33.459 18994 RALLYDEBUG rally_openstack.cleanup.manager [-] Deleting neutron.port object s_rally_3c3f892c_XbicrPYV (d4c60fea-1c7b-4af9-9f50-84ad5ff1c72a)
2019-07-25 09:15:33.535 18994 RALLYDEBUG rally_openstack.cleanup.manager [-] Deleting neutron.port object s_rally_3c3f892c_qlLnU82Q (d4eb1863-0b9d-46b8-a905-3244c057aee9)
2019-07-25 09:15:33.541 18994 RALLYDEBUG rally_openstack.cleanup.manager [-] Deleting neutron.port object s_rally_3c3f892c_oNdTjlzT (d5877617-9470-47ff-b09d-87b053209c04)
2019-07-25 09:15:33.590 18994 RALLYDEBUG rally_openstack.cleanup.manager [-] Deleting neutron.port object s_rally_3c3f892c_qR401Sc3 (d5c36a3c-b647-4869-89fb-1d4a23b4a6ca)
2019-07-25 09:15:33.701 18994 RALLYDEBUG rally_openstack.cleanup.manager [-] Deleting neutron.port object s_rally_3c3f892c_FBuPz7xZ (d5ebbb37-42c1-4f4b-90b7-1d73dd8f290c)
2019-07-25 09:15:33.778 18994 RALLYDEBUG rally_openstack.cleanup.manager [-] Deleting neutron.port object s_rally_3c3f892c_DoVQiDqf (d6226481-c0e7-4091-a88a-88b0789a48ad)
2019-07-25 09:15:33.825 18994 RALLYDEBUG rally_openstack.cleanup.manager [-] Deleting neutron.port object s_rally_3c3f892c_Dp5aUYDz (d74f133d-fa8d-4e14-91bf-1e000bee3ff3)
2019-07-25 09:15:33.984 18994 RALLYDEBUG rally_openstack.cleanup.manager [-] Deleting neutron.port object s_rally_3c3f892c_Tl3Mf9BL (d794c3c5-8bd5-4c0d-9221-1301634f8f40)
2019-07-25 09:15:34.054 18994 RALLYDEBUG rally_openstack.cleanup.manager [-] Deleting neutron.port object s_rally_3c3f892c_yv2MrsnW (d82c1d4a-6cf9-404e-b642-16884cfbbc3e)
2019-07-25 09:15:34.289 18994 RALLYDEBUG rally_openstack.cleanup.manager [-] Deleting neutron.port object s_rally_3c3f892c_IQiTT3og (da6dd5f2-ab3d-4fb8-a000-afaa36479411)
2019-07-25 09:15:34.742 18994 RALLYDEBUG rally_openstack.cleanup.manager [-] Deleting neutron.port object s_rally_3c3f892c_XnkwFDB0 (dbbc2bb3-4f7d-4d43-9764-28ab18b36e86)
2019-07-25 09:15:34.904 18994 RALLYDEBUG rally_openstack.cleanup.manager [-] Deleting neutron.port object s_rally_3c3f892c_2vQYUhy6 (dd56099d-f213-46a9-b97b-7b26e0862c3b)
2019-07-25 09:15:35.003 18994 RALLYDEBUG rally_openstack.cleanup.manager [-] Deleting neutron.port object s_rally_3c3f892c_TDgI3ekg (dd594710-0985-425a-9f23-59792cc25599)
2019-07-25 09:15:35.010 18994 RALLYDEBUG rally_openstack.cleanup.manager [-] Deleting neutron.port object s_rally_3c3f892c_JdOLaQOL (ddefcd9f-e086-4a49-a494-1a4d0bc2a7e0)
2019-07-25 09:15:35.125 18994 RALLYDEBUG rally_openstack.cleanup.manager [-] Deleting neutron.port object s_rally_3c3f892c_gRbP3Rou (de041f5c-110e-4be3-ba93-20b82c91e551)
2019-07-25 09:15:35.403 18994 RALLYDEBUG rally_openstack.cleanup.manager [-] Deleting neutron.port object s_rally_3c3f892c_UeaWlERD (de61629f-4e1c-419d-b926-2daf2940b625)
2019-07-25 09:15:35.630 18994 RALLYDEBUG rally_openstack.cleanup.manager [-] Deleting neutron.port object s_rally_3c3f892c_m7xSuIFR (dee3e8ed-bc54-4cb6-bdcb-69cd2039a6eb)
2019-07-25 09:15:35.800 18994 RALLYDEBUG rally_openstack.cleanup.manager [-] Deleting neutron.port object s_rally_3c3f892c_bS1FFs7K (df4329f1-e7d3-4904-80b1-ac8fd9f99839)
2019-07-25 09:15:35.879 18994 RALLYDEBUG rally_openstack.cleanup.manager [-] Deleting neutron.port object s_rally_3c3f892c_F0p1OaER (e0ae4008-7890-48cb-8b5d-7f07b8fbcef6)
2019-07-25 09:15:36.029 18994 RALLYDEBUG rally_openstack.cleanup.manager [-] Deleting neutron.port object s_rally_3c3f892c_QGJFiqsL (e11be9e1-26c8-4b62-9784-2391f5826514)
2019-07-25 09:15:36.143 18994 RALLYDEBUG rally_openstack.cleanup.manager [-] Deleting neutron.port object s_rally_3c3f892c_FtoxJl9h (e1235040-f248-4d93-92d1-ced43ffce2f0)
2019-07-25 09:15:36.428 18994 RALLYDEBUG rally_openstack.cleanup.manager [-] Deleting neutron.port object s_rally_3c3f892c_ADhwpB4s (e22a82e0-6c42-489a-8a42-bd467e78aa3d)
2019-07-25 09:15:36.583 18994 RALLYDEBUG rally_openstack.cleanup.manager [-] Deleting neutron.port object s_rally_3c3f892c_AoAfBEFQ (e2b7f22c-0e9f-49df-b93b-c66748f690aa)
2019-07-25 09:15:36.750 18994 RALLYDEBUG rally_openstack.cleanup.manager [-] Deleting neutron.port object s_rally_3c3f892c_TvV93LpZ (e4fc91b9-1fc4-4cda-af65-ce33646a2ada)
2019-07-25 09:15:36.753 18994 RALLYDEBUG rally_openstack.cleanup.manager [-] Deleting neutron.port object s_rally_3c3f892c_wDNll03U (e5009577-bacc-4ea1-b89f-61f692a1252f)
2019-07-25 09:15:36.795 18994 RALLYDEBUG rally_openstack.cleanup.manager [-] Deleting neutron.port object s_rally_3c3f892c_FQnjcB4c (e56ef067-6320-41cd-bf11-e43d70c81313)
2019-07-25 09:15:36.902 18994 RALLYDEBUG rally_openstack.cleanup.manager [-] Deleting neutron.port object s_rally_3c3f892c_IXKIT0z4 (e75deead-37fb-4cf3-88d7-6c8346a0afd0)
2019-07-25 09:15:36.928 18994 RALLYDEBUG rally_openstack.cleanup.manager [-] Deleting neutron.port object s_rally_3c3f892c_YhojzRAZ (e75f50f9-52c0-4ee2-80a7-0ba688c4696f)
2019-07-25 09:15:36.947 18994 RALLYDEBUG rally_openstack.cleanup.manager [-] Deleting neutron.port object s_rally_3c3f892c_MNW21fV4 (e8423886-ab7f-49e7-9920-f7ca6ec2838c)
2019-07-25 09:15:37.054 18994 RALLYDEBUG rally_openstack.cleanup.manager [-] Deleting neutron.port object s_rally_3c3f892c_hfrV4fNw (e8be3a59-7a89-4ba9-b0b6-b751973d374d)
2019-07-25 09:15:37.141 18994 RALLYDEBUG rally_openstack.cleanup.manager [-] Deleting neutron.port object s_rally_3c3f892c_PJatgbin (e8c1055a-10c2-4c6c-bf74-59a79eb8b024)
2019-07-25 09:15:37.287 18994 RALLYDEBUG rally_openstack.cleanup.manager [-] Deleting neutron.port object s_rally_3c3f892c_qWwxUHmB (e907f824-da37-43c4-b530-d8b0728d9bb1)
2019-07-25 09:15:37.338 18994 RALLYDEBUG rally_openstack.cleanup.manager [-] Deleting neutron.port object s_rally_3c3f892c_3foG0DFu (ea522f20-b15f-4c82-8c3a-e41335018f96)
2019-07-25 09:15:37.632 18994 RALLYDEBUG rally_openstack.cleanup.manager [-] Deleting neutron.port object s_rally_3c3f892c_rMAOhMgw (eb1979c8-7ef0-4076-aada-149f9907395d)
2019-07-25 09:15:37.775 18994 RALLYDEBUG rally_openstack.cleanup.manager [-] Deleting neutron.port object s_rally_3c3f892c_xDzWRmjQ (eb3e4dc7-886e-4c8d-9dc1-33069ff7f8c6)
2019-07-25 09:15:37.924 18994 RALLYDEBUG rally_openstack.cleanup.manager [-] Deleting neutron.port object s_rally_3c3f892c_Xbxm82Tv (eb7dba14-448c-46d5-9f2e-f1fc082e0512)
2019-07-25 09:15:38.129 18994 RALLYDEBUG rally_openstack.cleanup.manager [-] Deleting neutron.port object s_rally_3c3f892c_Bjq89TkX (ebb0ec54-a5ad-443b-a556-9ad0ad9f0648)
2019-07-25 09:15:38.247 18994 RALLYDEBUG rally_openstack.cleanup.manager [-] Deleting neutron.port object s_rally_3c3f892c_qpts3C6m (ec506d15-dda2-45c1-bc70-47d6f08367a7)
2019-07-25 09:15:38.309 18994 RALLYDEBUG rally_openstack.cleanup.manager [-] Deleting neutron.port object s_rally_3c3f892c_9WnfnQj5 (ec7b981f-f4b6-4443-b00d-a5a298f65ae6)
2019-07-25 09:15:38.413 18994 RALLYDEBUG rally_openstack.cleanup.manager [-] Deleting neutron.port object s_rally_3c3f892c_ofx93eNK (ed4d6d92-6c07-4862-8e89-49d0a648fd05)
2019-07-25 09:15:38.801 18994 RALLYDEBUG rally_openstack.cleanup.manager [-] Deleting neutron.port object s_rally_3c3f892c_CW7sOiZ4 (ed6492d7-b4b2-41ab-8245-103735a75519)
2019-07-25 09:15:38.884 18994 RALLYDEBUG rally_openstack.cleanup.manager [-] Deleting neutron.port object s_rally_3c3f892c_xHkhr3ck (edd1cb5c-f25f-4c91-b4dc-10131c7d4901)
2019-07-25 09:15:39.194 18994 RALLYDEBUG rally_openstack.cleanup.manager [-] Deleting neutron.port object s_rally_3c3f892c_nfEfo5PM (f1243e5e-d304-494d-ace2-47547a12cc58)
2019-07-25 09:15:39.207 18994 RALLYDEBUG rally_openstack.cleanup.manager [-] Deleting neutron.port object s_rally_3c3f892c_HkqkvhaI (f193df1e-a19a-4cca-9124-27cd09237ce0)
2019-07-25 09:15:39.238 18994 RALLYDEBUG rally_openstack.cleanup.manager [-] Deleting neutron.port object s_rally_3c3f892c_FY7KIpna (f1d42c56-0e42-4bca-8bbf-4fb0b02042aa)
2019-07-25 09:15:39.358 18994 RALLYDEBUG rally_openstack.cleanup.manager [-] Deleting neutron.port object s_rally_3c3f892c_Wv3XaV33 (f302ab75-056a-4d25-bf70-c56dcfa894d9)
2019-07-25 09:15:39.380 18994 RALLYDEBUG rally_openstack.cleanup.manager [-] Deleting neutron.port object s_rally_3c3f892c_LkepswzR (f3498220-4479-40bb-b6f4-2a1ad9a66b30)
2019-07-25 09:15:39.630 18994 RALLYDEBUG rally_openstack.cleanup.manager [-] Deleting neutron.port object s_rally_3c3f892c_C2KTSIb2 (f4bcb7ee-ddb9-4fcf-88f9-8a9565ded659)
2019-07-25 09:15:39.744 18994 RALLYDEBUG rally_openstack.cleanup.manager [-] Deleting neutron.port object s_rally_3c3f892c_nS1eKGOe (f568c6ea-f307-4ebc-9d9f-591e0a10bef1)
2019-07-25 09:15:39.789 18994 RALLYDEBUG rally_openstack.cleanup.manager [-] Deleting neutron.port object s_rally_3c3f892c_MF5hg2ss (f7134987-43fc-456a-b00d-1f2cba62c699)
2019-07-25 09:15:39.969 18994 RALLYDEBUG rally_openstack.cleanup.manager [-] Deleting neutron.port object s_rally_3c3f892c_nqADLQtb (f79d6c04-e203-40d0-b7ff-eefd41865cf5)
2019-07-25 09:15:40.088 18994 RALLYDEBUG rally_openstack.cleanup.manager [-] Deleting neutron.port object s_rally_3c3f892c_v02EI438 (f9cef850-da12-4609-9bcc-9155b2d42a1f)
2019-07-25 09:15:40.134 18994 RALLYDEBUG rally_openstack.cleanup.manager [-] Deleting neutron.port object s_rally_3c3f892c_LdbJfmek (fa5979d5-fed2-4265-887b-92243ca5b17e)
2019-07-25 09:15:40.204 18994 RALLYDEBUG rally_openstack.cleanup.manager [-] Deleting neutron.port object s_rally_3c3f892c_zSqYvgOD (fadbd141-b1db-46d2-a631-18495dc31eb8)
2019-07-25 09:15:40.219 18994 RALLYDEBUG rally_openstack.cleanup.manager [-] Deleting neutron.port object s_rally_3c3f892c_vPQqTV24 (fafe2360-9e9b-4044-8162-2d158831ba49)
2019-07-25 09:15:40.227 18994 RALLYDEBUG rally_openstack.cleanup.manager [-] Deleting neutron.port object s_rally_3c3f892c_JErPQc8O (fd534641-232d-4b47-8db8-e8f9f4a4a62d)
2019-07-25 09:15:40.569 18994 RALLYDEBUG rally_openstack.cleanup.manager [-] Deleting neutron.port object s_rally_3c3f892c_1PjlrFCF (fdec39fc-def7-4135-acdb-3ae9d68f974b)
2019-07-25 09:15:40.582 18994 RALLYDEBUG rally_openstack.cleanup.manager [-] Deleting neutron.port object s_rally_3c3f892c_8uGF8NoZ (ffa849b1-7fcb-455d-9589-3d6fa265c758)
2019-07-25 09:15:40.774 18994 RALLYDEBUG rally_openstack.cleanup.manager [-] Deleting neutron.port object s_rally_3c3f892c_RserFk8M (ffee1b8e-a7d9-4450-b8ff-ce3f32c204c8)
2019-07-25 09:15:43.318 18994 RALLYDEBUG rally_openstack.cleanup.manager [-] Cleaning up neutron subnet objects
2019-07-25 09:15:44.074 18994 RALLYDEBUG rally_openstack.cleanup.manager [-] Cleaning up neutron network objects
2019-07-25 09:15:44.812 18994 RALLYDEBUG rally_openstack.cleanup.manager [-] Deleting neutron.network object s_rally_3c3f892c_7q3KcjJU (24a8f3ab-876e-4e07-9aee-238b387f9607)
2019-07-25 09:15:44.813 18994 RALLYDEBUG rally_openstack.cleanup.manager [-] Deleting neutron.network object s_rally_3c3f892c_p72DjiEx (297b636e-ad83-4a45-af0a-f235f5ab9481)
2019-07-25 09:15:44.824 18994 RALLYDEBUG rally_openstack.cleanup.manager [-] Deleting neutron.network object s_rally_3c3f892c_GxC3OE9J (2d7bb596-e766-451c-84b1-0c50cb047bac)
2019-07-25 09:15:44.831 18994 RALLYDEBUG rally_openstack.cleanup.manager [-] Deleting neutron.network object s_rally_3c3f892c_4w9O7F4n (9b6553e4-fab2-4ff5-962f-6069142da523)
2019-07-25 09:15:44.848 18994 RALLYDEBUG rally_openstack.cleanup.manager [-] Deleting neutron.network object s_rally_3c3f892c_Vgeg9Rry (c583f41f-1c8d-4fa2-b81e-57425fb4c012)
2019-07-25 09:15:44.855 18994 RALLYDEBUG rally_openstack.cleanup.manager [-] Deleting neutron.network object s_rally_3c3f892c_Ky3FfRsr (da00d14e-f51c-4ed4-a32a-47973ba84191)
2019-07-25 09:15:44.863 18994 RALLYDEBUG rally_openstack.cleanup.manager [-] Deleting neutron.network object s_rally_3c3f892c_2wzuEMpF (ee80e790-a3f3-4ee5-b04e-f98eb6c160fb)
2019-07-25 09:15:44.869 18994 RALLYDEBUG rally_openstack.cleanup.manager [-] Deleting neutron.network object s_rally_3c3f892c_FsguEo2P (fdd76add-cb7b-45ed-b4d0-a2f291857ef0)
2019-07-25 09:15:49.196 18994 RALLYDEBUG rally_openstack.cleanup.manager [-] Cleaning up neutron router objects
2019-07-25 09:15:49.907 18994 RALLYDEBUG rally_openstack.cleanup.manager [-] Cleaning up neutron security_group objects
2019-07-25 09:15:50.710 18994 INFO rally.task.context [-] Task 16829d42-217c-4d5a-9a10-d8bc0f218b4c | Context cleanup@openstack cleanup() finished in 1.13 min
2019-07-25 09:15:50.711 18994 INFO rally.task.context [-] Task 16829d42-217c-4d5a-9a10-d8bc0f218b4c | Context quotas@openstack cleanup() started
2019-07-25 09:15:50.941 18994 INFO rally.task.context [-] Task 16829d42-217c-4d5a-9a10-d8bc0f218b4c | Context quotas@openstack cleanup() finished in 0.23 sec
2019-07-25 09:15:50.941 18994 INFO rally.task.context [-] Task 16829d42-217c-4d5a-9a10-d8bc0f218b4c | Context users@openstack cleanup() started
2019-07-25 09:15:55.807 18994 INFO rally.task.context [-] Task 16829d42-217c-4d5a-9a10-d8bc0f218b4c | Context users@openstack cleanup() finished in 4.87 sec
2019-07-25 09:15:57.144 18994 INFO rally.task.engine [-] Load duration is: 110.815133
2019-07-25 09:15:57.145 18994 INFO rally.task.engine [-] Full runner duration is: 110.864334
2019-07-25 09:15:57.145 18994 INFO rally.task.engine [-] Full duration is: 189.576637
2019-07-25 09:15:57.372 18994 INFO rally.task.engine [-] Running workload: position = 1 config = { "version": 2, "title": "A cropped version of a bigger task.", "description": "Auto-generated task from a single workload (uuid=bd4ec1e1-e023-42d1-8799-0fcad3d14107)", "subtasks": [ { "title": "NeutronNetworks.create_and_update_ports", "description": "Create and update a given number of ports.", "scenario": { "NeutronNetworks.create_and_update_ports": { "network_create_args": {}, "port_create_args": {}, "ports_per_network": 5, "port_update_args": { "admin_state_up": false, "device_id": "dummy_id", "device_owner": "dummy_owner", "name": "_port_updated" } } }, "contexts": { "users": { "tenants": 1, "users_per_tenant": 1 }, "quotas": { "neutron": { "network": -1, "port": -1 } } }, "runner": { "constant": { "times": 40, "concurrency": 20 } }, "hooks": [], "sla": { "failure_rate": { "max": 0 } } } ] }
2019-07-25 09:15:57.397 18994 RALLYDEBUG rally_openstack.contexts.keystone.users [-] Creating 1 tenants using 20 threads
2019-07-25 09:15:59.328 18994 RALLYDEBUG rally_openstack.contexts.keystone.users [-] Creating 1 users using 20 threads
2019-07-25 09:16:02.135 18994 INFO rally.task.context [-] Task 16829d42-217c-4d5a-9a10-d8bc0f218b4c | Context users@openstack setup() finished in 4.74 sec
2019-07-25 09:16:02.978 18994 INFO rally.task.context [-] Task 16829d42-217c-4d5a-9a10-d8bc0f218b4c | Context quotas@openstack setup() finished in 0.84 sec
2019-07-25 09:16:02.978 18994 INFO rally.task.context [-] Task 16829d42-217c-4d5a-9a10-d8bc0f218b4c | Context cleanup@openstack setup() finished in 0.01 msec
2019-07-25 09:16:02.984 18994 RALLYDEBUG rally.task.runner [-] Starting the constant runner (task UUID: 16829d42-217c-4d5a-9a10-d8bc0f218b4c). timeout: 0 concurrency: 20 concurrency_per_worker: 1 times: 40 concurrency_overhead: 4 processes_to_start: 16 max_cpu_used: 16
2019-07-25 09:16:02.997 22870 RALLYDEBUG rally.task.runner [-] Starting a worker. concurrency: 2 args: {"network_create_args": {}, "port_create_args": {}, "ports_per_network": 5, "port_update_args": {"admin_state_up": false, "device_id": "dummy_id", "device_owner": "dummy_owner", "name": "_port_updated"}} times: 40 method_name: run timeout: 0 duration: None cls:
2019-07-25 09:16:02.999 22871 RALLYDEBUG rally.task.runner [-] Starting a worker. concurrency: 2 args: {"network_create_args": {}, "port_create_args": {}, "ports_per_network": 5, "port_update_args": {"admin_state_up": false, "device_id": "dummy_id", "device_owner": "dummy_owner", "name": "_port_updated"}} times: 40 method_name: run timeout: 0 duration: None cls:
2019-07-25 09:16:03.002 22872 RALLYDEBUG rally.task.runner [-] Starting a worker. concurrency: 2 args: {"network_create_args": {}, "port_create_args": {}, "ports_per_network": 5, "port_update_args": {"admin_state_up": false, "device_id": "dummy_id", "device_owner": "dummy_owner", "name": "_port_updated"}} times: 40 method_name: run timeout: 0 duration: None cls:
2019-07-25 09:16:03.006 22870 INFO rally.task.runner [-] Task 16829d42-217c-4d5a-9a10-d8bc0f218b4c | ITER: 1 START
2019-07-25 09:16:03.007 22873 RALLYDEBUG rally.task.runner [-] Starting a worker. concurrency: 2 args: {"network_create_args": {}, "port_create_args": {}, "ports_per_network": 5, "port_update_args": {"admin_state_up": false, "device_id": "dummy_id", "device_owner": "dummy_owner", "name": "_port_updated"}} times: 40 method_name: run timeout: 0 duration: None cls:
2019-07-25 09:16:03.007 22871 INFO rally.task.runner [-] Task 16829d42-217c-4d5a-9a10-d8bc0f218b4c | ITER: 2 START
2019-07-25 09:16:03.008 22870 WARNING rally_openstack.scenarios.neutron.utils [-] Running this scenario without either the 'network' or 'existing_network' context is deprecated
2019-07-25 09:16:03.008 22874 RALLYDEBUG rally.task.runner [-] Starting a worker. concurrency: 1 args: {"network_create_args": {}, "port_create_args": {}, "ports_per_network": 5, "port_update_args": {"admin_state_up": false, "device_id": "dummy_id", "device_owner": "dummy_owner", "name": "_port_updated"}} times: 40 method_name: run timeout: 0 duration: None cls:
2019-07-25 09:16:03.009 22871 INFO rally.task.runner [-] Task 16829d42-217c-4d5a-9a10-d8bc0f218b4c | ITER: 4 START
2019-07-25 09:16:03.010 22871 WARNING rally_openstack.scenarios.neutron.utils [-] Running this scenario without either the 'network' or 'existing_network' context is deprecated
2019-07-25 09:16:03.012 22872 INFO rally.task.runner [-] Task 16829d42-217c-4d5a-9a10-d8bc0f218b4c | ITER: 6 START
2019-07-25 09:16:03.013 22879 RALLYDEBUG rally.task.runner [-] Starting a worker. concurrency: 1 args: {"network_create_args": {}, "port_create_args": {}, "ports_per_network": 5, "port_update_args": {"admin_state_up": false, "device_id": "dummy_id", "device_owner": "dummy_owner", "name": "_port_updated"}} times: 40 method_name: run timeout: 0 duration: None cls:
2019-07-25 09:16:03.013 22872 INFO rally.task.runner [-] Task 16829d42-217c-4d5a-9a10-d8bc0f218b4c | ITER: 5 START
2019-07-25 09:16:03.015 22872 WARNING rally_openstack.scenarios.neutron.utils [-] Running this scenario without either the 'network' or 'existing_network' context is deprecated
2019-07-25 09:16:03.016 22874 INFO rally.task.runner [-] Task 16829d42-217c-4d5a-9a10-d8bc0f218b4c | ITER: 8 START
2019-07-25 09:16:03.017 22873 INFO rally.task.runner [-] Task 16829d42-217c-4d5a-9a10-d8bc0f218b4c | ITER: 7 START
2019-07-25 09:16:03.018 22870 INFO rally.task.runner [-] Task 16829d42-217c-4d5a-9a10-d8bc0f218b4c | ITER: 3 START
2019-07-25 09:16:03.017 22884 RALLYDEBUG rally.task.runner [-] Starting a worker. concurrency: 1 args: {"network_create_args": {}, "port_create_args": {}, "ports_per_network": 5, "port_update_args": {"admin_state_up": false, "device_id": "dummy_id", "device_owner": "dummy_owner", "name": "_port_updated"}} times: 40 method_name: run timeout: 0 duration: None cls:
2019-07-25 09:16:03.018 22874 WARNING rally_openstack.scenarios.neutron.utils [-] Running this scenario without either the 'network' or 'existing_network' context is deprecated
2019-07-25 09:16:03.019 22870 WARNING rally_openstack.scenarios.neutron.utils [-] Running this scenario without either the 'network' or 'existing_network' context is deprecated
2019-07-25 09:16:03.018 22873 INFO rally.task.runner [-] Task 16829d42-217c-4d5a-9a10-d8bc0f218b4c | ITER: 9 START
2019-07-25 09:16:03.019 22879 INFO rally.task.runner [-] Task 16829d42-217c-4d5a-9a10-d8bc0f218b4c | ITER: 10 START
2019-07-25 09:16:03.011 22871 WARNING rally_openstack.scenarios.neutron.utils [-] Running this scenario without either the 'network' or 'existing_network' context is deprecated
2019-07-25 09:16:03.021 22879 WARNING rally_openstack.scenarios.neutron.utils [-] Running this scenario without either the 'network' or 'existing_network' context is deprecated
2019-07-25 09:16:03.021 22872 WARNING rally_openstack.scenarios.neutron.utils [-] Running this scenario without either the 'network' or 'existing_network' context is deprecated
2019-07-25 09:16:03.020 22873 WARNING rally_openstack.scenarios.neutron.utils [-] Running this scenario without either the 'network' or 'existing_network' context is deprecated
2019-07-25 09:16:03.019 22873 WARNING rally_openstack.scenarios.neutron.utils [-] Running this scenario without either the 'network' or 'existing_network' context is deprecated
2019-07-25 09:16:03.024 22884 INFO rally.task.runner [-] Task 16829d42-217c-4d5a-9a10-d8bc0f218b4c | ITER: 11 START
2019-07-25 09:16:03.024 22891 RALLYDEBUG rally.task.runner [-] Starting a worker. concurrency: 1 args: {"network_create_args": {}, "port_create_args": {}, "ports_per_network": 5, "port_update_args": {"admin_state_up": false, "device_id": "dummy_id", "device_owner": "dummy_owner", "name": "_port_updated"}} times: 40 method_name: run timeout: 0 duration: None cls:
2019-07-25 09:16:03.026 22884 WARNING rally_openstack.scenarios.neutron.utils [-] Running this scenario without either the 'network' or 'existing_network' context is deprecated
2019-07-25 09:16:03.027 22894 RALLYDEBUG rally.task.runner [-] Starting a worker. concurrency: 1 args: {"network_create_args": {}, "port_create_args": {}, "ports_per_network": 5, "port_update_args": {"admin_state_up": false, "device_id": "dummy_id", "device_owner": "dummy_owner", "name": "_port_updated"}} times: 40 method_name: run timeout: 0 duration: None cls:
2019-07-25 09:16:03.031 22891 INFO rally.task.runner [-] Task 16829d42-217c-4d5a-9a10-d8bc0f218b4c | ITER: 12 START
2019-07-25 09:16:03.032 22894 INFO rally.task.runner [-] Task 16829d42-217c-4d5a-9a10-d8bc0f218b4c | ITER: 13 START
2019-07-25 09:16:03.031 22895 RALLYDEBUG rally.task.runner [-] Starting a worker. concurrency: 1 args: {"network_create_args": {}, "port_create_args": {}, "ports_per_network": 5, "port_update_args": {"admin_state_up": false, "device_id": "dummy_id", "device_owner": "dummy_owner", "name": "_port_updated"}} times: 40 method_name: run timeout: 0 duration: None cls:
2019-07-25 09:16:03.031 22898 RALLYDEBUG rally.task.runner [-] Starting a worker. concurrency: 1 args: {"network_create_args": {}, "port_create_args": {}, "ports_per_network": 5, "port_update_args": {"admin_state_up": false, "device_id": "dummy_id", "device_owner": "dummy_owner", "name": "_port_updated"}} times: 40 method_name: run timeout: 0 duration: None cls:
2019-07-25 09:16:03.033 22894 WARNING rally_openstack.scenarios.neutron.utils [-] Running this scenario without either the 'network' or 'existing_network' context is deprecated
2019-07-25 09:16:03.034 22891 WARNING rally_openstack.scenarios.neutron.utils [-] Running this scenario without either the 'network' or 'existing_network' context is deprecated
2019-07-25 09:16:03.038 22902 RALLYDEBUG rally.task.runner [-] Starting a worker. concurrency: 1 args: {"network_create_args": {}, "port_create_args": {}, "ports_per_network": 5, "port_update_args": {"admin_state_up": false, "device_id": "dummy_id", "device_owner": "dummy_owner", "name": "_port_updated"}} times: 40 method_name: run timeout: 0 duration: None cls:
2019-07-25 09:16:03.039 22898 INFO rally.task.runner [-] Task 16829d42-217c-4d5a-9a10-d8bc0f218b4c | ITER: 15 START
2019-07-25 09:16:03.039 22895 INFO rally.task.runner [-] Task 16829d42-217c-4d5a-9a10-d8bc0f218b4c | ITER: 14 START
2019-07-25 09:16:03.041 22895 WARNING rally_openstack.scenarios.neutron.utils [-] Running this scenario without either the 'network' or 'existing_network' context is deprecated
2019-07-25 09:16:03.042 22898 WARNING rally_openstack.scenarios.neutron.utils [-] Running this scenario without either the 'network' or 'existing_network' context is deprecated
2019-07-25 09:16:03.043 22902 INFO rally.task.runner [-] Task 16829d42-217c-4d5a-9a10-d8bc0f218b4c | ITER: 16 START
2019-07-25 09:16:03.045 22902 WARNING rally_openstack.scenarios.neutron.utils [-] Running this scenario without either the 'network' or 'existing_network' context is deprecated
2019-07-25 09:16:03.049 22908 RALLYDEBUG rally.task.runner [-] Starting a worker. concurrency: 1 args: {"network_create_args": {}, "port_create_args": {}, "ports_per_network": 5, "port_update_args": {"admin_state_up": false, "device_id": "dummy_id", "device_owner": "dummy_owner", "name": "_port_updated"}} times: 40 method_name: run timeout: 0 duration: None cls:
2019-07-25 09:16:03.054 22908 INFO rally.task.runner [-] Task 16829d42-217c-4d5a-9a10-d8bc0f218b4c | ITER: 17 START
2019-07-25 09:16:03.056 22908 WARNING rally_openstack.scenarios.neutron.utils [-] Running this scenario without either the 'network' or 'existing_network' context is deprecated
2019-07-25 09:16:03.057 22911 RALLYDEBUG rally.task.runner [-] Starting a worker. concurrency: 1 args: {"network_create_args": {}, "port_create_args": {}, "ports_per_network": 5, "port_update_args": {"admin_state_up": false, "device_id": "dummy_id", "device_owner": "dummy_owner", "name": "_port_updated"}} times: 40 method_name: run timeout: 0 duration: None cls:
2019-07-25 09:16:03.063 22911 INFO rally.task.runner [-] Task 16829d42-217c-4d5a-9a10-d8bc0f218b4c | ITER: 18 START
2019-07-25 09:16:03.065 22911 WARNING rally_openstack.scenarios.neutron.utils [-] Running this scenario without either the 'network' or 'existing_network' context is deprecated
2019-07-25 09:16:03.065 22914 RALLYDEBUG rally.task.runner [-] Starting a worker. concurrency: 1 args: {"network_create_args": {}, "port_create_args": {}, "ports_per_network": 5, "port_update_args": {"admin_state_up": false, "device_id": "dummy_id", "device_owner": "dummy_owner", "name": "_port_updated"}} times: 40 method_name: run timeout: 0 duration: None cls:
2019-07-25 09:16:03.069 22917 RALLYDEBUG rally.task.runner [-] Starting a worker. concurrency: 1 args: {"network_create_args": {}, "port_create_args": {}, "ports_per_network": 5, "port_update_args": {"admin_state_up": false, "device_id": "dummy_id", "device_owner": "dummy_owner", "name": "_port_updated"}} times: 40 method_name: run timeout: 0 duration: None cls:
2019-07-25 09:16:03.070 22914 INFO rally.task.runner [-] Task 16829d42-217c-4d5a-9a10-d8bc0f218b4c | ITER: 19 START
2019-07-25 09:16:03.072 22914 WARNING rally_openstack.scenarios.neutron.utils [-] Running this scenario without either the 'network' or 'existing_network' context is deprecated
2019-07-25 09:16:03.075 22917 INFO rally.task.runner [-] Task 16829d42-217c-4d5a-9a10-d8bc0f218b4c | ITER: 20 START
2019-07-25 09:16:03.076 22917 WARNING rally_openstack.scenarios.neutron.utils [-] Running this scenario without either the 'network' or 'existing_network' context is deprecated
2019-07-25 09:16:18.435 22902 INFO rally.task.runner [-] Task 16829d42-217c-4d5a-9a10-d8bc0f218b4c | ITER: 16 END: OK
2019-07-25 09:16:18.440 22902 INFO rally.task.runner [-] Task 16829d42-217c-4d5a-9a10-d8bc0f218b4c | ITER: 21 START
2019-07-25 09:16:18.440 22902 WARNING rally_openstack.scenarios.neutron.utils [-] Running this scenario without either the 'network' or 'existing_network' context is deprecated
2019-07-25 09:16:19.095 22870 INFO rally.task.runner [-] Task 16829d42-217c-4d5a-9a10-d8bc0f218b4c | ITER: 3 END: OK
2019-07-25 09:16:19.099 22870 INFO rally.task.runner [-] Task 16829d42-217c-4d5a-9a10-d8bc0f218b4c | ITER: 22 START
2019-07-25 09:16:19.100 22870 WARNING rally_openstack.scenarios.neutron.utils [-] Running this scenario without either the 'network' or 'existing_network' context is deprecated
2019-07-25 09:16:19.440 22871 INFO rally.task.runner [-] Task 16829d42-217c-4d5a-9a10-d8bc0f218b4c | ITER: 2 END: OK
2019-07-25 09:16:19.445 22871 INFO rally.task.runner [-] Task 16829d42-217c-4d5a-9a10-d8bc0f218b4c | ITER: 23 START
2019-07-25 09:16:19.445 22871 WARNING rally_openstack.scenarios.neutron.utils [-] Running this scenario without either the 'network' or 'existing_network' context is deprecated
2019-07-25 09:16:20.468 22894 INFO rally.task.runner [-] Task 16829d42-217c-4d5a-9a10-d8bc0f218b4c | ITER: 13 END: OK
2019-07-25 09:16:20.472 22894 INFO rally.task.runner [-] Task 16829d42-217c-4d5a-9a10-d8bc0f218b4c | ITER: 24 START
2019-07-25 09:16:20.473 22894 WARNING rally_openstack.scenarios.neutron.utils [-] Running this scenario without either the 'network' or 'existing_network' context is deprecated
2019-07-25 09:16:20.958 22879 INFO rally.task.runner [-] Task 16829d42-217c-4d5a-9a10-d8bc0f218b4c | ITER: 10 END: OK
2019-07-25 09:16:20.963 22879 INFO rally.task.runner [-] Task 16829d42-217c-4d5a-9a10-d8bc0f218b4c | ITER: 25 START
2019-07-25 09:16:20.963 22879 WARNING rally_openstack.scenarios.neutron.utils [-] Running this scenario without either the 'network' or 'existing_network' context is deprecated
2019-07-25 09:16:21.038 22873 INFO rally.task.runner [-] Task 16829d42-217c-4d5a-9a10-d8bc0f218b4c | ITER: 7 END: OK
2019-07-25 09:16:21.042 22873 INFO rally.task.runner [-] Task 16829d42-217c-4d5a-9a10-d8bc0f218b4c | ITER: 26 START
2019-07-25 09:16:21.043 22873 WARNING rally_openstack.scenarios.neutron.utils [-] Running this scenario without either the 'network' or 'existing_network' context is deprecated
2019-07-25 09:16:21.068 22917 INFO rally.task.runner [-] Task 16829d42-217c-4d5a-9a10-d8bc0f218b4c | ITER: 20 END: OK
2019-07-25 09:16:21.072 22917 INFO rally.task.runner [-] Task 16829d42-217c-4d5a-9a10-d8bc0f218b4c | ITER: 27 START
2019-07-25 09:16:21.073 22917 WARNING rally_openstack.scenarios.neutron.utils [-] Running this scenario without either the 'network' or 'existing_network' context is deprecated
2019-07-25 09:16:21.579 22895 INFO rally.task.runner [-] Task 16829d42-217c-4d5a-9a10-d8bc0f218b4c | ITER: 14 END: OK
2019-07-25 09:16:21.584 22895 INFO rally.task.runner [-] Task 16829d42-217c-4d5a-9a10-d8bc0f218b4c | ITER: 28 START
2019-07-25 09:16:21.584 22895 WARNING rally_openstack.scenarios.neutron.utils [-] Running this scenario without either the 'network' or 'existing_network' context is deprecated
2019-07-25 09:16:21.617 22884 INFO rally.task.runner [-] Task 16829d42-217c-4d5a-9a10-d8bc0f218b4c | ITER: 11 END: OK
2019-07-25 09:16:21.622 22884 INFO rally.task.runner [-] Task 16829d42-217c-4d5a-9a10-d8bc0f218b4c | ITER: 29 START
2019-07-25 09:16:21.622 22884 WARNING rally_openstack.scenarios.neutron.utils [-] Running this scenario without either the 'network' or 'existing_network' context is deprecated
2019-07-25 09:16:21.659 22870 INFO rally.task.runner [-] Task 16829d42-217c-4d5a-9a10-d8bc0f218b4c | ITER: 1 END: OK
2019-07-25 09:16:21.662 22870 INFO rally.task.runner [-] Task 16829d42-217c-4d5a-9a10-d8bc0f218b4c | ITER: 30 START
2019-07-25 09:16:21.663 22870 WARNING rally_openstack.scenarios.neutron.utils [-] Running this scenario without either the 'network' or 'existing_network' context is deprecated
2019-07-25 09:16:21.925 22898 INFO rally.task.runner [-] Task 16829d42-217c-4d5a-9a10-d8bc0f218b4c | ITER: 15 END: OK
2019-07-25 09:16:21.929 22898 INFO rally.task.runner [-] Task 16829d42-217c-4d5a-9a10-d8bc0f218b4c | ITER: 31 START
2019-07-25 09:16:21.930 22898 WARNING rally_openstack.scenarios.neutron.utils [-] Running this scenario without either the 'network' or 'existing_network' context is deprecated
2019-07-25 09:16:22.011 22872 INFO rally.task.runner [-] Task 16829d42-217c-4d5a-9a10-d8bc0f218b4c | ITER: 5 END: OK
2019-07-25 09:16:22.015 22872 INFO rally.task.runner [-] Task 16829d42-217c-4d5a-9a10-d8bc0f218b4c | ITER: 32 START
2019-07-25 09:16:22.016 22872 WARNING rally_openstack.scenarios.neutron.utils [-] Running this scenario without either the 'network' or 'existing_network' context is deprecated
2019-07-25 09:16:22.493 22873 INFO rally.task.runner [-] Task 16829d42-217c-4d5a-9a10-d8bc0f218b4c | ITER: 9 END: OK
2019-07-25 09:16:22.498 22873 INFO rally.task.runner [-] Task 16829d42-217c-4d5a-9a10-d8bc0f218b4c | ITER: 33 START
2019-07-25 09:16:22.498 22873 WARNING rally_openstack.scenarios.neutron.utils [-] Running this scenario without either the 'network' or 'existing_network' context is deprecated
2019-07-25 09:16:22.623 22908 INFO rally.task.runner [-] Task 16829d42-217c-4d5a-9a10-d8bc0f218b4c | ITER: 17 END: OK
2019-07-25 09:16:22.628 22908 INFO rally.task.runner [-] Task 16829d42-217c-4d5a-9a10-d8bc0f218b4c | ITER: 34 START
2019-07-25 09:16:22.629 22908 WARNING rally_openstack.scenarios.neutron.utils [-] Running this scenario without either the 'network' or 'existing_network' context is deprecated
2019-07-25 09:16:22.972 22871 INFO rally.task.runner [-] Task 16829d42-217c-4d5a-9a10-d8bc0f218b4c | ITER: 4 END: OK
2019-07-25 09:16:22.976 22871 INFO rally.task.runner [-] Task 16829d42-217c-4d5a-9a10-d8bc0f218b4c | ITER: 35 START
2019-07-25 09:16:22.977 22871 WARNING rally_openstack.scenarios.neutron.utils [-] Running this scenario without either the 'network' or 'existing_network' context is deprecated
2019-07-25 09:16:24.325 22872 INFO rally.task.runner [-] Task 16829d42-217c-4d5a-9a10-d8bc0f218b4c | ITER: 6 END: OK
2019-07-25 09:16:24.329 22872 INFO rally.task.runner [-] Task 16829d42-217c-4d5a-9a10-d8bc0f218b4c | ITER: 36 START
2019-07-25 09:16:24.330 22872 WARNING rally_openstack.scenarios.neutron.utils [-] Running this scenario without either the 'network' or 'existing_network' context is deprecated
2019-07-25 09:16:24.669 22914 INFO rally.task.runner [-] Task 16829d42-217c-4d5a-9a10-d8bc0f218b4c | ITER: 19 END: OK
2019-07-25 09:16:24.674 22914 INFO rally.task.runner [-] Task 16829d42-217c-4d5a-9a10-d8bc0f218b4c | ITER: 37 START
2019-07-25 09:16:24.674 22914 WARNING rally_openstack.scenarios.neutron.utils [-] Running this scenario without either the 'network' or 'existing_network' context is deprecated
2019-07-25 09:16:25.677 22891 INFO rally.task.runner [-] Task 16829d42-217c-4d5a-9a10-d8bc0f218b4c | ITER: 12 END: OK
2019-07-25 09:16:25.681 22891 INFO rally.task.runner [-] Task 16829d42-217c-4d5a-9a10-d8bc0f218b4c | ITER: 38 START
2019-07-25 09:16:25.682 22891 WARNING rally_openstack.scenarios.neutron.utils [-] Running this scenario without either the 'network' or 'existing_network' context is deprecated
2019-07-25 09:16:26.001 22911 INFO rally.task.runner [-] Task 16829d42-217c-4d5a-9a10-d8bc0f218b4c | ITER: 18 END: OK
2019-07-25 09:16:26.006 22911 INFO rally.task.runner [-] Task 16829d42-217c-4d5a-9a10-d8bc0f218b4c | ITER: 39 START
2019-07-25 09:16:26.007 22911 WARNING rally_openstack.scenarios.neutron.utils [-] Running this scenario without either the 'network' or 'existing_network' context is deprecated
2019-07-25 09:16:26.774 22874 INFO rally.task.runner [-] Task 16829d42-217c-4d5a-9a10-d8bc0f218b4c | ITER: 8 END: OK
2019-07-25 09:16:26.779 22874 INFO rally.task.runner [-] Task 16829d42-217c-4d5a-9a10-d8bc0f218b4c | ITER: 40 START
2019-07-25 09:16:26.779 22874 WARNING rally_openstack.scenarios.neutron.utils [-] Running this scenario without either the 'network' or 'existing_network' context is deprecated
2019-07-25 09:16:34.517 22902 INFO rally.task.runner [-] Task 16829d42-217c-4d5a-9a10-d8bc0f218b4c | ITER: 21 END: OK
2019-07-25 09:16:36.210 22870 INFO rally.task.runner [-] Task 16829d42-217c-4d5a-9a10-d8bc0f218b4c | ITER: 22 END: OK
2019-07-25 09:16:37.433 22871 INFO rally.task.runner [-] Task 16829d42-217c-4d5a-9a10-d8bc0f218b4c | ITER: 23 END: OK
2019-07-25 09:16:38.642 22879 INFO rally.task.runner [-] Task 16829d42-217c-4d5a-9a10-d8bc0f218b4c | ITER: 25 END: OK
2019-07-25 09:16:38.813 22894 INFO rally.task.runner [-] Task 16829d42-217c-4d5a-9a10-d8bc0f218b4c | ITER: 24 END: OK
2019-07-25 09:16:39.061 22895 INFO rally.task.runner [-] Task 16829d42-217c-4d5a-9a10-d8bc0f218b4c | ITER: 28 END: OK
2019-07-25 09:16:39.089 22917 INFO rally.task.runner [-] Task 16829d42-217c-4d5a-9a10-d8bc0f218b4c | ITER: 27 END: OK
2019-07-25 09:16:39.335 22898 INFO rally.task.runner [-] Task 16829d42-217c-4d5a-9a10-d8bc0f218b4c | ITER: 31 END: OK
2019-07-25 09:16:39.971 22870 INFO rally.task.runner [-] Task 16829d42-217c-4d5a-9a10-d8bc0f218b4c | ITER: 30 END: OK
2019-07-25 09:16:40.129 22884 INFO rally.task.runner [-] Task 16829d42-217c-4d5a-9a10-d8bc0f218b4c | ITER: 29 END: OK
2019-07-25 09:16:40.145 22873 INFO rally.task.runner [-] Task 16829d42-217c-4d5a-9a10-d8bc0f218b4c | ITER: 26 END: OK
2019-07-25 09:16:40.347 22872 INFO rally.task.runner [-] Task 16829d42-217c-4d5a-9a10-d8bc0f218b4c | ITER: 32 END: OK
2019-07-25 09:16:40.379 22908 INFO rally.task.runner [-] Task 16829d42-217c-4d5a-9a10-d8bc0f218b4c | ITER: 34 END: OK
2019-07-25 09:16:40.697 22873 INFO rally.task.runner [-] Task 16829d42-217c-4d5a-9a10-d8bc0f218b4c | ITER: 33 END: OK
2019-07-25 09:16:40.714 22871 INFO rally.task.runner [-] Task 16829d42-217c-4d5a-9a10-d8bc0f218b4c | ITER: 35 END: OK
2019-07-25 09:16:41.063 22891 INFO rally.task.runner [-] Task 16829d42-217c-4d5a-9a10-d8bc0f218b4c | ITER: 38 END: OK
2019-07-25 09:16:41.342 22872 INFO rally.task.runner [-] Task 16829d42-217c-4d5a-9a10-d8bc0f218b4c | ITER: 36 END: OK
2019-07-25 09:16:41.421 22874 INFO rally.task.runner [-] Task 16829d42-217c-4d5a-9a10-d8bc0f218b4c | ITER: 40 END: OK
2019-07-25 09:16:42.091 22911 INFO rally.task.runner [-] Task 16829d42-217c-4d5a-9a10-d8bc0f218b4c | ITER: 39 END: OK
2019-07-25 09:16:42.630 22914 INFO rally.task.runner [-] Task 16829d42-217c-4d5a-9a10-d8bc0f218b4c | ITER: 37 END: OK
2019-07-25 09:16:42.653 18994 INFO rally.task.context [-] Task 16829d42-217c-4d5a-9a10-d8bc0f218b4c | Context cleanup@openstack cleanup() started
2019-07-25 09:16:42.656 18994 RALLYDEBUG rally_openstack.cleanup.manager [-] Cleaning up neutron vip objects
2019-07-25 09:16:43.407 18994 RALLYDEBUG rally_openstack.cleanup.manager [-] Cleaning up neutron health_monitor objects
2019-07-25 09:16:44.079 18994 RALLYDEBUG rally_openstack.cleanup.manager [-] Cleaning up neutron pool objects
2019-07-25 09:16:44.822 18994 RALLYDEBUG rally_openstack.cleanup.manager [-] Cleaning up neutron loadbalancer objects
2019-07-25 09:16:45.474 18994 RALLYDEBUG rally_openstack.cleanup.manager [-] Cleaning up neutron floatingip objects
2019-07-25 09:16:46.286 18994 RALLYDEBUG rally_openstack.cleanup.manager [-] Cleaning up neutron port objects
2019-07-25 09:16:47.930 18994 RALLYDEBUG rally_openstack.cleanup.manager [-] Deleting neutron.port object s_rally_bd4ec1e1_zhxuYtGL (04b59f08-8fc5-4fcd-b84b-4ee11a7aad96)
2019-07-25 09:16:47.935 18994 RALLYDEBUG rally_openstack.cleanup.manager [-] Deleting neutron.port object s_rally_bd4ec1e1_IGKhG4Jt (03cef1a9-2104-4270-b439-767876a1e7a1)
2019-07-25 09:16:47.938 18994 RALLYDEBUG rally_openstack.cleanup.manager [-] Deleting neutron.port object s_rally_bd4ec1e1_5VMJ7EGe (056e269e-6878-45c1-8f22-39e74f980e53)
2019-07-25 09:16:47.940 18994 RALLYDEBUG rally_openstack.cleanup.manager [-] Deleting neutron.port object s_rally_bd4ec1e1_CMqROQ57 (0481f7d9-29da-443a-b4bf-47768b530081)
2019-07-25 09:16:47.944 18994 RALLYDEBUG rally_openstack.cleanup.manager [-] Deleting neutron.port object s_rally_bd4ec1e1_59pxmvsW (07e59503-3874-4b47-ad53-2559ce93a7d4)
2019-07-25 09:16:47.943 18994 RALLYDEBUG rally_openstack.cleanup.manager [-] Deleting neutron.port object s_rally_bd4ec1e1_Lj94gS7X (04076a19-2774-44d2-8d11-d91db40dfa32)
2019-07-25 09:16:47.949 18994 RALLYDEBUG rally_openstack.cleanup.manager [-] Deleting neutron.port object s_rally_bd4ec1e1_p5UONvTx (013fa5a7-6f84-4254-9445-e836ee9ecf88)
2019-07-25 09:16:47.953 18994 RALLYDEBUG rally_openstack.cleanup.manager [-] Deleting neutron.port object s_rally_bd4ec1e1_hGW3BDvS (036dfcf9-ef03-4dbc-9feb-54e87e6ceb0f)
2019-07-25 09:16:47.954 18994 RALLYDEBUG rally_openstack.cleanup.manager [-] Deleting neutron.port object s_rally_bd4ec1e1_OFUm3gJx (02bcf81f-af12-4a1c-9d33-b4f6720e8c1b)
2019-07-25 09:16:47.960 18994 RALLYDEBUG rally_openstack.cleanup.manager [-] Deleting neutron.port object s_rally_bd4ec1e1_KCuGBkGa (081ba445-e7cc-425c-9748-f260cd277b27)
2019-07-25 09:16:47.974 18994 RALLYDEBUG rally_openstack.cleanup.manager [-] Deleting neutron.port object s_rally_bd4ec1e1_vqJLV8o5 (09ea5d99-542e-4707-8f93-f080fcda4b03)
2019-07-25 09:16:47.980 18994 RALLYDEBUG rally_openstack.cleanup.manager [-] Deleting neutron.port object s_rally_bd4ec1e1_cZQzUmYe (09b49812-70de-4ae4-b30b-008f7989eecd)
2019-07-25 09:16:47.993 18994 RALLYDEBUG rally_openstack.cleanup.manager [-] Deleting neutron.port object s_rally_bd4ec1e1_nmrRNuV8 (04abaab6-682c-4330-8c88-4fff1d0cceb2)
2019-07-25 09:16:48.024 18994 RALLYDEBUG rally_openstack.cleanup.manager [-] Deleting neutron.port object s_rally_bd4ec1e1_gKaIW1uz (0a1584ca-1292-4294-8eca-be6e3ee31234)
2019-07-25 09:16:48.027 18994 RALLYDEBUG rally_openstack.cleanup.manager [-] Deleting neutron.port object s_rally_bd4ec1e1_EsmyO6u2 (0b70b4d4-d8b4-47e3-a432-db37146f17a8)
2019-07-25 09:16:48.029 18994 RALLYDEBUG rally_openstack.cleanup.manager [-] Deleting neutron.port object s_rally_bd4ec1e1_JRPggNYc (0be8964f-948a-48cb-95e3-0b35446a66f5)
2019-07-25 09:16:48.049 18994 RALLYDEBUG rally_openstack.cleanup.manager [-] Deleting neutron.port object s_rally_bd4ec1e1_8MfuwJq1 (0c1886ca-cdf3-4f74-b5ba-0524fdb98bf9)
2019-07-25 09:16:48.059 18994 RALLYDEBUG rally_openstack.cleanup.manager [-] Deleting neutron.port object s_rally_bd4ec1e1_sadXkEjO (0ca3943e-2156-409e-a059-13a748d32c99)
2019-07-25 09:16:48.079 18994 RALLYDEBUG rally_openstack.cleanup.manager [-] Deleting neutron.port object s_rally_bd4ec1e1_MqEdAl5r (0d38933c-8d8a-48e9-b4b7-06085cd24b9d)
2019-07-25 09:16:48.084 18994 RALLYDEBUG rally_openstack.cleanup.manager [-] Deleting neutron.port object s_rally_bd4ec1e1_QDg7e9sd (0cd93946-1faa-4b18-b1e3-7e1ab6363e6e)
2019-07-25 09:16:50.591 18994 RALLYDEBUG rally_openstack.cleanup.manager [-] Deleting neutron.port object s_rally_bd4ec1e1_w6mHaklX (0dee0012-0dba-413e-a7bb-83022cf694f2)
2019-07-25 09:16:50.640 18994 RALLYDEBUG rally_openstack.cleanup.manager [-] Deleting neutron.port object s_rally_bd4ec1e1_ot3BGipk (0f201c20-a854-4d1d-b085-47a82d5f6b8e)
2019-07-25 09:16:50.653 18994 RALLYDEBUG rally_openstack.cleanup.manager [-] Deleting neutron.port object s_rally_bd4ec1e1_Fdwd95Mr (0f347964-e1c3-400d-8166-d9c65d3bbe1a)
2019-07-25 09:16:50.688 18994 RALLYDEBUG rally_openstack.cleanup.manager [-] Deleting neutron.port object s_rally_bd4ec1e1_mN6uCDLY (128fcd72-fdab-4783-9677-fda6bebbc253)
2019-07-25 09:16:50.710 18994 RALLYDEBUG rally_openstack.cleanup.manager [-] Deleting neutron.port object s_rally_bd4ec1e1_yA9690tb (155c6826-df8a-4b9a-ad0b-941c787819bd)
2019-07-25 09:16:50.752 18994 RALLYDEBUG rally_openstack.cleanup.manager [-] Deleting neutron.port object s_rally_bd4ec1e1_te5eWx5O (15674313-6bdf-43b8-b870-c67293d9d827)
2019-07-25 09:16:50.873 18994 RALLYDEBUG rally_openstack.cleanup.manager [-] Deleting neutron.port object s_rally_bd4ec1e1_U9ClmnyK (1654e0de-10c4-4015-9494-d052fe13c56b)
2019-07-25 09:16:50.894 18994 RALLYDEBUG rally_openstack.cleanup.manager [-] Deleting neutron.port object s_rally_bd4ec1e1_TXZ10WXw (182f79ea-05e5-446b-8bf1-44fe00bf7a04)
2019-07-25 09:16:50.958 18994 RALLYDEBUG rally_openstack.cleanup.manager [-] Deleting neutron.port object s_rally_bd4ec1e1_SVUrCVXx (1ba5409f-8086-4bfd-8b26-b32fa742dd29)
2019-07-25 09:16:50.965 18994 RALLYDEBUG rally_openstack.cleanup.manager [-] Deleting neutron.port object s_rally_bd4ec1e1_aCMgvnke (1c0d853f-f714-4b3d-b202-7aa08cdd9c90)
2019-07-25 09:16:51.013 18994 RALLYDEBUG rally_openstack.cleanup.manager [-] Deleting neutron.port object s_rally_bd4ec1e1_iWXFb0Oz (1d0b1a81-ef73-43ff-a40b-8c49f8f44fbe)
2019-07-25 09:16:51.061 18994 RALLYDEBUG rally_openstack.cleanup.manager [-] Deleting neutron.port object s_rally_bd4ec1e1_gXDhCg6i (1e084a73-0bc3-4ad7-ab44-d630b0ec0446)
2019-07-25 09:16:51.223 18994 RALLYDEBUG rally_openstack.cleanup.manager [-] Deleting neutron.port object s_rally_bd4ec1e1_xCeaRjif (1ef5b431-0017-4ac1-8325-e5936a2752b8)
2019-07-25 09:16:51.237 18994 RALLYDEBUG rally_openstack.cleanup.manager [-] Deleting neutron.port object s_rally_bd4ec1e1_AEzTgF5D (204bf684-6d1f-4686-89d7-f119d71333a7)
2019-07-25 09:16:51.245 18994 RALLYDEBUG rally_openstack.cleanup.manager [-] Deleting neutron.port object s_rally_bd4ec1e1_M3RF8XKQ (2322083d-f78b-4b08-8ee0-150db6935ce7)
2019-07-25 09:16:51.542 18994 RALLYDEBUG rally_openstack.cleanup.manager [-] Deleting neutron.port object s_rally_bd4ec1e1_pIblCBeA (26598876-9a66-4262-813a-601981086b5c)
2019-07-25 09:16:51.569 18994 RALLYDEBUG rally_openstack.cleanup.manager [-] Deleting neutron.port object s_rally_bd4ec1e1_OtIUakGt (266a5de1-e931-42e3-8e41-a3c303b1943c)
2019-07-25 09:16:51.991 18994 RALLYDEBUG rally_openstack.cleanup.manager [-] Deleting neutron.port object s_rally_bd4ec1e1_XuLNYdKJ (27cf048c-530d-4ea4-ab01-2e419677d1cb)
2019-07-25 09:16:51.991 18994 RALLYDEBUG rally_openstack.cleanup.manager [-] Deleting neutron.port object s_rally_bd4ec1e1_fIC4ljr2 (2762ab65-5b23-4b41-9880-fb578fed897a)
2019-07-25 09:16:52.014 18994 RALLYDEBUG rally_openstack.cleanup.manager [-] Deleting neutron.port object s_rally_bd4ec1e1_Sx1JbKfN (2a09fa8a-4826-4e14-b170-c97ff1c1541c)
2019-07-25 09:16:53.245 18994 RALLYDEBUG rally_openstack.cleanup.manager [-] Deleting neutron.port object s_rally_bd4ec1e1_OO1yNurS (2b6c65ff-fa0b-4980-bb34-e7c0169963fd)
2019-07-25 09:16:53.272 18994 RALLYDEBUG rally_openstack.cleanup.manager [-] Deleting neutron.port object s_rally_bd4ec1e1_5v91sELw (2b70a6c5-20a6-496e-aa3d-394d3b70920c)
2019-07-25 09:16:53.578 18994 RALLYDEBUG rally_openstack.cleanup.manager [-] Deleting neutron.port object s_rally_bd4ec1e1_BFEaacP0 (2c3e218b-bf67-4f50-bc60-31efef26420e)
2019-07-25 09:16:53.660 18994 RALLYDEBUG rally_openstack.cleanup.manager [-] Deleting neutron.port object s_rally_bd4ec1e1_bvbOOOWN (2df8253f-69e7-4177-a9fb-5d652ba848b0)
2019-07-25 09:16:53.826 18994 RALLYDEBUG rally_openstack.cleanup.manager [-] Deleting neutron.port object s_rally_bd4ec1e1_O5SwUJaw (2e179c43-51fd-4547-94de-6aebdcba879c)
2019-07-25 09:16:53.846 18994 RALLYDEBUG rally_openstack.cleanup.manager [-] Deleting neutron.port object s_rally_bd4ec1e1_OE2zcjKz (2eabc8e9-4970-4abe-b2bd-5d7a564defaa)
2019-07-25 09:16:53.862 18994 RALLYDEBUG rally_openstack.cleanup.manager [-] Deleting neutron.port object s_rally_bd4ec1e1_t9ReIO4X (2f602b46-c2d9-4fa8-b4a3-c4877d417641)
2019-07-25 09:16:53.980 18994 RALLYDEBUG rally_openstack.cleanup.manager [-] Deleting neutron.port object s_rally_bd4ec1e1_umYAu5FM (3167ca9a-bee6-45ac-a92d-d84f46f0b671)
2019-07-25 09:16:53.986 18994 RALLYDEBUG rally_openstack.cleanup.manager [-] Deleting neutron.port object s_rally_bd4ec1e1_8R1OYBE2 (322fb8ff-9daf-43cf-8651-0683b6ce95a2)
2019-07-25 09:16:54.041 18994 RALLYDEBUG rally_openstack.cleanup.manager [-] Deleting neutron.port object s_rally_bd4ec1e1_PZId9dGs (364602a4-fc2e-427d-b5b8-8b36dcd016a1)
2019-07-25 09:16:54.055 18994 RALLYDEBUG rally_openstack.cleanup.manager [-] Deleting neutron.port object s_rally_bd4ec1e1_hNw9PJ6U (389a31af-38d2-4c92-89f1-6a248bc3bb4c)
2019-07-25 09:16:54.076 18994 RALLYDEBUG rally_openstack.cleanup.manager [-] Deleting neutron.port object s_rally_bd4ec1e1_XY3lRC2M (38dd86ad-c0b2-4498-b3ee-05d711fab9e2)
2019-07-25 09:16:54.105 18994 RALLYDEBUG rally_openstack.cleanup.manager [-] Deleting neutron.port object s_rally_bd4ec1e1_f2BrZuj3 (38e33034-4a97-4a5e-92ff-5e05ec83065e)
2019-07-25 09:16:54.131 18994 RALLYDEBUG rally_openstack.cleanup.manager [-] Deleting neutron.port object s_rally_bd4ec1e1_dg4eeNmC (38e3a58d-f852-4bfc-86bc-2150675abccc)
2019-07-25 09:16:54.394 18994 RALLYDEBUG rally_openstack.cleanup.manager [-] Deleting neutron.port object s_rally_bd4ec1e1_DTMUK2rV (3964e737-a921-43f3-8b7a-43970b6b87ba)
2019-07-25 09:16:54.397 18994 RALLYDEBUG rally_openstack.cleanup.manager [-] Deleting neutron.port object s_rally_bd4ec1e1_73woKMCR (3b30c88b-4d13-4f99-b1a6-b1df3b2435a1)
2019-07-25 09:16:54.408 18994 RALLYDEBUG rally_openstack.cleanup.manager [-] Deleting neutron.port object s_rally_bd4ec1e1_68lxkTY4 (3dd32344-b3f5-46d0-a7c3-6c2d312b09b8)
2019-07-25 09:16:54.448 18994 RALLYDEBUG rally_openstack.cleanup.manager [-] Deleting neutron.port object s_rally_bd4ec1e1_L3dH9myh (40930508-4377-41c7-860b-30dbdd4f50d1)
2019-07-25 09:16:54.487 18994 RALLYDEBUG rally_openstack.cleanup.manager [-] Deleting neutron.port object s_rally_bd4ec1e1_tmJ4jsoS (40a2d8b7-6bc3-4121-baaf-ef8883e5b225)
2019-07-25 09:16:54.504 18994 RALLYDEBUG rally_openstack.cleanup.manager [-] Deleting neutron.port object s_rally_bd4ec1e1_EZztByH6 (40f1dee1-88f4-4e1f-b5de-858960115c90)
2019-07-25 09:16:55.407 18994 RALLYDEBUG rally_openstack.cleanup.manager [-] Deleting neutron.port object s_rally_bd4ec1e1_bQDLYd8I (410579ea-945a-44e7-98da-f4b46bc51a89)
2019-07-25 09:16:55.661 18994 RALLYDEBUG rally_openstack.cleanup.manager [-] Deleting neutron.port object s_rally_bd4ec1e1_AUMV3Jsz (41af1e0b-b804-46b4-8848-bbdafbccd251)
2019-07-25 09:16:56.081 18994 RALLYDEBUG rally_openstack.cleanup.manager [-] Deleting neutron.port object s_rally_bd4ec1e1_uATiU86m (42117088-33bb-4260-a84f-586c43823f68)
2019-07-25 09:16:56.108 18994 RALLYDEBUG rally_openstack.cleanup.manager [-] Deleting neutron.port object s_rally_bd4ec1e1_yRVl4fkY (43684e90-5e8c-4de4-9c6b-12f0367cbbb8)
2019-07-25 09:16:56.165 18994 RALLYDEBUG rally_openstack.cleanup.manager [-] Deleting neutron.port object s_rally_bd4ec1e1_BeHExHry (44fd6660-b8a1-4547-9845-3566727dee55)
2019-07-25 09:16:56.446 18994 RALLYDEBUG rally_openstack.cleanup.manager [-] Deleting neutron.port object s_rally_bd4ec1e1_mZhLv94t (470528c9-3a2e-4fe7-a07b-09366639a88a)
2019-07-25 09:16:56.526 18994 RALLYDEBUG rally_openstack.cleanup.manager [-] Deleting neutron.port object s_rally_bd4ec1e1_S6xluFwz (4772cec5-4683-47ee-87f5-841e61181eca)
2019-07-25 09:16:56.672 18994 RALLYDEBUG rally_openstack.cleanup.manager [-] Deleting neutron.port object s_rally_bd4ec1e1_umIgijhH (4e4985d6-d64f-46ec-a8fc-0be982b9f811)
2019-07-25 09:16:56.970 18994 RALLYDEBUG rally_openstack.cleanup.manager [-] Deleting neutron.port object s_rally_bd4ec1e1_RjuI1J15 (4eb70e33-cc32-40ec-a6f3-9ec1d7242a4f)
