2019-07-25 09:16:56.990 18994 RALLYDEBUG rally_openstack.cleanup.manager [-] Deleting neutron.port object s_rally_bd4ec1e1_aTixoYIf (51949aea-e910-454f-8e2a-7e418ab6700a)
2019-07-25 09:16:57.002 18994 RALLYDEBUG rally_openstack.cleanup.manager [-] Deleting neutron.port object s_rally_bd4ec1e1_ZM8DOIcC (54aa879a-0b61-4316-809f-711365dffd4d)
2019-07-25 09:16:57.005 18994 RALLYDEBUG rally_openstack.cleanup.manager [-] Deleting neutron.port object s_rally_bd4ec1e1_ATfjDVb4 (59a28acd-cba8-46e2-8299-fb4bd6ad840e)
2019-07-25 09:16:57.022 18994 RALLYDEBUG rally_openstack.cleanup.manager [-] Deleting neutron.port object s_rally_bd4ec1e1_v7qEPttW (5ae71f5c-6cd1-406a-b9a7-bb97ea538036)
2019-07-25 09:16:57.109 18994 RALLYDEBUG rally_openstack.cleanup.manager [-] Deleting neutron.port object s_rally_bd4ec1e1_fzqARFlS (5e13cae7-8eee-4bf2-8e40-aa52894d19e6)
2019-07-25 09:16:57.122 18994 RALLYDEBUG rally_openstack.cleanup.manager [-] Deleting neutron.port object s_rally_bd4ec1e1_tu7owpjw (60094f84-75c8-4338-8cd0-b0d614f00251)
2019-07-25 09:16:57.194 18994 RALLYDEBUG rally_openstack.cleanup.manager [-] Deleting neutron.port object s_rally_bd4ec1e1_v8np338h (622cc69a-427f-49a6-89a9-028d4f7cc91d)
2019-07-25 09:16:57.271 18994 RALLYDEBUG rally_openstack.cleanup.manager [-] Deleting neutron.port object s_rally_bd4ec1e1_gJQb8yZl (64d75c05-1833-4ce9-8b83-80ac4177bda3)
2019-07-25 09:16:57.352 18994 RALLYDEBUG rally_openstack.cleanup.manager [-] Deleting neutron.port object s_rally_bd4ec1e1_yg03y5Un (6568827a-bbd5-4058-93e2-1b4c3ad36c23)
2019-07-25 09:16:57.397 18994 RALLYDEBUG rally_openstack.cleanup.manager [-] Deleting neutron.port object s_rally_bd4ec1e1_1GYVscoC (67fb9ae2-bbb7-4a37-82c3-eb629cbaf1d5)
2019-07-25 09:16:57.594 18994 RALLYDEBUG rally_openstack.cleanup.manager [-] Deleting neutron.port object s_rally_bd4ec1e1_1mCO8T5B (68649c25-33a1-41e3-ae9e-9e93b7bf14bf)
2019-07-25 09:16:57.712 18994 RALLYDEBUG rally_openstack.cleanup.manager [-] Deleting neutron.port object s_rally_bd4ec1e1_iBOEJewm (6891ea43-f0f5-42f8-bcaa-2f8331b6c2b2)
2019-07-25 09:16:58.371 18994 RALLYDEBUG rally_openstack.cleanup.manager [-] Deleting neutron.port object s_rally_bd4ec1e1_zrZPk7LA (6ab262c4-62ff-4fee-be25-371bb07231d2)
2019-07-25 09:16:58.389 18994 RALLYDEBUG rally_openstack.cleanup.manager [-] Deleting neutron.port object s_rally_bd4ec1e1_I603bkom (6b1839f1-74e1-41e3-9803-a20b27753875)
2019-07-25 09:16:58.408 18994 RALLYDEBUG rally_openstack.cleanup.manager [-] Deleting neutron.port object s_rally_bd4ec1e1_MgrHlCmc (6d758aa4-7de1-4e4a-951a-f0c813a78a68)
2019-07-25 09:16:58.510 18994 RALLYDEBUG rally_openstack.cleanup.manager [-] Deleting neutron.port object s_rally_bd4ec1e1_hMkGNCQX (6f1e32b5-35f2-4b51-8c0a-669d5d1a82c8)
2019-07-25 09:16:58.889 18994 RALLYDEBUG rally_openstack.cleanup.manager [-] Deleting neutron.port object s_rally_bd4ec1e1_sXOKeGNa (70b903e0-7d81-44f5-a3ee-dbccea269aab)
2019-07-25 09:16:59.202 18994 RALLYDEBUG rally_openstack.cleanup.manager [-] Deleting neutron.port object s_rally_bd4ec1e1_rDauC1Lu (727e4458-5bf8-438d-a8f6-e5048ecad1db)
2019-07-25 09:16:59.232 18994 RALLYDEBUG rally_openstack.cleanup.manager [-] Deleting neutron.port object s_rally_bd4ec1e1_F13fDpze (73dd1db1-ec6a-4281-a4fc-8083af5b7bd5)
2019-07-25 09:16:59.419 18994 RALLYDEBUG rally_openstack.cleanup.manager [-] Deleting neutron.port object s_rally_bd4ec1e1_MKU7XI1M (7495ba6b-40ce-4c2a-9f2a-11a9fef8d70b)
2019-07-25 09:16:59.572 18994 RALLYDEBUG rally_openstack.cleanup.manager [-] Deleting neutron.port object s_rally_bd4ec1e1_xqU27OCn (75d4330d-7dc9-4e04-8e38-9a8796543fa0)
2019-07-25 09:16:59.614 18994 RALLYDEBUG rally_openstack.cleanup.manager [-] Deleting neutron.port object s_rally_bd4ec1e1_beN06ByA (79f3826e-3973-4728-8efe-21f1991af716)
2019-07-25 09:16:59.645 18994 RALLYDEBUG rally_openstack.cleanup.manager [-] Deleting neutron.port object s_rally_bd4ec1e1_Isuj7G20 (7bdddc03-9027-44c5-871c-e88e8ce0f980)
2019-07-25 09:16:59.898 18994 RALLYDEBUG rally_openstack.cleanup.manager [-] Deleting neutron.port object s_rally_bd4ec1e1_XbRqs3rA (7cff5602-95be-4de8-9050-38248e0eafb2)
2019-07-25 09:17:00.379 18994 RALLYDEBUG rally_openstack.cleanup.manager [-] Deleting neutron.port object s_rally_bd4ec1e1_ipGnG1Gj (7e389c4a-8f2d-4d20-9408-efafa94ec07c)
2019-07-25 09:17:00.506 18994 RALLYDEBUG rally_openstack.cleanup.manager [-] Deleting neutron.port object s_rally_bd4ec1e1_LLIOboqD (7ed40edb-48c4-4c19-beae-4e90dd72b64d)
2019-07-25 09:17:00.519 18994 RALLYDEBUG rally_openstack.cleanup.manager [-] Deleting neutron.port object s_rally_bd4ec1e1_HEBtVbNa (7eddc5fb-759e-412d-9fce-8abf5e30c312)
2019-07-25 09:17:00.555 18994 RALLYDEBUG rally_openstack.cleanup.manager [-] Deleting neutron.port object s_rally_bd4ec1e1_EVwi7y4A (7fc12283-48a0-45d4-bc32-46c3de52310b)
2019-07-25 09:17:00.674 18994 RALLYDEBUG rally_openstack.cleanup.manager [-] Deleting neutron.port object s_rally_bd4ec1e1_MVS71jZO (80666591-9677-4461-b8f4-4dc03d80705e)
2019-07-25 09:17:00.776 18994 RALLYDEBUG rally_openstack.cleanup.manager [-] Deleting neutron.port object s_rally_bd4ec1e1_otBJL3fZ (81c53ad3-6d31-4a96-83c1-04b94916f711)
2019-07-25 09:17:00.782 18994 RALLYDEBUG rally_openstack.cleanup.manager [-] Deleting neutron.port object s_rally_bd4ec1e1_2Hs156lD (83966dc3-5c6f-4666-8ba8-8335656aad6b)
2019-07-25 09:17:00.830 18994 RALLYDEBUG rally_openstack.cleanup.manager [-] Deleting neutron.port object s_rally_bd4ec1e1_e7YsfupT (84e83ddd-d5d4-4cb2-bb0d-7830ed1c7f3a)
2019-07-25 09:17:00.842 18994 RALLYDEBUG rally_openstack.cleanup.manager [-] Deleting neutron.port object s_rally_bd4ec1e1_N1iY4yLY (8554513c-b2c5-4967-b8e5-9b12568740cd)
2019-07-25 09:17:00.862 18994 RALLYDEBUG rally_openstack.cleanup.manager [-] Deleting neutron.port object s_rally_bd4ec1e1_jL42VpgC (85915a1e-acd4-4c7d-8e51-6e7bf65ef38c)
2019-07-25 09:17:00.884 18994 RALLYDEBUG rally_openstack.cleanup.manager [-] Deleting neutron.port object s_rally_bd4ec1e1_7MUMwIad (86559c29-3c51-40fd-9b47-60ff6f8513e4)
2019-07-25 09:17:01.154 18994 RALLYDEBUG rally_openstack.cleanup.manager [-] Deleting neutron.port object s_rally_bd4ec1e1_oKpXO6vT (8672fbb5-7454-48bd-b61a-57f68c7c0763)
2019-07-25 09:17:01.410 18994 RALLYDEBUG rally_openstack.cleanup.manager [-] Deleting neutron.port object s_rally_bd4ec1e1_zbYhvL6e (8699e162-e525-4c15-be62-c634242a6688)
2019-07-25 09:17:01.598 18994 RALLYDEBUG rally_openstack.cleanup.manager [-] Deleting neutron.port object s_rally_bd4ec1e1_ul4OPLq3 (87d31c5f-d131-4076-928d-2784e0c28346)
2019-07-25 09:17:01.815 18994 RALLYDEBUG rally_openstack.cleanup.manager [-] Deleting neutron.port object s_rally_bd4ec1e1_4dXvhrBc (8865363d-517e-4869-8f58-aa366918c54b)
2019-07-25 09:17:01.865 18994 RALLYDEBUG rally_openstack.cleanup.manager [-] Deleting neutron.port object s_rally_bd4ec1e1_7ooaLUQS (8c0dc65a-2d19-49d8-a7e7-984279e89bd1)
2019-07-25 09:17:01.888 18994 RALLYDEBUG rally_openstack.cleanup.manager [-] Deleting neutron.port object s_rally_bd4ec1e1_FBWdcgoi (905ffb05-1895-4d0c-9621-385f33f328d3)
2019-07-25 09:17:02.078 18994 RALLYDEBUG rally_openstack.cleanup.manager [-] Deleting neutron.port object s_rally_bd4ec1e1_kdXqlRuQ (933d93be-6647-48ea-b1b0-9d779c0c7149)
2019-07-25 09:17:02.242 18994 RALLYDEBUG rally_openstack.cleanup.manager [-] Deleting neutron.port object s_rally_bd4ec1e1_bcRwyPYX (9388a118-bdfc-4bc4-b13c-d985cbfbd75c)
2019-07-25 09:17:02.286 18994 RALLYDEBUG rally_openstack.cleanup.manager [-] Deleting neutron.port object s_rally_bd4ec1e1_LFE796qV (941713f0-61a4-48e7-9a8c-19d09b770bf7)
2019-07-25 09:17:02.934 18994 RALLYDEBUG rally_openstack.cleanup.manager [-] Deleting neutron.port object s_rally_bd4ec1e1_iEwccFT0 (94abdca1-55a1-456f-af34-7cd8e3bb975e)
2019-07-25 09:17:03.083 18994 RALLYDEBUG rally_openstack.cleanup.manager [-] Deleting neutron.port object s_rally_bd4ec1e1_jxfzlPXt (9501b217-e7c1-4168-8b75-06f3c3f064dc)
2019-07-25 09:17:03.307 18994 RALLYDEBUG rally_openstack.cleanup.manager [-] Deleting neutron.port object s_rally_bd4ec1e1_sFxogiWF (96783ef9-970d-4935-8611-2e2b565a6b30)
2019-07-25 09:17:03.385 18994 RALLYDEBUG rally_openstack.cleanup.manager [-] Deleting neutron.port object s_rally_bd4ec1e1_nGzkR1PU (96ce90f2-7ea3-4669-87cc-a219b5a8b4a6)
2019-07-25 09:17:03.430 18994 RALLYDEBUG rally_openstack.cleanup.manager [-] Deleting neutron.port object s_rally_bd4ec1e1_24Enm4eZ (9770b8eb-26b1-4cb0-bd2c-c813b387b303)
2019-07-25 09:17:03.551 18994 RALLYDEBUG rally_openstack.cleanup.manager [-] Deleting neutron.port object s_rally_bd4ec1e1_WKWc07J4 (9e006c78-f76c-423a-8b94-338243d5f90e)
2019-07-25 09:17:03.571 18994 RALLYDEBUG rally_openstack.cleanup.manager [-] Deleting neutron.port object s_rally_bd4ec1e1_uWooWWLn (9eb857d2-c03c-474e-9099-2b3a94c73d35)
2019-07-25 09:17:03.657 18994 RALLYDEBUG rally_openstack.cleanup.manager [-] Deleting neutron.port object s_rally_bd4ec1e1_D76P1T0X (a0dae39c-a6af-4ac1-9a60-c9a30de3a33a)
2019-07-25 09:17:03.683 18994 RALLYDEBUG rally_openstack.cleanup.manager [-] Deleting neutron.port object s_rally_bd4ec1e1_ereBGaba (a0f864d6-c6a5-4554-a79e-7e84dd938b39)
2019-07-25 09:17:03.710 18994 RALLYDEBUG rally_openstack.cleanup.manager [-] Deleting neutron.port object s_rally_bd4ec1e1_cIZToCsx (a2d30008-522b-425a-afeb-e9033381a67f)
2019-07-25 09:17:03.791 18994 RALLYDEBUG rally_openstack.cleanup.manager [-] Deleting neutron.port object s_rally_bd4ec1e1_FqcxNRpz (a3b5437a-139e-4237-8290-4475881a5d44)
2019-07-25 09:17:03.803 18994 RALLYDEBUG rally_openstack.cleanup.manager [-] Deleting neutron.port object s_rally_bd4ec1e1_xavFUn7Z (a410c99b-3574-4483-8772-1b779188df87)
2019-07-25 09:17:03.873 18994 RALLYDEBUG rally_openstack.cleanup.manager [-] Deleting neutron.port object s_rally_bd4ec1e1_j9fM66LH (a540a34b-31b7-42c0-8776-1ae5f459fee8)
2019-07-25 09:17:04.004 18994 RALLYDEBUG rally_openstack.cleanup.manager [-] Deleting neutron.port object s_rally_bd4ec1e1_4uBlJrW8 (a63f8875-f0b7-437f-bd1d-8692fcbc6298)
2019-07-25 09:17:04.238 18994 RALLYDEBUG rally_openstack.cleanup.manager [-] Deleting neutron.port object s_rally_bd4ec1e1_dmaEUDOF (a7080f39-0871-4b05-b2d2-4bf388094b8f)
2019-07-25 09:17:04.423 18994 RALLYDEBUG rally_openstack.cleanup.manager [-] Deleting neutron.port object s_rally_bd4ec1e1_1HBqT7nz (a7c01328-40b7-4810-8bca-7e2edfc2531d)
2019-07-25 09:17:04.490 18994 RALLYDEBUG rally_openstack.cleanup.manager [-] Deleting neutron.port object s_rally_bd4ec1e1_YOPRUCs7 (a8c80a5b-ec2a-4d10-aeb5-4f379455c41e)
2019-07-25 09:17:04.520 18994 RALLYDEBUG rally_openstack.cleanup.manager [-] Deleting neutron.port object s_rally_bd4ec1e1_Grk6aE6Y (a95b857a-c1a4-4bde-8d04-ccbb29e18444)
2019-07-25 09:17:04.597 18994 RALLYDEBUG rally_openstack.cleanup.manager [-] Deleting neutron.port object s_rally_bd4ec1e1_z6oIo9YL (aa8000dc-e510-42c1-bcd8-0218c7eebe63)
2019-07-25 09:17:04.612 18994 RALLYDEBUG rally_openstack.cleanup.manager [-] Deleting neutron.port object s_rally_bd4ec1e1_yQV94s1v (ab4d23c0-1346-4e7d-9178-834158bde384)
2019-07-25 09:17:05.386 18994 RALLYDEBUG rally_openstack.cleanup.manager [-] Deleting neutron.port object s_rally_bd4ec1e1_rG1Vshjo (ac57e88c-d799-4af5-987a-47e3a8455885)
2019-07-25 09:17:05.453 18994 RALLYDEBUG rally_openstack.cleanup.manager [-] Deleting neutron.port object s_rally_bd4ec1e1_cGyp6Bht (acc4afa9-d937-4309-a7fa-47c64c167b1d)
2019-07-25 09:17:05.899 18994 RALLYDEBUG rally_openstack.cleanup.manager [-] Deleting neutron.port object s_rally_bd4ec1e1_9gceT2aN (ace77de7-4fa1-4405-84ef-01faf8a5bbdb)
2019-07-25 09:17:06.055 18994 RALLYDEBUG rally_openstack.cleanup.manager [-] Deleting neutron.port object s_rally_bd4ec1e1_5pQm99NV (acf7326e-d9cb-4348-acee-f324c81c5f8b)
2019-07-25 09:17:06.261 18994 RALLYDEBUG rally_openstack.cleanup.manager [-] Deleting neutron.port object s_rally_bd4ec1e1_QZ7bkh4H (aed60f2a-c964-416b-beac-cf83afa601f4)
2019-07-25 09:17:06.555 18994 RALLYDEBUG rally_openstack.cleanup.manager [-] Deleting neutron.port object s_rally_bd4ec1e1_Nju4Ub8j (b04775cc-41c2-4532-ba0f-bc9ee5b8f408)
2019-07-25 09:17:06.571 18994 RALLYDEBUG rally_openstack.cleanup.manager [-] Deleting neutron.port object s_rally_bd4ec1e1_G4PvCFrb (b0a21beb-762b-4437-ac7a-9ae3e6cc24e6)
2019-07-25 09:17:06.661 18994 RALLYDEBUG rally_openstack.cleanup.manager [-] Deleting neutron.port object s_rally_bd4ec1e1_5HKskDGx (b0c3bb03-f292-49cf-8e46-e810a11a24a0)
2019-07-25 09:17:06.889 18994 RALLYDEBUG rally_openstack.cleanup.manager [-] Deleting neutron.port object s_rally_bd4ec1e1_LlL6Ar89 (b20c92ba-14f8-48d0-bdc4-4ad9e714e901)
2019-07-25 09:17:06.994 18994 RALLYDEBUG rally_openstack.cleanup.manager [-] Deleting neutron.port object s_rally_bd4ec1e1_QhJnXWVb (b22f6d27-b65d-48b3-b588-8231b38e383b)
2019-07-25 09:17:07.084 18994 RALLYDEBUG rally_openstack.cleanup.manager [-] Deleting neutron.port object s_rally_bd4ec1e1_2BUG9ZwI (b403e1bc-32bb-4ad2-80bf-6e44cfb4332b)
2019-07-25 09:17:07.203 18994 RALLYDEBUG rally_openstack.cleanup.manager [-] Deleting neutron.port object s_rally_bd4ec1e1_LLjYZ1M6 (b4bb22f7-6af6-4f3f-bba5-00c2793b859b)
2019-07-25 09:17:07.281 18994 RALLYDEBUG rally_openstack.cleanup.manager [-] Deleting neutron.port object s_rally_bd4ec1e1_bn8vUWq8 (b5431081-ef16-4ee9-81be-18310aabe5e3)
2019-07-25 09:17:07.296 18994 RALLYDEBUG rally_openstack.cleanup.manager [-] Deleting neutron.port object s_rally_bd4ec1e1_bECG3qnx (b83508f7-bd7b-48e1-8f94-8dcfa73b96f5)
2019-07-25 09:17:07.379 18994 RALLYDEBUG rally_openstack.cleanup.manager [-] Deleting neutron.port object s_rally_bd4ec1e1_vixu6qv9 (ba8b7cbc-8857-4dbb-b4d0-000a08488fd2)
2019-07-25 09:17:07.585 18994 RALLYDEBUG rally_openstack.cleanup.manager [-] Deleting neutron.port object s_rally_bd4ec1e1_RsslwkQg (bac3e321-731c-4a99-b12b-1535f8fb9a6f)
2019-07-25 09:17:07.659 18994 RALLYDEBUG rally_openstack.cleanup.manager [-] Deleting neutron.port object s_rally_bd4ec1e1_gU7cIhIA (baea233c-2f2c-42fa-9f3b-4be1cca0d2bf)
2019-07-25 09:17:07.700 18994 RALLYDEBUG rally_openstack.cleanup.manager [-] Deleting neutron.port object s_rally_bd4ec1e1_08cQYlDP (bd1e3d06-47c5-44db-8f9d-2c4466f4c149)
2019-07-25 09:17:07.712 18994 RALLYDEBUG rally_openstack.cleanup.manager [-] Deleting neutron.port object s_rally_bd4ec1e1_8lN8wiRz (be2c29b6-3d10-42d6-91ba-8a26a307e22c)
2019-07-25 09:17:08.117 18994 RALLYDEBUG rally_openstack.cleanup.manager [-] Deleting neutron.port object s_rally_bd4ec1e1_IWTlezTL (be71844f-47c7-476b-b570-0760b57e87d4)
2019-07-25 09:17:08.243 18994 RALLYDEBUG rally_openstack.cleanup.manager [-] Deleting neutron.port object s_rally_bd4ec1e1_QUqwHyfn (be8e4676-54c0-4dd6-b198-ab1d37e99af4)
2019-07-25 09:17:08.278 18994 RALLYDEBUG rally_openstack.cleanup.manager [-] Deleting neutron.port object s_rally_bd4ec1e1_9i6TDnn5 (bec5e5d8-c56c-4e72-8c8c-dec518c5575b)
2019-07-25 09:17:08.290 18994 RALLYDEBUG rally_openstack.cleanup.manager [-] Deleting neutron.port object s_rally_bd4ec1e1_iCEzNFa9 (c0201c22-178a-4fec-af48-c78b68cfae98)
2019-07-25 09:17:08.405 18994 RALLYDEBUG rally_openstack.cleanup.manager [-] Deleting neutron.port object s_rally_bd4ec1e1_Gq5y2ecK (c2035a93-13df-4fc6-b34b-063c5fd2a5d0)
2019-07-25 09:17:08.610 18994 RALLYDEBUG rally_openstack.cleanup.manager [-] Deleting neutron.port object s_rally_bd4ec1e1_owQUIggW (c2f685f7-9fbf-48a4-911f-49d3c165a558)
2019-07-25 09:17:08.912 18994 RALLYDEBUG rally_openstack.cleanup.manager [-] Deleting neutron.port object s_rally_bd4ec1e1_pGDWfjxs (c3348336-cbb6-4f49-b53f-9aec79c3eaf1)
2019-07-25 09:17:09.018 18994 RALLYDEBUG rally_openstack.cleanup.manager [-] Deleting neutron.port object s_rally_bd4ec1e1_VA72faKD (c50d530f-1734-412b-a5d8-359891fc6a97)
2019-07-25 09:17:09.081 18994 RALLYDEBUG rally_openstack.cleanup.manager [-] Deleting neutron.port object s_rally_bd4ec1e1_RRDOLh53 (c65c6873-a29b-4af7-889d-87a8257c4957)
2019-07-25 09:17:09.373 18994 RALLYDEBUG rally_openstack.cleanup.manager [-] Deleting neutron.port object s_rally_bd4ec1e1_VnlKvNDV (c97efc8e-fb13-47d2-be19-968b37fbafa6)
2019-07-25 09:17:09.590 18994 RALLYDEBUG rally_openstack.cleanup.manager [-] Deleting neutron.port object s_rally_bd4ec1e1_acmKAQcn (caad893a-0abd-4287-9310-926d81bc8587)
2019-07-25 09:17:09.599 18994 RALLYDEBUG rally_openstack.cleanup.manager [-] Deleting neutron.port object s_rally_bd4ec1e1_FC8B0uWS (cb6a5323-208d-4fcd-9ff8-7b824a3954e3)
2019-07-25 09:17:09.673 18994 RALLYDEBUG rally_openstack.cleanup.manager [-] Deleting neutron.port object s_rally_bd4ec1e1_Q4K0rj5I (cc08cd35-f148-4a59-91de-73d4ccdc51c7)
2019-07-25 09:17:09.709 18994 RALLYDEBUG rally_openstack.cleanup.manager [-] Deleting neutron.port object s_rally_bd4ec1e1_Hkk2MjxW (cc11e744-fd78-4310-bb78-bbff33725972)
2019-07-25 09:17:10.029 18994 RALLYDEBUG rally_openstack.cleanup.manager [-] Deleting neutron.port object s_rally_bd4ec1e1_V71I8MII (ccbf149d-eac7-430d-ba9e-ad3f1e6d47e2)
2019-07-25 09:17:10.066 18994 RALLYDEBUG rally_openstack.cleanup.manager [-] Deleting neutron.port object s_rally_bd4ec1e1_AzU0XFh7 (cdd1a223-aac1-40ff-aa62-f3ae2e686b2c)
2019-07-25 09:17:10.123 18994 RALLYDEBUG rally_openstack.cleanup.manager [-] Deleting neutron.port object s_rally_bd4ec1e1_PAC4hDOy (cdeba39d-3d3f-4810-9e5d-a5ff58240056)
2019-07-25 09:17:10.173 18994 RALLYDEBUG rally_openstack.cleanup.manager [-] Deleting neutron.port object s_rally_bd4ec1e1_NwtHAjOc (ce0ba012-86f2-4b99-a472-5cbd56a199c6)
2019-07-25 09:17:10.210 18994 RALLYDEBUG rally_openstack.cleanup.manager [-] Deleting neutron.port object s_rally_bd4ec1e1_5oQ36pWu (ce1eee39-e233-4c27-a89d-8f65a7560c70)
2019-07-25 09:17:10.456 18994 RALLYDEBUG rally_openstack.cleanup.manager [-] Deleting neutron.port object s_rally_bd4ec1e1_oEUNQlDZ (d04f3223-2a4a-4c69-88ed-00b448733009)
2019-07-25 09:17:10.477 18994 RALLYDEBUG rally_openstack.cleanup.manager [-] Deleting neutron.port object s_rally_bd4ec1e1_DCX45uWM (d0b582e7-5cb4-4954-a556-4b3b54079a7f)
2019-07-25 09:17:10.580 18994 RALLYDEBUG rally_openstack.cleanup.manager [-] Deleting neutron.port object s_rally_bd4ec1e1_LUtCE4dh (d0ecca1e-6eba-4484-b7a4-70c90f267765)
2019-07-25 09:17:10.634 18994 RALLYDEBUG rally_openstack.cleanup.manager [-] Deleting neutron.port object s_rally_bd4ec1e1_NCBZhhhc (d38c6492-bc8a-472f-9f85-b4e70e74e061)
2019-07-25 09:17:10.993 18994 RALLYDEBUG rally_openstack.cleanup.manager [-] Deleting neutron.port object s_rally_bd4ec1e1_vVmbASBa (d4ca7130-a839-452f-8c15-fc04c8298828)
2019-07-25 09:17:11.164 18994 RALLYDEBUG rally_openstack.cleanup.manager [-] Deleting neutron.port object s_rally_bd4ec1e1_8D5hGBRQ (da3c53ce-0d2e-48a4-9612-57db338f33a9)
2019-07-25 09:17:11.341 18994 RALLYDEBUG rally_openstack.cleanup.manager [-] Deleting neutron.port object s_rally_bd4ec1e1_5ML7fY9Z (da4d5f59-a83f-45ae-b303-50ce8edcd0c8)
2019-07-25 09:17:11.367 18994 RALLYDEBUG rally_openstack.cleanup.manager [-] Deleting neutron.port object s_rally_bd4ec1e1_eu043Lju (db63cb6e-38f8-4bbf-97e8-934b8a9e0a0c)
2019-07-25 09:17:11.722 18994 RALLYDEBUG rally_openstack.cleanup.manager [-] Deleting neutron.port object s_rally_bd4ec1e1_wyMox4o8 (dc42d6a0-8b67-4a88-8ff5-f74a46ef51c8)
2019-07-25 09:17:11.945 18994 RALLYDEBUG rally_openstack.cleanup.manager [-] Deleting neutron.port object s_rally_bd4ec1e1_0VH5NHFM (dea2f74b-b54d-4504-a954-83e264f3968f)
2019-07-25 09:17:11.960 18994 RALLYDEBUG rally_openstack.cleanup.manager [-] Deleting neutron.port object s_rally_bd4ec1e1_K41ZygWt (df1461c0-1759-471c-9a55-4fe12d69b413)
2019-07-25 09:17:12.051 18994 RALLYDEBUG rally_openstack.cleanup.manager [-] Deleting neutron.port object s_rally_bd4ec1e1_C5ilKcy0 (df84a2a6-2d4a-4cd9-a35c-7a8036125dc6)
2019-07-25 09:17:12.096 18994 RALLYDEBUG rally_openstack.cleanup.manager [-] Deleting neutron.port object s_rally_bd4ec1e1_PZ7iiFvI (e00afd3f-d6da-4a81-a9ba-41d27cd6e78a)
2019-07-25 09:17:12.121 18994 RALLYDEBUG rally_openstack.cleanup.manager [-] Deleting neutron.port object s_rally_bd4ec1e1_QcCVL1lB (e2337dbc-274d-4607-b4c3-5076af27d603)
2019-07-25 09:17:12.256 18994 RALLYDEBUG rally_openstack.cleanup.manager [-] Deleting neutron.port object s_rally_bd4ec1e1_jtkw0bvG (e26a0eb4-4a22-439f-ba45-a15fe2d4e70f)
2019-07-25 09:17:12.631 18994 RALLYDEBUG rally_openstack.cleanup.manager [-] Deleting neutron.port object s_rally_bd4ec1e1_VFG7VHWp (e306ec8e-6e0e-47ba-b20e-4bfded8d8241)
2019-07-25 09:17:12.721 18994 RALLYDEBUG rally_openstack.cleanup.manager [-] Deleting neutron.port object s_rally_bd4ec1e1_H4LCRpMV (e309cb44-a496-431e-a058-c271aa56994f)
2019-07-25 09:17:12.817 18994 RALLYDEBUG rally_openstack.cleanup.manager [-] Deleting neutron.port object s_rally_bd4ec1e1_LfY5lsG2 (e5abb837-7e30-4285-ae05-e83c28be507c)
2019-07-25 09:17:12.836 18994 RALLYDEBUG rally_openstack.cleanup.manager [-] Deleting neutron.port object s_rally_bd4ec1e1_mN4beanE (e6163b6a-0f68-467a-a18d-8b4cfc7c5c0a)
2019-07-25 09:17:12.938 18994 RALLYDEBUG rally_openstack.cleanup.manager [-] Deleting neutron.port object s_rally_bd4ec1e1_Ykdn67OB (e7ab7ff1-5fb0-4abd-bf1c-fc290e53575b)
2019-07-25 09:17:13.020 18994 RALLYDEBUG rally_openstack.cleanup.manager [-] Deleting neutron.port object s_rally_bd4ec1e1_QV13O46t (ea41a275-9522-4232-aa3c-142b0570c55b)
2019-07-25 09:17:13.147 18994 RALLYDEBUG rally_openstack.cleanup.manager [-] Deleting neutron.port object s_rally_bd4ec1e1_0i0k7qtp (f53ce30b-694e-472d-a00c-a588e1f2ddc3)
2019-07-25 09:17:13.204 18994 RALLYDEBUG rally_openstack.cleanup.manager [-] Deleting neutron.port object s_rally_bd4ec1e1_0zwYXfB9 (f7f4a86a-b24d-433f-9695-2e77bba01349)
2019-07-25 09:17:13.915 18994 RALLYDEBUG rally_openstack.cleanup.manager [-] Deleting neutron.port object s_rally_bd4ec1e1_rYv9cVkp (f8694d87-7b24-4382-b034-f13931f7596e)
2019-07-25 09:17:14.020 18994 RALLYDEBUG rally_openstack.cleanup.manager [-] Deleting neutron.port object s_rally_bd4ec1e1_SjGB4ZwP (fa66ab23-f58a-464d-b323-f39f3818f89f)
2019-07-25 09:17:14.372 18994 RALLYDEBUG rally_openstack.cleanup.manager [-] Deleting neutron.port object s_rally_bd4ec1e1_ZwMQwEIi (fba85895-c9d1-4187-88e5-e66607f3e43d)
2019-07-25 09:17:14.419 18994 RALLYDEBUG rally_openstack.cleanup.manager [-] Deleting neutron.port object s_rally_bd4ec1e1_fe2V7V7O (fc694528-1399-4adc-bf40-d34b279379e4)
2019-07-25 09:17:14.679 18994 RALLYDEBUG rally_openstack.cleanup.manager [-] Deleting neutron.port object s_rally_bd4ec1e1_PjvqTdpF (fd3a14d3-c6c3-43d4-970f-018c64a571b1)
2019-07-25 09:17:14.703 18994 RALLYDEBUG rally_openstack.cleanup.manager [-] Deleting neutron.port object s_rally_bd4ec1e1_Q7D5vSIT (ff1c8b81-7249-4c10-a162-8b1e42a404f9)
2019-07-25 09:17:17.342 18994 RALLYDEBUG rally_openstack.cleanup.manager [-] Cleaning up neutron subnet objects
2019-07-25 09:17:18.010 18994 RALLYDEBUG rally_openstack.cleanup.manager [-] Cleaning up neutron network objects
2019-07-25 09:17:18.820 18994 RALLYDEBUG rally_openstack.cleanup.manager [-] Deleting neutron.network object s_rally_bd4ec1e1_hkO6yq1w (00686a91-3d10-464e-9ac0-74ed22bc3c09)
2019-07-25 09:17:18.827 18994 RALLYDEBUG rally_openstack.cleanup.manager [-] Deleting neutron.network object s_rally_bd4ec1e1_MkEk1OjA (03185b9c-f69e-446a-98cd-9f956e1d4aeb)
2019-07-25 09:17:18.837 18994 RALLYDEBUG rally_openstack.cleanup.manager [-] Deleting neutron.network object s_rally_bd4ec1e1_UiOU2q8u (109ef07d-b627-4047-9e0f-b91665e290f0)
2019-07-25 09:17:18.844 18994 RALLYDEBUG rally_openstack.cleanup.manager [-] Deleting neutron.network object s_rally_bd4ec1e1_xtSIxDXe (168e8034-6a05-40f6-b688-d2f3d1f41c6b)
2019-07-25 09:17:18.853 18994 RALLYDEBUG rally_openstack.cleanup.manager [-] Deleting neutron.network object s_rally_bd4ec1e1_hcOicdP5 (1f4d6424-62a3-4f1a-8008-18191b24bcc8)
2019-07-25 09:17:18.856 18994 RALLYDEBUG rally_openstack.cleanup.manager [-] Deleting neutron.network object s_rally_bd4ec1e1_fSuU3vzm (1cd6fae7-6c47-49fa-b1a0-1529260b33ef)
2019-07-25 09:17:18.863 18994 RALLYDEBUG rally_openstack.cleanup.manager [-] Deleting neutron.network object s_rally_bd4ec1e1_QUGlk6BL (1ff30483-97f3-4542-95a2-2b5bf43128b5)
2019-07-25 09:17:18.871 18994 RALLYDEBUG rally_openstack.cleanup.manager [-] Deleting neutron.network object s_rally_bd4ec1e1_DmoCXqY8 (22899130-a59e-4102-9b66-5211117db738)
2019-07-25 09:17:18.881 18994 RALLYDEBUG rally_openstack.cleanup.manager [-] Deleting neutron.network object s_rally_bd4ec1e1_Tcef42xQ (25f6a1e4-ab5f-43af-ad05-f9f834e91758)
2019-07-25 09:17:18.888 18994 RALLYDEBUG rally_openstack.cleanup.manager [-] Deleting neutron.network object s_rally_bd4ec1e1_RhohhVjj (2699c8fb-18d6-46e1-97fc-dc015b37aafa)
2019-07-25 09:17:18.900 18994 RALLYDEBUG rally_openstack.cleanup.manager [-] Deleting neutron.network object s_rally_bd4ec1e1_qqSqX8uD (4c60009d-a475-4721-8061-543ea79ad824)
2019-07-25 09:17:18.909 18994 RALLYDEBUG rally_openstack.cleanup.manager [-] Deleting neutron.network object s_rally_bd4ec1e1_NWYcN5Xi (4ea3835c-bff0-498d-963a-f6e4e86c3108)
2019-07-25 09:17:18.909 18994 RALLYDEBUG rally_openstack.cleanup.manager [-] Deleting neutron.network object s_rally_bd4ec1e1_0HLR2nrR (58cf23db-feb7-4c78-ad6c-5240b5cd4722)
2019-07-25 09:17:18.915 18994 RALLYDEBUG rally_openstack.cleanup.manager [-] Deleting neutron.network object s_rally_bd4ec1e1_Dtyt6gCK (3cdfeac9-19d6-46cd-96ff-d24d46339902)
2019-07-25 09:17:18.921 18994 RALLYDEBUG rally_openstack.cleanup.manager [-] Deleting neutron.network object s_rally_bd4ec1e1_cJwwEj8x (5f5417cd-3887-4753-8f96-01ac5e5afdac)
2019-07-25 09:17:18.927 18994 RALLYDEBUG rally_openstack.cleanup.manager [-] Deleting neutron.network object s_rally_bd4ec1e1_d9wcHyuX (605f099f-e577-4abe-97e8-625bc0ab6ed9)
2019-07-25 09:17:18.945 18994 RALLYDEBUG rally_openstack.cleanup.manager [-] Deleting neutron.network object s_rally_bd4ec1e1_GxPrKgjz (695d29c7-e22f-4a6f-b8b3-b1d463f58506)
2019-07-25 09:17:18.958 18994 RALLYDEBUG rally_openstack.cleanup.manager [-] Deleting neutron.network object s_rally_bd4ec1e1_Pm8u7HfS (6fc8319a-476e-4e9e-b46c-26d1285577d2)
2019-07-25 09:17:18.959 18994 RALLYDEBUG rally_openstack.cleanup.manager [-] Deleting neutron.network object s_rally_bd4ec1e1_31Ki1Caz (6aa9839c-cc33-44d1-94c3-052f051cae63)
2019-07-25 09:17:18.960 18994 RALLYDEBUG rally_openstack.cleanup.manager [-] Deleting neutron.network object s_rally_bd4ec1e1_V0RIAigQ (6afb0d01-98c6-4865-9ff8-d359e7520270)
2019-07-25 09:17:22.384 18994 RALLYDEBUG rally_openstack.cleanup.manager [-] Deleting neutron.network object s_rally_bd4ec1e1_v19YFrjy (755b85d4-1a18-4d74-9300-dc3425876085)
2019-07-25 09:17:22.513 18994 RALLYDEBUG rally_openstack.cleanup.manager [-] Deleting neutron.network object s_rally_bd4ec1e1_llmmf2Sg (89366289-6cae-446b-a4e3-78850db72a06)
2019-07-25 09:17:22.553 18994 RALLYDEBUG rally_openstack.cleanup.manager [-] Deleting neutron.network object s_rally_bd4ec1e1_ErSKe67z (8fdaa017-bd7c-46b5-89f9-b83d0306eb0f)
2019-07-25 09:17:22.616 18994 RALLYDEBUG rally_openstack.cleanup.manager [-] Deleting neutron.network object s_rally_bd4ec1e1_ydOxVUDZ (97473867-304f-4bdd-921d-c428a614e6eb)
2019-07-25 09:17:22.652 18994 RALLYDEBUG rally_openstack.cleanup.manager [-] Deleting neutron.network object s_rally_bd4ec1e1_29N96bmv (9b3df619-3980-47ac-8dc3-b7e7f35425f2)
2019-07-25 09:17:22.699 18994 RALLYDEBUG rally_openstack.cleanup.manager [-] Deleting neutron.network object s_rally_bd4ec1e1_5J3xXhU7 (9e72c968-eca9-436d-aa54-bf56ea4b8f8c)
2019-07-25 09:17:22.755 18994 RALLYDEBUG rally_openstack.cleanup.manager [-] Deleting neutron.network object s_rally_bd4ec1e1_AP0Lh4Ck (a752b11e-2278-496a-837c-6d397fa9e434)
2019-07-25 09:17:22.777 18994 RALLYDEBUG rally_openstack.cleanup.manager [-] Deleting neutron.network object s_rally_bd4ec1e1_gNmXUmir (acba77b2-e53c-48ef-a3ec-980a2eb3ceca)
2019-07-25 09:17:22.831 18994 RALLYDEBUG rally_openstack.cleanup.manager [-] Deleting neutron.network object s_rally_bd4ec1e1_1h9aIltD (afeb0e82-a938-4c6c-8be5-be5339db5398)
2019-07-25 09:17:22.992 18994 RALLYDEBUG rally_openstack.cleanup.manager [-] Deleting neutron.network object s_rally_bd4ec1e1_N8QIjIlT (bbc3a7e5-6851-4b8f-b21e-29afe14220d1)
2019-07-25 09:17:22.996 18994 RALLYDEBUG rally_openstack.cleanup.manager [-] Deleting neutron.network object s_rally_bd4ec1e1_ma7lAxKp (d21c012a-339c-4b67-8423-cd8c7d43bb00)
2019-07-25 09:17:22.998 18994 RALLYDEBUG rally_openstack.cleanup.manager [-] Deleting neutron.network object s_rally_bd4ec1e1_CNKiEY2t (d9ab86b6-c3c3-44bb-81b9-0c7d2862e6f5)
2019-07-25 09:17:23.722 18994 RALLYDEBUG rally_openstack.cleanup.manager [-] Deleting neutron.network object s_rally_bd4ec1e1_p1Pgh6MY (e20196e3-4a01-4662-b75d-e59cfe837711)
2019-07-25 09:17:23.858 18994 RALLYDEBUG rally_openstack.cleanup.manager [-] Deleting neutron.network object s_rally_bd4ec1e1_RPSZR8qs (e76024d4-0d93-4afb-ad1c-7721af7aa76f)
2019-07-25 09:17:24.098 18994 RALLYDEBUG rally_openstack.cleanup.manager [-] Deleting neutron.network object s_rally_bd4ec1e1_8rsXsCZq (e8e4bb90-31ff-416f-bc05-f1bad246c618)
2019-07-25 09:17:24.107 18994 RALLYDEBUG rally_openstack.cleanup.manager [-] Deleting neutron.network object s_rally_bd4ec1e1_6RXgBEV5 (ebc5e8c3-80e8-4bd9-a069-5281fbbf2d24)
2019-07-25 09:17:25.905 18994 RALLYDEBUG rally_openstack.cleanup.manager [-] Deleting neutron.network object s_rally_bd4ec1e1_jfaBqa5F (f38f42e8-d6c4-4abe-b526-5826d0331fac)
2019-07-25 09:17:25.917 18994 RALLYDEBUG rally_openstack.cleanup.manager [-] Deleting neutron.network object s_rally_bd4ec1e1_6hYJ2YYL (f7f19951-eace-4f0d-923d-6cf7e3e42717)
2019-07-25 09:17:25.945 18994 RALLYDEBUG rally_openstack.cleanup.manager [-] Deleting neutron.network object s_rally_bd4ec1e1_wMWaS1Zn (fb4aaff3-b0b1-4a05-9a1e-16fdde426704)
2019-07-25 09:17:25.954 18994 RALLYDEBUG rally_openstack.cleanup.manager [-] Deleting neutron.network object s_rally_bd4ec1e1_shdWFYTg (fc31168e-cf04-495b-94d9-3a0f400798e0)
2019-07-25 09:17:29.063 18994 RALLYDEBUG rally_openstack.cleanup.manager [-] Cleaning up neutron router objects
2019-07-25 09:17:29.852 18994 RALLYDEBUG rally_openstack.cleanup.manager [-] Cleaning up neutron security_group objects
2019-07-25 09:17:30.555 18994 INFO rally.task.context [-] Task 16829d42-217c-4d5a-9a10-d8bc0f218b4c | Context cleanup@openstack cleanup() finished in 47.90 sec
2019-07-25 09:17:30.555 18994 INFO rally.task.context [-] Task 16829d42-217c-4d5a-9a10-d8bc0f218b4c | Context quotas@openstack cleanup() started
2019-07-25 09:17:30.882 18994 INFO rally.task.context [-] Task 16829d42-217c-4d5a-9a10-d8bc0f218b4c | Context quotas@openstack cleanup() finished in 0.33 sec
2019-07-25 09:17:30.882 18994 INFO rally.task.context [-] Task 16829d42-217c-4d5a-9a10-d8bc0f218b4c | Context users@openstack cleanup() started
2019-07-25 09:17:35.799 18994 INFO rally.task.context [-] Task 16829d42-217c-4d5a-9a10-d8bc0f218b4c | Context users@openstack cleanup() finished in 4.92 sec
2019-07-25 09:17:37.807 18994 INFO rally.task.engine [-] Load duration is: 39.621074
2019-07-25 09:17:37.808 18994 INFO rally.task.engine [-] Full runner duration is: 39.669425
2019-07-25 09:17:37.808 18994 INFO rally.task.engine [-] Full duration is: 98.406543
2019-07-25 09:17:38.031 18994 INFO rally.task.engine [-] Running workload: position = 2 config = { "version": 2, "title": "A cropped version of a bigger task.", "description": "Auto-generated task from a single workload (uuid=dc0ebd45-8906-415e-be94-1a5ab113fa7f)", "subtasks": [ { "title": "NeutronNetworks.create_and_delete_ports", "description": "Create and delete a port.", "scenario": { "NeutronNetworks.create_and_delete_ports": { "network_create_args": {}, "port_create_args": {}, "ports_per_network": 5 } }, "contexts": { "users": { "tenants": 1, "users_per_tenant": 1 }, "quotas": { "neutron": { "network": -1, "port": -1 } } }, "runner": { "constant": { "times": 40, "concurrency": 20 } }, "hooks": [], "sla": { "failure_rate": { "max": 0 } } } ] }
2019-07-25 09:17:38.054 18994 RALLYDEBUG rally_openstack.contexts.keystone.users [-] Creating 1 tenants using 20 threads
2019-07-25 09:17:40.036 18994 RALLYDEBUG rally_openstack.contexts.keystone.users [-] Creating 1 users using 20 threads
2019-07-25 09:17:42.856 18994 INFO rally.task.context [-] Task 16829d42-217c-4d5a-9a10-d8bc0f218b4c | Context users@openstack setup() finished in 4.80 sec
2019-07-25 09:17:43.750 18994 INFO rally.task.context [-] Task 16829d42-217c-4d5a-9a10-d8bc0f218b4c | Context quotas@openstack setup() finished in 0.89 sec
2019-07-25 09:17:43.750 18994 INFO rally.task.context [-] Task 16829d42-217c-4d5a-9a10-d8bc0f218b4c | Context cleanup@openstack setup() finished in 0.00 msec
2019-07-25 09:17:43.758 18994 RALLYDEBUG rally.task.runner [-] Starting the constant runner (task UUID: 16829d42-217c-4d5a-9a10-d8bc0f218b4c). timeout: 0 concurrency: 20 concurrency_per_worker: 1 times: 40 concurrency_overhead: 4 processes_to_start: 16 max_cpu_used: 16
2019-07-25 09:17:43.771 23240 RALLYDEBUG rally.task.runner [-] Starting a worker. concurrency: 2 args: {"network_create_args": {}, "port_create_args": {}, "ports_per_network": 5} times: 40 method_name: run timeout: 0 duration: None cls:
2019-07-25 09:17:43.775 23242 RALLYDEBUG rally.task.runner [-] Starting a worker. concurrency: 2 args: {"network_create_args": {}, "port_create_args": {}, "ports_per_network": 5} times: 40 method_name: run timeout: 0 duration: None cls:
2019-07-25 09:17:43.776 23241 RALLYDEBUG rally.task.runner [-] Starting a worker. concurrency: 2 args: {"network_create_args": {}, "port_create_args": {}, "ports_per_network": 5} times: 40 method_name: run timeout: 0 duration: None cls:
2019-07-25 09:17:43.779 23240 INFO rally.task.runner [-] Task 16829d42-217c-4d5a-9a10-d8bc0f218b4c | ITER: 1 START
2019-07-25 09:17:43.779 23243 RALLYDEBUG rally.task.runner [-] Starting a worker. concurrency: 2 args: {"network_create_args": {}, "port_create_args": {}, "ports_per_network": 5} times: 40 method_name: run timeout: 0 duration: None cls:
2019-07-25 09:17:43.780 23242 INFO rally.task.runner [-] Task 16829d42-217c-4d5a-9a10-d8bc0f218b4c | ITER: 3 START
2019-07-25 09:17:43.781 23240 WARNING rally_openstack.scenarios.neutron.utils [-] Running this scenario without either the 'network' or 'existing_network' context is deprecated
2019-07-25 09:17:43.783 23249 RALLYDEBUG rally.task.runner [-] Starting a worker. concurrency: 1 args: {"network_create_args": {}, "port_create_args": {}, "ports_per_network": 5} times: 40 method_name: run timeout: 0 duration: None cls:
2019-07-25 09:17:43.782 23240 INFO rally.task.runner [-] Task 16829d42-217c-4d5a-9a10-d8bc0f218b4c | ITER: 2 START
2019-07-25 09:17:43.783 23242 WARNING rally_openstack.scenarios.neutron.utils [-] Running this scenario without either the 'network' or 'existing_network' context is deprecated
2019-07-25 09:17:43.784 23240 WARNING rally_openstack.scenarios.neutron.utils [-] Running this scenario without either the 'network' or 'existing_network' context is deprecated
2019-07-25 09:17:43.785 23241 INFO rally.task.runner [-] Task 16829d42-217c-4d5a-9a10-d8bc0f218b4c | ITER: 4 START
2019-07-25 09:17:43.786 23243 INFO rally.task.runner [-] Task 16829d42-217c-4d5a-9a10-d8bc0f218b4c | ITER: 6 START
2019-07-25 09:17:43.786 23249 INFO rally.task.runner [-] Task 16829d42-217c-4d5a-9a10-d8bc0f218b4c | ITER: 9 START
2019-07-25 09:17:43.787 23249 WARNING rally_openstack.scenarios.neutron.utils [-] Running this scenario without either the 'network' or 'existing_network' context is deprecated
2019-07-25 09:17:43.787 23243 WARNING rally_openstack.scenarios.neutron.utils [-] Running this scenario without either the 'network' or 'existing_network' context is deprecated
2019-07-25 09:17:43.786 23241 INFO rally.task.runner [-] Task 16829d42-217c-4d5a-9a10-d8bc0f218b4c | ITER: 7 START
2019-07-25 09:17:43.788 23241 WARNING rally_openstack.scenarios.neutron.utils [-] Running this scenario without either the 'network' or 'existing_network' context is deprecated
2019-07-25 09:17:43.792 23242 INFO rally.task.runner [-] Task 16829d42-217c-4d5a-9a10-d8bc0f218b4c | ITER: 5 START
2019-07-25 09:17:43.788 23243 INFO rally.task.runner [-] Task 16829d42-217c-4d5a-9a10-d8bc0f218b4c | ITER: 8 START
2019-07-25 09:17:43.793 23242 WARNING rally_openstack.scenarios.neutron.utils [-] Running this scenario without either the 'network' or 'existing_network' context is deprecated
2019-07-25 09:17:43.794 23243 WARNING rally_openstack.scenarios.neutron.utils [-] Running this scenario without either the 'network' or 'existing_network' context is deprecated
2019-07-25 09:17:43.788 23241 WARNING rally_openstack.scenarios.neutron.utils [-] Running this scenario without either the 'network' or 'existing_network' context is deprecated
2019-07-25 09:17:43.795 23257 RALLYDEBUG rally.task.runner [-] Starting a worker. concurrency: 1 args: {"network_create_args": {}, "port_create_args": {}, "ports_per_network": 5} times: 40 method_name: run timeout: 0 duration: None cls:
2019-07-25 09:17:43.797 23260 RALLYDEBUG rally.task.runner [-] Starting a worker. concurrency: 1 args: {"network_create_args": {}, "port_create_args": {}, "ports_per_network": 5} times: 40 method_name: run timeout: 0 duration: None cls:
2019-07-25 09:17:43.802 23257 INFO rally.task.runner [-] Task 16829d42-217c-4d5a-9a10-d8bc0f218b4c | ITER: 10 START
2019-07-25 09:17:43.803 23260 INFO rally.task.runner [-] Task 16829d42-217c-4d5a-9a10-d8bc0f218b4c | ITER: 11 START
2019-07-25 09:17:43.803 23261 RALLYDEBUG rally.task.runner [-] Starting a worker. concurrency: 1 args: {"network_create_args": {}, "port_create_args": {}, "ports_per_network": 5} times: 40 method_name: run timeout: 0 duration: None cls:
2019-07-25 09:17:43.804 23257 WARNING rally_openstack.scenarios.neutron.utils [-] Running this scenario without either the 'network' or 'existing_network' context is deprecated
2019-07-25 09:17:43.804 23260 WARNING rally_openstack.scenarios.neutron.utils [-] Running this scenario without either the 'network' or 'existing_network' context is deprecated
2019-07-25 09:17:43.807 23261 INFO rally.task.runner [-] Task 16829d42-217c-4d5a-9a10-d8bc0f218b4c | ITER: 12 START
2019-07-25 09:17:43.809 23261 WARNING rally_openstack.scenarios.neutron.utils [-] Running this scenario without either the 'network' or 'existing_network' context is deprecated
2019-07-25 09:17:43.810 23267 RALLYDEBUG rally.task.runner [-] Starting a worker. concurrency: 1 args: {"network_create_args": {}, "port_create_args": {}, "ports_per_network": 5} times: 40 method_name: run timeout: 0 duration: None cls:
2019-07-25 09:17:43.813 23267 INFO rally.task.runner [-] Task 16829d42-217c-4d5a-9a10-d8bc0f218b4c | ITER: 13 START
2019-07-25 09:17:43.814 23267 WARNING rally_openstack.scenarios.neutron.utils [-] Running this scenario without either the 'network' or 'existing_network' context is deprecated
2019-07-25 09:17:43.816 23271 RALLYDEBUG rally.task.runner [-] Starting a worker. concurrency: 1 args: {"network_create_args": {}, "port_create_args": {}, "ports_per_network": 5} times: 40 method_name: run timeout: 0 duration: None cls:
2019-07-25 09:17:43.821 23271 INFO rally.task.runner [-] Task 16829d42-217c-4d5a-9a10-d8bc0f218b4c | ITER: 14 START
2019-07-25 09:17:43.822 23271 WARNING rally_openstack.scenarios.neutron.utils [-] Running this scenario without either the 'network' or 'existing_network' context is deprecated
2019-07-25 09:17:43.826 23272 RALLYDEBUG rally.task.runner [-] Starting a worker. concurrency: 1 args: {"network_create_args": {}, "port_create_args": {}, "ports_per_network": 5} times: 40 method_name: run timeout: 0 duration: None cls:
2019-07-25 09:17:43.827 23275 RALLYDEBUG rally.task.runner [-] Starting a worker. concurrency: 1 args: {"network_create_args": {}, "port_create_args": {}, "ports_per_network": 5} times: 40 method_name: run timeout: 0 duration: None cls:
2019-07-25 09:17:43.831 23275 INFO rally.task.runner [-] Task 16829d42-217c-4d5a-9a10-d8bc0f218b4c | ITER: 16 START
2019-07-25 09:17:43.832 23276 RALLYDEBUG rally.task.runner [-] Starting a worker. concurrency: 1 args: {"network_create_args": {}, "port_create_args": {}, "ports_per_network": 5} times: 40 method_name: run timeout: 0 duration: None cls:
2019-07-25 09:17:43.832 23272 INFO rally.task.runner [-] Task 16829d42-217c-4d5a-9a10-d8bc0f218b4c | ITER: 15 START
2019-07-25 09:17:43.833 23275 WARNING rally_openstack.scenarios.neutron.utils [-] Running this scenario without either the 'network' or 'existing_network' context is deprecated
2019-07-25 09:17:43.833 23272 WARNING rally_openstack.scenarios.neutron.utils [-] Running this scenario without either the 'network' or 'existing_network' context is deprecated
2019-07-25 09:17:43.834 23276 INFO rally.task.runner [-] Task 16829d42-217c-4d5a-9a10-d8bc0f218b4c | ITER: 17 START
2019-07-25 09:17:43.835 23276 WARNING rally_openstack.scenarios.neutron.utils [-] Running this scenario without either the 'network' or 'existing_network' context is deprecated
2019-07-25 09:17:43.836 23281 RALLYDEBUG rally.task.runner [-] Starting a worker. concurrency: 1 args: {"network_create_args": {}, "port_create_args": {}, "ports_per_network": 5} times: 40 method_name: run timeout: 0 duration: None cls:
2019-07-25 09:17:43.839 23281 INFO rally.task.runner [-] Task 16829d42-217c-4d5a-9a10-d8bc0f218b4c | ITER: 18 START
2019-07-25 09:17:43.840 23281 WARNING rally_openstack.scenarios.neutron.utils [-] Running this scenario without either the 'network' or 'existing_network' context is deprecated
2019-07-25 09:17:43.844 23286 RALLYDEBUG rally.task.runner [-] Starting a worker. concurrency: 1 args: {"network_create_args": {}, "port_create_args": {}, "ports_per_network": 5} times: 40 method_name: run timeout: 0 duration: None cls:
2019-07-25 09:17:43.847 23286 INFO rally.task.runner [-] Task 16829d42-217c-4d5a-9a10-d8bc0f218b4c | ITER: 19 START
2019-07-25 09:17:43.848 23286 WARNING rally_openstack.scenarios.neutron.utils [-] Running this scenario without either the 'network' or 'existing_network' context is deprecated
2019-07-25 09:17:43.849 23287 RALLYDEBUG rally.task.runner [-] Starting a worker. concurrency: 1 args: {"network_create_args": {}, "port_create_args": {}, "ports_per_network": 5} times: 40 method_name: run timeout: 0 duration: None cls:
2019-07-25 09:17:43.854 23287 INFO rally.task.runner [-] Task 16829d42-217c-4d5a-9a10-d8bc0f218b4c | ITER: 20 START
2019-07-25 09:17:43.856 23287 WARNING rally_openstack.scenarios.neutron.utils [-] Running this scenario without either the 'network' or 'existing_network' context is deprecated
2019-07-25 09:17:59.592 23272 INFO rally.task.runner [-] Task 16829d42-217c-4d5a-9a10-d8bc0f218b4c | ITER: 15 END: OK
2019-07-25 09:17:59.596 23272 INFO rally.task.runner [-] Task 16829d42-217c-4d5a-9a10-d8bc0f218b4c | ITER: 21 START
2019-07-25 09:17:59.597 23272 WARNING rally_openstack.scenarios.neutron.utils [-] Running this scenario without either the 'network' or 'existing_network' context is deprecated
2019-07-25 09:17:59.932 23249 INFO rally.task.runner [-] Task 16829d42-217c-4d5a-9a10-d8bc0f218b4c | ITER: 9 END: OK
2019-07-25 09:17:59.937 23249 INFO rally.task.runner [-] Task 16829d42-217c-4d5a-9a10-d8bc0f218b4c | ITER: 22 START
2019-07-25 09:17:59.937 23249 WARNING rally_openstack.scenarios.neutron.utils [-] Running this scenario without either the 'network' or 'existing_network' context is deprecated
2019-07-25 09:18:00.233 23275 INFO rally.task.runner [-] Task 16829d42-217c-4d5a-9a10-d8bc0f218b4c | ITER: 16 END: OK
2019-07-25 09:18:00.237 23275 INFO rally.task.runner [-] Task 16829d42-217c-4d5a-9a10-d8bc0f218b4c | ITER: 23 START
2019-07-25 09:18:00.237 23275 WARNING rally_openstack.scenarios.neutron.utils [-] Running this scenario without either the 'network' or 'existing_network' context is deprecated
2019-07-25 09:18:00.502 23240 INFO rally.task.runner [-] Task 16829d42-217c-4d5a-9a10-d8bc0f218b4c | ITER: 2 END: OK
2019-07-25 09:18:00.505 23240 INFO rally.task.runner [-] Task 16829d42-217c-4d5a-9a10-d8bc0f218b4c | ITER: 24 START
2019-07-25 09:18:00.506 23240 WARNING rally_openstack.scenarios.neutron.utils [-] Running this scenario without either the 'network' or 'existing_network' context is deprecated
2019-07-25 09:18:00.869 23261 INFO rally.task.runner [-] Task 16829d42-217c-4d5a-9a10-d8bc0f218b4c | ITER: 12 END: OK
2019-07-25 09:18:00.873 23261 INFO rally.task.runner [-] Task 16829d42-217c-4d5a-9a10-d8bc0f218b4c | ITER: 25 START
2019-07-25 09:18:00.874 23261 WARNING rally_openstack.scenarios.neutron.utils [-] Running this scenario without either the 'network' or 'existing_network' context is deprecated
2019-07-25 09:18:00.953 23276 INFO rally.task.runner [-] Task 16829d42-217c-4d5a-9a10-d8bc0f218b4c | ITER: 17 END: OK
2019-07-25 09:18:00.957 23276 INFO rally.task.runner [-] Task 16829d42-217c-4d5a-9a10-d8bc0f218b4c | ITER: 26 START
2019-07-25 09:18:00.958 23276 WARNING rally_openstack.scenarios.neutron.utils [-] Running this scenario without either the 'network' or 'existing_network' context is deprecated
2019-07-25 09:18:01.022 23286 INFO rally.task.runner [-] Task 16829d42-217c-4d5a-9a10-d8bc0f218b4c | ITER: 19 END: OK
2019-07-25 09:18:01.026 23286 INFO rally.task.runner [-] Task 16829d42-217c-4d5a-9a10-d8bc0f218b4c | ITER: 27 START
2019-07-25 09:18:01.027 23286 WARNING rally_openstack.scenarios.neutron.utils [-] Running this scenario without either the 'network' or 'existing_network' context is deprecated
2019-07-25 09:18:01.363 23241 INFO rally.task.runner [-] Task 16829d42-217c-4d5a-9a10-d8bc0f218b4c | ITER: 4 END: OK
2019-07-25 09:18:01.368 23241 INFO rally.task.runner [-] Task 16829d42-217c-4d5a-9a10-d8bc0f218b4c | ITER: 28 START
2019-07-25 09:18:01.368 23241 WARNING rally_openstack.scenarios.neutron.utils [-] Running this scenario without either the 'network' or 'existing_network' context is deprecated
2019-07-25 09:18:01.559 23242 INFO rally.task.runner [-] Task 16829d42-217c-4d5a-9a10-d8bc0f218b4c | ITER: 5 END: OK
2019-07-25 09:18:01.562 23242 INFO rally.task.runner [-] Task 16829d42-217c-4d5a-9a10-d8bc0f218b4c | ITER: 29 START
2019-07-25 09:18:01.563 23242 WARNING rally_openstack.scenarios.neutron.utils [-] Running this scenario without either the 'network' or 'existing_network' context is deprecated
2019-07-25 09:18:01.617 23257 INFO rally.task.runner [-] Task 16829d42-217c-4d5a-9a10-d8bc0f218b4c | ITER: 10 END: OK
2019-07-25 09:18:01.621 23257 INFO rally.task.runner [-] Task 16829d42-217c-4d5a-9a10-d8bc0f218b4c | ITER: 30 START
2019-07-25 09:18:01.622 23257 WARNING rally_openstack.scenarios.neutron.utils [-] Running this scenario without either the 'network' or 'existing_network' context is deprecated
2019-07-25 09:18:01.748 23260 INFO rally.task.runner [-] Task 16829d42-217c-4d5a-9a10-d8bc0f218b4c | ITER: 11 END: OK
2019-07-25 09:18:01.752 23260 INFO rally.task.runner [-] Task 16829d42-217c-4d5a-9a10-d8bc0f218b4c | ITER: 31 START
2019-07-25 09:18:01.753 23260 WARNING rally_openstack.scenarios.neutron.utils [-] Running this scenario without either the 'network' or 'existing_network' context is deprecated
2019-07-25 09:18:01.964 23281 INFO rally.task.runner [-] Task 16829d42-217c-4d5a-9a10-d8bc0f218b4c | ITER: 18 END: OK
2019-07-25 09:18:01.969 23281 INFO rally.task.runner [-] Task 16829d42-217c-4d5a-9a10-d8bc0f218b4c | ITER: 32 START
2019-07-25 09:18:01.970 23281 WARNING rally_openstack.scenarios.neutron.utils [-] Running this scenario without either the 'network' or 'existing_network' context is deprecated
2019-07-25 09:18:02.123 23243 INFO rally.task.runner [-] Task 16829d42-217c-4d5a-9a10-d8bc0f218b4c | ITER: 8 END: OK
2019-07-25 09:18:02.127 23243 INFO rally.task.runner [-] Task 16829d42-217c-4d5a-9a10-d8bc0f218b4c | ITER: 33 START
2019-07-25 09:18:02.127 23243 WARNING rally_openstack.scenarios.neutron.utils [-] Running this scenario without either the 'network' or 'existing_network' context is deprecated
2019-07-25 09:18:02.422 23242 INFO rally.task.runner [-] Task 16829d42-217c-4d5a-9a10-d8bc0f218b4c | ITER: 3 END: OK
2019-07-25 09:18:02.425 23242 INFO rally.task.runner [-] Task 16829d42-217c-4d5a-9a10-d8bc0f218b4c | ITER: 34 START
2019-07-25 09:18:02.426 23242 WARNING rally_openstack.scenarios.neutron.utils [-] Running this scenario without either the 'network' or 'existing_network' context is deprecated
2019-07-25 09:18:02.688 23243 INFO rally.task.runner [-] Task 16829d42-217c-4d5a-9a10-d8bc0f218b4c | ITER: 6 END: OK
2019-07-25 09:18:02.691 23243 INFO rally.task.runner [-] Task 16829d42-217c-4d5a-9a10-d8bc0f218b4c | ITER: 35 START
2019-07-25 09:18:02.692 23243 WARNING rally_openstack.scenarios.neutron.utils [-] Running this scenario without either the 'network' or 'existing_network' context is deprecated
2019-07-25 09:18:02.987 23241 INFO rally.task.runner [-] Task 16829d42-217c-4d5a-9a10-d8bc0f218b4c | ITER: 7 END: OK
2019-07-25 09:18:02.991 23241 INFO rally.task.runner [-] Task 16829d42-217c-4d5a-9a10-d8bc0f218b4c | ITER: 36 START
2019-07-25 09:18:02.991 23241 WARNING rally_openstack.scenarios.neutron.utils [-] Running this scenario without either the 'network' or 'existing_network' context is deprecated
2019-07-25 09:18:03.872 23271 INFO rally.task.runner [-] Task 16829d42-217c-4d5a-9a10-d8bc0f218b4c | ITER: 14 END: OK
2019-07-25 09:18:03.877 23271 INFO rally.task.runner [-] Task 16829d42-217c-4d5a-9a10-d8bc0f218b4c | ITER: 37 START
2019-07-25 09:18:03.877 23271 WARNING rally_openstack.scenarios.neutron.utils [-] Running this scenario without either the 'network' or 'existing_network' context is deprecated
2019-07-25 09:18:04.365 23240 INFO rally.task.runner [-] Task 16829d42-217c-4d5a-9a10-d8bc0f218b4c | ITER: 1 END: OK
2019-07-25 09:18:04.374 23240 INFO rally.task.runner [-] Task 16829d42-217c-4d5a-9a10-d8bc0f218b4c | ITER: 38 START
2019-07-25 09:18:04.374 23240 WARNING rally_openstack.scenarios.neutron.utils [-] Running this scenario without either the 'network' or 'existing_network' context is deprecated
2019-07-25 09:18:04.617 23267 INFO rally.task.runner [-] Task 16829d42-217c-4d5a-9a10-d8bc0f218b4c | ITER: 13 END: OK
2019-07-25 09:18:04.621 23267 INFO rally.task.runner [-] Task 16829d42-217c-4d5a-9a10-d8bc0f218b4c | ITER: 39 START
