2019-07-25 09:05:42.720 21102 RALLYDEBUG rally.task.runner [-] Starting a worker. concurrency: 1 args: {"network_create_args": {}, "subnet_create_args": {}, "subnet_cidr_start": "1.1.0.0/30", "subnets_per_network": 2} times: 40 method_name: run timeout: 0 duration: None cls:
2019-07-25 09:05:42.722 21093 WARNING rally_openstack.scenarios.neutron.utils [-] Running this scenario without either the 'network' or 'existing_network' context is deprecated
2019-07-25 09:05:42.720 21090 INFO rally.task.runner [-] Task 16829d42-217c-4d5a-9a10-d8bc0f218b4c | ITER: 7 START
2019-07-25 09:05:42.722 21090 WARNING rally_openstack.scenarios.neutron.utils [-] Running this scenario without either the 'network' or 'existing_network' context is deprecated
2019-07-25 09:05:42.723 21090 WARNING rally_openstack.scenarios.neutron.utils [-] Running this scenario without either the 'network' or 'existing_network' context is deprecated
2019-07-25 09:05:42.724 21096 INFO rally.task.runner [-] Task 16829d42-217c-4d5a-9a10-d8bc0f218b4c | ITER: 10 START
2019-07-25 09:05:42.726 21096 WARNING rally_openstack.scenarios.neutron.utils [-] Running this scenario without either the 'network' or 'existing_network' context is deprecated
2019-07-25 09:05:42.728 21102 INFO rally.task.runner [-] Task 16829d42-217c-4d5a-9a10-d8bc0f218b4c | ITER: 11 START
2019-07-25 09:05:42.727 21108 RALLYDEBUG rally.task.runner [-] Starting a worker. concurrency: 1 args: {"network_create_args": {}, "subnet_create_args": {}, "subnet_cidr_start": "1.1.0.0/30", "subnets_per_network": 2} times: 40 method_name: run timeout: 0 duration: None cls:
2019-07-25 09:05:42.730 21102 WARNING rally_openstack.scenarios.neutron.utils [-] Running this scenario without either the 'network' or 'existing_network' context is deprecated
2019-07-25 09:05:42.732 21112 RALLYDEBUG rally.task.runner [-] Starting a worker. concurrency: 1 args: {"network_create_args": {}, "subnet_create_args": {}, "subnet_cidr_start": "1.1.0.0/30", "subnets_per_network": 2} times: 40 method_name: run timeout: 0 duration: None cls:
2019-07-25 09:05:42.735 21108 INFO rally.task.runner [-] Task 16829d42-217c-4d5a-9a10-d8bc0f218b4c | ITER: 12 START
2019-07-25 09:05:42.736 21108 WARNING rally_openstack.scenarios.neutron.utils [-] Running this scenario without either the 'network' or 'existing_network' context is deprecated
2019-07-25 09:05:42.737 21091 INFO rally.task.runner [-] Task 16829d42-217c-4d5a-9a10-d8bc0f218b4c | ITER: 8 START
2019-07-25 09:05:42.737 21112 INFO rally.task.runner [-] Task 16829d42-217c-4d5a-9a10-d8bc0f218b4c | ITER: 13 START
2019-07-25 09:05:42.737 21091 WARNING rally_openstack.scenarios.neutron.utils [-] Running this scenario without either the 'network' or 'existing_network' context is deprecated
2019-07-25 09:05:42.738 21112 WARNING rally_openstack.scenarios.neutron.utils [-] Running this scenario without either the 'network' or 'existing_network' context is deprecated
2019-07-25 09:05:42.740 21116 RALLYDEBUG rally.task.runner [-] Starting a worker. concurrency: 1 args: {"network_create_args": {}, "subnet_create_args": {}, "subnet_cidr_start": "1.1.0.0/30", "subnets_per_network": 2} times: 40 method_name: run timeout: 0 duration: None cls:
2019-07-25 09:05:42.747 21116 INFO rally.task.runner [-] Task 16829d42-217c-4d5a-9a10-d8bc0f218b4c | ITER: 14 START
2019-07-25 09:05:42.748 21116 WARNING rally_openstack.scenarios.neutron.utils [-] Running this scenario without either the 'network' or 'existing_network' context is deprecated
2019-07-25 09:05:42.753 21120 RALLYDEBUG rally.task.runner [-] Starting a worker. concurrency: 1 args: {"network_create_args": {}, "subnet_create_args": {}, "subnet_cidr_start": "1.1.0.0/30", "subnets_per_network": 2} times: 40 method_name: run timeout: 0 duration: None cls:
2019-07-25 09:05:42.756 21123 RALLYDEBUG rally.task.runner [-] Starting a worker. concurrency: 1 args: {"network_create_args": {}, "subnet_create_args": {}, "subnet_cidr_start": "1.1.0.0/30", "subnets_per_network": 2} times: 40 method_name: run timeout: 0 duration: None cls:
2019-07-25 09:05:42.759 21120 INFO rally.task.runner [-] Task 16829d42-217c-4d5a-9a10-d8bc0f218b4c | ITER: 15 START
2019-07-25 09:05:42.761 21123 INFO rally.task.runner [-] Task 16829d42-217c-4d5a-9a10-d8bc0f218b4c | ITER: 16 START
2019-07-25 09:05:42.761 21120 WARNING rally_openstack.scenarios.neutron.utils [-] Running this scenario without either the 'network' or 'existing_network' context is deprecated
2019-07-25 09:05:42.762 21123 WARNING rally_openstack.scenarios.neutron.utils [-] Running this scenario without either the 'network' or 'existing_network' context is deprecated
2019-07-25 09:05:42.765 21124 RALLYDEBUG rally.task.runner [-] Starting a worker. concurrency: 1 args: {"network_create_args": {}, "subnet_create_args": {}, "subnet_cidr_start": "1.1.0.0/30", "subnets_per_network": 2} times: 40 method_name: run timeout: 0 duration: None cls:
2019-07-25 09:05:42.765 21129 RALLYDEBUG rally.task.runner [-] Starting a worker. concurrency: 1 args: {"network_create_args": {}, "subnet_create_args": {}, "subnet_cidr_start": "1.1.0.0/30", "subnets_per_network": 2} times: 40 method_name: run timeout: 0 duration: None cls:
2019-07-25 09:05:42.770 21124 INFO rally.task.runner [-] Task 16829d42-217c-4d5a-9a10-d8bc0f218b4c | ITER: 17 START
2019-07-25 09:05:42.770 21129 INFO rally.task.runner [-] Task 16829d42-217c-4d5a-9a10-d8bc0f218b4c | ITER: 18 START
2019-07-25 09:05:42.771 21129 WARNING rally_openstack.scenarios.neutron.utils [-] Running this scenario without either the 'network' or 'existing_network' context is deprecated
2019-07-25 09:05:42.771 21124 WARNING rally_openstack.scenarios.neutron.utils [-] Running this scenario without either the 'network' or 'existing_network' context is deprecated
2019-07-25 09:05:42.772 21130 RALLYDEBUG rally.task.runner [-] Starting a worker. concurrency: 1 args: {"network_create_args": {}, "subnet_create_args": {}, "subnet_cidr_start": "1.1.0.0/30", "subnets_per_network": 2} times: 40 method_name: run timeout: 0 duration: None cls:
2019-07-25 09:05:42.776 21130 INFO rally.task.runner [-] Task 16829d42-217c-4d5a-9a10-d8bc0f218b4c | ITER: 19 START
2019-07-25 09:05:42.777 21130 WARNING rally_openstack.scenarios.neutron.utils [-] Running this scenario without either the 'network' or 'existing_network' context is deprecated
2019-07-25 09:05:42.777 21135 RALLYDEBUG rally.task.runner [-] Starting a worker. concurrency: 1 args: {"network_create_args": {}, "subnet_create_args": {}, "subnet_cidr_start": "1.1.0.0/30", "subnets_per_network": 2} times: 40 method_name: run timeout: 0 duration: None cls:
2019-07-25 09:05:42.781 21135 INFO rally.task.runner [-] Task 16829d42-217c-4d5a-9a10-d8bc0f218b4c | ITER: 20 START
2019-07-25 09:05:42.781 21135 WARNING rally_openstack.scenarios.neutron.utils [-] Running this scenario without either the 'network' or 'existing_network' context is deprecated
2019-07-25 09:05:45.147 21089 RALLYDEBUG rally_openstack.wrappers.network [-] CIDR generated: 1.1.4.96/30
2019-07-25 09:05:45.211 21088 RALLYDEBUG rally_openstack.wrappers.network [-] CIDR generated: 1.1.4.100/30
2019-07-25 09:05:45.235 21130 RALLYDEBUG rally_openstack.wrappers.network [-] CIDR generated: 1.1.4.104/30
2019-07-25 09:05:45.398 21096 RALLYDEBUG rally_openstack.wrappers.network [-] CIDR generated: 1.1.4.108/30
2019-07-25 09:05:45.466 21124 RALLYDEBUG rally_openstack.wrappers.network [-] CIDR generated: 1.1.4.112/30
2019-07-25 09:05:45.476 21108 RALLYDEBUG rally_openstack.wrappers.network [-] CIDR generated: 1.1.4.116/30
2019-07-25 09:05:45.663 21120 RALLYDEBUG rally_openstack.wrappers.network [-] CIDR generated: 1.1.4.120/30
2019-07-25 09:05:45.716 21102 RALLYDEBUG rally_openstack.wrappers.network [-] CIDR generated: 1.1.4.124/30
2019-07-25 09:05:46.005 21129 RALLYDEBUG rally_openstack.wrappers.network [-] CIDR generated: 1.1.4.128/30
2019-07-25 09:05:46.182 21090 RALLYDEBUG rally_openstack.wrappers.network [-] CIDR generated: 1.1.4.132/30
2019-07-25 09:05:46.243 21123 RALLYDEBUG rally_openstack.wrappers.network [-] CIDR generated: 1.1.4.136/30
2019-07-25 09:05:46.271 21089 RALLYDEBUG rally_openstack.wrappers.network [-] CIDR generated: 1.1.4.140/30
2019-07-25 09:05:46.297 21091 RALLYDEBUG rally_openstack.wrappers.network [-] CIDR generated: 1.1.4.144/30
2019-07-25 09:05:47.125 21112 RALLYDEBUG rally_openstack.wrappers.network [-] CIDR generated: 1.1.4.148/30
2019-07-25 09:05:47.206 21130 RALLYDEBUG rally_openstack.wrappers.network [-] CIDR generated: 1.1.4.152/30
2019-07-25 09:05:47.626 21088 RALLYDEBUG rally_openstack.wrappers.network [-] CIDR generated: 1.1.4.156/30
2019-07-25 09:05:47.715 21108 RALLYDEBUG rally_openstack.wrappers.network [-] CIDR generated: 1.1.4.160/30
2019-07-25 09:05:47.745 21096 RALLYDEBUG rally_openstack.wrappers.network [-] CIDR generated: 1.1.4.164/30
2019-07-25 09:05:47.816 21120 RALLYDEBUG rally_openstack.wrappers.network [-] CIDR generated: 1.1.4.168/30
2019-07-25 09:05:47.876 21124 RALLYDEBUG rally_openstack.wrappers.network [-] CIDR generated: 1.1.4.172/30
2019-07-25 09:05:47.997 21129 RALLYDEBUG rally_openstack.wrappers.network [-] CIDR generated: 1.1.4.176/30
2019-07-25 09:05:48.185 21089 RALLYDEBUG rally_openstack.wrappers.network [-] CIDR generated: 1.1.4.180/30
2019-07-25 09:05:48.296 21102 RALLYDEBUG rally_openstack.wrappers.network [-] CIDR generated: 1.1.4.184/30
2019-07-25 09:05:48.307 21089 RALLYDEBUG rally_openstack.wrappers.network [-] CIDR generated: 1.1.4.188/30
2019-07-25 09:05:48.631 21090 RALLYDEBUG rally_openstack.wrappers.network [-] CIDR generated: 1.1.4.192/30
2019-07-25 09:05:50.081 21123 RALLYDEBUG rally_openstack.wrappers.network [-] CIDR generated: 1.1.4.196/30
2019-07-25 09:05:50.449 21116 RALLYDEBUG rally_openstack.wrappers.network [-] CIDR generated: 1.1.4.200/30
2019-07-25 09:05:50.528 21091 RALLYDEBUG rally_openstack.wrappers.network [-] CIDR generated: 1.1.4.204/30
2019-07-25 09:05:50.536 21093 RALLYDEBUG rally_openstack.wrappers.network [-] CIDR generated: 1.1.4.208/30
2019-07-25 09:05:50.650 21088 RALLYDEBUG rally_openstack.wrappers.network [-] CIDR generated: 1.1.4.212/30
2019-07-25 09:05:50.671 21090 RALLYDEBUG rally_openstack.wrappers.network [-] CIDR generated: 1.1.4.216/30
2019-07-25 09:05:50.716 21135 RALLYDEBUG rally_openstack.wrappers.network [-] CIDR generated: 1.1.4.220/30
2019-07-25 09:05:50.756 21091 RALLYDEBUG rally_openstack.wrappers.network [-] CIDR generated: 1.1.4.224/30
2019-07-25 09:05:50.901 21112 RALLYDEBUG rally_openstack.wrappers.network [-] CIDR generated: 1.1.4.228/30
2019-07-25 09:05:53.056 21135 RALLYDEBUG rally_openstack.wrappers.network [-] CIDR generated: 1.1.4.232/30
2019-07-25 09:05:53.170 21116 RALLYDEBUG rally_openstack.wrappers.network [-] CIDR generated: 1.1.4.236/30
2019-07-25 09:05:53.320 21093 RALLYDEBUG rally_openstack.wrappers.network [-] CIDR generated: 1.1.4.240/30
2019-07-25 09:05:53.526 21130 INFO rally.task.runner [-] Task 16829d42-217c-4d5a-9a10-d8bc0f218b4c | ITER: 19 END: OK
2019-07-25 09:05:53.531 21130 INFO rally.task.runner [-] Task 16829d42-217c-4d5a-9a10-d8bc0f218b4c | ITER: 21 START
2019-07-25 09:05:53.532 21130 WARNING rally_openstack.scenarios.neutron.utils [-] Running this scenario without either the 'network' or 'existing_network' context is deprecated
2019-07-25 09:05:53.764 21096 INFO rally.task.runner [-] Task 16829d42-217c-4d5a-9a10-d8bc0f218b4c | ITER: 10 END: OK
2019-07-25 09:05:53.768 21096 INFO rally.task.runner [-] Task 16829d42-217c-4d5a-9a10-d8bc0f218b4c | ITER: 22 START
2019-07-25 09:05:53.769 21096 WARNING rally_openstack.scenarios.neutron.utils [-] Running this scenario without either the 'network' or 'existing_network' context is deprecated
2019-07-25 09:05:54.081 21088 RALLYDEBUG rally_openstack.wrappers.network [-] CIDR generated: 1.1.4.244/30
2019-07-25 09:05:54.145 21088 INFO rally.task.runner [-] Task 16829d42-217c-4d5a-9a10-d8bc0f218b4c | ITER: 4 END: OK
2019-07-25 09:05:54.150 21088 INFO rally.task.runner [-] Task 16829d42-217c-4d5a-9a10-d8bc0f218b4c | ITER: 23 START
2019-07-25 09:05:54.150 21088 WARNING rally_openstack.scenarios.neutron.utils [-] Running this scenario without either the 'network' or 'existing_network' context is deprecated
2019-07-25 09:05:54.422 21120 INFO rally.task.runner [-] Task 16829d42-217c-4d5a-9a10-d8bc0f218b4c | ITER: 15 END: OK
2019-07-25 09:05:54.426 21120 INFO rally.task.runner [-] Task 16829d42-217c-4d5a-9a10-d8bc0f218b4c | ITER: 24 START
2019-07-25 09:05:54.427 21120 WARNING rally_openstack.scenarios.neutron.utils [-] Running this scenario without either the 'network' or 'existing_network' context is deprecated
2019-07-25 09:05:54.519 21124 INFO rally.task.runner [-] Task 16829d42-217c-4d5a-9a10-d8bc0f218b4c | ITER: 17 END: OK
2019-07-25 09:05:54.523 21124 INFO rally.task.runner [-] Task 16829d42-217c-4d5a-9a10-d8bc0f218b4c | ITER: 25 START
2019-07-25 09:05:54.523 21124 WARNING rally_openstack.scenarios.neutron.utils [-] Running this scenario without either the 'network' or 'existing_network' context is deprecated
2019-07-25 09:05:54.681 21129 INFO rally.task.runner [-] Task 16829d42-217c-4d5a-9a10-d8bc0f218b4c | ITER: 18 END: OK
2019-07-25 09:05:54.685 21129 INFO rally.task.runner [-] Task 16829d42-217c-4d5a-9a10-d8bc0f218b4c | ITER: 26 START
2019-07-25 09:05:54.686 21129 WARNING rally_openstack.scenarios.neutron.utils [-] Running this scenario without either the 'network' or 'existing_network' context is deprecated
2019-07-25 09:05:54.786 21091 RALLYDEBUG rally_openstack.wrappers.network [-] CIDR generated: 1.1.4.248/30
2019-07-25 09:05:54.797 21108 INFO rally.task.runner [-] Task 16829d42-217c-4d5a-9a10-d8bc0f218b4c | ITER: 12 END: OK
2019-07-25 09:05:54.801 21108 INFO rally.task.runner [-] Task 16829d42-217c-4d5a-9a10-d8bc0f218b4c | ITER: 27 START
2019-07-25 09:05:54.802 21108 WARNING rally_openstack.scenarios.neutron.utils [-] Running this scenario without either the 'network' or 'existing_network' context is deprecated
2019-07-25 09:05:54.879 21090 RALLYDEBUG rally_openstack.wrappers.network [-] CIDR generated: 1.1.4.252/30
2019-07-25 09:05:55.860 21090 INFO rally.task.runner [-] Task 16829d42-217c-4d5a-9a10-d8bc0f218b4c | ITER: 3 END: OK
2019-07-25 09:05:55.865 21090 INFO rally.task.runner [-] Task 16829d42-217c-4d5a-9a10-d8bc0f218b4c | ITER: 28 START
2019-07-25 09:05:55.865 21090 WARNING rally_openstack.scenarios.neutron.utils [-] Running this scenario without either the 'network' or 'existing_network' context is deprecated
2019-07-25 09:05:55.954 21096 RALLYDEBUG rally_openstack.wrappers.network [-] CIDR generated: 1.1.5.0/30
2019-07-25 09:05:56.069 21088 RALLYDEBUG rally_openstack.wrappers.network [-] CIDR generated: 1.1.5.4/30
2019-07-25 09:05:56.144 21089 INFO rally.task.runner [-] Task 16829d42-217c-4d5a-9a10-d8bc0f218b4c | ITER: 2 END: OK
2019-07-25 09:05:56.148 21089 INFO rally.task.runner [-] Task 16829d42-217c-4d5a-9a10-d8bc0f218b4c | ITER: 29 START
2019-07-25 09:05:56.148 21089 WARNING rally_openstack.scenarios.neutron.utils [-] Running this scenario without either the 'network' or 'existing_network' context is deprecated
2019-07-25 09:05:56.458 21130 RALLYDEBUG rally_openstack.wrappers.network [-] CIDR generated: 1.1.5.8/30
2019-07-25 09:05:56.592 21102 INFO rally.task.runner [-] Task 16829d42-217c-4d5a-9a10-d8bc0f218b4c | ITER: 11 END: OK
2019-07-25 09:05:56.596 21102 INFO rally.task.runner [-] Task 16829d42-217c-4d5a-9a10-d8bc0f218b4c | ITER: 30 START
2019-07-25 09:05:56.596 21102 WARNING rally_openstack.scenarios.neutron.utils [-] Running this scenario without either the 'network' or 'existing_network' context is deprecated
2019-07-25 09:05:56.674 21089 INFO rally.task.runner [-] Task 16829d42-217c-4d5a-9a10-d8bc0f218b4c | ITER: 5 END: OK
2019-07-25 09:05:56.678 21089 INFO rally.task.runner [-] Task 16829d42-217c-4d5a-9a10-d8bc0f218b4c | ITER: 31 START
2019-07-25 09:05:56.678 21089 WARNING rally_openstack.scenarios.neutron.utils [-] Running this scenario without either the 'network' or 'existing_network' context is deprecated
2019-07-25 09:05:56.871 21129 RALLYDEBUG rally_openstack.wrappers.network [-] CIDR generated: 1.1.5.12/30
2019-07-25 09:05:56.918 21120 RALLYDEBUG rally_openstack.wrappers.network [-] CIDR generated: 1.1.5.16/30
2019-07-25 09:05:57.245 21123 INFO rally.task.runner [-] Task 16829d42-217c-4d5a-9a10-d8bc0f218b4c | ITER: 16 END: OK
2019-07-25 09:05:57.248 21108 RALLYDEBUG rally_openstack.wrappers.network [-] CIDR generated: 1.1.5.20/30
2019-07-25 09:05:57.249 21123 INFO rally.task.runner [-] Task 16829d42-217c-4d5a-9a10-d8bc0f218b4c | ITER: 32 START
2019-07-25 09:05:57.250 21123 WARNING rally_openstack.scenarios.neutron.utils [-] Running this scenario without either the 'network' or 'existing_network' context is deprecated
2019-07-25 09:05:57.609 21091 INFO rally.task.runner [-] Task 16829d42-217c-4d5a-9a10-d8bc0f218b4c | ITER: 6 END: OK
2019-07-25 09:05:57.613 21091 INFO rally.task.runner [-] Task 16829d42-217c-4d5a-9a10-d8bc0f218b4c | ITER: 33 START
2019-07-25 09:05:57.614 21091 WARNING rally_openstack.scenarios.neutron.utils [-] Running this scenario without either the 'network' or 'existing_network' context is deprecated
2019-07-25 09:05:57.753 21124 RALLYDEBUG rally_openstack.wrappers.network [-] CIDR generated: 1.1.5.24/30
2019-07-25 09:05:58.289 21089 RALLYDEBUG rally_openstack.wrappers.network [-] CIDR generated: 1.1.5.28/30
2019-07-25 09:05:58.368 21088 RALLYDEBUG rally_openstack.wrappers.network [-] CIDR generated: 1.1.5.32/30
2019-07-25 09:05:58.674 21096 RALLYDEBUG rally_openstack.wrappers.network [-] CIDR generated: 1.1.5.36/30
2019-07-25 09:05:58.776 21089 RALLYDEBUG rally_openstack.wrappers.network [-] CIDR generated: 1.1.5.40/30
2019-07-25 09:05:58.842 21112 INFO rally.task.runner [-] Task 16829d42-217c-4d5a-9a10-d8bc0f218b4c | ITER: 13 END: OK
2019-07-25 09:05:58.846 21112 INFO rally.task.runner [-] Task 16829d42-217c-4d5a-9a10-d8bc0f218b4c | ITER: 34 START
2019-07-25 09:05:58.847 21112 WARNING rally_openstack.scenarios.neutron.utils [-] Running this scenario without either the 'network' or 'existing_network' context is deprecated
2019-07-25 09:05:58.871 21102 RALLYDEBUG rally_openstack.wrappers.network [-] CIDR generated: 1.1.5.44/30
2019-07-25 09:05:58.966 21130 RALLYDEBUG rally_openstack.wrappers.network [-] CIDR generated: 1.1.5.48/30
2019-07-25 09:05:59.083 21135 INFO rally.task.runner [-] Task 16829d42-217c-4d5a-9a10-d8bc0f218b4c | ITER: 20 END: OK
2019-07-25 09:05:59.088 21135 INFO rally.task.runner [-] Task 16829d42-217c-4d5a-9a10-d8bc0f218b4c | ITER: 35 START
2019-07-25 09:05:59.089 21135 WARNING rally_openstack.scenarios.neutron.utils [-] Running this scenario without either the 'network' or 'existing_network' context is deprecated
2019-07-25 09:05:59.110 21090 RALLYDEBUG rally_openstack.wrappers.network [-] CIDR generated: 1.1.5.52/30
2019-07-25 09:05:59.284 21129 RALLYDEBUG rally_openstack.wrappers.network [-] CIDR generated: 1.1.5.56/30
2019-07-25 09:05:59.428 21120 RALLYDEBUG rally_openstack.wrappers.network [-] CIDR generated: 1.1.5.60/30
2019-07-25 09:05:59.554 21123 RALLYDEBUG rally_openstack.wrappers.network [-] CIDR generated: 1.1.5.64/30
2019-07-25 09:05:59.631 21108 RALLYDEBUG rally_openstack.wrappers.network [-] CIDR generated: 1.1.5.68/30
2019-07-25 09:06:00.300 21093 INFO rally.task.runner [-] Task 16829d42-217c-4d5a-9a10-d8bc0f218b4c | ITER: 9 END: OK
2019-07-25 09:06:00.304 21093 INFO rally.task.runner [-] Task 16829d42-217c-4d5a-9a10-d8bc0f218b4c | ITER: 36 START
2019-07-25 09:06:00.305 21093 WARNING rally_openstack.scenarios.neutron.utils [-] Running this scenario without either the 'network' or 'existing_network' context is deprecated
2019-07-25 09:06:00.655 21091 RALLYDEBUG rally_openstack.wrappers.network [-] CIDR generated: 1.1.5.72/30
2019-07-25 09:06:01.080 21089 RALLYDEBUG rally_openstack.wrappers.network [-] CIDR generated: 1.1.5.76/30
2019-07-25 09:06:01.231 21089 RALLYDEBUG rally_openstack.wrappers.network [-] CIDR generated: 1.1.5.80/30
2019-07-25 09:06:01.426 21116 INFO rally.task.runner [-] Task 16829d42-217c-4d5a-9a10-d8bc0f218b4c | ITER: 14 END: OK
2019-07-25 09:06:01.431 21116 INFO rally.task.runner [-] Task 16829d42-217c-4d5a-9a10-d8bc0f218b4c | ITER: 37 START
2019-07-25 09:06:01.431 21116 WARNING rally_openstack.scenarios.neutron.utils [-] Running this scenario without either the 'network' or 'existing_network' context is deprecated
2019-07-25 09:06:01.511 21112 RALLYDEBUG rally_openstack.wrappers.network [-] CIDR generated: 1.1.5.84/30
2019-07-25 09:06:01.712 21090 INFO rally.task.runner [-] Task 16829d42-217c-4d5a-9a10-d8bc0f218b4c | ITER: 7 END: OK
2019-07-25 09:06:01.717 21090 INFO rally.task.runner [-] Task 16829d42-217c-4d5a-9a10-d8bc0f218b4c | ITER: 38 START
2019-07-25 09:06:01.717 21090 WARNING rally_openstack.scenarios.neutron.utils [-] Running this scenario without either the 'network' or 'existing_network' context is deprecated
2019-07-25 09:06:01.847 21123 RALLYDEBUG rally_openstack.wrappers.network [-] CIDR generated: 1.1.5.88/30
2019-07-25 09:06:01.900 21135 RALLYDEBUG rally_openstack.wrappers.network [-] CIDR generated: 1.1.5.92/30
2019-07-25 09:06:01.937 21090 RALLYDEBUG rally_openstack.wrappers.network [-] CIDR generated: 1.1.5.96/30
2019-07-25 09:06:01.940 21124 RALLYDEBUG rally_openstack.wrappers.network [-] CIDR generated: 1.1.5.100/30
2019-07-25 09:06:02.283 21102 RALLYDEBUG rally_openstack.wrappers.network [-] CIDR generated: 1.1.5.104/30
2019-07-25 09:06:02.536 21093 RALLYDEBUG rally_openstack.wrappers.network [-] CIDR generated: 1.1.5.108/30
2019-07-25 09:06:02.870 21091 RALLYDEBUG rally_openstack.wrappers.network [-] CIDR generated: 1.1.5.112/30
2019-07-25 09:06:03.398 21088 INFO rally.task.runner [-] Task 16829d42-217c-4d5a-9a10-d8bc0f218b4c | ITER: 1 END: OK
2019-07-25 09:06:03.402 21088 INFO rally.task.runner [-] Task 16829d42-217c-4d5a-9a10-d8bc0f218b4c | ITER: 39 START
2019-07-25 09:06:03.403 21088 WARNING rally_openstack.scenarios.neutron.utils [-] Running this scenario without either the 'network' or 'existing_network' context is deprecated
2019-07-25 09:06:03.568 21090 RALLYDEBUG rally_openstack.wrappers.network [-] CIDR generated: 1.1.5.116/30
2019-07-25 09:06:03.733 21116 RALLYDEBUG rally_openstack.wrappers.network [-] CIDR generated: 1.1.5.120/30
2019-07-25 09:06:03.930 21112 RALLYDEBUG rally_openstack.wrappers.network [-] CIDR generated: 1.1.5.124/30
2019-07-25 09:06:04.354 21091 INFO rally.task.runner [-] Task 16829d42-217c-4d5a-9a10-d8bc0f218b4c | ITER: 8 END: OK
2019-07-25 09:06:04.358 21091 INFO rally.task.runner [-] Task 16829d42-217c-4d5a-9a10-d8bc0f218b4c | ITER: 40 START
2019-07-25 09:06:04.358 21091 WARNING rally_openstack.scenarios.neutron.utils [-] Running this scenario without either the 'network' or 'existing_network' context is deprecated
2019-07-25 09:06:04.379 21135 RALLYDEBUG rally_openstack.wrappers.network [-] CIDR generated: 1.1.5.128/30
2019-07-25 09:06:04.607 21093 RALLYDEBUG rally_openstack.wrappers.network [-] CIDR generated: 1.1.5.132/30
2019-07-25 09:06:05.421 21120 INFO rally.task.runner [-] Task 16829d42-217c-4d5a-9a10-d8bc0f218b4c | ITER: 24 END: OK
2019-07-25 09:06:05.556 21130 INFO rally.task.runner [-] Task 16829d42-217c-4d5a-9a10-d8bc0f218b4c | ITER: 21 END: OK
2019-07-25 09:06:05.689 21096 INFO rally.task.runner [-] Task 16829d42-217c-4d5a-9a10-d8bc0f218b4c | ITER: 22 END: OK
2019-07-25 09:06:05.877 21116 RALLYDEBUG rally_openstack.wrappers.network [-] CIDR generated: 1.1.5.136/30
2019-07-25 09:06:06.136 21088 RALLYDEBUG rally_openstack.wrappers.network [-] CIDR generated: 1.1.5.140/30
2019-07-25 09:06:06.165 21088 INFO rally.task.runner [-] Task 16829d42-217c-4d5a-9a10-d8bc0f218b4c | ITER: 23 END: OK
2019-07-25 09:06:06.243 21129 INFO rally.task.runner [-] Task 16829d42-217c-4d5a-9a10-d8bc0f218b4c | ITER: 26 END: OK
2019-07-25 09:06:06.733 21090 RALLYDEBUG rally_openstack.wrappers.network [-] CIDR generated: 1.1.5.144/30
2019-07-25 09:06:06.840 21091 RALLYDEBUG rally_openstack.wrappers.network [-] CIDR generated: 1.1.5.148/30
2019-07-25 09:06:07.283 21089 INFO rally.task.runner [-] Task 16829d42-217c-4d5a-9a10-d8bc0f218b4c | ITER: 29 END: OK
2019-07-25 09:06:07.848 21108 INFO rally.task.runner [-] Task 16829d42-217c-4d5a-9a10-d8bc0f218b4c | ITER: 27 END: OK
2019-07-25 09:06:08.190 21089 INFO rally.task.runner [-] Task 16829d42-217c-4d5a-9a10-d8bc0f218b4c | ITER: 31 END: OK
2019-07-25 09:06:08.213 21102 INFO rally.task.runner [-] Task 16829d42-217c-4d5a-9a10-d8bc0f218b4c | ITER: 30 END: OK
2019-07-25 09:06:08.385 21088 RALLYDEBUG rally_openstack.wrappers.network [-] CIDR generated: 1.1.5.152/30
2019-07-25 09:06:08.981 21135 INFO rally.task.runner [-] Task 16829d42-217c-4d5a-9a10-d8bc0f218b4c | ITER: 35 END: OK
2019-07-25 09:06:08.985 21091 RALLYDEBUG rally_openstack.wrappers.network [-] CIDR generated: 1.1.5.156/30
2019-07-25 09:06:09.054 21123 INFO rally.task.runner [-] Task 16829d42-217c-4d5a-9a10-d8bc0f218b4c | ITER: 32 END: OK
2019-07-25 09:06:09.080 21091 INFO rally.task.runner [-] Task 16829d42-217c-4d5a-9a10-d8bc0f218b4c | ITER: 33 END: OK
2019-07-25 09:06:09.375 21124 INFO rally.task.runner [-] Task 16829d42-217c-4d5a-9a10-d8bc0f218b4c | ITER: 25 END: OK
2019-07-25 09:06:09.680 21090 INFO rally.task.runner [-] Task 16829d42-217c-4d5a-9a10-d8bc0f218b4c | ITER: 28 END: OK
2019-07-25 09:06:09.736 21112 INFO rally.task.runner [-] Task 16829d42-217c-4d5a-9a10-d8bc0f218b4c | ITER: 34 END: OK
2019-07-25 09:06:11.541 21093 INFO rally.task.runner [-] Task 16829d42-217c-4d5a-9a10-d8bc0f218b4c | ITER: 36 END: OK
2019-07-25 09:06:11.959 21116 INFO rally.task.runner [-] Task 16829d42-217c-4d5a-9a10-d8bc0f218b4c | ITER: 37 END: OK
2019-07-25 09:06:13.193 21090 INFO rally.task.runner [-] Task 16829d42-217c-4d5a-9a10-d8bc0f218b4c | ITER: 38 END: OK
2019-07-25 09:06:13.350 21088 INFO rally.task.runner [-] Task 16829d42-217c-4d5a-9a10-d8bc0f218b4c | ITER: 39 END: OK
2019-07-25 09:06:13.915 21091 INFO rally.task.runner [-] Task 16829d42-217c-4d5a-9a10-d8bc0f218b4c | ITER: 40 END: OK
2019-07-25 09:06:13.946 18994 INFO rally.task.context [-] Task 16829d42-217c-4d5a-9a10-d8bc0f218b4c | Context cleanup@openstack cleanup() started
2019-07-25 09:06:13.949 18994 RALLYDEBUG rally_openstack.cleanup.manager [-] Cleaning up neutron vip objects
2019-07-25 09:06:14.681 18994 RALLYDEBUG rally_openstack.cleanup.manager [-] Cleaning up neutron health_monitor objects
2019-07-25 09:06:15.429 18994 RALLYDEBUG rally_openstack.cleanup.manager [-] Cleaning up neutron pool objects
2019-07-25 09:06:16.188 18994 RALLYDEBUG rally_openstack.cleanup.manager [-] Cleaning up neutron loadbalancer objects
2019-07-25 09:06:16.928 18994 RALLYDEBUG rally_openstack.cleanup.manager [-] Cleaning up neutron floatingip objects
2019-07-25 09:06:17.606 18994 RALLYDEBUG rally_openstack.cleanup.manager [-] Cleaning up neutron port objects
2019-07-25 09:06:18.530 18994 RALLYDEBUG rally_openstack.cleanup.manager [-] Cleaning up neutron subnet objects
2019-07-25 09:06:19.361 18994 RALLYDEBUG rally_openstack.cleanup.manager [-] Cleaning up neutron network objects
2019-07-25 09:06:20.192 18994 RALLYDEBUG rally_openstack.cleanup.manager [-] Deleting neutron.network object s_rally_af075e08_1wSmfKuU (0c12404c-f498-4f45-a4db-cfdda8b08faf)
2019-07-25 09:06:20.193 18994 RALLYDEBUG rally_openstack.cleanup.manager [-] Deleting neutron.network object s_rally_af075e08_kqHM2lQ8 (17376158-e8af-4010-9346-c2b3649b4dd3)
2019-07-25 09:06:20.207 18994 RALLYDEBUG rally_openstack.cleanup.manager [-] Deleting neutron.network object s_rally_af075e08_mEAZoHeo (23bc9b96-db2e-4ce7-a15e-d729df64d930)
2019-07-25 09:06:20.208 18994 RALLYDEBUG rally_openstack.cleanup.manager [-] Deleting neutron.network object s_rally_af075e08_65ZKnDvQ (21709f68-eab8-4ac6-b81e-cf9b131c022c)
2019-07-25 09:06:20.223 18994 RALLYDEBUG rally_openstack.cleanup.manager [-] Deleting neutron.network object s_rally_af075e08_fZgwBudR (23f5e0b7-5bee-43bb-b19b-7178762052c8)
2019-07-25 09:06:20.224 18994 RALLYDEBUG rally_openstack.cleanup.manager [-] Deleting neutron.network object s_rally_af075e08_LYXzK8uj (29a97ff3-c8be-48ba-974e-3c196c72f3e5)
2019-07-25 09:06:20.235 18994 RALLYDEBUG rally_openstack.cleanup.manager [-] Deleting neutron.network object s_rally_af075e08_HUgfaXz5 (2d29dc86-d46c-4418-8b11-2e42a1f7b143)
2019-07-25 09:06:20.250 18994 RALLYDEBUG rally_openstack.cleanup.manager [-] Deleting neutron.network object s_rally_af075e08_xkp2OtMU (2f9efde3-66cb-44fc-87d7-068ac0cc6c95)
2019-07-25 09:06:20.261 18994 RALLYDEBUG rally_openstack.cleanup.manager [-] Deleting neutron.network object s_rally_af075e08_ZOgRfphl (33d47fec-4763-4636-9702-33858cb716e1)
2019-07-25 09:06:20.272 18994 RALLYDEBUG rally_openstack.cleanup.manager [-] Deleting neutron.network object s_rally_af075e08_f1Bxlm0P (39c2b0ae-7534-4bb4-9f64-a7ea9de3cdad)
2019-07-25 09:06:20.289 18994 RALLYDEBUG rally_openstack.cleanup.manager [-] Deleting neutron.network object s_rally_af075e08_JkwZKTpz (3d08220e-5d71-45e4-a3bf-5932d3aa9555)
2019-07-25 09:06:20.302 18994 RALLYDEBUG rally_openstack.cleanup.manager [-] Deleting neutron.network object s_rally_af075e08_ORwQFpcD (401325cb-96d3-447a-940f-979b65401829)
2019-07-25 09:06:20.308 18994 RALLYDEBUG rally_openstack.cleanup.manager [-] Deleting neutron.network object s_rally_af075e08_elRRJ2oG (505e41d7-c5f2-40b8-813c-72b5c964daaf)
2019-07-25 09:06:20.332 18994 RALLYDEBUG rally_openstack.cleanup.manager [-] Deleting neutron.network object s_rally_af075e08_8dCubdUt (569c887b-b79e-467f-a7e6-62d71c4c52bd)
2019-07-25 09:06:20.334 18994 RALLYDEBUG rally_openstack.cleanup.manager [-] Deleting neutron.network object s_rally_af075e08_uvnDzpnP (5f379fe3-6b55-4a70-b317-25f8bd84b69c)
2019-07-25 09:06:20.350 18994 RALLYDEBUG rally_openstack.cleanup.manager [-] Deleting neutron.network object s_rally_af075e08_v5Xf7Mz4 (612fcc6b-4e99-4e2d-902f-95819304c4cc)
2019-07-25 09:06:20.360 18994 RALLYDEBUG rally_openstack.cleanup.manager [-] Deleting neutron.network object s_rally_af075e08_mfxX5ZaM (614024a4-a535-4151-94cf-2c7da0ceaf33)
2019-07-25 09:06:20.376 18994 RALLYDEBUG rally_openstack.cleanup.manager [-] Deleting neutron.network object s_rally_af075e08_tERMNecl (6212216d-6f3d-4fc2-895e-ad774702fcda)
2019-07-25 09:06:20.391 18994 RALLYDEBUG rally_openstack.cleanup.manager [-] Deleting neutron.network object s_rally_af075e08_VVIoawht (6949d47a-e6af-4e18-8778-17e689d32260)
2019-07-25 09:06:20.408 18994 RALLYDEBUG rally_openstack.cleanup.manager [-] Deleting neutron.network object s_rally_af075e08_qxH4he0F (76a1b52b-de86-4b55-b0eb-6143eb9bfef6)
2019-07-25 09:06:23.526 18994 RALLYDEBUG rally_openstack.cleanup.manager [-] Deleting neutron.network object s_rally_af075e08_IXjtVdzW (79d05fdf-bd91-4db6-9971-9a58a756ed74)
2019-07-25 09:06:23.689 18994 RALLYDEBUG rally_openstack.cleanup.manager [-] Deleting neutron.network object s_rally_af075e08_mqWrHV9A (7bf3d252-1dc5-48af-9e02-b0677fa41712)
2019-07-25 09:06:23.799 18994 RALLYDEBUG rally_openstack.cleanup.manager [-] Deleting neutron.network object s_rally_af075e08_UMO5yGwA (7f58cb7b-58cd-4d29-beb2-ab201c3ffc23)
2019-07-25 09:06:23.845 18994 RALLYDEBUG rally_openstack.cleanup.manager [-] Deleting neutron.network object s_rally_af075e08_r9EKCloV (837611df-9a25-4ff7-8dd8-5746cd4fc2f1)
2019-07-25 09:06:23.923 18994 RALLYDEBUG rally_openstack.cleanup.manager [-] Deleting neutron.network object s_rally_af075e08_5IWorEQr (846ccc1a-2ccc-4bb2-b5cc-8c482231a0bb)
2019-07-25 09:06:24.938 18994 RALLYDEBUG rally_openstack.cleanup.manager [-] Deleting neutron.network object s_rally_af075e08_MFSdgy0M (891f6f58-0415-4e01-a38b-2129df3ffa23)
2019-07-25 09:06:25.026 18994 RALLYDEBUG rally_openstack.cleanup.manager [-] Deleting neutron.network object s_rally_af075e08_zUNZNrzE (9739de47-6bc8-4307-935e-c550bb82bc69)
2019-07-25 09:06:25.094 18994 RALLYDEBUG rally_openstack.cleanup.manager [-] Deleting neutron.network object s_rally_af075e08_jSfFBhws (9cbac7e0-8aae-4bcf-987d-6fd6282abd16)
2019-07-25 09:06:25.161 18994 RALLYDEBUG rally_openstack.cleanup.manager [-] Deleting neutron.network object s_rally_af075e08_WNoOjGS8 (9f352783-92be-4ffc-9a1b-b5ff7b676363)
2019-07-25 09:06:25.305 18994 RALLYDEBUG rally_openstack.cleanup.manager [-] Deleting neutron.network object s_rally_af075e08_UIl3CmBe (a4ce1832-61dd-4770-a48b-a0e49d059bf0)
2019-07-25 09:06:25.329 18994 RALLYDEBUG rally_openstack.cleanup.manager [-] Deleting neutron.network object s_rally_af075e08_aVO9h5va (a984c1e7-6f21-4b3d-a0c1-e5357b029f3f)
2019-07-25 09:06:25.901 18994 RALLYDEBUG rally_openstack.cleanup.manager [-] Deleting neutron.network object s_rally_af075e08_OEJC1o1D (c65cac2f-61f8-4859-96b2-3b2851b97d4f)
2019-07-25 09:06:25.906 18994 RALLYDEBUG rally_openstack.cleanup.manager [-] Deleting neutron.network object s_rally_af075e08_Qq0DFkOx (c67c34a1-1886-44f6-9282-7d9e52e1735c)
2019-07-25 09:06:26.007 18994 RALLYDEBUG rally_openstack.cleanup.manager [-] Deleting neutron.network object s_rally_af075e08_fcXjpNIZ (c9dde74b-bc00-49ba-add4-3545c26dc640)
2019-07-25 09:06:26.064 18994 RALLYDEBUG rally_openstack.cleanup.manager [-] Deleting neutron.network object s_rally_af075e08_GSdge9YA (cb7e04b5-41a5-4509-b4a0-f95ce4f464d3)
2019-07-25 09:06:26.138 18994 RALLYDEBUG rally_openstack.cleanup.manager [-] Deleting neutron.network object s_rally_af075e08_HT7JnhXW (ce1c0769-5c63-4a18-be28-d1740a0a3955)
2019-07-25 09:06:26.159 18994 RALLYDEBUG rally_openstack.cleanup.manager [-] Deleting neutron.network object s_rally_af075e08_2d6OIac1 (d06d05a0-9e85-4656-8960-3f3f7da37024)
2019-07-25 09:06:26.379 18994 RALLYDEBUG rally_openstack.cleanup.manager [-] Deleting neutron.network object s_rally_af075e08_LiZq0bdN (dd37526d-46a8-490b-91bb-2a2adccd4e1e)
2019-07-25 09:06:26.379 18994 RALLYDEBUG rally_openstack.cleanup.manager [-] Deleting neutron.network object s_rally_af075e08_hq30qlKi (fc7e29e6-df9a-4541-9a6d-1fd658530367)
2019-07-25 09:06:26.380 18994 RALLYDEBUG rally_openstack.cleanup.manager [-] Deleting neutron.network object s_rally_af075e08_gMKQHMvn (e738f7ce-ca7f-427b-be4b-456dede93c51)
2019-07-25 09:06:30.038 18994 RALLYDEBUG rally_openstack.cleanup.manager [-] Cleaning up neutron router objects
2019-07-25 09:06:30.819 18994 RALLYDEBUG rally_openstack.cleanup.manager [-] Cleaning up neutron security_group objects
2019-07-25 09:06:31.941 18994 INFO rally.task.context [-] Task 16829d42-217c-4d5a-9a10-d8bc0f218b4c | Context cleanup@openstack cleanup() finished in 17.99 sec
2019-07-25 09:06:31.941 18994 INFO rally.task.context [-] Task 16829d42-217c-4d5a-9a10-d8bc0f218b4c | Context quotas@openstack cleanup() started
2019-07-25 09:06:32.295 18994 INFO rally.task.context [-] Task 16829d42-217c-4d5a-9a10-d8bc0f218b4c | Context quotas@openstack cleanup() finished in 0.35 sec
2019-07-25 09:06:32.295 18994 INFO rally.task.context [-] Task 16829d42-217c-4d5a-9a10-d8bc0f218b4c | Context users@openstack cleanup() started
2019-07-25 09:06:37.417 18994 INFO rally.task.context [-] Task 16829d42-217c-4d5a-9a10-d8bc0f218b4c | Context users@openstack cleanup() finished in 5.12 sec
2019-07-25 09:06:37.474 18994 INFO rally.task.engine [-] Load duration is: 31.203049
2019-07-25 09:06:37.474 18994 INFO rally.task.engine [-] Full runner duration is: 31.257163
2019-07-25 09:06:37.475 18994 INFO rally.task.engine [-] Full duration is: 60.172364
2019-07-25 09:06:37.859 18994 INFO rally.task.engine [-] Running workload: position = 0 config = { "version": 2, "title": "A cropped version of a bigger task.", "description": "Auto-generated task from a single workload (uuid=63acb403-2aac-47cb-9c56-8d2e8ec434a5)", "subtasks": [ { "title": "NeutronNetworks.create_and_list_routers", "description": "Create and a given number of routers and list all routers.", "scenario": { "NeutronNetworks.create_and_list_routers": { "network_create_args": null, "subnet_create_args": null, "subnet_cidr_start": "1.1.0.0/30", "subnets_per_network": 2, "router_create_args": null } }, "contexts": { "users": { "tenants": 1, "users_per_tenant": 1 }, "quotas": { "neutron": { "network": -1, "subnet": -1, "router": -1 } } }, "runner": { "constant": { "times": 40, "concurrency": 20 } }, "hooks": [], "sla": { "failure_rate": { "max": 0 } } } ] }
2019-07-25 09:06:37.883 18994 RALLYDEBUG rally_openstack.contexts.keystone.users [-] Creating 1 tenants using 20 threads
2019-07-25 09:06:39.854 18994 RALLYDEBUG rally_openstack.contexts.keystone.users [-] Creating 1 users using 20 threads
2019-07-25 09:06:42.520 18994 INFO rally.task.context [-] Task 16829d42-217c-4d5a-9a10-d8bc0f218b4c | Context users@openstack setup() finished in 4.64 sec
2019-07-25 09:06:43.366 18994 INFO rally.task.context [-] Task 16829d42-217c-4d5a-9a10-d8bc0f218b4c | Context quotas@openstack setup() finished in 0.85 sec
2019-07-25 09:06:43.366 18994 INFO rally.task.context [-] Task 16829d42-217c-4d5a-9a10-d8bc0f218b4c | Context cleanup@openstack setup() finished in 0.00 msec
2019-07-25 09:06:43.374 18994 RALLYDEBUG rally.task.runner [-] Starting the constant runner (task UUID: 16829d42-217c-4d5a-9a10-d8bc0f218b4c). timeout: 0 concurrency: 20 concurrency_per_worker: 1 times: 40 concurrency_overhead: 4 processes_to_start: 16 max_cpu_used: 16
2019-07-25 09:06:43.388 21458 RALLYDEBUG rally.task.runner [-] Starting a worker. concurrency: 2 args: {"network_create_args": null, "subnet_create_args": null, "subnet_cidr_start": "1.1.0.0/30", "subnets_per_network": 2, "router_create_args": null} times: 40 method_name: run timeout: 0 duration: None cls:
2019-07-25 09:06:43.391 21459 RALLYDEBUG rally.task.runner [-] Starting a worker. concurrency: 2 args: {"network_create_args": null, "subnet_create_args": null, "subnet_cidr_start": "1.1.0.0/30", "subnets_per_network": 2, "router_create_args": null} times: 40 method_name: run timeout: 0 duration: None cls:
2019-07-25 09:06:43.393 21460 RALLYDEBUG rally.task.runner [-] Starting a worker. concurrency: 2 args: {"network_create_args": null, "subnet_create_args": null, "subnet_cidr_start": "1.1.0.0/30", "subnets_per_network": 2, "router_create_args": null} times: 40 method_name: run timeout: 0 duration: None cls:
2019-07-25 09:06:43.394 21458 INFO rally.task.runner [-] Task 16829d42-217c-4d5a-9a10-d8bc0f218b4c | ITER: 1 START
2019-07-25 09:06:43.397 21461 RALLYDEBUG rally.task.runner [-] Starting a worker. concurrency: 2 args: {"network_create_args": null, "subnet_create_args": null, "subnet_cidr_start": "1.1.0.0/30", "subnets_per_network": 2, "router_create_args": null} times: 40 method_name: run timeout: 0 duration: None cls:
2019-07-25 09:06:43.400 21459 INFO rally.task.runner [-] Task 16829d42-217c-4d5a-9a10-d8bc0f218b4c | ITER: 2 START
2019-07-25 09:06:43.401 21463 RALLYDEBUG rally.task.runner [-] Starting a worker. concurrency: 1 args: {"network_create_args": null, "subnet_create_args": null, "subnet_cidr_start": "1.1.0.0/30", "subnets_per_network": 2, "router_create_args": null} times: 40 method_name: run timeout: 0 duration: None cls:
2019-07-25 09:06:43.401 21460 INFO rally.task.runner [-] Task 16829d42-217c-4d5a-9a10-d8bc0f218b4c | ITER: 4 START
2019-07-25 09:06:43.403 21466 RALLYDEBUG rally.task.runner [-] Starting a worker. concurrency: 1 args: {"network_create_args": null, "subnet_create_args": null, "subnet_cidr_start": "1.1.0.0/30", "subnets_per_network": 2, "router_create_args": null} times: 40 method_name: run timeout: 0 duration: None cls:
2019-07-25 09:06:43.407 21461 INFO rally.task.runner [-] Task 16829d42-217c-4d5a-9a10-d8bc0f218b4c | ITER: 7 START
2019-07-25 09:06:43.409 21469 RALLYDEBUG rally.task.runner [-] Starting a worker. concurrency: 1 args: {"network_create_args": null, "subnet_create_args": null, "subnet_cidr_start": "1.1.0.0/30", "subnets_per_network": 2, "router_create_args": null} times: 40 method_name: run timeout: 0 duration: None cls:
2019-07-25 09:06:43.410 21472 RALLYDEBUG rally.task.runner [-] Starting a worker. concurrency: 1 args: {"network_create_args": null, "subnet_create_args": null, "subnet_cidr_start": "1.1.0.0/30", "subnets_per_network": 2, "router_create_args": null} times: 40 method_name: run timeout: 0 duration: None cls:
2019-07-25 09:06:43.411 21459 INFO rally.task.runner [-] Task 16829d42-217c-4d5a-9a10-d8bc0f218b4c | ITER: 5 START
2019-07-25 09:06:43.411 21463 INFO rally.task.runner [-] Task 16829d42-217c-4d5a-9a10-d8bc0f218b4c | ITER: 9 START
2019-07-25 09:06:43.412 21466 INFO rally.task.runner [-] Task 16829d42-217c-4d5a-9a10-d8bc0f218b4c | ITER: 10 START
2019-07-25 09:06:43.412 21458 INFO rally.task.runner [-] Task 16829d42-217c-4d5a-9a10-d8bc0f218b4c | ITER: 3 START
2019-07-25 09:06:43.416 21475 RALLYDEBUG rally.task.runner [-] Starting a worker. concurrency: 1 args: {"network_create_args": null, "subnet_create_args": null, "subnet_cidr_start": "1.1.0.0/30", "subnets_per_network": 2, "router_create_args": null} times: 40 method_name: run timeout: 0 duration: None cls:
2019-07-25 09:06:43.417 21461 INFO rally.task.runner [-] Task 16829d42-217c-4d5a-9a10-d8bc0f218b4c | ITER: 8 START
2019-07-25 09:06:43.417 21469 INFO rally.task.runner [-] Task 16829d42-217c-4d5a-9a10-d8bc0f218b4c | ITER: 11 START
2019-07-25 09:06:43.414 21460 INFO rally.task.runner [-] Task 16829d42-217c-4d5a-9a10-d8bc0f218b4c | ITER: 6 START
2019-07-25 09:06:43.417 21479 RALLYDEBUG rally.task.runner [-] Starting a worker. concurrency: 1 args: {"network_create_args": null, "subnet_create_args": null, "subnet_cidr_start": "1.1.0.0/30", "subnets_per_network": 2, "router_create_args": null} times: 40 method_name: run timeout: 0 duration: None cls:
2019-07-25 09:06:43.418 21472 INFO rally.task.runner [-] Task 16829d42-217c-4d5a-9a10-d8bc0f218b4c | ITER: 12 START
2019-07-25 09:06:43.419 21484 RALLYDEBUG rally.task.runner [-] Starting a worker. concurrency: 1 args: {"network_create_args": null, "subnet_create_args": null, "subnet_cidr_start": "1.1.0.0/30", "subnets_per_network": 2, "router_create_args": null} times: 40 method_name: run timeout: 0 duration: None cls:
2019-07-25 09:06:43.422 21485 RALLYDEBUG rally.task.runner [-] Starting a worker. concurrency: 1 args: {"network_create_args": null, "subnet_create_args": null, "subnet_cidr_start": "1.1.0.0/30", "subnets_per_network": 2, "router_create_args": null} times: 40 method_name: run timeout: 0 duration: None cls:
2019-07-25 09:06:43.423 21475 INFO rally.task.runner [-] Task 16829d42-217c-4d5a-9a10-d8bc0f218b4c | ITER: 13 START
2019-07-25 09:06:43.427 21484 INFO rally.task.runner [-] Task 16829d42-217c-4d5a-9a10-d8bc0f218b4c | ITER: 15 START
2019-07-25 09:06:43.427 21479 INFO rally.task.runner [-] Task 16829d42-217c-4d5a-9a10-d8bc0f218b4c | ITER: 14 START
2019-07-25 09:06:43.430 21485 INFO rally.task.runner [-] Task 16829d42-217c-4d5a-9a10-d8bc0f218b4c | ITER: 16 START
2019-07-25 09:06:43.432 21492 RALLYDEBUG rally.task.runner [-] Starting a worker. concurrency: 1 args: {"network_create_args": null, "subnet_create_args": null, "subnet_cidr_start": "1.1.0.0/30", "subnets_per_network": 2, "router_create_args": null} times: 40 method_name: run timeout: 0 duration: None cls:
2019-07-25 09:06:43.437 21499 RALLYDEBUG rally.task.runner [-] Starting a worker. concurrency: 1 args: {"network_create_args": null, "subnet_create_args": null, "subnet_cidr_start": "1.1.0.0/30", "subnets_per_network": 2, "router_create_args": null} times: 40 method_name: run timeout: 0 duration: None cls:
2019-07-25 09:06:43.438 21492 INFO rally.task.runner [-] Task 16829d42-217c-4d5a-9a10-d8bc0f218b4c | ITER: 17 START
2019-07-25 09:06:43.443 21499 INFO rally.task.runner [-] Task 16829d42-217c-4d5a-9a10-d8bc0f218b4c | ITER: 18 START
2019-07-25 09:06:43.453 21502 RALLYDEBUG rally.task.runner [-] Starting a worker. concurrency: 1 args: {"network_create_args": null, "subnet_create_args": null, "subnet_cidr_start": "1.1.0.0/30", "subnets_per_network": 2, "router_create_args": null} times: 40 method_name: run timeout: 0 duration: None cls:
2019-07-25 09:06:43.456 21505 RALLYDEBUG rally.task.runner [-] Starting a worker. concurrency: 1 args: {"network_create_args": null, "subnet_create_args": null, "subnet_cidr_start": "1.1.0.0/30", "subnets_per_network": 2, "router_create_args": null} times: 40 method_name: run timeout: 0 duration: None cls:
2019-07-25 09:06:43.458 21502 INFO rally.task.runner [-] Task 16829d42-217c-4d5a-9a10-d8bc0f218b4c | ITER: 19 START
2019-07-25 09:06:43.463 21505 INFO rally.task.runner [-] Task 16829d42-217c-4d5a-9a10-d8bc0f218b4c | ITER: 20 START
2019-07-25 09:06:46.088 21469 RALLYDEBUG rally_openstack.wrappers.network [-] CIDR generated: 1.1.5.160/30
2019-07-25 09:06:46.159 21458 RALLYDEBUG rally_openstack.wrappers.network [-] CIDR generated: 1.1.5.164/30
2019-07-25 09:06:46.201 21475 RALLYDEBUG rally_openstack.wrappers.network [-] CIDR generated: 1.1.5.168/30
2019-07-25 09:06:46.683 21472 RALLYDEBUG rally_openstack.wrappers.network [-] CIDR generated: 1.1.5.172/30
2019-07-25 09:06:46.787 21499 RALLYDEBUG rally_openstack.wrappers.network [-] CIDR generated: 1.1.5.176/30
2019-07-25 09:06:47.099 21505 RALLYDEBUG rally_openstack.wrappers.network [-] CIDR generated: 1.1.5.180/30
2019-07-25 09:06:47.122 21485 RALLYDEBUG rally_openstack.wrappers.network [-] CIDR generated: 1.1.5.184/30
2019-07-25 09:06:47.176 21460 RALLYDEBUG rally_openstack.wrappers.network [-] CIDR generated: 1.1.5.188/30
2019-07-25 09:06:47.230 21479 RALLYDEBUG rally_openstack.wrappers.network [-] CIDR generated: 1.1.5.192/30
2019-07-25 09:06:47.254 21466 RALLYDEBUG rally_openstack.wrappers.network [-] CIDR generated: 1.1.5.196/30
2019-07-25 09:06:47.316 21459 RALLYDEBUG rally_openstack.wrappers.network [-] CIDR generated: 1.1.5.200/30
2019-07-25 09:06:47.392 21461 RALLYDEBUG rally_openstack.wrappers.network [-] CIDR generated: 1.1.5.204/30
2019-07-25 09:06:47.403 21458 RALLYDEBUG rally_openstack.wrappers.network [-] CIDR generated: 1.1.5.208/30
2019-07-25 09:06:48.081 21463 RALLYDEBUG rally_openstack.wrappers.network [-] CIDR generated: 1.1.5.212/30
2019-07-25 09:06:48.284 21475 RALLYDEBUG rally_openstack.wrappers.network [-] CIDR generated: 1.1.5.216/30
2019-07-25 09:06:48.385 21461 RALLYDEBUG rally_openstack.wrappers.network [-] CIDR generated: 1.1.5.220/30
2019-07-25 09:06:48.435 21502 RALLYDEBUG rally_openstack.wrappers.network [-] CIDR generated: 1.1.5.224/30
2019-07-25 09:06:48.512 21469 RALLYDEBUG rally_openstack.wrappers.network [-] CIDR generated: 1.1.5.228/30
2019-07-25 09:06:48.877 21460 RALLYDEBUG rally_openstack.wrappers.network [-] CIDR generated: 1.1.5.232/30
2019-07-25 09:06:48.895 21484 RALLYDEBUG rally_openstack.wrappers.network [-] CIDR generated: 1.1.5.236/30
2019-07-25 09:06:48.948 21459 RALLYDEBUG rally_openstack.wrappers.network [-] CIDR generated: 1.1.5.240/30
2019-07-25 09:06:48.992 21492 RALLYDEBUG rally_openstack.wrappers.network [-] CIDR generated: 1.1.5.244/30
2019-07-25 09:06:49.092 21499 RALLYDEBUG rally_openstack.wrappers.network [-] CIDR generated: 1.1.5.248/30
2019-07-25 09:06:49.273 21458 RALLYDEBUG rally_openstack.wrappers.network [-] CIDR generated: 1.1.5.252/30
2019-07-25 09:06:49.326 21505 RALLYDEBUG rally_openstack.wrappers.network [-] CIDR generated: 1.1.6.0/30
2019-07-25 09:06:49.488 21479 RALLYDEBUG rally_openstack.wrappers.network [-] CIDR generated: 1.1.6.4/30
2019-07-25 09:06:49.626 21472 RALLYDEBUG rally_openstack.wrappers.network [-] CIDR generated: 1.1.6.8/30
2019-07-25 09:06:49.685 21461 RALLYDEBUG rally_openstack.wrappers.network [-] CIDR generated: 1.1.6.12/30
2019-07-25 09:06:49.782 21459 RALLYDEBUG rally_openstack.wrappers.network [-] CIDR generated: 1.1.6.16/30
2019-07-25 09:06:49.918 21458 RALLYDEBUG rally_openstack.wrappers.network [-] CIDR generated: 1.1.6.20/30
2019-07-25 09:06:50.207 21460 RALLYDEBUG rally_openstack.wrappers.network [-] CIDR generated: 1.1.6.24/30
2019-07-25 09:06:50.374 21461 RALLYDEBUG rally_openstack.wrappers.network [-] CIDR generated: 1.1.6.28/30
2019-07-25 09:06:50.643 21485 RALLYDEBUG rally_openstack.wrappers.network [-] CIDR generated: 1.1.6.32/30
2019-07-25 09:06:50.709 21466 RALLYDEBUG rally_openstack.wrappers.network [-] CIDR generated: 1.1.6.36/30
2019-07-25 09:06:50.811 21463 RALLYDEBUG rally_openstack.wrappers.network [-] CIDR generated: 1.1.6.40/30
2019-07-25 09:06:50.972 21459 RALLYDEBUG rally_openstack.wrappers.network [-] CIDR generated: 1.1.6.44/30
2019-07-25 09:06:51.248 21502 RALLYDEBUG rally_openstack.wrappers.network [-] CIDR generated: 1.1.6.48/30
2019-07-25 09:06:51.701 21484 RALLYDEBUG rally_openstack.wrappers.network [-] CIDR generated: 1.1.6.52/30
2019-07-25 09:06:52.782 21460 RALLYDEBUG rally_openstack.wrappers.network [-] CIDR generated: 1.1.6.56/30
2019-07-25 09:06:52.978 21492 RALLYDEBUG rally_openstack.wrappers.network [-] CIDR generated: 1.1.6.60/30
2019-07-25 09:07:00.420 21469 INFO rally.task.runner [-] Task 16829d42-217c-4d5a-9a10-d8bc0f218b4c | ITER: 11 END: OK
2019-07-25 09:07:00.425 21469 INFO rally.task.runner [-] Task 16829d42-217c-4d5a-9a10-d8bc0f218b4c | ITER: 21 START
2019-07-25 09:07:00.740 21475 INFO rally.task.runner [-] Task 16829d42-217c-4d5a-9a10-d8bc0f218b4c | ITER: 13 END: OK
2019-07-25 09:07:00.744 21475 INFO rally.task.runner [-] Task 16829d42-217c-4d5a-9a10-d8bc0f218b4c | ITER: 22 START
2019-07-25 09:07:00.992 21499 INFO rally.task.runner [-] Task 16829d42-217c-4d5a-9a10-d8bc0f218b4c | ITER: 18 END: OK
2019-07-25 09:07:00.996 21499 INFO rally.task.runner [-] Task 16829d42-217c-4d5a-9a10-d8bc0f218b4c | ITER: 23 START
2019-07-25 09:07:02.285 21458 INFO rally.task.runner [-] Task 16829d42-217c-4d5a-9a10-d8bc0f218b4c | ITER: 1 END: OK
2019-07-25 09:07:02.289 21458 INFO rally.task.runner [-] Task 16829d42-217c-4d5a-9a10-d8bc0f218b4c | ITER: 24 START
2019-07-25 09:07:03.366 21475 RALLYDEBUG rally_openstack.wrappers.network [-] CIDR generated: 1.1.6.64/30
2019-07-25 09:07:03.807 21459 INFO rally.task.runner [-] Task 16829d42-217c-4d5a-9a10-d8bc0f218b4c | ITER: 2 END: OK
2019-07-25 09:07:03.811 21459 INFO rally.task.runner [-] Task 16829d42-217c-4d5a-9a10-d8bc0f218b4c | ITER: 25 START
