2019-07-25 07:53:51.254 6543 RALLYDEBUG rally_openstack.cleanup.manager [-] Deleting gnocchi.resource_type object s_rally_16247de7_reZm4ESt (s_rally_16247de7_reZm4ESt)
2019-07-25 07:53:51.254 6543 RALLYDEBUG rally_openstack.cleanup.manager [-] Deleting gnocchi.resource_type object s_rally_16247de7_S5irSjPk (s_rally_16247de7_S5irSjPk)
2019-07-25 07:53:51.258 6543 RALLYDEBUG rally_openstack.cleanup.manager [-] Deleting gnocchi.resource_type object s_rally_16247de7_xMGvuzSK (s_rally_16247de7_xMGvuzSK)
2019-07-25 07:53:51.264 6543 RALLYDEBUG rally_openstack.cleanup.manager [-] Deleting gnocchi.resource_type object s_rally_16247de7_YJkvxoys (s_rally_16247de7_YJkvxoys)
2019-07-25 07:53:51.281 6543 RALLYDEBUG rally_openstack.cleanup.manager [-] Deleting gnocchi.resource_type object s_rally_16247de7_g2qBF7z6 (s_rally_16247de7_g2qBF7z6)
2019-07-25 07:53:54.409 6543 INFO rally.task.context [-] Task 2ee0615a-cc58-475a-b084-a74b3cb534f1 | Context admin_cleanup@openstack cleanup() finished in 4.00 sec
2019-07-25 07:53:54.410 6543 INFO rally.task.context [-] Task 2ee0615a-cc58-475a-b084-a74b3cb534f1 | Context users@openstack cleanup() started
2019-07-25 07:54:02.887 6543 INFO rally.task.context [-] Task 2ee0615a-cc58-475a-b084-a74b3cb534f1 | Context users@openstack cleanup() finished in 8.48 sec
2019-07-25 07:54:02.956 6543 INFO rally.task.engine [-] Load duration is: 6.765006
2019-07-25 07:54:02.956 6543 INFO rally.task.engine [-] Full runner duration is: 6.811059
2019-07-25 07:54:02.957 6543 INFO rally.task.engine [-] Full duration is: 24.096252
2019-07-25 07:54:03.226 6543 INFO rally.task.engine [-] Running workload: position = 0 config = { "version": 2, "title": "A cropped version of a bigger task.", "description": "Auto-generated task from a single workload (uuid=69abc4cc-14a1-47b2-b338-b177a65f91bf)", "subtasks": [ { "title": "GnocchiResourceType.create_delete_resource_type", "description": "Create resource type and then delete it.", "scenario": { "GnocchiResourceType.create_delete_resource_type": { "attributes": { "foo": { "required": false, "type": "string" }, "bar": { "required": true, "type": "number" } } } }, "contexts": { "users": { "tenants": 3, "users_per_tenant": 2 } }, "runner": { "constant": { "concurrency": 4, "times": 10 } }, "hooks": [], "sla": { "failure_rate": { "max": 0 } } } ] }
2019-07-25 07:54:03.250 6543 RALLYDEBUG rally_openstack.contexts.keystone.users [-] Creating 3 tenants using 20 threads
2019-07-25 07:54:05.139 6543 RALLYDEBUG rally_openstack.contexts.keystone.users [-] Creating 6 users using 20 threads
2019-07-25 07:54:07.946 6543 INFO rally.task.context [-] Task 2ee0615a-cc58-475a-b084-a74b3cb534f1 | Context users@openstack setup() finished in 4.70 sec
2019-07-25 07:54:07.947 6543 INFO rally.task.context [-] Task 2ee0615a-cc58-475a-b084-a74b3cb534f1 | Context admin_cleanup@openstack setup() finished in 0.01 msec
2019-07-25 07:54:07.954 6543 RALLYDEBUG rally.task.runner [-] Starting the constant runner (task UUID: 2ee0615a-cc58-475a-b084-a74b3cb534f1). timeout: 0 concurrency: 4 concurrency_per_worker: 1 times: 10 concurrency_overhead: 0 processes_to_start: 4 max_cpu_used: 16
2019-07-25 07:54:07.966 7807 RALLYDEBUG rally.task.runner [-] Starting a worker. concurrency: 1 args: {"attributes": {"foo": {"required": false, "type": "string"}, "bar": {"required": true, "type": "number"}}} times: 10 method_name: run timeout: 0 duration: None cls:
2019-07-25 07:54:07.971 7808 RALLYDEBUG rally.task.runner [-] Starting a worker. concurrency: 1 args: {"attributes": {"foo": {"required": false, "type": "string"}, "bar": {"required": true, "type": "number"}}} times: 10 method_name: run timeout: 0 duration: None cls:
2019-07-25 07:54:07.974 7807 INFO rally.task.runner [-] Task 2ee0615a-cc58-475a-b084-a74b3cb534f1 | ITER: 1 START
2019-07-25 07:54:07.975 7809 RALLYDEBUG rally.task.runner [-] Starting a worker. concurrency: 1 args: {"attributes": {"foo": {"required": false, "type": "string"}, "bar": {"required": true, "type": "number"}}} times: 10 method_name: run timeout: 0 duration: None cls:
2019-07-25 07:54:07.978 7808 INFO rally.task.runner [-] Task 2ee0615a-cc58-475a-b084-a74b3cb534f1 | ITER: 2 START
2019-07-25 07:54:07.978 7810 RALLYDEBUG rally.task.runner [-] Starting a worker. concurrency: 1 args: {"attributes": {"foo": {"required": false, "type": "string"}, "bar": {"required": true, "type": "number"}}} times: 10 method_name: run timeout: 0 duration: None cls:
2019-07-25 07:54:07.982 7809 INFO rally.task.runner [-] Task 2ee0615a-cc58-475a-b084-a74b3cb534f1 | ITER: 3 START
2019-07-25 07:54:07.985 7810 INFO rally.task.runner [-] Task 2ee0615a-cc58-475a-b084-a74b3cb534f1 | ITER: 4 START
2019-07-25 07:54:11.133 7807 INFO rally.task.runner [-] Task 2ee0615a-cc58-475a-b084-a74b3cb534f1 | ITER: 1 END: OK
2019-07-25 07:54:11.137 7807 INFO rally.task.runner [-] Task 2ee0615a-cc58-475a-b084-a74b3cb534f1 | ITER: 5 START
2019-07-25 07:54:11.340 7810 INFO rally.task.runner [-] Task 2ee0615a-cc58-475a-b084-a74b3cb534f1 | ITER: 4 END: OK
2019-07-25 07:54:11.345 7810 INFO rally.task.runner [-] Task 2ee0615a-cc58-475a-b084-a74b3cb534f1 | ITER: 6 START
2019-07-25 07:54:11.352 7808 INFO rally.task.runner [-] Task 2ee0615a-cc58-475a-b084-a74b3cb534f1 | ITER: 2 END: OK
2019-07-25 07:54:11.356 7808 INFO rally.task.runner [-] Task 2ee0615a-cc58-475a-b084-a74b3cb534f1 | ITER: 7 START
2019-07-25 07:54:11.480 7809 INFO rally.task.runner [-] Task 2ee0615a-cc58-475a-b084-a74b3cb534f1 | ITER: 3 END: OK
2019-07-25 07:54:11.485 7809 INFO rally.task.runner [-] Task 2ee0615a-cc58-475a-b084-a74b3cb534f1 | ITER: 8 START
2019-07-25 07:54:14.438 7807 INFO rally.task.runner [-] Task 2ee0615a-cc58-475a-b084-a74b3cb534f1 | ITER: 5 END: OK
2019-07-25 07:54:14.442 7807 INFO rally.task.runner [-] Task 2ee0615a-cc58-475a-b084-a74b3cb534f1 | ITER: 9 START
2019-07-25 07:54:14.501 7810 INFO rally.task.runner [-] Task 2ee0615a-cc58-475a-b084-a74b3cb534f1 | ITER: 6 END: OK
2019-07-25 07:54:14.505 7810 INFO rally.task.runner [-] Task 2ee0615a-cc58-475a-b084-a74b3cb534f1 | ITER: 10 START
2019-07-25 07:54:14.642 7808 INFO rally.task.runner [-] Task 2ee0615a-cc58-475a-b084-a74b3cb534f1 | ITER: 7 END: OK
2019-07-25 07:54:14.726 7809 INFO rally.task.runner [-] Task 2ee0615a-cc58-475a-b084-a74b3cb534f1 | ITER: 8 END: OK
2019-07-25 07:54:16.957 7807 INFO rally.task.runner [-] Task 2ee0615a-cc58-475a-b084-a74b3cb534f1 | ITER: 9 END: OK
2019-07-25 07:54:17.155 7810 INFO rally.task.runner [-] Task 2ee0615a-cc58-475a-b084-a74b3cb534f1 | ITER: 10 END: OK
2019-07-25 07:54:17.176 6543 INFO rally.task.context [-] Task 2ee0615a-cc58-475a-b084-a74b3cb534f1 | Context admin_cleanup@openstack cleanup() started
2019-07-25 07:54:17.177 6543 RALLYDEBUG rally_openstack.cleanup.manager [-] Cleaning up gnocchi resource_type objects
2019-07-25 07:54:17.914 6543 INFO rally.task.context [-] Task 2ee0615a-cc58-475a-b084-a74b3cb534f1 | Context admin_cleanup@openstack cleanup() finished in 0.74 sec
2019-07-25 07:54:17.915 6543 INFO rally.task.context [-] Task 2ee0615a-cc58-475a-b084-a74b3cb534f1 | Context users@openstack cleanup() started
2019-07-25 07:54:26.388 6543 INFO rally.task.context [-] Task 2ee0615a-cc58-475a-b084-a74b3cb534f1 | Context users@openstack cleanup() finished in 8.47 sec
2019-07-25 07:54:27.391 6543 INFO rally.task.engine [-] Load duration is: 9.177955
2019-07-25 07:54:27.391 6543 INFO rally.task.engine [-] Full runner duration is: 9.221857
2019-07-25 07:54:27.391 6543 INFO rally.task.engine [-] Full duration is: 23.140172
2019-07-25 07:54:27.628 6543 INFO rally.task.engine [-] Running workload: position = 0 config = { "version": 2, "title": "A cropped version of a bigger task.", "description": "Auto-generated task from a single workload (uuid=42f2b917-4281-4942-a5d2-cfff0296e569)", "subtasks": [ { "title": "GnocchiMetric.list_metric", "description": "List metrics.", "scenario": { "GnocchiMetric.list_metric": { "limit": 10000 } }, "contexts": { "users": { "tenants": 3, "users_per_tenant": 2 } }, "runner": { "constant": { "concurrency": 4, "times": 10 } }, "hooks": [], "sla": { "failure_rate": { "max": 0 } } } ] }
2019-07-25 07:54:27.642 6543 RALLYDEBUG rally_openstack.contexts.keystone.users [-] Creating 3 tenants using 20 threads
2019-07-25 07:54:29.504 6543 RALLYDEBUG rally_openstack.contexts.keystone.users [-] Creating 6 users using 20 threads
2019-07-25 07:54:32.169 6543 INFO rally.task.context [-] Task 2ee0615a-cc58-475a-b084-a74b3cb534f1 | Context users@openstack setup() finished in 4.53 sec
2019-07-25 07:54:32.173 6543 RALLYDEBUG rally.task.runner [-] Starting the constant runner (task UUID: 2ee0615a-cc58-475a-b084-a74b3cb534f1). timeout: 0 concurrency: 4 concurrency_per_worker: 1 times: 10 concurrency_overhead: 0 processes_to_start: 4 max_cpu_used: 16
2019-07-25 07:54:32.183 7931 RALLYDEBUG rally.task.runner [-] Starting a worker. concurrency: 1 args: {"limit": 10000} times: 10 method_name: run timeout: 0 duration: None cls:
2019-07-25 07:54:32.185 7932 RALLYDEBUG rally.task.runner [-] Starting a worker. concurrency: 1 args: {"limit": 10000} times: 10 method_name: run timeout: 0 duration: None cls:
2019-07-25 07:54:32.186 7933 RALLYDEBUG rally.task.runner [-] Starting a worker. concurrency: 1 args: {"limit": 10000} times: 10 method_name: run timeout: 0 duration: None cls:
2019-07-25 07:54:32.187 7934 RALLYDEBUG rally.task.runner [-] Starting a worker. concurrency: 1 args: {"limit": 10000} times: 10 method_name: run timeout: 0 duration: None cls:
2019-07-25 07:54:32.189 7931 INFO rally.task.runner [-] Task 2ee0615a-cc58-475a-b084-a74b3cb534f1 | ITER: 1 START
2019-07-25 07:54:32.191 7932 INFO rally.task.runner [-] Task 2ee0615a-cc58-475a-b084-a74b3cb534f1 | ITER: 2 START
2019-07-25 07:54:32.191 7933 INFO rally.task.runner [-] Task 2ee0615a-cc58-475a-b084-a74b3cb534f1 | ITER: 3 START
2019-07-25 07:54:32.192 7934 INFO rally.task.runner [-] Task 2ee0615a-cc58-475a-b084-a74b3cb534f1 | ITER: 4 START
2019-07-25 07:54:32.898 7933 INFO rally.task.runner [-] Task 2ee0615a-cc58-475a-b084-a74b3cb534f1 | ITER: 3 END: OK
2019-07-25 07:54:32.898 7932 INFO rally.task.runner [-] Task 2ee0615a-cc58-475a-b084-a74b3cb534f1 | ITER: 2 END: OK
2019-07-25 07:54:32.902 7933 INFO rally.task.runner [-] Task 2ee0615a-cc58-475a-b084-a74b3cb534f1 | ITER: 5 START
2019-07-25 07:54:32.902 7932 INFO rally.task.runner [-] Task 2ee0615a-cc58-475a-b084-a74b3cb534f1 | ITER: 6 START
2019-07-25 07:54:32.917 7931 INFO rally.task.runner [-] Task 2ee0615a-cc58-475a-b084-a74b3cb534f1 | ITER: 1 END: OK
2019-07-25 07:54:32.921 7931 INFO rally.task.runner [-] Task 2ee0615a-cc58-475a-b084-a74b3cb534f1 | ITER: 7 START
2019-07-25 07:54:32.922 7934 INFO rally.task.runner [-] Task 2ee0615a-cc58-475a-b084-a74b3cb534f1 | ITER: 4 END: OK
2019-07-25 07:54:32.926 7934 INFO rally.task.runner [-] Task 2ee0615a-cc58-475a-b084-a74b3cb534f1 | ITER: 8 START
2019-07-25 07:54:33.605 7932 INFO rally.task.runner [-] Task 2ee0615a-cc58-475a-b084-a74b3cb534f1 | ITER: 6 END: OK
2019-07-25 07:54:33.609 7932 INFO rally.task.runner [-] Task 2ee0615a-cc58-475a-b084-a74b3cb534f1 | ITER: 9 START
2019-07-25 07:54:33.622 7933 INFO rally.task.runner [-] Task 2ee0615a-cc58-475a-b084-a74b3cb534f1 | ITER: 5 END: OK
2019-07-25 07:54:33.626 7933 INFO rally.task.runner [-] Task 2ee0615a-cc58-475a-b084-a74b3cb534f1 | ITER: 10 START
2019-07-25 07:54:33.641 7934 INFO rally.task.runner [-] Task 2ee0615a-cc58-475a-b084-a74b3cb534f1 | ITER: 8 END: OK
2019-07-25 07:54:33.665 7931 INFO rally.task.runner [-] Task 2ee0615a-cc58-475a-b084-a74b3cb534f1 | ITER: 7 END: OK
2019-07-25 07:54:34.266 7933 INFO rally.task.runner [-] Task 2ee0615a-cc58-475a-b084-a74b3cb534f1 | ITER: 10 END: OK
2019-07-25 07:54:34.316 7932 INFO rally.task.runner [-] Task 2ee0615a-cc58-475a-b084-a74b3cb534f1 | ITER: 9 END: OK
2019-07-25 07:54:34.338 6543 INFO rally.task.context [-] Task 2ee0615a-cc58-475a-b084-a74b3cb534f1 | Context users@openstack cleanup() started
2019-07-25 07:54:42.753 6543 INFO rally.task.context [-] Task 2ee0615a-cc58-475a-b084-a74b3cb534f1 | Context users@openstack cleanup() finished in 8.41 sec
2019-07-25 07:54:43.726 6543 INFO rally.task.engine [-] Load duration is: 2.125215
2019-07-25 07:54:43.726 6543 INFO rally.task.engine [-] Full runner duration is: 2.165711
2019-07-25 07:54:43.726 6543 INFO rally.task.engine [-] Full duration is: 15.114087
2019-07-25 07:54:43.970 6543 INFO rally.task.engine [-] Running workload: position = 0 config = { "version": 2, "title": "A cropped version of a bigger task.", "description": "Auto-generated task from a single workload (uuid=a6a1be4c-99ce-4811-bb53-56c0950e4a48)", "subtasks": [ { "title": "GnocchiMetric.create_metric", "description": "Create metric.", "scenario": { "GnocchiMetric.create_metric": { "archive_policy_name": "low" } }, "contexts": { "users": { "tenants": 3, "users_per_tenant": 2 } }, "runner": { "constant": { "concurrency": 4, "times": 10 } }, "hooks": [], "sla": { "failure_rate": { "max": 0 } } } ] }
2019-07-25 07:54:43.992 6543 RALLYDEBUG rally_openstack.contexts.keystone.users [-] Creating 3 tenants using 20 threads
2019-07-25 07:54:45.863 6543 RALLYDEBUG rally_openstack.contexts.keystone.users [-] Creating 6 users using 20 threads
2019-07-25 07:54:48.817 6543 INFO rally.task.context [-] Task 2ee0615a-cc58-475a-b084-a74b3cb534f1 | Context users@openstack setup() finished in 4.82 sec
2019-07-25 07:54:48.817 6543 INFO rally.task.context [-] Task 2ee0615a-cc58-475a-b084-a74b3cb534f1 | Context cleanup@openstack setup() finished in 0.01 msec
2019-07-25 07:54:48.825 6543 RALLYDEBUG rally.task.runner [-] Starting the constant runner (task UUID: 2ee0615a-cc58-475a-b084-a74b3cb534f1). timeout: 0 concurrency: 4 concurrency_per_worker: 1 times: 10 concurrency_overhead: 0 processes_to_start: 4 max_cpu_used: 16
2019-07-25 07:54:48.837 8035 RALLYDEBUG rally.task.runner [-] Starting a worker. concurrency: 1 args: {"archive_policy_name": "low"} times: 10 method_name: run timeout: 0 duration: None cls:
2019-07-25 07:54:48.840 8036 RALLYDEBUG rally.task.runner [-] Starting a worker. concurrency: 1 args: {"archive_policy_name": "low"} times: 10 method_name: run timeout: 0 duration: None cls:
2019-07-25 07:54:48.843 8037 RALLYDEBUG rally.task.runner [-] Starting a worker. concurrency: 1 args: {"archive_policy_name": "low"} times: 10 method_name: run timeout: 0 duration: None cls:
2019-07-25 07:54:48.845 8035 INFO rally.task.runner [-] Task 2ee0615a-cc58-475a-b084-a74b3cb534f1 | ITER: 1 START
2019-07-25 07:54:48.846 8038 RALLYDEBUG rally.task.runner [-] Starting a worker. concurrency: 1 args: {"archive_policy_name": "low"} times: 10 method_name: run timeout: 0 duration: None cls:
2019-07-25 07:54:48.847 8036 INFO rally.task.runner [-] Task 2ee0615a-cc58-475a-b084-a74b3cb534f1 | ITER: 2 START
2019-07-25 07:54:48.849 8037 INFO rally.task.runner [-] Task 2ee0615a-cc58-475a-b084-a74b3cb534f1 | ITER: 3 START
2019-07-25 07:54:48.852 8038 INFO rally.task.runner [-] Task 2ee0615a-cc58-475a-b084-a74b3cb534f1 | ITER: 4 START
2019-07-25 07:54:49.880 8038 INFO rally.task.runner [-] Task 2ee0615a-cc58-475a-b084-a74b3cb534f1 | ITER: 4 END: OK
2019-07-25 07:54:49.885 8038 INFO rally.task.runner [-] Task 2ee0615a-cc58-475a-b084-a74b3cb534f1 | ITER: 5 START
2019-07-25 07:54:49.886 8036 INFO rally.task.runner [-] Task 2ee0615a-cc58-475a-b084-a74b3cb534f1 | ITER: 2 END: OK
2019-07-25 07:54:49.891 8036 INFO rally.task.runner [-] Task 2ee0615a-cc58-475a-b084-a74b3cb534f1 | ITER: 6 START
2019-07-25 07:54:49.905 8037 INFO rally.task.runner [-] Task 2ee0615a-cc58-475a-b084-a74b3cb534f1 | ITER: 3 END: OK
2019-07-25 07:54:49.910 8037 INFO rally.task.runner [-] Task 2ee0615a-cc58-475a-b084-a74b3cb534f1 | ITER: 7 START
2019-07-25 07:54:49.990 8035 INFO rally.task.runner [-] Task 2ee0615a-cc58-475a-b084-a74b3cb534f1 | ITER: 1 END: OK
2019-07-25 07:54:49.994 8035 INFO rally.task.runner [-] Task 2ee0615a-cc58-475a-b084-a74b3cb534f1 | ITER: 8 START
2019-07-25 07:54:50.920 8038 INFO rally.task.runner [-] Task 2ee0615a-cc58-475a-b084-a74b3cb534f1 | ITER: 5 END: OK
2019-07-25 07:54:50.924 8038 INFO rally.task.runner [-] Task 2ee0615a-cc58-475a-b084-a74b3cb534f1 | ITER: 9 START
2019-07-25 07:54:50.944 8037 INFO rally.task.runner [-] Task 2ee0615a-cc58-475a-b084-a74b3cb534f1 | ITER: 7 END: OK
2019-07-25 07:54:50.947 8037 INFO rally.task.runner [-] Task 2ee0615a-cc58-475a-b084-a74b3cb534f1 | ITER: 10 START
2019-07-25 07:54:50.984 8036 INFO rally.task.runner [-] Task 2ee0615a-cc58-475a-b084-a74b3cb534f1 | ITER: 6 END: OK
2019-07-25 07:54:51.102 8035 INFO rally.task.runner [-] Task 2ee0615a-cc58-475a-b084-a74b3cb534f1 | ITER: 8 END: OK
2019-07-25 07:54:51.881 8037 INFO rally.task.runner [-] Task 2ee0615a-cc58-475a-b084-a74b3cb534f1 | ITER: 10 END: OK
2019-07-25 07:54:51.907 8038 INFO rally.task.runner [-] Task 2ee0615a-cc58-475a-b084-a74b3cb534f1 | ITER: 9 END: OK
2019-07-25 07:54:51.926 6543 INFO rally.task.context [-] Task 2ee0615a-cc58-475a-b084-a74b3cb534f1 | Context cleanup@openstack cleanup() started
2019-07-25 07:54:51.929 6543 RALLYDEBUG rally_openstack.cleanup.manager [-] Cleaning up gnocchi metric objects
2019-07-25 07:54:54.324 6543 INFO rally.task.context [-] Task 2ee0615a-cc58-475a-b084-a74b3cb534f1 | Context cleanup@openstack cleanup() finished in 2.40 sec
2019-07-25 07:54:54.325 6543 INFO rally.task.context [-] Task 2ee0615a-cc58-475a-b084-a74b3cb534f1 | Context users@openstack cleanup() started
2019-07-25 07:55:02.759 6543 INFO rally.task.context [-] Task 2ee0615a-cc58-475a-b084-a74b3cb534f1 | Context users@openstack cleanup() finished in 8.43 sec
2019-07-25 07:55:04.101 6543 INFO rally.task.engine [-] Load duration is: 3.060164
2019-07-25 07:55:04.102 6543 INFO rally.task.engine [-] Full runner duration is: 3.101906
2019-07-25 07:55:04.102 6543 INFO rally.task.engine [-] Full duration is: 18.769773
2019-07-25 07:55:04.382 6543 INFO rally.task.engine [-] Running workload: position = 0 config = { "version": 2, "title": "A cropped version of a bigger task.", "description": "Auto-generated task from a single workload (uuid=79d2da27-3d03-4aa2-8e70-4953d7c78d70)", "subtasks": [ { "title": "GnocchiMetric.create_delete_metric", "description": "Create metric and then delete it.", "scenario": { "GnocchiMetric.create_delete_metric": { "archive_policy_name": "low" } }, "contexts": { "users": { "tenants": 3, "users_per_tenant": 2 } }, "runner": { "constant": { "concurrency": 4, "times": 10 } }, "hooks": [], "sla": { "failure_rate": { "max": 0 } } } ] }
2019-07-25 07:55:04.406 6543 RALLYDEBUG rally_openstack.contexts.keystone.users [-] Creating 3 tenants using 20 threads
2019-07-25 07:55:06.381 6543 RALLYDEBUG rally_openstack.contexts.keystone.users [-] Creating 6 users using 20 threads
2019-07-25 07:55:09.169 6543 INFO rally.task.context [-] Task 2ee0615a-cc58-475a-b084-a74b3cb534f1 | Context users@openstack setup() finished in 4.76 sec
2019-07-25 07:55:09.169 6543 INFO rally.task.context [-] Task 2ee0615a-cc58-475a-b084-a74b3cb534f1 | Context cleanup@openstack setup() finished in 0.01 msec
2019-07-25 07:55:09.176 6543 RALLYDEBUG rally.task.runner [-] Starting the constant runner (task UUID: 2ee0615a-cc58-475a-b084-a74b3cb534f1). timeout: 0 concurrency: 4 concurrency_per_worker: 1 times: 10 concurrency_overhead: 0 processes_to_start: 4 max_cpu_used: 16
2019-07-25 07:55:09.189 8159 RALLYDEBUG rally.task.runner [-] Starting a worker. concurrency: 1 args: {"archive_policy_name": "low"} times: 10 method_name: run timeout: 0 duration: None cls:
2019-07-25 07:55:09.191 8160 RALLYDEBUG rally.task.runner [-] Starting a worker. concurrency: 1 args: {"archive_policy_name": "low"} times: 10 method_name: run timeout: 0 duration: None cls:
2019-07-25 07:55:09.193 8161 RALLYDEBUG rally.task.runner [-] Starting a worker. concurrency: 1 args: {"archive_policy_name": "low"} times: 10 method_name: run timeout: 0 duration: None cls:
2019-07-25 07:55:09.195 8159 INFO rally.task.runner [-] Task 2ee0615a-cc58-475a-b084-a74b3cb534f1 | ITER: 1 START
2019-07-25 07:55:09.197 8160 INFO rally.