2019-07-25 07:27:11.309 1842 DEBUG novaclient.v2.client [-] GET call to compute for http://172.30.9.34:8774/v2.1/os-server-groups used request id req-071ed6e1-84c0-4dc9-8759-ad0d19ff1cf1 request /usr/lib/python2.7/site-packages/keystoneauth1/session.py:844
2019-07-25 07:27:11.316 1842 RALLYDEBUG rally_openstack.cleanup.manager [-] Cleaning up nova keypairs objects
2019-07-25 07:27:11.755 1842 DEBUG novaclient.v2.client [-] REQ: curl -g -i -X GET http://172.30.9.34:8774/v2.1/os-keypairs -H "Accept: application/json" -H "User-Agent: python-novaclient" -H "X-Auth-Token: {SHA1}02e98e1ade42b23f05c3b5074ecee522518bf1b2" _http_log_request /usr/lib/python2.7/site-packages/keystoneauth1/session.py:448
2019-07-25 07:27:12.096 1842 DEBUG novaclient.v2.client [-] RESP: [200] Content-Length: 16 Content-Type: application/json Date: Thu, 25 Jul 2019 07:27:11 GMT OpenStack-API-Version: compute 2.1 Server: Apache Vary: OpenStack-API-Version,X-OpenStack-Nova-API-Version X-OpenStack-Nova-API-Version: 2.1 x-compute-request-id: req-0b24bb23-a798-4095-9a9f-a7ecd0b1fa59 x-openstack-request-id: req-0b24bb23-a798-4095-9a9f-a7ecd0b1fa59 _http_log_response /usr/lib/python2.7/site-packages/keystoneauth1/session.py:479
2019-07-25 07:27:12.096 1842 DEBUG novaclient.v2.client [-] RESP BODY: {"keypairs": []} _http_log_response /usr/lib/python2.7/site-packages/keystoneauth1/session.py:511
2019-07-25 07:27:12.097 1842 DEBUG novaclient.v2.client [-] GET call to compute for http://172.30.9.34:8774/v2.1/os-keypairs used request id req-0b24bb23-a798-4095-9a9f-a7ecd0b1fa59 request /usr/lib/python2.7/site-packages/keystoneauth1/session.py:844
2019-07-25 07:27:12.525 1842 DEBUG novaclient.v2.client [-] REQ: curl -g -i -X GET http://172.30.9.34:8774/v2.1/os-keypairs -H "Accept: application/json" -H "User-Agent: python-novaclient" -H "X-Auth-Token: {SHA1}6ab6c1a6026a834e34ae9f0d1a53ca1e8b59a58b" _http_log_request /usr/lib/python2.7/site-packages/keystoneauth1/session.py:448
2019-07-25 07:27:12.838 1842 DEBUG novaclient.v2.client [-] RESP: [200] Content-Length: 16 Content-Type: application/json Date: Thu, 25 Jul 2019 07:27:12 GMT OpenStack-API-Version: compute 2.1 Server: Apache Vary: OpenStack-API-Version,X-OpenStack-Nova-API-Version X-OpenStack-Nova-API-Version: 2.1 x-compute-request-id: req-d11eb772-a12e-463e-937d-159b38e74255 x-openstack-request-id: req-d11eb772-a12e-463e-937d-159b38e74255 _http_log_response /usr/lib/python2.7/site-packages/keystoneauth1/session.py:479
2019-07-25 07:27:12.838 1842 DEBUG novaclient.v2.client [-] RESP BODY: {"keypairs": []} _http_log_response /usr/lib/python2.7/site-packages/keystoneauth1/session.py:511
2019-07-25 07:27:12.838 1842 DEBUG novaclient.v2.client [-] GET call to compute for http://172.30.9.34:8774/v2.1/os-keypairs used request id req-d11eb772-a12e-463e-937d-159b38e74255 request /usr/lib/python2.7/site-packages/keystoneauth1/session.py:844
2019-07-25 07:27:13.265 1842 DEBUG novaclient.v2.client [-] REQ: curl -g -i -X GET http://172.30.9.34:8774/v2.1/os-keypairs -H "Accept: application/json" -H "User-Agent: python-novaclient" -H "X-Auth-Token: {SHA1}cf97d931b1bcbc0b8d429151fa33025156ad995c" _http_log_request /usr/lib/python2.7/site-packages/keystoneauth1/session.py:448
2019-07-25 07:27:13.561 1842 DEBUG novaclient.v2.client [-] RESP: [200] Content-Length: 16 Content-Type: application/json Date: Thu, 25 Jul 2019 07:27:13 GMT OpenStack-API-Version: compute 2.1 Server: Apache Vary: OpenStack-API-Version,X-OpenStack-Nova-API-Version X-OpenStack-Nova-API-Version: 2.1 x-compute-request-id: req-122a2bfb-1321-4392-b057-2a95363dc709 x-openstack-request-id: req-122a2bfb-1321-4392-b057-2a95363dc709 _http_log_response /usr/lib/python2.7/site-packages/keystoneauth1/session.py:479
2019-07-25 07:27:13.561 1842 DEBUG novaclient.v2.client [-] RESP BODY: {"keypairs": []} _http_log_response /usr/lib/python2.7/site-packages/keystoneauth1/session.py:511
2019-07-25 07:27:13.561 1842 DEBUG novaclient.v2.client [-] GET call to compute for http://172.30.9.34:8774/v2.1/os-keypairs used request id req-122a2bfb-1321-4392-b057-2a95363dc709 request /usr/lib/python2.7/site-packages/keystoneauth1/session.py:844
2019-07-25 07:27:13.990 1842 DEBUG novaclient.v2.client [-] REQ: curl -g -i -X GET http://172.30.9.34:8774/v2.1/os-keypairs -H "Accept: application/json" -H "User-Agent: python-novaclient" -H "X-Auth-Token: {SHA1}827e74fc734a916aa1714a56bc29a0856890d1e0" _http_log_request /usr/lib/python2.7/site-packages/keystoneauth1/session.py:448
2019-07-25 07:27:14.298 1842 DEBUG novaclient.v2.client [-] RESP: [200] Content-Length: 16 Content-Type: application/json Date: Thu, 25 Jul 2019 07:27:13 GMT OpenStack-API-Version: compute 2.1 Server: Apache Vary: OpenStack-API-Version,X-OpenStack-Nova-API-Version X-OpenStack-Nova-API-Version: 2.1 x-compute-request-id: req-f6a96439-4d84-4781-9ea1-7a855988955f x-openstack-request-id: req-f6a96439-4d84-4781-9ea1-7a855988955f _http_log_response /usr/lib/python2.7/site-packages/keystoneauth1/session.py:479
2019-07-25 07:27:14.299 1842 DEBUG novaclient.v2.client [-] RESP BODY: {"keypairs": []} _http_log_response /usr/lib/python2.7/site-packages/keystoneauth1/session.py:511
2019-07-25 07:27:14.299 1842 DEBUG novaclient.v2.client [-] GET call to compute for http://172.30.9.34:8774/v2.1/os-keypairs used request id req-f6a96439-4d84-4781-9ea1-7a855988955f request /usr/lib/python2.7/site-packages/keystoneauth1/session.py:844
2019-07-25 07:27:14.721 1842 DEBUG novaclient.v2.client [-] REQ: curl -g -i -X GET http://172.30.9.34:8774/v2.1/os-keypairs -H "Accept: application/json" -H "User-Agent: python-novaclient" -H "X-Auth-Token: {SHA1}b2c4d1509e55f9f5844ebe1ee0c1611ac48847ea" _http_log_request /usr/lib/python2.7/site-packages/keystoneauth1/session.py:448
2019-07-25 07:27:15.022 1842 DEBUG novaclient.v2.client [-] RESP: [200] Content-Length: 16 Content-Type: application/json Date: Thu, 25 Jul 2019 07:27:14 GMT OpenStack-API-Version: compute 2.1 Server: Apache Vary: OpenStack-API-Version,X-OpenStack-Nova-API-Version X-OpenStack-Nova-API-Version: 2.1 x-compute-request-id: req-5f11550a-ec87-4faa-ab54-9be1a48bdf47 x-openstack-request-id: req-5f11550a-ec87-4faa-ab54-9be1a48bdf47 _http_log_response /usr/lib/python2.7/site-packages/keystoneauth1/session.py:479
2019-07-25 07:27:15.022 1842 DEBUG novaclient.v2.client [-] RESP BODY: {"keypairs": []} _http_log_response /usr/lib/python2.7/site-packages/keystoneauth1/session.py:511
2019-07-25 07:27:15.022 1842 DEBUG novaclient.v2.client [-] GET call to compute for http://172.30.9.34:8774/v2.1/os-keypairs used request id req-5f11550a-ec87-4faa-ab54-9be1a48bdf47 request /usr/lib/python2.7/site-packages/keystoneauth1/session.py:844
2019-07-25 07:27:15.451 1842 DEBUG novaclient.v2.client [-] REQ: curl -g -i -X GET http://172.30.9.34:8774/v2.1/os-keypairs -H "Accept: application/json" -H "User-Agent: python-novaclient" -H "X-Auth-Token: {SHA1}87d5ab9ba615cca62c691dadd07d86597d081399" _http_log_request /usr/lib/python2.7/site-packages/keystoneauth1/session.py:448
2019-07-25 07:27:15.745 1842 DEBUG novaclient.v2.client [-] RESP: [200] Content-Length: 16 Content-Type: application/json Date: Thu, 25 Jul 2019 07:27:15 GMT OpenStack-API-Version: compute 2.1 Server: Apache Vary: OpenStack-API-Version,X-OpenStack-Nova-API-Version X-OpenStack-Nova-API-Version: 2.1 x-compute-request-id: req-319c3ce5-2873-4b01-b251-02d6275630a3 x-openstack-request-id: req-319c3ce5-2873-4b01-b251-02d6275630a3 _http_log_response /usr/lib/python2.7/site-packages/keystoneauth1/session.py:479
2019-07-25 07:27:15.745 1842 DEBUG novaclient.v2.client [-] RESP BODY: {"keypairs": []} _http_log_response /usr/lib/python2.7/site-packages/keystoneauth1/session.py:511
2019-07-25 07:27:15.746 1842 DEBUG novaclient.v2.client [-] GET call to compute for http://172.30.9.34:8774/v2.1/os-keypairs used request id req-319c3ce5-2873-4b01-b251-02d6275630a3 request /usr/lib/python2.7/site-packages/keystoneauth1/session.py:844
2019-07-25 07:27:15.753 1842 RALLYDEBUG rally_openstack.cleanup.manager [-] Cleaning up cinder backups objects
2019-07-25 07:27:17.969 1842 RALLYDEBUG rally_openstack.cleanup.manager [-] Cleaning up cinder volume_snapshots objects
2019-07-25 07:27:20.222 1842 RALLYDEBUG rally_openstack.cleanup.manager [-] Cleaning up cinder transfers objects
2019-07-25 07:27:22.426 1842 RALLYDEBUG rally_openstack.cleanup.manager [-] Cleaning up cinder volumes objects
2019-07-25 07:27:24.793 1842 INFO rally.task.context [-] Task 0d4d3302-0221-4ce2-993a-87dde54f32a7 | Context cleanup@openstack cleanup() finished in 18.08 sec
2019-07-25 07:27:24.794 1842 INFO rally.task.context [-] Task 0d4d3302-0221-4ce2-993a-87dde54f32a7 | Context quotas@openstack cleanup() started
2019-07-25 07:27:25.800 1842 INFO rally.task.context [-] Task 0d4d3302-0221-4ce2-993a-87dde54f32a7 | Context quotas@openstack cleanup() finished in 1.01 sec
2019-07-25 07:27:25.801 1842 INFO rally.task.context [-] Task 0d4d3302-0221-4ce2-993a-87dde54f32a7 | Context api_versions@openstack cleanup() started
2019-07-25 07:27:25.801 1842 INFO rally.task.context [-] Task 0d4d3302-0221-4ce2-993a-87dde54f32a7 | Context api_versions@openstack cleanup() finished in 0.29 msec
2019-07-25 07:27:25.801 1842 INFO rally.task.context [-] Task 0d4d3302-0221-4ce2-993a-87dde54f32a7 | Context users@openstack cleanup() started
2019-07-25 07:27:34.062 1842 INFO rally.task.context [-] Task 0d4d3302-0221-4ce2-993a-87dde54f32a7 | Context users@openstack cleanup() finished in 8.26 sec
2019-07-25 07:27:34.456 1842 INFO rally.task.engine [-] Load duration is: 105.994054
2019-07-25 07:27:34.457 1842 INFO rally.task.engine [-] Full runner duration is: 107.044213
2019-07-25 07:27:34.457 1842 INFO rally.task.engine [-] Full duration is: 144.122872
2019-07-25 07:27:36.933 1842 INFO rally.task.engine [-] Running workload: position = 0 config = { "version": 2, "title": "A cropped version of a bigger task.", "description": "Auto-generated task from a single workload (uuid=8b11df34-afad-4405-a2b1-defd515bf8b0)", "subtasks": [ { "title": "CinderVolumes.create_and_list_snapshots", "description": "Create and then list a volume-snapshot.", "scenario": { "CinderVolumes.create_and_list_snapshots": { "detailed": true, "force": false } }, "contexts": { "users": { "tenants": 3, "users_per_tenant": 2 }, "quotas": { "cinder": { "gigabytes": -1, "snapshots": -1, "volumes": -1 } }, "api_versions": { "cinder": { "version": 3, "service_type": "volumev3" } }, "volumes": { "size": 1, "volumes_per_tenant": 1 } }, "runner": { "constant": { "concurrency": 4, "times": 10 } }, "hooks": [], "sla": { "failure_rate": { "max": 0 } } } ] }
2019-07-25 07:27:36.963 1842 RALLYDEBUG rally_openstack.contexts.keystone.users [-] Creating 3 tenants using 20 threads
2019-07-25 07:27:38.851 1842 RALLYDEBUG rally_openstack.contexts.keystone.users [-] Creating 6 users using 20 threads
2019-07-25 07:27:41.927 1842 INFO rally.task.context [-] Task 0d4d3302-0221-4ce2-993a-87dde54f32a7 | Context users@openstack setup() finished in 4.96 sec
2019-07-25 07:27:42.366 1842 INFO rally.task.context [-] Task 0d4d3302-0221-4ce2-993a-87dde54f32a7 | Context api_versions@openstack setup() finished in 0.44 sec
2019-07-25 07:27:44.056 1842 INFO rally.task.context [-] Task 0d4d3302-0221-4ce2-993a-87dde54f32a7 | Context quotas@openstack setup() finished in 1.69 sec
2019-07-25 07:27:55.384 1842 INFO rally.task.context [-] Task 0d4d3302-0221-4ce2-993a-87dde54f32a7 | Context volumes@openstack setup() finished in 11.33 sec
2019-07-25 07:27:55.385 1842 INFO rally.task.context [-] Task 0d4d3302-0221-4ce2-993a-87dde54f32a7 | Context cleanup@openstack setup() finished in 0.02 msec
2019-07-25 07:27:55.395 1842 RALLYDEBUG rally.task.runner [-] Starting the constant runner (task UUID: 0d4d3302-0221-4ce2-993a-87dde54f32a7). timeout: 0 concurrency: 4 concurrency_per_worker: 1 times: 10 concurrency_overhead: 0 processes_to_start: 4 max_cpu_used: 16
2019-07-25 07:27:55.408 2210 RALLYDEBUG rally.task.runner [-] Starting a worker. concurrency: 1 args: {"detailed": true, "force": false} times: 10 method_name: run timeout: 0 duration: None cls:
2019-07-25 07:27:55.411 2211 RALLYDEBUG rally.task.runner [-] Starting a worker. concurrency: 1 args: {"detailed": true, "force": false} times: 10 method_name: run timeout: 0 duration: None cls:
2019-07-25 07:27:55.413 2212 RALLYDEBUG rally.task.runner [-] Starting a worker. concurrency: 1 args: {"detailed": true, "force": false} times: 10 method_name: run timeout: 0 duration: None cls:
2019-07-25 07:27:55.416 2210 INFO rally.task.runner [-] Task 0d4d3302-0221-4ce2-993a-87dde54f32a7 | ITER: 1 START
2019-07-25 07:27:55.416 2213 RALLYDEBUG rally.task.runner [-] Starting a worker. concurrency: 1 args: {"detailed": true, "force": false} times: 10 method_name: run timeout: 0 duration: None cls:
2019-07-25 07:27:55.419 2211 INFO rally.task.runner [-] Task 0d4d3302-0221-4ce2-993a-87dde54f32a7 | ITER: 2 START
2019-07-25 07:27:55.421 2212 INFO rally.task.runner [-] Task 0d4d3302-0221-4ce2-993a-87dde54f32a7 | ITER: 3 START
2019-07-25 07:27:55.423 2213 INFO rally.task.runner [-] Task 0d4d3302-0221-4ce2-993a-87dde54f32a7 | ITER: 4 START
2019-07-25 07:27:59.170 2213 INFO rally.task.runner [-] Task 0d4d3302-0221-4ce2-993a-87dde54f32a7 | ITER: 4 END: OK
2019-07-25 07:27:59.175 2213 INFO rally.task.runner [-] Task 0d4d3302-0221-4ce2-993a-87dde54f32a7 | ITER: 5 START
2019-07-25 07:27:59.315 2211 INFO rally.task.runner [-] Task 0d4d3302-0221-4ce2-993a-87dde54f32a7 | ITER: 2 END: OK
2019-07-25 07:27:59.320 2211 INFO rally.task.runner [-] Task 0d4d3302-0221-4ce2-993a-87dde54f32a7 | ITER: 6 START
2019-07-25 07:27:59.377 2210 INFO rally.task.runner [-] Task 0d4d3302-0221-4ce2-993a-87dde54f32a7 | ITER: 1 END: OK
2019-07-25 07:27:59.382 2210 INFO rally.task.runner [-] Task 0d4d3302-0221-4ce2-993a-87dde54f32a7 | ITER: 7 START
2019-07-25 07:27:59.458 2212 INFO rally.task.runner [-] Task 0d4d3302-0221-4ce2-993a-87dde54f32a7 | ITER: 3 END: OK
2019-07-25 07:27:59.463 2212 INFO rally.task.runner [-] Task 0d4d3302-0221-4ce2-993a-87dde54f32a7 | ITER: 8 START
2019-07-25 07:28:02.873 2213 INFO rally.task.runner [-] Task 0d4d3302-0221-4ce2-993a-87dde54f32a7 | ITER: 5 END: OK
2019-07-25 07:28:02.878 2213 INFO rally.task.runner [-] Task 0d4d3302-0221-4ce2-993a-87dde54f32a7 | ITER: 9 START
2019-07-25 07:28:03.119 2210 INFO rally.task.runner [-] Task 0d4d3302-0221-4ce2-993a-87dde54f32a7 | ITER: 7 END: OK
2019-07-25 07:28:03.126 2210 INFO rally.task.runner [-] Task 0d4d3302-0221-4ce2-993a-87dde54f32a7 | ITER: 10 START
2019-07-25 07:28:03.153 2211 INFO rally.task.runner [-] Task 0d4d3302-0221-4ce2-993a-87dde54f32a7 | ITER: 6 END: OK
2019-07-25 07:28:03.227 2212 INFO rally.task.runner [-] Task 0d4d3302-0221-4ce2-993a-87dde54f32a7 | ITER: 8 END: OK
2019-07-25 07:28:06.560 2213 INFO rally.task.runner [-] Task 0d4d3302-0221-4ce2-993a-87dde54f32a7 | ITER: 9 END: OK
2019-07-25 07:28:06.882 2210 INFO rally.task.runner [-] Task 0d4d3302-0221-4ce2-993a-87dde54f32a7 | ITER: 10 END: OK
2019-07-25 07:28:06.905 1842 INFO rally.task.context [-] Task 0d4d3302-0221-4ce2-993a-87dde54f32a7 | Context cleanup@openstack cleanup() started
2019-07-25 07:28:06.908 1842 RALLYDEBUG rally_openstack.cleanup.manager [-] Cleaning up cinder backups objects
2019-07-25 07:28:09.248 1842 RALLYDEBUG rally_openstack.cleanup.manager [-] Cleaning up cinder volume_snapshots objects
2019-07-25 07:28:11.457 1842 RALLYDEBUG rally_openstack.cleanup.manager [-] Deleting cinder.volume_snapshots object s_rally_8b11df34_TW0629AH (4c8cfcbe-693e-4c3a-9c7e-c6546e0c1bd7)
2019-07-25 07:28:11.460 1842 RALLYDEBUG rally_openstack.cleanup.manager [-] Deleting cinder.volume_snapshots object s_rally_8b11df34_A67bdJV9 (595c7a53-06fb-4015-a3bf-84acc2a7a81e)
2019-07-25 07:28:11.462 1842 RALLYDEBUG rally_openstack.cleanup.manager [-] Deleting cinder.volume_snapshots object s_rally_8b11df34_8bVikEC3 (18144702-ee2d-47b4-83ba-dd9d3d342cf6)
2019-07-25 07:28:11.468 1842 RALLYDEBUG rally_openstack.cleanup.manager [-] Deleting cinder.volume_snapshots object s_rally_8b11df34_bLtCSVKu (9a62b80d-cd79-46df-8d7c-10d0052b562e)
2019-07-25 07:28:11.474 1842 RALLYDEBUG rally_openstack.cleanup.manager [-] Deleting cinder.volume_snapshots object s_rally_8b11df34_srPI4MbE (fba598bb-6596-4358-8412-ca64bb2c3524)
2019-07-25 07:28:11.477 1842 RALLYDEBUG rally_openstack.cleanup.manager [-] Deleting cinder.volume_snapshots object s_rally_8b11df34_wbYkzgQL (9d865b95-45cd-4f7e-a607-799b0cc1dee1)
2019-07-25 07:28:11.484 1842 RALLYDEBUG rally_openstack.cleanup.manager [-] Deleting cinder.volume_snapshots object s_rally_8b11df34_HuyGbeE7 (1e4b390e-8b31-4dc3-8dbc-c4bf7e82f91a)
2019-07-25 07:28:11.484 1842 RALLYDEBUG rally_openstack.cleanup.manager [-] Deleting cinder.volume_snapshots object s_rally_8b11df34_fQcVYTUq (695da034-ebb5-4c60-b203-5926e6a29c74)
2019-07-25 07:28:11.486 1842 RALLYDEBUG rally_openstack.cleanup.manager [-] Deleting cinder.volume_snapshots object s_rally_8b11df34_118qFfVi (3cf22c2f-0303-4b0e-9ce9-8d6d02f7ff40)
2019-07-25 07:28:11.488 1842 RALLYDEBUG rally_openstack.cleanup.manager [-] Deleting cinder.volume_snapshots object s_rally_8b11df34_P8IdvwEN (ab72c81c-c350-48d3-876a-aa31083e1473)
2019-07-25 07:28:16.456 1842 RALLYDEBUG rally_openstack.cleanup.manager [-] Cleaning up cinder transfers objects
2019-07-25 07:28:18.787 1842 RALLYDEBUG rally_openstack.cleanup.manager [-] Cleaning up cinder volumes objects
2019-07-25 07:28:21.034 1842 INFO rally.task.context [-] Task 0d4d3302-0221-4ce2-993a-87dde54f32a7 | Context cleanup@openstack cleanup() finished in 14.13 sec
2019-07-25 07:28:21.035 1842 INFO rally.task.context [-] Task 0d4d3302-0221-4ce2-993a-87dde54f32a7 | Context volumes@openstack cleanup() started
2019-07-25 07:28:21.035 1842 RALLYDEBUG rally_openstack.cleanup.manager [-] Cleaning up cinder volumes objects
2019-07-25 07:28:23.329 1842 RALLYDEBUG rally_openstack.cleanup.manager [-] Deleting cinder.volumes object c_rally_8b11df34_ttz5PfmJ (bf02342b-9a41-4ed1-ab0d-be760102ff4a)
2019-07-25 07:28:23.330 1842 RALLYDEBUG rally_openstack.cleanup.manager [-] Deleting cinder.volumes object c_rally_8b11df34_3WaOS1tY (b356b5f2-3df5-48a6-a5b8-7ade41de27e8)
2019-07-25 07:28:23.340 1842 RALLYDEBUG rally_openstack.cleanup.manager [-] Deleting cinder.volumes object c_rally_8b11df34_EOL6qPja (966b5a63-c746-45d3-bd45-25c5fab37f3f)
2019-07-25 07:28:26.851 1842 INFO rally.task.context [-] Task 0d4d3302-0221-4ce2-993a-87dde54f32a7 | Context volumes@openstack cleanup() finished in 5.82 sec
2019-07-25 07:28:26.851 1842 INFO rally.task.context [-] Task 0d4d3302-0221-4ce2-993a-87dde54f32a7 | Context quotas@openstack cleanup() started
2019-07-25 07:28:27.766 1842 INFO rally.task.context [-] Task 0d4d3302-0221-4ce2-993a-87dde54f32a7 | Context quotas@openstack cleanup() finished in 0.92 sec
2019-07-25 07:28:27.767 1842 INFO rally.task.context [-] Task 0d4d3302-0221-4ce2-993a-87dde54f32a7 | Context api_versions@openstack cleanup() started
2019-07-25 07:28:27.767 1842 INFO rally.task.context [-] Task 0d4d3302-0221-4ce2-993a-87dde54f32a7 | Context api_versions@openstack cleanup() finished in 0.33 msec
2019-07-25 07:28:27.767 1842 INFO rally.task.context [-] Task 0d4d3302-0221-4ce2-993a-87dde54f32a7 | Context users@openstack cleanup() started
2019-07-25 07:28:36.096 1842 INFO rally.task.context [-] Task 0d4d3302-0221-4ce2-993a-87dde54f32a7 | Context users@openstack cleanup() finished in 8.33 sec
2019-07-25 07:28:37.200 1842 INFO rally.task.engine [-] Load duration is: 11.461873
2019-07-25 07:28:37.200 1842 INFO rally.task.engine [-] Full runner duration is: 11.513198
2019-07-25 07:28:37.200 1842 INFO rally.task.engine [-] Full duration is: 59.138235
2019-07-25 07:28:37.472 1842 INFO rally.task.engine [-] Running workload: position = 0 config = { "version": 2, "title": "A cropped version of a bigger task.", "description": "Auto-generated task from a single workload (uuid=bbeae197-09b4-45f5-8bc8-ab2cae26d195)", "subtasks": [ { "title": "CinderVolumes.create_and_list_volume", "description": "Create a volume and list all volumes.", "scenario": { "CinderVolumes.create_and_list_volume": { "detailed": true, "image": { "name": "rally_full-img_f29d2dd4-bdc8-4543-8797-5aaee0a3820c" }, "size": 1 } }, "contexts": { "users": { "tenants": 3, "users_per_tenant": 2 }, "quotas": { "cinder": { "gigabytes": -1, "snapshots": -1, "volumes": -1 } }, "api_versions": { "cinder": { "version": 3, "service_type": "volumev3" } } }, "runner": { "constant": { "concurrency": 4, "times": 10 } }, "hooks": [], "sla": { "failure_rate": { "max": 0 } } } ] }
2019-07-25 07:28:37.490 1842 RALLYDEBUG rally_openstack.contexts.keystone.users [-] Creating 3 tenants using 20 threads
2019-07-25 07:28:39.319 1842 RALLYDEBUG rally_openstack.contexts.keystone.users [-] Creating 6 users using 20 threads
2019-07-25 07:28:42.083 1842 INFO rally.task.context [-] Task 0d4d3302-0221-4ce2-993a-87dde54f32a7 | Context users@openstack setup() finished in 4.59 sec
2019-07-25 07:28:42.513 1842 INFO rally.task.context [-] Task 0d4d3302-0221-4ce2-993a-87dde54f32a7 | Context api_versions@openstack setup() finished in 0.43 sec
2019-07-25 07:28:44.133 1842 INFO rally.task.context [-] Task 0d4d3302-0221-4ce2-993a-87dde54f32a7 | Context quotas@openstack setup() finished in 1.62 sec
2019-07-25 07:28:44.134 1842 INFO rally.task.context [-] Task 0d4d3302-0221-4ce2-993a-87dde54f32a7 | Context cleanup@openstack setup() finished in 0.01 msec
2019-07-25 07:28:45.171 1842 RALLYDEBUG rally.task.runner [-] Starting the constant runner (task UUID: 0d4d3302-0221-4ce2-993a-87dde54f32a7). timeout: 0 concurrency: 4 concurrency_per_worker: 1 times: 10 concurrency_overhead: 0 processes_to_start: 4 max_cpu_used: 16
2019-07-25 07:28:45.183 2414 RALLYDEBUG rally.task.runner [-] Starting a worker. concurrency: 1 args: {"detailed": true, "image": "4560fbaf-a08a-44b3-a225-479d7a24468d", "size": 1} times: 10 method_name: run timeout: 0 duration: None cls:
2019-07-25 07:28:45.189 2415 RALLYDEBUG rally.task.runner [-] Starting a worker. concurrency: 1 args: {"detailed": true, "image": "4560fbaf-a08a-44b3-a225-479d7a24468d", "size": 1} times: 10 method_name: run timeout: 0 duration: None cls:
2019-07-25 07:28:45.190 2416 RALLYDEBUG rally.task.runner [-] Starting a worker. concurrency: 1 args: {"detailed": true, "image": "4560fbaf-a08a-44b3-a225-479d7a24468d", "size": 1} times: 10 method_name: run timeout: 0 duration: None cls:
2019-07-25 07:28:45.192 2414 INFO rally.task.runner [-] Task 0d4d3302-0221-4ce2-993a-87dde54f32a7 | ITER: 1 START
2019-07-25 07:28:45.193 2417 RALLYDEBUG rally.task.runner [-] Starting a worker. concurrency: 1 args: {"detailed": true, "image": "4560fbaf-a08a-44b3-a225-479d7a24468d", "size": 1} times: 10 method_name: run timeout: 0 duration: None cls:
2019-07-25 07:28:45.198 2415 INFO rally.task.runner [-] Task 0d4d3302-0221-4ce2-993a-87dde54f32a7 | ITER: 2 START
2019-07-25 07:28:45.198 2416 INFO rally.task.runner [-] Task 0d4d3302-0221-4ce2-993a-87dde54f32a7 | ITER: 3 START
2019-07-25 07:28:45.201 2417 INFO rally.task.runner [-] Task 0d4d3302-0221-4ce2-993a-87dde54f32a7 | ITER: 4 START
2019-07-25 07:28:52.447 2414 RALLYDEBUG rally.task.utils [-] Waiting for resource s_rally_bbeae197_VhH8N8wI. Status changed: CREATING => DOWNLOADING in 2.97937893867
2019-07-25 07:28:53.164 2416 RALLYDEBUG rally.task.utils [-] Waiting for resource s_rally_bbeae197_bWt1b1bN. Status changed: CREATING => DOWNLOADING in 3.01095104218
2019-07-25 07:28:59.797 2416 RALLYDEBUG rally.task.utils [-] Waiting for resource s_rally_bbeae197_bWt1b1bN. Status changed: DOWNLOADING => AVAILABLE in 6.63267278671
2019-07-25 07:28:59.797 2417 RALLYDEBUG rally.task.utils [-] Waiting for resource s_rally_bbeae197_PRkCjAPo. Status changed: CREATING => DOWNLOADING in 9.71144580841
2019-07-25 07:29:00.020 2415 RALLYDEBUG rally.task.utils [-] Waiting for resource s_rally_bbeae197_WCoOecgO. Status changed: CREATING => DOWNLOADING in 10.0218951702
2019-07-25 07:29:00.058 2416 INFO rally.task.runner [-] Task 0d4d3302-0221-4ce2-993a-87dde54f32a7 | ITER: 3 END: OK
2019-07-25 07:29:00.063 2416 INFO rally.task.runner [-] Task 0d4d3302-0221-4ce2-993a-87dde54f32a7 | ITER: 5 START
2019-07-25 07:29:01.453 2414 RALLYDEBUG rally.task.utils [-] Waiting for resource s_rally_bbeae197_VhH8N8wI. Status changed: DOWNLOADING => AVAILABLE in 9.00545501709
2019-07-25 07:29:01.811 2414 INFO rally.task.runner [-] Task 0d4d3302-0221-4ce2-993a-87dde54f32a7 | ITER: 1 END: OK
2019-07-25 07:29:01.814 2414 INFO rally.task.runner [-] Task 0d4d3302-0221-4ce2-993a-87dde54f32a7 | ITER: 6 START
2019-07-25 07:29:06.399 2415 RALLYDEBUG rally.task.utils [-] Waiting for resource s_rally_bbeae197_WCoOecgO. Status changed: DOWNLOADING => AVAILABLE in 6.37852597237
2019-07-25 07:29:06.746 2415 INFO rally.task.runner [-] Task 0d4d3302-0221-4ce2-993a-87dde54f32a7 | ITER: 2 END: OK
2019-07-25 07:29:06.751 2415 INFO rally.task.runner [-] Task 0d4d3302-0221-4ce2-993a-87dde54f32a7 | ITER: 7 START
2019-07-25 07:29:06.830 2417 RALLYDEBUG rally.task.utils [-] Waiting for resource s_rally_bbeae197_PRkCjAPo. Status changed: DOWNLOADING => AVAILABLE in 7.03299021721
2019-07-25 07:29:07.193 2417 INFO rally.task.runner [-] Task 0d4d3302-0221-4ce2-993a-87dde54f32a7 | ITER: 4 END: OK
2019-07-25 07:29:07.198 2417 INFO rally.task.runner [-] Task 0d4d3302-0221-4ce2-993a-87dde54f32a7 | ITER: 8 START
2019-07-25 07:29:10.099 2416 RALLYDEBUG rally.task.utils [-] Waiting for resource s_rally_bbeae197_M5VFnxfJ. Status changed: CREATING => DOWNLOADING in 5.07022094727
2019-07-25 07:29:11.957 2414 RALLYDEBUG rally.task.utils [-] Waiting for resource s_rally_bbeae197_Kk8kpHAB. Status changed: CREATING => DOWNLOADING in 5.324477911
2019-07-25 07:29:14.497 2416 RALLYDEBUG rally.task.utils [-] Waiting for resource s_rally_bbeae197_M5VFnxfJ. Status changed: DOWNLOADING => AVAILABLE in 4.39801502228
2019-07-25 07:29:14.784 2416 INFO rally.task.runner [-] Task 0d4d3302-0221-4ce2-993a-87dde54f32a7 | ITER: 5 END: OK
2019-07-25 07:29:14.789 2416 INFO rally.task.runner [-] Task 0d4d3302-0221-4ce2-993a-87dde54f32a7 | ITER: 9 START
2019-07-25 07:29:16.426 2414 RALLYDEBUG rally.task.utils [-] Waiting for resource s_rally_bbeae197_Kk8kpHAB. Status changed: DOWNLOADING => AVAILABLE in 4.46915817261
2019-07-25 07:29:16.532 2414 INFO rally.task.runner [-] Task 0d4d3302-0221-4ce2-993a-87dde54f32a7 | ITER: 6 END: OK
2019-07-25 07:29:16.535 2414 INFO rally.task.runner [-] Task 0d4d3302-0221-4ce2-993a-87dde54f32a7 | ITER: 10 START
2019-07-25 07:29:19.035 2415 RALLYDEBUG rally.task.utils [-] Waiting for resource s_rally_bbeae197_W42KdZ9N. Status changed: CREATING => DOWNLOADING in 7.72152805328
2019-07-25 07:29:19.130 2417 RALLYDEBUG rally.task.utils [-] Waiting for resource s_rally_bbeae197_DQBGNhpM. Status changed: CREATING => DOWNLOADING in 7.56927895546
2019-07-25 07:29:23.450 2417 RALLYDEBUG rally.task.utils [-] Waiting for resource s_rally_bbeae197_DQBGNhpM. Status changed: DOWNLOADING => AVAILABLE in 4.3204600811
2019-07-25 07:29:23.623 2415 RALLYDEBUG rally.task.utils [-] Waiting for resource s_rally_bbeae197_W42KdZ9N. Status changed: DOWNLOADING => AVAILABLE in 4.58801794052
2019-07-25 07:29:23.777 2417 INFO rally.task.runner [-] Task 0d4d3302-0221-4ce2-993a-87dde54f32a7 | ITER: 8 END: OK
2019-07-25 07:29:24.037 2415 INFO rally.task.runner [-] Task 0d4d3302-0221-4ce2-993a-87dde54f32a7 | ITER: 7 END: OK
2019-07-25 07:29:26.825 2416 RALLYDEBUG rally.task.utils [-] Waiting for resource s_rally_bbeae197_Y6ASptzz. Status changed: CREATING => DOWNLOADING in 7.15699696541
2019-07-25 07:29:28.841 2414 RALLYDEBUG rally.task.utils [-] Waiting for resource s_rally_bbeae197_Ph5NZy9Q. Status changed: CREATING => DOWNLOADING in 7.32849192619
2019-07-25 07:29:31.533 2416 RALLYDEBUG rally.task.utils [-] Waiting for resource s_rally_bbeae197_Y6ASptzz. Status changed: DOWNLOADING => AVAILABLE in 4.70801019669
2019-07-25 07:29:31.868 2416 INFO rally.task.runner [-] Task 0d4d3302-0221-4ce2-993a-87dde54f32a7 | ITER: 9 END: OK
2019-07-25 07:29:33.650 2414 RALLYDEBUG rally.task.utils [-] Waiting for resource s_rally_bbeae197_Ph5NZy9Q. Status changed: DOWNLOADING => AVAILABLE in 4.80838608742
2019-07-25 07:29:34.040 2414 INFO rally.task.runner [-] Task 0d4d3302-0221-4ce2-993a-87dde54f32a7 | ITER: 10 END: OK
2019-07-25 07:29:34.060 1842 INFO rally.task.context [-] Task 0d4d3302-0221-4ce2-993a-87dde54f32a7 | Context cleanup@openstack cleanup() started
2019-07-25 07:29:34.064 1842 RALLYDEBUG rally_openstack.cleanup.manager [-] Cleaning up cinder backups objects
2019-07-25 07:29:36.182 1842 RALLYDEBUG rally_openstack.cleanup.manager [-] Cleaning up cinder volume_snapshots objects
2019-07-25 07:29:38.286 1842 RALLYDEBUG rally_openstack.cleanup.manager [-] Cleaning up cinder transfers objects
2019-07-25 07:29:40.486 1842 RALLYDEBUG rally_openstack.cleanup.manager [-] Cleaning up cinder volumes objects
2019-07-25 07:29:42.964 1842 RALLYDEBUG rally_openstack.cleanup.manager [-] Deleting cinder.volumes object s_rally_bbeae197_W42KdZ9N (e188b02e-2da1-4fae-8c65-2bf06443d462)
2019-07-25 07:29:42.967 1842 RALLYDEBUG rally_openstack.cleanup.manager [-] Deleting cinder.volumes object s_rally_bbeae197_VhH8N8wI (a02d5239-74d4-4769-917c-fc311cb2c5ec)
2019-07-25 07:29:42.971 1842 RALLYDEBUG rally_openstack.cleanup.manager [-] Deleting cinder.volumes object s_rally_bbeae197_DQBGNhpM (d359d5e2-5879-44a9-a2de-3830bf139321)
2019-07-25 07:29:42.973 1842 RALLYDEBUG rally_openstack.cleanup.manager [-] Deleting cinder.volumes object s_rally_bbeae197_bWt1b1bN (45b350a2-056a-4a95-8d7d-4bbdc0297441)
2019-07-25 07:29:42.976 1842 RALLYDEBUG rally_openstack.cleanup.manager [-] Deleting cinder.volumes object s_rally_bbeae197_Ph5NZy9Q (08a81756-865e-4865-8b14-8527a2d4e456)
2019-07-25 07:29:42.985 1842 RALLYDEBUG rally_openstack.cleanup.manager [-] Deleting cinder.volumes object s_rally_bbeae197_Y6ASptzz (cac16021-c921-4303-961f-2df403c56813)
2019-07-25 07:29:42.995 1842 RALLYDEBUG rally_openstack.cleanup.manager [-] Deleting cinder.volumes object s_rally_bbeae197_PRkCjAPo (a66ecb0e-ba2c-40e3-90bc-5052932d6cd2)
2019-07-25 07:29:42.996 1842 RALLYDEBUG rally_openstack.cleanup.manager [-] Deleting cinder.volumes object s_rally_bbeae197_M5VFnxfJ (4962c1b9-1ff3-4452-8a46-e2f7b40fee20)
2019-07-25 07:29:43.004 1842 RALLYDEBUG rally_openstack.cleanup.manager [-] Deleting cinder.volumes object s_rally_bbeae197_Kk8kpHAB (f3a39b92-928b-4c10-8c3e-3535e8db9f2e)
2019-07-25 07:29:43.005 1842 RALLYDEBUG rally_openstack.cleanup.manager [-] Deleting cinder.volumes object s_rally_bbeae197_WCoOecgO (7f96962f-bb65-4f66-98d9-b2fd6dc05fe8)
2019-07-25 07:29:48.177 1842 INFO rally.task.context [-] Task 0d4d3302-0221-4ce2-993a-87dde54f32a7 | Context cleanup@openstack cleanup() finished in 14.12 sec
2019-07-25 07:29:48.178 1842 INFO rally.task.context [-] Task 0d4d3302-0221-4ce2-993a-87dde54f32a7 | Context quotas@openstack cleanup() started
2019-07-25 07:29:48.982 1842 INFO rally.task.context [-] Task 0d4d3302-0221-4ce2-993a-87dde54f32a7 | Context quotas@openstack cleanup() finished in 0.80 sec
2019-07-25 07:29:48.982 1842 INFO rally.task.context [-] Task 0d4d3302-0221-4ce2-993a-87dde54f32a7 | Context api_versions@openstack cleanup() started
2019-07-25 07:29:48.982 1842 INFO rally.task.context [-] Task 0d4d3302-0221-4ce2-993a-87dde54f32a7 | Context api_versions@openstack cleanup() finished in 0.28 msec
2019-07-25 07:29:48.983 1842 INFO rally.task.context [-] Task 0d4d3302-0221-4ce2-993a-87dde54f32a7 | Context users@openstack cleanup() started
2019-07-25 07:29:57.169 1842 INFO rally.task.context [-] Task 0d4d3302-0221-4ce2-993a-87dde54f32a7 | Context users@openstack cleanup() finished in 8.19 sec
2019-07-25 07:29:57.798 1842 INFO rally.task.engine [-] Load duration is: 48.843978
2019-07-25 07:29:57.799 1842 INFO rally.task.engine [-] Full runner duration is: 48.890171
2019-07-25 07:29:57.799 1842 INFO rally.task.engine [-] Full duration is: 79.68161
2019-07-25 07:29:57.988 1842 INFO rally.task.engine [-] Running workload: position = 1 config = { "version": 2, "title": "A cropped version of a bigger task.", "description": "Auto-generated task from a single workload (uuid=16260e2c-1bdc-4f9a-91ed-f6e19c52d8a2)", "subtasks": [ { "title": "CinderVolumes.create_and_list_volume", "description": "Create a volume and list all volumes.", "scenario": { "CinderVolumes.create_and_list_volume": { "detailed": true, "size": 1 } }, "contexts": { "users": { "tenants": 3, "users_per_tenant": 2 }, "quotas": { "cinder": { "gigabytes": -1, "snapshots": -1, "volumes": -1 } }, "api_versions": { "cinder": { "version": 3, "service_type": "volumev3" } } }, "runner": { "constant": { "concurrency": 4, "times": 10 } }, "hooks": [], "sla": { "failure_rate": { "max": 0 } } } ] }
2019-07-25 07:29:58.014 1842 RALLYDEBUG rally_openstack.contexts.keystone.users [-] Creating 3 tenants using 20 threads
2019-07-25 07:30:00.080 1842 RALLYDEBUG rally_openstack.contexts.keystone.users [-] Creating 6 users using 20 threads
2019-07-25 07:30:03.084 1842 INFO rally.task.context [-] Task 0d4d3302-0221-4ce2-993a-87dde54f32a7 | Context users@openstack setup() finished in 5.07 sec
2019-07-25 07:30:03.513 1842 INFO rally.task.context [-] Task 0d4d3302-0221-4ce2-993a-87dde54f32a7 | Context api_versions@openstack setup() finished in 0.43 sec
2019-07-25 07:30:05.300 1842 INFO rally.task.context [-] Task 0d4d3302-0221-4ce2-993a-87dde54f32a7 | Context quotas@openstack setup() finished in 1.79 sec
2019-07-25 07:30:05.300 1842 INFO rally.task.context [-] Task 0d4d3302-0221-4ce2-993a-87dde54f32a7 | Context cleanup@openstack setup() finished in 0.01 msec
2019-07-25 07:30:05.310 1842 RALLYDEBUG rally.task.runner [-] Starting the constant runner (task UUID: 0d4d3302-0221-4ce2-993a-87dde54f32a7). timeout: 0 concurrency: 4 concurrency_per_worker: 1 times: 10 concurrency_overhead: 0 processes_to_start: 4 max_cpu_used: 16
2019-07-25 07:30:05.323 2598 RALLYDEBUG rally.task.runner [-] Starting a worker. concurrency: 1 args: {"detailed": true, "size": 1} times: 10 method_name: run timeout: 0 duration: None cls:
2019-07-25 07:30:05.324 2599 RALLYDEBUG rally.task.runner [-] Starting a worker. concurrency: 1 args: {"detailed": true, "size": 1} times: 10 method_name: run timeout: 0 duration: None cls:
2019-07-25 07:30:05.328 2600 RALLYDEBUG rally.task.runner [-] Starting a worker. concurrency: 1 args: {"detailed": true, "size": 1} times: 10 method_name: run timeout: 0 duration: None cls:
2019-07-25 07:30:05.330 2599 INFO rally.task.runner [-] Task 0d4d3302-0221-4ce2-993a-87dde54f32a7 | ITER: 2 START
2019-07-25 07:30:05.331 2598 INFO rally.task.runner [-] Task 0d4d3302-0221-4ce2-993a-87dde54f32a7 | ITER: 1 START
2019-07-25 07:30:05.333 2601 RALLYDEBUG rally.task.runner [-] Starting a worker. concurrency: 1 args: {"detailed": true, "size": 1} times: 10 method_name: run timeout: 0 duration: None cls:
2019-07-25 07:30:05.336 2600 INFO rally.task.runner [-] Task 0d4d3302-0221-4ce2-993a-87dde54f32a7 | ITER: 3 START
2019-07-25 07:30:05.342 2601 INFO rally.task.runner [-] Task 0d4d3302-0221-4ce2-993a-87dde54f32a7 | ITER: 4 START
2019-07-25 07:30:09.353 2601 INFO rally.task.runner [-] Task 0d4d3302-0221-4ce2-993a-87dde54f32a7 | ITER: 4 END: OK
2019-07-25 07:30:09.358 2601 INFO rally.task.runner [-] Task 0d4d3302-0221-4ce2-993a-87dde54f32a7 | ITER: 5 START
2019-07-25 07:30:09.497 2599 INFO rally.task.runner [-] Task 0d4d3302-0221-4ce2-993a-87dde54f32a7 | ITER: 2 END: OK
2019-07-25 07:30:09.503 2599 INFO rally.task.runner [-] Task 0d4d3302-0221-4ce2-993a-87dde54f32a7 | ITER: 6 START
2019-07-25 07:30:09.508 2600 INFO rally.task.runner [-] Task 0d4d3302-0221-4ce2-993a-87dde54f32a7 | ITER: 3 END: OK
2019-07-25 07:30:09.514 2600 INFO rally.task.runner [-] Task 0d4d3302-0221-4ce2-993a-87dde54f32a7 | ITER: 7 START
2019-07-25 07:30:09.520 2598 INFO rally.task.runner [-] Task 0d4d3302-0221-4ce2-993a-87dde54f32a7 | ITER: 1 END: OK
2019-07-25 07:30:09.525 2598 INFO rally.task.runner [-] Task 0d4d3302-0221-4ce2-993a-87dde54f32a7 | ITER: 8 START
2019-07-25 07:30:13.336 2601 INFO rally.task.runner [-] Task 0d4d3302-0221-4ce2-993a-87dde54f32a7 | ITER: 5 END: OK
2019-07-25 07:30:13.341 2601 INFO rally.task.runner [-] Task 0d4d3302-0221-4ce2-993a-87dde54f32a7 | ITER: 9 START
2019-07-25 07:30:13.454 2599 INFO rally.task.runner [-] Task 0d4d3302-0221-4ce2-993a-87dde54f32a7 | ITER: 6 END: OK
2019-07-25 07:30:13.459 2599 INFO rally.task.runner [-] Task 0d4d3302-0221-4ce2-993a-87dde54f32a7 | ITER: 10 START
2019-07-25 07:30:13.476 2600 INFO rally.task.runner [-] Task 0d4d3302-0221-4ce2-993a-87dde54f32a7 | ITER: 7 END: OK
2019-07-25 07:30:13.790 2598 INFO rally.task.runner [-] Task 0d4d3302-0221-4ce2-993a-87dde54f32a7 | ITER: 8 END: OK
2019-07-25 07:30:17.409 2599 INFO rally.task.runner [-] Task 0d4d3302-0221-4ce2-993a-87dde54f32a7 | ITER: 10 END: OK
2019-07-25 07:30:17.457 2601 INFO rally.task.runner [-] Task 0d4d3302-0221-4ce2-993a-87dde54f32a7 | ITER: 9 END: OK
2019-07-25 07:30:17.482 1842 INFO rally.task.context [-] Task 0d4d3302-0221-4ce2-993a-87dde54f32a7 | Context cleanup@openstack cleanup() started
2019-07-25 07:30:17.484 1842 RALLYDEBUG rally_openstack.cleanup.manager [-] Cleaning up cinder backups objects
2019-07-25 07:30:19.625 1842 RALLYDEBUG rally_openstack.cleanup.manager [-] Cleaning up cinder volume_snapshots objects
2019-07-25 07:30:21.845 1842 RALLYDEBUG rally_openstack.cleanup.manager [-] Cleaning up cinder transfers objects
2019-07-25 07:30:24.074 1842 RALLYDEBUG rally_openstack.cleanup.manager [-] Cleaning up cinder volumes objects
2019-07-25 07:30:26.307 1842 RALLYDEBUG rally_openstack.cleanup.manager [-] Deleting cinder.volumes object s_rally_16260e2c_Vxx7aN9D (9e3ce259-1723-423b-9b8b-60ee4cc27c0b)
2019-07-25 07:30:26.311 1842 RALLYDEBUG rally_openstack.cleanup.manager [-] Deleting cinder.volumes object s_rally_16260e2c_StiZLhFF (82922068-16c8-43d3-884a-631cb1355803)
2019-07-25 07:30:26.314 1842 RALLYDEBUG rally_openstack.cleanup.manager [-] Deleting cinder.volumes object s_rally_16260e2c_JYEYcWB3 (8e0e15aa-62e3-4a16-94ff-6e4aabb1a6cf)
2019-07-25 07:30:26.315 1842 RALLYDEBUG rally_openstack.cleanup.manager [-] Deleting cinder.volumes object s_rally_16260e2c_fQ2XwWlE (1da7db84-43f3-41ec-b93c-a8c3d11d8ae8)
2019-07-25 07:30:26.318 1842 RALLYDEBUG rally_openstack.cleanup.manager [-] Deleting cinder.volumes object s_rally_16260e2c_7GUJapGh (47f63f5e-eb03-433e-8411-5ae65195453e)
2019-07-25 07:30:26.318 1842 RALLYDEBUG rally_openstack.cleanup.manager [-] Deleting cinder.volumes object s_rally_16260e2c_ZP5zgcdO (55fc736f-c23b-4149-bddb-4392d4924f71)
2019-07-25 07:30:26.318 1842 RALLYDEBUG rally_openstack.cleanup.manager [-] Deleting cinder.volumes object s_rally_16260e2c_4pkbkt5k (2b067822-6d51-445b-8bc7-06288aae29f3)
2019-07-25 07:30:26.328 1842 RALLYDEBUG rally_openstack.cleanup.manager [-] Deleting cinder.volumes object s_rally_16260e2c_E11DiPhI (d7f18db4-0960-46db-bb36-155703d2cc74)
2019-07-25 07:30:26.335 1842 RALLYDEBUG rally_openstack.cleanup.manager [-] Deleting cinder.volumes object s_rally_16260e2c_cS4ZPiH1 (7b0fed49-fed9-433a-86a6-b5b20b6b6b3a)
2019-07-25 07:30:26.352 1842 RALLYDEBUG rally_openstack.cleanup.manager [-] Deleting cinder.volumes object s_rally_16260e2c_Ls2s7lEV (683723fe-8f02-401f-9dfe-d2a6e2c83965)
2019-07-25 07:30:30.273 1842 INFO rally.task.context [-] Task 0d4d3302-0221-4ce2-993a-87dde54f32a7 | Context cleanup@openstack cleanup() finished in 12.79 sec
2019-07-25 07:30:30.274 1842 INFO rally.task.context [-] Task 0d4d3302-0221-4ce2-993a-87dde54f32a7 | Context quotas@openstack cleanup() started
2019-07-25 07:30:30.788 1842 INFO rally.task.context [-] Task 0d4d3302-0221-4ce2-993a-87dde54f32a7 | Context quotas@openstack cleanup() finished in 0.51 sec
2019-07-25 07:30:30.788 1842 INFO rally.task.context [-] Task 0d4d3302-0221-4ce2-993a-87dde54f32a7 | Context api_versions@openstack cleanup() started
2019-07-25 07:30:30.789 1842 INFO rally.task.context [-] Task 0d4d3302-0221-4ce2-993a-87dde54f32a7 | Context api_versions@openstack cleanup() finished in 0.25 msec
2019-07-25 07:30:30.789 1842 INFO rally.task.context [-] Task 0d4d3302-0221-4ce2-993a-87dde54f32a7 | Context users@openstack cleanup() started
2019-07-25 07:30:39.146 1842 INFO rally.task.context [-] Task 0d4d3302-0221-4ce2-993a-87dde54f32a7 | Context users@openstack cleanup() finished in 8.36 sec
2019-07-25 07:30:40.185 1842 INFO rally.task.engine [-] Load duration is: 12.120664
2019-07-25 07:30:40.186 1842 INFO rally.task.engine [-] Full runner duration is: 12.174021
2019-07-25 07:30:40.186 1842 INFO rally.task.engine [-] Full duration is: 41.135746
2019-07-25 07:30:40.430 1842 INFO rally.task.engine [-] Running workload: position = 0 config = { "version": 2, "title": "A cropped version of a bigger task.", "description": "Auto-generated task from a single workload (uuid=3bc55d59-2526-4f53-b7bb-db75d23332db)", "subtasks": [ { "title": "CinderVolumes.create_and_upload_volume_to_image", "description": "Create and upload a volume to image.", "scenario": { "CinderVolumes.create_and_upload_volume_to_image": { "container_format": "bare", "disk_format": "raw", "do_delete": true, "force": false, "size": 1 } }, "contexts": { "users": { "tenants": 3, "users_per_tenant": 2 }, "quotas": { "cinder": { "gigabytes": -1, "snapshots": -1, "volumes": -1 } }, "api_versions": { "cinder": { "version": 3, "service_type": "volumev3" } } }, "runner": { "constant": { "concurrency": 4, "times": 10 } }, "hooks": [], "sla": { "failure_rate": { "max": 0 } } } ] }
2019-07-25 07:30:40.449 1842 RALLYDEBUG rally_openstack.contexts.keystone.users [-] Creating 3 tenants using 20 threads
2019-07-25 07:30:42.350 1842 RALLYDEBUG rally_openstack.contexts.keystone.users [-] Creating 6 users using 20 threads
2019-07-25 07:30:45.146 1842 INFO rally.task.context [-] Task 0d4d3302-0221-4ce2-993a-87dde54f32a7 | Context users@openstack setup() finished in 4.70 sec
2019-07-25 07:30:45.578 1842 INFO rally.task.context [-] Task 0d4d3302-0221-4ce2-993a-87dde54f32a7 | Context api_versions@openstack setup() finished in 0.43 sec
2019-07-25 07:30:47.324 1842 INFO rally.task.context [-] Task 0d4d3302-0221-4ce2-993a-87dde54f32a7 | Context quotas@openstack setup() finished in 1.75 sec
2019-07-25 07:30:47.325 1842 INFO rally.task.context [-] Task 0d4d3302-0221-4ce2-993a-87dde54f32a7 | Context cleanup@openstack setup() finished in 0.00 msec
2019-07-25 07:30:47.332 1842 RALLYDEBUG rally.task.runner [-] Starting the constant runner (task UUID: 0d4d3302-0221-4ce2-993a-87dde54f32a7). timeout: 0 concurrency: 4 concurrency_per_worker: 1 times: 10 concurrency_overhead: 0 processes_to_start: 4 max_cpu_used: 16
2019-07-25 07:30:47.344 2782 RALLYDEBUG rally.task.runner [-] Starting a worker. concurrency: 1 args: {"container_format": "bare", "disk_format": "raw", "do_delete": true, "force": false, "size": 1} times: 10 method_name: run timeout: 0 duration: None cls:
2019-07-25 07:30:47.347 2783 RALLYDEBUG rally.task.runner [-] Starting a worker. concurrency: 1 args: {"container_format": "bare", "disk_format": "raw", "do_delete": true, "force": false, "size": 1} times: 10 method_name: run timeout: 0 duration: None cls:
2019-07-25 07:30:47.349 2784 RALLYDEBUG rally.task.runner [-] Starting a worker. concurrency: 1 args: {"container_format": "bare", "disk_format": "raw", "do_delete": true, "force": false, "size": 1} times: 10 method_name: run timeout: 0 duration: None cls:
2019-07-25 07:30:47.351 2782 INFO rally.task.runner [-] Task 0d4d3302-0221-4ce2-993a-87dde54f32a7 | ITER: 1 START
2019-07-25 07:30:47.352 2785 RALLYDEBUG rally.task.runner [-] Starting a worker. concurrency: 1 args: {"container_format": "bare", "disk_format": "raw", "do_delete": true, "force": false, "size": 1} times: 10 method_name: run timeout: 0 duration: None cls:
2019-07-25 07:30:47.354 2783 INFO rally.task.runner [-] Task 0d4d3302-0221-4ce2-993a-87dde54f32a7 | ITER: 2 START
2019-07-25 07:30:47.357 2784 INFO rally.task.runner [-] Task 0d4d3302-0221-4ce2-993a-87dde54f32a7 | ITER: 3 START
2019-07-25 07:30:47.359 2785 INFO rally.task.runner [-] Task 0d4d3302-0221-4ce2-993a-87dde54f32a7 | ITER: 4 START
2019-07-25 07:30:53.035 2785 RALLYDEBUG rally.task.utils [-] Waiting for resource s_rally_3bc55d59_glTHVhgV. Status changed: AVAILABLE => UPLOADING in 0.260828971863
2019-07-25 07:30:53.096 2783 RALLYDEBUG rally.task.utils [-] Waiting for resource s_rally_3bc55d59_AOL6KLE0. Status changed: AVAILABLE => UPLOADING in 0.243661880493
2019-07-25 07:30:53.105 2784 RALLYDEBUG rally.task.utils [-] Waiting for resource s_rally_3bc55d59_DwECSe5U. Status changed: AVAILABLE => UPLOADING in 0.243611812592
2019-07-25 07:30:53.446 2782 RALLYDEBUG rally.task.utils [-] Waiting for resource s_rally_3bc55d59_960zt3SR. Status changed: AVAILABLE => UPLOADING in 0.335425138474
2019-07-25 07:31:42.422 2784 RALLYDEBUG rally.task.utils [-] Waiting for resource s_rally_3bc55d59_DwECSe5U. Status changed: UPLOADING => AVAILABLE in 49.3159050941
2019-07-25 07:31:42.511 2785 RALLYDEBUG rally.task.utils [-] Waiting for resource s_rally_3bc55d59_glTHVhgV. Status changed: UPLOADING => AVAILABLE in 49.4750180244
2019-07-25 07:31:43.146 2782 RALLYDEBUG rally.task.utils [-] Waiting for resource s_rally_3bc55d59_960zt3SR. Status changed: UPLOADING => AVAILABLE in 49.6999988556
2019-07-25 07:31:43.195 2783 RALLYDEBUG rally.task.utils [-] Waiting for resource s_rally_3bc55d59_AOL6KLE0. Status changed: UPLOADING => AVAILABLE in 50.098883152
2019-07-25 07:31:44.118 2782 RALLYDEBUG rally.task.utils [-] Waiting for resource s_rally_3bc55d59_960zt3SR. Status changed: AVAILABLE => DELETING in 0.0613639354706
2019-07-25 07:31:44.613 2785 INFO rally.task.runner [-] Task 0d4d3302-0221-4ce2-993a-87dde54f32a7 | ITER: 4 END: OK
2019-07-25 07:31:44.621 2785 INFO rally.task.runner [-] Task 0d4d3302-0221-4ce2-993a-87dde54f32a7 | ITER: 5 START
2019-07-25 07:31:44.655 2783 INFO rally.task.runner [-] Task 0d4d3302-0221-4ce2-993a-87dde54f32a7 | ITER: 2 END: OK
2019-07-25 07:31:44.661 2783 INFO rally.task.runner [-] Task 0d4d3302-0221-4ce2-993a-87dde54f32a7 | ITER: 6 START
2019-07-25 07:31:44.666 2784 INFO rally.task.runner [-] Task 0d4d3302-0221-4ce2-993a-87dde54f32a7 | ITER: 3 END: OK
2019-07-25 07:31:44.671 2784 INFO rally.task.runner [-] Task 0d4d3302-0221-4ce2-993a-87dde54f32a7 | ITER: 7 START
2019-07-25 07:31:46.823 2782 INFO rally.task.runner [-] Task 0d4d3302-0221-4ce2-993a-87dde54f32a7 | ITER: 1 END: OK
2019-07-25 07:31:46.830 2782 INFO rally.task.runner [-] Task 0d4d3302-0221-4ce2-993a-87dde54f32a7 | ITER: 8 START
2019-07-25 07:31:50.147 2785 RALLYDEBUG rally.task.utils [-] Waiting for resource s_rally_3bc55d59_w92YQ1wI. Status changed: AVAILABLE => UPLOADING in 0.430891990662
2019-07-25 07:31:50.184 2783 RALLYDEBUG rally.task.utils [-] Waiting for resource s_rally_3bc55d59_UUi0lAXz. Status changed: AVAILABLE => UPLOADING in 0.334127902985
2019-07-25 07:31:50.594 2784 RALLYDEBUG rally.task.utils [-] Waiting for resource s_rally_3bc55d59_DiXRir3Y. Status changed: AVAILABLE => UPLOADING in 0.318052053452
2019-07-25 07:31:52.810 2782 RALLYDEBUG rally.task.utils [-] Waiting for resource s_rally_3bc55d59_aA6xNBFu. Status changed: AVAILABLE => UPLOADING in 0.565171003342
2019-07-25 07:32:38.426 2783 RALLYDEBUG rally.task.utils [-] Waiting for resource s_rally_3bc55d59_UUi0lAXz. Status changed: UPLOADING => AVAILABLE in 48.2423939705
2019-07-25 07:32:39.120 2785 RALLYDEBUG rally.task.utils [-] Waiting for resource s_rally_3bc55d59_w92YQ1wI. Status changed: UPLOADING => AVAILABLE in 48.9724168777
2019-07-25 07:32:39.530 2785 RALLYDEBUG rally.task.utils [-] Waiting for resource s_rally_3bc55d59_w92YQ1wI. Status changed: AVAILABLE => DELETING in 0.0585598945618
2019-07-25 07:32:39.731 2783 RALLYDEBUG rally.task.utils [-] Waiting for resource s_rally_3bc55d59_UUi0lAXz. Status changed: AVAILABLE => DELETING in 0.0566048622131
2019-07-25 07:32:40.029 2782 RALLYDEBUG rally.task.utils [-] Waiting for resource s_rally_3bc55d59_aA6xNBFu. Status changed: UPLOADING => AVAILABLE in 47.2196288109
2019-07-25 07:32:40.883 2782 RALLYDEBUG rally.task.utils [-] Waiting for resource s_rally_3bc55d59_aA6xNBFu. Status changed: AVAILABLE => DELETING in 0.0562019348145
2019-07-25 07:32:41.133 2784 RALLYDEBUG rally.task.utils [-] Waiting for resource s_rally_3bc55d59_DiXRir3Y. Status changed: UPLOADING => AVAILABLE in 50.5389828682
2019-07-25 07:32:41.929 2784 RALLYDEBUG rally.task.utils [-] Waiting for resource s_rally_3bc55d59_DiXRir3Y. Status changed: AVAILABLE => DELETING in 0.0575459003448
2019-07-25 07:32:42.835 2785 INFO rally.task.runner [-] Task 0d4d3302-0221-4ce2-993a-87dde54f32a7 | ITER: 5 END: OK
2019-07-25 07:32:42.842 2785 INFO rally.task.runner [-] Task 0d4d3302-0221-4ce2-993a-87dde54f32a7 | ITER: 9 START
2019-07-25 07:32:42.847 2783 INFO rally.task.runner [-] Task 0d4d3302-0221-4ce2-993a-87dde54f32a7 | ITER: 6 END: OK
2019-07-25 07:32:42.853 2783 INFO rally.task.runner [-] Task 0d4d3302-0221-4ce2-993a-87dde54f32a7 | ITER: 10 START
2019-07-25 07:32:43.841 2782 INFO rally.task.runner [-] Task 0d4d3302-0221-4ce2-993a-87dde54f32a7 | ITER: 8 END: OK
2019-07-25 07:32:44.964 2784 INFO rally.task.runner [-] Task 0d4d3302-0221-4ce2-993a-87dde54f32a7 | ITER: 7 END: OK
2019-07-25 07:32:48.259 2785 RALLYDEBUG rally.task.utils [-] Waiting for resource s_rally_3bc55d59_VdzCpVIg. Status changed: AVAILABLE => UPLOADING in 0.324103832245
2019-07-25 07:32:48.376 2783 RALLYDEBUG rally.task.utils [-] Waiting for resource s_rally_3bc55d59_gwuUtUxU. Status changed: AVAILABLE => UPLOADING in 0.325297117233
2019-07-25 07:33:19.723 2785 RALLYDEBUG rally.task.utils [-] Waiting for resource s_rally_3bc55d59_VdzCpVIg. Status changed: UPLOADING => AVAILABLE in 31.4642500877
2019-07-25 07:33:21.116 2783 RALLYDEBUG rally.task.utils [-] Waiting for resource s_rally_3bc55d59_gwuUtUxU. Status changed: UPLOADING => AVAILABLE in 32.739869833
2019-07-25 07:33:22.874 2785 INFO rally.task.runner [-] Task 0d4d3302-0221-4ce2-993a-87dde54f32a7 | ITER: 9 END: OK
