2019-07-25 07:50:14.867 6400 DEBUG cinderclient.v2.client [-] POST call to volumev2 for http://172.30.9.34:8776/v3/cf1dad08e1a64f4eaaa3c76950b48cf0/types/00bcb6c3-69b5-4001-9f98-c68c6f8719f9/action used request id req-118a330f-940c-4a7f-867c-4a3dcc799806 request /usr/lib/python2.7/site-packages/keystoneauth1/session.py:844
2019-07-25 07:50:14.868 6400 DEBUG cinderclient.v2.client [-] REQ: curl -g -i -X GET http://172.30.9.34:8776/v3/cf1dad08e1a64f4eaaa3c76950b48cf0/types/00bcb6c3-69b5-4001-9f98-c68c6f8719f9/os-volume-type-access -H "Accept: application/json" -H "User-Agent: python-cinderclient" -H "X-Auth-Token: {SHA1}2a80267e6bcac46c57c5b9c1c70b85681b3cc692" -H "X-OpenStack-Request-ID: req-7de3c840-25a7-4e74-8fca-8e784e7afdef" _http_log_request /usr/lib/python2.7/site-packages/keystoneauth1/session.py:448
2019-07-25 07:50:15.015 6398 DEBUG cinderclient.v2.client [-] RESP: [200] Content-Encoding: gzip Content-Length: 129 Content-Type: application/json Date: Thu, 25 Jul 2019 07:50:14 GMT OpenStack-API-Version: volume 3.0 Server: Apache Vary: OpenStack-API-Version,Accept-Encoding x-compute-request-id: req-d1e74741-b3bc-4c10-8002-95bdfae86901 x-openstack-request-id: req-d1e74741-b3bc-4c10-8002-95bdfae86901 _http_log_response /usr/lib/python2.7/site-packages/keystoneauth1/session.py:479
2019-07-25 07:50:15.015 6398 DEBUG cinderclient.v2.client [-] RESP BODY: {"volume_type_access": [{"volume_type_id": "baa6432c-e823-4a8f-9fc3-851d32249ca7", "project_id": "89306b1f8d5f4783942ff3810f090348"}]} _http_log_response /usr/lib/python2.7/site-packages/keystoneauth1/session.py:511
2019-07-25 07:50:15.015 6398 DEBUG cinderclient.v2.client [-] GET call to volumev2 for http://172.30.9.34:8776/v3/cf1dad08e1a64f4eaaa3c76950b48cf0/types/baa6432c-e823-4a8f-9fc3-851d32249ca7/os-volume-type-access used request id req-d1e74741-b3bc-4c10-8002-95bdfae86901 request /usr/lib/python2.7/site-packages/keystoneauth1/session.py:844
2019-07-25 07:50:15.017 6398 INFO rally.task.runner [-] Task 0d4d3302-0221-4ce2-993a-87dde54f32a7 | ITER: 1 END: OK
2019-07-25 07:50:15.022 6398 INFO rally.task.runner [-] Task 0d4d3302-0221-4ce2-993a-87dde54f32a7 | ITER: 5 START
2019-07-25 07:50:15.136 6399 DEBUG cinderclient.v2.client [-] RESP: [200] Content-Encoding: gzip Content-Length: 129 Content-Type: application/json Date: Thu, 25 Jul 2019 07:50:14 GMT OpenStack-API-Version: volume 3.0 Server: Apache Vary: OpenStack-API-Version,Accept-Encoding x-compute-request-id: req-34fc1d46-330d-4b57-9b26-a7492716e3ce x-openstack-request-id: req-34fc1d46-330d-4b57-9b26-a7492716e3ce _http_log_response /usr/lib/python2.7/site-packages/keystoneauth1/session.py:479
2019-07-25 07:50:15.136 6399 DEBUG cinderclient.v2.client [-] RESP BODY: {"volume_type_access": [{"volume_type_id": "0b152fbd-8f45-4475-9214-e7f989e582ef", "project_id": "445b080f306747b9812b20e8b816a99a"}]} _http_log_response /usr/lib/python2.7/site-packages/keystoneauth1/session.py:511
2019-07-25 07:50:15.137 6399 DEBUG cinderclient.v2.client [-] GET call to volumev2 for http://172.30.9.34:8776/v3/cf1dad08e1a64f4eaaa3c76950b48cf0/types/0b152fbd-8f45-4475-9214-e7f989e582ef/os-volume-type-access used request id req-34fc1d46-330d-4b57-9b26-a7492716e3ce request /usr/lib/python2.7/site-packages/keystoneauth1/session.py:844
2019-07-25 07:50:15.138 6399 INFO rally.task.runner [-] Task 0d4d3302-0221-4ce2-993a-87dde54f32a7 | ITER: 2 END: OK
2019-07-25 07:50:15.142 6399 INFO rally.task.runner [-] Task 0d4d3302-0221-4ce2-993a-87dde54f32a7 | ITER: 6 START
2019-07-25 07:50:15.169 6400 DEBUG cinderclient.v2.client [-] RESP: [200] Content-Encoding: gzip Content-Length: 130 Content-Type: application/json Date: Thu, 25 Jul 2019 07:50:14 GMT OpenStack-API-Version: volume 3.0 Server: Apache Vary: OpenStack-API-Version,Accept-Encoding x-compute-request-id: req-487c2d45-cc80-4ec6-8186-15726cdda347 x-openstack-request-id: req-487c2d45-cc80-4ec6-8186-15726cdda347 _http_log_response /usr/lib/python2.7/site-packages/keystoneauth1/session.py:479
2019-07-25 07:50:15.169 6400 DEBUG cinderclient.v2.client [-] RESP BODY: {"volume_type_access": [{"volume_type_id": "00bcb6c3-69b5-4001-9f98-c68c6f8719f9", "project_id": "349bd520bab54f5582aa8364aa144f1a"}]} _http_log_response /usr/lib/python2.7/site-packages/keystoneauth1/session.py:511
2019-07-25 07:50:15.170 6400 DEBUG cinderclient.v2.client [-] GET call to volumev2 for http://172.30.9.34:8776/v3/cf1dad08e1a64f4eaaa3c76950b48cf0/types/00bcb6c3-69b5-4001-9f98-c68c6f8719f9/os-volume-type-access used request id req-487c2d45-cc80-4ec6-8186-15726cdda347 request /usr/lib/python2.7/site-packages/keystoneauth1/session.py:844
2019-07-25 07:50:15.171 6400 INFO rally.task.runner [-] Task 0d4d3302-0221-4ce2-993a-87dde54f32a7 | ITER: 3 END: OK
2019-07-25 07:50:15.176 6400 INFO rally.task.runner [-] Task 0d4d3302-0221-4ce2-993a-87dde54f32a7 | ITER: 7 START
2019-07-25 07:50:15.228 6401 DEBUG cinderclient.v2.client [-] RESP: [200] Content-Encoding: gzip Content-Length: 129 Content-Type: application/json Date: Thu, 25 Jul 2019 07:50:14 GMT OpenStack-API-Version: volume 3.0 Server: Apache Vary: OpenStack-API-Version,Accept-Encoding x-compute-request-id: req-3c66a868-b5b8-4caf-a942-5e0f4213f4c1 x-openstack-request-id: req-3c66a868-b5b8-4caf-a942-5e0f4213f4c1 _http_log_response /usr/lib/python2.7/site-packages/keystoneauth1/session.py:479
2019-07-25 07:50:15.228 6401 DEBUG cinderclient.v2.client [-] RESP BODY: {"volume_type_access": [{"volume_type_id": "e405a6b1-5ee6-40f5-911b-3008b8492e30", "project_id": "445b080f306747b9812b20e8b816a99a"}]} _http_log_response /usr/lib/python2.7/site-packages/keystoneauth1/session.py:511
2019-07-25 07:50:15.229 6401 DEBUG cinderclient.v2.client [-] GET call to volumev2 for http://172.30.9.34:8776/v3/cf1dad08e1a64f4eaaa3c76950b48cf0/types/e405a6b1-5ee6-40f5-911b-3008b8492e30/os-volume-type-access used request id req-3c66a868-b5b8-4caf-a942-5e0f4213f4c1 request /usr/lib/python2.7/site-packages/keystoneauth1/session.py:844
2019-07-25 07:50:15.230 6401 INFO rally.task.runner [-] Task 0d4d3302-0221-4ce2-993a-87dde54f32a7 | ITER: 4 END: OK
2019-07-25 07:50:15.234 6401 INFO rally.task.runner [-] Task 0d4d3302-0221-4ce2-993a-87dde54f32a7 | ITER: 8 START
2019-07-25 07:50:15.470 6398 DEBUG cinderclient.v2.client [-] REQ: curl -g -i -X POST http://172.30.9.34:8776/v3/cf1dad08e1a64f4eaaa3c76950b48cf0/types -H "Accept: application/json" -H "Content-Type: application/json" -H "User-Agent: python-cinderclient" -H "X-Auth-Token: {SHA1}57d1ac697f150d8fa9cfe0aeb7218518ebbe803a" -d '{"volume_type": {"os-volume-type-access:is_public": false, "name": "s_rally_f62454fb_pFyZxzXc", "description": "rally tests creating types"}}' _http_log_request /usr/lib/python2.7/site-packages/keystoneauth1/session.py:448
2019-07-25 07:50:15.667 6399 DEBUG cinderclient.v2.client [-] REQ: curl -g -i -X POST http://172.30.9.34:8776/v3/cf1dad08e1a64f4eaaa3c76950b48cf0/types -H "Accept: application/json" -H "Content-Type: application/json" -H "User-Agent: python-cinderclient" -H "X-Auth-Token: {SHA1}cdb790236cb40999f0c4fbe2e8ead87e45d23e1f" -d '{"volume_type": {"os-volume-type-access:is_public": false, "name": "s_rally_f62454fb_ee6MD0fL", "description": "rally tests creating types"}}' _http_log_request /usr/lib/python2.7/site-packages/keystoneauth1/session.py:448
2019-07-25 07:50:15.681 6401 DEBUG cinderclient.v2.client [-] REQ: curl -g -i -X POST http://172.30.9.34:8776/v3/cf1dad08e1a64f4eaaa3c76950b48cf0/types -H "Accept: application/json" -H "Content-Type: application/json" -H "User-Agent: python-cinderclient" -H "X-Auth-Token: {SHA1}15147e3fc2f4ea5d4c71fe47ec78b6440533011d" -d '{"volume_type": {"os-volume-type-access:is_public": false, "name": "s_rally_f62454fb_q0WCk8LZ", "description": "rally tests creating types"}}' _http_log_request /usr/lib/python2.7/site-packages/keystoneauth1/session.py:448
2019-07-25 07:50:15.694 6400 DEBUG cinderclient.v2.client [-] REQ: curl -g -i -X POST http://172.30.9.34:8776/v3/cf1dad08e1a64f4eaaa3c76950b48cf0/types -H "Accept: application/json" -H "Content-Type: application/json" -H "User-Agent: python-cinderclient" -H "X-Auth-Token: {SHA1}3c2da3bd525fec6041d53231e0ec8740a5298f9a" -d '{"volume_type": {"os-volume-type-access:is_public": false, "name": "s_rally_f62454fb_hhOUSefN", "description": "rally tests creating types"}}' _http_log_request /usr/lib/python2.7/site-packages/keystoneauth1/session.py:448
2019-07-25 07:50:15.827 6398 DEBUG cinderclient.v2.client [-] RESP: [200] Content-Encoding: gzip Content-Length: 183 Content-Type: application/json Date: Thu, 25 Jul 2019 07:50:15 GMT OpenStack-API-Version: volume 3.0 Server: Apache Vary: OpenStack-API-Version,Accept-Encoding x-compute-request-id: req-635dc706-dfc7-488d-bfe5-559441bae75e x-openstack-request-id: req-635dc706-dfc7-488d-bfe5-559441bae75e _http_log_response /usr/lib/python2.7/site-packages/keystoneauth1/session.py:479
2019-07-25 07:50:15.827 6398 DEBUG cinderclient.v2.client [-] RESP BODY: {"volume_type": {"name": "s_rally_f62454fb_pFyZxzXc", "extra_specs": {}, "os-volume-type-access:is_public": false, "is_public": false, "id": "7c89a25a-108d-40df-8898-c1b70583c15d", "description": "rally tests creating types"}} _http_log_response /usr/lib/python2.7/site-packages/keystoneauth1/session.py:511
2019-07-25 07:50:15.828 6398 DEBUG cinderclient.v2.client [-] POST call to volumev2 for http://172.30.9.34:8776/v3/cf1dad08e1a64f4eaaa3c76950b48cf0/types used request id req-635dc706-dfc7-488d-bfe5-559441bae75e request /usr/lib/python2.7/site-packages/keystoneauth1/session.py:844
2019-07-25 07:50:15.829 6398 DEBUG cinderclient.v2.client [-] REQ: curl -g -i -X POST http://172.30.9.34:8776/v3/cf1dad08e1a64f4eaaa3c76950b48cf0/types/7c89a25a-108d-40df-8898-c1b70583c15d/action -H "Accept: application/json" -H "Content-Type: application/json" -H "User-Agent: python-cinderclient" -H "X-Auth-Token: {SHA1}57d1ac697f150d8fa9cfe0aeb7218518ebbe803a" -H "X-OpenStack-Request-ID: req-635dc706-dfc7-488d-bfe5-559441bae75e" -d '{"addProjectAccess": {"project": "445b080f306747b9812b20e8b816a99a"}}' _http_log_request /usr/lib/python2.7/site-packages/keystoneauth1/session.py:448
2019-07-25 07:50:15.997 6399 DEBUG cinderclient.v2.client [-] RESP: [200] Content-Encoding: gzip Content-Length: 181 Content-Type: application/json Date: Thu, 25 Jul 2019 07:50:15 GMT OpenStack-API-Version: volume 3.0 Server: Apache Vary: OpenStack-API-Version,Accept-Encoding x-compute-request-id: req-322a6260-5c33-41b7-8373-9573306fd26b x-openstack-request-id: req-322a6260-5c33-41b7-8373-9573306fd26b _http_log_response /usr/lib/python2.7/site-packages/keystoneauth1/session.py:479
2019-07-25 07:50:15.998 6399 DEBUG cinderclient.v2.client [-] RESP BODY: {"volume_type": {"name": "s_rally_f62454fb_ee6MD0fL", "extra_specs": {}, "os-volume-type-access:is_public": false, "is_public": false, "id": "54e4e33b-ff44-40d2-92f8-874122fa4ef3", "description": "rally tests creating types"}} _http_log_response /usr/lib/python2.7/site-packages/keystoneauth1/session.py:511
2019-07-25 07:50:15.998 6399 DEBUG cinderclient.v2.client [-] POST call to volumev2 for http://172.30.9.34:8776/v3/cf1dad08e1a64f4eaaa3c76950b48cf0/types used request id req-322a6260-5c33-41b7-8373-9573306fd26b request /usr/lib/python2.7/site-packages/keystoneauth1/session.py:844
2019-07-25 07:50:16.000 6399 DEBUG cinderclient.v2.client [-] REQ: curl -g -i -X POST http://172.30.9.34:8776/v3/cf1dad08e1a64f4eaaa3c76950b48cf0/types/54e4e33b-ff44-40d2-92f8-874122fa4ef3/action -H "Accept: application/json" -H "Content-Type: application/json" -H "User-Agent: python-cinderclient" -H "X-Auth-Token: {SHA1}cdb790236cb40999f0c4fbe2e8ead87e45d23e1f" -H "X-OpenStack-Request-ID: req-322a6260-5c33-41b7-8373-9573306fd26b" -d '{"addProjectAccess": {"project": "349bd520bab54f5582aa8364aa144f1a"}}' _http_log_request /usr/lib/python2.7/site-packages/keystoneauth1/session.py:448
2019-07-25 07:50:16.025 6400 DEBUG cinderclient.v2.client [-] RESP: [200] Content-Encoding: gzip Content-Length: 183 Content-Type: application/json Date: Thu, 25 Jul 2019 07:50:15 GMT OpenStack-API-Version: volume 3.0 Server: Apache Vary: OpenStack-API-Version,Accept-Encoding x-compute-request-id: req-4dfc8ea3-b4b5-4532-a9a6-4c3e6fa4dedf x-openstack-request-id: req-4dfc8ea3-b4b5-4532-a9a6-4c3e6fa4dedf _http_log_response /usr/lib/python2.7/site-packages/keystoneauth1/session.py:479
2019-07-25 07:50:16.025 6400 DEBUG cinderclient.v2.client [-] RESP BODY: {"volume_type": {"name": "s_rally_f62454fb_hhOUSefN", "extra_specs": {}, "os-volume-type-access:is_public": false, "is_public": false, "id": "e1456bb4-b13e-4f70-a3d9-6192219104af", "description": "rally tests creating types"}} _http_log_response /usr/lib/python2.7/site-packages/keystoneauth1/session.py:511
2019-07-25 07:50:16.025 6400 DEBUG cinderclient.v2.client [-] POST call to volumev2 for http://172.30.9.34:8776/v3/cf1dad08e1a64f4eaaa3c76950b48cf0/types used request id req-4dfc8ea3-b4b5-4532-a9a6-4c3e6fa4dedf request /usr/lib/python2.7/site-packages/keystoneauth1/session.py:844
2019-07-25 07:50:16.027 6400 DEBUG cinderclient.v2.client [-] REQ: curl -g -i -X POST http://172.30.9.34:8776/v3/cf1dad08e1a64f4eaaa3c76950b48cf0/types/e1456bb4-b13e-4f70-a3d9-6192219104af/action -H "Accept: application/json" -H "Content-Type: application/json" -H "User-Agent: python-cinderclient" -H "X-Auth-Token: {SHA1}3c2da3bd525fec6041d53231e0ec8740a5298f9a" -H "X-OpenStack-Request-ID: req-4dfc8ea3-b4b5-4532-a9a6-4c3e6fa4dedf" -d '{"addProjectAccess": {"project": "89306b1f8d5f4783942ff3810f090348"}}' _http_log_request /usr/lib/python2.7/site-packages/keystoneauth1/session.py:448
2019-07-25 07:50:16.041 6401 DEBUG cinderclient.v2.client [-] RESP: [200] Content-Encoding: gzip Content-Length: 184 Content-Type: application/json Date: Thu, 25 Jul 2019 07:50:15 GMT OpenStack-API-Version: volume 3.0 Server: Apache Vary: OpenStack-API-Version,Accept-Encoding x-compute-request-id: req-5dacf9d2-1b46-4acb-95c8-6d7011f977f1 x-openstack-request-id: req-5dacf9d2-1b46-4acb-95c8-6d7011f977f1 _http_log_response /usr/lib/python2.7/site-packages/keystoneauth1/session.py:479
2019-07-25 07:50:16.041 6401 DEBUG cinderclient.v2.client [-] RESP BODY: {"volume_type": {"name": "s_rally_f62454fb_q0WCk8LZ", "extra_specs": {}, "os-volume-type-access:is_public": false, "is_public": false, "id": "4900d8b7-f994-4dd8-92e7-14e9d71136c2", "description": "rally tests creating types"}} _http_log_response /usr/lib/python2.7/site-packages/keystoneauth1/session.py:511
2019-07-25 07:50:16.041 6401 DEBUG cinderclient.v2.client [-] POST call to volumev2 for http://172.30.9.34:8776/v3/cf1dad08e1a64f4eaaa3c76950b48cf0/types used request id req-5dacf9d2-1b46-4acb-95c8-6d7011f977f1 request /usr/lib/python2.7/site-packages/keystoneauth1/session.py:844
2019-07-25 07:50:16.043 6401 DEBUG cinderclient.v2.client [-] REQ: curl -g -i -X POST http://172.30.9.34:8776/v3/cf1dad08e1a64f4eaaa3c76950b48cf0/types/4900d8b7-f994-4dd8-92e7-14e9d71136c2/action -H "Accept: application/json" -H "Content-Type: application/json" -H "User-Agent: python-cinderclient" -H "X-Auth-Token: {SHA1}15147e3fc2f4ea5d4c71fe47ec78b6440533011d" -H "X-OpenStack-Request-ID: req-5dacf9d2-1b46-4acb-95c8-6d7011f977f1" -d '{"addProjectAccess": {"project": "89306b1f8d5f4783942ff3810f090348"}}' _http_log_request /usr/lib/python2.7/site-packages/keystoneauth1/session.py:448
2019-07-25 07:50:16.267 6398 DEBUG cinderclient.v2.client [-] RESP: [202] Content-Length: 0 Content-Type: text/html; charset=UTF-8 Date: Thu, 25 Jul 2019 07:50:15 GMT OpenStack-API-Version: volume 3.0 Server: Apache Vary: OpenStack-API-Version x-openstack-request-id: req-8acc6404-77e5-44ca-98f0-ef6622ba0bf0 _http_log_response /usr/lib/python2.7/site-packages/keystoneauth1/session.py:479
2019-07-25 07:50:16.268 6398 DEBUG cinderclient.v2.client [-] RESP BODY: Omitted, Content-Type is set to text/html; charset=UTF-8. Only application/json responses have their bodies logged. _http_log_response /usr/lib/python2.7/site-packages/keystoneauth1/session.py:511
2019-07-25 07:50:16.268 6398 DEBUG cinderclient.v2.client [-] POST call to volumev2 for http://172.30.9.34:8776/v3/cf1dad08e1a64f4eaaa3c76950b48cf0/types/7c89a25a-108d-40df-8898-c1b70583c15d/action used request id req-8acc6404-77e5-44ca-98f0-ef6622ba0bf0 request /usr/lib/python2.7/site-packages/keystoneauth1/session.py:844
2019-07-25 07:50:16.269 6398 DEBUG cinderclient.v2.client [-] REQ: curl -g -i -X GET http://172.30.9.34:8776/v3/cf1dad08e1a64f4eaaa3c76950b48cf0/types/7c89a25a-108d-40df-8898-c1b70583c15d/os-volume-type-access -H "Accept: application/json" -H "User-Agent: python-cinderclient" -H "X-Auth-Token: {SHA1}57d1ac697f150d8fa9cfe0aeb7218518ebbe803a" -H "X-OpenStack-Request-ID: req-635dc706-dfc7-488d-bfe5-559441bae75e" _http_log_request /usr/lib/python2.7/site-packages/keystoneauth1/session.py:448
2019-07-25 07:50:16.279 6400 DEBUG cinderclient.v2.client [-] RESP: [202] Content-Length: 0 Content-Type: text/html; charset=UTF-8 Date: Thu, 25 Jul 2019 07:50:16 GMT OpenStack-API-Version: volume 3.0 Server: Apache Vary: OpenStack-API-Version x-openstack-request-id: req-9a0fded1-2728-4e7c-8045-a537019f954f _http_log_response /usr/lib/python2.7/site-packages/keystoneauth1/session.py:479
2019-07-25 07:50:16.279 6400 DEBUG cinderclient.v2.client [-] RESP BODY: Omitted, Content-Type is set to text/html; charset=UTF-8. Only application/json responses have their bodies logged. _http_log_response /usr/lib/python2.7/site-packages/keystoneauth1/session.py:511
2019-07-25 07:50:16.279 6400 DEBUG cinderclient.v2.client [-] POST call to volumev2 for http://172.30.9.34:8776/v3/cf1dad08e1a64f4eaaa3c76950b48cf0/types/e1456bb4-b13e-4f70-a3d9-6192219104af/action used request id req-9a0fded1-2728-4e7c-8045-a537019f954f request /usr/lib/python2.7/site-packages/keystoneauth1/session.py:844
2019-07-25 07:50:16.281 6400 DEBUG cinderclient.v2.client [-] REQ: curl -g -i -X GET http://172.30.9.34:8776/v3/cf1dad08e1a64f4eaaa3c76950b48cf0/types/e1456bb4-b13e-4f70-a3d9-6192219104af/os-volume-type-access -H "Accept: application/json" -H "User-Agent: python-cinderclient" -H "X-Auth-Token: {SHA1}3c2da3bd525fec6041d53231e0ec8740a5298f9a" -H "X-OpenStack-Request-ID: req-4dfc8ea3-b4b5-4532-a9a6-4c3e6fa4dedf" _http_log_request /usr/lib/python2.7/site-packages/keystoneauth1/session.py:448
2019-07-25 07:50:16.288 6401 DEBUG cinderclient.v2.client [-] RESP: [202] Content-Length: 0 Content-Type: text/html; charset=UTF-8 Date: Thu, 25 Jul 2019 07:50:16 GMT OpenStack-API-Version: volume 3.0 Server: Apache Vary: OpenStack-API-Version x-openstack-request-id: req-58e1a463-9a0d-4f73-89da-b4640a667923 _http_log_response /usr/lib/python2.7/site-packages/keystoneauth1/session.py:479
2019-07-25 07:50:16.288 6401 DEBUG cinderclient.v2.client [-] RESP BODY: Omitted, Content-Type is set to text/html; charset=UTF-8. Only application/json responses have their bodies logged. _http_log_response /usr/lib/python2.7/site-packages/keystoneauth1/session.py:511
2019-07-25 07:50:16.289 6401 DEBUG cinderclient.v2.client [-] POST call to volumev2 for http://172.30.9.34:8776/v3/cf1dad08e1a64f4eaaa3c76950b48cf0/types/4900d8b7-f994-4dd8-92e7-14e9d71136c2/action used request id req-58e1a463-9a0d-4f73-89da-b4640a667923 request /usr/lib/python2.7/site-packages/keystoneauth1/session.py:844
2019-07-25 07:50:16.290 6401 DEBUG cinderclient.v2.client [-] REQ: curl -g -i -X GET http://172.30.9.34:8776/v3/cf1dad08e1a64f4eaaa3c76950b48cf0/types/4900d8b7-f994-4dd8-92e7-14e9d71136c2/os-volume-type-access -H "Accept: application/json" -H "User-Agent: python-cinderclient" -H "X-Auth-Token: {SHA1}15147e3fc2f4ea5d4c71fe47ec78b6440533011d" -H "X-OpenStack-Request-ID: req-5dacf9d2-1b46-4acb-95c8-6d7011f977f1" _http_log_request /usr/lib/python2.7/site-packages/keystoneauth1/session.py:448
2019-07-25 07:50:16.315 6399 DEBUG cinderclient.v2.client [-] RESP: [202] Content-Length: 0 Content-Type: text/html; charset=UTF-8 Date: Thu, 25 Jul 2019 07:50:16 GMT OpenStack-API-Version: volume 3.0 Server: Apache Vary: OpenStack-API-Version x-openstack-request-id: req-c0f8e780-9e74-453f-81ce-d93f1ad671e6 _http_log_response /usr/lib/python2.7/site-packages/keystoneauth1/session.py:479
2019-07-25 07:50:16.315 6399 DEBUG cinderclient.v2.client [-] RESP BODY: Omitted, Content-Type is set to text/html; charset=UTF-8. Only application/json responses have their bodies logged. _http_log_response /usr/lib/python2.7/site-packages/keystoneauth1/session.py:511
2019-07-25 07:50:16.315 6399 DEBUG cinderclient.v2.client [-] POST call to volumev2 for http://172.30.9.34:8776/v3/cf1dad08e1a64f4eaaa3c76950b48cf0/types/54e4e33b-ff44-40d2-92f8-874122fa4ef3/action used request id req-c0f8e780-9e74-453f-81ce-d93f1ad671e6 request /usr/lib/python2.7/site-packages/keystoneauth1/session.py:844
2019-07-25 07:50:16.317 6399 DEBUG cinderclient.v2.client [-] REQ: curl -g -i -X GET http://172.30.9.34:8776/v3/cf1dad08e1a64f4eaaa3c76950b48cf0/types/54e4e33b-ff44-40d2-92f8-874122fa4ef3/os-volume-type-access -H "Accept: application/json" -H "User-Agent: python-cinderclient" -H "X-Auth-Token: {SHA1}cdb790236cb40999f0c4fbe2e8ead87e45d23e1f" -H "X-OpenStack-Request-ID: req-322a6260-5c33-41b7-8373-9573306fd26b" _http_log_request /usr/lib/python2.7/site-packages/keystoneauth1/session.py:448
2019-07-25 07:50:16.490 6398 DEBUG cinderclient.v2.client [-] RESP: [200] Content-Encoding: gzip Content-Length: 129 Content-Type: application/json Date: Thu, 25 Jul 2019 07:50:16 GMT OpenStack-API-Version: volume 3.0 Server: Apache Vary: OpenStack-API-Version,Accept-Encoding x-compute-request-id: req-177f20d3-28d9-4d91-a459-f607d1ffc932 x-openstack-request-id: req-177f20d3-28d9-4d91-a459-f607d1ffc932 _http_log_response /usr/lib/python2.7/site-packages/keystoneauth1/session.py:479
2019-07-25 07:50:16.491 6398 DEBUG cinderclient.v2.client [-] RESP BODY: {"volume_type_access": [{"volume_type_id": "7c89a25a-108d-40df-8898-c1b70583c15d", "project_id": "445b080f306747b9812b20e8b816a99a"}]} _http_log_response /usr/lib/python2.7/site-packages/keystoneauth1/session.py:511
2019-07-25 07:50:16.491 6398 DEBUG cinderclient.v2.client [-] GET call to volumev2 for http://172.30.9.34:8776/v3/cf1dad08e1a64f4eaaa3c76950b48cf0/types/7c89a25a-108d-40df-8898-c1b70583c15d/os-volume-type-access used request id req-177f20d3-28d9-4d91-a459-f607d1ffc932 request /usr/lib/python2.7/site-packages/keystoneauth1/session.py:844
2019-07-25 07:50:16.492 6398 INFO rally.task.runner [-] Task 0d4d3302-0221-4ce2-993a-87dde54f32a7 | ITER: 5 END: OK
2019-07-25 07:50:16.495 6398 INFO rally.task.runner [-] Task 0d4d3302-0221-4ce2-993a-87dde54f32a7 | ITER: 9 START
2019-07-25 07:50:16.570 6400 DEBUG cinderclient.v2.client [-] RESP: [200] Content-Encoding: gzip Content-Length: 129 Content-Type: application/json Date: Thu, 25 Jul 2019 07:50:16 GMT OpenStack-API-Version: volume 3.0 Server: Apache Vary: OpenStack-API-Version,Accept-Encoding x-compute-request-id: req-87e57c1b-0dea-40b7-b801-76ee8d4fbc7a x-openstack-request-id: req-87e57c1b-0dea-40b7-b801-76ee8d4fbc7a _http_log_response /usr/lib/python2.7/site-packages/keystoneauth1/session.py:479
2019-07-25 07:50:16.570 6400 DEBUG cinderclient.v2.client [-] RESP BODY: {"volume_type_access": [{"volume_type_id": "e1456bb4-b13e-4f70-a3d9-6192219104af", "project_id": "89306b1f8d5f4783942ff3810f090348"}]} _http_log_response /usr/lib/python2.7/site-packages/keystoneauth1/session.py:511
2019-07-25 07:50:16.570 6400 DEBUG cinderclient.v2.client [-] GET call to volumev2 for http://172.30.9.34:8776/v3/cf1dad08e1a64f4eaaa3c76950b48cf0/types/e1456bb4-b13e-4f70-a3d9-6192219104af/os-volume-type-access used request id req-87e57c1b-0dea-40b7-b801-76ee8d4fbc7a request /usr/lib/python2.7/site-packages/keystoneauth1/session.py:844
2019-07-25 07:50:16.571 6400 INFO rally.task.runner [-] Task 0d4d3302-0221-4ce2-993a-87dde54f32a7 | ITER: 7 END: OK
2019-07-25 07:50:16.577 6400 INFO rally.task.runner [-] Task 0d4d3302-0221-4ce2-993a-87dde54f32a7 | ITER: 10 START
2019-07-25 07:50:16.595 6401 DEBUG cinderclient.v2.client [-] RESP: [200] Content-Encoding: gzip Content-Length: 128 Content-Type: application/json Date: Thu, 25 Jul 2019 07:50:16 GMT OpenStack-API-Version: volume 3.0 Server: Apache Vary: OpenStack-API-Version,Accept-Encoding x-compute-request-id: req-d3264eae-43c4-43e5-894c-1af0beb0ea88 x-openstack-request-id: req-d3264eae-43c4-43e5-894c-1af0beb0ea88 _http_log_response /usr/lib/python2.7/site-packages/keystoneauth1/session.py:479
2019-07-25 07:50:16.595 6401 DEBUG cinderclient.v2.client [-] RESP BODY: {"volume_type_access": [{"volume_type_id": "4900d8b7-f994-4dd8-92e7-14e9d71136c2", "project_id": "89306b1f8d5f4783942ff3810f090348"}]} _http_log_response /usr/lib/python2.7/site-packages/keystoneauth1/session.py:511
2019-07-25 07:50:16.595 6401 DEBUG cinderclient.v2.client [-] GET call to volumev2 for http://172.30.9.34:8776/v3/cf1dad08e1a64f4eaaa3c76950b48cf0/types/4900d8b7-f994-4dd8-92e7-14e9d71136c2/os-volume-type-access used request id req-d3264eae-43c4-43e5-894c-1af0beb0ea88 request /usr/lib/python2.7/site-packages/keystoneauth1/session.py:844
2019-07-25 07:50:16.596 6401 INFO rally.task.runner [-] Task 0d4d3302-0221-4ce2-993a-87dde54f32a7 | ITER: 8 END: OK
2019-07-25 07:50:16.624 6399 DEBUG cinderclient.v2.client [-] RESP: [200] Content-Encoding: gzip Content-Length: 128 Content-Type: application/json Date: Thu, 25 Jul 2019 07:50:16 GMT OpenStack-API-Version: volume 3.0 Server: Apache Vary: OpenStack-API-Version,Accept-Encoding x-compute-request-id: req-8c5b7e1b-82b4-468f-bd07-d07c16e823ee x-openstack-request-id: req-8c5b7e1b-82b4-468f-bd07-d07c16e823ee _http_log_response /usr/lib/python2.7/site-packages/keystoneauth1/session.py:479
2019-07-25 07:50:16.624 6399 DEBUG cinderclient.v2.client [-] RESP BODY: {"volume_type_access": [{"volume_type_id": "54e4e33b-ff44-40d2-92f8-874122fa4ef3", "project_id": "349bd520bab54f5582aa8364aa144f1a"}]} _http_log_response /usr/lib/python2.7/site-packages/keystoneauth1/session.py:511
2019-07-25 07:50:16.624 6399 DEBUG cinderclient.v2.client [-] GET call to volumev2 for http://172.30.9.34:8776/v3/cf1dad08e1a64f4eaaa3c76950b48cf0/types/54e4e33b-ff44-40d2-92f8-874122fa4ef3/os-volume-type-access used request id req-8c5b7e1b-82b4-468f-bd07-d07c16e823ee request /usr/lib/python2.7/site-packages/keystoneauth1/session.py:844
2019-07-25 07:50:16.625 6399 INFO rally.task.runner [-] Task 0d4d3302-0221-4ce2-993a-87dde54f32a7 | ITER: 6 END: OK
2019-07-25 07:50:16.924 6398 DEBUG cinderclient.v2.client [-] REQ: curl -g -i -X POST http://172.30.9.34:8776/v3/cf1dad08e1a64f4eaaa3c76950b48cf0/types -H "Accept: application/json" -H "Content-Type: application/json" -H "User-Agent: python-cinderclient" -H "X-Auth-Token: {SHA1}93dd450711013fe30f8be74a894aaa9b4298ba30" -d '{"volume_type": {"os-volume-type-access:is_public": false, "name": "s_rally_f62454fb_Jyzkksfw", "description": "rally tests creating types"}}' _http_log_request /usr/lib/python2.7/site-packages/keystoneauth1/session.py:448
2019-07-25 07:50:17.003 6400 DEBUG cinderclient.v2.client [-] REQ: curl -g -i -X POST http://172.30.9.34:8776/v3/cf1dad08e1a64f4eaaa3c76950b48cf0/types -H "Accept: application/json" -H "Content-Type: application/json" -H "User-Agent: python-cinderclient" -H "X-Auth-Token: {SHA1}5dc2f7001c38d260ccb14bd68f32aaa37d050cb2" -d '{"volume_type": {"os-volume-type-access:is_public": false, "name": "s_rally_f62454fb_m1Ixvjnv", "description": "rally tests creating types"}}' _http_log_request /usr/lib/python2.7/site-packages/keystoneauth1/session.py:448
2019-07-25 07:50:17.173 6398 DEBUG cinderclient.v2.client [-] RESP: [200] Content-Encoding: gzip Content-Length: 179 Content-Type: application/json Date: Thu, 25 Jul 2019 07:50:16 GMT OpenStack-API-Version: volume 3.0 Server: Apache Vary: OpenStack-API-Version,Accept-Encoding x-compute-request-id: req-01850c5b-b2bf-4433-8813-066871a55de6 x-openstack-request-id: req-01850c5b-b2bf-4433-8813-066871a55de6 _http_log_response /usr/lib/python2.7/site-packages/keystoneauth1/session.py:479
2019-07-25 07:50:17.174 6398 DEBUG cinderclient.v2.client [-] RESP BODY: {"volume_type": {"name": "s_rally_f62454fb_Jyzkksfw", "extra_specs": {}, "os-volume-type-access:is_public": false, "is_public": false, "id": "53fcaa46-6b14-4117-bad5-811196e4e48b", "description": "rally tests creating types"}} _http_log_response /usr/lib/python2.7/site-packages/keystoneauth1/session.py:511
2019-07-25 07:50:17.174 6398 DEBUG cinderclient.v2.client [-] POST call to volumev2 for http://172.30.9.34:8776/v3/cf1dad08e1a64f4eaaa3c76950b48cf0/types used request id req-01850c5b-b2bf-4433-8813-066871a55de6 request /usr/lib/python2.7/site-packages/keystoneauth1/session.py:844
2019-07-25 07:50:17.176 6398 DEBUG cinderclient.v2.client [-] REQ: curl -g -i -X POST http://172.30.9.34:8776/v3/cf1dad08e1a64f4eaaa3c76950b48cf0/types/53fcaa46-6b14-4117-bad5-811196e4e48b/action -H "Accept: application/json" -H "Content-Type: application/json" -H "User-Agent: python-cinderclient" -H "X-Auth-Token: {SHA1}93dd450711013fe30f8be74a894aaa9b4298ba30" -H "X-OpenStack-Request-ID: req-01850c5b-b2bf-4433-8813-066871a55de6" -d '{"addProjectAccess": {"project": "445b080f306747b9812b20e8b816a99a"}}' _http_log_request /usr/lib/python2.7/site-packages/keystoneauth1/session.py:448
2019-07-25 07:50:17.318 6400 DEBUG cinderclient.v2.client [-] RESP: [200] Content-Encoding: gzip Content-Length: 181 Content-Type: application/json Date: Thu, 25 Jul 2019 07:50:17 GMT OpenStack-API-Version: volume 3.0 Server: Apache Vary: OpenStack-API-Version,Accept-Encoding x-compute-request-id: req-c46b61cd-87db-427b-af69-79a6b5f3ab9f x-openstack-request-id: req-c46b61cd-87db-427b-af69-79a6b5f3ab9f _http_log_response /usr/lib/python2.7/site-packages/keystoneauth1/session.py:479
2019-07-25 07:50:17.319 6400 DEBUG cinderclient.v2.client [-] RESP BODY: {"volume_type": {"name": "s_rally_f62454fb_m1Ixvjnv", "extra_specs": {}, "os-volume-type-access:is_public": false, "is_public": false, "id": "0839ed56-e7f6-4b99-9767-0e740bc0aa31", "description": "rally tests creating types"}} _http_log_response /usr/lib/python2.7/site-packages/keystoneauth1/session.py:511
2019-07-25 07:50:17.319 6400 DEBUG cinderclient.v2.client [-] POST call to volumev2 for http://172.30.9.34:8776/v3/cf1dad08e1a64f4eaaa3c76950b48cf0/types used request id req-c46b61cd-87db-427b-af69-79a6b5f3ab9f request /usr/lib/python2.7/site-packages/keystoneauth1/session.py:844
2019-07-25 07:50:17.321 6400 DEBUG cinderclient.v2.client [-] REQ: curl -g -i -X POST http://172.30.9.34:8776/v3/cf1dad08e1a64f4eaaa3c76950b48cf0/types/0839ed56-e7f6-4b99-9767-0e740bc0aa31/action -H "Accept: application/json" -H "Content-Type: application/json" -H "User-Agent: python-cinderclient" -H "X-Auth-Token: {SHA1}5dc2f7001c38d260ccb14bd68f32aaa37d050cb2" -H "X-OpenStack-Request-ID: req-c46b61cd-87db-427b-af69-79a6b5f3ab9f" -d '{"addProjectAccess": {"project": "349bd520bab54f5582aa8364aa144f1a"}}' _http_log_request /usr/lib/python2.7/site-packages/keystoneauth1/session.py:448
2019-07-25 07:50:17.498 6398 DEBUG cinderclient.v2.client [-] RESP: [202] Content-Length: 0 Content-Type: text/html; charset=UTF-8 Date: Thu, 25 Jul 2019 07:50:17 GMT OpenStack-API-Version: volume 3.0 Server: Apache Vary: OpenStack-API-Version x-openstack-request-id: req-038fd029-efce-44e9-9765-234b9a0a512f _http_log_response /usr/lib/python2.7/site-packages/keystoneauth1/session.py:479
2019-07-25 07:50:17.498 6398 DEBUG cinderclient.v2.client [-] RESP BODY: Omitted, Content-Type is set to text/html; charset=UTF-8. Only application/json responses have their bodies logged. _http_log_response /usr/lib/python2.7/site-packages/keystoneauth1/session.py:511
2019-07-25 07:50:17.499 6398 DEBUG cinderclient.v2.client [-] POST call to volumev2 for http://172.30.9.34:8776/v3/cf1dad08e1a64f4eaaa3c76950b48cf0/types/53fcaa46-6b14-4117-bad5-811196e4e48b/action used request id req-038fd029-efce-44e9-9765-234b9a0a512f request /usr/lib/python2.7/site-packages/keystoneauth1/session.py:844
2019-07-25 07:50:17.500 6398 DEBUG cinderclient.v2.client [-] REQ: curl -g -i -X GET http://172.30.9.34:8776/v3/cf1dad08e1a64f4eaaa3c76950b48cf0/types/53fcaa46-6b14-4117-bad5-811196e4e48b/os-volume-type-access -H "Accept: application/json" -H "User-Agent: python-cinderclient" -H "X-Auth-Token: {SHA1}93dd450711013fe30f8be74a894aaa9b4298ba30" -H "X-OpenStack-Request-ID: req-01850c5b-b2bf-4433-8813-066871a55de6" _http_log_request /usr/lib/python2.7/site-packages/keystoneauth1/session.py:448
2019-07-25 07:50:17.651 6400 DEBUG cinderclient.v2.client [-] RESP: [202] Content-Length: 0 Content-Type: text/html; charset=UTF-8 Date: Thu, 25 Jul 2019 07:50:17 GMT OpenStack-API-Version: volume 3.0 Server: Apache Vary: OpenStack-API-Version x-openstack-request-id: req-2cb92903-cc87-4a7a-a7fe-132c2d5e2ea7 _http_log_response /usr/lib/python2.7/site-packages/keystoneauth1/session.py:479
2019-07-25 07:50:17.651 6400 DEBUG cinderclient.v2.client [-] RESP BODY: Omitted, Content-Type is set to text/html; charset=UTF-8. Only application/json responses have their bodies logged. _http_log_response /usr/lib/python2.7/site-packages/keystoneauth1/session.py:511
2019-07-25 07:50:17.651 6400 DEBUG cinderclient.v2.client [-] POST call to volumev2 for http://172.30.9.34:8776/v3/cf1dad08e1a64f4eaaa3c76950b48cf0/types/0839ed56-e7f6-4b99-9767-0e740bc0aa31/action used request id req-2cb92903-cc87-4a7a-a7fe-132c2d5e2ea7 request /usr/lib/python2.7/site-packages/keystoneauth1/session.py:844
2019-07-25 07:50:17.653 6400 DEBUG cinderclient.v2.client [-] REQ: curl -g -i -X GET http://172.30.9.34:8776/v3/cf1dad08e1a64f4eaaa3c76950b48cf0/types/0839ed56-e7f6-4b99-9767-0e740bc0aa31/os-volume-type-access -H "Accept: application/json" -H "User-Agent: python-cinderclient" -H "X-Auth-Token: {SHA1}5dc2f7001c38d260ccb14bd68f32aaa37d050cb2" -H "X-OpenStack-Request-ID: req-c46b61cd-87db-427b-af69-79a6b5f3ab9f" _http_log_request /usr/lib/python2.7/site-packages/keystoneauth1/session.py:448
2019-07-25 07:50:17.794 6398 DEBUG cinderclient.v2.client [-] RESP: [200] Content-Encoding: gzip Content-Length: 129 Content-Type: application/json Date: Thu, 25 Jul 2019 07:50:17 GMT OpenStack-API-Version: volume 3.0 Server: Apache Vary: OpenStack-API-Version,Accept-Encoding x-compute-request-id: req-c9d0a111-7af1-4ab2-84e5-14269b3bf8dd x-openstack-request-id: req-c9d0a111-7af1-4ab2-84e5-14269b3bf8dd _http_log_response /usr/lib/python2.7/site-packages/keystoneauth1/session.py:479
2019-07-25 07:50:17.795 6398 DEBUG cinderclient.v2.client [-] RESP BODY: {"volume_type_access": [{"volume_type_id": "53fcaa46-6b14-4117-bad5-811196e4e48b", "project_id": "445b080f306747b9812b20e8b816a99a"}]} _http_log_response /usr/lib/python2.7/site-packages/keystoneauth1/session.py:511
2019-07-25 07:50:17.795 6398 DEBUG cinderclient.v2.client [-] GET call to volumev2 for http://172.30.9.34:8776/v3/cf1dad08e1a64f4eaaa3c76950b48cf0/types/53fcaa46-6b14-4117-bad5-811196e4e48b/os-volume-type-access used request id req-c9d0a111-7af1-4ab2-84e5-14269b3bf8dd request /usr/lib/python2.7/site-packages/keystoneauth1/session.py:844
2019-07-25 07:50:17.796 6398 INFO rally.task.runner [-] Task 0d4d3302-0221-4ce2-993a-87dde54f32a7 | ITER: 9 END: OK
2019-07-25 07:50:17.870 6400 DEBUG cinderclient.v2.client [-] RESP: [200] Content-Encoding: gzip Content-Length: 130 Content-Type: application/json Date: Thu, 25 Jul 2019 07:50:17 GMT OpenStack-API-Version: volume 3.0 Server: Apache Vary: OpenStack-API-Version,Accept-Encoding x-compute-request-id: req-7f5163e1-529b-4b35-b7ee-32d9995a4e86 x-openstack-request-id: req-7f5163e1-529b-4b35-b7ee-32d9995a4e86 _http_log_response /usr/lib/python2.7/site-packages/keystoneauth1/session.py:479
2019-07-25 07:50:17.871 6400 DEBUG cinderclient.v2.client [-] RESP BODY: {"volume_type_access": [{"volume_type_id": "0839ed56-e7f6-4b99-9767-0e740bc0aa31", "project_id": "349bd520bab54f5582aa8364aa144f1a"}]} _http_log_response /usr/lib/python2.7/site-packages/keystoneauth1/session.py:511
2019-07-25 07:50:17.871 6400 DEBUG cinderclient.v2.client [-] GET call to volumev2 for http://172.30.9.34:8776/v3/cf1dad08e1a64f4eaaa3c76950b48cf0/types/0839ed56-e7f6-4b99-9767-0e740bc0aa31/os-volume-type-access used request id req-7f5163e1-529b-4b35-b7ee-32d9995a4e86 request /usr/lib/python2.7/site-packages/keystoneauth1/session.py:844
2019-07-25 07:50:17.872 6400 INFO rally.task.runner [-] Task 0d4d3302-0221-4ce2-993a-87dde54f32a7 | ITER: 10 END: OK
2019-07-25 07:50:17.900 1842 INFO rally.task.context [-] Task 0d4d3302-0221-4ce2-993a-87dde54f32a7 | Context admin_cleanup@openstack cleanup() started
2019-07-25 07:50:17.903 1842 RALLYDEBUG rally_openstack.cleanup.manager [-] Cleaning up cinder volume_types objects
2019-07-25 07:50:18.653 1842 RALLYDEBUG rally_openstack.cleanup.manager [-] Deleting cinder.volume_types object s_rally_f62454fb_iSsmjl35 (0b152fbd-8f45-4475-9214-e7f989e582ef)
2019-07-25 07:50:18.653 1842 RALLYDEBUG rally_openstack.cleanup.manager [-] Deleting cinder.volume_types object s_rally_f62454fb_cMBiPyVu (00bcb6c3-69b5-4001-9f98-c68c6f8719f9)
2019-07-25 07:50:18.654 1842 RALLYDEBUG rally_openstack.cleanup.manager [-] Deleting cinder.volume_types object s_rally_f62454fb_9SYNIFcb (e405a6b1-5ee6-40f5-911b-3008b8492e30)
2019-07-25 07:50:18.657 1842 RALLYDEBUG rally_openstack.cleanup.manager [-] Deleting cinder.volume_types object s_rally_f62454fb_IDwVN1Ic (baa6432c-e823-4a8f-9fc3-851d32249ca7)
2019-07-25 07:50:18.665 1842 RALLYDEBUG rally_openstack.cleanup.manager [-] Deleting cinder.volume_types object s_rally_f62454fb_m1Ixvjnv (0839ed56-e7f6-4b99-9767-0e740bc0aa31)
2019-07-25 07:50:18.671 1842 RALLYDEBUG rally_openstack.cleanup.manager [-] Deleting cinder.volume_types object s_rally_f62454fb_pFyZxzXc (7c89a25a-108d-40df-8898-c1b70583c15d)
2019-07-25 07:50:18.681 1842 RALLYDEBUG rally_openstack.cleanup.manager [-] Deleting cinder.volume_types object s_rally_f62454fb_hhOUSefN (e1456bb4-b13e-4f70-a3d9-6192219104af)
2019-07-25 07:50:18.682 1842 RALLYDEBUG rally_openstack.cleanup.manager [-] Deleting cinder.volume_types object s_rally_f62454fb_Jyzkksfw (53fcaa46-6b14-4117-bad5-811196e4e48b)
2019-07-25 07:50:18.682 1842 RALLYDEBUG rally_openstack.cleanup.manager [-] Deleting cinder.volume_types object s_rally_f62454fb_ee6MD0fL (54e4e33b-ff44-40d2-92f8-874122fa4ef3)
2019-07-25 07:50:18.687 1842 RALLYDEBUG rally_openstack.cleanup.manager [-] Deleting cinder.volume_types object s_rally_f62454fb_q0WCk8LZ (4900d8b7-f994-4dd8-92e7-14e9d71136c2)
2019-07-25 07:50:20.961 1842 RALLYDEBUG rally_openstack.cleanup.manager [-] Cleaning up cinder image_volumes_cache objects
2019-07-25 07:50:22.236 1842 RALLYDEBUG rally_openstack.cleanup.manager [-] Cleaning up cinder quotas objects
2019-07-25 07:50:23.941 1842 RALLYDEBUG rally_openstack.cleanup.manager [-] Cleaning up cinder qos_specs objects
2019-07-25 07:50:24.683 1842 INFO rally.task.context [-] Task 0d4d3302-0221-4ce2-993a-87dde54f32a7 | Context admin_cleanup@openstack cleanup() finished in 6.78 sec
2019-07-25 07:50:24.683 1842 INFO rally.task.context [-] Task 0d4d3302-0221-4ce2-993a-87dde54f32a7 | Context api_versions@openstack cleanup() started
2019-07-25 07:50:24.684 1842 INFO rally.task.context [-] Task 0d4d3302-0221-4ce2-993a-87dde54f32a7 | Context api_versions@openstack cleanup() finished in 0.32 msec
2019-07-25 07:50:24.684 1842 INFO rally.task.context [-] Task 0d4d3302-0221-4ce2-993a-87dde54f32a7 | Context users@openstack cleanup() started
2019-07-25 07:50:33.657 1842 INFO rally.task.context [-] Task 0d4d3302-0221-4ce2-993a-87dde54f32a7 | Context users@openstack cleanup() finished in 8.97 sec
2019-07-25 07:50:34.716 1842 INFO rally.task.engine [-] Load duration is: 4.216688
2019-07-25 07:50:34.716 1842 INFO rally.task.engine [-] Full runner duration is: 4.267533
2019-07-25 07:50:34.717 1842 INFO rally.task.engine [-] Full duration is: 25.087513
2019-07-25 07:50:34.954 1842 INFO rally.task.engine [-] Task 0d4d3302-0221-4ce2-993a-87dde54f32a7 | Completed: Running task.
2019-07-25 07:50:36.062 6540 RALLYDEBUG rally.api [-] INFO logs from urllib3 and requests module are hide.
2019-07-25 07:50:36.062 6540 RALLYDEBUG rally.api [-] urllib3 insecure warnings are hidden.
2019-07-25 07:50:36.062 6540 RALLYDEBUG rally.api [-] ERROR log from boto module is hide.
2019-07-25 07:50:37.017 6541 RALLYDEBUG rally.api [-] INFO logs from urllib3 and requests module are hide.
2019-07-25 07:50:37.017 6541 RALLYDEBUG rally.api [-] urllib3 insecure warnings are hidden.
2019-07-25 07:50:37.017 6541 RALLYDEBUG rally.api [-] ERROR log from boto module is hide.
2019-07-25 07:50:38.342 6541 INFO rally.api [-] Building 'json' report for the following task(s): '0d4d3302-0221-4ce2-993a-87dde54f32a7'.
2019-07-25 07:50:38.391 6541 INFO rally.api [-] The report has been successfully built.
2019-07-25 07:50:39.282 6543 RALLYDEBUG rally.api [-] INFO logs from urllib3 and requests module are hide.
2019-07-25 07:50:39.282 6543 RALLYDEBUG rally.api [-] urllib3 insecure warnings are hidden.
2019-07-25 07:50:39.282 6543 RALLYDEBUG rally.api [-] ERROR log from boto module is hide.
2019-07-25 07:50:40.550 6543 INFO rally.task.engine [-] Task 2ee0615a-cc58-475a-b084-a74b3cb534f1 | Starting: Task validation.
2019-07-25 07:50:40.595 6543 INFO rally.task.engine [-] Task 2ee0615a-cc58-475a-b084-a74b3cb534f1 | Starting: Task validation of syntax.
2019-07-25 07:50:40.779 6543 INFO rally.task.engine [-] Task 2ee0615a-cc58-475a-b084-a74b3cb534f1 | Completed: Task validation of syntax.
2019-07-25 07:50:40.779 6543 INFO rally.task.engine [-] Task 2ee0615a-cc58-475a-b084-a74b3cb534f1 | Starting: Task validation of required platforms.
2019-07-25 07:50:40.841 6543 INFO rally.task.engine [-] Task 2ee0615a-cc58-475a-b084-a74b3cb534f1 | Completed: Task validation of required platforms.
2019-07-25 07:50:40.841 6543 INFO rally.task.engine [-] Task 2ee0615a-cc58-475a-b084-a74b3cb534f1 | Starting: Task validation of semantic.
2019-07-25 07:50:40.841 6543 INFO rally.task.engine [-] Check health of the environment '2389c7af-16ed-4c8f-b31d-35ef60f61aed'.
2019-07-25 07:50:41.680 6543 INFO rally.task.engine [-] Platform existing@openstack (available: True): OK!
2019-07-25 07:50:41.698 6543 RALLYDEBUG rally_openstack.contexts.keystone.users [-] Creating 1 tenants using 20 threads
2019-07-25 07:50:43.609 6543 RALLYDEBUG rally_openstack.contexts.keystone.users [-] Creating 1 users using 20 threads
2019-07-25 07:50:46.467 6543 INFO rally.task.context [-] Task 2ee0615a-cc58-475a-b084-a74b3cb534f1 | Context users@openstack setup() finished in 4.77 sec
2019-07-25 07:50:53.734 6543 INFO rally.task.context [-] Task 2ee0615a-cc58-475a-b084-a74b3cb534f1 | Context users@openstack cleanup() started
2019-07-25 07:50:59.275 6543 INFO rally.task.context [-] Task 2ee0615a-cc58-475a-b084-a74b3cb534f1 | Context users@openstack cleanup() finished in 5.54 sec
2019-07-25 07:50:59.275 6543 INFO rally.task.engine [-] Task 2ee0615a-cc58-475a-b084-a74b3cb534f1 | Completed: Task validation of semantic.
2019-07-25 07:50:59.275 6543 INFO rally.task.engine [-] Task 2ee0615a-cc58-475a-b084-a74b3cb534f1 | Completed: Task validation.
2019-07-25 07:50:59.276 6543 INFO rally.api [-] Task 2ee0615a-cc58-475a-b084-a74b3cb534f1 input file is valid.
2019-07-25 07:50:59.276 6543 INFO rally.api [-] Run Task 2ee0615a-cc58-475a-b084-a74b3cb534f1 against Deployment 2389c7af-16ed-4c8f-b31d-35ef60f61aed
2019-07-25 07:50:59.276 6543 INFO rally.task.engine [-] Task 2ee0615a-cc58-475a-b084-a74b3cb534f1 | Starting: Running task.
2019-07-25 07:50:59.429 6543 INFO rally.task.engine [-] Running workload: position = 0 config = { "version": 2, "title": "A cropped version of a bigger task.", "description": "Auto-generated task from a single workload (uuid=0acefb77-b929-4a6c-bcd4-599deeba2ae2)", "subtasks": [ { "title": "Gnocchi.list_capabilities", "description": "List supported aggregation methods.", "scenario": { "Gnocchi.list_capabilities": {} }, "contexts": { "users": { "tenants": 3, "users_per_tenant": 2 } }, "runner": { "constant": { "concurrency": 4, "times": 10 } }, "hooks": [], "sla": { "failure_rate": { "max": 0 } } } ] }
2019-07-25 07:50:59.452 6543 RALLYDEBUG rally_openstack.contexts.keystone.users [-] Creating 3 tenants using 20 threads
2019-07-25 07:51:01.405 6543 RALLYDEBUG rally_openstack.contexts.keystone.users [-] Creating 6 users using 20 threads
2019-07-25 07:51:04.263 6543 INFO rally.task.context [-] Task 2ee0615a-cc58-475a-b084-a74b3cb534f1 | Context users@openstack setup() finished in 4.81 sec
2019-07-25 07:51:04.270 6543 RALLYDEBUG rally.task.runner [-] Starting the constant runner (task UUID: 2ee0615a-cc58-475a-b084-a74b3cb534f1). timeout: 0 concurrency: 4 concurrency_per_worker: 1 times: 10 concurrency_overhead: 0 processes_to_start: 4 max_cpu_used: 16
2019-07-25 07:51:04.284 6667 RALLYDEBUG rally.task.runner [-] Starting a worker. concurrency: 1 args: {} times: 10 method_name: run timeout: 0 duration: None cls:
2019-07-25 07:51:04.285 6668 RALLYDEBUG rally.task.runner [-] Starting a worker. concurrency: 1 args: {} times: 10 method_name: run timeout: 0 duration: None cls:
2019-07-25 07:51:04.288 6669 RALLYDEBUG rally.task.runner [-] Starting a worker. concurrency: 1 args: {} times: 10 method_name: run timeout: 0 duration: None cls:
2019-07-25 07:51:04.290 6667 INFO rally.task.runner [-] Task 2ee0615a-cc58-475a-b084-a74b3cb534f1 | ITER: 1 START
2019-07-25 07:51:04.291 6668 INFO rally.task.runner [-] Task 2ee0615a-cc58-475a-b084-a74b3cb534f1 | ITER: 2 START
2019-07-25 07:51:04.291 6670 RALLYDEBUG rally.task.runner [-] Starting a worker. concurrency: 1 args: {} times: 10 method_name: run timeout: 0 duration: None cls:
2019-07-25 07:51:04.294 6669 INFO rally.task.runner [-] Task 2ee0615a-cc58-475a-b084-a74b3cb534f1 | ITER: 3 START
2019-07-25 07:51:04.296 6670 INFO rally.task.runner [-] Task 2ee0615a-cc58-475a-b084-a74b3cb534f1 | ITER: 4 START
2019-07-25 07:51:05.008 6668 INFO rally.task.runner [-] Task 2ee0615a-cc58-475a-b084-a74b3cb534f1 | ITER: 2 END: OK
2019-07-25 07:51:05.012 6668 INFO rally.task.runner [-] Task 2ee0615a-cc58-475a-b084-a74b3cb534f1 | ITER: 5 START
2019-07-25 07:51:05.015 6670 INFO rally.task.runner [-] Task 2ee0615a-cc58-475a-b084-a74b3cb534f1 | ITER: 4 END: OK
2019-07-25 07:51:05.019 6667 INFO rally.task.runner [-] Task 2ee0615a-cc58-475a-b084-a74b3cb534f1 | ITER: 1 END: OK
2019-07-25 07:51:05.019 6670 INFO rally.task.runner [-] Task 2ee0615a-cc58-475a-b084-a74b3cb534f1 | ITER: 6 START
2019-07-25 07:51:05.023 6667 INFO rally.task.runner [-] Task 2ee0615a-cc58-475a-b084-a74b3cb534f1 | ITER: 7 START
2019-07-25 07:51:05.034 6669 INFO rally.task.runner [-] Task 2ee0615a-cc58-475a-b084-a74b3cb534f1 | ITER: 3 END: OK
2019-07-25 07:51:05.038 6669 INFO rally.task.runner [-] Task 2ee0615a-cc58-475a-b084-a74b3cb534f1 | ITER: 8 START
2019-07-25 07:51:05.702 6668 INFO rally.task.runner [-] Task 2ee0615a-cc58-475a-b084-a74b3cb534f1 | ITER: 5 END: OK
2019-07-25 07:51:05.705 6668 INFO rally.task.runner [-] Task 2ee0615a-cc58-475a-b084-a74b3cb534f1 | ITER: 9 START
2019-07-25 07:51:05.743 6669 INFO rally.task.runner [-] Task 2ee0615a-cc58-475a-b084-a74b3cb534f1 | ITER: 8 END: OK
2019-07-25 07:51:05.746 6669 INFO rally.task.runner [-] Task 2ee0615a-cc58-475a-b084-a74b3cb534f1 | ITER: 10 START
2019-07-25 07:51:05.819 6667 INFO rally.task.runner [-] Task 2ee0615a-cc58-475a-b084-a74b3cb534f1 | ITER: 7 END: OK
2019-07-25 07:51:05.824 6670 INFO rally.task.runner [-] Task 2ee0615a-cc58-475a-b084-a74b3cb534f1 | ITER: 6 END: OK
2019-07-25 07:51:06.339 6668 INFO rally.task.runner [-] Task 2ee0615a-cc58-475a-b084-a74b3cb534f1 | ITER: 9 END: OK
2019-07-25 07:51:06.472 6669 INFO rally.task.runner [-] Task 2ee0615a-cc58-475a-b084-a74b3cb534f1 | ITER: 10 END: OK
2019-07-25 07:51:06.497 6543 INFO rally.task.context [-] Task 2ee0615a-cc58-475a-b084-a74b3cb534f1 | Context users@openstack cleanup() started
2019-07-25 07:51:14.752 6543 INFO rally.task.context [-] Task 2ee0615a-cc58-475a-b084-a74b3cb534f1 | Context users@openstack cleanup() finished in 8.26 sec
2019-07-25 07:51:15.554 6543 INFO rally.task.engine [-] Load duration is: 2.180629
2019-07-25 07:51:15.554 6543 INFO rally.task.engine [-] Full runner duration is: 2.227023
2019-07-25 07:51:15.555 6543 INFO rally.task.engine [-] Full duration is: 15.302253
2019-07-25 07:51:15.835 6543 INFO rally.task.engine [-] Running workload: position = 0 config = { "version": 2, "title": "A cropped version of a bigger task.", "description": "Auto-generated task from a single workload (uuid=098fc199-3e3d-4011-b5a0-a83289c4437b)", "subtasks": [ { "title": "Gnocchi.get_status", "description": "Get the status of measurements processing.", "scenario": { "Gnocchi.get_status": { "detailed": false } }, "contexts": { "users": { "tenants": 3, "users_per_tenant": 2 } }, "runner": { "constant": { "concurrency": 4, "times": 10 } }, "hooks": [], "sla": { "failure_rate": { "max": 0 } } } ] }
2019-07-25 07:51:15.856 6543 RALLYDEBUG rally_openstack.contexts.keystone.users [-] Creating 3 tenants using 20 threads
2019-07-25 07:51:17.687 6543 RALLYDEBUG rally_openstack.contexts.keystone.users [-] Creating 6 users using 20 threads
2019-07-25 07:51:20.405 6543 INFO rally.task.context [-] Task 2ee0615a-cc58-475a-b084-a74b3cb534f1 | Context users@openstack setup() finished in 4.55 sec
2019-07-25 07:51:20.411 6543 RALLYDEBUG rally.task.runner [-] Starting the constant runner (task UUID: 2ee0615a-cc58-475a-b084-a74b3cb534f1). timeout: 0 concurrency: 4 concurrency_per_worker: 1 times: 10 concurrency_overhead: 0 processes_to_start: 4 max_cpu_used: 16
2019-07-25 07:51:20.422 6771 RALLYDEBUG rally.task.runner [-] Starting a worker. concurrency: 1 args: {"detailed": false} times: 10 method_name: run timeout: 0 duration: None cls:
2019-07-25 07:51:20.423 6772 RALLYDEBUG rally.task.runner [-] Starting a worker. concurrency: 1 args: {"detailed": false} times: 10 method_name: run timeout: 0 duration: None cls:
2019-07-25 07:51:20.427 6771 INFO rally.task.runner [-] Task 2ee0615a-cc58-475a-b084-a74b3cb534f1 | ITER: 1 START
