2019-07-25 07:15:13.046 7 RALLYDEBUG rally.api [-] INFO logs from urllib3 and requests module are hide.
2019-07-25 07:15:13.046 7 RALLYDEBUG rally.api [-] urllib3 insecure warnings are hidden.
2019-07-25 07:15:13.046 7 RALLYDEBUG rally.api [-] ERROR log from boto module is hide.
2019-07-25 07:15:14.195 7 ERROR rally.cli.cliutils [-] Unexpected exception in CLI: DBRecordNotFound: Record for uuid or name is opnfv-rally not found in table envs
2019-07-25 07:15:14.195 7 ERROR rally.cli.cliutils
Traceback (most recent call last):
2019-07-25 07:15:14.195 7 ERROR rally.cli.cliutils
File "/usr/lib/python2.7/site-packages/rally/cli/cliutils.py", line 674, in run
2019-07-25 07:15:14.195 7 ERROR rally.cli.cliutils ret = fn(*fn_args, **fn_kwargs)
2019-07-25 07:15:14.195 7 ERROR rally.cli.cliutils File "", line 2, in destroy
2019-07-25 07:15:14.195 7 ERROR rally.cli.cliutils
File "/usr/lib/python2.7/site-packages/rally/cli/envutils.py", line 69, in default_from_global
2019-07-25 07:15:14.195 7 ERROR rally.cli.cliutils return f(*args, **kwargs)
2019-07-25 07:15:14.195 7 ERROR rally.cli.cliutils File "", line 2, in destroy
2019-07-25 07:15:14.195 7 ERROR rally.cli.cliutils
File "/usr/lib/python2.7/site-packages/rally/plugins/__init__.py", line 51, in ensure_plugins_are_loaded
2019-07-25 07:15:14.195 7 ERROR rally.cli.cliutils return f(*args, **kwargs)
2019-07-25 07:15:14.195 7 ERROR rally.cli.cliutils
File "/usr/lib/python2.7/site-packages/rally/cli/commands/deployment.py", line 140, in destroy
2019-07-25 07:15:14.195 7 ERROR rally.cli.cliutils api.deployment.destroy(deployment=deployment)
2019-07-25 07:15:14.195 7 ERROR rally.cli.cliutils
File "/usr/lib/python2.7/site-packages/rally/api.py", line 115, in destroy
2019-07-25 07:15:14.195 7 ERROR rally.cli.cliutils deploy = objects.Deployment.get(deployment)
2019-07-25 07:15:14.195 7 ERROR rally.cli.cliutils
File "/usr/lib/python2.7/site-packages/rally/common/objects/deploy.py", line 124, in get
2019-07-25 07:15:14.195 7 ERROR rally.cli.cliutils return Deployment(env_mgr.EnvManager.get(deploy))
2019-07-25 07:15:14.195 7 ERROR rally.cli.cliutils
File "/usr/lib/python2.7/site-packages/rally/env/env_mgr.py", line 212, in get
2019-07-25 07:15:14.195 7 ERROR rally.cli.cliutils return cls(db.env_get(uuid_or_name))
2019-07-25 07:15:14.195 7 ERROR rally.cli.cliutils
File "/usr/lib/python2.7/site-packages/rally/common/db/api.py", line 135, in wrapper
2019-07-25 07:15:14.195 7 ERROR rally.cli.cliutils result = f(session, *args, **kwargs)
2019-07-25 07:15:14.195 7 ERROR rally.cli.cliutils
File "/usr/lib/python2.7/site-packages/rally/common/db/api.py", line 521, in env_get
2019-07-25 07:15:14.195 7 ERROR rally.cli.cliutils criteria="uuid or name is %s" % uuid_or_name, table="envs")
2019-07-25 07:15:14.195 7 ERROR rally.cli.cliutils DBRecordNotFound: Record for uuid or name is opnfv-rally not found in table envs
2019-07-25 07:15:14.195 7 ERROR rally.cli.cliutils
2019-07-25 07:15:14.891 9 RALLYDEBUG rally.api [-] INFO logs from urllib3 and requests module are hide.
2019-07-25 07:15:14.891 9 RALLYDEBUG rally.api [-] urllib3 insecure warnings are hidden.
2019-07-25 07:15:14.891 9 RALLYDEBUG rally.api [-] ERROR log from boto module is hide.
2019-07-25 07:15:16.187 9 WARNING rally_openstack.platforms.existing [-] endpoint is deprecated and not used.
2019-07-25 07:15:17.171 11 RALLYDEBUG rally.api [-] INFO logs from urllib3 and requests module are hide.
2019-07-25 07:15:17.171 11 RALLYDEBUG rally.api [-] urllib3 insecure warnings are hidden.
2019-07-25 07:15:17.171 11 RALLYDEBUG rally.api [-] ERROR log from boto module is hide.
2019-07-25 07:15:20.489 14 RALLYDEBUG rally.api [-] INFO logs from urllib3 and requests module are hide.
2019-07-25 07:15:20.489 14 RALLYDEBUG rally.api [-] urllib3 insecure warnings are hidden.
2019-07-25 07:15:20.489 14 RALLYDEBUG rally.api [-] ERROR log from boto module is hide.
2019-07-25 07:15:22.656 16 RALLYDEBUG rally.api [-] INFO logs from urllib3 and requests module are hide.
2019-07-25 07:15:22.656 16 RALLYDEBUG rally.api [-] urllib3 insecure warnings are hidden.
2019-07-25 07:15:22.656 16 RALLYDEBUG rally.api [-] ERROR log from boto module is hide.
2019-07-25 07:15:24.021 16 INFO rally.task.engine [-] Task 77c47683-0e38-4929-b49a-1cd9b588adde | Starting: Task validation.
2019-07-25 07:15:24.072 16 INFO rally.task.engine [-] Task 77c47683-0e38-4929-b49a-1cd9b588adde | Starting: Task validation of syntax.
2019-07-25 07:15:24.147 16 INFO rally.task.engine [-] Task 77c47683-0e38-4929-b49a-1cd9b588adde | Completed: Task validation of syntax.
2019-07-25 07:15:24.148 16 INFO rally.task.engine [-] Task 77c47683-0e38-4929-b49a-1cd9b588adde | Starting: Task validation of required platforms.
2019-07-25 07:15:24.189 16 INFO rally.task.engine [-] Task 77c47683-0e38-4929-b49a-1cd9b588adde | Completed: Task validation of required platforms.
2019-07-25 07:15:24.189 16 INFO rally.task.engine [-] Task 77c47683-0e38-4929-b49a-1cd9b588adde | Starting: Task validation of semantic.
2019-07-25 07:15:24.189 16 INFO rally.task.engine [-] Check health of the environment '2389c7af-16ed-4c8f-b31d-35ef60f61aed'.
2019-07-25 07:15:25.044 16 INFO rally.task.engine [-] Platform existing@openstack (available: True): OK!
2019-07-25 07:15:25.063 16 RALLYDEBUG rally_openstack.contexts.keystone.users [-] Creating 1 tenants using 20 threads
2019-07-25 07:15:27.092 16 RALLYDEBUG rally_openstack.contexts.keystone.users [-] Creating 1 users using 20 threads
2019-07-25 07:15:29.861 16 INFO rally.task.context [-] Task 77c47683-0e38-4929-b49a-1cd9b588adde | Context users@openstack setup() finished in 4.80 sec
2019-07-25 07:15:29.904 16 INFO rally.task.context [-] Task 77c47683-0e38-4929-b49a-1cd9b588adde | Context users@openstack cleanup() started
2019-07-25 07:15:35.702 16 INFO rally.task.context [-] Task 77c47683-0e38-4929-b49a-1cd9b588adde | Context users@openstack cleanup() finished in 5.80 sec
2019-07-25 07:15:35.702 16 INFO rally.task.engine [-] Task 77c47683-0e38-4929-b49a-1cd9b588adde | Completed: Task validation of semantic.
2019-07-25 07:15:35.703 16 INFO rally.task.engine [-] Task 77c47683-0e38-4929-b49a-1cd9b588adde | Completed: Task validation.
2019-07-25 07:15:35.703 16 INFO rally.api [-] Task 77c47683-0e38-4929-b49a-1cd9b588adde input file is valid.
2019-07-25 07:15:35.703 16 INFO rally.api [-] Run Task 77c47683-0e38-4929-b49a-1cd9b588adde against Deployment 2389c7af-16ed-4c8f-b31d-35ef60f61aed
2019-07-25 07:15:35.703 16 INFO rally.task.engine [-] Task 77c47683-0e38-4929-b49a-1cd9b588adde | Starting: Running task.
2019-07-25 07:15:35.854 16 INFO rally.task.engine [-] Running workload: position = 0 config = { "version": 2, "title": "A cropped version of a bigger task.", "description": "Auto-generated task from a single workload (uuid=5b9109e3-fccf-454b-a4d6-4eb496a58846)", "subtasks": [ { "title": "Authenticate.keystone", "description": "Check Keystone Client.", "scenario": { "Authenticate.keystone": {} }, "contexts": { "users": { "tenants": 3, "users_per_tenant": 2 } }, "runner": { "constant": { "concurrency": 4, "times": 10 } }, "hooks": [], "sla": { "failure_rate": { "max": 0 } } } ] }
2019-07-25 07:15:35.869 16 RALLYDEBUG rally_openstack.contexts.keystone.users [-] Creating 3 tenants using 20 threads
2019-07-25 07:15:37.904 16 RALLYDEBUG rally_openstack.contexts.keystone.users [-] Creating 6 users using 20 threads
2019-07-25 07:15:40.816 16 INFO rally.task.context [-] Task 77c47683-0e38-4929-b49a-1cd9b588adde | Context users@openstack setup() finished in 4.95 sec
2019-07-25 07:15:40.824 16 RALLYDEBUG rally.task.runner [-] Starting the constant runner (task UUID: 77c47683-0e38-4929-b49a-1cd9b588adde). timeout: 0 concurrency: 4 concurrency_per_worker: 1 times: 10 concurrency_overhead: 0 processes_to_start: 4 max_cpu_used: 16
2019-07-25 07:15:40.838 140 RALLYDEBUG rally.task.runner [-] Starting a worker. concurrency: 1 args: {} times: 10 method_name: run timeout: 0 duration: None cls:
2019-07-25 07:15:40.840 141 RALLYDEBUG rally.task.runner [-] Starting a worker. concurrency: 1 args: {} times: 10 method_name: run timeout: 0 duration: None cls:
2019-07-25 07:15:40.842 142 RALLYDEBUG rally.task.runner [-] Starting a worker. concurrency: 1 args: {} times: 10 method_name: run timeout: 0 duration: None cls:
2019-07-25 07:15:40.844 140 INFO rally.task.runner [-] Task 77c47683-0e38-4929-b49a-1cd9b588adde | ITER: 1 START
2019-07-25 07:15:40.845 143 RALLYDEBUG rally.task.runner [-] Starting a worker. concurrency: 1 args: {} times: 10 method_name: run timeout: 0 duration: None cls:
2019-07-25 07:15:40.846 141 INFO rally.task.runner [-] Task 77c47683-0e38-4929-b49a-1cd9b588adde | ITER: 2 START
2019-07-25 07:15:40.849 142 INFO rally.task.runner [-] Task 77c47683-0e38-4929-b49a-1cd9b588adde | ITER: 3 START
2019-07-25 07:15:40.850 143 INFO rally.task.runner [-] Task 77c47683-0e38-4929-b49a-1cd9b588adde | ITER: 4 START
2019-07-25 07:15:41.437 143 INFO rally.task.runner [-] Task 77c47683-0e38-4929-b49a-1cd9b588adde | ITER: 4 END: OK
2019-07-25 07:15:41.441 143 INFO rally.task.runner [-] Task 77c47683-0e38-4929-b49a-1cd9b588adde | ITER: 5 START
2019-07-25 07:15:41.447 140 INFO rally.task.runner [-] Task 77c47683-0e38-4929-b49a-1cd9b588adde | ITER: 1 END: OK
2019-07-25 07:15:41.447 142 INFO rally.task.runner [-] Task 77c47683-0e38-4929-b49a-1cd9b588adde | ITER: 3 END: OK
2019-07-25 07:15:41.450 140 INFO rally.task.runner [-] Task 77c47683-0e38-4929-b49a-1cd9b588adde | ITER: 6 START
2019-07-25 07:15:41.451 142 INFO rally.task.runner [-] Task 77c47683-0e38-4929-b49a-1cd9b588adde | ITER: 7 START
2019-07-25 07:15:41.468 141 INFO rally.task.runner [-] Task 77c47683-0e38-4929-b49a-1cd9b588adde | ITER: 2 END: OK
2019-07-25 07:15:41.471 141 INFO rally.task.runner [-] Task 77c47683-0e38-4929-b49a-1cd9b588adde | ITER: 8 START
2019-07-25 07:15:42.032 140 INFO rally.task.runner [-] Task 77c47683-0e38-4929-b49a-1cd9b588adde | ITER: 6 END: OK
2019-07-25 07:15:42.033 143 INFO rally.task.runner [-] Task 77c47683-0e38-4929-b49a-1cd9b588adde | ITER: 5 END: OK
2019-07-25 07:15:42.036 140 INFO rally.task.runner [-] Task 77c47683-0e38-4929-b49a-1cd9b588adde | ITER: 9 START
2019-07-25 07:15:42.036 143 INFO rally.task.runner [-] Task 77c47683-0e38-4929-b49a-1cd9b588adde | ITER: 10 START
2019-07-25 07:15:42.037 142 INFO rally.task.runner [-] Task 77c47683-0e38-4929-b49a-1cd9b588adde | ITER: 7 END: OK
2019-07-25 07:15:42.054 141 INFO rally.task.runner [-] Task 77c47683-0e38-4929-b49a-1cd9b588adde | ITER: 8 END: OK
2019-07-25 07:15:42.637 143 INFO rally.task.runner [-] Task 77c47683-0e38-4929-b49a-1cd9b588adde | ITER: 10 END: OK
2019-07-25 07:15:42.642 140 INFO rally.task.runner [-] Task 77c47683-0e38-4929-b49a-1cd9b588adde | ITER: 9 END: OK
2019-07-25 07:15:42.661 16 INFO rally.task.context [-] Task 77c47683-0e38-4929-b49a-1cd9b588adde | Context users@openstack cleanup() started
2019-07-25 07:15:51.540 16 INFO rally.task.context [-] Task 77c47683-0e38-4929-b49a-1cd9b588adde | Context users@openstack cleanup() finished in 8.88 sec
2019-07-25 07:15:51.949 16 INFO rally.task.engine [-] Load duration is: 1.796536
2019-07-25 07:15:51.949 16 INFO rally.task.engine [-] Full runner duration is: 1.838853
2019-07-25 07:15:51.949 16 INFO rally.task.engine [-] Full duration is: 15.672429
2019-07-25 07:15:52.196 16 INFO rally.task.engine [-] Running workload: position = 0 config = { "version": 2, "title": "A cropped version of a bigger task.", "description": "Auto-generated task from a single workload (uuid=1f819d33-4ae9-4851-92a6-64a0fc8b820d)", "subtasks": [ { "title": "Authenticate.validate_cinder", "description": "Check Cinder Client to ensure validation of token.", "scenario": { "Authenticate.validate_cinder": { "repetitions": 2 } }, "contexts": { "users": { "tenants": 3, "users_per_tenant": 2 } }, "runner": { "constant": { "concurrency": 4, "times": 10 } }, "hooks": [], "sla": { "failure_rate": { "max": 0 } } } ] }
2019-07-25 07:15:52.214 16 RALLYDEBUG rally_openstack.contexts.keystone.users [-] Creating 3 tenants using 20 threads
2019-07-25 07:15:54.139 16 RALLYDEBUG rally_openstack.contexts.keystone.users [-] Creating 6 users using 20 threads
2019-07-25 07:15:56.987 16 INFO rally.task.context [-] Task 77c47683-0e38-4929-b49a-1cd9b588adde | Context users@openstack setup() finished in 4.77 sec
2019-07-25 07:15:56.994 16 RALLYDEBUG rally.task.runner [-] Starting the constant runner (task UUID: 77c47683-0e38-4929-b49a-1cd9b588adde). timeout: 0 concurrency: 4 concurrency_per_worker: 1 times: 10 concurrency_overhead: 0 processes_to_start: 4 max_cpu_used: 16
2019-07-25 07:15:57.006 244 RALLYDEBUG rally.task.runner [-] Starting a worker. concurrency: 1 args: {"repetitions": 2} times: 10 method_name: run timeout: 0 duration: None cls:
2019-07-25 07:15:57.009 245 RALLYDEBUG rally.task.runner [-] Starting a worker. concurrency: 1 args: {"repetitions": 2} times: 10 method_name: run timeout: 0 duration: None cls:
2019-07-25 07:15:57.012 246 RALLYDEBUG rally.task.runner [-] Starting a worker. concurrency: 1 args: {"repetitions": 2} times: 10 method_name: run timeout: 0 duration: None cls:
2019-07-25 07:15:57.013 244 INFO rally.task.runner [-] Task 77c47683-0e38-4929-b49a-1cd9b588adde | ITER: 1 START
2019-07-25 07:15:57.015 245 INFO rally.task.runner [-] Task 77c47683-0e38-4929-b49a-1cd9b588adde | ITER: 2 START
2019-07-25 07:15:57.015 247 RALLYDEBUG rally.task.runner [-] Starting a worker. concurrency: 1 args: {"repetitions": 2} times: 10 method_name: run timeout: 0 duration: None cls:
2019-07-25 07:15:57.019 246 INFO rally.task.runner [-] Task 77c47683-0e38-4929-b49a-1cd9b588adde | ITER: 3 START
2019-07-25 07:15:57.021 247 INFO rally.task.runner [-] Task 77c47683-0e38-4929-b49a-1cd9b588adde | ITER: 4 START
2019-07-25 07:15:58.962 247 INFO rally.task.runner [-] Task 77c47683-0e38-4929-b49a-1cd9b588adde | ITER: 4 END: OK
2019-07-25 07:15:58.966 247 INFO rally.task.runner [-] Task 77c47683-0e38-4929-b49a-1cd9b588adde | ITER: 5 START
2019-07-25 07:15:59.022 245 INFO rally.task.runner [-] Task 77c47683-0e38-4929-b49a-1cd9b588adde | ITER: 2 END: OK
2019-07-25 07:15:59.026 245 INFO rally.task.runner [-] Task 77c47683-0e38-4929-b49a-1cd9b588adde | ITER: 6 START
2019-07-25 07:15:59.032 246 INFO rally.task.runner [-] Task 77c47683-0e38-4929-b49a-1cd9b588adde | ITER: 3 END: OK
2019-07-25 07:15:59.036 246 INFO rally.task.runner [-] Task 77c47683-0e38-4929-b49a-1cd9b588adde | ITER: 7 START
2019-07-25 07:15:59.061 244 INFO rally.task.runner [-] Task 77c47683-0e38-4929-b49a-1cd9b588adde | ITER: 1 END: OK
2019-07-25 07:15:59.065 244 INFO rally.task.runner [-] Task 77c47683-0e38-4929-b49a-1cd9b588adde | ITER: 8 START
2019-07-25 07:16:00.453 245 INFO rally.task.runner [-] Task 77c47683-0e38-4929-b49a-1cd9b588adde | ITER: 6 END: OK
2019-07-25 07:16:00.456 245 INFO rally.task.runner [-] Task 77c47683-0e38-4929-b49a-1cd9b588adde | ITER: 9 START
2019-07-25 07:16:00.619 244 INFO rally.task.runner [-] Task 77c47683-0e38-4929-b49a-1cd9b588adde | ITER: 8 END: OK
2019-07-25 07:16:00.623 244 INFO rally.task.runner [-] Task 77c47683-0e38-4929-b49a-1cd9b588adde | ITER: 10 START
2019-07-25 07:16:00.873 246 INFO rally.task.runner [-] Task 77c47683-0e38-4929-b49a-1cd9b588adde | ITER: 7 END: OK
2019-07-25 07:16:00.895 247 INFO rally.task.runner [-] Task 77c47683-0e38-4929-b49a-1cd9b588adde | ITER: 5 END: OK
2019-07-25 07:16:01.864 245 INFO rally.task.runner [-] Task 77c47683-0e38-4929-b49a-1cd9b588adde | ITER: 9 END: OK
2019-07-25 07:16:02.113 244 INFO rally.task.runner [-] Task 77c47683-0e38-4929-b49a-1cd9b588adde | ITER: 10 END: OK
2019-07-25 07:16:02.143 16 INFO rally.task.context [-] Task 77c47683-0e38-4929-b49a-1cd9b588adde | Context users@openstack cleanup() started
2019-07-25 07:16:11.151 16 INFO rally.task.context [-] Task 77c47683-0e38-4929-b49a-1cd9b588adde | Context users@openstack cleanup() finished in 9.01 sec
2019-07-25 07:16:12.318 16 INFO rally.task.engine [-] Load duration is: 5.098563
2019-07-25 07:16:12.318 16 INFO rally.task.engine [-] Full runner duration is: 5.149168
2019-07-25 07:16:12.318 16 INFO rally.task.engine [-] Full duration is: 18.938267
2019-07-25 07:16:12.573 16 INFO rally.task.engine [-] Running workload: position = 0 config = { "version": 2, "title": "A cropped version of a bigger task.", "description": "Auto-generated task from a single workload (uuid=7d433a83-6d5e-495e-80ff-bc46ae094658)", "subtasks": [ { "title": "Authenticate.validate_glance", "description": "Check Glance Client to ensure validation of token.", "scenario": { "Authenticate.validate_glance": { "repetitions": 2 } }, "contexts": { "users": { "tenants": 3, "users_per_tenant": 2 } }, "runner": { "constant": { "concurrency": 4, "times": 10 } }, "hooks": [], "sla": { "failure_rate": { "max": 0 } } } ] }
2019-07-25 07:16:12.586 16 RALLYDEBUG rally_openstack.contexts.keystone.users [-] Creating 3 tenants using 20 threads
2019-07-25 07:16:14.509 16 RALLYDEBUG rally_openstack.contexts.keystone.users [-] Creating 6 users using 20 threads
2019-07-25 07:16:17.568 16 INFO rally.task.context [-] Task 77c47683-0e38-4929-b49a-1cd9b588adde | Context users@openstack setup() finished in 4.98 sec
2019-07-25 07:16:17.576 16 RALLYDEBUG rally.task.runner [-] Starting the constant runner (task UUID: 77c47683-0e38-4929-b49a-1cd9b588adde). timeout: 0 concurrency: 4 concurrency_per_worker: 1 times: 10 concurrency_overhead: 0 processes_to_start: 4 max_cpu_used: 16
2019-07-25 07:16:17.588 348 RALLYDEBUG rally.task.runner [-] Starting a worker. concurrency: 1 args: {"repetitions": 2} times: 10 method_name: run timeout: 0 duration: None cls:
2019-07-25 07:16:17.592 349 RALLYDEBUG rally.task.runner [-] Starting a worker. concurrency: 1 args: {"repetitions": 2} times: 10 method_name: run timeout: 0 duration: None cls:
2019-07-25 07:16:17.594 348 INFO rally.task.runner [-] Task 77c47683-0e38-4929-b49a-1cd9b588adde | ITER: 1 START
2019-07-25 07:16:17.594 350 RALLYDEBUG rally.task.runner [-] Starting a worker. concurrency: 1 args: {"repetitions": 2} times: 10 method_name: run timeout: 0 duration: None cls:
2019-07-25 07:16:17.597 351 RALLYDEBUG rally.task.runner [-] Starting a worker. concurrency: 1 args: {"repetitions": 2} times: 10 method_name: run timeout: 0 duration: None cls:
2019-07-25 07:16:17.598 349 INFO rally.task.runner [-] Task 77c47683-0e38-4929-b49a-1cd9b588adde | ITER: 2 START
2019-07-25 07:16:17.600 350 INFO rally.task.runner [-] Task 77c47683-0e38-4929-b49a-1cd9b588adde | ITER: 3 START
2019-07-25 07:16:17.603 351 INFO rally.task.runner [-] Task 77c47683-0e38-4929-b49a-1cd9b588adde | ITER: 4 START
2019-07-25 07:16:18.712 350 INFO rally.task.runner [-] Task 77c47683-0e38-4929-b49a-1cd9b588adde | ITER: 3 END: OK
2019-07-25 07:16:18.716 350 INFO rally.task.runner [-] Task 77c47683-0e38-4929-b49a-1cd9b588adde | ITER: 5 START
2019-07-25 07:16:18.730 348 INFO rally.task.runner [-] Task 77c47683-0e38-4929-b49a-1cd9b588adde | ITER: 1 END: OK
2019-07-25 07:16:18.734 348 INFO rally.task.runner [-] Task 77c47683-0e38-4929-b49a-1cd9b588adde | ITER: 6 START
2019-07-25 07:16:18.789 351 INFO rally.task.runner [-] Task 77c47683-0e38-4929-b49a-1cd9b588adde | ITER: 4 END: OK
2019-07-25 07:16:18.794 351 INFO rally.task.runner [-] Task 77c47683-0e38-4929-b49a-1cd9b588adde | ITER: 7 START
2019-07-25 07:16:19.017 349 INFO rally.task.runner [-] Task 77c47683-0e38-4929-b49a-1cd9b588adde | ITER: 2 END: OK
2019-07-25 07:16:19.021 349 INFO rally.task.runner [-] Task 77c47683-0e38-4929-b49a-1cd9b588adde | ITER: 8 START
2019-07-25 07:16:19.809 350 INFO rally.task.runner [-] Task 77c47683-0e38-4929-b49a-1cd9b588adde | ITER: 5 END: OK
2019-07-25 07:16:19.813 350 INFO rally.task.runner [-] Task 77c47683-0e38-4929-b49a-1cd9b588adde | ITER: 9 START
2019-07-25 07:16:19.869 351 INFO rally.task.runner [-] Task 77c47683-0e38-4929-b49a-1cd9b588adde | ITER: 7 END: OK
2019-07-25 07:16:19.873 351 INFO rally.task.runner [-] Task 77c47683-0e38-4929-b49a-1cd9b588adde | ITER: 10 START
2019-07-25 07:16:20.262 348 INFO rally.task.runner [-] Task 77c47683-0e38-4929-b49a-1cd9b588adde | ITER: 6 END: OK
2019-07-25 07:16:20.308 349 INFO rally.task.runner [-] Task 77c47683-0e38-4929-b49a-1cd9b588adde | ITER: 8 END: OK
2019-07-25 07:16:21.163 350 INFO rally.task.runner [-] Task 77c47683-0e38-4929-b49a-1cd9b588adde | ITER: 9 END: OK
2019-07-25 07:16:21.296 351 INFO rally.task.runner [-] Task 77c47683-0e38-4929-b49a-1cd9b588adde | ITER: 10 END: OK
2019-07-25 07:16:21.321 16 INFO rally.task.context [-] Task 77c47683-0e38-4929-b49a-1cd9b588adde | Context users@openstack cleanup() started
2019-07-25 07:16:30.773 16 INFO rally.task.context [-] Task 77c47683-0e38-4929-b49a-1cd9b588adde | Context users@openstack cleanup() finished in 9.45 sec
2019-07-25 07:16:32.674 16 INFO rally.task.engine [-] Load duration is: 3.701063
2019-07-25 07:16:32.675 16 INFO rally.task.engine [-] Full runner duration is: 3.746194
2019-07-25 07:16:32.675 16 INFO rally.task.engine [-] Full duration is: 18.188021
2019-07-25 07:16:32.978 16 INFO rally.task.engine [-] Running workload: position = 0 config = { "version": 2, "title": "A cropped version of a bigger task.", "description": "Auto-generated task from a single workload (uuid=880b34c0-7abb-45b2-a23d-d5ce99c3d890)", "subtasks": [ { "title": "Authenticate.validate_heat", "description": "Check Heat Client to ensure validation of token.", "scenario": { "Authenticate.validate_heat": { "repetitions": 2 } }, "contexts": { "users": { "tenants": 3, "users_per_tenant": 2 } }, "runner": { "constant": { "concurrency": 4, "times": 10 } }, "hooks": [], "sla": { "failure_rate": { "max": 0 } } } ] }
2019-07-25 07:16:32.999 16 RALLYDEBUG rally_openstack.contexts.keystone.users [-] Creating 3 tenants using 20 threads
2019-07-25 07:16:34.941 16 RALLYDEBUG rally_openstack.contexts.keystone.users [-] Creating 6 users using 20 threads
2019-07-25 07:16:37.879 16 INFO rally.task.context [-] Task 77c47683-0e38-4929-b49a-1cd9b588adde | Context users@openstack setup() finished in 4.88 sec
2019-07-25 07:16:37.886 16 RALLYDEBUG rally.task.runner [-] Starting the constant runner (task UUID: 77c47683-0e38-4929-b49a-1cd9b588adde). timeout: 0 concurrency: 4 concurrency_per_worker: 1 times: 10 concurrency_overhead: 0 processes_to_start: 4 max_cpu_used: 16
2019-07-25 07:16:37.899 452 RALLYDEBUG rally.task.runner [-] Starting a worker. concurrency: 1 args: {"repetitions": 2} times: 10 method_name: run timeout: 0 duration: None cls:
2019-07-25 07:16:37.901 454 RALLYDEBUG rally.task.runner [-] Starting a worker. concurrency: 1 args: {"repetitions": 2} times: 10 method_name: run timeout: 0 duration: None cls:
2019-07-25 07:16:37.901 453 RALLYDEBUG rally.task.runner [-] Starting a worker. concurrency: 1 args: {"repetitions": 2} times: 10 method_name: run timeout: 0 duration: None cls:
2019-07-25 07:16:37.905 454 INFO rally.task.runner [-] Task 77c47683-0e38-4929-b49a-1cd9b588adde | ITER: 2 START
2019-07-25 07:16:37.905 452 INFO rally.task.runner [-] Task 77c47683-0e38-4929-b49a-1cd9b588adde | ITER: 1 START
2019-07-25 07:16:37.907 453 INFO rally.task.runner [-] Task 77c47683-0e38-4929-b49a-1cd9b588adde | ITER: 3 START
2019-07-25 07:16:37.907 455 RALLYDEBUG rally.task.runner [-] Starting a worker. concurrency: 1 args: {"repetitions": 2} times: 10 method_name: run timeout: 0 duration: None cls:
2019-07-25 07:16:37.912 455 INFO rally.task.runner [-] Task 77c47683-0e38-4929-b49a-1cd9b588adde | ITER: 4 START
2019-07-25 07:16:39.831 452 INFO rally.task.runner [-] Task 77c47683-0e38-4929-b49a-1cd9b588adde | ITER: 1 END: OK
2019-07-25 07:16:39.835 452 INFO rally.task.runner [-] Task 77c47683-0e38-4929-b49a-1cd9b588adde | ITER: 5 START
2019-07-25 07:16:39.862 453 INFO rally.task.runner [-] Task 77c47683-0e38-4929-b49a-1cd9b588adde | ITER: 3 END: OK
2019-07-25 07:16:39.867 453 INFO rally.task.runner [-] Task 77c47683-0e38-4929-b49a-1cd9b588adde | ITER: 6 START
2019-07-25 07:16:39.961 454 INFO rally.task.runner [-] Task 77c47683-0e38-4929-b49a-1cd9b588adde | ITER: 2 END: OK
2019-07-25 07:16:39.965 454 INFO rally.task.runner [-] Task 77c47683-0e38-4929-b49a-1cd9b588adde | ITER: 7 START
2019-07-25 07:16:40.028 455 INFO rally.task.runner [-] Task 77c47683-0e38-4929-b49a-1cd9b588adde | ITER: 4 END: OK
2019-07-25 07:16:40.031 455 INFO rally.task.runner [-] Task 77c47683-0e38-4929-b49a-1cd9b588adde | ITER: 8 START
2019-07-25 07:16:41.462 454 INFO rally.task.runner [-] Task 77c47683-0e38-4929-b49a-1cd9b588adde | ITER: 7 END: OK
2019-07-25 07:16:41.466 454 INFO rally.task.runner [-] Task 77c47683-0e38-4929-b49a-1cd9b588adde | ITER: 9 START
2019-07-25 07:16:41.831 452 INFO rally.task.runner [-] Task 77c47683-0e38-4929-b49a-1cd9b588adde | ITER: 5 END: OK
2019-07-25 07:16:41.835 452 INFO rally.task.runner [-] Task 77c47683-0e38-4929-b49a-1cd9b588adde | ITER: 10 START
2019-07-25 07:16:41.970 455 INFO rally.task.runner [-] Task 77c47683-0e38-4929-b49a-1cd9b588adde | ITER: 8 END: OK
2019-07-25 07:16:42.036 453 INFO rally.task.runner [-] Task 77c47683-0e38-4929-b49a-1cd9b588adde | ITER: 6 END: OK
2019-07-25 07:16:42.952 454 INFO rally.task.runner [-] Task 77c47683-0e38-4929-b49a-1cd9b588adde | ITER: 9 END: OK
2019-07-25 07:16:43.654 452 INFO rally.task.runner [-] Task 77c47683-0e38-4929-b49a-1cd9b588adde | ITER: 10 END: OK
2019-07-25 07:16:43.678 16 INFO rally.task.context [-] Task 77c47683-0e38-4929-b49a-1cd9b588adde | Context users@openstack cleanup() started
2019-07-25 07:16:53.090 16 INFO rally.task.context [-] Task 77c47683-0e38-4929-b49a-1cd9b588adde | Context users@openstack cleanup() finished in 9.41 sec
2019-07-25 07:16:53.141 16 INFO rally.task.engine [-] Load duration is: 5.747496
2019-07-25 07:16:53.141 16 INFO rally.task.engine [-] Full runner duration is: 5.792176
2019-07-25 07:16:53.142 16 INFO rally.task.engine [-] Full duration is: 20.092394
2019-07-25 07:16:53.426 16 INFO rally.task.engine [-] Running workload: position = 0 config = { "version": 2, "title": "A cropped version of a bigger task.", "description": "Auto-generated task from a single workload (uuid=a71612af-ccc8-431f-bace-d77d6412b70f)", "subtasks": [ { "title": "Authenticate.validate_neutron", "description": "Check Neutron Client to ensure validation of token.", "scenario": { "Authenticate.validate_neutron": { "repetitions": 2 } }, "contexts": { "users": { "tenants": 3, "users_per_tenant": 2 } }, "runner": { "constant": { "concurrency": 4, "times": 10 } }, "hooks": [], "sla": { "failure_rate": { "max": 0 } } } ] }
2019-07-25 07:16:53.449 16 RALLYDEBUG rally_openstack.contexts.keystone.users [-] Creating 3 tenants using 20 threads
2019-07-25 07:16:55.457 16 RALLYDEBUG rally_openstack.contexts.keystone.users [-] Creating 6 users using 20 threads
2019-07-25 07:16:58.305 16 INFO rally.task.context [-] Task 77c47683-0e38-4929-b49a-1cd9b588adde | Context users@openstack setup() finished in 4.86 sec
2019-07-25 07:16:58.312 16 RALLYDEBUG rally.task.runner [-] Starting the constant runner (task UUID: 77c47683-0e38-4929-b49a-1cd9b588adde). timeout: 0 concurrency: 4 concurrency_per_worker: 1 times: 10 concurrency_overhead: 0 processes_to_start: 4 max_cpu_used: 16
2019-07-25 07:16:58.323 556 RALLYDEBUG rally.task.runner [-] Starting a worker. concurrency: 1 args: {"repetitions": 2} times: 10 method_name: run timeout: 0 duration: None cls:
2019-07-25 07:16:58.326 557 RALLYDEBUG rally.task.runner [-] Starting a worker. concurrency: 1 args: {"repetitions": 2} times: 10 method_name: run timeout: 0 duration: None cls:
2019-07-25 07:16:58.329 556 INFO rally.task.runner [-] Task 77c47683-0e38-4929-b49a-1cd9b588adde | ITER: 1 START
2019-07-25 07:16:58.329 558 RALLYDEBUG rally.task.runner [-] Starting a worker. concurrency: 1 args: {"repetitions": 2} times: 10 method_name: run timeout: 0 duration: None cls:
2019-07-25 07:16:58.332 557 INFO rally.task.runner [-] Task 77c47683-0e38-4929-b49a-1cd9b588adde | ITER: 2 START
2019-07-25 07:16:58.332 559 RALLYDEBUG rally.task.runner [-] Starting a worker. concurrency: 1 args: {"repetitions": 2} times: 10 method_name: run timeout: 0 duration: None cls:
2019-07-25 07:16:58.335 558 INFO rally.task.runner [-] Task 77c47683-0e38-4929-b49a-1cd9b588adde | ITER: 3 START
2019-07-25 07:16:58.338 559 INFO rally.task.runner [-] Task 77c47683-0e38-4929-b49a-1cd9b588adde | ITER: 4 START
2019-07-25 07:16:59.555 557 INFO rally.task.runner [-] Task 77c47683-0e38-4929-b49a-1cd9b588adde | ITER: 2 END: OK
2019-07-25 07:16:59.560 557 INFO rally.task.runner [-] Task 77c47683-0e38-4929-b49a-1cd9b588adde | ITER: 5 START
2019-07-25 07:16:59.636 556 INFO rally.task.runner [-] Task 77c47683-0e38-4929-b49a-1cd9b588adde | ITER: 1 END: OK
2019-07-25 07:16:59.641 556 INFO rally.task.runner [-] Task 77c47683-0e38-4929-b49a-1cd9b588adde | ITER: 6 START
2019-07-25 07:16:59.910 559 INFO rally.task.runner [-] Task 77c47683-0e38-4929-b49a-1cd9b588adde | ITER: 4 END: OK
2019-07-25 07:16:59.914 559 INFO rally.task.runner [-] Task 77c47683-0e38-4929-b49a-1cd9b588adde | ITER: 7 START
2019-07-25 07:16:59.919 558 INFO rally.task.runner [-] Task 77c47683-0e38-4929-b49a-1cd9b588adde | ITER: 3 END: OK
2019-07-25 07:16:59.923 558 INFO rally.task.runner [-] Task 77c47683-0e38-4929-b49a-1cd9b588adde | ITER: 8 START
2019-07-25 07:17:00.867 557 INFO rally.task.runner [-] Task 77c47683-0e38-4929-b49a-1cd9b588adde | ITER: 5 END: OK
2019-07-25 07:17:00.869 558 INFO rally.task.runner [-] Task 77c47683-0e38-4929-b49a-1cd9b588adde | ITER: 8 END: OK
2019-07-25 07:17:00.872 557 INFO rally.task.runner [-] Task 77c47683-0e38-4929-b49a-1cd9b588adde | ITER: 9 START
2019-07-25 07:17:00.873 558 INFO rally.task.runner [-] Task 77c47683-0e38-4929-b49a-1cd9b588adde | ITER: 10 START
2019-07-25 07:17:01.214 556 INFO rally.task.runner [-] Task 77c47683-0e38-4929-b49a-1cd9b588adde | ITER: 6 END: OK
2019-07-25 07:17:01.600 559 INFO rally.task.runner [-] Task 77c47683-0e38-4929-b49a-1cd9b588adde | ITER: 7 END: OK
2019-07-25 07:17:01.810 558 INFO rally.task.runner [-] Task 77c47683-0e38-4929-b49a-1cd9b588adde | ITER: 10 END: OK
2019-07-25 07:17:01.998 557 INFO rally.task.runner [-] Task 77c47683-0e38-4929-b49a-1cd9b588adde | ITER: 9 END: OK
2019-07-25 07:17:02.021 16 INFO rally.task.context [-] Task 77c47683-0e38-4929-b49a-1cd9b588adde | Context users@openstack cleanup() started
2019-07-25 07:17:11.102 16 INFO rally.task.context [-] Task 77c47683-0e38-4929-b49a-1cd9b588adde | Context users@openstack cleanup() finished in 9.08 sec
2019-07-25 07:17:11.567 16 INFO rally.task.engine [-] Load duration is: 3.666745
2019-07-25 07:17:11.568 16 INFO rally.task.engine [-] Full runner duration is: 3.709233
2019-07-25 07:17:11.568 16 INFO rally.task.engine [-] Full duration is: 17.656595
2019-07-25 07:17:11.820 16 INFO rally.task.engine [-] Running workload: position = 0 config = { "version": 2, "title": "A cropped version of a bigger task.", "description": "Auto-generated task from a single workload (uuid=a9ae92c4-8377-478d-8223-93cf7f54946f)", "subtasks": [ { "title": "Authenticate.validate_nova", "description": "Check Nova Client to ensure validation of token.", "scenario": { "Authenticate.validate_nova": { "repetitions": 2 } }, "contexts": { "users": { "tenants": 3, "users_per_tenant": 2 } }, "runner": { "constant": { "concurrency": 4, "times": 10 } }, "hooks": [], "sla": { "failure_rate": { "max": 0 } } } ] }
2019-07-25 07:17:11.840 16 RALLYDEBUG rally_openstack.contexts.keystone.users [-] Creating 3 tenants using 20 threads
2019-07-25 07:17:13.738 16 RALLYDEBUG rally_openstack.contexts.keystone.users [-] Creating 6 users using 20 threads
2019-07-25 07:17:16.531 16 INFO rally.task.context [-] Task 77c47683-0e38-4929-b49a-1cd9b588adde | Context users@openstack setup() finished in 4.69 sec
2019-07-25 07:17:16.542 16 RALLYDEBUG rally.task.runner [-] Starting the constant runner (task UUID: 77c47683-0e38-4929-b49a-1cd9b588adde). timeout: 0 concurrency: 4 concurrency_per_worker: 1 times: 10 concurrency_overhead: 0 processes_to_start: 4 max_cpu_used: 16
2019-07-25 07:17:16.556 660 RALLYDEBUG rally.task.runner [-] Starting a worker. concurrency: 1 args: {"repetitions": 2} times: 10 method_name: run timeout: 0 duration: None cls:
2019-07-25 07:17:16.562 660 INFO rally.task.runner [-] Task 77c47683-0e38-4929-b49a-1cd9b588adde | ITER: 1 START
2019-07-25 07:17:16.562 661 RALLYDEBUG rally.task.runner [-] Starting a worker. concurrency: 1 args: {"repetitions": 2} times: 10 method_name: run timeout: 0 duration: None cls:
2019-07-25 07:17:16.565 662 RALLYDEBUG rally.task.runner [-] Starting a worker. concurrency: 1 args: {"repetitions": 2} times: 10 method_name: run timeout: 0 duration: None cls:
2019-07-25 07:17:16.569 661 INFO rally.task.runner [-] Task 77c47683-0e38-4929-b49a-1cd9b588adde | ITER: 2 START
2019-07-25 07:17:16.570 665 RALLYDEBUG rally.task.runner [-] Starting a worker. concurrency: 1 args: {"repetitions": 2} times: 10 method_name: run timeout: 0 duration: None cls:
2019-07-25 07:17:16.571 662 INFO rally.task.runner [-] Task 77c47683-0e38-4929-b49a-1cd9b588adde | ITER: 3 START
2019-07-25 07:17:16.575 665 INFO rally.task.runner [-] Task 77c47683-0e38-4929-b49a-1cd9b588adde | ITER: 4 START
2019-07-25 07:17:17.059 660 DEBUG novaclient.v2.client [-] REQ: curl -g -i -X GET http://172.30.9.34:8774/v2.1/flavors/detail -H "Accept: application/json" -H "User-Agent: python-novaclient" -H "X-Auth-Token: {SHA1}447ae0b0f89926967df365b203bc30a60dae0408" _http_log_request /usr/lib/python2.7/site-packages/keystoneauth1/session.py:448
2019-07-25 07:17:17.064 662 DEBUG novaclient.v2.client [-] REQ: curl -g -i -X GET http://172.30.9.34:8774/v2.1/flavors/detail -H "Accept: application/json" -H "User-Agent: python-novaclient" -H "X-Auth-Token: {SHA1}84677455dfd8eee867335f921adb7bcc355ce813" _http_log_request /usr/lib/python2.7/site-packages/keystoneauth1/session.py:448
2019-07-25 07:17:17.067 665 DEBUG novaclient.v2.client [-] REQ: curl -g -i -X GET http://172.30.9.34:8774/v2.1/flavors/detail -H "Accept: application/json" -H "User-Agent: python-novaclient" -H "X-Auth-Token: {SHA1}32237bca123d663d9c87082a1ce7055e124e57ee" _http_log_request /usr/lib/python2.7/site-packages/keystoneauth1/session.py:448
2019-07-25 07:17:17.137 661 DEBUG novaclient.v2.client [-] REQ: curl -g -i -X GET http://172.30.9.34:8774/v2.1/flavors/detail -H "Accept: application/json" -H "User-Agent: python-novaclient" -H "X-Auth-Token: {SHA1}f461b039323d46082ba0532c4336054d21c35d38" _http_log_request /usr/lib/python2.7/site-packages/keystoneauth1/session.py:448
2019-07-25 07:17:17.364 665 DEBUG novaclient.v2.client [-] RESP: [200] Content-Encoding: gzip Content-Length: 362 Content-Type: application/json Date: Thu, 25 Jul 2019 07:17:17 GMT OpenStack-API-Version: compute 2.1 Server: Apache Vary: OpenStack-API-Version,X-OpenStack-Nova-API-Version,Accept-Encoding X-OpenStack-Nova-API-Version: 2.1 x-compute-request-id: req-6ef4ad3b-a7ab-4d98-803c-49d1b3cc3531 x-openstack-request-id: req-6ef4ad3b-a7ab-4d98-803c-49d1b3cc3531 _http_log_response /usr/lib/python2.7/site-packages/keystoneauth1/session.py:479
2019-07-25 07:17:17.364 660 DEBUG novaclient.v2.client [-] RESP: [200] Content-Encoding: gzip Content-Length: 362 Content-Type: application/json Date: Thu, 25 Jul 2019 07:17:17 GMT OpenStack-API-Version: compute 2.1 Server: Apache Vary: OpenStack-API-Version,X-OpenStack-Nova-API-Version,Accept-Encoding X-OpenStack-Nova-API-Version: 2.1 x-compute-request-id: req-ee5d28fa-dd35-41ed-be5f-8884c35fe02d x-openstack-request-id: req-ee5d28fa-dd35-41ed-be5f-8884c35fe02d _http_log_response /usr/lib/python2.7/site-packages/keystoneauth1/session.py:479
2019-07-25 07:17:17.365 665 DEBUG novaclient.v2.client [-] RESP BODY: {"flavors": [{"name": "rally_full-flavor_f29d2dd4-bdc8-4543-8797-5aaee0a3820c", "links": [{"href": "http://172.30.9.34:8774/v2.1/flavors/42c8007e-32fc-45a4-a68c-c86ff7b32e5d", "rel": "self"}, {"href": "http://172.30.9.34:8774/flavors/42c8007e-32fc-45a4-a68c-c86ff7b32e5d", "rel": "bookmark"}], "ram": 512, "OS-FLV-DISABLED:disabled": false, "vcpus": 1, "swap": "", "os-flavor-access:is_public": true, "rxtx_factor": 1.0, "OS-FLV-EXT-DATA:ephemeral": 0, "disk": 1, "id": "42c8007e-32fc-45a4-a68c-c86ff7b32e5d"}, {"name": "rally_full-flavor_alt_f29d2dd4-bdc8-4543-8797-5aaee0a3820c", "links": [{"href": "http://172.30.9.34:8774/v2.1/flavors/733f41ea-f47f-4089-8cca-c9f5f94ceb5d", "rel": "self"}, {"href": "http://172.30.9.34:8774/flavors/733f41ea-f47f-4089-8cca-c9f5f94ceb5d", "rel": "bookmark"}], "ram": 1024, "OS-FLV-DISABLED:disabled": false, "vcpus": 1, "swap": "", "os-flavor-access:is_public": true, "rxtx_factor": 1.0, "OS-FLV-EXT-DATA:ephemeral": 0, "disk": 1, "id": "733f41ea-f47f-4089-8cca-c9f5f94ceb5d"}]} _http_log_response /usr/lib/python2.7/site-packages/keystoneauth1/session.py:511
2019-07-25 07:17:17.365 660 DEBUG novaclient.v2.client [-] RESP BODY: {"flavors": [{"name": "rally_full-flavor_f29d2dd4-bdc8-4543-8797-5aaee0a3820c", "links": [{"href": "http://172.30.9.34:8774/v2.1/flavors/42c8007e-32fc-45a4-a68c-c86ff7b32e5d", "rel": "self"}, {"href": "http://172.30.9.34:8774/flavors/42c8007e-32fc-45a4-a68c-c86ff7b32e5d", "rel": "bookmark"}], "ram": 512, "OS-FLV-DISABLED:disabled": false, "vcpus": 1, "swap": "", "os-flavor-access:is_public": true, "rxtx_factor": 1.0, "OS-FLV-EXT-DATA:ephemeral": 0, "disk": 1, "id": "42c8007e-32fc-45a4-a68c-c86ff7b32e5d"}, {"name": "rally_full-flavor_alt_f29d2dd4-bdc8-4543-8797-5aaee0a3820c", "links": [{"href": "http://172.30.9.34:8774/v2.1/flavors/733f41ea-f47f-4089-8cca-c9f5f94ceb5d", "rel": "self"}, {"href": "http://172.30.9.34:8774/flavors/733f41ea-f47f-4089-8cca-c9f5f94ceb5d", "rel": "bookmark"}], "ram": 1024, "OS-FLV-DISABLED:disabled": false, "vcpus": 1, "swap": "", "os-flavor-access:is_public": true, "rxtx_factor": 1.0, "OS-FLV-EXT-DATA:ephemeral": 0, "disk": 1, "id": "733f41ea-f47f-4089-8cca-c9f5f94ceb5d"}]} _http_log_response /usr/lib/python2.7/site-packages/keystoneauth1/session.py:511
2019-07-25 07:17:17.365 665 DEBUG novaclient.v2.client [-] GET call to compute for http://172.30.9.34:8774/v2.1/flavors/detail used request id req-6ef4ad3b-a7ab-4d98-803c-49d1b3cc3531 request /usr/lib/python2.7/site-packages/keystoneauth1/session.py:844
2019-07-25 07:17:17.365 660 DEBUG novaclient.v2.client [-] GET call to compute for http://172.30.9.34:8774/v2.1/flavors/detail used request id req-ee5d28fa-dd35-41ed-be5f-8884c35fe02d request /usr/lib/python2.7/site-packages/keystoneauth1/session.py:844
2019-07-25 07:17:17.365 662 DEBUG novaclient.v2.client [-] RESP: [200] Content-Encoding: gzip Content-Length: 362 Content-Type: application/json Date: Thu, 25 Jul 2019 07:17:17 GMT OpenStack-API-Version: compute 2.1 Server: Apache Vary: OpenStack-API-Version,X-OpenStack-Nova-API-Version,Accept-Encoding X-OpenStack-Nova-API-Version: 2.1 x-compute-request-id: req-bb91db36-c868-4714-9a28-d2833f52b7ed x-openstack-request-id: req-bb91db36-c868-4714-9a28-d2833f52b7ed _http_log_response /usr/lib/python2.7/site-packages/keystoneauth1/session.py:479
2019-07-25 07:17:17.366 662 DEBUG novaclient.v2.client [-] RESP BODY: {"flavors": [{"name": "rally_full-flavor_f29d2dd4-bdc8-4543-8797-5aaee0a3820c", "links": [{"href": "http://172.30.9.34:8774/v2.1/flavors/42c8007e-32fc-45a4-a68c-c86ff7b32e5d", "rel": "self"}, {"href": "http://172.30.9.34:8774/flavors/42c8007e-32fc-45a4-a68c-c86ff7b32e5d", "rel": "bookmark"}], "ram": 512, "OS-FLV-DISABLED:disabled": false, "vcpus": 1, "swap": "", "os-flavor-access:is_public": true, "rxtx_factor": 1.0, "OS-FLV-EXT-DATA:ephemeral": 0, "disk": 1, "id": "42c8007e-32fc-45a4-a68c-c86ff7b32e5d"}, {"name": "rally_full-flavor_alt_f29d2dd4-bdc8-4543-8797-5aaee0a3820c", "links": [{"href": "http://172.30.9.34:8774/v2.1/flavors/733f41ea-f47f-4089-8cca-c9f5f94ceb5d", "rel": "self"}, {"href": "http://172.30.9.34:8774/flavors/733f41ea-f47f-4089-8cca-c9f5f94ceb5d", "rel": "bookmark"}], "ram": 1024, "OS-FLV-DISABLED:disabled": false, "vcpus": 1, "swap": "", "os-flavor-access:is_public": true, "rxtx_factor": 1.0, "OS-FLV-EXT-DATA:ephemeral": 0, "disk": 1, "id": "733f41ea-f47f-4089-8cca-c9f5f94ceb5d"}]} _http_log_response /usr/lib/python2.7/site-packages/keystoneauth1/session.py:511
2019-07-25 07:17:17.366 662 DEBUG novaclient.v2.client [-] GET call to compute for http://172.30.9.34:8774/v2.1/flavors/detail used request id req-bb91db36-c868-4714-9a28-d2833f52b7ed request /usr/lib/python2.7/site-packages/keystoneauth1/session.py:844
2019-07-25 07:17:17.367 665 DEBUG novaclient.v2.client [-] REQ: curl -g -i -X GET http://172.30.9.34:8774/v2.1/flavors/detail -H "Accept: application/json" -H "User-Agent: python-novaclient" -H "X-Auth-Token: {SHA1}32237bca123d663d9c87082a1ce7055e124e57ee" _http_log_request /usr/lib/python2.7/site-packages/keystoneauth1/session.py:448
2019-07-25 07:17:17.367 660 DEBUG novaclient.v2.client [-] REQ: curl -g -i -X GET http://172.30.9.34:8774/v2.1/flavors/detail -H "Accept: application/json" -H "User-Agent: python-novaclient" -H "X-Auth-Token: {SHA1}447ae0b0f89926967df365b203bc30a60dae0408" _http_log_request /usr/lib/python2.7/site-packages/keystoneauth1/session.py:448
2019-07-25 07:17:17.367 662 DEBUG novaclient.v2.client [-] REQ: curl -g -i -X GET http://172.30.9.34:8774/v2.1/flavors/detail -H "Accept: application/json" -H "User-Agent: python-novaclient" -H "X-Auth-Token: {SHA1}84677455dfd8eee867335f921adb7bcc355ce813" _http_log_request /usr/lib/python2.7/site-packages/keystoneauth1/session.py:448
2019-07-25 07:17:17.388 665 DEBUG novaclient.v2.client [-] RESP: [200] Content-Encoding: gzip Content-Length: 362 Content-Type: application/json Date: Thu, 25 Jul 2019 07:17:17 GMT OpenStack-API-Version: compute 2.1 Server: Apache Vary: OpenStack-API-Version,X-OpenStack-Nova-API-Version,Accept-Encoding X-OpenStack-Nova-API-Version: 2.1 x-compute-request-id: req-ab5ae6e5-7847-4c55-8944-d991fed4aeb5 x-openstack-request-id: req-ab5ae6e5-7847-4c55-8944-d991fed4aeb5 _http_log_response /usr/lib/python2.7/site-packages/keystoneauth1/session.py:479
2019-07-25 07:17:17.389 665 DEBUG novaclient.v2.client [-] RESP BODY: {"flavors": [{"name": "rally_full-flavor_f29d2dd4-bdc8-4543-8797-5aaee0a3820c", "links": [{"href": "http://172.30.9.34:8774/v2.1/flavors/42c8007e-32fc-45a4-a68c-c86ff7b32e5d", "rel": "self"}, {"href": "http://172.30.9.34:8774/flavors/42c8007e-32fc-45a4-a68c-c86ff7b32e5d", "rel": "bookmark"}], "ram": 512, "OS-FLV-DISABLED:disabled": false, "vcpus": 1, "swap": "", "os-flavor-access:is_public": true, "rxtx_factor": 1.0, "OS-FLV-EXT-DATA:ephemeral": 0, "disk": 1, "id": "42c8007e-32fc-45a4-a68c-c86ff7b32e5d"}, {"name": "rally_full-flavor_alt_f29d2dd4-bdc8-4543-8797-5aaee0a3820c", "links": [{"href": "http://172.30.9.34:8774/v2.1/flavors/733f41ea-f47f-4089-8cca-c9f5f94ceb5d", "rel": "self"}, {"href": "http://172.30.9.34:8774/flavors/733f41ea-f47f-4089-8cca-c9f5f94ceb5d", "rel": "bookmark"}], "ram": 1024, "OS-FLV-DISABLED:disabled": false, "vcpus": 1, "swap": "", "os-flavor-access:is_public": true, "rxtx_factor": 1.0, "OS-FLV-EXT-DATA:ephemeral": 0, "disk": 1, "id": "733f41ea-f47f-4089-8cca-c9f5f94ceb5d"}]} _http_log_response /usr/lib/python2.7/site-packages/keystoneauth1/session.py:511
2019-07-25 07:17:17.389 665 DEBUG novaclient.v2.client [-] GET call to compute for http://172.30.9.34:8774/v2.1/flavors/detail used request id req-ab5ae6e5-7847-4c55-8944-d991fed4aeb5 request /usr/lib/python2.7/site-packages/keystoneauth1/session.py:844
2019-07-25 07:17:17.390 665 INFO rally.task.runner [-] Task 77c47683-0e38-4929-b49a-1cd9b588adde | ITER: 4 END: OK
2019-07-25 07:17:17.393 660 DEBUG novaclient.v2.client [-] RESP: [200] Content-Encoding: gzip Content-Length: 362 Content-Type: application/json Date: Thu, 25 Jul 2019 07:17:17 GMT OpenStack-API-Version: compute 2.1 Server: Apache Vary: OpenStack-API-Version,X-OpenStack-Nova-API-Version,Accept-Encoding X-OpenStack-Nova-API-Version: 2.1 x-compute-request-id: req-8169546e-3e76-41b1-a928-54cb64c29a28 x-openstack-request-id: req-8169546e-3e76-41b1-a928-54cb64c29a28 _http_log_response /usr/lib/python2.7/site-packages/keystoneauth1/session.py:479
2019-07-25 07:17:17.393 660 DEBUG novaclient.v2.client [-] RESP BODY: {"flavors": [{"name": "rally_full-flavor_f29d2dd4-bdc8-4543-8797-5aaee0a3820c", "links": [{"href": "http://172.30.9.34:8774/v2.1/flavors/42c8007e-32fc-45a4-a68c-c86ff7b32e5d", "rel": "self"}, {"href": "http://172.30.9.34:8774/flavors/42c8007e-32fc-45a4-a68c-c86ff7b32e5d", "rel": "bookmark"}], "ram": 512, "OS-FLV-DISABLED:disabled": false, "vcpus": 1, "swap": "", "os-flavor-access:is_public": true, "rxtx_factor": 1.0, "OS-FLV-EXT-DATA:ephemeral": 0, "disk": 1, "id": "42c8007e-32fc-45a4-a68c-c86ff7b32e5d"}, {"name": "rally_full-flavor_alt_f29d2dd4-bdc8-4543-8797-5aaee0a3820c", "links": [{"href": "http://172.30.9.34:8774/v2.1/flavors/733f41ea-f47f-4089-8cca-c9f5f94ceb5d", "rel": "self"}, {"href": "http://172.30.9.34:8774/flavors/733f41ea-f47f-4089-8cca-c9f5f94ceb5d", "rel": "bookmark"}], "ram": 1024, "OS-FLV-DISABLED:disabled": false, "vcpus": 1, "swap": "", "os-flavor-access:is_public": true, "rxtx_factor": 1.0, "OS-FLV-EXT-DATA:ephemeral": 0, "disk": 1, "id": "733f41ea-f47f-4089-8cca-c9f5f94ceb5d"}]} _http_log_response /usr/lib/python2.7/site-packages/keystoneauth1/session.py:511
2019-07-25 07:17:17.393 660 DEBUG novaclient.v2.client [-] GET call to compute for http://172.30.9.34:8774/v2.1/flavors/detail used request id req-8169546e-3e76-41b1-a928-54cb64c29a28 request /usr/lib/python2.7/site-packages/keystoneauth1/session.py:844
2019-07-25 07:17:17.393 665 INFO rally.task.runner [-] Task 77c47683-0e38-4929-b49a-1cd9b588adde | ITER: 5 START
2019-07-25 07:17:17.394 660 INFO rally.task.runner [-] Task 77c47683-0e38-4929-b49a-1cd9b588adde | ITER: 1 END: OK
2019-07-25 07:17:17.398 660 INFO rally.task.runner [-] Task 77c47683-0e38-4929-b49a-1cd9b588adde | ITER: 6 START
2019-07-25 07:17:17.400 662 DEBUG novaclient.v2.client [-] RESP: [200] Content-Encoding: gzip Content-Length: 362 Content-Type: application/json Date: Thu, 25 Jul 2019 07:17:17 GMT OpenStack-API-Version: compute 2.1 Server: Apache Vary: OpenStack-API-Version,X-OpenStack-Nova-API-Version,Accept-Encoding X-OpenStack-Nova-API-Version: 2.1 x-compute-request-id: req-189fac8b-a9da-4ef3-922f-2b0cf569fa85 x-openstack-request-id: req-189fac8b-a9da-4ef3-922f-2b0cf569fa85 _http_log_response /usr/lib/python2.7/site-packages/keystoneauth1/session.py:479
2019-07-25 07:17:17.401 662 DEBUG novaclient.v2.client [-] RESP BODY: {"flavors": [{"name": "rally_full-flavor_f29d2dd4-bdc8-4543-8797-5aaee0a3820c", "links": [{"href": "http://172.30.9.34:8774/v2.1/flavors/42c8007e-32fc-45a4-a68c-c86ff7b32e5d", "rel": "self"}, {"href": "http://172.30.9.34:8774/flavors/42c8007e-32fc-45a4-a68c-c86ff7b32e5d", "rel": "bookmark"}], "ram": 512, "OS-FLV-DISABLED:disabled": false, "vcpus": 1, "swap": "", "os-flavor-access:is_public": true, "rxtx_factor": 1.0, "OS-FLV-EXT-DATA:ephemeral": 0, "disk": 1, "id": "42c8007e-32fc-45a4-a68c-c86ff7b32e5d"}, {"name": "rally_full-flavor_alt_f29d2dd4-bdc8-4543-8797-5aaee0a3820c", "links": [{"href": "http://172.30.9.34:8774/v2.1/flavors/733f41ea-f47f-4089-8cca-c9f5f94ceb5d", "rel": "self"}, {"href": "http://172.30.9.34:8774/flavors/733f41ea-f47f-4089-8cca-c9f5f94ceb5d", "rel": "bookmark"}], "ram": 1024, "OS-FLV-DISABLED:disabled": false, "vcpus": 1, "swap": "", "os-flavor-access:is_public": true, "rxtx_factor": 1.0, "OS-FLV-EXT-DATA:ephemeral": 0, "disk": 1, "id": "733f41ea-f47f-4089-8cca-c9f5f94ceb5d"}]} _http_log_response /usr/lib/python2.7/site-packages/keystoneauth1/session.py:511
2019-07-25 07:17:17.401 662 DEBUG novaclient.v2.client [-] GET call to compute for http://172.30.9.34:8774/v2.1/flavors/detail used request id req-189fac8b-a9da-4ef3-922f-2b0cf569fa85 request /usr/lib/python2.7/site-packages/keystoneauth1/session.py:844
2019-07-25 07:17:17.402 662 INFO rally.task.runner [-] Task 77c47683-0e38-4929-b49a-1cd9b588adde | ITER: 3 END: OK
2019-07-25 07:17:17.405 662 INFO rally.task.runner [-] Task 77c47683-0e38-4929-b49a-1cd9b588adde | ITER: 7 START
2019-07-25 07:17:17.827 665 DEBUG novaclient.v2.client [-] REQ: curl -g -i -X GET http://172.30.9.34:8774/v2.1/flavors/detail -H "Accept: application/json" -H "User-Agent: python-novaclient" -H "X-Auth-Token: {SHA1}9b04acc000def40c1c35fecffe2719f58cb087e2" _http_log_request /usr/lib/python2.7/site-packages/keystoneauth1/session.py:448
2019-07-25 07:17:17.831 661 DEBUG novaclient.v2.client [-] RESP: [200] Content-Encoding: gzip Content-Length: 362 Content-Type: application/json Date: Thu, 25 Jul 2019 07:17:17 GMT OpenStack-API-Version: compute 2.1 Server: Apache Vary: OpenStack-API-Version,X-OpenStack-Nova-API-Version,Accept-Encoding X-OpenStack-Nova-API-Version: 2.1 x-compute-request-id: req-464038b0-ce31-4c77-bb4d-f751c1059c45 x-openstack-request-id: req-464038b0-ce31-4c77-bb4d-f751c1059c45 _http_log_response /usr/lib/python2.7/site-packages/keystoneauth1/session.py:479
2019-07-25 07:17:17.832 661 DEBUG novaclient.v2.client [-] RESP BODY: {"flavors": [{"name": "rally_full-flavor_f29d2dd4-bdc8-4543-8797-5aaee0a3820c", "links": [{"href": "http://172.30.9.34:8774/v2.1/flavors/42c8007e-32fc-45a4-a68c-c86ff7b32e5d", "rel": "self"}, {"href": "http://172.30.9.34:8774/flavors/42c8007e-32fc-45a4-a68c-c86ff7b32e5d", "rel": "bookmark"}], "ram": 512, "OS-FLV-DISABLED:disabled": false, "vcpus": 1, "swap": "", "os-flavor-access:is_public": true, "rxtx_factor": 1.0, "OS-FLV-EXT-DATA:ephemeral": 0, "disk": 1, "id": "42c8007e-32fc-45a4-a68c-c86ff7b32e5d"}, {"name": "rally_full-flavor_alt_f29d2dd4-bdc8-4543-8797-5aaee0a3820c", "links": [{"href": "http://172.30.9.34:8774/v2.1/flavors/733f41ea-f47f-4089-8cca-c9f5f94ceb5d", "rel": "self"}, {"href": "http://172.30.9.34:8774/flavors/733f41ea-f47f-4089-8cca-c9f5f94ceb5d", "rel": "bookmark"}], "ram": 1024, "OS-FLV-DISABLED:disabled": false, "vcpus": 1, "swap": "", "os-flavor-access:is_public": true, "rxtx_factor": 1.0, "OS-FLV-EXT-DATA:ephemeral": 0, "disk": 1, "id": "733f41ea-f47f-4089-8cca-c9f5f94ceb5d"}]} _http_log_response /usr/lib/python2.7/site-packages/keystoneauth1/session.py:511
