2019-07-25 07:43:13.378 1842 INFO rally.task.engine [-] Full runner duration is: 17.367463
2019-07-25 07:43:13.379 1842 INFO rally.task.engine [-] Full duration is: 42.680969
2019-07-25 07:43:13.565 1842 INFO rally.task.engine [-] Running workload: position = 1 config = { "version": 2, "title": "A cropped version of a bigger task.", "description": "Auto-generated task from a single workload (uuid=60a1b77f-e502-4526-af84-795e827c197d)", "subtasks": [ { "title": "CinderVolumes.create_and_delete_volume", "description": "Create and then delete a volume.", "scenario": { "CinderVolumes.create_and_delete_volume": { "image": { "name": "rally_full-img_f29d2dd4-bdc8-4543-8797-5aaee0a3820c" }, "size": 1 } }, "contexts": { "users": { "tenants": 3, "users_per_tenant": 2 }, "quotas": { "cinder": { "gigabytes": -1, "snapshots": -1, "volumes": -1 } }, "api_versions": { "cinder": { "version": 3, "service_type": "volumev3" } } }, "runner": { "constant": { "concurrency": 4, "times": 10 } }, "hooks": [], "sla": { "failure_rate": { "max": 0 } } } ] }
2019-07-25 07:43:13.589 1842 RALLYDEBUG rally_openstack.contexts.keystone.users [-] Creating 3 tenants using 20 threads
2019-07-25 07:43:15.536 1842 RALLYDEBUG rally_openstack.contexts.keystone.users [-] Creating 6 users using 20 threads
2019-07-25 07:43:18.179 1842 INFO rally.task.context [-] Task 0d4d3302-0221-4ce2-993a-87dde54f32a7 | Context users@openstack setup() finished in 4.59 sec
2019-07-25 07:43:18.607 1842 INFO rally.task.context [-] Task 0d4d3302-0221-4ce2-993a-87dde54f32a7 | Context api_versions@openstack setup() finished in 0.43 sec
2019-07-25 07:43:20.412 1842 INFO rally.task.context [-] Task 0d4d3302-0221-4ce2-993a-87dde54f32a7 | Context quotas@openstack setup() finished in 1.80 sec
2019-07-25 07:43:20.413 1842 INFO rally.task.context [-] Task 0d4d3302-0221-4ce2-993a-87dde54f32a7 | Context cleanup@openstack setup() finished in 0.00 msec
2019-07-25 07:43:21.450 1842 RALLYDEBUG rally.task.runner [-] Starting the constant runner (task UUID: 0d4d3302-0221-4ce2-993a-87dde54f32a7). timeout: 0 concurrency: 4 concurrency_per_worker: 1 times: 10 concurrency_overhead: 0 processes_to_start: 4 max_cpu_used: 16
2019-07-25 07:43:21.463 4354 RALLYDEBUG rally.task.runner [-] Starting a worker. concurrency: 1 args: {"image": "4560fbaf-a08a-44b3-a225-479d7a24468d", "size": 1} times: 10 method_name: run timeout: 0 duration: None cls:
2019-07-25 07:43:21.467 4355 RALLYDEBUG rally.task.runner [-] Starting a worker. concurrency: 1 args: {"image": "4560fbaf-a08a-44b3-a225-479d7a24468d", "size": 1} times: 10 method_name: run timeout: 0 duration: None cls:
2019-07-25 07:43:21.471 4356 RALLYDEBUG rally.task.runner [-] Starting a worker. concurrency: 1 args: {"image": "4560fbaf-a08a-44b3-a225-479d7a24468d", "size": 1} times: 10 method_name: run timeout: 0 duration: None cls:
2019-07-25 07:43:21.471 4354 INFO rally.task.runner [-] Task 0d4d3302-0221-4ce2-993a-87dde54f32a7 | ITER: 1 START
2019-07-25 07:43:21.475 4355 INFO rally.task.runner [-] Task 0d4d3302-0221-4ce2-993a-87dde54f32a7 | ITER: 2 START
2019-07-25 07:43:21.474 4357 RALLYDEBUG rally.task.runner [-] Starting a worker. concurrency: 1 args: {"image": "4560fbaf-a08a-44b3-a225-479d7a24468d", "size": 1} times: 10 method_name: run timeout: 0 duration: None cls:
2019-07-25 07:43:21.478 4356 INFO rally.task.runner [-] Task 0d4d3302-0221-4ce2-993a-87dde54f32a7 | ITER: 3 START
2019-07-25 07:43:21.481 4357 INFO rally.task.runner [-] Task 0d4d3302-0221-4ce2-993a-87dde54f32a7 | ITER: 4 START
2019-07-25 07:43:31.120 4355 RALLYDEBUG rally.task.utils [-] Waiting for resource s_rally_60a1b77f_1qlgfN1W. Status changed: CREATING => DOWNLOADING in 5.02430915833
2019-07-25 07:43:31.349 4357 RALLYDEBUG rally.task.utils [-] Waiting for resource s_rally_60a1b77f_q9FxC8fB. Status changed: CREATING => DOWNLOADING in 5.04863405228
2019-07-25 07:43:31.546 4356 RALLYDEBUG rally.task.utils [-] Waiting for resource s_rally_60a1b77f_t1n14PhD. Status changed: CREATING => DOWNLOADING in 5.00117182732
2019-07-25 07:43:31.677 4354 RALLYDEBUG rally.task.utils [-] Waiting for resource s_rally_60a1b77f_CUsiIE2G. Status changed: CREATING => DOWNLOADING in 5.04733800888
2019-07-25 07:43:40.540 4355 RALLYDEBUG rally.task.utils [-] Waiting for resource s_rally_60a1b77f_1qlgfN1W. Status changed: DOWNLOADING => AVAILABLE in 9.4199590683
2019-07-25 07:43:40.750 4354 RALLYDEBUG rally.task.utils [-] Waiting for resource s_rally_60a1b77f_CUsiIE2G. Status changed: DOWNLOADING => AVAILABLE in 9.07342195511
2019-07-25 07:43:41.067 4355 RALLYDEBUG rally.task.utils [-] Waiting for resource s_rally_60a1b77f_1qlgfN1W. Status changed: AVAILABLE => DELETING in 0.327908992767
2019-07-25 07:43:41.470 4354 RALLYDEBUG rally.task.utils [-] Waiting for resource s_rally_60a1b77f_CUsiIE2G. Status changed: AVAILABLE => DELETING in 0.351353883743
2019-07-25 07:43:41.922 4357 RALLYDEBUG rally.task.utils [-] Waiting for resource s_rally_60a1b77f_q9FxC8fB. Status changed: DOWNLOADING => AVAILABLE in 10.5735781193
2019-07-25 07:43:42.256 4357 RALLYDEBUG rally.task.utils [-] Waiting for resource s_rally_60a1b77f_q9FxC8fB. Status changed: AVAILABLE => DELETING in 0.0535159111023
2019-07-25 07:43:43.268 4356 RALLYDEBUG rally.task.utils [-] Waiting for resource s_rally_60a1b77f_t1n14PhD. Status changed: DOWNLOADING => AVAILABLE in 11.722687006
2019-07-25 07:43:43.367 4355 INFO rally.task.runner [-] Task 0d4d3302-0221-4ce2-993a-87dde54f32a7 | ITER: 2 END: OK
2019-07-25 07:43:43.372 4355 INFO rally.task.runner [-] Task 0d4d3302-0221-4ce2-993a-87dde54f32a7 | ITER: 5 START
2019-07-25 07:43:43.711 4354 INFO rally.task.runner [-] Task 0d4d3302-0221-4ce2-993a-87dde54f32a7 | ITER: 1 END: OK
2019-07-25 07:43:43.716 4354 INFO rally.task.runner [-] Task 0d4d3302-0221-4ce2-993a-87dde54f32a7 | ITER: 6 START
2019-07-25 07:43:43.915 4356 RALLYDEBUG rally.task.utils [-] Waiting for resource s_rally_60a1b77f_t1n14PhD. Status changed: AVAILABLE => DELETING in 0.263031005859
2019-07-25 07:43:44.305 4357 INFO rally.task.runner [-] Task 0d4d3302-0221-4ce2-993a-87dde54f32a7 | ITER: 4 END: OK
2019-07-25 07:43:44.310 4357 INFO rally.task.runner [-] Task 0d4d3302-0221-4ce2-993a-87dde54f32a7 | ITER: 7 START
2019-07-25 07:43:45.951 4356 INFO rally.task.runner [-] Task 0d4d3302-0221-4ce2-993a-87dde54f32a7 | ITER: 3 END: OK
2019-07-25 07:43:45.956 4356 INFO rally.task.runner [-] Task 0d4d3302-0221-4ce2-993a-87dde54f32a7 | ITER: 8 START
2019-07-25 07:43:50.944 4355 RALLYDEBUG rally.task.utils [-] Waiting for resource s_rally_60a1b77f_V1B3kBcD. Status changed: CREATING => DOWNLOADING in 2.71253395081
2019-07-25 07:43:51.678 4354 RALLYDEBUG rally.task.utils [-] Waiting for resource s_rally_60a1b77f_KcYjvjQD. Status changed: CREATING => DOWNLOADING in 2.97281503677
2019-07-25 07:43:57.963 4355 RALLYDEBUG rally.task.utils [-] Waiting for resource s_rally_60a1b77f_V1B3kBcD. Status changed: DOWNLOADING => AVAILABLE in 7.01868891716
2019-07-25 07:43:58.630 4354 RALLYDEBUG rally.task.utils [-] Waiting for resource s_rally_60a1b77f_KcYjvjQD. Status changed: DOWNLOADING => AVAILABLE in 6.9522049427
2019-07-25 07:43:58.671 4355 RALLYDEBUG rally.task.utils [-] Waiting for resource s_rally_60a1b77f_V1B3kBcD. Status changed: AVAILABLE => DELETING in 0.354506015778
2019-07-25 07:43:59.380 4357 RALLYDEBUG rally.task.utils [-] Waiting for resource s_rally_60a1b77f_B385VlpN. Status changed: CREATING => DOWNLOADING in 10.1649651527
2019-07-25 07:43:59.401 4354 RALLYDEBUG rally.task.utils [-] Waiting for resource s_rally_60a1b77f_KcYjvjQD. Status changed: AVAILABLE => DELETING in 0.460968017578
2019-07-25 07:44:00.722 4356 RALLYDEBUG rally.task.utils [-] Waiting for resource s_rally_60a1b77f_3MJq94ev. Status changed: CREATING => DOWNLOADING in 9.76740598679
2019-07-25 07:44:01.002 4355 INFO rally.task.runner [-] Task 0d4d3302-0221-4ce2-993a-87dde54f32a7 | ITER: 5 END: OK
2019-07-25 07:44:01.009 4355 INFO rally.task.runner [-] Task 0d4d3302-0221-4ce2-993a-87dde54f32a7 | ITER: 9 START
2019-07-25 07:44:01.716 4354 INFO rally.task.runner [-] Task 0d4d3302-0221-4ce2-993a-87dde54f32a7 | ITER: 6 END: OK
2019-07-25 07:44:01.722 4354 INFO rally.task.runner [-] Task 0d4d3302-0221-4ce2-993a-87dde54f32a7 | ITER: 10 START
2019-07-25 07:44:01.772 4357 RALLYDEBUG rally.task.utils [-] Waiting for resource s_rally_60a1b77f_B385VlpN. Status changed: DOWNLOADING => AVAILABLE in 2.39231395721
2019-07-25 07:44:02.455 4357 RALLYDEBUG rally.task.utils [-] Waiting for resource s_rally_60a1b77f_B385VlpN. Status changed: AVAILABLE => DELETING in 0.324719905853
2019-07-25 07:44:04.777 4357 INFO rally.task.runner [-] Task 0d4d3302-0221-4ce2-993a-87dde54f32a7 | ITER: 7 END: OK
2019-07-25 07:44:05.376 4356 RALLYDEBUG rally.task.utils [-] Waiting for resource s_rally_60a1b77f_3MJq94ev. Status changed: DOWNLOADING => AVAILABLE in 4.65410709381
2019-07-25 07:44:05.795 4356 INFO rally.task.runner [-] Task 0d4d3302-0221-4ce2-993a-87dde54f32a7 | ITER: 8 END: OK
2019-07-25 07:44:09.205 4354 RALLYDEBUG rally.task.utils [-] Waiting for resource s_rally_60a1b77f_kRCHkrtr. Status changed: CREATING => DOWNLOADING in 2.95088005066
2019-07-25 07:44:09.286 4355 RALLYDEBUG rally.task.utils [-] Waiting for resource s_rally_60a1b77f_OqYuo5Gl. Status changed: CREATING => DOWNLOADING in 3.25875210762
2019-07-25 07:44:13.912 4354 RALLYDEBUG rally.task.utils [-] Waiting for resource s_rally_60a1b77f_kRCHkrtr. Status changed: DOWNLOADING => AVAILABLE in 4.70735406876
2019-07-25 07:44:13.976 4355 RALLYDEBUG rally.task.utils [-] Waiting for resource s_rally_60a1b77f_OqYuo5Gl. Status changed: DOWNLOADING => AVAILABLE in 4.68949389458
2019-07-25 07:44:14.323 4354 RALLYDEBUG rally.task.utils [-] Waiting for resource s_rally_60a1b77f_kRCHkrtr. Status changed: AVAILABLE => DELETING in 0.0551109313965
2019-07-25 07:44:14.402 4355 RALLYDEBUG rally.task.utils [-] Waiting for resource s_rally_60a1b77f_OqYuo5Gl. Status changed: AVAILABLE => DELETING in 0.058198928833
2019-07-25 07:44:16.656 4354 INFO rally.task.runner [-] Task 0d4d3302-0221-4ce2-993a-87dde54f32a7 | ITER: 10 END: OK
2019-07-25 07:44:16.721 4355 INFO rally.task.runner [-] Task 0d4d3302-0221-4ce2-993a-87dde54f32a7 | ITER: 9 END: OK
2019-07-25 07:44:16.749 1842 INFO rally.task.context [-] Task 0d4d3302-0221-4ce2-993a-87dde54f32a7 | Context cleanup@openstack cleanup() started
2019-07-25 07:44:16.752 1842 RALLYDEBUG rally_openstack.cleanup.manager [-] Cleaning up cinder backups objects
2019-07-25 07:44:19.008 1842 RALLYDEBUG rally_openstack.cleanup.manager [-] Cleaning up cinder volume_snapshots objects
2019-07-25 07:44:21.205 1842 RALLYDEBUG rally_openstack.cleanup.manager [-] Cleaning up cinder transfers objects
2019-07-25 07:44:23.412 1842 RALLYDEBUG rally_openstack.cleanup.manager [-] Cleaning up cinder volumes objects
2019-07-25 07:44:25.627 1842 INFO rally.task.context [-] Task 0d4d3302-0221-4ce2-993a-87dde54f32a7 | Context cleanup@openstack cleanup() finished in 8.88 sec
2019-07-25 07:44:25.628 1842 INFO rally.task.context [-] Task 0d4d3302-0221-4ce2-993a-87dde54f32a7 | Context quotas@openstack cleanup() started
2019-07-25 07:44:26.603 1842 INFO rally.task.context [-] Task 0d4d3302-0221-4ce2-993a-87dde54f32a7 | Context quotas@openstack cleanup() finished in 0.98 sec
2019-07-25 07:44:26.604 1842 INFO rally.task.context [-] Task 0d4d3302-0221-4ce2-993a-87dde54f32a7 | Context api_versions@openstack cleanup() started
2019-07-25 07:44:26.604 1842 INFO rally.task.context [-] Task 0d4d3302-0221-4ce2-993a-87dde54f32a7 | Context api_versions@openstack cleanup() finished in 0.34 msec
2019-07-25 07:44:26.604 1842 INFO rally.task.context [-] Task 0d4d3302-0221-4ce2-993a-87dde54f32a7 | Context users@openstack cleanup() started
2019-07-25 07:44:35.118 1842 INFO rally.task.context [-] Task 0d4d3302-0221-4ce2-993a-87dde54f32a7 | Context users@openstack cleanup() finished in 8.51 sec
2019-07-25 07:44:35.919 1842 INFO rally.task.engine [-] Load duration is: 55.245136
2019-07-25 07:44:35.920 1842 INFO rally.task.engine [-] Full runner duration is: 55.299449
2019-07-25 07:44:35.920 1842 INFO rally.task.engine [-] Full duration is: 81.53228
2019-07-25 07:44:36.080 1842 INFO rally.task.engine [-] Running workload: position = 2 config = { "version": 2, "title": "A cropped version of a bigger task.", "description": "Auto-generated task from a single workload (uuid=23f2114c-7b14-45b6-abba-11fd97fdc77b)", "subtasks": [ { "title": "CinderVolumes.create_and_delete_volume", "description": "Create and then delete a volume.", "scenario": { "CinderVolumes.create_and_delete_volume": { "size": 1 } }, "contexts": { "users": { "tenants": 3, "users_per_tenant": 2 }, "quotas": { "cinder": { "gigabytes": -1, "snapshots": -1, "volumes": -1 } }, "api_versions": { "cinder": { "version": 3, "service_type": "volumev3" } } }, "runner": { "constant": { "concurrency": 4, "times": 10 } }, "hooks": [], "sla": { "failure_rate": { "max": 0 } } } ] }
2019-07-25 07:44:36.103 1842 RALLYDEBUG rally_openstack.contexts.keystone.users [-] Creating 3 tenants using 20 threads
2019-07-25 07:44:38.051 1842 RALLYDEBUG rally_openstack.contexts.keystone.users [-] Creating 6 users using 20 threads
2019-07-25 07:44:40.918 1842 INFO rally.task.context [-] Task 0d4d3302-0221-4ce2-993a-87dde54f32a7 | Context users@openstack setup() finished in 4.81 sec
2019-07-25 07:44:41.358 1842 INFO rally.task.context [-] Task 0d4d3302-0221-4ce2-993a-87dde54f32a7 | Context api_versions@openstack setup() finished in 0.44 sec
2019-07-25 07:44:43.050 1842 INFO rally.task.context [-] Task 0d4d3302-0221-4ce2-993a-87dde54f32a7 | Context quotas@openstack setup() finished in 1.69 sec
2019-07-25 07:44:43.050 1842 INFO rally.task.context [-] Task 0d4d3302-0221-4ce2-993a-87dde54f32a7 | Context cleanup@openstack setup() finished in 0.01 msec
2019-07-25 07:44:43.058 1842 RALLYDEBUG rally.task.runner [-] Starting the constant runner (task UUID: 0d4d3302-0221-4ce2-993a-87dde54f32a7). timeout: 0 concurrency: 4 concurrency_per_worker: 1 times: 10 concurrency_overhead: 0 processes_to_start: 4 max_cpu_used: 16
2019-07-25 07:44:43.071 4538 RALLYDEBUG rally.task.runner [-] Starting a worker. concurrency: 1 args: {"size": 1} times: 10 method_name: run timeout: 0 duration: None cls:
2019-07-25 07:44:43.074 4539 RALLYDEBUG rally.task.runner [-] Starting a worker. concurrency: 1 args: {"size": 1} times: 10 method_name: run timeout: 0 duration: None cls:
2019-07-25 07:44:43.074 4540 RALLYDEBUG rally.task.runner [-] Starting a worker. concurrency: 1 args: {"size": 1} times: 10 method_name: run timeout: 0 duration: None cls:
2019-07-25 07:44:43.078 4538 INFO rally.task.runner [-] Task 0d4d3302-0221-4ce2-993a-87dde54f32a7 | ITER: 1 START
2019-07-25 07:44:43.079 4540 INFO rally.task.runner [-] Task 0d4d3302-0221-4ce2-993a-87dde54f32a7 | ITER: 2 START
2019-07-25 07:44:43.082 4539 INFO rally.task.runner [-] Task 0d4d3302-0221-4ce2-993a-87dde54f32a7 | ITER: 3 START
2019-07-25 07:44:43.086 4541 RALLYDEBUG rally.task.runner [-] Starting a worker. concurrency: 1 args: {"size": 1} times: 10 method_name: run timeout: 0 duration: None cls:
2019-07-25 07:44:43.097 4541 INFO rally.task.runner [-] Task 0d4d3302-0221-4ce2-993a-87dde54f32a7 | ITER: 4 START
2019-07-25 07:44:47.523 4540 RALLYDEBUG rally.task.utils [-] Waiting for resource s_rally_23f2114c_nhOYr10S. Status changed: AVAILABLE => DELETING in 0.352432966232
2019-07-25 07:44:47.600 4539 RALLYDEBUG rally.task.utils [-] Waiting for resource s_rally_23f2114c_eMI5pllj. Status changed: AVAILABLE => DELETING in 0.249366998672
2019-07-25 07:44:47.641 4538 RALLYDEBUG rally.task.utils [-] Waiting for resource s_rally_23f2114c_gtqghKq7. Status changed: AVAILABLE => DELETING in 0.318656206131
2019-07-25 07:44:47.652 4541 RALLYDEBUG rally.task.utils [-] Waiting for resource s_rally_23f2114c_vUcNTBxM. Status changed: AVAILABLE => DELETING in 0.320805072784
2019-07-25 07:44:49.837 4540 INFO rally.task.runner [-] Task 0d4d3302-0221-4ce2-993a-87dde54f32a7 | ITER: 2 END: OK
2019-07-25 07:44:49.843 4540 INFO rally.task.runner [-] Task 0d4d3302-0221-4ce2-993a-87dde54f32a7 | ITER: 5 START
2019-07-25 07:44:49.907 4539 INFO rally.task.runner [-] Task 0d4d3302-0221-4ce2-993a-87dde54f32a7 | ITER: 3 END: OK
2019-07-25 07:44:49.912 4539 INFO rally.task.runner [-] Task 0d4d3302-0221-4ce2-993a-87dde54f32a7 | ITER: 6 START
2019-07-25 07:44:49.938 4538 INFO rally.task.runner [-] Task 0d4d3302-0221-4ce2-993a-87dde54f32a7 | ITER: 1 END: OK
2019-07-25 07:44:49.943 4538 INFO rally.task.runner [-] Task 0d4d3302-0221-4ce2-993a-87dde54f32a7 | ITER: 7 START
2019-07-25 07:44:49.950 4541 INFO rally.task.runner [-] Task 0d4d3302-0221-4ce2-993a-87dde54f32a7 | ITER: 4 END: OK
2019-07-25 07:44:49.954 4541 INFO rally.task.runner [-] Task 0d4d3302-0221-4ce2-993a-87dde54f32a7 | ITER: 8 START
2019-07-25 07:44:53.888 4538 INFO rally.task.runner [-] Task 0d4d3302-0221-4ce2-993a-87dde54f32a7 | ITER: 7 END: OK
2019-07-25 07:44:53.893 4538 INFO rally.task.runner [-] Task 0d4d3302-0221-4ce2-993a-87dde54f32a7 | ITER: 9 START
2019-07-25 07:44:54.176 4541 RALLYDEBUG rally.task.utils [-] Waiting for resource s_rally_23f2114c_fZL1rI2F. Status changed: AVAILABLE => DELETING in 0.246067047119
2019-07-25 07:44:54.262 4540 RALLYDEBUG rally.task.utils [-] Waiting for resource s_rally_23f2114c_fvr9iRoL. Status changed: AVAILABLE => DELETING in 0.347705125809
2019-07-25 07:44:54.405 4539 INFO rally.task.runner [-] Task 0d4d3302-0221-4ce2-993a-87dde54f32a7 | ITER: 6 END: OK
2019-07-25 07:44:54.410 4539 INFO rally.task.runner [-] Task 0d4d3302-0221-4ce2-993a-87dde54f32a7 | ITER: 10 START
2019-07-25 07:44:56.414 4541 INFO rally.task.runner [-] Task 0d4d3302-0221-4ce2-993a-87dde54f32a7 | ITER: 8 END: OK
2019-07-25 07:44:56.585 4540 INFO rally.task.runner [-] Task 0d4d3302-0221-4ce2-993a-87dde54f32a7 | ITER: 5 END: OK
2019-07-25 07:44:58.081 4538 INFO rally.task.runner [-] Task 0d4d3302-0221-4ce2-993a-87dde54f32a7 | ITER: 9 END: OK
2019-07-25 07:44:58.546 4539 INFO rally.task.runner [-] Task 0d4d3302-0221-4ce2-993a-87dde54f32a7 | ITER: 10 END: OK
2019-07-25 07:44:58.572 1842 INFO rally.task.context [-] Task 0d4d3302-0221-4ce2-993a-87dde54f32a7 | Context cleanup@openstack cleanup() started
2019-07-25 07:44:58.575 1842 RALLYDEBUG rally_openstack.cleanup.manager [-] Cleaning up cinder backups objects
2019-07-25 07:45:00.881 1842 RALLYDEBUG rally_openstack.cleanup.manager [-] Cleaning up cinder volume_snapshots objects
2019-07-25 07:45:03.165 1842 RALLYDEBUG rally_openstack.cleanup.manager [-] Cleaning up cinder transfers objects
2019-07-25 07:45:05.261 1842 RALLYDEBUG rally_openstack.cleanup.manager [-] Cleaning up cinder volumes objects
2019-07-25 07:45:07.575 1842 INFO rally.task.context [-] Task 0d4d3302-0221-4ce2-993a-87dde54f32a7 | Context cleanup@openstack cleanup() finished in 9.00 sec
2019-07-25 07:45:07.575 1842 INFO rally.task.context [-] Task 0d4d3302-0221-4ce2-993a-87dde54f32a7 | Context quotas@openstack cleanup() started
2019-07-25 07:45:08.531 1842 INFO rally.task.context [-] Task 0d4d3302-0221-4ce2-993a-87dde54f32a7 | Context quotas@openstack cleanup() finished in 0.96 sec
2019-07-25 07:45:08.532 1842 INFO rally.task.context [-] Task 0d4d3302-0221-4ce2-993a-87dde54f32a7 | Context api_versions@openstack cleanup() started
2019-07-25 07:45:08.532 1842 INFO rally.task.context [-] Task 0d4d3302-0221-4ce2-993a-87dde54f32a7 | Context api_versions@openstack cleanup() finished in 0.37 msec
2019-07-25 07:45:08.533 1842 INFO rally.task.context [-] Task 0d4d3302-0221-4ce2-993a-87dde54f32a7 | Context users@openstack cleanup() started
2019-07-25 07:45:16.987 1842 INFO rally.task.context [-] Task 0d4d3302-0221-4ce2-993a-87dde54f32a7 | Context users@openstack cleanup() finished in 8.45 sec
2019-07-25 07:45:18.291 1842 INFO rally.task.engine [-] Load duration is: 15.464514
2019-07-25 07:45:18.292 1842 INFO rally.task.engine [-] Full runner duration is: 15.514369
2019-07-25 07:45:18.292 1842 INFO rally.task.engine [-] Full duration is: 40.887223
2019-07-25 07:45:18.562 1842 INFO rally.task.engine [-] Running workload: position = 0 config = { "version": 2, "title": "A cropped version of a bigger task.", "description": "Auto-generated task from a single workload (uuid=82ccf382-dce0-477d-8d25-6b79810335ad)", "subtasks": [ { "title": "CinderVolumes.create_and_extend_volume", "description": "Create and extend a volume and then delete it.", "scenario": { "CinderVolumes.create_and_extend_volume": { "new_size": 2, "size": 1 } }, "contexts": { "users": { "tenants": 3, "users_per_tenant": 2 }, "quotas": { "cinder": { "gigabytes": -1, "snapshots": -1, "volumes": -1 } }, "api_versions": { "cinder": { "version": 3, "service_type": "volumev3" } } }, "runner": { "constant": { "concurrency": 4, "times": 10 } }, "hooks": [], "sla": { "failure_rate": { "max": 0 } } } ] }
2019-07-25 07:45:18.584 1842 RALLYDEBUG rally_openstack.contexts.keystone.users [-] Creating 3 tenants using 20 threads
2019-07-25 07:45:20.427 1842 RALLYDEBUG rally_openstack.contexts.keystone.users [-] Creating 6 users using 20 threads
2019-07-25 07:45:23.376 1842 INFO rally.task.context [-] Task 0d4d3302-0221-4ce2-993a-87dde54f32a7 | Context users@openstack setup() finished in 4.79 sec
2019-07-25 07:45:23.814 1842 INFO rally.task.context [-] Task 0d4d3302-0221-4ce2-993a-87dde54f32a7 | Context api_versions@openstack setup() finished in 0.44 sec
2019-07-25 07:45:25.605 1842 INFO rally.task.context [-] Task 0d4d3302-0221-4ce2-993a-87dde54f32a7 | Context quotas@openstack setup() finished in 1.79 sec
2019-07-25 07:45:25.606 1842 INFO rally.task.context [-] Task 0d4d3302-0221-4ce2-993a-87dde54f32a7 | Context cleanup@openstack setup() finished in 0.01 msec
2019-07-25 07:45:25.613 1842 RALLYDEBUG rally.task.runner [-] Starting the constant runner (task UUID: 0d4d3302-0221-4ce2-993a-87dde54f32a7). timeout: 0 concurrency: 4 concurrency_per_worker: 1 times: 10 concurrency_overhead: 0 processes_to_start: 4 max_cpu_used: 16
2019-07-25 07:45:25.627 4722 RALLYDEBUG rally.task.runner [-] Starting a worker. concurrency: 1 args: {"new_size": 2, "size": 1} times: 10 method_name: run timeout: 0 duration: None cls:
2019-07-25 07:45:25.630 4723 RALLYDEBUG rally.task.runner [-] Starting a worker. concurrency: 1 args: {"new_size": 2, "size": 1} times: 10 method_name: run timeout: 0 duration: None cls:
2019-07-25 07:45:25.634 4722 INFO rally.task.runner [-] Task 0d4d3302-0221-4ce2-993a-87dde54f32a7 | ITER: 1 START
2019-07-25 07:45:25.634 4724 RALLYDEBUG rally.task.runner [-] Starting a worker. concurrency: 1 args: {"new_size": 2, "size": 1} times: 10 method_name: run timeout: 0 duration: None cls:
2019-07-25 07:45:25.637 4723 INFO rally.task.runner [-] Task 0d4d3302-0221-4ce2-993a-87dde54f32a7 | ITER: 2 START
2019-07-25 07:45:25.638 4725 RALLYDEBUG rally.task.runner [-] Starting a worker. concurrency: 1 args: {"new_size": 2, "size": 1} times: 10 method_name: run timeout: 0 duration: None cls:
2019-07-25 07:45:25.642 4724 INFO rally.task.runner [-] Task 0d4d3302-0221-4ce2-993a-87dde54f32a7 | ITER: 3 START
2019-07-25 07:45:25.646 4725 INFO rally.task.runner [-] Task 0d4d3302-0221-4ce2-993a-87dde54f32a7 | ITER: 4 START
2019-07-25 07:45:30.351 4722 RALLYDEBUG rally.task.utils [-] Waiting for resource s_rally_82ccf382_sTpOB3PG. Status changed: AVAILABLE => EXTENDING in 0.270593166351
2019-07-25 07:45:30.471 4725 RALLYDEBUG rally.task.utils [-] Waiting for resource s_rally_82ccf382_yBW9o45T. Status changed: AVAILABLE => DELETING in 0.365954875946
2019-07-25 07:45:30.678 4724 RALLYDEBUG rally.task.utils [-] Waiting for resource s_rally_82ccf382_zwbFXs9K. Status changed: AVAILABLE => DELETING in 0.0558500289917
2019-07-25 07:45:30.690 4723 RALLYDEBUG rally.task.utils [-] Waiting for resource s_rally_82ccf382_IYdMJN4R. Status changed: AVAILABLE => DELETING in 0.259207963943
2019-07-25 07:45:32.727 4723 INFO rally.task.runner [-] Task 0d4d3302-0221-4ce2-993a-87dde54f32a7 | ITER: 2 END: OK
2019-07-25 07:45:32.732 4723 INFO rally.task.runner [-] Task 0d4d3302-0221-4ce2-993a-87dde54f32a7 | ITER: 5 START
2019-07-25 07:45:32.769 4725 INFO rally.task.runner [-] Task 0d4d3302-0221-4ce2-993a-87dde54f32a7 | ITER: 4 END: OK
2019-07-25 07:45:32.774 4725 INFO rally.task.runner [-] Task 0d4d3302-0221-4ce2-993a-87dde54f32a7 | ITER: 6 START
2019-07-25 07:45:32.810 4722 RALLYDEBUG rally.task.utils [-] Waiting for resource s_rally_82ccf382_sTpOB3PG. Status changed: EXTENDING => AVAILABLE in 2.45917391777
2019-07-25 07:45:33.005 4724 INFO rally.task.runner [-] Task 0d4d3302-0221-4ce2-993a-87dde54f32a7 | ITER: 3 END: OK
2019-07-25 07:45:33.010 4724 INFO rally.task.runner [-] Task 0d4d3302-0221-4ce2-993a-87dde54f32a7 | ITER: 7 START
2019-07-25 07:45:33.562 4722 INFO rally.task.runner [-] Task 0d4d3302-0221-4ce2-993a-87dde54f32a7 | ITER: 1 END: OK
2019-07-25 07:45:33.568 4722 INFO rally.task.runner [-] Task 0d4d3302-0221-4ce2-993a-87dde54f32a7 | ITER: 8 START
2019-07-25 07:45:36.996 4723 RALLYDEBUG rally.task.utils [-] Waiting for resource s_rally_82ccf382_TodPoeC4. Status changed: AVAILABLE => EXTENDING in 0.214563131332
2019-07-25 07:45:37.714 4722 RALLYDEBUG rally.task.utils [-] Waiting for resource s_rally_82ccf382_eQ9XdbCi. Status changed: AVAILABLE => EXTENDING in 0.0547649860382
2019-07-25 07:45:37.936 4725 RALLYDEBUG rally.task.utils [-] Waiting for resource s_rally_82ccf382_Z0XuAxkV. Status changed: AVAILABLE => DELETING in 0.26059794426
2019-07-25 07:45:38.031 4724 RALLYDEBUG rally.task.utils [-] Waiting for resource s_rally_82ccf382_L11rHKfM. Status changed: AVAILABLE => DELETING in 0.322560071945
2019-07-25 07:45:39.325 4723 RALLYDEBUG rally.task.utils [-] Waiting for resource s_rally_82ccf382_TodPoeC4. Status changed: EXTENDING => AVAILABLE in 2.32817077637
2019-07-25 07:45:39.721 4723 INFO rally.task.runner [-] Task 0d4d3302-0221-4ce2-993a-87dde54f32a7 | ITER: 5 END: OK
2019-07-25 07:45:39.725 4723 INFO rally.task.runner [-] Task 0d4d3302-0221-4ce2-993a-87dde54f32a7 | ITER: 9 START
2019-07-25 07:45:40.045 4722 RALLYDEBUG rally.task.utils [-] Waiting for resource s_rally_82ccf382_eQ9XdbCi. Status changed: EXTENDING => AVAILABLE in 2.33072209358
2019-07-25 07:45:40.167 4725 INFO rally.task.runner [-] Task 0d4d3302-0221-4ce2-993a-87dde54f32a7 | ITER: 6 END: OK
2019-07-25 07:45:40.173 4725 INFO rally.task.runner [-] Task 0d4d3302-0221-4ce2-993a-87dde54f32a7 | ITER: 10 START
2019-07-25 07:45:40.352 4724 INFO rally.task.runner [-] Task 0d4d3302-0221-4ce2-993a-87dde54f32a7 | ITER: 7 END: OK
2019-07-25 07:45:40.742 4722 INFO rally.task.runner [-] Task 0d4d3302-0221-4ce2-993a-87dde54f32a7 | ITER: 8 END: OK
2019-07-25 07:45:44.524 4723 INFO rally.task.runner [-] Task 0d4d3302-0221-4ce2-993a-87dde54f32a7 | ITER: 9 END: OK
2019-07-25 07:45:45.204 4725 RALLYDEBUG rally.task.utils [-] Waiting for resource s_rally_82ccf382_hl0704c2. Status changed: AVAILABLE => DELETING in 0.229578018188
2019-07-25 07:45:47.540 4725 INFO rally.task.runner [-] Task 0d4d3302-0221-4ce2-993a-87dde54f32a7 | ITER: 10 END: OK
2019-07-25 07:45:47.566 1842 INFO rally.task.context [-] Task 0d4d3302-0221-4ce2-993a-87dde54f32a7 | Context cleanup@openstack cleanup() started
2019-07-25 07:45:47.569 1842 RALLYDEBUG rally_openstack.cleanup.manager [-] Cleaning up cinder backups objects
2019-07-25 07:45:49.707 1842 RALLYDEBUG rally_openstack.cleanup.manager [-] Cleaning up cinder volume_snapshots objects
2019-07-25 07:45:52.156 1842 RALLYDEBUG rally_openstack.cleanup.manager [-] Cleaning up cinder transfers objects
2019-07-25 07:45:54.407 1842 RALLYDEBUG rally_openstack.cleanup.manager [-] Cleaning up cinder volumes objects
2019-07-25 07:45:56.752 1842 INFO rally.task.context [-] Task 0d4d3302-0221-4ce2-993a-87dde54f32a7 | Context cleanup@openstack cleanup() finished in 9.19 sec
2019-07-25 07:45:56.752 1842 INFO rally.task.context [-] Task 0d4d3302-0221-4ce2-993a-87dde54f32a7 | Context quotas@openstack cleanup() started
2019-07-25 07:45:57.633 1842 INFO rally.task.context [-] Task 0d4d3302-0221-4ce2-993a-87dde54f32a7 | Context quotas@openstack cleanup() finished in 0.88 sec
2019-07-25 07:45:57.634 1842 INFO rally.task.context [-] Task 0d4d3302-0221-4ce2-993a-87dde54f32a7 | Context api_versions@openstack cleanup() started
2019-07-25 07:45:57.634 1842 INFO rally.task.context [-] Task 0d4d3302-0221-4ce2-993a-87dde54f32a7 | Context api_versions@openstack cleanup() finished in 0.32 msec
2019-07-25 07:45:57.634 1842 INFO rally.task.context [-] Task 0d4d3302-0221-4ce2-993a-87dde54f32a7 | Context users@openstack cleanup() started
2019-07-25 07:46:05.964 1842 INFO rally.task.context [-] Task 0d4d3302-0221-4ce2-993a-87dde54f32a7 | Context users@openstack cleanup() finished in 8.33 sec
2019-07-25 07:46:06.779 1842 INFO rally.task.engine [-] Load duration is: 21.901181
2019-07-25 07:46:06.780 1842 INFO rally.task.engine [-] Full runner duration is: 21.953663
2019-07-25 07:46:06.780 1842 INFO rally.task.engine [-] Full duration is: 47.382587
2019-07-25 07:46:07.081 1842 INFO rally.task.engine [-] Running workload: position = 0 config = { "version": 2, "title": "A cropped version of a bigger task.", "description": "Auto-generated task from a single workload (uuid=61657a55-cece-4401-a26d-ff61eff2e30c)", "subtasks": [ { "title": "CinderVolumes.create_from_volume_and_delete_volume", "description": "Create volume from volume and then delete it.", "scenario": { "CinderVolumes.create_from_volume_and_delete_volume": { "size": 1 } }, "contexts": { "users": { "tenants": 3, "users_per_tenant": 2 }, "quotas": { "cinder": { "gigabytes": -1, "snapshots": -1, "volumes": -1 } }, "api_versions": { "cinder": { "version": 3, "service_type": "volumev3" } }, "volumes": { "size": 1, "volumes_per_tenant": 1 } }, "runner": { "constant": { "concurrency": 4, "times": 10 } }, "hooks": [], "sla": { "failure_rate": { "max": 0 } } } ] }
2019-07-25 07:46:07.106 1842 RALLYDEBUG rally_openstack.contexts.keystone.users [-] Creating 3 tenants using 20 threads
2019-07-25 07:46:09.109 1842 RALLYDEBUG rally_openstack.contexts.keystone.users [-] Creating 6 users using 20 threads
2019-07-25 07:46:11.933 1842 INFO rally.task.context [-] Task 0d4d3302-0221-4ce2-993a-87dde54f32a7 | Context users@openstack setup() finished in 4.83 sec
2019-07-25 07:46:12.371 1842 INFO rally.task.context [-] Task 0d4d3302-0221-4ce2-993a-87dde54f32a7 | Context api_versions@openstack setup() finished in 0.44 sec
2019-07-25 07:46:14.042 1842 INFO rally.task.context [-] Task 0d4d3302-0221-4ce2-993a-87dde54f32a7 | Context quotas@openstack setup() finished in 1.67 sec
2019-07-25 07:46:25.294 1842 INFO rally.task.context [-] Task 0d4d3302-0221-4ce2-993a-87dde54f32a7 | Context volumes@openstack setup() finished in 11.25 sec
2019-07-25 07:46:25.295 1842 INFO rally.task.context [-] Task 0d4d3302-0221-4ce2-993a-87dde54f32a7 | Context cleanup@openstack setup() finished in 0.01 msec
2019-07-25 07:46:25.302 1842 RALLYDEBUG rally.task.runner [-] Starting the constant runner (task UUID: 0d4d3302-0221-4ce2-993a-87dde54f32a7). timeout: 0 concurrency: 4 concurrency_per_worker: 1 times: 10 concurrency_overhead: 0 processes_to_start: 4 max_cpu_used: 16
2019-07-25 07:46:25.315 4906 RALLYDEBUG rally.task.runner [-] Starting a worker. concurrency: 1 args: {"size": 1} times: 10 method_name: run timeout: 0 duration: None cls:
2019-07-25 07:46:25.318 4907 RALLYDEBUG rally.task.runner [-] Starting a worker. concurrency: 1 args: {"size": 1} times: 10 method_name: run timeout: 0 duration: None cls:
2019-07-25 07:46:25.321 4908 RALLYDEBUG rally.task.runner [-] Starting a worker. concurrency: 1 args: {"size": 1} times: 10 method_name: run timeout: 0 duration: None cls:
2019-07-25 07:46:25.323 4906 INFO rally.task.runner [-] Task 0d4d3302-0221-4ce2-993a-87dde54f32a7 | ITER: 1 START
2019-07-25 07:46:25.324 4909 RALLYDEBUG rally.task.runner [-] Starting a worker. concurrency: 1 args: {"size": 1} times: 10 method_name: run timeout: 0 duration: None cls:
2019-07-25 07:46:25.326 4907 INFO rally.task.runner [-] Task 0d4d3302-0221-4ce2-993a-87dde54f32a7 | ITER: 2 START
2019-07-25 07:46:25.328 4908 INFO rally.task.runner [-] Task 0d4d3302-0221-4ce2-993a-87dde54f32a7 | ITER: 3 START
2019-07-25 07:46:25.332 4909 INFO rally.task.runner [-] Task 0d4d3302-0221-4ce2-993a-87dde54f32a7 | ITER: 4 START
2019-07-25 07:46:29.267 4906 RALLYDEBUG rally.task.utils [-] Waiting for resource s_rally_61657a55_dvCMGon5. Status changed: CREATING => AVAILABLE in 0.697681903839
2019-07-25 07:46:29.774 4909 RALLYDEBUG rally.task.utils [-] Waiting for resource s_rally_61657a55_ZOEoo1EX. Status changed: AVAILABLE => DELETING in 0.254359960556
2019-07-25 07:46:29.855 4907 RALLYDEBUG rally.task.utils [-] Waiting for resource s_rally_61657a55_qDbW9hOW. Status changed: AVAILABLE => DELETING in 0.254464149475
2019-07-25 07:46:30.007 4906 RALLYDEBUG rally.task.utils [-] Waiting for resource s_rally_61657a55_dvCMGon5. Status changed: AVAILABLE => DELETING in 0.362008094788
2019-07-25 07:46:31.732 4908 RALLYDEBUG rally.task.utils [-] Waiting for resource s_rally_61657a55_8NcsLCPx. Status changed: CREATING => AVAILABLE in 3.04036688805
2019-07-25 07:46:32.816 4908 RALLYDEBUG rally.task.utils [-] Waiting for resource s_rally_61657a55_8NcsLCPx. Status changed: AVAILABLE => DELETING in 0.374172925949
2019-07-25 07:46:34.706 4906 INFO rally.task.runner [-] Task 0d4d3302-0221-4ce2-993a-87dde54f32a7 | ITER: 1 END: OK
2019-07-25 07:46:34.711 4906 INFO rally.task.runner [-] Task 0d4d3302-0221-4ce2-993a-87dde54f32a7 | ITER: 5 START
2019-07-25 07:46:35.147 4908 INFO rally.task.runner [-] Task 0d4d3302-0221-4ce2-993a-87dde54f32a7 | ITER: 3 END: OK
2019-07-25 07:46:35.152 4908 INFO rally.task.runner [-] Task 0d4d3302-0221-4ce2-993a-87dde54f32a7 | ITER: 6 START
2019-07-25 07:46:36.302 4907 INFO rally.task.runner [-] Task 0d4d3302-0221-4ce2-993a-87dde54f32a7 | ITER: 2 END: OK
2019-07-25 07:46:36.308 4907 INFO rally.task.runner [-] Task 0d4d3302-0221-4ce2-993a-87dde54f32a7 | ITER: 7 START
2019-07-25 07:46:36.515 4909 INFO rally.task.runner [-] Task 0d4d3302-0221-4ce2-993a-87dde54f32a7 | ITER: 4 END: OK
2019-07-25 07:46:36.520 4909 INFO rally.task.runner [-] Task 0d4d3302-0221-4ce2-993a-87dde54f32a7 | ITER: 8 START
2019-07-25 07:46:39.014 4906 RALLYDEBUG rally.task.utils [-] Waiting for resource s_rally_61657a55_5hXzG0MA. Status changed: AVAILABLE => DELETING in 0.255373001099
2019-07-25 07:46:39.443 4908 RALLYDEBUG rally.task.utils [-] Waiting for resource s_rally_61657a55_f8TpJjYy. Status changed: AVAILABLE => DELETING in 0.270659208298
2019-07-25 07:46:39.996 4909 RALLYDEBUG rally.task.utils [-] Waiting for resource s_rally_61657a55_aF3911Fg. Status changed: CREATING => AVAILABLE in 0.390902996063
2019-07-25 07:46:40.514 4909 RALLYDEBUG rally.task.utils [-] Waiting for resource s_rally_61657a55_aF3911Fg. Status changed: AVAILABLE => DELETING in 0.239897012711
2019-07-25 07:46:42.263 4907 RALLYDEBUG rally.task.utils [-] Waiting for resource s_rally_61657a55_FQiRNl46. Status changed: CREATING => AVAILABLE in 2.7797369957
2019-07-25 07:46:42.978 4907 RALLYDEBUG rally.task.utils [-] Waiting for resource s_rally_61657a55_FQiRNl46. Status changed: AVAILABLE => DELETING in 0.347537994385
2019-07-25 07:46:43.691 4906 INFO rally.task.runner [-] Task 0d4d3302-0221-4ce2-993a-87dde54f32a7 | ITER: 5 END: OK
2019-07-25 07:46:43.696 4906 INFO rally.task.runner [-] Task 0d4d3302-0221-4ce2-993a-87dde54f32a7 | ITER: 9 START
2019-07-25 07:46:44.095 4908 INFO rally.task.runner [-] Task 0d4d3302-0221-4ce2-993a-87dde54f32a7 | ITER: 6 END: OK
2019-07-25 07:46:44.099 4908 INFO rally.task.runner [-] Task 0d4d3302-0221-4ce2-993a-87dde54f32a7 | ITER: 10 START
2019-07-25 07:46:44.798 4909 INFO rally.task.runner [-] Task 0d4d3302-0221-4ce2-993a-87dde54f32a7 | ITER: 8 END: OK
2019-07-25 07:46:45.018 4907 INFO rally.task.runner [-] Task 0d4d3302-0221-4ce2-993a-87dde54f32a7 | ITER: 7 END: OK
2019-07-25 07:46:48.201 4906 RALLYDEBUG rally.task.utils [-] Waiting for resource s_rally_61657a55_0VpVR0oa. Status changed: AVAILABLE => DELETING in 0.339694023132
2019-07-25 07:46:48.389 4908 RALLYDEBUG rally.task.utils [-] Waiting for resource s_rally_61657a55_zYcJtO9Y. Status changed: AVAILABLE => DELETING in 0.345443964005
2019-07-25 07:46:50.467 4906 INFO rally.task.runner [-] Task 0d4d3302-0221-4ce2-993a-87dde54f32a7 | ITER: 9 END: OK
2019-07-25 07:46:50.627 4908 INFO rally.task.runner [-] Task 0d4d3302-0221-4ce2-993a-87dde54f32a7 | ITER: 10 END: OK
2019-07-25 07:46:50.651 1842 INFO rally.task.context [-] Task 0d4d3302-0221-4ce2-993a-87dde54f32a7 | Context cleanup@openstack cleanup() started
2019-07-25 07:46:50.654 1842 RALLYDEBUG rally_openstack.cleanup.manager [-] Cleaning up cinder backups objects
2019-07-25 07:46:52.821 1842 RALLYDEBUG rally_openstack.cleanup.manager [-] Cleaning up cinder volume_snapshots objects
2019-07-25 07:46:54.934 1842 RALLYDEBUG rally_openstack.cleanup.manager [-] Cleaning up cinder transfers objects
2019-07-25 07:46:57.170 1842 RALLYDEBUG rally_openstack.cleanup.manager [-] Cleaning up cinder volumes objects
2019-07-25 07:46:59.565 1842 INFO rally.task.context [-] Task 0d4d3302-0221-4ce2-993a-87dde54f32a7 | Context cleanup@openstack cleanup() finished in 8.91 sec
2019-07-25 07:46:59.566 1842 INFO rally.task.context [-] Task 0d4d3302-0221-4ce2-993a-87dde54f32a7 | Context volumes@openstack cleanup() started
2019-07-25 07:46:59.566 1842 RALLYDEBUG rally_openstack.cleanup.manager [-] Cleaning up cinder volumes objects
2019-07-25 07:47:01.863 1842 RALLYDEBUG rally_openstack.cleanup.manager [-] Deleting cinder.volumes object c_rally_61657a55_wxqVXrTc (5857c86e-9439-4fd5-8482-9d38e6d92c92)
2019-07-25 07:47:01.866 1842 RALLYDEBUG rally_openstack.cleanup.manager [-] Deleting cinder.volumes object c_rally_61657a55_8t6C6hIr (8703165a-2791-4adc-9289-31630dba8e1b)
2019-07-25 07:47:01.872 1842 RALLYDEBUG rally_openstack.cleanup.manager [-] Deleting cinder.volumes object c_rally_61657a55_FGjvR8gK (1af096b7-6a90-421d-a1ea-d68653b94bee)
2019-07-25 07:47:05.407 1842 INFO rally.task.context [-] Task 0d4d3302-0221-4ce2-993a-87dde54f32a7 | Context volumes@openstack cleanup() finished in 5.84 sec
2019-07-25 07:47:05.407 1842 INFO rally.task.context [-] Task 0d4d3302-0221-4ce2-993a-87dde54f32a7 | Context quotas@openstack cleanup() started
2019-07-25 07:47:06.391 1842 INFO rally.task.context [-] Task 0d4d3302-0221-4ce2-993a-87dde54f32a7 | Context quotas@openstack cleanup() finished in 0.98 sec
2019-07-25 07:47:06.392 1842 INFO rally.task.context [-] Task 0d4d3302-0221-4ce2-993a-87dde54f32a7 | Context api_versions@openstack cleanup() started
2019-07-25 07:47:06.392 1842 INFO rally.task.context [-] Task 0d4d3302-0221-4ce2-993a-87dde54f32a7 | Context api_versions@openstack cleanup() finished in 0.33 msec
2019-07-25 07:47:06.392 1842 INFO rally.task.context [-] Task 0d4d3302-0221-4ce2-993a-87dde54f32a7 | Context users@openstack cleanup() started
2019-07-25 07:47:14.836 1842 INFO rally.task.context [-] Task 0d4d3302-0221-4ce2-993a-87dde54f32a7 | Context users@openstack cleanup() finished in 8.44 sec
2019-07-25 07:47:15.400 1842 INFO rally.task.engine [-] Load duration is: 25.300233
2019-07-25 07:47:15.400 1842 INFO rally.task.engine [-] Full runner duration is: 25.34964
2019-07-25 07:47:15.400 1842 INFO rally.task.engine [-] Full duration is: 67.733188
2019-07-25 07:47:15.642 1842 INFO rally.task.engine [-] Running workload: position = 0 config = { "version": 2, "title": "A cropped version of a bigger task.", "description": "Auto-generated task from a single workload (uuid=5bab4a59-ef37-46db-bb6e-f500c055be32)", "subtasks": [ { "title": "CinderQos.create_and_get_qos", "description": "Create a qos, then get details of the qos.", "scenario": { "CinderQos.create_and_get_qos": { "consumer": "both", "write_iops_sec": "10", "read_iops_sec": "1000" } }, "contexts": { "users": { "tenants": 3, "users_per_tenant": 2 }, "api_versions": { "cinder": { "version": 3, "service_type": "volumev3" } } }, "runner": { "constant": { "concurrency": 4, "times": 10 } }, "hooks": [], "sla": { "failure_rate": { "max": 0 } } } ] }
2019-07-25 07:47:15.664 1842 RALLYDEBUG rally_openstack.contexts.keystone.users [-] Creating 3 tenants using 20 threads
2019-07-25 07:47:17.518 1842 RALLYDEBUG rally_openstack.contexts.keystone.users [-] Creating 6 users using 20 threads
2019-07-25 07:47:20.231 1842 INFO rally.task.context [-] Task 0d4d3302-0221-4ce2-993a-87dde54f32a7 | Context users@openstack setup() finished in 4.57 sec
2019-07-25 07:47:20.750 1842 INFO rally.task.context [-] Task 0d4d3302-0221-4ce2-993a-87dde54f32a7 | Context api_versions@openstack setup() finished in 0.52 sec
2019-07-25 07:47:20.750 1842 INFO rally.task.context [-] Task 0d4d3302-0221-4ce2-993a-87dde54f32a7 | Context admin_cleanup@openstack setup() finished in 0.01 msec
2019-07-25 07:47:20.757 1842 RALLYDEBUG rally.task.runner [-] Starting the constant runner (task UUID: 0d4d3302-0221-4ce2-993a-87dde54f32a7). timeout: 0 concurrency: 4 concurrency_per_worker: 1 times: 10 concurrency_overhead: 0 processes_to_start: 4 max_cpu_used: 16
2019-07-25 07:47:20.771 5110 RALLYDEBUG rally.task.runner [-] Starting a worker. concurrency: 1 args: {"consumer": "both", "write_iops_sec": "10", "read_iops_sec": "1000"} times: 10 method_name: run timeout: 0 duration: None cls:
2019-07-25 07:47:20.772 5111 RALLYDEBUG rally.task.runner [-] Starting a worker. concurrency: 1 args: {"consumer": "both", "write_iops_sec": "10", "read_iops_sec": "1000"} times: 10 method_name: run timeout: 0 duration: None cls:
2019-07-25 07:47:20.774 5112 RALLYDEBUG rally.task.runner [-] Starting a worker. concurrency: 1 args: {"consumer": "both", "write_iops_sec": "10", "read_iops_sec": "1000"} times: 10 method_name: run timeout: 0 duration: None cls:
2019-07-25 07:47:20.778 5113 RALLYDEBUG rally.task.runner [-] Starting a worker. concurrency: 1 args: {"consumer": "both", "write_iops_sec": "10", "read_iops_sec": "1000"} times: 10 method_name: run timeout: 0 duration: None cls:
2019-07-25 07:47:20.780 5111 INFO rally.task.runner [-] Task 0d4d3302-0221-4ce2-993a-87dde54f32a7 | ITER: 2 START
2019-07-25 07:47:20.780 5110 INFO rally.task.runner [-] Task 0d4d3302-0221-4ce2-993a-87dde54f32a7 | ITER: 1 START
2019-07-25 07:47:20.783 5112 INFO rally.task.runner [-] Task 0d4d3302-0221-4ce2-993a-87dde54f32a7 | ITER: 3 START
2019-07-25 07:47:20.785 5113 INFO rally.task.runner [-] Task 0d4d3302-0221-4ce2-993a-87dde54f32a7 | ITER: 4 START
2019-07-25 07:47:21.844 5113 INFO rally.task.runner [-] Task 0d4d3302-0221-4ce2-993a-87dde54f32a7 | ITER: 4 END: OK
2019-07-25 07:47:21.850 5113 INFO rally.task.runner [-] Task 0d4d3302-0221-4ce2-993a-87dde54f32a7 | ITER: 5 START
2019-07-25 07:47:21.854 5111 INFO rally.task.runner [-] Task 0d4d3302-0221-4ce2-993a-87dde54f32a7 | ITER: 2 END: OK
2019-07-25 07:47:21.856 5110 INFO rally.task.runner [-] Task 0d4d3302-0221-4ce2-993a-87dde54f32a7 | ITER: 1 END: OK
2019-07-25 07:47:21.860 5111 INFO rally.task.runner [-] Task 0d4d3302-0221-4ce2-993a-87dde54f32a7 | ITER: 6 START
2019-07-25 07:47:21.862 5110 INFO rally.task.runner [-] Task 0d4d3302-0221-4ce2-993a-87dde54f32a7 | ITER: 7 START
2019-07-25 07:47:21.864 5112 INFO rally.task.runner [-] Task 0d4d3302-0221-4ce2-993a-87dde54f32a7 | ITER: 3 END: OK
2019-07-25 07:47:21.870 5112 INFO rally.task.runner [-] Task 0d4d3302-0221-4ce2-993a-87dde54f32a7 | ITER: 8 START
2019-07-25 07:47:22.813 5113 INFO rally.task.runner [-] Task 0d4d3302-0221-4ce2-993a-87dde54f32a7 | ITER: 5 END: OK
2019-07-25 07:47:22.818 5113 INFO rally.task.runner [-] Task 0d4d3302-0221-4ce2-993a-87dde54f32a7 | ITER: 9 START
2019-07-25 07:47:22.896 5111 INFO rally.task.runner [-] Task 0d4d3302-0221-4ce2-993a-87dde54f32a7 | ITER: 6 END: OK
2019-07-25 07:47:22.900 5111 INFO rally.task.runner [-] Task 0d4d3302-0221-4ce2-993a-87dde54f32a7 | ITER: 10 START
2019-07-25 07:47:22.907 5110 INFO rally.task.runner [-] Task 0d4d3302-0221-4ce2-993a-87dde54f32a7 | ITER: 7 END: OK
2019-07-25 07:47:22.927 5112 INFO rally.task.runner [-] Task 0d4d3302-0221-4ce2-993a-87dde54f32a7 | ITER: 8 END: OK
2019-07-25 07:47:23.792 5113 INFO rally.task.runner [-] Task 0d4d3302-0221-4ce2-993a-87dde54f32a7 | ITER: 9 END: OK
2019-07-25 07:47:23.944 5111 INFO rally.task.runner [-] Task 0d4d3302-0221-4ce2-993a-87dde54f32a7 | ITER: 10 END: OK
2019-07-25 07:47:23.973 1842 INFO rally.task.context [-] Task 0d4d3302-0221-4ce2-993a-87dde54f32a7 | Context admin_cleanup@openstack cleanup() started
2019-07-25 07:47:23.975 1842 RALLYDEBUG rally_openstack.cleanup.manager [-] Cleaning up cinder volume_types objects
2019-07-25 07:47:24.755 1842 RALLYDEBUG rally_openstack.cleanup.manager [-] Cleaning up cinder image_volumes_cache objects
2019-07-25 07:47:26.047 1842 RALLYDEBUG rally_openstack.cleanup.manager [-] Cleaning up cinder quotas objects
2019-07-25 07:47:27.857 1842 RALLYDEBUG rally_openstack.cleanup.manager [-] Cleaning up cinder qos_specs objects
2019-07-25 07:47:28.518 1842 RALLYDEBUG rally_openstack.cleanup.manager [-] Deleting cinder.qos_specs object s_rally_5bab4a59_vH429ZnL (a75e8e11-2db2-4af6-90e0-16df27192b21)
2019-07-25 07:47:28.522 1842 RALLYDEBUG rally_openstack.cleanup.manager [-] Deleting cinder.qos_specs object s_rally_5bab4a59_DeeVZJkF (8dfce24c-2260-4f2d-9ad2-adaebb27da59)
2019-07-25 07:47:28.534 1842 RALLYDEBUG rally_openstack.cleanup.manager [-] Deleting cinder.qos_specs object s_rally_5bab4a59_9Y06s7Px (f1daeb18-4be9-42b1-9936-0309a6826a59)
2019-07-25 07:47:28.544 1842 RALLYDEBUG rally_openstack.cleanup.manager [-] Deleting cinder.qos_specs object s_rally_5bab4a59_O9AaILVx (e13f7bac-87e4-4926-9e3c-990667d72fbd)
2019-07-25 07:47:28.547 1842 RALLYDEBUG rally_openstack.cleanup.manager [-] Deleting cinder.qos_specs object s_rally_5bab4a59_p6ErVxLe (1d84846a-0ba3-4bb3-a3eb-a13348b18d4c)
2019-07-25 07:47:28.562 1842 RALLYDEBUG rally_openstack.cleanup.manager [-] Deleting cinder.qos_specs object s_rally_5bab4a59_gVB05I3D (049c3614-6147-46fc-88fa-1f957c2cc514)
2019-07-25 07:47:28.567 1842 RALLYDEBUG rally_openstack.cleanup.manager [-] Deleting cinder.qos_specs object s_rally_5bab4a59_0LudfJ3C (799d4f34-62ec-4d54-90e5-9b42d661f556)
2019-07-25 07:47:28.586 1842 RALLYDEBUG rally_openstack.cleanup.manager [-] Deleting cinder.qos_specs object s_rally_5bab4a59_1QxVkifh (212eaf54-3085-450e-b0cb-39fd65b78b15)
2019-07-25 07:47:28.590 1842 RALLYDEBUG rally_openstack.cleanup.manager [-] Deleting cinder.qos_specs object s_rally_5bab4a59_6qjl8Plx (bc0d9b52-c8fa-438b-b87d-0c9fae4d38c8)
2019-07-25 07:47:28.595 1842 RALLYDEBUG rally_openstack.cleanup.manager [-] Deleting cinder.qos_specs object s_rally_5bab4a59_Dwp4wlA7 (1974c0d8-7b3b-409a-bf25-bad283afab4e)
2019-07-25 07:47:31.028 1842 INFO rally.task.context [-] Task 0d4d3302-0221-4ce2-993a-87dde54f32a7 | Context admin_cleanup@openstack cleanup() finished in 7.06 sec
2019-07-25 07:47:31.028 1842 INFO rally.task.context [-] Task 0d4d3302-0221-4ce2-993a-87dde54f32a7 | Context api_versions@openstack cleanup() started
2019-07-25 07:47:31.029 1842 INFO rally.task.context [-] Task 0d4d3302-0221-4ce2-993a-87dde54f32a7 | Context api_versions@openstack cleanup() finished in 0.33 msec
2019-07-25 07:47:31.029 1842 INFO rally.task.context [-] Task 0d4d3302-0221-4ce2-993a-87dde54f32a7 | Context users@openstack cleanup() started
2019-07-25 07:47:39.144 1842 INFO rally.task.context [-] Task 0d4d3302-0221-4ce2-993a-87dde54f32a7 | Context users@openstack cleanup() finished in 8.12 sec
2019-07-25 07:47:39.776 1842 INFO rally.task.engine [-] Load duration is: 3.159783
2019-07-25 07:47:39.777 1842 INFO rally.task.engine [-] Full runner duration is: 3.216105
2019-07-25 07:47:39.777 1842 INFO rally.task.engine [-] Full duration is: 23.485371
2019-07-25 07:47:40.023 1842 INFO rally.task.engine [-] Running workload: position = 0 config = { "version": 2, "title": "A cropped version of a bigger task.", "description": "Auto-generated task from a single workload (uuid=55cbbc9e-a843-4197-9fc4-bc812d3c593f)", "subtasks": [ { "title": "CinderQos.create_and_list_qos", "description": "Create a qos, then list all qos.", "scenario": { "CinderQos.create_and_list_qos": { "consumer": "both", "write_iops_sec": "10", "read_iops_sec": "1000" } }, "contexts": { "users": { "tenants": 3, "users_per_tenant": 2 }, "api_versions": { "cinder": { "version": 3, "service_type": "volumev3" } } }, "runner": { "constant": { "concurrency": 4, "times": 10 } }, "hooks": [], "sla": { "failure_rate": { "max": 0 } } } ] }
2019-07-25 07:47:40.043 1842 RALLYDEBUG rally_openstack.contexts.keystone.users [-] Creating 3 tenants using 20 threads
2019-07-25 07:47:42.031 1842 RALLYDEBUG rally_openstack.contexts.keystone.users [-] Creating 6 users using 20 threads
2019-07-25 07:47:44.788 1842 INFO rally.task.context [-] Task 0d4d3302-0221-4ce2-993a-87dde54f32a7 | Context users@openstack setup() finished in 4.75 sec
2019-07-25 07:47:45.223 1842 INFO rally.task.context [-] Task 0d4d3302-0221-4ce2-993a-87dde54f32a7 | Context api_versions@openstack setup() finished in 0.43 sec
2019-07-25 07:47:45.224 1842 INFO rally.task.context [-] Task 0d4d3302-0221-4ce2-993a-87dde54f32a7 | Context admin_cleanup@openstack setup() finished in 0.01 msec
2019-07-25 07:47:45.231 1842 RALLYDEBUG rally.task.runner [-] Starting the constant runner (task UUID: 0d4d3302-0221-4ce2-993a-87dde54f32a7). timeout: 0 concurrency: 4 concurrency_per_worker: 1 times: 10 concurrency_overhead: 0 processes_to_start: 4 max_cpu_used: 16
2019-07-25 07:47:45.244 5294 RALLYDEBUG rally.task.runner [-] Starting a worker. concurrency: 1 args: {"consumer": "both", "write_iops_sec": "10", "read_iops_sec": "1000"} times: 10 method_name: run timeout: 0 duration: None cls:
2019-07-25 07:47:45.246 5295 RALLYDEBUG rally.task.runner [-] Starting a worker. concurrency: 1 args: {"consumer": "both", "write_iops_sec": "10", "read_iops_sec": "1000"} times: 10 method_name: run timeout: 0 duration: None cls:
2019-07-25 07:47:45.249 5296 RALLYDEBUG rally.task.runner [-] Starting a worker. concurrency: 1 args: {"consumer": "both", "write_iops_sec": "10", "read_iops_sec": "1000"} times: 10 method_name: run timeout: 0 duration: None cls:
