2019-07-25 07:38:37.083 1842 DEBUG novaclient.v2.client [-] GET call to compute for http://172.30.9.34:8774/v2.1/os-keypairs used request id req-aa5d2607-4592-42cb-9ea6-977b3d3aa71d request /usr/lib/python2.7/site-packages/keystoneauth1/session.py:844
2019-07-25 07:38:37.516 1842 DEBUG novaclient.v2.client [-] REQ: curl -g -i -X GET http://172.30.9.34:8774/v2.1/os-keypairs -H "Accept: application/json" -H "User-Agent: python-novaclient" -H "X-Auth-Token: {SHA1}ced13ff7da153460fb1d6f3d926a191e1dfb2596" _http_log_request /usr/lib/python2.7/site-packages/keystoneauth1/session.py:448
2019-07-25 07:38:37.834 1842 DEBUG novaclient.v2.client [-] RESP: [200] Content-Length: 16 Content-Type: application/json Date: Thu, 25 Jul 2019 07:38:37 GMT OpenStack-API-Version: compute 2.1 Server: Apache Vary: OpenStack-API-Version,X-OpenStack-Nova-API-Version X-OpenStack-Nova-API-Version: 2.1 x-compute-request-id: req-222dc7c2-3ca6-4ec0-92fd-fb49bf742661 x-openstack-request-id: req-222dc7c2-3ca6-4ec0-92fd-fb49bf742661 _http_log_response /usr/lib/python2.7/site-packages/keystoneauth1/session.py:479
2019-07-25 07:38:37.835 1842 DEBUG novaclient.v2.client [-] RESP BODY: {"keypairs": []} _http_log_response /usr/lib/python2.7/site-packages/keystoneauth1/session.py:511
2019-07-25 07:38:37.835 1842 DEBUG novaclient.v2.client [-] GET call to compute for http://172.30.9.34:8774/v2.1/os-keypairs used request id req-222dc7c2-3ca6-4ec0-92fd-fb49bf742661 request /usr/lib/python2.7/site-packages/keystoneauth1/session.py:844
2019-07-25 07:38:38.270 1842 DEBUG novaclient.v2.client [-] REQ: curl -g -i -X GET http://172.30.9.34:8774/v2.1/os-keypairs -H "Accept: application/json" -H "User-Agent: python-novaclient" -H "X-Auth-Token: {SHA1}3b98ae25474d92effcf90042cc554fdef9e7406a" _http_log_request /usr/lib/python2.7/site-packages/keystoneauth1/session.py:448
2019-07-25 07:38:38.578 1842 DEBUG novaclient.v2.client [-] RESP: [200] Content-Length: 16 Content-Type: application/json Date: Thu, 25 Jul 2019 07:38:38 GMT OpenStack-API-Version: compute 2.1 Server: Apache Vary: OpenStack-API-Version,X-OpenStack-Nova-API-Version X-OpenStack-Nova-API-Version: 2.1 x-compute-request-id: req-e4065be3-e810-4d14-90af-39008bc9bc92 x-openstack-request-id: req-e4065be3-e810-4d14-90af-39008bc9bc92 _http_log_response /usr/lib/python2.7/site-packages/keystoneauth1/session.py:479
2019-07-25 07:38:38.578 1842 DEBUG novaclient.v2.client [-] RESP BODY: {"keypairs": []} _http_log_response /usr/lib/python2.7/site-packages/keystoneauth1/session.py:511
2019-07-25 07:38:38.578 1842 DEBUG novaclient.v2.client [-] GET call to compute for http://172.30.9.34:8774/v2.1/os-keypairs used request id req-e4065be3-e810-4d14-90af-39008bc9bc92 request /usr/lib/python2.7/site-packages/keystoneauth1/session.py:844
2019-07-25 07:38:39.029 1842 DEBUG novaclient.v2.client [-] REQ: curl -g -i -X GET http://172.30.9.34:8774/v2.1/os-keypairs -H "Accept: application/json" -H "User-Agent: python-novaclient" -H "X-Auth-Token: {SHA1}c041e08708e81cf0c3594a2dbc93ddd66693555d" _http_log_request /usr/lib/python2.7/site-packages/keystoneauth1/session.py:448
2019-07-25 07:38:39.325 1842 DEBUG novaclient.v2.client [-] RESP: [200] Content-Length: 16 Content-Type: application/json Date: Thu, 25 Jul 2019 07:38:39 GMT OpenStack-API-Version: compute 2.1 Server: Apache Vary: OpenStack-API-Version,X-OpenStack-Nova-API-Version X-OpenStack-Nova-API-Version: 2.1 x-compute-request-id: req-723458dc-ff7f-4884-9268-546bd16f177f x-openstack-request-id: req-723458dc-ff7f-4884-9268-546bd16f177f _http_log_response /usr/lib/python2.7/site-packages/keystoneauth1/session.py:479
2019-07-25 07:38:39.326 1842 DEBUG novaclient.v2.client [-] RESP BODY: {"keypairs": []} _http_log_response /usr/lib/python2.7/site-packages/keystoneauth1/session.py:511
2019-07-25 07:38:39.326 1842 DEBUG novaclient.v2.client [-] GET call to compute for http://172.30.9.34:8774/v2.1/os-keypairs used request id req-723458dc-ff7f-4884-9268-546bd16f177f request /usr/lib/python2.7/site-packages/keystoneauth1/session.py:844
2019-07-25 07:38:39.767 1842 DEBUG novaclient.v2.client [-] REQ: curl -g -i -X GET http://172.30.9.34:8774/v2.1/os-keypairs -H "Accept: application/json" -H "User-Agent: python-novaclient" -H "X-Auth-Token: {SHA1}937a6298f727e64fc1b91ea1deb4e80f6bd3efd8" _http_log_request /usr/lib/python2.7/site-packages/keystoneauth1/session.py:448
2019-07-25 07:38:40.050 1842 DEBUG novaclient.v2.client [-] RESP: [200] Content-Length: 16 Content-Type: application/json Date: Thu, 25 Jul 2019 07:38:39 GMT OpenStack-API-Version: compute 2.1 Server: Apache Vary: OpenStack-API-Version,X-OpenStack-Nova-API-Version X-OpenStack-Nova-API-Version: 2.1 x-compute-request-id: req-b98e025d-508d-438a-bb60-b0a4ed9cd364 x-openstack-request-id: req-b98e025d-508d-438a-bb60-b0a4ed9cd364 _http_log_response /usr/lib/python2.7/site-packages/keystoneauth1/session.py:479
2019-07-25 07:38:40.051 1842 DEBUG novaclient.v2.client [-] RESP BODY: {"keypairs": []} _http_log_response /usr/lib/python2.7/site-packages/keystoneauth1/session.py:511
2019-07-25 07:38:40.051 1842 DEBUG novaclient.v2.client [-] GET call to compute for http://172.30.9.34:8774/v2.1/os-keypairs used request id req-b98e025d-508d-438a-bb60-b0a4ed9cd364 request /usr/lib/python2.7/site-packages/keystoneauth1/session.py:844
2019-07-25 07:38:40.058 1842 RALLYDEBUG rally_openstack.cleanup.manager [-] Cleaning up cinder backups objects
2019-07-25 07:38:42.318 1842 RALLYDEBUG rally_openstack.cleanup.manager [-] Cleaning up cinder volume_snapshots objects
2019-07-25 07:38:44.517 1842 RALLYDEBUG rally_openstack.cleanup.manager [-] Cleaning up cinder transfers objects
2019-07-25 07:38:46.813 1842 RALLYDEBUG rally_openstack.cleanup.manager [-] Cleaning up cinder volumes objects
2019-07-25 07:38:49.044 1842 INFO rally.task.context [-] Task 0d4d3302-0221-4ce2-993a-87dde54f32a7 | Context cleanup@openstack cleanup() finished in 18.07 sec
2019-07-25 07:38:49.044 1842 INFO rally.task.context [-] Task 0d4d3302-0221-4ce2-993a-87dde54f32a7 | Context quotas@openstack cleanup() started
2019-07-25 07:38:49.843 1842 INFO rally.task.context [-] Task 0d4d3302-0221-4ce2-993a-87dde54f32a7 | Context quotas@openstack cleanup() finished in 0.80 sec
2019-07-25 07:38:49.843 1842 INFO rally.task.context [-] Task 0d4d3302-0221-4ce2-993a-87dde54f32a7 | Context api_versions@openstack cleanup() started
2019-07-25 07:38:49.844 1842 INFO rally.task.context [-] Task 0d4d3302-0221-4ce2-993a-87dde54f32a7 | Context api_versions@openstack cleanup() finished in 0.31 msec
2019-07-25 07:38:49.844 1842 INFO rally.task.context [-] Task 0d4d3302-0221-4ce2-993a-87dde54f32a7 | Context users@openstack cleanup() started
2019-07-25 07:38:57.905 1842 INFO rally.task.context [-] Task 0d4d3302-0221-4ce2-993a-87dde54f32a7 | Context users@openstack cleanup() finished in 8.06 sec
2019-07-25 07:38:58.876 1842 INFO rally.task.engine [-] Load duration is: 120.648738
2019-07-25 07:38:58.876 1842 INFO rally.task.engine [-] Full runner duration is: 121.70112
2019-07-25 07:38:58.877 1842 INFO rally.task.engine [-] Full duration is: 157.624729
2019-07-25 07:38:59.171 1842 INFO rally.task.engine [-] Running workload: position = 0 config = { "version": 2, "title": "A cropped version of a bigger task.", "description": "Auto-generated task from a single workload (uuid=21f2f3aa-0e9c-4dd3-af98-8ebabb4ed2f6)", "subtasks": [ { "title": "CinderVolumes.create_volume", "description": "Create a volume.", "scenario": { "CinderVolumes.create_volume": { "size": 1 } }, "contexts": { "users": { "tenants": 3, "users_per_tenant": 2 }, "api_versions": { "cinder": { "version": 3, "service_type": "volumev3" } } }, "runner": { "constant": { "concurrency": 4, "times": 10 } }, "hooks": [], "sla": { "failure_rate": { "max": 0 } } } ] }
2019-07-25 07:38:59.195 1842 RALLYDEBUG rally_openstack.contexts.keystone.users [-] Creating 3 tenants using 20 threads
2019-07-25 07:39:01.025 1842 RALLYDEBUG rally_openstack.contexts.keystone.users [-] Creating 6 users using 20 threads
2019-07-25 07:39:03.850 1842 INFO rally.task.context [-] Task 0d4d3302-0221-4ce2-993a-87dde54f32a7 | Context users@openstack setup() finished in 4.66 sec
2019-07-25 07:39:04.284 1842 INFO rally.task.context [-] Task 0d4d3302-0221-4ce2-993a-87dde54f32a7 | Context api_versions@openstack setup() finished in 0.43 sec
2019-07-25 07:39:04.285 1842 INFO rally.task.context [-] Task 0d4d3302-0221-4ce2-993a-87dde54f32a7 | Context cleanup@openstack setup() finished in 0.01 msec
2019-07-25 07:39:04.292 1842 RALLYDEBUG rally.task.runner [-] Starting the constant runner (task UUID: 0d4d3302-0221-4ce2-993a-87dde54f32a7). timeout: 0 concurrency: 4 concurrency_per_worker: 1 times: 10 concurrency_overhead: 0 processes_to_start: 4 max_cpu_used: 16
2019-07-25 07:39:04.304 3474 RALLYDEBUG rally.task.runner [-] Starting a worker. concurrency: 1 args: {"size": 1} times: 10 method_name: run timeout: 0 duration: None cls:
2019-07-25 07:39:04.309 3475 RALLYDEBUG rally.task.runner [-] Starting a worker. concurrency: 1 args: {"size": 1} times: 10 method_name: run timeout: 0 duration: None cls:
2019-07-25 07:39:04.311 3474 INFO rally.task.runner [-] Task 0d4d3302-0221-4ce2-993a-87dde54f32a7 | ITER: 1 START
2019-07-25 07:39:04.312 3476 RALLYDEBUG rally.task.runner [-] Starting a worker. concurrency: 1 args: {"size": 1} times: 10 method_name: run timeout: 0 duration: None cls:
2019-07-25 07:39:04.317 3475 INFO rally.task.runner [-] Task 0d4d3302-0221-4ce2-993a-87dde54f32a7 | ITER: 2 START
2019-07-25 07:39:04.317 3477 RALLYDEBUG rally.task.runner [-] Starting a worker. concurrency: 1 args: {"size": 1} times: 10 method_name: run timeout: 0 duration: None cls:
2019-07-25 07:39:04.319 3476 INFO rally.task.runner [-] Task 0d4d3302-0221-4ce2-993a-87dde54f32a7 | ITER: 3 START
2019-07-25 07:39:04.324 3477 INFO rally.task.runner [-] Task 0d4d3302-0221-4ce2-993a-87dde54f32a7 | ITER: 4 START
2019-07-25 07:39:07.970 3476 INFO rally.task.runner [-] Task 0d4d3302-0221-4ce2-993a-87dde54f32a7 | ITER: 3 END: OK
2019-07-25 07:39:07.973 3475 INFO rally.task.runner [-] Task 0d4d3302-0221-4ce2-993a-87dde54f32a7 | ITER: 2 END: OK
2019-07-25 07:39:07.975 3476 INFO rally.task.runner [-] Task 0d4d3302-0221-4ce2-993a-87dde54f32a7 | ITER: 5 START
2019-07-25 07:39:07.978 3475 INFO rally.task.runner [-] Task 0d4d3302-0221-4ce2-993a-87dde54f32a7 | ITER: 6 START
2019-07-25 07:39:08.126 3474 INFO rally.task.runner [-] Task 0d4d3302-0221-4ce2-993a-87dde54f32a7 | ITER: 1 END: OK
2019-07-25 07:39:08.131 3474 INFO rally.task.runner [-] Task 0d4d3302-0221-4ce2-993a-87dde54f32a7 | ITER: 7 START
2019-07-25 07:39:08.176 3477 INFO rally.task.runner [-] Task 0d4d3302-0221-4ce2-993a-87dde54f32a7 | ITER: 4 END: OK
2019-07-25 07:39:08.181 3477 INFO rally.task.runner [-] Task 0d4d3302-0221-4ce2-993a-87dde54f32a7 | ITER: 8 START
2019-07-25 07:39:11.554 3476 INFO rally.task.runner [-] Task 0d4d3302-0221-4ce2-993a-87dde54f32a7 | ITER: 5 END: OK
2019-07-25 07:39:11.558 3476 INFO rally.task.runner [-] Task 0d4d3302-0221-4ce2-993a-87dde54f32a7 | ITER: 9 START
2019-07-25 07:39:11.678 3475 INFO rally.task.runner [-] Task 0d4d3302-0221-4ce2-993a-87dde54f32a7 | ITER: 6 END: OK
2019-07-25 07:39:11.681 3475 INFO rally.task.runner [-] Task 0d4d3302-0221-4ce2-993a-87dde54f32a7 | ITER: 10 START
2019-07-25 07:39:11.733 3477 INFO rally.task.runner [-] Task 0d4d3302-0221-4ce2-993a-87dde54f32a7 | ITER: 8 END: OK
2019-07-25 07:39:11.908 3474 INFO rally.task.runner [-] Task 0d4d3302-0221-4ce2-993a-87dde54f32a7 | ITER: 7 END: OK
2019-07-25 07:39:15.224 3476 INFO rally.task.runner [-] Task 0d4d3302-0221-4ce2-993a-87dde54f32a7 | ITER: 9 END: OK
2019-07-25 07:39:15.418 3475 INFO rally.task.runner [-] Task 0d4d3302-0221-4ce2-993a-87dde54f32a7 | ITER: 10 END: OK
2019-07-25 07:39:15.442 1842 INFO rally.task.context [-] Task 0d4d3302-0221-4ce2-993a-87dde54f32a7 | Context cleanup@openstack cleanup() started
2019-07-25 07:39:15.445 1842 RALLYDEBUG rally_openstack.cleanup.manager [-] Cleaning up cinder backups objects
2019-07-25 07:39:17.604 1842 RALLYDEBUG rally_openstack.cleanup.manager [-] Cleaning up cinder volume_snapshots objects
2019-07-25 07:39:19.946 1842 RALLYDEBUG rally_openstack.cleanup.manager [-] Cleaning up cinder transfers objects
2019-07-25 07:39:22.173 1842 RALLYDEBUG rally_openstack.cleanup.manager [-] Cleaning up cinder volumes objects
2019-07-25 07:39:24.546 1842 RALLYDEBUG rally_openstack.cleanup.manager [-] Deleting cinder.volumes object s_rally_21f2f3aa_ZHxaxT3u (fdafe9fc-dad1-4254-97dd-3aeb9a506646)
2019-07-25 07:39:24.548 1842 RALLYDEBUG rally_openstack.cleanup.manager [-] Deleting cinder.volumes object s_rally_21f2f3aa_i9pUB3Ko (ac061058-ae00-4274-b875-6c2847ee1795)
2019-07-25 07:39:24.548 1842 RALLYDEBUG rally_openstack.cleanup.manager [-] Deleting cinder.volumes object s_rally_21f2f3aa_wn3PocsI (4ebceca6-4b48-440a-a94d-e17c106509e8)
2019-07-25 07:39:24.553 1842 RALLYDEBUG rally_openstack.cleanup.manager [-] Deleting cinder.volumes object s_rally_21f2f3aa_42rKT20N (9c55a2dd-48d4-4c0b-b33e-b902b59d1105)
2019-07-25 07:39:24.558 1842 RALLYDEBUG rally_openstack.cleanup.manager [-] Deleting cinder.volumes object s_rally_21f2f3aa_XeGA7BsM (cf528a34-8b29-4130-9a27-151fb74c643e)
2019-07-25 07:39:24.560 1842 RALLYDEBUG rally_openstack.cleanup.manager [-] Deleting cinder.volumes object s_rally_21f2f3aa_XaykSCuW (f624354f-ac5a-4544-9711-321c7f71e702)
2019-07-25 07:39:24.564 1842 RALLYDEBUG rally_openstack.cleanup.manager [-] Deleting cinder.volumes object s_rally_21f2f3aa_q27rbbaI (c91a680c-a9b9-4c90-9747-a6e7494cab69)
2019-07-25 07:39:24.568 1842 RALLYDEBUG rally_openstack.cleanup.manager [-] Deleting cinder.volumes object s_rally_21f2f3aa_iNX6YLhZ (0e19becf-dc91-4062-845f-b46de27e7fbc)
2019-07-25 07:39:24.569 1842 RALLYDEBUG rally_openstack.cleanup.manager [-] Deleting cinder.volumes object s_rally_21f2f3aa_2725QoB1 (90388e1b-932c-4112-9dd3-f114dea68e97)
2019-07-25 07:39:24.572 1842 RALLYDEBUG rally_openstack.cleanup.manager [-] Deleting cinder.volumes object s_rally_21f2f3aa_inqf69ai (6e407bf9-b9ea-4043-ac10-74183a7ed906)
2019-07-25 07:39:28.509 1842 INFO rally.task.context [-] Task 0d4d3302-0221-4ce2-993a-87dde54f32a7 | Context cleanup@openstack cleanup() finished in 13.07 sec
2019-07-25 07:39:28.509 1842 INFO rally.task.context [-] Task 0d4d3302-0221-4ce2-993a-87dde54f32a7 | Context api_versions@openstack cleanup() started
2019-07-25 07:39:28.509 1842 INFO rally.task.context [-] Task 0d4d3302-0221-4ce2-993a-87dde54f32a7 | Context api_versions@openstack cleanup() finished in 0.34 msec
2019-07-25 07:39:28.510 1842 INFO rally.task.context [-] Task 0d4d3302-0221-4ce2-993a-87dde54f32a7 | Context users@openstack cleanup() started
2019-07-25 07:39:36.715 1842 INFO rally.task.context [-] Task 0d4d3302-0221-4ce2-993a-87dde54f32a7 | Context users@openstack cleanup() finished in 8.21 sec
2019-07-25 07:39:37.391 1842 INFO rally.task.engine [-] Load duration is: 11.103742
2019-07-25 07:39:37.391 1842 INFO rally.task.engine [-] Full runner duration is: 11.150617
2019-07-25 07:39:37.392 1842 INFO rally.task.engine [-] Full duration is: 37.522978
2019-07-25 07:39:37.569 1842 INFO rally.task.engine [-] Running workload: position = 1 config = { "version": 2, "title": "A cropped version of a bigger task.", "description": "Auto-generated task from a single workload (uuid=55808c5a-8ecc-4a34-ae49-004bdb624abc)", "subtasks": [ { "title": "CinderVolumes.create_volume", "description": "Create a volume.", "scenario": { "CinderVolumes.create_volume": { "size": { "min": 1, "max": 1 } } }, "contexts": { "users": { "tenants": 3, "users_per_tenant": 2 }, "quotas": { "cinder": { "gigabytes": -1, "snapshots": -1, "volumes": -1 } }, "api_versions": { "cinder": { "version": 3, "service_type": "volumev3" } } }, "runner": { "constant": { "concurrency": 4, "times": 10 } }, "hooks": [], "sla": { "failure_rate": { "max": 0 } } } ] }
2019-07-25 07:39:37.592 1842 RALLYDEBUG rally_openstack.contexts.keystone.users [-] Creating 3 tenants using 20 threads
2019-07-25 07:39:39.576 1842 RALLYDEBUG rally_openstack.contexts.keystone.users [-] Creating 6 users using 20 threads
2019-07-25 07:39:42.389 1842 INFO rally.task.context [-] Task 0d4d3302-0221-4ce2-993a-87dde54f32a7 | Context users@openstack setup() finished in 4.80 sec
2019-07-25 07:39:42.829 1842 INFO rally.task.context [-] Task 0d4d3302-0221-4ce2-993a-87dde54f32a7 | Context api_versions@openstack setup() finished in 0.44 sec
2019-07-25 07:39:44.524 1842 INFO rally.task.context [-] Task 0d4d3302-0221-4ce2-993a-87dde54f32a7 | Context quotas@openstack setup() finished in 1.70 sec
2019-07-25 07:39:44.525 1842 INFO rally.task.context [-] Task 0d4d3302-0221-4ce2-993a-87dde54f32a7 | Context cleanup@openstack setup() finished in 0.00 msec
2019-07-25 07:39:44.534 1842 RALLYDEBUG rally.task.runner [-] Starting the constant runner (task UUID: 0d4d3302-0221-4ce2-993a-87dde54f32a7). timeout: 0 concurrency: 4 concurrency_per_worker: 1 times: 10 concurrency_overhead: 0 processes_to_start: 4 max_cpu_used: 16
2019-07-25 07:39:44.544 3658 RALLYDEBUG rally.task.runner [-] Starting a worker. concurrency: 1 args: {"size": {"min": 1, "max": 1}} times: 10 method_name: run timeout: 0 duration: None cls:
2019-07-25 07:39:44.549 3659 RALLYDEBUG rally.task.runner [-] Starting a worker. concurrency: 1 args: {"size": {"min": 1, "max": 1}} times: 10 method_name: run timeout: 0 duration: None cls:
2019-07-25 07:39:44.550 3658 INFO rally.task.runner [-] Task 0d4d3302-0221-4ce2-993a-87dde54f32a7 | ITER: 1 START
2019-07-25 07:39:44.552 3660 RALLYDEBUG rally.task.runner [-] Starting a worker. concurrency: 1 args: {"size": {"min": 1, "max": 1}} times: 10 method_name: run timeout: 0 duration: None cls:
2019-07-25 07:39:44.555 3661 RALLYDEBUG rally.task.runner [-] Starting a worker. concurrency: 1 args: {"size": {"min": 1, "max": 1}} times: 10 method_name: run timeout: 0 duration: None cls:
2019-07-25 07:39:44.558 3659 INFO rally.task.runner [-] Task 0d4d3302-0221-4ce2-993a-87dde54f32a7 | ITER: 2 START
2019-07-25 07:39:44.559 3660 INFO rally.task.runner [-] Task 0d4d3302-0221-4ce2-993a-87dde54f32a7 | ITER: 3 START
2019-07-25 07:39:44.565 3661 INFO rally.task.runner [-] Task 0d4d3302-0221-4ce2-993a-87dde54f32a7 | ITER: 4 START
2019-07-25 07:39:48.165 3660 INFO rally.task.runner [-] Task 0d4d3302-0221-4ce2-993a-87dde54f32a7 | ITER: 3 END: OK
2019-07-25 07:39:48.170 3660 INFO rally.task.runner [-] Task 0d4d3302-0221-4ce2-993a-87dde54f32a7 | ITER: 5 START
2019-07-25 07:39:48.235 3658 INFO rally.task.runner [-] Task 0d4d3302-0221-4ce2-993a-87dde54f32a7 | ITER: 1 END: OK
2019-07-25 07:39:48.240 3658 INFO rally.task.runner [-] Task 0d4d3302-0221-4ce2-993a-87dde54f32a7 | ITER: 6 START
2019-07-25 07:39:48.275 3661 INFO rally.task.runner [-] Task 0d4d3302-0221-4ce2-993a-87dde54f32a7 | ITER: 4 END: OK
2019-07-25 07:39:48.281 3661 INFO rally.task.runner [-] Task 0d4d3302-0221-4ce2-993a-87dde54f32a7 | ITER: 7 START
2019-07-25 07:39:48.296 3659 INFO rally.task.runner [-] Task 0d4d3302-0221-4ce2-993a-87dde54f32a7 | ITER: 2 END: OK
2019-07-25 07:39:48.301 3659 INFO rally.task.runner [-] Task 0d4d3302-0221-4ce2-993a-87dde54f32a7 | ITER: 8 START
2019-07-25 07:39:51.763 3659 INFO rally.task.runner [-] Task 0d4d3302-0221-4ce2-993a-87dde54f32a7 | ITER: 8 END: OK
2019-07-25 07:39:51.768 3659 INFO rally.task.runner [-] Task 0d4d3302-0221-4ce2-993a-87dde54f32a7 | ITER: 9 START
2019-07-25 07:39:51.799 3660 INFO rally.task.runner [-] Task 0d4d3302-0221-4ce2-993a-87dde54f32a7 | ITER: 5 END: OK
2019-07-25 07:39:51.804 3660 INFO rally.task.runner [-] Task 0d4d3302-0221-4ce2-993a-87dde54f32a7 | ITER: 10 START
2019-07-25 07:39:52.005 3661 INFO rally.task.runner [-] Task 0d4d3302-0221-4ce2-993a-87dde54f32a7 | ITER: 7 END: OK
2019-07-25 07:39:52.069 3658 INFO rally.task.runner [-] Task 0d4d3302-0221-4ce2-993a-87dde54f32a7 | ITER: 6 END: OK
2019-07-25 07:39:55.403 3660 INFO rally.task.runner [-] Task 0d4d3302-0221-4ce2-993a-87dde54f32a7 | ITER: 10 END: OK
2019-07-25 07:39:55.473 3659 INFO rally.task.runner [-] Task 0d4d3302-0221-4ce2-993a-87dde54f32a7 | ITER: 9 END: OK
2019-07-25 07:39:55.494 1842 INFO rally.task.context [-] Task 0d4d3302-0221-4ce2-993a-87dde54f32a7 | Context cleanup@openstack cleanup() started
2019-07-25 07:39:55.496 1842 RALLYDEBUG rally_openstack.cleanup.manager [-] Cleaning up cinder backups objects
2019-07-25 07:39:57.660 1842 RALLYDEBUG rally_openstack.cleanup.manager [-] Cleaning up cinder volume_snapshots objects
2019-07-25 07:39:59.906 1842 RALLYDEBUG rally_openstack.cleanup.manager [-] Cleaning up cinder transfers objects
2019-07-25 07:40:02.034 1842 RALLYDEBUG rally_openstack.cleanup.manager [-] Cleaning up cinder volumes objects
2019-07-25 07:40:04.474 1842 RALLYDEBUG rally_openstack.cleanup.manager [-] Deleting cinder.volumes object s_rally_55808c5a_6KCbmSxN (040ee335-abcc-45fb-b01d-859bed673587)
2019-07-25 07:40:04.477 1842 RALLYDEBUG rally_openstack.cleanup.manager [-] Deleting cinder.volumes object s_rally_55808c5a_lujeN2Cd (a117cdf1-ceb6-4a49-bbb8-60ffd20c1277)
2019-07-25 07:40:04.477 1842 RALLYDEBUG rally_openstack.cleanup.manager [-] Deleting cinder.volumes object s_rally_55808c5a_QVQj8Fnk (7dafbd08-a104-4a50-9662-6ecf247310eb)
2019-07-25 07:40:04.477 1842 RALLYDEBUG rally_openstack.cleanup.manager [-] Deleting cinder.volumes object s_rally_55808c5a_AVefrQxd (7cd7beb8-2ba2-4ec0-8440-51839b4df7fc)
2019-07-25 07:40:04.488 1842 RALLYDEBUG rally_openstack.cleanup.manager [-] Deleting cinder.volumes object s_rally_55808c5a_mBGDDluG (bb8bdafb-aad6-4376-8bd8-b0b8c6ad0e97)
2019-07-25 07:40:04.490 1842 RALLYDEBUG rally_openstack.cleanup.manager [-] Deleting cinder.volumes object s_rally_55808c5a_tsvY9hI3 (00493c4b-099a-4a4a-bfb8-ebda3aeaf0a4)
2019-07-25 07:40:04.496 1842 RALLYDEBUG rally_openstack.cleanup.manager [-] Deleting cinder.volumes object s_rally_55808c5a_e9utCffC (abc7e0a2-45f1-417f-b2d9-b0e406034e99)
2019-07-25 07:40:04.505 1842 RALLYDEBUG rally_openstack.cleanup.manager [-] Deleting cinder.volumes object s_rally_55808c5a_S2cMht4E (cb62ce7b-4c33-4647-ae29-2561f79125a2)
2019-07-25 07:40:04.507 1842 RALLYDEBUG rally_openstack.cleanup.manager [-] Deleting cinder.volumes object s_rally_55808c5a_VIwd2G0G (a81747de-bb50-478c-bcf4-ca5c43d6cd21)
2019-07-25 07:40:04.519 1842 RALLYDEBUG rally_openstack.cleanup.manager [-] Deleting cinder.volumes object s_rally_55808c5a_I41JI0DN (0ad3f970-4f7a-449a-a368-e83d8382419f)
2019-07-25 07:40:08.462 1842 INFO rally.task.context [-] Task 0d4d3302-0221-4ce2-993a-87dde54f32a7 | Context cleanup@openstack cleanup() finished in 12.97 sec
2019-07-25 07:40:08.463 1842 INFO rally.task.context [-] Task 0d4d3302-0221-4ce2-993a-87dde54f32a7 | Context quotas@openstack cleanup() started
2019-07-25 07:40:09.055 1842 INFO rally.task.context [-] Task 0d4d3302-0221-4ce2-993a-87dde54f32a7 | Context quotas@openstack cleanup() finished in 0.59 sec
2019-07-25 07:40:09.055 1842 INFO rally.task.context [-] Task 0d4d3302-0221-4ce2-993a-87dde54f32a7 | Context api_versions@openstack cleanup() started
2019-07-25 07:40:09.056 1842 INFO rally.task.context [-] Task 0d4d3302-0221-4ce2-993a-87dde54f32a7 | Context api_versions@openstack cleanup() finished in 0.30 msec
2019-07-25 07:40:09.056 1842 INFO rally.task.context [-] Task 0d4d3302-0221-4ce2-993a-87dde54f32a7 | Context users@openstack cleanup() started
2019-07-25 07:40:17.468 1842 INFO rally.task.context [-] Task 0d4d3302-0221-4ce2-993a-87dde54f32a7 | Context users@openstack cleanup() finished in 8.41 sec
2019-07-25 07:40:17.780 1842 INFO rally.task.engine [-] Load duration is: 10.919706
2019-07-25 07:40:17.780 1842 INFO rally.task.engine [-] Full runner duration is: 10.961269
2019-07-25 07:40:17.780 1842 INFO rally.task.engine [-] Full duration is: 39.880829
2019-07-25 07:40:18.030 1842 INFO rally.task.engine [-] Running workload: position = 0 config = { "version": 2, "title": "A cropped version of a bigger task.", "description": "Auto-generated task from a single workload (uuid=a50f31a9-52d2-4443-87f5-d99950c10a81)", "subtasks": [ { "title": "CinderVolumes.list_volumes", "description": "List all volumes.", "scenario": { "CinderVolumes.list_volumes": { "detailed": true } }, "contexts": { "users": { "tenants": 3, "users_per_tenant": 2 }, "quotas": { "cinder": { "gigabytes": -1, "snapshots": -1, "volumes": -1 } }, "api_versions": { "cinder": { "version": 3, "service_type": "volumev3" } }, "volumes": { "size": 1, "volumes_per_tenant": 4 } }, "runner": { "constant": { "concurrency": 4, "times": 10 } }, "hooks": [], "sla": { "failure_rate": { "max": 0 } } } ] }
2019-07-25 07:40:18.054 1842 RALLYDEBUG rally_openstack.contexts.keystone.users [-] Creating 3 tenants using 20 threads
2019-07-25 07:40:19.956 1842 RALLYDEBUG rally_openstack.contexts.keystone.users [-] Creating 6 users using 20 threads
2019-07-25 07:40:22.840 1842 INFO rally.task.context [-] Task 0d4d3302-0221-4ce2-993a-87dde54f32a7 | Context users@openstack setup() finished in 4.79 sec
2019-07-25 07:40:23.274 1842 INFO rally.task.context [-] Task 0d4d3302-0221-4ce2-993a-87dde54f32a7 | Context api_versions@openstack setup() finished in 0.43 sec
2019-07-25 07:40:24.949 1842 INFO rally.task.context [-] Task 0d4d3302-0221-4ce2-993a-87dde54f32a7 | Context quotas@openstack setup() finished in 1.67 sec
2019-07-25 07:41:03.590 1842 INFO rally.task.context [-] Task 0d4d3302-0221-4ce2-993a-87dde54f32a7 | Context volumes@openstack setup() finished in 38.64 sec
2019-07-25 07:41:03.598 1842 RALLYDEBUG rally.task.runner [-] Starting the constant runner (task UUID: 0d4d3302-0221-4ce2-993a-87dde54f32a7). timeout: 0 concurrency: 4 concurrency_per_worker: 1 times: 10 concurrency_overhead: 0 processes_to_start: 4 max_cpu_used: 16
2019-07-25 07:41:03.610 3842 RALLYDEBUG rally.task.runner [-] Starting a worker. concurrency: 1 args: {"detailed": true} times: 10 method_name: run timeout: 0 duration: None cls:
2019-07-25 07:41:03.613 3843 RALLYDEBUG rally.task.runner [-] Starting a worker. concurrency: 1 args: {"detailed": true} times: 10 method_name: run timeout: 0 duration: None cls:
2019-07-25 07:41:03.616 3844 RALLYDEBUG rally.task.runner [-] Starting a worker. concurrency: 1 args: {"detailed": true} times: 10 method_name: run timeout: 0 duration: None cls:
2019-07-25 07:41:03.619 3845 RALLYDEBUG rally.task.runner [-] Starting a worker. concurrency: 1 args: {"detailed": true} times: 10 method_name: run timeout: 0 duration: None cls:
2019-07-25 07:41:03.622 3842 INFO rally.task.runner [-] Task 0d4d3302-0221-4ce2-993a-87dde54f32a7 | ITER: 1 START
2019-07-25 07:41:03.625 3843 INFO rally.task.runner [-] Task 0d4d3302-0221-4ce2-993a-87dde54f32a7 | ITER: 2 START
2019-07-25 07:41:03.627 3844 INFO rally.task.runner [-] Task 0d4d3302-0221-4ce2-993a-87dde54f32a7 | ITER: 3 START
2019-07-25 07:41:03.631 3845 INFO rally.task.runner [-] Task 0d4d3302-0221-4ce2-993a-87dde54f32a7 | ITER: 4 START
2019-07-25 07:41:04.412 3845 INFO rally.task.runner [-] Task 0d4d3302-0221-4ce2-993a-87dde54f32a7 | ITER: 4 END: OK
2019-07-25 07:41:04.419 3845 INFO rally.task.runner [-] Task 0d4d3302-0221-4ce2-993a-87dde54f32a7 | ITER: 5 START
2019-07-25 07:41:04.427 3842 INFO rally.task.runner [-] Task 0d4d3302-0221-4ce2-993a-87dde54f32a7 | ITER: 1 END: OK
2019-07-25 07:41:04.430 3843 INFO rally.task.runner [-] Task 0d4d3302-0221-4ce2-993a-87dde54f32a7 | ITER: 2 END: OK
2019-07-25 07:41:04.433 3844 INFO rally.task.runner [-] Task 0d4d3302-0221-4ce2-993a-87dde54f32a7 | ITER: 3 END: OK
2019-07-25 07:41:04.436 3842 INFO rally.task.runner [-] Task 0d4d3302-0221-4ce2-993a-87dde54f32a7 | ITER: 6 START
2019-07-25 07:41:04.437 3843 INFO rally.task.runner [-] Task 0d4d3302-0221-4ce2-993a-87dde54f32a7 | ITER: 7 START
2019-07-25 07:41:04.440 3844 INFO rally.task.runner [-] Task 0d4d3302-0221-4ce2-993a-87dde54f32a7 | ITER: 8 START
2019-07-25 07:41:05.143 3845 INFO rally.task.runner [-] Task 0d4d3302-0221-4ce2-993a-87dde54f32a7 | ITER: 5 END: OK
2019-07-25 07:41:05.148 3845 INFO rally.task.runner [-] Task 0d4d3302-0221-4ce2-993a-87dde54f32a7 | ITER: 9 START
2019-07-25 07:41:05.230 3844 INFO rally.task.runner [-] Task 0d4d3302-0221-4ce2-993a-87dde54f32a7 | ITER: 8 END: OK
2019-07-25 07:41:05.232 3842 INFO rally.task.runner [-] Task 0d4d3302-0221-4ce2-993a-87dde54f32a7 | ITER: 6 END: OK
2019-07-25 07:41:05.233 3843 INFO rally.task.runner [-] Task 0d4d3302-0221-4ce2-993a-87dde54f32a7 | ITER: 7 END: OK
2019-07-25 07:41:05.235 3844 INFO rally.task.runner [-] Task 0d4d3302-0221-4ce2-993a-87dde54f32a7 | ITER: 10 START
2019-07-25 07:41:05.857 3845 INFO rally.task.runner [-] Task 0d4d3302-0221-4ce2-993a-87dde54f32a7 | ITER: 9 END: OK
2019-07-25 07:41:06.035 3844 INFO rally.task.runner [-] Task 0d4d3302-0221-4ce2-993a-87dde54f32a7 | ITER: 10 END: OK
2019-07-25 07:41:06.066 1842 INFO rally.task.context [-] Task 0d4d3302-0221-4ce2-993a-87dde54f32a7 | Context volumes@openstack cleanup() started
2019-07-25 07:41:06.068 1842 RALLYDEBUG rally_openstack.cleanup.manager [-] Cleaning up cinder volumes objects
2019-07-25 07:41:08.398 1842 RALLYDEBUG rally_openstack.cleanup.manager [-] Deleting cinder.volumes object c_rally_a50f31a9_Hf5uAtL0 (1ee15f09-ba84-468f-98f7-6bcfdcbba5f4)
2019-07-25 07:41:08.398 1842 RALLYDEBUG rally_openstack.cleanup.manager [-] Deleting cinder.volumes object c_rally_a50f31a9_Tl1zexaY (c451f50a-7077-4432-855d-2d0f45b5f2b4)
2019-07-25 07:41:08.407 1842 RALLYDEBUG rally_openstack.cleanup.manager [-] Deleting cinder.volumes object c_rally_a50f31a9_VnvmE5ek (2856b78c-f238-4bb5-b5e1-436567e82e69)
2019-07-25 07:41:08.407 1842 RALLYDEBUG rally_openstack.cleanup.manager [-] Deleting cinder.volumes object c_rally_a50f31a9_Yye0CgTD (62aa4ea8-7514-4643-b528-2a88da33f706)
2019-07-25 07:41:08.411 1842 RALLYDEBUG rally_openstack.cleanup.manager [-] Deleting cinder.volumes object c_rally_a50f31a9_4DSAR2nI (8ca5057a-f28b-4725-9e18-1b2c726ae7a5)
2019-07-25 07:41:08.416 1842 RALLYDEBUG rally_openstack.cleanup.manager [-] Deleting cinder.volumes object c_rally_a50f31a9_QCV4gxX2 (9546b6c6-e1f2-4a61-8fee-021c860ec5bf)
2019-07-25 07:41:08.422 1842 RALLYDEBUG rally_openstack.cleanup.manager [-] Deleting cinder.volumes object c_rally_a50f31a9_4PmziqDQ (b22795c2-1091-4c4b-8f70-a8faa37f9de4)
2019-07-25 07:41:08.432 1842 RALLYDEBUG rally_openstack.cleanup.manager [-] Deleting cinder.volumes object c_rally_a50f31a9_qe5BVqCi (53f38392-0113-45e7-a9cc-ed754e937999)
2019-07-25 07:41:08.441 1842 RALLYDEBUG rally_openstack.cleanup.manager [-] Deleting cinder.volumes object c_rally_a50f31a9_UtNDb7it (6ae2aa19-3577-44a1-8b43-81fe093680c7)
2019-07-25 07:41:08.447 1842 RALLYDEBUG rally_openstack.cleanup.manager [-] Deleting cinder.volumes object c_rally_a50f31a9_8xN3ENmQ (2310dfd5-5950-4e95-85d0-a7e24e74a62d)
2019-07-25 07:41:08.469 1842 RALLYDEBUG rally_openstack.cleanup.manager [-] Deleting cinder.volumes object c_rally_a50f31a9_b48keMQg (15d284be-1667-4db5-84ba-5e32c029950f)
2019-07-25 07:41:08.496 1842 RALLYDEBUG rally_openstack.cleanup.manager [-] Deleting cinder.volumes object c_rally_a50f31a9_i1pvzk0y (0c0cc01f-58e5-42e8-b9d7-12ff770bbc75)
2019-07-25 07:41:13.838 1842 INFO rally.task.context [-] Task 0d4d3302-0221-4ce2-993a-87dde54f32a7 | Context volumes@openstack cleanup() finished in 7.77 sec
2019-07-25 07:41:13.838 1842 INFO rally.task.context [-] Task 0d4d3302-0221-4ce2-993a-87dde54f32a7 | Context quotas@openstack cleanup() started
2019-07-25 07:41:14.534 1842 INFO rally.task.context [-] Task 0d4d3302-0221-4ce2-993a-87dde54f32a7 | Context quotas@openstack cleanup() finished in 0.70 sec
2019-07-25 07:41:14.534 1842 INFO rally.task.context [-] Task 0d4d3302-0221-4ce2-993a-87dde54f32a7 | Context api_versions@openstack cleanup() started
2019-07-25 07:41:14.535 1842 INFO rally.task.context [-] Task 0d4d3302-0221-4ce2-993a-87dde54f32a7 | Context api_versions@openstack cleanup() finished in 0.31 msec
2019-07-25 07:41:14.535 1842 INFO rally.task.context [-] Task 0d4d3302-0221-4ce2-993a-87dde54f32a7 | Context users@openstack cleanup() started
2019-07-25 07:41:22.655 1842 INFO rally.task.context [-] Task 0d4d3302-0221-4ce2-993a-87dde54f32a7 | Context users@openstack cleanup() finished in 8.12 sec
2019-07-25 07:41:24.329 1842 INFO rally.task.engine [-] Load duration is: 2.409545
2019-07-25 07:41:24.330 1842 INFO rally.task.engine [-] Full runner duration is: 2.468893
2019-07-25 07:41:24.330 1842 INFO rally.task.engine [-] Full duration is: 64.605596
2019-07-25 07:41:24.620 1842 INFO rally.task.engine [-] Running workload: position = 0 config = { "version": 2, "title": "A cropped version of a bigger task.", "description": "Auto-generated task from a single workload (uuid=0c38a844-b3df-4b38-8ef7-4a29cb3781aa)", "subtasks": [ { "title": "CinderVolumes.create_and_delete_snapshot", "description": "Create and then delete a volume-snapshot.", "scenario": { "CinderVolumes.create_and_delete_snapshot": { "force": false } }, "contexts": { "users": { "tenants": 3, "users_per_tenant": 2 }, "quotas": { "cinder": { "gigabytes": -1, "snapshots": -1, "volumes": -1 } }, "api_versions": { "cinder": { "version": 3, "service_type": "volumev3" } }, "volumes": { "size": 1, "volumes_per_tenant": 1 } }, "runner": { "constant": { "concurrency": 4, "times": 10 } }, "hooks": [], "sla": { "failure_rate": { "max": 0 } } } ] }
2019-07-25 07:41:24.646 1842 RALLYDEBUG rally_openstack.contexts.keystone.users [-] Creating 3 tenants using 20 threads
2019-07-25 07:41:26.639 1842 RALLYDEBUG rally_openstack.contexts.keystone.users [-] Creating 6 users using 20 threads
2019-07-25 07:41:29.581 1842 INFO rally.task.context [-] Task 0d4d3302-0221-4ce2-993a-87dde54f32a7 | Context users@openstack setup() finished in 4.94 sec
2019-07-25 07:41:30.017 1842 INFO rally.task.context [-] Task 0d4d3302-0221-4ce2-993a-87dde54f32a7 | Context api_versions@openstack setup() finished in 0.43 sec
2019-07-25 07:41:31.767 1842 INFO rally.task.context [-] Task 0d4d3302-0221-4ce2-993a-87dde54f32a7 | Context quotas@openstack setup() finished in 1.75 sec
2019-07-25 07:41:42.856 1842 INFO rally.task.context [-] Task 0d4d3302-0221-4ce2-993a-87dde54f32a7 | Context volumes@openstack setup() finished in 11.09 sec
2019-07-25 07:41:42.857 1842 INFO rally.task.context [-] Task 0d4d3302-0221-4ce2-993a-87dde54f32a7 | Context cleanup@openstack setup() finished in 0.01 msec
2019-07-25 07:41:42.865 1842 RALLYDEBUG rally.task.runner [-] Starting the constant runner (task UUID: 0d4d3302-0221-4ce2-993a-87dde54f32a7). timeout: 0 concurrency: 4 concurrency_per_worker: 1 times: 10 concurrency_overhead: 0 processes_to_start: 4 max_cpu_used: 16
2019-07-25 07:41:42.878 3966 RALLYDEBUG rally.task.runner [-] Starting a worker. concurrency: 1 args: {"force": false} times: 10 method_name: run timeout: 0 duration: None cls:
2019-07-25 07:41:42.881 3967 RALLYDEBUG rally.task.runner [-] Starting a worker. concurrency: 1 args: {"force": false} times: 10 method_name: run timeout: 0 duration: None cls:
2019-07-25 07:41:42.884 3968 RALLYDEBUG rally.task.runner [-] Starting a worker. concurrency: 1 args: {"force": false} times: 10 method_name: run timeout: 0 duration: None cls:
2019-07-25 07:41:42.886 3966 INFO rally.task.runner [-] Task 0d4d3302-0221-4ce2-993a-87dde54f32a7 | ITER: 1 START
2019-07-25 07:41:42.887 3969 RALLYDEBUG rally.task.runner [-] Starting a worker. concurrency: 1 args: {"force": false} times: 10 method_name: run timeout: 0 duration: None cls:
2019-07-25 07:41:42.889 3967 INFO rally.task.runner [-] Task 0d4d3302-0221-4ce2-993a-87dde54f32a7 | ITER: 2 START
2019-07-25 07:41:42.892 3968 INFO rally.task.runner [-] Task 0d4d3302-0221-4ce2-993a-87dde54f32a7 | ITER: 3 START
2019-07-25 07:41:42.893 3969 INFO rally.task.runner [-] Task 0d4d3302-0221-4ce2-993a-87dde54f32a7 | ITER: 4 START
2019-07-25 07:41:46.940 3969 RALLYDEBUG rally.task.utils [-] Waiting for resource s_rally_0c38a844_vtxoUGYN. Status changed: AVAILABLE => DELETING in 0.359964132309
2019-07-25 07:41:47.007 3966 RALLYDEBUG rally.task.utils [-] Waiting for resource s_rally_0c38a844_7r2FbrIy. Status changed: AVAILABLE => DELETING in 0.23810005188
2019-07-25 07:41:47.064 3967 RALLYDEBUG rally.task.utils [-] Waiting for resource s_rally_0c38a844_1cGzw0dp. Status changed: AVAILABLE => DELETING in 0.304551124573
2019-07-25 07:41:47.432 3968 RALLYDEBUG rally.task.utils [-] Waiting for resource s_rally_0c38a844_TgRX5iyK. Status changed: AVAILABLE => DELETING in 0.319199085236
2019-07-25 07:41:49.032 3966 INFO rally.task.runner [-] Task 0d4d3302-0221-4ce2-993a-87dde54f32a7 | ITER: 1 END: OK
2019-07-25 07:41:49.038 3966 INFO rally.task.runner [-] Task 0d4d3302-0221-4ce2-993a-87dde54f32a7 | ITER: 5 START
2019-07-25 07:41:49.256 3969 INFO rally.task.runner [-] Task 0d4d3302-0221-4ce2-993a-87dde54f32a7 | ITER: 4 END: OK
2019-07-25 07:41:49.261 3969 INFO rally.task.runner [-] Task 0d4d3302-0221-4ce2-993a-87dde54f32a7 | ITER: 6 START
2019-07-25 07:41:49.465 3967 INFO rally.task.runner [-] Task 0d4d3302-0221-4ce2-993a-87dde54f32a7 | ITER: 2 END: OK
2019-07-25 07:41:49.469 3967 INFO rally.task.runner [-] Task 0d4d3302-0221-4ce2-993a-87dde54f32a7 | ITER: 7 START
2019-07-25 07:41:49.652 3968 INFO rally.task.runner [-] Task 0d4d3302-0221-4ce2-993a-87dde54f32a7 | ITER: 3 END: OK
2019-07-25 07:41:49.658 3968 INFO rally.task.runner [-] Task 0d4d3302-0221-4ce2-993a-87dde54f32a7 | ITER: 8 START
2019-07-25 07:41:53.267 3969 RALLYDEBUG rally.task.utils [-] Waiting for resource s_rally_0c38a844_p87V4nFv. Status changed: AVAILABLE => DELETING in 0.232100009918
2019-07-25 07:41:53.447 3966 RALLYDEBUG rally.task.utils [-] Waiting for resource s_rally_0c38a844_XqnPE5pX. Status changed: AVAILABLE => DELETING in 0.327826023102
2019-07-25 07:41:53.632 3967 RALLYDEBUG rally.task.utils [-] Waiting for resource s_rally_0c38a844_TcmK8F5P. Status changed: AVAILABLE => DELETING in 0.322028160095
2019-07-25 07:41:53.804 3968 RALLYDEBUG rally.task.utils [-] Waiting for resource s_rally_0c38a844_pJLEIUDT. Status changed: AVAILABLE => DELETING in 0.295881986618
2019-07-25 07:41:55.564 3969 INFO rally.task.runner [-] Task 0d4d3302-0221-4ce2-993a-87dde54f32a7 | ITER: 6 END: OK
2019-07-25 07:41:55.569 3969 INFO rally.task.runner [-] Task 0d4d3302-0221-4ce2-993a-87dde54f32a7 | ITER: 9 START
2019-07-25 07:41:55.765 3966 INFO rally.task.runner [-] Task 0d4d3302-0221-4ce2-993a-87dde54f32a7 | ITER: 5 END: OK
2019-07-25 07:41:55.771 3966 INFO rally.task.runner [-] Task 0d4d3302-0221-4ce2-993a-87dde54f32a7 | ITER: 10 START
2019-07-25 07:41:55.947 3967 INFO rally.task.runner [-] Task 0d4d3302-0221-4ce2-993a-87dde54f32a7 | ITER: 7 END: OK
2019-07-25 07:41:56.152 3968 INFO rally.task.runner [-] Task 0d4d3302-0221-4ce2-993a-87dde54f32a7 | ITER: 8 END: OK
2019-07-25 07:41:59.601 3969 RALLYDEBUG rally.task.utils [-] Waiting for resource s_rally_0c38a844_Jd4Y2M5V. Status changed: AVAILABLE => DELETING in 0.299282073975
2019-07-25 07:41:59.928 3966 RALLYDEBUG rally.task.utils [-] Waiting for resource s_rally_0c38a844_6pdabm3h. Status changed: AVAILABLE => DELETING in 0.321316957474
2019-07-25 07:42:01.926 3969 INFO rally.task.runner [-] Task 0d4d3302-0221-4ce2-993a-87dde54f32a7 | ITER: 9 END: OK
2019-07-25 07:42:02.156 3966 INFO rally.task.runner [-] Task 0d4d3302-0221-4ce2-993a-87dde54f32a7 | ITER: 10 END: OK
2019-07-25 07:42:02.185 1842 INFO rally.task.context [-] Task 0d4d3302-0221-4ce2-993a-87dde54f32a7 | Context cleanup@openstack cleanup() started
2019-07-25 07:42:02.187 1842 RALLYDEBUG rally_openstack.cleanup.manager [-] Cleaning up cinder backups objects
2019-07-25 07:42:04.540 1842 RALLYDEBUG rally_openstack.cleanup.manager [-] Cleaning up cinder volume_snapshots objects
2019-07-25 07:42:06.710 1842 RALLYDEBUG rally_openstack.cleanup.manager [-] Cleaning up cinder transfers objects
2019-07-25 07:42:08.929 1842 RALLYDEBUG rally_openstack.cleanup.manager [-] Cleaning up cinder volumes objects
2019-07-25 07:42:11.291 1842 INFO rally.task.context [-] Task 0d4d3302-0221-4ce2-993a-87dde54f32a7 | Context cleanup@openstack cleanup() finished in 9.11 sec
2019-07-25 07:42:11.291 1842 INFO rally.task.context [-] Task 0d4d3302-0221-4ce2-993a-87dde54f32a7 | Context volumes@openstack cleanup() started
2019-07-25 07:42:11.292 1842 RALLYDEBUG rally_openstack.cleanup.manager [-] Cleaning up cinder volumes objects
2019-07-25 07:42:13.673 1842 RALLYDEBUG rally_openstack.cleanup.manager [-] Deleting cinder.volumes object c_rally_0c38a844_bv0MGIr2 (aec14800-72a6-4e52-8fc5-bf75c232b5ae)
2019-07-25 07:42:13.678 1842 RALLYDEBUG rally_openstack.cleanup.manager [-] Deleting cinder.volumes object c_rally_0c38a844_UhAxywo8 (34b82ab1-4313-4321-ada7-110358601fd6)
2019-07-25 07:42:13.685 1842 RALLYDEBUG rally_openstack.cleanup.manager [-] Deleting cinder.volumes object c_rally_0c38a844_Rvc6iOBb (82baeed7-0c63-4623-b024-bb0c36831e84)
2019-07-25 07:42:17.180 1842 INFO rally.task.context [-] Task 0d4d3302-0221-4ce2-993a-87dde54f32a7 | Context volumes@openstack cleanup() finished in 5.89 sec
2019-07-25 07:42:17.180 1842 INFO rally.task.context [-] Task 0d4d3302-0221-4ce2-993a-87dde54f32a7 | Context quotas@openstack cleanup() started
2019-07-25 07:42:18.254 1842 INFO rally.task.context [-] Task 0d4d3302-0221-4ce2-993a-87dde54f32a7 | Context quotas@openstack cleanup() finished in 1.07 sec
2019-07-25 07:42:18.255 1842 INFO rally.task.context [-] Task 0d4d3302-0221-4ce2-993a-87dde54f32a7 | Context api_versions@openstack cleanup() started
2019-07-25 07:42:18.255 1842 INFO rally.task.context [-] Task 0d4d3302-0221-4ce2-993a-87dde54f32a7 | Context api_versions@openstack cleanup() finished in 0.31 msec
2019-07-25 07:42:18.255 1842 INFO rally.task.context [-] Task 0d4d3302-0221-4ce2-993a-87dde54f32a7 | Context users@openstack cleanup() started
2019-07-25 07:42:27.007 1842 INFO rally.task.context [-] Task 0d4d3302-0221-4ce2-993a-87dde54f32a7 | Context users@openstack cleanup() finished in 8.75 sec
2019-07-25 07:42:28.903 1842 INFO rally.task.engine [-] Load duration is: 19.266715
2019-07-25 07:42:28.903 1842 INFO rally.task.engine [-] Full runner duration is: 19.320691
2019-07-25 07:42:28.904 1842 INFO rally.task.engine [-] Full duration is: 62.367853
2019-07-25 07:42:29.175 1842 INFO rally.task.engine [-] Running workload: position = 0 config = { "version": 2, "title": "A cropped version of a bigger task.", "description": "Auto-generated task from a single workload (uuid=0f0092cd-09c9-4378-a00a-87e450279ff9)", "subtasks": [ { "title": "CinderVolumes.create_and_delete_volume", "description": "Create and then delete a volume.", "scenario": { "CinderVolumes.create_and_delete_volume": { "size": { "max": 1, "min": 1 } } }, "contexts": { "users": { "tenants": 3, "users_per_tenant": 2 }, "quotas": { "cinder": { "gigabytes": -1, "snapshots": -1, "volumes": -1 } }, "api_versions": { "cinder": { "version": 3, "service_type": "volumev3" } } }, "runner": { "constant": { "concurrency": 4, "times": 10 } }, "hooks": [], "sla": { "failure_rate": { "max": 0 } } } ] }
2019-07-25 07:42:29.197 1842 RALLYDEBUG rally_openstack.contexts.keystone.users [-] Creating 3 tenants using 20 threads
2019-07-25 07:42:31.081 1842 RALLYDEBUG rally_openstack.contexts.keystone.users [-] Creating 6 users using 20 threads
2019-07-25 07:42:33.973 1842 INFO rally.task.context [-] Task 0d4d3302-0221-4ce2-993a-87dde54f32a7 | Context users@openstack setup() finished in 4.78 sec
2019-07-25 07:42:34.403 1842 INFO rally.task.context [-] Task 0d4d3302-0221-4ce2-993a-87dde54f32a7 | Context api_versions@openstack setup() finished in 0.43 sec
2019-07-25 07:42:36.047 1842 INFO rally.task.context [-] Task 0d4d3302-0221-4ce2-993a-87dde54f32a7 | Context quotas@openstack setup() finished in 1.64 sec
2019-07-25 07:42:36.047 1842 INFO rally.task.context [-] Task 0d4d3302-0221-4ce2-993a-87dde54f32a7 | Context cleanup@openstack setup() finished in 0.00 msec
2019-07-25 07:42:36.055 1842 RALLYDEBUG rally.task.runner [-] Starting the constant runner (task UUID: 0d4d3302-0221-4ce2-993a-87dde54f32a7). timeout: 0 concurrency: 4 concurrency_per_worker: 1 times: 10 concurrency_overhead: 0 processes_to_start: 4 max_cpu_used: 16
2019-07-25 07:42:36.068 4170 RALLYDEBUG rally.task.runner [-] Starting a worker. concurrency: 1 args: {"size": {"max": 1, "min": 1}} times: 10 method_name: run timeout: 0 duration: None cls:
2019-07-25 07:42:36.072 4171 RALLYDEBUG rally.task.runner [-] Starting a worker. concurrency: 1 args: {"size": {"max": 1, "min": 1}} times: 10 method_name: run timeout: 0 duration: None cls:
2019-07-25 07:42:36.072 4172 RALLYDEBUG rally.task.runner [-] Starting a worker. concurrency: 1 args: {"size": {"max": 1, "min": 1}} times: 10 method_name: run timeout: 0 duration: None cls:
2019-07-25 07:42:36.077 4170 INFO rally.task.runner [-] Task 0d4d3302-0221-4ce2-993a-87dde54f32a7 | ITER: 1 START
2019-07-25 07:42:36.077 4173 RALLYDEBUG rally.task.runner [-] Starting a worker. concurrency: 1 args: {"size": {"max": 1, "min": 1}} times: 10 method_name: run timeout: 0 duration: None cls:
2019-07-25 07:42:36.078 4172 INFO rally.task.runner [-] Task 0d4d3302-0221-4ce2-993a-87dde54f32a7 | ITER: 3 START
2019-07-25 07:42:36.080 4171 INFO rally.task.runner [-] Task 0d4d3302-0221-4ce2-993a-87dde54f32a7 | ITER: 2 START
2019-07-25 07:42:36.086 4173 INFO rally.task.runner [-] Task 0d4d3302-0221-4ce2-993a-87dde54f32a7 | ITER: 4 START
2019-07-25 07:42:40.203 4171 INFO rally.task.runner [-] Task 0d4d3302-0221-4ce2-993a-87dde54f32a7 | ITER: 2 END: OK
2019-07-25 07:42:40.209 4171 INFO rally.task.runner [-] Task 0d4d3302-0221-4ce2-993a-87dde54f32a7 | ITER: 5 START
2019-07-25 07:42:40.347 4170 RALLYDEBUG rally.task.utils [-] Waiting for resource s_rally_0f0092cd_AVCNyuRx. Status changed: AVAILABLE => DELETING in 0.0579788684845
2019-07-25 07:42:40.428 4173 RALLYDEBUG rally.task.utils [-] Waiting for resource s_rally_0f0092cd_3mzEyQXn. Status changed: AVAILABLE => DELETING in 0.376415967941
2019-07-25 07:42:40.572 4172 RALLYDEBUG rally.task.utils [-] Waiting for resource s_rally_0f0092cd_4Sz2mFOI. Status changed: AVAILABLE => DELETING in 0.340385913849
2019-07-25 07:42:42.578 4170 INFO rally.task.runner [-] Task 0d4d3302-0221-4ce2-993a-87dde54f32a7 | ITER: 1 END: OK
2019-07-25 07:42:42.584 4170 INFO rally.task.runner [-] Task 0d4d3302-0221-4ce2-993a-87dde54f32a7 | ITER: 6 START
2019-07-25 07:42:42.751 4173 INFO rally.task.runner [-] Task 0d4d3302-0221-4ce2-993a-87dde54f32a7 | ITER: 4 END: OK
2019-07-25 07:42:42.757 4173 INFO rally.task.runner [-] Task 0d4d3302-0221-4ce2-993a-87dde54f32a7 | ITER: 7 START
2019-07-25 07:42:42.810 4172 INFO rally.task.runner [-] Task 0d4d3302-0221-4ce2-993a-87dde54f32a7 | ITER: 3 END: OK
2019-07-25 07:42:42.815 4172 INFO rally.task.runner [-] Task 0d4d3302-0221-4ce2-993a-87dde54f32a7 | ITER: 8 START
2019-07-25 07:42:44.328 4171 RALLYDEBUG rally.task.utils [-] Waiting for resource s_rally_0f0092cd_ueRscDm4. Status changed: AVAILABLE => DELETING in 0.347538948059
2019-07-25 07:42:46.637 4171 INFO rally.task.runner [-] Task 0d4d3302-0221-4ce2-993a-87dde54f32a7 | ITER: 5 END: OK
2019-07-25 07:42:46.643 4171 INFO rally.task.runner [-] Task 0d4d3302-0221-4ce2-993a-87dde54f32a7 | ITER: 9 START
2019-07-25 07:42:46.802 4172 RALLYDEBUG rally.task.utils [-] Waiting for resource s_rally_0f0092cd_laSlBC6v. Status changed: AVAILABLE => DELETING in 0.265293121338
2019-07-25 07:42:46.964 4173 RALLYDEBUG rally.task.utils [-] Waiting for resource s_rally_0f0092cd_wQ2hfjVf. Status changed: AVAILABLE => DELETING in 0.24162197113
2019-07-25 07:42:46.969 4170 RALLYDEBUG rally.task.utils [-] Waiting for resource s_rally_0f0092cd_S6ZWiMtI. Status changed: AVAILABLE => DELETING in 0.356337070465
2019-07-25 07:42:49.129 4172 INFO rally.task.runner [-] Task 0d4d3302-0221-4ce2-993a-87dde54f32a7 | ITER: 8 END: OK
2019-07-25 07:42:49.134 4172 INFO rally.task.runner [-] Task 0d4d3302-0221-4ce2-993a-87dde54f32a7 | ITER: 10 START
2019-07-25 07:42:49.215 4170 INFO rally.task.runner [-] Task 0d4d3302-0221-4ce2-993a-87dde54f32a7 | ITER: 6 END: OK
2019-07-25 07:42:49.272 4173 INFO rally.task.runner [-] Task 0d4d3302-0221-4ce2-993a-87dde54f32a7 | ITER: 7 END: OK
2019-07-25 07:42:50.832 4171 INFO rally.task.runner [-] Task 0d4d3302-0221-4ce2-993a-87dde54f32a7 | ITER: 9 END: OK
2019-07-25 07:42:53.392 4172 INFO rally.task.runner [-] Task 0d4d3302-0221-4ce2-993a-87dde54f32a7 | ITER: 10 END: OK
2019-07-25 07:42:53.422 1842 INFO rally.task.context [-] Task 0d4d3302-0221-4ce2-993a-87dde54f32a7 | Context cleanup@openstack cleanup() started
2019-07-25 07:42:53.424 1842 RALLYDEBUG rally_openstack.cleanup.manager [-] Cleaning up cinder backups objects
2019-07-25 07:42:55.699 1842 RALLYDEBUG rally_openstack.cleanup.manager [-] Cleaning up cinder volume_snapshots objects
2019-07-25 07:42:58.096 1842 RALLYDEBUG rally_openstack.cleanup.manager [-] Cleaning up cinder transfers objects
2019-07-25 07:43:00.288 1842 RALLYDEBUG rally_openstack.cleanup.manager [-] Cleaning up cinder volumes objects
2019-07-25 07:43:02.746 1842 INFO rally.task.context [-] Task 0d4d3302-0221-4ce2-993a-87dde54f32a7 | Context cleanup@openstack cleanup() finished in 9.32 sec
2019-07-25 07:43:02.746 1842 INFO rally.task.context [-] Task 0d4d3302-0221-4ce2-993a-87dde54f32a7 | Context quotas@openstack cleanup() started
2019-07-25 07:43:03.606 1842 INFO rally.task.context [-] Task 0d4d3302-0221-4ce2-993a-87dde54f32a7 | Context quotas@openstack cleanup() finished in 0.86 sec
2019-07-25 07:43:03.606 1842 INFO rally.task.context [-] Task 0d4d3302-0221-4ce2-993a-87dde54f32a7 | Context api_versions@openstack cleanup() started
2019-07-25 07:43:03.607 1842 INFO rally.task.context [-] Task 0d4d3302-0221-4ce2-993a-87dde54f32a7 | Context api_versions@openstack cleanup() finished in 0.32 msec
2019-07-25 07:43:03.607 1842 INFO rally.task.context [-] Task 0d4d3302-0221-4ce2-993a-87dde54f32a7 | Context users@openstack cleanup() started
2019-07-25 07:43:11.876 1842 INFO rally.task.context [-] Task 0d4d3302-0221-4ce2-993a-87dde54f32a7 | Context users@openstack cleanup() finished in 8.27 sec
2019-07-25 07:43:13.378 1842 INFO rally.task.engine [-] Load duration is: 17.311283
