2019-07-24 21:15:58.019 24801 WARNING rally_openstack.scenarios.neutron.utils [-] Running this scenario without either the 'network' or 'existing_network' context is deprecated
2019-07-24 21:15:58.020 24805 WARNING rally_openstack.scenarios.neutron.utils [-] Running this scenario without either the 'network' or 'existing_network' context is deprecated
2019-07-24 21:15:58.021 24812 INFO rally.task.runner [-] Task e0b13e5f-b38d-4aba-92e9-ed40aca03436 | ITER: 10 START
2019-07-24 21:15:58.023 24801 INFO rally.task.runner [-] Task e0b13e5f-b38d-4aba-92e9-ed40aca03436 | ITER: 8 START
2019-07-24 21:15:58.023 24801 WARNING rally_openstack.scenarios.neutron.utils [-] Running this scenario without either the 'network' or 'existing_network' context is deprecated
2019-07-24 21:15:58.023 24812 WARNING rally_openstack.scenarios.neutron.utils [-] Running this scenario without either the 'network' or 'existing_network' context is deprecated
2019-07-24 21:15:58.024 24800 INFO rally.task.runner [-] Task e0b13e5f-b38d-4aba-92e9-ed40aca03436 | ITER: 6 START
2019-07-24 21:15:58.023 24804 INFO rally.task.runner [-] Task e0b13e5f-b38d-4aba-92e9-ed40aca03436 | ITER: 7 START
2019-07-24 21:15:58.026 24804 WARNING rally_openstack.scenarios.neutron.utils [-] Running this scenario without either the 'network' or 'existing_network' context is deprecated
2019-07-24 21:15:58.025 24823 RALLYDEBUG rally.task.runner [-] Starting a worker. concurrency: 1 args: {"network_create_args": {}, "subnet_create_args": {}, "subnet_cidr_start": "1.1.0.0/30", "subnets_per_network": 2} times: 40 method_name: run timeout: 0 duration: None cls:
2019-07-24 21:15:58.025 24800 WARNING rally_openstack.scenarios.neutron.utils [-] Running this scenario without either the 'network' or 'existing_network' context is deprecated
2019-07-24 21:15:58.029 24826 RALLYDEBUG rally.task.runner [-] Starting a worker. concurrency: 1 args: {"network_create_args": {}, "subnet_create_args": {}, "subnet_cidr_start": "1.1.0.0/30", "subnets_per_network": 2} times: 40 method_name: run timeout: 0 duration: None cls:
2019-07-24 21:15:58.030 24815 RALLYDEBUG rally.task.runner [-] Starting a worker. concurrency: 1 args: {"network_create_args": {}, "subnet_create_args": {}, "subnet_cidr_start": "1.1.0.0/30", "subnets_per_network": 2} times: 40 method_name: run timeout: 0 duration: None cls:
2019-07-24 21:15:58.032 24820 RALLYDEBUG rally.task.runner [-] Starting a worker. concurrency: 1 args: {"network_create_args": {}, "subnet_create_args": {}, "subnet_cidr_start": "1.1.0.0/30", "subnets_per_network": 2} times: 40 method_name: run timeout: 0 duration: None cls:
2019-07-24 21:15:58.034 24826 INFO rally.task.runner [-] Task e0b13e5f-b38d-4aba-92e9-ed40aca03436 | ITER: 13 START
2019-07-24 21:15:58.033 24827 RALLYDEBUG rally.task.runner [-] Starting a worker. concurrency: 1 args: {"network_create_args": {}, "subnet_create_args": {}, "subnet_cidr_start": "1.1.0.0/30", "subnets_per_network": 2} times: 40 method_name: run timeout: 0 duration: None cls:
2019-07-24 21:15:58.035 24826 WARNING rally_openstack.scenarios.neutron.utils [-] Running this scenario without either the 'network' or 'existing_network' context is deprecated
2019-07-24 21:15:58.038 24815 INFO rally.task.runner [-] Task e0b13e5f-b38d-4aba-92e9-ed40aca03436 | ITER: 14 START
2019-07-24 21:15:58.039 24807 INFO rally.task.runner [-] Task e0b13e5f-b38d-4aba-92e9-ed40aca03436 | ITER: 11 START
2019-07-24 21:15:58.040 24820 INFO rally.task.runner [-] Task e0b13e5f-b38d-4aba-92e9-ed40aca03436 | ITER: 15 START
2019-07-24 21:15:58.040 24815 WARNING rally_openstack.scenarios.neutron.utils [-] Running this scenario without either the 'network' or 'existing_network' context is deprecated
2019-07-24 21:15:58.041 24807 WARNING rally_openstack.scenarios.neutron.utils [-] Running this scenario without either the 'network' or 'existing_network' context is deprecated
2019-07-24 21:15:58.041 24820 WARNING rally_openstack.scenarios.neutron.utils [-] Running this scenario without either the 'network' or 'existing_network' context is deprecated
2019-07-24 21:15:58.036 24823 INFO rally.task.runner [-] Task e0b13e5f-b38d-4aba-92e9-ed40aca03436 | ITER: 12 START
2019-07-24 21:15:58.043 24823 WARNING rally_openstack.scenarios.neutron.utils [-] Running this scenario without either the 'network' or 'existing_network' context is deprecated
2019-07-24 21:15:58.046 24827 INFO rally.task.runner [-] Task e0b13e5f-b38d-4aba-92e9-ed40aca03436 | ITER: 16 START
2019-07-24 21:15:58.047 24827 WARNING rally_openstack.scenarios.neutron.utils [-] Running this scenario without either the 'network' or 'existing_network' context is deprecated
2019-07-24 21:15:58.056 24839 RALLYDEBUG rally.task.runner [-] Starting a worker. concurrency: 1 args: {"network_create_args": {}, "subnet_create_args": {}, "subnet_cidr_start": "1.1.0.0/30", "subnets_per_network": 2} times: 40 method_name: run timeout: 0 duration: None cls:
2019-07-24 21:15:58.060 24839 INFO rally.task.runner [-] Task e0b13e5f-b38d-4aba-92e9-ed40aca03436 | ITER: 17 START
2019-07-24 21:15:58.061 24839 WARNING rally_openstack.scenarios.neutron.utils [-] Running this scenario without either the 'network' or 'existing_network' context is deprecated
2019-07-24 21:15:58.061 24840 RALLYDEBUG rally.task.runner [-] Starting a worker. concurrency: 1 args: {"network_create_args": {}, "subnet_create_args": {}, "subnet_cidr_start": "1.1.0.0/30", "subnets_per_network": 2} times: 40 method_name: run timeout: 0 duration: None cls:
2019-07-24 21:15:58.064 24840 INFO rally.task.runner [-] Task e0b13e5f-b38d-4aba-92e9-ed40aca03436 | ITER: 18 START
2019-07-24 21:15:58.064 24840 WARNING rally_openstack.scenarios.neutron.utils [-] Running this scenario without either the 'network' or 'existing_network' context is deprecated
2019-07-24 21:15:58.070 24844 RALLYDEBUG rally.task.runner [-] Starting a worker. concurrency: 1 args: {"network_create_args": {}, "subnet_create_args": {}, "subnet_cidr_start": "1.1.0.0/30", "subnets_per_network": 2} times: 40 method_name: run timeout: 0 duration: None cls:
2019-07-24 21:15:58.072 24846 RALLYDEBUG rally.task.runner [-] Starting a worker. concurrency: 1 args: {"network_create_args": {}, "subnet_create_args": {}, "subnet_cidr_start": "1.1.0.0/30", "subnets_per_network": 2} times: 40 method_name: run timeout: 0 duration: None cls:
2019-07-24 21:15:58.074 24844 INFO rally.task.runner [-] Task e0b13e5f-b38d-4aba-92e9-ed40aca03436 | ITER: 19 START
2019-07-24 21:15:58.075 24844 WARNING rally_openstack.scenarios.neutron.utils [-] Running this scenario without either the 'network' or 'existing_network' context is deprecated
2019-07-24 21:15:58.075 24846 INFO rally.task.runner [-] Task e0b13e5f-b38d-4aba-92e9-ed40aca03436 | ITER: 20 START
2019-07-24 21:15:58.076 24846 WARNING rally_openstack.scenarios.neutron.utils [-] Running this scenario without either the 'network' or 'existing_network' context is deprecated
2019-07-24 21:16:02.222 24805 RALLYDEBUG rally_openstack.wrappers.network [-] CIDR generated: 1.1.4.96/30
2019-07-24 21:16:02.241 24801 RALLYDEBUG rally_openstack.wrappers.network [-] CIDR generated: 1.1.4.100/30
2019-07-24 21:16:02.247 24844 RALLYDEBUG rally_openstack.wrappers.network [-] CIDR generated: 1.1.4.104/30
2019-07-24 21:16:02.301 24801 RALLYDEBUG rally_openstack.wrappers.network [-] CIDR generated: 1.1.4.108/30
2019-07-24 21:16:02.366 24800 RALLYDEBUG rally_openstack.wrappers.network [-] CIDR generated: 1.1.4.112/30
2019-07-24 21:16:02.379 24826 RALLYDEBUG rally_openstack.wrappers.network [-] CIDR generated: 1.1.4.116/30
2019-07-24 21:16:02.404 24799 RALLYDEBUG rally_openstack.wrappers.network [-] CIDR generated: 1.1.4.120/30
2019-07-24 21:16:02.450 24823 RALLYDEBUG rally_openstack.wrappers.network [-] CIDR generated: 1.1.4.124/30
2019-07-24 21:16:02.462 24804 RALLYDEBUG rally_openstack.wrappers.network [-] CIDR generated: 1.1.4.128/30
2019-07-24 21:16:02.482 24804 RALLYDEBUG rally_openstack.wrappers.network [-] CIDR generated: 1.1.4.132/30
2019-07-24 21:16:02.487 24807 RALLYDEBUG rally_openstack.wrappers.network [-] CIDR generated: 1.1.4.136/30
2019-07-24 21:16:02.910 24827 RALLYDEBUG rally_openstack.wrappers.network [-] CIDR generated: 1.1.4.140/30
2019-07-24 21:16:03.462 24846 RALLYDEBUG rally_openstack.wrappers.network [-] CIDR generated: 1.1.4.144/30
2019-07-24 21:16:03.486 24800 RALLYDEBUG rally_openstack.wrappers.network [-] CIDR generated: 1.1.4.148/30
2019-07-24 21:16:03.540 24839 RALLYDEBUG rally_openstack.wrappers.network [-] CIDR generated: 1.1.4.152/30
2019-07-24 21:16:03.546 24840 RALLYDEBUG rally_openstack.wrappers.network [-] CIDR generated: 1.1.4.156/30
2019-07-24 21:16:03.629 24812 RALLYDEBUG rally_openstack.wrappers.network [-] CIDR generated: 1.1.4.160/30
2019-07-24 21:16:03.646 24799 RALLYDEBUG rally_openstack.wrappers.network [-] CIDR generated: 1.1.4.164/30
2019-07-24 21:16:03.659 24815 RALLYDEBUG rally_openstack.wrappers.network [-] CIDR generated: 1.1.4.168/30
2019-07-24 21:16:03.671 24820 RALLYDEBUG rally_openstack.wrappers.network [-] CIDR generated: 1.1.4.172/30
2019-07-24 21:16:04.970 24801 RALLYDEBUG rally_openstack.wrappers.network [-] CIDR generated: 1.1.4.176/30
2019-07-24 21:16:05.032 24804 RALLYDEBUG rally_openstack.wrappers.network [-] CIDR generated: 1.1.4.180/30
2019-07-24 21:16:05.176 24823 RALLYDEBUG rally_openstack.wrappers.network [-] CIDR generated: 1.1.4.184/30
2019-07-24 21:16:05.438 24799 RALLYDEBUG rally_openstack.wrappers.network [-] CIDR generated: 1.1.4.188/30
2019-07-24 21:16:05.504 24840 RALLYDEBUG rally_openstack.wrappers.network [-] CIDR generated: 1.1.4.192/30
2019-07-24 21:16:05.617 24800 RALLYDEBUG rally_openstack.wrappers.network [-] CIDR generated: 1.1.4.196/30
2019-07-24 21:16:05.629 24801 RALLYDEBUG rally_openstack.wrappers.network [-] CIDR generated: 1.1.4.200/30
2019-07-24 21:16:05.681 24812 RALLYDEBUG rally_openstack.wrappers.network [-] CIDR generated: 1.1.4.204/30
2019-07-24 21:16:06.016 24804 RALLYDEBUG rally_openstack.wrappers.network [-] CIDR generated: 1.1.4.208/30
2019-07-24 21:16:06.087 24846 RALLYDEBUG rally_openstack.wrappers.network [-] CIDR generated: 1.1.4.212/30
2019-07-24 21:16:06.235 24805 RALLYDEBUG rally_openstack.wrappers.network [-] CIDR generated: 1.1.4.216/30
2019-07-24 21:16:06.314 24844 RALLYDEBUG rally_openstack.wrappers.network [-] CIDR generated: 1.1.4.220/30
2019-07-24 21:16:06.484 24807 RALLYDEBUG rally_openstack.wrappers.network [-] CIDR generated: 1.1.4.224/30
2019-07-24 21:16:06.613 24800 RALLYDEBUG rally_openstack.wrappers.network [-] CIDR generated: 1.1.4.228/30
2019-07-24 21:16:06.703 24826 RALLYDEBUG rally_openstack.wrappers.network [-] CIDR generated: 1.1.4.232/30
2019-07-24 21:16:07.487 24827 RALLYDEBUG rally_openstack.wrappers.network [-] CIDR generated: 1.1.4.236/30
2019-07-24 21:16:07.597 24820 RALLYDEBUG rally_openstack.wrappers.network [-] CIDR generated: 1.1.4.240/30
2019-07-24 21:16:07.601 24839 RALLYDEBUG rally_openstack.wrappers.network [-] CIDR generated: 1.1.4.244/30
2019-07-24 21:16:07.647 24799 RALLYDEBUG rally_openstack.wrappers.network [-] CIDR generated: 1.1.4.248/30
2019-07-24 21:16:07.659 24815 RALLYDEBUG rally_openstack.wrappers.network [-] CIDR generated: 1.1.4.252/30
2019-07-24 21:16:11.270 24823 INFO rally.task.runner [-] Task e0b13e5f-b38d-4aba-92e9-ed40aca03436 | ITER: 12 END: OK
2019-07-24 21:16:11.274 24823 INFO rally.task.runner [-] Task e0b13e5f-b38d-4aba-92e9-ed40aca03436 | ITER: 21 START
2019-07-24 21:16:11.274 24823 WARNING rally_openstack.scenarios.neutron.utils [-] Running this scenario without either the 'network' or 'existing_network' context is deprecated
2019-07-24 21:16:11.290 24801 INFO rally.task.runner [-] Task e0b13e5f-b38d-4aba-92e9-ed40aca03436 | ITER: 5 END: OK
2019-07-24 21:16:11.293 24801 INFO rally.task.runner [-] Task e0b13e5f-b38d-4aba-92e9-ed40aca03436 | ITER: 22 START
2019-07-24 21:16:11.293 24801 WARNING rally_openstack.scenarios.neutron.utils [-] Running this scenario without either the 'network' or 'existing_network' context is deprecated
2019-07-24 21:16:11.421 24840 INFO rally.task.runner [-] Task e0b13e5f-b38d-4aba-92e9-ed40aca03436 | ITER: 18 END: OK
2019-07-24 21:16:11.424 24840 INFO rally.task.runner [-] Task e0b13e5f-b38d-4aba-92e9-ed40aca03436 | ITER: 23 START
2019-07-24 21:16:11.424 24840 WARNING rally_openstack.scenarios.neutron.utils [-] Running this scenario without either the 'network' or 'existing_network' context is deprecated
2019-07-24 21:16:11.893 24804 INFO rally.task.runner [-] Task e0b13e5f-b38d-4aba-92e9-ed40aca03436 | ITER: 4 END: OK
2019-07-24 21:16:11.897 24804 INFO rally.task.runner [-] Task e0b13e5f-b38d-4aba-92e9-ed40aca03436 | ITER: 24 START
2019-07-24 21:16:11.897 24804 WARNING rally_openstack.scenarios.neutron.utils [-] Running this scenario without either the 'network' or 'existing_network' context is deprecated
2019-07-24 21:16:11.948 24800 INFO rally.task.runner [-] Task e0b13e5f-b38d-4aba-92e9-ed40aca03436 | ITER: 3 END: OK
2019-07-24 21:16:11.952 24800 INFO rally.task.runner [-] Task e0b13e5f-b38d-4aba-92e9-ed40aca03436 | ITER: 25 START
2019-07-24 21:16:11.953 24800 WARNING rally_openstack.scenarios.neutron.utils [-] Running this scenario without either the 'network' or 'existing_network' context is deprecated
2019-07-24 21:16:12.549 24827 INFO rally.task.runner [-] Task e0b13e5f-b38d-4aba-92e9-ed40aca03436 | ITER: 16 END: OK
2019-07-24 21:16:12.552 24827 INFO rally.task.runner [-] Task e0b13e5f-b38d-4aba-92e9-ed40aca03436 | ITER: 26 START
2019-07-24 21:16:12.552 24827 WARNING rally_openstack.scenarios.neutron.utils [-] Running this scenario without either the 'network' or 'existing_network' context is deprecated
2019-07-24 21:16:12.635 24812 INFO rally.task.runner [-] Task e0b13e5f-b38d-4aba-92e9-ed40aca03436 | ITER: 10 END: OK
2019-07-24 21:16:12.637 24812 INFO rally.task.runner [-] Task e0b13e5f-b38d-4aba-92e9-ed40aca03436 | ITER: 27 START
2019-07-24 21:16:12.638 24812 WARNING rally_openstack.scenarios.neutron.utils [-] Running this scenario without either the 'network' or 'existing_network' context is deprecated
2019-07-24 21:16:12.805 24804 INFO rally.task.runner [-] Task e0b13e5f-b38d-4aba-92e9-ed40aca03436 | ITER: 7 END: OK
2019-07-24 21:16:12.807 24804 INFO rally.task.runner [-] Task e0b13e5f-b38d-4aba-92e9-ed40aca03436 | ITER: 28 START
2019-07-24 21:16:12.807 24804 WARNING rally_openstack.scenarios.neutron.utils [-] Running this scenario without either the 'network' or 'existing_network' context is deprecated
2019-07-24 21:16:12.839 24840 RALLYDEBUG rally_openstack.wrappers.network [-] CIDR generated: 1.1.5.0/30
2019-07-24 21:16:12.853 24823 RALLYDEBUG rally_openstack.wrappers.network [-] CIDR generated: 1.1.5.4/30
2019-07-24 21:16:13.079 24844 INFO rally.task.runner [-] Task e0b13e5f-b38d-4aba-92e9-ed40aca03436 | ITER: 19 END: OK
2019-07-24 21:16:13.082 24844 INFO rally.task.runner [-] Task e0b13e5f-b38d-4aba-92e9-ed40aca03436 | ITER: 29 START
2019-07-24 21:16:13.083 24844 WARNING rally_openstack.scenarios.neutron.utils [-] Running this scenario without either the 'network' or 'existing_network' context is deprecated
2019-07-24 21:16:13.300 24801 RALLYDEBUG rally_openstack.wrappers.network [-] CIDR generated: 1.1.5.8/30
2019-07-24 21:16:13.499 24800 RALLYDEBUG rally_openstack.wrappers.network [-] CIDR generated: 1.1.5.12/30
2019-07-24 21:16:13.694 24804 RALLYDEBUG rally_openstack.wrappers.network [-] CIDR generated: 1.1.5.16/30
2019-07-24 21:16:14.120 24839 INFO rally.task.runner [-] Task e0b13e5f-b38d-4aba-92e9-ed40aca03436 | ITER: 17 END: OK
2019-07-24 21:16:14.123 24839 INFO rally.task.runner [-] Task e0b13e5f-b38d-4aba-92e9-ed40aca03436 | ITER: 30 START
2019-07-24 21:16:14.124 24839 WARNING rally_openstack.scenarios.neutron.utils [-] Running this scenario without either the 'network' or 'existing_network' context is deprecated
2019-07-24 21:16:14.362 24812 RALLYDEBUG rally_openstack.wrappers.network [-] CIDR generated: 1.1.5.20/30
2019-07-24 21:16:14.385 24800 INFO rally.task.runner [-] Task e0b13e5f-b38d-4aba-92e9-ed40aca03436 | ITER: 6 END: OK
2019-07-24 21:16:14.388 24800 INFO rally.task.runner [-] Task e0b13e5f-b38d-4aba-92e9-ed40aca03436 | ITER: 31 START
2019-07-24 21:16:14.388 24800 WARNING rally_openstack.scenarios.neutron.utils [-] Running this scenario without either the 'network' or 'existing_network' context is deprecated
2019-07-24 21:16:14.469 24807 INFO rally.task.runner [-] Task e0b13e5f-b38d-4aba-92e9-ed40aca03436 | ITER: 11 END: OK
2019-07-24 21:16:14.472 24807 INFO rally.task.runner [-] Task e0b13e5f-b38d-4aba-92e9-ed40aca03436 | ITER: 32 START
2019-07-24 21:16:14.473 24807 WARNING rally_openstack.scenarios.neutron.utils [-] Running this scenario without either the 'network' or 'existing_network' context is deprecated
2019-07-24 21:16:14.504 24827 RALLYDEBUG rally_openstack.wrappers.network [-] CIDR generated: 1.1.5.24/30
2019-07-24 21:16:14.523 24823 RALLYDEBUG rally_openstack.wrappers.network [-] CIDR generated: 1.1.5.28/30
2019-07-24 21:16:14.562 24805 INFO rally.task.runner [-] Task e0b13e5f-b38d-4aba-92e9-ed40aca03436 | ITER: 9 END: OK
2019-07-24 21:16:14.565 24805 INFO rally.task.runner [-] Task e0b13e5f-b38d-4aba-92e9-ed40aca03436 | ITER: 33 START
2019-07-24 21:16:14.566 24805 WARNING rally_openstack.scenarios.neutron.utils [-] Running this scenario without either the 'network' or 'existing_network' context is deprecated
2019-07-24 21:16:14.840 24804 RALLYDEBUG rally_openstack.wrappers.network [-] CIDR generated: 1.1.5.32/30
2019-07-24 21:16:14.901 24844 RALLYDEBUG rally_openstack.wrappers.network [-] CIDR generated: 1.1.5.36/30
2019-07-24 21:16:14.959 24846 INFO rally.task.runner [-] Task e0b13e5f-b38d-4aba-92e9-ed40aca03436 | ITER: 20 END: OK
2019-07-24 21:16:14.963 24820 INFO rally.task.runner [-] Task e0b13e5f-b38d-4aba-92e9-ed40aca03436 | ITER: 15 END: OK
2019-07-24 21:16:14.963 24846 INFO rally.task.runner [-] Task e0b13e5f-b38d-4aba-92e9-ed40aca03436 | ITER: 34 START
2019-07-24 21:16:14.963 24846 WARNING rally_openstack.scenarios.neutron.utils [-] Running this scenario without either the 'network' or 'existing_network' context is deprecated
2019-07-24 21:16:14.967 24820 INFO rally.task.runner [-] Task e0b13e5f-b38d-4aba-92e9-ed40aca03436 | ITER: 35 START
2019-07-24 21:16:14.967 24820 WARNING rally_openstack.scenarios.neutron.utils [-] Running this scenario without either the 'network' or 'existing_network' context is deprecated
2019-07-24 21:16:15.063 24799 INFO rally.task.runner [-] Task e0b13e5f-b38d-4aba-92e9-ed40aca03436 | ITER: 2 END: OK
2019-07-24 21:16:15.068 24799 INFO rally.task.runner [-] Task e0b13e5f-b38d-4aba-92e9-ed40aca03436 | ITER: 36 START
2019-07-24 21:16:15.069 24799 WARNING rally_openstack.scenarios.neutron.utils [-] Running this scenario without either the 'network' or 'existing_network' context is deprecated
2019-07-24 21:16:15.114 24840 RALLYDEBUG rally_openstack.wrappers.network [-] CIDR generated: 1.1.5.40/30
2019-07-24 21:16:15.467 24826 INFO rally.task.runner [-] Task e0b13e5f-b38d-4aba-92e9-ed40aca03436 | ITER: 13 END: OK
2019-07-24 21:16:15.469 24826 INFO rally.task.runner [-] Task e0b13e5f-b38d-4aba-92e9-ed40aca03436 | ITER: 37 START
2019-07-24 21:16:15.470 24826 WARNING rally_openstack.scenarios.neutron.utils [-] Running this scenario without either the 'network' or 'existing_network' context is deprecated
2019-07-24 21:16:15.524 24799 INFO rally.task.runner [-] Task e0b13e5f-b38d-4aba-92e9-ed40aca03436 | ITER: 1 END: OK
2019-07-24 21:16:15.526 24799 INFO rally.task.runner [-] Task e0b13e5f-b38d-4aba-92e9-ed40aca03436 | ITER: 38 START
2019-07-24 21:16:15.527 24799 WARNING rally_openstack.scenarios.neutron.utils [-] Running this scenario without either the 'network' or 'existing_network' context is deprecated
2019-07-24 21:16:15.713 24801 INFO rally.task.runner [-] Task e0b13e5f-b38d-4aba-92e9-ed40aca03436 | ITER: 8 END: OK
2019-07-24 21:16:15.716 24801 INFO rally.task.runner [-] Task e0b13e5f-b38d-4aba-92e9-ed40aca03436 | ITER: 39 START
2019-07-24 21:16:15.717 24801 WARNING rally_openstack.scenarios.neutron.utils [-] Running this scenario without either the 'network' or 'existing_network' context is deprecated
2019-07-24 21:16:15.832 24800 RALLYDEBUG rally_openstack.wrappers.network [-] CIDR generated: 1.1.5.44/30
2019-07-24 21:16:15.963 24801 RALLYDEBUG rally_openstack.wrappers.network [-] CIDR generated: 1.1.5.48/30
2019-07-24 21:16:16.119 24805 RALLYDEBUG rally_openstack.wrappers.network [-] CIDR generated: 1.1.5.52/30
2019-07-24 21:16:16.372 24804 RALLYDEBUG rally_openstack.wrappers.network [-] CIDR generated: 1.1.5.56/30
2019-07-24 21:16:16.595 24800 RALLYDEBUG rally_openstack.wrappers.network [-] CIDR generated: 1.1.5.60/30
2019-07-24 21:16:16.606 24846 RALLYDEBUG rally_openstack.wrappers.network [-] CIDR generated: 1.1.5.64/30
2019-07-24 21:16:16.753 24812 RALLYDEBUG rally_openstack.wrappers.network [-] CIDR generated: 1.1.5.68/30
2019-07-24 21:16:16.903 24839 RALLYDEBUG rally_openstack.wrappers.network [-] CIDR generated: 1.1.5.72/30
2019-07-24 21:16:17.098 24799 RALLYDEBUG rally_openstack.wrappers.network [-] CIDR generated: 1.1.5.76/30
2019-07-24 21:16:17.390 24826 RALLYDEBUG rally_openstack.wrappers.network [-] CIDR generated: 1.1.5.80/30
2019-07-24 21:16:17.466 24815 INFO rally.task.runner [-] Task e0b13e5f-b38d-4aba-92e9-ed40aca03436 | ITER: 14 END: OK
2019-07-24 21:16:17.469 24815 INFO rally.task.runner [-] Task e0b13e5f-b38d-4aba-92e9-ed40aca03436 | ITER: 40 START
2019-07-24 21:16:17.470 24815 WARNING rally_openstack.scenarios.neutron.utils [-] Running this scenario without either the 'network' or 'existing_network' context is deprecated
2019-07-24 21:16:17.585 24807 RALLYDEBUG rally_openstack.wrappers.network [-] CIDR generated: 1.1.5.84/30
2019-07-24 21:16:17.607 24801 RALLYDEBUG rally_openstack.wrappers.network [-] CIDR generated: 1.1.5.88/30
2019-07-24 21:16:17.659 24820 RALLYDEBUG rally_openstack.wrappers.network [-] CIDR generated: 1.1.5.92/30
2019-07-24 21:16:17.833 24799 RALLYDEBUG rally_openstack.wrappers.network [-] CIDR generated: 1.1.5.96/30
2019-07-24 21:16:18.311 24827 RALLYDEBUG rally_openstack.wrappers.network [-] CIDR generated: 1.1.5.100/30
2019-07-24 21:16:18.838 24804 RALLYDEBUG rally_openstack.wrappers.network [-] CIDR generated: 1.1.5.104/30
2019-07-24 21:16:18.899 24844 RALLYDEBUG rally_openstack.wrappers.network [-] CIDR generated: 1.1.5.108/30
2019-07-24 21:16:18.999 24815 RALLYDEBUG rally_openstack.wrappers.network [-] CIDR generated: 1.1.5.112/30
2019-07-24 21:16:19.140 24800 RALLYDEBUG rally_openstack.wrappers.network [-] CIDR generated: 1.1.5.116/30
2019-07-24 21:16:19.439 24805 RALLYDEBUG rally_openstack.wrappers.network [-] CIDR generated: 1.1.5.120/30
2019-07-24 21:16:20.052 24826 RALLYDEBUG rally_openstack.wrappers.network [-] CIDR generated: 1.1.5.124/30
2019-07-24 21:16:20.155 24799 RALLYDEBUG rally_openstack.wrappers.network [-] CIDR generated: 1.1.5.128/30
2019-07-24 21:16:20.490 24820 RALLYDEBUG rally_openstack.wrappers.network [-] CIDR generated: 1.1.5.132/30
2019-07-24 21:16:20.536 24801 RALLYDEBUG rally_openstack.wrappers.network [-] CIDR generated: 1.1.5.136/30
2019-07-24 21:16:21.095 24839 RALLYDEBUG rally_openstack.wrappers.network [-] CIDR generated: 1.1.5.140/30
2019-07-24 21:16:21.583 24815 RALLYDEBUG rally_openstack.wrappers.network [-] CIDR generated: 1.1.5.144/30
2019-07-24 21:16:21.728 24807 RALLYDEBUG rally_openstack.wrappers.network [-] CIDR generated: 1.1.5.148/30
2019-07-24 21:16:21.830 24846 RALLYDEBUG rally_openstack.wrappers.network [-] CIDR generated: 1.1.5.152/30
2019-07-24 21:16:21.975 24840 INFO rally.task.runner [-] Task e0b13e5f-b38d-4aba-92e9-ed40aca03436 | ITER: 23 END: OK
2019-07-24 21:16:22.918 24799 RALLYDEBUG rally_openstack.wrappers.network [-] CIDR generated: 1.1.5.156/30
2019-07-24 21:16:24.786 24800 INFO rally.task.runner [-] Task e0b13e5f-b38d-4aba-92e9-ed40aca03436 | ITER: 25 END: OK
2019-07-24 21:16:24.869 24823 INFO rally.task.runner [-] Task e0b13e5f-b38d-4aba-92e9-ed40aca03436 | ITER: 21 END: OK
2019-07-24 21:16:25.408 24801 INFO rally.task.runner [-] Task e0b13e5f-b38d-4aba-92e9-ed40aca03436 | ITER: 22 END: OK
2019-07-24 21:16:25.875 24827 INFO rally.task.runner [-] Task e0b13e5f-b38d-4aba-92e9-ed40aca03436 | ITER: 26 END: OK
2019-07-24 21:16:26.012 24804 INFO rally.task.runner [-] Task e0b13e5f-b38d-4aba-92e9-ed40aca03436 | ITER: 24 END: OK
2019-07-24 21:16:26.365 24800 INFO rally.task.runner [-] Task e0b13e5f-b38d-4aba-92e9-ed40aca03436 | ITER: 31 END: OK
2019-07-24 21:16:26.452 24805 INFO rally.task.runner [-] Task e0b13e5f-b38d-4aba-92e9-ed40aca03436 | ITER: 33 END: OK
2019-07-24 21:16:26.715 24844 INFO rally.task.runner [-] Task e0b13e5f-b38d-4aba-92e9-ed40aca03436 | ITER: 29 END: OK
2019-07-24 21:16:27.058 24804 INFO rally.task.runner [-] Task e0b13e5f-b38d-4aba-92e9-ed40aca03436 | ITER: 28 END: OK
2019-07-24 21:16:27.350 24799 INFO rally.task.runner [-] Task e0b13e5f-b38d-4aba-92e9-ed40aca03436 | ITER: 36 END: OK
2019-07-24 21:16:27.618 24812 INFO rally.task.runner [-] Task e0b13e5f-b38d-4aba-92e9-ed40aca03436 | ITER: 27 END: OK
2019-07-24 21:16:27.788 24826 INFO rally.task.runner [-] Task e0b13e5f-b38d-4aba-92e9-ed40aca03436 | ITER: 37 END: OK
2019-07-24 21:16:27.927 24839 INFO rally.task.runner [-] Task e0b13e5f-b38d-4aba-92e9-ed40aca03436 | ITER: 30 END: OK
2019-07-24 21:16:27.964 24815 INFO rally.task.runner [-] Task e0b13e5f-b38d-4aba-92e9-ed40aca03436 | ITER: 40 END: OK
2019-07-24 21:16:28.113 24820 INFO rally.task.runner [-] Task e0b13e5f-b38d-4aba-92e9-ed40aca03436 | ITER: 35 END: OK
2019-07-24 21:16:28.401 24801 INFO rally.task.runner [-] Task e0b13e5f-b38d-4aba-92e9-ed40aca03436 | ITER: 39 END: OK
2019-07-24 21:16:28.607 24807 INFO rally.task.runner [-] Task e0b13e5f-b38d-4aba-92e9-ed40aca03436 | ITER: 32 END: OK
2019-07-24 21:16:28.954 24846 INFO rally.task.runner [-] Task e0b13e5f-b38d-4aba-92e9-ed40aca03436 | ITER: 34 END: OK
2019-07-24 21:16:29.299 24799 INFO rally.task.runner [-] Task e0b13e5f-b38d-4aba-92e9-ed40aca03436 | ITER: 38 END: OK
2019-07-24 21:16:29.325 22705 INFO rally.task.context [-] Task e0b13e5f-b38d-4aba-92e9-ed40aca03436 | Context cleanup@openstack cleanup() started
2019-07-24 21:16:29.327 22705 RALLYDEBUG rally_openstack.cleanup.manager [-] Cleaning up neutron vip objects
2019-07-24 21:16:30.272 22705 RALLYDEBUG rally_openstack.cleanup.manager [-] Cleaning up neutron health_monitor objects
2019-07-24 21:16:31.060 22705 RALLYDEBUG rally_openstack.cleanup.manager [-] Cleaning up neutron pool objects
2019-07-24 21:16:31.709 22705 RALLYDEBUG rally_openstack.cleanup.manager [-] Cleaning up neutron loadbalancer objects
2019-07-24 21:16:32.473 22705 RALLYDEBUG rally_openstack.cleanup.manager [-] Cleaning up neutron floatingip objects
2019-07-24 21:16:33.570 22705 RALLYDEBUG rally_openstack.cleanup.manager [-] Cleaning up neutron port objects
2019-07-24 21:16:34.474 22705 RALLYDEBUG rally_openstack.cleanup.manager [-] Cleaning up neutron subnet objects
2019-07-24 21:16:35.426 22705 RALLYDEBUG rally_openstack.cleanup.manager [-] Cleaning up neutron network objects
2019-07-24 21:16:36.667 22705 RALLYDEBUG rally_openstack.cleanup.manager [-] Deleting neutron.network object s_rally_3f22b58a_LURuJptZ (08c94858-823f-46c5-baae-14943e396ce0)
2019-07-24 21:16:36.674 22705 RALLYDEBUG rally_openstack.cleanup.manager [-] Deleting neutron.network object s_rally_3f22b58a_Jn64KGvA (08fd3b21-a5ba-48c0-84ee-77a6526a11ef)
2019-07-24 21:16:36.681 22705 RALLYDEBUG rally_openstack.cleanup.manager [-] Deleting neutron.network object s_rally_3f22b58a_8QlWeXnr (0fae6ffa-fcc7-457f-be43-4b0bdd78d119)
2019-07-24 21:16:36.681 22705 RALLYDEBUG rally_openstack.cleanup.manager [-] Deleting neutron.network object s_rally_3f22b58a_stiAjHVP (111d5d85-d511-41f6-8f46-e1d3aaadecaa)
2019-07-24 21:16:36.684 22705 RALLYDEBUG rally_openstack.cleanup.manager [-] Deleting neutron.network object s_rally_3f22b58a_SZP3EK3a (141dca60-a65b-4ecb-b183-519571d7ec0d)
2019-07-24 21:16:36.693 22705 RALLYDEBUG rally_openstack.cleanup.manager [-] Deleting neutron.network object s_rally_3f22b58a_TulQp1RR (18eaae10-877d-4b0b-91b4-8ca39fd216e1)
2019-07-24 21:16:36.699 22705 RALLYDEBUG rally_openstack.cleanup.manager [-] Deleting neutron.network object s_rally_3f22b58a_j2bye27I (204628bb-01ef-45d5-a943-8a5c4366a643)
2019-07-24 21:16:36.706 22705 RALLYDEBUG rally_openstack.cleanup.manager [-] Deleting neutron.network object s_rally_3f22b58a_xutUMYC6 (231387f2-3354-4426-b534-69ecd87d961c)
2019-07-24 21:16:36.733 22705 RALLYDEBUG rally_openstack.cleanup.manager [-] Deleting neutron.network object s_rally_3f22b58a_ZSM7TL7Y (2ae4518a-5371-45c6-be04-c5636710dfaa)
2019-07-24 21:16:36.737 22705 RALLYDEBUG rally_openstack.cleanup.manager [-] Deleting neutron.network object s_rally_3f22b58a_yPFwMWZS (24f7caa0-9f49-4737-8d6a-484c166edde5)
2019-07-24 21:16:36.749 22705 RALLYDEBUG rally_openstack.cleanup.manager [-] Deleting neutron.network object s_rally_3f22b58a_ZNEttSO8 (2b90d295-f7a5-42a5-a756-5e2676b2795f)
2019-07-24 21:16:36.761 22705 RALLYDEBUG rally_openstack.cleanup.manager [-] Deleting neutron.network object s_rally_3f22b58a_uGyDqEMo (345cfe12-7b08-440e-9e1f-3b52139395fe)
2019-07-24 21:16:36.783 22705 RALLYDEBUG rally_openstack.cleanup.manager [-] Deleting neutron.network object s_rally_3f22b58a_dgw4VOPB (408683a6-80cc-410f-a684-693d97807b3a)
2019-07-24 21:16:36.784 22705 RALLYDEBUG rally_openstack.cleanup.manager [-] Deleting neutron.network object s_rally_3f22b58a_DCPoaifm (41c39364-9bc9-4f74-960a-e845b2756cb7)
2019-07-24 21:16:36.793 22705 RALLYDEBUG rally_openstack.cleanup.manager [-] Deleting neutron.network object s_rally_3f22b58a_2iU3mXVO (502fc381-ff16-4389-88a0-a419b05cd93a)
2019-07-24 21:16:36.805 22705 RALLYDEBUG rally_openstack.cleanup.manager [-] Deleting neutron.network object s_rally_3f22b58a_Xo5Q6wPf (55494488-d88a-44d7-a44e-5949feb87537)
2019-07-24 21:16:36.825 22705 RALLYDEBUG rally_openstack.cleanup.manager [-] Deleting neutron.network object s_rally_3f22b58a_j3jNVro7 (59706551-d9cd-4b3e-b824-b6dd5471e23a)
2019-07-24 21:16:36.844 22705 RALLYDEBUG rally_openstack.cleanup.manager [-] Deleting neutron.network object s_rally_3f22b58a_OxQoOfq9 (5dfa3c5a-bb82-44d7-b818-aed37b787774)
2019-07-24 21:16:36.850 22705 RALLYDEBUG rally_openstack.cleanup.manager [-] Deleting neutron.network object s_rally_3f22b58a_3184mFM4 (5c66dedf-cc61-43a7-bdc9-0781b4441cc9)
2019-07-24 21:16:36.866 22705 RALLYDEBUG rally_openstack.cleanup.manager [-] Deleting neutron.network object s_rally_3f22b58a_g3LMXZBG (63789dda-ed9c-452a-b855-2ad419498514)
2019-07-24 21:16:39.581 22705 RALLYDEBUG rally_openstack.cleanup.manager [-] Deleting neutron.network object s_rally_3f22b58a_RcAiQZ7z (6a5f9c9e-4d1a-4633-bb44-422e3a7b63cc)
2019-07-24 21:16:39.659 22705 RALLYDEBUG rally_openstack.cleanup.manager [-] Deleting neutron.network object s_rally_3f22b58a_ZPgrES54 (73fd6be4-4635-4e4f-8d74-29cdf01ac027)
2019-07-24 21:16:39.711 22705 RALLYDEBUG rally_openstack.cleanup.manager [-] Deleting neutron.network object s_rally_3f22b58a_flnPyiwr (79a6bd9c-fcbe-41a0-b6fd-d370f733925e)
2019-07-24 21:16:39.763 22705 RALLYDEBUG rally_openstack.cleanup.manager [-] Deleting neutron.network object s_rally_3f22b58a_h0gqCbwo (7da942a3-1058-4797-8f4b-b8dade182ce0)
2019-07-24 21:16:39.833 22705 RALLYDEBUG rally_openstack.cleanup.manager [-] Deleting neutron.network object s_rally_3f22b58a_xi7CrOfT (82890466-503f-47da-a6bf-258f0559b247)
2019-07-24 21:16:39.917 22705 RALLYDEBUG rally_openstack.cleanup.manager [-] Deleting neutron.network object s_rally_3f22b58a_aJqaNJoC (8e753647-ff62-464f-9194-c16dfbae60ba)
2019-07-24 21:16:39.966 22705 RALLYDEBUG rally_openstack.cleanup.manager [-] Deleting neutron.network object s_rally_3f22b58a_MDs0Esfr (920de2b4-d153-47a5-bf42-608834538089)
2019-07-24 21:16:40.057 22705 RALLYDEBUG rally_openstack.cleanup.manager [-] Deleting neutron.network object s_rally_3f22b58a_BpzyxADx (98c4c7ee-ac54-42d6-8412-e326c0c8c740)
2019-07-24 21:16:40.094 22705 RALLYDEBUG rally_openstack.cleanup.manager [-] Deleting neutron.network object s_rally_3f22b58a_ZjQiaWVO (abffcae1-e355-43cd-98a9-ad1395c47c29)
2019-07-24 21:16:40.102 22705 RALLYDEBUG rally_openstack.cleanup.manager [-] Deleting neutron.network object s_rally_3f22b58a_ekvZnxZJ (be3ecb1e-520c-48cc-838f-1427ff582805)
2019-07-24 21:16:40.168 22705 RALLYDEBUG rally_openstack.cleanup.manager [-] Deleting neutron.network object s_rally_3f22b58a_ab7EEnXf (c23e42cf-ac68-4d9e-a8c6-bd89925bef3c)
2019-07-24 21:16:40.173 22705 RALLYDEBUG rally_openstack.cleanup.manager [-] Deleting neutron.network object s_rally_3f22b58a_lM7PmfeW (c3d3f9f1-3522-46a3-94b7-46cb15712cdf)
2019-07-24 21:16:40.378 22705 RALLYDEBUG rally_openstack.cleanup.manager [-] Deleting neutron.network object s_rally_3f22b58a_QWp8M6E5 (d3bad8bd-8004-4bd7-af09-096c3a1420fc)
2019-07-24 21:16:40.417 22705 RALLYDEBUG rally_openstack.cleanup.manager [-] Deleting neutron.network object s_rally_3f22b58a_HqRZIspv (d76f4b2a-25fa-4ed5-bc47-129e8c122a70)
2019-07-24 21:16:40.463 22705 RALLYDEBUG rally_openstack.cleanup.manager [-] Deleting neutron.network object s_rally_3f22b58a_3ncnzyqV (d9857fa3-dbb6-436a-b94c-2d545505e195)
2019-07-24 21:16:40.551 22705 RALLYDEBUG rally_openstack.cleanup.manager [-] Deleting neutron.network object s_rally_3f22b58a_rP7VexHs (dec9ef65-9ac0-41fe-b73f-0532faef57b1)
2019-07-24 21:16:40.841 22705 RALLYDEBUG rally_openstack.cleanup.manager [-] Deleting neutron.network object s_rally_3f22b58a_Wi7sJ3pM (e28d0b08-2ddb-45cb-b146-6aee9f3ef000)
2019-07-24 21:16:41.135 22705 RALLYDEBUG rally_openstack.cleanup.manager [-] Deleting neutron.network object s_rally_3f22b58a_oTVkpiyt (e49c46dc-757d-40a3-93e1-9f75acfca6b4)
2019-07-24 21:16:41.254 22705 RALLYDEBUG rally_openstack.cleanup.manager [-] Deleting neutron.network object s_rally_3f22b58a_3LflWic1 (e926dff3-e6e9-4a2f-a18a-c48c6ce9c431)
2019-07-24 21:16:41.368 22705 RALLYDEBUG rally_openstack.cleanup.manager [-] Deleting neutron.network object s_rally_3f22b58a_KQ2qCJ0f (e95a84d4-a57c-46ed-a9a7-984bc1f37d3e)
2019-07-24 21:16:44.523 22705 RALLYDEBUG rally_openstack.cleanup.manager [-] Cleaning up neutron router objects
2019-07-24 21:16:45.444 22705 RALLYDEBUG rally_openstack.cleanup.manager [-] Cleaning up neutron security_group objects
2019-07-24 21:16:46.130 22705 INFO rally.task.context [-] Task e0b13e5f-b38d-4aba-92e9-ed40aca03436 | Context cleanup@openstack cleanup() finished in 16.81 sec
2019-07-24 21:16:46.130 22705 INFO rally.task.context [-] Task e0b13e5f-b38d-4aba-92e9-ed40aca03436 | Context quotas@openstack cleanup() started
2019-07-24 21:16:46.449 22705 INFO rally.task.context [-] Task e0b13e5f-b38d-4aba-92e9-ed40aca03436 | Context quotas@openstack cleanup() finished in 0.32 sec
2019-07-24 21:16:46.450 22705 INFO rally.task.context [-] Task e0b13e5f-b38d-4aba-92e9-ed40aca03436 | Context users@openstack cleanup() started
2019-07-24 21:16:51.554 22705 INFO rally.task.context [-] Task e0b13e5f-b38d-4aba-92e9-ed40aca03436 | Context users@openstack cleanup() finished in 5.10 sec
2019-07-24 21:16:52.534 22705 INFO rally.task.engine [-] Load duration is: 31.293637
2019-07-24 21:16:52.535 22705 INFO rally.task.engine [-] Full runner duration is: 31.332974
2019-07-24 21:16:52.535 22705 INFO rally.task.engine [-] Full duration is: 59.282125
2019-07-24 21:16:52.812 22705 INFO rally.task.engine [-] Running workload: position = 0 config = { "version": 2, "title": "A cropped version of a bigger task.", "description": "Auto-generated task from a single workload (uuid=e05f52ed-59db-488f-911f-0250126109b7)", "subtasks": [ { "title": "NeutronNetworks.create_and_list_routers", "description": "Create and a given number of routers and list all routers.", "scenario": { "NeutronNetworks.create_and_list_routers": { "network_create_args": null, "subnet_create_args": null, "subnet_cidr_start": "1.1.0.0/30", "subnets_per_network": 2, "router_create_args": null } }, "contexts": { "users": { "tenants": 1, "users_per_tenant": 1 }, "quotas": { "neutron": { "network": -1, "subnet": -1, "router": -1 } } }, "runner": { "constant": { "times": 40, "concurrency": 20 } }, "hooks": [], "sla": { "failure_rate": { "max": 0 } } } ] }
2019-07-24 21:16:52.836 22705 RALLYDEBUG rally_openstack.contexts.keystone.users [-] Creating 1 tenants using 20 threads
2019-07-24 21:16:54.836 22705 RALLYDEBUG rally_openstack.contexts.keystone.users [-] Creating 1 users using 20 threads
2019-07-24 21:16:57.574 22705 INFO rally.task.context [-] Task e0b13e5f-b38d-4aba-92e9-ed40aca03436 | Context users@openstack setup() finished in 4.74 sec
2019-07-24 21:16:58.496 22705 INFO rally.task.context [-] Task e0b13e5f-b38d-4aba-92e9-ed40aca03436 | Context quotas@openstack setup() finished in 0.92 sec
2019-07-24 21:16:58.496 22705 INFO rally.task.context [-] Task e0b13e5f-b38d-4aba-92e9-ed40aca03436 | Context cleanup@openstack setup() finished in 0.01 msec
2019-07-24 21:16:58.504 22705 RALLYDEBUG rally.task.runner [-] Starting the constant runner (task UUID: e0b13e5f-b38d-4aba-92e9-ed40aca03436). timeout: 0 concurrency: 20 concurrency_per_worker: 1 times: 40 concurrency_overhead: 4 processes_to_start: 16 max_cpu_used: 16
2019-07-24 21:16:58.516 25169 RALLYDEBUG rally.task.runner [-] Starting a worker. concurrency: 2 args: {"network_create_args": null, "subnet_create_args": null, "subnet_cidr_start": "1.1.0.0/30", "subnets_per_network": 2, "router_create_args": null} times: 40 method_name: run timeout: 0 duration: None cls:
2019-07-24 21:16:58.518 25170 RALLYDEBUG rally.task.runner [-] Starting a worker. concurrency: 2 args: {"network_create_args": null, "subnet_create_args": null, "subnet_cidr_start": "1.1.0.0/30", "subnets_per_network": 2, "router_create_args": null} times: 40 method_name: run timeout: 0 duration: None cls:
2019-07-24 21:16:58.519 25171 RALLYDEBUG rally.task.runner [-] Starting a worker. concurrency: 2 args: {"network_create_args": null, "subnet_create_args": null, "subnet_cidr_start": "1.1.0.0/30", "subnets_per_network": 2, "router_create_args": null} times: 40 method_name: run timeout: 0 duration: None cls:
2019-07-24 21:16:58.524 25171 INFO rally.task.runner [-] Task e0b13e5f-b38d-4aba-92e9-ed40aca03436 | ITER: 4 START
2019-07-24 21:16:58.525 25169 INFO rally.task.runner [-] Task e0b13e5f-b38d-4aba-92e9-ed40aca03436 | ITER: 3 START
2019-07-24 21:16:58.524 25173 RALLYDEBUG rally.task.runner [-] Starting a worker. concurrency: 1 args: {"network_create_args": null, "subnet_create_args": null, "subnet_cidr_start": "1.1.0.0/30", "subnets_per_network": 2, "router_create_args": null} times: 40 method_name: run timeout: 0 duration: None cls:
2019-07-24 21:16:58.524 25172 RALLYDEBUG rally.task.runner [-] Starting a worker. concurrency: 2 args: {"network_create_args": null, "subnet_create_args": null, "subnet_cidr_start": "1.1.0.0/30", "subnets_per_network": 2, "router_create_args": null} times: 40 method_name: run timeout: 0 duration: None cls:
2019-07-24 21:16:58.525 25169 INFO rally.task.runner [-] Task e0b13e5f-b38d-4aba-92e9-ed40aca03436 | ITER: 1 START
2019-07-24 21:16:58.527 25170 INFO rally.task.runner [-] Task e0b13e5f-b38d-4aba-92e9-ed40aca03436 | ITER: 5 START
2019-07-24 21:16:58.529 25173 INFO rally.task.runner [-] Task e0b13e5f-b38d-4aba-92e9-ed40aca03436 | ITER: 7 START
2019-07-24 21:16:58.531 25176 RALLYDEBUG rally.task.runner [-] Starting a worker. concurrency: 1 args: {"network_create_args": null, "subnet_create_args": null, "subnet_cidr_start": "1.1.0.0/30", "subnets_per_network": 2, "router_create_args": null} times: 40 method_name: run timeout: 0 duration: None cls:
2019-07-24 21:16:58.535 25172 INFO rally.task.runner [-] Task e0b13e5f-b38d-4aba-92e9-ed40aca03436 | ITER: 8 START
2019-07-24 21:16:58.534 25185 RALLYDEBUG rally.task.runner [-] Starting a worker. concurrency: 1 args: {"network_create_args": null, "subnet_create_args": null, "subnet_cidr_start": "1.1.0.0/30", "subnets_per_network": 2, "router_create_args": null} times: 40 method_name: run timeout: 0 duration: None cls:
2019-07-24 21:16:58.536 25171 INFO rally.task.runner [-] Task e0b13e5f-b38d-4aba-92e9-ed40aca03436 | ITER: 6 START
2019-07-24 21:16:58.537 25181 RALLYDEBUG rally.task.runner [-] Starting a worker. concurrency: 1 args: {"network_create_args": null, "subnet_create_args": null, "subnet_cidr_start": "1.1.0.0/30", "subnets_per_network": 2, "router_create_args": null} times: 40 method_name: run timeout: 0 duration: None cls:
2019-07-24 21:16:58.538 25189 RALLYDEBUG rally.task.runner [-] Starting a worker. concurrency: 1 args: {"network_create_args": null, "subnet_create_args": null, "subnet_cidr_start": "1.1.0.0/30", "subnets_per_network": 2, "router_create_args": null} times: 40 method_name: run timeout: 0 duration: None cls:
2019-07-24 21:16:58.527 25170 INFO rally.task.runner [-] Task e0b13e5f-b38d-4aba-92e9-ed40aca03436 | ITER: 2 START
2019-07-24 21:16:58.540 25185 INFO rally.task.runner [-] Task e0b13e5f-b38d-4aba-92e9-ed40aca03436 | ITER: 11 START
2019-07-24 21:16:58.540 25176 INFO rally.task.runner [-] Task e0b13e5f-b38d-4aba-92e9-ed40aca03436 | ITER: 10 START
2019-07-24 21:16:58.544 25189 INFO rally.task.runner [-] Task e0b13e5f-b38d-4aba-92e9-ed40aca03436 | ITER: 12 START
2019-07-24 21:16:58.543 25172 INFO rally.task.runner [-] Task e0b13e5f-b38d-4aba-92e9-ed40aca03436 | ITER: 9 START
2019-07-24 21:16:58.546 25181 INFO rally.task.runner [-] Task e0b13e5f-b38d-4aba-92e9-ed40aca03436 | ITER: 13 START
2019-07-24 21:16:58.545 25190 RALLYDEBUG rally.task.runner [-] Starting a worker. concurrency: 1 args: {"network_create_args": null, "subnet_create_args": null, "subnet_cidr_start": "1.1.0.0/30", "subnets_per_network": 2, "router_create_args": null} times: 40 method_name: run timeout: 0 duration: None cls:
2019-07-24 21:16:58.550 25190 INFO rally.task.runner [-] Task e0b13e5f-b38d-4aba-92e9-ed40aca03436 | ITER: 14 START
2019-07-24 21:16:58.550 25193 RALLYDEBUG rally.task.runner [-] Starting a worker. concurrency: 1 args: {"network_create_args": null, "subnet_create_args": null, "subnet_cidr_start": "1.1.0.0/30", "subnets_per_network": 2, "router_create_args": null} times: 40 method_name: run timeout: 0 duration: None cls:
2019-07-24 21:16:58.556 25193 INFO rally.task.runner [-] Task e0b13e5f-b38d-4aba-92e9-ed40aca03436 | ITER: 15 START
2019-07-24 21:16:58.558 25198 RALLYDEBUG rally.task.runner [-] Starting a worker. concurrency: 1 args: {"network_create_args": null, "subnet_create_args": null, "subnet_cidr_start": "1.1.0.0/30", "subnets_per_network": 2, "router_create_args": null} times: 40 method_name: run timeout: 0 duration: None cls:
2019-07-24 21:16:58.564 25198 INFO rally.task.runner [-] Task e0b13e5f-b38d-4aba-92e9-ed40aca03436 | ITER: 16 START
2019-07-24 21:16:58.566 25207 RALLYDEBUG rally.task.runner [-] Starting a worker. concurrency: 1 args: {"network_create_args": null, "subnet_create_args": null, "subnet_cidr_start": "1.1.0.0/30", "subnets_per_network": 2, "router_create_args": null} times: 40 method_name: run timeout: 0 duration: None cls:
2019-07-24 21:16:58.571 25207 INFO rally.task.runner [-] Task e0b13e5f-b38d-4aba-92e9-ed40aca03436 | ITER: 17 START
2019-07-24 21:16:58.572 25210 RALLYDEBUG rally.task.runner [-] Starting a worker. concurrency: 1 args: {"network_create_args": null, "subnet_create_args": null, "subnet_cidr_start": "1.1.0.0/30", "subnets_per_network": 2, "router_create_args": null} times: 40 method_name: run timeout: 0 duration: None cls:
2019-07-24 21:16:58.576 25214 RALLYDEBUG rally.task.runner [-] Starting a worker. concurrency: 1 args: {"network_create_args": null, "subnet_create_args": null, "subnet_cidr_start": "1.1.0.0/30", "subnets_per_network": 2, "router_create_args": null} times: 40 method_name: run timeout: 0 duration: None cls:
2019-07-24 21:16:58.577 25210 INFO rally.task.runner [-] Task e0b13e5f-b38d-4aba-92e9-ed40aca03436 | ITER: 18 START
2019-07-24 21:16:58.578 25211 RALLYDEBUG rally.task.runner [-] Starting a worker. concurrency: 1 args: {"network_create_args": null, "subnet_create_args": null, "subnet_cidr_start": "1.1.0.0/30", "subnets_per_network": 2, "router_create_args": null} times: 40 method_name: run timeout: 0 duration: None cls:
2019-07-24 21:16:58.580 25214 INFO rally.task.runner [-] Task e0b13e5f-b38d-4aba-92e9-ed40aca03436 | ITER: 19 START
2019-07-24 21:16:58.582 25211 INFO rally.task.runner [-] Task e0b13e5f-b38d-4aba-92e9-ed40aca03436 | ITER: 20 START
2019-07-24 21:17:00.265 25172 RALLYDEBUG rally_openstack.wrappers.network [-] CIDR generated: 1.1.5.160/30
2019-07-24 21:17:00.271 25207 RALLYDEBUG rally_openstack.wrappers.network [-] CIDR generated: 1.1.5.164/30
2019-07-24 21:17:00.289 25171 RALLYDEBUG rally_openstack.wrappers.network [-] CIDR generated: 1.1.5.168/30
2019-07-24 21:17:00.294 25171 RALLYDEBUG rally_openstack.wrappers.network [-] CIDR generated: 1.1.5.172/30
2019-07-24 21:17:00.301 25211 RALLYDEBUG rally_openstack.wrappers.network [-] CIDR generated: 1.1.5.176/30
2019-07-24 21:17:00.379 25193 RALLYDEBUG rally_openstack.wrappers.network [-] CIDR generated: 1.1.5.180/30
2019-07-24 21:17:00.504 25172 RALLYDEBUG rally_openstack.wrappers.network [-] CIDR generated: 1.1.5.184/30
2019-07-24 21:17:00.535 25214 RALLYDEBUG rally_openstack.wrappers.network [-] CIDR generated: 1.1.5.188/30
2019-07-24 21:17:00.546 25198 RALLYDEBUG rally_openstack.wrappers.network [-] CIDR generated: 1.1.5.192/30
2019-07-24 21:17:00.570 25210 RALLYDEBUG rally_openstack.wrappers.network [-] CIDR generated: 1.1.5.196/30
2019-07-24 21:17:00.582 25181 RALLYDEBUG rally_openstack.wrappers.network [-] CIDR generated: 1.1.5.200/30
2019-07-24 21:17:00.666 25170 RALLYDEBUG rally_openstack.wrappers.network [-] CIDR generated: 1.1.5.204/30
2019-07-24 21:17:00.758 25189 RALLYDEBUG rally_openstack.wrappers.network [-] CIDR generated: 1.1.5.208/30
2019-07-24 21:17:00.802 25169 RALLYDEBUG rally_openstack.wrappers.network [-] CIDR generated: 1.1.5.212/30
2019-07-24 21:17:00.808 25185 RALLYDEBUG rally_openstack.wrappers.network [-] CIDR generated: 1.1.5.216/30
2019-07-24 21:17:00.875 25190 RALLYDEBUG rally_openstack.wrappers.network [-] CIDR generated: 1.1.5.220/30
2019-07-24 21:17:00.899 25170 RALLYDEBUG rally_openstack.wrappers.network [-] CIDR generated: 1.1.5.224/30
2019-07-24 21:17:00.912 25169 RALLYDEBUG rally_openstack.wrappers.network [-] CIDR generated: 1.1.5.228/30
2019-07-24 21:17:00.976 25173 RALLYDEBUG rally_openstack.wrappers.network [-] CIDR generated: 1.1.5.232/30
2019-07-24 21:17:01.301 25176 RALLYDEBUG rally_openstack.wrappers.network [-] CIDR generated: 1.1.5.236/30
2019-07-24 21:17:02.061 25171 RALLYDEBUG rally_openstack.wrappers.network [-] CIDR generated: 1.1.5.240/30
2019-07-24 21:17:02.127 25171 RALLYDEBUG rally_openstack.wrappers.network [-] CIDR generated: 1.1.5.244/30
2019-07-24 21:17:02.282 25172 RALLYDEBUG rally_openstack.wrappers.network [-] CIDR generated: 1.1.5.248/30
2019-07-24 21:17:02.415 25214 RALLYDEBUG rally_openstack.wrappers.network [-] CIDR generated: 1.1.5.252/30
2019-07-24 21:17:02.734 25170 RALLYDEBUG rally_openstack.wrappers.network [-] CIDR generated: 1.1.6.0/30
2019-07-24 21:17:02.787 25210 RALLYDEBUG rally_openstack.wrappers.network [-] CIDR generated: 1.1.6.4/30
2019-07-24 21:17:02.959 25211 RALLYDEBUG rally_openstack.wrappers.network [-] CIDR generated: 1.1.6.8/30
2019-07-24 21:17:03.025 25172 RALLYDEBUG rally_openstack.wrappers.network [-] CIDR generated: 1.1.6.12/30
2019-07-24 21:17:03.136 25207 RALLYDEBUG rally_openstack.wrappers.network [-] CIDR generated: 1.1.6.16/30
2019-07-24 21:17:03.368 25189 RALLYDEBUG rally_openstack.wrappers.network [-] CIDR generated: 1.1.6.20/30
2019-07-24 21:17:03.545 25170 RALLYDEBUG rally_openstack.wrappers.network [-] CIDR generated: 1.1.6.24/30
2019-07-24 21:17:04.078 25193 RALLYDEBUG rally_openstack.wrappers.network [-] CIDR generated: 1.1.6.28/30
2019-07-24 21:17:04.136 25169 RALLYDEBUG rally_openstack.wrappers.network [-] CIDR generated: 1.1.6.32/30
2019-07-24 21:17:04.231 25198 RALLYDEBUG rally_openstack.wrappers.network [-] CIDR generated: 1.1.6.36/30
2019-07-24 21:17:04.243 25169 RALLYDEBUG rally_openstack.wrappers.network [-] CIDR generated: 1.1.6.40/30
2019-07-24 21:17:04.270 25181 RALLYDEBUG rally_openstack.wrappers.network [-] CIDR generated: 1.1.6.44/30
2019-07-24 21:17:04.422 25185 RALLYDEBUG rally_openstack.wrappers.network [-] CIDR generated: 1.1.6.48/30
2019-07-24 21:17:04.699 25190 RALLYDEBUG rally_openstack.wrappers.network [-] CIDR generated: 1.1.6.52/30
2019-07-24 21:17:04.804 25176 RALLYDEBUG rally_openstack.wrappers.network [-] CIDR generated: 1.1.6.56/30
2019-07-24 21:17:04.842 25173 RALLYDEBUG rally_openstack.wrappers.network [-] CIDR generated: 1.1.6.60/30
2019-07-24 21:17:30.700 25214 INFO rally.task.runner [-] Task e0b13e5f-b38d-4aba-92e9-ed40aca03436 | ITER: 19 END: OK
2019-07-24 21:17:30.703 25214 INFO rally.task.runner [-] Task e0b13e5f-b38d-4aba-92e9-ed40aca03436 | ITER: 21 START
2019-07-24 21:17:31.001 25211 INFO rally.task.runner [-] Task e0b13e5f-b38d-4aba-92e9-ed40aca03436 | ITER: 20 END: OK
2019-07-24 21:17:31.004 25211 INFO rally.task.runner [-] Task e0b13e5f-b38d-4aba-92e9-ed40aca03436 | ITER: 22 START
2019-07-24 21:17:31.458 25181 INFO rally.task.runner [-] Task e0b13e5f-b38d-4aba-92e9-ed40aca03436 | ITER: 13 END: OK
2019-07-24 21:17:31.461 25181 INFO rally.task.runner [-] Task e0b13e5f-b38d-4aba-92e9-ed40aca03436 | ITER: 23 START
2019-07-24 21:17:31.909 25190 INFO rally.task.runner [-] Task e0b13e5f-b38d-4aba-92e9-ed40aca03436 | ITER: 14 END: OK
2019-07-24 21:17:31.913 25190 INFO rally.task.runner [-] Task e0b13e5f-b38d-4aba-92e9-ed40aca03436 | ITER: 24 START
2019-07-24 21:17:31.998 25214 RALLYDEBUG rally_openstack.wrappers.network [-] CIDR generated: 1.1.6.64/30
2019-07-24 21:17:32.344 25211 RALLYDEBUG rally_openstack.wrappers.network [-] CIDR generated: 1.1.6.68/30
2019-07-24 21:17:33.032 25181 RALLYDEBUG rally_openstack.wrappers.network [-] CIDR generated: 1.1.6.72/30
