2019-07-24 21:31:26.549 22705 RALLYDEBUG rally_openstack.cleanup.manager [-] Deleting neutron.port object s_rally_c97d8d2f_n6AprIqN (db056719-14be-4275-92b0-70a4551b4120)
2019-07-24 21:31:26.698 22705 RALLYDEBUG rally_openstack.cleanup.manager [-] Deleting neutron.port object s_rally_c97d8d2f_u7yeZg3v (dbbdaf6e-f2be-4aaf-ac79-61fd22af71e1)
2019-07-24 21:31:26.733 22705 RALLYDEBUG rally_openstack.cleanup.manager [-] Deleting neutron.port object s_rally_c97d8d2f_TIn67E4D (dc0d145e-d5e9-4c12-b4ef-e4de70baacd0)
2019-07-24 21:31:26.857 22705 RALLYDEBUG rally_openstack.cleanup.manager [-] Deleting neutron.port object s_rally_c97d8d2f_45BtXytF (dc3d756e-549c-41d3-bed5-2edf20d01965)
2019-07-24 21:31:27.264 22705 RALLYDEBUG rally_openstack.cleanup.manager [-] Deleting neutron.port object s_rally_c97d8d2f_mafLJnuc (dcf882fd-3bc1-446e-92d3-9bfd20231141)
2019-07-24 21:31:27.265 22705 RALLYDEBUG rally_openstack.cleanup.manager [-] Deleting neutron.port object s_rally_c97d8d2f_IpWOLFuH (ddd1fdaa-ceed-4cd6-98a3-eb75cfc66592)
2019-07-24 21:31:27.699 22705 RALLYDEBUG rally_openstack.cleanup.manager [-] Deleting neutron.port object s_rally_c97d8d2f_S6mUuBe1 (def7fed2-1e5c-4416-8f01-f64961fbc0a6)
2019-07-24 21:31:28.020 22705 RALLYDEBUG rally_openstack.cleanup.manager [-] Deleting neutron.port object s_rally_c97d8d2f_U5CCb8Ks (df9fedb2-ecb0-477c-ac46-6a2592872e30)
2019-07-24 21:31:28.088 22705 RALLYDEBUG rally_openstack.cleanup.manager [-] Deleting neutron.port object s_rally_c97d8d2f_Qd7OVghJ (e0098639-0b86-4e0d-9609-ccaa0dce2bbf)
2019-07-24 21:31:28.113 22705 RALLYDEBUG rally_openstack.cleanup.manager [-] Deleting neutron.port object s_rally_c97d8d2f_Kf3J1nlt (e1433381-119b-4e97-a9ce-350901d08927)
2019-07-24 21:31:28.248 22705 RALLYDEBUG rally_openstack.cleanup.manager [-] Deleting neutron.port object s_rally_c97d8d2f_yS41y5ch (e1609c53-379d-4648-9fd7-8fa8555d11ca)
2019-07-24 21:31:28.292 22705 RALLYDEBUG rally_openstack.cleanup.manager [-] Deleting neutron.port object s_rally_c97d8d2f_HAQXzAAR (e184b787-a960-42d4-a5d9-8df67a1d8b3b)
2019-07-24 21:31:28.535 22705 RALLYDEBUG rally_openstack.cleanup.manager [-] Deleting neutron.port object s_rally_c97d8d2f_STNJUlhM (e20ff939-9507-4367-9559-225c2bfc5f8c)
2019-07-24 21:31:28.595 22705 RALLYDEBUG rally_openstack.cleanup.manager [-] Deleting neutron.port object s_rally_c97d8d2f_EsAknQES (e287af1a-6bed-4e21-987d-b521cd6d8587)
2019-07-24 21:31:28.741 22705 RALLYDEBUG rally_openstack.cleanup.manager [-] Deleting neutron.port object s_rally_c97d8d2f_u1pEWvo8 (e29feb50-e0af-45a7-abea-00d07baa864d)
2019-07-24 21:31:28.821 22705 RALLYDEBUG rally_openstack.cleanup.manager [-] Deleting neutron.port object s_rally_c97d8d2f_1vujkzy3 (e30fca6b-1ca6-4e32-b1c1-36a651d33ea4)
2019-07-24 21:31:28.871 22705 RALLYDEBUG rally_openstack.cleanup.manager [-] Deleting neutron.port object s_rally_c97d8d2f_y3KRs6um (e36a849c-933b-4a0d-8b66-75257f783563)
2019-07-24 21:31:28.872 22705 RALLYDEBUG rally_openstack.cleanup.manager [-] Deleting neutron.port object s_rally_c97d8d2f_JJ9WtHZu (e35a9b32-2d2c-4c26-85d7-69f8c3c1cac6)
2019-07-24 21:31:28.893 22705 RALLYDEBUG rally_openstack.cleanup.manager [-] Deleting neutron.port object s_rally_c97d8d2f_WxqAShhQ (e3f8922e-362c-4a50-8567-0ab3306185a7)
2019-07-24 21:31:29.063 22705 RALLYDEBUG rally_openstack.cleanup.manager [-] Deleting neutron.port object s_rally_c97d8d2f_HJdCDwvI (e4212dae-aadf-4b22-a70b-1ac162e7ad00)
2019-07-24 21:31:29.081 22705 RALLYDEBUG rally_openstack.cleanup.manager [-] Deleting neutron.port object s_rally_c97d8d2f_7npXJqQD (e6c020be-a914-4ff0-836e-52032dee0b53)
2019-07-24 21:31:29.124 22705 RALLYDEBUG rally_openstack.cleanup.manager [-] Deleting neutron.port object s_rally_c97d8d2f_HXKPctHv (e709d7e8-2905-425e-bdce-73cd9c8237b9)
2019-07-24 21:31:29.247 22705 RALLYDEBUG rally_openstack.cleanup.manager [-] Deleting neutron.port object s_rally_c97d8d2f_DkdIzPSM (e914f6b6-5cd7-4cba-bb08-a3f425026749)
2019-07-24 21:31:29.261 22705 RALLYDEBUG rally_openstack.cleanup.manager [-] Deleting neutron.port object s_rally_c97d8d2f_e1LWRpJa (e977145d-47ae-411a-8bb9-2ef86d5afd2b)
2019-07-24 21:31:29.420 22705 RALLYDEBUG rally_openstack.cleanup.manager [-] Deleting neutron.port object s_rally_c97d8d2f_FrzPnAq1 (e9c5c0f4-1ddd-4378-a87c-28860bedd745)
2019-07-24 21:31:29.497 22705 RALLYDEBUG rally_openstack.cleanup.manager [-] Deleting neutron.port object s_rally_c97d8d2f_0I3r7DaT (ea9eebe9-2164-42b0-bfce-fe461292443f)
2019-07-24 21:31:29.908 22705 RALLYDEBUG rally_openstack.cleanup.manager [-] Deleting neutron.port object s_rally_c97d8d2f_YIPIzZFK (eb761f21-f3ac-48d5-88cc-ec606e3f74bb)
2019-07-24 21:31:30.172 22705 RALLYDEBUG rally_openstack.cleanup.manager [-] Deleting neutron.port object s_rally_c97d8d2f_gqQ2ce5N (ec4224ca-7518-483d-9a10-0b058243ceee)
2019-07-24 21:31:30.281 22705 RALLYDEBUG rally_openstack.cleanup.manager [-] Deleting neutron.port object s_rally_c97d8d2f_KeejWZVC (ec8f556b-12ec-4cda-a3f4-805908982ced)
2019-07-24 21:31:30.334 22705 RALLYDEBUG rally_openstack.cleanup.manager [-] Deleting neutron.port object s_rally_c97d8d2f_UnPjPuxQ (edf68812-69ad-43d7-a2f6-136f0c1f5692)
2019-07-24 21:31:30.385 22705 RALLYDEBUG rally_openstack.cleanup.manager [-] Deleting neutron.port object s_rally_c97d8d2f_qO2O2udX (ef5f13d2-93f0-427f-8a5c-61fd17d47bef)
2019-07-24 21:31:30.727 22705 RALLYDEBUG rally_openstack.cleanup.manager [-] Deleting neutron.port object s_rally_c97d8d2f_LHkt7ZjY (ef9cbaf5-f21b-410d-8c83-2e219b271f88)
2019-07-24 21:31:30.813 22705 RALLYDEBUG rally_openstack.cleanup.manager [-] Deleting neutron.port object s_rally_c97d8d2f_6L1TXwKu (efb123c6-d96d-4d7b-ab1f-72e40bc7eeeb)
2019-07-24 21:31:30.919 22705 RALLYDEBUG rally_openstack.cleanup.manager [-] Deleting neutron.port object s_rally_c97d8d2f_UlxK2DWz (f0db2e3b-c0c2-4937-8c96-ddd2f60fe8bc)
2019-07-24 21:31:31.150 22705 RALLYDEBUG rally_openstack.cleanup.manager [-] Deleting neutron.port object s_rally_c97d8d2f_yy9nw7y4 (f19ad7f5-b784-49b7-aac5-4ce8cd61f366)
2019-07-24 21:31:31.282 22705 RALLYDEBUG rally_openstack.cleanup.manager [-] Deleting neutron.port object s_rally_c97d8d2f_OdyhhXFN (f1af926f-709c-4326-b219-4da0301d6c22)
2019-07-24 21:31:31.410 22705 RALLYDEBUG rally_openstack.cleanup.manager [-] Deleting neutron.port object s_rally_c97d8d2f_iBifLlK5 (f2027a72-d2af-468c-be13-d7dbb622b37e)
2019-07-24 21:31:31.587 22705 RALLYDEBUG rally_openstack.cleanup.manager [-] Deleting neutron.port object s_rally_c97d8d2f_J6KY3iWI (f3270eb5-8cd6-4469-8ea2-552df3c7c2a7)
2019-07-24 21:31:31.590 22705 RALLYDEBUG rally_openstack.cleanup.manager [-] Deleting neutron.port object s_rally_c97d8d2f_2zZtxxSp (f27469d8-eb5f-465c-9445-76c78321e231)
2019-07-24 21:31:31.676 22705 RALLYDEBUG rally_openstack.cleanup.manager [-] Deleting neutron.port object s_rally_c97d8d2f_ceyGKmOx (f34acbc1-d2ee-472b-af43-466d3b941c5e)
2019-07-24 21:31:31.738 22705 RALLYDEBUG rally_openstack.cleanup.manager [-] Deleting neutron.port object s_rally_c97d8d2f_smLvmiFG (f3cbbc15-0c7d-4f6b-b05f-2e32390fd1f7)
2019-07-24 21:31:31.755 22705 RALLYDEBUG rally_openstack.cleanup.manager [-] Deleting neutron.port object s_rally_c97d8d2f_GjKD6FJS (f4a2a606-e0c7-4279-846e-d02a05d0ce95)
2019-07-24 21:31:31.778 22705 RALLYDEBUG rally_openstack.cleanup.manager [-] Deleting neutron.port object s_rally_c97d8d2f_Bn9R4ekW (f5cfc01c-3418-44ad-88c6-a1e826ecf32b)
2019-07-24 21:31:31.791 22705 RALLYDEBUG rally_openstack.cleanup.manager [-] Deleting neutron.port object s_rally_c97d8d2f_RyIt1ep7 (f60415ae-ce24-4926-a360-2c5598cf6db0)
2019-07-24 21:31:32.004 22705 RALLYDEBUG rally_openstack.cleanup.manager [-] Deleting neutron.port object s_rally_c97d8d2f_csD3856R (f61e189e-a7e1-4e94-b606-32641ec18474)
2019-07-24 21:31:32.060 22705 RALLYDEBUG rally_openstack.cleanup.manager [-] Deleting neutron.port object s_rally_c97d8d2f_rmCpa6T5 (f6461db6-efe3-42d4-a491-7f6cedadc472)
2019-07-24 21:31:32.398 22705 RALLYDEBUG rally_openstack.cleanup.manager [-] Deleting neutron.port object s_rally_c97d8d2f_xmCtuMsK (f6a307db-6dee-4aca-ac0a-5b1815cfa9ae)
2019-07-24 21:31:32.629 22705 RALLYDEBUG rally_openstack.cleanup.manager [-] Deleting neutron.port object s_rally_c97d8d2f_nFYZ0Pjc (f720756b-055f-4f69-a9b7-60af2c2b39a1)
2019-07-24 21:31:32.665 22705 RALLYDEBUG rally_openstack.cleanup.manager [-] Deleting neutron.port object s_rally_c97d8d2f_1MHlENo7 (f765ec78-ea62-4914-8b02-2d27a19a9dee)
2019-07-24 21:31:32.852 22705 RALLYDEBUG rally_openstack.cleanup.manager [-] Deleting neutron.port object s_rally_c97d8d2f_60uj0Dse (f8878c0c-520c-4c7f-904e-b8e6a53ae2ce)
2019-07-24 21:31:33.288 22705 RALLYDEBUG rally_openstack.cleanup.manager [-] Deleting neutron.port object s_rally_c97d8d2f_Ve4qw60o (f92600da-7a10-497f-93a9-19f2f9e171ba)
2019-07-24 21:31:33.294 22705 RALLYDEBUG rally_openstack.cleanup.manager [-] Deleting neutron.port object s_rally_c97d8d2f_PYjSqeCF (f92ed893-2d08-46e7-b558-4de78533a8d5)
2019-07-24 21:31:33.350 22705 RALLYDEBUG rally_openstack.cleanup.manager [-] Deleting neutron.port object s_rally_c97d8d2f_kjkYIeK9 (f97fff9a-b934-4b08-a6e9-fca8d44b0c75)
2019-07-24 21:31:33.437 22705 RALLYDEBUG rally_openstack.cleanup.manager [-] Deleting neutron.port object s_rally_c97d8d2f_wtJRttlR (f9db636c-1d80-4150-98ac-0fd6f58de6aa)
2019-07-24 21:31:33.438 22705 RALLYDEBUG rally_openstack.cleanup.manager [-] Deleting neutron.port object s_rally_c97d8d2f_RFUy1w8u (fa2b25a3-217d-4f87-bbe7-623c5cebf1da)
2019-07-24 21:31:33.585 22705 RALLYDEBUG rally_openstack.cleanup.manager [-] Deleting neutron.port object s_rally_c97d8d2f_xcZ4EoF5 (fa37a9a0-7854-44fb-88af-a2bf46304ffb)
2019-07-24 21:31:33.608 22705 RALLYDEBUG rally_openstack.cleanup.manager [-] Deleting neutron.port object s_rally_c97d8d2f_dyRycGCo (fb589024-67b1-48ff-a9a6-6e152b67a0dd)
2019-07-24 21:31:33.859 22705 RALLYDEBUG rally_openstack.cleanup.manager [-] Deleting neutron.port object s_rally_c97d8d2f_xmZZHWO8 (fbb9fd91-dd6c-4aba-b789-b131eb4bd84d)
2019-07-24 21:31:34.021 22705 RALLYDEBUG rally_openstack.cleanup.manager [-] Deleting neutron.port object s_rally_c97d8d2f_EzZDlxJR (fc52b881-2e25-4d0d-bc5d-842e6e9cf3ce)
2019-07-24 21:31:34.224 22705 RALLYDEBUG rally_openstack.cleanup.manager [-] Deleting neutron.port object s_rally_c97d8d2f_72bLJdcK (fc7de888-102c-4daf-9288-958541c14ee9)
2019-07-24 21:31:34.398 22705 RALLYDEBUG rally_openstack.cleanup.manager [-] Deleting neutron.port object s_rally_c97d8d2f_PjlvM9u6 (fe64372e-1801-4530-a5f8-590c512eece1)
2019-07-24 21:31:34.411 22705 RALLYDEBUG rally_openstack.cleanup.manager [-] Deleting neutron.port object s_rally_c97d8d2f_gqPYsXui (fe6d5b29-4cda-47b3-ac99-4b04421e7b35)
2019-07-24 21:31:36.861 22705 RALLYDEBUG rally_openstack.cleanup.manager [-] Cleaning up neutron subnet objects
2019-07-24 21:31:37.512 22705 RALLYDEBUG rally_openstack.cleanup.manager [-] Cleaning up neutron network objects
2019-07-24 21:31:38.625 22705 RALLYDEBUG rally_openstack.cleanup.manager [-] Deleting neutron.network object s_rally_c97d8d2f_4HNAuc43 (15f9c875-f973-4cae-b909-7ff1494902b2)
2019-07-24 21:31:38.633 22705 RALLYDEBUG rally_openstack.cleanup.manager [-] Deleting neutron.network object s_rally_c97d8d2f_vcK5SDYG (5b65ac24-501c-4586-ba0d-8152258ecbf0)
2019-07-24 21:31:38.642 22705 RALLYDEBUG rally_openstack.cleanup.manager [-] Deleting neutron.network object s_rally_c97d8d2f_ZuUxle5I (6869b733-5be1-45d4-bec9-6424a09d7696)
2019-07-24 21:31:38.646 22705 RALLYDEBUG rally_openstack.cleanup.manager [-] Deleting neutron.network object s_rally_c97d8d2f_wUUEtnmM (7dcee175-6d71-43b5-8ad3-0ba604dd0faa)
2019-07-24 21:31:38.658 22705 RALLYDEBUG rally_openstack.cleanup.manager [-] Deleting neutron.network object s_rally_c97d8d2f_dj3qwpee (8851e2a3-e0cd-479f-bf4f-c49915875970)
2019-07-24 21:31:38.675 22705 RALLYDEBUG rally_openstack.cleanup.manager [-] Deleting neutron.network object s_rally_c97d8d2f_KCobXH3d (9a14e655-d4e8-43de-b65d-6b0dc91dc3b8)
2019-07-24 21:31:38.676 22705 RALLYDEBUG rally_openstack.cleanup.manager [-] Deleting neutron.network object s_rally_c97d8d2f_aXLMbSoj (938a8c28-452a-45ae-8425-27d32f6393a8)
2019-07-24 21:31:38.687 22705 RALLYDEBUG rally_openstack.cleanup.manager [-] Deleting neutron.network object s_rally_c97d8d2f_yQx9izvH (b76fbba7-656c-401f-bc02-ee6d593ae66c)
2019-07-24 21:31:42.062 22705 RALLYDEBUG rally_openstack.cleanup.manager [-] Cleaning up neutron router objects
2019-07-24 21:31:42.752 22705 RALLYDEBUG rally_openstack.cleanup.manager [-] Cleaning up neutron security_group objects
2019-07-24 21:31:43.515 22705 INFO rally.task.context [-] Task e0b13e5f-b38d-4aba-92e9-ed40aca03436 | Context cleanup@openstack cleanup() finished in 1.05 min
2019-07-24 21:31:43.516 22705 INFO rally.task.context [-] Task e0b13e5f-b38d-4aba-92e9-ed40aca03436 | Context quotas@openstack cleanup() started
2019-07-24 21:31:43.938 22705 INFO rally.task.context [-] Task e0b13e5f-b38d-4aba-92e9-ed40aca03436 | Context quotas@openstack cleanup() finished in 0.42 sec
2019-07-24 21:31:43.939 22705 INFO rally.task.context [-] Task e0b13e5f-b38d-4aba-92e9-ed40aca03436 | Context users@openstack cleanup() started
2019-07-24 21:31:48.852 22705 INFO rally.task.context [-] Task e0b13e5f-b38d-4aba-92e9-ed40aca03436 | Context users@openstack cleanup() finished in 4.91 sec
2019-07-24 21:31:48.975 22705 INFO rally.task.engine [-] Load duration is: 96.82594
2019-07-24 21:31:48.976 22705 INFO rally.task.engine [-] Full runner duration is: 96.870518
2019-07-24 21:31:48.976 22705 INFO rally.task.engine [-] Full duration is: 170.675855
2019-07-24 21:31:49.195 22705 INFO rally.task.engine [-] Running workload: position = 1 config = { "version": 2, "title": "A cropped version of a bigger task.", "description": "Auto-generated task from a single workload (uuid=87880319-72cc-4f06-ab68-136beee40ed1)", "subtasks": [ { "title": "NeutronNetworks.create_and_update_ports", "description": "Create and update a given number of ports.", "scenario": { "NeutronNetworks.create_and_update_ports": { "network_create_args": {}, "port_create_args": {}, "ports_per_network": 5, "port_update_args": { "admin_state_up": false, "device_id": "dummy_id", "device_owner": "dummy_owner", "name": "_port_updated" } } }, "contexts": { "users": { "tenants": 1, "users_per_tenant": 1 }, "quotas": { "neutron": { "network": -1, "port": -1 } } }, "runner": { "constant": { "times": 40, "concurrency": 20 } }, "hooks": [], "sla": { "failure_rate": { "max": 0 } } } ] }
2019-07-24 21:31:49.217 22705 RALLYDEBUG rally_openstack.contexts.keystone.users [-] Creating 1 tenants using 20 threads
2019-07-24 21:31:50.906 22705 RALLYDEBUG rally_openstack.contexts.keystone.users [-] Creating 1 users using 20 threads
2019-07-24 21:31:53.512 22705 INFO rally.task.context [-] Task e0b13e5f-b38d-4aba-92e9-ed40aca03436 | Context users@openstack setup() finished in 4.30 sec
2019-07-24 21:31:54.340 22705 INFO rally.task.context [-] Task e0b13e5f-b38d-4aba-92e9-ed40aca03436 | Context quotas@openstack setup() finished in 0.83 sec
2019-07-24 21:31:54.340 22705 INFO rally.task.context [-] Task e0b13e5f-b38d-4aba-92e9-ed40aca03436 | Context cleanup@openstack setup() finished in 0.01 msec
2019-07-24 21:31:54.348 22705 RALLYDEBUG rally.task.runner [-] Starting the constant runner (task UUID: e0b13e5f-b38d-4aba-92e9-ed40aca03436). timeout: 0 concurrency: 20 concurrency_per_worker: 1 times: 40 concurrency_overhead: 4 processes_to_start: 16 max_cpu_used: 16
2019-07-24 21:31:54.362 26581 RALLYDEBUG rally.task.runner [-] Starting a worker. concurrency: 2 args: {"network_create_args": {}, "port_create_args": {}, "ports_per_network": 5, "port_update_args": {"admin_state_up": false, "device_id": "dummy_id", "device_owner": "dummy_owner", "name": "_port_updated"}} times: 40 method_name: run timeout: 0 duration: None cls:
2019-07-24 21:31:54.364 26582 RALLYDEBUG rally.task.runner [-] Starting a worker. concurrency: 2 args: {"network_create_args": {}, "port_create_args": {}, "ports_per_network": 5, "port_update_args": {"admin_state_up": false, "device_id": "dummy_id", "device_owner": "dummy_owner", "name": "_port_updated"}} times: 40 method_name: run timeout: 0 duration: None cls:
2019-07-24 21:31:54.368 26583 RALLYDEBUG rally.task.runner [-] Starting a worker. concurrency: 2 args: {"network_create_args": {}, "port_create_args": {}, "ports_per_network": 5, "port_update_args": {"admin_state_up": false, "device_id": "dummy_id", "device_owner": "dummy_owner", "name": "_port_updated"}} times: 40 method_name: run timeout: 0 duration: None cls:
2019-07-24 21:31:54.371 26584 RALLYDEBUG rally.task.runner [-] Starting a worker. concurrency: 2 args: {"network_create_args": {}, "port_create_args": {}, "ports_per_network": 5, "port_update_args": {"admin_state_up": false, "device_id": "dummy_id", "device_owner": "dummy_owner", "name": "_port_updated"}} times: 40 method_name: run timeout: 0 duration: None cls:
2019-07-24 21:31:54.372 26581 INFO rally.task.runner [-] Task e0b13e5f-b38d-4aba-92e9-ed40aca03436 | ITER: 3 START
2019-07-24 21:31:54.374 26582 INFO rally.task.runner [-] Task e0b13e5f-b38d-4aba-92e9-ed40aca03436 | ITER: 2 START
2019-07-24 21:31:54.374 26585 RALLYDEBUG rally.task.runner [-] Starting a worker. concurrency: 1 args: {"network_create_args": {}, "port_create_args": {}, "ports_per_network": 5, "port_update_args": {"admin_state_up": false, "device_id": "dummy_id", "device_owner": "dummy_owner", "name": "_port_updated"}} times: 40 method_name: run timeout: 0 duration: None cls:
2019-07-24 21:31:54.375 26581 INFO rally.task.runner [-] Task e0b13e5f-b38d-4aba-92e9-ed40aca03436 | ITER: 1 START
2019-07-24 21:31:54.375 26589 RALLYDEBUG rally.task.runner [-] Starting a worker. concurrency: 1 args: {"network_create_args": {}, "port_create_args": {}, "ports_per_network": 5, "port_update_args": {"admin_state_up": false, "device_id": "dummy_id", "device_owner": "dummy_owner", "name": "_port_updated"}} times: 40 method_name: run timeout: 0 duration: None cls:
2019-07-24 21:31:54.376 26581 WARNING rally_openstack.scenarios.neutron.utils [-] Running this scenario without either the 'network' or 'existing_network' context is deprecated
2019-07-24 21:31:54.375 26582 INFO rally.task.runner [-] Task e0b13e5f-b38d-4aba-92e9-ed40aca03436 | ITER: 4 START
2019-07-24 21:31:54.376 26583 INFO rally.task.runner [-] Task e0b13e5f-b38d-4aba-92e9-ed40aca03436 | ITER: 5 START
2019-07-24 21:31:54.376 26582 WARNING rally_openstack.scenarios.neutron.utils [-] Running this scenario without either the 'network' or 'existing_network' context is deprecated
2019-07-24 21:31:54.378 26583 WARNING rally_openstack.scenarios.neutron.utils [-] Running this scenario without either the 'network' or 'existing_network' context is deprecated
2019-07-24 21:31:54.376 26581 WARNING rally_openstack.scenarios.neutron.utils [-] Running this scenario without either the 'network' or 'existing_network' context is deprecated
2019-07-24 21:31:54.377 26582 WARNING rally_openstack.scenarios.neutron.utils [-] Running this scenario without either the 'network' or 'existing_network' context is deprecated
2019-07-24 21:31:54.383 26585 INFO rally.task.runner [-] Task e0b13e5f-b38d-4aba-92e9-ed40aca03436 | ITER: 7 START
2019-07-24 21:31:54.381 26584 INFO rally.task.runner [-] Task e0b13e5f-b38d-4aba-92e9-ed40aca03436 | ITER: 8 START
2019-07-24 21:31:54.382 26593 RALLYDEBUG rally.task.runner [-] Starting a worker. concurrency: 1 args: {"network_create_args": {}, "port_create_args": {}, "ports_per_network": 5, "port_update_args": {"admin_state_up": false, "device_id": "dummy_id", "device_owner": "dummy_owner", "name": "_port_updated"}} times: 40 method_name: run timeout: 0 duration: None cls:
2019-07-24 21:31:54.383 26584 INFO rally.task.runner [-] Task e0b13e5f-b38d-4aba-92e9-ed40aca03436 | ITER: 6 START
2019-07-24 21:31:54.384 26598 RALLYDEBUG rally.task.runner [-] Starting a worker. concurrency: 1 args: {"network_create_args": {}, "port_create_args": {}, "ports_per_network": 5, "port_update_args": {"admin_state_up": false, "device_id": "dummy_id", "device_owner": "dummy_owner", "name": "_port_updated"}} times: 40 method_name: run timeout: 0 duration: None cls:
2019-07-24 21:31:54.385 26585 WARNING rally_openstack.scenarios.neutron.utils [-] Running this scenario without either the 'network' or 'existing_network' context is deprecated
2019-07-24 21:31:54.385 26583 INFO rally.task.runner [-] Task e0b13e5f-b38d-4aba-92e9-ed40aca03436 | ITER: 9 START
2019-07-24 21:31:54.385 26584 WARNING rally_openstack.scenarios.neutron.utils [-] Running this scenario without either the 'network' or 'existing_network' context is deprecated
2019-07-24 21:31:54.386 26589 INFO rally.task.runner [-] Task e0b13e5f-b38d-4aba-92e9-ed40aca03436 | ITER: 10 START
2019-07-24 21:31:54.387 26589 WARNING rally_openstack.scenarios.neutron.utils [-] Running this scenario without either the 'network' or 'existing_network' context is deprecated
2019-07-24 21:31:54.391 26598 INFO rally.task.runner [-] Task e0b13e5f-b38d-4aba-92e9-ed40aca03436 | ITER: 12 START
2019-07-24 21:31:54.392 26598 WARNING rally_openstack.scenarios.neutron.utils [-] Running this scenario without either the 'network' or 'existing_network' context is deprecated
2019-07-24 21:31:54.392 26584 WARNING rally_openstack.scenarios.neutron.utils [-] Running this scenario without either the 'network' or 'existing_network' context is deprecated
2019-07-24 21:31:54.391 26603 RALLYDEBUG rally.task.runner [-] Starting a worker. concurrency: 1 args: {"network_create_args": {}, "port_create_args": {}, "ports_per_network": 5, "port_update_args": {"admin_state_up": false, "device_id": "dummy_id", "device_owner": "dummy_owner", "name": "_port_updated"}} times: 40 method_name: run timeout: 0 duration: None cls:
2019-07-24 21:31:54.391 26583 WARNING rally_openstack.scenarios.neutron.utils [-] Running this scenario without either the 'network' or 'existing_network' context is deprecated
2019-07-24 21:31:54.393 26593 INFO rally.task.runner [-] Task e0b13e5f-b38d-4aba-92e9-ed40aca03436 | ITER: 11 START
2019-07-24 21:31:54.394 26593 WARNING rally_openstack.scenarios.neutron.utils [-] Running this scenario without either the 'network' or 'existing_network' context is deprecated
2019-07-24 21:31:54.396 26606 RALLYDEBUG rally.task.runner [-] Starting a worker. concurrency: 1 args: {"network_create_args": {}, "port_create_args": {}, "ports_per_network": 5, "port_update_args": {"admin_state_up": false, "device_id": "dummy_id", "device_owner": "dummy_owner", "name": "_port_updated"}} times: 40 method_name: run timeout: 0 duration: None cls:
2019-07-24 21:31:54.403 26603 INFO rally.task.runner [-] Task e0b13e5f-b38d-4aba-92e9-ed40aca03436 | ITER: 13 START
2019-07-24 21:31:54.403 26611 RALLYDEBUG rally.task.runner [-] Starting a worker. concurrency: 1 args: {"network_create_args": {}, "port_create_args": {}, "ports_per_network": 5, "port_update_args": {"admin_state_up": false, "device_id": "dummy_id", "device_owner": "dummy_owner", "name": "_port_updated"}} times: 40 method_name: run timeout: 0 duration: None cls:
2019-07-24 21:31:54.404 26603 WARNING rally_openstack.scenarios.neutron.utils [-] Running this scenario without either the 'network' or 'existing_network' context is deprecated
2019-07-24 21:31:54.410 26611 INFO rally.task.runner [-] Task e0b13e5f-b38d-4aba-92e9-ed40aca03436 | ITER: 15 START
2019-07-24 21:31:54.412 26611 WARNING rally_openstack.scenarios.neutron.utils [-] Running this scenario without either the 'network' or 'existing_network' context is deprecated
2019-07-24 21:31:54.415 26606 INFO rally.task.runner [-] Task e0b13e5f-b38d-4aba-92e9-ed40aca03436 | ITER: 14 START
2019-07-24 21:31:54.416 26606 WARNING rally_openstack.scenarios.neutron.utils [-] Running this scenario without either the 'network' or 'existing_network' context is deprecated
2019-07-24 21:31:54.422 26615 RALLYDEBUG rally.task.runner [-] Starting a worker. concurrency: 1 args: {"network_create_args": {}, "port_create_args": {}, "ports_per_network": 5, "port_update_args": {"admin_state_up": false, "device_id": "dummy_id", "device_owner": "dummy_owner", "name": "_port_updated"}} times: 40 method_name: run timeout: 0 duration: None cls:
2019-07-24 21:31:54.427 26619 RALLYDEBUG rally.task.runner [-] Starting a worker. concurrency: 1 args: {"network_create_args": {}, "port_create_args": {}, "ports_per_network": 5, "port_update_args": {"admin_state_up": false, "device_id": "dummy_id", "device_owner": "dummy_owner", "name": "_port_updated"}} times: 40 method_name: run timeout: 0 duration: None cls:
2019-07-24 21:31:54.428 26615 INFO rally.task.runner [-] Task e0b13e5f-b38d-4aba-92e9-ed40aca03436 | ITER: 16 START
2019-07-24 21:31:54.430 26615 WARNING rally_openstack.scenarios.neutron.utils [-] Running this scenario without either the 'network' or 'existing_network' context is deprecated
2019-07-24 21:31:54.432 26619 INFO rally.task.runner [-] Task e0b13e5f-b38d-4aba-92e9-ed40aca03436 | ITER: 17 START
2019-07-24 21:31:54.434 26619 WARNING rally_openstack.scenarios.neutron.utils [-] Running this scenario without either the 'network' or 'existing_network' context is deprecated
2019-07-24 21:31:54.433 26620 RALLYDEBUG rally.task.runner [-] Starting a worker. concurrency: 1 args: {"network_create_args": {}, "port_create_args": {}, "ports_per_network": 5, "port_update_args": {"admin_state_up": false, "device_id": "dummy_id", "device_owner": "dummy_owner", "name": "_port_updated"}} times: 40 method_name: run timeout: 0 duration: None cls:
2019-07-24 21:31:54.434 26623 RALLYDEBUG rally.task.runner [-] Starting a worker. concurrency: 1 args: {"network_create_args": {}, "port_create_args": {}, "ports_per_network": 5, "port_update_args": {"admin_state_up": false, "device_id": "dummy_id", "device_owner": "dummy_owner", "name": "_port_updated"}} times: 40 method_name: run timeout: 0 duration: None cls:
2019-07-24 21:31:54.438 26623 INFO rally.task.runner [-] Task e0b13e5f-b38d-4aba-92e9-ed40aca03436 | ITER: 19 START
2019-07-24 21:31:54.439 26620 INFO rally.task.runner [-] Task e0b13e5f-b38d-4aba-92e9-ed40aca03436 | ITER: 18 START
2019-07-24 21:31:54.440 26623 WARNING rally_openstack.scenarios.neutron.utils [-] Running this scenario without either the 'network' or 'existing_network' context is deprecated
2019-07-24 21:31:54.440 26620 WARNING rally_openstack.scenarios.neutron.utils [-] Running this scenario without either the 'network' or 'existing_network' context is deprecated
2019-07-24 21:31:54.443 26627 RALLYDEBUG rally.task.runner [-] Starting a worker. concurrency: 1 args: {"network_create_args": {}, "port_create_args": {}, "ports_per_network": 5, "port_update_args": {"admin_state_up": false, "device_id": "dummy_id", "device_owner": "dummy_owner", "name": "_port_updated"}} times: 40 method_name: run timeout: 0 duration: None cls:
2019-07-24 21:31:54.448 26627 INFO rally.task.runner [-] Task e0b13e5f-b38d-4aba-92e9-ed40aca03436 | ITER: 20 START
2019-07-24 21:31:54.449 26627 WARNING rally_openstack.scenarios.neutron.utils [-] Running this scenario without either the 'network' or 'existing_network' context is deprecated
2019-07-24 21:32:06.850 26603 INFO rally.task.runner [-] Task e0b13e5f-b38d-4aba-92e9-ed40aca03436 | ITER: 13 END: OK
2019-07-24 21:32:06.855 26603 INFO rally.task.runner [-] Task e0b13e5f-b38d-4aba-92e9-ed40aca03436 | ITER: 21 START
2019-07-24 21:32:06.856 26603 WARNING rally_openstack.scenarios.neutron.utils [-] Running this scenario without either the 'network' or 'existing_network' context is deprecated
2019-07-24 21:32:06.873 26583 INFO rally.task.runner [-] Task e0b13e5f-b38d-4aba-92e9-ed40aca03436 | ITER: 9 END: OK
2019-07-24 21:32:06.877 26583 INFO rally.task.runner [-] Task e0b13e5f-b38d-4aba-92e9-ed40aca03436 | ITER: 22 START
2019-07-24 21:32:06.877 26583 WARNING rally_openstack.scenarios.neutron.utils [-] Running this scenario without either the 'network' or 'existing_network' context is deprecated
2019-07-24 21:32:07.647 26581 INFO rally.task.runner [-] Task e0b13e5f-b38d-4aba-92e9-ed40aca03436 | ITER: 3 END: OK
2019-07-24 21:32:07.651 26581 INFO rally.task.runner [-] Task e0b13e5f-b38d-4aba-92e9-ed40aca03436 | ITER: 23 START
2019-07-24 21:32:07.652 26581 WARNING rally_openstack.scenarios.neutron.utils [-] Running this scenario without either the 'network' or 'existing_network' context is deprecated
2019-07-24 21:32:08.063 26584 INFO rally.task.runner [-] Task e0b13e5f-b38d-4aba-92e9-ed40aca03436 | ITER: 8 END: OK
2019-07-24 21:32:08.067 26584 INFO rally.task.runner [-] Task e0b13e5f-b38d-4aba-92e9-ed40aca03436 | ITER: 24 START
2019-07-24 21:32:08.068 26584 WARNING rally_openstack.scenarios.neutron.utils [-] Running this scenario without either the 'network' or 'existing_network' context is deprecated
2019-07-24 21:32:08.440 26589 INFO rally.task.runner [-] Task e0b13e5f-b38d-4aba-92e9-ed40aca03436 | ITER: 10 END: OK
2019-07-24 21:32:08.445 26589 INFO rally.task.runner [-] Task e0b13e5f-b38d-4aba-92e9-ed40aca03436 | ITER: 25 START
2019-07-24 21:32:08.446 26589 WARNING rally_openstack.scenarios.neutron.utils [-] Running this scenario without either the 'network' or 'existing_network' context is deprecated
2019-07-24 21:32:08.971 26598 INFO rally.task.runner [-] Task e0b13e5f-b38d-4aba-92e9-ed40aca03436 | ITER: 12 END: OK
2019-07-24 21:32:08.975 26598 INFO rally.task.runner [-] Task e0b13e5f-b38d-4aba-92e9-ed40aca03436 | ITER: 26 START
2019-07-24 21:32:08.976 26598 WARNING rally_openstack.scenarios.neutron.utils [-] Running this scenario without either the 'network' or 'existing_network' context is deprecated
2019-07-24 21:32:09.152 26615 INFO rally.task.runner [-] Task e0b13e5f-b38d-4aba-92e9-ed40aca03436 | ITER: 16 END: OK
2019-07-24 21:32:09.157 26615 INFO rally.task.runner [-] Task e0b13e5f-b38d-4aba-92e9-ed40aca03436 | ITER: 27 START
2019-07-24 21:32:09.157 26615 WARNING rally_openstack.scenarios.neutron.utils [-] Running this scenario without either the 'network' or 'existing_network' context is deprecated
2019-07-24 21:32:09.246 26593 INFO rally.task.runner [-] Task e0b13e5f-b38d-4aba-92e9-ed40aca03436 | ITER: 11 END: OK
2019-07-24 21:32:09.251 26593 INFO rally.task.runner [-] Task e0b13e5f-b38d-4aba-92e9-ed40aca03436 | ITER: 28 START
2019-07-24 21:32:09.252 26593 WARNING rally_openstack.scenarios.neutron.utils [-] Running this scenario without either the 'network' or 'existing_network' context is deprecated
2019-07-24 21:32:09.391 26606 INFO rally.task.runner [-] Task e0b13e5f-b38d-4aba-92e9-ed40aca03436 | ITER: 14 END: OK
2019-07-24 21:32:09.396 26606 INFO rally.task.runner [-] Task e0b13e5f-b38d-4aba-92e9-ed40aca03436 | ITER: 29 START
2019-07-24 21:32:09.397 26606 WARNING rally_openstack.scenarios.neutron.utils [-] Running this scenario without either the 'network' or 'existing_network' context is deprecated
2019-07-24 21:32:09.479 26620 INFO rally.task.runner [-] Task e0b13e5f-b38d-4aba-92e9-ed40aca03436 | ITER: 18 END: OK
2019-07-24 21:32:09.483 26620 INFO rally.task.runner [-] Task e0b13e5f-b38d-4aba-92e9-ed40aca03436 | ITER: 30 START
2019-07-24 21:32:09.484 26620 WARNING rally_openstack.scenarios.neutron.utils [-] Running this scenario without either the 'network' or 'existing_network' context is deprecated
2019-07-24 21:32:09.653 26585 INFO rally.task.runner [-] Task e0b13e5f-b38d-4aba-92e9-ed40aca03436 | ITER: 7 END: OK
2019-07-24 21:32:09.657 26585 INFO rally.task.runner [-] Task e0b13e5f-b38d-4aba-92e9-ed40aca03436 | ITER: 31 START
2019-07-24 21:32:09.657 26585 WARNING rally_openstack.scenarios.neutron.utils [-] Running this scenario without either the 'network' or 'existing_network' context is deprecated
2019-07-24 21:32:09.963 26627 INFO rally.task.runner [-] Task e0b13e5f-b38d-4aba-92e9-ed40aca03436 | ITER: 20 END: OK
2019-07-24 21:32:09.967 26627 INFO rally.task.runner [-] Task e0b13e5f-b38d-4aba-92e9-ed40aca03436 | ITER: 32 START
2019-07-24 21:32:09.968 26627 WARNING rally_openstack.scenarios.neutron.utils [-] Running this scenario without either the 'network' or 'existing_network' context is deprecated
2019-07-24 21:32:10.070 26582 INFO rally.task.runner [-] Task e0b13e5f-b38d-4aba-92e9-ed40aca03436 | ITER: 2 END: OK
2019-07-24 21:32:10.075 26582 INFO rally.task.runner [-] Task e0b13e5f-b38d-4aba-92e9-ed40aca03436 | ITER: 33 START
2019-07-24 21:32:10.075 26582 WARNING rally_openstack.scenarios.neutron.utils [-] Running this scenario without either the 'network' or 'existing_network' context is deprecated
2019-07-24 21:32:10.126 26623 INFO rally.task.runner [-] Task e0b13e5f-b38d-4aba-92e9-ed40aca03436 | ITER: 19 END: OK
2019-07-24 21:32:10.130 26623 INFO rally.task.runner [-] Task e0b13e5f-b38d-4aba-92e9-ed40aca03436 | ITER: 34 START
2019-07-24 21:32:10.131 26623 WARNING rally_openstack.scenarios.neutron.utils [-] Running this scenario without either the 'network' or 'existing_network' context is deprecated
2019-07-24 21:32:10.168 26582 INFO rally.task.runner [-] Task e0b13e5f-b38d-4aba-92e9-ed40aca03436 | ITER: 4 END: OK
2019-07-24 21:32:10.172 26582 INFO rally.task.runner [-] Task e0b13e5f-b38d-4aba-92e9-ed40aca03436 | ITER: 35 START
2019-07-24 21:32:10.172 26582 WARNING rally_openstack.scenarios.neutron.utils [-] Running this scenario without either the 'network' or 'existing_network' context is deprecated
2019-07-24 21:32:10.181 26584 INFO rally.task.runner [-] Task e0b13e5f-b38d-4aba-92e9-ed40aca03436 | ITER: 6 END: OK
2019-07-24 21:32:10.184 26584 INFO rally.task.runner [-] Task e0b13e5f-b38d-4aba-92e9-ed40aca03436 | ITER: 36 START
2019-07-24 21:32:10.185 26584 WARNING rally_openstack.scenarios.neutron.utils [-] Running this scenario without either the 'network' or 'existing_network' context is deprecated
2019-07-24 21:32:10.720 26581 INFO rally.task.runner [-] Task e0b13e5f-b38d-4aba-92e9-ed40aca03436 | ITER: 1 END: OK
2019-07-24 21:32:10.724 26581 INFO rally.task.runner [-] Task e0b13e5f-b38d-4aba-92e9-ed40aca03436 | ITER: 37 START
2019-07-24 21:32:10.725 26581 WARNING rally_openstack.scenarios.neutron.utils [-] Running this scenario without either the 'network' or 'existing_network' context is deprecated
2019-07-24 21:32:11.668 26611 INFO rally.task.runner [-] Task e0b13e5f-b38d-4aba-92e9-ed40aca03436 | ITER: 15 END: OK
2019-07-24 21:32:11.673 26611 INFO rally.task.runner [-] Task e0b13e5f-b38d-4aba-92e9-ed40aca03436 | ITER: 38 START
2019-07-24 21:32:11.674 26611 WARNING rally_openstack.scenarios.neutron.utils [-] Running this scenario without either the 'network' or 'existing_network' context is deprecated
2019-07-24 21:32:13.022 26619 INFO rally.task.runner [-] Task e0b13e5f-b38d-4aba-92e9-ed40aca03436 | ITER: 17 END: OK
2019-07-24 21:32:13.026 26619 INFO rally.task.runner [-] Task e0b13e5f-b38d-4aba-92e9-ed40aca03436 | ITER: 39 START
2019-07-24 21:32:13.027 26619 WARNING rally_openstack.scenarios.neutron.utils [-] Running this scenario without either the 'network' or 'existing_network' context is deprecated
2019-07-24 21:32:13.243 26583 INFO rally.task.runner [-] Task e0b13e5f-b38d-4aba-92e9-ed40aca03436 | ITER: 5 END: OK
2019-07-24 21:32:13.248 26583 INFO rally.task.runner [-] Task e0b13e5f-b38d-4aba-92e9-ed40aca03436 | ITER: 40 START
2019-07-24 21:32:13.249 26583 WARNING rally_openstack.scenarios.neutron.utils [-] Running this scenario without either the 'network' or 'existing_network' context is deprecated
2019-07-24 21:32:20.568 26584 INFO rally.task.runner [-] Task e0b13e5f-b38d-4aba-92e9-ed40aca03436 | ITER: 24 END: OK
2019-07-24 21:32:20.680 26589 INFO rally.task.runner [-] Task e0b13e5f-b38d-4aba-92e9-ed40aca03436 | ITER: 25 END: OK
2019-07-24 21:32:20.710 26603 INFO rally.task.runner [-] Task e0b13e5f-b38d-4aba-92e9-ed40aca03436 | ITER: 21 END: OK
2019-07-24 21:32:20.813 26598 INFO rally.task.runner [-] Task e0b13e5f-b38d-4aba-92e9-ed40aca03436 | ITER: 26 END: OK
2019-07-24 21:32:21.194 26582 INFO rally.task.runner [-] Task e0b13e5f-b38d-4aba-92e9-ed40aca03436 | ITER: 35 END: OK
2019-07-24 21:32:21.958 26581 INFO rally.task.runner [-] Task e0b13e5f-b38d-4aba-92e9-ed40aca03436 | ITER: 23 END: OK
2019-07-24 21:32:21.961 26620 INFO rally.task.runner [-] Task e0b13e5f-b38d-4aba-92e9-ed40aca03436 | ITER: 30 END: OK
2019-07-24 21:32:22.136 26583 INFO rally.task.runner [-] Task e0b13e5f-b38d-4aba-92e9-ed40aca03436 | ITER: 22 END: OK
2019-07-24 21:32:22.206 26582 INFO rally.task.runner [-] Task e0b13e5f-b38d-4aba-92e9-ed40aca03436 | ITER: 33 END: OK
2019-07-24 21:32:22.351 26615 INFO rally.task.runner [-] Task e0b13e5f-b38d-4aba-92e9-ed40aca03436 | ITER: 27 END: OK
2019-07-24 21:32:22.615 26593 INFO rally.task.runner [-] Task e0b13e5f-b38d-4aba-92e9-ed40aca03436 | ITER: 28 END: OK
2019-07-24 21:32:23.254 26611 INFO rally.task.runner [-] Task e0b13e5f-b38d-4aba-92e9-ed40aca03436 | ITER: 38 END: OK
2019-07-24 21:32:23.589 26584 INFO rally.task.runner [-] Task e0b13e5f-b38d-4aba-92e9-ed40aca03436 | ITER: 36 END: OK
2019-07-24 21:32:23.761 26606 INFO rally.task.runner [-] Task e0b13e5f-b38d-4aba-92e9-ed40aca03436 | ITER: 29 END: OK
2019-07-24 21:32:24.023 26627 INFO rally.task.runner [-] Task e0b13e5f-b38d-4aba-92e9-ed40aca03436 | ITER: 32 END: OK
2019-07-24 21:32:24.308 26585 INFO rally.task.runner [-] Task e0b13e5f-b38d-4aba-92e9-ed40aca03436 | ITER: 31 END: OK
2019-07-24 21:32:24.776 26623 INFO rally.task.runner [-] Task e0b13e5f-b38d-4aba-92e9-ed40aca03436 | ITER: 34 END: OK
2019-07-24 21:32:24.798 26581 INFO rally.task.runner [-] Task e0b13e5f-b38d-4aba-92e9-ed40aca03436 | ITER: 37 END: OK
2019-07-24 21:32:25.151 26583 INFO rally.task.runner [-] Task e0b13e5f-b38d-4aba-92e9-ed40aca03436 | ITER: 40 END: OK
2019-07-24 21:32:25.610 26619 INFO rally.task.runner [-] Task e0b13e5f-b38d-4aba-92e9-ed40aca03436 | ITER: 39 END: OK
2019-07-24 21:32:25.635 22705 INFO rally.task.context [-] Task e0b13e5f-b38d-4aba-92e9-ed40aca03436 | Context cleanup@openstack cleanup() started
2019-07-24 21:32:25.637 22705 RALLYDEBUG rally_openstack.cleanup.manager [-] Cleaning up neutron vip objects
2019-07-24 21:32:26.376 22705 RALLYDEBUG rally_openstack.cleanup.manager [-] Cleaning up neutron health_monitor objects
2019-07-24 21:32:27.084 22705 RALLYDEBUG rally_openstack.cleanup.manager [-] Cleaning up neutron pool objects
2019-07-24 21:32:27.744 22705 RALLYDEBUG rally_openstack.cleanup.manager [-] Cleaning up neutron loadbalancer objects
2019-07-24 21:32:28.400 22705 RALLYDEBUG rally_openstack.cleanup.manager [-] Cleaning up neutron floatingip objects
2019-07-24 21:32:29.165 22705 RALLYDEBUG rally_openstack.cleanup.manager [-] Cleaning up neutron port objects
2019-07-24 21:32:30.367 22705 RALLYDEBUG rally_openstack.cleanup.manager [-] Deleting neutron.port object s_rally_87880319_C9DOZOEV (009d9d5e-c6f8-4786-9a10-e199e14045bd)
2019-07-24 21:32:30.375 22705 RALLYDEBUG rally_openstack.cleanup.manager [-] Deleting neutron.port object s_rally_87880319_KAYysbOX (0aa33d5e-d547-42f8-99f1-a9022b491051)
2019-07-24 21:32:30.380 22705 RALLYDEBUG rally_openstack.cleanup.manager [-] Deleting neutron.port object s_rally_87880319_mBFXljsE (082e2bf2-8066-4bcc-8e84-b07c39b5e10d)
2019-07-24 21:32:30.389 22705 RALLYDEBUG rally_openstack.cleanup.manager [-] Deleting neutron.port object s_rally_87880319_h3WfxpR6 (0adc6162-6deb-47df-b5cd-e9380e5da842)
2019-07-24 21:32:30.394 22705 RALLYDEBUG rally_openstack.cleanup.manager [-] Deleting neutron.port object s_rally_87880319_PqMSS1CO (0b99f315-0e13-49a8-8807-545efdcef207)
2019-07-24 21:32:30.396 22705 RALLYDEBUG rally_openstack.cleanup.manager [-] Deleting neutron.port object s_rally_87880319_OYI7wxye (024886b4-82e1-4158-a97a-ee1d4b7a0a14)
2019-07-24 21:32:30.407 22705 RALLYDEBUG rally_openstack.cleanup.manager [-] Deleting neutron.port object s_rally_87880319_8iDgsEW2 (0dc151a2-e622-4510-959a-10345039f557)
2019-07-24 21:32:30.424 22705 RALLYDEBUG rally_openstack.cleanup.manager [-] Deleting neutron.port object s_rally_87880319_PhFPsyRd (0fcc2d3f-bd70-4056-88ff-213d9799eadf)
2019-07-24 21:32:30.429 22705 RALLYDEBUG rally_openstack.cleanup.manager [-] Deleting neutron.port object s_rally_87880319_lrWHUiJ7 (040369c4-c593-4338-9f85-93994acc8a40)
2019-07-24 21:32:30.430 22705 RALLYDEBUG rally_openstack.cleanup.manager [-] Deleting neutron.port object s_rally_87880319_IAVRCINF (0e0b8842-13e1-48bc-92e2-e05ac68a2fd2)
2019-07-24 21:32:30.443 22705 RALLYDEBUG rally_openstack.cleanup.manager [-] Deleting neutron.port object s_rally_87880319_OP6A39Bo (10634fdc-9ddc-48c8-adaa-56ecc77206da)
2019-07-24 21:32:30.450 22705 RALLYDEBUG rally_openstack.cleanup.manager [-] Deleting neutron.port object s_rally_87880319_spH7Uo7O (11763788-6b88-48df-8f38-0ae9dcdcb5bf)
2019-07-24 21:32:30.455 22705 RALLYDEBUG rally_openstack.cleanup.manager [-] Deleting neutron.port object s_rally_87880319_v2RQlmBK (12200609-f1bf-44f6-ba67-8f53f78f5f7d)
2019-07-24 21:32:30.477 22705 RALLYDEBUG rally_openstack.cleanup.manager [-] Deleting neutron.port object s_rally_87880319_fxp4DHds (1b0873e4-0585-46bd-aab5-bdd6eb223198)
2019-07-24 21:32:30.480 22705 RALLYDEBUG rally_openstack.cleanup.manager [-] Deleting neutron.port object s_rally_87880319_0wpOkfT3 (17579cd4-8dab-47fc-a562-6c746ad9d20f)
2019-07-24 21:32:30.493 22705 RALLYDEBUG rally_openstack.cleanup.manager [-] Deleting neutron.port object s_rally_87880319_lrQB4c4m (1ecd98c1-d431-42d4-801e-c018266c639b)
2019-07-24 21:32:30.497 22705 RALLYDEBUG rally_openstack.cleanup.manager [-] Deleting neutron.port object s_rally_87880319_0L3XJPPC (2193ad8b-6db0-4aef-b834-843875fdfd77)
2019-07-24 21:32:30.506 22705 RALLYDEBUG rally_openstack.cleanup.manager [-] Deleting neutron.port object s_rally_87880319_jJx1QkeW (247a56a2-3ab7-4510-88f0-4726bceb8913)
2019-07-24 21:32:30.511 22705 RALLYDEBUG rally_openstack.cleanup.manager [-] Deleting neutron.port object s_rally_87880319_5axJuB2O (200fddaf-5590-4f5d-824a-41156f840fd3)
2019-07-24 21:32:30.516 22705 RALLYDEBUG rally_openstack.cleanup.manager [-] Deleting neutron.port object s_rally_87880319_7tr0N3K4 (190491a9-a847-4bce-a6c3-29f986ffdd8d)
2019-07-24 21:32:32.718 22705 RALLYDEBUG rally_openstack.cleanup.manager [-] Deleting neutron.port object s_rally_87880319_PqHet4io (26dbb9f1-8db6-40c2-b98e-353e8e95560b)
2019-07-24 21:32:32.873 22705 RALLYDEBUG rally_openstack.cleanup.manager [-] Deleting neutron.port object s_rally_87880319_IOmipatj (27022cb7-6d4f-4b71-b2e1-4e5aef0683c6)
2019-07-24 21:32:32.880 22705 RALLYDEBUG rally_openstack.cleanup.manager [-] Deleting neutron.port object s_rally_87880319_a2q72d2D (289dbca3-e375-4c98-a89f-94f403379470)
2019-07-24 21:32:32.973 22705 RALLYDEBUG rally_openstack.cleanup.manager [-] Deleting neutron.port object s_rally_87880319_aj5FLQIa (28ba8c25-0da9-41ed-9250-9e485e764bd3)
2019-07-24 21:32:32.997 22705 RALLYDEBUG rally_openstack.cleanup.manager [-] Deleting neutron.port object s_rally_87880319_aAjWd7VR (2970409e-4c9f-42bb-89b1-8299eec8e121)
2019-07-24 21:32:33.188 22705 RALLYDEBUG rally_openstack.cleanup.manager [-] Deleting neutron.port object s_rally_87880319_EViovn94 (2d35b93a-c395-4fc1-8a25-fa64d4c1d2a5)
2019-07-24 21:32:33.225 22705 RALLYDEBUG rally_openstack.cleanup.manager [-] Deleting neutron.port object s_rally_87880319_auSWPNLl (2d982f99-fcd8-47a5-8f9d-387692849d8d)
2019-07-24 21:32:33.243 22705 RALLYDEBUG rally_openstack.cleanup.manager [-] Deleting neutron.port object s_rally_87880319_pPexvJNB (2e967f07-fd35-43f6-ba48-20c8da6b080c)
2019-07-24 21:32:33.263 22705 RALLYDEBUG rally_openstack.cleanup.manager [-] Deleting neutron.port object s_rally_87880319_hXRLhrD7 (2eb4243f-c9b6-461c-bce9-fd4739c52529)
2019-07-24 21:32:33.305 22705 RALLYDEBUG rally_openstack.cleanup.manager [-] Deleting neutron.port object s_rally_87880319_iSQwZ76S (309ee147-73a9-4532-978e-919971bf0b6a)
2019-07-24 21:32:33.497 22705 RALLYDEBUG rally_openstack.cleanup.manager [-] Deleting neutron.port object s_rally_87880319_59zeuhec (32826baf-b529-4bd0-886b-33e42dd54864)
2019-07-24 21:32:33.552 22705 RALLYDEBUG rally_openstack.cleanup.manager [-] Deleting neutron.port object s_rally_87880319_dhwu880Q (33600677-f4fc-452f-959b-33fc756f791d)
2019-07-24 21:32:33.555 22705 RALLYDEBUG rally_openstack.cleanup.manager [-] Deleting neutron.port object s_rally_87880319_nP81qzc6 (339854bd-c393-4237-b6f4-e48113814b71)
2019-07-24 21:32:33.558 22705 RALLYDEBUG rally_openstack.cleanup.manager [-] Deleting neutron.port object s_rally_87880319_zAXNAzjc (348ff160-7a6e-4a38-9dad-0db08a41dfae)
2019-07-24 21:32:33.697 22705 RALLYDEBUG rally_openstack.cleanup.manager [-] Deleting neutron.port object s_rally_87880319_g6Xushkl (3497b17a-9e1e-4cd7-8da4-9edf3f648ce9)
2019-07-24 21:32:33.748 22705 RALLYDEBUG rally_openstack.cleanup.manager [-] Deleting neutron.port object s_rally_87880319_jnQuTJTk (35265441-6ff0-49ec-bde6-02b925a81056)
2019-07-24 21:32:33.783 22705 RALLYDEBUG rally_openstack.cleanup.manager [-] Deleting neutron.port object s_rally_87880319_VVeOsGXu (36cab41d-d202-4a66-ad34-b4f2e4db5115)
2019-07-24 21:32:33.860 22705 RALLYDEBUG rally_openstack.cleanup.manager [-] Deleting neutron.port object s_rally_87880319_GDdpXed2 (370def8d-6fdf-495f-b109-4cce300c2652)
2019-07-24 21:32:33.874 22705 RALLYDEBUG rally_openstack.cleanup.manager [-] Deleting neutron.port object s_rally_87880319_csEeBmdL (374ec9e2-4499-44b8-88a3-a335c0aea730)
2019-07-24 21:32:33.929 22705 RALLYDEBUG rally_openstack.cleanup.manager [-] Deleting neutron.port object s_rally_87880319_iTLkfEFh (37d2b8aa-4407-4264-b15d-101123cb17c9)
2019-07-24 21:32:35.089 22705 RALLYDEBUG rally_openstack.cleanup.manager [-] Deleting neutron.port object s_rally_87880319_6H0NJlhz (382a8037-0e84-4d92-b325-34f431504b86)
2019-07-24 21:32:35.320 22705 RALLYDEBUG rally_openstack.cleanup.manager [-] Deleting neutron.port object s_rally_87880319_ZZyRNC4q (38a4307c-150f-4603-b457-06811dce8e41)
2019-07-24 21:32:35.417 22705 RALLYDEBUG rally_openstack.cleanup.manager [-] Deleting neutron.port object s_rally_87880319_o3pfm8z9 (397802c3-3fac-4254-8bb6-61753d9b10a2)
2019-07-24 21:32:35.433 22705 RALLYDEBUG rally_openstack.cleanup.manager [-] Deleting neutron.port object s_rally_87880319_89qxzaE3 (39db6e2d-4033-4736-a9a5-4517849c3722)
2019-07-24 21:32:35.502 22705 RALLYDEBUG rally_openstack.cleanup.manager [-] Deleting neutron.port object s_rally_87880319_BW2CYWAa (42d38479-7e3c-411b-99b7-c27d084899aa)
2019-07-24 21:32:35.517 22705 RALLYDEBUG rally_openstack.cleanup.manager [-] Deleting neutron.port object s_rally_87880319_vbTtjFBw (44854989-656f-46a1-bbed-32719d72751e)
2019-07-24 21:32:35.526 22705 RALLYDEBUG rally_openstack.cleanup.manager [-] Deleting neutron.port object s_rally_87880319_37n2mGj6 (45464cd7-563f-4295-aa57-fb481b3edc41)
2019-07-24 21:32:35.588 22705 RALLYDEBUG rally_openstack.cleanup.manager [-] Deleting neutron.port object s_rally_87880319_6j9Vv477 (4559bc29-626d-4e8e-a04c-45daa86512c6)
2019-07-24 21:32:35.772 22705 RALLYDEBUG rally_openstack.cleanup.manager [-] Deleting neutron.port object s_rally_87880319_4J8SuwE2 (46d6b138-36c9-4c29-8203-c7ae28221d46)
2019-07-24 21:32:35.910 22705 RALLYDEBUG rally_openstack.cleanup.manager [-] Deleting neutron.port object s_rally_87880319_P1OcBMxP (477a2c4d-ffd5-49f3-b6e5-8f63fcc2714d)
2019-07-24 21:32:36.046 22705 RALLYDEBUG rally_openstack.cleanup.manager [-] Deleting neutron.port object s_rally_87880319_98Cpts2H (481482af-5cae-4d03-9a34-e89b8a104d05)
2019-07-24 21:32:36.146 22705 RALLYDEBUG rally_openstack.cleanup.manager [-] Deleting neutron.port object s_rally_87880319_dHUsXSet (489e5e23-31b0-416e-81e2-56d38012cf70)
2019-07-24 21:32:36.157 22705 RALLYDEBUG rally_openstack.cleanup.manager [-] Deleting neutron.port object s_rally_87880319_Hb2dYJdw (49923df1-ea4f-4b27-96df-4b35e0d7f16d)
2019-07-24 21:32:36.180 22705 RALLYDEBUG rally_openstack.cleanup.manager [-] Deleting neutron.port object s_rally_87880319_OxIx8o8a (4af2e72d-c78e-4e4e-80c1-f156b6518a9d)
2019-07-24 21:32:36.208 22705 RALLYDEBUG rally_openstack.cleanup.manager [-] Deleting neutron.port object s_rally_87880319_ENWCjOhD (4b3d5e98-f0bd-4ce8-9264-45281f8e9a22)
2019-07-24 21:32:36.212 22705 RALLYDEBUG rally_openstack.cleanup.manager [-] Deleting neutron.port object s_rally_87880319_Mu69r3RD (4c77783d-727e-41d2-86bf-0057db1e6b1f)
2019-07-24 21:32:36.288 22705 RALLYDEBUG rally_openstack.cleanup.manager [-] Deleting neutron.port object s_rally_87880319_Kd5zdwfv (4e03ab25-5ca9-4f58-914d-5466fd5fed5f)
2019-07-24 21:32:36.661 22705 RALLYDEBUG rally_openstack.cleanup.manager [-] Deleting neutron.port object s_rally_87880319_tmW7S7SV (4e80d9d3-89a4-418e-b188-186cce74f591)
2019-07-24 21:32:36.936 22705 RALLYDEBUG rally_openstack.cleanup.manager [-] Deleting neutron.port object s_rally_87880319_b99e5GXZ (519cd62e-05fc-4af7-bce5-6cc119e4f671)
2019-07-24 21:32:36.936 22705 RALLYDEBUG rally_openstack.cleanup.manager [-] Deleting neutron.port object s_rally_87880319_sm3bRRXl (4f7fd488-397f-4e10-8fd8-09455488c389)
2019-07-24 21:32:37.177 22705 RALLYDEBUG rally_openstack.cleanup.manager [-] Deleting neutron.port object s_rally_87880319_ZOYToeLB (52d55ae1-ece8-4865-9f94-a77dd30eceba)
2019-07-24 21:32:37.565 22705 RALLYDEBUG rally_openstack.cleanup.manager [-] Deleting neutron.port object s_rally_87880319_qDp2wZks (532ea1bc-7078-4617-9640-98b0a25a57b2)
2019-07-24 21:32:37.586 22705 RALLYDEBUG rally_openstack.cleanup.manager [-] Deleting neutron.port object s_rally_87880319_Hzbjduvm (53649641-bff2-4159-84ad-3cadfef3c117)
2019-07-24 21:32:37.666 22705 RALLYDEBUG rally_openstack.cleanup.manager [-] Deleting neutron.port object s_rally_87880319_wbXalOyB (53753d81-36f6-467d-a850-b5fb1fdc402a)
2019-07-24 21:32:37.764 22705 RALLYDEBUG rally_openstack.cleanup.manager [-] Deleting neutron.port object s_rally_87880319_ZRDVyH1K (53b301a6-0046-4803-beb5-66b86d9087cc)
2019-07-24 21:32:38.145 22705 RALLYDEBUG rally_openstack.cleanup.manager [-] Deleting neutron.port object s_rally_87880319_6aB9TY7F (5512d0e9-ad08-4893-9b0e-327ce154174b)
2019-07-24 21:32:38.423 22705 RALLYDEBUG rally_openstack.cleanup.manager [-] Deleting neutron.port object s_rally_87880319_ZCir16WD (56f7a054-2abc-4eaf-8090-32fd1e6f9b25)
