2019-07-24 21:10:14.611 22696 RALLYDEBUG rally.api [-] INFO logs from urllib3 and requests module are hide.
2019-07-24 21:10:14.612 22696 RALLYDEBUG rally.api [-] urllib3 insecure warnings are hidden.
2019-07-24 21:10:14.612 22696 RALLYDEBUG rally.api [-] ERROR log from boto module is hide.
2019-07-24 21:10:16.875 22698 RALLYDEBUG rally.api [-] INFO logs from urllib3 and requests module are hide.
2019-07-24 21:10:16.876 22698 RALLYDEBUG rally.api [-] urllib3 insecure warnings are hidden.
2019-07-24 21:10:16.876 22698 RALLYDEBUG rally.api [-] ERROR log from boto module is hide.
2019-07-24 21:10:17.976 22698 WARNING rally_openstack.platforms.existing [-] endpoint is deprecated and not used.
2019-07-24 21:10:18.930 22700 RALLYDEBUG rally.api [-] INFO logs from urllib3 and requests module are hide.
2019-07-24 21:10:18.930 22700 RALLYDEBUG rally.api [-] urllib3 insecure warnings are hidden.
2019-07-24 21:10:18.930 22700 RALLYDEBUG rally.api [-] ERROR log from boto module is hide.
2019-07-24 21:10:22.457 22703 RALLYDEBUG rally.api [-] INFO logs from urllib3 and requests module are hide.
2019-07-24 21:10:22.457 22703 RALLYDEBUG rally.api [-] urllib3 insecure warnings are hidden.
2019-07-24 21:10:22.458 22703 RALLYDEBUG rally.api [-] ERROR log from boto module is hide.
2019-07-24 21:10:24.551 22705 RALLYDEBUG rally.api [-] INFO logs from urllib3 and requests module are hide.
2019-07-24 21:10:24.552 22705 RALLYDEBUG rally.api [-] urllib3 insecure warnings are hidden.
2019-07-24 21:10:24.552 22705 RALLYDEBUG rally.api [-] ERROR log from boto module is hide.
2019-07-24 21:10:25.698 22705 INFO rally.common.plugin.discover [-] Loading plugins from directories /root/.rally/plugins/*
2019-07-24 21:10:25.699 22705 INFO rally.common.plugin.discover [-] Loaded module with plugins: /root/.rally/plugins/__init__.py
2019-07-24 21:10:25.701 22705 INFO rally.common.plugin.discover [-] Loaded module with plugins: /root/.rally/plugins/trunk_scenario.py
2019-07-24 21:10:25.913 22705 INFO rally.task.engine [-] Task e0b13e5f-b38d-4aba-92e9-ed40aca03436 | Starting: Task validation.
2019-07-24 21:10:25.961 22705 INFO rally.task.engine [-] Task e0b13e5f-b38d-4aba-92e9-ed40aca03436 | Starting: Task validation of syntax.
2019-07-24 21:10:26.174 22705 INFO rally.task.engine [-] Task e0b13e5f-b38d-4aba-92e9-ed40aca03436 | Completed: Task validation of syntax.
2019-07-24 21:10:26.174 22705 INFO rally.task.engine [-] Task e0b13e5f-b38d-4aba-92e9-ed40aca03436 | Starting: Task validation of required platforms.
2019-07-24 21:10:26.232 22705 INFO rally.task.engine [-] Task e0b13e5f-b38d-4aba-92e9-ed40aca03436 | Completed: Task validation of required platforms.
2019-07-24 21:10:26.232 22705 INFO rally.task.engine [-] Task e0b13e5f-b38d-4aba-92e9-ed40aca03436 | Starting: Task validation of semantic.
2019-07-24 21:10:26.232 22705 INFO rally.task.engine [-] Check health of the environment '63708447-c80f-4c55-abf4-2b043371f01c'.
2019-07-24 21:10:27.147 22705 INFO rally.task.engine [-] Platform existing@openstack (available: True): OK!
2019-07-24 21:10:27.165 22705 RALLYDEBUG rally_openstack.contexts.keystone.users [-] Creating 1 tenants using 20 threads
2019-07-24 21:10:29.126 22705 RALLYDEBUG rally_openstack.contexts.keystone.users [-] Creating 1 users using 20 threads
2019-07-24 21:10:31.930 22705 INFO rally.task.context [-] Task e0b13e5f-b38d-4aba-92e9-ed40aca03436 | Context users@openstack setup() finished in 4.76 sec
2019-07-24 21:10:38.192 22705 INFO rally.task.context [-] Task e0b13e5f-b38d-4aba-92e9-ed40aca03436 | Context users@openstack cleanup() started
2019-07-24 21:10:43.522 22705 INFO rally.task.context [-] Task e0b13e5f-b38d-4aba-92e9-ed40aca03436 | Context users@openstack cleanup() finished in 5.33 sec
2019-07-24 21:10:43.522 22705 INFO rally.task.engine [-] Task e0b13e5f-b38d-4aba-92e9-ed40aca03436 | Completed: Task validation of semantic.
2019-07-24 21:10:43.523 22705 INFO rally.task.engine [-] Task e0b13e5f-b38d-4aba-92e9-ed40aca03436 | Completed: Task validation.
2019-07-24 21:10:43.523 22705 INFO rally.api [-] Task e0b13e5f-b38d-4aba-92e9-ed40aca03436 input file is valid.
2019-07-24 21:10:43.523 22705 INFO rally.api [-] Run Task e0b13e5f-b38d-4aba-92e9-ed40aca03436 against Deployment 63708447-c80f-4c55-abf4-2b043371f01c
2019-07-24 21:10:43.523 22705 INFO rally.task.engine [-] Task e0b13e5f-b38d-4aba-92e9-ed40aca03436 | Starting: Running task.
2019-07-24 21:10:43.683 22705 INFO rally.task.engine [-] Running workload: position = 0 config = { "version": 2, "title": "A cropped version of a bigger task.", "description": "Auto-generated task from a single workload (uuid=f16b6862-cc03-40d1-a207-78f26a459c7c)", "subtasks": [ { "title": "NeutronNetworks.create_and_list_networks", "description": "Check performance of list_networks action and ensure > network quotas are not exceeded", "scenario": { "NeutronNetworks.create_and_list_networks": {} }, "contexts": { "users": { "tenants": 1, "users_per_tenant": 1 }, "quotas": { "neutron": { "network": 119 } } }, "runner": { "constant": { "times": 100, "concurrency": 20 } }, "hooks": [], "sla": { "max_avg_duration_per_atomic": { "neutron.list_networks": 15 }, "failure_rate": { "max": 0 } } } ] }
2019-07-24 21:10:43.706 22705 RALLYDEBUG rally_openstack.contexts.keystone.users [-] Creating 1 tenants using 20 threads
2019-07-24 21:10:45.516 22705 RALLYDEBUG rally_openstack.contexts.keystone.users [-] Creating 1 users using 20 threads
2019-07-24 21:10:48.295 22705 INFO rally.task.context [-] Task e0b13e5f-b38d-4aba-92e9-ed40aca03436 | Context users@openstack setup() finished in 4.59 sec
2019-07-24 21:10:49.088 22705 INFO rally.task.context [-] Task e0b13e5f-b38d-4aba-92e9-ed40aca03436 | Context quotas@openstack setup() finished in 0.79 sec
2019-07-24 21:10:49.088 22705 INFO rally.task.context [-] Task e0b13e5f-b38d-4aba-92e9-ed40aca03436 | Context cleanup@openstack setup() finished in 0.01 msec
2019-07-24 21:10:49.095 22705 RALLYDEBUG rally.task.runner [-] Starting the constant runner (task UUID: e0b13e5f-b38d-4aba-92e9-ed40aca03436). timeout: 0 concurrency: 20 concurrency_per_worker: 1 times: 100 concurrency_overhead: 4 processes_to_start: 16 max_cpu_used: 16
2019-07-24 21:10:49.108 22829 RALLYDEBUG rally.task.runner [-] Starting a worker. concurrency: 2 args: {} times: 100 method_name: run timeout: 0 duration: None cls:
2019-07-24 21:10:49.110 22830 RALLYDEBUG rally.task.runner [-] Starting a worker. concurrency: 2 args: {} times: 100 method_name: run timeout: 0 duration: None cls:
2019-07-24 21:10:49.112 22832 RALLYDEBUG rally.task.runner [-] Starting a worker. concurrency: 2 args: {} times: 100 method_name: run timeout: 0 duration: None cls:
2019-07-24 21:10:49.112 22831 RALLYDEBUG rally.task.runner [-] Starting a worker. concurrency: 2 args: {} times: 100 method_name: run timeout: 0 duration: None cls:
2019-07-24 21:10:49.112 22829 INFO rally.task.runner [-] Task e0b13e5f-b38d-4aba-92e9-ed40aca03436 | ITER: 1 START
2019-07-24 21:10:49.117 22835 RALLYDEBUG rally.task.runner [-] Starting a worker. concurrency: 1 args: {} times: 100 method_name: run timeout: 0 duration: None cls:
2019-07-24 21:10:49.118 22840 RALLYDEBUG rally.task.runner [-] Starting a worker. concurrency: 1 args: {} times: 100 method_name: run timeout: 0 duration: None cls:
2019-07-24 21:10:49.120 22830 INFO rally.task.runner [-] Task e0b13e5f-b38d-4aba-92e9-ed40aca03436 | ITER: 3 START
2019-07-24 21:10:49.120 22832 INFO rally.task.runner [-] Task e0b13e5f-b38d-4aba-92e9-ed40aca03436 | ITER: 4 START
2019-07-24 21:10:49.121 22831 INFO rally.task.runner [-] Task e0b13e5f-b38d-4aba-92e9-ed40aca03436 | ITER: 5 START
2019-07-24 21:10:49.120 22830 INFO rally.task.runner [-] Task e0b13e5f-b38d-4aba-92e9-ed40aca03436 | ITER: 6 START
2019-07-24 21:10:49.124 22840 INFO rally.task.runner [-] Task e0b13e5f-b38d-4aba-92e9-ed40aca03436 | ITER: 10 START
2019-07-24 21:10:49.122 22835 INFO rally.task.runner [-] Task e0b13e5f-b38d-4aba-92e9-ed40aca03436 | ITER: 9 START
2019-07-24 21:10:49.126 22843 RALLYDEBUG rally.task.runner [-] Starting a worker. concurrency: 1 args: {} times: 100 method_name: run timeout: 0 duration: None cls:
2019-07-24 21:10:49.122 22831 INFO rally.task.runner [-] Task e0b13e5f-b38d-4aba-92e9-ed40aca03436 | ITER: 8 START
2019-07-24 21:10:49.128 22829 INFO rally.task.runner [-] Task e0b13e5f-b38d-4aba-92e9-ed40aca03436 | ITER: 2 START
2019-07-24 21:10:49.130 22853 RALLYDEBUG rally.task.runner [-] Starting a worker. concurrency: 1 args: {} times: 100 method_name: run timeout: 0 duration: None cls:
2019-07-24 21:10:49.131 22854 RALLYDEBUG rally.task.runner [-] Starting a worker. concurrency: 1 args: {} times: 100 method_name: run timeout: 0 duration: None cls:
2019-07-24 21:10:49.135 22854 INFO rally.task.runner [-] Task e0b13e5f-b38d-4aba-92e9-ed40aca03436 | ITER: 13 START
2019-07-24 21:10:49.136 22843 INFO rally.task.runner [-] Task e0b13e5f-b38d-4aba-92e9-ed40aca03436 | ITER: 11 START
2019-07-24 21:10:49.136 22855 RALLYDEBUG rally.task.runner [-] Starting a worker. concurrency: 1 args: {} times: 100 method_name: run timeout: 0 duration: None cls:
2019-07-24 21:10:49.135 22832 INFO rally.task.runner [-] Task e0b13e5f-b38d-4aba-92e9-ed40aca03436 | ITER: 7 START
2019-07-24 21:10:49.138 22853 INFO rally.task.runner [-] Task e0b13e5f-b38d-4aba-92e9-ed40aca03436 | ITER: 12 START
2019-07-24 21:10:49.137 22852 RALLYDEBUG rally.task.runner [-] Starting a worker. concurrency: 1 args: {} times: 100 method_name: run timeout: 0 duration: None cls:
2019-07-24 21:10:49.142 22852 INFO rally.task.runner [-] Task e0b13e5f-b38d-4aba-92e9-ed40aca03436 | ITER: 15 START
2019-07-24 21:10:49.142 22860 RALLYDEBUG rally.task.runner [-] Starting a worker. concurrency: 1 args: {} times: 100 method_name: run timeout: 0 duration: None cls:
2019-07-24 21:10:49.144 22855 INFO rally.task.runner [-] Task e0b13e5f-b38d-4aba-92e9-ed40aca03436 | ITER: 14 START
2019-07-24 21:10:49.152 22867 RALLYDEBUG rally.task.runner [-] Starting a worker. concurrency: 1 args: {} times: 100 method_name: run timeout: 0 duration: None cls:
2019-07-24 21:10:49.152 22860 INFO rally.task.runner [-] Task e0b13e5f-b38d-4aba-92e9-ed40aca03436 | ITER: 16 START
2019-07-24 21:10:49.159 22867 INFO rally.task.runner [-] Task e0b13e5f-b38d-4aba-92e9-ed40aca03436 | ITER: 17 START
2019-07-24 21:10:49.163 22873 RALLYDEBUG rally.task.runner [-] Starting a worker. concurrency: 1 args: {} times: 100 method_name: run timeout: 0 duration: None cls:
2019-07-24 21:10:49.163 22870 RALLYDEBUG rally.task.runner [-] Starting a worker. concurrency: 1 args: {} times: 100 method_name: run timeout: 0 duration: None cls:
2019-07-24 21:10:49.167 22874 RALLYDEBUG rally.task.runner [-] Starting a worker. concurrency: 1 args: {} times: 100 method_name: run timeout: 0 duration: None cls:
2019-07-24 21:10:49.168 22873 INFO rally.task.runner [-] Task e0b13e5f-b38d-4aba-92e9-ed40aca03436 | ITER: 18 START
2019-07-24 21:10:49.169 22870 INFO rally.task.runner [-] Task e0b13e5f-b38d-4aba-92e9-ed40aca03436 | ITER: 19 START
2019-07-24 21:10:49.172 22874 INFO rally.task.runner [-] Task e0b13e5f-b38d-4aba-92e9-ed40aca03436 | ITER: 20 START
2019-07-24 21:10:51.013 22840 INFO rally.task.runner [-] Task e0b13e5f-b38d-4aba-92e9-ed40aca03436 | ITER: 10 END: OK
2019-07-24 21:10:51.016 22840 INFO rally.task.runner [-] Task e0b13e5f-b38d-4aba-92e9-ed40aca03436 | ITER: 21 START
2019-07-24 21:10:51.107 22832 INFO rally.task.runner [-] Task e0b13e5f-b38d-4aba-92e9-ed40aca03436 | ITER: 4 END: OK
2019-07-24 21:10:51.111 22832 INFO rally.task.runner [-] Task e0b13e5f-b38d-4aba-92e9-ed40aca03436 | ITER: 22 START
2019-07-24 21:10:51.269 22831 INFO rally.task.runner [-] Task e0b13e5f-b38d-4aba-92e9-ed40aca03436 | ITER: 5 END: OK
2019-07-24 21:10:51.273 22831 INFO rally.task.runner [-] Task e0b13e5f-b38d-4aba-92e9-ed40aca03436 | ITER: 23 START
2019-07-24 21:10:51.301 22830 INFO rally.task.runner [-] Task e0b13e5f-b38d-4aba-92e9-ed40aca03436 | ITER: 6 END: OK
2019-07-24 21:10:51.305 22830 INFO rally.task.runner [-] Task e0b13e5f-b38d-4aba-92e9-ed40aca03436 | ITER: 24 START
2019-07-24 21:10:51.330 22843 INFO rally.task.runner [-] Task e0b13e5f-b38d-4aba-92e9-ed40aca03436 | ITER: 11 END: OK
2019-07-24 21:10:51.334 22843 INFO rally.task.runner [-] Task e0b13e5f-b38d-4aba-92e9-ed40aca03436 | ITER: 25 START
2019-07-24 21:10:51.404 22867 INFO rally.task.runner [-] Task e0b13e5f-b38d-4aba-92e9-ed40aca03436 | ITER: 17 END: OK
2019-07-24 21:10:51.407 22867 INFO rally.task.runner [-] Task e0b13e5f-b38d-4aba-92e9-ed40aca03436 | ITER: 26 START
2019-07-24 21:10:51.427 22855 INFO rally.task.runner [-] Task e0b13e5f-b38d-4aba-92e9-ed40aca03436 | ITER: 14 END: OK
2019-07-24 21:10:51.430 22855 INFO rally.task.runner [-] Task e0b13e5f-b38d-4aba-92e9-ed40aca03436 | ITER: 27 START
2019-07-24 21:10:51.467 22852 INFO rally.task.runner [-] Task e0b13e5f-b38d-4aba-92e9-ed40aca03436 | ITER: 15 END: OK
2019-07-24 21:10:51.470 22852 INFO rally.task.runner [-] Task e0b13e5f-b38d-4aba-92e9-ed40aca03436 | ITER: 28 START
2019-07-24 21:10:51.585 22854 INFO rally.task.runner [-] Task e0b13e5f-b38d-4aba-92e9-ed40aca03436 | ITER: 13 END: OK
2019-07-24 21:10:51.589 22854 INFO rally.task.runner [-] Task e0b13e5f-b38d-4aba-92e9-ed40aca03436 | ITER: 29 START
2019-07-24 21:10:51.592 22870 INFO rally.task.runner [-] Task e0b13e5f-b38d-4aba-92e9-ed40aca03436 | ITER: 19 END: OK
2019-07-24 21:10:51.595 22870 INFO rally.task.runner [-] Task e0b13e5f-b38d-4aba-92e9-ed40aca03436 | ITER: 30 START
2019-07-24 21:10:51.610 22874 INFO rally.task.runner [-] Task e0b13e5f-b38d-4aba-92e9-ed40aca03436 | ITER: 20 END: OK
2019-07-24 21:10:51.613 22874 INFO rally.task.runner [-] Task e0b13e5f-b38d-4aba-92e9-ed40aca03436 | ITER: 31 START
2019-07-24 21:10:51.620 22860 INFO rally.task.runner [-] Task e0b13e5f-b38d-4aba-92e9-ed40aca03436 | ITER: 16 END: OK
2019-07-24 21:10:51.623 22860 INFO rally.task.runner [-] Task e0b13e5f-b38d-4aba-92e9-ed40aca03436 | ITER: 32 START
2019-07-24 21:10:51.644 22873 INFO rally.task.runner [-] Task e0b13e5f-b38d-4aba-92e9-ed40aca03436 | ITER: 18 END: OK
2019-07-24 21:10:51.646 22873 INFO rally.task.runner [-] Task e0b13e5f-b38d-4aba-92e9-ed40aca03436 | ITER: 33 START
2019-07-24 21:10:51.650 22829 INFO rally.task.runner [-] Task e0b13e5f-b38d-4aba-92e9-ed40aca03436 | ITER: 1 END: OK
2019-07-24 21:10:51.653 22829 INFO rally.task.runner [-] Task e0b13e5f-b38d-4aba-92e9-ed40aca03436 | ITER: 34 START
2019-07-24 21:10:51.728 22831 INFO rally.task.runner [-] Task e0b13e5f-b38d-4aba-92e9-ed40aca03436 | ITER: 8 END: OK
2019-07-24 21:10:51.730 22831 INFO rally.task.runner [-] Task e0b13e5f-b38d-4aba-92e9-ed40aca03436 | ITER: 35 START
2019-07-24 21:10:51.738 22832 INFO rally.task.runner [-] Task e0b13e5f-b38d-4aba-92e9-ed40aca03436 | ITER: 7 END: OK
2019-07-24 21:10:51.741 22832 INFO rally.task.runner [-] Task e0b13e5f-b38d-4aba-92e9-ed40aca03436 | ITER: 36 START
2019-07-24 21:10:51.749 22853 INFO rally.task.runner [-] Task e0b13e5f-b38d-4aba-92e9-ed40aca03436 | ITER: 12 END: OK
2019-07-24 21:10:51.752 22853 INFO rally.task.runner [-] Task e0b13e5f-b38d-4aba-92e9-ed40aca03436 | ITER: 37 START
2019-07-24 21:10:51.869 22830 INFO rally.task.runner [-] Task e0b13e5f-b38d-4aba-92e9-ed40aca03436 | ITER: 3 END: OK
2019-07-24 21:10:51.873 22830 INFO rally.task.runner [-] Task e0b13e5f-b38d-4aba-92e9-ed40aca03436 | ITER: 38 START
2019-07-24 21:10:51.931 22829 INFO rally.task.runner [-] Task e0b13e5f-b38d-4aba-92e9-ed40aca03436 | ITER: 2 END: OK
2019-07-24 21:10:51.934 22829 INFO rally.task.runner [-] Task e0b13e5f-b38d-4aba-92e9-ed40aca03436 | ITER: 39 START
2019-07-24 21:10:51.935 22835 INFO rally.task.runner [-] Task e0b13e5f-b38d-4aba-92e9-ed40aca03436 | ITER: 9 END: OK
2019-07-24 21:10:51.938 22835 INFO rally.task.runner [-] Task e0b13e5f-b38d-4aba-92e9-ed40aca03436 | ITER: 40 START
2019-07-24 21:10:52.661 22840 INFO rally.task.runner [-] Task e0b13e5f-b38d-4aba-92e9-ed40aca03436 | ITER: 21 END: OK
2019-07-24 21:10:52.664 22840 INFO rally.task.runner [-] Task e0b13e5f-b38d-4aba-92e9-ed40aca03436 | ITER: 41 START
2019-07-24 21:10:52.750 22843 INFO rally.task.runner [-] Task e0b13e5f-b38d-4aba-92e9-ed40aca03436 | ITER: 25 END: OK
2019-07-24 21:10:52.753 22843 INFO rally.task.runner [-] Task e0b13e5f-b38d-4aba-92e9-ed40aca03436 | ITER: 42 START
2019-07-24 21:10:53.110 22830 INFO rally.task.runner [-] Task e0b13e5f-b38d-4aba-92e9-ed40aca03436 | ITER: 24 END: OK
2019-07-24 21:10:53.113 22830 INFO rally.task.runner [-] Task e0b13e5f-b38d-4aba-92e9-ed40aca03436 | ITER: 43 START
2019-07-24 21:10:53.214 22831 INFO rally.task.runner [-] Task e0b13e5f-b38d-4aba-92e9-ed40aca03436 | ITER: 23 END: OK
2019-07-24 21:10:53.218 22831 INFO rally.task.runner [-] Task e0b13e5f-b38d-4aba-92e9-ed40aca03436 | ITER: 44 START
2019-07-24 21:10:53.280 22832 INFO rally.task.runner [-] Task e0b13e5f-b38d-4aba-92e9-ed40aca03436 | ITER: 22 END: OK
2019-07-24 21:10:53.284 22832 INFO rally.task.runner [-] Task e0b13e5f-b38d-4aba-92e9-ed40aca03436 | ITER: 45 START
2019-07-24 21:10:53.439 22855 INFO rally.task.runner [-] Task e0b13e5f-b38d-4aba-92e9-ed40aca03436 | ITER: 27 END: OK
2019-07-24 21:10:53.442 22855 INFO rally.task.runner [-] Task e0b13e5f-b38d-4aba-92e9-ed40aca03436 | ITER: 46 START
2019-07-24 21:10:53.502 22867 INFO rally.task.runner [-] Task e0b13e5f-b38d-4aba-92e9-ed40aca03436 | ITER: 26 END: OK
2019-07-24 21:10:53.505 22867 INFO rally.task.runner [-] Task e0b13e5f-b38d-4aba-92e9-ed40aca03436 | ITER: 47 START
2019-07-24 21:10:53.535 22860 INFO rally.task.runner [-] Task e0b13e5f-b38d-4aba-92e9-ed40aca03436 | ITER: 32 END: OK
2019-07-24 21:10:53.538 22860 INFO rally.task.runner [-] Task e0b13e5f-b38d-4aba-92e9-ed40aca03436 | ITER: 48 START
2019-07-24 21:10:53.549 22830 INFO rally.task.runner [-] Task e0b13e5f-b38d-4aba-92e9-ed40aca03436 | ITER: 38 END: OK
2019-07-24 21:10:53.552 22830 INFO rally.task.runner [-] Task e0b13e5f-b38d-4aba-92e9-ed40aca03436 | ITER: 49 START
2019-07-24 21:10:53.681 22852 INFO rally.task.runner [-] Task e0b13e5f-b38d-4aba-92e9-ed40aca03436 | ITER: 28 END: OK
2019-07-24 21:10:53.683 22854 INFO rally.task.runner [-] Task e0b13e5f-b38d-4aba-92e9-ed40aca03436 | ITER: 29 END: OK
2019-07-24 21:10:53.684 22852 INFO rally.task.runner [-] Task e0b13e5f-b38d-4aba-92e9-ed40aca03436 | ITER: 50 START
2019-07-24 21:10:53.686 22854 INFO rally.task.runner [-] Task e0b13e5f-b38d-4aba-92e9-ed40aca03436 | ITER: 51 START
2019-07-24 21:10:53.714 22831 INFO rally.task.runner [-] Task e0b13e5f-b38d-4aba-92e9-ed40aca03436 | ITER: 35 END: OK
2019-07-24 21:10:53.717 22831 INFO rally.task.runner [-] Task e0b13e5f-b38d-4aba-92e9-ed40aca03436 | ITER: 52 START
2019-07-24 21:10:53.763 22832 INFO rally.task.runner [-] Task e0b13e5f-b38d-4aba-92e9-ed40aca03436 | ITER: 36 END: OK
2019-07-24 21:10:53.766 22832 INFO rally.task.runner [-] Task e0b13e5f-b38d-4aba-92e9-ed40aca03436 | ITER: 53 START
2019-07-24 21:10:53.956 22829 INFO rally.task.runner [-] Task e0b13e5f-b38d-4aba-92e9-ed40aca03436 | ITER: 34 END: OK
2019-07-24 21:10:53.959 22829 INFO rally.task.runner [-] Task e0b13e5f-b38d-4aba-92e9-ed40aca03436 | ITER: 54 START
2019-07-24 21:10:54.014 22835 INFO rally.task.runner [-] Task e0b13e5f-b38d-4aba-92e9-ed40aca03436 | ITER: 40 END: OK
2019-07-24 21:10:54.017 22835 INFO rally.task.runner [-] Task e0b13e5f-b38d-4aba-92e9-ed40aca03436 | ITER: 55 START
2019-07-24 21:10:54.221 22873 INFO rally.task.runner [-] Task e0b13e5f-b38d-4aba-92e9-ed40aca03436 | ITER: 33 END: OK
2019-07-24 21:10:54.224 22873 INFO rally.task.runner [-] Task e0b13e5f-b38d-4aba-92e9-ed40aca03436 | ITER: 56 START
2019-07-24 21:10:54.296 22829 INFO rally.task.runner [-] Task e0b13e5f-b38d-4aba-92e9-ed40aca03436 | ITER: 39 END: OK
2019-07-24 21:10:54.299 22829 INFO rally.task.runner [-] Task e0b13e5f-b38d-4aba-92e9-ed40aca03436 | ITER: 57 START
2019-07-24 21:10:54.417 22874 INFO rally.task.runner [-] Task e0b13e5f-b38d-4aba-92e9-ed40aca03436 | ITER: 31 END: OK
2019-07-24 21:10:54.418 22870 INFO rally.task.runner [-] Task e0b13e5f-b38d-4aba-92e9-ed40aca03436 | ITER: 30 END: OK
2019-07-24 21:10:54.420 22874 INFO rally.task.runner [-] Task e0b13e5f-b38d-4aba-92e9-ed40aca03436 | ITER: 58 START
2019-07-24 21:10:54.421 22870 INFO rally.task.runner [-] Task e0b13e5f-b38d-4aba-92e9-ed40aca03436 | ITER: 59 START
2019-07-24 21:10:54.497 22853 INFO rally.task.runner [-] Task e0b13e5f-b38d-4aba-92e9-ed40aca03436 | ITER: 37 END: OK
2019-07-24 21:10:54.499 22853 INFO rally.task.runner [-] Task e0b13e5f-b38d-4aba-92e9-ed40aca03436 | ITER: 60 START
2019-07-24 21:10:54.841 22831 INFO rally.task.runner [-] Task e0b13e5f-b38d-4aba-92e9-ed40aca03436 | ITER: 44 END: OK
2019-07-24 21:10:54.844 22831 INFO rally.task.runner [-] Task e0b13e5f-b38d-4aba-92e9-ed40aca03436 | ITER: 61 START
2019-07-24 21:10:55.231 22867 INFO rally.task.runner [-] Task e0b13e5f-b38d-4aba-92e9-ed40aca03436 | ITER: 47 END: OK
2019-07-24 21:10:55.235 22867 INFO rally.task.runner [-] Task e0b13e5f-b38d-4aba-92e9-ed40aca03436 | ITER: 62 START
2019-07-24 21:10:55.458 22830 INFO rally.task.runner [-] Task e0b13e5f-b38d-4aba-92e9-ed40aca03436 | ITER: 43 END: OK
2019-07-24 21:10:55.461 22830 INFO rally.task.runner [-] Task e0b13e5f-b38d-4aba-92e9-ed40aca03436 | ITER: 63 START
2019-07-24 21:10:55.519 22840 INFO rally.task.runner [-] Task e0b13e5f-b38d-4aba-92e9-ed40aca03436 | ITER: 41 END: OK
2019-07-24 21:10:55.522 22840 INFO rally.task.runner [-] Task e0b13e5f-b38d-4aba-92e9-ed40aca03436 | ITER: 64 START
2019-07-24 21:10:55.679 22854 INFO rally.task.runner [-] Task e0b13e5f-b38d-4aba-92e9-ed40aca03436 | ITER: 51 END: OK
2019-07-24 21:10:55.682 22854 INFO rally.task.runner [-] Task e0b13e5f-b38d-4aba-92e9-ed40aca03436 | ITER: 65 START
2019-07-24 21:10:55.850 22843 INFO rally.task.runner [-] Task e0b13e5f-b38d-4aba-92e9-ed40aca03436 | ITER: 42 END: OK
2019-07-24 21:10:55.853 22843 INFO rally.task.runner [-] Task e0b13e5f-b38d-4aba-92e9-ed40aca03436 | ITER: 66 START
2019-07-24 21:10:56.114 22830 INFO rally.task.runner [-] Task e0b13e5f-b38d-4aba-92e9-ed40aca03436 | ITER: 49 END: OK
2019-07-24 21:10:56.118 22830 INFO rally.task.runner [-] Task e0b13e5f-b38d-4aba-92e9-ed40aca03436 | ITER: 67 START
2019-07-24 21:10:56.141 22832 INFO rally.task.runner [-] Task e0b13e5f-b38d-4aba-92e9-ed40aca03436 | ITER: 53 END: OK
2019-07-24 21:10:56.145 22832 INFO rally.task.runner [-] Task e0b13e5f-b38d-4aba-92e9-ed40aca03436 | ITER: 68 START
2019-07-24 21:10:56.330 22852 INFO rally.task.runner [-] Task e0b13e5f-b38d-4aba-92e9-ed40aca03436 | ITER: 50 END: OK
2019-07-24 21:10:56.333 22852 INFO rally.task.runner [-] Task e0b13e5f-b38d-4aba-92e9-ed40aca03436 | ITER: 69 START
2019-07-24 21:10:56.340 22832 INFO rally.task.runner [-] Task e0b13e5f-b38d-4aba-92e9-ed40aca03436 | ITER: 45 END: OK
2019-07-24 21:10:56.343 22832 INFO rally.task.runner [-] Task e0b13e5f-b38d-4aba-92e9-ed40aca03436 | ITER: 70 START
2019-07-24 21:10:56.399 22831 INFO rally.task.runner [-] Task e0b13e5f-b38d-4aba-92e9-ed40aca03436 | ITER: 52 END: OK
2019-07-24 21:10:56.402 22831 INFO rally.task.runner [-] Task e0b13e5f-b38d-4aba-92e9-ed40aca03436 | ITER: 71 START
2019-07-24 21:10:56.663 22855 INFO rally.task.runner [-] Task e0b13e5f-b38d-4aba-92e9-ed40aca03436 | ITER: 46 END: OK
2019-07-24 21:10:56.666 22855 INFO rally.task.runner [-] Task e0b13e5f-b38d-4aba-92e9-ed40aca03436 | ITER: 72 START
2019-07-24 21:10:56.882 22860 INFO rally.task.runner [-] Task e0b13e5f-b38d-4aba-92e9-ed40aca03436 | ITER: 48 END: OK
2019-07-24 21:10:56.885 22860 INFO rally.task.runner [-] Task e0b13e5f-b38d-4aba-92e9-ed40aca03436 | ITER: 73 START
2019-07-24 21:10:56.907 22874 INFO rally.task.runner [-] Task e0b13e5f-b38d-4aba-92e9-ed40aca03436 | ITER: 58 END: OK
2019-07-24 21:10:56.910 22874 INFO rally.task.runner [-] Task e0b13e5f-b38d-4aba-92e9-ed40aca03436 | ITER: 74 START
2019-07-24 21:10:57.031 22835 INFO rally.task.runner [-] Task e0b13e5f-b38d-4aba-92e9-ed40aca03436 | ITER: 55 END: OK
2019-07-24 21:10:57.034 22835 INFO rally.task.runner [-] Task e0b13e5f-b38d-4aba-92e9-ed40aca03436 | ITER: 75 START
2019-07-24 21:10:57.057 22829 INFO rally.task.runner [-] Task e0b13e5f-b38d-4aba-92e9-ed40aca03436 | ITER: 54 END: OK
2019-07-24 21:10:57.060 22829 INFO rally.task.runner [-] Task e0b13e5f-b38d-4aba-92e9-ed40aca03436 | ITER: 76 START
2019-07-24 21:10:57.315 22870 INFO rally.task.runner [-] Task e0b13e5f-b38d-4aba-92e9-ed40aca03436 | ITER: 59 END: OK
2019-07-24 21:10:57.318 22870 INFO rally.task.runner [-] Task e0b13e5f-b38d-4aba-92e9-ed40aca03436 | ITER: 77 START
2019-07-24 21:10:57.362 22854 INFO rally.task.runner [-] Task e0b13e5f-b38d-4aba-92e9-ed40aca03436 | ITER: 65 END: OK
2019-07-24 21:10:57.366 22854 INFO rally.task.runner [-] Task e0b13e5f-b38d-4aba-92e9-ed40aca03436 | ITER: 78 START
2019-07-24 21:10:57.391 22873 INFO rally.task.runner [-] Task e0b13e5f-b38d-4aba-92e9-ed40aca03436 | ITER: 56 END: OK
2019-07-24 21:10:57.394 22873 INFO rally.task.runner [-] Task e0b13e5f-b38d-4aba-92e9-ed40aca03436 | ITER: 79 START
2019-07-24 21:10:57.402 22853 INFO rally.task.runner [-] Task e0b13e5f-b38d-4aba-92e9-ed40aca03436 | ITER: 60 END: OK
2019-07-24 21:10:57.404 22853 INFO rally.task.runner [-] Task e0b13e5f-b38d-4aba-92e9-ed40aca03436 | ITER: 80 START
2019-07-24 21:10:57.738 22867 INFO rally.task.runner [-] Task e0b13e5f-b38d-4aba-92e9-ed40aca03436 | ITER: 62 END: OK
2019-07-24 21:10:57.740 22867 INFO rally.task.runner [-] Task e0b13e5f-b38d-4aba-92e9-ed40aca03436 | ITER: 81 START
2019-07-24 21:10:57.827 22830 INFO rally.task.runner [-] Task e0b13e5f-b38d-4aba-92e9-ed40aca03436 | ITER: 63 END: OK
2019-07-24 21:10:57.830 22830 INFO rally.task.runner [-] Task e0b13e5f-b38d-4aba-92e9-ed40aca03436 | ITER: 82 START
2019-07-24 21:10:57.857 22843 INFO rally.task.runner [-] Task e0b13e5f-b38d-4aba-92e9-ed40aca03436 | ITER: 66 END: OK
2019-07-24 21:10:57.860 22843 INFO rally.task.runner [-] Task e0b13e5f-b38d-4aba-92e9-ed40aca03436 | ITER: 83 START
2019-07-24 21:10:57.937 22829 INFO rally.task.runner [-] Task e0b13e5f-b38d-4aba-92e9-ed40aca03436 | ITER: 57 END: OK
2019-07-24 21:10:57.939 22829 INFO rally.task.runner [-] Task e0b13e5f-b38d-4aba-92e9-ed40aca03436 | ITER: 84 START
2019-07-24 21:10:58.046 22831 INFO rally.task.runner [-] Task e0b13e5f-b38d-4aba-92e9-ed40aca03436 | ITER: 61 END: OK
2019-07-24 21:10:58.049 22831 INFO rally.task.runner [-] Task e0b13e5f-b38d-4aba-92e9-ed40aca03436 | ITER: 85 START
2019-07-24 21:10:58.111 22832 INFO rally.task.runner [-] Task e0b13e5f-b38d-4aba-92e9-ed40aca03436 | ITER: 70 END: OK
2019-07-24 21:10:58.114 22832 INFO rally.task.runner [-] Task e0b13e5f-b38d-4aba-92e9-ed40aca03436 | ITER: 86 START
2019-07-24 21:10:58.158 22855 INFO rally.task.runner [-] Task e0b13e5f-b38d-4aba-92e9-ed40aca03436 | ITER: 72 END: OK
2019-07-24 21:10:58.158 22840 INFO rally.task.runner [-] Task e0b13e5f-b38d-4aba-92e9-ed40aca03436 | ITER: 64 END: OK
2019-07-24 21:10:58.160 22855 INFO rally.task.runner [-] Task e0b13e5f-b38d-4aba-92e9-ed40aca03436 | ITER: 87 START
2019-07-24 21:10:58.162 22840 INFO rally.task.runner [-] Task e0b13e5f-b38d-4aba-92e9-ed40aca03436 | ITER: 88 START
2019-07-24 21:10:58.180 22831 INFO rally.task.runner [-] Task e0b13e5f-b38d-4aba-92e9-ed40aca03436 | ITER: 71 END: OK
2019-07-24 21:10:58.183 22831 INFO rally.task.runner [-] Task e0b13e5f-b38d-4aba-92e9-ed40aca03436 | ITER: 89 START
2019-07-24 21:10:58.210 22830 INFO rally.task.runner [-] Task e0b13e5f-b38d-4aba-92e9-ed40aca03436 | ITER: 67 END: OK
2019-07-24 21:10:58.212 22830 INFO rally.task.runner [-] Task e0b13e5f-b38d-4aba-92e9-ed40aca03436 | ITER: 90 START
2019-07-24 21:10:58.559 22832 INFO rally.task.runner [-] Task e0b13e5f-b38d-4aba-92e9-ed40aca03436 | ITER: 68 END: OK
2019-07-24 21:10:58.562 22832 INFO rally.task.runner [-] Task e0b13e5f-b38d-4aba-92e9-ed40aca03436 | ITER: 91 START
2019-07-24 21:10:58.563 22874 INFO rally.task.runner [-] Task e0b13e5f-b38d-4aba-92e9-ed40aca03436 | ITER: 74 END: OK
2019-07-24 21:10:58.566 22874 INFO rally.task.runner [-] Task e0b13e5f-b38d-4aba-92e9-ed40aca03436 | ITER: 92 START
2019-07-24 21:10:58.711 22852 INFO rally.task.runner [-] Task e0b13e5f-b38d-4aba-92e9-ed40aca03436 | ITER: 69 END: OK
2019-07-24 21:10:58.714 22852 INFO rally.task.runner [-] Task e0b13e5f-b38d-4aba-92e9-ed40aca03436 | ITER: 93 START
2019-07-24 21:10:58.771 22835 INFO rally.task.runner [-] Task e0b13e5f-b38d-4aba-92e9-ed40aca03436 | ITER: 75 END: OK
2019-07-24 21:10:58.774 22835 INFO rally.task.runner [-] Task e0b13e5f-b38d-4aba-92e9-ed40aca03436 | ITER: 94 START
2019-07-24 21:10:59.078 22870 INFO rally.task.runner [-] Task e0b13e5f-b38d-4aba-92e9-ed40aca03436 | ITER: 77 END: OK
2019-07-24 21:10:59.081 22870 INFO rally.task.runner [-] Task e0b13e5f-b38d-4aba-92e9-ed40aca03436 | ITER: 95 START
2019-07-24 21:10:59.139 22873 INFO rally.task.runner [-] Task e0b13e5f-b38d-4aba-92e9-ed40aca03436 | ITER: 79 END: OK
2019-07-24 21:10:59.139 22860 INFO rally.task.runner [-] Task e0b13e5f-b38d-4aba-92e9-ed40aca03436 | ITER: 73 END: OK
2019-07-24 21:10:59.142 22873 INFO rally.task.runner [-] Task e0b13e5f-b38d-4aba-92e9-ed40aca03436 | ITER: 96 START
2019-07-24 21:10:59.142 22860 INFO rally.task.runner [-] Task e0b13e5f-b38d-4aba-92e9-ed40aca03436 | ITER: 97 START
2019-07-24 21:10:59.253 22853 INFO rally.task.runner [-] Task e0b13e5f-b38d-4aba-92e9-ed40aca03436 | ITER: 80 END: OK
2019-07-24 21:10:59.256 22853 INFO rally.task.runner [-] Task e0b13e5f-b38d-4aba-92e9-ed40aca03436 | ITER: 98 START
2019-07-24 21:10:59.406 22854 INFO rally.task.runner [-] Task e0b13e5f-b38d-4aba-92e9-ed40aca03436 | ITER: 78 END: OK
2019-07-24 21:10:59.409 22854 INFO rally.task.runner [-] Task e0b13e5f-b38d-4aba-92e9-ed40aca03436 | ITER: 99 START
2019-07-24 21:10:59.517 22867 INFO rally.task.runner [-] Task e0b13e5f-b38d-4aba-92e9-ed40aca03436 | ITER: 81 END: OK
2019-07-24 21:10:59.520 22867 INFO rally.task.runner [-] Task e0b13e5f-b38d-4aba-92e9-ed40aca03436 | ITER: 100 START
2019-07-24 21:10:59.970 22829 INFO rally.task.runner [-] Task e0b13e5f-b38d-4aba-92e9-ed40aca03436 | ITER: 76 END: OK
2019-07-24 21:10:59.992 22831 INFO rally.task.runner [-] Task e0b13e5f-b38d-4aba-92e9-ed40aca03436 | ITER: 85 END: OK
2019-07-24 21:11:00.041 22830 INFO rally.task.runner [-] Task e0b13e5f-b38d-4aba-92e9-ed40aca03436 | ITER: 82 END: OK
2019-07-24 21:11:00.173 22831 INFO rally.task.runner [-] Task e0b13e5f-b38d-4aba-92e9-ed40aca03436 | ITER: 89 END: OK
2019-07-24 21:11:00.236 22874 INFO rally.task.runner [-] Task e0b13e5f-b38d-4aba-92e9-ed40aca03436 | ITER: 92 END: OK
2019-07-24 21:11:00.282 22843 INFO rally.task.runner [-] Task e0b13e5f-b38d-4aba-92e9-ed40aca03436 | ITER: 83 END: OK
2019-07-24 21:11:00.295 22829 INFO rally.task.runner [-] Task e0b13e5f-b38d-4aba-92e9-ed40aca03436 | ITER: 84 END: OK
2019-07-24 21:11:00.296 22840 INFO rally.task.runner [-] Task e0b13e5f-b38d-4aba-92e9-ed40aca03436 | ITER: 88 END: OK
2019-07-24 21:11:00.466 22830 INFO rally.task.runner [-] Task e0b13e5f-b38d-4aba-92e9-ed40aca03436 | ITER: 90 END: OK
2019-07-24 21:11:00.513 22832 INFO rally.task.runner [-] Task e0b13e5f-b38d-4aba-92e9-ed40aca03436 | ITER: 86 END: OK
2019-07-24 21:11:00.904 22855 INFO rally.task.runner [-] Task e0b13e5f-b38d-4aba-92e9-ed40aca03436 | ITER: 87 END: OK
2019-07-24 21:11:00.953 22852 INFO rally.task.runner [-] Task e0b13e5f-b38d-4aba-92e9-ed40aca03436 | ITER: 93 END: OK
2019-07-24 21:11:01.065 22832 INFO rally.task.runner [-] Task e0b13e5f-b38d-4aba-92e9-ed40aca03436 | ITER: 91 END: OK
2019-07-24 21:11:01.114 22860 INFO rally.task.runner [-] Task e0b13e5f-b38d-4aba-92e9-ed40aca03436 | ITER: 97 END: OK
2019-07-24 21:11:01.115 22870 INFO rally.task.runner [-] Task e0b13e5f-b38d-4aba-92e9-ed40aca03436 | ITER: 95 END: OK
2019-07-24 21:11:01.143 22873 INFO rally.task.runner [-] Task e0b13e5f-b38d-4aba-92e9-ed40aca03436 | ITER: 96 END: OK
2019-07-24 21:11:01.288 22854 INFO rally.task.runner [-] Task e0b13e5f-b38d-4aba-92e9-ed40aca03436 | ITER: 99 END: OK
2019-07-24 21:11:01.454 22835 INFO rally.task.runner [-] Task e0b13e5f-b38d-4aba-92e9-ed40aca03436 | ITER: 94 END: OK
2019-07-24 21:11:01.463 22853 INFO rally.task.runner [-] Task e0b13e5f-b38d-4aba-92e9-ed40aca03436 | ITER: 98 END: OK
2019-07-24 21:11:01.529 22867 INFO rally.task.runner [-] Task e0b13e5f-b38d-4aba-92e9-ed40aca03436 | ITER: 100 END: OK
2019-07-24 21:11:01.556 22705 INFO rally.task.context [-] Task e0b13e5f-b38d-4aba-92e9-ed40aca03436 | Context cleanup@openstack cleanup() started
2019-07-24 21:11:01.558 22705 RALLYDEBUG rally_openstack.cleanup.manager [-] Cleaning up neutron vip objects
2019-07-24 21:11:02.215 22705 RALLYDEBUG rally_openstack.cleanup.manager [-] Cleaning up neutron health_monitor objects
2019-07-24 21:11:02.877 22705 RALLYDEBUG rally_openstack.cleanup.manager [-] Cleaning up neutron pool objects
2019-07-24 21:11:03.529 22705 RALLYDEBUG rally_openstack.cleanup.manager [-] Cleaning up neutron loadbalancer objects
2019-07-24 21:11:04.257 22705 RALLYDEBUG rally_openstack.cleanup.manager [-] Cleaning up neutron floatingip objects
2019-07-24 21:11:04.940 22705 RALLYDEBUG rally_openstack.cleanup.manager [-] Cleaning up neutron port objects
2019-07-24 21:11:05.623 22705 RALLYDEBUG rally_openstack.cleanup.manager [-] Cleaning up neutron subnet objects
2019-07-24 21:11:06.327 22705 RALLYDEBUG rally_openstack.cleanup.manager [-] Cleaning up neutron network objects
2019-07-24 21:11:07.301 22705 RALLYDEBUG rally_openstack.cleanup.manager [-] Deleting neutron.network object s_rally_f16b6862_UifhLAub (00f73f2a-83ad-48c1-9e91-fc73cf767e3c)
2019-07-24 21:11:07.302 22705 RALLYDEBUG rally_openstack.cleanup.manager [-] Deleting neutron.network object s_rally_f16b6862_dLL74qSA (090b771e-0135-4a1e-b95b-86821edf1c23)
2019-07-24 21:11:07.306 22705 RALLYDEBUG rally_openstack.cleanup.manager [-] Deleting neutron.network object s_rally_f16b6862_19j33aOG (0af8c309-b0e8-4f85-b5b7-5af8df7fa231)
2019-07-24 21:11:07.311 22705 RALLYDEBUG rally_openstack.cleanup.manager [-] Deleting neutron.network object s_rally_f16b6862_z44reZJ7 (0fee0326-4062-4209-82b9-34847d775d3e)
2019-07-24 21:11:07.316 22705 RALLYDEBUG rally_openstack.cleanup.manager [-] Deleting neutron.network object s_rally_f16b6862_GB0YQYGn (09f02e48-6312-40c2-940f-bfb8b507edfb)
2019-07-24 21:11:07.321 22705 RALLYDEBUG rally_openstack.cleanup.manager [-] Deleting neutron.network object s_rally_f16b6862_9u2mjuMF (057f783c-ea0d-4af3-a97b-8e75a61956f4)
2019-07-24 21:11:07.322 22705 RALLYDEBUG rally_openstack.cleanup.manager [-] Deleting neutron.network object s_rally_f16b6862_4NzWawss (10b0d845-be00-4c5a-9b2d-399d3005ca1a)
2019-07-24 21:11:07.325 22705 RALLYDEBUG rally_openstack.cleanup.manager [-] Deleting neutron.network object s_rally_f16b6862_rLGjOhiz (03f0c63b-381d-41eb-9f35-7c6ebafe832c)
2019-07-24 21:11:07.332 22705 RALLYDEBUG rally_openstack.cleanup.manager [-] Deleting neutron.network object s_rally_f16b6862_cMi0hiw3 (11fb47d5-c72f-43b1-931e-b9eb7b0da423)
2019-07-24 21:11:07.337 22705 RALLYDEBUG rally_openstack.cleanup.manager [-] Deleting neutron.network object s_rally_f16b6862_egTQjhc9 (01ce6a4b-c207-442b-b352-6805295e59ce)
2019-07-24 21:11:07.348 22705 RALLYDEBUG rally_openstack.cleanup.manager [-] Deleting neutron.network object s_rally_f16b6862_gQ3mK9FR (124005d2-f904-44dc-b579-b679c7c6bcd3)
2019-07-24 21:11:07.350 22705 RALLYDEBUG rally_openstack.cleanup.manager [-] Deleting neutron.network object s_rally_f16b6862_tZxapRqO (0c5858c2-8724-4a2f-9a28-26584685d7be)
2019-07-24 21:11:07.352 22705 RALLYDEBUG rally_openstack.cleanup.manager [-] Deleting neutron.network object s_rally_f16b6862_KEn1LxDb (15f59d0a-2246-4cbc-a218-751d228e1a73)
2019-07-24 21:11:07.369 22705 RALLYDEBUG rally_openstack.cleanup.manager [-] Deleting neutron.network object s_rally_f16b6862_DgLZ7B1z (1a9b6e46-0356-463f-a0d8-f5b1db4534af)
2019-07-24 21:11:07.386 22705 RALLYDEBUG rally_openstack.cleanup.manager [-] Deleting neutron.network object s_rally_f16b6862_MrxoXch1 (1a62f5ef-7935-4499-96b2-ffcc2409beb7)
2019-07-24 21:11:07.390 22705 RALLYDEBUG rally_openstack.cleanup.manager [-] Deleting neutron.network object s_rally_f16b6862_6NyjizaF (1b56392e-a17c-40d1-aa7b-478ccc860a54)
2019-07-24 21:11:07.401 22705 RALLYDEBUG rally_openstack.cleanup.manager [-] Deleting neutron.network object s_rally_f16b6862_X6PyF2OC (1d32f695-037b-4c80-aa03-b6aa383bcffc)
2019-07-24 21:11:07.422 22705 RALLYDEBUG rally_openstack.cleanup.manager [-] Deleting neutron.network object s_rally_f16b6862_8UqhPpuM (1e995e44-a08b-45cd-982e-643914e2841a)
2019-07-24 21:11:07.438 22705 RALLYDEBUG rally_openstack.cleanup.manager [-] Deleting neutron.network object s_rally_f16b6862_TGBwHn2p (21b6b50e-ebaa-428b-9a19-55ff41fbd497)
2019-07-24 21:11:07.440 22705 RALLYDEBUG rally_openstack.cleanup.manager [-] Deleting neutron.network object s_rally_f16b6862_WcMl2xUT (20d4edbb-363c-4365-919b-fd691dff66cd)
2019-07-24 21:11:10.243 22705 RALLYDEBUG rally_openstack.cleanup.manager [-] Deleting neutron.network object s_rally_f16b6862_sYlMrzYz (23662728-b64b-4e35-b584-f8c8bab63e03)
2019-07-24 21:11:10.244 22705 RALLYDEBUG rally_openstack.cleanup.manager [-] Deleting neutron.network object s_rally_f16b6862_DsnVyTsQ (233471ba-d931-4aa2-8b33-681273eaa30a)
2019-07-24 21:11:10.245 22705 RALLYDEBUG rally_openstack.cleanup.manager [-] Deleting neutron.network object s_rally_f16b6862_pgc9ykzl (230baabf-82fe-45e2-b0da-8154a3c5b3cc)
2019-07-24 21:11:10.256 22705 RALLYDEBUG rally_openstack.cleanup.manager [-] Deleting neutron.network object s_rally_f16b6862_tEzW28rd (2a5e16be-7f2f-4ce2-905e-d7b7c1dc31f4)
2019-07-24 21:11:10.323 22705 RALLYDEBUG rally_openstack.cleanup.manager [-] Deleting neutron.network object s_rally_f16b6862_5xQQrBzY (2eb76c61-b3f4-4d18-89e1-a193977142b9)
2019-07-24 21:11:10.349 22705 RALLYDEBUG rally_openstack.cleanup.manager [-] Deleting neutron.network object s_rally_f16b6862_Bi4PvM9C (2f343c93-9fe3-4bf4-9916-f84b25f78a9e)
2019-07-24 21:11:10.360 22705 RALLYDEBUG rally_openstack.cleanup.manager [-] Deleting neutron.network object s_rally_f16b6862_feqM5sGY (35259257-f6ae-48e3-b68a-0169ff3abded)
2019-07-24 21:11:10.383 22705 RALLYDEBUG rally_openstack.cleanup.manager [-] Deleting neutron.network object s_rally_f16b6862_GMeRyTSp (3a935200-d576-4b0e-a866-15c8c1124246)
2019-07-24 21:11:10.398 22705 RALLYDEBUG rally_openstack.cleanup.manager [-] Deleting neutron.network object s_rally_f16b6862_GJQ5LyPD (40aa6840-0168-48bb-adcb-1ac9e9008fee)
2019-07-24 21:11:10.427 22705 RALLYDEBUG rally_openstack.cleanup.manager [-] Deleting neutron.network object s_rally_f16b6862_87Z90Krc (421026bf-f087-4b7f-a098-99e1a896954b)
2019-07-24 21:11:10.460 22705 RALLYDEBUG rally_openstack.cleanup.manager [-] Deleting neutron.network object s_rally_f16b6862_cnfROkEc (4b246780-79ca-4292-b366-120f707a58fc)
2019-07-24 21:11:10.487 22705 RALLYDEBUG rally_openstack.cleanup.manager [-] Deleting neutron.network object s_rally_f16b6862_cMtNlSyN (4ddb62d2-b02d-4aee-b981-561f9c5231e1)
2019-07-24 21:11:10.548 22705 RALLYDEBUG rally_openstack.cleanup.manager [-] Deleting neutron.network object s_rally_f16b6862_lCy3jvk5 (53a15a6c-d9c4-4f33-9a54-eed00cfa3195)
2019-07-24 21:11:10.633 22705 RALLYDEBUG rally_openstack.cleanup.manager [-] Deleting neutron.network object s_rally_f16b6862_u5r21wPr (57d1f911-295e-48d0-8474-cc5a685a371c)
2019-07-24 21:11:10.680 22705 RALLYDEBUG rally_openstack.cleanup.manager [-] Deleting neutron.network object s_rally_f16b6862_MTFrX1Jr (599f6b1d-a843-42cf-8ad3-fcd63115e9df)
2019-07-24 21:11:10.827 22705 RALLYDEBUG rally_openstack.cleanup.manager [-] Deleting neutron.network object s_rally_f16b6862_HEFtZOY4 (5b85f242-511c-41c0-aaf5-0a9d64db83fe)
2019-07-24 21:11:10.878 22705 RALLYDEBUG rally_openstack.cleanup.manager [-] Deleting neutron.network object s_rally_f16b6862_lahJb9O3 (5c77f55d-6f40-4d9a-9b4a-fba46c04a1a0)
2019-07-24 21:11:10.898 22705 RALLYDEBUG rally_openstack.cleanup.manager [-] Deleting neutron.network object s_rally_f16b6862_6gPW0kOS (61f5ecf9-3295-44e8-ac3b-fecaac95474b)
2019-07-24 21:11:11.049 22705 RALLYDEBUG rally_openstack.cleanup.manager [-] Deleting neutron.network object s_rally_f16b6862_eytsccp5 (6534988c-2e51-4b4f-96cf-056c2f627bad)
2019-07-24 21:11:11.086 22705 RALLYDEBUG rally_openstack.cleanup.manager [-] Deleting neutron.network object s_rally_f16b6862_i6ADquWg (667bf670-32aa-4176-a5f0-f92ef9878964)
2019-07-24 21:11:12.657 22705 RALLYDEBUG rally_openstack.cleanup.manager [-] Deleting neutron.network object s_rally_f16b6862_iOGw6uzx (6c3d4778-0f94-452f-a51e-80c597cd077b)
2019-07-24 21:11:12.804 22705 RALLYDEBUG rally_openstack.cleanup.manager [-] Deleting neutron.network object s_rally_f16b6862_QgVschcU (6edbcd22-f1e2-423c-ba57-571a66bc53f4)
2019-07-24 21:11:12.984 22705 RALLYDEBUG rally_openstack.cleanup.manager [-] Deleting neutron.network object s_rally_f16b6862_XF6kW5Be (6eecee74-b734-4973-a429-3a5bc6fec433)
2019-07-24 21:11:13.012 22705 RALLYDEBUG rally_openstack.cleanup.manager [-] Deleting neutron.network object s_rally_f16b6862_Xb6wRk3y (7184d6c0-fa49-4efa-8a38-3667b4cc1730)
2019-07-24 21:11:13.043 22705 RALLYDEBUG rally_openstack.cleanup.manager [-] Deleting neutron.network object s_rally_f16b6862_MsUnd7Pb (75a86f61-7b3c-404c-b36e-b43b10fa3352)
2019-07-24 21:11:13.187 22705 RALLYDEBUG rally_openstack.cleanup.manager [-] Deleting neutron.network object s_rally_f16b6862_TIqFWCdg (78001d56-3095-444c-9a20-7ebf238dc2a9)
2019-07-24 21:11:13.203 22705 RALLYDEBUG rally_openstack.cleanup.manager [-] Deleting neutron.network object s_rally_f16b6862_XrEQgHxh (781bcc2a-c611-446f-8517-e816741137c6)
2019-07-24 21:11:13.221 22705 RALLYDEBUG rally_openstack.cleanup.manager [-] Deleting neutron.network object s_rally_f16b6862_7ehmJypJ (785b7e94-8e63-47cd-a198-d4c632078d20)
2019-07-24 21:11:13.403 22705 RALLYDEBUG rally_openstack.cleanup.manager [-] Deleting neutron.network object s_rally_f16b6862_0YTplCHh (7c197684-3709-4660-8c03-d5bb0f2f27a1)
2019-07-24 21:11:13.440 22705 RALLYDEBUG rally_openstack.cleanup.manager [-] Deleting neutron.network object s_rally_f16b6862_DlrOBqTH (7c7702d3-02df-4194-a094-38dd6f27a11d)
2019-07-24 21:11:13.480 22705 RALLYDEBUG rally_openstack.cleanup.manager [-] Deleting neutron.network object s_rally_f16b6862_qyd1Lf6x (7d75fe76-261b-4ee4-8abc-54e284f8b641)
2019-07-24 21:11:13.712 22705 RALLYDEBUG rally_openstack.cleanup.manager [-] Deleting neutron.network object s_rally_f16b6862_ciKTqBky (823c6279-be86-423a-b6ff-0335f7b04d49)
2019-07-24 21:11:13.722 22705 RALLYDEBUG rally_openstack.cleanup.manager [-] Deleting neutron.network object s_rally_f16b6862_yloPtNZp (8932c992-a366-427e-bf2b-3e687eced16c)
2019-07-24 21:11:13.800 22705 RALLYDEBUG rally_openstack.cleanup.manager [-] Deleting neutron.network object s_rally_f16b6862_RQmJwPfI (897de4d2-a25f-4d2c-9a82-6d60031d3e68)
2019-07-24 21:11:13.841 22705 RALLYDEBUG rally_openstack.cleanup.manager [-] Deleting neutron.network object s_rally_f16b6862_jRkV3CyL (8a6ae044-e838-4b24-913d-54f3e851fe0c)
2019-07-24 21:11:13.879 22705 RALLYDEBUG rally_openstack.cleanup.manager [-] Deleting neutron.network object s_rally_f16b6862_cgd1uF6d (8c7ebfd6-2bc1-4bcb-91f9-ea66afda3788)
2019-07-24 21:11:14.253 22705 RALLYDEBUG rally_openstack.cleanup.manager [-] Deleting neutron.network object s_rally_f16b6862_fIopJVew (8f55da2a-bc54-4b8b-b46c-a004cbf16e2e)
2019-07-24 21:11:14.258 22705 RALLYDEBUG rally_openstack.cleanup.manager [-] Deleting neutron.network object s_rally_f16b6862_Ln54Z2zM (9cac0afb-34cc-41eb-9b42-8b96813bae54)
2019-07-24 21:11:14.259 22705 RALLYDEBUG rally_openstack.cleanup.manager [-] Deleting neutron.network object s_rally_f16b6862_ZnqB4rog (8fba3cc3-73b9-4d3f-b5af-7c2a83153277)
2019-07-24 21:11:14.267 22705 RALLYDEBUG rally_openstack.cleanup.manager [-] Deleting neutron.network object s_rally_f16b6862_Q3w0aRdo (a3f478dd-be4e-42fd-a60d-a42243756cac)
2019-07-24 21:11:15.313 22705 RALLYDEBUG rally_openstack.cleanup.manager [-] Deleting neutron.network object s_rally_f16b6862_oPZk1yO0 (a4acae30-624e-47cd-a452-528d1b832bad)
2019-07-24 21:11:15.458 22705 RALLYDEBUG rally_openstack.cleanup.manager [-] Deleting neutron.network object s_rally_f16b6862_v2uHMQXl (ac6556c9-eca8-4304-b42f-35b2ab98ae4b)
2019-07-24 21:11:15.473 22705 RALLYDEBUG rally_openstack.cleanup.manager [-] Deleting neutron.network object s_rally_f16b6862_y9uR7LH2 (ae0f38d5-4a24-4bd8-8cf0-c6b776e8d4ba)
2019-07-24 21:11:15.717 22705 RALLYDEBUG rally_openstack.cleanup.manager [-] Deleting neutron.network object s_rally_f16b6862_TJcMapZ5 (aed06ccd-580f-4b3a-9239-3a99829095e8)
2019-07-24 21:11:15.720 22705 RALLYDEBUG rally_openstack.cleanup.manager [-] Deleting neutron.network object s_rally_f16b6862_DgzEtM8C (b445b638-e9b3-4fca-80ff-7ae57f208af9)
2019-07-24 21:11:15.771 22705 RALLYDEBUG rally_openstack.cleanup.manager [-] Deleting neutron.network object s_rally_f16b6862_igy8Wivz (b6b4f8e3-f054-4bc8-8044-e3fc6c452836)
2019-07-24 21:11:15.903 22705 RALLYDEBUG rally_openstack.cleanup.manager [-] Deleting neutron.network object s_rally_f16b6862_8S5xoe4M (b9933837-ce63-40c8-a149-2b47d9ee6148)
2019-07-24 21:11:16.089 22705 RALLYDEBUG rally_openstack.cleanup.manager [-] Deleting neutron.network object s_rally_f16b6862_8ZQoxEvV (bb13c865-ab60-4eb1-9667-b9d299c44a3a)
2019-07-24 21:11:16.138 22705 RALLYDEBUG rally_openstack.cleanup.manager [-] Deleting neutron.network object s_rally_f16b6862_YXah5TpZ (bbdfbaf6-e708-40ae-8a49-b5a8d6c0c89b)
2019-07-24 21:11:16.174 22705 RALLYDEBUG rally_openstack.cleanup.manager [-] Deleting neutron.network object s_rally_f16b6862_PdTw4rGW (bd3e943f-9dd2-4244-9142-5ba92957ac80)
2019-07-24 21:11:16.231 22705 RALLYDEBUG rally_openstack.cleanup.manager [-] Deleting neutron.network object s_rally_f16b6862_N60Lq07w (bf0adbce-3e73-4f9a-be69-118cd76cdd08)
2019-07-24 21:11:16.266 22705 RALLYDEBUG rally_openstack.cleanup.manager [-] Deleting neutron.network object s_rally_f16b6862_QYWQYEPA (bf325402-91b0-470f-a7a0-52d0c1fda71b)
2019-07-24 21:11:16.486 22705 RALLYDEBUG rally_openstack.cleanup.manager [-] Deleting neutron.network object s_rally_f16b6862_3DxefJoy (bfbbd931-b280-447f-a1f4-f13c14b252b3)
2019-07-24 21:11:16.635 22705 RALLYDEBUG rally_openstack.cleanup.manager [-] Deleting neutron.network object s_rally_f16b6862_MkTdzLmj (c316960c-8309-4343-8359-f8eda5b0e547)
2019-07-24 21:11:16.657 22705 RALLYDEBUG rally_openstack.cleanup.manager [-] Deleting neutron.network object s_rally_f16b6862_sjnm7kG3 (c3fdad28-c5a4-428d-912a-f820f340a30c)
2019-07-24 21:11:16.789 22705 RALLYDEBUG rally_openstack.cleanup.manager [-] Deleting neutron.network object s_rally_f16b6862_Jg7kWVQM (c4d3aebf-122b-4917-b302-3e098c9d7487)
2019-07-24 21:11:16.895 22705 RALLYDEBUG rally_openstack.cleanup.manager [-] Deleting neutron.network object s_rally_f16b6862_ltbAqNuQ (c4f12099-eb1d-481e-8ed4-36cff3ce4e68)
2019-07-24 21:11:16.918 22705 RALLYDEBUG rally_openstack.cleanup.manager [-] Deleting neutron.network object s_rally_f16b6862_HRM69fYm (c5d0d8f0-e35d-43b8-954a-3fdb8a5a0dad)
2019-07-24 21:11:16.940 22705 RALLYDEBUG rally_openstack.cleanup.manager [-] Deleting neutron.network object s_rally_f16b6862_u9TNvXrp (c62583b1-1dcd-439d-b0f6-f90883d72c7d)
2019-07-24 21:11:16.967 22705 RALLYDEBUG rally_openstack.cleanup.manager [-] Deleting neutron.network object s_rally_f16b6862_zfgJ7DQ4 (c9d92098-17df-4dc1-83a0-f7aadcba66ca)
2019-07-24 21:11:17.859 22705 RALLYDEBUG rally_openstack.cleanup.manager [-] Deleting neutron.network object s_rally_f16b6862_XeVFMxL2 (cd0f6ba9-9aa1-4053-8d1a-5b8b4a7ac3e1)
2019-07-24 21:11:17.917 22705 RALLYDEBUG rally_openstack.cleanup.manager [-] Deleting neutron.network object s_rally_f16b6862_09H1DOAS (d1e20fc4-2732-4838-b210-221b3f37c395)
2019-07-24 21:11:18.216 22705 RALLYDEBUG rally_openstack.cleanup.manager [-] Deleting neutron.network object s_rally_f16b6862_gdAkJ9s0 (d293d433-5165-4975-965e-3033df807882)
2019-07-24 21:11:18.237 22705 RALLYDEBUG rally_openstack.cleanup.manager [-] Deleting neutron.network object s_rally_f16b6862_0b2WIK5q (d4a79c44-ef72-4cf8-97ed-7daa94f4dbe8)
2019-07-24 21:11:18.590 22705 RALLYDEBUG rally_openstack.cleanup.manager [-] Deleting neutron.network object s_rally_f16b6862_NmVC3y2D (d5b242e9-d3e1-451e-a4cd-2347dc2275db)
2019-07-24 21:11:18.624 22705 RALLYDEBUG rally_openstack.cleanup.manager [-] Deleting neutron.network object s_rally_f16b6862_cC2DLFdY (d6298e2d-a108-4590-8511-9283c3635768)
2019-07-24 21:11:18.714 22705 RALLYDEBUG rally_openstack.cleanup.manager [-] Deleting neutron.network object s_rally_f16b6862_doBQ6k7K (d6a56d3d-2934-43ae-b0b4-4b8e488761b9)
2019-07-24 21:11:18.887 22705 RALLYDEBUG rally_openstack.cleanup.manager [-] Deleting neutron.network object s_rally_f16b6862_kyKZwE0V (daf44981-9ab2-43f9-82ec-f002470629e1)
2019-07-24 21:11:18.907 22705 RALLYDEBUG rally_openstack.cleanup.manager [-] Deleting neutron.network object s_rally_f16b6862_IQo7UKEY (dd6fce49-c7be-43fd-8946-1a4734a9b220)
2019-07-24 21:11:18.961 22705 RALLYDEBUG rally_openstack.cleanup.manager [-] Deleting neutron.network object s_rally_f16b6862_UcLEUDc8 (de9d631f-a857-412f-8eae-585f30e8bc18)
2019-07-24 21:11:19.010 22705 RALLYDEBUG rally_openstack.cleanup.manager [-] Deleting neutron.network object s_rally_f16b6862_GHuYZjuS (dfee0aee-a412-41d1-ad1d-2f2bf1505c62)
2019-07-24 21:11:19.071 22705 RALLYDEBUG rally_openstack.cleanup.manager [-] Deleting neutron.network object s_rally_f16b6862_p8bJJCZI (e2949bc4-54e5-4f85-abab-dc867257d10f)
2019-07-24 21:11:19.112 22705 RALLYDEBUG rally_openstack.cleanup.manager [-] Deleting neutron.network object s_rally_f16b6862_7NYzoLnQ (e90c1bab-7d42-46c4-ac45-588a0ea4e154)
2019-07-24 21:11:19.174 22705 RALLYDEBUG rally_openstack.cleanup.manager [-] Deleting neutron.network object s_rally_f16b6862_3ThfZ6sw (f3417655-905d-4cc0-849e-ce6bb52fc588)
2019-07-24 21:11:19.230 22705 RALLYDEBUG rally_openstack.cleanup.manager [-] Deleting neutron.network object s_rally_f16b6862_SInfNzVk (f87bb4ab-bd6e-468b-8148-45f2d14820d2)
2019-07-24 21:11:19.738 22705 RALLYDEBUG rally_openstack.cleanup.manager [-] Deleting neutron.network object s_rally_f16b6862_ovm0nHRL (fa021103-492f-4212-8554-73c28ef4a50c)
