2019-07-24 21:33:40.791 26992 INFO rally.task.runner [-] Task e0b13e5f-b38d-4aba-92e9-ed40aca03436 | ITER: 18 END: OK
2019-07-24 21:33:40.795 26992 INFO rally.task.runner [-] Task e0b13e5f-b38d-4aba-92e9-ed40aca03436 | ITER: 39 START
2019-07-24 21:33:40.796 26992 WARNING rally_openstack.scenarios.neutron.utils [-] Running this scenario without either the 'network' or 'existing_network' context is deprecated
2019-07-24 21:33:41.835 26951 INFO rally.task.runner [-] Task e0b13e5f-b38d-4aba-92e9-ed40aca03436 | ITER: 1 END: OK
2019-07-24 21:33:41.839 26951 INFO rally.task.runner [-] Task e0b13e5f-b38d-4aba-92e9-ed40aca03436 | ITER: 40 START
2019-07-24 21:33:41.840 26951 WARNING rally_openstack.scenarios.neutron.utils [-] Running this scenario without either the 'network' or 'existing_network' context is deprecated
2019-07-24 21:33:48.816 26953 INFO rally.task.runner [-] Task e0b13e5f-b38d-4aba-92e9-ed40aca03436 | ITER: 25 END: OK
2019-07-24 21:33:49.931 26954 INFO rally.task.runner [-] Task e0b13e5f-b38d-4aba-92e9-ed40aca03436 | ITER: 23 END: OK
2019-07-24 21:33:49.947 26980 INFO rally.task.runner [-] Task e0b13e5f-b38d-4aba-92e9-ed40aca03436 | ITER: 22 END: OK
2019-07-24 21:33:50.118 26995 INFO rally.task.runner [-] Task e0b13e5f-b38d-4aba-92e9-ed40aca03436 | ITER: 21 END: OK
2019-07-24 21:33:50.753 26986 INFO rally.task.runner [-] Task e0b13e5f-b38d-4aba-92e9-ed40aca03436 | ITER: 27 END: OK
2019-07-24 21:33:51.023 26998 INFO rally.task.runner [-] Task e0b13e5f-b38d-4aba-92e9-ed40aca03436 | ITER: 32 END: OK
2019-07-24 21:33:51.242 26955 INFO rally.task.runner [-] Task e0b13e5f-b38d-4aba-92e9-ed40aca03436 | ITER: 24 END: OK
2019-07-24 21:33:51.294 26953 INFO rally.task.runner [-] Task e0b13e5f-b38d-4aba-92e9-ed40aca03436 | ITER: 26 END: OK
2019-07-24 21:33:51.375 26973 INFO rally.task.runner [-] Task e0b13e5f-b38d-4aba-92e9-ed40aca03436 | ITER: 28 END: OK
2019-07-24 21:33:51.599 26954 INFO rally.task.runner [-] Task e0b13e5f-b38d-4aba-92e9-ed40aca03436 | ITER: 30 END: OK
2019-07-24 21:33:51.998 26952 INFO rally.task.runner [-] Task e0b13e5f-b38d-4aba-92e9-ed40aca03436 | ITER: 33 END: OK
2019-07-24 21:33:52.124 26963 INFO rally.task.runner [-] Task e0b13e5f-b38d-4aba-92e9-ed40aca03436 | ITER: 36 END: OK
2019-07-24 21:33:52.210 26991 INFO rally.task.runner [-] Task e0b13e5f-b38d-4aba-92e9-ed40aca03436 | ITER: 31 END: OK
2019-07-24 21:33:52.634 26952 INFO rally.task.runner [-] Task e0b13e5f-b38d-4aba-92e9-ed40aca03436 | ITER: 29 END: OK
2019-07-24 21:33:52.696 26970 INFO rally.task.runner [-] Task e0b13e5f-b38d-4aba-92e9-ed40aca03436 | ITER: 38 END: OK
2019-07-24 21:33:52.981 26951 INFO rally.task.runner [-] Task e0b13e5f-b38d-4aba-92e9-ed40aca03436 | ITER: 37 END: OK
2019-07-24 21:33:53.053 26958 INFO rally.task.runner [-] Task e0b13e5f-b38d-4aba-92e9-ed40aca03436 | ITER: 35 END: OK
2019-07-24 21:33:54.136 26965 INFO rally.task.runner [-] Task e0b13e5f-b38d-4aba-92e9-ed40aca03436 | ITER: 34 END: OK
2019-07-24 21:33:55.556 26951 INFO rally.task.runner [-] Task e0b13e5f-b38d-4aba-92e9-ed40aca03436 | ITER: 40 END: OK
2019-07-24 21:33:56.700 26992 INFO rally.task.runner [-] Task e0b13e5f-b38d-4aba-92e9-ed40aca03436 | ITER: 39 END: OK
2019-07-24 21:33:56.726 22705 INFO rally.task.context [-] Task e0b13e5f-b38d-4aba-92e9-ed40aca03436 | Context cleanup@openstack cleanup() started
2019-07-24 21:33:56.728 22705 RALLYDEBUG rally_openstack.cleanup.manager [-] Cleaning up neutron vip objects
2019-07-24 21:33:57.387 22705 RALLYDEBUG rally_openstack.cleanup.manager [-] Cleaning up neutron health_monitor objects
2019-07-24 21:33:58.151 22705 RALLYDEBUG rally_openstack.cleanup.manager [-] Cleaning up neutron pool objects
2019-07-24 21:33:58.901 22705 RALLYDEBUG rally_openstack.cleanup.manager [-] Cleaning up neutron loadbalancer objects
2019-07-24 21:33:59.636 22705 RALLYDEBUG rally_openstack.cleanup.manager [-] Cleaning up neutron floatingip objects
2019-07-24 21:34:00.514 22705 RALLYDEBUG rally_openstack.cleanup.manager [-] Cleaning up neutron port objects
2019-07-24 21:34:01.318 22705 RALLYDEBUG rally_openstack.cleanup.manager [-] Cleaning up neutron subnet objects
2019-07-24 21:34:02.096 22705 RALLYDEBUG rally_openstack.cleanup.manager [-] Cleaning up neutron network objects
2019-07-24 21:34:03.048 22705 RALLYDEBUG rally_openstack.cleanup.manager [-] Deleting neutron.network object s_rally_0c8813ce_7cmfwfRe (11177e66-78dc-4251-8e8a-d23dea5f9f68)
2019-07-24 21:34:03.053 22705 RALLYDEBUG rally_openstack.cleanup.manager [-] Deleting neutron.network object s_rally_0c8813ce_2C5Dzenz (4208d31d-2337-42a3-91cb-0f4c348fbf19)
2019-07-24 21:34:03.054 22705 RALLYDEBUG rally_openstack.cleanup.manager [-] Deleting neutron.network object s_rally_0c8813ce_K34WuPN6 (37f74326-6a1f-4160-9652-d7ec31eb2ea3)
2019-07-24 21:34:03.054 22705 RALLYDEBUG rally_openstack.cleanup.manager [-] Deleting neutron.network object s_rally_0c8813ce_FuXAr0Ev (4df0b5b6-b9fc-452f-a6ae-04973ad84dad)
2019-07-24 21:34:03.062 22705 RALLYDEBUG rally_openstack.cleanup.manager [-] Deleting neutron.network object s_rally_0c8813ce_tfHoaTI0 (4fecf148-b987-499d-8fa8-610f65a1338f)
2019-07-24 21:34:03.066 22705 RALLYDEBUG rally_openstack.cleanup.manager [-] Deleting neutron.network object s_rally_0c8813ce_IND4jpEW (2f69d7a1-ba4c-4042-8b63-8c7c1f45c35a)
2019-07-24 21:34:03.084 22705 RALLYDEBUG rally_openstack.cleanup.manager [-] Deleting neutron.network object s_rally_0c8813ce_ZbNPImqT (42ecded6-c47a-411d-ad22-75176e7786b6)
2019-07-24 21:34:03.085 22705 RALLYDEBUG rally_openstack.cleanup.manager [-] Deleting neutron.network object s_rally_0c8813ce_hdod3ekx (373b35e8-e8bb-437a-abd0-ee5ebbadbf56)
2019-07-24 21:34:03.089 22705 RALLYDEBUG rally_openstack.cleanup.manager [-] Deleting neutron.network object s_rally_0c8813ce_ArDvgKAv (201294e1-1995-4ca5-9f62-99e6e7fc492e)
2019-07-24 21:34:03.091 22705 RALLYDEBUG rally_openstack.cleanup.manager [-] Deleting neutron.network object s_rally_0c8813ce_tyBIYbFA (5b9063b6-ef3e-48a0-99bc-0890cf0fa12c)
2019-07-24 21:34:03.098 22705 RALLYDEBUG rally_openstack.cleanup.manager [-] Deleting neutron.network object s_rally_0c8813ce_rQ17GLJ5 (51ca18d9-162e-4880-ab46-5e8b5551ce94)
2019-07-24 21:34:03.104 22705 RALLYDEBUG rally_openstack.cleanup.manager [-] Deleting neutron.network object s_rally_0c8813ce_fAAHQvxw (4c391d42-6f59-41d4-b7b7-139f2a7b99d7)
2019-07-24 21:34:03.119 22705 RALLYDEBUG rally_openstack.cleanup.manager [-] Deleting neutron.network object s_rally_0c8813ce_O3LuYXep (637b9b0d-50d8-4fe3-8e6c-2d14ef6320c7)
2019-07-24 21:34:03.139 22705 RALLYDEBUG rally_openstack.cleanup.manager [-] Deleting neutron.network object s_rally_0c8813ce_NCqLZevV (69ccbfc8-2b5f-46a2-9909-65cbba1c241a)
2019-07-24 21:34:03.142 22705 RALLYDEBUG rally_openstack.cleanup.manager [-] Deleting neutron.network object s_rally_0c8813ce_PxYdqdDd (76bcfb9a-095a-486d-988a-e7770231ecdb)
2019-07-24 21:34:03.147 22705 RALLYDEBUG rally_openstack.cleanup.manager [-] Deleting neutron.network object s_rally_0c8813ce_HW62tEbm (7f8b5905-0da7-4c9c-ba2b-381bc7703ebd)
2019-07-24 21:34:03.151 22705 RALLYDEBUG rally_openstack.cleanup.manager [-] Deleting neutron.network object s_rally_0c8813ce_vC3TDkUH (6d9310b0-df97-419b-8afd-42c9cf219ba0)
2019-07-24 21:34:03.164 22705 RALLYDEBUG rally_openstack.cleanup.manager [-] Deleting neutron.network object s_rally_0c8813ce_Lx1RR5gw (83447e55-c50e-48f3-9c7d-3a478c91c17e)
2019-07-24 21:34:03.203 22705 RALLYDEBUG rally_openstack.cleanup.manager [-] Deleting neutron.network object s_rally_0c8813ce_WkG3IUXR (8656c151-a8e5-482e-ac22-755f352fda14)
2019-07-24 21:34:03.205 22705 RALLYDEBUG rally_openstack.cleanup.manager [-] Deleting neutron.network object s_rally_0c8813ce_l0LYRBZY (87eb3c4c-9078-49f8-937d-10b25bcb5905)
2019-07-24 21:34:05.649 22705 RALLYDEBUG rally_openstack.cleanup.manager [-] Deleting neutron.network object s_rally_0c8813ce_W5jRxh3C (8c9d1b83-a9f2-4e4f-88c5-e437601fc30c)
2019-07-24 21:34:05.855 22705 RALLYDEBUG rally_openstack.cleanup.manager [-] Deleting neutron.network object s_rally_0c8813ce_Q0vXrWSZ (8d0f289d-3c19-41f4-987b-b11160520d80)
2019-07-24 21:34:05.863 22705 RALLYDEBUG rally_openstack.cleanup.manager [-] Deleting neutron.network object s_rally_0c8813ce_FHv47qNw (938ccc57-c808-4892-8d8c-189831d2f3a3)
2019-07-24 21:34:05.935 22705 RALLYDEBUG rally_openstack.cleanup.manager [-] Deleting neutron.network object s_rally_0c8813ce_YQkOxHxm (945f353f-7631-4b86-9dca-2d49ad19c592)
2019-07-24 21:34:06.153 22705 RALLYDEBUG rally_openstack.cleanup.manager [-] Deleting neutron.network object s_rally_0c8813ce_mxnbGNVw (9b1ba97c-e821-4c40-bf2c-d74564960c48)
2019-07-24 21:34:06.283 22705 RALLYDEBUG rally_openstack.cleanup.manager [-] Deleting neutron.network object s_rally_0c8813ce_xiPdpopj (9ce0ab6e-5633-4bb7-bc89-b07489574b1c)
2019-07-24 21:34:06.463 22705 RALLYDEBUG rally_openstack.cleanup.manager [-] Deleting neutron.network object s_rally_0c8813ce_osd6DCO2 (a06f8abe-1286-4a88-a992-079c8c2383de)
2019-07-24 21:34:06.488 22705 RALLYDEBUG rally_openstack.cleanup.manager [-] Deleting neutron.network object s_rally_0c8813ce_Fg3fF7dA (b81c7a68-f56b-4839-8f3c-39e6cddd69bd)
2019-07-24 21:34:06.488 22705 RALLYDEBUG rally_openstack.cleanup.manager [-] Deleting neutron.network object s_rally_0c8813ce_8bw1Ib41 (a41394a8-b377-4a28-b910-19a440232ae1)
2019-07-24 21:34:06.528 22705 RALLYDEBUG rally_openstack.cleanup.manager [-] Deleting neutron.network object s_rally_0c8813ce_Sv3edtQV (bd6b5ebd-2113-4caa-9664-6c4d50c669a4)
2019-07-24 21:34:06.553 22705 RALLYDEBUG rally_openstack.cleanup.manager [-] Deleting neutron.network object s_rally_0c8813ce_ZLOgdwGv (be287e46-766c-4423-95ef-e958767a6848)
2019-07-24 21:34:06.579 22705 RALLYDEBUG rally_openstack.cleanup.manager [-] Deleting neutron.network object s_rally_0c8813ce_26FfUWqN (c492990a-4aef-429c-bf13-11f5d3e357a4)
2019-07-24 21:34:06.586 22705 RALLYDEBUG rally_openstack.cleanup.manager [-] Deleting neutron.network object s_rally_0c8813ce_TEuN6HPd (c665b9ad-3ac7-4621-b10a-33aec40f2300)
2019-07-24 21:34:07.384 22705 RALLYDEBUG rally_openstack.cleanup.manager [-] Deleting neutron.network object s_rally_0c8813ce_O1O3pWC9 (c8f7f075-1081-475b-b33b-2b8a1b2f7d64)
2019-07-24 21:34:07.459 22705 RALLYDEBUG rally_openstack.cleanup.manager [-] Deleting neutron.network object s_rally_0c8813ce_2HU14vZa (d53e1235-5b9a-487e-bdae-156f3d70446d)
2019-07-24 21:34:07.492 22705 RALLYDEBUG rally_openstack.cleanup.manager [-] Deleting neutron.network object s_rally_0c8813ce_x8JuVAdd (d5635aa6-c048-423c-9384-a7bbd3176a74)
2019-07-24 21:34:07.865 22705 RALLYDEBUG rally_openstack.cleanup.manager [-] Deleting neutron.network object s_rally_0c8813ce_Xz0ukyPC (e4399518-e628-4e7c-9b3e-423b154591c6)
2019-07-24 21:34:08.007 22705 RALLYDEBUG rally_openstack.cleanup.manager [-] Deleting neutron.network object s_rally_0c8813ce_peHUNQMN (e496f5fc-ca1e-4908-8d76-f29524c0704e)
2019-07-24 21:34:08.017 22705 RALLYDEBUG rally_openstack.cleanup.manager [-] Deleting neutron.network object s_rally_0c8813ce_hRXSOHzC (f64539a5-6f5d-4bbf-869e-f79a46798fee)
2019-07-24 21:34:08.054 22705 RALLYDEBUG rally_openstack.cleanup.manager [-] Deleting neutron.network object s_rally_0c8813ce_76vhNjDZ (ff474c1f-de59-462a-a0a2-2275790f9a15)
2019-07-24 21:34:10.860 22705 RALLYDEBUG rally_openstack.cleanup.manager [-] Cleaning up neutron router objects
2019-07-24 21:34:11.620 22705 RALLYDEBUG rally_openstack.cleanup.manager [-] Cleaning up neutron security_group objects
2019-07-24 21:34:12.382 22705 INFO rally.task.context [-] Task e0b13e5f-b38d-4aba-92e9-ed40aca03436 | Context cleanup@openstack cleanup() finished in 15.66 sec
2019-07-24 21:34:12.383 22705 INFO rally.task.context [-] Task e0b13e5f-b38d-4aba-92e9-ed40aca03436 | Context quotas@openstack cleanup() started
2019-07-24 21:34:12.616 22705 INFO rally.task.context [-] Task e0b13e5f-b38d-4aba-92e9-ed40aca03436 | Context quotas@openstack cleanup() finished in 0.23 sec
2019-07-24 21:34:12.617 22705 INFO rally.task.context [-] Task e0b13e5f-b38d-4aba-92e9-ed40aca03436 | Context users@openstack cleanup() started
2019-07-24 21:34:17.895 22705 INFO rally.task.context [-] Task e0b13e5f-b38d-4aba-92e9-ed40aca03436 | Context users@openstack cleanup() finished in 5.28 sec
2019-07-24 21:34:18.048 22705 INFO rally.task.engine [-] Load duration is: 35.386754
2019-07-24 21:34:18.048 22705 INFO rally.task.engine [-] Full runner duration is: 35.437525
2019-07-24 21:34:18.048 22705 INFO rally.task.engine [-] Full duration is: 62.088106
2019-07-24 21:34:18.341 22705 INFO rally.task.engine [-] Running workload: position = 0 config = { "version": 2, "title": "A cropped version of a bigger task.", "description": "Auto-generated task from a single workload (uuid=8e6592d5-2357-4de1-a880-763483a28eb8)", "subtasks": [ { "title": "Quotas.neutron_update", "description": "Update quotas for neutron.", "scenario": { "Quotas.neutron_update": { "max_quota": 1024 } }, "contexts": { "users": { "tenants": 20, "users_per_tenant": 1 } }, "runner": { "constant": { "times": 40, "concurrency": 20 } }, "hooks": [], "sla": { "failure_rate": { "max": 0 } } } ] }
2019-07-24 21:34:18.365 22705 RALLYDEBUG rally_openstack.contexts.keystone.users [-] Creating 20 tenants using 20 threads
2019-07-24 21:34:20.985 22705 RALLYDEBUG rally_openstack.contexts.keystone.users [-] Creating 20 users using 20 threads
2019-07-24 21:34:24.548 22705 INFO rally.task.context [-] Task e0b13e5f-b38d-4aba-92e9-ed40aca03436 | Context users@openstack setup() finished in 6.18 sec
2019-07-24 21:34:24.548 22705 INFO rally.task.context [-] Task e0b13e5f-b38d-4aba-92e9-ed40aca03436 | Context admin_cleanup@openstack setup() finished in 0.01 msec
2019-07-24 21:34:24.556 22705 RALLYDEBUG rally.task.runner [-] Starting the constant runner (task UUID: e0b13e5f-b38d-4aba-92e9-ed40aca03436). timeout: 0 concurrency: 20 concurrency_per_worker: 1 times: 40 concurrency_overhead: 4 processes_to_start: 16 max_cpu_used: 16
2019-07-24 21:34:24.570 27321 RALLYDEBUG rally.task.runner [-] Starting a worker. concurrency: 2 args: {"max_quota": 1024} times: 40 method_name: run timeout: 0 duration: None cls:
2019-07-24 21:34:24.571 27322 RALLYDEBUG rally.task.runner [-] Starting a worker. concurrency: 2 args: {"max_quota": 1024} times: 40 method_name: run timeout: 0 duration: None cls:
2019-07-24 21:34:24.575 27323 RALLYDEBUG rally.task.runner [-] Starting a worker. concurrency: 2 args: {"max_quota": 1024} times: 40 method_name: run timeout: 0 duration: None cls:
2019-07-24 21:34:24.579 27322 INFO rally.task.runner [-] Task e0b13e5f-b38d-4aba-92e9-ed40aca03436 | ITER: 2 START
2019-07-24 21:34:24.578 27324 RALLYDEBUG rally.task.runner [-] Starting a worker. concurrency: 2 args: {"max_quota": 1024} times: 40 method_name: run timeout: 0 duration: None cls:
2019-07-24 21:34:24.583 27325 RALLYDEBUG rally.task.runner [-] Starting a worker. concurrency: 1 args: {"max_quota": 1024} times: 40 method_name: run timeout: 0 duration: None cls:
2019-07-24 21:34:24.584 27321 INFO rally.task.runner [-] Task e0b13e5f-b38d-4aba-92e9-ed40aca03436 | ITER: 1 START
2019-07-24 21:34:24.589 27329 RALLYDEBUG rally.task.runner [-] Starting a worker. concurrency: 1 args: {"max_quota": 1024} times: 40 method_name: run timeout: 0 duration: None cls:
2019-07-24 21:34:24.589 27324 INFO rally.task.runner [-] Task e0b13e5f-b38d-4aba-92e9-ed40aca03436 | ITER: 6 START
2019-07-24 21:34:24.591 27323 INFO rally.task.runner [-] Task e0b13e5f-b38d-4aba-92e9-ed40aca03436 | ITER: 7 START
2019-07-24 21:34:24.594 27322 INFO rally.task.runner [-] Task e0b13e5f-b38d-4aba-92e9-ed40aca03436 | ITER: 4 START
2019-07-24 21:34:24.593 27321 INFO rally.task.runner [-] Task e0b13e5f-b38d-4aba-92e9-ed40aca03436 | ITER: 5 START
2019-07-24 21:34:24.597 27334 RALLYDEBUG rally.task.runner [-] Starting a worker. concurrency: 1 args: {"max_quota": 1024} times: 40 method_name: run timeout: 0 duration: None cls:
2019-07-24 21:34:24.594 27323 INFO rally.task.runner [-] Task e0b13e5f-b38d-4aba-92e9-ed40aca03436 | ITER: 3 START
2019-07-24 21:34:24.600 27338 RALLYDEBUG rally.task.runner [-] Starting a worker. concurrency: 1 args: {"max_quota": 1024} times: 40 method_name: run timeout: 0 duration: None cls:
2019-07-24 21:34:24.601 27329 INFO rally.task.runner [-] Task e0b13e5f-b38d-4aba-92e9-ed40aca03436 | ITER: 10 START
2019-07-24 21:34:24.604 27325 INFO rally.task.runner [-] Task e0b13e5f-b38d-4aba-92e9-ed40aca03436 | ITER: 8 START
2019-07-24 21:34:24.605 27341 RALLYDEBUG rally.task.runner [-] Starting a worker. concurrency: 1 args: {"max_quota": 1024} times: 40 method_name: run timeout: 0 duration: None cls:
2019-07-24 21:34:24.606 27324 INFO rally.task.runner [-] Task e0b13e5f-b38d-4aba-92e9-ed40aca03436 | ITER: 9 START
2019-07-24 21:34:24.608 27334 INFO rally.task.runner [-] Task e0b13e5f-b38d-4aba-92e9-ed40aca03436 | ITER: 11 START
2019-07-24 21:34:24.608 27342 RALLYDEBUG rally.task.runner [-] Starting a worker. concurrency: 1 args: {"max_quota": 1024} times: 40 method_name: run timeout: 0 duration: None cls:
2019-07-24 21:34:24.611 27346 RALLYDEBUG rally.task.runner [-] Starting a worker. concurrency: 1 args: {"max_quota": 1024} times: 40 method_name: run timeout: 0 duration: None cls:
2019-07-24 21:34:24.612 27338 INFO rally.task.runner [-] Task e0b13e5f-b38d-4aba-92e9-ed40aca03436 | ITER: 12 START
2019-07-24 21:34:24.616 27348 RALLYDEBUG rally.task.runner [-] Starting a worker. concurrency: 1 args: {"max_quota": 1024} times: 40 method_name: run timeout: 0 duration: None cls:
2019-07-24 21:34:24.619 27342 INFO rally.task.runner [-] Task e0b13e5f-b38d-4aba-92e9-ed40aca03436 | ITER: 14 START
2019-07-24 21:34:24.627 27341 INFO rally.task.runner [-] Task e0b13e5f-b38d-4aba-92e9-ed40aca03436 | ITER: 13 START
2019-07-24 21:34:24.628 27348 INFO rally.task.runner [-] Task e0b13e5f-b38d-4aba-92e9-ed40aca03436 | ITER: 16 START
2019-07-24 21:34:24.630 27346 INFO rally.task.runner [-] Task e0b13e5f-b38d-4aba-92e9-ed40aca03436 | ITER: 15 START
2019-07-24 21:34:24.632 27353 RALLYDEBUG rally.task.runner [-] Starting a worker. concurrency: 1 args: {"max_quota": 1024} times: 40 method_name: run timeout: 0 duration: None cls:
2019-07-24 21:34:24.633 27358 RALLYDEBUG rally.task.runner [-] Starting a worker. concurrency: 1 args: {"max_quota": 1024} times: 40 method_name: run timeout: 0 duration: None cls:
2019-07-24 21:34:24.635 27363 RALLYDEBUG rally.task.runner [-] Starting a worker. concurrency: 1 args: {"max_quota": 1024} times: 40 method_name: run timeout: 0 duration: None cls:
2019-07-24 21:34:24.640 27358 INFO rally.task.runner [-] Task e0b13e5f-b38d-4aba-92e9-ed40aca03436 | ITER: 18 START
2019-07-24 21:34:24.641 27353 INFO rally.task.runner [-] Task e0b13e5f-b38d-4aba-92e9-ed40aca03436 | ITER: 17 START
2019-07-24 21:34:24.642 27363 INFO rally.task.runner [-] Task e0b13e5f-b38d-4aba-92e9-ed40aca03436 | ITER: 19 START
2019-07-24 21:34:24.643 27364 RALLYDEBUG rally.task.runner [-] Starting a worker. concurrency: 1 args: {"max_quota": 1024} times: 40 method_name: run timeout: 0 duration: None cls:
2019-07-24 21:34:24.650 27364 INFO rally.task.runner [-] Task e0b13e5f-b38d-4aba-92e9-ed40aca03436 | ITER: 20 START
2019-07-24 21:34:26.445 27321 INFO rally.task.runner [-] Task e0b13e5f-b38d-4aba-92e9-ed40aca03436 | ITER: 1 END: OK
2019-07-24 21:34:26.450 27321 INFO rally.task.runner [-] Task e0b13e5f-b38d-4aba-92e9-ed40aca03436 | ITER: 21 START
2019-07-24 21:34:26.551 27324 INFO rally.task.runner [-] Task e0b13e5f-b38d-4aba-92e9-ed40aca03436 | ITER: 9 END: OK
2019-07-24 21:34:26.558 27324 INFO rally.task.runner [-] Task e0b13e5f-b38d-4aba-92e9-ed40aca03436 | ITER: 22 START
2019-07-24 21:34:26.969 27338 INFO rally.task.runner [-] Task e0b13e5f-b38d-4aba-92e9-ed40aca03436 | ITER: 12 END: OK
2019-07-24 21:34:26.979 27338 INFO rally.task.runner [-] Task e0b13e5f-b38d-4aba-92e9-ed40aca03436 | ITER: 23 START
2019-07-24 21:34:27.067 27348 INFO rally.task.runner [-] Task e0b13e5f-b38d-4aba-92e9-ed40aca03436 | ITER: 16 END: OK
2019-07-24 21:34:27.072 27348 INFO rally.task.runner [-] Task e0b13e5f-b38d-4aba-92e9-ed40aca03436 | ITER: 24 START
2019-07-24 21:34:27.182 27364 INFO rally.task.runner [-] Task e0b13e5f-b38d-4aba-92e9-ed40aca03436 | ITER: 20 END: OK
2019-07-24 21:34:27.188 27364 INFO rally.task.runner [-] Task e0b13e5f-b38d-4aba-92e9-ed40aca03436 | ITER: 25 START
2019-07-24 21:34:27.193 27321 INFO rally.task.runner [-] Task e0b13e5f-b38d-4aba-92e9-ed40aca03436 | ITER: 5 END: OK
2019-07-24 21:34:27.199 27321 INFO rally.task.runner [-] Task e0b13e5f-b38d-4aba-92e9-ed40aca03436 | ITER: 26 START
2019-07-24 21:34:27.209 27329 INFO rally.task.runner [-] Task e0b13e5f-b38d-4aba-92e9-ed40aca03436 | ITER: 10 END: OK
2019-07-24 21:34:27.214 27329 INFO rally.task.runner [-] Task e0b13e5f-b38d-4aba-92e9-ed40aca03436 | ITER: 27 START
2019-07-24 21:34:27.264 27323 INFO rally.task.runner [-] Task e0b13e5f-b38d-4aba-92e9-ed40aca03436 | ITER: 7 END: OK
2019-07-24 21:34:27.270 27323 INFO rally.task.runner [-] Task e0b13e5f-b38d-4aba-92e9-ed40aca03436 | ITER: 28 START
2019-07-24 21:34:27.325 27353 INFO rally.task.runner [-] Task e0b13e5f-b38d-4aba-92e9-ed40aca03436 | ITER: 17 END: OK
2019-07-24 21:34:27.332 27353 INFO rally.task.runner [-] Task e0b13e5f-b38d-4aba-92e9-ed40aca03436 | ITER: 29 START
2019-07-24 21:34:27.352 27341 INFO rally.task.runner [-] Task e0b13e5f-b38d-4aba-92e9-ed40aca03436 | ITER: 13 END: OK
2019-07-24 21:34:27.357 27341 INFO rally.task.runner [-] Task e0b13e5f-b38d-4aba-92e9-ed40aca03436 | ITER: 30 START
2019-07-24 21:34:27.360 27363 INFO rally.task.runner [-] Task e0b13e5f-b38d-4aba-92e9-ed40aca03436 | ITER: 19 END: OK
2019-07-24 21:34:27.366 27363 INFO rally.task.runner [-] Task e0b13e5f-b38d-4aba-92e9-ed40aca03436 | ITER: 31 START
2019-07-24 21:34:27.376 27342 INFO rally.task.runner [-] Task e0b13e5f-b38d-4aba-92e9-ed40aca03436 | ITER: 14 END: OK
2019-07-24 21:34:27.382 27342 INFO rally.task.runner [-] Task e0b13e5f-b38d-4aba-92e9-ed40aca03436 | ITER: 32 START
2019-07-24 21:34:27.407 27358 INFO rally.task.runner [-] Task e0b13e5f-b38d-4aba-92e9-ed40aca03436 | ITER: 18 END: OK
2019-07-24 21:34:27.413 27358 INFO rally.task.runner [-] Task e0b13e5f-b38d-4aba-92e9-ed40aca03436 | ITER: 33 START
2019-07-24 21:34:27.444 27322 INFO rally.task.runner [-] Task e0b13e5f-b38d-4aba-92e9-ed40aca03436 | ITER: 4 END: OK
2019-07-24 21:34:27.449 27322 INFO rally.task.runner [-] Task e0b13e5f-b38d-4aba-92e9-ed40aca03436 | ITER: 34 START
2019-07-24 21:34:27.468 27322 INFO rally.task.runner [-] Task e0b13e5f-b38d-4aba-92e9-ed40aca03436 | ITER: 2 END: OK
2019-07-24 21:34:27.473 27322 INFO rally.task.runner [-] Task e0b13e5f-b38d-4aba-92e9-ed40aca03436 | ITER: 35 START
2019-07-24 21:34:27.492 27324 INFO rally.task.runner [-] Task e0b13e5f-b38d-4aba-92e9-ed40aca03436 | ITER: 6 END: OK
2019-07-24 21:34:27.498 27324 INFO rally.task.runner [-] Task e0b13e5f-b38d-4aba-92e9-ed40aca03436 | ITER: 36 START
2019-07-24 21:34:27.519 27325 INFO rally.task.runner [-] Task e0b13e5f-b38d-4aba-92e9-ed40aca03436 | ITER: 8 END: OK
2019-07-24 21:34:27.525 27325 INFO rally.task.runner [-] Task e0b13e5f-b38d-4aba-92e9-ed40aca03436 | ITER: 37 START
2019-07-24 21:34:27.540 27323 INFO rally.task.runner [-] Task e0b13e5f-b38d-4aba-92e9-ed40aca03436 | ITER: 3 END: OK
2019-07-24 21:34:27.544 27323 INFO rally.task.runner [-] Task e0b13e5f-b38d-4aba-92e9-ed40aca03436 | ITER: 38 START
2019-07-24 21:34:27.558 27346 INFO rally.task.runner [-] Task e0b13e5f-b38d-4aba-92e9-ed40aca03436 | ITER: 15 END: OK
2019-07-24 21:34:27.562 27346 INFO rally.task.runner [-] Task e0b13e5f-b38d-4aba-92e9-ed40aca03436 | ITER: 39 START
2019-07-24 21:34:27.568 27334 INFO rally.task.runner [-] Task e0b13e5f-b38d-4aba-92e9-ed40aca03436 | ITER: 11 END: OK
2019-07-24 21:34:27.573 27334 INFO rally.task.runner [-] Task e0b13e5f-b38d-4aba-92e9-ed40aca03436 | ITER: 40 START
2019-07-24 21:34:27.701 27321 INFO rally.task.runner [-] Task e0b13e5f-b38d-4aba-92e9-ed40aca03436 | ITER: 21 END: OK
2019-07-24 21:34:27.759 27324 INFO rally.task.runner [-] Task e0b13e5f-b38d-4aba-92e9-ed40aca03436 | ITER: 22 END: OK
2019-07-24 21:34:27.987 27338 INFO rally.task.runner [-] Task e0b13e5f-b38d-4aba-92e9-ed40aca03436 | ITER: 23 END: OK
2019-07-24 21:34:28.030 27364 INFO rally.task.runner [-] Task e0b13e5f-b38d-4aba-92e9-ed40aca03436 | ITER: 25 END: OK
2019-07-24 21:34:28.251 27321 INFO rally.task.runner [-] Task e0b13e5f-b38d-4aba-92e9-ed40aca03436 | ITER: 26 END: OK
2019-07-24 21:34:28.288 27348 INFO rally.task.runner [-] Task e0b13e5f-b38d-4aba-92e9-ed40aca03436 | ITER: 24 END: OK
2019-07-24 21:34:28.652 27329 INFO rally.task.runner [-] Task e0b13e5f-b38d-4aba-92e9-ed40aca03436 | ITER: 27 END: OK
2019-07-24 21:34:28.845 27323 INFO rally.task.runner [-] Task e0b13e5f-b38d-4aba-92e9-ed40aca03436 | ITER: 28 END: OK
2019-07-24 21:34:29.102 27358 INFO rally.task.runner [-] Task e0b13e5f-b38d-4aba-92e9-ed40aca03436 | ITER: 33 END: OK
2019-07-24 21:34:29.158 27342 INFO rally.task.runner [-] Task e0b13e5f-b38d-4aba-92e9-ed40aca03436 | ITER: 32 END: OK
2019-07-24 21:34:29.230 27353 INFO rally.task.runner [-] Task e0b13e5f-b38d-4aba-92e9-ed40aca03436 | ITER: 29 END: OK
2019-07-24 21:34:29.276 27363 INFO rally.task.runner [-] Task e0b13e5f-b38d-4aba-92e9-ed40aca03436 | ITER: 31 END: OK
2019-07-24 21:34:29.300 27324 INFO rally.task.runner [-] Task e0b13e5f-b38d-4aba-92e9-ed40aca03436 | ITER: 36 END: OK
2019-07-24 21:34:29.337 27325 INFO rally.task.runner [-] Task e0b13e5f-b38d-4aba-92e9-ed40aca03436 | ITER: 37 END: OK
2019-07-24 21:34:29.346 27322 INFO rally.task.runner [-] Task e0b13e5f-b38d-4aba-92e9-ed40aca03436 | ITER: 35 END: OK
2019-07-24 21:34:29.402 27346 INFO rally.task.runner [-] Task e0b13e5f-b38d-4aba-92e9-ed40aca03436 | ITER: 39 END: OK
2019-07-24 21:34:29.412 27323 INFO rally.task.runner [-] Task e0b13e5f-b38d-4aba-92e9-ed40aca03436 | ITER: 38 END: OK
2019-07-24 21:34:29.461 27334 INFO rally.task.runner [-] Task e0b13e5f-b38d-4aba-92e9-ed40aca03436 | ITER: 40 END: OK
2019-07-24 21:34:29.472 27341 INFO rally.task.runner [-] Task e0b13e5f-b38d-4aba-92e9-ed40aca03436 | ITER: 30 END: OK
2019-07-24 21:34:29.484 27322 INFO rally.task.runner [-] Task e0b13e5f-b38d-4aba-92e9-ed40aca03436 | ITER: 34 END: OK
2019-07-24 21:34:29.504 22705 INFO rally.task.context [-] Task e0b13e5f-b38d-4aba-92e9-ed40aca03436 | Context admin_cleanup@openstack cleanup() started
2019-07-24 21:34:29.507 22705 RALLYDEBUG rally_openstack.cleanup.manager [-] Cleaning up neutron quota objects
2019-07-24 21:34:34.532 22705 INFO rally.task.context [-] Task e0b13e5f-b38d-4aba-92e9-ed40aca03436 | Context admin_cleanup@openstack cleanup() finished in 5.03 sec
2019-07-24 21:34:34.532 22705 INFO rally.task.context [-] Task e0b13e5f-b38d-4aba-92e9-ed40aca03436 | Context users@openstack cleanup() started
2019-07-24 21:35:05.445 22705 INFO rally.task.context [-] Task e0b13e5f-b38d-4aba-92e9-ed40aca03436 | Context users@openstack cleanup() finished in 30.91 sec
2019-07-24 21:35:06.587 22705 INFO rally.task.engine [-] Load duration is: 4.902563
2019-07-24 21:35:06.587 22705 INFO rally.task.engine [-] Full runner duration is: 4.948889
2019-07-24 21:35:06.587 22705 INFO rally.task.engine [-] Full duration is: 47.083393
2019-07-24 21:35:06.850 22705 INFO rally.task.engine [-] Running workload: position = 0 config = { "version": 2, "title": "A cropped version of a bigger task.", "description": "Auto-generated task from a single workload (uuid=14d02edc-41d6-4abb-901d-ac79e0fbb744)", "subtasks": [ { "title": "NeutronTrunks.create_and_list_trunk_subports", "description": "", "scenario": { "NeutronTrunks.create_and_list_trunk_subports": { "subport_count": 125 } }, "contexts": { "users": { "tenants": 1, "users_per_tenant": 1 }, "quotas": { "neutron": { "network": -1, "port": 1000 } } }, "runner": { "constant": { "times": 4, "concurrency": 4 } }, "hooks": [], "sla": { "failure_rate": { "max": 0 } } } ] }
2019-07-24 21:35:06.872 22705 RALLYDEBUG rally_openstack.contexts.keystone.users [-] Creating 1 tenants using 20 threads
2019-07-24 21:35:08.596 22705 RALLYDEBUG rally_openstack.contexts.keystone.users [-] Creating 1 users using 20 threads
2019-07-24 21:35:11.343 22705 INFO rally.task.context [-] Task e0b13e5f-b38d-4aba-92e9-ed40aca03436 | Context users@openstack setup() finished in 4.47 sec
2019-07-24 21:35:12.119 22705 INFO rally.task.context [-] Task e0b13e5f-b38d-4aba-92e9-ed40aca03436 | Context quotas@openstack setup() finished in 0.78 sec
2019-07-24 21:35:12.120 22705 INFO rally.task.context [-] Task e0b13e5f-b38d-4aba-92e9-ed40aca03436 | Context cleanup@openstack setup() finished in 0.00 msec
2019-07-24 21:35:12.127 22705 RALLYDEBUG rally.task.runner [-] Starting the constant runner (task UUID: e0b13e5f-b38d-4aba-92e9-ed40aca03436). timeout: 0 concurrency: 4 concurrency_per_worker: 1 times: 4 concurrency_overhead: 0 processes_to_start: 4 max_cpu_used: 16
2019-07-24 21:35:12.137 27511 RALLYDEBUG rally.task.runner [-] Starting a worker. concurrency: 1 args: {"subport_count": 125} times: 4 method_name: run timeout: 0 duration: None cls:
2019-07-24 21:35:12.141 27511 INFO rally.task.runner [-] Task e0b13e5f-b38d-4aba-92e9-ed40aca03436 | ITER: 1 START
2019-07-24 21:35:12.143 27512 RALLYDEBUG rally.task.runner [-] Starting a worker. concurrency: 1 args: {"subport_count": 125} times: 4 method_name: run timeout: 0 duration: None cls:
2019-07-24 21:35:12.146 27513 RALLYDEBUG rally.task.runner [-] Starting a worker. concurrency: 1 args: {"subport_count": 125} times: 4 method_name: run timeout: 0 duration: None cls:
2019-07-24 21:35:12.149 27512 INFO rally.task.runner [-] Task e0b13e5f-b38d-4aba-92e9-ed40aca03436 | ITER: 2 START
2019-07-24 21:35:12.149 27516 RALLYDEBUG rally.task.runner [-] Starting a worker. concurrency: 1 args: {"subport_count": 125} times: 4 method_name: run timeout: 0 duration: None cls:
2019-07-24 21:35:12.150 27513 INFO rally.task.runner [-] Task e0b13e5f-b38d-4aba-92e9-ed40aca03436 | ITER: 3 START
2019-07-24 21:35:12.154 27516 INFO rally.task.runner [-] Task e0b13e5f-b38d-4aba-92e9-ed40aca03436 | ITER: 4 START
2019-07-24 21:37:59.976 27516 WARNING rally.task.atomic [-] 'optional_action_timer' is deprecated since rally v0.10.0.Please use action_timer instead, we have improved atomic actions, now do not need to explicitly close original action.
2019-07-24 21:38:00.022 27516 WARNING rally.task.atomic [-] 'optional_action_timer' is deprecated since rally v0.10.0.Please use action_timer instead, we have improved atomic actions, now do not need to explicitly close original action.
2019-07-24 21:38:01.145 27516 INFO rally.task.runner [-] Task e0b13e5f-b38d-4aba-92e9-ed40aca03436 | ITER: 4 END: OK
2019-07-24 21:38:02.128 27511 WARNING rally.task.atomic [-] 'optional_action_timer' is deprecated since rally v0.10.0.Please use action_timer instead, we have improved atomic actions, now do not need to explicitly close original action.
2019-07-24 21:38:02.163 27511 WARNING rally.task.atomic [-] 'optional_action_timer' is deprecated since rally v0.10.0.Please use action_timer instead, we have improved atomic actions, now do not need to explicitly close original action.
2019-07-24 21:38:02.410 27512 WARNING rally.task.atomic [-] 'optional_action_timer' is deprecated since rally v0.10.0.Please use action_timer instead, we have improved atomic actions, now do not need to explicitly close original action.
2019-07-24 21:38:02.453 27512 WARNING rally.task.atomic [-] 'optional_action_timer' is deprecated since rally v0.10.0.Please use action_timer instead, we have improved atomic actions, now do not need to explicitly close original action.
2019-07-24 21:38:03.048 27511 INFO rally.task.runner [-] Task e0b13e5f-b38d-4aba-92e9-ed40aca03436 | ITER: 1 END: OK
2019-07-24 21:38:03.582 27512 INFO rally.task.runner [-] Task e0b13e5f-b38d-4aba-92e9-ed40aca03436 | ITER: 2 END: OK
2019-07-24 21:38:05.707 27513 WARNING rally.task.atomic [-] 'optional_action_timer' is deprecated since rally v0.10.0.Please use action_timer instead, we have improved atomic actions, now do not need to explicitly close original action.
2019-07-24 21:38:05.750 27513 WARNING rally.task.atomic [-] 'optional_action_timer' is deprecated since rally v0.10.0.Please use action_timer instead, we have improved atomic actions, now do not need to explicitly close original action.
2019-07-24 21:38:06.689 27513 INFO rally.task.runner [-] Task e0b13e5f-b38d-4aba-92e9-ed40aca03436 | ITER: 3 END: OK
2019-07-24 21:38:06.713 22705 INFO rally.task.context [-] Task e0b13e5f-b38d-4aba-92e9-ed40aca03436 | Context cleanup@openstack cleanup() started
2019-07-24 21:38:06.715 22705 RALLYDEBUG rally_openstack.cleanup.manager [-] Cleaning up neutron vip objects
2019-07-24 21:38:07.886 22705 RALLYDEBUG rally_openstack.cleanup.manager [-] Cleaning up neutron health_monitor objects
2019-07-24 21:38:08.602 22705 RALLYDEBUG rally_openstack.cleanup.manager [-] Cleaning up neutron pool objects
2019-07-24 21:38:09.748 22705 RALLYDEBUG rally_openstack.cleanup.manager [-] Cleaning up neutron loadbalancer objects
2019-07-24 21:38:10.489 22705 RALLYDEBUG rally_openstack.cleanup.manager [-] Cleaning up neutron floatingip objects
2019-07-24 21:38:11.262 22705 RALLYDEBUG rally_openstack.cleanup.manager [-] Cleaning up neutron port objects
2019-07-24 21:38:13.638 22705 RALLYDEBUG rally_openstack.cleanup.manager [-] Deleting neutron.port object s_rally_14d02edc_fBU51Gsf (00c4ff1d-76cb-48fa-bfc7-bd47f977ce17)
2019-07-24 21:38:13.639 22705 RALLYDEBUG rally_openstack.cleanup.manager [-] Deleting neutron.port object s_rally_14d02edc_cYLjVYsb (03cba5bc-f6c7-4985-8517-5d617f242159)
2019-07-24 21:38:13.640 22705 RALLYDEBUG rally_openstack.cleanup.manager [-] Deleting neutron.port object s_rally_14d02edc_R5zujfRS (025572c2-a955-451e-89de-9c2459ee95a7)
2019-07-24 21:38:13.647 22705 RALLYDEBUG rally_openstack.cleanup.manager [-] Deleting neutron.port object s_rally_14d02edc_QooKoaTA (08687292-6849-4fea-b7f9-5b0cc24c2e34)
2019-07-24 21:38:13.647 22705 RALLYDEBUG rally_openstack.cleanup.manager [-] Deleting neutron.port object s_rally_14d02edc_cUNKRO9h (081db33c-eb01-4093-8284-da8a9135b262)
2019-07-24 21:38:13.648 22705 RALLYDEBUG rally_openstack.cleanup.manager [-] Deleting neutron.port object s_rally_14d02edc_N4mupOp0 (06c7ae6d-120c-4f1e-ab04-1275d2416d06)
2019-07-24 21:38:13.648 22705 RALLYDEBUG rally_openstack.cleanup.manager [-] Deleting neutron.port object s_rally_14d02edc_lqteNjft (04f155fa-58b4-482b-8690-4a110a3f7fe4)
2019-07-24 21:38:13.649 22705 RALLYDEBUG rally_openstack.cleanup.manager [-] Deleting neutron.port object s_rally_14d02edc_l1s4L7Fv (02d686f4-dafb-473b-9679-e5c13ad0c3d2)
2019-07-24 21:38:13.649 22705 RALLYDEBUG rally_openstack.cleanup.manager [-] Deleting neutron.port object s_rally_14d02edc_vggycNPP (054e82fd-8efb-49da-a6b4-e3990806f007)
2019-07-24 21:38:13.654 22705 RALLYDEBUG rally_openstack.cleanup.manager [-] Deleting neutron.port object s_rally_14d02edc_3jTbdNqQ (088965ad-2ced-49f4-991c-f8453da50ecd)
2019-07-24 21:38:13.658 22705 RALLYDEBUG rally_openstack.cleanup.manager [-] Deleting neutron.port object s_rally_14d02edc_t3Z5dtyH (08ea95c3-c4e6-4f27-8157-40f17509380d)
2019-07-24 21:38:13.662 22705 RALLYDEBUG rally_openstack.cleanup.manager [-] Deleting neutron.port object s_rally_14d02edc_0c7uL8fx (02a336e1-7f59-4e71-9d65-067831485c05)
2019-07-24 21:38:13.663 22705 RALLYDEBUG rally_openstack.cleanup.manager [-] Deleting neutron.port object s_rally_14d02edc_Ry4IrYUw (07f2e715-95cf-47e5-b95b-b6f619e6209d)
2019-07-24 21:38:13.666 22705 RALLYDEBUG rally_openstack.cleanup.manager [-] Deleting neutron.port object s_rally_14d02edc_g1XizYYH (05c2622d-8e96-4105-836f-2afa305a81eb)
2019-07-24 21:38:13.674 22705 RALLYDEBUG rally_openstack.cleanup.manager [-] Deleting neutron.port object s_rally_14d02edc_YRNXh9ug (06cd44aa-6a02-4b39-afdd-0691cf65d89b)
2019-07-24 21:38:13.674 22705 RALLYDEBUG rally_openstack.cleanup.manager [-] Deleting neutron.port object s_rally_14d02edc_mueRFnZl (092884b4-4bdf-4272-a398-e522027df4b7)
2019-07-24 21:38:13.675 22705 RALLYDEBUG rally_openstack.cleanup.manager [-] Deleting neutron.port object s_rally_14d02edc_Pb1NaCTz (09620cd7-5f03-457b-be2b-7f859aa8a4db)
2019-07-24 21:38:13.681 22705 RALLYDEBUG rally_openstack.cleanup.manager [-] Deleting neutron.port object s_rally_14d02edc_GgoYDFyq (099118e0-1f8d-41ea-bbb6-3d978d1ca8f5)
2019-07-24 21:38:13.682 22705 RALLYDEBUG rally_openstack.cleanup.manager [-] Deleting neutron.port object s_rally_14d02edc_O0QSslk4 (036162aa-cd10-455e-a33d-15cb0b740d99)
2019-07-24 21:38:13.696 22705 RALLYDEBUG rally_openstack.cleanup.manager [-] Deleting neutron.port object s_rally_14d02edc_ZjfYIjwA (099b89ae-a240-4773-ae1b-7cd7e2281f1d)
2019-07-24 21:38:16.497 22705 RALLYDEBUG rally_openstack.cleanup.manager [-] Deleting neutron.port object s_rally_14d02edc_w1iRHnBI (09b3fdb1-6758-4f5a-a196-eec15d0721bd)
2019-07-24 21:38:16.717 22705 RALLYDEBUG rally_openstack.cleanup.manager [-] Deleting neutron.port object s_rally_14d02edc_xdYYeop3 (0a5a9627-a7dc-4b68-a643-ac002767d204)
2019-07-24 21:38:16.796 22705 RALLYDEBUG rally_openstack.cleanup.manager [-] Deleting neutron.port object s_rally_14d02edc_tjbpxI6p (0a5ec41e-ee28-45ab-b456-5da294a505bc)
2019-07-24 21:38:16.894 22705 RALLYDEBUG rally_openstack.cleanup.manager [-] Deleting neutron.port object s_rally_14d02edc_YBnKlh0q (0a61aa3e-47e2-4358-b4a6-b2fd8728d361)
2019-07-24 21:38:16.931 22705 RALLYDEBUG rally_openstack.cleanup.manager [-] Deleting neutron.port object s_rally_14d02edc_NkpOjzN9 (0aeb7367-39e5-476a-98d4-acee0f9ad49f)
2019-07-24 21:38:16.955 22705 RALLYDEBUG rally_openstack.cleanup.manager [-] Deleting neutron.port object s_rally_14d02edc_61yq4eQe (0bd3c2d5-98b2-498d-8b6b-208b32b3548d)
2019-07-24 21:38:17.038 22705 RALLYDEBUG rally_openstack.cleanup.manager [-] Deleting neutron.port object s_rally_14d02edc_RsAiVPt6 (0c256236-033c-439d-9107-d3c015c5e4b6)
2019-07-24 21:38:17.187 22705 RALLYDEBUG rally_openstack.cleanup.manager [-] Deleting neutron.port object s_rally_14d02edc_AN8EafrP (0c5f7b67-3396-49a4-81a1-265fa47cb45a)
2019-07-24 21:38:17.194 22705 RALLYDEBUG rally_openstack.cleanup.manager [-] Deleting neutron.port object s_rally_14d02edc_LNVRpy8j (0c68fed3-a2d0-440f-9957-700952010a20)
2019-07-24 21:38:17.325 22705 RALLYDEBUG rally_openstack.cleanup.manager [-] Deleting neutron.port object s_rally_14d02edc_eiPMIa5E (0da50021-77af-4938-b8b2-8fc8aadfc001)
2019-07-24 21:38:17.329 22705 RALLYDEBUG rally_openstack.cleanup.manager [-] Deleting neutron.port object s_rally_14d02edc_lFWqytAn (0d22aad2-0d6c-450d-af4f-7e6eacad7ba2)
2019-07-24 21:38:17.450 22705 RALLYDEBUG rally_openstack.cleanup.manager [-] Deleting neutron.port object s_rally_14d02edc_zy8vlRhn (0dbe0245-21ee-4a13-930e-15324956509f)
2019-07-24 21:38:17.450 22705 RALLYDEBUG rally_openstack.cleanup.manager [-] Deleting neutron.port object s_rally_14d02edc_prBbBiIm (0daf2c60-8a9b-4540-a561-807588a1970e)
2019-07-24 21:38:17.715 22705 RALLYDEBUG rally_openstack.cleanup.manager [-] Deleting neutron.port object s_rally_14d02edc_oQM1f3y5 (0e37b0e1-c689-47c1-bd5c-d0c158d4158f)
2019-07-24 21:38:17.723 22705 RALLYDEBUG rally_openstack.cleanup.manager [-] Deleting neutron.port object s_rally_14d02edc_yEphplnx (0e5dd920-849e-4b72-a472-04fd09b95c99)
2019-07-24 21:38:17.730 22705 RALLYDEBUG rally_openstack.cleanup.manager [-] Deleting neutron.port object s_rally_14d02edc_YJi9tFIA (0e67ff45-da75-4228-9d7b-e4b1f9fca959)
2019-07-24 21:38:18.728 22705 RALLYDEBUG rally_openstack.cleanup.manager [-] Deleting neutron.port object s_rally_14d02edc_FR8drI60 (0e717fce-e4b8-4f9a-9501-79100fee339b)
2019-07-24 21:38:18.775 22705 RALLYDEBUG rally_openstack.cleanup.manager [-] Deleting neutron.port object s_rally_14d02edc_4HBeHfEU (0fcb048d-895b-4526-88be-12b8e7a99400)
2019-07-24 21:38:18.782 22705 RALLYDEBUG rally_openstack.cleanup.manager [-] Deleting neutron.port object s_rally_14d02edc_XYkwelm0 (10677801-ff10-44b3-9765-e7a39f972a64)
2019-07-24 21:38:18.807 22705 RALLYDEBUG rally_openstack.cleanup.manager [-] Deleting neutron.port object s_rally_14d02edc_hLaNEKH5 (10c9cb10-3c88-42b6-97a6-0e60cb40bf29)
2019-07-24 21:38:19.029 22705 RALLYDEBUG rally_openstack.cleanup.manager [-] Deleting neutron.port object s_rally_14d02edc_9gbDl1uc (12797c8f-834d-491a-88f8-737b1027b340)
2019-07-24 21:38:19.042 22705 RALLYDEBUG rally_openstack.cleanup.manager [-] Deleting neutron.port object s_rally_14d02edc_nKtEWj0a (13187f66-a162-4c44-84bd-5749c781c4e1)
2019-07-24 21:38:19.290 22705 RALLYDEBUG rally_openstack.cleanup.manager [-] Deleting neutron.port object s_rally_14d02edc_CJAgWGQF (1401d148-ee82-43b6-85f1-e8ee58394a8e)
2019-07-24 21:38:19.312 22705 RALLYDEBUG rally_openstack.cleanup.manager [-] Deleting neutron.port object s_rally_14d02edc_EJdGXrRR (14542229-5243-4533-8ed4-0c7403f2b375)
2019-07-24 21:38:19.447 22705 RALLYDEBUG rally_openstack.cleanup.manager [-] Deleting neutron.port object s_rally_14d02edc_uOwdkFXt (14bc6c1f-1fe0-45b8-a37f-2bc70aff85dd)
2019-07-24 21:38:19.920 22705 RALLYDEBUG rally_openstack.cleanup.manager [-] Deleting neutron.port object s_rally_14d02edc_z0ZDRIvE (150bce0d-439e-4c85-a399-adf53da18c65)
2019-07-24 21:38:20.093 22705 RALLYDEBUG rally_openstack.cleanup.manager [-] Deleting neutron.port object s_rally_14d02edc_1RcYrUhd (1548fcf0-6adf-4669-ad4b-679500c278dd)
2019-07-24 21:38:20.119 22705 RALLYDEBUG rally_openstack.cleanup.manager [-] Deleting neutron.port object s_rally_14d02edc_CH40tu4m (1635ccbd-5c68-409c-b199-b392954892f2)
2019-07-24 21:38:20.247 22705 RALLYDEBUG rally_openstack.cleanup.manager [-] Deleting neutron.port object s_rally_14d02edc_P5SYTcN7 (16d6b5f0-f713-4c70-ac52-433aa18afa62)
2019-07-24 21:38:20.270 22705 RALLYDEBUG rally_openstack.cleanup.manager [-] Deleting neutron.port object s_rally_14d02edc_rmcZX3Vc (170cc02b-6193-414e-9a25-360c8e172a5a)
2019-07-24 21:38:20.298 22705 RALLYDEBUG rally_openstack.cleanup.manager [-] Deleting neutron.port object s_rally_14d02edc_Ru3xHrDb (17991184-b8b5-4d9a-8772-0a9145293ffd)
2019-07-24 21:38:20.411 22705 RALLYDEBUG rally_openstack.cleanup.manager [-] Deleting neutron.port object s_rally_14d02edc_futeiusV (17f55a69-9fe9-44f9-8d64-623811e89b0d)
2019-07-24 21:38:20.420 22705 RALLYDEBUG rally_openstack.cleanup.manager [-] Deleting neutron.port object s_rally_14d02edc_N4LJ5aFa (192c5a60-d285-4e6f-bf4b-79e963168111)
2019-07-24 21:38:20.738 22705 RALLYDEBUG rally_openstack.cleanup.manager [-] Deleting neutron.port object s_rally_14d02edc_p61Us7Te (196c697c-45da-4a01-9c90-f532f0366389)
2019-07-24 21:38:20.856 22705 RALLYDEBUG rally_openstack.cleanup.manager [-] Deleting neutron.port object s_rally_14d02edc_M2QDpsPp (1a4a9327-bfdc-4349-9a35-093a6c0ab70b)
2019-07-24 21:38:20.930 22705 RALLYDEBUG rally_openstack.cleanup.manager [-] Deleting neutron.port object s_rally_14d02edc_ns12e6nQ (1b8413f2-9cff-49f5-8860-038b543cfbcb)
2019-07-24 21:38:21.177 22705 RALLYDEBUG rally_openstack.cleanup.manager [-] Deleting neutron.port object s_rally_14d02edc_6qVEHgAu (1d0bd0ab-2c1f-43c6-bdfa-eb882c11eefa)
2019-07-24 21:38:21.529 22705 RALLYDEBUG rally_openstack.cleanup.manager [-] Deleting neutron.port object s_rally_14d02edc_jUpdJMh3 (1ddc62f1-fbb0-4150-91ee-89db1df9f479)
2019-07-24 21:38:21.619 22705 RALLYDEBUG rally_openstack.cleanup.manager [-] Deleting neutron.port object s_rally_14d02edc_jiqRJLHz (1f7b1368-cdd7-413b-b7f8-dc6cf5b705ab)
2019-07-24 21:38:21.721 22705 RALLYDEBUG rally_openstack.cleanup.manager [-] Deleting neutron.port object s_rally_14d02edc_oOnEb59g (1ff83fb7-5c2d-4e0b-823a-a08af885e296)
2019-07-24 21:38:21.828 22705 RALLYDEBUG rally_openstack.cleanup.manager [-] Deleting neutron.port object s_rally_14d02edc_INzN3kGN (2075b87f-a2e3-4f74-949f-2bd5d28090da)
2019-07-24 21:38:21.851 22705 RALLYDEBUG rally_openstack.cleanup.manager [-] Deleting neutron.port object s_rally_14d02edc_OPTy9dhI (207ca75b-2238-42e0-be28-f3d49f4829f0)
2019-07-24 21:38:21.892 22705 RALLYDEBUG rally_openstack.cleanup.manager [-] Deleting neutron.port object s_rally_14d02edc_wAECWbnx (215d35bc-68d7-4c88-b4de-b426e440196f)
2019-07-24 21:38:22.008 22705 RALLYDEBUG rally_openstack.cleanup.manager [-] Deleting neutron.port object s_rally_14d02edc_tkyHsMOt (21a1e2b1-d8a6-421c-9ff6-d18c7048dc18)
2019-07-24 21:38:22.390 22705 RALLYDEBUG rally_openstack.cleanup.manager [-] Deleting neutron.port object s_rally_14d02edc_IKCj0NJs (21d7cdc1-851a-4930-8601-2c08d4102b3b)
2019-07-24 21:38:22.399 22705 RALLYDEBUG rally_openstack.cleanup.manager [-] Deleting neutron.port object s_rally_14d02edc_VRQTSRN4 (22256d32-fe30-46bc-b9bb-3c9b2f7efea4)
2019-07-24 21:38:22.863 22705 RALLYDEBUG rally_openstack.cleanup.manager [-] Deleting neutron.port object s_rally_14d02edc_d2TMTuv2 (22327102-361e-4503-8bc4-ff07e2093559)
2019-07-24 21:38:22.886 22705 RALLYDEBUG rally_openstack.cleanup.manager [-] Deleting neutron.port object s_rally_14d02edc_yBb6h7gw (22c5eae7-2285-42b9-8d10-e66857f562aa)
2019-07-24 21:38:22.980 22705 RALLYDEBUG rally_openstack.cleanup.manager [-] Deleting neutron.port object s_rally_14d02edc_1DxuwFvI (22d01c21-5c75-4a7a-a8ed-584ace7e9fa8)
2019-07-24 21:38:22.999 22705 RALLYDEBUG rally_openstack.cleanup.manager [-] Deleting neutron.port object s_rally_14d02edc_4WWL3mYH (2557074b-4ad7-4fc6-8ac2-1a581c50469d)
2019-07-24 21:38:23.015 22705 RALLYDEBUG rally_openstack.cleanup.manager [-] Deleting neutron.port object s_rally_14d02edc_32FG9a0a (26cf8bc3-3112-45e0-a9ec-0d0858c7651d)
2019-07-24 21:38:23.107 22705 RALLYDEBUG rally_openstack.cleanup.manager [-] Deleting neutron.port object s_rally_14d02edc_L3adMwDs (26dbe718-2bdb-4167-a7f2-fabcd428fc99)
2019-07-24 21:38:23.249 22705 RALLYDEBUG rally_openstack.cleanup.manager [-] Deleting neutron.port object s_rally_14d02edc_4MW3LzD3 (2731b48c-21d8-4e7c-bde4-accafae7c56a)
2019-07-24 21:38:23.499 22705 RALLYDEBUG rally_openstack.cleanup.manager [-] Deleting neutron.port object s_rally_14d02edc_g7OFf322 (276ce13f-7f82-4600-9b05-f8c3805cf4d6)
2019-07-24 21:38:23.569 22705 RALLYDEBUG rally_openstack.cleanup.manager [-] Deleting neutron.port object s_rally_14d02edc_efXtpvN9 (2799ffc6-b0d9-46b1-956f-cdf943a35901)
2019-07-24 21:38:23.569 22705 RALLYDEBUG rally_openstack.cleanup.manager [-] Deleting neutron.port object s_rally_14d02edc_BKaMIn3U (2922ecd4-f8bf-4763-88b5-a32352b26b98)
2019-07-24 21:38:23.671 22705 RALLYDEBUG rally_openstack.cleanup.manager [-] Deleting neutron.port object s_rally_14d02edc_OmlHSkrT (29567e9a-adc7-4a81-bd4c-4ce805a4304e)
2019-07-24 21:38:24.341 22705 RALLYDEBUG rally_openstack.cleanup.manager [-] Deleting neutron.port object s_rally_14d02edc_fJuRT9sq (2a70b40c-628e-4ae8-8773-453f9eccd677)
2019-07-24 21:38:24.343 22705 RALLYDEBUG rally_openstack.cleanup.manager [-] Deleting neutron.port object s_rally_14d02edc_wjsBcFPZ (2afb3df7-514b-4dea-830b-24dea7e220cb)
2019-07-24 21:38:24.411 22705 RALLYDEBUG rally_openstack.cleanup.manager [-] Deleting neutron.port object s_rally_14d02edc_KwD6CJUo (2b2acf7a-3461-415c-a043-c52695937a46)
2019-07-24 21:38:24.448 22705 RALLYDEBUG rally_openstack.cleanup.manager [-] Deleting neutron.port object s_rally_14d02edc_3T6u85Zv (2b320eec-9cfa-477d-998e-7cf50486ea5b)
2019-07-24 21:38:24.454 22705 RALLYDEBUG rally_openstack.cleanup.manager [-] Deleting neutron.port object s_rally_14d02edc_cUiXyjjv (2b9c1f47-6adf-44fd-a52a-0661491cc41b)
2019-07-24 21:38:24.785 22705 RALLYDEBUG rally_openstack.cleanup.manager [-] Deleting neutron.port object s_rally_14d02edc_dML6uaoh (2c7d6dcc-36fc-410b-b0ba-9d3917398ef6)
2019-07-24 21:38:24.885 22705 RALLYDEBUG rally_openstack.cleanup.manager [-] Deleting neutron.port object s_rally_14d02edc_KprrNf5s (2cb5f6f1-91e0-40b9-85e3-9869ccd249da)
2019-07-24 21:38:24.989 22705 RALLYDEBUG rally_openstack.cleanup.manager [-] Deleting neutron.port object s_rally_14d02edc_oyMvb9zC (2d86f023-705d-4087-86c5-ed509ef44328)
2019-07-24 21:38:25.240 22705 RALLYDEBUG rally_openstack.cleanup.manager [-] Deleting neutron.port object s_rally_14d02edc_PWeE577a (2dbd2d1c-1906-4a4b-95c8-da0081c78c20)
2019-07-24 21:38:25.413 22705 RALLYDEBUG rally_openstack.cleanup.manager [-] Deleting neutron.port object s_rally_14d02edc_bz5NBuKe (2def3e11-430e-47f3-9502-d1ac54967252)
2019-07-24 21:38:25.491 22705 RALLYDEBUG rally_openstack.cleanup.manager [-] Deleting neutron.port object s_rally_14d02edc_OLoOTdjy (2e19b428-4ed2-4006-967e-e40a62be0e94)
2019-07-24 21:38:25.605 22705 RALLYDEBUG rally_openstack.cleanup.manager [-] Deleting neutron.port object s_rally_14d02edc_7jGHDyjk (2e3db18e-c6ac-4816-90e9-e2ed47950ec8)
2019-07-24 21:38:25.727 22705 RALLYDEBUG rally_openstack.cleanup.manager [-] Deleting neutron.port object s_rally_14d02edc_HJArQxt0 (2e45fe77-4e38-43d4-b3d6-f770a0caa19b)
2019-07-24 21:38:25.873 22705 RALLYDEBUG rally_openstack.cleanup.manager [-] Deleting neutron.port object s_rally_14d02edc_M6gAfea2 (2fb7ce0c-0066-4ab0-9f4a-26562012c8fa)
2019-07-24 21:38:25.902 22705 RALLYDEBUG rally_openstack.cleanup.manager [-] Deleting neutron.port object s_rally_14d02edc_bGFaFh3O (30d68a47-f150-45aa-823b-ebe1850ab3b1)
2019-07-24 21:38:25.929 22705 RALLYDEBUG rally_openstack.cleanup.manager [-] Deleting neutron.port object s_rally_14d02edc_i1sx36Tn (31850dbf-f114-4e9e-b86d-8ae61af48cdb)
2019-07-24 21:38:26.095 22705 RALLYDEBUG rally_openstack.cleanup.manager [-] Deleting neutron.port object s_rally_14d02edc_omjjo4fb (31992923-b108-4f81-8b92-7551c78cd7f4)
2019-07-24 21:38:26.300 22705 RALLYDEBUG rally_openstack.cleanup.manager [-] Deleting neutron.port object s_rally_14d02edc_uE0I4kSx (32a7600f-2a7e-4e65-84c0-7fcb219dcd5e)
2019-07-24 21:38:26.406 22705 RALLYDEBUG rally_openstack.cleanup.manager [-] Deleting neutron.port object s_rally_14d02edc_ugt4oQAz (32c8e90d-42b2-4c19-9fb0-609816f3e48a)
2019-07-24 21:38:26.532 22705 RALLYDEBUG rally_openstack.cleanup.manager [-] Deleting neutron.port object s_rally_14d02edc_377p9SC3 (32e7b2e3-b09f-4194-b9eb-52b955ec2ab2)
2019-07-24 21:38:26.673 22705 RALLYDEBUG rally_openstack.cleanup.manager [-] Deleting neutron.port object s_rally_14d02edc_02ml17Hu (33f52839-f345-4e78-ba01-70cc1d6c6fe3)
