2019-07-24 21:32:38.481 22705 RALLYDEBUG rally_openstack.cleanup.manager [-] Deleting neutron.port object s_rally_87880319_SjdRsAAY (57755cc6-b7be-4155-bc7f-aff1e1898fe9)
2019-07-24 21:32:38.528 22705 RALLYDEBUG rally_openstack.cleanup.manager [-] Deleting neutron.port object s_rally_87880319_mJMQOPST (5784d9ae-49e6-49d0-b23b-0d5106b24c6b)
2019-07-24 21:32:38.567 22705 RALLYDEBUG rally_openstack.cleanup.manager [-] Deleting neutron.port object s_rally_87880319_HZ12fAUm (5877677c-1058-407b-9615-3407ea9a7d66)
2019-07-24 21:32:38.621 22705 RALLYDEBUG rally_openstack.cleanup.manager [-] Deleting neutron.port object s_rally_87880319_pJSZHGLq (58ad53d3-9079-4f51-abcd-1b483fd8f4fa)
2019-07-24 21:32:38.801 22705 RALLYDEBUG rally_openstack.cleanup.manager [-] Deleting neutron.port object s_rally_87880319_iNGd1QdB (597b5363-8025-484b-87f7-49e8c9009329)
2019-07-24 21:32:38.878 22705 RALLYDEBUG rally_openstack.cleanup.manager [-] Deleting neutron.port object s_rally_87880319_DRVfHr8p (5aa66aef-f379-41b2-9c65-43051ef8ff42)
2019-07-24 21:32:38.879 22705 RALLYDEBUG rally_openstack.cleanup.manager [-] Deleting neutron.port object s_rally_87880319_ORQgG5Ru (5a67a259-4bd7-4c52-a925-162747bd271f)
2019-07-24 21:32:38.902 22705 RALLYDEBUG rally_openstack.cleanup.manager [-] Deleting neutron.port object s_rally_87880319_oFEtf6l9 (5b2e6c4d-61ce-42b3-9dbc-71b4fbb3cbaf)
2019-07-24 21:32:38.976 22705 RALLYDEBUG rally_openstack.cleanup.manager [-] Deleting neutron.port object s_rally_87880319_9tksQsZa (5b987da7-979c-4f0a-b26f-47c8a453fe89)
2019-07-24 21:32:39.033 22705 RALLYDEBUG rally_openstack.cleanup.manager [-] Deleting neutron.port object s_rally_87880319_OD9esYLX (5d70e237-8b9e-4227-83bd-080e17c129e4)
2019-07-24 21:32:39.105 22705 RALLYDEBUG rally_openstack.cleanup.manager [-] Deleting neutron.port object s_rally_87880319_j4cOUK2p (5f9716b5-1585-4059-a4b9-89070e09ced9)
2019-07-24 21:32:39.141 22705 RALLYDEBUG rally_openstack.cleanup.manager [-] Deleting neutron.port object s_rally_87880319_RvvlAKuB (5fed3f90-029d-45d0-a8b0-10d199eb7b34)
2019-07-24 21:32:39.443 22705 RALLYDEBUG rally_openstack.cleanup.manager [-] Deleting neutron.port object s_rally_87880319_5i6vPmv3 (60fec9e4-9d66-48c8-93d2-07b1421668c1)
2019-07-24 21:32:39.486 22705 RALLYDEBUG rally_openstack.cleanup.manager [-] Deleting neutron.port object s_rally_87880319_YywFGq9Z (6101e95b-5000-4104-928c-1d9f0e8c1dc7)
2019-07-24 21:32:39.734 22705 RALLYDEBUG rally_openstack.cleanup.manager [-] Deleting neutron.port object s_rally_87880319_T9mZO4zr (62cf27a5-dd46-4259-b4b4-413b96ce4d7c)
2019-07-24 21:32:39.986 22705 RALLYDEBUG rally_openstack.cleanup.manager [-] Deleting neutron.port object s_rally_87880319_Qt64Gh0q (634e0ded-2157-498b-a146-49c4f4f67a89)
2019-07-24 21:32:39.991 22705 RALLYDEBUG rally_openstack.cleanup.manager [-] Deleting neutron.port object s_rally_87880319_fFZgnjgN (67250979-3d2b-4547-a457-d675e987e583)
2019-07-24 21:32:40.567 22705 RALLYDEBUG rally_openstack.cleanup.manager [-] Deleting neutron.port object s_rally_87880319_a1ytG7aY (69813899-5b81-4bbf-9609-a0031e23c5bb)
2019-07-24 21:32:40.722 22705 RALLYDEBUG rally_openstack.cleanup.manager [-] Deleting neutron.port object s_rally_87880319_4mkic6eG (69bd8ab0-1a9d-4de0-91fc-e17840105281)
2019-07-24 21:32:40.743 22705 RALLYDEBUG rally_openstack.cleanup.manager [-] Deleting neutron.port object s_rally_87880319_Gnd8hC64 (6a746904-7b2f-4886-b112-f980aff01cee)
2019-07-24 21:32:40.796 22705 RALLYDEBUG rally_openstack.cleanup.manager [-] Deleting neutron.port object s_rally_87880319_31DRk0cR (6b6e6140-d590-44fe-86f2-ceff498328e3)
2019-07-24 21:32:40.828 22705 RALLYDEBUG rally_openstack.cleanup.manager [-] Deleting neutron.port object s_rally_87880319_Z344H4QQ (6ddcc5dc-ebfd-418c-8b99-f93c3930eba2)
2019-07-24 21:32:40.932 22705 RALLYDEBUG rally_openstack.cleanup.manager [-] Deleting neutron.port object s_rally_87880319_PvXq663l (6ecb9295-d65a-4dcf-ad3e-8d52473c51fd)
2019-07-24 21:32:41.214 22705 RALLYDEBUG rally_openstack.cleanup.manager [-] Deleting neutron.port object s_rally_87880319_lbNGNRq4 (6f37fde9-d799-4d15-ad7b-5d2ea96c0f62)
2019-07-24 21:32:41.276 22705 RALLYDEBUG rally_openstack.cleanup.manager [-] Deleting neutron.port object s_rally_87880319_ZQsLPow5 (72249785-ba60-479e-b80b-e3f5cc1b746b)
2019-07-24 21:32:41.366 22705 RALLYDEBUG rally_openstack.cleanup.manager [-] Deleting neutron.port object s_rally_87880319_LQGfRpiT (7227d6ed-d5e1-4dbd-a8ac-8f8c3431af9f)
2019-07-24 21:32:41.479 22705 RALLYDEBUG rally_openstack.cleanup.manager [-] Deleting neutron.port object s_rally_87880319_r57dlzek (72299950-e9c7-470f-959b-4ff3984c6586)
2019-07-24 21:32:41.538 22705 RALLYDEBUG rally_openstack.cleanup.manager [-] Deleting neutron.port object s_rally_87880319_tFaoaDN3 (740e339c-441f-43c0-869e-1394f0fd69b7)
2019-07-24 21:32:41.605 22705 RALLYDEBUG rally_openstack.cleanup.manager [-] Deleting neutron.port object s_rally_87880319_Jurbfwsk (7456a955-55e7-47be-9155-8f5d498543af)
2019-07-24 21:32:41.611 22705 RALLYDEBUG rally_openstack.cleanup.manager [-] Deleting neutron.port object s_rally_87880319_rqfNlgiG (74eca057-8a5c-4279-a409-62b0ab06ae53)
2019-07-24 21:32:41.667 22705 RALLYDEBUG rally_openstack.cleanup.manager [-] Deleting neutron.port object s_rally_87880319_CLMPx8GO (754c63d7-82ef-4529-a4cd-007ffceee297)
2019-07-24 21:32:41.743 22705 RALLYDEBUG rally_openstack.cleanup.manager [-] Deleting neutron.port object s_rally_87880319_IsrmaoCs (760adc19-b90e-4a6e-97dd-e6850c608d77)
2019-07-24 21:32:41.764 22705 RALLYDEBUG rally_openstack.cleanup.manager [-] Deleting neutron.port object s_rally_87880319_dCwSa9lu (7727b9de-98aa-4e36-abf4-e60b28365584)
2019-07-24 21:32:41.887 22705 RALLYDEBUG rally_openstack.cleanup.manager [-] Deleting neutron.port object s_rally_87880319_dQZEbQlb (778716d8-ce91-4f65-b4e8-6eaaafb955fb)
2019-07-24 21:32:42.063 22705 RALLYDEBUG rally_openstack.cleanup.manager [-] Deleting neutron.port object s_rally_87880319_WlPHNFeQ (7918b101-02cd-42f9-9881-3423a42b616c)
2019-07-24 21:32:42.152 22705 RALLYDEBUG rally_openstack.cleanup.manager [-] Deleting neutron.port object s_rally_87880319_dT2Cljbp (79b202af-d918-4a49-bde9-ee919a786898)
2019-07-24 21:32:42.199 22705 RALLYDEBUG rally_openstack.cleanup.manager [-] Deleting neutron.port object s_rally_87880319_oKGU7SiT (7ab48b19-b748-46b0-95d8-35616a69feec)
2019-07-24 21:32:42.868 22705 RALLYDEBUG rally_openstack.cleanup.manager [-] Deleting neutron.port object s_rally_87880319_HsyXccg1 (7ace3782-ad9d-4f2b-a965-aef877d24553)
2019-07-24 21:32:42.889 22705 RALLYDEBUG rally_openstack.cleanup.manager [-] Deleting neutron.port object s_rally_87880319_LdtVzYVN (7adb45c5-c771-44ba-82f4-ba32849b6a3c)
2019-07-24 21:32:43.107 22705 RALLYDEBUG rally_openstack.cleanup.manager [-] Deleting neutron.port object s_rally_87880319_7pRaFYNW (7caf4579-dc20-4477-bcfa-30ffecfafcd3)
2019-07-24 21:32:43.108 22705 RALLYDEBUG rally_openstack.cleanup.manager [-] Deleting neutron.port object s_rally_87880319_nlG65Fiq (7b009877-af87-42a4-a01d-3b3cf3333d22)
2019-07-24 21:32:43.493 22705 RALLYDEBUG rally_openstack.cleanup.manager [-] Deleting neutron.port object s_rally_87880319_4t43SbfM (7e77168a-31b5-4c1c-810a-59a0da287ee0)
2019-07-24 21:32:43.520 22705 RALLYDEBUG rally_openstack.cleanup.manager [-] Deleting neutron.port object s_rally_87880319_9aQdhHBu (7eafba9a-0cf7-4365-8c6b-e1d173de07e2)
2019-07-24 21:32:43.541 22705 RALLYDEBUG rally_openstack.cleanup.manager [-] Deleting neutron.port object s_rally_87880319_rN8lTS3Z (81c1c6f0-aebc-4a55-87ef-aa2d1d4f2e92)
2019-07-24 21:32:43.702 22705 RALLYDEBUG rally_openstack.cleanup.manager [-] Deleting neutron.port object s_rally_87880319_NJkSP6u7 (82243dbf-1c95-4bf1-a2a0-a601bee5aa6b)
2019-07-24 21:32:43.788 22705 RALLYDEBUG rally_openstack.cleanup.manager [-] Deleting neutron.port object s_rally_87880319_SfaXVACk (82a2c1cd-fba8-4ced-87d2-197395afe83c)
2019-07-24 21:32:43.849 22705 RALLYDEBUG rally_openstack.cleanup.manager [-] Deleting neutron.port object s_rally_87880319_JgpQXbMz (84270465-7620-4287-90da-fe2803f0ebff)
2019-07-24 21:32:43.944 22705 RALLYDEBUG rally_openstack.cleanup.manager [-] Deleting neutron.port object s_rally_87880319_QwHkNzXK (86704300-60e4-474f-957b-7db4c7683c40)
2019-07-24 21:32:43.985 22705 RALLYDEBUG rally_openstack.cleanup.manager [-] Deleting neutron.port object s_rally_87880319_Y4DcOtIO (86a38b03-ce7e-4884-aaf0-e0bbde54dee0)
2019-07-24 21:32:44.041 22705 RALLYDEBUG rally_openstack.cleanup.manager [-] Deleting neutron.port object s_rally_87880319_GAB2ho2Z (8880a388-dd4d-4c14-b9f7-2ccdc69ca4c8)
2019-07-24 21:32:44.080 22705 RALLYDEBUG rally_openstack.cleanup.manager [-] Deleting neutron.port object s_rally_87880319_7V0ZnCe5 (892de457-4904-43a2-8271-aa13033679a3)
2019-07-24 21:32:44.398 22705 RALLYDEBUG rally_openstack.cleanup.manager [-] Deleting neutron.port object s_rally_87880319_1q5jTXLM (8ad39d03-fcaf-49bc-8db2-5329b47dc314)
2019-07-24 21:32:44.585 22705 RALLYDEBUG rally_openstack.cleanup.manager [-] Deleting neutron.port object s_rally_87880319_yaMpaM6Q (8b65cfd5-574c-482f-ac3c-ff0b75b5afc2)
2019-07-24 21:32:44.609 22705 RALLYDEBUG rally_openstack.cleanup.manager [-] Deleting neutron.port object s_rally_87880319_Z24nLK0C (9041a5cd-11bf-4030-9448-8a0bf4024f4a)
2019-07-24 21:32:44.667 22705 RALLYDEBUG rally_openstack.cleanup.manager [-] Deleting neutron.port object s_rally_87880319_H2C6JeUV (95d15e3a-998a-4ac2-83d5-0166a14339c5)
2019-07-24 21:32:44.813 22705 RALLYDEBUG rally_openstack.cleanup.manager [-] Deleting neutron.port object s_rally_87880319_BPaBiDHZ (9676ae7d-45f8-4806-bf5a-58ae29648cc2)
2019-07-24 21:32:44.955 22705 RALLYDEBUG rally_openstack.cleanup.manager [-] Deleting neutron.port object s_rally_87880319_zMsUa0uN (975f39fc-c9e9-41c2-97ce-0a14d91fe1bd)
2019-07-24 21:32:45.132 22705 RALLYDEBUG rally_openstack.cleanup.manager [-] Deleting neutron.port object s_rally_87880319_dgDTyWP2 (982e2633-95c2-47e9-b574-20bcdc2194c0)
2019-07-24 21:32:45.209 22705 RALLYDEBUG rally_openstack.cleanup.manager [-] Deleting neutron.port object s_rally_87880319_VuL5Au7O (9a04711b-910d-423f-be33-4c0be0ce2acd)
2019-07-24 21:32:45.293 22705 RALLYDEBUG rally_openstack.cleanup.manager [-] Deleting neutron.port object s_rally_87880319_7HpebVMq (9a38cdd6-6385-440a-b518-f9db5609fbe3)
2019-07-24 21:32:45.604 22705 RALLYDEBUG rally_openstack.cleanup.manager [-] Deleting neutron.port object s_rally_87880319_ych8YsHV (9e7fd110-be44-48fa-8df4-b08a4d9b6182)
2019-07-24 21:32:45.905 22705 RALLYDEBUG rally_openstack.cleanup.manager [-] Deleting neutron.port object s_rally_87880319_T3IkuQ0b (9e8fefa6-169c-4e18-bc04-539101542a24)
2019-07-24 21:32:45.992 22705 RALLYDEBUG rally_openstack.cleanup.manager [-] Deleting neutron.port object s_rally_87880319_ql2yDsMI (9eb78529-2e39-40ea-b1a1-3554d83c318d)
2019-07-24 21:32:46.002 22705 RALLYDEBUG rally_openstack.cleanup.manager [-] Deleting neutron.port object s_rally_87880319_gRkW9BSt (9eccbd47-ce4a-49b6-aa2e-3fc294c323ef)
2019-07-24 21:32:46.053 22705 RALLYDEBUG rally_openstack.cleanup.manager [-] Deleting neutron.port object s_rally_87880319_gksHOQQ9 (9f2e064f-3c93-4f66-ad2b-ac7084ba4134)
2019-07-24 21:32:46.205 22705 RALLYDEBUG rally_openstack.cleanup.manager [-] Deleting neutron.port object s_rally_87880319_f0y5UQvi (a033caed-69d7-4779-aa75-38fbd8aee597)
2019-07-24 21:32:46.231 22705 RALLYDEBUG rally_openstack.cleanup.manager [-] Deleting neutron.port object s_rally_87880319_bHaxRoEs (a09de40e-6837-4303-ac6f-46f8a65666a7)
2019-07-24 21:32:46.513 22705 RALLYDEBUG rally_openstack.cleanup.manager [-] Deleting neutron.port object s_rally_87880319_iGHgRvJd (a0c5fff2-5295-4684-9d86-602f74e46428)
2019-07-24 21:32:46.582 22705 RALLYDEBUG rally_openstack.cleanup.manager [-] Deleting neutron.port object s_rally_87880319_oA3pVBPJ (a21a5d51-5428-445f-a8fb-1fd9389cf8a4)
2019-07-24 21:32:46.634 22705 RALLYDEBUG rally_openstack.cleanup.manager [-] Deleting neutron.port object s_rally_87880319_P56c6ZeU (a4f0e0c3-5b7d-452d-9cf3-4b47bb95966c)
2019-07-24 21:32:46.682 22705 RALLYDEBUG rally_openstack.cleanup.manager [-] Deleting neutron.port object s_rally_87880319_qqKTQZmm (a5115313-f2ce-42a1-b463-ffe604911b94)
2019-07-24 21:32:46.862 22705 RALLYDEBUG rally_openstack.cleanup.manager [-] Deleting neutron.port object s_rally_87880319_SM64iEXE (a67e8a94-8d61-4317-b7f6-ba239ee50f67)
2019-07-24 21:32:46.902 22705 RALLYDEBUG rally_openstack.cleanup.manager [-] Deleting neutron.port object s_rally_87880319_SLrsxfAP (a6c00f9e-1851-42dc-9925-566c066fa641)
2019-07-24 21:32:46.937 22705 RALLYDEBUG rally_openstack.cleanup.manager [-] Deleting neutron.port object s_rally_87880319_P40SDLjv (a8451287-b438-49cf-931b-17f96da818ec)
2019-07-24 21:32:47.126 22705 RALLYDEBUG rally_openstack.cleanup.manager [-] Deleting neutron.port object s_rally_87880319_q8mpHVqh (a8c18b60-caa9-4291-8326-23ad4a1244e4)
2019-07-24 21:32:47.169 22705 RALLYDEBUG rally_openstack.cleanup.manager [-] Deleting neutron.port object s_rally_87880319_NLD0dOcK (aafd4599-8190-4385-847f-dcb8cd09f1ed)
2019-07-24 21:32:47.302 22705 RALLYDEBUG rally_openstack.cleanup.manager [-] Deleting neutron.port object s_rally_87880319_GtmvEuyA (ad23acbd-f2f1-43af-86cf-129769f84d5a)
2019-07-24 21:32:47.555 22705 RALLYDEBUG rally_openstack.cleanup.manager [-] Deleting neutron.port object s_rally_87880319_ExeeGDb5 (ae5c5478-438c-43b8-863e-3085cb923f5f)
2019-07-24 21:32:47.623 22705 RALLYDEBUG rally_openstack.cleanup.manager [-] Deleting neutron.port object s_rally_87880319_Ls2EEHj1 (b0455105-aa48-471a-928a-b07d071b71e5)
2019-07-24 21:32:47.903 22705 RALLYDEBUG rally_openstack.cleanup.manager [-] Deleting neutron.port object s_rally_87880319_xIiZkmkM (b07a8a8f-10f6-48f3-a02f-d7e74d54e6cb)
2019-07-24 21:32:47.925 22705 RALLYDEBUG rally_openstack.cleanup.manager [-] Deleting neutron.port object s_rally_87880319_BTEb8jSO (b0cb7700-3af1-4ef5-b2d5-ca077fd64e75)
2019-07-24 21:32:48.371 22705 RALLYDEBUG rally_openstack.cleanup.manager [-] Deleting neutron.port object s_rally_87880319_AYZ58OwI (b31099d0-da4f-4465-b575-b11a5e51988a)
2019-07-24 21:32:48.412 22705 RALLYDEBUG rally_openstack.cleanup.manager [-] Deleting neutron.port object s_rally_87880319_GaNA82Rf (b5b77ac1-1357-458f-93d0-b5e26998adca)
2019-07-24 21:32:48.490 22705 RALLYDEBUG rally_openstack.cleanup.manager [-] Deleting neutron.port object s_rally_87880319_Wz8nAOD7 (b74c3974-3860-43e8-9841-ad6924d63065)
2019-07-24 21:32:48.511 22705 RALLYDEBUG rally_openstack.cleanup.manager [-] Deleting neutron.port object s_rally_87880319_uHLM974N (b81e60a4-b1c5-4150-86f7-0722c92ce29a)
2019-07-24 21:32:48.516 22705 RALLYDEBUG rally_openstack.cleanup.manager [-] Deleting neutron.port object s_rally_87880319_j2wcl9G2 (b82bd289-a9db-4022-8ab4-94eb37f893fe)
2019-07-24 21:32:48.813 22705 RALLYDEBUG rally_openstack.cleanup.manager [-] Deleting neutron.port object s_rally_87880319_JAeIOzZq (b8d6514a-1af4-48e2-b207-97d8bf0cf208)
2019-07-24 21:32:49.014 22705 RALLYDEBUG rally_openstack.cleanup.manager [-] Deleting neutron.port object s_rally_87880319_QzfzaJBG (ba589e04-9208-4282-87a2-6fb621b63f12)
2019-07-24 21:32:49.217 22705 RALLYDEBUG rally_openstack.cleanup.manager [-] Deleting neutron.port object s_rally_87880319_45WNpl5S (ba95e1b6-c8e3-4d6f-9852-5442d45ad4ae)
2019-07-24 21:32:49.317 22705 RALLYDEBUG rally_openstack.cleanup.manager [-] Deleting neutron.port object s_rally_87880319_G01STkyX (bcb899d0-7f05-48c2-8e5d-8cf69e160862)
2019-07-24 21:32:49.326 22705 RALLYDEBUG rally_openstack.cleanup.manager [-] Deleting neutron.port object s_rally_87880319_M9bBQ5nN (c460f9a7-6f58-4b87-b817-c229e8299acb)
2019-07-24 21:32:49.330 22705 RALLYDEBUG rally_openstack.cleanup.manager [-] Deleting neutron.port object s_rally_87880319_zehRwtP1 (bcf1a591-bd85-4e09-8fda-dc83dc9565bf)
2019-07-24 21:32:49.330 22705 RALLYDEBUG rally_openstack.cleanup.manager [-] Deleting neutron.port object s_rally_87880319_WcH3Mopo (c5d51561-70e7-4224-bee9-d20dc3c54ad2)
2019-07-24 21:32:49.422 22705 RALLYDEBUG rally_openstack.cleanup.manager [-] Deleting neutron.port object s_rally_87880319_eyuhh8ud (ca06f66f-4cdc-4cac-9daa-06f78ee549a3)
2019-07-24 21:32:49.424 22705 RALLYDEBUG rally_openstack.cleanup.manager [-] Deleting neutron.port object s_rally_87880319_ogNTrkZH (c7557df3-4995-4d02-9aca-7c2cdbce344c)
2019-07-24 21:32:49.613 22705 RALLYDEBUG rally_openstack.cleanup.manager [-] Deleting neutron.port object s_rally_87880319_D9nZrJXu (ca274ae6-1fb3-48fc-9ff8-652e485bd467)
2019-07-24 21:32:49.721 22705 RALLYDEBUG rally_openstack.cleanup.manager [-] Deleting neutron.port object s_rally_87880319_OdTK17KI (cb3bdab6-3842-4389-8dfb-02226ff66982)
2019-07-24 21:32:49.859 22705 RALLYDEBUG rally_openstack.cleanup.manager [-] Deleting neutron.port object s_rally_87880319_Gd156BIS (cb894275-484b-409d-ba60-05359ed7313e)
2019-07-24 21:32:50.131 22705 RALLYDEBUG rally_openstack.cleanup.manager [-] Deleting neutron.port object s_rally_87880319_C0zXiLU3 (cba68d6f-ba6c-44d2-a625-6584b18656a1)
2019-07-24 21:32:50.145 22705 RALLYDEBUG rally_openstack.cleanup.manager [-] Deleting neutron.port object s_rally_87880319_TYhr8DsN (cbc1f556-6aec-46b4-a8fa-5648ccd3348e)
2019-07-24 21:32:50.343 22705 RALLYDEBUG rally_openstack.cleanup.manager [-] Deleting neutron.port object s_rally_87880319_lCJ1XdYT (cc1c5fdf-2216-4669-8a1f-f05aa99c1706)
2019-07-24 21:32:50.621 22705 RALLYDEBUG rally_openstack.cleanup.manager [-] Deleting neutron.port object s_rally_87880319_0172tCH1 (cc84ac75-d669-4c1a-bd75-f92c158a7c7a)
2019-07-24 21:32:50.718 22705 RALLYDEBUG rally_openstack.cleanup.manager [-] Deleting neutron.port object s_rally_87880319_7lyD7nLt (cdcb2c66-2f41-4e1d-8d87-91d935283161)
2019-07-24 21:32:50.885 22705 RALLYDEBUG rally_openstack.cleanup.manager [-] Deleting neutron.port object s_rally_87880319_mYUGADml (cf75302d-0413-4cca-a672-76fbb2eb8d2a)
2019-07-24 21:32:50.909 22705 RALLYDEBUG rally_openstack.cleanup.manager [-] Deleting neutron.port object s_rally_87880319_U7E1eDx7 (d6326978-6570-4c33-ac84-ff34aeb91c51)
2019-07-24 21:32:51.113 22705 RALLYDEBUG rally_openstack.cleanup.manager [-] Deleting neutron.port object s_rally_87880319_FdK7Bvcx (d687f0bd-7604-463c-968a-15b21448c61c)
2019-07-24 21:32:51.143 22705 RALLYDEBUG rally_openstack.cleanup.manager [-] Deleting neutron.port object s_rally_87880319_lNAmRyTa (dbe6f9d8-7561-49d5-ae31-2f5db19d8988)
2019-07-24 21:32:51.167 22705 RALLYDEBUG rally_openstack.cleanup.manager [-] Deleting neutron.port object s_rally_87880319_9s0Hu0tr (dc1a0d2b-419e-4385-ace3-4a2a21b6dee5)
2019-07-24 21:32:51.408 22705 RALLYDEBUG rally_openstack.cleanup.manager [-] Deleting neutron.port object s_rally_87880319_cU2seNQx (dc503bda-d370-4f10-830b-ecc292231f2a)
2019-07-24 21:32:51.488 22705 RALLYDEBUG rally_openstack.cleanup.manager [-] Deleting neutron.port object s_rally_87880319_foJkh21P (df3b8d6b-4735-4c9c-b9b4-947f43eedd1f)
2019-07-24 21:32:51.694 22705 RALLYDEBUG rally_openstack.cleanup.manager [-] Deleting neutron.port object s_rally_87880319_nnsPkwDw (e090217c-3566-4b1e-99cc-77fa5294c66c)
2019-07-24 21:32:51.866 22705 RALLYDEBUG rally_openstack.cleanup.manager [-] Deleting neutron.port object s_rally_87880319_euE8SFaS (e1e3feff-b7cc-4274-8bcf-d52fd905b368)
2019-07-24 21:32:51.879 22705 RALLYDEBUG rally_openstack.cleanup.manager [-] Deleting neutron.port object s_rally_87880319_HOnCh6In (e24820bf-26ab-42f4-bae2-0f11f3ef09fd)
2019-07-24 21:32:51.919 22705 RALLYDEBUG rally_openstack.cleanup.manager [-] Deleting neutron.port object s_rally_87880319_uQ9dUvKd (e359baec-0957-4eef-9770-b7fde2c7c524)
2019-07-24 21:32:52.189 22705 RALLYDEBUG rally_openstack.cleanup.manager [-] Deleting neutron.port object s_rally_87880319_xXyd9GiY (e443136a-7366-4c7c-9c0b-4934376fa821)
2019-07-24 21:32:52.215 22705 RALLYDEBUG rally_openstack.cleanup.manager [-] Deleting neutron.port object s_rally_87880319_IFMuNW6K (e62bf059-3e4f-4e0b-9e92-4cc2237185b0)
2019-07-24 21:32:52.222 22705 RALLYDEBUG rally_openstack.cleanup.manager [-] Deleting neutron.port object s_rally_87880319_ZDr0O1ec (e68859b6-dbcf-416b-bd33-535db009f098)
2019-07-24 21:32:52.346 22705 RALLYDEBUG rally_openstack.cleanup.manager [-] Deleting neutron.port object s_rally_87880319_CaqjjZpy (e6c6980f-200a-4404-b8b0-1332dbbab28f)
2019-07-24 21:32:52.395 22705 RALLYDEBUG rally_openstack.cleanup.manager [-] Deleting neutron.port object s_rally_87880319_VGcj1aOr (e825818d-c5f0-4b22-aa95-0f33a0e560c4)
2019-07-24 21:32:52.443 22705 RALLYDEBUG rally_openstack.cleanup.manager [-] Deleting neutron.port object s_rally_87880319_HcHNKQg4 (ead9c43f-5aba-4708-921e-a1e642ecb8cd)
2019-07-24 21:32:52.575 22705 RALLYDEBUG rally_openstack.cleanup.manager [-] Deleting neutron.port object s_rally_87880319_f3EPMXIN (eafb5206-d569-47dd-8998-8efb04a9370a)
2019-07-24 21:32:52.900 22705 RALLYDEBUG rally_openstack.cleanup.manager [-] Deleting neutron.port object s_rally_87880319_ZXd00RjT (ebe9c976-30b5-4103-bfcd-d3348340366c)
2019-07-24 21:32:53.066 22705 RALLYDEBUG rally_openstack.cleanup.manager [-] Deleting neutron.port object s_rally_87880319_WRrdUDbO (ebf91362-1466-4361-94d5-0520a74f65f7)
2019-07-24 21:32:53.158 22705 RALLYDEBUG rally_openstack.cleanup.manager [-] Deleting neutron.port object s_rally_87880319_x4NZen0g (ed9f2ad6-e266-4d8b-93a0-320c27303dfd)
2019-07-24 21:32:53.236 22705 RALLYDEBUG rally_openstack.cleanup.manager [-] Deleting neutron.port object s_rally_87880319_b2hx7H0Q (edcdf90a-7a56-4da0-818d-53af14677aba)
2019-07-24 21:32:53.349 22705 RALLYDEBUG rally_openstack.cleanup.manager [-] Deleting neutron.port object s_rally_87880319_xRgzvg5R (ee60b478-a918-443c-ac05-cfb0479eed21)
2019-07-24 21:32:53.411 22705 RALLYDEBUG rally_openstack.cleanup.manager [-] Deleting neutron.port object s_rally_87880319_HluBcp3Z (efbd793a-0105-4d9d-8ec8-9c2cbdce7447)
2019-07-24 21:32:53.725 22705 RALLYDEBUG rally_openstack.cleanup.manager [-] Deleting neutron.port object s_rally_87880319_d5GCwIzg (efee9917-0c37-4ac7-8281-643e01ec35f1)
2019-07-24 21:32:53.791 22705 RALLYDEBUG rally_openstack.cleanup.manager [-] Deleting neutron.port object s_rally_87880319_Vx8h5yYn (f03a85fd-e816-4f88-8087-6fb6ab8dd8f2)
2019-07-24 21:32:53.799 22705 RALLYDEBUG rally_openstack.cleanup.manager [-] Deleting neutron.port object s_rally_87880319_Pe560Yww (f107980f-2b4d-49c1-8e41-0cb0e93e01b1)
2019-07-24 21:32:54.021 22705 RALLYDEBUG rally_openstack.cleanup.manager [-] Deleting neutron.port object s_rally_87880319_NP18oieb (f1a40962-105e-4c18-aa19-838dcf621fd3)
2019-07-24 21:32:54.446 22705 RALLYDEBUG rally_openstack.cleanup.manager [-] Deleting neutron.port object s_rally_87880319_JdG6tXSc (f6068427-85d9-4d2f-8f0d-1b9feec77510)
2019-07-24 21:32:54.467 22705 RALLYDEBUG rally_openstack.cleanup.manager [-] Deleting neutron.port object s_rally_87880319_FvZqxpYI (f805c3f2-cc95-40dc-9c0e-91648accced4)
2019-07-24 21:32:56.963 22705 RALLYDEBUG rally_openstack.cleanup.manager [-] Cleaning up neutron subnet objects
2019-07-24 21:32:57.634 22705 RALLYDEBUG rally_openstack.cleanup.manager [-] Cleaning up neutron network objects
2019-07-24 21:32:58.436 22705 RALLYDEBUG rally_openstack.cleanup.manager [-] Deleting neutron.network object s_rally_87880319_kpvIiCtK (031132b1-c843-4757-a5dc-72018b3d9619)
2019-07-24 21:32:58.446 22705 RALLYDEBUG rally_openstack.cleanup.manager [-] Deleting neutron.network object s_rally_87880319_TzUDJqmX (03b1c8a1-973b-4425-9ee7-66e05704ef3e)
2019-07-24 21:32:58.447 22705 RALLYDEBUG rally_openstack.cleanup.manager [-] Deleting neutron.network object s_rally_87880319_zI16jEr2 (131ff76e-1573-4b4e-b96f-4871140b8eb9)
2019-07-24 21:32:58.453 22705 RALLYDEBUG rally_openstack.cleanup.manager [-] Deleting neutron.network object s_rally_87880319_SIgI7NyL (1511f2b4-9c56-449c-b6fb-fca4cc43dcfc)
2019-07-24 21:32:58.459 22705 RALLYDEBUG rally_openstack.cleanup.manager [-] Deleting neutron.network object s_rally_87880319_OxGrjwC8 (15acefe8-db98-4214-820d-91738b363bf2)
2019-07-24 21:32:58.463 22705 RALLYDEBUG rally_openstack.cleanup.manager [-] Deleting neutron.network object s_rally_87880319_sAFtmwMk (1cead2b5-7021-4212-81b4-e8eaf0a09949)
2019-07-24 21:32:58.475 22705 RALLYDEBUG rally_openstack.cleanup.manager [-] Deleting neutron.network object s_rally_87880319_9d4MVzKW (2161e201-0049-4e03-89d3-11fdf4fad3d8)
2019-07-24 21:32:58.482 22705 RALLYDEBUG rally_openstack.cleanup.manager [-] Deleting neutron.network object s_rally_87880319_Dj2mQoNP (26153d5d-c221-4c4f-bc9e-ac024bd6d23a)
2019-07-24 21:32:58.502 22705 RALLYDEBUG rally_openstack.cleanup.manager [-] Deleting neutron.network object s_rally_87880319_QX8WPtaO (2adab710-9ed6-4059-a265-d0251a00443a)
2019-07-24 21:32:58.515 22705 RALLYDEBUG rally_openstack.cleanup.manager [-] Deleting neutron.network object s_rally_87880319_P5LNgifx (2e0cb423-8f51-40da-9bb3-1a228f99fecd)
2019-07-24 21:32:58.539 22705 RALLYDEBUG rally_openstack.cleanup.manager [-] Deleting neutron.network object s_rally_87880319_4qz0Hgke (353a60f6-f4ff-46d9-8502-f387d7519ca9)
2019-07-24 21:32:58.542 22705 RALLYDEBUG rally_openstack.cleanup.manager [-] Deleting neutron.network object s_rally_87880319_EPsy8HI9 (2fc8bc78-cbca-424e-8b94-892a5a05206f)
2019-07-24 21:32:58.548 22705 RALLYDEBUG rally_openstack.cleanup.manager [-] Deleting neutron.network object s_rally_87880319_AmzJrFE9 (33a4646e-7ca8-4b9d-a8b6-05aa8f144e52)
2019-07-24 21:32:58.566 22705 RALLYDEBUG rally_openstack.cleanup.manager [-] Deleting neutron.network object s_rally_87880319_Usaz7qMf (3bc60bc1-4ab4-423c-89ac-c37e7681a6d0)
2019-07-24 21:32:58.570 22705 RALLYDEBUG rally_openstack.cleanup.manager [-] Deleting neutron.network object s_rally_87880319_8QuJqaBR (4cc4aa48-3d08-4173-bdfc-f16640b40ab8)
2019-07-24 21:32:58.583 22705 RALLYDEBUG rally_openstack.cleanup.manager [-] Deleting neutron.network object s_rally_87880319_ZrMVywW7 (51e40bb9-8d88-48f9-b91d-da6590203609)
2019-07-24 21:32:58.592 22705 RALLYDEBUG rally_openstack.cleanup.manager [-] Deleting neutron.network object s_rally_87880319_PXWFOmlr (5dec91d1-4b72-4b8d-9fbe-27b66551e65f)
2019-07-24 21:32:58.595 22705 RALLYDEBUG rally_openstack.cleanup.manager [-] Deleting neutron.network object s_rally_87880319_0AHr2E0b (602579ee-3430-4fe3-a8ca-ce0e9f98cec3)
2019-07-24 21:32:58.604 22705 RALLYDEBUG rally_openstack.cleanup.manager [-] Deleting neutron.network object s_rally_87880319_B2FwNv9e (6e7f7838-6df1-4aa7-895d-a48c571f4941)
2019-07-24 21:32:58.611 22705 RALLYDEBUG rally_openstack.cleanup.manager [-] Deleting neutron.network object s_rally_87880319_Jy3NzHCC (7a788da0-e456-4053-9459-3b2480fc12df)
2019-07-24 21:33:00.946 22705 RALLYDEBUG rally_openstack.cleanup.manager [-] Deleting neutron.network object s_rally_87880319_1pFvh5yJ (837056db-6e39-4904-a4d6-8bc701e24dda)
2019-07-24 21:33:01.148 22705 RALLYDEBUG rally_openstack.cleanup.manager [-] Deleting neutron.network object s_rally_87880319_FVQhxzsd (8a87ba02-0a8e-4dc6-9843-ba168f5d5800)
2019-07-24 21:33:01.205 22705 RALLYDEBUG rally_openstack.cleanup.manager [-] Deleting neutron.network object s_rally_87880319_O9263Pj6 (8b79add1-6c8a-41bc-ade4-0d37c5d9b09c)
2019-07-24 21:33:01.283 22705 RALLYDEBUG rally_openstack.cleanup.manager [-] Deleting neutron.network object s_rally_87880319_gswsh8gZ (923895d4-f414-4c87-a940-d1c1539eb41c)
2019-07-24 21:33:01.341 22705 RALLYDEBUG rally_openstack.cleanup.manager [-] Deleting neutron.network object s_rally_87880319_xFeNZmq8 (9a1fb7dd-eac1-42e6-a5c6-cb938905f0c4)
2019-07-24 21:33:01.419 22705 RALLYDEBUG rally_openstack.cleanup.manager [-] Deleting neutron.network object s_rally_87880319_ZGaL4RHR (9b7ab39f-bfa3-4f39-9ebd-3bccd753d4ae)
2019-07-24 21:33:01.433 22705 RALLYDEBUG rally_openstack.cleanup.manager [-] Deleting neutron.network object s_rally_87880319_foj3Y3G3 (9ef64782-e29f-4bd4-ad99-c7fe96611fbc)
2019-07-24 21:33:01.441 22705 RALLYDEBUG rally_openstack.cleanup.manager [-] Deleting neutron.network object s_rally_87880319_13d8hPny (a76710a7-cf54-4fd8-80e6-4ad22d912e7c)
2019-07-24 21:33:01.943 22705 RALLYDEBUG rally_openstack.cleanup.manager [-] Deleting neutron.network object s_rally_87880319_BO1m645j (b50e56ca-1ca6-4b85-884e-68db387c262d)
2019-07-24 21:33:01.972 22705 RALLYDEBUG rally_openstack.cleanup.manager [-] Deleting neutron.network object s_rally_87880319_Wpxnmvnw (ba46f465-144c-427b-970c-03f58f6c229a)
2019-07-24 21:33:01.978 22705 RALLYDEBUG rally_openstack.cleanup.manager [-] Deleting neutron.network object s_rally_87880319_h5Ed4EY6 (be8afcea-b6a2-47bd-9ff6-e051db13c72d)
2019-07-24 21:33:02.015 22705 RALLYDEBUG rally_openstack.cleanup.manager [-] Deleting neutron.network object s_rally_87880319_n9Q5xOwQ (c7cd7c4c-6f10-4328-b39d-0091dc223719)
2019-07-24 21:33:03.345 22705 RALLYDEBUG rally_openstack.cleanup.manager [-] Deleting neutron.network object s_rally_87880319_S1OgUfQ8 (d43013f9-aeee-4e38-9841-af55b83f1c5f)
2019-07-24 21:33:03.357 22705 RALLYDEBUG rally_openstack.cleanup.manager [-] Deleting neutron.network object s_rally_87880319_oY8p0ylJ (d9a5bedd-502c-4a5b-8595-a0c2128ff8ab)
2019-07-24 21:33:03.362 22705 RALLYDEBUG rally_openstack.cleanup.manager [-] Deleting neutron.network object s_rally_87880319_QMzbTSZw (dcc0a05d-6f41-403c-8f23-9e8a42074509)
2019-07-24 21:33:03.476 22705 RALLYDEBUG rally_openstack.cleanup.manager [-] Deleting neutron.network object s_rally_87880319_Nkh11j5n (e1f05999-602a-43ce-abc8-c01177c08285)
2019-07-24 21:33:03.501 22705 RALLYDEBUG rally_openstack.cleanup.manager [-] Deleting neutron.network object s_rally_87880319_u9gAVK55 (eabed284-cd04-4e4c-b109-8ba7eb0c8833)
2019-07-24 21:33:03.548 22705 RALLYDEBUG rally_openstack.cleanup.manager [-] Deleting neutron.network object s_rally_87880319_ZljrYx2U (ec3a10e6-9438-4507-9940-9367247ae6de)
2019-07-24 21:33:03.558 22705 RALLYDEBUG rally_openstack.cleanup.manager [-] Deleting neutron.network object s_rally_87880319_fZXpAAgc (effd21a8-3b40-489a-af06-0b8b4c81b3c0)
2019-07-24 21:33:03.587 22705 RALLYDEBUG rally_openstack.cleanup.manager [-] Deleting neutron.network object s_rally_87880319_TPRk3Zli (f15c4dbb-0ab2-4dd5-b4f9-2a0a289c48fd)
2019-07-24 21:33:07.711 22705 RALLYDEBUG rally_openstack.cleanup.manager [-] Cleaning up neutron router objects
2019-07-24 21:33:08.484 22705 RALLYDEBUG rally_openstack.cleanup.manager [-] Cleaning up neutron security_group objects
2019-07-24 21:33:09.192 22705 INFO rally.task.context [-] Task e0b13e5f-b38d-4aba-92e9-ed40aca03436 | Context cleanup@openstack cleanup() finished in 43.56 sec
2019-07-24 21:33:09.192 22705 INFO rally.task.context [-] Task e0b13e5f-b38d-4aba-92e9-ed40aca03436 | Context quotas@openstack cleanup() started
2019-07-24 21:33:09.508 22705 INFO rally.task.context [-] Task e0b13e5f-b38d-4aba-92e9-ed40aca03436 | Context quotas@openstack cleanup() finished in 0.32 sec
2019-07-24 21:33:09.509 22705 INFO rally.task.context [-] Task e0b13e5f-b38d-4aba-92e9-ed40aca03436 | Context users@openstack cleanup() started
2019-07-24 21:33:14.487 22705 INFO rally.task.context [-] Task e0b13e5f-b38d-4aba-92e9-ed40aca03436 | Context users@openstack cleanup() finished in 4.98 sec
2019-07-24 21:33:15.560 22705 INFO rally.task.engine [-] Load duration is: 31.23561
2019-07-24 21:33:15.561 22705 INFO rally.task.engine [-] Full runner duration is: 31.28683
2019-07-24 21:33:15.561 22705 INFO rally.task.engine [-] Full duration is: 85.274142
2019-07-24 21:33:15.789 22705 INFO rally.task.engine [-] Running workload: position = 2 config = { "version": 2, "title": "A cropped version of a bigger task.", "description": "Auto-generated task from a single workload (uuid=0c8813ce-beb8-435c-b340-acd6da1996fc)", "subtasks": [ { "title": "NeutronNetworks.create_and_delete_ports", "description": "Create and delete a port.", "scenario": { "NeutronNetworks.create_and_delete_ports": { "network_create_args": {}, "port_create_args": {}, "ports_per_network": 5 } }, "contexts": { "users": { "tenants": 1, "users_per_tenant": 1 }, "quotas": { "neutron": { "network": -1, "port": -1 } } }, "runner": { "constant": { "times": 40, "concurrency": 20 } }, "hooks": [], "sla": { "failure_rate": { "max": 0 } } } ] }
2019-07-24 21:33:15.809 22705 RALLYDEBUG rally_openstack.contexts.keystone.users [-] Creating 1 tenants using 20 threads
2019-07-24 21:33:17.716 22705 RALLYDEBUG rally_openstack.contexts.keystone.users [-] Creating 1 users using 20 threads
2019-07-24 21:33:20.456 22705 INFO rally.task.context [-] Task e0b13e5f-b38d-4aba-92e9-ed40aca03436 | Context users@openstack setup() finished in 4.65 sec
2019-07-24 21:33:21.280 22705 INFO rally.task.context [-] Task e0b13e5f-b38d-4aba-92e9-ed40aca03436 | Context quotas@openstack setup() finished in 0.82 sec
2019-07-24 21:33:21.281 22705 INFO rally.task.context [-] Task e0b13e5f-b38d-4aba-92e9-ed40aca03436 | Context cleanup@openstack setup() finished in 0.00 msec
2019-07-24 21:33:21.288 22705 RALLYDEBUG rally.task.runner [-] Starting the constant runner (task UUID: e0b13e5f-b38d-4aba-92e9-ed40aca03436). timeout: 0 concurrency: 20 concurrency_per_worker: 1 times: 40 concurrency_overhead: 4 processes_to_start: 16 max_cpu_used: 16
2019-07-24 21:33:21.302 26951 RALLYDEBUG rally.task.runner [-] Starting a worker. concurrency: 2 args: {"network_create_args": {}, "port_create_args": {}, "ports_per_network": 5} times: 40 method_name: run timeout: 0 duration: None cls:
2019-07-24 21:33:21.306 26952 RALLYDEBUG rally.task.runner [-] Starting a worker. concurrency: 2 args: {"network_create_args": {}, "port_create_args": {}, "ports_per_network": 5} times: 40 method_name: run timeout: 0 duration: None cls:
2019-07-24 21:33:21.308 26953 RALLYDEBUG rally.task.runner [-] Starting a worker. concurrency: 2 args: {"network_create_args": {}, "port_create_args": {}, "ports_per_network": 5} times: 40 method_name: run timeout: 0 duration: None cls:
2019-07-24 21:33:21.309 26951 INFO rally.task.runner [-] Task e0b13e5f-b38d-4aba-92e9-ed40aca03436 | ITER: 1 START
2019-07-24 21:33:21.311 26954 RALLYDEBUG rally.task.runner [-] Starting a worker. concurrency: 2 args: {"network_create_args": {}, "port_create_args": {}, "ports_per_network": 5} times: 40 method_name: run timeout: 0 duration: None cls:
2019-07-24 21:33:21.313 26951 WARNING rally_openstack.scenarios.neutron.utils [-] Running this scenario without either the 'network' or 'existing_network' context is deprecated
2019-07-24 21:33:21.315 26952 INFO rally.task.runner [-] Task e0b13e5f-b38d-4aba-92e9-ed40aca03436 | ITER: 3 START
2019-07-24 21:33:21.316 26953 INFO rally.task.runner [-] Task e0b13e5f-b38d-4aba-92e9-ed40aca03436 | ITER: 4 START
2019-07-24 21:33:21.315 26955 RALLYDEBUG rally.task.runner [-] Starting a worker. concurrency: 1 args: {"network_create_args": {}, "port_create_args": {}, "ports_per_network": 5} times: 40 method_name: run timeout: 0 duration: None cls:
2019-07-24 21:33:21.316 26958 RALLYDEBUG rally.task.runner [-] Starting a worker. concurrency: 1 args: {"network_create_args": {}, "port_create_args": {}, "ports_per_network": 5} times: 40 method_name: run timeout: 0 duration: None cls:
2019-07-24 21:33:21.318 26952 WARNING rally_openstack.scenarios.neutron.utils [-] Running this scenario without either the 'network' or 'existing_network' context is deprecated
2019-07-24 21:33:21.319 26953 WARNING rally_openstack.scenarios.neutron.utils [-] Running this scenario without either the 'network' or 'existing_network' context is deprecated
2019-07-24 21:33:21.319 26954 INFO rally.task.runner [-] Task e0b13e5f-b38d-4aba-92e9-ed40aca03436 | ITER: 7 START
2019-07-24 21:33:21.320 26951 INFO rally.task.runner [-] Task e0b13e5f-b38d-4aba-92e9-ed40aca03436 | ITER: 2 START
2019-07-24 21:33:21.322 26954 WARNING rally_openstack.scenarios.neutron.utils [-] Running this scenario without either the 'network' or 'existing_network' context is deprecated
2019-07-24 21:33:21.322 26963 RALLYDEBUG rally.task.runner [-] Starting a worker. concurrency: 1 args: {"network_create_args": {}, "port_create_args": {}, "ports_per_network": 5} times: 40 method_name: run timeout: 0 duration: None cls:
2019-07-24 21:33:21.323 26955 INFO rally.task.runner [-] Task e0b13e5f-b38d-4aba-92e9-ed40aca03436 | ITER: 8 START
2019-07-24 21:33:21.321 26953 INFO rally.task.runner [-] Task e0b13e5f-b38d-4aba-92e9-ed40aca03436 | ITER: 6 START
2019-07-24 21:33:21.320 26952 INFO rally.task.runner [-] Task e0b13e5f-b38d-4aba-92e9-ed40aca03436 | ITER: 5 START
2019-07-24 21:33:21.324 26955 WARNING rally_openstack.scenarios.neutron.utils [-] Running this scenario without either the 'network' or 'existing_network' context is deprecated
2019-07-24 21:33:21.322 26951 WARNING rally_openstack.scenarios.neutron.utils [-] Running this scenario without either the 'network' or 'existing_network' context is deprecated
2019-07-24 21:33:21.325 26952 WARNING rally_openstack.scenarios.neutron.utils [-] Running this scenario without either the 'network' or 'existing_network' context is deprecated
2019-07-24 21:33:21.325 26965 RALLYDEBUG rally.task.runner [-] Starting a worker. concurrency: 1 args: {"network_create_args": {}, "port_create_args": {}, "ports_per_network": 5} times: 40 method_name: run timeout: 0 duration: None cls:
2019-07-24 21:33:21.327 26970 RALLYDEBUG rally.task.runner [-] Starting a worker. concurrency: 1 args: {"network_create_args": {}, "port_create_args": {}, "ports_per_network": 5} times: 40 method_name: run timeout: 0 duration: None cls:
2019-07-24 21:33:21.328 26958 INFO rally.task.runner [-] Task e0b13e5f-b38d-4aba-92e9-ed40aca03436 | ITER: 10 START
2019-07-24 21:33:21.331 26958 WARNING rally_openstack.scenarios.neutron.utils [-] Running this scenario without either the 'network' or 'existing_network' context is deprecated
2019-07-24 21:33:21.331 26965 INFO rally.task.runner [-] Task e0b13e5f-b38d-4aba-92e9-ed40aca03436 | ITER: 12 START
2019-07-24 21:33:21.331 26973 RALLYDEBUG rally.task.runner [-] Starting a worker. concurrency: 1 args: {"network_create_args": {}, "port_create_args": {}, "ports_per_network": 5} times: 40 method_name: run timeout: 0 duration: None cls:
2019-07-24 21:33:21.332 26963 INFO rally.task.runner [-] Task e0b13e5f-b38d-4aba-92e9-ed40aca03436 | ITER: 11 START
2019-07-24 21:33:21.332 26965 WARNING rally_openstack.scenarios.neutron.utils [-] Running this scenario without either the 'network' or 'existing_network' context is deprecated
2019-07-24 21:33:21.333 26953 WARNING rally_openstack.scenarios.neutron.utils [-] Running this scenario without either the 'network' or 'existing_network' context is deprecated
2019-07-24 21:33:21.334 26963 WARNING rally_openstack.scenarios.neutron.utils [-] Running this scenario without either the 'network' or 'existing_network' context is deprecated
2019-07-24 21:33:21.336 26970 INFO rally.task.runner [-] Task e0b13e5f-b38d-4aba-92e9-ed40aca03436 | ITER: 13 START
2019-07-24 21:33:21.336 26954 INFO rally.task.runner [-] Task e0b13e5f-b38d-4aba-92e9-ed40aca03436 | ITER: 9 START
2019-07-24 21:33:21.337 26954 WARNING rally_openstack.scenarios.neutron.utils [-] Running this scenario without either the 'network' or 'existing_network' context is deprecated
2019-07-24 21:33:21.338 26970 WARNING rally_openstack.scenarios.neutron.utils [-] Running this scenario without either the 'network' or 'existing_network' context is deprecated
2019-07-24 21:33:21.339 26973 INFO rally.task.runner [-] Task e0b13e5f-b38d-4aba-92e9-ed40aca03436 | ITER: 14 START
2019-07-24 21:33:21.339 26980 RALLYDEBUG rally.task.runner [-] Starting a worker. concurrency: 1 args: {"network_create_args": {}, "port_create_args": {}, "ports_per_network": 5} times: 40 method_name: run timeout: 0 duration: None cls:
2019-07-24 21:33:21.341 26973 WARNING rally_openstack.scenarios.neutron.utils [-] Running this scenario without either the 'network' or 'existing_network' context is deprecated
2019-07-24 21:33:21.346 26980 INFO rally.task.runner [-] Task e0b13e5f-b38d-4aba-92e9-ed40aca03436 | ITER: 15 START
2019-07-24 21:33:21.348 26980 WARNING rally_openstack.scenarios.neutron.utils [-] Running this scenario without either the 'network' or 'existing_network' context is deprecated
2019-07-24 21:33:21.348 26986 RALLYDEBUG rally.task.runner [-] Starting a worker. concurrency: 1 args: {"network_create_args": {}, "port_create_args": {}, "ports_per_network": 5} times: 40 method_name: run timeout: 0 duration: None cls:
2019-07-24 21:33:21.353 26986 INFO rally.task.runner [-] Task e0b13e5f-b38d-4aba-92e9-ed40aca03436 | ITER: 16 START
2019-07-24 21:33:21.355 26986 WARNING rally_openstack.scenarios.neutron.utils [-] Running this scenario without either the 'network' or 'existing_network' context is deprecated
2019-07-24 21:33:21.363 26991 RALLYDEBUG rally.task.runner [-] Starting a worker. concurrency: 1 args: {"network_create_args": {}, "port_create_args": {}, "ports_per_network": 5} times: 40 method_name: run timeout: 0 duration: None cls:
2019-07-24 21:33:21.370 26991 INFO rally.task.runner [-] Task e0b13e5f-b38d-4aba-92e9-ed40aca03436 | ITER: 17 START
2019-07-24 21:33:21.370 26992 RALLYDEBUG rally.task.runner [-] Starting a worker. concurrency: 1 args: {"network_create_args": {}, "port_create_args": {}, "ports_per_network": 5} times: 40 method_name: run timeout: 0 duration: None cls:
2019-07-24 21:33:21.372 26991 WARNING rally_openstack.scenarios.neutron.utils [-] Running this scenario without either the 'network' or 'existing_network' context is deprecated
2019-07-24 21:33:21.375 26992 INFO rally.task.runner [-] Task e0b13e5f-b38d-4aba-92e9-ed40aca03436 | ITER: 18 START
2019-07-24 21:33:21.376 26992 WARNING rally_openstack.scenarios.neutron.utils [-] Running this scenario without either the 'network' or 'existing_network' context is deprecated
2019-07-24 21:33:21.377 26995 RALLYDEBUG rally.task.runner [-] Starting a worker. concurrency: 1 args: {"network_create_args": {}, "port_create_args": {}, "ports_per_network": 5} times: 40 method_name: run timeout: 0 duration: None cls:
2019-07-24 21:33:21.382 26998 RALLYDEBUG rally.task.runner [-] Starting a worker. concurrency: 1 args: {"network_create_args": {}, "port_create_args": {}, "ports_per_network": 5} times: 40 method_name: run timeout: 0 duration: None cls:
2019-07-24 21:33:21.383 26995 INFO rally.task.runner [-] Task e0b13e5f-b38d-4aba-92e9-ed40aca03436 | ITER: 19 START
2019-07-24 21:33:21.384 26995 WARNING rally_openstack.scenarios.neutron.utils [-] Running this scenario without either the 'network' or 'existing_network' context is deprecated
2019-07-24 21:33:21.386 26998 INFO rally.task.runner [-] Task e0b13e5f-b38d-4aba-92e9-ed40aca03436 | ITER: 20 START
2019-07-24 21:33:21.387 26998 WARNING rally_openstack.scenarios.neutron.utils [-] Running this scenario without either the 'network' or 'existing_network' context is deprecated
2019-07-24 21:33:35.066 26995 INFO rally.task.runner [-] Task e0b13e5f-b38d-4aba-92e9-ed40aca03436 | ITER: 19 END: OK
2019-07-24 21:33:35.069 26995 INFO rally.task.runner [-] Task e0b13e5f-b38d-4aba-92e9-ed40aca03436 | ITER: 21 START
2019-07-24 21:33:35.070 26995 WARNING rally_openstack.scenarios.neutron.utils [-] Running this scenario without either the 'network' or 'existing_network' context is deprecated
2019-07-24 21:33:35.222 26980 INFO rally.task.runner [-] Task e0b13e5f-b38d-4aba-92e9-ed40aca03436 | ITER: 15 END: OK
2019-07-24 21:33:35.225 26980 INFO rally.task.runner [-] Task e0b13e5f-b38d-4aba-92e9-ed40aca03436 | ITER: 22 START
2019-07-24 21:33:35.226 26980 WARNING rally_openstack.scenarios.neutron.utils [-] Running this scenario without either the 'network' or 'existing_network' context is deprecated
2019-07-24 21:33:35.490 26954 INFO rally.task.runner [-] Task e0b13e5f-b38d-4aba-92e9-ed40aca03436 | ITER: 7 END: OK
2019-07-24 21:33:35.495 26954 INFO rally.task.runner [-] Task e0b13e5f-b38d-4aba-92e9-ed40aca03436 | ITER: 23 START
2019-07-24 21:33:35.495 26954 WARNING rally_openstack.scenarios.neutron.utils [-] Running this scenario without either the 'network' or 'existing_network' context is deprecated
2019-07-24 21:33:35.754 26955 INFO rally.task.runner [-] Task e0b13e5f-b38d-4aba-92e9-ed40aca03436 | ITER: 8 END: OK
2019-07-24 21:33:35.758 26955 INFO rally.task.runner [-] Task e0b13e5f-b38d-4aba-92e9-ed40aca03436 | ITER: 24 START
2019-07-24 21:33:35.759 26955 WARNING rally_openstack.scenarios.neutron.utils [-] Running this scenario without either the 'network' or 'existing_network' context is deprecated
2019-07-24 21:33:35.945 26953 INFO rally.task.runner [-] Task e0b13e5f-b38d-4aba-92e9-ed40aca03436 | ITER: 6 END: OK
2019-07-24 21:33:35.949 26953 INFO rally.task.runner [-] Task e0b13e5f-b38d-4aba-92e9-ed40aca03436 | ITER: 25 START
2019-07-24 21:33:35.950 26953 WARNING rally_openstack.scenarios.neutron.utils [-] Running this scenario without either the 'network' or 'existing_network' context is deprecated
2019-07-24 21:33:36.674 26953 INFO rally.task.runner [-] Task e0b13e5f-b38d-4aba-92e9-ed40aca03436 | ITER: 4 END: OK
2019-07-24 21:33:36.678 26953 INFO rally.task.runner [-] Task e0b13e5f-b38d-4aba-92e9-ed40aca03436 | ITER: 26 START
2019-07-24 21:33:36.679 26953 WARNING rally_openstack.scenarios.neutron.utils [-] Running this scenario without either the 'network' or 'existing_network' context is deprecated
2019-07-24 21:33:36.722 26986 INFO rally.task.runner [-] Task e0b13e5f-b38d-4aba-92e9-ed40aca03436 | ITER: 16 END: OK
2019-07-24 21:33:36.727 26986 INFO rally.task.runner [-] Task e0b13e5f-b38d-4aba-92e9-ed40aca03436 | ITER: 27 START
2019-07-24 21:33:36.727 26986 WARNING rally_openstack.scenarios.neutron.utils [-] Running this scenario without either the 'network' or 'existing_network' context is deprecated
2019-07-24 21:33:36.763 26973 INFO rally.task.runner [-] Task e0b13e5f-b38d-4aba-92e9-ed40aca03436 | ITER: 14 END: OK
2019-07-24 21:33:36.767 26973 INFO rally.task.runner [-] Task e0b13e5f-b38d-4aba-92e9-ed40aca03436 | ITER: 28 START
2019-07-24 21:33:36.767 26973 WARNING rally_openstack.scenarios.neutron.utils [-] Running this scenario without either the 'network' or 'existing_network' context is deprecated
2019-07-24 21:33:36.881 26952 INFO rally.task.runner [-] Task e0b13e5f-b38d-4aba-92e9-ed40aca03436 | ITER: 5 END: OK
2019-07-24 21:33:36.885 26952 INFO rally.task.runner [-] Task e0b13e5f-b38d-4aba-92e9-ed40aca03436 | ITER: 29 START
2019-07-24 21:33:36.885 26952 WARNING rally_openstack.scenarios.neutron.utils [-] Running this scenario without either the 'network' or 'existing_network' context is deprecated
2019-07-24 21:33:37.101 26954 INFO rally.task.runner [-] Task e0b13e5f-b38d-4aba-92e9-ed40aca03436 | ITER: 9 END: OK
2019-07-24 21:33:37.104 26954 INFO rally.task.runner [-] Task e0b13e5f-b38d-4aba-92e9-ed40aca03436 | ITER: 30 START
2019-07-24 21:33:37.105 26954 WARNING rally_openstack.scenarios.neutron.utils [-] Running this scenario without either the 'network' or 'existing_network' context is deprecated
2019-07-24 21:33:37.200 26991 INFO rally.task.runner [-] Task e0b13e5f-b38d-4aba-92e9-ed40aca03436 | ITER: 17 END: OK
2019-07-24 21:33:37.205 26991 INFO rally.task.runner [-] Task e0b13e5f-b38d-4aba-92e9-ed40aca03436 | ITER: 31 START
2019-07-24 21:33:37.206 26991 WARNING rally_openstack.scenarios.neutron.utils [-] Running this scenario without either the 'network' or 'existing_network' context is deprecated
2019-07-24 21:33:37.518 26998 INFO rally.task.runner [-] Task e0b13e5f-b38d-4aba-92e9-ed40aca03436 | ITER: 20 END: OK
2019-07-24 21:33:37.523 26998 INFO rally.task.runner [-] Task e0b13e5f-b38d-4aba-92e9-ed40aca03436 | ITER: 32 START
2019-07-24 21:33:37.524 26998 WARNING rally_openstack.scenarios.neutron.utils [-] Running this scenario without either the 'network' or 'existing_network' context is deprecated
2019-07-24 21:33:37.852 26952 INFO rally.task.runner [-] Task e0b13e5f-b38d-4aba-92e9-ed40aca03436 | ITER: 3 END: OK
2019-07-24 21:33:37.856 26952 INFO rally.task.runner [-] Task e0b13e5f-b38d-4aba-92e9-ed40aca03436 | ITER: 33 START
2019-07-24 21:33:37.857 26952 WARNING rally_openstack.scenarios.neutron.utils [-] Running this scenario without either the 'network' or 'existing_network' context is deprecated
2019-07-24 21:33:38.071 26965 INFO rally.task.runner [-] Task e0b13e5f-b38d-4aba-92e9-ed40aca03436 | ITER: 12 END: OK
2019-07-24 21:33:38.076 26965 INFO rally.task.runner [-] Task e0b13e5f-b38d-4aba-92e9-ed40aca03436 | ITER: 34 START
2019-07-24 21:33:38.076 26965 WARNING rally_openstack.scenarios.neutron.utils [-] Running this scenario without either the 'network' or 'existing_network' context is deprecated
2019-07-24 21:33:38.131 26958 INFO rally.task.runner [-] Task e0b13e5f-b38d-4aba-92e9-ed40aca03436 | ITER: 10 END: OK
2019-07-24 21:33:38.136 26958 INFO rally.task.runner [-] Task e0b13e5f-b38d-4aba-92e9-ed40aca03436 | ITER: 35 START
2019-07-24 21:33:38.136 26958 WARNING rally_openstack.scenarios.neutron.utils [-] Running this scenario without either the 'network' or 'existing_network' context is deprecated
2019-07-24 21:33:38.538 26963 INFO rally.task.runner [-] Task e0b13e5f-b38d-4aba-92e9-ed40aca03436 | ITER: 11 END: OK
2019-07-24 21:33:38.543 26963 INFO rally.task.runner [-] Task e0b13e5f-b38d-4aba-92e9-ed40aca03436 | ITER: 36 START
2019-07-24 21:33:38.543 26963 WARNING rally_openstack.scenarios.neutron.utils [-] Running this scenario without either the 'network' or 'existing_network' context is deprecated
2019-07-24 21:33:39.041 26951 INFO rally.task.runner [-] Task e0b13e5f-b38d-4aba-92e9-ed40aca03436 | ITER: 2 END: OK
2019-07-24 21:33:39.045 26951 INFO rally.task.runner [-] Task e0b13e5f-b38d-4aba-92e9-ed40aca03436 | ITER: 37 START
2019-07-24 21:33:39.046 26970 INFO rally.task.runner [-] Task e0b13e5f-b38d-4aba-92e9-ed40aca03436 | ITER: 13 END: OK
2019-07-24 21:33:39.046 26951 WARNING rally_openstack.scenarios.neutron.utils [-] Running this scenario without either the 'network' or 'existing_network' context is deprecated
2019-07-24 21:33:39.051 26970 INFO rally.task.runner [-] Task e0b13e5f-b38d-4aba-92e9-ed40aca03436 | ITER: 38 START
2019-07-24 21:33:39.052 26970 WARNING rally_openstack.scenarios.neutron.utils [-] Running this scenario without either the 'network' or 'existing_network' context is deprecated
