2019-07-24 19:30:55.555 1842 INFO rally.task.context [-] Task 20badba6-604b-473b-b911-e2b1164285d5 | Context cleanup@openstack cleanup() finished in 8.91 sec
2019-07-24 19:30:55.556 1842 INFO rally.task.context [-] Task 20badba6-604b-473b-b911-e2b1164285d5 | Context quotas@openstack cleanup() started
2019-07-24 19:30:56.520 1842 INFO rally.task.context [-] Task 20badba6-604b-473b-b911-e2b1164285d5 | Context quotas@openstack cleanup() finished in 0.96 sec
2019-07-24 19:30:56.521 1842 INFO rally.task.context [-] Task 20badba6-604b-473b-b911-e2b1164285d5 | Context api_versions@openstack cleanup() started
2019-07-24 19:30:56.521 1842 INFO rally.task.context [-] Task 20badba6-604b-473b-b911-e2b1164285d5 | Context api_versions@openstack cleanup() finished in 0.34 msec
2019-07-24 19:30:56.522 1842 INFO rally.task.context [-] Task 20badba6-604b-473b-b911-e2b1164285d5 | Context users@openstack cleanup() started
2019-07-24 19:31:04.565 1842 INFO rally.task.context [-] Task 20badba6-604b-473b-b911-e2b1164285d5 | Context users@openstack cleanup() finished in 8.04 sec
2019-07-24 19:31:04.886 1842 INFO rally.task.engine [-] Load duration is: 17.095667
2019-07-24 19:31:04.886 1842 INFO rally.task.engine [-] Full runner duration is: 17.146812
2019-07-24 19:31:04.886 1842 INFO rally.task.engine [-] Full duration is: 41.860265
2019-07-24 19:31:05.154 1842 INFO rally.task.engine [-] Running workload: position = 0 config = { "version": 2, "title": "A cropped version of a bigger task.", "description": "Auto-generated task from a single workload (uuid=7015c53b-92e8-48cc-9f4b-832897c51a45)", "subtasks": [ { "title": "CinderVolumes.create_from_volume_and_delete_volume", "description": "Create volume from volume and then delete it.", "scenario": { "CinderVolumes.create_from_volume_and_delete_volume": { "size": 1 } }, "contexts": { "users": { "tenants": 3, "users_per_tenant": 2 }, "quotas": { "cinder": { "gigabytes": -1, "snapshots": -1, "volumes": -1 } }, "api_versions": { "cinder": { "version": 3, "service_type": "volumev3" } }, "volumes": { "size": 1, "volumes_per_tenant": 1 } }, "runner": { "constant": { "concurrency": 4, "times": 10 } }, "hooks": [], "sla": { "failure_rate": { "max": 0 } } } ] }
2019-07-24 19:31:05.179 1842 RALLYDEBUG rally_openstack.contexts.keystone.users [-] Creating 3 tenants using 20 threads
2019-07-24 19:31:07.170 1842 RALLYDEBUG rally_openstack.contexts.keystone.users [-] Creating 6 users using 20 threads
2019-07-24 19:31:09.923 1842 INFO rally.task.context [-] Task 20badba6-604b-473b-b911-e2b1164285d5 | Context users@openstack setup() finished in 4.74 sec
2019-07-24 19:31:10.341 1842 INFO rally.task.context [-] Task 20badba6-604b-473b-b911-e2b1164285d5 | Context api_versions@openstack setup() finished in 0.42 sec
2019-07-24 19:31:12.001 1842 INFO rally.task.context [-] Task 20badba6-604b-473b-b911-e2b1164285d5 | Context quotas@openstack setup() finished in 1.66 sec
2019-07-24 19:31:23.167 1842 INFO rally.task.context [-] Task 20badba6-604b-473b-b911-e2b1164285d5 | Context volumes@openstack setup() finished in 11.16 sec
2019-07-24 19:31:23.167 1842 INFO rally.task.context [-] Task 20badba6-604b-473b-b911-e2b1164285d5 | Context cleanup@openstack setup() finished in 0.00 msec
2019-07-24 19:31:23.175 1842 RALLYDEBUG rally.task.runner [-] Starting the constant runner (task UUID: 20badba6-604b-473b-b911-e2b1164285d5). timeout: 0 concurrency: 4 concurrency_per_worker: 1 times: 10 concurrency_overhead: 0 processes_to_start: 4 max_cpu_used: 16
2019-07-24 19:31:23.187 4906 RALLYDEBUG rally.task.runner [-] Starting a worker. concurrency: 1 args: {"size": 1} times: 10 method_name: run timeout: 0 duration: None cls:
2019-07-24 19:31:23.191 4907 RALLYDEBUG rally.task.runner [-] Starting a worker. concurrency: 1 args: {"size": 1} times: 10 method_name: run timeout: 0 duration: None cls:
2019-07-24 19:31:23.193 4908 RALLYDEBUG rally.task.runner [-] Starting a worker. concurrency: 1 args: {"size": 1} times: 10 method_name: run timeout: 0 duration: None cls:
2019-07-24 19:31:23.199 4906 INFO rally.task.runner [-] Task 20badba6-604b-473b-b911-e2b1164285d5 | ITER: 1 START
2019-07-24 19:31:23.199 4909 RALLYDEBUG rally.task.runner [-] Starting a worker. concurrency: 1 args: {"size": 1} times: 10 method_name: run timeout: 0 duration: None cls:
2019-07-24 19:31:23.203 4907 INFO rally.task.runner [-] Task 20badba6-604b-473b-b911-e2b1164285d5 | ITER: 2 START
2019-07-24 19:31:23.204 4908 INFO rally.task.runner [-] Task 20badba6-604b-473b-b911-e2b1164285d5 | ITER: 3 START
2019-07-24 19:31:23.205 4909 INFO rally.task.runner [-] Task 20badba6-604b-473b-b911-e2b1164285d5 | ITER: 4 START
2019-07-24 19:31:27.434 4908 RALLYDEBUG rally.task.utils [-] Waiting for resource s_rally_7015c53b_lNCc6sni. Status changed: AVAILABLE => DELETING in 0.33497095108
2019-07-24 19:31:27.840 4907 RALLYDEBUG rally.task.utils [-] Waiting for resource s_rally_7015c53b_tpqzlHMM. Status changed: AVAILABLE => DELETING in 0.370021104813
2019-07-24 19:31:29.395 4906 RALLYDEBUG rally.task.utils [-] Waiting for resource s_rally_7015c53b_aMSiBQAB. Status changed: CREATING => AVAILABLE in 3.04789304733
2019-07-24 19:31:29.833 4906 RALLYDEBUG rally.task.utils [-] Waiting for resource s_rally_7015c53b_aMSiBQAB. Status changed: AVAILABLE => DELETING in 0.344846010208
2019-07-24 19:31:31.547 4909 RALLYDEBUG rally.task.utils [-] Waiting for resource s_rally_7015c53b_TJhuujpH. Status changed: CREATING => AVAILABLE in 5.19558095932
2019-07-24 19:31:31.953 4908 INFO rally.task.runner [-] Task 20badba6-604b-473b-b911-e2b1164285d5 | ITER: 3 END: OK
2019-07-24 19:31:31.959 4908 INFO rally.task.runner [-] Task 20badba6-604b-473b-b911-e2b1164285d5 | ITER: 5 START
2019-07-24 19:31:32.096 4906 INFO rally.task.runner [-] Task 20badba6-604b-473b-b911-e2b1164285d5 | ITER: 1 END: OK
2019-07-24 19:31:32.101 4906 INFO rally.task.runner [-] Task 20badba6-604b-473b-b911-e2b1164285d5 | ITER: 6 START
2019-07-24 19:31:32.221 4907 INFO rally.task.runner [-] Task 20badba6-604b-473b-b911-e2b1164285d5 | ITER: 2 END: OK
2019-07-24 19:31:32.227 4907 INFO rally.task.runner [-] Task 20badba6-604b-473b-b911-e2b1164285d5 | ITER: 7 START
2019-07-24 19:31:32.328 4909 RALLYDEBUG rally.task.utils [-] Waiting for resource s_rally_7015c53b_TJhuujpH. Status changed: AVAILABLE => DELETING in 0.359492063522
2019-07-24 19:31:34.666 4909 INFO rally.task.runner [-] Task 20badba6-604b-473b-b911-e2b1164285d5 | ITER: 4 END: OK
2019-07-24 19:31:34.672 4909 INFO rally.task.runner [-] Task 20badba6-604b-473b-b911-e2b1164285d5 | ITER: 8 START
2019-07-24 19:31:36.527 4908 RALLYDEBUG rally.task.utils [-] Waiting for resource s_rally_7015c53b_ge33Ax82. Status changed: AVAILABLE => DELETING in 0.343801021576
2019-07-24 19:31:37.955 4906 RALLYDEBUG rally.task.utils [-] Waiting for resource s_rally_7015c53b_z6Th8NnQ. Status changed: CREATING => AVAILABLE in 2.72276616096
2019-07-24 19:31:38.275 4907 RALLYDEBUG rally.task.utils [-] Waiting for resource s_rally_7015c53b_CqICUsHr. Status changed: CREATING => AVAILABLE in 2.95728492737
2019-07-24 19:31:38.652 4906 RALLYDEBUG rally.task.utils [-] Waiting for resource s_rally_7015c53b_z6Th8NnQ. Status changed: AVAILABLE => DELETING in 0.343541145325
2019-07-24 19:31:38.902 4907 RALLYDEBUG rally.task.utils [-] Waiting for resource s_rally_7015c53b_CqICUsHr. Status changed: AVAILABLE => DELETING in 0.341078996658
2019-07-24 19:31:40.626 4909 RALLYDEBUG rally.task.utils [-] Waiting for resource s_rally_7015c53b_lHBZNSTR. Status changed: CREATING => AVAILABLE in 2.83770394325
2019-07-24 19:31:40.885 4906 INFO rally.task.runner [-] Task 20badba6-604b-473b-b911-e2b1164285d5 | ITER: 6 END: OK
2019-07-24 19:31:40.891 4906 INFO rally.task.runner [-] Task 20badba6-604b-473b-b911-e2b1164285d5 | ITER: 9 START
2019-07-24 19:31:41.221 4907 INFO rally.task.runner [-] Task 20badba6-604b-473b-b911-e2b1164285d5 | ITER: 7 END: OK
2019-07-24 19:31:41.226 4907 INFO rally.task.runner [-] Task 20badba6-604b-473b-b911-e2b1164285d5 | ITER: 10 START
2019-07-24 19:31:41.232 4908 INFO rally.task.runner [-] Task 20badba6-604b-473b-b911-e2b1164285d5 | ITER: 5 END: OK
2019-07-24 19:31:41.232 4909 RALLYDEBUG rally.task.utils [-] Waiting for resource s_rally_7015c53b_lHBZNSTR. Status changed: AVAILABLE => DELETING in 0.331662893295
2019-07-24 19:31:43.577 4909 INFO rally.task.runner [-] Task 20badba6-604b-473b-b911-e2b1164285d5 | ITER: 8 END: OK
2019-07-24 19:31:45.285 4906 RALLYDEBUG rally.task.utils [-] Waiting for resource s_rally_7015c53b_8lPXI7Tm. Status changed: AVAILABLE => DELETING in 0.341715097427
2019-07-24 19:31:45.576 4907 RALLYDEBUG rally.task.utils [-] Waiting for resource s_rally_7015c53b_VRewBLXk. Status changed: AVAILABLE => DELETING in 0.322062015533
2019-07-24 19:31:47.518 4906 INFO rally.task.runner [-] Task 20badba6-604b-473b-b911-e2b1164285d5 | ITER: 9 END: OK
2019-07-24 19:31:47.890 4907 INFO rally.task.runner [-] Task 20badba6-604b-473b-b911-e2b1164285d5 | ITER: 10 END: OK
2019-07-24 19:31:47.909 1842 INFO rally.task.context [-] Task 20badba6-604b-473b-b911-e2b1164285d5 | Context cleanup@openstack cleanup() started
2019-07-24 19:31:47.911 1842 RALLYDEBUG rally_openstack.cleanup.manager [-] Cleaning up cinder backups objects
2019-07-24 19:31:50.126 1842 RALLYDEBUG rally_openstack.cleanup.manager [-] Cleaning up cinder volume_snapshots objects
2019-07-24 19:31:52.120 1842 RALLYDEBUG rally_openstack.cleanup.manager [-] Cleaning up cinder transfers objects
2019-07-24 19:31:54.293 1842 RALLYDEBUG rally_openstack.cleanup.manager [-] Cleaning up cinder volumes objects
2019-07-24 19:31:56.653 1842 INFO rally.task.context [-] Task 20badba6-604b-473b-b911-e2b1164285d5 | Context cleanup@openstack cleanup() finished in 8.74 sec
2019-07-24 19:31:56.654 1842 INFO rally.task.context [-] Task 20badba6-604b-473b-b911-e2b1164285d5 | Context volumes@openstack cleanup() started
2019-07-24 19:31:56.654 1842 RALLYDEBUG rally_openstack.cleanup.manager [-] Cleaning up cinder volumes objects
2019-07-24 19:31:58.796 1842 RALLYDEBUG rally_openstack.cleanup.manager [-] Deleting cinder.volumes object c_rally_7015c53b_hCpFQ4AH (d450cf6a-9102-4f27-8066-e368759c57fb)
2019-07-24 19:31:58.797 1842 RALLYDEBUG rally_openstack.cleanup.manager [-] Deleting cinder.volumes object c_rally_7015c53b_UjATq9yS (f3809bc1-9fea-480a-8fb7-574faca5b5ce)
2019-07-24 19:31:58.803 1842 RALLYDEBUG rally_openstack.cleanup.manager [-] Deleting cinder.volumes object c_rally_7015c53b_aWFeBbSJ (0907c326-a1a5-4130-b874-7af3a5b7f62c)
2019-07-24 19:32:02.417 1842 INFO rally.task.context [-] Task 20badba6-604b-473b-b911-e2b1164285d5 | Context volumes@openstack cleanup() finished in 5.76 sec
2019-07-24 19:32:02.417 1842 INFO rally.task.context [-] Task 20badba6-604b-473b-b911-e2b1164285d5 | Context quotas@openstack cleanup() started
2019-07-24 19:32:03.210 1842 INFO rally.task.context [-] Task 20badba6-604b-473b-b911-e2b1164285d5 | Context quotas@openstack cleanup() finished in 0.79 sec
2019-07-24 19:32:03.210 1842 INFO rally.task.context [-] Task 20badba6-604b-473b-b911-e2b1164285d5 | Context api_versions@openstack cleanup() started
2019-07-24 19:32:03.210 1842 INFO rally.task.context [-] Task 20badba6-604b-473b-b911-e2b1164285d5 | Context api_versions@openstack cleanup() finished in 0.32 msec
2019-07-24 19:32:03.211 1842 INFO rally.task.context [-] Task 20badba6-604b-473b-b911-e2b1164285d5 | Context users@openstack cleanup() started
2019-07-24 19:32:11.254 1842 INFO rally.task.context [-] Task 20badba6-604b-473b-b911-e2b1164285d5 | Context users@openstack cleanup() finished in 8.04 sec
2019-07-24 19:32:11.466 1842 INFO rally.task.engine [-] Load duration is: 24.687487
2019-07-24 19:32:11.466 1842 INFO rally.task.engine [-] Full runner duration is: 24.734598
2019-07-24 19:32:11.467 1842 INFO rally.task.engine [-] Full duration is: 66.080488
2019-07-24 19:32:11.703 1842 INFO rally.task.engine [-] Running workload: position = 0 config = { "version": 2, "title": "A cropped version of a bigger task.", "description": "Auto-generated task from a single workload (uuid=437c8e65-3e41-4c78-8799-0a96ad6c0316)", "subtasks": [ { "title": "CinderQos.create_and_get_qos", "description": "Create a qos, then get details of the qos.", "scenario": { "CinderQos.create_and_get_qos": { "consumer": "both", "write_iops_sec": "10", "read_iops_sec": "1000" } }, "contexts": { "users": { "tenants": 3, "users_per_tenant": 2 }, "api_versions": { "cinder": { "version": 3, "service_type": "volumev3" } } }, "runner": { "constant": { "concurrency": 4, "times": 10 } }, "hooks": [], "sla": { "failure_rate": { "max": 0 } } } ] }
2019-07-24 19:32:11.725 1842 RALLYDEBUG rally_openstack.contexts.keystone.users [-] Creating 3 tenants using 20 threads
2019-07-24 19:32:13.685 1842 RALLYDEBUG rally_openstack.contexts.keystone.users [-] Creating 6 users using 20 threads
2019-07-24 19:32:16.565 1842 INFO rally.task.context [-] Task 20badba6-604b-473b-b911-e2b1164285d5 | Context users@openstack setup() finished in 4.84 sec
2019-07-24 19:32:16.993 1842 INFO rally.task.context [-] Task 20badba6-604b-473b-b911-e2b1164285d5 | Context api_versions@openstack setup() finished in 0.43 sec
2019-07-24 19:32:16.993 1842 INFO rally.task.context [-] Task 20badba6-604b-473b-b911-e2b1164285d5 | Context admin_cleanup@openstack setup() finished in 0.01 msec
2019-07-24 19:32:17.000 1842 RALLYDEBUG rally.task.runner [-] Starting the constant runner (task UUID: 20badba6-604b-473b-b911-e2b1164285d5). timeout: 0 concurrency: 4 concurrency_per_worker: 1 times: 10 concurrency_overhead: 0 processes_to_start: 4 max_cpu_used: 16
2019-07-24 19:32:17.013 5110 RALLYDEBUG rally.task.runner [-] Starting a worker. concurrency: 1 args: {"consumer": "both", "write_iops_sec": "10", "read_iops_sec": "1000"} times: 10 method_name: run timeout: 0 duration: None cls:
2019-07-24 19:32:17.016 5111 RALLYDEBUG rally.task.runner [-] Starting a worker. concurrency: 1 args: {"consumer": "both", "write_iops_sec": "10", "read_iops_sec": "1000"} times: 10 method_name: run timeout: 0 duration: None cls:
2019-07-24 19:32:17.019 5112 RALLYDEBUG rally.task.runner [-] Starting a worker. concurrency: 1 args: {"consumer": "both", "write_iops_sec": "10", "read_iops_sec": "1000"} times: 10 method_name: run timeout: 0 duration: None cls:
2019-07-24 19:32:17.021 5110 INFO rally.task.runner [-] Task 20badba6-604b-473b-b911-e2b1164285d5 | ITER: 1 START
2019-07-24 19:32:17.023 5113 RALLYDEBUG rally.task.runner [-] Starting a worker. concurrency: 1 args: {"consumer": "both", "write_iops_sec": "10", "read_iops_sec": "1000"} times: 10 method_name: run timeout: 0 duration: None cls:
2019-07-24 19:32:17.024 5111 INFO rally.task.runner [-] Task 20badba6-604b-473b-b911-e2b1164285d5 | ITER: 2 START
2019-07-24 19:32:17.025 5112 INFO rally.task.runner [-] Task 20badba6-604b-473b-b911-e2b1164285d5 | ITER: 3 START
2019-07-24 19:32:17.030 5113 INFO rally.task.runner [-] Task 20badba6-604b-473b-b911-e2b1164285d5 | ITER: 4 START
2019-07-24 19:32:18.141 5112 INFO rally.task.runner [-] Task 20badba6-604b-473b-b911-e2b1164285d5 | ITER: 3 END: OK
2019-07-24 19:32:18.142 5111 INFO rally.task.runner [-] Task 20badba6-604b-473b-b911-e2b1164285d5 | ITER: 2 END: OK
2019-07-24 19:32:18.146 5111 INFO rally.task.runner [-] Task 20badba6-604b-473b-b911-e2b1164285d5 | ITER: 6 START
2019-07-24 19:32:18.146 5112 INFO rally.task.runner [-] Task 20badba6-604b-473b-b911-e2b1164285d5 | ITER: 5 START
2019-07-24 19:32:18.179 5113 INFO rally.task.runner [-] Task 20badba6-604b-473b-b911-e2b1164285d5 | ITER: 4 END: OK
2019-07-24 19:32:18.183 5113 INFO rally.task.runner [-] Task 20badba6-604b-473b-b911-e2b1164285d5 | ITER: 7 START
2019-07-24 19:32:18.288 5110 INFO rally.task.runner [-] Task 20badba6-604b-473b-b911-e2b1164285d5 | ITER: 1 END: OK
2019-07-24 19:32:18.294 5110 INFO rally.task.runner [-] Task 20badba6-604b-473b-b911-e2b1164285d5 | ITER: 8 START
2019-07-24 19:32:19.205 5111 INFO rally.task.runner [-] Task 20badba6-604b-473b-b911-e2b1164285d5 | ITER: 6 END: OK
2019-07-24 19:32:19.210 5111 INFO rally.task.runner [-] Task 20badba6-604b-473b-b911-e2b1164285d5 | ITER: 9 START
2019-07-24 19:32:19.213 5112 INFO rally.task.runner [-] Task 20badba6-604b-473b-b911-e2b1164285d5 | ITER: 5 END: OK
2019-07-24 19:32:19.217 5112 INFO rally.task.runner [-] Task 20badba6-604b-473b-b911-e2b1164285d5 | ITER: 10 START
2019-07-24 19:32:19.263 5113 INFO rally.task.runner [-] Task 20badba6-604b-473b-b911-e2b1164285d5 | ITER: 7 END: OK
2019-07-24 19:32:19.387 5110 INFO rally.task.runner [-] Task 20badba6-604b-473b-b911-e2b1164285d5 | ITER: 8 END: OK
2019-07-24 19:32:20.196 5112 INFO rally.task.runner [-] Task 20badba6-604b-473b-b911-e2b1164285d5 | ITER: 10 END: OK
2019-07-24 19:32:20.245 5111 INFO rally.task.runner [-] Task 20badba6-604b-473b-b911-e2b1164285d5 | ITER: 9 END: OK
2019-07-24 19:32:20.274 1842 INFO rally.task.context [-] Task 20badba6-604b-473b-b911-e2b1164285d5 | Context admin_cleanup@openstack cleanup() started
2019-07-24 19:32:20.276 1842 RALLYDEBUG rally_openstack.cleanup.manager [-] Cleaning up cinder volume_types objects
2019-07-24 19:32:21.017 1842 RALLYDEBUG rally_openstack.cleanup.manager [-] Cleaning up cinder image_volumes_cache objects
2019-07-24 19:32:22.293 1842 RALLYDEBUG rally_openstack.cleanup.manager [-] Cleaning up cinder quotas objects
2019-07-24 19:32:24.193 1842 RALLYDEBUG rally_openstack.cleanup.manager [-] Cleaning up cinder qos_specs objects
2019-07-24 19:32:24.936 1842 RALLYDEBUG rally_openstack.cleanup.manager [-] Deleting cinder.qos_specs object s_rally_437c8e65_peHqcpjR (a6b3e62a-60a4-4fbf-a6b4-d7e7eaa079b1)
2019-07-24 19:32:24.940 1842 RALLYDEBUG rally_openstack.cleanup.manager [-] Deleting cinder.qos_specs object s_rally_437c8e65_XwB6oXRM (7e643359-83f7-49c1-9e11-21a3691ec049)
2019-07-24 19:32:24.947 1842 RALLYDEBUG rally_openstack.cleanup.manager [-] Deleting cinder.qos_specs object s_rally_437c8e65_djPCJXx1 (66f7ee16-ee84-4279-bb2d-b2287db48b10)
2019-07-24 19:32:24.960 1842 RALLYDEBUG rally_openstack.cleanup.manager [-] Deleting cinder.qos_specs object s_rally_437c8e65_BX7kaBhp (bccbd161-01c3-4a48-bc32-de7351fa2b3a)
2019-07-24 19:32:24.970 1842 RALLYDEBUG rally_openstack.cleanup.manager [-] Deleting cinder.qos_specs object s_rally_437c8e65_S6wE2qu9 (03f70341-dd4b-405b-8450-83b49d3e0363)
2019-07-24 19:32:24.971 1842 RALLYDEBUG rally_openstack.cleanup.manager [-] Deleting cinder.qos_specs object s_rally_437c8e65_cNIXLSvg (2159a43a-7c8f-4ea7-b56d-ccccb32a19c6)
2019-07-24 19:32:24.979 1842 RALLYDEBUG rally_openstack.cleanup.manager [-] Deleting cinder.qos_specs object s_rally_437c8e65_I8mzp6PT (e6d2104e-e6d1-4f11-908f-26cd37d6f2e4)
2019-07-24 19:32:24.994 1842 RALLYDEBUG rally_openstack.cleanup.manager [-] Deleting cinder.qos_specs object s_rally_437c8e65_JiJs54Rv (702aeb67-449e-4941-9a0f-ffe8efe0fcff)
2019-07-24 19:32:25.016 1842 RALLYDEBUG rally_openstack.cleanup.manager [-] Deleting cinder.qos_specs object s_rally_437c8e65_gnnlpRZv (3bffc4e1-a1d2-4ba9-847a-a93c3cf49b33)
2019-07-24 19:32:25.027 1842 RALLYDEBUG rally_openstack.cleanup.manager [-] Deleting cinder.qos_specs object s_rally_437c8e65_8BxzvKs2 (0fecb867-da1a-4700-8e92-c75f4b919f45)
2019-07-24 19:32:27.435 1842 INFO rally.task.context [-] Task 20badba6-604b-473b-b911-e2b1164285d5 | Context admin_cleanup@openstack cleanup() finished in 7.16 sec
2019-07-24 19:32:27.436 1842 INFO rally.task.context [-] Task 20badba6-604b-473b-b911-e2b1164285d5 | Context api_versions@openstack cleanup() started
2019-07-24 19:32:27.436 1842 INFO rally.task.context [-] Task 20badba6-604b-473b-b911-e2b1164285d5 | Context api_versions@openstack cleanup() finished in 0.30 msec
2019-07-24 19:32:27.436 1842 INFO rally.task.context [-] Task 20badba6-604b-473b-b911-e2b1164285d5 | Context users@openstack cleanup() started
2019-07-24 19:32:35.583 1842 INFO rally.task.context [-] Task 20badba6-604b-473b-b911-e2b1164285d5 | Context users@openstack cleanup() finished in 8.15 sec
2019-07-24 19:32:35.863 1842 INFO rally.task.engine [-] Load duration is: 3.220741
2019-07-24 19:32:35.863 1842 INFO rally.task.engine [-] Full runner duration is: 3.273294
2019-07-24 19:32:35.864 1842 INFO rally.task.engine [-] Full duration is: 23.86157
2019-07-24 19:32:36.114 1842 INFO rally.task.engine [-] Running workload: position = 0 config = { "version": 2, "title": "A cropped version of a bigger task.", "description": "Auto-generated task from a single workload (uuid=527fbb29-0597-48ab-bb53-35394d8a2231)", "subtasks": [ { "title": "CinderQos.create_and_list_qos", "description": "Create a qos, then list all qos.", "scenario": { "CinderQos.create_and_list_qos": { "consumer": "both", "write_iops_sec": "10", "read_iops_sec": "1000" } }, "contexts": { "users": { "tenants": 3, "users_per_tenant": 2 }, "api_versions": { "cinder": { "version": 3, "service_type": "volumev3" } } }, "runner": { "constant": { "concurrency": 4, "times": 10 } }, "hooks": [], "sla": { "failure_rate": { "max": 0 } } } ] }
2019-07-24 19:32:36.134 1842 RALLYDEBUG rally_openstack.contexts.keystone.users [-] Creating 3 tenants using 20 threads
2019-07-24 19:32:38.050 1842 RALLYDEBUG rally_openstack.contexts.keystone.users [-] Creating 6 users using 20 threads
2019-07-24 19:32:40.910 1842 INFO rally.task.context [-] Task 20badba6-604b-473b-b911-e2b1164285d5 | Context users@openstack setup() finished in 4.78 sec
2019-07-24 19:32:41.345 1842 INFO rally.task.context [-] Task 20badba6-604b-473b-b911-e2b1164285d5 | Context api_versions@openstack setup() finished in 0.44 sec
2019-07-24 19:32:41.346 1842 INFO rally.task.context [-] Task 20badba6-604b-473b-b911-e2b1164285d5 | Context admin_cleanup@openstack setup() finished in 0.00 msec
2019-07-24 19:32:41.349 1842 RALLYDEBUG rally.task.runner [-] Starting the constant runner (task UUID: 20badba6-604b-473b-b911-e2b1164285d5). timeout: 0 concurrency: 4 concurrency_per_worker: 1 times: 10 concurrency_overhead: 0 processes_to_start: 4 max_cpu_used: 16
2019-07-24 19:32:41.361 5294 RALLYDEBUG rally.task.runner [-] Starting a worker. concurrency: 1 args: {"consumer": "both", "write_iops_sec": "10", "read_iops_sec": "1000"} times: 10 method_name: run timeout: 0 duration: None cls:
2019-07-24 19:32:41.363 5295 RALLYDEBUG rally.task.runner [-] Starting a worker. concurrency: 1 args: {"consumer": "both", "write_iops_sec": "10", "read_iops_sec": "1000"} times: 10 method_name: run timeout: 0 duration: None cls:
2019-07-24 19:32:41.364 5296 RALLYDEBUG rally.task.runner [-] Starting a worker. concurrency: 1 args: {"consumer": "both", "write_iops_sec": "10", "read_iops_sec": "1000"} times: 10 method_name: run timeout: 0 duration: None cls:
2019-07-24 19:32:41.366 5297 RALLYDEBUG rally.task.runner [-] Starting a worker. concurrency: 1 args: {"consumer": "both", "write_iops_sec": "10", "read_iops_sec": "1000"} times: 10 method_name: run timeout: 0 duration: None cls:
2019-07-24 19:32:41.369 5294 INFO rally.task.runner [-] Task 20badba6-604b-473b-b911-e2b1164285d5 | ITER: 1 START
2019-07-24 19:32:41.371 5296 INFO rally.task.runner [-] Task 20badba6-604b-473b-b911-e2b1164285d5 | ITER: 3 START
2019-07-24 19:32:41.371 5295 INFO rally.task.runner [-] Task 20badba6-604b-473b-b911-e2b1164285d5 | ITER: 2 START
2019-07-24 19:32:41.373 5297 INFO rally.task.runner [-] Task 20badba6-604b-473b-b911-e2b1164285d5 | ITER: 4 START
2019-07-24 19:32:42.380 5296 INFO rally.task.runner [-] Task 20badba6-604b-473b-b911-e2b1164285d5 | ITER: 3 END: OK
2019-07-24 19:32:42.385 5296 INFO rally.task.runner [-] Task 20badba6-604b-473b-b911-e2b1164285d5 | ITER: 5 START
2019-07-24 19:32:42.458 5294 INFO rally.task.runner [-] Task 20badba6-604b-473b-b911-e2b1164285d5 | ITER: 1 END: OK
2019-07-24 19:32:42.463 5294 INFO rally.task.runner [-] Task 20badba6-604b-473b-b911-e2b1164285d5 | ITER: 6 START
2019-07-24 19:32:42.468 5297 INFO rally.task.runner [-] Task 20badba6-604b-473b-b911-e2b1164285d5 | ITER: 4 END: OK
2019-07-24 19:32:42.474 5297 INFO rally.task.runner [-] Task 20badba6-604b-473b-b911-e2b1164285d5 | ITER: 7 START
2019-07-24 19:32:42.498 5295 INFO rally.task.runner [-] Task 20badba6-604b-473b-b911-e2b1164285d5 | ITER: 2 END: OK
2019-07-24 19:32:42.502 5295 INFO rally.task.runner [-] Task 20badba6-604b-473b-b911-e2b1164285d5 | ITER: 8 START
2019-07-24 19:32:43.451 5294 INFO rally.task.runner [-] Task 20badba6-604b-473b-b911-e2b1164285d5 | ITER: 6 END: OK
2019-07-24 19:32:43.455 5294 INFO rally.task.runner [-] Task 20badba6-604b-473b-b911-e2b1164285d5 | ITER: 9 START
2019-07-24 19:32:43.536 5297 INFO rally.task.runner [-] Task 20badba6-604b-473b-b911-e2b1164285d5 | ITER: 7 END: OK
2019-07-24 19:32:43.541 5297 INFO rally.task.runner [-] Task 20badba6-604b-473b-b911-e2b1164285d5 | ITER: 10 START
2019-07-24 19:32:43.569 5295 INFO rally.task.runner [-] Task 20badba6-604b-473b-b911-e2b1164285d5 | ITER: 8 END: OK
2019-07-24 19:32:43.596 5296 INFO rally.task.runner [-] Task 20badba6-604b-473b-b911-e2b1164285d5 | ITER: 5 END: OK
2019-07-24 19:32:44.529 5294 INFO rally.task.runner [-] Task 20badba6-604b-473b-b911-e2b1164285d5 | ITER: 9 END: OK
2019-07-24 19:32:44.561 5297 INFO rally.task.runner [-] Task 20badba6-604b-473b-b911-e2b1164285d5 | ITER: 10 END: OK
2019-07-24 19:32:44.586 1842 INFO rally.task.context [-] Task 20badba6-604b-473b-b911-e2b1164285d5 | Context admin_cleanup@openstack cleanup() started
2019-07-24 19:32:44.588 1842 RALLYDEBUG rally_openstack.cleanup.manager [-] Cleaning up cinder volume_types objects
2019-07-24 19:32:45.365 1842 RALLYDEBUG rally_openstack.cleanup.manager [-] Cleaning up cinder image_volumes_cache objects
2019-07-24 19:32:46.789 1842 RALLYDEBUG rally_openstack.cleanup.manager [-] Cleaning up cinder quotas objects
2019-07-24 19:32:48.644 1842 RALLYDEBUG rally_openstack.cleanup.manager [-] Cleaning up cinder qos_specs objects
2019-07-24 19:32:49.320 1842 RALLYDEBUG rally_openstack.cleanup.manager [-] Deleting cinder.qos_specs object s_rally_527fbb29_DivVYsFu (bcc70150-4187-4ff7-aa73-154fe0b6b255)
2019-07-24 19:32:49.325 1842 RALLYDEBUG rally_openstack.cleanup.manager [-] Deleting cinder.qos_specs object s_rally_527fbb29_AV21Bxgg (83d8e6cc-ed1c-4f5c-8347-ee4b624f8be4)
2019-07-24 19:32:49.333 1842 RALLYDEBUG rally_openstack.cleanup.manager [-] Deleting cinder.qos_specs object s_rally_527fbb29_cstlepow (76e1d23d-7617-44d3-b73c-b563a3f2452e)
2019-07-24 19:32:49.341 1842 RALLYDEBUG rally_openstack.cleanup.manager [-] Deleting cinder.qos_specs object s_rally_527fbb29_HyQBr5B7 (5c778590-724c-4375-ae2d-fc8bac984518)
2019-07-24 19:32:49.347 1842 RALLYDEBUG rally_openstack.cleanup.manager [-] Deleting cinder.qos_specs object s_rally_527fbb29_gY9deoZD (2b4585dc-9595-4ddf-bb7b-3c4675acc7cd)
2019-07-24 19:32:49.354 1842 RALLYDEBUG rally_openstack.cleanup.manager [-] Deleting cinder.qos_specs object s_rally_527fbb29_YCW1EfWA (0e877fe7-b0b7-49d9-a134-0ff1c6f11718)
2019-07-24 19:32:49.362 1842 RALLYDEBUG rally_openstack.cleanup.manager [-] Deleting cinder.qos_specs object s_rally_527fbb29_uv1Y7dke (eda026f0-3f19-4bfc-b8d6-8002a4bc5d58)
2019-07-24 19:32:49.382 1842 RALLYDEBUG rally_openstack.cleanup.manager [-] Deleting cinder.qos_specs object s_rally_527fbb29_vvmdpKmH (ce67a7d1-df9d-4170-87a3-82b2540a8671)
2019-07-24 19:32:49.395 1842 RALLYDEBUG rally_openstack.cleanup.manager [-] Deleting cinder.qos_specs object s_rally_527fbb29_FBuD6I2o (bd048b6b-5c44-418f-826e-492a05c20593)
2019-07-24 19:32:49.407 1842 RALLYDEBUG rally_openstack.cleanup.manager [-] Deleting cinder.qos_specs object s_rally_527fbb29_WVZqs78E (3175969d-28ce-4252-a9bf-7259a006426f)
2019-07-24 19:32:51.723 1842 INFO rally.task.context [-] Task 20badba6-604b-473b-b911-e2b1164285d5 | Context admin_cleanup@openstack cleanup() finished in 7.14 sec
2019-07-24 19:32:51.723 1842 INFO rally.task.context [-] Task 20badba6-604b-473b-b911-e2b1164285d5 | Context api_versions@openstack cleanup() started
2019-07-24 19:32:51.724 1842 INFO rally.task.context [-] Task 20badba6-604b-473b-b911-e2b1164285d5 | Context api_versions@openstack cleanup() finished in 0.33 msec
2019-07-24 19:32:51.724 1842 INFO rally.task.context [-] Task 20badba6-604b-473b-b911-e2b1164285d5 | Context users@openstack cleanup() started
2019-07-24 19:32:59.864 1842 INFO rally.task.context [-] Task 20badba6-604b-473b-b911-e2b1164285d5 | Context users@openstack cleanup() finished in 8.14 sec
2019-07-24 19:33:00.255 1842 INFO rally.task.engine [-] Load duration is: 3.188503
2019-07-24 19:33:00.256 1842 INFO rally.task.engine [-] Full runner duration is: 3.236534
2019-07-24 19:33:00.256 1842 INFO rally.task.engine [-] Full duration is: 23.732772
2019-07-24 19:33:00.500 1842 INFO rally.task.engine [-] Running workload: position = 0 config = { "version": 2, "title": "A cropped version of a bigger task.", "description": "Auto-generated task from a single workload (uuid=a9155c50-0733-42b8-aca1-a7e536ed3e58)", "subtasks": [ { "title": "CinderQos.create_and_set_qos", "description": "Create a qos, then Add/Update keys in qos specs.", "scenario": { "CinderQos.create_and_set_qos": { "consumer": "back-end", "write_iops_sec": "10", "read_iops_sec": "1000", "set_consumer": "both", "set_write_iops_sec": "11", "set_read_iops_sec": "1001" } }, "contexts": { "users": { "tenants": 3, "users_per_tenant": 2 }, "api_versions": { "cinder": { "version": 3, "service_type": "volumev3" } } }, "runner": { "constant": { "concurrency": 4, "times": 10 } }, "hooks": [], "sla": { "failure_rate": { "max": 0 } } } ] }
2019-07-24 19:33:00.522 1842 RALLYDEBUG rally_openstack.contexts.keystone.users [-] Creating 3 tenants using 20 threads
2019-07-24 19:33:02.481 1842 RALLYDEBUG rally_openstack.contexts.keystone.users [-] Creating 6 users using 20 threads
2019-07-24 19:33:05.386 1842 INFO rally.task.context [-] Task 20badba6-604b-473b-b911-e2b1164285d5 | Context users@openstack setup() finished in 4.86 sec
2019-07-24 19:33:05.821 1842 INFO rally.task.context [-] Task 20badba6-604b-473b-b911-e2b1164285d5 | Context api_versions@openstack setup() finished in 0.43 sec
2019-07-24 19:33:05.821 1842 INFO rally.task.context [-] Task 20badba6-604b-473b-b911-e2b1164285d5 | Context admin_cleanup@openstack setup() finished in 0.01 msec
2019-07-24 19:33:05.828 1842 RALLYDEBUG rally.task.runner [-] Starting the constant runner (task UUID: 20badba6-604b-473b-b911-e2b1164285d5). timeout: 0 concurrency: 4 concurrency_per_worker: 1 times: 10 concurrency_overhead: 0 processes_to_start: 4 max_cpu_used: 16
2019-07-24 19:33:05.842 5478 RALLYDEBUG rally.task.runner [-] Starting a worker. concurrency: 1 args: {"consumer": "back-end", "write_iops_sec": "10", "read_iops_sec": "1000", "set_consumer": "both", "set_write_iops_sec": "11", "set_read_iops_sec": "1001"} times: 10 method_name: run timeout: 0 duration: None cls:
2019-07-24 19:33:05.844 5479 RALLYDEBUG rally.task.runner [-] Starting a worker. concurrency: 1 args: {"consumer": "back-end", "write_iops_sec": "10", "read_iops_sec": "1000", "set_consumer": "both", "set_write_iops_sec": "11", "set_read_iops_sec": "1001"} times: 10 method_name: run timeout: 0 duration: None cls:
2019-07-24 19:33:05.847 5480 RALLYDEBUG rally.task.runner [-] Starting a worker. concurrency: 1 args: {"consumer": "back-end", "write_iops_sec": "10", "read_iops_sec": "1000", "set_consumer": "both", "set_write_iops_sec": "11", "set_read_iops_sec": "1001"} times: 10 method_name: run timeout: 0 duration: None cls:
2019-07-24 19:33:05.849 5478 INFO rally.task.runner [-] Task 20badba6-604b-473b-b911-e2b1164285d5 | ITER: 1 START
2019-07-24 19:33:05.849 5481 RALLYDEBUG rally.task.runner [-] Starting a worker. concurrency: 1 args: {"consumer": "back-end", "write_iops_sec": "10", "read_iops_sec": "1000", "set_consumer": "both", "set_write_iops_sec": "11", "set_read_iops_sec": "1001"} times: 10 method_name: run timeout: 0 duration: None cls:
2019-07-24 19:33:05.852 5479 INFO rally.task.runner [-] Task 20badba6-604b-473b-b911-e2b1164285d5 | ITER: 2 START
2019-07-24 19:33:05.855 5480 INFO rally.task.runner [-] Task 20badba6-604b-473b-b911-e2b1164285d5 | ITER: 3 START
2019-07-24 19:33:05.856 5481 INFO rally.task.runner [-] Task 20badba6-604b-473b-b911-e2b1164285d5 | ITER: 4 START
2019-07-24 19:33:06.895 5479 INFO rally.task.runner [-] Task 20badba6-604b-473b-b911-e2b1164285d5 | ITER: 2 END: OK
2019-07-24 19:33:06.901 5479 INFO rally.task.runner [-] Task 20badba6-604b-473b-b911-e2b1164285d5 | ITER: 5 START
2019-07-24 19:33:06.955 5481 INFO rally.task.runner [-] Task 20badba6-604b-473b-b911-e2b1164285d5 | ITER: 4 END: OK
2019-07-24 19:33:06.959 5481 INFO rally.task.runner [-] Task 20badba6-604b-473b-b911-e2b1164285d5 | ITER: 6 START
2019-07-24 19:33:07.021 5478 INFO rally.task.runner [-] Task 20badba6-604b-473b-b911-e2b1164285d5 | ITER: 1 END: OK
2019-07-24 19:33:07.025 5478 INFO rally.task.runner [-] Task 20badba6-604b-473b-b911-e2b1164285d5 | ITER: 7 START
2019-07-24 19:33:07.201 5480 INFO rally.task.runner [-] Task 20badba6-604b-473b-b911-e2b1164285d5 | ITER: 3 END: OK
2019-07-24 19:33:07.206 5480 INFO rally.task.runner [-] Task 20badba6-604b-473b-b911-e2b1164285d5 | ITER: 8 START
2019-07-24 19:33:08.093 5481 INFO rally.task.runner [-] Task 20badba6-604b-473b-b911-e2b1164285d5 | ITER: 6 END: OK
2019-07-24 19:33:08.098 5481 INFO rally.task.runner [-] Task 20badba6-604b-473b-b911-e2b1164285d5 | ITER: 9 START
2019-07-24 19:33:08.146 5479 INFO rally.task.runner [-] Task 20badba6-604b-473b-b911-e2b1164285d5 | ITER: 5 END: OK
2019-07-24 19:33:08.151 5479 INFO rally.task.runner [-] Task 20badba6-604b-473b-b911-e2b1164285d5 | ITER: 10 START
2019-07-24 19:33:08.153 5478 INFO rally.task.runner [-] Task 20badba6-604b-473b-b911-e2b1164285d5 | ITER: 7 END: OK
2019-07-24 19:33:08.338 5480 INFO rally.task.runner [-] Task 20badba6-604b-473b-b911-e2b1164285d5 | ITER: 8 END: OK
2019-07-24 19:33:09.026 5481 INFO rally.task.runner [-] Task 20badba6-604b-473b-b911-e2b1164285d5 | ITER: 9 END: OK
2019-07-24 19:33:09.188 5479 INFO rally.task.runner [-] Task 20badba6-604b-473b-b911-e2b1164285d5 | ITER: 10 END: OK
2019-07-24 19:33:09.215 1842 INFO rally.task.context [-] Task 20badba6-604b-473b-b911-e2b1164285d5 | Context admin_cleanup@openstack cleanup() started
2019-07-24 19:33:09.218 1842 RALLYDEBUG rally_openstack.cleanup.manager [-] Cleaning up cinder volume_types objects
2019-07-24 19:33:10.013 1842 RALLYDEBUG rally_openstack.cleanup.manager [-] Cleaning up cinder image_volumes_cache objects
2019-07-24 19:33:11.422 1842 RALLYDEBUG rally_openstack.cleanup.manager [-] Cleaning up cinder quotas objects
2019-07-24 19:33:13.434 1842 RALLYDEBUG rally_openstack.cleanup.manager [-] Cleaning up cinder qos_specs objects
2019-07-24 19:33:14.170 1842 RALLYDEBUG rally_openstack.cleanup.manager [-] Deleting cinder.qos_specs object s_rally_a9155c50_JAeG8PWD (dc6209a5-9a53-41c1-99a0-a7a0a5006acc)
2019-07-24 19:33:14.173 1842 RALLYDEBUG rally_openstack.cleanup.manager [-] Deleting cinder.qos_specs object s_rally_a9155c50_gTJn1NFC (2b7994a1-9c05-44f7-8e8f-0eacc5f574b2)
2019-07-24 19:33:14.188 1842 RALLYDEBUG rally_openstack.cleanup.manager [-] Deleting cinder.qos_specs object s_rally_a9155c50_N5M5mKeq (adc76b87-5d5d-4ac3-b71d-45b22e728251)
2019-07-24 19:33:14.188 1842 RALLYDEBUG rally_openstack.cleanup.manager [-] Deleting cinder.qos_specs object s_rally_a9155c50_XPg7WYgr (8b582659-485c-43b2-b0d9-18f19aaef148)
2019-07-24 19:33:14.196 1842 RALLYDEBUG rally_openstack.cleanup.manager [-] Deleting cinder.qos_specs object s_rally_a9155c50_btGSG4Z7 (6b22a6f2-5184-443a-bc9b-c42d26f6d8f7)
2019-07-24 19:33:14.207 1842 RALLYDEBUG rally_openstack.cleanup.manager [-] Deleting cinder.qos_specs object s_rally_a9155c50_MkCngwfr (1c7e25f3-b2ae-42ab-959a-29272705370e)
2019-07-24 19:33:14.221 1842 RALLYDEBUG rally_openstack.cleanup.manager [-] Deleting cinder.qos_specs object s_rally_a9155c50_enuZmHSs (c85c571b-e75b-432e-bb24-cffab62b2b9e)
2019-07-24 19:33:14.235 1842 RALLYDEBUG rally_openstack.cleanup.manager [-] Deleting cinder.qos_specs object s_rally_a9155c50_GpRiFugs (617f3465-636f-4f00-99a6-d16898d9cabf)
2019-07-24 19:33:14.254 1842 RALLYDEBUG rally_openstack.cleanup.manager [-] Deleting cinder.qos_specs object s_rally_a9155c50_XqTsC5jI (3f61c06e-91e4-4cf4-bde3-1212871e8818)
2019-07-24 19:33:14.272 1842 RALLYDEBUG rally_openstack.cleanup.manager [-] Deleting cinder.qos_specs object s_rally_a9155c50_P62lvFiA (2bea038b-9a05-46b5-af7b-627bfefa0f41)
2019-07-24 19:33:16.537 1842 INFO rally.task.context [-] Task 20badba6-604b-473b-b911-e2b1164285d5 | Context admin_cleanup@openstack cleanup() finished in 7.32 sec
2019-07-24 19:33:16.537 1842 INFO rally.task.context [-] Task 20badba6-604b-473b-b911-e2b1164285d5 | Context api_versions@openstack cleanup() started
2019-07-24 19:33:16.538 1842 INFO rally.task.context [-] Task 20badba6-604b-473b-b911-e2b1164285d5 | Context api_versions@openstack cleanup() finished in 0.32 msec
2019-07-24 19:33:16.538 1842 INFO rally.task.context [-] Task 20badba6-604b-473b-b911-e2b1164285d5 | Context users@openstack cleanup() started
2019-07-24 19:33:24.524 1842 INFO rally.task.context [-] Task 20badba6-604b-473b-b911-e2b1164285d5 | Context users@openstack cleanup() finished in 7.99 sec
2019-07-24 19:33:24.650 1842 INFO rally.task.engine [-] Load duration is: 3.335137
2019-07-24 19:33:24.650 1842 INFO rally.task.engine [-] Full runner duration is: 3.386797
2019-07-24 19:33:24.651 1842 INFO rally.task.engine [-] Full duration is: 24.005841
2019-07-24 19:33:24.893 1842 INFO rally.task.engine [-] Running workload: position = 0 config = { "version": 2, "title": "A cropped version of a bigger task.", "description": "Auto-generated task from a single workload (uuid=86b29a3d-bf36-4945-b1ea-dbf16ebcde45)", "subtasks": [ { "title": "CinderVolumeTypes.create_and_get_volume_type", "description": "Create a volume Type, then get the details of the type.", "scenario": { "CinderVolumeTypes.create_and_get_volume_type": { "description": "rally tests creating types" } }, "contexts": { "users": { "tenants": 3, "users_per_tenant": 2 }, "api_versions": { "cinder": { "version": 3, "service_type": "volumev3" } } }, "runner": { "constant": { "concurrency": 4, "times": 10 } }, "hooks": [], "sla": { "failure_rate": { "max": 0 } } } ] }
2019-07-24 19:33:24.916 1842 RALLYDEBUG rally_openstack.contexts.keystone.users [-] Creating 3 tenants using 20 threads
2019-07-24 19:33:26.787 1842 RALLYDEBUG rally_openstack.contexts.keystone.users [-] Creating 6 users using 20 threads
2019-07-24 19:33:29.695 1842 INFO rally.task.context [-] Task 20badba6-604b-473b-b911-e2b1164285d5 | Context users@openstack setup() finished in 4.78 sec
2019-07-24 19:33:30.130 1842 INFO rally.task.context [-] Task 20badba6-604b-473b-b911-e2b1164285d5 | Context api_versions@openstack setup() finished in 0.43 sec
2019-07-24 19:33:30.130 1842 INFO rally.task.context [-] Task 20badba6-604b-473b-b911-e2b1164285d5 | Context admin_cleanup@openstack setup() finished in 0.00 msec
2019-07-24 19:33:30.137 1842 RALLYDEBUG rally.task.runner [-] Starting the constant runner (task UUID: 20badba6-604b-473b-b911-e2b1164285d5). timeout: 0 concurrency: 4 concurrency_per_worker: 1 times: 10 concurrency_overhead: 0 processes_to_start: 4 max_cpu_used: 16
2019-07-24 19:33:30.149 5662 RALLYDEBUG rally.task.runner [-] Starting a worker. concurrency: 1 args: {"description": "rally tests creating types"} times: 10 method_name: run timeout: 0 duration: None cls:
2019-07-24 19:33:30.152 5663 RALLYDEBUG rally.task.runner [-] Starting a worker. concurrency: 1 args: {"description": "rally tests creating types"} times: 10 method_name: run timeout: 0 duration: None cls:
2019-07-24 19:33:30.155 5662 INFO rally.task.runner [-] Task 20badba6-604b-473b-b911-e2b1164285d5 | ITER: 1 START
2019-07-24 19:33:30.155 5664 RALLYDEBUG rally.task.runner [-] Starting a worker. concurrency: 1 args: {"description": "rally tests creating types"} times: 10 method_name: run timeout: 0 duration: None cls:
2019-07-24 19:33:30.159 5663 INFO rally.task.runner [-] Task 20badba6-604b-473b-b911-e2b1164285d5 | ITER: 2 START
2019-07-24 19:33:30.158 5665 RALLYDEBUG rally.task.runner [-] Starting a worker. concurrency: 1 args: {"description": "rally tests creating types"} times: 10 method_name: run timeout: 0 duration: None cls:
2019-07-24 19:33:30.162 5664 INFO rally.task.runner [-] Task 20badba6-604b-473b-b911-e2b1164285d5 | ITER: 3 START
2019-07-24 19:33:30.166 5665 INFO rally.task.runner [-] Task 20badba6-604b-473b-b911-e2b1164285d5 | ITER: 4 START
2019-07-24 19:33:31.252 5662 INFO rally.task.runner [-] Task 20badba6-604b-473b-b911-e2b1164285d5 | ITER: 1 END: OK
2019-07-24 19:33:31.257 5662 INFO rally.task.runner [-] Task 20badba6-604b-473b-b911-e2b1164285d5 | ITER: 5 START
2019-07-24 19:33:31.298 5665 INFO rally.task.runner [-] Task 20badba6-604b-473b-b911-e2b1164285d5 | ITER: 4 END: OK
2019-07-24 19:33:31.304 5665 INFO rally.task.runner [-] Task 20badba6-604b-473b-b911-e2b1164285d5 | ITER: 6 START
2019-07-24 19:33:31.350 5664 INFO rally.task.runner [-] Task 20badba6-604b-473b-b911-e2b1164285d5 | ITER: 3 END: OK
2019-07-24 19:33:31.355 5664 INFO rally.task.runner [-] Task 20badba6-604b-473b-b911-e2b1164285d5 | ITER: 7 START
2019-07-24 19:33:31.361 5663 INFO rally.task.runner [-] Task 20badba6-604b-473b-b911-e2b1164285d5 | ITER: 2 END: OK
2019-07-24 19:33:31.366 5663 INFO rally.task.runner [-] Task 20badba6-604b-473b-b911-e2b1164285d5 | ITER: 8 START
2019-07-24 19:33:32.375 5662 INFO rally.task.runner [-] Task 20badba6-604b-473b-b911-e2b1164285d5 | ITER: 5 END: OK
2019-07-24 19:33:32.380 5662 INFO rally.task.runner [-] Task 20badba6-604b-473b-b911-e2b1164285d5 | ITER: 9 START
2019-07-24 19:33:32.381 5665 INFO rally.task.runner [-] Task 20badba6-604b-473b-b911-e2b1164285d5 | ITER: 6 END: OK
2019-07-24 19:33:32.386 5665 INFO rally.task.runner [-] Task 20badba6-604b-473b-b911-e2b1164285d5 | ITER: 10 START
2019-07-24 19:33:32.451 5663 INFO rally.task.runner [-] Task 20badba6-604b-473b-b911-e2b1164285d5 | ITER: 8 END: OK
2019-07-24 19:33:32.482 5664 INFO rally.task.runner [-] Task 20badba6-604b-473b-b911-e2b1164285d5 | ITER: 7 END: OK
2019-07-24 19:33:33.475 5665 INFO rally.task.runner [-] Task 20badba6-604b-473b-b911-e2b1164285d5 | ITER: 10 END: OK
2019-07-24 19:33:33.477 5662 INFO rally.task.runner [-] Task 20badba6-604b-473b-b911-e2b1164285d5 | ITER: 9 END: OK
2019-07-24 19:33:33.502 1842 INFO rally.task.context [-] Task 20badba6-604b-473b-b911-e2b1164285d5 | Context admin_cleanup@openstack cleanup() started
2019-07-24 19:33:33.505 1842 RALLYDEBUG rally_openstack.cleanup.manager [-] Cleaning up cinder volume_types objects
2019-07-24 19:33:34.269 1842 RALLYDEBUG rally_openstack.cleanup.manager [-] Deleting cinder.volume_types object s_rally_86b29a3d_OuYPLW8l (e71c0f9e-03cf-4568-9c18-686fbe0ad08f)
2019-07-24 19:33:34.274 1842 RALLYDEBUG rally_openstack.cleanup.manager [-] Deleting cinder.volume_types object s_rally_86b29a3d_IozY8O5J (acd650e7-a26d-456d-bc99-73eb9df8016c)
2019-07-24 19:33:34.280 1842 RALLYDEBUG rally_openstack.cleanup.manager [-] Deleting cinder.volume_types object s_rally_86b29a3d_xnRhsz8o (478fd1ee-046d-494a-af26-c95768c82512)
2019-07-24 19:33:34.282 1842 RALLYDEBUG rally_openstack.cleanup.manager [-] Deleting cinder.volume_types object s_rally_86b29a3d_tSLmRZck (724ba1e2-3602-44d5-8931-521b120c7fcc)
2019-07-24 19:33:34.288 1842 RALLYDEBUG rally_openstack.cleanup.manager [-] Deleting cinder.volume_types object s_rally_86b29a3d_MeBwYzWY (99090e87-2f37-43d4-a632-db6c17afd79a)
2019-07-24 19:33:34.291 1842 RALLYDEBUG rally_openstack.cleanup.manager [-] Deleting cinder.volume_types object s_rally_86b29a3d_QZvzYs9c (9f56dc41-d68f-4166-a54c-6a35afbdece8)
2019-07-24 19:33:34.293 1842 RALLYDEBUG rally_openstack.cleanup.manager [-] Deleting cinder.volume_types object s_rally_86b29a3d_gmKqZwCx (6703cbfc-5e0b-48a3-97fa-f7f4d9e755d3)
2019-07-24 19:33:34.295 1842 RALLYDEBUG rally_openstack.cleanup.manager [-] Deleting cinder.volume_types object s_rally_86b29a3d_gjnuWolP (d17faeb2-f85f-4271-bd16-2f5ae2580e59)
2019-07-24 19:33:34.304 1842 RALLYDEBUG rally_openstack.cleanup.manager [-] Deleting cinder.volume_types object s_rally_86b29a3d_F9ZIvp8A (19d129e4-6a65-4495-a947-c46a7a95c63d)
2019-07-24 19:33:34.317 1842 RALLYDEBUG rally_openstack.cleanup.manager [-] Deleting cinder.volume_types object s_rally_86b29a3d_puDUeeWd (4726d754-c8af-4959-b19c-8609f1e5993a)
2019-07-24 19:33:36.802 1842 RALLYDEBUG rally_openstack.cleanup.manager [-] Cleaning up cinder image_volumes_cache objects
2019-07-24 19:33:38.146 1842 RALLYDEBUG rally_openstack.cleanup.manager [-] Cleaning up cinder quotas objects
2019-07-24 19:33:40.110 1842 RALLYDEBUG rally_openstack.cleanup.manager [-] Cleaning up cinder qos_specs objects
2019-07-24 19:33:40.844 1842 INFO rally.task.context [-] Task 20badba6-604b-473b-b911-e2b1164285d5 | Context admin_cleanup@openstack cleanup() finished in 7.34 sec
2019-07-24 19:33:40.845 1842 INFO rally.task.context [-] Task 20badba6-604b-473b-b911-e2b1164285d5 | Context api_versions@openstack cleanup() started
2019-07-24 19:33:40.845 1842 INFO rally.task.context [-] Task 20badba6-604b-473b-b911-e2b1164285d5 | Context api_versions@openstack cleanup() finished in 0.33 msec
2019-07-24 19:33:40.845 1842 INFO rally.task.context [-] Task 20badba6-604b-473b-b911-e2b1164285d5 | Context users@openstack cleanup() started
2019-07-24 19:33:48.662 1842 INFO rally.task.context [-] Task 20badba6-604b-473b-b911-e2b1164285d5 | Context users@openstack cleanup() finished in 7.82 sec
2019-07-24 19:33:49.063 1842 INFO rally.task.engine [-] Load duration is: 3.319115
2019-07-24 19:33:49.063 1842 INFO rally.task.engine [-] Full runner duration is: 3.365094
2019-07-24 19:33:49.064 1842 INFO rally.task.engine [-] Full duration is: 23.749945
2019-07-24 19:33:49.279 1842 INFO rally.task.engine [-] Running workload: position = 0 config = { "version": 2, "title": "A cropped version of a bigger task.", "description": "Auto-generated task from a single workload (uuid=42225c4a-40de-49a6-8484-c7d1d8eeaadc)", "subtasks": [ { "title": "CinderVolumeTypes.create_and_list_volume_types", "description": "Create a volume Type, then list all types.", "scenario": { "CinderVolumeTypes.create_and_list_volume_types": { "description": "rally tests creating types" } }, "contexts": { "users": { "tenants": 3, "users_per_tenant": 2 }, "api_versions": { "cinder": { "version": 3, "service_type": "volumev3" } } }, "runner": { "constant": { "concurrency": 4, "times": 10 } }, "hooks": [], "sla": { "failure_rate": { "max": 0 } } } ] }
2019-07-24 19:33:49.302 1842 RALLYDEBUG rally_openstack.contexts.keystone.users [-] Creating 3 tenants using 20 threads
2019-07-24 19:33:51.056 1842 RALLYDEBUG rally_openstack.contexts.keystone.users [-] Creating 6 users using 20 threads
2019-07-24 19:33:53.861 1842 INFO rally.task.context [-] Task 20badba6-604b-473b-b911-e2b1164285d5 | Context users@openstack setup() finished in 4.56 sec
2019-07-24 19:33:54.292 1842 INFO rally.task.context [-] Task 20badba6-604b-473b-b911-e2b1164285d5 | Context api_versions@openstack setup() finished in 0.43 sec
2019-07-24 19:33:54.292 1842 INFO rally.task.context [-] Task 20badba6-604b-473b-b911-e2b1164285d5 | Context admin_cleanup@openstack setup() finished in 0.01 msec
2019-07-24 19:33:54.299 1842 RALLYDEBUG rally.task.runner [-] Starting the constant runner (task UUID: 20badba6-604b-473b-b911-e2b1164285d5). timeout: 0 concurrency: 4 concurrency_per_worker: 1 times: 10 concurrency_overhead: 0 processes_to_start: 4 max_cpu_used: 16
2019-07-24 19:33:54.312 5846 RALLYDEBUG rally.task.runner [-] Starting a worker. concurrency: 1 args: {"description": "rally tests creating types"} times: 10 method_name: run timeout: 0 duration: None cls:
2019-07-24 19:33:54.314 5848 RALLYDEBUG rally.task.runner [-] Starting a worker. concurrency: 1 args: {"description": "rally tests creating types"} times: 10 method_name: run timeout: 0 duration: None cls:
2019-07-24 19:33:54.314 5847 RALLYDEBUG rally.task.runner [-] Starting a worker. concurrency: 1 args: {"description": "rally tests creating types"} times: 10 method_name: run timeout: 0 duration: None cls:
2019-07-24 19:33:54.317 5849 RALLYDEBUG rally.task.runner [-] Starting a worker. concurrency: 1 args: {"description": "rally tests creating types"} times: 10 method_name: run timeout: 0 duration: None cls:
2019-07-24 19:33:54.319 5848 INFO rally.task.runner [-] Task 20badba6-604b-473b-b911-e2b1164285d5 | ITER: 2 START
2019-07-24 19:33:54.319 5846 INFO rally.task.runner [-] Task 20badba6-604b-473b-b911-e2b1164285d5 | ITER: 1 START
2019-07-24 19:33:54.320 5849 INFO rally.task.runner [-] Task 20badba6-604b-473b-b911-e2b1164285d5 | ITER: 4 START
2019-07-24 19:33:54.321 5847 INFO rally.task.runner [-] Task 20badba6-604b-473b-b911-e2b1164285d5 | ITER: 3 START
2019-07-24 19:33:55.372 5849 INFO rally.task.runner [-] Task 20badba6-604b-473b-b911-e2b1164285d5 | ITER: 4 END: OK
2019-07-24 19:33:55.378 5849 INFO rally.task.runner [-] Task 20badba6-604b-473b-b911-e2b1164285d5 | ITER: 5 START
2019-07-24 19:33:55.385 5846 INFO rally.task.runner [-] Task 20badba6-604b-473b-b911-e2b1164285d5 | ITER: 1 END: OK
2019-07-24 19:33:55.390 5846 INFO rally.task.runner [-] Task 20badba6-604b-473b-b911-e2b1164285d5 | ITER: 6 START
2019-07-24 19:33:55.439 5848 INFO rally.task.runner [-] Task 20badba6-604b-473b-b911-e2b1164285d5 | ITER: 2 END: OK
2019-07-24 19:33:55.443 5848 INFO rally.task.runner [-] Task 20badba6-604b-473b-b911-e2b1164285d5 | ITER: 7 START
2019-07-24 19:33:55.449 5847 INFO rally.task.runner [-] Task 20badba6-604b-473b-b911-e2b1164285d5 | ITER: 3 END: OK
2019-07-24 19:33:55.454 5847 INFO rally.task.runner [-] Task 20badba6-604b-473b-b911-e2b1164285d5 | ITER: 8 START
2019-07-24 19:33:56.440 5847 INFO rally.task.runner [-] Task 20badba6-604b-473b-b911-e2b1164285d5 | ITER: 8 END: OK
2019-07-24 19:33:56.444 5847 INFO rally.task.runner [-] Task 20badba6-604b-473b-b911-e2b1164285d5 | ITER: 9 START
2019-07-24 19:33:56.453 5846 INFO rally.task.runner [-] Task 20badba6-604b-473b-b911-e2b1164285d5 | ITER: 6 END: OK
