2019-07-24 19:00:46.007 7 RALLYDEBUG rally.api [-] INFO logs from urllib3 and requests module are hide.
2019-07-24 19:00:46.007 7 RALLYDEBUG rally.api [-] urllib3 insecure warnings are hidden.
2019-07-24 19:00:46.007 7 RALLYDEBUG rally.api [-] ERROR log from boto module is hide.
2019-07-24 19:00:47.203 7 ERROR rally.cli.cliutils [-] Unexpected exception in CLI: DBRecordNotFound: Record for uuid or name is opnfv-rally not found in table envs
2019-07-24 19:00:47.203 7 ERROR rally.cli.cliutils
Traceback (most recent call last):
2019-07-24 19:00:47.203 7 ERROR rally.cli.cliutils
File "/usr/lib/python2.7/site-packages/rally/cli/cliutils.py", line 674, in run
2019-07-24 19:00:47.203 7 ERROR rally.cli.cliutils ret = fn(*fn_args, **fn_kwargs)
2019-07-24 19:00:47.203 7 ERROR rally.cli.cliutils File "", line 2, in destroy
2019-07-24 19:00:47.203 7 ERROR rally.cli.cliutils
File "/usr/lib/python2.7/site-packages/rally/cli/envutils.py", line 69, in default_from_global
2019-07-24 19:00:47.203 7 ERROR rally.cli.cliutils return f(*args, **kwargs)
2019-07-24 19:00:47.203 7 ERROR rally.cli.cliutils File "", line 2, in destroy
2019-07-24 19:00:47.203 7 ERROR rally.cli.cliutils
File "/usr/lib/python2.7/site-packages/rally/plugins/__init__.py", line 51, in ensure_plugins_are_loaded
2019-07-24 19:00:47.203 7 ERROR rally.cli.cliutils return f(*args, **kwargs)
2019-07-24 19:00:47.203 7 ERROR rally.cli.cliutils
File "/usr/lib/python2.7/site-packages/rally/cli/commands/deployment.py", line 140, in destroy
2019-07-24 19:00:47.203 7 ERROR rally.cli.cliutils api.deployment.destroy(deployment=deployment)
2019-07-24 19:00:47.203 7 ERROR rally.cli.cliutils
File "/usr/lib/python2.7/site-packages/rally/api.py", line 115, in destroy
2019-07-24 19:00:47.203 7 ERROR rally.cli.cliutils deploy = objects.Deployment.get(deployment)
2019-07-24 19:00:47.203 7 ERROR rally.cli.cliutils
File "/usr/lib/python2.7/site-packages/rally/common/objects/deploy.py", line 124, in get
2019-07-24 19:00:47.203 7 ERROR rally.cli.cliutils return Deployment(env_mgr.EnvManager.get(deploy))
2019-07-24 19:00:47.203 7 ERROR rally.cli.cliutils
File "/usr/lib/python2.7/site-packages/rally/env/env_mgr.py", line 212, in get
2019-07-24 19:00:47.203 7 ERROR rally.cli.cliutils return cls(db.env_get(uuid_or_name))
2019-07-24 19:00:47.203 7 ERROR rally.cli.cliutils
File "/usr/lib/python2.7/site-packages/rally/common/db/api.py", line 135, in wrapper
2019-07-24 19:00:47.203 7 ERROR rally.cli.cliutils result = f(session, *args, **kwargs)
2019-07-24 19:00:47.203 7 ERROR rally.cli.cliutils
File "/usr/lib/python2.7/site-packages/rally/common/db/api.py", line 521, in env_get
2019-07-24 19:00:47.203 7 ERROR rally.cli.cliutils criteria="uuid or name is %s" % uuid_or_name, table="envs")
2019-07-24 19:00:47.203 7 ERROR rally.cli.cliutils DBRecordNotFound: Record for uuid or name is opnfv-rally not found in table envs
2019-07-24 19:00:47.203 7 ERROR rally.cli.cliutils
2019-07-24 19:00:47.937 9 RALLYDEBUG rally.api [-] INFO logs from urllib3 and requests module are hide.
2019-07-24 19:00:47.937 9 RALLYDEBUG rally.api [-] urllib3 insecure warnings are hidden.
2019-07-24 19:00:47.937 9 RALLYDEBUG rally.api [-] ERROR log from boto module is hide.
2019-07-24 19:00:49.083 9 WARNING rally_openstack.platforms.existing [-] endpoint is deprecated and not used.
2019-07-24 19:00:50.000 11 RALLYDEBUG rally.api [-] INFO logs from urllib3 and requests module are hide.
2019-07-24 19:00:50.000 11 RALLYDEBUG rally.api [-] urllib3 insecure warnings are hidden.
2019-07-24 19:00:50.000 11 RALLYDEBUG rally.api [-] ERROR log from boto module is hide.
2019-07-24 19:00:53.308 14 RALLYDEBUG rally.api [-] INFO logs from urllib3 and requests module are hide.
2019-07-24 19:00:53.308 14 RALLYDEBUG rally.api [-] urllib3 insecure warnings are hidden.
2019-07-24 19:00:53.308 14 RALLYDEBUG rally.api [-] ERROR log from boto module is hide.
2019-07-24 19:00:55.039 16 RALLYDEBUG rally.api [-] INFO logs from urllib3 and requests module are hide.
2019-07-24 19:00:55.039 16 RALLYDEBUG rally.api [-] urllib3 insecure warnings are hidden.
2019-07-24 19:00:55.040 16 RALLYDEBUG rally.api [-] ERROR log from boto module is hide.
2019-07-24 19:00:56.273 16 INFO rally.task.engine [-] Task 7cbfb67a-7b0c-4347-a092-594dcda80ca7 | Starting: Task validation.
2019-07-24 19:00:56.308 16 INFO rally.task.engine [-] Task 7cbfb67a-7b0c-4347-a092-594dcda80ca7 | Starting: Task validation of syntax.
2019-07-24 19:00:56.364 16 INFO rally.task.engine [-] Task 7cbfb67a-7b0c-4347-a092-594dcda80ca7 | Completed: Task validation of syntax.
2019-07-24 19:00:56.365 16 INFO rally.task.engine [-] Task 7cbfb67a-7b0c-4347-a092-594dcda80ca7 | Starting: Task validation of required platforms.
2019-07-24 19:00:56.394 16 INFO rally.task.engine [-] Task 7cbfb67a-7b0c-4347-a092-594dcda80ca7 | Completed: Task validation of required platforms.
2019-07-24 19:00:56.394 16 INFO rally.task.engine [-] Task 7cbfb67a-7b0c-4347-a092-594dcda80ca7 | Starting: Task validation of semantic.
2019-07-24 19:00:56.394 16 INFO rally.task.engine [-] Check health of the environment '4b8e74e0-5394-448c-825f-d1797a946065'.
2019-07-24 19:00:57.222 16 INFO rally.task.engine [-] Platform existing@openstack (available: True): OK!
2019-07-24 19:00:57.252 16 RALLYDEBUG rally_openstack.contexts.keystone.users [-] Creating 1 tenants using 20 threads
2019-07-24 19:00:59.413 16 RALLYDEBUG rally_openstack.contexts.keystone.users [-] Creating 1 users using 20 threads
2019-07-24 19:01:02.180 16 INFO rally.task.context [-] Task 7cbfb67a-7b0c-4347-a092-594dcda80ca7 | Context users@openstack setup() finished in 4.93 sec
2019-07-24 19:01:02.230 16 INFO rally.task.context [-] Task 7cbfb67a-7b0c-4347-a092-594dcda80ca7 | Context users@openstack cleanup() started
2019-07-24 19:01:07.376 16 INFO rally.task.context [-] Task 7cbfb67a-7b0c-4347-a092-594dcda80ca7 | Context users@openstack cleanup() finished in 5.15 sec
2019-07-24 19:01:07.376 16 INFO rally.task.engine [-] Task 7cbfb67a-7b0c-4347-a092-594dcda80ca7 | Completed: Task validation of semantic.
2019-07-24 19:01:07.377 16 INFO rally.task.engine [-] Task 7cbfb67a-7b0c-4347-a092-594dcda80ca7 | Completed: Task validation.
2019-07-24 19:01:07.377 16 INFO rally.api [-] Task 7cbfb67a-7b0c-4347-a092-594dcda80ca7 input file is valid.
2019-07-24 19:01:07.378 16 INFO rally.api [-] Run Task 7cbfb67a-7b0c-4347-a092-594dcda80ca7 against Deployment 4b8e74e0-5394-448c-825f-d1797a946065
2019-07-24 19:01:07.378 16 INFO rally.task.engine [-] Task 7cbfb67a-7b0c-4347-a092-594dcda80ca7 | Starting: Running task.
2019-07-24 19:01:07.526 16 INFO rally.task.engine [-] Running workload: position = 0 config = { "version": 2, "title": "A cropped version of a bigger task.", "description": "Auto-generated task from a single workload (uuid=adb37b25-7073-4ee0-ab21-1b35c9c14f2f)", "subtasks": [ { "title": "Authenticate.keystone", "description": "Check Keystone Client.", "scenario": { "Authenticate.keystone": {} }, "contexts": { "users": { "tenants": 3, "users_per_tenant": 2 } }, "runner": { "constant": { "concurrency": 4, "times": 10 } }, "hooks": [], "sla": { "failure_rate": { "max": 0 } } } ] }
2019-07-24 19:01:07.546 16 RALLYDEBUG rally_openstack.contexts.keystone.users [-] Creating 3 tenants using 20 threads
2019-07-24 19:01:09.538 16 RALLYDEBUG rally_openstack.contexts.keystone.users [-] Creating 6 users using 20 threads
2019-07-24 19:01:12.358 16 INFO rally.task.context [-] Task 7cbfb67a-7b0c-4347-a092-594dcda80ca7 | Context users@openstack setup() finished in 4.81 sec
2019-07-24 19:01:12.365 16 RALLYDEBUG rally.task.runner [-] Starting the constant runner (task UUID: 7cbfb67a-7b0c-4347-a092-594dcda80ca7). timeout: 0 concurrency: 4 concurrency_per_worker: 1 times: 10 concurrency_overhead: 0 processes_to_start: 4 max_cpu_used: 16
2019-07-24 19:01:12.377 140 RALLYDEBUG rally.task.runner [-] Starting a worker. concurrency: 1 args: {} times: 10 method_name: run timeout: 0 duration: None cls:
2019-07-24 19:01:12.381 140 INFO rally.task.runner [-] Task 7cbfb67a-7b0c-4347-a092-594dcda80ca7 | ITER: 1 START
2019-07-24 19:01:12.380 141 RALLYDEBUG rally.task.runner [-] Starting a worker. concurrency: 1 args: {} times: 10 method_name: run timeout: 0 duration: None cls:
2019-07-24 19:01:12.384 142 RALLYDEBUG rally.task.runner [-] Starting a worker. concurrency: 1 args: {} times: 10 method_name: run timeout: 0 duration: None cls:
2019-07-24 19:01:12.386 141 INFO rally.task.runner [-] Task 7cbfb67a-7b0c-4347-a092-594dcda80ca7 | ITER: 2 START
2019-07-24 19:01:12.385 144 RALLYDEBUG rally.task.runner [-] Starting a worker. concurrency: 1 args: {} times: 10 method_name: run timeout: 0 duration: None cls:
2019-07-24 19:01:12.389 142 INFO rally.task.runner [-] Task 7cbfb67a-7b0c-4347-a092-594dcda80ca7 | ITER: 3 START
2019-07-24 19:01:12.390 144 INFO rally.task.runner [-] Task 7cbfb67a-7b0c-4347-a092-594dcda80ca7 | ITER: 4 START
2019-07-24 19:01:12.974 142 INFO rally.task.runner [-] Task 7cbfb67a-7b0c-4347-a092-594dcda80ca7 | ITER: 3 END: OK
2019-07-24 19:01:12.978 142 INFO rally.task.runner [-] Task 7cbfb67a-7b0c-4347-a092-594dcda80ca7 | ITER: 5 START
2019-07-24 19:01:12.983 140 INFO rally.task.runner [-] Task 7cbfb67a-7b0c-4347-a092-594dcda80ca7 | ITER: 1 END: OK
2019-07-24 19:01:12.986 140 INFO rally.task.runner [-] Task 7cbfb67a-7b0c-4347-a092-594dcda80ca7 | ITER: 6 START
2019-07-24 19:01:12.987 144 INFO rally.task.runner [-] Task 7cbfb67a-7b0c-4347-a092-594dcda80ca7 | ITER: 4 END: OK
2019-07-24 19:01:12.990 144 INFO rally.task.runner [-] Task 7cbfb67a-7b0c-4347-a092-594dcda80ca7 | ITER: 7 START
2019-07-24 19:01:12.997 141 INFO rally.task.runner [-] Task 7cbfb67a-7b0c-4347-a092-594dcda80ca7 | ITER: 2 END: OK
2019-07-24 19:01:13.001 141 INFO rally.task.runner [-] Task 7cbfb67a-7b0c-4347-a092-594dcda80ca7 | ITER: 8 START
2019-07-24 19:01:13.571 140 INFO rally.task.runner [-] Task 7cbfb67a-7b0c-4347-a092-594dcda80ca7 | ITER: 6 END: OK
2019-07-24 19:01:13.574 140 INFO rally.task.runner [-] Task 7cbfb67a-7b0c-4347-a092-594dcda80ca7 | ITER: 9 START
2019-07-24 19:01:13.576 144 INFO rally.task.runner [-] Task 7cbfb67a-7b0c-4347-a092-594dcda80ca7 | ITER: 7 END: OK
2019-07-24 19:01:13.578 141 INFO rally.task.runner [-] Task 7cbfb67a-7b0c-4347-a092-594dcda80ca7 | ITER: 8 END: OK
2019-07-24 19:01:13.579 144 INFO rally.task.runner [-] Task 7cbfb67a-7b0c-4347-a092-594dcda80ca7 | ITER: 10 START
2019-07-24 19:01:13.584 142 INFO rally.task.runner [-] Task 7cbfb67a-7b0c-4347-a092-594dcda80ca7 | ITER: 5 END: OK
2019-07-24 19:01:14.178 140 INFO rally.task.runner [-] Task 7cbfb67a-7b0c-4347-a092-594dcda80ca7 | ITER: 9 END: OK
2019-07-24 19:01:14.184 144 INFO rally.task.runner [-] Task 7cbfb67a-7b0c-4347-a092-594dcda80ca7 | ITER: 10 END: OK
2019-07-24 19:01:14.210 16 INFO rally.task.context [-] Task 7cbfb67a-7b0c-4347-a092-594dcda80ca7 | Context users@openstack cleanup() started
2019-07-24 19:01:21.897 16 INFO rally.task.context [-] Task 7cbfb67a-7b0c-4347-a092-594dcda80ca7 | Context users@openstack cleanup() finished in 7.69 sec
2019-07-24 19:01:23.662 16 INFO rally.task.engine [-] Load duration is: 1.802008
2019-07-24 19:01:23.662 16 INFO rally.task.engine [-] Full runner duration is: 1.846063
2019-07-24 19:01:23.663 16 INFO rally.task.engine [-] Full duration is: 14.354014
2019-07-24 19:01:23.891 16 INFO rally.task.engine [-] Running workload: position = 0 config = { "version": 2, "title": "A cropped version of a bigger task.", "description": "Auto-generated task from a single workload (uuid=59e5d33a-9f8f-4b82-badf-2b76532b811b)", "subtasks": [ { "title": "Authenticate.validate_cinder", "description": "Check Cinder Client to ensure validation of token.", "scenario": { "Authenticate.validate_cinder": { "repetitions": 2 } }, "contexts": { "users": { "tenants": 3, "users_per_tenant": 2 } }, "runner": { "constant": { "concurrency": 4, "times": 10 } }, "hooks": [], "sla": { "failure_rate": { "max": 0 } } } ] }
2019-07-24 19:01:23.913 16 RALLYDEBUG rally_openstack.contexts.keystone.users [-] Creating 3 tenants using 20 threads
2019-07-24 19:01:25.825 16 RALLYDEBUG rally_openstack.contexts.keystone.users [-] Creating 6 users using 20 threads
2019-07-24 19:01:28.629 16 INFO rally.task.context [-] Task 7cbfb67a-7b0c-4347-a092-594dcda80ca7 | Context users@openstack setup() finished in 4.72 sec
2019-07-24 19:01:28.635 16 RALLYDEBUG rally.task.runner [-] Starting the constant runner (task UUID: 7cbfb67a-7b0c-4347-a092-594dcda80ca7). timeout: 0 concurrency: 4 concurrency_per_worker: 1 times: 10 concurrency_overhead: 0 processes_to_start: 4 max_cpu_used: 16
2019-07-24 19:01:28.647 244 RALLYDEBUG rally.task.runner [-] Starting a worker. concurrency: 1 args: {"repetitions": 2} times: 10 method_name: run timeout: 0 duration: None cls:
2019-07-24 19:01:28.649 245 RALLYDEBUG rally.task.runner [-] Starting a worker. concurrency: 1 args: {"repetitions": 2} times: 10 method_name: run timeout: 0 duration: None cls:
2019-07-24 19:01:28.651 246 RALLYDEBUG rally.task.runner [-] Starting a worker. concurrency: 1 args: {"repetitions": 2} times: 10 method_name: run timeout: 0 duration: None cls:
2019-07-24 19:01:28.652 244 INFO rally.task.runner [-] Task 7cbfb67a-7b0c-4347-a092-594dcda80ca7 | ITER: 1 START
2019-07-24 19:01:28.652 247 RALLYDEBUG rally.task.runner [-] Starting a worker. concurrency: 1 args: {"repetitions": 2} times: 10 method_name: run timeout: 0 duration: None cls:
2019-07-24 19:01:28.655 245 INFO rally.task.runner [-] Task 7cbfb67a-7b0c-4347-a092-594dcda80ca7 | ITER: 2 START
2019-07-24 19:01:28.656 247 INFO rally.task.runner [-] Task 7cbfb67a-7b0c-4347-a092-594dcda80ca7 | ITER: 4 START
2019-07-24 19:01:28.657 246 INFO rally.task.runner [-] Task 7cbfb67a-7b0c-4347-a092-594dcda80ca7 | ITER: 3 START
2019-07-24 19:01:30.562 245 INFO rally.task.runner [-] Task 7cbfb67a-7b0c-4347-a092-594dcda80ca7 | ITER: 2 END: OK
2019-07-24 19:01:30.566 245 INFO rally.task.runner [-] Task 7cbfb67a-7b0c-4347-a092-594dcda80ca7 | ITER: 5 START
2019-07-24 19:01:30.568 247 INFO rally.task.runner [-] Task 7cbfb67a-7b0c-4347-a092-594dcda80ca7 | ITER: 4 END: OK
2019-07-24 19:01:30.573 247 INFO rally.task.runner [-] Task 7cbfb67a-7b0c-4347-a092-594dcda80ca7 | ITER: 6 START
2019-07-24 19:01:30.585 246 INFO rally.task.runner [-] Task 7cbfb67a-7b0c-4347-a092-594dcda80ca7 | ITER: 3 END: OK
2019-07-24 19:01:30.589 246 INFO rally.task.runner [-] Task 7cbfb67a-7b0c-4347-a092-594dcda80ca7 | ITER: 7 START
2019-07-24 19:01:30.921 244 INFO rally.task.runner [-] Task 7cbfb67a-7b0c-4347-a092-594dcda80ca7 | ITER: 1 END: OK
2019-07-24 19:01:30.925 244 INFO rally.task.runner [-] Task 7cbfb67a-7b0c-4347-a092-594dcda80ca7 | ITER: 8 START
2019-07-24 19:01:31.908 245 INFO rally.task.runner [-] Task 7cbfb67a-7b0c-4347-a092-594dcda80ca7 | ITER: 5 END: OK
2019-07-24 19:01:31.911 245 INFO rally.task.runner [-] Task 7cbfb67a-7b0c-4347-a092-594dcda80ca7 | ITER: 9 START
2019-07-24 19:01:32.038 246 INFO rally.task.runner [-] Task 7cbfb67a-7b0c-4347-a092-594dcda80ca7 | ITER: 7 END: OK
2019-07-24 19:01:32.041 246 INFO rally.task.runner [-] Task 7cbfb67a-7b0c-4347-a092-594dcda80ca7 | ITER: 10 START
2019-07-24 19:01:32.528 247 INFO rally.task.runner [-] Task 7cbfb67a-7b0c-4347-a092-594dcda80ca7 | ITER: 6 END: OK
2019-07-24 19:01:32.758 244 INFO rally.task.runner [-] Task 7cbfb67a-7b0c-4347-a092-594dcda80ca7 | ITER: 8 END: OK
2019-07-24 19:01:32.903 245 INFO rally.task.runner [-] Task 7cbfb67a-7b0c-4347-a092-594dcda80ca7 | ITER: 9 END: OK
2019-07-24 19:01:33.489 246 INFO rally.task.runner [-] Task 7cbfb67a-7b0c-4347-a092-594dcda80ca7 | ITER: 10 END: OK
2019-07-24 19:01:33.513 16 INFO rally.task.context [-] Task 7cbfb67a-7b0c-4347-a092-594dcda80ca7 | Context users@openstack cleanup() started
2019-07-24 19:01:41.573 16 INFO rally.task.context [-] Task 7cbfb67a-7b0c-4347-a092-594dcda80ca7 | Context users@openstack cleanup() finished in 8.06 sec
2019-07-24 19:01:41.998 16 INFO rally.task.engine [-] Load duration is: 4.835487
2019-07-24 19:01:41.999 16 INFO rally.task.engine [-] Full runner duration is: 4.878052
2019-07-24 19:01:41.999 16 INFO rally.task.engine [-] Full duration is: 17.662841
2019-07-24 19:01:42.262 16 INFO rally.task.engine [-] Running workload: position = 0 config = { "version": 2, "title": "A cropped version of a bigger task.", "description": "Auto-generated task from a single workload (uuid=6b8e7b41-d27d-4d07-9fee-7cb1344f8580)", "subtasks": [ { "title": "Authenticate.validate_glance", "description": "Check Glance Client to ensure validation of token.", "scenario": { "Authenticate.validate_glance": { "repetitions": 2 } }, "contexts": { "users": { "tenants": 3, "users_per_tenant": 2 } }, "runner": { "constant": { "concurrency": 4, "times": 10 } }, "hooks": [], "sla": { "failure_rate": { "max": 0 } } } ] }
2019-07-24 19:01:42.282 16 RALLYDEBUG rally_openstack.contexts.keystone.users [-] Creating 3 tenants using 20 threads
2019-07-24 19:01:44.292 16 RALLYDEBUG rally_openstack.contexts.keystone.users [-] Creating 6 users using 20 threads
2019-07-24 19:01:47.566 16 INFO rally.task.context [-] Task 7cbfb67a-7b0c-4347-a092-594dcda80ca7 | Context users@openstack setup() finished in 5.28 sec
2019-07-24 19:01:47.573 16 RALLYDEBUG rally.task.runner [-] Starting the constant runner (task UUID: 7cbfb67a-7b0c-4347-a092-594dcda80ca7). timeout: 0 concurrency: 4 concurrency_per_worker: 1 times: 10 concurrency_overhead: 0 processes_to_start: 4 max_cpu_used: 16
2019-07-24 19:01:47.585 348 RALLYDEBUG rally.task.runner [-] Starting a worker. concurrency: 1 args: {"repetitions": 2} times: 10 method_name: run timeout: 0 duration: None cls:
2019-07-24 19:01:47.588 349 RALLYDEBUG rally.task.runner [-] Starting a worker. concurrency: 1 args: {"repetitions": 2} times: 10 method_name: run timeout: 0 duration: None cls:
2019-07-24 19:01:47.592 348 INFO rally.task.runner [-] Task 7cbfb67a-7b0c-4347-a092-594dcda80ca7 | ITER: 1 START
2019-07-24 19:01:47.591 350 RALLYDEBUG rally.task.runner [-] Starting a worker. concurrency: 1 args: {"repetitions": 2} times: 10 method_name: run timeout: 0 duration: None cls:
2019-07-24 19:01:47.593 351 RALLYDEBUG rally.task.runner [-] Starting a worker. concurrency: 1 args: {"repetitions": 2} times: 10 method_name: run timeout: 0 duration: None cls:
2019-07-24 19:01:47.594 349 INFO rally.task.runner [-] Task 7cbfb67a-7b0c-4347-a092-594dcda80ca7 | ITER: 2 START
2019-07-24 19:01:47.597 350 INFO rally.task.runner [-] Task 7cbfb67a-7b0c-4347-a092-594dcda80ca7 | ITER: 3 START
2019-07-24 19:01:47.598 351 INFO rally.task.runner [-] Task 7cbfb67a-7b0c-4347-a092-594dcda80ca7 | ITER: 4 START
2019-07-24 19:01:48.689 351 INFO rally.task.runner [-] Task 7cbfb67a-7b0c-4347-a092-594dcda80ca7 | ITER: 4 END: OK
2019-07-24 19:01:48.694 351 INFO rally.task.runner [-] Task 7cbfb67a-7b0c-4347-a092-594dcda80ca7 | ITER: 5 START
2019-07-24 19:01:48.711 350 INFO rally.task.runner [-] Task 7cbfb67a-7b0c-4347-a092-594dcda80ca7 | ITER: 3 END: OK
2019-07-24 19:01:48.715 350 INFO rally.task.runner [-] Task 7cbfb67a-7b0c-4347-a092-594dcda80ca7 | ITER: 6 START
2019-07-24 19:01:48.914 349 INFO rally.task.runner [-] Task 7cbfb67a-7b0c-4347-a092-594dcda80ca7 | ITER: 2 END: OK
2019-07-24 19:01:48.918 349 INFO rally.task.runner [-] Task 7cbfb67a-7b0c-4347-a092-594dcda80ca7 | ITER: 7 START
2019-07-24 19:01:48.943 348 INFO rally.task.runner [-] Task 7cbfb67a-7b0c-4347-a092-594dcda80ca7 | ITER: 1 END: OK
2019-07-24 19:01:48.947 348 INFO rally.task.runner [-] Task 7cbfb67a-7b0c-4347-a092-594dcda80ca7 | ITER: 8 START
2019-07-24 19:01:49.802 351 INFO rally.task.runner [-] Task 7cbfb67a-7b0c-4347-a092-594dcda80ca7 | ITER: 5 END: OK
2019-07-24 19:01:49.806 351 INFO rally.task.runner [-] Task 7cbfb67a-7b0c-4347-a092-594dcda80ca7 | ITER: 9 START
2019-07-24 19:01:49.950 350 INFO rally.task.runner [-] Task 7cbfb67a-7b0c-4347-a092-594dcda80ca7 | ITER: 6 END: OK
2019-07-24 19:01:49.954 350 INFO rally.task.runner [-] Task 7cbfb67a-7b0c-4347-a092-594dcda80ca7 | ITER: 10 START
2019-07-24 19:01:50.064 348 INFO rally.task.runner [-] Task 7cbfb67a-7b0c-4347-a092-594dcda80ca7 | ITER: 8 END: OK
2019-07-24 19:01:50.420 349 INFO rally.task.runner [-] Task 7cbfb67a-7b0c-4347-a092-594dcda80ca7 | ITER: 7 END: OK
2019-07-24 19:01:51.069 351 INFO rally.task.runner [-] Task 7cbfb67a-7b0c-4347-a092-594dcda80ca7 | ITER: 9 END: OK
2019-07-24 19:01:51.249 350 INFO rally.task.runner [-] Task 7cbfb67a-7b0c-4347-a092-594dcda80ca7 | ITER: 10 END: OK
2019-07-24 19:01:51.271 16 INFO rally.task.context [-] Task 7cbfb67a-7b0c-4347-a092-594dcda80ca7 | Context users@openstack cleanup() started
2019-07-24 19:01:59.220 16 INFO rally.task.context [-] Task 7cbfb67a-7b0c-4347-a092-594dcda80ca7 | Context users@openstack cleanup() finished in 7.95 sec
2019-07-24 19:02:00.414 16 INFO rally.task.engine [-] Load duration is: 3.656122
2019-07-24 19:02:00.415 16 INFO rally.task.engine [-] Full runner duration is: 3.698341
2019-07-24 19:02:00.415 16 INFO rally.task.engine [-] Full duration is: 16.938851
2019-07-24 19:02:00.645 16 INFO rally.task.engine [-] Running workload: position = 0 config = { "version": 2, "title": "A cropped version of a bigger task.", "description": "Auto-generated task from a single workload (uuid=3fffbe3d-e23f-4b2e-b3cf-b568543b8e96)", "subtasks": [ { "title": "Authenticate.validate_heat", "description": "Check Heat Client to ensure validation of token.", "scenario": { "Authenticate.validate_heat": { "repetitions": 2 } }, "contexts": { "users": { "tenants": 3, "users_per_tenant": 2 } }, "runner": { "constant": { "concurrency": 4, "times": 10 } }, "hooks": [], "sla": { "failure_rate": { "max": 0 } } } ] }
2019-07-24 19:02:00.666 16 RALLYDEBUG rally_openstack.contexts.keystone.users [-] Creating 3 tenants using 20 threads
2019-07-24 19:02:02.508 16 RALLYDEBUG rally_openstack.contexts.keystone.users [-] Creating 6 users using 20 threads
2019-07-24 19:02:05.381 16 INFO rally.task.context [-] Task 7cbfb67a-7b0c-4347-a092-594dcda80ca7 | Context users@openstack setup() finished in 4.72 sec
2019-07-24 19:02:05.390 16 RALLYDEBUG rally.task.runner [-] Starting the constant runner (task UUID: 7cbfb67a-7b0c-4347-a092-594dcda80ca7). timeout: 0 concurrency: 4 concurrency_per_worker: 1 times: 10 concurrency_overhead: 0 processes_to_start: 4 max_cpu_used: 16
2019-07-24 19:02:05.402 452 RALLYDEBUG rally.task.runner [-] Starting a worker. concurrency: 1 args: {"repetitions": 2} times: 10 method_name: run timeout: 0 duration: None cls:
2019-07-24 19:02:05.405 453 RALLYDEBUG rally.task.runner [-] Starting a worker. concurrency: 1 args: {"repetitions": 2} times: 10 method_name: run timeout: 0 duration: None cls:
2019-07-24 19:02:05.408 452 INFO rally.task.runner [-] Task 7cbfb67a-7b0c-4347-a092-594dcda80ca7 | ITER: 1 START
2019-07-24 19:02:05.408 454 RALLYDEBUG rally.task.runner [-] Starting a worker. concurrency: 1 args: {"repetitions": 2} times: 10 method_name: run timeout: 0 duration: None cls:
2019-07-24 19:02:05.411 453 INFO rally.task.runner [-] Task 7cbfb67a-7b0c-4347-a092-594dcda80ca7 | ITER: 2 START
2019-07-24 19:02:05.411 455 RALLYDEBUG rally.task.runner [-] Starting a worker. concurrency: 1 args: {"repetitions": 2} times: 10 method_name: run timeout: 0 duration: None cls:
2019-07-24 19:02:05.414 454 INFO rally.task.runner [-] Task 7cbfb67a-7b0c-4347-a092-594dcda80ca7 | ITER: 3 START
2019-07-24 19:02:05.418 455 INFO rally.task.runner [-] Task 7cbfb67a-7b0c-4347-a092-594dcda80ca7 | ITER: 4 START
2019-07-24 19:02:07.350 455 INFO rally.task.runner [-] Task 7cbfb67a-7b0c-4347-a092-594dcda80ca7 | ITER: 4 END: OK
2019-07-24 19:02:07.354 455 INFO rally.task.runner [-] Task 7cbfb67a-7b0c-4347-a092-594dcda80ca7 | ITER: 5 START
2019-07-24 19:02:07.400 454 INFO rally.task.runner [-] Task 7cbfb67a-7b0c-4347-a092-594dcda80ca7 | ITER: 3 END: OK
2019-07-24 19:02:07.404 454 INFO rally.task.runner [-] Task 7cbfb67a-7b0c-4347-a092-594dcda80ca7 | ITER: 6 START
2019-07-24 19:02:07.506 453 INFO rally.task.runner [-] Task 7cbfb67a-7b0c-4347-a092-594dcda80ca7 | ITER: 2 END: OK
2019-07-24 19:02:07.510 453 INFO rally.task.runner [-] Task 7cbfb67a-7b0c-4347-a092-594dcda80ca7 | ITER: 7 START
2019-07-24 19:02:07.521 452 INFO rally.task.runner [-] Task 7cbfb67a-7b0c-4347-a092-594dcda80ca7 | ITER: 1 END: OK
2019-07-24 19:02:07.526 452 INFO rally.task.runner [-] Task 7cbfb67a-7b0c-4347-a092-594dcda80ca7 | ITER: 8 START
2019-07-24 19:02:08.830 454 INFO rally.task.runner [-] Task 7cbfb67a-7b0c-4347-a092-594dcda80ca7 | ITER: 6 END: OK
2019-07-24 19:02:08.833 454 INFO rally.task.runner [-] Task 7cbfb67a-7b0c-4347-a092-594dcda80ca7 | ITER: 9 START
2019-07-24 19:02:09.125 453 INFO rally.task.runner [-] Task 7cbfb67a-7b0c-4347-a092-594dcda80ca7 | ITER: 7 END: OK
2019-07-24 19:02:09.129 453 INFO rally.task.runner [-] Task 7cbfb67a-7b0c-4347-a092-594dcda80ca7 | ITER: 10 START
2019-07-24 19:02:09.393 455 INFO rally.task.runner [-] Task 7cbfb67a-7b0c-4347-a092-594dcda80ca7 | ITER: 5 END: OK
2019-07-24 19:02:09.461 452 INFO rally.task.runner [-] Task 7cbfb67a-7b0c-4347-a092-594dcda80ca7 | ITER: 8 END: OK
2019-07-24 19:02:10.168 453 INFO rally.task.runner [-] Task 7cbfb67a-7b0c-4347-a092-594dcda80ca7 | ITER: 10 END: OK
2019-07-24 19:02:10.764 454 INFO rally.task.runner [-] Task 7cbfb67a-7b0c-4347-a092-594dcda80ca7 | ITER: 9 END: OK
2019-07-24 19:02:10.783 16 INFO rally.task.context [-] Task 7cbfb67a-7b0c-4347-a092-594dcda80ca7 | Context users@openstack cleanup() started
2019-07-24 19:02:19.126 16 INFO rally.task.context [-] Task 7cbfb67a-7b0c-4347-a092-594dcda80ca7 | Context users@openstack cleanup() finished in 8.34 sec
2019-07-24 19:02:20.774 16 INFO rally.task.engine [-] Load duration is: 5.35388
2019-07-24 19:02:20.775 16 INFO rally.task.engine [-] Full runner duration is: 5.393945
2019-07-24 19:02:20.775 16 INFO rally.task.engine [-] Full duration is: 18.461394
2019-07-24 19:02:21.021 16 INFO rally.task.engine [-] Running workload: position = 0 config = { "version": 2, "title": "A cropped version of a bigger task.", "description": "Auto-generated task from a single workload (uuid=2cc46b74-e7cb-4527-8226-0e73783a61e1)", "subtasks": [ { "title": "Authenticate.validate_neutron", "description": "Check Neutron Client to ensure validation of token.", "scenario": { "Authenticate.validate_neutron": { "repetitions": 2 } }, "contexts": { "users": { "tenants": 3, "users_per_tenant": 2 } }, "runner": { "constant": { "concurrency": 4, "times": 10 } }, "hooks": [], "sla": { "failure_rate": { "max": 0 } } } ] }
2019-07-24 19:02:21.042 16 RALLYDEBUG rally_openstack.contexts.keystone.users [-] Creating 3 tenants using 20 threads
2019-07-24 19:02:23.035 16 RALLYDEBUG rally_openstack.contexts.keystone.users [-] Creating 6 users using 20 threads
2019-07-24 19:02:26.019 16 INFO rally.task.context [-] Task 7cbfb67a-7b0c-4347-a092-594dcda80ca7 | Context users@openstack setup() finished in 4.98 sec
2019-07-24 19:02:26.027 16 RALLYDEBUG rally.task.runner [-] Starting the constant runner (task UUID: 7cbfb67a-7b0c-4347-a092-594dcda80ca7). timeout: 0 concurrency: 4 concurrency_per_worker: 1 times: 10 concurrency_overhead: 0 processes_to_start: 4 max_cpu_used: 16
2019-07-24 19:02:26.039 556 RALLYDEBUG rally.task.runner [-] Starting a worker. concurrency: 1 args: {"repetitions": 2} times: 10 method_name: run timeout: 0 duration: None cls:
2019-07-24 19:02:26.040 557 RALLYDEBUG rally.task.runner [-] Starting a worker. concurrency: 1 args: {"repetitions": 2} times: 10 method_name: run timeout: 0 duration: None cls:
2019-07-24 19:02:26.045 556 INFO rally.task.runner [-] Task 7cbfb67a-7b0c-4347-a092-594dcda80ca7 | ITER: 1 START
2019-07-24 19:02:26.044 558 RALLYDEBUG rally.task.runner [-] Starting a worker. concurrency: 1 args: {"repetitions": 2} times: 10 method_name: run timeout: 0 duration: None cls:
2019-07-24 19:02:26.046 557 INFO rally.task.runner [-] Task 7cbfb67a-7b0c-4347-a092-594dcda80ca7 | ITER: 2 START
2019-07-24 19:02:26.047 559 RALLYDEBUG rally.task.runner [-] Starting a worker. concurrency: 1 args: {"repetitions": 2} times: 10 method_name: run timeout: 0 duration: None cls:
2019-07-24 19:02:26.052 558 INFO rally.task.runner [-] Task 7cbfb67a-7b0c-4347-a092-594dcda80ca7 | ITER: 3 START
2019-07-24 19:02:26.053 559 INFO rally.task.runner [-] Task 7cbfb67a-7b0c-4347-a092-594dcda80ca7 | ITER: 4 START
2019-07-24 19:02:27.273 557 INFO rally.task.runner [-] Task 7cbfb67a-7b0c-4347-a092-594dcda80ca7 | ITER: 2 END: OK
2019-07-24 19:02:27.275 559 INFO rally.task.runner [-] Task 7cbfb67a-7b0c-4347-a092-594dcda80ca7 | ITER: 4 END: OK
2019-07-24 19:02:27.278 557 INFO rally.task.runner [-] Task 7cbfb67a-7b0c-4347-a092-594dcda80ca7 | ITER: 5 START
2019-07-24 19:02:27.279 559 INFO rally.task.runner [-] Task 7cbfb67a-7b0c-4347-a092-594dcda80ca7 | ITER: 6 START
2019-07-24 19:02:27.480 558 INFO rally.task.runner [-] Task 7cbfb67a-7b0c-4347-a092-594dcda80ca7 | ITER: 3 END: OK
2019-07-24 19:02:27.484 558 INFO rally.task.runner [-] Task 7cbfb67a-7b0c-4347-a092-594dcda80ca7 | ITER: 7 START
2019-07-24 19:02:27.539 556 INFO rally.task.runner [-] Task 7cbfb67a-7b0c-4347-a092-594dcda80ca7 | ITER: 1 END: OK
2019-07-24 19:02:27.543 556 INFO rally.task.runner [-] Task 7cbfb67a-7b0c-4347-a092-594dcda80ca7 | ITER: 8 START
2019-07-24 19:02:28.205 559 INFO rally.task.runner [-] Task 7cbfb67a-7b0c-4347-a092-594dcda80ca7 | ITER: 6 END: OK
2019-07-24 19:02:28.209 559 INFO rally.task.runner [-] Task 7cbfb67a-7b0c-4347-a092-594dcda80ca7 | ITER: 9 START
2019-07-24 19:02:28.602 557 INFO rally.task.runner [-] Task 7cbfb67a-7b0c-4347-a092-594dcda80ca7 | ITER: 5 END: OK
2019-07-24 19:02:28.606 557 INFO rally.task.runner [-] Task 7cbfb67a-7b0c-4347-a092-594dcda80ca7 | ITER: 10 START
2019-07-24 19:02:28.742 558 INFO rally.task.runner [-] Task 7cbfb67a-7b0c-4347-a092-594dcda80ca7 | ITER: 7 END: OK
2019-07-24 19:02:28.802 556 INFO rally.task.runner [-] Task 7cbfb67a-7b0c-4347-a092-594dcda80ca7 | ITER: 8 END: OK
2019-07-24 19:02:29.387 559 INFO rally.task.runner [-] Task 7cbfb67a-7b0c-4347-a092-594dcda80ca7 | ITER: 9 END: OK
2019-07-24 19:02:29.778 557 INFO rally.task.runner [-] Task 7cbfb67a-7b0c-4347-a092-594dcda80ca7 | ITER: 10 END: OK
2019-07-24 19:02:29.808 16 INFO rally.task.context [-] Task 7cbfb67a-7b0c-4347-a092-594dcda80ca7 | Context users@openstack cleanup() started
2019-07-24 19:02:37.496 16 INFO rally.task.context [-] Task 7cbfb67a-7b0c-4347-a092-594dcda80ca7 | Context users@openstack cleanup() finished in 7.69 sec
2019-07-24 19:02:39.171 16 INFO rally.task.engine [-] Load duration is: 3.731321
2019-07-24 19:02:39.172 16 INFO rally.task.engine [-] Full runner duration is: 3.780986
2019-07-24 19:02:39.172 16 INFO rally.task.engine [-] Full duration is: 16.455766
2019-07-24 19:02:39.415 16 INFO rally.task.engine [-] Running workload: position = 0 config = { "version": 2, "title": "A cropped version of a bigger task.", "description": "Auto-generated task from a single workload (uuid=a3759b89-22fa-47c3-a4c3-b741dfd51151)", "subtasks": [ { "title": "Authenticate.validate_nova", "description": "Check Nova Client to ensure validation of token.", "scenario": { "Authenticate.validate_nova": { "repetitions": 2 } }, "contexts": { "users": { "tenants": 3, "users_per_tenant": 2 } }, "runner": { "constant": { "concurrency": 4, "times": 10 } }, "hooks": [], "sla": { "failure_rate": { "max": 0 } } } ] }
2019-07-24 19:02:39.438 16 RALLYDEBUG rally_openstack.contexts.keystone.users [-] Creating 3 tenants using 20 threads
2019-07-24 19:02:41.592 16 RALLYDEBUG rally_openstack.contexts.keystone.users [-] Creating 6 users using 20 threads
2019-07-24 19:02:44.505 16 INFO rally.task.context [-] Task 7cbfb67a-7b0c-4347-a092-594dcda80ca7 | Context users@openstack setup() finished in 5.07 sec
2019-07-24 19:02:44.513 16 RALLYDEBUG rally.task.runner [-] Starting the constant runner (task UUID: 7cbfb67a-7b0c-4347-a092-594dcda80ca7). timeout: 0 concurrency: 4 concurrency_per_worker: 1 times: 10 concurrency_overhead: 0 processes_to_start: 4 max_cpu_used: 16
2019-07-24 19:02:44.525 660 RALLYDEBUG rally.task.runner [-] Starting a worker. concurrency: 1 args: {"repetitions": 2} times: 10 method_name: run timeout: 0 duration: None cls:
2019-07-24 19:02:44.528 661 RALLYDEBUG rally.task.runner [-] Starting a worker. concurrency: 1 args: {"repetitions": 2} times: 10 method_name: run timeout: 0 duration: None cls:
2019-07-24 19:02:44.531 662 RALLYDEBUG rally.task.runner [-] Starting a worker. concurrency: 1 args: {"repetitions": 2} times: 10 method_name: run timeout: 0 duration: None cls:
2019-07-24 19:02:44.531 660 INFO rally.task.runner [-] Task 7cbfb67a-7b0c-4347-a092-594dcda80ca7 | ITER: 1 START
2019-07-24 19:02:44.533 661 INFO rally.task.runner [-] Task 7cbfb67a-7b0c-4347-a092-594dcda80ca7 | ITER: 2 START
2019-07-24 19:02:44.534 663 RALLYDEBUG rally.task.runner [-] Starting a worker. concurrency: 1 args: {"repetitions": 2} times: 10 method_name: run timeout: 0 duration: None cls:
2019-07-24 19:02:44.537 662 INFO rally.task.runner [-] Task 7cbfb67a-7b0c-4347-a092-594dcda80ca7 | ITER: 3 START
2019-07-24 19:02:44.540 663 INFO rally.task.runner [-] Task 7cbfb67a-7b0c-4347-a092-594dcda80ca7 | ITER: 4 START
2019-07-24 19:02:45.039 662 DEBUG novaclient.v2.client [-] REQ: curl -g -i -X GET http://172.30.9.25:8774/v2.1/flavors/detail -H "Accept: application/json" -H "User-Agent: python-novaclient" -H "X-Auth-Token: {SHA1}1783e9a3b7af3ad760828a2ca8e803444d0251d2" _http_log_request /usr/lib/python2.7/site-packages/keystoneauth1/session.py:448
2019-07-24 19:02:45.042 660 DEBUG novaclient.v2.client [-] REQ: curl -g -i -X GET http://172.30.9.25:8774/v2.1/flavors/detail -H "Accept: application/json" -H "User-Agent: python-novaclient" -H "X-Auth-Token: {SHA1}99ff72109c09ac81550107083415df4a5461908a" _http_log_request /usr/lib/python2.7/site-packages/keystoneauth1/session.py:448
2019-07-24 19:02:45.047 661 DEBUG novaclient.v2.client [-] REQ: curl -g -i -X GET http://172.30.9.25:8774/v2.1/flavors/detail -H "Accept: application/json" -H "User-Agent: python-novaclient" -H "X-Auth-Token: {SHA1}02a2649f8f0b83420f1de7fcbc3921a3cda5e66d" _http_log_request /usr/lib/python2.7/site-packages/keystoneauth1/session.py:448
2019-07-24 19:02:45.047 663 DEBUG novaclient.v2.client [-] REQ: curl -g -i -X GET http://172.30.9.25:8774/v2.1/flavors/detail -H "Accept: application/json" -H "User-Agent: python-novaclient" -H "X-Auth-Token: {SHA1}aa88d9496f3278796cce75893f50eb8a009f8bd9" _http_log_request /usr/lib/python2.7/site-packages/keystoneauth1/session.py:448
2019-07-24 19:02:45.326 662 DEBUG novaclient.v2.client [-] RESP: [200] Content-Encoding: gzip Content-Length: 365 Content-Type: application/json Date: Wed, 24 Jul 2019 19:02:45 GMT OpenStack-API-Version: compute 2.1 Server: Apache Vary: OpenStack-API-Version,X-OpenStack-Nova-API-Version,Accept-Encoding X-OpenStack-Nova-API-Version: 2.1 x-compute-request-id: req-75d43a3d-a0b4-4783-97c8-3b5e62722306 x-openstack-request-id: req-75d43a3d-a0b4-4783-97c8-3b5e62722306 _http_log_response /usr/lib/python2.7/site-packages/keystoneauth1/session.py:479
2019-07-24 19:02:45.327 662 DEBUG novaclient.v2.client [-] RESP BODY: {"flavors": [{"name": "rally_full-flavor_alt_6faa1fd1-e7d7-4a57-a8b5-680c70474fe3", "links": [{"href": "http://172.30.9.25:8774/v2.1/flavors/c3e40c81-6e68-4015-9953-d4ed99c6cffc", "rel": "self"}, {"href": "http://172.30.9.25:8774/flavors/c3e40c81-6e68-4015-9953-d4ed99c6cffc", "rel": "bookmark"}], "ram": 1024, "OS-FLV-DISABLED:disabled": false, "vcpus": 1, "swap": "", "os-flavor-access:is_public": true, "rxtx_factor": 1.0, "OS-FLV-EXT-DATA:ephemeral": 0, "disk": 1, "id": "c3e40c81-6e68-4015-9953-d4ed99c6cffc"}, {"name": "rally_full-flavor_6faa1fd1-e7d7-4a57-a8b5-680c70474fe3", "links": [{"href": "http://172.30.9.25:8774/v2.1/flavors/fc7d4c07-c310-412f-a1c2-ff05296fdb52", "rel": "self"}, {"href": "http://172.30.9.25:8774/flavors/fc7d4c07-c310-412f-a1c2-ff05296fdb52", "rel": "bookmark"}], "ram": 512, "OS-FLV-DISABLED:disabled": false, "vcpus": 1, "swap": "", "os-flavor-access:is_public": true, "rxtx_factor": 1.0, "OS-FLV-EXT-DATA:ephemeral": 0, "disk": 1, "id": "fc7d4c07-c310-412f-a1c2-ff05296fdb52"}]} _http_log_response /usr/lib/python2.7/site-packages/keystoneauth1/session.py:511
2019-07-24 19:02:45.327 662 DEBUG novaclient.v2.client [-] GET call to compute for http://172.30.9.25:8774/v2.1/flavors/detail used request id req-75d43a3d-a0b4-4783-97c8-3b5e62722306 request /usr/lib/python2.7/site-packages/keystoneauth1/session.py:844
2019-07-24 19:02:45.329 662 DEBUG novaclient.v2.client [-] REQ: curl -g -i -X GET http://172.30.9.25:8774/v2.1/flavors/detail -H "Accept: application/json" -H "User-Agent: python-novaclient" -H "X-Auth-Token: {SHA1}1783e9a3b7af3ad760828a2ca8e803444d0251d2" _http_log_request /usr/lib/python2.7/site-packages/keystoneauth1/session.py:448
2019-07-24 19:02:45.341 660 DEBUG novaclient.v2.client [-] RESP: [200] Content-Encoding: gzip Content-Length: 365 Content-Type: application/json Date: Wed, 24 Jul 2019 19:02:45 GMT OpenStack-API-Version: compute 2.1 Server: Apache Vary: OpenStack-API-Version,X-OpenStack-Nova-API-Version,Accept-Encoding X-OpenStack-Nova-API-Version: 2.1 x-compute-request-id: req-55422b5d-b159-4c0e-970d-55dde3cf93e0 x-openstack-request-id: req-55422b5d-b159-4c0e-970d-55dde3cf93e0 _http_log_response /usr/lib/python2.7/site-packages/keystoneauth1/session.py:479
2019-07-24 19:02:45.342 660 DEBUG novaclient.v2.client [-] RESP BODY: {"flavors": [{"name": "rally_full-flavor_alt_6faa1fd1-e7d7-4a57-a8b5-680c70474fe3", "links": [{"href": "http://172.30.9.25:8774/v2.1/flavors/c3e40c81-6e68-4015-9953-d4ed99c6cffc", "rel": "self"}, {"href": "http://172.30.9.25:8774/flavors/c3e40c81-6e68-4015-9953-d4ed99c6cffc", "rel": "bookmark"}], "ram": 1024, "OS-FLV-DISABLED:disabled": false, "vcpus": 1, "swap": "", "os-flavor-access:is_public": true, "rxtx_factor": 1.0, "OS-FLV-EXT-DATA:ephemeral": 0, "disk": 1, "id": "c3e40c81-6e68-4015-9953-d4ed99c6cffc"}, {"name": "rally_full-flavor_6faa1fd1-e7d7-4a57-a8b5-680c70474fe3", "links": [{"href": "http://172.30.9.25:8774/v2.1/flavors/fc7d4c07-c310-412f-a1c2-ff05296fdb52", "rel": "self"}, {"href": "http://172.30.9.25:8774/flavors/fc7d4c07-c310-412f-a1c2-ff05296fdb52", "rel": "bookmark"}], "ram": 512, "OS-FLV-DISABLED:disabled": false, "vcpus": 1, "swap": "", "os-flavor-access:is_public": true, "rxtx_factor": 1.0, "OS-FLV-EXT-DATA:ephemeral": 0, "disk": 1, "id": "fc7d4c07-c310-412f-a1c2-ff05296fdb52"}]} _http_log_response /usr/lib/python2.7/site-packages/keystoneauth1/session.py:511
2019-07-24 19:02:45.342 660 DEBUG novaclient.v2.client [-] GET call to compute for http://172.30.9.25:8774/v2.1/flavors/detail used request id req-55422b5d-b159-4c0e-970d-55dde3cf93e0 request /usr/lib/python2.7/site-packages/keystoneauth1/session.py:844
2019-07-24 19:02:45.344 660 DEBUG novaclient.v2.client [-] REQ: curl -g -i -X GET http://172.30.9.25:8774/v2.1/flavors/detail -H "Accept: application/json" -H "User-Agent: python-novaclient" -H "X-Auth-Token: {SHA1}99ff72109c09ac81550107083415df4a5461908a" _http_log_request /usr/lib/python2.7/site-packages/keystoneauth1/session.py:448
2019-07-24 19:02:45.350 661 DEBUG novaclient.v2.client [-] RESP: [200] Content-Encoding: gzip Content-Length: 365 Content-Type: application/json Date: Wed, 24 Jul 2019 19:02:45 GMT OpenStack-API-Version: compute 2.1 Server: Apache Vary: OpenStack-API-Version,X-OpenStack-Nova-API-Version,Accept-Encoding X-OpenStack-Nova-API-Version: 2.1 x-compute-request-id: req-967dfa0c-fbe5-4b99-9a48-1fbcf28b2920 x-openstack-request-id: req-967dfa0c-fbe5-4b99-9a48-1fbcf28b2920 _http_log_response /usr/lib/python2.7/site-packages/keystoneauth1/session.py:479
2019-07-24 19:02:45.350 661 DEBUG novaclient.v2.client [-] RESP BODY: {"flavors": [{"name": "rally_full-flavor_alt_6faa1fd1-e7d7-4a57-a8b5-680c70474fe3", "links": [{"href": "http://172.30.9.25:8774/v2.1/flavors/c3e40c81-6e68-4015-9953-d4ed99c6cffc", "rel": "self"}, {"href": "http://172.30.9.25:8774/flavors/c3e40c81-6e68-4015-9953-d4ed99c6cffc", "rel": "bookmark"}], "ram": 1024, "OS-FLV-DISABLED:disabled": false, "vcpus": 1, "swap": "", "os-flavor-access:is_public": true, "rxtx_factor": 1.0, "OS-FLV-EXT-DATA:ephemeral": 0, "disk": 1, "id": "c3e40c81-6e68-4015-9953-d4ed99c6cffc"}, {"name": "rally_full-flavor_6faa1fd1-e7d7-4a57-a8b5-680c70474fe3", "links": [{"href": "http://172.30.9.25:8774/v2.1/flavors/fc7d4c07-c310-412f-a1c2-ff05296fdb52", "rel": "self"}, {"href": "http://172.30.9.25:8774/flavors/fc7d4c07-c310-412f-a1c2-ff05296fdb52", "rel": "bookmark"}], "ram": 512, "OS-FLV-DISABLED:disabled": false, "vcpus": 1, "swap": "", "os-flavor-access:is_public": true, "rxtx_factor": 1.0, "OS-FLV-EXT-DATA:ephemeral": 0, "disk": 1, "id": "fc7d4c07-c310-412f-a1c2-ff05296fdb52"}]} _http_log_response /usr/lib/python2.7/site-packages/keystoneauth1/session.py:511
2019-07-24 19:02:45.351 661 DEBUG novaclient.v2.client [-] GET call to compute for http://172.30.9.25:8774/v2.1/flavors/detail used request id req-967dfa0c-fbe5-4b99-9a48-1fbcf28b2920 request /usr/lib/python2.7/site-packages/keystoneauth1/session.py:844
2019-07-24 19:02:45.352 661 DEBUG novaclient.v2.client [-] REQ: curl -g -i -X GET http://172.30.9.25:8774/v2.1/flavors/detail -H "Accept: application/json" -H "User-Agent: python-novaclient" -H "X-Auth-Token: {SHA1}02a2649f8f0b83420f1de7fcbc3921a3cda5e66d" _http_log_request /usr/lib/python2.7/site-packages/keystoneauth1/session.py:448
2019-07-24 19:02:45.355 662 DEBUG novaclient.v2.client [-] RESP: [200] Content-Encoding: gzip Content-Length: 365 Content-Type: application/json Date: Wed, 24 Jul 2019 19:02:45 GMT OpenStack-API-Version: compute 2.1 Server: Apache Vary: OpenStack-API-Version,X-OpenStack-Nova-API-Version,Accept-Encoding X-OpenStack-Nova-API-Version: 2.1 x-compute-request-id: req-cf641252-0ce8-473a-bf38-de52d695e3f6 x-openstack-request-id: req-cf641252-0ce8-473a-bf38-de52d695e3f6 _http_log_response /usr/lib/python2.7/site-packages/keystoneauth1/session.py:479
2019-07-24 19:02:45.355 662 DEBUG novaclient.v2.client [-] RESP BODY: {"flavors": [{"name": "rally_full-flavor_alt_6faa1fd1-e7d7-4a57-a8b5-680c70474fe3", "links": [{"href": "http://172.30.9.25:8774/v2.1/flavors/c3e40c81-6e68-4015-9953-d4ed99c6cffc", "rel": "self"}, {"href": "http://172.30.9.25:8774/flavors/c3e40c81-6e68-4015-9953-d4ed99c6cffc", "rel": "bookmark"}], "ram": 1024, "OS-FLV-DISABLED:disabled": false, "vcpus": 1, "swap": "", "os-flavor-access:is_public": true, "rxtx_factor": 1.0, "OS-FLV-EXT-DATA:ephemeral": 0, "disk": 1, "id": "c3e40c81-6e68-4015-9953-d4ed99c6cffc"}, {"name": "rally_full-flavor_6faa1fd1-e7d7-4a57-a8b5-680c70474fe3", "links": [{"href": "http://172.30.9.25:8774/v2.1/flavors/fc7d4c07-c310-412f-a1c2-ff05296fdb52", "rel": "self"}, {"href": "http://172.30.9.25:8774/flavors/fc7d4c07-c310-412f-a1c2-ff05296fdb52", "rel": "bookmark"}], "ram": 512, "OS-FLV-DISABLED:disabled": false, "vcpus": 1, "swap": "", "os-flavor-access:is_public": true, "rxtx_factor": 1.0, "OS-FLV-EXT-DATA:ephemeral": 0, "disk": 1, "id": "fc7d4c07-c310-412f-a1c2-ff05296fdb52"}]} _http_log_response /usr/lib/python2.7/site-packages/keystoneauth1/session.py:511
2019-07-24 19:02:45.356 662 DEBUG novaclient.v2.client [-] GET call to compute for http://172.30.9.25:8774/v2.1/flavors/detail used request id req-cf641252-0ce8-473a-bf38-de52d695e3f6 request /usr/lib/python2.7/site-packages/keystoneauth1/session.py:844
2019-07-24 19:02:45.357 662 INFO rally.task.runner [-] Task 7cbfb67a-7b0c-4347-a092-594dcda80ca7 | ITER: 3 END: OK
2019-07-24 19:02:45.360 662 INFO rally.task.runner [-] Task 7cbfb67a-7b0c-4347-a092-594dcda80ca7 | ITER: 5 START
2019-07-24 19:02:45.364 660 DEBUG novaclient.v2.client [-] RESP: [200] Content-Encoding: gzip Content-Length: 365 Content-Type: application/json Date: Wed, 24 Jul 2019 19:02:45 GMT OpenStack-API-Version: compute 2.1 Server: Apache Vary: OpenStack-API-Version,X-OpenStack-Nova-API-Version,Accept-Encoding X-OpenStack-Nova-API-Version: 2.1 x-compute-request-id: req-de8fb346-3e90-47ed-97a4-233e15b56cde x-openstack-request-id: req-de8fb346-3e90-47ed-97a4-233e15b56cde _http_log_response /usr/lib/python2.7/site-packages/keystoneauth1/session.py:479
2019-07-24 19:02:45.365 660 DEBUG novaclient.v2.client [-] RESP BODY: {"flavors": [{"name": "rally_full-flavor_alt_6faa1fd1-e7d7-4a57-a8b5-680c70474fe3", "links": [{"href": "http://172.30.9.25:8774/v2.1/flavors/c3e40c81-6e68-4015-9953-d4ed99c6cffc", "rel": "self"}, {"href": "http://172.30.9.25:8774/flavors/c3e40c81-6e68-4015-9953-d4ed99c6cffc", "rel": "bookmark"}], "ram": 1024, "OS-FLV-DISABLED:disabled": false, "vcpus": 1, "swap": "", "os-flavor-access:is_public": true, "rxtx_factor": 1.0, "OS-FLV-EXT-DATA:ephemeral": 0, "disk": 1, "id": "c3e40c81-6e68-4015-9953-d4ed99c6cffc"}, {"name": "rally_full-flavor_6faa1fd1-e7d7-4a57-a8b5-680c70474fe3", "links": [{"href": "http://172.30.9.25:8774/v2.1/flavors/fc7d4c07-c310-412f-a1c2-ff05296fdb52", "rel": "self"}, {"href": "http://172.30.9.25:8774/flavors/fc7d4c07-c310-412f-a1c2-ff05296fdb52", "rel": "bookmark"}], "ram": 512, "OS-FLV-DISABLED:disabled": false, "vcpus": 1, "swap": "", "os-flavor-access:is_public": true, "rxtx_factor": 1.0, "OS-FLV-EXT-DATA:ephemeral": 0, "disk": 1, "id": "fc7d4c07-c310-412f-a1c2-ff05296fdb52"}]} _http_log_response /usr/lib/python2.7/site-packages/keystoneauth1/session.py:511
2019-07-24 19:02:45.365 660 DEBUG novaclient.v2.client [-] GET call to compute for http://172.30.9.25:8774/v2.1/flavors/detail used request id req-de8fb346-3e90-47ed-97a4-233e15b56cde request /usr/lib/python2.7/site-packages/keystoneauth1/session.py:844
2019-07-24 19:02:45.366 660 INFO rally.task.runner [-] Task 7cbfb67a-7b0c-4347-a092-594dcda80ca7 | ITER: 1 END: OK
2019-07-24 19:02:45.370 660 INFO rally.task.runner [-] Task 7cbfb67a-7b0c-4347-a092-594dcda80ca7 | ITER: 6 START
2019-07-24 19:02:45.373 661 DEBUG novaclient.v2.client [-] RESP: [200] Content-Encoding: gzip Content-Length: 365 Content-Type: application/json Date: Wed, 24 Jul 2019 19:02:45 GMT OpenStack-API-Version: compute 2.1 Server: Apache Vary: OpenStack-API-Version,X-OpenStack-Nova-API-Version,Accept-Encoding X-OpenStack-Nova-API-Version: 2.1 x-compute-request-id: req-975f0730-fa00-471b-8045-b1571b042647 x-openstack-request-id: req-975f0730-fa00-471b-8045-b1571b042647 _http_log_response /usr/lib/python2.7/site-packages/keystoneauth1/session.py:479
2019-07-24 19:02:45.373 661 DEBUG novaclient.v2.client [-] RESP BODY: {"flavors": [{"name": "rally_full-flavor_alt_6faa1fd1-e7d7-4a57-a8b5-680c70474fe3", "links": [{"href": "http://172.30.9.25:8774/v2.1/flavors/c3e40c81-6e68-4015-9953-d4ed99c6cffc", "rel": "self"}, {"href": "http://172.30.9.25:8774/flavors/c3e40c81-6e68-4015-9953-d4ed99c6cffc", "rel": "bookmark"}], "ram": 1024, "OS-FLV-DISABLED:disabled": false, "vcpus": 1, "swap": "", "os-flavor-access:is_public": true, "rxtx_factor": 1.0, "OS-FLV-EXT-DATA:ephemeral": 0, "disk": 1, "id": "c3e40c81-6e68-4015-9953-d4ed99c6cffc"}, {"name": "rally_full-flavor_6faa1fd1-e7d7-4a57-a8b5-680c70474fe3", "links": [{"href": "http://172.30.9.25:8774/v2.1/flavors/fc7d4c07-c310-412f-a1c2-ff05296fdb52", "rel": "self"}, {"href": "http://172.30.9.25:8774/flavors/fc7d4c07-c310-412f-a1c2-ff05296fdb52", "rel": "bookmark"}], "ram": 512, "OS-FLV-DISABLED:disabled": false, "vcpus": 1, "swap": "", "os-flavor-access:is_public": true, "rxtx_factor": 1.0, "OS-FLV-EXT-DATA:ephemeral": 0, "disk": 1, "id": "fc7d4c07-c310-412f-a1c2-ff05296fdb52"}]} _http_log_response /usr/lib/python2.7/site-packages/keystoneauth1/session.py:511
2019-07-24 19:02:45.373 661 DEBUG novaclient.v2.client [-] GET call to compute for http://172.30.9.25:8774/v2.1/flavors/detail used request id req-975f0730-fa00-471b-8045-b1571b042647 request /usr/lib/python2.7/site-packages/keystoneauth1/session.py:844
2019-07-24 19:02:45.374 661 INFO rally.task.runner [-] Task 7cbfb67a-7b0c-4347-a092-594dcda80ca7 | ITER: 2 END: OK
2019-07-24 19:02:45.379 661 INFO rally.task.runner [-] Task 7cbfb67a-7b0c-4347-a092-594dcda80ca7 | ITER: 7 START
2019-07-24 19:02:45.424 663 DEBUG novaclient.v2.client [-] RESP: [200] Content-Encoding: gzip Content-Length: 365 Content-Type: application/json Date: Wed, 24 Jul 2019 19:02:45 GMT OpenStack-API-Version: compute 2.1 Server: Apache Vary: OpenStack-API-Version,X-OpenStack-Nova-API-Version,Accept-Encoding X-OpenStack-Nova-API-Version: 2.1 x-compute-request-id: req-5d3722a7-d6fc-462a-9849-f6e205d13f0b x-openstack-request-id: req-5d3722a7-d6fc-462a-9849-f6e205d13f0b _http_log_response /usr/lib/python2.7/site-packages/keystoneauth1/session.py:479
2019-07-24 19:02:45.425 663 DEBUG novaclient.v2.client [-] RESP BODY: {"flavors": [{"name": "rally_full-flavor_alt_6faa1fd1-e7d7-4a57-a8b5-680c70474fe3", "links": [{"href": "http://172.30.9.25:8774/v2.1/flavors/c3e40c81-6e68-4015-9953-d4ed99c6cffc", "rel": "self"}, {"href": "http://172.30.9.25:8774/flavors/c3e40c81-6e68-4015-9953-d4ed99c6cffc", "rel": "bookmark"}], "ram": 1024, "OS-FLV-DISABLED:disabled": false, "vcpus": 1, "swap": "", "os-flavor-access:is_public": true, "rxtx_factor": 1.0, "OS-FLV-EXT-DATA:ephemeral": 0, "disk": 1, "id": "c3e40c81-6e68-4015-9953-d4ed99c6cffc"}, {"name": "rally_full-flavor_6faa1fd1-e7d7-4a57-a8b5-680c70474fe3", "links": [{"href": "http://172.30.9.25:8774/v2.1/flavors/fc7d4c07-c310-412f-a1c2-ff05296fdb52", "rel": "self"}, {"href": "http://172.30.9.25:8774/flavors/fc7d4c07-c310-412f-a1c2-ff05296fdb52", "rel": "bookmark"}], "ram": 512, "OS-FLV-DISABLED:disabled": false, "vcpus": 1, "swap": "", "os-flavor-access:is_public": true, "rxtx_factor": 1.0, "OS-FLV-EXT-DATA:ephemeral": 0, "disk": 1, "id": "fc7d4c07-c310-412f-a1c2-ff05296fdb52"}]} _http_log_response /usr/lib/python2.7/site-packages/keystoneauth1/session.py:511
2019-07-24 19:02:45.425 663 DEBUG novaclient.v2.client [-] GET call to compute for http://172.30.9.25:8774/v2.1/flavors/detail used request id req-5d3722a7-d6fc-462a-9849-f6e205d13f0b request /usr/lib/python2.7/site-packages/keystoneauth1/session.py:844
