2019-07-24 19:12:29.835 1842 DEBUG novaclient.v2.client [-] RESP BODY: {"server_groups": []} _http_log_response /usr/lib/python2.7/site-packages/keystoneauth1/session.py:511
2019-07-24 19:12:29.835 1842 DEBUG novaclient.v2.client [-] GET call to compute for http://172.30.9.25:8774/v2.1/os-server-groups used request id req-dd248373-0df0-4220-bb77-b63cb6134d56 request /usr/lib/python2.7/site-packages/keystoneauth1/session.py:844
2019-07-24 19:12:30.262 1842 DEBUG novaclient.v2.client [-] REQ: curl -g -i -X GET http://172.30.9.25:8774/v2.1/os-server-groups -H "Accept: application/json" -H "User-Agent: python-novaclient" -H "X-Auth-Token: {SHA1}e6a6a17bb46646e4314cd48aa395f8cdc56414d8" _http_log_request /usr/lib/python2.7/site-packages/keystoneauth1/session.py:448
2019-07-24 19:12:30.566 1842 DEBUG novaclient.v2.client [-] RESP: [200] Content-Length: 21 Content-Type: application/json Date: Wed, 24 Jul 2019 19:12:30 GMT OpenStack-API-Version: compute 2.1 Server: Apache Vary: OpenStack-API-Version,X-OpenStack-Nova-API-Version X-OpenStack-Nova-API-Version: 2.1 x-compute-request-id: req-2787a2d5-066d-4b16-82c9-e6bebe079aef x-openstack-request-id: req-2787a2d5-066d-4b16-82c9-e6bebe079aef _http_log_response /usr/lib/python2.7/site-packages/keystoneauth1/session.py:479
2019-07-24 19:12:30.567 1842 DEBUG novaclient.v2.client [-] RESP BODY: {"server_groups": []} _http_log_response /usr/lib/python2.7/site-packages/keystoneauth1/session.py:511
2019-07-24 19:12:30.567 1842 DEBUG novaclient.v2.client [-] GET call to compute for http://172.30.9.25:8774/v2.1/os-server-groups used request id req-2787a2d5-066d-4b16-82c9-e6bebe079aef request /usr/lib/python2.7/site-packages/keystoneauth1/session.py:844
2019-07-24 19:12:30.574 1842 RALLYDEBUG rally_openstack.cleanup.manager [-] Cleaning up nova keypairs objects
2019-07-24 19:12:30.994 1842 DEBUG novaclient.v2.client [-] REQ: curl -g -i -X GET http://172.30.9.25:8774/v2.1/os-keypairs -H "Accept: application/json" -H "User-Agent: python-novaclient" -H "X-Auth-Token: {SHA1}94fae52547d3c1c4c6d77cf119acb2edbdf5bf8f" _http_log_request /usr/lib/python2.7/site-packages/keystoneauth1/session.py:448
2019-07-24 19:12:31.280 1842 DEBUG novaclient.v2.client [-] RESP: [200] Content-Length: 16 Content-Type: application/json Date: Wed, 24 Jul 2019 19:12:30 GMT OpenStack-API-Version: compute 2.1 Server: Apache Vary: OpenStack-API-Version,X-OpenStack-Nova-API-Version X-OpenStack-Nova-API-Version: 2.1 x-compute-request-id: req-f045c5f6-73aa-4914-9fc6-dad3efe5d0b9 x-openstack-request-id: req-f045c5f6-73aa-4914-9fc6-dad3efe5d0b9 _http_log_response /usr/lib/python2.7/site-packages/keystoneauth1/session.py:479
2019-07-24 19:12:31.281 1842 DEBUG novaclient.v2.client [-] RESP BODY: {"keypairs": []} _http_log_response /usr/lib/python2.7/site-packages/keystoneauth1/session.py:511
2019-07-24 19:12:31.281 1842 DEBUG novaclient.v2.client [-] GET call to compute for http://172.30.9.25:8774/v2.1/os-keypairs used request id req-f045c5f6-73aa-4914-9fc6-dad3efe5d0b9 request /usr/lib/python2.7/site-packages/keystoneauth1/session.py:844
2019-07-24 19:12:31.706 1842 DEBUG novaclient.v2.client [-] REQ: curl -g -i -X GET http://172.30.9.25:8774/v2.1/os-keypairs -H "Accept: application/json" -H "User-Agent: python-novaclient" -H "X-Auth-Token: {SHA1}2c3c7f9bfe5793a5c59330bce26db6fc81a27b8c" _http_log_request /usr/lib/python2.7/site-packages/keystoneauth1/session.py:448
2019-07-24 19:12:32.015 1842 DEBUG novaclient.v2.client [-] RESP: [200] Content-Length: 16 Content-Type: application/json Date: Wed, 24 Jul 2019 19:12:31 GMT OpenStack-API-Version: compute 2.1 Server: Apache Vary: OpenStack-API-Version,X-OpenStack-Nova-API-Version X-OpenStack-Nova-API-Version: 2.1 x-compute-request-id: req-d0cfb9ca-d42a-423e-b8ae-a26c6038e6e8 x-openstack-request-id: req-d0cfb9ca-d42a-423e-b8ae-a26c6038e6e8 _http_log_response /usr/lib/python2.7/site-packages/keystoneauth1/session.py:479
2019-07-24 19:12:32.015 1842 DEBUG novaclient.v2.client [-] RESP BODY: {"keypairs": []} _http_log_response /usr/lib/python2.7/site-packages/keystoneauth1/session.py:511
2019-07-24 19:12:32.016 1842 DEBUG novaclient.v2.client [-] GET call to compute for http://172.30.9.25:8774/v2.1/os-keypairs used request id req-d0cfb9ca-d42a-423e-b8ae-a26c6038e6e8 request /usr/lib/python2.7/site-packages/keystoneauth1/session.py:844
2019-07-24 19:12:32.445 1842 DEBUG novaclient.v2.client [-] REQ: curl -g -i -X GET http://172.30.9.25:8774/v2.1/os-keypairs -H "Accept: application/json" -H "User-Agent: python-novaclient" -H "X-Auth-Token: {SHA1}7c0c0a6207bbc8a717862504293d558d41963094" _http_log_request /usr/lib/python2.7/site-packages/keystoneauth1/session.py:448
2019-07-24 19:12:32.758 1842 DEBUG novaclient.v2.client [-] RESP: [200] Content-Length: 16 Content-Type: application/json Date: Wed, 24 Jul 2019 19:12:32 GMT OpenStack-API-Version: compute 2.1 Server: Apache Vary: OpenStack-API-Version,X-OpenStack-Nova-API-Version X-OpenStack-Nova-API-Version: 2.1 x-compute-request-id: req-b7fe9123-dfbb-4da5-b3b5-46b85356595e x-openstack-request-id: req-b7fe9123-dfbb-4da5-b3b5-46b85356595e _http_log_response /usr/lib/python2.7/site-packages/keystoneauth1/session.py:479
2019-07-24 19:12:32.758 1842 DEBUG novaclient.v2.client [-] RESP BODY: {"keypairs": []} _http_log_response /usr/lib/python2.7/site-packages/keystoneauth1/session.py:511
2019-07-24 19:12:32.759 1842 DEBUG novaclient.v2.client [-] GET call to compute for http://172.30.9.25:8774/v2.1/os-keypairs used request id req-b7fe9123-dfbb-4da5-b3b5-46b85356595e request /usr/lib/python2.7/site-packages/keystoneauth1/session.py:844
2019-07-24 19:12:33.180 1842 DEBUG novaclient.v2.client [-] REQ: curl -g -i -X GET http://172.30.9.25:8774/v2.1/os-keypairs -H "Accept: application/json" -H "User-Agent: python-novaclient" -H "X-Auth-Token: {SHA1}3f0f2865d1340a8926629f45a865c8cace0469e9" _http_log_request /usr/lib/python2.7/site-packages/keystoneauth1/session.py:448
2019-07-24 19:12:33.470 1842 DEBUG novaclient.v2.client [-] RESP: [200] Content-Length: 16 Content-Type: application/json Date: Wed, 24 Jul 2019 19:12:33 GMT OpenStack-API-Version: compute 2.1 Server: Apache Vary: OpenStack-API-Version,X-OpenStack-Nova-API-Version X-OpenStack-Nova-API-Version: 2.1 x-compute-request-id: req-f9e609ba-519b-48ab-8b56-88a0c950cbcf x-openstack-request-id: req-f9e609ba-519b-48ab-8b56-88a0c950cbcf _http_log_response /usr/lib/python2.7/site-packages/keystoneauth1/session.py:479
2019-07-24 19:12:33.470 1842 DEBUG novaclient.v2.client [-] RESP BODY: {"keypairs": []} _http_log_response /usr/lib/python2.7/site-packages/keystoneauth1/session.py:511
2019-07-24 19:12:33.471 1842 DEBUG novaclient.v2.client [-] GET call to compute for http://172.30.9.25:8774/v2.1/os-keypairs used request id req-f9e609ba-519b-48ab-8b56-88a0c950cbcf request /usr/lib/python2.7/site-packages/keystoneauth1/session.py:844
2019-07-24 19:12:33.907 1842 DEBUG novaclient.v2.client [-] REQ: curl -g -i -X GET http://172.30.9.25:8774/v2.1/os-keypairs -H "Accept: application/json" -H "User-Agent: python-novaclient" -H "X-Auth-Token: {SHA1}3a2e4ac8ab59fcc5bde8948e5e3175358e90b437" _http_log_request /usr/lib/python2.7/site-packages/keystoneauth1/session.py:448
2019-07-24 19:12:34.228 1842 DEBUG novaclient.v2.client [-] RESP: [200] Content-Length: 16 Content-Type: application/json Date: Wed, 24 Jul 2019 19:12:33 GMT OpenStack-API-Version: compute 2.1 Server: Apache Vary: OpenStack-API-Version,X-OpenStack-Nova-API-Version X-OpenStack-Nova-API-Version: 2.1 x-compute-request-id: req-6178c608-c76a-49d5-b7c7-0b94cf653ef0 x-openstack-request-id: req-6178c608-c76a-49d5-b7c7-0b94cf653ef0 _http_log_response /usr/lib/python2.7/site-packages/keystoneauth1/session.py:479
2019-07-24 19:12:34.228 1842 DEBUG novaclient.v2.client [-] RESP BODY: {"keypairs": []} _http_log_response /usr/lib/python2.7/site-packages/keystoneauth1/session.py:511
2019-07-24 19:12:34.228 1842 DEBUG novaclient.v2.client [-] GET call to compute for http://172.30.9.25:8774/v2.1/os-keypairs used request id req-6178c608-c76a-49d5-b7c7-0b94cf653ef0 request /usr/lib/python2.7/site-packages/keystoneauth1/session.py:844
2019-07-24 19:12:34.653 1842 DEBUG novaclient.v2.client [-] REQ: curl -g -i -X GET http://172.30.9.25:8774/v2.1/os-keypairs -H "Accept: application/json" -H "User-Agent: python-novaclient" -H "X-Auth-Token: {SHA1}eea6df7040854c273b3790929080c5dc0b72d0a7" _http_log_request /usr/lib/python2.7/site-packages/keystoneauth1/session.py:448
2019-07-24 19:12:34.965 1842 DEBUG novaclient.v2.client [-] RESP: [200] Content-Length: 16 Content-Type: application/json Date: Wed, 24 Jul 2019 19:12:34 GMT OpenStack-API-Version: compute 2.1 Server: Apache Vary: OpenStack-API-Version,X-OpenStack-Nova-API-Version X-OpenStack-Nova-API-Version: 2.1 x-compute-request-id: req-0fb92c2e-14b1-4b3f-8ff6-d3483ebb4c90 x-openstack-request-id: req-0fb92c2e-14b1-4b3f-8ff6-d3483ebb4c90 _http_log_response /usr/lib/python2.7/site-packages/keystoneauth1/session.py:479
2019-07-24 19:12:34.966 1842 DEBUG novaclient.v2.client [-] RESP BODY: {"keypairs": []} _http_log_response /usr/lib/python2.7/site-packages/keystoneauth1/session.py:511
2019-07-24 19:12:34.966 1842 DEBUG novaclient.v2.client [-] GET call to compute for http://172.30.9.25:8774/v2.1/os-keypairs used request id req-0fb92c2e-14b1-4b3f-8ff6-d3483ebb4c90 request /usr/lib/python2.7/site-packages/keystoneauth1/session.py:844
2019-07-24 19:12:34.973 1842 RALLYDEBUG rally_openstack.cleanup.manager [-] Cleaning up cinder backups objects
2019-07-24 19:12:37.169 1842 RALLYDEBUG rally_openstack.cleanup.manager [-] Cleaning up cinder volume_snapshots objects
2019-07-24 19:12:39.409 1842 RALLYDEBUG rally_openstack.cleanup.manager [-] Cleaning up cinder transfers objects
2019-07-24 19:12:41.526 1842 RALLYDEBUG rally_openstack.cleanup.manager [-] Cleaning up cinder volumes objects
2019-07-24 19:12:43.711 1842 INFO rally.task.context [-] Task 20badba6-604b-473b-b911-e2b1164285d5 | Context cleanup@openstack cleanup() finished in 17.68 sec
2019-07-24 19:12:43.712 1842 INFO rally.task.context [-] Task 20badba6-604b-473b-b911-e2b1164285d5 | Context quotas@openstack cleanup() started
2019-07-24 19:12:44.581 1842 INFO rally.task.context [-] Task 20badba6-604b-473b-b911-e2b1164285d5 | Context quotas@openstack cleanup() finished in 0.87 sec
2019-07-24 19:12:44.581 1842 INFO rally.task.context [-] Task 20badba6-604b-473b-b911-e2b1164285d5 | Context api_versions@openstack cleanup() started
2019-07-24 19:12:44.582 1842 INFO rally.task.context [-] Task 20badba6-604b-473b-b911-e2b1164285d5 | Context api_versions@openstack cleanup() finished in 0.32 msec
2019-07-24 19:12:44.582 1842 INFO rally.task.context [-] Task 20badba6-604b-473b-b911-e2b1164285d5 | Context users@openstack cleanup() started
2019-07-24 19:12:52.098 1842 INFO rally.task.context [-] Task 20badba6-604b-473b-b911-e2b1164285d5 | Context users@openstack cleanup() finished in 7.52 sec
2019-07-24 19:12:52.863 1842 INFO rally.task.engine [-] Load duration is: 103.805347
2019-07-24 19:12:52.864 1842 INFO rally.task.engine [-] Full runner duration is: 104.858993
2019-07-24 19:12:52.864 1842 INFO rally.task.engine [-] Full duration is: 139.939675
2019-07-24 19:12:53.165 1842 INFO rally.task.engine [-] Running workload: position = 0 config = { "version": 2, "title": "A cropped version of a bigger task.", "description": "Auto-generated task from a single workload (uuid=acc34479-ee8e-44aa-871b-47c90f31809c)", "subtasks": [ { "title": "CinderVolumes.create_and_list_snapshots", "description": "Create and then list a volume-snapshot.", "scenario": { "CinderVolumes.create_and_list_snapshots": { "detailed": true, "force": false } }, "contexts": { "users": { "tenants": 3, "users_per_tenant": 2 }, "quotas": { "cinder": { "gigabytes": -1, "snapshots": -1, "volumes": -1 } }, "api_versions": { "cinder": { "version": 3, "service_type": "volumev3" } }, "volumes": { "size": 1, "volumes_per_tenant": 1 } }, "runner": { "constant": { "concurrency": 4, "times": 10 } }, "hooks": [], "sla": { "failure_rate": { "max": 0 } } } ] }
2019-07-24 19:12:53.192 1842 RALLYDEBUG rally_openstack.contexts.keystone.users [-] Creating 3 tenants using 20 threads
2019-07-24 19:12:55.032 1842 RALLYDEBUG rally_openstack.contexts.keystone.users [-] Creating 6 users using 20 threads
2019-07-24 19:12:57.911 1842 INFO rally.task.context [-] Task 20badba6-604b-473b-b911-e2b1164285d5 | Context users@openstack setup() finished in 4.72 sec
2019-07-24 19:12:58.335 1842 INFO rally.task.context [-] Task 20badba6-604b-473b-b911-e2b1164285d5 | Context api_versions@openstack setup() finished in 0.42 sec
2019-07-24 19:13:00.003 1842 INFO rally.task.context [-] Task 20badba6-604b-473b-b911-e2b1164285d5 | Context quotas@openstack setup() finished in 1.67 sec
2019-07-24 19:13:11.092 1842 INFO rally.task.context [-] Task 20badba6-604b-473b-b911-e2b1164285d5 | Context volumes@openstack setup() finished in 11.09 sec
2019-07-24 19:13:11.092 1842 INFO rally.task.context [-] Task 20badba6-604b-473b-b911-e2b1164285d5 | Context cleanup@openstack setup() finished in 0.01 msec
2019-07-24 19:13:11.100 1842 RALLYDEBUG rally.task.runner [-] Starting the constant runner (task UUID: 20badba6-604b-473b-b911-e2b1164285d5). timeout: 0 concurrency: 4 concurrency_per_worker: 1 times: 10 concurrency_overhead: 0 processes_to_start: 4 max_cpu_used: 16
2019-07-24 19:13:11.111 2210 RALLYDEBUG rally.task.runner [-] Starting a worker. concurrency: 1 args: {"detailed": true, "force": false} times: 10 method_name: run timeout: 0 duration: None cls:
2019-07-24 19:13:11.115 2211 RALLYDEBUG rally.task.runner [-] Starting a worker. concurrency: 1 args: {"detailed": true, "force": false} times: 10 method_name: run timeout: 0 duration: None cls:
2019-07-24 19:13:11.118 2212 RALLYDEBUG rally.task.runner [-] Starting a worker. concurrency: 1 args: {"detailed": true, "force": false} times: 10 method_name: run timeout: 0 duration: None cls:
2019-07-24 19:13:11.120 2210 INFO rally.task.runner [-] Task 20badba6-604b-473b-b911-e2b1164285d5 | ITER: 1 START
2019-07-24 19:13:11.125 2211 INFO rally.task.runner [-] Task 20badba6-604b-473b-b911-e2b1164285d5 | ITER: 2 START
2019-07-24 19:13:11.125 2213 RALLYDEBUG rally.task.runner [-] Starting a worker. concurrency: 1 args: {"detailed": true, "force": false} times: 10 method_name: run timeout: 0 duration: None cls:
2019-07-24 19:13:11.129 2212 INFO rally.task.runner [-] Task 20badba6-604b-473b-b911-e2b1164285d5 | ITER: 3 START
2019-07-24 19:13:11.131 2213 INFO rally.task.runner [-] Task 20badba6-604b-473b-b911-e2b1164285d5 | ITER: 4 START
2019-07-24 19:13:14.955 2211 INFO rally.task.runner [-] Task 20badba6-604b-473b-b911-e2b1164285d5 | ITER: 2 END: OK
2019-07-24 19:13:14.960 2211 INFO rally.task.runner [-] Task 20badba6-604b-473b-b911-e2b1164285d5 | ITER: 5 START
2019-07-24 19:13:15.007 2210 INFO rally.task.runner [-] Task 20badba6-604b-473b-b911-e2b1164285d5 | ITER: 1 END: OK
2019-07-24 19:13:15.012 2210 INFO rally.task.runner [-] Task 20badba6-604b-473b-b911-e2b1164285d5 | ITER: 6 START
2019-07-24 19:13:15.040 2212 INFO rally.task.runner [-] Task 20badba6-604b-473b-b911-e2b1164285d5 | ITER: 3 END: OK
2019-07-24 19:13:15.045 2212 INFO rally.task.runner [-] Task 20badba6-604b-473b-b911-e2b1164285d5 | ITER: 7 START
2019-07-24 19:13:15.164 2213 INFO rally.task.runner [-] Task 20badba6-604b-473b-b911-e2b1164285d5 | ITER: 4 END: OK
2019-07-24 19:13:15.169 2213 INFO rally.task.runner [-] Task 20badba6-604b-473b-b911-e2b1164285d5 | ITER: 8 START
2019-07-24 19:13:18.657 2212 INFO rally.task.runner [-] Task 20badba6-604b-473b-b911-e2b1164285d5 | ITER: 7 END: OK
2019-07-24 19:13:18.663 2212 INFO rally.task.runner [-] Task 20badba6-604b-473b-b911-e2b1164285d5 | ITER: 9 START
2019-07-24 19:13:18.765 2211 INFO rally.task.runner [-] Task 20badba6-604b-473b-b911-e2b1164285d5 | ITER: 5 END: OK
2019-07-24 19:13:18.770 2211 INFO rally.task.runner [-] Task 20badba6-604b-473b-b911-e2b1164285d5 | ITER: 10 START
2019-07-24 19:13:18.883 2210 INFO rally.task.runner [-] Task 20badba6-604b-473b-b911-e2b1164285d5 | ITER: 6 END: OK
2019-07-24 19:13:18.969 2213 INFO rally.task.runner [-] Task 20badba6-604b-473b-b911-e2b1164285d5 | ITER: 8 END: OK
2019-07-24 19:13:22.351 2211 INFO rally.task.runner [-] Task 20badba6-604b-473b-b911-e2b1164285d5 | ITER: 10 END: OK
2019-07-24 19:13:22.352 2212 INFO rally.task.runner [-] Task 20badba6-604b-473b-b911-e2b1164285d5 | ITER: 9 END: OK
2019-07-24 19:13:22.379 1842 INFO rally.task.context [-] Task 20badba6-604b-473b-b911-e2b1164285d5 | Context cleanup@openstack cleanup() started
2019-07-24 19:13:22.382 1842 RALLYDEBUG rally_openstack.cleanup.manager [-] Cleaning up cinder backups objects
2019-07-24 19:13:24.598 1842 RALLYDEBUG rally_openstack.cleanup.manager [-] Cleaning up cinder volume_snapshots objects
2019-07-24 19:13:26.793 1842 RALLYDEBUG rally_openstack.cleanup.manager [-] Deleting cinder.volume_snapshots object s_rally_acc34479_80LY2njG (2ea63f97-d232-47c5-a778-caaf33db53a8)
2019-07-24 19:13:26.798 1842 RALLYDEBUG rally_openstack.cleanup.manager [-] Deleting cinder.volume_snapshots object s_rally_acc34479_w5uMWIQA (deb51673-43fc-4296-a403-f7c4994c3c10)
2019-07-24 19:13:26.803 1842 RALLYDEBUG rally_openstack.cleanup.manager [-] Deleting cinder.volume_snapshots object s_rally_acc34479_ZVTJ3x6Y (220d0325-d10c-4f40-919e-377582a8cfe5)
2019-07-24 19:13:26.803 1842 RALLYDEBUG rally_openstack.cleanup.manager [-] Deleting cinder.volume_snapshots object s_rally_acc34479_EAzemlQ3 (d14ba3c8-f73a-4b87-b5e7-5e2a2db17560)
2019-07-24 19:13:26.806 1842 RALLYDEBUG rally_openstack.cleanup.manager [-] Deleting cinder.volume_snapshots object s_rally_acc34479_zZzyynPN (14546140-4104-45ec-b0c0-4651f4a7141b)
2019-07-24 19:13:26.810 1842 RALLYDEBUG rally_openstack.cleanup.manager [-] Deleting cinder.volume_snapshots object s_rally_acc34479_Sw4MfKAQ (74a0f83a-9b52-4b0d-bf64-f212fdbdb348)
2019-07-24 19:13:26.813 1842 RALLYDEBUG rally_openstack.cleanup.manager [-] Deleting cinder.volume_snapshots object s_rally_acc34479_wPJUJMWV (a2ad31e5-cc84-461f-b91b-0413544b7583)
2019-07-24 19:13:26.822 1842 RALLYDEBUG rally_openstack.cleanup.manager [-] Deleting cinder.volume_snapshots object s_rally_acc34479_c3R6wX7E (5eed443c-625c-4866-9d4b-2d879406c5f2)
2019-07-24 19:13:26.825 1842 RALLYDEBUG rally_openstack.cleanup.manager [-] Deleting cinder.volume_snapshots object s_rally_acc34479_iQcrTKwO (b0f1ff51-43c2-4281-80d0-a1a193a41bcb)
2019-07-24 19:13:26.846 1842 RALLYDEBUG rally_openstack.cleanup.manager [-] Deleting cinder.volume_snapshots object s_rally_acc34479_eiXZUxAj (cdb80677-452b-46ff-b059-7a3a0c0ae1ac)
2019-07-24 19:13:31.835 1842 RALLYDEBUG rally_openstack.cleanup.manager [-] Cleaning up cinder transfers objects
2019-07-24 19:13:34.061 1842 RALLYDEBUG rally_openstack.cleanup.manager [-] Cleaning up cinder volumes objects
2019-07-24 19:13:36.409 1842 INFO rally.task.context [-] Task 20badba6-604b-473b-b911-e2b1164285d5 | Context cleanup@openstack cleanup() finished in 14.03 sec
2019-07-24 19:13:36.409 1842 INFO rally.task.context [-] Task 20badba6-604b-473b-b911-e2b1164285d5 | Context volumes@openstack cleanup() started
2019-07-24 19:13:36.410 1842 RALLYDEBUG rally_openstack.cleanup.manager [-] Cleaning up cinder volumes objects
2019-07-24 19:13:38.830 1842 RALLYDEBUG rally_openstack.cleanup.manager [-] Deleting cinder.volumes object c_rally_acc34479_XE4vV08O (826a4688-c0b4-4ed8-9c35-7937b08c1ffc)
2019-07-24 19:13:38.832 1842 RALLYDEBUG rally_openstack.cleanup.manager [-] Deleting cinder.volumes object c_rally_acc34479_HFTL7rko (46459711-47e2-431c-aa60-b6695115a11f)
2019-07-24 19:13:38.838 1842 RALLYDEBUG rally_openstack.cleanup.manager [-] Deleting cinder.volumes object c_rally_acc34479_9dSnk813 (3a849c8b-1422-47eb-a40b-37c01ca59505)
2019-07-24 19:13:42.588 1842 INFO rally.task.context [-] Task 20badba6-604b-473b-b911-e2b1164285d5 | Context volumes@openstack cleanup() finished in 6.18 sec
2019-07-24 19:13:42.589 1842 INFO rally.task.context [-] Task 20badba6-604b-473b-b911-e2b1164285d5 | Context quotas@openstack cleanup() started
2019-07-24 19:13:43.419 1842 INFO rally.task.context [-] Task 20badba6-604b-473b-b911-e2b1164285d5 | Context quotas@openstack cleanup() finished in 0.83 sec
2019-07-24 19:13:43.420 1842 INFO rally.task.context [-] Task 20badba6-604b-473b-b911-e2b1164285d5 | Context api_versions@openstack cleanup() started
2019-07-24 19:13:43.420 1842 INFO rally.task.context [-] Task 20badba6-604b-473b-b911-e2b1164285d5 | Context api_versions@openstack cleanup() finished in 0.33 msec
2019-07-24 19:13:43.421 1842 INFO rally.task.context [-] Task 20badba6-604b-473b-b911-e2b1164285d5 | Context users@openstack cleanup() started
2019-07-24 19:13:51.403 1842 INFO rally.task.context [-] Task 20badba6-604b-473b-b911-e2b1164285d5 | Context users@openstack cleanup() finished in 7.98 sec
2019-07-24 19:13:51.494 1842 INFO rally.task.engine [-] Load duration is: 11.227841
2019-07-24 19:13:51.494 1842 INFO rally.task.engine [-] Full runner duration is: 11.279903
2019-07-24 19:13:51.494 1842 INFO rally.task.engine [-] Full duration is: 58.21526
2019-07-24 19:13:51.719 1842 INFO rally.task.engine [-] Running workload: position = 0 config = { "version": 2, "title": "A cropped version of a bigger task.", "description": "Auto-generated task from a single workload (uuid=c2a762ab-8e75-4099-a561-62b7daf56ff9)", "subtasks": [ { "title": "CinderVolumes.create_and_list_volume", "description": "Create a volume and list all volumes.", "scenario": { "CinderVolumes.create_and_list_volume": { "detailed": true, "image": { "name": "rally_full-img_6faa1fd1-e7d7-4a57-a8b5-680c70474fe3" }, "size": 1 } }, "contexts": { "users": { "tenants": 3, "users_per_tenant": 2 }, "quotas": { "cinder": { "gigabytes": -1, "snapshots": -1, "volumes": -1 } }, "api_versions": { "cinder": { "version": 3, "service_type": "volumev3" } } }, "runner": { "constant": { "concurrency": 4, "times": 10 } }, "hooks": [], "sla": { "failure_rate": { "max": 0 } } } ] }
2019-07-24 19:13:51.736 1842 RALLYDEBUG rally_openstack.contexts.keystone.users [-] Creating 3 tenants using 20 threads
2019-07-24 19:13:53.644 1842 RALLYDEBUG rally_openstack.contexts.keystone.users [-] Creating 6 users using 20 threads
2019-07-24 19:13:56.543 1842 INFO rally.task.context [-] Task 20badba6-604b-473b-b911-e2b1164285d5 | Context users@openstack setup() finished in 4.81 sec
2019-07-24 19:13:56.974 1842 INFO rally.task.context [-] Task 20badba6-604b-473b-b911-e2b1164285d5 | Context api_versions@openstack setup() finished in 0.43 sec
2019-07-24 19:13:58.697 1842 INFO rally.task.context [-] Task 20badba6-604b-473b-b911-e2b1164285d5 | Context quotas@openstack setup() finished in 1.72 sec
2019-07-24 19:13:58.698 1842 INFO rally.task.context [-] Task 20badba6-604b-473b-b911-e2b1164285d5 | Context cleanup@openstack setup() finished in 0.00 msec
2019-07-24 19:13:59.757 1842 RALLYDEBUG rally.task.runner [-] Starting the constant runner (task UUID: 20badba6-604b-473b-b911-e2b1164285d5). timeout: 0 concurrency: 4 concurrency_per_worker: 1 times: 10 concurrency_overhead: 0 processes_to_start: 4 max_cpu_used: 16
2019-07-24 19:13:59.769 2414 RALLYDEBUG rally.task.runner [-] Starting a worker. concurrency: 1 args: {"detailed": true, "image": "acdd1ae8-8cf3-4f96-a3a1-b23125a7029a", "size": 1} times: 10 method_name: run timeout: 0 duration: None cls:
2019-07-24 19:13:59.772 2415 RALLYDEBUG rally.task.runner [-] Starting a worker. concurrency: 1 args: {"detailed": true, "image": "acdd1ae8-8cf3-4f96-a3a1-b23125a7029a", "size": 1} times: 10 method_name: run timeout: 0 duration: None cls:
2019-07-24 19:13:59.776 2414 INFO rally.task.runner [-] Task 20badba6-604b-473b-b911-e2b1164285d5 | ITER: 1 START
2019-07-24 19:13:59.777 2417 RALLYDEBUG rally.task.runner [-] Starting a worker. concurrency: 1 args: {"detailed": true, "image": "acdd1ae8-8cf3-4f96-a3a1-b23125a7029a", "size": 1} times: 10 method_name: run timeout: 0 duration: None cls:
2019-07-24 19:13:59.777 2416 RALLYDEBUG rally.task.runner [-] Starting a worker. concurrency: 1 args: {"detailed": true, "image": "acdd1ae8-8cf3-4f96-a3a1-b23125a7029a", "size": 1} times: 10 method_name: run timeout: 0 duration: None cls:
2019-07-24 19:13:59.781 2415 INFO rally.task.runner [-] Task 20badba6-604b-473b-b911-e2b1164285d5 | ITER: 2 START
2019-07-24 19:13:59.783 2417 INFO rally.task.runner [-] Task 20badba6-604b-473b-b911-e2b1164285d5 | ITER: 3 START
2019-07-24 19:13:59.788 2416 INFO rally.task.runner [-] Task 20badba6-604b-473b-b911-e2b1164285d5 | ITER: 4 START
2019-07-24 19:14:06.917 2415 RALLYDEBUG rally.task.utils [-] Waiting for resource s_rally_c2a762ab_qwZV4BrF. Status changed: CREATING => DOWNLOADING in 2.88643288612
2019-07-24 19:14:10.308 2416 RALLYDEBUG rally.task.utils [-] Waiting for resource s_rally_c2a762ab_Gx6We9Nv. Status changed: CREATING => DOWNLOADING in 5.26004695892
2019-07-24 19:14:12.066 2414 RALLYDEBUG rally.task.utils [-] Waiting for resource s_rally_c2a762ab_Ocw12b5r. Status changed: CREATING => DOWNLOADING in 7.78039503098
2019-07-24 19:14:13.703 2415 RALLYDEBUG rally.task.utils [-] Waiting for resource s_rally_c2a762ab_qwZV4BrF. Status changed: DOWNLOADING => AVAILABLE in 6.78527903557
2019-07-24 19:14:14.043 2415 INFO rally.task.runner [-] Task 20badba6-604b-473b-b911-e2b1164285d5 | ITER: 2 END: OK
2019-07-24 19:14:14.049 2415 INFO rally.task.runner [-] Task 20badba6-604b-473b-b911-e2b1164285d5 | ITER: 5 START
2019-07-24 19:14:16.454 2414 RALLYDEBUG rally.task.utils [-] Waiting for resource s_rally_c2a762ab_Ocw12b5r. Status changed: DOWNLOADING => AVAILABLE in 4.38832902908
2019-07-24 19:14:16.815 2414 INFO rally.task.runner [-] Task 20badba6-604b-473b-b911-e2b1164285d5 | ITER: 1 END: OK
2019-07-24 19:14:16.819 2414 INFO rally.task.runner [-] Task 20badba6-604b-473b-b911-e2b1164285d5 | ITER: 6 START
2019-07-24 19:14:17.037 2417 RALLYDEBUG rally.task.utils [-] Waiting for resource s_rally_c2a762ab_prm4TU9c. Status changed: CREATING => DOWNLOADING in 12.262387991
2019-07-24 19:14:17.507 2416 RALLYDEBUG rally.task.utils [-] Waiting for resource s_rally_c2a762ab_Gx6We9Nv. Status changed: DOWNLOADING => AVAILABLE in 7.19837594032
2019-07-24 19:14:17.565 2416 INFO rally.task.runner [-] Task 20badba6-604b-473b-b911-e2b1164285d5 | ITER: 4 END: OK
2019-07-24 19:14:17.570 2416 INFO rally.task.runner [-] Task 20badba6-604b-473b-b911-e2b1164285d5 | ITER: 7 START
2019-07-24 19:14:19.379 2417 RALLYDEBUG rally.task.utils [-] Waiting for resource s_rally_c2a762ab_prm4TU9c. Status changed: DOWNLOADING => AVAILABLE in 2.34182715416
2019-07-24 19:14:19.715 2417 INFO rally.task.runner [-] Task 20badba6-604b-473b-b911-e2b1164285d5 | ITER: 3 END: OK
2019-07-24 19:14:19.721 2417 INFO rally.task.runner [-] Task 20badba6-604b-473b-b911-e2b1164285d5 | ITER: 8 START
2019-07-24 19:14:24.553 2415 RALLYDEBUG rally.task.utils [-] Waiting for resource s_rally_c2a762ab_ygemfOm6. Status changed: CREATING => DOWNLOADING in 5.3648481369
2019-07-24 19:14:26.479 2414 RALLYDEBUG rally.task.utils [-] Waiting for resource s_rally_c2a762ab_7xBPmxbZ. Status changed: CREATING => DOWNLOADING in 5.4543299675
2019-07-24 19:14:29.160 2415 RALLYDEBUG rally.task.utils [-] Waiting for resource s_rally_c2a762ab_ygemfOm6. Status changed: DOWNLOADING => AVAILABLE in 4.60696578026
2019-07-24 19:14:29.512 2415 INFO rally.task.runner [-] Task 20badba6-604b-473b-b911-e2b1164285d5 | ITER: 5 END: OK
2019-07-24 19:14:29.517 2415 INFO rally.task.runner [-] Task 20badba6-604b-473b-b911-e2b1164285d5 | ITER: 9 START
2019-07-24 19:14:29.743 2416 RALLYDEBUG rally.task.utils [-] Waiting for resource s_rally_c2a762ab_ySByfGZF. Status changed: CREATING => DOWNLOADING in 7.69775700569
2019-07-24 19:14:33.229 2414 RALLYDEBUG rally.task.utils [-] Waiting for resource s_rally_c2a762ab_7xBPmxbZ. Status changed: DOWNLOADING => AVAILABLE in 6.74937701225
2019-07-24 19:14:33.590 2414 INFO rally.task.runner [-] Task 20badba6-604b-473b-b911-e2b1164285d5 | ITER: 6 END: OK
2019-07-24 19:14:33.596 2414 INFO rally.task.runner [-] Task 20badba6-604b-473b-b911-e2b1164285d5 | ITER: 10 START
2019-07-24 19:14:34.400 2416 RALLYDEBUG rally.task.utils [-] Waiting for resource s_rally_c2a762ab_ySByfGZF. Status changed: DOWNLOADING => AVAILABLE in 4.65688490868
2019-07-24 19:14:34.633 2417 RALLYDEBUG rally.task.utils [-] Waiting for resource s_rally_c2a762ab_j9IxZ8Nt. Status changed: CREATING => DOWNLOADING in 9.91213488579
2019-07-24 19:14:34.746 2416 INFO rally.task.runner [-] Task 20badba6-604b-473b-b911-e2b1164285d5 | ITER: 7 END: OK
2019-07-24 19:14:36.708 2417 RALLYDEBUG rally.task.utils [-] Waiting for resource s_rally_c2a762ab_j9IxZ8Nt. Status changed: DOWNLOADING => AVAILABLE in 2.07451820374
2019-07-24 19:14:36.799 2417 INFO rally.task.runner [-] Task 20badba6-604b-473b-b911-e2b1164285d5 | ITER: 8 END: OK
2019-07-24 19:14:38.973 2415 RALLYDEBUG rally.task.utils [-] Waiting for resource s_rally_c2a762ab_5WmMkwAy. Status changed: CREATING => DOWNLOADING in 5.15514087677
2019-07-24 19:14:41.753 2414 RALLYDEBUG rally.task.utils [-] Waiting for resource s_rally_c2a762ab_Z6loLZxm. Status changed: CREATING => DOWNLOADING in 2.9613699913
2019-07-24 19:14:43.629 2415 RALLYDEBUG rally.task.utils [-] Waiting for resource s_rally_c2a762ab_5WmMkwAy. Status changed: DOWNLOADING => AVAILABLE in 4.65632605553
2019-07-24 19:14:43.998 2415 INFO rally.task.runner [-] Task 20badba6-604b-473b-b911-e2b1164285d5 | ITER: 9 END: OK
2019-07-24 19:14:46.171 2414 RALLYDEBUG rally.task.utils [-] Waiting for resource s_rally_c2a762ab_Z6loLZxm. Status changed: DOWNLOADING => AVAILABLE in 4.41809797287
2019-07-24 19:14:46.543 2414 INFO rally.task.runner [-] Task 20badba6-604b-473b-b911-e2b1164285d5 | ITER: 10 END: OK
2019-07-24 19:14:46.565 1842 INFO rally.task.context [-] Task 20badba6-604b-473b-b911-e2b1164285d5 | Context cleanup@openstack cleanup() started
2019-07-24 19:14:46.568 1842 RALLYDEBUG rally_openstack.cleanup.manager [-] Cleaning up cinder backups objects
2019-07-24 19:14:48.573 1842 RALLYDEBUG rally_openstack.cleanup.manager [-] Cleaning up cinder volume_snapshots objects
2019-07-24 19:14:50.612 1842 RALLYDEBUG rally_openstack.cleanup.manager [-] Cleaning up cinder transfers objects
2019-07-24 19:14:52.812 1842 RALLYDEBUG rally_openstack.cleanup.manager [-] Cleaning up cinder volumes objects
2019-07-24 19:14:55.078 1842 RALLYDEBUG rally_openstack.cleanup.manager [-] Deleting cinder.volumes object s_rally_c2a762ab_7xBPmxbZ (551bd1a9-7f54-49cf-902d-08f4869a8b4e)
2019-07-24 19:14:55.085 1842 RALLYDEBUG rally_openstack.cleanup.manager [-] Deleting cinder.volumes object s_rally_c2a762ab_Z6loLZxm (ec5f5a40-628d-43c2-b719-3f00486cbe57)
2019-07-24 19:14:55.088 1842 RALLYDEBUG rally_openstack.cleanup.manager [-] Deleting cinder.volumes object s_rally_c2a762ab_prm4TU9c (b8aeb35b-61f4-40be-a4c6-3908a05bb5ec)
2019-07-24 19:14:55.090 1842 RALLYDEBUG rally_openstack.cleanup.manager [-] Deleting cinder.volumes object s_rally_c2a762ab_Ocw12b5r (065f44a6-1015-4be0-846c-e0b2b39d98f2)
2019-07-24 19:14:55.095 1842 RALLYDEBUG rally_openstack.cleanup.manager [-] Deleting cinder.volumes object s_rally_c2a762ab_qwZV4BrF (40f08a43-6b26-4766-a094-1fa57be5c4d6)
2019-07-24 19:14:55.096 1842 RALLYDEBUG rally_openstack.cleanup.manager [-] Deleting cinder.volumes object s_rally_c2a762ab_j9IxZ8Nt (0d62ec57-b2a3-42f0-b0eb-dac64fd9b035)
2019-07-24 19:14:55.099 1842 RALLYDEBUG rally_openstack.cleanup.manager [-] Deleting cinder.volumes object s_rally_c2a762ab_Gx6We9Nv (dae146bd-b407-438f-8b1b-4209aeb2be43)
2019-07-24 19:14:55.099 1842 RALLYDEBUG rally_openstack.cleanup.manager [-] Deleting cinder.volumes object s_rally_c2a762ab_5WmMkwAy (837e4ce2-328c-4291-bb2f-3589214b3da9)
2019-07-24 19:14:55.102 1842 RALLYDEBUG rally_openstack.cleanup.manager [-] Deleting cinder.volumes object s_rally_c2a762ab_ySByfGZF (412e79cd-b11d-4204-9f12-a11a76bc694b)
2019-07-24 19:14:55.108 1842 RALLYDEBUG rally_openstack.cleanup.manager [-] Deleting cinder.volumes object s_rally_c2a762ab_ygemfOm6 (721cf8e2-e749-422f-99de-097c0ef55962)
2019-07-24 19:15:00.324 1842 INFO rally.task.context [-] Task 20badba6-604b-473b-b911-e2b1164285d5 | Context cleanup@openstack cleanup() finished in 13.76 sec
2019-07-24 19:15:00.325 1842 INFO rally.task.context [-] Task 20badba6-604b-473b-b911-e2b1164285d5 | Context quotas@openstack cleanup() started
2019-07-24 19:15:01.198 1842 INFO rally.task.context [-] Task 20badba6-604b-473b-b911-e2b1164285d5 | Context quotas@openstack cleanup() finished in 0.87 sec
2019-07-24 19:15:01.199 1842 INFO rally.task.context [-] Task 20badba6-604b-473b-b911-e2b1164285d5 | Context api_versions@openstack cleanup() started
2019-07-24 19:15:01.199 1842 INFO rally.task.context [-] Task 20badba6-604b-473b-b911-e2b1164285d5 | Context api_versions@openstack cleanup() finished in 0.31 msec
2019-07-24 19:15:01.200 1842 INFO rally.task.context [-] Task 20badba6-604b-473b-b911-e2b1164285d5 | Context users@openstack cleanup() started
2019-07-24 19:15:09.045 1842 INFO rally.task.context [-] Task 20badba6-604b-473b-b911-e2b1164285d5 | Context users@openstack cleanup() finished in 7.85 sec
2019-07-24 19:15:10.030 1842 INFO rally.task.engine [-] Load duration is: 46.763151
2019-07-24 19:15:10.031 1842 INFO rally.task.engine [-] Full runner duration is: 46.808538
2019-07-24 19:15:10.031 1842 INFO rally.task.engine [-] Full duration is: 77.312299
2019-07-24 19:15:10.215 1842 INFO rally.task.engine [-] Running workload: position = 1 config = { "version": 2, "title": "A cropped version of a bigger task.", "description": "Auto-generated task from a single workload (uuid=78aa9847-6313-486f-89f3-c01d73719e58)", "subtasks": [ { "title": "CinderVolumes.create_and_list_volume", "description": "Create a volume and list all volumes.", "scenario": { "CinderVolumes.create_and_list_volume": { "detailed": true, "size": 1 } }, "contexts": { "users": { "tenants": 3, "users_per_tenant": 2 }, "quotas": { "cinder": { "gigabytes": -1, "snapshots": -1, "volumes": -1 } }, "api_versions": { "cinder": { "version": 3, "service_type": "volumev3" } } }, "runner": { "constant": { "concurrency": 4, "times": 10 } }, "hooks": [], "sla": { "failure_rate": { "max": 0 } } } ] }
2019-07-24 19:15:10.236 1842 RALLYDEBUG rally_openstack.contexts.keystone.users [-] Creating 3 tenants using 20 threads
2019-07-24 19:15:12.243 1842 RALLYDEBUG rally_openstack.contexts.keystone.users [-] Creating 6 users using 20 threads
2019-07-24 19:15:15.116 1842 INFO rally.task.context [-] Task 20badba6-604b-473b-b911-e2b1164285d5 | Context users@openstack setup() finished in 4.88 sec
2019-07-24 19:15:15.559 1842 INFO rally.task.context [-] Task 20badba6-604b-473b-b911-e2b1164285d5 | Context api_versions@openstack setup() finished in 0.44 sec
2019-07-24 19:15:17.309 1842 INFO rally.task.context [-] Task 20badba6-604b-473b-b911-e2b1164285d5 | Context quotas@openstack setup() finished in 1.75 sec
2019-07-24 19:15:17.309 1842 INFO rally.task.context [-] Task 20badba6-604b-473b-b911-e2b1164285d5 | Context cleanup@openstack setup() finished in 0.01 msec
2019-07-24 19:15:17.317 1842 RALLYDEBUG rally.task.runner [-] Starting the constant runner (task UUID: 20badba6-604b-473b-b911-e2b1164285d5). timeout: 0 concurrency: 4 concurrency_per_worker: 1 times: 10 concurrency_overhead: 0 processes_to_start: 4 max_cpu_used: 16
2019-07-24 19:15:17.328 2598 RALLYDEBUG rally.task.runner [-] Starting a worker. concurrency: 1 args: {"detailed": true, "size": 1} times: 10 method_name: run timeout: 0 duration: None cls:
2019-07-24 19:15:17.331 2599 RALLYDEBUG rally.task.runner [-] Starting a worker. concurrency: 1 args: {"detailed": true, "size": 1} times: 10 method_name: run timeout: 0 duration: None cls:
2019-07-24 19:15:17.333 2600 RALLYDEBUG rally.task.runner [-] Starting a worker. concurrency: 1 args: {"detailed": true, "size": 1} times: 10 method_name: run timeout: 0 duration: None cls:
2019-07-24 19:15:17.336 2598 INFO rally.task.runner [-] Task 20badba6-604b-473b-b911-e2b1164285d5 | ITER: 1 START
2019-07-24 19:15:17.336 2601 RALLYDEBUG rally.task.runner [-] Starting a worker. concurrency: 1 args: {"detailed": true, "size": 1} times: 10 method_name: run timeout: 0 duration: None cls:
2019-07-24 19:15:17.339 2599 INFO rally.task.runner [-] Task 20badba6-604b-473b-b911-e2b1164285d5 | ITER: 2 START
2019-07-24 19:15:17.340 2600 INFO rally.task.runner [-] Task 20badba6-604b-473b-b911-e2b1164285d5 | ITER: 3 START
2019-07-24 19:15:17.344 2601 INFO rally.task.runner [-] Task 20badba6-604b-473b-b911-e2b1164285d5 | ITER: 4 START
2019-07-24 19:15:21.376 2600 INFO rally.task.runner [-] Task 20badba6-604b-473b-b911-e2b1164285d5 | ITER: 3 END: OK
2019-07-24 19:15:21.381 2600 INFO rally.task.runner [-] Task 20badba6-604b-473b-b911-e2b1164285d5 | ITER: 5 START
2019-07-24 19:15:21.388 2601 INFO rally.task.runner [-] Task 20badba6-604b-473b-b911-e2b1164285d5 | ITER: 4 END: OK
2019-07-24 19:15:21.393 2601 INFO rally.task.runner [-] Task 20badba6-604b-473b-b911-e2b1164285d5 | ITER: 6 START
2019-07-24 19:15:21.554 2598 INFO rally.task.runner [-] Task 20badba6-604b-473b-b911-e2b1164285d5 | ITER: 1 END: OK
2019-07-24 19:15:21.560 2598 INFO rally.task.runner [-] Task 20badba6-604b-473b-b911-e2b1164285d5 | ITER: 7 START
2019-07-24 19:15:21.625 2599 INFO rally.task.runner [-] Task 20badba6-604b-473b-b911-e2b1164285d5 | ITER: 2 END: OK
2019-07-24 19:15:21.631 2599 INFO rally.task.runner [-] Task 20badba6-604b-473b-b911-e2b1164285d5 | ITER: 8 START
2019-07-24 19:15:25.305 2600 INFO rally.task.runner [-] Task 20badba6-604b-473b-b911-e2b1164285d5 | ITER: 5 END: OK
2019-07-24 19:15:25.310 2600 INFO rally.task.runner [-] Task 20badba6-604b-473b-b911-e2b1164285d5 | ITER: 9 START
2019-07-24 19:15:25.406 2601 INFO rally.task.runner [-] Task 20badba6-604b-473b-b911-e2b1164285d5 | ITER: 6 END: OK
2019-07-24 19:15:25.410 2601 INFO rally.task.runner [-] Task 20badba6-604b-473b-b911-e2b1164285d5 | ITER: 10 START
2019-07-24 19:15:25.583 2598 INFO rally.task.runner [-] Task 20badba6-604b-473b-b911-e2b1164285d5 | ITER: 7 END: OK
2019-07-24 19:15:25.888 2599 INFO rally.task.runner [-] Task 20badba6-604b-473b-b911-e2b1164285d5 | ITER: 8 END: OK
2019-07-24 19:15:29.274 2601 INFO rally.task.runner [-] Task 20badba6-604b-473b-b911-e2b1164285d5 | ITER: 10 END: OK
2019-07-24 19:15:29.417 2600 INFO rally.task.runner [-] Task 20badba6-604b-473b-b911-e2b1164285d5 | ITER: 9 END: OK
2019-07-24 19:15:29.437 1842 INFO rally.task.context [-] Task 20badba6-604b-473b-b911-e2b1164285d5 | Context cleanup@openstack cleanup() started
2019-07-24 19:15:29.439 1842 RALLYDEBUG rally_openstack.cleanup.manager [-] Cleaning up cinder backups objects
2019-07-24 19:15:31.579 1842 RALLYDEBUG rally_openstack.cleanup.manager [-] Cleaning up cinder volume_snapshots objects
2019-07-24 19:15:33.589 1842 RALLYDEBUG rally_openstack.cleanup.manager [-] Cleaning up cinder transfers objects
2019-07-24 19:15:35.752 1842 RALLYDEBUG rally_openstack.cleanup.manager [-] Cleaning up cinder volumes objects
2019-07-24 19:15:38.151 1842 RALLYDEBUG rally_openstack.cleanup.manager [-] Deleting cinder.volumes object s_rally_78aa9847_SA0VskIa (b14cb379-dc58-4f5e-a822-843d9f06a54f)
2019-07-24 19:15:38.152 1842 RALLYDEBUG rally_openstack.cleanup.manager [-] Deleting cinder.volumes object s_rally_78aa9847_agBTdX6E (1c35e3c9-2d01-4d2f-80aa-52381ca63439)
2019-07-24 19:15:38.160 1842 RALLYDEBUG rally_openstack.cleanup.manager [-] Deleting cinder.volumes object s_rally_78aa9847_gx9TeBDt (e852c951-690b-438d-8045-89c3599c6c0d)
2019-07-24 19:15:38.170 1842 RALLYDEBUG rally_openstack.cleanup.manager [-] Deleting cinder.volumes object s_rally_78aa9847_BsVS342x (6914df58-76c0-4b09-b4d0-821613d8ad23)
2019-07-24 19:15:38.172 1842 RALLYDEBUG rally_openstack.cleanup.manager [-] Deleting cinder.volumes object s_rally_78aa9847_CaYrrzUx (460e9fa8-00f4-4854-a522-99f4b4db91e1)
2019-07-24 19:15:38.174 1842 RALLYDEBUG rally_openstack.cleanup.manager [-] Deleting cinder.volumes object s_rally_78aa9847_ebRd95Yy (cceff486-6d77-45ed-a0f8-ad4f917aeb03)
2019-07-24 19:15:38.176 1842 RALLYDEBUG rally_openstack.cleanup.manager [-] Deleting cinder.volumes object s_rally_78aa9847_LsixHD5A (9b1238fc-533f-46b7-9af5-e522af83f72c)
2019-07-24 19:15:38.176 1842 RALLYDEBUG rally_openstack.cleanup.manager [-] Deleting cinder.volumes object s_rally_78aa9847_u7kor4xw (09579331-22fb-4895-a163-a31ea5e15437)
2019-07-24 19:15:38.178 1842 RALLYDEBUG rally_openstack.cleanup.manager [-] Deleting cinder.volumes object s_rally_78aa9847_d2ajB9Gm (105fab09-9285-4a4a-8931-8eacf8b95446)
2019-07-24 19:15:38.183 1842 RALLYDEBUG rally_openstack.cleanup.manager [-] Deleting cinder.volumes object s_rally_78aa9847_AHNfBOAQ (6cb47b59-3a48-44b5-bc24-4e486c7b60a6)
2019-07-24 19:15:43.311 1842 INFO rally.task.context [-] Task 20badba6-604b-473b-b911-e2b1164285d5 | Context cleanup@openstack cleanup() finished in 13.87 sec
2019-07-24 19:15:43.312 1842 INFO rally.task.context [-] Task 20badba6-604b-473b-b911-e2b1164285d5 | Context quotas@openstack cleanup() started
2019-07-24 19:15:43.977 1842 INFO rally.task.context [-] Task 20badba6-604b-473b-b911-e2b1164285d5 | Context quotas@openstack cleanup() finished in 0.66 sec
2019-07-24 19:15:43.977 1842 INFO rally.task.context [-] Task 20badba6-604b-473b-b911-e2b1164285d5 | Context api_versions@openstack cleanup() started
2019-07-24 19:15:43.978 1842 INFO rally.task.context [-] Task 20badba6-604b-473b-b911-e2b1164285d5 | Context api_versions@openstack cleanup() finished in 0.29 msec
2019-07-24 19:15:43.978 1842 INFO rally.task.context [-] Task 20badba6-604b-473b-b911-e2b1164285d5 | Context users@openstack cleanup() started
2019-07-24 19:15:51.871 1842 INFO rally.task.context [-] Task 20badba6-604b-473b-b911-e2b1164285d5 | Context users@openstack cleanup() finished in 7.89 sec
2019-07-24 19:15:52.423 1842 INFO rally.task.engine [-] Load duration is: 12.077546
2019-07-24 19:15:52.423 1842 INFO rally.task.engine [-] Full runner duration is: 12.120907
2019-07-24 19:15:52.424 1842 INFO rally.task.engine [-] Full duration is: 41.638284
2019-07-24 19:15:52.676 1842 INFO rally.task.engine [-] Running workload: position = 0 config = { "version": 2, "title": "A cropped version of a bigger task.", "description": "Auto-generated task from a single workload (uuid=dc438396-40a4-416c-9f18-a49713f9469a)", "subtasks": [ { "title": "CinderVolumes.create_and_upload_volume_to_image", "description": "Create and upload a volume to image.", "scenario": { "CinderVolumes.create_and_upload_volume_to_image": { "container_format": "bare", "disk_format": "raw", "do_delete": true, "force": false, "size": 1 } }, "contexts": { "users": { "tenants": 3, "users_per_tenant": 2 }, "quotas": { "cinder": { "gigabytes": -1, "snapshots": -1, "volumes": -1 } }, "api_versions": { "cinder": { "version": 3, "service_type": "volumev3" } } }, "runner": { "constant": { "concurrency": 4, "times": 10 } }, "hooks": [], "sla": { "failure_rate": { "max": 0 } } } ] }
2019-07-24 19:15:52.696 1842 RALLYDEBUG rally_openstack.contexts.keystone.users [-] Creating 3 tenants using 20 threads
2019-07-24 19:15:54.644 1842 RALLYDEBUG rally_openstack.contexts.keystone.users [-] Creating 6 users using 20 threads
2019-07-24 19:15:57.381 1842 INFO rally.task.context [-] Task 20badba6-604b-473b-b911-e2b1164285d5 | Context users@openstack setup() finished in 4.68 sec
2019-07-24 19:15:57.804 1842 INFO rally.task.context [-] Task 20badba6-604b-473b-b911-e2b1164285d5 | Context api_versions@openstack setup() finished in 0.42 sec
2019-07-24 19:15:59.644 1842 INFO rally.task.context [-] Task 20badba6-604b-473b-b911-e2b1164285d5 | Context quotas@openstack setup() finished in 1.84 sec
2019-07-24 19:15:59.645 1842 INFO rally.task.context [-] Task 20badba6-604b-473b-b911-e2b1164285d5 | Context cleanup@openstack setup() finished in 0.00 msec
2019-07-24 19:15:59.652 1842 RALLYDEBUG rally.task.runner [-] Starting the constant runner (task UUID: 20badba6-604b-473b-b911-e2b1164285d5). timeout: 0 concurrency: 4 concurrency_per_worker: 1 times: 10 concurrency_overhead: 0 processes_to_start: 4 max_cpu_used: 16
2019-07-24 19:15:59.662 2782 RALLYDEBUG rally.task.runner [-] Starting a worker. concurrency: 1 args: {"container_format": "bare", "disk_format": "raw", "do_delete": true, "force": false, "size": 1} times: 10 method_name: run timeout: 0 duration: None cls:
2019-07-24 19:15:59.665 2784 RALLYDEBUG rally.task.runner [-] Starting a worker. concurrency: 1 args: {"container_format": "bare", "disk_format": "raw", "do_delete": true, "force": false, "size": 1} times: 10 method_name: run timeout: 0 duration: None cls:
2019-07-24 19:15:59.666 2783 RALLYDEBUG rally.task.runner [-] Starting a worker. concurrency: 1 args: {"container_format": "bare", "disk_format": "raw", "do_delete": true, "force": false, "size": 1} times: 10 method_name: run timeout: 0 duration: None cls:
2019-07-24 19:15:59.668 2782 INFO rally.task.runner [-] Task 20badba6-604b-473b-b911-e2b1164285d5 | ITER: 1 START
2019-07-24 19:15:59.669 2784 INFO rally.task.runner [-] Task 20badba6-604b-473b-b911-e2b1164285d5 | ITER: 2 START
2019-07-24 19:15:59.671 2785 RALLYDEBUG rally.task.runner [-] Starting a worker. concurrency: 1 args: {"container_format": "bare", "disk_format": "raw", "do_delete": true, "force": false, "size": 1} times: 10 method_name: run timeout: 0 duration: None cls:
2019-07-24 19:15:59.673 2783 INFO rally.task.runner [-] Task 20badba6-604b-473b-b911-e2b1164285d5 | ITER: 3 START
2019-07-24 19:15:59.678 2785 INFO rally.task.runner [-] Task 20badba6-604b-473b-b911-e2b1164285d5 | ITER: 4 START
2019-07-24 19:16:05.097 2785 RALLYDEBUG rally.task.utils [-] Waiting for resource s_rally_dc438396_0zBY054a. Status changed: AVAILABLE => UPLOADING in 0.249018907547
2019-07-24 19:16:05.291 2784 RALLYDEBUG rally.task.utils [-] Waiting for resource s_rally_dc438396_tcOuf3Rq. Status changed: AVAILABLE => UPLOADING in 0.352560997009
2019-07-24 19:16:05.402 2782 RALLYDEBUG rally.task.utils [-] Waiting for resource s_rally_dc438396_xRjXpT5G. Status changed: AVAILABLE => UPLOADING in 0.321851015091
2019-07-24 19:16:05.435 2783 RALLYDEBUG rally.task.utils [-] Waiting for resource s_rally_dc438396_MjqJYDok. Status changed: AVAILABLE => UPLOADING in 0.324823141098
2019-07-24 19:16:46.026 2784 RALLYDEBUG rally.task.utils [-] Waiting for resource s_rally_dc438396_tcOuf3Rq. Status changed: UPLOADING => AVAILABLE in 40.7351710796
2019-07-24 19:16:46.933 2784 RALLYDEBUG rally.task.utils [-] Waiting for resource s_rally_dc438396_tcOuf3Rq. Status changed: AVAILABLE => DELETING in 0.172830820084
2019-07-24 19:16:46.986 2782 RALLYDEBUG rally.task.utils [-] Waiting for resource s_rally_dc438396_xRjXpT5G. Status changed: UPLOADING => AVAILABLE in 41.5836269855
2019-07-24 19:16:47.963 2782 RALLYDEBUG rally.task.utils [-] Waiting for resource s_rally_dc438396_xRjXpT5G. Status changed: AVAILABLE => DELETING in 0.0651550292969
2019-07-24 19:16:50.465 2784 INFO rally.task.runner [-] Task 20badba6-604b-473b-b911-e2b1164285d5 | ITER: 2 END: OK
2019-07-24 19:16:50.471 2784 INFO rally.task.runner [-] Task 20badba6-604b-473b-b911-e2b1164285d5 | ITER: 5 START
2019-07-24 19:16:51.966 2782 INFO rally.task.runner [-] Task 20badba6-604b-473b-b911-e2b1164285d5 | ITER: 1 END: OK
2019-07-24 19:16:51.973 2782 INFO rally.task.runner [-] Task 20badba6-604b-473b-b911-e2b1164285d5 | ITER: 6 START
2019-07-24 19:16:56.428 2784 RALLYDEBUG rally.task.utils [-] Waiting for resource s_rally_dc438396_3DluFLnM. Status changed: AVAILABLE => UPLOADING in 0.349956035614
2019-07-24 19:16:57.628 2782 RALLYDEBUG rally.task.utils [-] Waiting for resource s_rally_dc438396_cGIsGpyO. Status changed: AVAILABLE => UPLOADING in 0.252852916718
2019-07-24 19:17:07.309 2785 RALLYDEBUG rally.task.utils [-] Waiting for resource s_rally_dc438396_0zBY054a. Status changed: UPLOADING => AVAILABLE in 62.2115609646
2019-07-24 19:17:07.493 2783 RALLYDEBUG rally.task.utils [-] Waiting for resource s_rally_dc438396_MjqJYDok. Status changed: UPLOADING => AVAILABLE in 62.0574588776
2019-07-24 19:17:08.268 2783 RALLYDEBUG rally.task.utils [-] Waiting for resource s_rally_dc438396_MjqJYDok. Status changed: AVAILABLE => DELETING in 0.338433980942
2019-07-24 19:17:08.384 2785 RALLYDEBUG rally.task.utils [-] Waiting for resource s_rally_dc438396_0zBY054a. Status changed: AVAILABLE => DELETING in 0.431934118271
2019-07-24 19:17:11.800 2785 INFO rally.task.runner [-] Task 20badba6-604b-473b-b911-e2b1164285d5 | ITER: 4 END: OK
2019-07-24 19:17:11.807 2785 INFO rally.task.runner [-] Task 20badba6-604b-473b-b911-e2b1164285d5 | ITER: 7 START
2019-07-24 19:17:11.826 2783 INFO rally.task.runner [-] Task 20badba6-604b-473b-b911-e2b1164285d5 | ITER: 3 END: OK
2019-07-24 19:17:11.834 2783 INFO rally.task.runner [-] Task 20badba6-604b-473b-b911-e2b1164285d5 | ITER: 8 START
2019-07-24 19:17:17.259 2783 RALLYDEBUG rally.task.utils [-] Waiting for resource s_rally_dc438396_Zo3N4QXT. Status changed: AVAILABLE => UPLOADING in 0.441581964493
2019-07-24 19:17:17.529 2785 RALLYDEBUG rally.task.utils [-] Waiting for resource s_rally_dc438396_RJshskMq. Status changed: AVAILABLE => UPLOADING in 0.406708955765
2019-07-24 19:17:58.431 2783 RALLYDEBUG rally.task.utils [-] Waiting for resource s_rally_dc438396_Zo3N4QXT. Status changed: UPLOADING => AVAILABLE in 41.1714758873
2019-07-24 19:17:59.709 2783 RALLYDEBUG rally.task.utils [-] Waiting for resource s_rally_dc438396_Zo3N4QXT. Status changed: AVAILABLE => DELETING in 0.248325824738
2019-07-24 19:18:00.664 2785 RALLYDEBUG rally.task.utils [-] Waiting for resource s_rally_dc438396_RJshskMq. Status changed: UPLOADING => AVAILABLE in 43.1344130039
2019-07-24 19:18:00.948 2784 RALLYDEBUG rally.task.utils [-] Waiting for resource s_rally_dc438396_3DluFLnM. Status changed: UPLOADING => AVAILABLE in 64.519851923
2019-07-24 19:18:01.978 2784 RALLYDEBUG rally.task.utils [-] Waiting for resource s_rally_dc438396_3DluFLnM. Status changed: AVAILABLE => DELETING in 0.0566358566284
