2019-07-24 19:35:13.384 6401 DEBUG cinderclient.v2.client [-] RESP: [200] Content-Encoding: gzip Content-Length: 183 Content-Type: application/json Date: Wed, 24 Jul 2019 19:35:12 GMT OpenStack-API-Version: volume 3.0 Server: Apache Vary: OpenStack-API-Version,Accept-Encoding x-compute-request-id: req-594abad6-174b-4205-8342-bb9929522ae6 x-openstack-request-id: req-594abad6-174b-4205-8342-bb9929522ae6 _http_log_response /usr/lib/python2.7/site-packages/keystoneauth1/session.py:479
2019-07-24 19:35:13.384 6401 DEBUG cinderclient.v2.client [-] RESP BODY: {"volume_type": {"name": "s_rally_c197a50f_dOwHyChr", "extra_specs": {}, "os-volume-type-access:is_public": false, "is_public": false, "id": "20bf0e4e-0324-462c-8491-4e1dae131ebd", "description": "rally tests creating types"}} _http_log_response /usr/lib/python2.7/site-packages/keystoneauth1/session.py:511
2019-07-24 19:35:13.385 6401 DEBUG cinderclient.v2.client [-] POST call to volumev2 for http://172.30.9.25:8776/v3/e249dd72f69e4910823cce10e6b51de5/types used request id req-594abad6-174b-4205-8342-bb9929522ae6 request /usr/lib/python2.7/site-packages/keystoneauth1/session.py:844
2019-07-24 19:35:13.386 6401 DEBUG cinderclient.v2.client [-] REQ: curl -g -i -X POST http://172.30.9.25:8776/v3/e249dd72f69e4910823cce10e6b51de5/types/20bf0e4e-0324-462c-8491-4e1dae131ebd/action -H "Accept: application/json" -H "Content-Type: application/json" -H "User-Agent: python-cinderclient" -H "X-Auth-Token: {SHA1}b66205d582858f63dee73de5d969dd21aa0fa632" -H "X-OpenStack-Request-ID: req-594abad6-174b-4205-8342-bb9929522ae6" -d '{"addProjectAccess": {"project": "be1d31c12bd8496ca845427be2c050cd"}}' _http_log_request /usr/lib/python2.7/site-packages/keystoneauth1/session.py:448
2019-07-24 19:35:13.395 6399 DEBUG cinderclient.v2.client [-] RESP: [200] Content-Encoding: gzip Content-Length: 182 Content-Type: application/json Date: Wed, 24 Jul 2019 19:35:13 GMT OpenStack-API-Version: volume 3.0 Server: Apache Vary: OpenStack-API-Version,Accept-Encoding x-compute-request-id: req-021182a7-e414-4e69-b1c0-7b6980262514 x-openstack-request-id: req-021182a7-e414-4e69-b1c0-7b6980262514 _http_log_response /usr/lib/python2.7/site-packages/keystoneauth1/session.py:479
2019-07-24 19:35:13.395 6399 DEBUG cinderclient.v2.client [-] RESP BODY: {"volume_type": {"name": "s_rally_c197a50f_5S2v4ZWc", "extra_specs": {}, "os-volume-type-access:is_public": false, "is_public": false, "id": "c826facb-5218-4f4f-a772-343c59950759", "description": "rally tests creating types"}} _http_log_response /usr/lib/python2.7/site-packages/keystoneauth1/session.py:511
2019-07-24 19:35:13.396 6399 DEBUG cinderclient.v2.client [-] POST call to volumev2 for http://172.30.9.25:8776/v3/e249dd72f69e4910823cce10e6b51de5/types used request id req-021182a7-e414-4e69-b1c0-7b6980262514 request /usr/lib/python2.7/site-packages/keystoneauth1/session.py:844
2019-07-24 19:35:13.397 6399 DEBUG cinderclient.v2.client [-] REQ: curl -g -i -X POST http://172.30.9.25:8776/v3/e249dd72f69e4910823cce10e6b51de5/types/c826facb-5218-4f4f-a772-343c59950759/action -H "Accept: application/json" -H "Content-Type: application/json" -H "User-Agent: python-cinderclient" -H "X-Auth-Token: {SHA1}796d49677ac91b189f5586406ef166a20e64e36e" -H "X-OpenStack-Request-ID: req-021182a7-e414-4e69-b1c0-7b6980262514" -d '{"addProjectAccess": {"project": "9cbff71e976e4988baa19bb479f54ae3"}}' _http_log_request /usr/lib/python2.7/site-packages/keystoneauth1/session.py:448
2019-07-24 19:35:13.698 6401 DEBUG cinderclient.v2.client [-] RESP: [202] Content-Length: 0 Content-Type: text/html; charset=UTF-8 Date: Wed, 24 Jul 2019 19:35:13 GMT OpenStack-API-Version: volume 3.0 Server: Apache Vary: OpenStack-API-Version x-openstack-request-id: req-59f55dea-a68e-4425-83ff-8873676c6747 _http_log_response /usr/lib/python2.7/site-packages/keystoneauth1/session.py:479
2019-07-24 19:35:13.698 6401 DEBUG cinderclient.v2.client [-] RESP BODY: Omitted, Content-Type is set to text/html; charset=UTF-8. Only application/json responses have their bodies logged. _http_log_response /usr/lib/python2.7/site-packages/keystoneauth1/session.py:511
2019-07-24 19:35:13.699 6401 DEBUG cinderclient.v2.client [-] POST call to volumev2 for http://172.30.9.25:8776/v3/e249dd72f69e4910823cce10e6b51de5/types/20bf0e4e-0324-462c-8491-4e1dae131ebd/action used request id req-59f55dea-a68e-4425-83ff-8873676c6747 request /usr/lib/python2.7/site-packages/keystoneauth1/session.py:844
2019-07-24 19:35:13.700 6401 DEBUG cinderclient.v2.client [-] REQ: curl -g -i -X GET http://172.30.9.25:8776/v3/e249dd72f69e4910823cce10e6b51de5/types/20bf0e4e-0324-462c-8491-4e1dae131ebd/os-volume-type-access -H "Accept: application/json" -H "User-Agent: python-cinderclient" -H "X-Auth-Token: {SHA1}b66205d582858f63dee73de5d969dd21aa0fa632" -H "X-OpenStack-Request-ID: req-594abad6-174b-4205-8342-bb9929522ae6" _http_log_request /usr/lib/python2.7/site-packages/keystoneauth1/session.py:448
2019-07-24 19:35:13.859 6399 DEBUG cinderclient.v2.client [-] RESP: [202] Content-Length: 0 Content-Type: text/html; charset=UTF-8 Date: Wed, 24 Jul 2019 19:35:13 GMT OpenStack-API-Version: volume 3.0 Server: Apache Vary: OpenStack-API-Version x-openstack-request-id: req-644e469e-8013-4be6-8794-de23bc154467 _http_log_response /usr/lib/python2.7/site-packages/keystoneauth1/session.py:479
2019-07-24 19:35:13.860 6399 DEBUG cinderclient.v2.client [-] RESP BODY: Omitted, Content-Type is set to text/html; charset=UTF-8. Only application/json responses have their bodies logged. _http_log_response /usr/lib/python2.7/site-packages/keystoneauth1/session.py:511
2019-07-24 19:35:13.860 6399 DEBUG cinderclient.v2.client [-] POST call to volumev2 for http://172.30.9.25:8776/v3/e249dd72f69e4910823cce10e6b51de5/types/c826facb-5218-4f4f-a772-343c59950759/action used request id req-644e469e-8013-4be6-8794-de23bc154467 request /usr/lib/python2.7/site-packages/keystoneauth1/session.py:844
2019-07-24 19:35:13.862 6399 DEBUG cinderclient.v2.client [-] REQ: curl -g -i -X GET http://172.30.9.25:8776/v3/e249dd72f69e4910823cce10e6b51de5/types/c826facb-5218-4f4f-a772-343c59950759/os-volume-type-access -H "Accept: application/json" -H "User-Agent: python-cinderclient" -H "X-Auth-Token: {SHA1}796d49677ac91b189f5586406ef166a20e64e36e" -H "X-OpenStack-Request-ID: req-021182a7-e414-4e69-b1c0-7b6980262514" _http_log_request /usr/lib/python2.7/site-packages/keystoneauth1/session.py:448
2019-07-24 19:35:13.922 6401 DEBUG cinderclient.v2.client [-] RESP: [200] Content-Encoding: gzip Content-Length: 126 Content-Type: application/json Date: Wed, 24 Jul 2019 19:35:13 GMT OpenStack-API-Version: volume 3.0 Server: Apache Vary: OpenStack-API-Version,Accept-Encoding x-compute-request-id: req-e94eea29-08f6-4ac4-b3e0-42a5fb9e1b51 x-openstack-request-id: req-e94eea29-08f6-4ac4-b3e0-42a5fb9e1b51 _http_log_response /usr/lib/python2.7/site-packages/keystoneauth1/session.py:479
2019-07-24 19:35:13.922 6401 DEBUG cinderclient.v2.client [-] RESP BODY: {"volume_type_access": [{"volume_type_id": "20bf0e4e-0324-462c-8491-4e1dae131ebd", "project_id": "be1d31c12bd8496ca845427be2c050cd"}]} _http_log_response /usr/lib/python2.7/site-packages/keystoneauth1/session.py:511
2019-07-24 19:35:13.923 6401 DEBUG cinderclient.v2.client [-] GET call to volumev2 for http://172.30.9.25:8776/v3/e249dd72f69e4910823cce10e6b51de5/types/20bf0e4e-0324-462c-8491-4e1dae131ebd/os-volume-type-access used request id req-e94eea29-08f6-4ac4-b3e0-42a5fb9e1b51 request /usr/lib/python2.7/site-packages/keystoneauth1/session.py:844
2019-07-24 19:35:13.923 6401 INFO rally.task.runner [-] Task 20badba6-604b-473b-b911-e2b1164285d5 | ITER: 9 END: OK
2019-07-24 19:35:14.148 6399 DEBUG cinderclient.v2.client [-] RESP: [200] Content-Encoding: gzip Content-Length: 128 Content-Type: application/json Date: Wed, 24 Jul 2019 19:35:13 GMT OpenStack-API-Version: volume 3.0 Server: Apache Vary: OpenStack-API-Version,Accept-Encoding x-compute-request-id: req-4d6b2935-d36d-4e3a-8b8f-c49d672f2b9b x-openstack-request-id: req-4d6b2935-d36d-4e3a-8b8f-c49d672f2b9b _http_log_response /usr/lib/python2.7/site-packages/keystoneauth1/session.py:479
2019-07-24 19:35:14.149 6399 DEBUG cinderclient.v2.client [-] RESP BODY: {"volume_type_access": [{"volume_type_id": "c826facb-5218-4f4f-a772-343c59950759", "project_id": "9cbff71e976e4988baa19bb479f54ae3"}]} _http_log_response /usr/lib/python2.7/site-packages/keystoneauth1/session.py:511
2019-07-24 19:35:14.149 6399 DEBUG cinderclient.v2.client [-] GET call to volumev2 for http://172.30.9.25:8776/v3/e249dd72f69e4910823cce10e6b51de5/types/c826facb-5218-4f4f-a772-343c59950759/os-volume-type-access used request id req-4d6b2935-d36d-4e3a-8b8f-c49d672f2b9b request /usr/lib/python2.7/site-packages/keystoneauth1/session.py:844
2019-07-24 19:35:14.150 6399 INFO rally.task.runner [-] Task 20badba6-604b-473b-b911-e2b1164285d5 | ITER: 10 END: OK
2019-07-24 19:35:14.170 1842 INFO rally.task.context [-] Task 20badba6-604b-473b-b911-e2b1164285d5 | Context admin_cleanup@openstack cleanup() started
2019-07-24 19:35:14.172 1842 RALLYDEBUG rally_openstack.cleanup.manager [-] Cleaning up cinder volume_types objects
2019-07-24 19:35:14.879 1842 RALLYDEBUG rally_openstack.cleanup.manager [-] Deleting cinder.volume_types object s_rally_c197a50f_dOwHyChr (20bf0e4e-0324-462c-8491-4e1dae131ebd)
2019-07-24 19:35:14.882 1842 RALLYDEBUG rally_openstack.cleanup.manager [-] Deleting cinder.volume_types object s_rally_c197a50f_XxOCXqCV (ba960fc3-3fc6-4bd2-9747-d4ecc7e265ad)
2019-07-24 19:35:14.887 1842 RALLYDEBUG rally_openstack.cleanup.manager [-] Deleting cinder.volume_types object s_rally_c197a50f_cUdEqOv9 (0f651488-42d7-4f4b-9fca-0901bfe05b52)
2019-07-24 19:35:14.889 1842 RALLYDEBUG rally_openstack.cleanup.manager [-] Deleting cinder.volume_types object s_rally_c197a50f_knJSJUDt (9167283e-84da-4b6f-8ea9-431ddb695f2c)
2019-07-24 19:35:14.892 1842 RALLYDEBUG rally_openstack.cleanup.manager [-] Deleting cinder.volume_types object s_rally_c197a50f_FAtckk7Q (e4ffe6a7-ed69-491e-805e-8e6ec40117f6)
2019-07-24 19:35:14.893 1842 RALLYDEBUG rally_openstack.cleanup.manager [-] Deleting cinder.volume_types object s_rally_c197a50f_8je5ooBI (214f7116-43ce-422c-8a07-b1a2f3f0d5fe)
2019-07-24 19:35:14.895 1842 RALLYDEBUG rally_openstack.cleanup.manager [-] Deleting cinder.volume_types object s_rally_c197a50f_5S2v4ZWc (c826facb-5218-4f4f-a772-343c59950759)
2019-07-24 19:35:14.911 1842 RALLYDEBUG rally_openstack.cleanup.manager [-] Deleting cinder.volume_types object s_rally_c197a50f_UJ4atgzz (e0d10de7-a22c-485e-b9e1-0a5d5a274b11)
2019-07-24 19:35:14.916 1842 RALLYDEBUG rally_openstack.cleanup.manager [-] Deleting cinder.volume_types object s_rally_c197a50f_W3PS2axk (cd6054ed-b458-4285-b371-60afedef001c)
2019-07-24 19:35:14.939 1842 RALLYDEBUG rally_openstack.cleanup.manager [-] Deleting cinder.volume_types object s_rally_c197a50f_KyCnITQC (b8a7d25a-0b16-4247-8575-5c114deebc31)
2019-07-24 19:35:17.275 1842 RALLYDEBUG rally_openstack.cleanup.manager [-] Cleaning up cinder image_volumes_cache objects
2019-07-24 19:35:18.811 1842 RALLYDEBUG rally_openstack.cleanup.manager [-] Cleaning up cinder quotas objects
2019-07-24 19:35:20.660 1842 RALLYDEBUG rally_openstack.cleanup.manager [-] Cleaning up cinder qos_specs objects
2019-07-24 19:35:21.416 1842 INFO rally.task.context [-] Task 20badba6-604b-473b-b911-e2b1164285d5 | Context admin_cleanup@openstack cleanup() finished in 7.25 sec
2019-07-24 19:35:21.417 1842 INFO rally.task.context [-] Task 20badba6-604b-473b-b911-e2b1164285d5 | Context api_versions@openstack cleanup() started
2019-07-24 19:35:21.417 1842 INFO rally.task.context [-] Task 20badba6-604b-473b-b911-e2b1164285d5 | Context api_versions@openstack cleanup() finished in 0.35 msec
2019-07-24 19:35:21.417 1842 INFO rally.task.context [-] Task 20badba6-604b-473b-b911-e2b1164285d5 | Context users@openstack cleanup() started
2019-07-24 19:35:29.973 1842 INFO rally.task.context [-] Task 20badba6-604b-473b-b911-e2b1164285d5 | Context users@openstack cleanup() finished in 8.56 sec
2019-07-24 19:35:30.617 1842 INFO rally.task.engine [-] Load duration is: 4.349043
2019-07-24 19:35:30.618 1842 INFO rally.task.engine [-] Full runner duration is: 4.388939
2019-07-24 19:35:30.618 1842 INFO rally.task.engine [-] Full duration is: 25.477177
2019-07-24 19:35:30.821 1842 INFO rally.task.engine [-] Task 20badba6-604b-473b-b911-e2b1164285d5 | Completed: Running task.
2019-07-24 19:35:31.895 6540 RALLYDEBUG rally.api [-] INFO logs from urllib3 and requests module are hide.
2019-07-24 19:35:31.895 6540 RALLYDEBUG rally.api [-] urllib3 insecure warnings are hidden.
2019-07-24 19:35:31.896 6540 RALLYDEBUG rally.api [-] ERROR log from boto module is hide.
2019-07-24 19:35:32.827 6541 RALLYDEBUG rally.api [-] INFO logs from urllib3 and requests module are hide.
2019-07-24 19:35:32.827 6541 RALLYDEBUG rally.api [-] urllib3 insecure warnings are hidden.
2019-07-24 19:35:32.827 6541 RALLYDEBUG rally.api [-] ERROR log from boto module is hide.
2019-07-24 19:35:34.130 6541 INFO rally.api [-] Building 'json' report for the following task(s): '20badba6-604b-473b-b911-e2b1164285d5'.
2019-07-24 19:35:34.171 6541 INFO rally.api [-] The report has been successfully built.
2019-07-24 19:35:35.003 6543 RALLYDEBUG rally.api [-] INFO logs from urllib3 and requests module are hide.
2019-07-24 19:35:35.003 6543 RALLYDEBUG rally.api [-] urllib3 insecure warnings are hidden.
2019-07-24 19:35:35.003 6543 RALLYDEBUG rally.api [-] ERROR log from boto module is hide.
2019-07-24 19:35:36.374 6543 INFO rally.task.engine [-] Task dd5bc2ee-e11e-4e5c-9d81-60b41d2c425a | Starting: Task validation.
2019-07-24 19:35:36.414 6543 INFO rally.task.engine [-] Task dd5bc2ee-e11e-4e5c-9d81-60b41d2c425a | Starting: Task validation of syntax.
2019-07-24 19:35:36.522 6543 INFO rally.task.engine [-] Task dd5bc2ee-e11e-4e5c-9d81-60b41d2c425a | Completed: Task validation of syntax.
2019-07-24 19:35:36.523 6543 INFO rally.task.engine [-] Task dd5bc2ee-e11e-4e5c-9d81-60b41d2c425a | Starting: Task validation of required platforms.
2019-07-24 19:35:36.585 6543 INFO rally.task.engine [-] Task dd5bc2ee-e11e-4e5c-9d81-60b41d2c425a | Completed: Task validation of required platforms.
2019-07-24 19:35:36.585 6543 INFO rally.task.engine [-] Task dd5bc2ee-e11e-4e5c-9d81-60b41d2c425a | Starting: Task validation of semantic.
2019-07-24 19:35:36.585 6543 INFO rally.task.engine [-] Check health of the environment '4b8e74e0-5394-448c-825f-d1797a946065'.
2019-07-24 19:35:37.427 6543 INFO rally.task.engine [-] Platform existing@openstack (available: True): OK!
2019-07-24 19:35:37.446 6543 RALLYDEBUG rally_openstack.contexts.keystone.users [-] Creating 1 tenants using 20 threads
2019-07-24 19:35:39.375 6543 RALLYDEBUG rally_openstack.contexts.keystone.users [-] Creating 1 users using 20 threads
2019-07-24 19:35:42.201 6543 INFO rally.task.context [-] Task dd5bc2ee-e11e-4e5c-9d81-60b41d2c425a | Context users@openstack setup() finished in 4.76 sec
2019-07-24 19:35:49.620 6543 INFO rally.task.context [-] Task dd5bc2ee-e11e-4e5c-9d81-60b41d2c425a | Context users@openstack cleanup() started
2019-07-24 19:35:54.962 6543 INFO rally.task.context [-] Task dd5bc2ee-e11e-4e5c-9d81-60b41d2c425a | Context users@openstack cleanup() finished in 5.34 sec
2019-07-24 19:35:54.963 6543 INFO rally.task.engine [-] Task dd5bc2ee-e11e-4e5c-9d81-60b41d2c425a | Completed: Task validation of semantic.
2019-07-24 19:35:54.963 6543 INFO rally.task.engine [-] Task dd5bc2ee-e11e-4e5c-9d81-60b41d2c425a | Completed: Task validation.
2019-07-24 19:35:54.963 6543 INFO rally.api [-] Task dd5bc2ee-e11e-4e5c-9d81-60b41d2c425a input file is valid.
2019-07-24 19:35:54.964 6543 INFO rally.api [-] Run Task dd5bc2ee-e11e-4e5c-9d81-60b41d2c425a against Deployment 4b8e74e0-5394-448c-825f-d1797a946065
2019-07-24 19:35:54.964 6543 INFO rally.task.engine [-] Task dd5bc2ee-e11e-4e5c-9d81-60b41d2c425a | Starting: Running task.
2019-07-24 19:35:55.100 6543 INFO rally.task.engine [-] Running workload: position = 0 config = { "version": 2, "title": "A cropped version of a bigger task.", "description": "Auto-generated task from a single workload (uuid=d66a75dd-ac70-4e66-98a6-f56c448a7a5b)", "subtasks": [ { "title": "Gnocchi.list_capabilities", "description": "List supported aggregation methods.", "scenario": { "Gnocchi.list_capabilities": {} }, "contexts": { "users": { "tenants": 3, "users_per_tenant": 2 } }, "runner": { "constant": { "concurrency": 4, "times": 10 } }, "hooks": [], "sla": { "failure_rate": { "max": 0 } } } ] }
2019-07-24 19:35:55.120 6543 RALLYDEBUG rally_openstack.contexts.keystone.users [-] Creating 3 tenants using 20 threads
2019-07-24 19:35:57.040 6543 RALLYDEBUG rally_openstack.contexts.keystone.users [-] Creating 6 users using 20 threads
2019-07-24 19:35:59.917 6543 INFO rally.task.context [-] Task dd5bc2ee-e11e-4e5c-9d81-60b41d2c425a | Context users@openstack setup() finished in 4.80 sec
2019-07-24 19:35:59.924 6543 RALLYDEBUG rally.task.runner [-] Starting the constant runner (task UUID: dd5bc2ee-e11e-4e5c-9d81-60b41d2c425a). timeout: 0 concurrency: 4 concurrency_per_worker: 1 times: 10 concurrency_overhead: 0 processes_to_start: 4 max_cpu_used: 16
2019-07-24 19:35:59.934 6667 RALLYDEBUG rally.task.runner [-] Starting a worker. concurrency: 1 args: {} times: 10 method_name: run timeout: 0 duration: None cls:
2019-07-24 19:35:59.938 6667 INFO rally.task.runner [-] Task dd5bc2ee-e11e-4e5c-9d81-60b41d2c425a | ITER: 1 START
2019-07-24 19:35:59.939 6668 RALLYDEBUG rally.task.runner [-] Starting a worker. concurrency: 1 args: {} times: 10 method_name: run timeout: 0 duration: None cls:
2019-07-24 19:35:59.940 6670 RALLYDEBUG rally.task.runner [-] Starting a worker. concurrency: 1 args: {} times: 10 method_name: run timeout: 0 duration: None cls:
2019-07-24 19:35:59.943 6670 INFO rally.task.runner [-] Task dd5bc2ee-e11e-4e5c-9d81-60b41d2c425a | ITER: 3 START
2019-07-24 19:35:59.944 6672 RALLYDEBUG rally.task.runner [-] Starting a worker. concurrency: 1 args: {} times: 10 method_name: run timeout: 0 duration: None cls:
2019-07-24 19:35:59.944 6668 INFO rally.task.runner [-] Task dd5bc2ee-e11e-4e5c-9d81-60b41d2c425a | ITER: 2 START
2019-07-24 19:35:59.946 6672 INFO rally.task.runner [-] Task dd5bc2ee-e11e-4e5c-9d81-60b41d2c425a | ITER: 4 START
2019-07-24 19:36:00.668 6667 INFO rally.task.runner [-] Task dd5bc2ee-e11e-4e5c-9d81-60b41d2c425a | ITER: 1 END: OK
2019-07-24 19:36:00.672 6667 INFO rally.task.runner [-] Task dd5bc2ee-e11e-4e5c-9d81-60b41d2c425a | ITER: 5 START
2019-07-24 19:36:00.673 6672 INFO rally.task.runner [-] Task dd5bc2ee-e11e-4e5c-9d81-60b41d2c425a | ITER: 4 END: OK
2019-07-24 19:36:00.677 6672 INFO rally.task.runner [-] Task dd5bc2ee-e11e-4e5c-9d81-60b41d2c425a | ITER: 6 START
2019-07-24 19:36:00.681 6670 INFO rally.task.runner [-] Task dd5bc2ee-e11e-4e5c-9d81-60b41d2c425a | ITER: 3 END: OK
2019-07-24 19:36:00.685 6670 INFO rally.task.runner [-] Task dd5bc2ee-e11e-4e5c-9d81-60b41d2c425a | ITER: 7 START
2019-07-24 19:36:00.695 6668 INFO rally.task.runner [-] Task dd5bc2ee-e11e-4e5c-9d81-60b41d2c425a | ITER: 2 END: OK
2019-07-24 19:36:00.698 6668 INFO rally.task.runner [-] Task dd5bc2ee-e11e-4e5c-9d81-60b41d2c425a | ITER: 8 START
2019-07-24 19:36:01.377 6672 INFO rally.task.runner [-] Task dd5bc2ee-e11e-4e5c-9d81-60b41d2c425a | ITER: 6 END: OK
2019-07-24 19:36:01.380 6672 INFO rally.task.runner [-] Task dd5bc2ee-e11e-4e5c-9d81-60b41d2c425a | ITER: 9 START
2019-07-24 19:36:01.387 6667 INFO rally.task.runner [-] Task dd5bc2ee-e11e-4e5c-9d81-60b41d2c425a | ITER: 5 END: OK
2019-07-24 19:36:01.391 6667 INFO rally.task.runner [-] Task dd5bc2ee-e11e-4e5c-9d81-60b41d2c425a | ITER: 10 START
2019-07-24 19:36:01.396 6670 INFO rally.task.runner [-] Task dd5bc2ee-e11e-4e5c-9d81-60b41d2c425a | ITER: 7 END: OK
2019-07-24 19:36:01.432 6668 INFO rally.task.runner [-] Task dd5bc2ee-e11e-4e5c-9d81-60b41d2c425a | ITER: 8 END: OK
2019-07-24 19:36:02.080 6672 INFO rally.task.runner [-] Task dd5bc2ee-e11e-4e5c-9d81-60b41d2c425a | ITER: 9 END: OK
2019-07-24 19:36:02.207 6667 INFO rally.task.runner [-] Task dd5bc2ee-e11e-4e5c-9d81-60b41d2c425a | ITER: 10 END: OK
2019-07-24 19:36:02.236 6543 INFO rally.task.context [-] Task dd5bc2ee-e11e-4e5c-9d81-60b41d2c425a | Context users@openstack cleanup() started
2019-07-24 19:36:10.118 6543 INFO rally.task.context [-] Task dd5bc2ee-e11e-4e5c-9d81-60b41d2c425a | Context users@openstack cleanup() finished in 7.88 sec
2019-07-24 19:36:11.196 6543 INFO rally.task.engine [-] Load duration is: 2.26782
2019-07-24 19:36:11.197 6543 INFO rally.task.engine [-] Full runner duration is: 2.312477
2019-07-24 19:36:11.197 6543 INFO rally.task.engine [-] Full duration is: 14.998917
2019-07-24 19:36:11.448 6543 INFO rally.task.engine [-] Running workload: position = 0 config = { "version": 2, "title": "A cropped version of a bigger task.", "description": "Auto-generated task from a single workload (uuid=315c2dc5-b416-489d-825f-e5fbc57465dc)", "subtasks": [ { "title": "Gnocchi.get_status", "description": "Get the status of measurements processing.", "scenario": { "Gnocchi.get_status": { "detailed": false } }, "contexts": { "users": { "tenants": 3, "users_per_tenant": 2 } }, "runner": { "constant": { "concurrency": 4, "times": 10 } }, "hooks": [], "sla": { "failure_rate": { "max": 0 } } } ] }
2019-07-24 19:36:11.470 6543 RALLYDEBUG rally_openstack.contexts.keystone.users [-] Creating 3 tenants using 20 threads
2019-07-24 19:36:13.339 6543 RALLYDEBUG rally_openstack.contexts.keystone.users [-] Creating 6 users using 20 threads
2019-07-24 19:36:16.204 6543 INFO rally.task.context [-] Task dd5bc2ee-e11e-4e5c-9d81-60b41d2c425a | Context users@openstack setup() finished in 4.73 sec
2019-07-24 19:36:16.212 6543 RALLYDEBUG rally.task.runner [-] Starting the constant runner (task UUID: dd5bc2ee-e11e-4e5c-9d81-60b41d2c425a). timeout: 0 concurrency: 4 concurrency_per_worker: 1 times: 10 concurrency_overhead: 0 processes_to_start: 4 max_cpu_used: 16
2019-07-24 19:36:16.220 6771 RALLYDEBUG rally.task.runner [-] Starting a worker. concurrency: 1 args: {"detailed": false} times: 10 method_name: run timeout: 0 duration: None cls:
2019-07-24 19:36:16.223 6771 INFO rally.task.runner [-] Task dd5bc2ee-e11e-4e5c-9d81-60b41d2c425a | ITER: 1 START
2019-07-24 19:36:16.223 6772 RALLYDEBUG rally.task.runner [-] Starting a worker. concurrency: 1 args: {"detailed": false} times: 10 method_name: run timeout: 0 duration: None cls:
2019-07-24 19:36:16.225 6772 INFO rally.task.runner [-] Task dd5bc2ee-e11e-4e5c-9d81-60b41d2c425a | ITER: 2 START
2019-07-24 19:36:16.226 6775 RALLYDEBUG rally.task.runner [-] Starting a worker. concurrency: 1 args: {"detailed": false} times: 10 method_name: run timeout: 0 duration: None cls:
2019-07-24 19:36:16.230 6775 INFO rally.task.runner [-] Task dd5bc2ee-e11e-4e5c-9d81-60b41d2c425a | ITER: 3 START
2019-07-24 19:36:16.229 6778 RALLYDEBUG rally.task.runner [-] Starting a worker. concurrency: 1 args: {"detailed": false} times: 10 method_name: run timeout: 0 duration: None cls:
2019-07-24 19:36:16.233 6778 INFO rally.task.runner [-] Task dd5bc2ee-e11e-4e5c-9d81-60b41d2c425a | ITER: 4 START
2019-07-24 19:36:16.960 6771 INFO rally.task.runner [-] Task dd5bc2ee-e11e-4e5c-9d81-60b41d2c425a | ITER: 1 END: OK
2019-07-24 19:36:16.964 6771 INFO rally.task.runner [-] Task dd5bc2ee-e11e-4e5c-9d81-60b41d2c425a | ITER: 5 START
2019-07-24 19:36:16.966 6772 INFO rally.task.runner [-] Task dd5bc2ee-e11e-4e5c-9d81-60b41d2c425a | ITER: 2 END: OK
2019-07-24 19:36:16.969 6772 INFO rally.task.runner [-] Task dd5bc2ee-e11e-4e5c-9d81-60b41d2c425a | ITER: 6 START
2019-07-24 19:36:16.980 6778 INFO rally.task.runner [-] Task dd5bc2ee-e11e-4e5c-9d81-60b41d2c425a | ITER: 4 END: OK
2019-07-24 19:36:16.984 6778 INFO rally.task.runner [-] Task dd5bc2ee-e11e-4e5c-9d81-60b41d2c425a | ITER: 7 START
2019-07-24 19:36:17.004 6775 INFO rally.task.runner [-] Task dd5bc2ee-e11e-4e5c-9d81-60b41d2c425a | ITER: 3 END: OK
2019-07-24 19:36:17.007 6775 INFO rally.task.runner [-] Task dd5bc2ee-e11e-4e5c-9d81-60b41d2c425a | ITER: 8 START
2019-07-24 19:36:17.717 6771 INFO rally.task.runner [-] Task dd5bc2ee-e11e-4e5c-9d81-60b41d2c425a | ITER: 5 END: OK
2019-07-24 19:36:17.720 6771 INFO rally.task.runner [-] Task dd5bc2ee-e11e-4e5c-9d81-60b41d2c425a | ITER: 9 START
2019-07-24 19:36:17.725 6772 INFO rally.task.runner [-] Task dd5bc2ee-e11e-4e5c-9d81-60b41d2c425a | ITER: 6 END: OK
2019-07-24 19:36:17.729 6772 INFO rally.task.runner [-] Task dd5bc2ee-e11e-4e5c-9d81-60b41d2c425a | ITER: 10 START
2019-07-24 19:36:17.738 6778 INFO rally.task.runner [-] Task dd5bc2ee-e11e-4e5c-9d81-60b41d2c425a | ITER: 7 END: OK
2019-07-24 19:36:17.842 6775 INFO rally.task.runner [-] Task dd5bc2ee-e11e-4e5c-9d81-60b41d2c425a | ITER: 8 END: OK
2019-07-24 19:36:18.491 6772 INFO rally.task.runner [-] Task dd5bc2ee-e11e-4e5c-9d81-60b41d2c425a | ITER: 10 END: OK
2019-07-24 19:36:18.492 6771 INFO rally.task.runner [-] Task dd5bc2ee-e11e-4e5c-9d81-60b41d2c425a | ITER: 9 END: OK
2019-07-24 19:36:18.520 6543 INFO rally.task.context [-] Task dd5bc2ee-e11e-4e5c-9d81-60b41d2c425a | Context users@openstack cleanup() started
2019-07-24 19:36:27.069 6543 INFO rally.task.context [-] Task dd5bc2ee-e11e-4e5c-9d81-60b41d2c425a | Context users@openstack cleanup() finished in 8.55 sec
2019-07-24 19:36:27.543 6543 INFO rally.task.engine [-] Load duration is: 2.268935
2019-07-24 19:36:27.543 6543 INFO rally.task.engine [-] Full runner duration is: 2.308392
2019-07-24 19:36:27.543 6543 INFO rally.task.engine [-] Full duration is: 15.60138
2019-07-24 19:36:27.768 6543 INFO rally.task.engine [-] Running workload: position = 0 config = { "version": 2, "title": "A cropped version of a bigger task.", "description": "Auto-generated task from a single workload (uuid=1d897098-38f0-406e-8797-dd04bcaffc45)", "subtasks": [ { "title": "GnocchiArchivePolicyRule.list_archive_policy_rule", "description": "List archive policy rules.", "scenario": { "GnocchiArchivePolicyRule.list_archive_policy_rule": {} }, "contexts": { "users": { "tenants": 3, "users_per_tenant": 2 } }, "runner": { "constant": { "concurrency": 4, "times": 10 } }, "hooks": [], "sla": { "failure_