2019-07-24 19:26:13.436 3842 INFO rally.task.runner [-] Task 20badba6-604b-473b-b911-e2b1164285d5 | ITER: 1 END: OK
2019-07-24 19:26:13.440 3843 INFO rally.task.runner [-] Task 20badba6-604b-473b-b911-e2b1164285d5 | ITER: 6 START
2019-07-24 19:26:13.442 3844 INFO rally.task.runner [-] Task 20badba6-604b-473b-b911-e2b1164285d5 | ITER: 3 END: OK
2019-07-24 19:26:13.442 3842 INFO rally.task.runner [-] Task 20badba6-604b-473b-b911-e2b1164285d5 | ITER: 7 START
2019-07-24 19:26:13.447 3844 INFO rally.task.runner [-] Task 20badba6-604b-473b-b911-e2b1164285d5 | ITER: 8 START
2019-07-24 19:26:14.231 3842 INFO rally.task.runner [-] Task 20badba6-604b-473b-b911-e2b1164285d5 | ITER: 7 END: OK
2019-07-24 19:26:14.233 3845 INFO rally.task.runner [-] Task 20badba6-604b-473b-b911-e2b1164285d5 | ITER: 5 END: OK
2019-07-24 19:26:14.233 3843 INFO rally.task.runner [-] Task 20badba6-604b-473b-b911-e2b1164285d5 | ITER: 6 END: OK
2019-07-24 19:26:14.236 3842 INFO rally.task.runner [-] Task 20badba6-604b-473b-b911-e2b1164285d5 | ITER: 9 START
2019-07-24 19:26:14.238 3845 INFO rally.task.runner [-] Task 20badba6-604b-473b-b911-e2b1164285d5 | ITER: 10 START
2019-07-24 19:26:14.276 3844 INFO rally.task.runner [-] Task 20badba6-604b-473b-b911-e2b1164285d5 | ITER: 8 END: OK
2019-07-24 19:26:14.945 3845 INFO rally.task.runner [-] Task 20badba6-604b-473b-b911-e2b1164285d5 | ITER: 10 END: OK
2019-07-24 19:26:15.049 3842 INFO rally.task.runner [-] Task 20badba6-604b-473b-b911-e2b1164285d5 | ITER: 9 END: OK
2019-07-24 19:26:15.078 1842 INFO rally.task.context [-] Task 20badba6-604b-473b-b911-e2b1164285d5 | Context volumes@openstack cleanup() started
2019-07-24 19:26:15.079 1842 RALLYDEBUG rally_openstack.cleanup.manager [-] Cleaning up cinder volumes objects
2019-07-24 19:26:17.301 1842 RALLYDEBUG rally_openstack.cleanup.manager [-] Deleting cinder.volumes object c_rally_1f971d20_9D65bfSy (854738af-2721-4893-aa12-89d72b73a588)
2019-07-24 19:26:17.304 1842 RALLYDEBUG rally_openstack.cleanup.manager [-] Deleting cinder.volumes object c_rally_1f971d20_8vR6VU71 (5bc3563a-0f51-4c8d-94bb-d9cec6924143)
2019-07-24 19:26:17.305 1842 RALLYDEBUG rally_openstack.cleanup.manager [-] Deleting cinder.volumes object c_rally_1f971d20_Pe1s9rjq (11f8a31d-d3a7-4f0d-9cf0-82d49381644e)
2019-07-24 19:26:17.310 1842 RALLYDEBUG rally_openstack.cleanup.manager [-] Deleting cinder.volumes object c_rally_1f971d20_dCzTk6ys (6165d3d8-363c-4821-a332-5d03a1cec850)
2019-07-24 19:26:17.313 1842 RALLYDEBUG rally_openstack.cleanup.manager [-] Deleting cinder.volumes object c_rally_1f971d20_mxd32pWd (d17e1281-0bde-4495-8344-9ace1a9db3f5)
2019-07-24 19:26:17.315 1842 RALLYDEBUG rally_openstack.cleanup.manager [-] Deleting cinder.volumes object c_rally_1f971d20_vPueQoCv (2d1bb570-4b1c-481d-900f-df6b96247fa3)
2019-07-24 19:26:17.325 1842 RALLYDEBUG rally_openstack.cleanup.manager [-] Deleting cinder.volumes object c_rally_1f971d20_ox0KMeQ6 (94c4a5a7-e563-4f42-b430-c4324bdf17bf)
2019-07-24 19:26:17.330 1842 RALLYDEBUG rally_openstack.cleanup.manager [-] Deleting cinder.volumes object c_rally_1f971d20_v1yLMbAD (642e6ce0-69c9-465f-bc0b-fbd38ba4c397)
2019-07-24 19:26:17.336 1842 RALLYDEBUG rally_openstack.cleanup.manager [-] Deleting cinder.volumes object c_rally_1f971d20_oZ17JuEk (272ad282-7f2b-4337-a14c-1530f04d35c1)
2019-07-24 19:26:17.341 1842 RALLYDEBUG rally_openstack.cleanup.manager [-] Deleting cinder.volumes object c_rally_1f971d20_ff6GyRnJ (3cfa6520-c7b7-4534-9afe-823074592739)
2019-07-24 19:26:17.349 1842 RALLYDEBUG rally_openstack.cleanup.manager [-] Deleting cinder.volumes object c_rally_1f971d20_YQppUMPO (fae823fc-6bf3-4686-be2b-6a3fa1484d9c)
2019-07-24 19:26:17.366 1842 RALLYDEBUG rally_openstack.cleanup.manager [-] Deleting cinder.volumes object c_rally_1f971d20_anM74Qy9 (4c9e6612-671e-4579-9e07-3e827ed2113c)
2019-07-24 19:26:22.678 1842 INFO rally.task.context [-] Task 20badba6-604b-473b-b911-e2b1164285d5 | Context volumes@openstack cleanup() finished in 7.60 sec
2019-07-24 19:26:22.678 1842 INFO rally.task.context [-] Task 20badba6-604b-473b-b911-e2b1164285d5 | Context quotas@openstack cleanup() started
2019-07-24 19:26:23.369 1842 INFO rally.task.context [-] Task 20badba6-604b-473b-b911-e2b1164285d5 | Context quotas@openstack cleanup() finished in 0.69 sec
2019-07-24 19:26:23.370 1842 INFO rally.task.context [-] Task 20badba6-604b-473b-b911-e2b1164285d5 | Context api_versions@openstack cleanup() started
2019-07-24 19:26:23.370 1842 INFO rally.task.context [-] Task 20badba6-604b-473b-b911-e2b1164285d5 | Context api_versions@openstack cleanup() finished in 0.30 msec
2019-07-24 19:26:23.370 1842 INFO rally.task.context [-] Task 20badba6-604b-473b-b911-e2b1164285d5 | Context users@openstack cleanup() started
2019-07-24 19:26:31.414 1842 INFO rally.task.context [-] Task 20badba6-604b-473b-b911-e2b1164285d5 | Context users@openstack cleanup() finished in 8.04 sec
2019-07-24 19:26:32.672 1842 INFO rally.task.engine [-] Load duration is: 2.434065
2019-07-24 19:26:32.672 1842 INFO rally.task.engine [-] Full runner duration is: 2.483632
2019-07-24 19:26:32.672 1842 INFO rally.task.engine [-] Full duration is: 65.041302
2019-07-24 19:26:32.933 1842 INFO rally.task.engine [-] Running workload: position = 0 config = { "version": 2, "title": "A cropped version of a bigger task.", "description": "Auto-generated task from a single workload (uuid=e110120a-f0c6-4ee7-becc-6d7b93263dcf)", "subtasks": [ { "title": "CinderVolumes.create_and_delete_snapshot", "description": "Create and then delete a volume-snapshot.", "scenario": { "CinderVolumes.create_and_delete_snapshot": { "force": false } }, "contexts": { "users": { "tenants": 3, "users_per_tenant": 2 }, "quotas": { "cinder": { "gigabytes": -1, "snapshots": -1, "volumes": -1 } }, "api_versions": { "cinder": { "version": 3, "service_type": "volumev3" } }, "volumes": { "size": 1, "volumes_per_tenant": 1 } }, "runner": { "constant": { "concurrency": 4, "times": 10 } }, "hooks": [], "sla": { "failure_rate": { "max": 0 } } } ] }
2019-07-24 19:26:32.951 1842 RALLYDEBUG rally_openstack.contexts.keystone.users [-] Creating 3 tenants using 20 threads
2019-07-24 19:26:34.743 1842 RALLYDEBUG rally_openstack.contexts.keystone.users [-] Creating 6 users using 20 threads
2019-07-24 19:26:37.554 1842 INFO rally.task.context [-] Task 20badba6-604b-473b-b911-e2b1164285d5 | Context users@openstack setup() finished in 4.60 sec
2019-07-24 19:26:37.983 1842 INFO rally.task.context [-] Task 20badba6-604b-473b-b911-e2b1164285d5 | Context api_versions@openstack setup() finished in 0.43 sec
2019-07-24 19:26:39.598 1842 INFO rally.task.context [-] Task 20badba6-604b-473b-b911-e2b1164285d5 | Context quotas@openstack setup() finished in 1.61 sec
2019-07-24 19:26:50.440 1842 INFO rally.task.context [-] Task 20badba6-604b-473b-b911-e2b1164285d5 | Context volumes@openstack setup() finished in 10.84 sec
2019-07-24 19:26:50.440 1842 INFO rally.task.context [-] Task 20badba6-604b-473b-b911-e2b1164285d5 | Context cleanup@openstack setup() finished in 0.01 msec
2019-07-24 19:26:50.448 1842 RALLYDEBUG rally.task.runner [-] Starting the constant runner (task UUID: 20badba6-604b-473b-b911-e2b1164285d5). timeout: 0 concurrency: 4 concurrency_per_worker: 1 times: 10 concurrency_overhead: 0 processes_to_start: 4 max_cpu_used: 16
2019-07-24 19:26:50.458 3966 RALLYDEBUG rally.task.runner [-] Starting a worker. concurrency: 1 args: {"force": false} times: 10 method_name: run timeout: 0 duration: None cls:
2019-07-24 19:26:50.460 3967 RALLYDEBUG rally.task.runner [-] Starting a worker. concurrency: 1 args: {"force": false} times: 10 method_name: run timeout: 0 duration: None cls:
2019-07-24 19:26:50.466 3966 INFO rally.task.runner [-] Task 20badba6-604b-473b-b911-e2b1164285d5 | ITER: 1 START
2019-07-24 19:26:50.465 3968 RALLYDEBUG rally.task.runner [-] Starting a worker. concurrency: 1 args: {"force": false} times: 10 method_name: run timeout: 0 duration: None cls:
2019-07-24 19:26:50.467 3967 INFO rally.task.runner [-] Task 20badba6-604b-473b-b911-e2b1164285d5 | ITER: 2 START
2019-07-24 19:26:50.468 3969 RALLYDEBUG rally.task.runner [-] Starting a worker. concurrency: 1 args: {"force": false} times: 10 method_name: run timeout: 0 duration: None cls:
2019-07-24 19:26:50.476 3968 INFO rally.task.runner [-] Task 20badba6-604b-473b-b911-e2b1164285d5 | ITER: 3 START
2019-07-24 19:26:50.478 3969 INFO rally.task.runner [-] Task 20badba6-604b-473b-b911-e2b1164285d5 | ITER: 4 START
2019-07-24 19:26:53.989 3968 RALLYDEBUG rally.task.utils [-] Waiting for resource s_rally_e110120a_nWOTJbgC. Status changed: CREATING => AVAILABLE in 0.540682792664
2019-07-24 19:26:54.624 3966 RALLYDEBUG rally.task.utils [-] Waiting for resource s_rally_e110120a_cwgH9Zf1. Status changed: AVAILABLE => DELETING in 0.351143121719
2019-07-24 19:26:54.653 3967 RALLYDEBUG rally.task.utils [-] Waiting for resource s_rally_e110120a_95bAYK5c. Status changed: AVAILABLE => DELETING in 0.314623832703
2019-07-24 19:26:54.664 3968 RALLYDEBUG rally.task.utils [-] Waiting for resource s_rally_e110120a_nWOTJbgC. Status changed: AVAILABLE => DELETING in 0.311988830566
2019-07-24 19:26:54.697 3969 RALLYDEBUG rally.task.utils [-] Waiting for resource s_rally_e110120a_zN0rTSVt. Status changed: AVAILABLE => DELETING in 0.32247209549
2019-07-24 19:26:56.841 3966 INFO rally.task.runner [-] Task 20badba6-604b-473b-b911-e2b1164285d5 | ITER: 1 END: OK
2019-07-24 19:26:56.846 3966 INFO rally.task.runner [-] Task 20badba6-604b-473b-b911-e2b1164285d5 | ITER: 5 START
2019-07-24 19:26:56.879 3968 INFO rally.task.runner [-] Task 20badba6-604b-473b-b911-e2b1164285d5 | ITER: 3 END: OK
2019-07-24 19:26:56.883 3968 INFO rally.task.runner [-] Task 20badba6-604b-473b-b911-e2b1164285d5 | ITER: 6 START
2019-07-24 19:26:56.925 3967 INFO rally.task.runner [-] Task 20badba6-604b-473b-b911-e2b1164285d5 | ITER: 2 END: OK
2019-07-24 19:26:56.930 3967 INFO rally.task.runner [-] Task 20badba6-604b-473b-b911-e2b1164285d5 | ITER: 7 START
2019-07-24 19:26:57.000 3969 INFO rally.task.runner [-] Task 20badba6-604b-473b-b911-e2b1164285d5 | ITER: 4 END: OK
2019-07-24 19:26:57.005 3969 INFO rally.task.runner [-] Task 20badba6-604b-473b-b911-e2b1164285d5 | ITER: 8 START
2019-07-24 19:27:00.668 3968 RALLYDEBUG rally.task.utils [-] Waiting for resource s_rally_e110120a_az7MWHT5. Status changed: AVAILABLE => DELETING in 0.024875164032
2019-07-24 19:27:00.834 3966 RALLYDEBUG rally.task.utils [-] Waiting for resource s_rally_e110120a_ToqEv597. Status changed: AVAILABLE => DELETING in 0.0294899940491
2019-07-24 19:27:00.846 3967 RALLYDEBUG rally.task.utils [-] Waiting for resource s_rally_e110120a_7kYn04Eb. Status changed: AVAILABLE => DELETING in 0.233175039291
2019-07-24 19:27:00.927 3969 RALLYDEBUG rally.task.utils [-] Waiting for resource s_rally_e110120a_srfaAwLD. Status changed: AVAILABLE => DELETING in 0.217449903488
2019-07-24 19:27:02.861 3966 INFO rally.task.runner [-] Task 20badba6-604b-473b-b911-e2b1164285d5 | ITER: 5 END: OK
2019-07-24 19:27:02.865 3966 INFO rally.task.runner [-] Task 20badba6-604b-473b-b911-e2b1164285d5 | ITER: 9 START
2019-07-24 19:27:02.981 3968 INFO rally.task.runner [-] Task 20badba6-604b-473b-b911-e2b1164285d5 | ITER: 6 END: OK
2019-07-24 19:27:02.986 3968 INFO rally.task.runner [-] Task 20badba6-604b-473b-b911-e2b1164285d5 | ITER: 10 START
2019-07-24 19:27:03.076 3967 INFO rally.task.runner [-] Task 20badba6-604b-473b-b911-e2b1164285d5 | ITER: 7 END: OK
2019-07-24 19:27:03.212 3969 INFO rally.task.runner [-] Task 20badba6-604b-473b-b911-e2b1164285d5 | ITER: 8 END: OK
2019-07-24 19:27:07.045 3966 RALLYDEBUG rally.task.utils [-] Waiting for resource s_rally_e110120a_cUqGpC2c. Status changed: AVAILABLE => DELETING in 0.306504011154
2019-07-24 19:27:07.124 3968 RALLYDEBUG rally.task.utils [-] Waiting for resource s_rally_e110120a_Ihc72no1. Status changed: AVAILABLE => DELETING in 0.301584005356
2019-07-24 19:27:09.291 3966 INFO rally.task.runner [-] Task 20badba6-604b-473b-b911-e2b1164285d5 | ITER: 9 END: OK
2019-07-24 19:27:09.441 3968 INFO rally.task.runner [-] Task 20badba6-604b-473b-b911-e2b1164285d5 | ITER: 10 END: OK
2019-07-24 19:27:09.467 1842 INFO rally.task.context [-] Task 20badba6-604b-473b-b911-e2b1164285d5 | Context cleanup@openstack cleanup() started
2019-07-24 19:27:09.469 1842 RALLYDEBUG rally_openstack.cleanup.manager [-] Cleaning up cinder backups objects
2019-07-24 19:27:11.613 1842 RALLYDEBUG rally_openstack.cleanup.manager [-] Cleaning up cinder volume_snapshots objects
2019-07-24 19:27:13.947 1842 RALLYDEBUG rally_openstack.cleanup.manager [-] Cleaning up cinder transfers objects
2019-07-24 19:27:16.042 1842 RALLYDEBUG rally_openstack.cleanup.manager [-] Cleaning up cinder volumes objects
2019-07-24 19:27:18.232 1842 INFO rally.task.context [-] Task 20badba6-604b-473b-b911-e2b1164285d5 | Context cleanup@openstack cleanup() finished in 8.76 sec
2019-07-24 19:27:18.232 1842 INFO rally.task.context [-] Task 20badba6-604b-473b-b911-e2b1164285d5 | Context volumes@openstack cleanup() started
2019-07-24 19:27:18.233 1842 RALLYDEBUG rally_openstack.cleanup.manager [-] Cleaning up cinder volumes objects
2019-07-24 19:27:20.524 1842 RALLYDEBUG rally_openstack.cleanup.manager [-] Deleting cinder.volumes object c_rally_e110120a_bcqa6Xf7 (e47487f1-fd1c-4cae-a8cf-7c19da0c6183)
2019-07-24 19:27:20.524 1842 RALLYDEBUG rally_openstack.cleanup.manager [-] Deleting cinder.volumes object c_rally_e110120a_Np7sC0UE (6b1a672c-bddd-41c7-90b9-7f109f66b265)
2019-07-24 19:27:20.530 1842 RALLYDEBUG rally_openstack.cleanup.manager [-] Deleting cinder.volumes object c_rally_e110120a_6sAGEoal (9c9552c8-1ccf-461d-bd31-2c8ee5e002b5)
2019-07-24 19:27:24.042 1842 INFO rally.task.context [-] Task 20badba6-604b-473b-b911-e2b1164285d5 | Context volumes@openstack cleanup() finished in 5.81 sec
2019-07-24 19:27:24.043 1842 INFO rally.task.context [-] Task 20badba6-604b-473b-b911-e2b1164285d5 | Context quotas@openstack cleanup() started
2019-07-24 19:27:24.914 1842 INFO rally.task.context [-] Task 20badba6-604b-473b-b911-e2b1164285d5 | Context quotas@openstack cleanup() finished in 0.87 sec
2019-07-24 19:27:24.915 1842 INFO rally.task.context [-] Task 20badba6-604b-473b-b911-e2b1164285d5 | Context api_versions@openstack cleanup() started
2019-07-24 19:27:24.915 1842 INFO rally.task.context [-] Task 20badba6-604b-473b-b911-e2b1164285d5 | Context api_versions@openstack cleanup() finished in 0.34 msec
2019-07-24 19:27:24.915 1842 INFO rally.task.context [-] Task 20badba6-604b-473b-b911-e2b1164285d5 | Context users@openstack cleanup() started
2019-07-24 19:27:33.036 1842 INFO rally.task.context [-] Task 20badba6-604b-473b-b911-e2b1164285d5 | Context users@openstack cleanup() finished in 8.12 sec
2019-07-24 19:27:33.165 1842 INFO rally.task.engine [-] Load duration is: 18.973357
2019-07-24 19:27:33.166 1842 INFO rally.task.engine [-] Full runner duration is: 19.01987
2019-07-24 19:27:33.166 1842 INFO rally.task.engine [-] Full duration is: 60.089342
2019-07-24 19:27:33.414 1842 INFO rally.task.engine [-] Running workload: position = 0 config = { "version": 2, "title": "A cropped version of a bigger task.", "description": "Auto-generated task from a single workload (uuid=5482d3b1-82bb-488c-ab0e-63c0249fa780)", "subtasks": [ { "title": "CinderVolumes.create_and_delete_volume", "description": "Create and then delete a volume.", "scenario": { "CinderVolumes.create_and_delete_volume": { "size": { "max": 1, "min": 1 } } }, "contexts": { "users": { "tenants": 3, "users_per_tenant": 2 }, "quotas": { "cinder": { "gigabytes": -1, "snapshots": -1, "volumes": -1 } }, "api_versions": { "cinder": { "version": 3, "service_type": "volumev3" } } }, "runner": { "constant": { "concurrency": 4, "times": 10 } }, "hooks": [], "sla": { "failure_rate": { "max": 0 } } } ] }
2019-07-24 19:27:33.437 1842 RALLYDEBUG rally_openstack.contexts.keystone.users [-] Creating 3 tenants using 20 threads
2019-07-24 19:27:35.366 1842 RALLYDEBUG rally_openstack.contexts.keystone.users [-] Creating 6 users using 20 threads
2019-07-24 19:27:38.174 1842 INFO rally.task.context [-] Task 20badba6-604b-473b-b911-e2b1164285d5 | Context users@openstack setup() finished in 4.74 sec
2019-07-24 19:27:38.607 1842 INFO rally.task.context [-] Task 20badba6-604b-473b-b911-e2b1164285d5 | Context api_versions@openstack setup() finished in 0.43 sec
2019-07-24 19:27:40.322 1842 INFO rally.task.context [-] Task 20badba6-604b-473b-b911-e2b1164285d5 | Context quotas@openstack setup() finished in 1.71 sec
2019-07-24 19:27:40.322 1842 INFO rally.task.context [-] Task 20badba6-604b-473b-b911-e2b1164285d5 | Context cleanup@openstack setup() finished in 0.00 msec
2019-07-24 19:27:40.329 1842 RALLYDEBUG rally.task.runner [-] Starting the constant runner (task UUID: 20badba6-604b-473b-b911-e2b1164285d5). timeout: 0 concurrency: 4 concurrency_per_worker: 1 times: 10 concurrency_overhead: 0 processes_to_start: 4 max_cpu_used: 16
2019-07-24 19:27:40.341 4171 RALLYDEBUG rally.task.runner [-] Starting a worker. concurrency: 1 args: {"size": {"max": 1, "min": 1}} times: 10 method_name: run timeout: 0 duration: None cls:
2019-07-24 19:27:40.342 4170 RALLYDEBUG rally.task.runner [-] Starting a worker. concurrency: 1 args: {"size": {"max": 1, "min": 1}} times: 10 method_name: run timeout: 0 duration: None cls:
2019-07-24 19:27:40.345 4171 INFO rally.task.runner [-] Task 20badba6-604b-473b-b911-e2b1164285d5 | ITER: 1 START
2019-07-24 19:27:40.348 4172 RALLYDEBUG rally.task.runner [-] Starting a worker. concurrency: 1 args: {"size": {"max": 1, "min": 1}} times: 10 method_name: run timeout: 0 duration: None cls:
2019-07-24 19:27:40.350 4170 INFO rally.task.runner [-] Task 20badba6-604b-473b-b911-e2b1164285d5 | ITER: 2 START
2019-07-24 19:27:40.350 4173 RALLYDEBUG rally.task.runner [-] Starting a worker. concurrency: 1 args: {"size": {"max": 1, "min": 1}} times: 10 method_name: run timeout: 0 duration: None cls:
2019-07-24 19:27:40.355 4172 INFO rally.task.runner [-] Task 20badba6-604b-473b-b911-e2b1164285d5 | ITER: 3 START
2019-07-24 19:27:40.357 4173 INFO rally.task.runner [-] Task 20badba6-604b-473b-b911-e2b1164285d5 | ITER: 4 START
2019-07-24 19:27:44.690 4172 RALLYDEBUG rally.task.utils [-] Waiting for resource s_rally_5482d3b1_gdbmTida. Status changed: AVAILABLE => DELETING in 0.334396839142
2019-07-24 19:27:44.754 4173 RALLYDEBUG rally.task.utils [-] Waiting for resource s_rally_5482d3b1_PcNei7qh. Status changed: AVAILABLE => DELETING in 0.350822925568
2019-07-24 19:27:44.848 4170 RALLYDEBUG rally.task.utils [-] Waiting for resource s_rally_5482d3b1_9FSsfRs9. Status changed: AVAILABLE => DELETING in 0.348863124847
2019-07-24 19:27:44.863 4171 RALLYDEBUG rally.task.utils [-] Waiting for resource s_rally_5482d3b1_V2yecZPD. Status changed: AVAILABLE => DELETING in 0.376373767853
2019-07-24 19:27:47.012 4172 INFO rally.task.runner [-] Task 20badba6-604b-473b-b911-e2b1164285d5 | ITER: 3 END: OK
2019-07-24 19:27:47.017 4172 INFO rally.task.runner [-] Task 20badba6-604b-473b-b911-e2b1164285d5 | ITER: 5 START
2019-07-24 19:27:47.083 4173 INFO rally.task.runner [-] Task 20badba6-604b-473b-b911-e2b1164285d5 | ITER: 4 END: OK
2019-07-24 19:27:47.088 4173 INFO rally.task.runner [-] Task 20badba6-604b-473b-b911-e2b1164285d5 | ITER: 6 START
2019-07-24 19:27:47.091 4171 INFO rally.task.runner [-] Task 20badba6-604b-473b-b911-e2b1164285d5 | ITER: 1 END: OK
2019-07-24 19:27:47.092 4170 INFO rally.task.runner [-] Task 20badba6-604b-473b-b911-e2b1164285d5 | ITER: 2 END: OK
2019-07-24 19:27:47.098 4171 INFO rally.task.runner [-] Task 20badba6-604b-473b-b911-e2b1164285d5 | ITER: 7 START
2019-07-24 19:27:47.099 4170 INFO rally.task.runner [-] Task 20badba6-604b-473b-b911-e2b1164285d5 | ITER: 8 START
2019-07-24 19:27:51.441 4171 RALLYDEBUG rally.task.utils [-] Waiting for resource s_rally_5482d3b1_Qn16tTz6. Status changed: AVAILABLE => DELETING in 0.253290891647
2019-07-24 19:27:51.536 4173 RALLYDEBUG rally.task.utils [-] Waiting for resource s_rally_5482d3b1_AXcY7GgB. Status changed: AVAILABLE => DELETING in 0.336654901505
2019-07-24 19:27:51.594 4172 RALLYDEBUG rally.task.utils [-] Waiting for resource s_rally_5482d3b1_DtvWG5NY. Status changed: AVAILABLE => DELETING in 0.340182065964
2019-07-24 19:27:51.758 4170 RALLYDEBUG rally.task.utils [-] Waiting for resource s_rally_5482d3b1_XDWV5one. Status changed: AVAILABLE => DELETING in 0.323432922363
2019-07-24 19:27:53.665 4171 INFO rally.task.runner [-] Task 20badba6-604b-473b-b911-e2b1164285d5 | ITER: 7 END: OK
2019-07-24 19:27:53.669 4171 INFO rally.task.runner [-] Task 20badba6-604b-473b-b911-e2b1164285d5 | ITER: 9 START
2019-07-24 19:27:53.769 4173 INFO rally.task.runner [-] Task 20badba6-604b-473b-b911-e2b1164285d5 | ITER: 6 END: OK
2019-07-24 19:27:53.773 4173 INFO rally.task.runner [-] Task 20badba6-604b-473b-b911-e2b1164285d5 | ITER: 10 START
2019-07-24 19:27:53.929 4172 INFO rally.task.runner [-] Task 20badba6-604b-473b-b911-e2b1164285d5 | ITER: 5 END: OK
2019-07-24 19:27:53.993 4170 INFO rally.task.runner [-] Task 20badba6-604b-473b-b911-e2b1164285d5 | ITER: 8 END: OK
2019-07-24 19:27:57.858 4171 INFO rally.task.runner [-] Task 20badba6-604b-473b-b911-e2b1164285d5 | ITER: 9 END: OK
2019-07-24 19:27:58.277 4173 RALLYDEBUG rally.task.utils [-] Waiting for resource s_rally_5482d3b1_zCOZUaGR. Status changed: AVAILABLE => DELETING in 0.321905851364
2019-07-24 19:28:00.610 4173 INFO rally.task.runner [-] Task 20badba6-604b-473b-b911-e2b1164285d5 | ITER: 10 END: OK
2019-07-24 19:28:00.638 1842 INFO rally.task.context [-] Task 20badba6-604b-473b-b911-e2b1164285d5 | Context cleanup@openstack cleanup() started
2019-07-24 19:28:00.640 1842 RALLYDEBUG rally_openstack.cleanup.manager [-] Cleaning up cinder backups objects
2019-07-24 19:28:02.879 1842 RALLYDEBUG rally_openstack.cleanup.manager [-] Cleaning up cinder volume_snapshots objects
2019-07-24 19:28:05.122 1842 RALLYDEBUG rally_openstack.cleanup.manager [-] Cleaning up cinder transfers objects
2019-07-24 19:28:07.283 1842 RALLYDEBUG rally_openstack.cleanup.manager [-] Cleaning up cinder volumes objects
2019-07-24 19:28:09.562 1842 INFO rally.task.context [-] Task 20badba6-604b-473b-b911-e2b1164285d5 | Context cleanup@openstack cleanup() finished in 8.92 sec
2019-07-24 19:28:09.562 1842 INFO rally.task.context [-] Task 20badba6-604b-473b-b911-e2b1164285d5 | Context quotas@openstack cleanup() started
2019-07-24 19:28:10.658 1842 INFO rally.task.context [-] Task 20badba6-604b-473b-b911-e2b1164285d5 | Context quotas@openstack cleanup() finished in 1.10 sec
2019-07-24 19:28:10.659 1842 INFO rally.task.context [-] Task 20badba6-604b-473b-b911-e2b1164285d5 | Context api_versions@openstack cleanup() started
2019-07-24 19:28:10.659 1842 INFO rally.task.context [-] Task 20badba6-604b-473b-b911-e2b1164285d5 | Context api_versions@openstack cleanup() finished in 0.30 msec
2019-07-24 19:28:10.659 1842 INFO rally.task.context [-] Task 20badba6-604b-473b-b911-e2b1164285d5 | Context users@openstack cleanup() started
2019-07-24 19:28:18.606 1842 INFO rally.task.context [-] Task 20badba6-604b-473b-b911-e2b1164285d5 | Context users@openstack cleanup() finished in 7.95 sec
2019-07-24 19:28:19.620 1842 INFO rally.task.engine [-] Load duration is: 20.262964
2019-07-24 19:28:19.621 1842 INFO rally.task.engine [-] Full runner duration is: 20.309421
2019-07-24 19:28:19.621 1842 INFO rally.task.engine [-] Full duration is: 45.172546
2019-07-24 19:28:19.788 1842 INFO rally.task.engine [-] Running workload: position = 1 config = { "version": 2, "title": "A cropped version of a bigger task.", "description": "Auto-generated task from a single workload (uuid=36ed8702-8253-40dd-99a8-51d49dec0356)", "subtasks": [ { "title": "CinderVolumes.create_and_delete_volume", "description": "Create and then delete a volume.", "scenario": { "CinderVolumes.create_and_delete_volume": { "image": { "name": "rally_full-img_6faa1fd1-e7d7-4a57-a8b5-680c70474fe3" }, "size": 1 } }, "contexts": { "users": { "tenants": 3, "users_per_tenant": 2 }, "quotas": { "cinder": { "gigabytes": -1, "snapshots": -1, "volumes": -1 } }, "api_versions": { "cinder": { "version": 3, "service_type": "volumev3" } } }, "runner": { "constant": { "concurrency": 4, "times": 10 } }, "hooks": [], "sla": { "failure_rate": { "max": 0 } } } ] }
2019-07-24 19:28:19.811 1842 RALLYDEBUG rally_openstack.contexts.keystone.users [-] Creating 3 tenants using 20 threads
2019-07-24 19:28:21.750 1842 RALLYDEBUG rally_openstack.contexts.keystone.users [-] Creating 6 users using 20 threads
2019-07-24 19:28:24.659 1842 INFO rally.task.context [-] Task 20badba6-604b-473b-b911-e2b1164285d5 | Context users@openstack setup() finished in 4.85 sec
2019-07-24 19:28:25.087 1842 INFO rally.task.context [-] Task 20badba6-604b-473b-b911-e2b1164285d5 | Context api_versions@openstack setup() finished in 0.43 sec
2019-07-24 19:28:26.821 1842 INFO rally.task.context [-] Task 20badba6-604b-473b-b911-e2b1164285d5 | Context quotas@openstack setup() finished in 1.73 sec
2019-07-24 19:28:26.822 1842 INFO rally.task.context [-] Task 20badba6-604b-473b-b911-e2b1164285d5 | Context cleanup@openstack setup() finished in 0.00 msec
2019-07-24 19:28:27.858 1842 RALLYDEBUG rally.task.runner [-] Starting the constant runner (task UUID: 20badba6-604b-473b-b911-e2b1164285d5). timeout: 0 concurrency: 4 concurrency_per_worker: 1 times: 10 concurrency_overhead: 0 processes_to_start: 4 max_cpu_used: 16
2019-07-24 19:28:27.869 4354 RALLYDEBUG rally.task.runner [-] Starting a worker. concurrency: 1 args: {"image": "acdd1ae8-8cf3-4f96-a3a1-b23125a7029a", "size": 1} times: 10 method_name: run timeout: 0 duration: None cls:
2019-07-24 19:28:27.873 4355 RALLYDEBUG rally.task.runner [-] Starting a worker. concurrency: 1 args: {"image": "acdd1ae8-8cf3-4f96-a3a1-b23125a7029a", "size": 1} times: 10 method_name: run timeout: 0 duration: None cls:
2019-07-24 19:28:27.873 4356 RALLYDEBUG rally.task.runner [-] Starting a worker. concurrency: 1 args: {"image": "acdd1ae8-8cf3-4f96-a3a1-b23125a7029a", "size": 1} times: 10 method_name: run timeout: 0 duration: None cls:
2019-07-24 19:28:27.876 4354 INFO rally.task.runner [-] Task 20badba6-604b-473b-b911-e2b1164285d5 | ITER: 1 START
2019-07-24 19:28:27.877 4357 RALLYDEBUG rally.task.runner [-] Starting a worker. concurrency: 1 args: {"image": "acdd1ae8-8cf3-4f96-a3a1-b23125a7029a", "size": 1} times: 10 method_name: run timeout: 0 duration: None cls:
2019-07-24 19:28:27.878 4356 INFO rally.task.runner [-] Task 20badba6-604b-473b-b911-e2b1164285d5 | ITER: 3 START
2019-07-24 19:28:27.880 4355 INFO rally.task.runner [-] Task 20badba6-604b-473b-b911-e2b1164285d5 | ITER: 2 START
2019-07-24 19:28:27.882 4357 INFO rally.task.runner [-] Task 20badba6-604b-473b-b911-e2b1164285d5 | ITER: 4 START
2019-07-24 19:28:35.431 4357 RALLYDEBUG rally.task.utils [-] Waiting for resource s_rally_36ed8702_lw9meXxV. Status changed: CREATING => DOWNLOADING in 3.06947803497
2019-07-24 19:28:37.782 4355 RALLYDEBUG rally.task.utils [-] Waiting for resource s_rally_36ed8702_i6Rj2J0r. Status changed: CREATING => DOWNLOADING in 5.16026210785
2019-07-24 19:28:38.105 4356 RALLYDEBUG rally.task.utils [-] Waiting for resource s_rally_36ed8702_teZaLQ3f. Status changed: CREATING => DOWNLOADING in 5.32677507401
2019-07-24 19:28:44.537 4357 RALLYDEBUG rally.task.utils [-] Waiting for resource s_rally_36ed8702_lw9meXxV. Status changed: DOWNLOADING => AVAILABLE in 9.10589599609
2019-07-24 19:28:44.637 4355 RALLYDEBUG rally.task.utils [-] Waiting for resource s_rally_36ed8702_i6Rj2J0r. Status changed: DOWNLOADING => AVAILABLE in 6.85561585426
2019-07-24 19:28:44.679 4356 RALLYDEBUG rally.task.utils [-] Waiting for resource s_rally_36ed8702_teZaLQ3f. Status changed: DOWNLOADING => AVAILABLE in 6.57382798195
2019-07-24 19:28:45.226 4354 RALLYDEBUG rally.task.utils [-] Waiting for resource s_rally_36ed8702_IzqXMzTV. Status changed: CREATING => DOWNLOADING in 12.0196561813
2019-07-24 19:28:45.329 4357 RALLYDEBUG rally.task.utils [-] Waiting for resource s_rally_36ed8702_lw9meXxV. Status changed: AVAILABLE => DELETING in 0.410151958466
2019-07-24 19:28:45.405 4355 RALLYDEBUG rally.task.utils [-] Waiting for resource s_rally_36ed8702_i6Rj2J0r. Status changed: AVAILABLE => DELETING in 0.414036989212
2019-07-24 19:28:45.452 4356 RALLYDEBUG rally.task.utils [-] Waiting for resource s_rally_36ed8702_teZaLQ3f. Status changed: AVAILABLE => DELETING in 0.370337963104
2019-07-24 19:28:47.680 4357 INFO rally.task.runner [-] Task 20badba6-604b-473b-b911-e2b1164285d5 | ITER: 4 END: OK
2019-07-24 19:28:47.685 4357 INFO rally.task.runner [-] Task 20badba6-604b-473b-b911-e2b1164285d5 | ITER: 5 START
2019-07-24 19:28:47.732 4355 INFO rally.task.runner [-] Task 20badba6-604b-473b-b911-e2b1164285d5 | ITER: 2 END: OK
2019-07-24 19:28:47.737 4355 INFO rally.task.runner [-] Task 20badba6-604b-473b-b911-e2b1164285d5 | ITER: 6 START
2019-07-24 19:28:47.826 4356 INFO rally.task.runner [-] Task 20badba6-604b-473b-b911-e2b1164285d5 | ITER: 3 END: OK
2019-07-24 19:28:47.831 4356 INFO rally.task.runner [-] Task 20badba6-604b-473b-b911-e2b1164285d5 | ITER: 7 START
2019-07-24 19:28:49.736 4354 RALLYDEBUG rally.task.utils [-] Waiting for resource s_rally_36ed8702_IzqXMzTV. Status changed: DOWNLOADING => AVAILABLE in 4.5094499588
2019-07-24 19:28:50.412 4354 INFO rally.task.runner [-] Task 20badba6-604b-473b-b911-e2b1164285d5 | ITER: 1 END: OK
2019-07-24 19:28:50.416 4354 INFO rally.task.runner [-] Task 20badba6-604b-473b-b911-e2b1164285d5 | ITER: 8 START
2019-07-24 19:28:54.843 4355 RALLYDEBUG rally.task.utils [-] Waiting for resource s_rally_36ed8702_qPRvEvgt. Status changed: CREATING => DOWNLOADING in 3.037348032
2019-07-24 19:28:57.765 4357 RALLYDEBUG rally.task.utils [-] Waiting for resource s_rally_36ed8702_X7nPfGi9. Status changed: CREATING => DOWNLOADING in 5.17270994186
2019-07-24 19:28:57.840 4356 RALLYDEBUG rally.task.utils [-] Waiting for resource s_rally_36ed8702_eWkMd55A. Status changed: CREATING => DOWNLOADING in 5.32475709915
2019-07-24 19:29:03.611 4355 RALLYDEBUG rally.task.utils [-] Waiting for resource s_rally_36ed8702_qPRvEvgt. Status changed: DOWNLOADING => AVAILABLE in 8.76808309555
2019-07-24 19:29:04.217 4355 INFO rally.task.runner [-] Task 20badba6-604b-473b-b911-e2b1164285d5 | ITER: 6 END: OK
2019-07-24 19:29:04.222 4355 INFO rally.task.runner [-] Task 20badba6-604b-473b-b911-e2b1164285d5 | ITER: 9 START
2019-07-24 19:29:04.769 4357 RALLYDEBUG rally.task.utils [-] Waiting for resource s_rally_36ed8702_X7nPfGi9. Status changed: DOWNLOADING => AVAILABLE in 7.00346493721
2019-07-24 19:29:04.854 4356 RALLYDEBUG rally.task.utils [-] Waiting for resource s_rally_36ed8702_eWkMd55A. Status changed: DOWNLOADING => AVAILABLE in 7.01375508308
2019-07-24 19:29:04.955 4354 RALLYDEBUG rally.task.utils [-] Waiting for resource s_rally_36ed8702_g5TL9R63. Status changed: CREATING => DOWNLOADING in 9.84439778328
2019-07-24 19:29:05.187 4356 RALLYDEBUG rally.task.utils [-] Waiting for resource s_rally_36ed8702_eWkMd55A. Status changed: AVAILABLE => DELETING in 0.249577045441
2019-07-24 19:29:05.490 4357 RALLYDEBUG rally.task.utils [-] Waiting for resource s_rally_36ed8702_X7nPfGi9. Status changed: AVAILABLE => DELETING in 0.258858919144
2019-07-24 19:29:07.228 4356 INFO rally.task.runner [-] Task 20badba6-604b-473b-b911-e2b1164285d5 | ITER: 7 END: OK
2019-07-24 19:29:07.234 4356 INFO rally.task.runner [-] Task 20badba6-604b-473b-b911-e2b1164285d5 | ITER: 10 START
2019-07-24 19:29:07.815 4357 INFO rally.task.runner [-] Task 20badba6-604b-473b-b911-e2b1164285d5 | ITER: 5 END: OK
2019-07-24 19:29:09.676 4354 RALLYDEBUG rally.task.utils [-] Waiting for resource s_rally_36ed8702_g5TL9R63. Status changed: DOWNLOADING => AVAILABLE in 4.7217400074
2019-07-24 19:29:10.314 4354 RALLYDEBUG rally.task.utils [-] Waiting for resource s_rally_36ed8702_g5TL9R63. Status changed: AVAILABLE => DELETING in 0.257313966751
2019-07-24 19:29:12.292 4355 RALLYDEBUG rally.task.utils [-] Waiting for resource s_rally_36ed8702_MTmMF66g. Status changed: CREATING => DOWNLOADING in 3.23836612701
2019-07-24 19:29:12.629 4354 INFO rally.task.runner [-] Task 20badba6-604b-473b-b911-e2b1164285d5 | ITER: 8 END: OK
2019-07-24 19:29:15.941 4356 RALLYDEBUG rally.task.utils [-] Waiting for resource s_rally_36ed8702_qDsWaE36. Status changed: CREATING => DOWNLOADING in 4.97849607468
2019-07-24 19:29:17.004 4355 RALLYDEBUG rally.task.utils [-] Waiting for resource s_rally_36ed8702_MTmMF66g. Status changed: DOWNLOADING => AVAILABLE in 4.71235084534
2019-07-24 19:29:17.731 4355 RALLYDEBUG rally.task.utils [-] Waiting for resource s_rally_36ed8702_MTmMF66g. Status changed: AVAILABLE => DELETING in 0.350406885147
2019-07-24 19:29:19.959 4355 INFO rally.task.runner [-] Task 20badba6-604b-473b-b911-e2b1164285d5 | ITER: 9 END: OK
2019-07-24 19:29:20.538 4356 RALLYDEBUG rally.task.utils [-] Waiting for resource s_rally_36ed8702_qDsWaE36. Status changed: DOWNLOADING => AVAILABLE in 4.59693193436
2019-07-24 19:29:21.238 4356 INFO rally.task.runner [-] Task 20badba6-604b-473b-b911-e2b1164285d5 | ITER: 10 END: OK
2019-07-24 19:29:21.264 1842 INFO rally.task.context [-] Task 20badba6-604b-473b-b911-e2b1164285d5 | Context cleanup@openstack cleanup() started
2019-07-24 19:29:21.267 1842 RALLYDEBUG rally_openstack.cleanup.manager [-] Cleaning up cinder backups objects
2019-07-24 19:29:23.475 1842 RALLYDEBUG rally_openstack.cleanup.manager [-] Cleaning up cinder volume_snapshots objects
2019-07-24 19:29:25.596 1842 RALLYDEBUG rally_openstack.cleanup.manager [-] Cleaning up cinder transfers objects
2019-07-24 19:29:27.709 1842 RALLYDEBUG rally_openstack.cleanup.manager [-] Cleaning up cinder volumes objects
2019-07-24 19:29:29.970 1842 INFO rally.task.context [-] Task 20badba6-604b-473b-b911-e2b1164285d5 | Context cleanup@openstack cleanup() finished in 8.71 sec
2019-07-24 19:29:29.970 1842 INFO rally.task.context [-] Task 20badba6-604b-473b-b911-e2b1164285d5 | Context quotas@openstack cleanup() started
2019-07-24 19:29:30.843 1842 INFO rally.task.context [-] Task 20badba6-604b-473b-b911-e2b1164285d5 | Context quotas@openstack cleanup() finished in 0.87 sec
2019-07-24 19:29:30.844 1842 INFO rally.task.context [-] Task 20badba6-604b-473b-b911-e2b1164285d5 | Context api_versions@openstack cleanup() started
2019-07-24 19:29:30.844 1842 INFO rally.task.context [-] Task 20badba6-604b-473b-b911-e2b1164285d5 | Context api_versions@openstack cleanup() finished in 0.33 msec
2019-07-24 19:29:30.844 1842 INFO rally.task.context [-] Task 20badba6-604b-473b-b911-e2b1164285d5 | Context users@openstack cleanup() started
2019-07-24 19:29:38.905 1842 INFO rally.task.context [-] Task 20badba6-604b-473b-b911-e2b1164285d5 | Context users@openstack cleanup() finished in 8.06 sec
2019-07-24 19:29:40.104 1842 INFO rally.task.engine [-] Load duration is: 53.35818
2019-07-24 19:29:40.105 1842 INFO rally.task.engine [-] Full runner duration is: 53.40622
2019-07-24 19:29:40.105 1842 INFO rally.task.engine [-] Full duration is: 79.099315
2019-07-24 19:29:40.253 1842 INFO rally.task.engine [-] Running workload: position = 2 config = { "version": 2, "title": "A cropped version of a bigger task.", "description": "Auto-generated task from a single workload (uuid=5d8dc2d0-c331-46f7-b774-fea3273c88b1)", "subtasks": [ { "title": "CinderVolumes.create_and_delete_volume", "description": "Create and then delete a volume.", "scenario": { "CinderVolumes.create_and_delete_volume": { "size": 1 } }, "contexts": { "users": { "tenants": 3, "users_per_tenant": 2 }, "quotas": { "cinder": { "gigabytes": -1, "snapshots": -1, "volumes": -1 } }, "api_versions": { "cinder": { "version": 3, "service_type": "volumev3" } } }, "runner": { "constant": { "concurrency": 4, "times": 10 } }, "hooks": [], "sla": { "failure_rate": { "max": 0 } } } ] }
2019-07-24 19:29:40.275 1842 RALLYDEBUG rally_openstack.contexts.keystone.users [-] Creating 3 tenants using 20 threads
2019-07-24 19:29:42.085 1842 RALLYDEBUG rally_openstack.contexts.keystone.users [-] Creating 6 users using 20 threads
2019-07-24 19:29:44.887 1842 INFO rally.task.context [-] Task 20badba6-604b-473b-b911-e2b1164285d5 | Context users@openstack setup() finished in 4.61 sec
2019-07-24 19:29:45.304 1842 INFO rally.task.context [-] Task 20badba6-604b-473b-b911-e2b1164285d5 | Context api_versions@openstack setup() finished in 0.42 sec
2019-07-24 19:29:46.952 1842 INFO rally.task.context [-] Task 20badba6-604b-473b-b911-e2b1164285d5 | Context quotas@openstack setup() finished in 1.65 sec
2019-07-24 19:29:46.952 1842 INFO rally.task.context [-] Task 20badba6-604b-473b-b911-e2b1164285d5 | Context cleanup@openstack setup() finished in 0.00 msec
2019-07-24 19:29:46.961 1842 RALLYDEBUG rally.task.runner [-] Starting the constant runner (task UUID: 20badba6-604b-473b-b911-e2b1164285d5). timeout: 0 concurrency: 4 concurrency_per_worker: 1 times: 10 concurrency_overhead: 0 processes_to_start: 4 max_cpu_used: 16
2019-07-24 19:29:46.970 4538 RALLYDEBUG rally.task.runner [-] Starting a worker. concurrency: 1 args: {"size": 1} times: 10 method_name: run timeout: 0 duration: None cls:
2019-07-24 19:29:46.974 4538 INFO rally.task.runner [-] Task 20badba6-604b-473b-b911-e2b1164285d5 | ITER: 1 START
2019-07-24 19:29:46.976 4539 RALLYDEBUG rally.task.runner [-] Starting a worker. concurrency: 1 args: {"size": 1} times: 10 method_name: run timeout: 0 duration: None cls:
2019-07-24 19:29:46.979 4543 RALLYDEBUG rally.task.runner [-] Starting a worker. concurrency: 1 args: {"size": 1} times: 10 method_name: run timeout: 0 duration: None cls:
2019-07-24 19:29:46.982 4543 INFO rally.task.runner [-] Task 20badba6-604b-473b-b911-e2b1164285d5 | ITER: 3 START
2019-07-24 19:29:46.981 4540 RALLYDEBUG rally.task.runner [-] Starting a worker. concurrency: 1 args: {"size": 1} times: 10 method_name: run timeout: 0 duration: None cls:
2019-07-24 19:29:46.983 4539 INFO rally.task.runner [-] Task 20badba6-604b-473b-b911-e2b1164285d5 | ITER: 2 START
2019-07-24 19:29:46.991 4540 INFO rally.task.runner [-] Task 20badba6-604b-473b-b911-e2b1164285d5 | ITER: 4 START
2019-07-24 19:29:51.079 4539 RALLYDEBUG rally.task.utils [-] Waiting for resource s_rally_5d8dc2d0_qz6TTZkO. Status changed: AVAILABLE => DELETING in 0.0583419799805
2019-07-24 19:29:51.323 4538 RALLYDEBUG rally.task.utils [-] Waiting for resource s_rally_5d8dc2d0_TXpUvBr7. Status changed: AVAILABLE => DELETING in 0.247967004776
2019-07-24 19:29:51.369 4543 RALLYDEBUG rally.task.utils [-] Waiting for resource s_rally_5d8dc2d0_mygdwD3M. Status changed: AVAILABLE => DELETING in 0.204679012299
2019-07-24 19:29:51.553 4540 RALLYDEBUG rally.task.utils [-] Waiting for resource s_rally_5d8dc2d0_M4rIjEmF. Status changed: AVAILABLE => DELETING in 0.346418857574
2019-07-24 19:29:53.121 4539 INFO rally.task.runner [-] Task 20badba6-604b-473b-b911-e2b1164285d5 | ITER: 2 END: OK
2019-07-24 19:29:53.126 4539 INFO rally.task.runner [-] Task 20badba6-604b-473b-b911-e2b1164285d5 | ITER: 5 START
2019-07-24 19:29:53.365 4538 INFO rally.task.runner [-] Task 20badba6-604b-473b-b911-e2b1164285d5 | ITER: 1 END: OK
2019-07-24 19:29:53.369 4538 INFO rally.task.runner [-] Task 20badba6-604b-473b-b911-e2b1164285d5 | ITER: 6 START
2019-07-24 19:29:53.605 4543 INFO rally.task.runner [-] Task 20badba6-604b-473b-b911-e2b1164285d5 | ITER: 3 END: OK
2019-07-24 19:29:53.611 4543 INFO rally.task.runner [-] Task 20badba6-604b-473b-b911-e2b1164285d5 | ITER: 7 START
2019-07-24 19:29:53.870 4540 INFO rally.task.runner [-] Task 20badba6-604b-473b-b911-e2b1164285d5 | ITER: 4 END: OK
2019-07-24 19:29:53.875 4540 INFO rally.task.runner [-] Task 20badba6-604b-473b-b911-e2b1164285d5 | ITER: 8 START
2019-07-24 19:29:57.292 4539 INFO rally.task.runner [-] Task 20badba6-604b-473b-b911-e2b1164285d5 | ITER: 5 END: OK
2019-07-24 19:29:57.298 4539 INFO rally.task.runner [-] Task 20badba6-604b-473b-b911-e2b1164285d5 | ITER: 9 START
2019-07-24 19:29:57.605 4538 RALLYDEBUG rally.task.utils [-] Waiting for resource s_rally_5d8dc2d0_CRNLxOtX. Status changed: AVAILABLE => DELETING in 0.351438999176
2019-07-24 19:29:58.053 4540 RALLYDEBUG rally.task.utils [-] Waiting for resource s_rally_5d8dc2d0_BIPvgcuC. Status changed: AVAILABLE => DELETING in 0.242161035538
2019-07-24 19:29:58.057 4543 RALLYDEBUG rally.task.utils [-] Waiting for resource s_rally_5d8dc2d0_58QE85yE. Status changed: AVAILABLE => DELETING in 0.3544049263
2019-07-24 19:29:59.643 4538 INFO rally.task.runner [-] Task 20badba6-604b-473b-b911-e2b1164285d5 | ITER: 6 END: OK
2019-07-24 19:29:59.646 4538 INFO rally.task.runner [-] Task 20badba6-604b-473b-b911-e2b1164285d5 | ITER: 10 START
2019-07-24 19:30:00.097 4543 INFO rally.task.runner [-] Task 20badba6-604b-473b-b911-e2b1164285d5 | ITER: 7 END: OK
2019-07-24 19:30:00.369 4540 INFO rally.task.runner [-] Task 20badba6-604b-473b-b911-e2b1164285d5 | ITER: 8 END: OK
2019-07-24 19:30:01.657 4539 INFO rally.task.runner [-] Task 20badba6-604b-473b-b911-e2b1164285d5 | ITER: 9 END: OK
2019-07-24 19:30:03.805 4538 INFO rally.task.runner [-] Task 20badba6-604b-473b-b911-e2b1164285d5 | ITER: 10 END: OK
2019-07-24 19:30:03.831 1842 INFO rally.task.context [-] Task 20badba6-604b-473b-b911-e2b1164285d5 | Context cleanup@openstack cleanup() started
2019-07-24 19:30:03.834 1842 RALLYDEBUG rally_openstack.cleanup.manager [-] Cleaning up cinder backups objects
2019-07-24 19:30:05.905 1842 RALLYDEBUG rally_openstack.cleanup.manager [-] Cleaning up cinder volume_snapshots objects
2019-07-24 19:30:08.250 1842 RALLYDEBUG rally_openstack.cleanup.manager [-] Cleaning up cinder transfers objects
2019-07-24 19:30:10.440 1842 RALLYDEBUG rally_openstack.cleanup.manager [-] Cleaning up cinder volumes objects
2019-07-24 19:30:12.635 1842 INFO rally.task.context [-] Task 20badba6-604b-473b-b911-e2b1164285d5 | Context cleanup@openstack cleanup() finished in 8.80 sec
2019-07-24 19:30:12.635 1842 INFO rally.task.context [-] Task 20badba6-604b-473b-b911-e2b1164285d5 | Context quotas@openstack cleanup() started
2019-07-24 19:30:13.592 1842 INFO rally.task.context [-] Task 20badba6-604b-473b-b911-e2b1164285d5 | Context quotas@openstack cleanup() finished in 0.96 sec
2019-07-24 19:30:13.592 1842 INFO rally.task.context [-] Task 20badba6-604b-473b-b911-e2b1164285d5 | Context api_versions@openstack cleanup() started
2019-07-24 19:30:13.592 1842 INFO rally.task.context [-] Task 20badba6-604b-473b-b911-e2b1164285d5 | Context api_versions@openstack cleanup() finished in 0.31 msec
2019-07-24 19:30:13.593 1842 INFO rally.task.context [-] Task 20badba6-604b-473b-b911-e2b1164285d5 | Context users@openstack cleanup() started
2019-07-24 19:30:21.318 1842 INFO rally.task.context [-] Task 20badba6-604b-473b-b911-e2b1164285d5 | Context users@openstack cleanup() finished in 7.73 sec
2019-07-24 19:30:22.452 1842 INFO rally.task.engine [-] Load duration is: 16.829819
2019-07-24 19:30:22.452 1842 INFO rally.task.engine [-] Full runner duration is: 16.871466
2019-07-24 19:30:22.453 1842 INFO rally.task.engine [-] Full duration is: 41.046064
2019-07-24 19:30:22.688 1842 INFO rally.task.engine [-] Running workload: position = 0 config = { "version": 2, "title": "A cropped version of a bigger task.", "description": "Auto-generated task from a single workload (uuid=3a9f3058-33a3-4759-888a-38d8eaea9c7f)", "subtasks": [ { "title": "CinderVolumes.create_and_extend_volume", "description": "Create and extend a volume and then delete it.", "scenario": { "CinderVolumes.create_and_extend_volume": { "new_size": 2, "size": 1 } }, "contexts": { "users": { "tenants": 3, "users_per_tenant": 2 }, "quotas": { "cinder": { "gigabytes": -1, "snapshots": -1, "volumes": -1 } }, "api_versions": { "cinder": { "version": 3, "service_type": "volumev3" } } }, "runner": { "constant": { "concurrency": 4, "times": 10 } }, "hooks": [], "sla": { "failure_rate": { "max": 0 } } } ] }
2019-07-24 19:30:22.710 1842 RALLYDEBUG rally_openstack.contexts.keystone.users [-] Creating 3 tenants using 20 threads
2019-07-24 19:30:24.619 1842 RALLYDEBUG rally_openstack.contexts.keystone.users [-] Creating 6 users using 20 threads
2019-07-24 19:30:27.414 1842 INFO rally.task.context [-] Task 20badba6-604b-473b-b911-e2b1164285d5 | Context users@openstack setup() finished in 4.70 sec
2019-07-24 19:30:27.839 1842 INFO rally.task.context [-] Task 20badba6-604b-473b-b911-e2b1164285d5 | Context api_versions@openstack setup() finished in 0.42 sec
2019-07-24 19:30:29.486 1842 INFO rally.task.context [-] Task 20badba6-604b-473b-b911-e2b1164285d5 | Context quotas@openstack setup() finished in 1.65 sec
2019-07-24 19:30:29.487 1842 INFO rally.task.context [-] Task 20badba6-604b-473b-b911-e2b1164285d5 | Context cleanup@openstack setup() finished in 0.01 msec
2019-07-24 19:30:29.494 1842 RALLYDEBUG rally.task.runner [-] Starting the constant runner (task UUID: 20badba6-604b-473b-b911-e2b1164285d5). timeout: 0 concurrency: 4 concurrency_per_worker: 1 times: 10 concurrency_overhead: 0 processes_to_start: 4 max_cpu_used: 16
2019-07-24 19:30:29.507 4722 RALLYDEBUG rally.task.runner [-] Starting a worker. concurrency: 1 args: {"new_size": 2, "size": 1} times: 10 method_name: run timeout: 0 duration: None cls:
2019-07-24 19:30:29.510 4723 RALLYDEBUG rally.task.runner [-] Starting a worker. concurrency: 1 args: {"new_size": 2, "size": 1} times: 10 method_name: run timeout: 0 duration: None cls:
2019-07-24 19:30:29.512 4724 RALLYDEBUG rally.task.runner [-] Starting a worker. concurrency: 1 args: {"new_size": 2, "size": 1} times: 10 method_name: run timeout: 0 duration: None cls:
2019-07-24 19:30:29.515 4722 INFO rally.task.runner [-] Task 20badba6-604b-473b-b911-e2b1164285d5 | ITER: 1 START
2019-07-24 19:30:29.516 4725 RALLYDEBUG rally.task.runner [-] Starting a worker. concurrency: 1 args: {"new_size": 2, "size": 1} times: 10 method_name: run timeout: 0 duration: None cls:
2019-07-24 19:30:29.518 4723 INFO rally.task.runner [-] Task 20badba6-604b-473b-b911-e2b1164285d5 | ITER: 2 START
2019-07-24 19:30:29.518 4724 INFO rally.task.runner [-] Task 20badba6-604b-473b-b911-e2b1164285d5 | ITER: 3 START
2019-07-24 19:30:29.524 4725 INFO rally.task.runner [-] Task 20badba6-604b-473b-b911-e2b1164285d5 | ITER: 4 START
2019-07-24 19:30:33.860 4723 RALLYDEBUG rally.task.utils [-] Waiting for resource s_rally_3a9f3058_P1frSodg. Status changed: AVAILABLE => EXTENDING in 0.0549881458282
2019-07-24 19:30:34.397 4725 INFO rally.task.runner [-] Task 20badba6-604b-473b-b911-e2b1164285d5 | ITER: 4 END: OK
2019-07-24 19:30:34.402 4725 INFO rally.task.runner [-] Task 20badba6-604b-473b-b911-e2b1164285d5 | ITER: 5 START
2019-07-24 19:30:34.623 4722 RALLYDEBUG rally.task.utils [-] Waiting for resource s_rally_3a9f3058_1KoHuGhm. Status changed: AVAILABLE => DELETING in 0.253924131393
2019-07-24 19:30:34.680 4724 RALLYDEBUG rally.task.utils [-] Waiting for resource s_rally_3a9f3058_bSsnyWR1. Status changed: AVAILABLE => DELETING in 0.335808038712
2019-07-24 19:30:36.227 4723 RALLYDEBUG rally.task.utils [-] Waiting for resource s_rally_3a9f3058_P1frSodg. Status changed: EXTENDING => AVAILABLE in 2.3675198555
2019-07-24 19:30:36.830 4723 INFO rally.task.runner [-] Task 20badba6-604b-473b-b911-e2b1164285d5 | ITER: 2 END: OK
2019-07-24 19:30:36.835 4723 INFO rally.task.runner [-] Task 20badba6-604b-473b-b911-e2b1164285d5 | ITER: 6 START
2019-07-24 19:30:36.935 4722 INFO rally.task.runner [-] Task 20badba6-604b-473b-b911-e2b1164285d5 | ITER: 1 END: OK
2019-07-24 19:30:36.940 4722 INFO rally.task.runner [-] Task 20badba6-604b-473b-b911-e2b1164285d5 | ITER: 7 START
2019-07-24 19:30:37.022 4724 INFO rally.task.runner [-] Task 20badba6-604b-473b-b911-e2b1164285d5 | ITER: 3 END: OK
2019-07-24 19:30:37.026 4724 INFO rally.task.runner [-] Task 20badba6-604b-473b-b911-e2b1164285d5 | ITER: 8 START
2019-07-24 19:30:39.314 4725 INFO rally.task.runner [-] Task 20badba6-604b-473b-b911-e2b1164285d5 | ITER: 5 END: OK
2019-07-24 19:30:39.320 4725 INFO rally.task.runner [-] Task 20badba6-604b-473b-b911-e2b1164285d5 | ITER: 9 START
2019-07-24 19:30:41.206 4724 RALLYDEBUG rally.task.utils [-] Waiting for resource s_rally_3a9f3058_bdJyoC4T. Status changed: AVAILABLE => EXTENDING in 0.0552818775177
2019-07-24 19:30:41.744 4723 INFO rally.task.runner [-] Task 20badba6-604b-473b-b911-e2b1164285d5 | ITER: 6 END: OK
2019-07-24 19:30:41.749 4723 INFO rally.task.runner [-] Task 20badba6-604b-473b-b911-e2b1164285d5 | ITER: 10 START
2019-07-24 19:30:42.010 4722 INFO rally.task.runner [-] Task 20badba6-604b-473b-b911-e2b1164285d5 | ITER: 7 END: OK
2019-07-24 19:30:43.550 4724 RALLYDEBUG rally.task.utils [-] Waiting for resource s_rally_3a9f3058_bdJyoC4T. Status changed: EXTENDING => AVAILABLE in 2.34333491325
2019-07-24 19:30:43.976 4724 RALLYDEBUG rally.task.utils [-] Waiting for resource s_rally_3a9f3058_bdJyoC4T. Status changed: AVAILABLE => DELETING in 0.057354927063
2019-07-24 19:30:44.293 4725 RALLYDEBUG rally.task.utils [-] Waiting for resource s_rally_3a9f3058_GoNHg4Pk. Status changed: AVAILABLE => DELETING in 0.326366901398
2019-07-24 19:30:46.208 4724 INFO rally.task.runner [-] Task 20badba6-604b-473b-b911-e2b1164285d5 | ITER: 8 END: OK
2019-07-24 19:30:46.511 4723 INFO rally.task.runner [-] Task 20badba6-604b-473b-b911-e2b1164285d5 | ITER: 10 END: OK
2019-07-24 19:30:46.615 4725 INFO rally.task.runner [-] Task 20badba6-604b-473b-b911-e2b1164285d5 | ITER: 9 END: OK
2019-07-24 19:30:46.640 1842 INFO rally.task.context [-] Task 20badba6-604b-473b-b911-e2b1164285d5 | Context cleanup@openstack cleanup() started
2019-07-24 19:30:46.643 1842 RALLYDEBUG rally_openstack.cleanup.manager [-] Cleaning up cinder backups objects
2019-07-24 19:30:48.752 1842 RALLYDEBUG rally_openstack.cleanup.manager [-] Cleaning up cinder volume_snapshots objects
2019-07-24 19:30:50.976 1842 RALLYDEBUG rally_openstack.cleanup.manager [-] Cleaning up cinder transfers objects
2019-07-24 19:30:53.218 1842 RALLYDEBUG rally_openstack.cleanup.manager [-] Cleaning up cinder volumes objects
