2019-07-24 09:22:41.346 22696 RALLYDEBUG rally.api [-] INFO logs from urllib3 and requests module are hide.
2019-07-24 09:22:41.346 22696 RALLYDEBUG rally.api [-] urllib3 insecure warnings are hidden.
2019-07-24 09:22:41.346 22696 RALLYDEBUG rally.api [-] ERROR log from boto module is hide.
2019-07-24 09:22:43.647 22698 RALLYDEBUG rally.api [-] INFO logs from urllib3 and requests module are hide.
2019-07-24 09:22:43.647 22698 RALLYDEBUG rally.api [-] urllib3 insecure warnings are hidden.
2019-07-24 09:22:43.647 22698 RALLYDEBUG rally.api [-] ERROR log from boto module is hide.
2019-07-24 09:22:44.927 22698 WARNING rally_openstack.platforms.existing [-] endpoint is deprecated and not used.
2019-07-24 09:22:45.808 22700 RALLYDEBUG rally.api [-] INFO logs from urllib3 and requests module are hide.
2019-07-24 09:22:45.808 22700 RALLYDEBUG rally.api [-] urllib3 insecure warnings are hidden.
2019-07-24 09:22:45.808 22700 RALLYDEBUG rally.api [-] ERROR log from boto module is hide.
2019-07-24 09:22:49.246 22703 RALLYDEBUG rally.api [-] INFO logs from urllib3 and requests module are hide.
2019-07-24 09:22:49.246 22703 RALLYDEBUG rally.api [-] urllib3 insecure warnings are hidden.
2019-07-24 09:22:49.246 22703 RALLYDEBUG rally.api [-] ERROR log from boto module is hide.
2019-07-24 09:22:51.246 22705 RALLYDEBUG rally.api [-] INFO logs from urllib3 and requests module are hide.
2019-07-24 09:22:51.246 22705 RALLYDEBUG rally.api [-] urllib3 insecure warnings are hidden.
2019-07-24 09:22:51.246 22705 RALLYDEBUG rally.api [-] ERROR log from boto module is hide.
2019-07-24 09:22:52.332 22705 INFO rally.common.plugin.discover [-] Loading plugins from directories /root/.rally/plugins/*
2019-07-24 09:22:52.333 22705 INFO rally.common.plugin.discover [-] Loaded module with plugins: /root/.rally/plugins/__init__.py
2019-07-24 09:22:52.335 22705 INFO rally.common.plugin.discover [-] Loaded module with plugins: /root/.rally/plugins/trunk_scenario.py
2019-07-24 09:22:52.555 22705 INFO rally.task.engine [-] Task f6c83288-f3c9-489d-9e8d-932b1b4ea919 | Starting: Task validation.
2019-07-24 09:22:52.595 22705 INFO rally.task.engine [-] Task f6c83288-f3c9-489d-9e8d-932b1b4ea919 | Starting: Task validation of syntax.
2019-07-24 09:22:52.735 22705 INFO rally.task.engine [-] Task f6c83288-f3c9-489d-9e8d-932b1b4ea919 | Completed: Task validation of syntax.
2019-07-24 09:22:52.736 22705 INFO rally.task.engine [-] Task f6c83288-f3c9-489d-9e8d-932b1b4ea919 | Starting: Task validation of required platforms.
2019-07-24 09:22:52.797 22705 INFO rally.task.engine [-] Task f6c83288-f3c9-489d-9e8d-932b1b4ea919 | Completed: Task validation of required platforms.
2019-07-24 09:22:52.798 22705 INFO rally.task.engine [-] Task f6c83288-f3c9-489d-9e8d-932b1b4ea919 | Starting: Task validation of semantic.
2019-07-24 09:22:52.798 22705 INFO rally.task.engine [-] Check health of the environment '849ff4b5-51c3-4cc4-936d-c9ff2f941044'.
2019-07-24 09:22:53.623 22705 INFO rally.task.engine [-] Platform existing@openstack (available: True): OK!
2019-07-24 09:22:53.642 22705 RALLYDEBUG rally_openstack.contexts.keystone.users [-] Creating 1 tenants using 20 threads
2019-07-24 09:22:55.276 22705 RALLYDEBUG rally_openstack.contexts.keystone.users [-] Creating 1 users using 20 threads
2019-07-24 09:22:57.834 22705 INFO rally.task.context [-] Task f6c83288-f3c9-489d-9e8d-932b1b4ea919 | Context users@openstack setup() finished in 4.19 sec
2019-07-24 09:23:03.918 22705 INFO rally.task.context [-] Task f6c83288-f3c9-489d-9e8d-932b1b4ea919 | Context users@openstack cleanup() started
2019-07-24 09:23:08.496 22705 INFO rally.task.context [-] Task f6c83288-f3c9-489d-9e8d-932b1b4ea919 | Context users@openstack cleanup() finished in 4.58 sec
2019-07-24 09:23:08.497 22705 INFO rally.task.engine [-] Task f6c83288-f3c9-489d-9e8d-932b1b4ea919 | Completed: Task validation of semantic.
2019-07-24 09:23:08.497 22705 INFO rally.task.engine [-] Task f6c83288-f3c9-489d-9e8d-932b1b4ea919 | Completed: Task validation.
2019-07-24 09:23:08.497 22705 INFO rally.api [-] Task f6c83288-f3c9-489d-9e8d-932b1b4ea919 input file is valid.
2019-07-24 09:23:08.498 22705 INFO rally.api [-] Run Task f6c83288-f3c9-489d-9e8d-932b1b4ea919 against Deployment 849ff4b5-51c3-4cc4-936d-c9ff2f941044
2019-07-24 09:23:08.498 22705 INFO rally.task.engine [-] Task f6c83288-f3c9-489d-9e8d-932b1b4ea919 | Starting: Running task.
2019-07-24 09:23:08.638 22705 INFO rally.task.engine [-] Running workload: position = 0 config = { "version": 2, "title": "A cropped version of a bigger task.", "description": "Auto-generated task from a single workload (uuid=7fc891c4-7439-47f2-a0a0-eb490ab0e181)", "subtasks": [ { "title": "NeutronNetworks.create_and_list_networks", "description": "Check performance of list_networks action and ensure > network quotas are not exceeded", "scenario": { "NeutronNetworks.create_and_list_networks": {} }, "contexts": { "users": { "tenants": 1, "users_per_tenant": 1 }, "quotas": { "neutron": { "network": 119 } } }, "runner": { "constant": { "times": 100, "concurrency": 20 } }, "hooks": [], "sla": { "max_avg_duration_per_atomic": { "neutron.list_networks": 15 }, "failure_rate": { "max": 0 } } } ] }
2019-07-24 09:23:08.655 22705 RALLYDEBUG rally_openstack.contexts.keystone.users [-] Creating 1 tenants using 20 threads
2019-07-24 09:23:10.282 22705 RALLYDEBUG rally_openstack.contexts.keystone.users [-] Creating 1 users using 20 threads
2019-07-24 09:23:12.868 22705 INFO rally.task.context [-] Task f6c83288-f3c9-489d-9e8d-932b1b4ea919 | Context users@openstack setup() finished in 4.21 sec
2019-07-24 09:23:13.591 22705 INFO rally.task.context [-] Task f6c83288-f3c9-489d-9e8d-932b1b4ea919 | Context quotas@openstack setup() finished in 0.72 sec
2019-07-24 09:23:13.591 22705 INFO rally.task.context [-] Task f6c83288-f3c9-489d-9e8d-932b1b4ea919 | Context cleanup@openstack setup() finished in 0.03 msec
2019-07-24 09:23:13.598 22705 RALLYDEBUG rally.task.runner [-] Starting the constant runner (task UUID: f6c83288-f3c9-489d-9e8d-932b1b4ea919). timeout: 0 concurrency: 20 concurrency_per_worker: 1 times: 100 concurrency_overhead: 4 processes_to_start: 16 max_cpu_used: 16
2019-07-24 09:23:13.610 22829 RALLYDEBUG rally.task.runner [-] Starting a worker. concurrency: 2 args: {} times: 100 method_name: run timeout: 0 duration: None cls:
2019-07-24 09:23:13.613 22830 RALLYDEBUG rally.task.runner [-] Starting a worker. concurrency: 2 args: {} times: 100 method_name: run timeout: 0 duration: None cls:
2019-07-24 09:23:13.615 22829 INFO rally.task.runner [-] Task f6c83288-f3c9-489d-9e8d-932b1b4ea919 | ITER: 1 START
2019-07-24 09:23:13.616 22831 RALLYDEBUG rally.task.runner [-] Starting a worker. concurrency: 2 args: {} times: 100 method_name: run timeout: 0 duration: None cls:
2019-07-24 09:23:13.618 22832 RALLYDEBUG rally.task.runner [-] Starting a worker. concurrency: 2 args: {} times: 100 method_name: run timeout: 0 duration: None cls:
2019-07-24 09:23:13.621 22835 RALLYDEBUG rally.task.runner [-] Starting a worker. concurrency: 1 args: {} times: 100 method_name: run timeout: 0 duration: None cls:
2019-07-24 09:23:13.622 22829 INFO rally.task.runner [-] Task f6c83288-f3c9-489d-9e8d-932b1b4ea919 | ITER: 2 START
2019-07-24 09:23:13.622 22838 RALLYDEBUG rally.task.runner [-] Starting a worker. concurrency: 1 args: {} times: 100 method_name: run timeout: 0 duration: None cls:
2019-07-24 09:23:13.623 22830 INFO rally.task.runner [-] Task f6c83288-f3c9-489d-9e8d-932b1b4ea919 | ITER: 3 START
2019-07-24 09:23:13.625 22835 INFO rally.task.runner [-] Task f6c83288-f3c9-489d-9e8d-932b1b4ea919 | ITER: 8 START
2019-07-24 09:23:13.626 22831 INFO rally.task.runner [-] Task f6c83288-f3c9-489d-9e8d-932b1b4ea919 | ITER: 4 START
2019-07-24 09:23:13.626 22838 INFO rally.task.runner [-] Task f6c83288-f3c9-489d-9e8d-932b1b4ea919 | ITER: 10 START
2019-07-24 09:23:13.627 22843 RALLYDEBUG rally.task.runner [-] Starting a worker. concurrency: 1 args: {} times: 100 method_name: run timeout: 0 duration: None cls:
2019-07-24 09:23:13.627 22832 INFO rally.task.runner [-] Task f6c83288-f3c9-489d-9e8d-932b1b4ea919 | ITER: 6 START
2019-07-24 09:23:13.624 22830 INFO rally.task.runner [-] Task f6c83288-f3c9-489d-9e8d-932b1b4ea919 | ITER: 5 START
2019-07-24 09:23:13.631 22843 INFO rally.task.runner [-] Task f6c83288-f3c9-489d-9e8d-932b1b4ea919 | ITER: 11 START
2019-07-24 09:23:13.631 22850 RALLYDEBUG rally.task.runner [-] Starting a worker. concurrency: 1 args: {} times: 100 method_name: run timeout: 0 duration: None cls:
2019-07-24 09:23:13.633 22832 INFO rally.task.runner [-] Task f6c83288-f3c9-489d-9e8d-932b1b4ea919 | ITER: 9 START
2019-07-24 09:23:13.633 22853 RALLYDEBUG rally.task.runner [-] Starting a worker. concurrency: 1 args: {} times: 100 method_name: run timeout: 0 duration: None cls:
2019-07-24 09:23:13.626 22831 INFO rally.task.runner [-] Task f6c83288-f3c9-489d-9e8d-932b1b4ea919 | ITER: 7 START
2019-07-24 09:23:13.636 22856 RALLYDEBUG rally.task.runner [-] Starting a worker. concurrency: 1 args: {} times: 100 method_name: run timeout: 0 duration: None cls:
2019-07-24 09:23:13.638 22850 INFO rally.task.runner [-] Task f6c83288-f3c9-489d-9e8d-932b1b4ea919 | ITER: 12 START
2019-07-24 09:23:13.639 22853 INFO rally.task.runner [-] Task f6c83288-f3c9-489d-9e8d-932b1b4ea919 | ITER: 13 START
2019-07-24 09:23:13.641 22856 INFO rally.task.runner [-] Task f6c83288-f3c9-489d-9e8d-932b1b4ea919 | ITER: 14 START
2019-07-24 09:23:13.646 22857 RALLYDEBUG rally.task.runner [-] Starting a worker. concurrency: 1 args: {} times: 100 method_name: run timeout: 0 duration: None cls:
2019-07-24 09:23:13.648 22864 RALLYDEBUG rally.task.runner [-] Starting a worker. concurrency: 1 args: {} times: 100 method_name: run timeout: 0 duration: None cls:
2019-07-24 09:23:13.653 22857 INFO rally.task.runner [-] Task f6c83288-f3c9-489d-9e8d-932b1b4ea919 | ITER: 15 START
2019-07-24 09:23:13.654 22864 INFO rally.task.runner [-] Task f6c83288-f3c9-489d-9e8d-932b1b4ea919 | ITER: 16 START
2019-07-24 09:23:13.654 22865 RALLYDEBUG rally.task.runner [-] Starting a worker. concurrency: 1 args: {} times: 100 method_name: run timeout: 0 duration: None cls:
2019-07-24 09:23:13.658 22870 RALLYDEBUG rally.task.runner [-] Starting a worker. concurrency: 1 args: {} times: 100 method_name: run timeout: 0 duration: None cls:
2019-07-24 09:23:13.661 22865 INFO rally.task.runner [-] Task f6c83288-f3c9-489d-9e8d-932b1b4ea919 | ITER: 17 START
2019-07-24 09:23:13.664 22870 INFO rally.task.runner [-] Task f6c83288-f3c9-489d-9e8d-932b1b4ea919 | ITER: 18 START
2019-07-24 09:23:13.665 22872 RALLYDEBUG rally.task.runner [-] Starting a worker. concurrency: 1 args: {} times: 100 method_name: run timeout: 0 duration: None cls:
2019-07-24 09:23:13.668 22876 RALLYDEBUG rally.task.runner [-] Starting a worker. concurrency: 1 args: {} times: 100 method_name: run timeout: 0 duration: None cls:
2019-07-24 09:23:13.670 22872 INFO rally.task.runner [-] Task f6c83288-f3c9-489d-9e8d-932b1b4ea919 | ITER: 19 START
2019-07-24 09:23:13.671 22876 INFO rally.task.runner [-] Task f6c83288-f3c9-489d-9e8d-932b1b4ea919 | ITER: 20 START
2019-07-24 09:23:15.125 22830 INFO rally.task.runner [-] Task f6c83288-f3c9-489d-9e8d-932b1b4ea919 | ITER: 5 END: OK
2019-07-24 09:23:15.126 22856 INFO rally.task.runner [-] Task f6c83288-f3c9-489d-9e8d-932b1b4ea919 | ITER: 14 END: OK
2019-07-24 09:23:15.129 22830 INFO rally.task.runner [-] Task f6c83288-f3c9-489d-9e8d-932b1b4ea919 | ITER: 21 START
2019-07-24 09:23:15.130 22856 INFO rally.task.runner [-] Task f6c83288-f3c9-489d-9e8d-932b1b4ea919 | ITER: 22 START
2019-07-24 09:23:15.149 22835 INFO rally.task.runner [-] Task f6c83288-f3c9-489d-9e8d-932b1b4ea919 | ITER: 8 END: OK
2019-07-24 09:23:15.152 22835 INFO rally.task.runner [-] Task f6c83288-f3c9-489d-9e8d-932b1b4ea919 | ITER: 23 START
2019-07-24 09:23:15.582 22829 INFO rally.task.runner [-] Task f6c83288-f3c9-489d-9e8d-932b1b4ea919 | ITER: 1 END: OK
2019-07-24 09:23:15.586 22829 INFO rally.task.runner [-] Task f6c83288-f3c9-489d-9e8d-932b1b4ea919 | ITER: 24 START
2019-07-24 09:23:15.708 22857 INFO rally.task.runner [-] Task f6c83288-f3c9-489d-9e8d-932b1b4ea919 | ITER: 15 END: OK
2019-07-24 09:23:15.711 22857 INFO rally.task.runner [-] Task f6c83288-f3c9-489d-9e8d-932b1b4ea919 | ITER: 25 START
2019-07-24 09:23:15.994 22843 INFO rally.task.runner [-] Task f6c83288-f3c9-489d-9e8d-932b1b4ea919 | ITER: 11 END: OK
2019-07-24 09:23:15.997 22843 INFO rally.task.runner [-] Task f6c83288-f3c9-489d-9e8d-932b1b4ea919 | ITER: 26 START
2019-07-24 09:23:16.165 22853 INFO rally.task.runner [-] Task f6c83288-f3c9-489d-9e8d-932b1b4ea919 | ITER: 13 END: OK
2019-07-24 09:23:16.169 22853 INFO rally.task.runner [-] Task f6c83288-f3c9-489d-9e8d-932b1b4ea919 | ITER: 27 START
2019-07-24 09:23:16.235 22829 INFO rally.task.runner [-] Task f6c83288-f3c9-489d-9e8d-932b1b4ea919 | ITER: 2 END: OK
2019-07-24 09:23:16.238 22829 INFO rally.task.runner [-] Task f6c83288-f3c9-489d-9e8d-932b1b4ea919 | ITER: 28 START
2019-07-24 09:23:16.304 22850 INFO rally.task.runner [-] Task f6c83288-f3c9-489d-9e8d-932b1b4ea919 | ITER: 12 END: OK
2019-07-24 09:23:16.308 22850 INFO rally.task.runner [-] Task f6c83288-f3c9-489d-9e8d-932b1b4ea919 | ITER: 29 START
2019-07-24 09:23:16.524 22831 INFO rally.task.runner [-] Task f6c83288-f3c9-489d-9e8d-932b1b4ea919 | ITER: 4 END: OK
2019-07-24 09:23:16.528 22831 INFO rally.task.runner [-] Task f6c83288-f3c9-489d-9e8d-932b1b4ea919 | ITER: 30 START
2019-07-24 09:23:16.689 22831 INFO rally.task.runner [-] Task f6c83288-f3c9-489d-9e8d-932b1b4ea919 | ITER: 7 END: OK
2019-07-24 09:23:16.692 22831 INFO rally.task.runner [-] Task f6c83288-f3c9-489d-9e8d-932b1b4ea919 | ITER: 31 START
2019-07-24 09:23:16.763 22838 INFO rally.task.runner [-] Task f6c83288-f3c9-489d-9e8d-932b1b4ea919 | ITER: 10 END: OK
2019-07-24 09:23:16.767 22838 INFO rally.task.runner [-] Task f6c83288-f3c9-489d-9e8d-932b1b4ea919 | ITER: 32 START
2019-07-24 09:23:16.936 22830 INFO rally.task.runner [-] Task f6c83288-f3c9-489d-9e8d-932b1b4ea919 | ITER: 3 END: OK
2019-07-24 09:23:16.940 22830 INFO rally.task.runner [-] Task f6c83288-f3c9-489d-9e8d-932b1b4ea919 | ITER: 33 START
2019-07-24 09:23:17.649 22832 INFO rally.task.runner [-] Task f6c83288-f3c9-489d-9e8d-932b1b4ea919 | ITER: 6 END: OK
2019-07-24 09:23:17.654 22832 INFO rally.task.runner [-] Task f6c83288-f3c9-489d-9e8d-932b1b4ea919 | ITER: 34 START
2019-07-24 09:23:17.657 22872 INFO rally.task.runner [-] Task f6c83288-f3c9-489d-9e8d-932b1b4ea919 | ITER: 19 END: OK
2019-07-24 09:23:17.661 22872 INFO rally.task.runner [-] Task f6c83288-f3c9-489d-9e8d-932b1b4ea919 | ITER: 35 START
2019-07-24 09:23:17.711 22864 INFO rally.task.runner [-] Task f6c83288-f3c9-489d-9e8d-932b1b4ea919 | ITER: 16 END: OK
2019-07-24 09:23:17.715 22864 INFO rally.task.runner [-] Task f6c83288-f3c9-489d-9e8d-932b1b4ea919 | ITER: 36 START
2019-07-24 09:23:17.822 22832 INFO rally.task.runner [-] Task f6c83288-f3c9-489d-9e8d-932b1b4ea919 | ITER: 9 END: OK
2019-07-24 09:23:17.825 22832 INFO rally.task.runner [-] Task f6c83288-f3c9-489d-9e8d-932b1b4ea919 | ITER: 37 START
2019-07-24 09:23:17.872 22876 INFO rally.task.runner [-] Task f6c83288-f3c9-489d-9e8d-932b1b4ea919 | ITER: 20 END: OK
2019-07-24 09:23:17.876 22876 INFO rally.task.runner [-] Task f6c83288-f3c9-489d-9e8d-932b1b4ea919 | ITER: 38 START
2019-07-24 09:23:17.954 22870 INFO rally.task.runner [-] Task f6c83288-f3c9-489d-9e8d-932b1b4ea919 | ITER: 18 END: OK
2019-07-24 09:23:17.958 22870 INFO rally.task.runner [-] Task f6c83288-f3c9-489d-9e8d-932b1b4ea919 | ITER: 39 START
2019-07-24 09:23:18.173 22865 INFO rally.task.runner [-] Task f6c83288-f3c9-489d-9e8d-932b1b4ea919 | ITER: 17 END: OK
2019-07-24 09:23:18.177 22865 INFO rally.task.runner [-] Task f6c83288-f3c9-489d-9e8d-932b1b4ea919 | ITER: 40 START
2019-07-24 09:23:18.357 22830 INFO rally.task.runner [-] Task f6c83288-f3c9-489d-9e8d-932b1b4ea919 | ITER: 21 END: OK
2019-07-24 09:23:18.361 22830 INFO rally.task.runner [-] Task f6c83288-f3c9-489d-9e8d-932b1b4ea919 | ITER: 41 START
2019-07-24 09:23:19.107 22853 INFO rally.task.runner [-] Task f6c83288-f3c9-489d-9e8d-932b1b4ea919 | ITER: 27 END: OK
2019-07-24 09:23:19.111 22838 INFO rally.task.runner [-] Task f6c83288-f3c9-489d-9e8d-932b1b4ea919 | ITER: 32 END: OK
2019-07-24 09:23:19.111 22853 INFO rally.task.runner [-] Task f6c83288-f3c9-489d-9e8d-932b1b4ea919 | ITER: 42 START
2019-07-24 09:23:19.112 22856 INFO rally.task.runner [-] Task f6c83288-f3c9-489d-9e8d-932b1b4ea919 | ITER: 22 END: OK
2019-07-24 09:23:19.115 22838 INFO rally.task.runner [-] Task f6c83288-f3c9-489d-9e8d-932b1b4ea919 | ITER: 43 START
2019-07-24 09:23:19.115 22856 INFO rally.task.runner [-] Task f6c83288-f3c9-489d-9e8d-932b1b4ea919 | ITER: 44 START
2019-07-24 09:23:19.121 22850 INFO rally.task.runner [-] Task f6c83288-f3c9-489d-9e8d-932b1b4ea919 | ITER: 29 END: OK
2019-07-24 09:23:19.125 22850 INFO rally.task.runner [-] Task f6c83288-f3c9-489d-9e8d-932b1b4ea919 | ITER: 45 START
2019-07-24 09:23:19.430 22843 INFO rally.task.runner [-] Task f6c83288-f3c9-489d-9e8d-932b1b4ea919 | ITER: 26 END: OK
2019-07-24 09:23:19.433 22843 INFO rally.task.runner [-] Task f6c83288-f3c9-489d-9e8d-932b1b4ea919 | ITER: 46 START
2019-07-24 09:23:19.575 22829 INFO rally.task.runner [-] Task f6c83288-f3c9-489d-9e8d-932b1b4ea919 | ITER: 24 END: OK
2019-07-24 09:23:19.578 22829 INFO rally.task.runner [-] Task f6c83288-f3c9-489d-9e8d-932b1b4ea919 | ITER: 47 START
2019-07-24 09:23:19.652 22829 INFO rally.task.runner [-] Task f6c83288-f3c9-489d-9e8d-932b1b4ea919 | ITER: 28 END: OK
2019-07-24 09:23:19.655 22829 INFO rally.task.runner [-] Task f6c83288-f3c9-489d-9e8d-932b1b4ea919 | ITER: 48 START
2019-07-24 09:23:20.059 22831 INFO rally.task.runner [-] Task f6c83288-f3c9-489d-9e8d-932b1b4ea919 | ITER: 31 END: OK
2019-07-24 09:23:20.063 22831 INFO rally.task.runner [-] Task f6c83288-f3c9-489d-9e8d-932b1b4ea919 | ITER: 49 START
2019-07-24 09:23:20.126 22832 INFO rally.task.runner [-] Task f6c83288-f3c9-489d-9e8d-932b1b4ea919 | ITER: 37 END: OK
2019-07-24 09:23:20.129 22832 INFO rally.task.runner [-] Task f6c83288-f3c9-489d-9e8d-932b1b4ea919 | ITER: 50 START
2019-07-24 09:23:20.311 22865 INFO rally.task.runner [-] Task f6c83288-f3c9-489d-9e8d-932b1b4ea919 | ITER: 40 END: OK
2019-07-24 09:23:20.314 22865 INFO rally.task.runner [-] Task f6c83288-f3c9-489d-9e8d-932b1b4ea919 | ITER: 51 START
2019-07-24 09:23:20.316 22830 INFO rally.task.runner [-] Task f6c83288-f3c9-489d-9e8d-932b1b4ea919 | ITER: 33 END: OK
2019-07-24 09:23:20.319 22830 INFO rally.task.runner [-] Task f6c83288-f3c9-489d-9e8d-932b1b4ea919 | ITER: 52 START
2019-07-24 09:23:20.363 22876 INFO rally.task.runner [-] Task f6c83288-f3c9-489d-9e8d-932b1b4ea919 | ITER: 38 END: OK
2019-07-24 09:23:20.366 22876 INFO rally.task.runner [-] Task f6c83288-f3c9-489d-9e8d-932b1b4ea919 | ITER: 53 START
2019-07-24 09:23:20.575 22857 INFO rally.task.runner [-] Task f6c83288-f3c9-489d-9e8d-932b1b4ea919 | ITER: 25 END: OK
2019-07-24 09:23:20.579 22857 INFO rally.task.runner [-] Task f6c83288-f3c9-489d-9e8d-932b1b4ea919 | ITER: 54 START
2019-07-24 09:23:20.600 22864 INFO rally.task.runner [-] Task f6c83288-f3c9-489d-9e8d-932b1b4ea919 | ITER: 36 END: OK
2019-07-24 09:23:20.604 22864 INFO rally.task.runner [-] Task f6c83288-f3c9-489d-9e8d-932b1b4ea919 | ITER: 55 START
2019-07-24 09:23:20.607 22831 INFO rally.task.runner [-] Task f6c83288-f3c9-489d-9e8d-932b1b4ea919 | ITER: 30 END: OK
2019-07-24 09:23:20.610 22872 INFO rally.task.runner [-] Task f6c83288-f3c9-489d-9e8d-932b1b4ea919 | ITER: 35 END: OK
2019-07-24 09:23:20.610 22831 INFO rally.task.runner [-] Task f6c83288-f3c9-489d-9e8d-932b1b4ea919 | ITER: 56 START
2019-07-24 09:23:20.613 22872 INFO rally.task.runner [-] Task f6c83288-f3c9-489d-9e8d-932b1b4ea919 | ITER: 57 START
2019-07-24 09:23:20.634 22870 INFO rally.task.runner [-] Task f6c83288-f3c9-489d-9e8d-932b1b4ea919 | ITER: 39 END: OK
2019-07-24 09:23:20.637 22870 INFO rally.task.runner [-] Task f6c83288-f3c9-489d-9e8d-932b1b4ea919 | ITER: 58 START
2019-07-24 09:23:20.782 22835 INFO rally.task.runner [-] Task f6c83288-f3c9-489d-9e8d-932b1b4ea919 | ITER: 23 END: OK
2019-07-24 09:23:20.785 22835 INFO rally.task.runner [-] Task f6c83288-f3c9-489d-9e8d-932b1b4ea919 | ITER: 59 START
2019-07-24 09:23:20.883 22830 INFO rally.task.runner [-] Task f6c83288-f3c9-489d-9e8d-932b1b4ea919 | ITER: 41 END: OK
2019-07-24 09:23:20.886 22830 INFO rally.task.runner [-] Task f6c83288-f3c9-489d-9e8d-932b1b4ea919 | ITER: 60 START
2019-07-24 09:23:21.181 22832 INFO rally.task.runner [-] Task f6c83288-f3c9-489d-9e8d-932b1b4ea919 | ITER: 34 END: OK
2019-07-24 09:23:21.184 22832 INFO rally.task.runner [-] Task f6c83288-f3c9-489d-9e8d-932b1b4ea919 | ITER: 61 START
2019-07-24 09:23:21.295 22850 INFO rally.task.runner [-] Task f6c83288-f3c9-489d-9e8d-932b1b4ea919 | ITER: 45 END: OK
2019-07-24 09:23:21.298 22850 INFO rally.task.runner [-] Task f6c83288-f3c9-489d-9e8d-932b1b4ea919 | ITER: 62 START
2019-07-24 09:23:21.365 22856 INFO rally.task.runner [-] Task f6c83288-f3c9-489d-9e8d-932b1b4ea919 | ITER: 44 END: OK
2019-07-24 09:23:21.368 22856 INFO rally.task.runner [-] Task f6c83288-f3c9-489d-9e8d-932b1b4ea919 | ITER: 63 START
2019-07-24 09:23:21.523 22853 INFO rally.task.runner [-] Task f6c83288-f3c9-489d-9e8d-932b1b4ea919 | ITER: 42 END: OK
2019-07-24 09:23:21.527 22853 INFO rally.task.runner [-] Task f6c83288-f3c9-489d-9e8d-932b1b4ea919 | ITER: 64 START
2019-07-24 09:23:21.620 22838 INFO rally.task.runner [-] Task f6c83288-f3c9-489d-9e8d-932b1b4ea919 | ITER: 43 END: OK
2019-07-24 09:23:21.623 22838 INFO rally.task.runner [-] Task f6c83288-f3c9-489d-9e8d-932b1b4ea919 | ITER: 65 START
2019-07-24 09:23:21.774 22829 INFO rally.task.runner [-] Task f6c83288-f3c9-489d-9e8d-932b1b4ea919 | ITER: 47 END: OK
2019-07-24 09:23:21.777 22829 INFO rally.task.runner [-] Task f6c83288-f3c9-489d-9e8d-932b1b4ea919 | ITER: 66 START
2019-07-24 09:23:21.964 22829 INFO rally.task.runner [-] Task f6c83288-f3c9-489d-9e8d-932b1b4ea919 | ITER: 48 END: OK
2019-07-24 09:23:21.967 22829 INFO rally.task.runner [-] Task f6c83288-f3c9-489d-9e8d-932b1b4ea919 | ITER: 67 START
2019-07-24 09:23:22.146 22831 INFO rally.task.runner [-] Task f6c83288-f3c9-489d-9e8d-932b1b4ea919 | ITER: 49 END: OK
2019-07-24 09:23:22.149 22831 INFO rally.task.runner [-] Task f6c83288-f3c9-489d-9e8d-932b1b4ea919 | ITER: 68 START
2019-07-24 09:23:22.324 22865 INFO rally.task.runner [-] Task f6c83288-f3c9-489d-9e8d-932b1b4ea919 | ITER: 51 END: OK
2019-07-24 09:23:22.327 22865 INFO rally.task.runner [-] Task f6c83288-f3c9-489d-9e8d-932b1b4ea919 | ITER: 69 START
2019-07-24 09:23:22.508 22843 INFO rally.task.runner [-] Task f6c83288-f3c9-489d-9e8d-932b1b4ea919 | ITER: 46 END: OK
2019-07-24 09:23:22.511 22843 INFO rally.task.runner [-] Task f6c83288-f3c9-489d-9e8d-932b1b4ea919 | ITER: 70 START
2019-07-24 09:23:22.609 22830 INFO rally.task.runner [-] Task f6c83288-f3c9-489d-9e8d-932b1b4ea919 | ITER: 52 END: OK
2019-07-24 09:23:22.612 22830 INFO rally.task.runner [-] Task f6c83288-f3c9-489d-9e8d-932b1b4ea919 | ITER: 71 START
2019-07-24 09:23:23.000 22870 INFO rally.task.runner [-] Task f6c83288-f3c9-489d-9e8d-932b1b4ea919 | ITER: 58 END: OK
2019-07-24 09:23:23.003 22870 INFO rally.task.runner [-] Task f6c83288-f3c9-489d-9e8d-932b1b4ea919 | ITER: 72 START
2019-07-24 09:23:23.031 22835 INFO rally.task.runner [-] Task f6c83288-f3c9-489d-9e8d-932b1b4ea919 | ITER: 59 END: OK
2019-07-24 09:23:23.034 22835 INFO rally.task.runner [-] Task f6c83288-f3c9-489d-9e8d-932b1b4ea919 | ITER: 73 START
2019-07-24 09:23:23.044 22832 INFO rally.task.runner [-] Task f6c83288-f3c9-489d-9e8d-932b1b4ea919 | ITER: 61 END: OK
2019-07-24 09:23:23.046 22832 INFO rally.task.runner [-] Task f6c83288-f3c9-489d-9e8d-932b1b4ea919 | ITER: 74 START
2019-07-24 09:23:23.310 22876 INFO rally.task.runner [-] Task f6c83288-f3c9-489d-9e8d-932b1b4ea919 | ITER: 53 END: OK
2019-07-24 09:23:23.314 22876 INFO rally.task.runner [-] Task f6c83288-f3c9-489d-9e8d-932b1b4ea919 | ITER: 75 START
2019-07-24 09:23:23.428 22856 INFO rally.task.runner [-] Task f6c83288-f3c9-489d-9e8d-932b1b4ea919 | ITER: 63 END: OK
2019-07-24 09:23:23.431 22856 INFO rally.task.runner [-] Task f6c83288-f3c9-489d-9e8d-932b1b4ea919 | ITER: 76 START
2019-07-24 09:23:23.438 22853 INFO rally.task.runner [-] Task f6c83288-f3c9-489d-9e8d-932b1b4ea919 | ITER: 64 END: OK
2019-07-24 09:23:23.441 22853 INFO rally.task.runner [-] Task f6c83288-f3c9-489d-9e8d-932b1b4ea919 | ITER: 77 START
2019-07-24 09:23:23.455 22832 INFO rally.task.runner [-] Task f6c83288-f3c9-489d-9e8d-932b1b4ea919 | ITER: 50 END: OK
2019-07-24 09:23:23.458 22832 INFO rally.task.runner [-] Task f6c83288-f3c9-489d-9e8d-932b1b4ea919 | ITER: 78 START
2019-07-24 09:23:23.477 22829 INFO rally.task.runner [-] Task f6c83288-f3c9-489d-9e8d-932b1b4ea919 | ITER: 66 END: OK
2019-07-24 09:23:23.480 22829 INFO rally.task.runner [-] Task f6c83288-f3c9-489d-9e8d-932b1b4ea919 | ITER: 79 START
2019-07-24 09:23:23.550 22829 INFO rally.task.runner [-] Task f6c83288-f3c9-489d-9e8d-932b1b4ea919 | ITER: 67 END: OK
2019-07-24 09:23:23.553 22829 INFO rally.task.runner [-] Task f6c83288-f3c9-489d-9e8d-932b1b4ea919 | ITER: 80 START
2019-07-24 09:23:23.618 22864 INFO rally.task.runner [-] Task f6c83288-f3c9-489d-9e8d-932b1b4ea919 | ITER: 55 END: OK
2019-07-24 09:23:23.621 22864 INFO rally.task.runner [-] Task f6c83288-f3c9-489d-9e8d-932b1b4ea919 | ITER: 81 START
2019-07-24 09:23:23.706 22831 INFO rally.task.runner [-] Task f6c83288-f3c9-489d-9e8d-932b1b4ea919 | ITER: 56 END: OK
2019-07-24 09:23:23.709 22831 INFO rally.task.runner [-] Task f6c83288-f3c9-489d-9e8d-932b1b4ea919 | ITER: 82 START
2019-07-24 09:23:23.725 22857 INFO rally.task.runner [-] Task f6c83288-f3c9-489d-9e8d-932b1b4ea919 | ITER: 54 END: OK
2019-07-24 09:23:23.728 22857 INFO rally.task.runner [-] Task f6c83288-f3c9-489d-9e8d-932b1b4ea919 | ITER: 83 START
2019-07-24 09:23:24.314 22850 INFO rally.task.runner [-] Task f6c83288-f3c9-489d-9e8d-932b1b4ea919 | ITER: 62 END: OK
2019-07-24 09:23:24.315 22838 INFO rally.task.runner [-] Task f6c83288-f3c9-489d-9e8d-932b1b4ea919 | ITER: 65 END: OK
2019-07-24 09:23:24.317 22850 INFO rally.task.runner [-] Task f6c83288-f3c9-489d-9e8d-932b1b4ea919 | ITER: 84 START
2019-07-24 09:23:24.318 22838 INFO rally.task.runner [-] Task f6c83288-f3c9-489d-9e8d-932b1b4ea919 | ITER: 85 START
2019-07-24 09:23:24.356 22830 INFO rally.task.runner [-] Task f6c83288-f3c9-489d-9e8d-932b1b4ea919 | ITER: 71 END: OK
2019-07-24 09:23:24.359 22830 INFO rally.task.runner [-] Task f6c83288-f3c9-489d-9e8d-932b1b4ea919 | ITER: 86 START
2019-07-24 09:23:24.519 22830 INFO rally.task.runner [-] Task f6c83288-f3c9-489d-9e8d-932b1b4ea919 | ITER: 60 END: OK
2019-07-24 09:23:24.522 22830 INFO rally.task.runner [-] Task f6c83288-f3c9-489d-9e8d-932b1b4ea919 | ITER: 87 START
2019-07-24 09:23:24.739 22872 INFO rally.task.runner [-] Task f6c83288-f3c9-489d-9e8d-932b1b4ea919 | ITER: 57 END: OK
2019-07-24 09:23:24.742 22872 INFO rally.task.runner [-] Task f6c83288-f3c9-489d-9e8d-932b1b4ea919 | ITER: 88 START
2019-07-24 09:23:24.961 22865 INFO rally.task.runner [-] Task f6c83288-f3c9-489d-9e8d-932b1b4ea919 | ITER: 69 END: OK
2019-07-24 09:23:24.964 22865 INFO rally.task.runner [-] Task f6c83288-f3c9-489d-9e8d-932b1b4ea919 | ITER: 89 START
2019-07-24 09:23:25.044 22843 INFO rally.task.runner [-] Task f6c83288-f3c9-489d-9e8d-932b1b4ea919 | ITER: 70 END: OK
2019-07-24 09:23:25.047 22843 INFO rally.task.runner [-] Task f6c83288-f3c9-489d-9e8d-932b1b4ea919 | ITER: 90 START
2019-07-24 09:23:25.091 22831 INFO rally.task.runner [-] Task f6c83288-f3c9-489d-9e8d-932b1b4ea919 | ITER: 68 END: OK
2019-07-24 09:23:25.094 22831 INFO rally.task.runner [-] Task f6c83288-f3c9-489d-9e8d-932b1b4ea919 | ITER: 91 START
2019-07-24 09:23:25.761 22831 INFO rally.task.runner [-] Task f6c83288-f3c9-489d-9e8d-932b1b4ea919 | ITER: 82 END: OK
2019-07-24 09:23:25.764 22831 INFO rally.task.runner [-] Task f6c83288-f3c9-489d-9e8d-932b1b4ea919 | ITER: 92 START
2019-07-24 09:23:25.840 22835 INFO rally.task.runner [-] Task f6c83288-f3c9-489d-9e8d-932b1b4ea919 | ITER: 73 END: OK
2019-07-24 09:23:25.843 22835 INFO rally.task.runner [-] Task f6c83288-f3c9-489d-9e8d-932b1b4ea919 | ITER: 93 START
2019-07-24 09:23:25.910 22832 INFO rally.task.runner [-] Task f6c83288-f3c9-489d-9e8d-932b1b4ea919 | ITER: 78 END: OK
2019-07-24 09:23:25.913 22832 INFO rally.task.runner [-] Task f6c83288-f3c9-489d-9e8d-932b1b4ea919 | ITER: 94 START
2019-07-24 09:23:25.977 22856 INFO rally.task.runner [-] Task f6c83288-f3c9-489d-9e8d-932b1b4ea919 | ITER: 76 END: OK
2019-07-24 09:23:25.980 22856 INFO rally.task.runner [-] Task f6c83288-f3c9-489d-9e8d-932b1b4ea919 | ITER: 95 START
2019-07-24 09:23:26.089 22832 INFO rally.task.runner [-] Task f6c83288-f3c9-489d-9e8d-932b1b4ea919 | ITER: 74 END: OK
2019-07-24 09:23:26.091 22832 INFO rally.task.runner [-] Task f6c83288-f3c9-489d-9e8d-932b1b4ea919 | ITER: 96 START
2019-07-24 09:23:26.153 22876 INFO rally.task.runner [-] Task f6c83288-f3c9-489d-9e8d-932b1b4ea919 | ITER: 75 END: OK
2019-07-24 09:23:26.155 22876 INFO rally.task.runner [-] Task f6c83288-f3c9-489d-9e8d-932b1b4ea919 | ITER: 97 START
2019-07-24 09:23:26.218 22830 INFO rally.task.runner [-] Task f6c83288-f3c9-489d-9e8d-932b1b4ea919 | ITER: 86 END: OK
2019-07-24 09:23:26.221 22830 INFO rally.task.runner [-] Task f6c83288-f3c9-489d-9e8d-932b1b4ea919 | ITER: 98 START
2019-07-24 09:23:26.259 22838 INFO rally.task.runner [-] Task f6c83288-f3c9-489d-9e8d-932b1b4ea919 | ITER: 85 END: OK
2019-07-24 09:23:26.261 22838 INFO rally.task.runner [-] Task f6c83288-f3c9-489d-9e8d-932b1b4ea919 | ITER: 99 START
2019-07-24 09:23:26.279 22870 INFO rally.task.runner [-] Task f6c83288-f3c9-489d-9e8d-932b1b4ea919 | ITER: 72 END: OK
2019-07-24 09:23:26.281 22870 INFO rally.task.runner [-] Task f6c83288-f3c9-489d-9e8d-932b1b4ea919 | ITER: 100 START
2019-07-24 09:23:26.600 22829 INFO rally.task.runner [-] Task f6c83288-f3c9-489d-9e8d-932b1b4ea919 | ITER: 80 END: OK
2019-07-24 09:23:26.733 22850 INFO rally.task.runner [-] Task f6c83288-f3c9-489d-9e8d-932b1b4ea919 | ITER: 84 END: OK
2019-07-24 09:23:26.776 22830 INFO rally.task.runner [-] Task f6c83288-f3c9-489d-9e8d-932b1b4ea919 | ITER: 87 END: OK
2019-07-24 09:23:27.119 22864 INFO rally.task.runner [-] Task f6c83288-f3c9-489d-9e8d-932b1b4ea919 | ITER: 81 END: OK
2019-07-24 09:23:27.121 22857 INFO rally.task.runner [-] Task f6c83288-f3c9-489d-9e8d-932b1b4ea919 | ITER: 83 END: OK
2019-07-24 09:23:27.133 22865 INFO rally.task.runner [-] Task f6c83288-f3c9-489d-9e8d-932b1b4ea919 | ITER: 89 END: OK
2019-07-24 09:23:27.297 22853 INFO rally.task.runner [-] Task f6c83288-f3c9-489d-9e8d-932b1b4ea919 | ITER: 77 END: OK
2019-07-24 09:23:27.308 22872 INFO rally.task.runner [-] Task f6c83288-f3c9-489d-9e8d-932b1b4ea919 | ITER: 88 END: OK
2019-07-24 09:23:27.399 22829 INFO rally.task.runner [-] Task f6c83288-f3c9-489d-9e8d-932b1b4ea919 | ITER: 79 END: OK
2019-07-24 09:23:27.405 22831 INFO rally.task.runner [-] Task f6c83288-f3c9-489d-9e8d-932b1b4ea919 | ITER: 91 END: OK
2019-07-24 09:23:27.497 22843 INFO rally.task.runner [-] Task f6c83288-f3c9-489d-9e8d-932b1b4ea919 | ITER: 90 END: OK
2019-07-24 09:23:28.111 22870 INFO rally.task.runner [-] Task f6c83288-f3c9-489d-9e8d-932b1b4ea919 | ITER: 100 END: OK
2019-07-24 09:23:28.112 22838 INFO rally.task.runner [-] Task f6c83288-f3c9-489d-9e8d-932b1b4ea919 | ITER: 99 END: OK
2019-07-24 09:23:28.112 22830 INFO rally.task.runner [-] Task f6c83288-f3c9-489d-9e8d-932b1b4ea919 | ITER: 98 END: OK
2019-07-24 09:23:28.276 22831 INFO rally.task.runner [-] Task f6c83288-f3c9-489d-9e8d-932b1b4ea919 | ITER: 92 END: OK
2019-07-24 09:23:28.464 22832 INFO rally.task.runner [-] Task f6c83288-f3c9-489d-9e8d-932b1b4ea919 | ITER: 94 END: OK
2019-07-24 09:23:28.517 22856 INFO rally.task.runner [-] Task f6c83288-f3c9-489d-9e8d-932b1b4ea919 | ITER: 95 END: OK
2019-07-24 09:23:28.793 22832 INFO rally.task.runner [-] Task f6c83288-f3c9-489d-9e8d-932b1b4ea919 | ITER: 96 END: OK
2019-07-24 09:23:28.907 22835 INFO rally.task.runner [-] Task f6c83288-f3c9-489d-9e8d-932b1b4ea919 | ITER: 93 END: OK
2019-07-24 09:23:29.336 22876 INFO rally.task.runner [-] Task f6c83288-f3c9-489d-9e8d-932b1b4ea919 | ITER: 97 END: OK
2019-07-24 09:23:29.362 22705 INFO rally.task.context [-] Task f6c83288-f3c9-489d-9e8d-932b1b4ea919 | Context cleanup@openstack cleanup() started
2019-07-24 09:23:29.364 22705 RALLYDEBUG rally_openstack.cleanup.manager [-] Cleaning up neutron vip objects
2019-07-24 09:23:30.011 22705 RALLYDEBUG rally_openstack.cleanup.manager [-] Cleaning up neutron health_monitor objects
2019-07-24 09:23:30.621 22705 RALLYDEBUG rally_openstack.cleanup.manager [-] Cleaning up neutron pool objects
2019-07-24 09:23:31.248 22705 RALLYDEBUG rally_openstack.cleanup.manager [-] Cleaning up neutron loadbalancer objects
2019-07-24 09:23:31.874 22705 RALLYDEBUG rally_openstack.cleanup.manager [-] Cleaning up neutron floatingip objects
2019-07-24 09:23:32.892 22705 RALLYDEBUG rally_openstack.cleanup.manager [-] Cleaning up neutron port objects
2019-07-24 09:23:33.544 22705 RALLYDEBUG rally_openstack.cleanup.manager [-] Cleaning up neutron subnet objects
2019-07-24 09:23:34.198 22705 RALLYDEBUG rally_openstack.cleanup.manager [-] Cleaning up neutron network objects
2019-07-24 09:23:35.129 22705 RALLYDEBUG rally_openstack.cleanup.manager [-] Deleting neutron.network object s_rally_7fc891c4_xpeqsz1T (0df018f0-39c9-421d-9c8e-894c38773af9)
2019-07-24 09:23:35.131 22705 RALLYDEBUG rally_openstack.cleanup.manager [-] Deleting neutron.network object s_rally_7fc891c4_653EuiqP (2a39648b-1d31-471a-bfd0-17600af5c30b)
2019-07-24 09:23:35.134 22705 RALLYDEBUG rally_openstack.cleanup.manager [-] Deleting neutron.network object s_rally_7fc891c4_0MVsrvly (1dae0209-4f7e-45e3-b923-807b858095f9)
2019-07-24 09:23:35.138 22705 RALLYDEBUG rally_openstack.cleanup.manager [-] Deleting neutron.network object s_rally_7fc891c4_cbylHlJD (029e5d5a-7148-4e7e-90d9-4ffe978171dd)
2019-07-24 09:23:35.140 22705 RALLYDEBUG rally_openstack.cleanup.manager [-] Deleting neutron.network object s_rally_7fc891c4_Ld3jDpnw (10a6deac-95fc-4e6b-b560-e16527773422)
2019-07-24 09:23:35.142 22705 RALLYDEBUG rally_openstack.cleanup.manager [-] Deleting neutron.network object s_rally_7fc891c4_5DCsKDgi (10aa4535-c44d-4a03-a48e-99fb06d58b0d)
2019-07-24 09:23:35.143 22705 RALLYDEBUG rally_openstack.cleanup.manager [-] Deleting neutron.network object s_rally_7fc891c4_LKawX5td (16047fc7-212b-4e62-ac69-5cf67a2a24e5)
2019-07-24 09:23:35.144 22705 RALLYDEBUG rally_openstack.cleanup.manager [-] Deleting neutron.network object s_rally_7fc891c4_hg9xYIhq (16f6c99f-4286-49a1-b993-126c6bd14d6b)
2019-07-24 09:23:35.144 22705 RALLYDEBUG rally_openstack.cleanup.manager [-] Deleting neutron.network object s_rally_7fc891c4_D5MLHF7X (0a1d82a7-5ab2-4c83-b817-f02e4507a5c2)
2019-07-24 09:23:35.145 22705 RALLYDEBUG rally_openstack.cleanup.manager [-] Deleting neutron.network object s_rally_7fc891c4_b9hH0HsW (1749669f-e15b-43a6-8c67-518fb6d32c40)
2019-07-24 09:23:35.147 22705 RALLYDEBUG rally_openstack.cleanup.manager [-] Deleting neutron.network object s_rally_7fc891c4_8EnPnxzH (0094168a-6d8b-4326-86e6-b143be1d0c17)
2019-07-24 09:23:35.152 22705 RALLYDEBUG rally_openstack.cleanup.manager [-] Deleting neutron.network object s_rally_7fc891c4_h8JbPGpq (03c2b2ee-b016-4865-83b0-8c9d9adfde38)
2019-07-24 09:23:35.158 22705 RALLYDEBUG rally_openstack.cleanup.manager [-] Deleting neutron.network object s_rally_7fc891c4_amjjomfA (1920af07-ec0b-4dbf-a158-0e44912d1350)
2019-07-24 09:23:35.159 22705 RALLYDEBUG rally_openstack.cleanup.manager [-] Deleting neutron.network object s_rally_7fc891c4_ZjaFRsjI (1bfd7ac0-a1a1-4fd4-b68e-e7943230e888)
2019-07-24 09:23:35.165 22705 RALLYDEBUG rally_openstack.cleanup.manager [-] Deleting neutron.network object s_rally_7fc891c4_Nwkd5EJr (33c6f910-c403-42c5-acd9-68bba3e14a31)
2019-07-24 09:23:35.170 22705 RALLYDEBUG rally_openstack.cleanup.manager [-] Deleting neutron.network object s_rally_7fc891c4_hPl9bzQ7 (347731ec-317e-445e-af1a-3f26caed04a7)
2019-07-24 09:23:35.179 22705 RALLYDEBUG rally_openstack.cleanup.manager [-] Deleting neutron.network object s_rally_7fc891c4_Y1KoHJkK (343952c0-cc46-4ba6-af25-8442d66b0f4a)
2019-07-24 09:23:35.179 22705 RALLYDEBUG rally_openstack.cleanup.manager [-] Deleting neutron.network object s_rally_7fc891c4_1AqMtj7t (09b681f1-e410-4863-a290-e55baafecabe)
2019-07-24 09:23:35.180 22705 RALLYDEBUG rally_openstack.cleanup.manager [-] Deleting neutron.network object s_rally_7fc891c4_elYOmmdc (05e10ee4-8f48-42a7-bc5f-93341332dae5)
2019-07-24 09:23:35.199 22705 RALLYDEBUG rally_openstack.cleanup.manager [-] Deleting neutron.network object s_rally_7fc891c4_Qm6FecZG (3667b6fc-5265-4bca-82cc-37f537d4e755)
2019-07-24 09:23:38.695 22705 RALLYDEBUG rally_openstack.cleanup.manager [-] Deleting neutron.network object s_rally_7fc891c4_df2iPHUl (3764f9d7-cac0-4fd0-8de7-7f27eb894493)
2019-07-24 09:23:38.755 22705 RALLYDEBUG rally_openstack.cleanup.manager [-] Deleting neutron.network object s_rally_7fc891c4_NmlsKDYm (3944dc51-5ce7-42fc-95aa-fecb5c480c72)
2019-07-24 09:23:38.858 22705 RALLYDEBUG rally_openstack.cleanup.manager [-] Deleting neutron.network object s_rally_7fc891c4_UU63KuQD (39d75552-4a15-43df-9877-4e8b95df6606)
2019-07-24 09:23:38.898 22705 RALLYDEBUG rally_openstack.cleanup.manager [-] Deleting neutron.network object s_rally_7fc891c4_s4aL5Uee (3b97a474-d28f-425a-992d-af934f9ef612)
2019-07-24 09:23:38.924 22705 RALLYDEBUG rally_openstack.cleanup.manager [-] Deleting neutron.network object s_rally_7fc891c4_mjk0TRS3 (3dd42ee8-7001-4731-bb4e-f61c98c536dc)
2019-07-24 09:23:40.009 22705 RALLYDEBUG rally_openstack.cleanup.manager [-] Deleting neutron.network object s_rally_7fc891c4_rLL7EP6p (4287b4ae-c71a-4c64-ab66-ff05669188ae)
2019-07-24 09:23:40.044 22705 RALLYDEBUG rally_openstack.cleanup.manager [-] Deleting neutron.network object s_rally_7fc891c4_wPcQFcJc (442ddd52-c7d5-4e3c-8ba7-8e50bfc14ff1)
2019-07-24 09:23:40.102 22705 RALLYDEBUG rally_openstack.cleanup.manager [-] Deleting neutron.network object s_rally_7fc891c4_zA8f6aiC (45c11e4b-e695-4023-908b-bed6871d1ba8)
2019-07-24 09:23:40.239 22705 RALLYDEBUG rally_openstack.cleanup.manager [-] Deleting neutron.network object s_rally_7fc891c4_vB0kRHgW (46c18e86-80e5-4989-a1c6-b707916ad368)
2019-07-24 09:23:40.252 22705 RALLYDEBUG rally_openstack.cleanup.manager [-] Deleting neutron.network object s_rally_7fc891c4_vGK7Fgbm (48bc3e2f-1311-44e5-a9aa-21f874e412f3)
2019-07-24 09:23:40.354 22705 RALLYDEBUG rally_openstack.cleanup.manager [-] Deleting neutron.network object s_rally_7fc891c4_aoDbZ0cG (4934c310-a1cf-4738-b5b7-3be7e1c370a6)
2019-07-24 09:23:40.391 22705 RALLYDEBUG rally_openstack.cleanup.manager [-] Deleting neutron.network object s_rally_7fc891c4_1mBYKgji (4c1f121e-8a0b-45a0-b7c8-d1b43246253e)
2019-07-24 09:23:40.413 22705 RALLYDEBUG rally_openstack.cleanup.manager [-] Deleting neutron.network object s_rally_7fc891c4_ltoyLXfj (5524b5a2-bfd6-4614-9b19-23e9b257574d)
2019-07-24 09:23:40.462 22705 RALLYDEBUG rally_openstack.cleanup.manager [-] Deleting neutron.network object s_rally_7fc891c4_DKejsUMo (58523af1-d16d-4a72-a64a-67fbd33eacfa)
2019-07-24 09:23:40.513 22705 RALLYDEBUG rally_openstack.cleanup.manager [-] Deleting neutron.network object s_rally_7fc891c4_3YrII7Wh (5babf356-756b-4eab-a29f-1e42f493ace0)
2019-07-24 09:23:40.541 22705 RALLYDEBUG rally_openstack.cleanup.manager [-] Deleting neutron.network object s_rally_7fc891c4_eKS66hmB (5c00f56a-22c2-4762-a0a2-42b20cce8a22)
2019-07-24 09:23:40.625 22705 RALLYDEBUG rally_openstack.cleanup.manager [-] Deleting neutron.network object s_rally_7fc891c4_X5YFsIID (60d9c24f-20a0-4284-a57b-4eab482e7ae4)
2019-07-24 09:23:40.625 22705 RALLYDEBUG rally_openstack.cleanup.manager [-] Deleting neutron.network object s_rally_7fc891c4_fzCep1LT (5f6d281b-afdc-4ab4-98db-e5635cef94a8)
2019-07-24 09:23:40.851 22705 RALLYDEBUG rally_openstack.cleanup.manager [-] Deleting neutron.network object s_rally_7fc891c4_exuAS7RW (6906b9fe-4d76-433a-956e-f063d9ee86ed)
2019-07-24 09:23:40.873 22705 RALLYDEBUG rally_openstack.cleanup.manager [-] Deleting neutron.network object s_rally_7fc891c4_EzIlKUD1 (6ae0d1ba-bd29-4533-b5f9-67401b95094c)
2019-07-24 09:23:41.037 22705 RALLYDEBUG rally_openstack.cleanup.manager [-] Deleting neutron.network object s_rally_7fc891c4_HFYv7m1e (6c75b5e3-503d-41d4-aae2-561988d9aa73)
2019-07-24 09:23:41.509 22705 RALLYDEBUG rally_openstack.cleanup.manager [-] Deleting neutron.network object s_rally_7fc891c4_FYB02JwM (6dc38b2c-8694-44e1-9ca8-4b891f8649a8)
2019-07-24 09:23:41.714 22705 RALLYDEBUG rally_openstack.cleanup.manager [-] Deleting neutron.network object s_rally_7fc891c4_my0JiYiQ (72a5c444-c40c-4330-b995-423a05b57344)
2019-07-24 09:23:42.635 22705 RALLYDEBUG rally_openstack.cleanup.manager [-] Deleting neutron.network object s_rally_7fc891c4_KgRSMgQs (73e47736-f671-4846-8331-e2957d269524)
2019-07-24 09:23:42.641 22705 RALLYDEBUG rally_openstack.cleanup.manager [-] Deleting neutron.network object s_rally_7fc891c4_Fc0eVOfW (747c4b7c-10d6-4634-b2b4-ba49335b0f9d)
2019-07-24 09:23:43.139 22705 RALLYDEBUG rally_openstack.cleanup.manager [-] Deleting neutron.network object s_rally_7fc891c4_3WfHTygS (775a6f52-df45-4425-95fd-6bd3b28749d1)
2019-07-24 09:23:43.717 22705 RALLYDEBUG rally_openstack.cleanup.manager [-] Deleting neutron.network object s_rally_7fc891c4_O1cUfrVa (7bc9fc09-c3ec-479d-be69-209b8ba2e4cf)
2019-07-24 09:23:43.738 22705 RALLYDEBUG rally_openstack.cleanup.manager [-] Deleting neutron.network object s_rally_7fc891c4_MQ46V41I (7f85189d-1e5c-41e0-8bdd-7a9f024c58bf)
2019-07-24 09:23:44.295 22705 RALLYDEBUG rally_openstack.cleanup.manager [-] Deleting neutron.network object s_rally_7fc891c4_dA8OmLOo (814af4dd-87aa-4cd4-a59a-b81e63abc4c5)
2019-07-24 09:23:44.487 22705 RALLYDEBUG rally_openstack.cleanup.manager [-] Deleting neutron.network object s_rally_7fc891c4_VD9Ut3fz (82484a94-a2d2-4606-82f6-217d6917608a)
2019-07-24 09:23:44.819 22705 RALLYDEBUG rally_openstack.cleanup.manager [-] Deleting neutron.network object s_rally_7fc891c4_dqXMgbgE (8291c703-b383-4547-91b3-d3b2228e98e3)
2019-07-24 09:23:45.046 22705 RALLYDEBUG rally_openstack.cleanup.manager [-] Deleting neutron.network object s_rally_7fc891c4_S1VfRnrk (83ddc2a9-9339-4931-8ef4-20c119fef294)
2019-07-24 09:23:45.099 22705 RALLYDEBUG rally_openstack.cleanup.manager [-] Deleting neutron.network object s_rally_7fc891c4_bMrCP5fc (8589eee6-02c3-4b13-bb00-a63d9c5209d9)
2019-07-24 09:23:45.139 22705 RALLYDEBUG rally_openstack.cleanup.manager [-] Deleting neutron.network object s_rally_7fc891c4_tiDRAAFq (8bdce65b-3f7d-4197-9504-95e2cf5fe6f9)
2019-07-24 09:23:45.222 22705 RALLYDEBUG rally_openstack.cleanup.manager [-] Deleting neutron.network object s_rally_7fc891c4_9cu4Qsga (8f5911a5-27fd-499d-bf16-57316300f1f0)
2019-07-24 09:23:45.559 22705 RALLYDEBUG rally_openstack.cleanup.manager [-] Deleting neutron.network object s_rally_7fc891c4_co07HbE5 (901519ef-92ec-4886-b519-b5da25731d25)
2019-07-24 09:23:45.744 22705 RALLYDEBUG rally_openstack.cleanup.manager [-] Deleting neutron.network object s_rally_7fc891c4_gmogZV0n (9110d48f-85f1-402d-8f69-976a7af9572f)
2019-07-24 09:23:46.288 22705 RALLYDEBUG rally_openstack.cleanup.manager [-] Deleting neutron.network object s_rally_7fc891c4_zhk5xhZ8 (915681eb-af62-4526-ad57-3b345247d954)
2019-07-24 09:23:46.311 22705 RALLYDEBUG rally_openstack.cleanup.manager [-] Deleting neutron.network object s_rally_7fc891c4_kCwehKay (960f7ceb-1495-4e13-bc4f-653de8d47a1e)
2019-07-24 09:23:46.324 22705 RALLYDEBUG rally_openstack.cleanup.manager [-] Deleting neutron.network object s_rally_7fc891c4_g32VxKVc (9815d9ee-2c22-46c2-8640-47280a573bf0)
2019-07-24 09:23:46.326 22705 RALLYDEBUG rally_openstack.cleanup.manager [-] Deleting neutron.network object s_rally_7fc891c4_DdU7LRYg (964feb87-12c0-4eda-89a1-f3ca24ad4daa)
2019-07-24 09:23:46.336 22705 RALLYDEBUG rally_openstack.cleanup.manager [-] Deleting neutron.network object s_rally_7fc891c4_LB8LF2nz (99a72e0e-3804-412b-a488-b2be386dfce9)
2019-07-24 09:23:46.470 22705 RALLYDEBUG rally_openstack.cleanup.manager [-] Deleting neutron.network object s_rally_7fc891c4_3DBZ9var (9db7d813-31ff-450d-b42e-e0262b4bb866)
2019-07-24 09:23:46.914 22705 RALLYDEBUG rally_openstack.cleanup.manager [-] Deleting neutron.network object s_rally_7fc891c4_vwshU1FJ (9e513800-85ae-477f-8c12-4c66257bf1db)
2019-07-24 09:23:46.951 22705 RALLYDEBUG rally_openstack.cleanup.manager [-] Deleting neutron.network object s_rally_7fc891c4_aJTJfvAr (a8cb47a8-b3e4-46ee-8cf9-2056dbfb3e41)
2019-07-24 09:23:47.071 22705 RALLYDEBUG rally_openstack.cleanup.manager [-] Deleting neutron.network object s_rally_7fc891c4_KJVQf05x (a8e25509-85f1-44e9-a129-3de0d0482be7)
2019-07-24 09:23:47.075 22705 RALLYDEBUG rally_openstack.cleanup.manager [-] Deleting neutron.network object s_rally_7fc891c4_5Ua6pI0G (ad9298ee-30d3-41fe-9c4d-b248e120608c)
2019-07-24 09:23:47.084 22705 RALLYDEBUG rally_openstack.cleanup.manager [-] Deleting neutron.network object s_rally_7fc891c4_BjTcRauO (af62703d-0f77-4cc8-95cb-43e07340c9b6)
2019-07-24 09:23:47.131 22705 RALLYDEBUG rally_openstack.cleanup.manager [-] Deleting neutron.network object s_rally_7fc891c4_06aiuUQ5 (b1980c0d-d64d-4a2c-b242-7a9e6ac8e398)
2019-07-24 09:23:47.136 22705 RALLYDEBUG rally_openstack.cleanup.manager [-] Deleting neutron.network object s_rally_7fc891c4_Y9Pu1eSz (b270d406-872d-411d-81cc-8b938bb13674)
2019-07-24 09:23:47.736 22705 RALLYDEBUG rally_openstack.cleanup.manager [-] Deleting neutron.network object s_rally_7fc891c4_94TYY3gj (b43f1f3d-daa8-462c-aa81-deb991bc4f0b)
2019-07-24 09:23:48.066 22705 RALLYDEBUG rally_openstack.cleanup.manager [-] Deleting neutron.network object s_rally_7fc891c4_pkpbNOrN (b46769e6-03c6-43cb-b8d3-7723c6316f8d)
2019-07-24 09:23:48.080 22705 RALLYDEBUG rally_openstack.cleanup.manager [-] Deleting neutron.network object s_rally_7fc891c4_SpfkUZIT (b53de0d9-b1c7-4e90-8a64-fc4e3e38bee7)
2019-07-24 09:23:48.108 22705 RALLYDEBUG rally_openstack.cleanup.manager [-] Deleting neutron.network object s_rally_7fc891c4_doEZJBRY (b9063d3b-557c-4c64-99da-8bf06f75aa53)
2019-07-24 09:23:48.426 22705 RALLYDEBUG rally_openstack.cleanup.manager [-] Deleting neutron.network object s_rally_7fc891c4_1hYepPZN (bbad99b6-2296-4ae7-bd6d-eaed2271fe5b)
2019-07-24 09:23:48.725 22705 RALLYDEBUG rally_openstack.cleanup.manager [-] Deleting neutron.network object s_rally_7fc891c4_G9AzBwak (be167f49-5542-4df8-b11b-446c39f6cf30)
2019-07-24 09:23:48.733 22705 RALLYDEBUG rally_openstack.cleanup.manager [-] Deleting neutron.network object s_rally_7fc891c4_xmpRZUDC (bfd69f4e-59a1-4f3f-a4b7-3550ac9796ea)
2019-07-24 09:23:49.425 22705 RALLYDEBUG rally_openstack.cleanup.manager [-] Deleting neutron.network object s_rally_7fc891c4_pCp8jRDi (c32f2939-ca2e-4f15-aa8b-3f9d783bcaa8)
2019-07-24 09:23:49.546 22705 RALLYDEBUG rally_openstack.cleanup.manager [-] Deleting neutron.network object s_rally_7fc891c4_fqjJErQT (c78a7582-396d-4d39-96dc-5ce24493a90d)
2019-07-24 09:23:50.014 22705 RALLYDEBUG rally_openstack.cleanup.manager [-] Deleting neutron.network object s_rally_7fc891c4_Zc9ribFh (cb64cb2c-017c-4837-a2bc-606311d5bbf9)
2019-07-24 09:23:50.098 22705 RALLYDEBUG rally_openstack.cleanup.manager [-] Deleting neutron.network object s_rally_7fc891c4_P0gh4ro9 (d57b968e-36bc-4d87-bf56-7dc44157cbed)
2019-07-24 09:23:50.187 22705 RALLYDEBUG rally_openstack.cleanup.manager [-] Deleting neutron.network object s_rally_7fc891c4_4iknJllM (d63eb104-5e19-4add-8c4f-b793b040ccfa)
2019-07-24 09:23:50.232 22705 RALLYDEBUG rally_openstack.cleanup.manager [-] Deleting neutron.network object s_rally_7fc891c4_2OQoJyxP (dc563693-ed54-4943-bb3b-36cea5944032)
2019-07-24 09:23:50.254 22705 RALLYDEBUG rally_openstack.cleanup.manager [-] Deleting neutron.network object s_rally_7fc891c4_Bg7ik3ay (de4fc881-1cd9-4546-8e82-b7b82f87c290)
2019-07-24 09:23:50.313 22705 RALLYDEBUG rally_openstack.cleanup.manager [-] Deleting neutron.network object s_rally_7fc891c4_niV82rNu (e078bff4-c979-4fa2-adc2-8b0e43f66d57)
2019-07-24 09:23:50.705 22705 RALLYDEBUG rally_openstack.cleanup.manager [-] Deleting neutron.network object s_rally_7fc891c4_fUGbE7zU (e21c7e78-66d6-489d-856a-d4102515b2eb)
2019-07-24 09:23:50.812 22705 RALLYDEBUG rally_openstack.cleanup.manager [-] Deleting neutron.network object s_rally_7fc891c4_IYGMGRl7 (e263f1ef-7fb6-4f39-afc5-b8f3b6e2bb51)
2019-07-24 09:23:50.816 22705 RALLYDEBUG rally_openstack.cleanup.manager [-] Deleting neutron.network object s_rally_7fc891c4_OOUY8WuM (e2de6f92-6eb0-43b2-a487-d8cc475455c3)
2019-07-24 09:23:50.838 22705 RALLYDEBUG rally_openstack.cleanup.manager [-] Deleting neutron.network object s_rally_7fc891c4_aZf8jwMi (e43ad6c1-6640-4a05-96ac-e333e955090e)
2019-07-24 09:23:50.863 22705 RALLYDEBUG rally_openstack.cleanup.manager [-] Deleting neutron.network object s_rally_7fc891c4_js112nzK (e626c7f1-4447-468c-b7a4-2d383aa112ac)
2019-07-24 09:23:50.931 22705 RALLYDEBUG rally_openstack.cleanup.manager [-] Deleting neutron.network object s_rally_7fc891c4_pnLGoMBO (e75d38a1-3dc8-41f9-b635-f58816c03f2e)
2019-07-24 09:23:50.943 22705 RALLYDEBUG rally_openstack.cleanup.manager [-] Deleting neutron.network object s_rally_7fc891c4_BI2645lv (e9297013-f572-4b65-b864-89b2a092f08f)
2019-07-24 09:23:51.016 22705 RALLYDEBUG rally_openstack.cleanup.manager [-] Deleting neutron.network object s_rally_7fc891c4_OdoFaYhu (ee023281-3203-41df-b808-209168c09081)
2019-07-24 09:23:51.176 22705 RALLYDEBUG rally_openstack.cleanup.manager [-] Deleting neutron.network object s_rally_7fc891c4_ei1TzsoB (ee409a55-fdd4-4987-baad-f85ddfb31eac)
2019-07-24 09:23:52.832 22705 RALLYDEBUG rally_openstack.cleanup.manager [-] Deleting neutron.network object s_rally_7fc891c4_xvhmm3aC (ef47117f-b8cb-4ca5-9bd6-0eb6944c0c22)
2019-07-24 09:23:52.996 22705 RALLYDEBUG rally_openstack.cleanup.manager [-] Deleting neutron.network object s_rally_7fc891c4_FwTQvtri (f0b22b90-bf00-4aff-a592-823f3fc98e1f)
