2019-07-24 09:43:04.603 22705 RALLYDEBUG rally_openstack.cleanup.manager [-] Deleting neutron.port object s_rally_e146eeb2_m5bMy3NM (55e5974e-8ca0-4f01-9ff7-dadc946e5f89)
2019-07-24 09:43:04.643 22705 RALLYDEBUG rally_openstack.cleanup.manager [-] Deleting neutron.port object s_rally_e146eeb2_aMO1pgMx (56763aef-515f-4e70-9b67-71ccf88eeb4f)
2019-07-24 09:43:04.832 22705 RALLYDEBUG rally_openstack.cleanup.manager [-] Deleting neutron.port object s_rally_e146eeb2_jfjHc2Qv (56fe6094-605b-4549-8d1f-5c62e6a64e81)
2019-07-24 09:43:05.342 22705 RALLYDEBUG rally_openstack.cleanup.manager [-] Deleting neutron.port object s_rally_e146eeb2_2nxhInJR (594a5146-1a6e-4521-8b77-28f129ee7a57)
2019-07-24 09:43:05.342 22705 RALLYDEBUG rally_openstack.cleanup.manager [-] Deleting neutron.port object s_rally_e146eeb2_IeqMRtg5 (592c3abe-c998-4bd3-8d99-349cbc13c2cd)
2019-07-24 09:43:05.377 22705 RALLYDEBUG rally_openstack.cleanup.manager [-] Deleting neutron.port object s_rally_e146eeb2_W67nHE6p (5d7d0ed5-2cf3-43a8-895a-7b89f6e5576b)
2019-07-24 09:43:05.388 22705 RALLYDEBUG rally_openstack.cleanup.manager [-] Deleting neutron.port object s_rally_e146eeb2_vZF0up68 (602f1cd9-5185-49ed-9c8e-6f48386b57bc)
2019-07-24 09:43:05.814 22705 RALLYDEBUG rally_openstack.cleanup.manager [-] Deleting neutron.port object s_rally_e146eeb2_goULVWN2 (6068a05a-5b42-478e-8363-18beaaa45ea6)
2019-07-24 09:43:05.829 22705 RALLYDEBUG rally_openstack.cleanup.manager [-] Deleting neutron.port object s_rally_e146eeb2_nUZxdE4n (614ad62c-3a7d-4b19-875c-72fd3500fcd4)
2019-07-24 09:43:05.960 22705 RALLYDEBUG rally_openstack.cleanup.manager [-] Deleting neutron.port object s_rally_e146eeb2_VaCyY5hN (6360596d-cf61-475d-a738-062a5f9bc88a)
2019-07-24 09:43:06.093 22705 RALLYDEBUG rally_openstack.cleanup.manager [-] Deleting neutron.port object s_rally_e146eeb2_hiVAU00C (643299bd-11a7-4ec1-bb2d-c07e85c26cb8)
2019-07-24 09:43:06.358 22705 RALLYDEBUG rally_openstack.cleanup.manager [-] Deleting neutron.port object s_rally_e146eeb2_HWJNRZrA (6483d528-a9e7-48d3-969e-5ed997a23729)
2019-07-24 09:43:06.618 22705 RALLYDEBUG rally_openstack.cleanup.manager [-] Deleting neutron.port object s_rally_e146eeb2_zM4hu2kO (64af45ab-43a4-44f3-bb6c-ed0a55e79ed2)
2019-07-24 09:43:06.862 22705 RALLYDEBUG rally_openstack.cleanup.manager [-] Deleting neutron.port object s_rally_e146eeb2_xGftgBhI (64b21277-d7d6-45c0-a399-eb7b8beed683)
2019-07-24 09:43:06.966 22705 RALLYDEBUG rally_openstack.cleanup.manager [-] Deleting neutron.port object s_rally_e146eeb2_3mhplpMo (653c4008-7a4f-4506-afef-eac11c16c943)
2019-07-24 09:43:06.970 22705 RALLYDEBUG rally_openstack.cleanup.manager [-] Deleting neutron.port object s_rally_e146eeb2_5uFcqX6n (67abe29c-11d4-4ab0-970f-a8cdcb4aff89)
2019-07-24 09:43:07.025 22705 RALLYDEBUG rally_openstack.cleanup.manager [-] Deleting neutron.port object s_rally_e146eeb2_nSmUwDhg (67bd2ad3-2129-4461-a9fa-04a70ab67ed5)
2019-07-24 09:43:07.270 22705 RALLYDEBUG rally_openstack.cleanup.manager [-] Deleting neutron.port object s_rally_e146eeb2_xQqH8FCa (69604a59-2063-446a-b663-46df9c1c5f9e)
2019-07-24 09:43:07.285 22705 RALLYDEBUG rally_openstack.cleanup.manager [-] Deleting neutron.port object s_rally_e146eeb2_qXjIMEBs (6965ae68-55e9-4ef6-99a2-49ee79858a8a)
2019-07-24 09:43:07.316 22705 RALLYDEBUG rally_openstack.cleanup.manager [-] Deleting neutron.port object s_rally_e146eeb2_JYNeFpPH (6c1b303e-638b-4cba-aca2-89aafebe0c3a)
2019-07-24 09:43:07.326 22705 RALLYDEBUG rally_openstack.cleanup.manager [-] Deleting neutron.port object s_rally_e146eeb2_sJZTri3C (70d646b2-c480-47a2-b247-404554596983)
2019-07-24 09:43:07.352 22705 RALLYDEBUG rally_openstack.cleanup.manager [-] Deleting neutron.port object s_rally_e146eeb2_STYAnQ4n (71d35216-be7d-4a0e-bd57-ef98c0a4c215)
2019-07-24 09:43:07.368 22705 RALLYDEBUG rally_openstack.cleanup.manager [-] Deleting neutron.port object s_rally_e146eeb2_kLYzmkYO (7268d0a6-4751-48b5-b870-ce71f0ae8bc7)
2019-07-24 09:43:07.715 22705 RALLYDEBUG rally_openstack.cleanup.manager [-] Deleting neutron.port object s_rally_e146eeb2_2kqY2O2A (73086ff5-1457-4b11-9f67-ab163caf9881)
2019-07-24 09:43:07.796 22705 RALLYDEBUG rally_openstack.cleanup.manager [-] Deleting neutron.port object s_rally_e146eeb2_6UQm1wKi (74cb228d-7151-4163-b66e-962b9986accc)
2019-07-24 09:43:08.048 22705 RALLYDEBUG rally_openstack.cleanup.manager [-] Deleting neutron.port object s_rally_e146eeb2_nbqHvl9D (75320d9e-6ac6-45aa-a45a-1f28fae86af8)
2019-07-24 09:43:08.203 22705 RALLYDEBUG rally_openstack.cleanup.manager [-] Deleting neutron.port object s_rally_e146eeb2_Tp4QKYrO (781c96df-3fe7-470b-b0d7-454f14c2e12b)
2019-07-24 09:43:08.396 22705 RALLYDEBUG rally_openstack.cleanup.manager [-] Deleting neutron.port object s_rally_e146eeb2_dAyH0z0x (7a24e8c1-4ad8-45bd-8949-80d02c753f0d)
2019-07-24 09:43:08.402 22705 RALLYDEBUG rally_openstack.cleanup.manager [-] Deleting neutron.port object s_rally_e146eeb2_hMN16Rcb (7bfdc02d-3f9f-4c0d-aeea-09e7210e2b30)
2019-07-24 09:43:08.580 22705 RALLYDEBUG rally_openstack.cleanup.manager [-] Deleting neutron.port object s_rally_e146eeb2_80DBXnXJ (7c83f6d2-cfc5-4325-ad2d-a94b251c2d49)
2019-07-24 09:43:08.794 22705 RALLYDEBUG rally_openstack.cleanup.manager [-] Deleting neutron.port object s_rally_e146eeb2_iTqlR7BL (7f591766-58cb-4326-8f3c-fac39d61557d)
2019-07-24 09:43:08.954 22705 RALLYDEBUG rally_openstack.cleanup.manager [-] Deleting neutron.port object s_rally_e146eeb2_z4wD8U0t (7f74ffcf-c4fe-4386-a106-cb6657d77522)
2019-07-24 09:43:09.793 22705 RALLYDEBUG rally_openstack.cleanup.manager [-] Deleting neutron.port object s_rally_e146eeb2_Bo6ZlwZP (8105718e-20b1-4a15-9a85-c484aed9d058)
2019-07-24 09:43:09.896 22705 RALLYDEBUG rally_openstack.cleanup.manager [-] Deleting neutron.port object s_rally_e146eeb2_LCsSlkg1 (81e8df2a-dd34-4799-b65d-0f598453ee69)
2019-07-24 09:43:10.096 22705 RALLYDEBUG rally_openstack.cleanup.manager [-] Deleting neutron.port object s_rally_e146eeb2_tGjnSNWF (83adaebe-df84-4023-bfc9-d77b48606a47)
2019-07-24 09:43:10.106 22705 RALLYDEBUG rally_openstack.cleanup.manager [-] Deleting neutron.port object s_rally_e146eeb2_nT0ujbv5 (84822141-496a-4039-b6d6-2991ce09c699)
2019-07-24 09:43:10.317 22705 RALLYDEBUG rally_openstack.cleanup.manager [-] Deleting neutron.port object s_rally_e146eeb2_BiLdPQYN (852c911b-d04d-44ec-997f-cd6140a361f6)
2019-07-24 09:43:10.620 22705 RALLYDEBUG rally_openstack.cleanup.manager [-] Deleting neutron.port object s_rally_e146eeb2_MRJsbxwZ (85375f21-d7c0-459b-8b1b-f3a483b92c87)
2019-07-24 09:43:10.627 22705 RALLYDEBUG rally_openstack.cleanup.manager [-] Deleting neutron.port object s_rally_e146eeb2_aWDbzz3S (858ef7ee-7451-4755-b7b0-c244699c5656)
2019-07-24 09:43:10.639 22705 RALLYDEBUG rally_openstack.cleanup.manager [-] Deleting neutron.port object s_rally_e146eeb2_xIBgABZe (85c6f2e7-cb5f-451f-8700-95976e8fc083)
2019-07-24 09:43:10.672 22705 RALLYDEBUG rally_openstack.cleanup.manager [-] Deleting neutron.port object s_rally_e146eeb2_KAhnuRCw (865d49b5-28eb-4afe-87eb-a7f30ff0e7ad)
2019-07-24 09:43:10.705 22705 RALLYDEBUG rally_openstack.cleanup.manager [-] Deleting neutron.port object s_rally_e146eeb2_Excz2DJI (871ca0d0-3cba-43ad-a3c8-8171e76c9236)
2019-07-24 09:43:10.711 22705 RALLYDEBUG rally_openstack.cleanup.manager [-] Deleting neutron.port object s_rally_e146eeb2_mo8G94EX (873c0b18-4cb9-46b6-9452-e8727e3a42aa)
2019-07-24 09:43:10.735 22705 RALLYDEBUG rally_openstack.cleanup.manager [-] Deleting neutron.port object s_rally_e146eeb2_mgVM1IWj (89706f21-04b5-494e-9af5-416aef48a2ac)
2019-07-24 09:43:10.750 22705 RALLYDEBUG rally_openstack.cleanup.manager [-] Deleting neutron.port object s_rally_e146eeb2_YUeXiW7v (8a2cfd6e-0fd4-4524-b13b-daff380de791)
2019-07-24 09:43:10.997 22705 RALLYDEBUG rally_openstack.cleanup.manager [-] Deleting neutron.port object s_rally_e146eeb2_Soxt8jSM (8b2f8c43-4cce-41c5-bd30-e184c4cf6f17)
2019-07-24 09:43:11.030 22705 RALLYDEBUG rally_openstack.cleanup.manager [-] Deleting neutron.port object s_rally_e146eeb2_FnunmCsx (8c1befde-125e-42e6-aa6d-0ed957d910dd)
2019-07-24 09:43:11.262 22705 RALLYDEBUG rally_openstack.cleanup.manager [-] Deleting neutron.port object s_rally_e146eeb2_GZivsaVA (8d270155-2628-4e35-9955-2d941adcd9ca)
2019-07-24 09:43:11.300 22705 RALLYDEBUG rally_openstack.cleanup.manager [-] Deleting neutron.port object s_rally_e146eeb2_47KsPLof (8eda8b1f-f68b-478f-805e-f99d8f454590)
2019-07-24 09:43:11.358 22705 RALLYDEBUG rally_openstack.cleanup.manager [-] Deleting neutron.port object s_rally_e146eeb2_dLbh4bO1 (93023d15-4e7b-4304-9dbb-10786d7a52af)
2019-07-24 09:43:11.420 22705 RALLYDEBUG rally_openstack.cleanup.manager [-] Deleting neutron.port object s_rally_e146eeb2_EZQpFNhq (938244e1-244d-401d-91ee-0adc4a4201e7)
2019-07-24 09:43:11.426 22705 RALLYDEBUG rally_openstack.cleanup.manager [-] Deleting neutron.port object s_rally_e146eeb2_8q5pCL9u (9453cab3-8161-4cd0-a27e-d1a0d28bfdd2)
2019-07-24 09:43:12.096 22705 RALLYDEBUG rally_openstack.cleanup.manager [-] Deleting neutron.port object s_rally_e146eeb2_sTaU2eY0 (948f6a54-0519-45e0-b8ae-88581fb1f2ed)
2019-07-24 09:43:12.141 22705 RALLYDEBUG rally_openstack.cleanup.manager [-] Deleting neutron.port object s_rally_e146eeb2_kZ3m5cuJ (95ddb830-5bf8-4b60-8a71-a40bd3e2f2dc)
2019-07-24 09:43:12.869 22705 RALLYDEBUG rally_openstack.cleanup.manager [-] Deleting neutron.port object s_rally_e146eeb2_YsTKXGlC (98264f06-aa44-4fbd-a6b7-0efeb6395d98)
2019-07-24 09:43:12.961 22705 RALLYDEBUG rally_openstack.cleanup.manager [-] Deleting neutron.port object s_rally_e146eeb2_cNrOGAiQ (98705490-2de4-47b6-8943-9b6b7d83d258)
2019-07-24 09:43:13.403 22705 RALLYDEBUG rally_openstack.cleanup.manager [-] Deleting neutron.port object s_rally_e146eeb2_QVC0Rp64 (994ea92d-01a4-42f2-b783-9b4b3941e728)
2019-07-24 09:43:13.644 22705 RALLYDEBUG rally_openstack.cleanup.manager [-] Deleting neutron.port object s_rally_e146eeb2_Nl0iSxHi (99d26b6d-e707-4582-ae6b-f61db52f3366)
2019-07-24 09:43:13.690 22705 RALLYDEBUG rally_openstack.cleanup.manager [-] Deleting neutron.port object s_rally_e146eeb2_uZtaaEaZ (9a8181ba-44fe-4293-90e6-e7b44389a464)
2019-07-24 09:43:13.845 22705 RALLYDEBUG rally_openstack.cleanup.manager [-] Deleting neutron.port object s_rally_e146eeb2_cjxQyrbn (9b73b27e-0b19-4b34-b553-927cce60e9ec)
2019-07-24 09:43:13.953 22705 RALLYDEBUG rally_openstack.cleanup.manager [-] Deleting neutron.port object s_rally_e146eeb2_V5KC7lAg (9ba5cafa-f895-4c72-b9ae-a18e7b123992)
2019-07-24 09:43:13.971 22705 RALLYDEBUG rally_openstack.cleanup.manager [-] Deleting neutron.port object s_rally_e146eeb2_SvFCdGVB (9bc539cc-35c1-424d-ba8a-3f0ad0f0d69f)
2019-07-24 09:43:14.036 22705 RALLYDEBUG rally_openstack.cleanup.manager [-] Deleting neutron.port object s_rally_e146eeb2_ZUvyR6mx (9bf61112-a318-45a9-85df-ab1ed423216b)
2019-07-24 09:43:14.181 22705 RALLYDEBUG rally_openstack.cleanup.manager [-] Deleting neutron.port object s_rally_e146eeb2_gzFicB1F (a22e4a49-edb2-44a9-9e11-82c4fef12c14)
2019-07-24 09:43:14.535 22705 RALLYDEBUG rally_openstack.cleanup.manager [-] Deleting neutron.port object s_rally_e146eeb2_chkQfI8n (a40fa9b9-21cf-4571-8c7a-1a8a23c1f28e)
2019-07-24 09:43:14.535 22705 RALLYDEBUG rally_openstack.cleanup.manager [-] Deleting neutron.port object s_rally_e146eeb2_h50brVNK (a51b7060-0415-4197-a3b1-5f1b99392f55)
2019-07-24 09:43:14.543 22705 RALLYDEBUG rally_openstack.cleanup.manager [-] Deleting neutron.port object s_rally_e146eeb2_ngzCrOOS (a493800c-b25c-4711-91bd-b8f8134125d9)
2019-07-24 09:43:14.607 22705 RALLYDEBUG rally_openstack.cleanup.manager [-] Deleting neutron.port object s_rally_e146eeb2_y70eBsGE (a5fdaeb8-484a-4537-bbf9-918fe1c51f62)
2019-07-24 09:43:14.699 22705 RALLYDEBUG rally_openstack.cleanup.manager [-] Deleting neutron.port object s_rally_e146eeb2_W0bycnyX (a8318905-96d1-4aaa-9120-252a4e4c525b)
2019-07-24 09:43:14.726 22705 RALLYDEBUG rally_openstack.cleanup.manager [-] Deleting neutron.port object s_rally_e146eeb2_qYSdyD3m (a92441ca-e0ec-48d6-9452-d0d5340796bd)
2019-07-24 09:43:14.842 22705 RALLYDEBUG rally_openstack.cleanup.manager [-] Deleting neutron.port object s_rally_e146eeb2_F4lnJjvn (a9d7be43-e78f-46f4-b1c7-642df0da3a7d)
2019-07-24 09:43:15.021 22705 RALLYDEBUG rally_openstack.cleanup.manager [-] Deleting neutron.port object s_rally_e146eeb2_NJxN0sOl (af864af8-14fd-4e08-bd3b-c583bc1efda7)
2019-07-24 09:43:15.026 22705 RALLYDEBUG rally_openstack.cleanup.manager [-] Deleting neutron.port object s_rally_e146eeb2_VYSZuKzc (acc6d9a3-35be-46c5-baaf-a76f86b520ea)
2019-07-24 09:43:15.027 22705 RALLYDEBUG rally_openstack.cleanup.manager [-] Deleting neutron.port object s_rally_e146eeb2_AVBrzw8L (b143ccce-a67b-428d-a28b-bf28c7fc8eac)
2019-07-24 09:43:15.057 22705 RALLYDEBUG rally_openstack.cleanup.manager [-] Deleting neutron.port object s_rally_e146eeb2_12hgLDbw (b44c3cc1-4bff-461f-a5fc-a3283f31226d)
2019-07-24 09:43:15.117 22705 RALLYDEBUG rally_openstack.cleanup.manager [-] Deleting neutron.port object s_rally_e146eeb2_ZOxQ47vV (b543abbb-a83d-4db7-8a26-bab55a03fce1)
2019-07-24 09:43:15.524 22705 RALLYDEBUG rally_openstack.cleanup.manager [-] Deleting neutron.port object s_rally_e146eeb2_PQaL3ZOe (b6195486-721b-43cb-b9b5-f641f805c3e6)
2019-07-24 09:43:15.825 22705 RALLYDEBUG rally_openstack.cleanup.manager [-] Deleting neutron.port object s_rally_e146eeb2_VF5p6hgI (b9106ee3-57e1-43eb-b0b2-b381d993c0cf)
2019-07-24 09:43:16.246 22705 RALLYDEBUG rally_openstack.cleanup.manager [-] Deleting neutron.port object s_rally_e146eeb2_RDW6cHvi (bac4a360-f4c7-47df-92db-b82105c28461)
2019-07-24 09:43:16.579 22705 RALLYDEBUG rally_openstack.cleanup.manager [-] Deleting neutron.port object s_rally_e146eeb2_LYQZLQBz (bc44137d-2f49-459c-af7a-2d5b2edc7c9a)
2019-07-24 09:43:16.732 22705 RALLYDEBUG rally_openstack.cleanup.manager [-] Deleting neutron.port object s_rally_e146eeb2_h1U11Y9y (be451581-59e7-462e-90cb-c80810f56699)
2019-07-24 09:43:16.782 22705 RALLYDEBUG rally_openstack.cleanup.manager [-] Deleting neutron.port object s_rally_e146eeb2_3wBNZCx2 (be68c228-b987-4bcc-80b5-724fd5a632db)
2019-07-24 09:43:17.303 22705 RALLYDEBUG rally_openstack.cleanup.manager [-] Deleting neutron.port object s_rally_e146eeb2_UB83z8r8 (c064a365-4ebf-47cd-9ea0-11bd8d478f4d)
2019-07-24 09:43:17.318 22705 RALLYDEBUG rally_openstack.cleanup.manager [-] Deleting neutron.port object s_rally_e146eeb2_VczPZjW4 (c1907979-0d7c-4d25-baa2-5579879396c9)
2019-07-24 09:43:17.332 22705 RALLYDEBUG rally_openstack.cleanup.manager [-] Deleting neutron.port object s_rally_e146eeb2_Ir4y2RNo (c1e6bacc-e831-4aa2-959a-2e00a7fcb7a2)
2019-07-24 09:43:17.455 22705 RALLYDEBUG rally_openstack.cleanup.manager [-] Deleting neutron.port object s_rally_e146eeb2_fFyA96Uw (c8268a48-fd8f-4510-9820-48bd88be71d1)
2019-07-24 09:43:17.601 22705 RALLYDEBUG rally_openstack.cleanup.manager [-] Deleting neutron.port object s_rally_e146eeb2_caAW1DD6 (ca78616d-173d-4281-a66d-ecc7ab0d2d1c)
2019-07-24 09:43:17.711 22705 RALLYDEBUG rally_openstack.cleanup.manager [-] Deleting neutron.port object s_rally_e146eeb2_gU7VcrO7 (ccdb9d91-d3ce-45ba-9cb4-5d7cf9deebc0)
2019-07-24 09:43:17.777 22705 RALLYDEBUG rally_openstack.cleanup.manager [-] Deleting neutron.port object s_rally_e146eeb2_PCb6w99q (ce7f5be7-f1ff-4328-b276-ad1ef65b8c6b)
2019-07-24 09:43:17.848 22705 RALLYDEBUG rally_openstack.cleanup.manager [-] Deleting neutron.port object s_rally_e146eeb2_yPzFfpdp (d0a5d0dd-6e96-41ac-9d81-2d02ac3da858)
2019-07-24 09:43:17.915 22705 RALLYDEBUG rally_openstack.cleanup.manager [-] Deleting neutron.port object s_rally_e146eeb2_odqH69n9 (d18ff086-3be0-4f76-85d0-7b8c75efd06d)
2019-07-24 09:43:18.029 22705 RALLYDEBUG rally_openstack.cleanup.manager [-] Deleting neutron.port object s_rally_e146eeb2_5ubtwXPa (d230e435-a8b1-4bea-ac0c-b4c777c62399)
2019-07-24 09:43:18.143 22705 RALLYDEBUG rally_openstack.cleanup.manager [-] Deleting neutron.port object s_rally_e146eeb2_a6krFCs1 (d2c40146-c3f4-4622-8d28-1e31f5156546)
2019-07-24 09:43:18.281 22705 RALLYDEBUG rally_openstack.cleanup.manager [-] Deleting neutron.port object s_rally_e146eeb2_s5XaZA93 (d85fa06b-bfc3-449c-aa66-c3472a018c54)
2019-07-24 09:43:18.289 22705 RALLYDEBUG rally_openstack.cleanup.manager [-] Deleting neutron.port object s_rally_e146eeb2_Iw1DZ1x1 (d8917019-475d-42c5-abb7-bc3aebbdaf8b)
2019-07-24 09:43:18.372 22705 RALLYDEBUG rally_openstack.cleanup.manager [-] Deleting neutron.port object s_rally_e146eeb2_MwCp3OJG (d8da0d64-f2ac-45a4-9243-3d803df4efab)
2019-07-24 09:43:18.494 22705 RALLYDEBUG rally_openstack.cleanup.manager [-] Deleting neutron.port object s_rally_e146eeb2_JIOqu5mp (d9aaae2c-5dfb-4429-b254-7342edf59f48)
2019-07-24 09:43:18.538 22705 RALLYDEBUG rally_openstack.cleanup.manager [-] Deleting neutron.port object s_rally_e146eeb2_QAPAwcAH (db955fa9-c100-4f12-9806-4a749371d29c)
2019-07-24 09:43:18.548 22705 RALLYDEBUG rally_openstack.cleanup.manager [-] Deleting neutron.port object s_rally_e146eeb2_MooOzGE1 (dbb5375a-1d4e-4cb1-a116-1cd30175b0fb)
2019-07-24 09:43:18.774 22705 RALLYDEBUG rally_openstack.cleanup.manager [-] Deleting neutron.port object s_rally_e146eeb2_y6xGLr2m (dc8ec0cc-0d0b-4283-9bf0-c278f7ca0a0e)
2019-07-24 09:43:19.122 22705 RALLYDEBUG rally_openstack.cleanup.manager [-] Deleting neutron.port object s_rally_e146eeb2_QorPsEL5 (de4b1b5d-c085-4ef0-a448-3d2b88d2e97e)
2019-07-24 09:43:19.531 22705 RALLYDEBUG rally_openstack.cleanup.manager [-] Deleting neutron.port object s_rally_e146eeb2_LgZmxEy5 (e0745d3f-00f3-40cb-90af-06e909516ae5)
2019-07-24 09:43:19.751 22705 RALLYDEBUG rally_openstack.cleanup.manager [-] Deleting neutron.port object s_rally_e146eeb2_YxCOzMAT (e0c53eb5-d2b6-4127-bef0-932b3162cdd5)
2019-07-24 09:43:19.997 22705 RALLYDEBUG rally_openstack.cleanup.manager [-] Deleting neutron.port object s_rally_e146eeb2_o2WplEvl (e3318c25-9343-4f2b-917c-ef747fb3662c)
2019-07-24 09:43:20.164 22705 RALLYDEBUG rally_openstack.cleanup.manager [-] Deleting neutron.port object s_rally_e146eeb2_1ACEgOVL (e38bf8fd-5438-4be0-8b99-d8a7394fdef8)
2019-07-24 09:43:20.183 22705 RALLYDEBUG rally_openstack.cleanup.manager [-] Deleting neutron.port object s_rally_e146eeb2_7r9OH1NE (e3aad67b-25bd-407e-9d20-bcd7820af250)
2019-07-24 09:43:20.394 22705 RALLYDEBUG rally_openstack.cleanup.manager [-] Deleting neutron.port object s_rally_e146eeb2_8RTwtLI2 (e3f8993e-c45a-45a2-a448-6897c323e37c)
2019-07-24 09:43:20.639 22705 RALLYDEBUG rally_openstack.cleanup.manager [-] Deleting neutron.port object s_rally_e146eeb2_V6r2UPl3 (e4485854-8ceb-44fa-9ede-5ddca0099b56)
2019-07-24 09:43:20.728 22705 RALLYDEBUG rally_openstack.cleanup.manager [-] Deleting neutron.port object s_rally_e146eeb2_1N8Txt5U (e518b2bd-7263-49b8-836f-e8c33c45f014)
2019-07-24 09:43:20.976 22705 RALLYDEBUG rally_openstack.cleanup.manager [-] Deleting neutron.port object s_rally_e146eeb2_YsYfqkIr (e5efd6de-45bd-42fd-a647-033fa09f5a45)
2019-07-24 09:43:21.394 22705 RALLYDEBUG rally_openstack.cleanup.manager [-] Deleting neutron.port object s_rally_e146eeb2_dgp6SPix (e6bfc464-a552-4a23-b9df-30052e4ee91c)
2019-07-24 09:43:21.850 22705 RALLYDEBUG rally_openstack.cleanup.manager [-] Deleting neutron.port object s_rally_e146eeb2_YmP0i4it (e6fa948e-c62d-4df5-8dd2-5a5fe2e1545e)
2019-07-24 09:43:21.886 22705 RALLYDEBUG rally_openstack.cleanup.manager [-] Deleting neutron.port object s_rally_e146eeb2_1WPJHL3h (e9ef4b64-ec48-45c6-a7ba-6c0b3ee568cd)
2019-07-24 09:43:21.968 22705 RALLYDEBUG rally_openstack.cleanup.manager [-] Deleting neutron.port object s_rally_e146eeb2_atFwRKzf (ea4e3ceb-95d8-43d6-a3ec-1b94007369a0)
2019-07-24 09:43:22.005 22705 RALLYDEBUG rally_openstack.cleanup.manager [-] Deleting neutron.port object s_rally_e146eeb2_7E8MUkdl (ec65a581-7e34-4984-a483-089f55a7499e)
2019-07-24 09:43:22.329 22705 RALLYDEBUG rally_openstack.cleanup.manager [-] Deleting neutron.port object s_rally_e146eeb2_MG5pIRBJ (ece36958-1b08-4579-bf17-d3ba825d8846)
2019-07-24 09:43:22.352 22705 RALLYDEBUG rally_openstack.cleanup.manager [-] Deleting neutron.port object s_rally_e146eeb2_qjeSkUGe (edb865e5-c04b-4646-9b48-3bb97dca6df2)
2019-07-24 09:43:22.383 22705 RALLYDEBUG rally_openstack.cleanup.manager [-] Deleting neutron.port object s_rally_e146eeb2_oF9o23vd (ef4f0966-1ac8-4d61-a0c2-44ce46f1fbfe)
2019-07-24 09:43:22.409 22705 RALLYDEBUG rally_openstack.cleanup.manager [-] Deleting neutron.port object s_rally_e146eeb2_mLF4QKyY (f005c6cb-68b1-45cc-a300-144f93402a35)
2019-07-24 09:43:22.421 22705 RALLYDEBUG rally_openstack.cleanup.manager [-] Deleting neutron.port object s_rally_e146eeb2_bqHzwkha (f1f6046a-f803-4b80-88f7-1ca40e0a0734)
2019-07-24 09:43:22.488 22705 RALLYDEBUG rally_openstack.cleanup.manager [-] Deleting neutron.port object s_rally_e146eeb2_CkRo1LOQ (f28761e8-c01e-44a3-bf0e-19d6121ea3a9)
2019-07-24 09:43:22.547 22705 RALLYDEBUG rally_openstack.cleanup.manager [-] Deleting neutron.port object s_rally_e146eeb2_vKndrz3K (f2d3387a-f75a-45df-bb9a-ea89a59439e4)
2019-07-24 09:43:22.884 22705 RALLYDEBUG rally_openstack.cleanup.manager [-] Deleting neutron.port object s_rally_e146eeb2_j8qp5nBn (f3613c55-3d57-49c4-8915-a1ae7d109b89)
2019-07-24 09:43:23.043 22705 RALLYDEBUG rally_openstack.cleanup.manager [-] Deleting neutron.port object s_rally_e146eeb2_d6a0y68S (f3abbab7-2530-481a-8e6b-733abb673d65)
2019-07-24 09:43:23.168 22705 RALLYDEBUG rally_openstack.cleanup.manager [-] Deleting neutron.port object s_rally_e146eeb2_2CUAiQwO (f4cc9220-5378-46ee-a0cf-d63f1c99610d)
2019-07-24 09:43:23.634 22705 RALLYDEBUG rally_openstack.cleanup.manager [-] Deleting neutron.port object s_rally_e146eeb2_DCGhc2UG (f56078d9-5845-4d5c-af29-089912c45203)
2019-07-24 09:43:23.648 22705 RALLYDEBUG rally_openstack.cleanup.manager [-] Deleting neutron.port object s_rally_e146eeb2_ToX23JuT (f7cc9488-415c-4ffe-a453-cce099bd3042)
2019-07-24 09:43:23.757 22705 RALLYDEBUG rally_openstack.cleanup.manager [-] Deleting neutron.port object s_rally_e146eeb2_gpT3eIbZ (fabf9555-6416-47c3-877a-ea2d084e3c34)
2019-07-24 09:43:23.889 22705 RALLYDEBUG rally_openstack.cleanup.manager [-] Deleting neutron.port object s_rally_e146eeb2_lKYR39Zy (fda13171-a6bf-4366-8149-2b4df070fe8f)
2019-07-24 09:43:23.978 22705 RALLYDEBUG rally_openstack.cleanup.manager [-] Deleting neutron.port object s_rally_e146eeb2_DUO69ZSr (ff35e0a4-80de-449f-958b-80aaea0bdab2)
2019-07-24 09:43:23.982 22705 RALLYDEBUG rally_openstack.cleanup.manager [-] Deleting neutron.port object s_rally_e146eeb2_F6Nnyq0q (ffa37db3-a8a0-4720-861c-5516f3cdc533)
2019-07-24 09:43:26.616 22705 RALLYDEBUG rally_openstack.cleanup.manager [-] Cleaning up neutron subnet objects
2019-07-24 09:43:27.274 22705 RALLYDEBUG rally_openstack.cleanup.manager [-] Cleaning up neutron network objects
2019-07-24 09:43:28.477 22705 RALLYDEBUG rally_openstack.cleanup.manager [-] Deleting neutron.network object s_rally_e146eeb2_etoIZ4Ca (014951e2-3bca-4c95-bdb5-44cabf255c24)
2019-07-24 09:43:28.481 22705 RALLYDEBUG rally_openstack.cleanup.manager [-] Deleting neutron.network object s_rally_e146eeb2_ZPZoUQnE (05a655c4-66b3-4016-9fd5-37cc503ce492)
2019-07-24 09:43:28.489 22705 RALLYDEBUG rally_openstack.cleanup.manager [-] Deleting neutron.network object s_rally_e146eeb2_HmnyihBt (05c4a301-3874-424c-b744-c086252099fd)
2019-07-24 09:43:28.494 22705 RALLYDEBUG rally_openstack.cleanup.manager [-] Deleting neutron.network object s_rally_e146eeb2_27APs4Md (067b328d-0500-4619-bcf5-22e9eb8d337c)
2019-07-24 09:43:28.506 22705 RALLYDEBUG rally_openstack.cleanup.manager [-] Deleting neutron.network object s_rally_e146eeb2_Im9YEXIo (0af4b463-f19e-4341-b299-85e8c0901f07)
2019-07-24 09:43:28.516 22705 RALLYDEBUG rally_openstack.cleanup.manager [-] Deleting neutron.network object s_rally_e146eeb2_7oIWenLL (11a52afa-4fb0-4506-9f4b-93629913fb44)
2019-07-24 09:43:28.529 22705 RALLYDEBUG rally_openstack.cleanup.manager [-] Deleting neutron.network object s_rally_e146eeb2_lb8D9UhS (17544dda-8de6-4786-ab35-1e79141065c5)
2019-07-24 09:43:28.540 22705 RALLYDEBUG rally_openstack.cleanup.manager [-] Deleting neutron.network object s_rally_e146eeb2_wvItiUAK (284851db-bd89-4008-aa97-3823f775d19f)
2019-07-24 09:43:28.552 22705 RALLYDEBUG rally_openstack.cleanup.manager [-] Deleting neutron.network object s_rally_e146eeb2_HJ2pHdSy (379b06ec-3ddd-4abf-8634-6dab18c77611)
2019-07-24 09:43:28.553 22705 RALLYDEBUG rally_openstack.cleanup.manager [-] Deleting neutron.network object s_rally_e146eeb2_pyR06Lol (390e090a-b6ae-4865-a0e0-04fe79b7afda)
2019-07-24 09:43:28.554 22705 RALLYDEBUG rally_openstack.cleanup.manager [-] Deleting neutron.network object s_rally_e146eeb2_LDn3n183 (1b444255-21eb-4c96-9255-d39029ee6810)
2019-07-24 09:43:28.576 22705 RALLYDEBUG rally_openstack.cleanup.manager [-] Deleting neutron.network object s_rally_e146eeb2_ooTMbPgP (5621c5ba-2f02-400e-9ae2-f5ee2df4b6fc)
2019-07-24 09:43:28.580 22705 RALLYDEBUG rally_openstack.cleanup.manager [-] Deleting neutron.network object s_rally_e146eeb2_Oyce25NX (4424e314-6fa8-4c67-952d-9e2f0fbdcd4f)
2019-07-24 09:43:28.602 22705 RALLYDEBUG rally_openstack.cleanup.manager [-] Deleting neutron.network object s_rally_e146eeb2_H45elgvK (63302753-7b29-46b3-8e74-f3ffee808fa7)
2019-07-24 09:43:28.609 22705 RALLYDEBUG rally_openstack.cleanup.manager [-] Deleting neutron.network object s_rally_e146eeb2_R23JXwwv (637a2dd3-4656-42f9-8059-e51b028a2de6)
2019-07-24 09:43:28.636 22705 RALLYDEBUG rally_openstack.cleanup.manager [-] Deleting neutron.network object s_rally_e146eeb2_Z2hs97Sy (6646c986-cf5f-417d-af5d-9abb3d40e356)
2019-07-24 09:43:28.638 22705 RALLYDEBUG rally_openstack.cleanup.manager [-] Deleting neutron.network object s_rally_e146eeb2_STiLicBr (6757874a-2631-43c0-9bea-9f72a35ac7f2)
2019-07-24 09:43:28.675 22705 RALLYDEBUG rally_openstack.cleanup.manager [-] Deleting neutron.network object s_rally_e146eeb2_ne8uetKX (6e3583cd-cb3e-40e7-8d1f-c7bf4c04f48e)
2019-07-24 09:43:28.676 22705 RALLYDEBUG rally_openstack.cleanup.manager [-] Deleting neutron.network object s_rally_e146eeb2_4ugC4t6L (869a67c2-f6bf-446a-923d-83fe364b3698)
2019-07-24 09:43:28.692 22705 RALLYDEBUG rally_openstack.cleanup.manager [-] Deleting neutron.network object s_rally_e146eeb2_QntyFidZ (8aa31164-92f6-4eca-a8b3-907ccd5bb936)
2019-07-24 09:43:31.688 22705 RALLYDEBUG rally_openstack.cleanup.manager [-] Deleting neutron.network object s_rally_e146eeb2_jXuGclkw (8c260eb7-8f24-49ad-8fd4-325160ab4fb3)
2019-07-24 09:43:31.839 22705 RALLYDEBUG rally_openstack.cleanup.manager [-] Deleting neutron.network object s_rally_e146eeb2_2fVQbeoW (95150e04-a573-457b-a5b1-a91a0acd5afc)
2019-07-24 09:43:31.987 22705 RALLYDEBUG rally_openstack.cleanup.manager [-] Deleting neutron.network object s_rally_e146eeb2_ADNhQxyx (a9943572-6309-4b8a-8cd2-8c8308a739f0)
2019-07-24 09:43:32.232 22705 RALLYDEBUG rally_openstack.cleanup.manager [-] Deleting neutron.network object s_rally_e146eeb2_1OtrNoUQ (a9d7c14d-24ae-4ab4-9d4a-1350c85d27c9)
2019-07-24 09:43:32.399 22705 RALLYDEBUG rally_openstack.cleanup.manager [-] Deleting neutron.network object s_rally_e146eeb2_vQ1cOJKA (af0035b7-272d-43a7-886a-5d8126841065)
2019-07-24 09:43:32.719 22705 RALLYDEBUG rally_openstack.cleanup.manager [-] Deleting neutron.network object s_rally_e146eeb2_eS1mWtdm (af2cb657-1e77-4951-9d2a-7b11bc7ca3b2)
2019-07-24 09:43:32.885 22705 RALLYDEBUG rally_openstack.cleanup.manager [-] Deleting neutron.network object s_rally_e146eeb2_QpCTHf7X (b2ac59cb-b4fe-4a4d-a4a6-08211bf2bd7c)
2019-07-24 09:43:33.553 22705 RALLYDEBUG rally_openstack.cleanup.manager [-] Deleting neutron.network object s_rally_e146eeb2_WnMm0z4O (b4c0c8da-ad8c-4170-b7ae-0987bfef3daf)
2019-07-24 09:43:33.832 22705 RALLYDEBUG rally_openstack.cleanup.manager [-] Deleting neutron.network object s_rally_e146eeb2_yVZo1af2 (b56fe636-ddba-4b45-8802-72d539c6740a)
2019-07-24 09:43:33.836 22705 RALLYDEBUG rally_openstack.cleanup.manager [-] Deleting neutron.network object s_rally_e146eeb2_SdaabAVa (c84caade-a881-4d3d-b767-38916ab286e3)
2019-07-24 09:43:33.986 22705 RALLYDEBUG rally_openstack.cleanup.manager [-] Deleting neutron.network object s_rally_e146eeb2_WKs790Co (cc34d49b-f1ad-4f82-9043-763921c6ef29)
2019-07-24 09:43:33.998 22705 RALLYDEBUG rally_openstack.cleanup.manager [-] Deleting neutron.network object s_rally_e146eeb2_t7pgWP85 (cdb6911c-a33b-47d5-b29a-595180e5d095)
2019-07-24 09:43:34.003 22705 RALLYDEBUG rally_openstack.cleanup.manager [-] Deleting neutron.network object s_rally_e146eeb2_tTkGCTiJ (d059b5a9-3f95-4504-9fdb-0f1661f07b79)
2019-07-24 09:43:34.060 22705 RALLYDEBUG rally_openstack.cleanup.manager [-] Deleting neutron.network object s_rally_e146eeb2_m9Pb3AGJ (d75f5021-547f-45ec-bb18-6d0429c272ed)
2019-07-24 09:43:34.142 22705 RALLYDEBUG rally_openstack.cleanup.manager [-] Deleting neutron.network object s_rally_e146eeb2_k23hcan7 (d8391c7b-47d3-4902-8e11-28bde9104aac)
2019-07-24 09:43:34.164 22705 RALLYDEBUG rally_openstack.cleanup.manager [-] Deleting neutron.network object s_rally_e146eeb2_focm0Bpe (dc98d511-f953-4f34-9bd9-ffb293eb35b6)
2019-07-24 09:43:34.215 22705 RALLYDEBUG rally_openstack.cleanup.manager [-] Deleting neutron.network object s_rally_e146eeb2_ALaWHYxj (df932e6e-5e1d-4801-a55a-f409276db814)
2019-07-24 09:43:34.353 22705 RALLYDEBUG rally_openstack.cleanup.manager [-] Deleting neutron.network object s_rally_e146eeb2_nwL3g238 (ef05e5fe-fa34-4c28-9430-99871a03568f)
2019-07-24 09:43:34.384 22705 RALLYDEBUG rally_openstack.cleanup.manager [-] Deleting neutron.network object s_rally_e146eeb2_2u4BwMQk (f51db5eb-5b59-4e50-95e3-6cb32aabbccf)
2019-07-24 09:43:34.439 22705 RALLYDEBUG rally_openstack.cleanup.manager [-] Deleting neutron.network object s_rally_e146eeb2_hd6h1E0N (fd21f9ef-3047-4d0d-aac1-24e121bf110f)
2019-07-24 09:43:38.484 22705 RALLYDEBUG rally_openstack.cleanup.manager [-] Cleaning up neutron router objects
2019-07-24 09:43:39.176 22705 RALLYDEBUG rally_openstack.cleanup.manager [-] Cleaning up neutron security_group objects
2019-07-24 09:43:39.921 22705 INFO rally.task.context [-] Task f6c83288-f3c9-489d-9e8d-932b1b4ea919 | Context cleanup@openstack cleanup() finished in 51.78 sec
2019-07-24 09:43:39.922 22705 INFO rally.task.context [-] Task f6c83288-f3c9-489d-9e8d-932b1b4ea919 | Context quotas@openstack cleanup() started
2019-07-24 09:43:40.132 22705 INFO rally.task.context [-] Task f6c83288-f3c9-489d-9e8d-932b1b4ea919 | Context quotas@openstack cleanup() finished in 0.21 sec
2019-07-24 09:43:40.132 22705 INFO rally.task.context [-] Task f6c83288-f3c9-489d-9e8d-932b1b4ea919 | Context users@openstack cleanup() started
2019-07-24 09:43:44.638 22705 INFO rally.task.context [-] Task f6c83288-f3c9-489d-9e8d-932b1b4ea919 | Context users@openstack cleanup() finished in 4.51 sec
2019-07-24 09:43:46.447 22705 INFO rally.task.engine [-] Load duration is: 43.010525
2019-07-24 09:43:46.447 22705 INFO rally.task.engine [-] Full runner duration is: 43.056508
2019-07-24 09:43:46.448 22705 INFO rally.task.engine [-] Full duration is: 104.598117
2019-07-24 09:43:46.666 22705 INFO rally.task.engine [-] Running workload: position = 2 config = { "version": 2, "title": "A cropped version of a bigger task.", "description": "Auto-generated task from a single workload (uuid=75adffb2-9468-4681-9cd8-09d049e3194b)", "subtasks": [ { "title": "NeutronNetworks.create_and_delete_ports", "description": "Create and delete a port.", "scenario": { "NeutronNetworks.create_and_delete_ports": { "network_create_args": {}, "port_create_args": {}, "ports_per_network": 5 } }, "contexts": { "users": { "tenants": 1, "users_per_tenant": 1 }, "quotas": { "neutron": { "network": -1, "port": -1 } } }, "runner": { "constant": { "times": 40, "concurrency": 20 } }, "hooks": [], "sla": { "failure_rate": { "max": 0 } } } ] }
2019-07-24 09:43:46.687 22705 RALLYDEBUG rally_openstack.contexts.keystone.users [-] Creating 1 tenants using 20 threads
2019-07-24 09:43:48.655 22705 RALLYDEBUG rally_openstack.contexts.keystone.users [-] Creating 1 users using 20 threads
2019-07-24 09:43:51.055 22705 INFO rally.task.context [-] Task f6c83288-f3c9-489d-9e8d-932b1b4ea919 | Context users@openstack setup() finished in 4.37 sec
2019-07-24 09:43:51.822 22705 INFO rally.task.context [-] Task f6c83288-f3c9-489d-9e8d-932b1b4ea919 | Context quotas@openstack setup() finished in 0.77 sec
2019-07-24 09:43:51.822 22705 INFO rally.task.context [-] Task f6c83288-f3c9-489d-9e8d-932b1b4ea919 | Context cleanup@openstack setup() finished in 0.01 msec
2019-07-24 09:43:51.830 22705 RALLYDEBUG rally.task.runner [-] Starting the constant runner (task UUID: f6c83288-f3c9-489d-9e8d-932b1b4ea919). timeout: 0 concurrency: 20 concurrency_per_worker: 1 times: 40 concurrency_overhead: 4 processes_to_start: 16 max_cpu_used: 16
2019-07-24 09:43:51.843 26951 RALLYDEBUG rally.task.runner [-] Starting a worker. concurrency: 2 args: {"network_create_args": {}, "port_create_args": {}, "ports_per_network": 5} times: 40 method_name: run timeout: 0 duration: None cls:
2019-07-24 09:43:51.846 26952 RALLYDEBUG rally.task.runner [-] Starting a worker. concurrency: 2 args: {"network_create_args": {}, "port_create_args": {}, "ports_per_network": 5} times: 40 method_name: run timeout: 0 duration: None cls:
2019-07-24 09:43:51.848 26953 RALLYDEBUG rally.task.runner [-] Starting a worker. concurrency: 2 args: {"network_create_args": {}, "port_create_args": {}, "ports_per_network": 5} times: 40 method_name: run timeout: 0 duration: None cls:
2019-07-24 09:43:51.850 26951 INFO rally.task.runner [-] Task f6c83288-f3c9-489d-9e8d-932b1b4ea919 | ITER: 1 START
2019-07-24 09:43:51.852 26954 RALLYDEBUG rally.task.runner [-] Starting a worker. concurrency: 2 args: {"network_create_args": {}, "port_create_args": {}, "ports_per_network": 5} times: 40 method_name: run timeout: 0 duration: None cls:
2019-07-24 09:43:51.852 26951 WARNING rally_openstack.scenarios.neutron.utils [-] Running this scenario without either the 'network' or 'existing_network' context is deprecated
2019-07-24 09:43:51.854 26952 INFO rally.task.runner [-] Task f6c83288-f3c9-489d-9e8d-932b1b4ea919 | ITER: 2 START
2019-07-24 09:43:51.856 26953 INFO rally.task.runner [-] Task f6c83288-f3c9-489d-9e8d-932b1b4ea919 | ITER: 4 START
2019-07-24 09:43:51.856 26952 WARNING rally_openstack.scenarios.neutron.utils [-] Running this scenario without either the 'network' or 'existing_network' context is deprecated
2019-07-24 09:43:51.856 26955 RALLYDEBUG rally.task.runner [-] Starting a worker. concurrency: 1 args: {"network_create_args": {}, "port_create_args": {}, "ports_per_network": 5} times: 40 method_name: run timeout: 0 duration: None cls:
2019-07-24 09:43:51.858 26958 RALLYDEBUG rally.task.runner [-] Starting a worker. concurrency: 1 args: {"network_create_args": {}, "port_create_args": {}, "ports_per_network": 5} times: 40 method_name: run timeout: 0 duration: None cls:
2019-07-24 09:43:51.859 26954 INFO rally.task.runner [-] Task f6c83288-f3c9-489d-9e8d-932b1b4ea919 | ITER: 7 START
2019-07-24 09:43:51.859 26953 WARNING rally_openstack.scenarios.neutron.utils [-] Running this scenario without either the 'network' or 'existing_network' context is deprecated
2019-07-24 09:43:51.861 26954 WARNING rally_openstack.scenarios.neutron.utils [-] Running this scenario without either the 'network' or 'existing_network' context is deprecated
2019-07-24 09:43:51.862 26964 RALLYDEBUG rally.task.runner [-] Starting a worker. concurrency: 1 args: {"network_create_args": {}, "port_create_args": {}, "ports_per_network": 5} times: 40 method_name: run timeout: 0 duration: None cls:
2019-07-24 09:43:51.856 26952 INFO rally.task.runner [-] Task f6c83288-f3c9-489d-9e8d-932b1b4ea919 | ITER: 5 START
2019-07-24 09:43:51.864 26958 INFO rally.task.runner [-] Task f6c83288-f3c9-489d-9e8d-932b1b4ea919 | ITER: 10 START
2019-07-24 09:43:51.864 26955 INFO rally.task.runner [-] Task f6c83288-f3c9-489d-9e8d-932b1b4ea919 | ITER: 9 START
2019-07-24 09:43:51.866 26958 WARNING rally_openstack.scenarios.neutron.utils [-] Running this scenario without either the 'network' or 'existing_network' context is deprecated
2019-07-24 09:43:51.866 26955 WARNING rally_openstack.scenarios.neutron.utils [-] Running this scenario without either the 'network' or 'existing_network' context is deprecated
2019-07-24 09:43:51.860 26953 INFO rally.task.runner [-] Task f6c83288-f3c9-489d-9e8d-932b1b4ea919 | ITER: 6 START
2019-07-24 09:43:51.867 26951 INFO rally.task.runner [-] Task f6c83288-f3c9-489d-9e8d-932b1b4ea919 | ITER: 3 START
2019-07-24 09:43:51.865 26952 WARNING rally_openstack.scenarios.neutron.utils [-] Running this scenario without either the 'network' or 'existing_network' context is deprecated
2019-07-24 09:43:51.868 26951 WARNING rally_openstack.scenarios.neutron.utils [-] Running this scenario without either the 'network' or 'existing_network' context is deprecated
2019-07-24 09:43:51.868 26964 INFO rally.task.runner [-] Task f6c83288-f3c9-489d-9e8d-932b1b4ea919 | ITER: 11 START
2019-07-24 09:43:51.870 26953 WARNING rally_openstack.scenarios.neutron.utils [-] Running this scenario without either the 'network' or 'existing_network' context is deprecated
2019-07-24 09:43:51.870 26964 WARNING rally_openstack.scenarios.neutron.utils [-] Running this scenario without either the 'network' or 'existing_network' context is deprecated
2019-07-24 09:43:51.871 26954 INFO rally.task.runner [-] Task f6c83288-f3c9-489d-9e8d-932b1b4ea919 | ITER: 8 START
2019-07-24 09:43:51.871 26969 RALLYDEBUG rally.task.runner [-] Starting a worker. concurrency: 1 args: {"network_create_args": {}, "port_create_args": {}, "ports_per_network": 5} times: 40 method_name: run timeout: 0 duration: None cls:
2019-07-24 09:43:51.874 26954 WARNING rally_openstack.scenarios.neutron.utils [-] Running this scenario without either the 'network' or 'existing_network' context is deprecated
2019-07-24 09:43:51.878 26969 INFO rally.task.runner [-] Task f6c83288-f3c9-489d-9e8d-932b1b4ea919 | ITER: 12 START
2019-07-24 09:43:51.878 26977 RALLYDEBUG rally.task.runner [-] Starting a worker. concurrency: 1 args: {"network_create_args": {}, "port_create_args": {}, "ports_per_network": 5} times: 40 method_name: run timeout: 0 duration: None cls:
2019-07-24 09:43:51.881 26969 WARNING rally_openstack.scenarios.neutron.utils [-] Running this scenario without either the 'network' or 'existing_network' context is deprecated
2019-07-24 09:43:51.883 26977 INFO rally.task.runner [-] Task f6c83288-f3c9-489d-9e8d-932b1b4ea919 | ITER: 13 START
2019-07-24 09:43:51.885 26977 WARNING rally_openstack.scenarios.neutron.utils [-] Running this scenario without either the 'network' or 'existing_network' context is deprecated
2019-07-24 09:43:51.886 26980 RALLYDEBUG rally.task.runner [-] Starting a worker. concurrency: 1 args: {"network_create_args": {}, "port_create_args": {}, "ports_per_network": 5} times: 40 method_name: run timeout: 0 duration: None cls:
2019-07-24 09:43:51.892 26980 INFO rally.task.runner [-] Task f6c83288-f3c9-489d-9e8d-932b1b4ea919 | ITER: 14 START
2019-07-24 09:43:51.894 26980 WARNING rally_openstack.scenarios.neutron.utils [-] Running this scenario without either the 'network' or 'existing_network' context is deprecated
2019-07-24 09:43:51.895 26984 RALLYDEBUG rally.task.runner [-] Starting a worker. concurrency: 1 args: {"network_create_args": {}, "port_create_args": {}, "ports_per_network": 5} times: 40 method_name: run timeout: 0 duration: None cls:
2019-07-24 09:43:51.897 26983 RALLYDEBUG rally.task.runner [-] Starting a worker. concurrency: 1 args: {"network_create_args": {}, "port_create_args": {}, "ports_per_network": 5} times: 40 method_name: run timeout: 0 duration: None cls:
2019-07-24 09:43:51.899 26984 INFO rally.task.runner [-] Task f6c83288-f3c9-489d-9e8d-932b1b4ea919 | ITER: 15 START
2019-07-24 09:43:51.900 26984 WARNING rally_openstack.scenarios.neutron.utils [-] Running this scenario without either the 'network' or 'existing_network' context is deprecated
2019-07-24 09:43:51.903 26987 RALLYDEBUG rally.task.runner [-] Starting a worker. concurrency: 1 args: {"network_create_args": {}, "port_create_args": {}, "ports_per_network": 5} times: 40 method_name: run timeout: 0 duration: None cls:
2019-07-24 09:43:51.904 26983 INFO rally.task.runner [-] Task f6c83288-f3c9-489d-9e8d-932b1b4ea919 | ITER: 16 START
2019-07-24 09:43:51.905 26983 WARNING rally_openstack.scenarios.neutron.utils [-] Running this scenario without either the 'network' or 'existing_network' context is deprecated
2019-07-24 09:43:51.907 26990 RALLYDEBUG rally.task.runner [-] Starting a worker. concurrency: 1 args: {"network_create_args": {}, "port_create_args": {}, "ports_per_network": 5} times: 40 method_name: run timeout: 0 duration: None cls:
2019-07-24 09:43:51.909 26987 INFO rally.task.runner [-] Task f6c83288-f3c9-489d-9e8d-932b1b4ea919 | ITER: 17 START
2019-07-24 09:43:51.910 26987 WARNING rally_openstack.scenarios.neutron.utils [-] Running this scenario without either the 'network' or 'existing_network' context is deprecated
2019-07-24 09:43:51.913 26990 INFO rally.task.runner [-] Task f6c83288-f3c9-489d-9e8d-932b1b4ea919 | ITER: 18 START
2019-07-24 09:43:51.915 26990 WARNING rally_openstack.scenarios.neutron.utils [-] Running this scenario without either the 'network' or 'existing_network' context is deprecated
2019-07-24 09:43:51.915 26995 RALLYDEBUG rally.task.runner [-] Starting a worker. concurrency: 1 args: {"network_create_args": {}, "port_create_args": {}, "ports_per_network": 5} times: 40 method_name: run timeout: 0 duration: None cls:
2019-07-24 09:43:51.919 26995 INFO rally.task.runner [-] Task f6c83288-f3c9-489d-9e8d-932b1b4ea919 | ITER: 19 START
2019-07-24 09:43:51.919 26998 RALLYDEBUG rally.task.runner [-] Starting a worker. concurrency: 1 args: {"network_create_args": {}, "port_create_args": {}, "ports_per_network": 5} times: 40 method_name: run timeout: 0 duration: None cls:
2019-07-24 09:43:51.920 26995 WARNING rally_openstack.scenarios.neutron.utils [-] Running this scenario without either the 'network' or 'existing_network' context is deprecated
2019-07-24 09:43:51.922 26998 INFO rally.task.runner [-] Task f6c83288-f3c9-489d-9e8d-932b1b4ea919 | ITER: 20 START
2019-07-24 09:43:51.923 26998 WARNING rally_openstack.scenarios.neutron.utils [-] Running this scenario without either the 'network' or 'existing_network' context is deprecated
2019-07-24 09:44:02.351 26954 INFO rally.task.runner [-] Task f6c83288-f3c9-489d-9e8d-932b1b4ea919 | ITER: 8 END: OK
2019-07-24 09:44:02.356 26954 INFO rally.task.runner [-] Task f6c83288-f3c9-489d-9e8d-932b1b4ea919 | ITER: 21 START
2019-07-24 09:44:02.357 26954 WARNING rally_openstack.scenarios.neutron.utils [-] Running this scenario without either the 'network' or 'existing_network' context is deprecated
2019-07-24 09:44:02.785 26995 INFO rally.task.runner [-] Task f6c83288-f3c9-489d-9e8d-932b1b4ea919 | ITER: 19 END: OK
2019-07-24 09:44:02.790 26995 INFO rally.task.runner [-] Task f6c83288-f3c9-489d-9e8d-932b1b4ea919 | ITER: 22 START
2019-07-24 09:44:02.790 26995 WARNING rally_openstack.scenarios.neutron.utils [-] Running this scenario without either the 'network' or 'existing_network' context is deprecated
2019-07-24 09:44:02.816 26964 INFO rally.task.runner [-] Task f6c83288-f3c9-489d-9e8d-932b1b4ea919 | ITER: 11 END: OK
2019-07-24 09:44:02.820 26964 INFO rally.task.runner [-] Task f6c83288-f3c9-489d-9e8d-932b1b4ea919 | ITER: 23 START
2019-07-24 09:44:02.821 26964 WARNING rally_openstack.scenarios.neutron.utils [-] Running this scenario without either the 'network' or 'existing_network' context is deprecated
2019-07-24 09:44:08.343 26951 INFO rally.task.runner [-] Task f6c83288-f3c9-489d-9e8d-932b1b4ea919 | ITER: 3 END: OK
2019-07-24 09:44:08.345 26977 INFO rally.task.runner [-] Task f6c83288-f3c9-489d-9e8d-932b1b4ea919 | ITER: 13 END: OK
2019-07-24 09:44:08.348 26951 INFO rally.task.runner [-] Task f6c83288-f3c9-489d-9e8d-932b1b4ea919 | ITER: 24 START
2019-07-24 09:44:08.348 26951 WARNING rally_openstack.scenarios.neutron.utils [-] Running this scenario without either the 'network' or 'existing_network' context is deprecated
2019-07-24 09:44:08.349 26977 INFO rally.task.runner [-] Task f6c83288-f3c9-489d-9e8d-932b1b4ea919 | ITER: 25 START
2019-07-24 09:44:08.350 26977 WARNING rally_openstack.scenarios.neutron.utils [-] Running this scenario without either the 'network' or 'existing_network' context is deprecated
2019-07-24 09:44:09.349 26980 INFO rally.task.runner [-] Task f6c83288-f3c9-489d-9e8d-932b1b4ea919 | ITER: 14 END: OK
2019-07-24 09:44:09.354 26980 INFO rally.task.runner [-] Task f6c83288-f3c9-489d-9e8d-932b1b4ea919 | ITER: 26 START
2019-07-24 09:44:09.354 26998 INFO rally.task.runner [-] Task f6c83288-f3c9-489d-9e8d-932b1b4ea919 | ITER: 20 END: OK
2019-07-24 09:44:09.355 26980 WARNING rally_openstack.scenarios.neutron.utils [-] Running this scenario without either the 'network' or 'existing_network' context is deprecated
2019-07-24 09:44:09.358 26998 INFO rally.task.runner [-] Task f6c83288-f3c9-489d-9e8d-932b1b4ea919 | ITER: 27 START
2019-07-24 09:44:09.359 26998 WARNING rally_openstack.scenarios.neutron.utils [-] Running this scenario without either the 'network' or 'existing_network' context is deprecated
2019-07-24 09:44:09.721 26958 INFO rally.task.runner [-] Task f6c83288-f3c9-489d-9e8d-932b1b4ea919 | ITER: 10 END: OK
2019-07-24 09:44:09.722 26969 INFO rally.task.runner [-] Task f6c83288-f3c9-489d-9e8d-932b1b4ea919 | ITER: 12 END: OK
2019-07-24 09:44:09.725 26958 INFO rally.task.runner [-] Task f6c83288-f3c9-489d-9e8d-932b1b4ea919 | ITER: 28 START
2019-07-24 09:44:09.726 26958 WARNING rally_openstack.scenarios.neutron.utils [-] Running this scenario without either the 'network' or 'existing_network' context is deprecated
2019-07-24 09:44:09.727 26969 INFO rally.task.runner [-] Task f6c83288-f3c9-489d-9e8d-932b1b4ea919 | ITER: 29 START
2019-07-24 09:44:09.727 26969 WARNING rally_openstack.scenarios.neutron.utils [-] Running this scenario without either the 'network' or 'existing_network' context is deprecated
2019-07-24 09:44:11.389 26954 INFO rally.task.runner [-] Task f6c83288-f3c9-489d-9e8d-932b1b4ea919 | ITER: 21 END: OK
2019-07-24 09:44:11.393 26954 INFO rally.task.runner [-] Task f6c83288-f3c9-489d-9e8d-932b1b4ea919 | ITER: 30 START
2019-07-24 09:44:11.393 26954 WARNING rally_openstack.scenarios.neutron.utils [-] Running this scenario without either the 'network' or 'existing_network' context is deprecated
2019-07-24 09:44:15.535 26983 INFO rally.task.runner [-] Task f6c83288-f3c9-489d-9e8d-932b1b4ea919 | ITER: 16 END: OK
2019-07-24 09:44:15.540 26983 INFO rally.task.runner [-] Task f6c83288-f3c9-489d-9e8d-932b1b4ea919 | ITER: 31 START
2019-07-24 09:44:15.541 26983 WARNING rally_openstack.scenarios.neutron.utils [-] Running this scenario without either the 'network' or 'existing_network' context is deprecated
2019-07-24 09:44:15.547 26955 INFO rally.task.runner [-] Task f6c83288-f3c9-489d-9e8d-932b1b4ea919 | ITER: 9 END: OK
2019-07-24 09:44:15.553 26955 INFO rally.task.runner [-] Task f6c83288-f3c9-489d-9e8d-932b1b4ea919 | ITER: 32 START
2019-07-24 09:44:15.553 26955 WARNING rally_openstack.scenarios.neutron.utils [-] Running this scenario without either the 'network' or 'existing_network' context is deprecated
2019-07-24 09:44:15.561 26953 INFO rally.task.runner [-] Task f6c83288-f3c9-489d-9e8d-932b1b4ea919 | ITER: 4 END: OK
2019-07-24 09:44:15.564 26953 INFO rally.task.runner [-] Task f6c83288-f3c9-489d-9e8d-932b1b4ea919 | ITER: 33 START
2019-07-24 09:44:15.565 26953 WARNING rally_openstack.scenarios.neutron.utils [-] Running this scenario without either the 'network' or 'existing_network' context is deprecated
2019-07-24 09:44:16.960 26954 INFO rally.task.runner [-] Task f6c83288-f3c9-489d-9e8d-932b1b4ea919 | ITER: 7 END: OK
2019-07-24 09:44:16.965 26954 INFO rally.task.runner [-] Task f6c83288-f3c9-489d-9e8d-932b1b4ea919 | ITER: 34 START
2019-07-24 09:44:16.966 26954 WARNING rally_openstack.scenarios.neutron.utils [-] Running this scenario without either the 'network' or 'existing_network' context is deprecated
2019-07-24 09:44:17.152 26952 INFO rally.task.runner [-] Task f6c83288-f3c9-489d-9e8d-932b1b4ea919 | ITER: 2 END: OK
2019-07-24 09:44:17.156 26952 INFO rally.task.runner [-] Task f6c83288-f3c9-489d-9e8d-932b1b4ea919 | ITER: 35 START
2019-07-24 09:44:17.157 26952 WARNING rally_openstack.scenarios.neutron.utils [-] Running this scenario without either the 'network' or 'existing_network' context is deprecated
2019-07-24 09:44:17.307 26987 INFO rally.task.runner [-] Task f6c83288-f3c9-489d-9e8d-932b1b4ea919 | ITER: 17 END: OK
2019-07-24 09:44:17.312 26987 INFO rally.task.runner [-] Task f6c83288-f3c9-489d-9e8d-932b1b4ea919 | ITER: 36 START
2019-07-24 09:44:17.313 26987 WARNING rally_openstack.scenarios.neutron.utils [-] Running this scenario without either the 'network' or 'existing_network' context is deprecated
2019-07-24 09:44:18.396 26995 INFO rally.task.runner [-] Task f6c83288-f3c9-489d-9e8d-932b1b4ea919 | ITER: 22 END: OK
2019-07-24 09:44:18.399 26995 INFO rally.task.runner [-] Task f6c83288-f3c9-489d-9e8d-932b1b4ea919 | ITER: 37 START
2019-07-24 09:44:18.400 26995 WARNING rally_openstack.scenarios.neutron.utils [-] Running this scenario without either the 'network' or 'existing_network' context is deprecated
2019-07-24 09:44:18.599 26964 INFO rally.task.runner [-] Task f6c83288-f3c9-489d-9e8d-932b1b4ea919 | ITER: 23 END: OK
2019-07-24 09:44:18.603 26964 INFO rally.task.runner [-] Task f6c83288-f3c9-489d-9e8d-932b1b4ea919 | ITER: 38 START
2019-07-24 09:44:18.603 26964 WARNING rally_openstack.scenarios.neutron.utils [-] Running this scenario without either the 'network' or 'existing_network' context is deprecated
2019-07-24 09:44:18.913 26980 INFO rally.task.runner [-] Task f6c83288-f3c9-489d-9e8d-932b1b4ea919 | ITER: 26 END: OK
2019-07-24 09:44:18.918 26980 INFO rally.task.runner [-] Task f6c83288-f3c9-489d-9e8d-932b1b4ea919 | ITER: 39 START
