2019-07-24 09:29:02.222 24801 WARNING rally_openstack.scenarios.neutron.utils [-] Running this scenario without either the 'network' or 'existing_network' context is deprecated
2019-07-24 09:29:02.222 24804 WARNING rally_openstack.scenarios.neutron.utils [-] Running this scenario without either the 'network' or 'existing_network' context is deprecated
2019-07-24 09:29:02.222 24802 WARNING rally_openstack.scenarios.neutron.utils [-] Running this scenario without either the 'network' or 'existing_network' context is deprecated
2019-07-24 09:29:02.223 24815 RALLYDEBUG rally.task.runner [-] Starting a worker. concurrency: 1 args: {"network_create_args": {}, "subnet_create_args": {}, "subnet_cidr_start": "1.1.0.0/30", "subnets_per_network": 2} times: 40 method_name: run timeout: 0 duration: None cls:
2019-07-24 09:29:02.224 24810 INFO rally.task.runner [-] Task f6c83288-f3c9-489d-9e8d-932b1b4ea919 | ITER: 10 START
2019-07-24 09:29:02.226 24810 WARNING rally_openstack.scenarios.neutron.utils [-] Running this scenario without either the 'network' or 'existing_network' context is deprecated
2019-07-24 09:29:02.226 24800 INFO rally.task.runner [-] Task f6c83288-f3c9-489d-9e8d-932b1b4ea919 | ITER: 6 START
2019-07-24 09:29:02.227 24800 WARNING rally_openstack.scenarios.neutron.utils [-] Running this scenario without either the 'network' or 'existing_network' context is deprecated
2019-07-24 09:29:02.223 24802 INFO rally.task.runner [-] Task f6c83288-f3c9-489d-9e8d-932b1b4ea919 | ITER: 9 START
2019-07-24 09:29:02.228 24802 WARNING rally_openstack.scenarios.neutron.utils [-] Running this scenario without either the 'network' or 'existing_network' context is deprecated
2019-07-24 09:29:02.229 24821 RALLYDEBUG rally.task.runner [-] Starting a worker. concurrency: 1 args: {"network_create_args": {}, "subnet_create_args": {}, "subnet_cidr_start": "1.1.0.0/30", "subnets_per_network": 2} times: 40 method_name: run timeout: 0 duration: None cls:
2019-07-24 09:29:02.230 24815 INFO rally.task.runner [-] Task f6c83288-f3c9-489d-9e8d-932b1b4ea919 | ITER: 12 START
2019-07-24 09:29:02.230 24812 INFO rally.task.runner [-] Task f6c83288-f3c9-489d-9e8d-932b1b4ea919 | ITER: 11 START
2019-07-24 09:29:02.232 24815 WARNING rally_openstack.scenarios.neutron.utils [-] Running this scenario without either the 'network' or 'existing_network' context is deprecated
2019-07-24 09:29:02.232 24812 WARNING rally_openstack.scenarios.neutron.utils [-] Running this scenario without either the 'network' or 'existing_network' context is deprecated
2019-07-24 09:29:02.233 24827 RALLYDEBUG rally.task.runner [-] Starting a worker. concurrency: 1 args: {"network_create_args": {}, "subnet_create_args": {}, "subnet_cidr_start": "1.1.0.0/30", "subnets_per_network": 2} times: 40 method_name: run timeout: 0 duration: None cls:
2019-07-24 09:29:02.235 24821 INFO rally.task.runner [-] Task f6c83288-f3c9-489d-9e8d-932b1b4ea919 | ITER: 13 START
2019-07-24 09:29:02.236 24821 WARNING rally_openstack.scenarios.neutron.utils [-] Running this scenario without either the 'network' or 'existing_network' context is deprecated
2019-07-24 09:29:02.238 24827 INFO rally.task.runner [-] Task f6c83288-f3c9-489d-9e8d-932b1b4ea919 | ITER: 14 START
2019-07-24 09:29:02.239 24827 WARNING rally_openstack.scenarios.neutron.utils [-] Running this scenario without either the 'network' or 'existing_network' context is deprecated
2019-07-24 09:29:02.244 24832 RALLYDEBUG rally.task.runner [-] Starting a worker. concurrency: 1 args: {"network_create_args": {}, "subnet_create_args": {}, "subnet_cidr_start": "1.1.0.0/30", "subnets_per_network": 2} times: 40 method_name: run timeout: 0 duration: None cls:
2019-07-24 09:29:02.248 24834 RALLYDEBUG rally.task.runner [-] Starting a worker. concurrency: 1 args: {"network_create_args": {}, "subnet_create_args": {}, "subnet_cidr_start": "1.1.0.0/30", "subnets_per_network": 2} times: 40 method_name: run timeout: 0 duration: None cls:
2019-07-24 09:29:02.250 24832 INFO rally.task.runner [-] Task f6c83288-f3c9-489d-9e8d-932b1b4ea919 | ITER: 15 START
2019-07-24 09:29:02.252 24832 WARNING rally_openstack.scenarios.neutron.utils [-] Running this scenario without either the 'network' or 'existing_network' context is deprecated
2019-07-24 09:29:02.252 24834 INFO rally.task.runner [-] Task f6c83288-f3c9-489d-9e8d-932b1b4ea919 | ITER: 16 START
2019-07-24 09:29:02.253 24834 WARNING rally_openstack.scenarios.neutron.utils [-] Running this scenario without either the 'network' or 'existing_network' context is deprecated
2019-07-24 09:29:02.261 24838 RALLYDEBUG rally.task.runner [-] Starting a worker. concurrency: 1 args: {"network_create_args": {}, "subnet_create_args": {}, "subnet_cidr_start": "1.1.0.0/30", "subnets_per_network": 2} times: 40 method_name: run timeout: 0 duration: None cls:
2019-07-24 09:29:02.265 24838 INFO rally.task.runner [-] Task f6c83288-f3c9-489d-9e8d-932b1b4ea919 | ITER: 17 START
2019-07-24 09:29:02.267 24838 WARNING rally_openstack.scenarios.neutron.utils [-] Running this scenario without either the 'network' or 'existing_network' context is deprecated
2019-07-24 09:29:02.269 24840 RALLYDEBUG rally.task.runner [-] Starting a worker. concurrency: 1 args: {"network_create_args": {}, "subnet_create_args": {}, "subnet_cidr_start": "1.1.0.0/30", "subnets_per_network": 2} times: 40 method_name: run timeout: 0 duration: None cls:
2019-07-24 09:29:02.271 24843 RALLYDEBUG rally.task.runner [-] Starting a worker. concurrency: 1 args: {"network_create_args": {}, "subnet_create_args": {}, "subnet_cidr_start": "1.1.0.0/30", "subnets_per_network": 2} times: 40 method_name: run timeout: 0 duration: None cls:
2019-07-24 09:29:02.274 24840 INFO rally.task.runner [-] Task f6c83288-f3c9-489d-9e8d-932b1b4ea919 | ITER: 18 START
2019-07-24 09:29:02.275 24843 INFO rally.task.runner [-] Task f6c83288-f3c9-489d-9e8d-932b1b4ea919 | ITER: 19 START
2019-07-24 09:29:02.275 24840 WARNING rally_openstack.scenarios.neutron.utils [-] Running this scenario without either the 'network' or 'existing_network' context is deprecated
2019-07-24 09:29:02.276 24843 WARNING rally_openstack.scenarios.neutron.utils [-] Running this scenario without either the 'network' or 'existing_network' context is deprecated
2019-07-24 09:29:02.277 24844 RALLYDEBUG rally.task.runner [-] Starting a worker. concurrency: 1 args: {"network_create_args": {}, "subnet_create_args": {}, "subnet_cidr_start": "1.1.0.0/30", "subnets_per_network": 2} times: 40 method_name: run timeout: 0 duration: None cls:
2019-07-24 09:29:02.281 24844 INFO rally.task.runner [-] Task f6c83288-f3c9-489d-9e8d-932b1b4ea919 | ITER: 20 START
2019-07-24 09:29:02.282 24844 WARNING rally_openstack.scenarios.neutron.utils [-] Running this scenario without either the 'network' or 'existing_network' context is deprecated
2019-07-24 09:29:03.911 24801 RALLYDEBUG rally_openstack.wrappers.network [-] CIDR generated: 1.1.4.96/30
2019-07-24 09:29:04.000 24821 RALLYDEBUG rally_openstack.wrappers.network [-] CIDR generated: 1.1.4.100/30
2019-07-24 09:29:04.013 24804 RALLYDEBUG rally_openstack.wrappers.network [-] CIDR generated: 1.1.4.104/30
2019-07-24 09:29:04.022 24799 RALLYDEBUG rally_openstack.wrappers.network [-] CIDR generated: 1.1.4.108/30
2019-07-24 09:29:04.037 24801 RALLYDEBUG rally_openstack.wrappers.network [-] CIDR generated: 1.1.4.112/30
2019-07-24 09:29:04.054 24800 RALLYDEBUG rally_openstack.wrappers.network [-] CIDR generated: 1.1.4.116/30
2019-07-24 09:29:04.054 24799 RALLYDEBUG rally_openstack.wrappers.network [-] CIDR generated: 1.1.4.120/30
2019-07-24 09:29:04.065 24815 RALLYDEBUG rally_openstack.wrappers.network [-] CIDR generated: 1.1.4.124/30
2019-07-24 09:29:04.066 24812 RALLYDEBUG rally_openstack.wrappers.network [-] CIDR generated: 1.1.4.128/30
2019-07-24 09:29:04.090 24802 RALLYDEBUG rally_openstack.wrappers.network [-] CIDR generated: 1.1.4.132/30
2019-07-24 09:29:04.238 24800 RALLYDEBUG rally_openstack.wrappers.network [-] CIDR generated: 1.1.4.136/30
2019-07-24 09:29:04.312 24844 RALLYDEBUG rally_openstack.wrappers.network [-] CIDR generated: 1.1.4.140/30
2019-07-24 09:29:04.399 24834 RALLYDEBUG rally_openstack.wrappers.network [-] CIDR generated: 1.1.4.144/30
2019-07-24 09:29:04.508 24827 RALLYDEBUG rally_openstack.wrappers.network [-] CIDR generated: 1.1.4.148/30
2019-07-24 09:29:04.520 24810 RALLYDEBUG rally_openstack.wrappers.network [-] CIDR generated: 1.1.4.152/30
2019-07-24 09:29:04.653 24802 RALLYDEBUG rally_openstack.wrappers.network [-] CIDR generated: 1.1.4.156/30
2019-07-24 09:29:05.348 24801 RALLYDEBUG rally_openstack.wrappers.network [-] CIDR generated: 1.1.4.160/30
2019-07-24 09:29:05.468 24843 RALLYDEBUG rally_openstack.wrappers.network [-] CIDR generated: 1.1.4.164/30
2019-07-24 09:29:05.514 24832 RALLYDEBUG rally_openstack.wrappers.network [-] CIDR generated: 1.1.4.168/30
2019-07-24 09:29:05.996 24840 RALLYDEBUG rally_openstack.wrappers.network [-] CIDR generated: 1.1.4.172/30
2019-07-24 09:29:06.016 24821 RALLYDEBUG rally_openstack.wrappers.network [-] CIDR generated: 1.1.4.176/30
2019-07-24 09:29:06.269 24834 RALLYDEBUG rally_openstack.wrappers.network [-] CIDR generated: 1.1.4.180/30
2019-07-24 09:29:06.274 24799 RALLYDEBUG rally_openstack.wrappers.network [-] CIDR generated: 1.1.4.184/30
2019-07-24 09:29:06.278 24800 RALLYDEBUG rally_openstack.wrappers.network [-] CIDR generated: 1.1.4.188/30
2019-07-24 09:29:06.900 24838 RALLYDEBUG rally_openstack.wrappers.network [-] CIDR generated: 1.1.4.192/30
2019-07-24 09:29:07.037 24799 RALLYDEBUG rally_openstack.wrappers.network [-] CIDR generated: 1.1.4.196/30
2019-07-24 09:29:07.107 24832 RALLYDEBUG rally_openstack.wrappers.network [-] CIDR generated: 1.1.4.200/30
2019-07-24 09:29:07.554 24802 RALLYDEBUG rally_openstack.wrappers.network [-] CIDR generated: 1.1.4.204/30
2019-07-24 09:29:07.574 24815 RALLYDEBUG rally_openstack.wrappers.network [-] CIDR generated: 1.1.4.208/30
2019-07-24 09:29:07.613 24812 RALLYDEBUG rally_openstack.wrappers.network [-] CIDR generated: 1.1.4.212/30
2019-07-24 09:29:07.740 24800 RALLYDEBUG rally_openstack.wrappers.network [-] CIDR generated: 1.1.4.216/30
2019-07-24 09:29:07.773 24804 RALLYDEBUG rally_openstack.wrappers.network [-] CIDR generated: 1.1.4.220/30
2019-07-24 09:29:07.996 24844 RALLYDEBUG rally_openstack.wrappers.network [-] CIDR generated: 1.1.4.224/30
2019-07-24 09:29:08.026 24810 RALLYDEBUG rally_openstack.wrappers.network [-] CIDR generated: 1.1.4.228/30
2019-07-24 09:29:08.801 24801 RALLYDEBUG rally_openstack.wrappers.network [-] CIDR generated: 1.1.4.232/30
2019-07-24 09:29:09.387 24827 RALLYDEBUG rally_openstack.wrappers.network [-] CIDR generated: 1.1.4.236/30
2019-07-24 09:29:09.492 24840 RALLYDEBUG rally_openstack.wrappers.network [-] CIDR generated: 1.1.4.240/30
2019-07-24 09:29:09.650 24838 RALLYDEBUG rally_openstack.wrappers.network [-] CIDR generated: 1.1.4.244/30
2019-07-24 09:29:09.654 24801 INFO rally.task.runner [-] Task f6c83288-f3c9-489d-9e8d-932b1b4ea919 | ITER: 2 END: OK
2019-07-24 09:29:09.658 24801 INFO rally.task.runner [-] Task f6c83288-f3c9-489d-9e8d-932b1b4ea919 | ITER: 21 START
2019-07-24 09:29:09.659 24801 WARNING rally_openstack.scenarios.neutron.utils [-] Running this scenario without either the 'network' or 'existing_network' context is deprecated
2019-07-24 09:29:09.678 24802 RALLYDEBUG rally_openstack.wrappers.network [-] CIDR generated: 1.1.4.248/30
2019-07-24 09:29:10.028 24843 RALLYDEBUG rally_openstack.wrappers.network [-] CIDR generated: 1.1.4.252/30
2019-07-24 09:29:10.737 24801 RALLYDEBUG rally_openstack.wrappers.network [-] CIDR generated: 1.1.5.0/30
2019-07-24 09:29:11.734 24801 RALLYDEBUG rally_openstack.wrappers.network [-] CIDR generated: 1.1.5.4/30
2019-07-24 09:29:13.265 24821 INFO rally.task.runner [-] Task f6c83288-f3c9-489d-9e8d-932b1b4ea919 | ITER: 13 END: OK
2019-07-24 09:29:13.270 24821 INFO rally.task.runner [-] Task f6c83288-f3c9-489d-9e8d-932b1b4ea919 | ITER: 22 START
2019-07-24 09:29:13.271 24821 WARNING rally_openstack.scenarios.neutron.utils [-] Running this scenario without either the 'network' or 'existing_network' context is deprecated
2019-07-24 09:29:13.458 24834 INFO rally.task.runner [-] Task f6c83288-f3c9-489d-9e8d-932b1b4ea919 | ITER: 16 END: OK
2019-07-24 09:29:13.463 24834 INFO rally.task.runner [-] Task f6c83288-f3c9-489d-9e8d-932b1b4ea919 | ITER: 23 START
2019-07-24 09:29:13.464 24834 WARNING rally_openstack.scenarios.neutron.utils [-] Running this scenario without either the 'network' or 'existing_network' context is deprecated
2019-07-24 09:29:13.684 24799 INFO rally.task.runner [-] Task f6c83288-f3c9-489d-9e8d-932b1b4ea919 | ITER: 1 END: OK
2019-07-24 09:29:13.686 24800 INFO rally.task.runner [-] Task f6c83288-f3c9-489d-9e8d-932b1b4ea919 | ITER: 3 END: OK
2019-07-24 09:29:13.689 24799 INFO rally.task.runner [-] Task f6c83288-f3c9-489d-9e8d-932b1b4ea919 | ITER: 24 START
2019-07-24 09:29:13.690 24799 WARNING rally_openstack.scenarios.neutron.utils [-] Running this scenario without either the 'network' or 'existing_network' context is deprecated
2019-07-24 09:29:13.690 24800 INFO rally.task.runner [-] Task f6c83288-f3c9-489d-9e8d-932b1b4ea919 | ITER: 25 START
2019-07-24 09:29:13.690 24800 WARNING rally_openstack.scenarios.neutron.utils [-] Running this scenario without either the 'network' or 'existing_network' context is deprecated
2019-07-24 09:29:13.960 24832 INFO rally.task.runner [-] Task f6c83288-f3c9-489d-9e8d-932b1b4ea919 | ITER: 15 END: OK
2019-07-24 09:29:13.964 24832 INFO rally.task.runner [-] Task f6c83288-f3c9-489d-9e8d-932b1b4ea919 | ITER: 26 START
2019-07-24 09:29:13.965 24832 WARNING rally_openstack.scenarios.neutron.utils [-] Running this scenario without either the 'network' or 'existing_network' context is deprecated
2019-07-24 09:29:14.637 24838 INFO rally.task.runner [-] Task f6c83288-f3c9-489d-9e8d-932b1b4ea919 | ITER: 17 END: OK
2019-07-24 09:29:14.641 24838 INFO rally.task.runner [-] Task f6c83288-f3c9-489d-9e8d-932b1b4ea919 | ITER: 27 START
2019-07-24 09:29:14.642 24838 WARNING rally_openstack.scenarios.neutron.utils [-] Running this scenario without either the 'network' or 'existing_network' context is deprecated
2019-07-24 09:29:14.680 24821 RALLYDEBUG rally_openstack.wrappers.network [-] CIDR generated: 1.1.5.8/30
2019-07-24 09:29:14.958 24801 INFO rally.task.runner [-] Task f6c83288-f3c9-489d-9e8d-932b1b4ea919 | ITER: 21 END: OK
2019-07-24 09:29:14.961 24801 INFO rally.task.runner [-] Task f6c83288-f3c9-489d-9e8d-932b1b4ea919 | ITER: 28 START
2019-07-24 09:29:14.962 24801 WARNING rally_openstack.scenarios.neutron.utils [-] Running this scenario without either the 'network' or 'existing_network' context is deprecated
2019-07-24 09:29:15.586 24834 RALLYDEBUG rally_openstack.wrappers.network [-] CIDR generated: 1.1.5.16/30
2019-07-24 09:29:15.586 24799 RALLYDEBUG rally_openstack.wrappers.network [-] CIDR generated: 1.1.5.12/30
2019-07-24 09:29:15.820 24800 RALLYDEBUG rally_openstack.wrappers.network [-] CIDR generated: 1.1.5.20/30
2019-07-24 09:29:15.835 24832 RALLYDEBUG rally_openstack.wrappers.network [-] CIDR generated: 1.1.5.24/30
2019-07-24 09:29:16.038 24802 INFO rally.task.runner [-] Task f6c83288-f3c9-489d-9e8d-932b1b4ea919 | ITER: 9 END: OK
2019-07-24 09:29:16.040 24810 INFO rally.task.runner [-] Task f6c83288-f3c9-489d-9e8d-932b1b4ea919 | ITER: 10 END: OK
2019-07-24 09:29:16.042 24802 INFO rally.task.runner [-] Task f6c83288-f3c9-489d-9e8d-932b1b4ea919 | ITER: 29 START
2019-07-24 09:29:16.043 24802 WARNING rally_openstack.scenarios.neutron.utils [-] Running this scenario without either the 'network' or 'existing_network' context is deprecated
2019-07-24 09:29:16.044 24810 INFO rally.task.runner [-] Task f6c83288-f3c9-489d-9e8d-932b1b4ea919 | ITER: 30 START
2019-07-24 09:29:16.045 24810 WARNING rally_openstack.scenarios.neutron.utils [-] Running this scenario without either the 'network' or 'existing_network' context is deprecated
2019-07-24 09:29:16.045 24800 INFO rally.task.runner [-] Task f6c83288-f3c9-489d-9e8d-932b1b4ea919 | ITER: 6 END: OK
2019-07-24 09:29:16.048 24800 INFO rally.task.runner [-] Task f6c83288-f3c9-489d-9e8d-932b1b4ea919 | ITER: 31 START
2019-07-24 09:29:16.048 24800 WARNING rally_openstack.scenarios.neutron.utils [-] Running this scenario without either the 'network' or 'existing_network' context is deprecated
2019-07-24 09:29:16.051 24804 INFO rally.task.runner [-] Task f6c83288-f3c9-489d-9e8d-932b1b4ea919 | ITER: 8 END: OK
2019-07-24 09:29:16.055 24804 INFO rally.task.runner [-] Task f6c83288-f3c9-489d-9e8d-932b1b4ea919 | ITER: 32 START
2019-07-24 09:29:16.055 24804 WARNING rally_openstack.scenarios.neutron.utils [-] Running this scenario without either the 'network' or 'existing_network' context is deprecated
2019-07-24 09:29:16.063 24812 INFO rally.task.runner [-] Task f6c83288-f3c9-489d-9e8d-932b1b4ea919 | ITER: 11 END: OK
2019-07-24 09:29:16.068 24812 INFO rally.task.runner [-] Task f6c83288-f3c9-489d-9e8d-932b1b4ea919 | ITER: 33 START
2019-07-24 09:29:16.068 24812 WARNING rally_openstack.scenarios.neutron.utils [-] Running this scenario without either the 'network' or 'existing_network' context is deprecated
2019-07-24 09:29:16.637 24838 RALLYDEBUG rally_openstack.wrappers.network [-] CIDR generated: 1.1.5.28/30
2019-07-24 09:29:17.000 24801 RALLYDEBUG rally_openstack.wrappers.network [-] CIDR generated: 1.1.5.32/30
2019-07-24 09:29:17.074 24815 INFO rally.task.runner [-] Task f6c83288-f3c9-489d-9e8d-932b1b4ea919 | ITER: 12 END: OK
2019-07-24 09:29:17.077 24815 INFO rally.task.runner [-] Task f6c83288-f3c9-489d-9e8d-932b1b4ea919 | ITER: 34 START
2019-07-24 09:29:17.078 24815 WARNING rally_openstack.scenarios.neutron.utils [-] Running this scenario without either the 'network' or 'existing_network' context is deprecated
2019-07-24 09:29:17.152 24799 INFO rally.task.runner [-] Task f6c83288-f3c9-489d-9e8d-932b1b4ea919 | ITER: 4 END: OK
2019-07-24 09:29:17.156 24799 INFO rally.task.runner [-] Task f6c83288-f3c9-489d-9e8d-932b1b4ea919 | ITER: 35 START
2019-07-24 09:29:17.157 24799 WARNING rally_openstack.scenarios.neutron.utils [-] Running this scenario without either the 'network' or 'existing_network' context is deprecated
2019-07-24 09:29:17.161 24840 INFO rally.task.runner [-] Task f6c83288-f3c9-489d-9e8d-932b1b4ea919 | ITER: 18 END: OK
2019-07-24 09:29:17.165 24840 INFO rally.task.runner [-] Task f6c83288-f3c9-489d-9e8d-932b1b4ea919 | ITER: 36 START
2019-07-24 09:29:17.166 24840 WARNING rally_openstack.scenarios.neutron.utils [-] Running this scenario without either the 'network' or 'existing_network' context is deprecated
2019-07-24 09:29:17.306 24832 RALLYDEBUG rally_openstack.wrappers.network [-] CIDR generated: 1.1.5.36/30
2019-07-24 09:29:17.514 24799 RALLYDEBUG rally_openstack.wrappers.network [-] CIDR generated: 1.1.5.40/30
2019-07-24 09:29:17.554 24800 RALLYDEBUG rally_openstack.wrappers.network [-] CIDR generated: 1.1.5.44/30
2019-07-24 09:29:17.616 24821 RALLYDEBUG rally_openstack.wrappers.network [-] CIDR generated: 1.1.5.48/30
2019-07-24 09:29:17.816 24804 RALLYDEBUG rally_openstack.wrappers.network [-] CIDR generated: 1.1.5.52/30
2019-07-24 09:29:17.824 24810 RALLYDEBUG rally_openstack.wrappers.network [-] CIDR generated: 1.1.5.56/30
2019-07-24 09:29:17.829 24812 RALLYDEBUG rally_openstack.wrappers.network [-] CIDR generated: 1.1.5.60/30
2019-07-24 09:29:18.014 24844 INFO rally.task.runner [-] Task f6c83288-f3c9-489d-9e8d-932b1b4ea919 | ITER: 20 END: OK
2019-07-24 09:29:18.018 24844 INFO rally.task.runner [-] Task f6c83288-f3c9-489d-9e8d-932b1b4ea919 | ITER: 37 START
2019-07-24 09:29:18.019 24844 WARNING rally_openstack.scenarios.neutron.utils [-] Running this scenario without either the 'network' or 'existing_network' context is deprecated
2019-07-24 09:29:18.183 24802 RALLYDEBUG rally_openstack.wrappers.network [-] CIDR generated: 1.1.5.64/30
2019-07-24 09:29:18.563 24800 RALLYDEBUG rally_openstack.wrappers.network [-] CIDR generated: 1.1.5.68/30
2019-07-24 09:29:18.693 24840 RALLYDEBUG rally_openstack.wrappers.network [-] CIDR generated: 1.1.5.72/30
2019-07-24 09:29:18.794 24815 RALLYDEBUG rally_openstack.wrappers.network [-] CIDR generated: 1.1.5.76/30
2019-07-24 09:29:18.992 24799 RALLYDEBUG rally_openstack.wrappers.network [-] CIDR generated: 1.1.5.80/30
2019-07-24 09:29:19.340 24844 RALLYDEBUG rally_openstack.wrappers.network [-] CIDR generated: 1.1.5.84/30
2019-07-24 09:29:19.566 24801 INFO rally.task.runner [-] Task f6c83288-f3c9-489d-9e8d-932b1b4ea919 | ITER: 5 END: OK
2019-07-24 09:29:19.570 24801 INFO rally.task.runner [-] Task f6c83288-f3c9-489d-9e8d-932b1b4ea919 | ITER: 38 START
2019-07-24 09:29:19.571 24801 WARNING rally_openstack.scenarios.neutron.utils [-] Running this scenario without either the 'network' or 'existing_network' context is deprecated
2019-07-24 09:29:19.575 24804 RALLYDEBUG rally_openstack.wrappers.network [-] CIDR generated: 1.1.5.88/30
2019-07-24 09:29:19.853 24834 RALLYDEBUG rally_openstack.wrappers.network [-] CIDR generated: 1.1.5.92/30
2019-07-24 09:29:20.573 24843 INFO rally.task.runner [-] Task f6c83288-f3c9-489d-9e8d-932b1b4ea919 | ITER: 19 END: OK
2019-07-24 09:29:20.578 24843 INFO rally.task.runner [-] Task f6c83288-f3c9-489d-9e8d-932b1b4ea919 | ITER: 39 START
2019-07-24 09:29:20.579 24843 WARNING rally_openstack.scenarios.neutron.utils [-] Running this scenario without either the 'network' or 'existing_network' context is deprecated
2019-07-24 09:29:20.580 24827 INFO rally.task.runner [-] Task f6c83288-f3c9-489d-9e8d-932b1b4ea919 | ITER: 14 END: OK
2019-07-24 09:29:20.585 24827 INFO rally.task.runner [-] Task f6c83288-f3c9-489d-9e8d-932b1b4ea919 | ITER: 40 START
2019-07-24 09:29:20.585 24827 WARNING rally_openstack.scenarios.neutron.utils [-] Running this scenario without either the 'network' or 'existing_network' context is deprecated
2019-07-24 09:29:20.666 24802 INFO rally.task.runner [-] Task f6c83288-f3c9-489d-9e8d-932b1b4ea919 | ITER: 7 END: OK
2019-07-24 09:29:20.709 24812 RALLYDEBUG rally_openstack.wrappers.network [-] CIDR generated: 1.1.5.96/30
2019-07-24 09:29:20.837 24838 RALLYDEBUG rally_openstack.wrappers.network [-] CIDR generated: 1.1.5.100/30
2019-07-24 09:29:20.993 24832 INFO rally.task.runner [-] Task f6c83288-f3c9-489d-9e8d-932b1b4ea919 | ITER: 26 END: OK
2019-07-24 09:29:21.091 24844 RALLYDEBUG rally_openstack.wrappers.network [-] CIDR generated: 1.1.5.104/30
2019-07-24 09:29:21.103 24801 RALLYDEBUG rally_openstack.wrappers.network [-] CIDR generated: 1.1.5.108/30
2019-07-24 09:29:21.789 24801 RALLYDEBUG rally_openstack.wrappers.network [-] CIDR generated: 1.1.5.112/30
2019-07-24 09:29:21.889 24800 RALLYDEBUG rally_openstack.wrappers.network [-] CIDR generated: 1.1.5.116/30
2019-07-24 09:29:22.002 24810 RALLYDEBUG rally_openstack.wrappers.network [-] CIDR generated: 1.1.5.120/30
2019-07-24 09:29:22.364 24802 RALLYDEBUG rally_openstack.wrappers.network [-] CIDR generated: 1.1.5.124/30
2019-07-24 09:29:23.081 24840 RALLYDEBUG rally_openstack.wrappers.network [-] CIDR generated: 1.1.5.128/30
2019-07-24 09:29:23.198 24799 RALLYDEBUG rally_openstack.wrappers.network [-] CIDR generated: 1.1.5.132/30
2019-07-24 09:29:23.205 24815 RALLYDEBUG rally_openstack.wrappers.network [-] CIDR generated: 1.1.5.136/30
2019-07-24 09:29:23.268 24827 RALLYDEBUG rally_openstack.wrappers.network [-] CIDR generated: 1.1.5.140/30
2019-07-24 09:29:23.458 24843 RALLYDEBUG rally_openstack.wrappers.network [-] CIDR generated: 1.1.5.144/30
2019-07-24 09:29:23.535 24821 INFO rally.task.runner [-] Task f6c83288-f3c9-489d-9e8d-932b1b4ea919 | ITER: 22 END: OK
2019-07-24 09:29:23.721 24801 RALLYDEBUG rally_openstack.wrappers.network [-] CIDR generated: 1.1.5.148/30
2019-07-24 09:29:24.259 24804 INFO rally.task.runner [-] Task f6c83288-f3c9-489d-9e8d-932b1b4ea919 | ITER: 32 END: OK
2019-07-24 09:29:24.352 24799 INFO rally.task.runner [-] Task f6c83288-f3c9-489d-9e8d-932b1b4ea919 | ITER: 24 END: OK
2019-07-24 09:29:24.937 24827 RALLYDEBUG rally_openstack.wrappers.network [-] CIDR generated: 1.1.5.152/30
2019-07-24 09:29:26.005 24800 INFO rally.task.runner [-] Task f6c83288-f3c9-489d-9e8d-932b1b4ea919 | ITER: 25 END: OK
2019-07-24 09:29:27.095 24844 INFO rally.task.runner [-] Task f6c83288-f3c9-489d-9e8d-932b1b4ea919 | ITER: 37 END: OK
2019-07-24 09:29:27.161 24801 INFO rally.task.runner [-] Task f6c83288-f3c9-489d-9e8d-932b1b4ea919 | ITER: 38 END: OK
2019-07-24 09:29:27.824 24827 INFO rally.task.runner [-] Task f6c83288-f3c9-489d-9e8d-932b1b4ea919 | ITER: 40 END: OK
2019-07-24 09:29:28.432 24812 INFO rally.task.runner [-] Task f6c83288-f3c9-489d-9e8d-932b1b4ea919 | ITER: 33 END: OK
2019-07-24 09:29:28.815 24843 RALLYDEBUG rally_openstack.wrappers.network [-] CIDR generated: 1.1.5.156/30
2019-07-24 09:29:30.480 24799 INFO rally.task.runner [-] Task f6c83288-f3c9-489d-9e8d-932b1b4ea919 | ITER: 35 END: OK
2019-07-24 09:29:30.481 24815 INFO rally.task.runner [-] Task f6c83288-f3c9-489d-9e8d-932b1b4ea919 | ITER: 34 END: OK
2019-07-24 09:29:31.905 24840 INFO rally.task.runner [-] Task f6c83288-f3c9-489d-9e8d-932b1b4ea919 | ITER: 36 END: OK
2019-07-24 09:29:33.151 24800 INFO rally.task.runner [-] Task f6c83288-f3c9-489d-9e8d-932b1b4ea919 | ITER: 31 END: OK
2019-07-24 09:29:33.418 24810 INFO rally.task.runner [-] Task f6c83288-f3c9-489d-9e8d-932b1b4ea919 | ITER: 30 END: OK
2019-07-24 09:29:33.419 24802 INFO rally.task.runner [-] Task f6c83288-f3c9-489d-9e8d-932b1b4ea919 | ITER: 29 END: OK
2019-07-24 09:29:35.090 24838 INFO rally.task.runner [-] Task f6c83288-f3c9-489d-9e8d-932b1b4ea919 | ITER: 27 END: OK
2019-07-24 09:29:36.288 24834 INFO rally.task.runner [-] Task f6c83288-f3c9-489d-9e8d-932b1b4ea919 | ITER: 23 END: OK
2019-07-24 09:29:36.740 24801 INFO rally.task.runner [-] Task f6c83288-f3c9-489d-9e8d-932b1b4ea919 | ITER: 28 END: OK
2019-07-24 09:29:37.278 24843 INFO rally.task.runner [-] Task f6c83288-f3c9-489d-9e8d-932b1b4ea919 | ITER: 39 END: OK
2019-07-24 09:29:37.306 22705 INFO rally.task.context [-] Task f6c83288-f3c9-489d-9e8d-932b1b4ea919 | Context cleanup@openstack cleanup() started
2019-07-24 09:29:37.309 22705 RALLYDEBUG rally_openstack.cleanup.manager [-] Cleaning up neutron vip objects
2019-07-24 09:29:38.085 22705 RALLYDEBUG rally_openstack.cleanup.manager [-] Cleaning up neutron health_monitor objects
2019-07-24 09:29:38.864 22705 RALLYDEBUG rally_openstack.cleanup.manager [-] Cleaning up neutron pool objects
2019-07-24 09:29:39.653 22705 RALLYDEBUG rally_openstack.cleanup.manager [-] Cleaning up neutron loadbalancer objects
2019-07-24 09:29:40.409 22705 RALLYDEBUG rally_openstack.cleanup.manager [-] Cleaning up neutron floatingip objects
2019-07-24 09:29:41.081 22705 RALLYDEBUG rally_openstack.cleanup.manager [-] Cleaning up neutron port objects
2019-07-24 09:29:41.956 22705 RALLYDEBUG rally_openstack.cleanup.manager [-] Cleaning up neutron subnet objects
2019-07-24 09:29:42.604 22705 RALLYDEBUG rally_openstack.cleanup.manager [-] Cleaning up neutron network objects
2019-07-24 09:29:43.444 22705 RALLYDEBUG rally_openstack.cleanup.manager [-] Deleting neutron.network object s_rally_fd6e3e9d_tWZSuZZ5 (0696fa8a-2dab-4c62-a0a5-e45d44b0b674)
2019-07-24 09:29:43.446 22705 RALLYDEBUG rally_openstack.cleanup.manager [-] Deleting neutron.network object s_rally_fd6e3e9d_RLYKY2s1 (10ab3ae6-01c9-4976-9d7b-b07e8f4b738e)
2019-07-24 09:29:43.460 22705 RALLYDEBUG rally_openstack.cleanup.manager [-] Deleting neutron.network object s_rally_fd6e3e9d_nE1u5IX9 (3372f83b-7a22-4825-98af-090b3aa03e4e)
2019-07-24 09:29:43.463 22705 RALLYDEBUG rally_openstack.cleanup.manager [-] Deleting neutron.network object s_rally_fd6e3e9d_9rDGtKIz (212527ae-f266-42e5-a66f-7ce872f65f39)
2019-07-24 09:29:43.466 22705 RALLYDEBUG rally_openstack.cleanup.manager [-] Deleting neutron.network object s_rally_fd6e3e9d_GEbxCg9T (15d7980b-fdb4-4aa7-9932-68762abdb7dc)
2019-07-24 09:29:43.478 22705 RALLYDEBUG rally_openstack.cleanup.manager [-] Deleting neutron.network object s_rally_fd6e3e9d_qkIihfMl (3a4e7656-5725-4b9e-b021-57adfdb929ad)
2019-07-24 09:29:43.505 22705 RALLYDEBUG rally_openstack.cleanup.manager [-] Deleting neutron.network object s_rally_fd6e3e9d_42RezHoY (3b1061d0-a94a-4a44-bcb3-8c4ee35bcf13)
2019-07-24 09:29:43.512 22705 RALLYDEBUG rally_openstack.cleanup.manager [-] Deleting neutron.network object s_rally_fd6e3e9d_zHeS0uly (3d012159-9afc-4979-ac40-d1fbfa7f847b)
2019-07-24 09:29:43.514 22705 RALLYDEBUG rally_openstack.cleanup.manager [-] Deleting neutron.network object s_rally_fd6e3e9d_OKcsGWAB (3ebf70b0-49ec-4b9b-99cc-fc21a388a88c)
2019-07-24 09:29:43.557 22705 RALLYDEBUG rally_openstack.cleanup.manager [-] Deleting neutron.network object s_rally_fd6e3e9d_xiJDmAlN (49fb964e-d21f-45ba-8773-698e61d95c6e)
2019-07-24 09:29:43.560 22705 RALLYDEBUG rally_openstack.cleanup.manager [-] Deleting neutron.network object s_rally_fd6e3e9d_jf2jkQix (418bbc19-979c-47d1-8eb4-b9701779d574)
2019-07-24 09:29:43.594 22705 RALLYDEBUG rally_openstack.cleanup.manager [-] Deleting neutron.network object s_rally_fd6e3e9d_PAOdKCd9 (580ab87f-5817-4fcf-8906-60f70cd15cf1)
2019-07-24 09:29:43.597 22705 RALLYDEBUG rally_openstack.cleanup.manager [-] Deleting neutron.network object s_rally_fd6e3e9d_CU9FDWIU (5388c977-45a4-4306-aff0-fa5518d03358)
2019-07-24 09:29:43.601 22705 RALLYDEBUG rally_openstack.cleanup.manager [-] Deleting neutron.network object s_rally_fd6e3e9d_UscU0EdF (56d4ee99-d0f9-4bec-a086-4e13fbae02d0)
2019-07-24 09:29:43.607 22705 RALLYDEBUG rally_openstack.cleanup.manager [-] Deleting neutron.network object s_rally_fd6e3e9d_ZrxeUQeK (5a6b0955-d380-47fb-8f7a-e6c37feb12ad)
2019-07-24 09:29:43.614 22705 RALLYDEBUG rally_openstack.cleanup.manager [-] Deleting neutron.network object s_rally_fd6e3e9d_f0NI67TE (572bff7a-9a63-4398-b0b2-992399865429)
2019-07-24 09:29:43.617 22705 RALLYDEBUG rally_openstack.cleanup.manager [-] Deleting neutron.network object s_rally_fd6e3e9d_PHfGlO0I (6288aab6-43f9-4962-9b18-25045aff321e)
2019-07-24 09:29:43.622 22705 RALLYDEBUG rally_openstack.cleanup.manager [-] Deleting neutron.network object s_rally_fd6e3e9d_OhqJIUR3 (665fa0ca-67c2-486c-af36-d03cbc7284f5)
2019-07-24 09:29:43.777 22705 RALLYDEBUG rally_openstack.cleanup.manager [-] Deleting neutron.network object s_rally_fd6e3e9d_eWzb2Srq (6bf9d9db-b7f7-4f5b-9157-3f0a04d57464)
2019-07-24 09:29:43.778 22705 RALLYDEBUG rally_openstack.cleanup.manager [-] Deleting neutron.network object s_rally_fd6e3e9d_ol9PSfTr (69dbcc3a-687a-4c11-ab8f-1ccddb9d17a9)
2019-07-24 09:29:47.379 22705 RALLYDEBUG rally_openstack.cleanup.manager [-] Deleting neutron.network object s_rally_fd6e3e9d_CkMivoiX (7b007df9-33dd-4cfc-b25b-99ac23212a83)
2019-07-24 09:29:47.390 22705 RALLYDEBUG rally_openstack.cleanup.manager [-] Deleting neutron.network object s_rally_fd6e3e9d_LGY3y38g (802966f9-b8bf-4b09-96fc-1d1d7cc2ba5d)
2019-07-24 09:29:47.390 22705 RALLYDEBUG rally_openstack.cleanup.manager [-] Deleting neutron.network object s_rally_fd6e3e9d_HVBa0PgA (90aa0d8e-6c78-468b-abf4-3b0297f7414f)
2019-07-24 09:29:47.805 22705 RALLYDEBUG rally_openstack.cleanup.manager [-] Deleting neutron.network object s_rally_fd6e3e9d_KzHpEx1c (949f8eed-6f99-45cd-b961-e856e8e020a6)
2019-07-24 09:29:48.459 22705 RALLYDEBUG rally_openstack.cleanup.manager [-] Deleting neutron.network object s_rally_fd6e3e9d_RYQzBhaW (954ae4b0-b557-41a6-8ed8-c16a2fc6a9c0)
2019-07-24 09:29:48.503 22705 RALLYDEBUG rally_openstack.cleanup.manager [-] Deleting neutron.network object s_rally_fd6e3e9d_oh3Yr63s (95bee981-7b2d-4762-91a8-00f4e5ed28b9)
2019-07-24 09:29:48.697 22705 RALLYDEBUG rally_openstack.cleanup.manager [-] Deleting neutron.network object s_rally_fd6e3e9d_b36lgptU (9937f761-c80c-4cb0-a662-b65a0ad012c2)
2019-07-24 09:29:49.314 22705 RALLYDEBUG rally_openstack.cleanup.manager [-] Deleting neutron.network object s_rally_fd6e3e9d_ELvtIB00 (9b7d7f0c-f84e-4a3f-88a1-3a7dfb801842)
2019-07-24 09:29:49.863 22705 RALLYDEBUG rally_openstack.cleanup.manager [-] Deleting neutron.network object s_rally_fd6e3e9d_0sNwz4Ny (9c712e6f-a1ac-4f86-8cb9-4949de6334fe)
2019-07-24 09:29:50.257 22705 RALLYDEBUG rally_openstack.cleanup.manager [-] Deleting neutron.network object s_rally_fd6e3e9d_UaXVSbdY (a026e8d9-260e-430b-b635-0c8e04c62e66)
2019-07-24 09:29:50.352 22705 RALLYDEBUG rally_openstack.cleanup.manager [-] Deleting neutron.network object s_rally_fd6e3e9d_i8r1EaEQ (a0854e2e-3b72-4ec6-ac89-60ceecb7a7b9)
2019-07-24 09:29:50.968 22705 RALLYDEBUG rally_openstack.cleanup.manager [-] Deleting neutron.network object s_rally_fd6e3e9d_so0tKKHJ (a17c2ed1-d05d-4c65-8268-b19251dbe75f)
2019-07-24 09:29:51.196 22705 RALLYDEBUG rally_openstack.cleanup.manager [-] Deleting neutron.network object s_rally_fd6e3e9d_Hfs3DvSH (a54d377e-d6d0-41b8-ad0c-1dd500144603)
2019-07-24 09:29:51.461 22705 RALLYDEBUG rally_openstack.cleanup.manager [-] Deleting neutron.network object s_rally_fd6e3e9d_KQGOMJsA (d265f539-5bbd-41ce-b4e5-09e8f43cdffa)
2019-07-24 09:29:51.462 22705 RALLYDEBUG rally_openstack.cleanup.manager [-] Deleting neutron.network object s_rally_fd6e3e9d_fnBbqh0H (aafc47ee-b9c8-4f05-b35d-7276500e885d)
2019-07-24 09:29:51.509 22705 RALLYDEBUG rally_openstack.cleanup.manager [-] Deleting neutron.network object s_rally_fd6e3e9d_SsYjckRV (d9a1344f-09ee-40ca-9e2d-49a9e606a091)
2019-07-24 09:29:51.841 22705 RALLYDEBUG rally_openstack.cleanup.manager [-] Deleting neutron.network object s_rally_fd6e3e9d_1bZoRYZF (e6b98045-de81-40c6-9e9c-00277377b21f)
2019-07-24 09:29:51.842 22705 RALLYDEBUG rally_openstack.cleanup.manager [-] Deleting neutron.network object s_rally_fd6e3e9d_RKU7Lhm3 (f35611f3-de2e-4b20-8d54-e016d9ecce61)
2019-07-24 09:29:51.923 22705 RALLYDEBUG rally_openstack.cleanup.manager [-] Deleting neutron.network object s_rally_fd6e3e9d_VFLnwwT4 (f36b5f27-94b3-4663-8c98-249761c14311)
2019-07-24 09:29:52.026 22705 RALLYDEBUG rally_openstack.cleanup.manager [-] Deleting neutron.network object s_rally_fd6e3e9d_t6YtGOci (f904b529-5ee6-4ff3-9f93-ae54131bf704)
2019-07-24 09:29:55.614 22705 RALLYDEBUG rally_openstack.cleanup.manager [-] Cleaning up neutron router objects
2019-07-24 09:29:56.290 22705 RALLYDEBUG rally_openstack.cleanup.manager [-] Cleaning up neutron security_group objects
2019-07-24 09:29:57.044 22705 INFO rally.task.context [-] Task f6c83288-f3c9-489d-9e8d-932b1b4ea919 | Context cleanup@openstack cleanup() finished in 19.74 sec
2019-07-24 09:29:57.044 22705 INFO rally.task.context [-] Task f6c83288-f3c9-489d-9e8d-932b1b4ea919 | Context quotas@openstack cleanup() started
2019-07-24 09:29:57.270 22705 INFO rally.task.context [-] Task f6c83288-f3c9-489d-9e8d-932b1b4ea919 | Context quotas@openstack cleanup() finished in 0.23 sec
2019-07-24 09:29:57.270 22705 INFO rally.task.context [-] Task f6c83288-f3c9-489d-9e8d-932b1b4ea919 | Context users@openstack cleanup() started
2019-07-24 09:30:01.788 22705 INFO rally.task.context [-] Task f6c83288-f3c9-489d-9e8d-932b1b4ea919 | Context users@openstack cleanup() finished in 4.52 sec
2019-07-24 09:30:03.635 22705 INFO rally.task.engine [-] Load duration is: 35.066919
2019-07-24 09:30:03.636 22705 INFO rally.task.engine [-] Full runner duration is: 35.118307
2019-07-24 09:30:03.636 22705 INFO rally.task.engine [-] Full duration is: 64.472135
2019-07-24 09:30:03.908 22705 INFO rally.task.engine [-] Running workload: position = 0 config = { "version": 2, "title": "A cropped version of a bigger task.", "description": "Auto-generated task from a single workload (uuid=6f146f0c-63ee-4262-aff8-ba8b940e7388)", "subtasks": [ { "title": "NeutronNetworks.create_and_list_routers", "description": "Create and a given number of routers and list all routers.", "scenario": { "NeutronNetworks.create_and_list_routers": { "network_create_args": null, "subnet_create_args": null, "subnet_cidr_start": "1.1.0.0/30", "subnets_per_network": 2, "router_create_args": null } }, "contexts": { "users": { "tenants": 1, "users_per_tenant": 1 }, "quotas": { "neutron": { "network": -1, "subnet": -1, "router": -1 } } }, "runner": { "constant": { "times": 40, "concurrency": 20 } }, "hooks": [], "sla": { "failure_rate": { "max": 0 } } } ] }
2019-07-24 09:30:03.930 22705 RALLYDEBUG rally_openstack.contexts.keystone.users [-] Creating 1 tenants using 20 threads
2019-07-24 09:30:05.950 22705 RALLYDEBUG rally_openstack.contexts.keystone.users [-] Creating 1 users using 20 threads
2019-07-24 09:30:08.433 22705 INFO rally.task.context [-] Task f6c83288-f3c9-489d-9e8d-932b1b4ea919 | Context users@openstack setup() finished in 4.50 sec
2019-07-24 09:30:09.283 22705 INFO rally.task.context [-] Task f6c83288-f3c9-489d-9e8d-932b1b4ea919 | Context quotas@openstack setup() finished in 0.85 sec
2019-07-24 09:30:09.284 22705 INFO rally.task.context [-] Task f6c83288-f3c9-489d-9e8d-932b1b4ea919 | Context cleanup@openstack setup() finished in 0.00 msec
2019-07-24 09:30:09.291 22705 RALLYDEBUG rally.task.runner [-] Starting the constant runner (task UUID: f6c83288-f3c9-489d-9e8d-932b1b4ea919). timeout: 0 concurrency: 20 concurrency_per_worker: 1 times: 40 concurrency_overhead: 4 processes_to_start: 16 max_cpu_used: 16
2019-07-24 09:30:09.303 25169 RALLYDEBUG rally.task.runner [-] Starting a worker. concurrency: 2 args: {"network_create_args": null, "subnet_create_args": null, "subnet_cidr_start": "1.1.0.0/30", "subnets_per_network": 2, "router_create_args": null} times: 40 method_name: run timeout: 0 duration: None cls:
2019-07-24 09:30:09.306 25170 RALLYDEBUG rally.task.runner [-] Starting a worker. concurrency: 2 args: {"network_create_args": null, "subnet_create_args": null, "subnet_cidr_start": "1.1.0.0/30", "subnets_per_network": 2, "router_create_args": null} times: 40 method_name: run timeout: 0 duration: None cls:
2019-07-24 09:30:09.308 25171 RALLYDEBUG rally.task.runner [-] Starting a worker. concurrency: 2 args: {"network_create_args": null, "subnet_create_args": null, "subnet_cidr_start": "1.1.0.0/30", "subnets_per_network": 2, "router_create_args": null} times: 40 method_name: run timeout: 0 duration: None cls:
2019-07-24 09:30:09.311 25169 INFO rally.task.runner [-] Task f6c83288-f3c9-489d-9e8d-932b1b4ea919 | ITER: 1 START
2019-07-24 09:30:09.312 25172 RALLYDEBUG rally.task.runner [-] Starting a worker. concurrency: 2 args: {"network_create_args": null, "subnet_create_args": null, "subnet_cidr_start": "1.1.0.0/30", "subnets_per_network": 2, "router_create_args": null} times: 40 method_name: run timeout: 0 duration: None cls:
2019-07-24 09:30:09.313 25170 INFO rally.task.runner [-] Task f6c83288-f3c9-489d-9e8d-932b1b4ea919 | ITER: 5 START
2019-07-24 09:30:09.315 25179 RALLYDEBUG rally.task.runner [-] Starting a worker. concurrency: 1 args: {"network_create_args": null, "subnet_create_args": null, "subnet_cidr_start": "1.1.0.0/30", "subnets_per_network": 2, "router_create_args": null} times: 40 method_name: run timeout: 0 duration: None cls:
2019-07-24 09:30:09.315 25174 RALLYDEBUG rally.task.runner [-] Starting a worker. concurrency: 1 args: {"network_create_args": null, "subnet_create_args": null, "subnet_cidr_start": "1.1.0.0/30", "subnets_per_network": 2, "router_create_args": null} times: 40 method_name: run timeout: 0 duration: None cls:
2019-07-24 09:30:09.315 25171 INFO rally.task.runner [-] Task f6c83288-f3c9-489d-9e8d-932b1b4ea919 | ITER: 4 START
2019-07-24 09:30:09.317 25169 INFO rally.task.runner [-] Task f6c83288-f3c9-489d-9e8d-932b1b4ea919 | ITER: 3 START
2019-07-24 09:30:09.316 25171 INFO rally.task.runner [-] Task f6c83288-f3c9-489d-9e8d-932b1b4ea919 | ITER: 6 START
2019-07-24 09:30:09.319 25179 INFO rally.task.runner [-] Task f6c83288-f3c9-489d-9e8d-932b1b4ea919 | ITER: 8 START
2019-07-24 09:30:09.320 25172 INFO rally.task.runner [-] Task f6c83288-f3c9-489d-9e8d-932b1b4ea919 | ITER: 7 START
2019-07-24 09:30:09.320 25183 RALLYDEBUG rally.task.runner [-] Starting a worker. concurrency: 1 args: {"network_create_args": null, "subnet_create_args": null, "subnet_cidr_start": "1.1.0.0/30", "subnets_per_network": 2, "router_create_args": null} times: 40 method_name: run timeout: 0 duration: None cls:
2019-07-24 09:30:09.322 25186 RALLYDEBUG rally.task.runner [-] Starting a worker. concurrency: 1 args: {"network_create_args": null, "subnet_create_args": null, "subnet_cidr_start": "1.1.0.0/30", "subnets_per_network": 2, "router_create_args": null} times: 40 method_name: run timeout: 0 duration: None cls:
2019-07-24 09:30:09.324 25174 INFO rally.task.runner [-] Task f6c83288-f3c9-489d-9e8d-932b1b4ea919 | ITER: 9 START
2019-07-24 09:30:09.325 25186 INFO rally.task.runner [-] Task f6c83288-f3c9-489d-9e8d-932b1b4ea919 | ITER: 12 START
2019-07-24 09:30:09.314 25170 INFO rally.task.runner [-] Task f6c83288-f3c9-489d-9e8d-932b1b4ea919 | ITER: 2 START
2019-07-24 09:30:09.328 25183 INFO rally.task.runner [-] Task f6c83288-f3c9-489d-9e8d-932b1b4ea919 | ITER: 11 START
2019-07-24 09:30:09.328 25192 RALLYDEBUG rally.task.runner [-] Starting a worker. concurrency: 1 args: {"network_create_args": null, "subnet_create_args": null, "subnet_cidr_start": "1.1.0.0/30", "subnets_per_network": 2, "router_create_args": null} times: 40 method_name: run timeout: 0 duration: None cls:
2019-07-24 09:30:09.329 25197 RALLYDEBUG rally.task.runner [-] Starting a worker. concurrency: 1 args: {"network_create_args": null, "subnet_create_args": null, "subnet_cidr_start": "1.1.0.0/30", "subnets_per_network": 2, "router_create_args": null} times: 40 method_name: run timeout: 0 duration: None cls:
2019-07-24 09:30:09.333 25197 INFO rally.task.runner [-] Task f6c83288-f3c9-489d-9e8d-932b1b4ea919 | ITER: 14 START
2019-07-24 09:30:09.333 25192 INFO rally.task.runner [-] Task f6c83288-f3c9-489d-9e8d-932b1b4ea919 | ITER: 13 START
2019-07-24 09:30:09.333 25172 INFO rally.task.runner [-] Task f6c83288-f3c9-489d-9e8d-932b1b4ea919 | ITER: 10 START
2019-07-24 09:30:09.342 25198 RALLYDEBUG rally.task.runner [-] Starting a worker. concurrency: 1 args: {"network_create_args": null, "subnet_create_args": null, "subnet_cidr_start": "1.1.0.0/30", "subnets_per_network": 2, "router_create_args": null} times: 40 method_name: run timeout: 0 duration: None cls:
2019-07-24 09:30:09.345 25204 RALLYDEBUG rally.task.runner [-] Starting a worker. concurrency: 1 args: {"network_create_args": null, "subnet_create_args": null, "subnet_cidr_start": "1.1.0.0/30", "subnets_per_network": 2, "router_create_args": null} times: 40 method_name: run timeout: 0 duration: None cls:
2019-07-24 09:30:09.348 25198 INFO rally.task.runner [-] Task f6c83288-f3c9-489d-9e8d-932b1b4ea919 | ITER: 15 START
2019-07-24 09:30:09.350 25204 INFO rally.task.runner [-] Task f6c83288-f3c9-489d-9e8d-932b1b4ea919 | ITER: 16 START
2019-07-24 09:30:09.352 25205 RALLYDEBUG rally.task.runner [-] Starting a worker. concurrency: 1 args: {"network_create_args": null, "subnet_create_args": null, "subnet_cidr_start": "1.1.0.0/30", "subnets_per_network": 2, "router_create_args": null} times: 40 method_name: run timeout: 0 duration: None cls:
2019-07-24 09:30:09.357 25205 INFO rally.task.runner [-] Task f6c83288-f3c9-489d-9e8d-932b1b4ea919 | ITER: 17 START
2019-07-24 09:30:09.358 25210 RALLYDEBUG rally.task.runner [-] Starting a worker. concurrency: 1 args: {"network_create_args": null, "subnet_create_args": null, "subnet_cidr_start": "1.1.0.0/30", "subnets_per_network": 2, "router_create_args": null} times: 40 method_name: run timeout: 0 duration: None cls:
2019-07-24 09:30:09.362 25210 INFO rally.task.runner [-] Task f6c83288-f3c9-489d-9e8d-932b1b4ea919 | ITER: 18 START
2019-07-24 09:30:09.363 25213 RALLYDEBUG rally.task.runner [-] Starting a worker. concurrency: 1 args: {"network_create_args": null, "subnet_create_args": null, "subnet_cidr_start": "1.1.0.0/30", "subnets_per_network": 2, "router_create_args": null} times: 40 method_name: run timeout: 0 duration: None cls:
2019-07-24 09:30:09.367 25213 INFO rally.task.runner [-] Task f6c83288-f3c9-489d-9e8d-932b1b4ea919 | ITER: 19 START
2019-07-24 09:30:09.369 25216 RALLYDEBUG rally.task.runner [-] Starting a worker. concurrency: 1 args: {"network_create_args": null, "subnet_create_args": null, "subnet_cidr_start": "1.1.0.0/30", "subnets_per_network": 2, "router_create_args": null} times: 40 method_name: run timeout: 0 duration: None cls:
2019-07-24 09:30:09.373 25216 INFO rally.task.runner [-] Task f6c83288-f3c9-489d-9e8d-932b1b4ea919 | ITER: 20 START
2019-07-24 09:30:11.101 25172 RALLYDEBUG rally_openstack.wrappers.network [-] CIDR generated: 1.1.5.160/30
2019-07-24 09:30:11.125 25172 RALLYDEBUG rally_openstack.wrappers.network [-] CIDR generated: 1.1.5.164/30
2019-07-24 09:30:11.172 25169 RALLYDEBUG rally_openstack.wrappers.network [-] CIDR generated: 1.1.5.168/30
2019-07-24 09:30:11.211 25192 RALLYDEBUG rally_openstack.wrappers.network [-] CIDR generated: 1.1.5.172/30
2019-07-24 09:30:11.236 25171 RALLYDEBUG rally_openstack.wrappers.network [-] CIDR generated: 1.1.5.176/30
2019-07-24 09:30:11.249 25174 RALLYDEBUG rally_openstack.wrappers.network [-] CIDR generated: 1.1.5.180/30
2019-07-24 09:30:11.265 25186 RALLYDEBUG rally_openstack.wrappers.network [-] CIDR generated: 1.1.5.184/30
2019-07-24 09:30:11.267 25179 RALLYDEBUG rally_openstack.wrappers.network [-] CIDR generated: 1.1.5.188/30
2019-07-24 09:30:11.512 25169 RALLYDEBUG rally_openstack.wrappers.network [-] CIDR generated: 1.1.5.192/30
2019-07-24 09:30:11.548 25205 RALLYDEBUG rally_openstack.wrappers.network [-] CIDR generated: 1.1.5.196/30
2019-07-24 09:30:11.597 25170 RALLYDEBUG rally_openstack.wrappers.network [-] CIDR generated: 1.1.5.200/30
2019-07-24 09:30:11.642 25171 RALLYDEBUG rally_openstack.wrappers.network [-] CIDR generated: 1.1.5.204/30
2019-07-24 09:30:11.829 25213 RALLYDEBUG rally_openstack.wrappers.network [-] CIDR generated: 1.1.5.208/30
2019-07-24 09:30:11.871 25210 RALLYDEBUG rally_openstack.wrappers.network [-] CIDR generated: 1.1.5.212/30
2019-07-24 09:30:11.897 25183 RALLYDEBUG rally_openstack.wrappers.network [-] CIDR generated: 1.1.5.216/30
2019-07-24 09:30:12.263 25172 RALLYDEBUG rally_openstack.wrappers.network [-] CIDR generated: 1.1.5.220/30
2019-07-24 09:30:12.275 25169 RALLYDEBUG rally_openstack.wrappers.network [-] CIDR generated: 1.1.5.224/30
2019-07-24 09:30:12.328 25197 RALLYDEBUG rally_openstack.wrappers.network [-] CIDR generated: 1.1.5.228/30
2019-07-24 09:30:12.345 25192 RALLYDEBUG rally_openstack.wrappers.network [-] CIDR generated: 1.1.5.232/30
2019-07-24 09:30:12.351 25170 RALLYDEBUG rally_openstack.wrappers.network [-] CIDR generated: 1.1.5.236/30
2019-07-24 09:30:12.374 25204 RALLYDEBUG rally_openstack.wrappers.network [-] CIDR generated: 1.1.5.240/30
2019-07-24 09:30:12.561 25179 RALLYDEBUG rally_openstack.wrappers.network [-] CIDR generated: 1.1.5.244/30
2019-07-24 09:30:12.723 25216 RALLYDEBUG rally_openstack.wrappers.network [-] CIDR generated: 1.1.5.248/30
2019-07-24 09:30:12.956 25198 RALLYDEBUG rally_openstack.wrappers.network [-] CIDR generated: 1.1.5.252/30
2019-07-24 09:30:13.753 25171 RALLYDEBUG rally_openstack.wrappers.network [-] CIDR generated: 1.1.6.0/30
2019-07-24 09:30:14.032 25174 RALLYDEBUG rally_openstack.wrappers.network [-] CIDR generated: 1.1.6.4/30
2019-07-24 09:30:14.269 25171 RALLYDEBUG rally_openstack.wrappers.network [-] CIDR generated: 1.1.6.8/30
2019-07-24 09:30:14.286 25169 RALLYDEBUG rally_openstack.wrappers.network [-] CIDR generated: 1.1.6.12/30
2019-07-24 09:30:14.377 25205 RALLYDEBUG rally_openstack.wrappers.network [-] CIDR generated: 1.1.6.16/30
2019-07-24 09:30:14.431 25213 RALLYDEBUG rally_openstack.wrappers.network [-] CIDR generated: 1.1.6.20/30
2019-07-24 09:30:14.571 25170 RALLYDEBUG rally_openstack.wrappers.network [-] CIDR generated: 1.1.6.24/30
2019-07-24 09:30:14.740 25210 RALLYDEBUG rally_openstack.wrappers.network [-] CIDR generated: 1.1.6.28/30
2019-07-24 09:30:16.623 25172 RALLYDEBUG rally_openstack.wrappers.network [-] CIDR generated: 1.1.6.32/30
2019-07-24 09:30:16.943 25186 RALLYDEBUG rally_openstack.wrappers.network [-] CIDR generated: 1.1.6.36/30
2019-07-24 09:30:17.224 25204 RALLYDEBUG rally_openstack.wrappers.network [-] CIDR generated: 1.1.6.40/30
2019-07-24 09:30:17.346 25183 RALLYDEBUG rally_openstack.wrappers.network [-] CIDR generated: 1.1.6.44/30
2019-07-24 09:30:17.384 25197 RALLYDEBUG rally_openstack.wrappers.network [-] CIDR generated: 1.1.6.48/30
2019-07-24 09:30:17.539 25216 RALLYDEBUG rally_openstack.wrappers.network [-] CIDR generated: 1.1.6.52/30
2019-07-24 09:30:17.936 25170 RALLYDEBUG rally_openstack.wrappers.network [-] CIDR generated: 1.1.6.56/30
2019-07-24 09:30:18.121 25198 RALLYDEBUG rally_openstack.wrappers.network [-] CIDR generated: 1.1.6.60/30
2019-07-24 09:30:23.849 25169 INFO rally.task.runner [-] Task f6c83288-f3c9-489d-9e8d-932b1b4ea919 | ITER: 1 END: OK
2019-07-24 09:30:23.854 25169 INFO rally.task.runner [-] Task f6c83288-f3c9-489d-9e8d-932b1b4ea919 | ITER: 21 START
2019-07-24 09:30:24.373 25192 INFO rally.task.runner [-] Task f6c83288-f3c9-489d-9e8d-932b1b4ea919 | ITER: 13 END: OK
2019-07-24 09:30:24.378 25192 INFO rally.task.runner [-] Task f6c83288-f3c9-489d-9e8d-932b1b4ea919 | ITER: 22 START
2019-07-24 09:30:25.111 25172 INFO rally.task.runner [-] Task f6c83288-f3c9-489d-9e8d-932b1b4ea919 | ITER: 7 END: OK
2019-07-24 09:30:25.116 25172 INFO rally.task.runner [-] Task f6c83288-f3c9-489d-9e8d-932b1b4ea919 | ITER: 23 START
2019-07-24 09:30:25.321 25169 RALLYDEBUG rally_openstack.wrappers.network [-] CIDR generated: 1.1.6.64/30
2019-07-24 09:30:25.413 25179 INFO rally.task.runner [-] Task f6c83288-f3c9-489d-9e8d-932b1b4ea919 | ITER: 8 END: OK
2019-07-24 09:30:25.417 25179 INFO rally.task.runner [-] Task f6c83288-f3c9-489d-9e8d-932b1b4ea919 | ITER: 24 START
2019-07-24 09:30:25.956 25192 RALLYDEBUG rally_openstack.wrappers.network [-] CIDR generated: 1.1.6.68/30
2019-07-24 09:30:27.045 25172 RALLYDEBUG rally_openstack.wrappers.network [-] CIDR generated: 1.1.6.72/30
2019-07-24 09:30:27.185 25179 RALLYDEBUG rally_openstack.wrappers.network [-] CIDR generated: 1.1.6.76/30
