2019-07-24 09:44:18.918 26980 WARNING rally_openstack.scenarios.neutron.utils [-] Running this scenario without either the 'network' or 'existing_network' context is deprecated
2019-07-24 09:44:19.431 26998 INFO rally.task.runner [-] Task f6c83288-f3c9-489d-9e8d-932b1b4ea919 | ITER: 27 END: OK
2019-07-24 09:44:19.436 26998 INFO rally.task.runner [-] Task f6c83288-f3c9-489d-9e8d-932b1b4ea919 | ITER: 40 START
2019-07-24 09:44:19.437 26998 WARNING rally_openstack.scenarios.neutron.utils [-] Running this scenario without either the 'network' or 'existing_network' context is deprecated
2019-07-24 09:44:24.768 26954 INFO rally.task.runner [-] Task f6c83288-f3c9-489d-9e8d-932b1b4ea919 | ITER: 30 END: OK
2019-07-24 09:44:25.204 26977 INFO rally.task.runner [-] Task f6c83288-f3c9-489d-9e8d-932b1b4ea919 | ITER: 25 END: OK
2019-07-24 09:44:25.206 26951 INFO rally.task.runner [-] Task f6c83288-f3c9-489d-9e8d-932b1b4ea919 | ITER: 24 END: OK
2019-07-24 09:44:26.815 26958 INFO rally.task.runner [-] Task f6c83288-f3c9-489d-9e8d-932b1b4ea919 | ITER: 28 END: OK
2019-07-24 09:44:26.960 26969 INFO rally.task.runner [-] Task f6c83288-f3c9-489d-9e8d-932b1b4ea919 | ITER: 29 END: OK
2019-07-24 09:44:27.239 26954 INFO rally.task.runner [-] Task f6c83288-f3c9-489d-9e8d-932b1b4ea919 | ITER: 34 END: OK
2019-07-24 09:44:28.746 26998 INFO rally.task.runner [-] Task f6c83288-f3c9-489d-9e8d-932b1b4ea919 | ITER: 40 END: OK
2019-07-24 09:44:28.786 26955 INFO rally.task.runner [-] Task f6c83288-f3c9-489d-9e8d-932b1b4ea919 | ITER: 32 END: OK
2019-07-24 09:44:30.988 26983 INFO rally.task.runner [-] Task f6c83288-f3c9-489d-9e8d-932b1b4ea919 | ITER: 31 END: OK
2019-07-24 09:44:31.113 26953 INFO rally.task.runner [-] Task f6c83288-f3c9-489d-9e8d-932b1b4ea919 | ITER: 33 END: OK
2019-07-24 09:44:31.572 26952 INFO rally.task.runner [-] Task f6c83288-f3c9-489d-9e8d-932b1b4ea919 | ITER: 5 END: OK
2019-07-24 09:44:31.862 26952 INFO rally.task.runner [-] Task f6c83288-f3c9-489d-9e8d-932b1b4ea919 | ITER: 35 END: OK
2019-07-24 09:44:31.864 26987 INFO rally.task.runner [-] Task f6c83288-f3c9-489d-9e8d-932b1b4ea919 | ITER: 36 END: OK
2019-07-24 09:44:31.902 26951 INFO rally.task.runner [-] Task f6c83288-f3c9-489d-9e8d-932b1b4ea919 | ITER: 1 END: OK
2019-07-24 09:44:32.321 26953 INFO rally.task.runner [-] Task f6c83288-f3c9-489d-9e8d-932b1b4ea919 | ITER: 6 END: OK
2019-07-24 09:44:32.329 26984 INFO rally.task.runner [-] Task f6c83288-f3c9-489d-9e8d-932b1b4ea919 | ITER: 15 END: OK
2019-07-24 09:44:32.354 26990 INFO rally.task.runner [-] Task f6c83288-f3c9-489d-9e8d-932b1b4ea919 | ITER: 18 END: OK
2019-07-24 09:44:37.921 26995 INFO rally.task.runner [-] Task f6c83288-f3c9-489d-9e8d-932b1b4ea919 | ITER: 37 END: OK
2019-07-24 09:44:38.072 26964 INFO rally.task.runner [-] Task f6c83288-f3c9-489d-9e8d-932b1b4ea919 | ITER: 38 END: OK
2019-07-24 09:44:38.330 26980 INFO rally.task.runner [-] Task f6c83288-f3c9-489d-9e8d-932b1b4ea919 | ITER: 39 END: OK
2019-07-24 09:44:38.351 22705 INFO rally.task.context [-] Task f6c83288-f3c9-489d-9e8d-932b1b4ea919 | Context cleanup@openstack cleanup() started
2019-07-24 09:44:38.354 22705 RALLYDEBUG rally_openstack.cleanup.manager [-] Cleaning up neutron vip objects
2019-07-24 09:44:39.052 22705 RALLYDEBUG rally_openstack.cleanup.manager [-] Cleaning up neutron health_monitor objects
2019-07-24 09:44:39.708 22705 RALLYDEBUG rally_openstack.cleanup.manager [-] Cleaning up neutron pool objects
2019-07-24 09:44:40.419 22705 RALLYDEBUG rally_openstack.cleanup.manager [-] Cleaning up neutron loadbalancer objects
2019-07-24 09:44:41.037 22705 RALLYDEBUG rally_openstack.cleanup.manager [-] Cleaning up neutron floatingip objects
2019-07-24 09:44:41.792 22705 RALLYDEBUG rally_openstack.cleanup.manager [-] Cleaning up neutron port objects
2019-07-24 09:44:42.564 22705 RALLYDEBUG rally_openstack.cleanup.manager [-] Cleaning up neutron subnet objects
2019-07-24 09:44:43.327 22705 RALLYDEBUG rally_openstack.cleanup.manager [-] Cleaning up neutron network objects
2019-07-24 09:44:44.364 22705 RALLYDEBUG rally_openstack.cleanup.manager [-] Deleting neutron.network object s_rally_75adffb2_wtxRrm1q (13f0fa1a-578a-4620-bd33-f1e962bf4fb5)
2019-07-24 09:44:44.532 22705 RALLYDEBUG rally_openstack.cleanup.manager [-] Deleting neutron.network object s_rally_75adffb2_SQwozUfK (2606ac5b-ad1a-4419-918b-be8cfcab7f5b)
2019-07-24 09:44:44.533 22705 RALLYDEBUG rally_openstack.cleanup.manager [-] Deleting neutron.network object s_rally_75adffb2_t0Ssf1u8 (1302988d-7be2-4d21-af2c-9103406ed858)
2019-07-24 09:44:44.540 22705 RALLYDEBUG rally_openstack.cleanup.manager [-] Deleting neutron.network object s_rally_75adffb2_gIxfjAoq (2c04cb7f-f47e-41c7-8b4f-811c8202e21c)
2019-07-24 09:44:44.545 22705 RALLYDEBUG rally_openstack.cleanup.manager [-] Deleting neutron.network object s_rally_75adffb2_kNevs2UH (1fa51a8f-69cd-4cc0-a62c-dfebad11d91e)
2019-07-24 09:44:44.554 22705 RALLYDEBUG rally_openstack.cleanup.manager [-] Deleting neutron.network object s_rally_75adffb2_cJqQdTz7 (1b41a82c-5db6-49c8-a893-d5f15b85cbff)
2019-07-24 09:44:44.559 22705 RALLYDEBUG rally_openstack.cleanup.manager [-] Deleting neutron.network object s_rally_75adffb2_gpthC0Gs (3c650697-888c-4190-9c66-66df3f63a65f)
2019-07-24 09:44:44.561 22705 RALLYDEBUG rally_openstack.cleanup.manager [-] Deleting neutron.network object s_rally_75adffb2_T7jQra1k (28c0c07b-61bb-4cac-9bbb-8d71e993b961)
2019-07-24 09:44:44.579 22705 RALLYDEBUG rally_openstack.cleanup.manager [-] Deleting neutron.network object s_rally_75adffb2_RP7NH6F8 (3f2e7dec-b515-4b88-9f77-63335e432aee)
2019-07-24 09:44:44.596 22705 RALLYDEBUG rally_openstack.cleanup.manager [-] Deleting neutron.network object s_rally_75adffb2_VYdvSUap (3d223a60-bb2b-4783-b3c7-66520416262c)
2019-07-24 09:44:44.632 22705 RALLYDEBUG rally_openstack.cleanup.manager [-] Deleting neutron.network object s_rally_75adffb2_KMV8sZB5 (404eec1b-caab-4251-b2f9-992dc09bc6f8)
2019-07-24 09:44:44.633 22705 RALLYDEBUG rally_openstack.cleanup.manager [-] Deleting neutron.network object s_rally_75adffb2_uIVgpews (4f6b6ba6-f35e-4ea6-b935-cffb9de0439b)
2019-07-24 09:44:44.636 22705 RALLYDEBUG rally_openstack.cleanup.manager [-] Deleting neutron.network object s_rally_75adffb2_uKcOhPcm (63a0ac37-980e-4b32-807a-093a3e91ec1e)
2019-07-24 09:44:44.637 22705 RALLYDEBUG rally_openstack.cleanup.manager [-] Deleting neutron.network object s_rally_75adffb2_rksTrgCt (6d3692b8-cd2c-46e5-9a5c-8cc354c66e37)
2019-07-24 09:44:44.646 22705 RALLYDEBUG rally_openstack.cleanup.manager [-] Deleting neutron.network object s_rally_75adffb2_Ic6EkPJF (73a9ccf2-2433-4425-a28e-255b4e4a52ba)
2019-07-24 09:44:44.646 22705 RALLYDEBUG rally_openstack.cleanup.manager [-] Deleting neutron.network object s_rally_75adffb2_F4JsDXHD (55374543-0d4f-4808-84cc-8e2909a5a9a9)
2019-07-24 09:44:44.650 22705 RALLYDEBUG rally_openstack.cleanup.manager [-] Deleting neutron.network object s_rally_75adffb2_Fk4Kq9Un (83cb43f5-3aff-40e3-a27d-aea4b748cf40)
2019-07-24 09:44:44.650 22705 RALLYDEBUG rally_openstack.cleanup.manager [-] Deleting neutron.network object s_rally_75adffb2_TlFYouNX (7a026a5f-31c7-45b2-95ec-746c90f5fa8d)
2019-07-24 09:44:44.651 22705 RALLYDEBUG rally_openstack.cleanup.manager [-] Deleting neutron.network object s_rally_75adffb2_bNJGjrBy (41c0c3e8-7b53-4223-b4e9-8d00ee36996f)
2019-07-24 09:44:44.655 22705 RALLYDEBUG rally_openstack.cleanup.manager [-] Deleting neutron.network object s_rally_75adffb2_IeL8Ue8R (7db90278-ee35-4e32-b575-9b8638bd87f7)
2019-07-24 09:44:47.232 22705 RALLYDEBUG rally_openstack.cleanup.manager [-] Deleting neutron.network object s_rally_75adffb2_JEAfbd7x (85268f04-4b61-4f55-b303-e05e7161d87c)
2019-07-24 09:44:47.328 22705 RALLYDEBUG rally_openstack.cleanup.manager [-] Deleting neutron.network object s_rally_75adffb2_OBe0mDKC (852e3739-af5c-44d5-bc55-f6963d5fadd7)
2019-07-24 09:44:47.424 22705 RALLYDEBUG rally_openstack.cleanup.manager [-] Deleting neutron.network object s_rally_75adffb2_KUqpKipz (96be9f73-ff25-4116-a248-76f88e8cf506)
2019-07-24 09:44:47.437 22705 RALLYDEBUG rally_openstack.cleanup.manager [-] Deleting neutron.network object s_rally_75adffb2_qtQ7ww6u (a44dfeba-083a-4b72-b98a-a4f7ec9550e5)
2019-07-24 09:44:47.931 22705 RALLYDEBUG rally_openstack.cleanup.manager [-] Deleting neutron.network object s_rally_75adffb2_RcR2ScEf (a59a5ef3-a7fc-45d5-8b72-cc71759aac75)
2019-07-24 09:44:49.086 22705 RALLYDEBUG rally_openstack.cleanup.manager [-] Deleting neutron.network object s_rally_75adffb2_E1kAgfiu (a76d5dcc-3ef7-488f-8462-1b2790d884c9)
2019-07-24 09:44:49.119 22705 RALLYDEBUG rally_openstack.cleanup.manager [-] Deleting neutron.network object s_rally_75adffb2_0cifwLAQ (ab69dfba-403c-4fed-9c1f-5f02bab419c2)
2019-07-24 09:44:49.736 22705 RALLYDEBUG rally_openstack.cleanup.manager [-] Deleting neutron.network object s_rally_75adffb2_iAUF4HfJ (ac48ae77-adec-482e-a0e9-96091ce8caa9)
2019-07-24 09:44:49.841 22705 RALLYDEBUG rally_openstack.cleanup.manager [-] Deleting neutron.network object s_rally_75adffb2_Vtik6ufQ (b390fe48-c208-4aab-96da-6e3f901a1b80)
2019-07-24 09:44:50.302 22705 RALLYDEBUG rally_openstack.cleanup.manager [-] Deleting neutron.network object s_rally_75adffb2_xiR0jF19 (b4a0829c-14b0-4de4-92b5-bb8d8e98e731)
2019-07-24 09:44:50.459 22705 RALLYDEBUG rally_openstack.cleanup.manager [-] Deleting neutron.network object s_rally_75adffb2_a6flzNdv (b6719a14-e15a-4795-b441-2692bfd2336b)
2019-07-24 09:44:50.766 22705 RALLYDEBUG rally_openstack.cleanup.manager [-] Deleting neutron.network object s_rally_75adffb2_C4UObKvR (be1ecb3b-5ac0-4721-893e-4c3c923246e8)
2019-07-24 09:44:50.824 22705 RALLYDEBUG rally_openstack.cleanup.manager [-] Deleting neutron.network object s_rally_75adffb2_ite423I7 (cc781b18-18b0-41d5-bfb4-27f0796a1f08)
2019-07-24 09:44:51.508 22705 RALLYDEBUG rally_openstack.cleanup.manager [-] Deleting neutron.network object s_rally_75adffb2_Nj5ME0mk (cdefce02-f925-40fc-b2a3-e71e30b8417a)
2019-07-24 09:44:51.580 22705 RALLYDEBUG rally_openstack.cleanup.manager [-] Deleting neutron.network object s_rally_75adffb2_GncXE8Hv (ce3f9567-51d2-47b7-b7f8-ad864fbe707b)
2019-07-24 09:44:51.686 22705 RALLYDEBUG rally_openstack.cleanup.manager [-] Deleting neutron.network object s_rally_75adffb2_y7RF4ala (e1aa237b-3d6f-488a-ac05-3181c952395d)
2019-07-24 09:44:51.691 22705 RALLYDEBUG rally_openstack.cleanup.manager [-] Deleting neutron.network object s_rally_75adffb2_oPhkHyC1 (ebd3af3c-e774-4240-88d9-c29aaf5517ba)
2019-07-24 09:44:51.743 22705 RALLYDEBUG rally_openstack.cleanup.manager [-] Deleting neutron.network object s_rally_75adffb2_11m2Q2yW (efed40ad-fc95-4c22-af69-629a3f6ed5a3)
2019-07-24 09:44:51.748 22705 RALLYDEBUG rally_openstack.cleanup.manager [-] Deleting neutron.network object s_rally_75adffb2_f98JZzaf (f1714422-3743-4757-91a7-5969bc2e03af)
2019-07-24 09:44:51.829 22705 RALLYDEBUG rally_openstack.cleanup.manager [-] Deleting neutron.network object s_rally_75adffb2_JM6ybWe8 (f9a9f65e-6b3b-4e57-94e5-1d066496e558)
2019-07-24 09:44:55.025 22705 RALLYDEBUG rally_openstack.cleanup.manager [-] Cleaning up neutron router objects
2019-07-24 09:44:55.722 22705 RALLYDEBUG rally_openstack.cleanup.manager [-] Cleaning up neutron security_group objects
2019-07-24 09:44:56.376 22705 INFO rally.task.context [-] Task f6c83288-f3c9-489d-9e8d-932b1b4ea919 | Context cleanup@openstack cleanup() finished in 18.02 sec
2019-07-24 09:44:56.377 22705 INFO rally.task.context [-] Task f6c83288-f3c9-489d-9e8d-932b1b4ea919 | Context quotas@openstack cleanup() started
2019-07-24 09:44:56.590 22705 INFO rally.task.context [-] Task f6c83288-f3c9-489d-9e8d-932b1b4ea919 | Context quotas@openstack cleanup() finished in 0.21 sec
2019-07-24 09:44:56.590 22705 INFO rally.task.context [-] Task f6c83288-f3c9-489d-9e8d-932b1b4ea919 | Context users@openstack cleanup() started
2019-07-24 09:45:01.049 22705 INFO rally.task.context [-] Task f6c83288-f3c9-489d-9e8d-932b1b4ea919 | Context users@openstack cleanup() finished in 4.46 sec
2019-07-24 09:45:02.956 22705 INFO rally.task.engine [-] Load duration is: 46.477368
2019-07-24 09:45:02.956 22705 INFO rally.task.engine [-] Full runner duration is: 46.52212
2019-07-24 09:45:02.956 22705 INFO rally.task.engine [-] Full duration is: 74.363473
2019-07-24 09:45:03.244 22705 INFO rally.task.engine [-] Running workload: position = 0 config = { "version": 2, "title": "A cropped version of a bigger task.", "description": "Auto-generated task from a single workload (uuid=5adeebc4-10bb-498f-87ae-796812b1a9cd)", "subtasks": [ { "title": "Quotas.neutron_update", "description": "Update quotas for neutron.", "scenario": { "Quotas.neutron_update": { "max_quota": 1024 } }, "contexts": { "users": { "tenants": 20, "users_per_tenant": 1 } }, "runner": { "constant": { "times": 40, "concurrency": 20 } }, "hooks": [], "sla": { "failure_rate": { "max": 0 } } } ] }
2019-07-24 09:45:03.268 22705 RALLYDEBUG rally_openstack.contexts.keystone.users [-] Creating 20 tenants using 20 threads
2019-07-24 09:45:07.295 22705 RALLYDEBUG rally_openstack.contexts.keystone.users [-] Creating 20 users using 20 threads
2019-07-24 09:45:12.590 22705 INFO rally.task.context [-] Task f6c83288-f3c9-489d-9e8d-932b1b4ea919 | Context users@openstack setup() finished in 9.32 sec
2019-07-24 09:45:12.591 22705 INFO rally.task.context [-] Task f6c83288-f3c9-489d-9e8d-932b1b4ea919 | Context admin_cleanup@openstack setup() finished in 0.01 msec
2019-07-24 09:45:12.599 22705 RALLYDEBUG rally.task.runner [-] Starting the constant runner (task UUID: f6c83288-f3c9-489d-9e8d-932b1b4ea919). timeout: 0 concurrency: 20 concurrency_per_worker: 1 times: 40 concurrency_overhead: 4 processes_to_start: 16 max_cpu_used: 16
2019-07-24 09:45:12.613 27321 RALLYDEBUG rally.task.runner [-] Starting a worker. concurrency: 2 args: {"max_quota": 1024} times: 40 method_name: run timeout: 0 duration: None cls:
2019-07-24 09:45:12.616 27322 RALLYDEBUG rally.task.runner [-] Starting a worker. concurrency: 2 args: {"max_quota": 1024} times: 40 method_name: run timeout: 0 duration: None cls:
2019-07-24 09:45:12.617 27323 RALLYDEBUG rally.task.runner [-] Starting a worker. concurrency: 2 args: {"max_quota": 1024} times: 40 method_name: run timeout: 0 duration: None cls:
2019-07-24 09:45:12.622 27324 RALLYDEBUG rally.task.runner [-] Starting a worker. concurrency: 2 args: {"max_quota": 1024} times: 40 method_name: run timeout: 0 duration: None cls:
2019-07-24 09:45:12.625 27323 INFO rally.task.runner [-] Task f6c83288-f3c9-489d-9e8d-932b1b4ea919 | ITER: 3 START
2019-07-24 09:45:12.626 27325 RALLYDEBUG rally.task.runner [-] Starting a worker. concurrency: 1 args: {"max_quota": 1024} times: 40 method_name: run timeout: 0 duration: None cls:
2019-07-24 09:45:12.627 27322 INFO rally.task.runner [-] Task f6c83288-f3c9-489d-9e8d-932b1b4ea919 | ITER: 2 START
2019-07-24 09:45:12.631 27321 INFO rally.task.runner [-] Task f6c83288-f3c9-489d-9e8d-932b1b4ea919 | ITER: 1 START
2019-07-24 09:45:12.632 27324 INFO rally.task.runner [-] Task f6c83288-f3c9-489d-9e8d-932b1b4ea919 | ITER: 5 START
2019-07-24 09:45:12.633 27331 RALLYDEBUG rally.task.runner [-] Starting a worker. concurrency: 1 args: {"max_quota": 1024} times: 40 method_name: run timeout: 0 duration: None cls:
2019-07-24 09:45:12.634 27333 RALLYDEBUG rally.task.runner [-] Starting a worker. concurrency: 1 args: {"max_quota": 1024} times: 40 method_name: run timeout: 0 duration: None cls:
2019-07-24 09:45:12.637 27325 INFO rally.task.runner [-] Task f6c83288-f3c9-489d-9e8d-932b1b4ea919 | ITER: 8 START
2019-07-24 09:45:12.632 27321 INFO rally.task.runner [-] Task f6c83288-f3c9-489d-9e8d-932b1b4ea919 | ITER: 4 START
2019-07-24 09:45:12.641 27337 RALLYDEBUG rally.task.runner [-] Starting a worker. concurrency: 1 args: {"max_quota": 1024} times: 40 method_name: run timeout: 0 duration: None cls:
2019-07-24 09:45:12.642 27333 INFO rally.task.runner [-] Task f6c83288-f3c9-489d-9e8d-932b1b4ea919 | ITER: 11 START
2019-07-24 09:45:12.642 27323 INFO rally.task.runner [-] Task f6c83288-f3c9-489d-9e8d-932b1b4ea919 | ITER: 6 START
2019-07-24 09:45:12.643 27331 INFO rally.task.runner [-] Task f6c83288-f3c9-489d-9e8d-932b1b4ea919 | ITER: 10 START
2019-07-24 09:45:12.643 27340 RALLYDEBUG rally.task.runner [-] Starting a worker. concurrency: 1 args: {"max_quota": 1024} times: 40 method_name: run timeout: 0 duration: None cls:
2019-07-24 09:45:12.648 27322 INFO rally.task.runner [-] Task f6c83288-f3c9-489d-9e8d-932b1b4ea919 | ITER: 7 START
2019-07-24 09:45:12.650 27324 INFO rally.task.runner [-] Task f6c83288-f3c9-489d-9e8d-932b1b4ea919 | ITER: 9 START
2019-07-24 09:45:12.651 27345 RALLYDEBUG rally.task.runner [-] Starting a worker. concurrency: 1 args: {"max_quota": 1024} times: 40 method_name: run timeout: 0 duration: None cls:
2019-07-24 09:45:12.653 27340 INFO rally.task.runner [-] Task f6c83288-f3c9-489d-9e8d-932b1b4ea919 | ITER: 13 START
2019-07-24 09:45:12.654 27337 INFO rally.task.runner [-] Task f6c83288-f3c9-489d-9e8d-932b1b4ea919 | ITER: 12 START
2019-07-24 09:45:12.655 27350 RALLYDEBUG rally.task.runner [-] Starting a worker. concurrency: 1 args: {"max_quota": 1024} times: 40 method_name: run timeout: 0 duration: None cls:
2019-07-24 09:45:12.662 27345 INFO rally.task.runner [-] Task f6c83288-f3c9-489d-9e8d-932b1b4ea919 | ITER: 14 START
2019-07-24 09:45:12.662 27350 INFO rally.task.runner [-] Task f6c83288-f3c9-489d-9e8d-932b1b4ea919 | ITER: 15 START
2019-07-24 09:45:12.666 27354 RALLYDEBUG rally.task.runner [-] Starting a worker. concurrency: 1 args: {"max_quota": 1024} times: 40 method_name: run timeout: 0 duration: None cls:
2019-07-24 09:45:12.673 27354 INFO rally.task.runner [-] Task f6c83288-f3c9-489d-9e8d-932b1b4ea919 | ITER: 16 START
2019-07-24 09:45:12.673 27359 RALLYDEBUG rally.task.runner [-] Starting a worker. concurrency: 1 args: {"max_quota": 1024} times: 40 method_name: run timeout: 0 duration: None cls:
2019-07-24 09:45:12.678 27360 RALLYDEBUG rally.task.runner [-] Starting a worker. concurrency: 1 args: {"max_quota": 1024} times: 40 method_name: run timeout: 0 duration: None cls:
2019-07-24 09:45:12.680 27363 RALLYDEBUG rally.task.runner [-] Starting a worker. concurrency: 1 args: {"max_quota": 1024} times: 40 method_name: run timeout: 0 duration: None cls:
2019-07-24 09:45:12.682 27359 INFO rally.task.runner [-] Task f6c83288-f3c9-489d-9e8d-932b1b4ea919 | ITER: 17 START
2019-07-24 09:45:12.685 27360 INFO rally.task.runner [-] Task f6c83288-f3c9-489d-9e8d-932b1b4ea919 | ITER: 18 START
2019-07-24 09:45:12.689 27365 RALLYDEBUG rally.task.runner [-] Starting a worker. concurrency: 1 args: {"max_quota": 1024} times: 40 method_name: run timeout: 0 duration: None cls:
2019-07-24 09:45:12.690 27363 INFO rally.task.runner [-] Task f6c83288-f3c9-489d-9e8d-932b1b4ea919 | ITER: 19 START
2019-07-24 09:45:12.696 27365 INFO rally.task.runner [-] Task f6c83288-f3c9-489d-9e8d-932b1b4ea919 | ITER: 20 START
2019-07-24 09:45:14.113 27333 INFO rally.task.runner [-] Task f6c83288-f3c9-489d-9e8d-932b1b4ea919 | ITER: 11 END: OK
2019-07-24 09:45:14.114 27323 INFO rally.task.runner [-] Task f6c83288-f3c9-489d-9e8d-932b1b4ea919 | ITER: 3 END: OK
2019-07-24 09:45:14.120 27333 INFO rally.task.runner [-] Task f6c83288-f3c9-489d-9e8d-932b1b4ea919 | ITER: 21 START
2019-07-24 09:45:14.122 27323 INFO rally.task.runner [-] Task f6c83288-f3c9-489d-9e8d-932b1b4ea919 | ITER: 22 START
2019-07-24 09:45:14.176 27331 INFO rally.task.runner [-] Task f6c83288-f3c9-489d-9e8d-932b1b4ea919 | ITER: 10 END: OK
2019-07-24 09:45:14.182 27331 INFO rally.task.runner [-] Task f6c83288-f3c9-489d-9e8d-932b1b4ea919 | ITER: 23 START
2019-07-24 09:45:14.217 27324 INFO rally.task.runner [-] Task f6c83288-f3c9-489d-9e8d-932b1b4ea919 | ITER: 9 END: OK
2019-07-24 09:45:14.218 27350 INFO rally.task.runner [-] Task f6c83288-f3c9-489d-9e8d-932b1b4ea919 | ITER: 15 END: OK
2019-07-24 09:45:14.223 27350 INFO rally.task.runner [-] Task f6c83288-f3c9-489d-9e8d-932b1b4ea919 | ITER: 25 START
2019-07-24 09:45:14.224 27324 INFO rally.task.runner [-] Task f6c83288-f3c9-489d-9e8d-932b1b4ea919 | ITER: 24 START
2019-07-24 09:45:14.224 27325 INFO rally.task.runner [-] Task f6c83288-f3c9-489d-9e8d-932b1b4ea919 | ITER: 8 END: OK
2019-07-24 09:45:14.230 27325 INFO rally.task.runner [-] Task f6c83288-f3c9-489d-9e8d-932b1b4ea919 | ITER: 26 START
2019-07-24 09:45:14.305 27322 INFO rally.task.runner [-] Task f6c83288-f3c9-489d-9e8d-932b1b4ea919 | ITER: 2 END: OK
2019-07-24 09:45:14.309 27337 INFO rally.task.runner [-] Task f6c83288-f3c9-489d-9e8d-932b1b4ea919 | ITER: 12 END: OK
2019-07-24 09:45:14.309 27321 INFO rally.task.runner [-] Task f6c83288-f3c9-489d-9e8d-932b1b4ea919 | ITER: 1 END: OK
2019-07-24 09:45:14.313 27322 INFO rally.task.runner [-] Task f6c83288-f3c9-489d-9e8d-932b1b4ea919 | ITER: 27 START
2019-07-24 09:45:14.315 27337 INFO rally.task.runner [-] Task f6c83288-f3c9-489d-9e8d-932b1b4ea919 | ITER: 28 START
2019-07-24 09:45:14.316 27340 INFO rally.task.runner [-] Task f6c83288-f3c9-489d-9e8d-932b1b4ea919 | ITER: 13 END: OK
2019-07-24 09:45:14.316 27321 INFO rally.task.runner [-] Task f6c83288-f3c9-489d-9e8d-932b1b4ea919 | ITER: 29 START
2019-07-24 09:45:14.323 27340 INFO rally.task.runner [-] Task f6c83288-f3c9-489d-9e8d-932b1b4ea919 | ITER: 30 START
2019-07-24 09:45:14.408 27321 INFO rally.task.runner [-] Task f6c83288-f3c9-489d-9e8d-932b1b4ea919 | ITER: 4 END: OK
2019-07-24 09:45:14.414 27321 INFO rally.task.runner [-] Task f6c83288-f3c9-489d-9e8d-932b1b4ea919 | ITER: 31 START
2019-07-24 09:45:14.524 27360 INFO rally.task.runner [-] Task f6c83288-f3c9-489d-9e8d-932b1b4ea919 | ITER: 18 END: OK
2019-07-24 09:45:14.529 27360 INFO rally.task.runner [-] Task f6c83288-f3c9-489d-9e8d-932b1b4ea919 | ITER: 32 START
2019-07-24 09:45:14.540 27324 INFO rally.task.runner [-] Task f6c83288-f3c9-489d-9e8d-932b1b4ea919 | ITER: 5 END: OK
2019-07-24 09:45:14.545 27324 INFO rally.task.runner [-] Task f6c83288-f3c9-489d-9e8d-932b1b4ea919 | ITER: 33 START
2019-07-24 09:45:14.545 27323 INFO rally.task.runner [-] Task f6c83288-f3c9-489d-9e8d-932b1b4ea919 | ITER: 6 END: OK
2019-07-24 09:45:14.551 27323 INFO rally.task.runner [-] Task f6c83288-f3c9-489d-9e8d-932b1b4ea919 | ITER: 34 START
2019-07-24 09:45:14.577 27345 INFO rally.task.runner [-] Task f6c83288-f3c9-489d-9e8d-932b1b4ea919 | ITER: 14 END: OK
2019-07-24 09:45:14.583 27345 INFO rally.task.runner [-] Task f6c83288-f3c9-489d-9e8d-932b1b4ea919 | ITER: 35 START
2019-07-24 09:45:14.597 27354 INFO rally.task.runner [-] Task f6c83288-f3c9-489d-9e8d-932b1b4ea919 | ITER: 16 END: OK
2019-07-24 09:45:14.602 27354 INFO rally.task.runner [-] Task f6c83288-f3c9-489d-9e8d-932b1b4ea919 | ITER: 36 START
2019-07-24 09:45:14.612 27359 INFO rally.task.runner [-] Task f6c83288-f3c9-489d-9e8d-932b1b4ea919 | ITER: 17 END: OK
2019-07-24 09:45:14.617 27359 INFO rally.task.runner [-] Task f6c83288-f3c9-489d-9e8d-932b1b4ea919 | ITER: 37 START
2019-07-24 09:45:14.625 27322 INFO rally.task.runner [-] Task f6c83288-f3c9-489d-9e8d-932b1b4ea919 | ITER: 7 END: OK
2019-07-24 09:45:14.630 27322 INFO rally.task.runner [-] Task f6c83288-f3c9-489d-9e8d-932b1b4ea919 | ITER: 38 START
2019-07-24 09:45:14.642 27365 INFO rally.task.runner [-] Task f6c83288-f3c9-489d-9e8d-932b1b4ea919 | ITER: 20 END: OK
2019-07-24 09:45:14.644 27363 INFO rally.task.runner [-] Task f6c83288-f3c9-489d-9e8d-932b1b4ea919 | ITER: 19 END: OK
2019-07-24 09:45:14.647 27365 INFO rally.task.runner [-] Task f6c83288-f3c9-489d-9e8d-932b1b4ea919 | ITER: 39 START
2019-07-24 09:45:14.650 27363 INFO rally.task.runner [-] Task f6c83288-f3c9-489d-9e8d-932b1b4ea919 | ITER: 40 START
2019-07-24 09:45:15.364 27333 INFO rally.task.runner [-] Task f6c83288-f3c9-489d-9e8d-932b1b4ea919 | ITER: 21 END: OK
2019-07-24 09:45:15.443 27323 INFO rally.task.runner [-] Task f6c83288-f3c9-489d-9e8d-932b1b4ea919 | ITER: 22 END: OK
2019-07-24 09:45:15.518 27331 INFO rally.task.runner [-] Task f6c83288-f3c9-489d-9e8d-932b1b4ea919 | ITER: 23 END: OK
2019-07-24 09:45:15.527 27325 INFO rally.task.runner [-] Task f6c83288-f3c9-489d-9e8d-932b1b4ea919 | ITER: 26 END: OK
2019-07-24 09:45:15.559 27324 INFO rally.task.runner [-] Task f6c83288-f3c9-489d-9e8d-932b1b4ea919 | ITER: 24 END: OK
2019-07-24 09:45:15.610 27321 INFO rally.task.runner [-] Task f6c83288-f3c9-489d-9e8d-932b1b4ea919 | ITER: 29 END: OK
2019-07-24 09:45:15.614 27337 INFO rally.task.runner [-] Task f6c83288-f3c9-489d-9e8d-932b1b4ea919 | ITER: 28 END: OK
2019-07-24 09:45:15.628 27322 INFO rally.task.runner [-] Task f6c83288-f3c9-489d-9e8d-932b1b4ea919 | ITER: 27 END: OK
2019-07-24 09:45:15.766 27321 INFO rally.task.runner [-] Task f6c83288-f3c9-489d-9e8d-932b1b4ea919 | ITER: 31 END: OK
2019-07-24 09:45:15.825 27324 INFO rally.task.runner [-] Task f6c83288-f3c9-489d-9e8d-932b1b4ea919 | ITER: 33 END: OK
2019-07-24 09:45:15.826 27345 INFO rally.task.runner [-] Task f6c83288-f3c9-489d-9e8d-932b1b4ea919 | ITER: 35 END: OK
2019-07-24 09:45:15.851 27340 INFO rally.task.runner [-] Task f6c83288-f3c9-489d-9e8d-932b1b4ea919 | ITER: 30 END: OK
2019-07-24 09:45:15.858 27359 INFO rally.task.runner [-] Task f6c83288-f3c9-489d-9e8d-932b1b4ea919 | ITER: 37 END: OK
2019-07-24 09:45:15.864 27365 INFO rally.task.runner [-] Task f6c83288-f3c9-489d-9e8d-932b1b4ea919 | ITER: 39 END: OK
2019-07-24 09:45:15.873 27360 INFO rally.task.runner [-] Task f6c83288-f3c9-489d-9e8d-932b1b4ea919 | ITER: 32 END: OK
2019-07-24 09:45:15.914 27350 INFO rally.task.runner [-] Task f6c83288-f3c9-489d-9e8d-932b1b4ea919 | ITER: 25 END: OK
2019-07-24 09:45:15.923 27322 INFO rally.task.runner [-] Task f6c83288-f3c9-489d-9e8d-932b1b4ea919 | ITER: 38 END: OK
2019-07-24 09:45:15.947 27323 INFO rally.task.runner [-] Task f6c83288-f3c9-489d-9e8d-932b1b4ea919 | ITER: 34 END: OK
2019-07-24 09:45:15.953 27354 INFO rally.task.runner [-] Task f6c83288-f3c9-489d-9e8d-932b1b4ea919 | ITER: 36 END: OK
2019-07-24 09:45:16.013 27363 INFO rally.task.runner [-] Task f6c83288-f3c9-489d-9e8d-932b1b4ea919 | ITER: 40 END: OK
2019-07-24 09:45:16.035 22705 INFO rally.task.context [-] Task f6c83288-f3c9-489d-9e8d-932b1b4ea919 | Context admin_cleanup@openstack cleanup() started
2019-07-24 09:45:16.037 22705 RALLYDEBUG rally_openstack.cleanup.manager [-] Cleaning up neutron quota objects
2019-07-24 09:45:19.671 22705 INFO rally.task.context [-] Task f6c83288-f3c9-489d-9e8d-932b1b4ea919 | Context admin_cleanup@openstack cleanup() finished in 3.64 sec
2019-07-24 09:45:19.672 22705 INFO rally.task.context [-] Task f6c83288-f3c9-489d-9e8d-932b1b4ea919 | Context users@openstack cleanup() started
2019-07-24 09:45:47.451 22705 INFO rally.task.context [-] Task f6c83288-f3c9-489d-9e8d-932b1b4ea919 | Context users@openstack cleanup() finished in 27.78 sec
2019-07-24 09:45:47.497 22705 INFO rally.task.engine [-] Load duration is: 3.385311
2019-07-24 09:45:47.497 22705 INFO rally.task.engine [-] Full runner duration is: 3.437299
2019-07-24 09:45:47.497 22705 INFO rally.task.engine [-] Full duration is: 44.186162
2019-07-24 09:45:47.751 22705 INFO rally.task.engine [-] Running workload: position = 0 config = { "version": 2, "title": "A cropped version of a bigger task.", "description": "Auto-generated task from a single workload (uuid=e54f6699-b6ec-400b-bc0a-63a44c9d596e)", "subtasks": [ { "title": "NeutronTrunks.create_and_list_trunk_subports", "description": "", "scenario": { "NeutronTrunks.create_and_list_trunk_subports": { "subport_count": 125 } }, "contexts": { "users": { "tenants": 1, "users_per_tenant": 1 }, "quotas": { "neutron": { "network": -1, "port": 1000 } } }, "runner": { "constant": { "times": 4, "concurrency": 4 } }, "hooks": [], "sla": { "failure_rate": { "max": 0 } } } ] }
2019-07-24 09:45:47.772 22705 RALLYDEBUG rally_openstack.contexts.keystone.users [-] Creating 1 tenants using 20 threads
2019-07-24 09:45:49.361 22705 RALLYDEBUG rally_openstack.contexts.keystone.users [-] Creating 1 users using 20 threads
2019-07-24 09:45:51.723 22705 INFO rally.task.context [-] Task f6c83288-f3c9-489d-9e8d-932b1b4ea919 | Context users@openstack setup() finished in 3.95 sec
2019-07-24 09:45:52.464 22705 INFO rally.task.context [-] Task f6c83288-f3c9-489d-9e8d-932b1b4ea919 | Context quotas@openstack setup() finished in 0.74 sec
2019-07-24 09:45:52.464 22705 INFO rally.task.context [-] Task f6c83288-f3c9-489d-9e8d-932b1b4ea919 | Context cleanup@openstack setup() finished in 0.00 msec
2019-07-24 09:45:52.470 22705 RALLYDEBUG rally.task.runner [-] Starting the constant runner (task UUID: f6c83288-f3c9-489d-9e8d-932b1b4ea919). timeout: 0 concurrency: 4 concurrency_per_worker: 1 times: 4 concurrency_overhead: 0 processes_to_start: 4 max_cpu_used: 16
2019-07-24 09:45:52.483 27511 RALLYDEBUG rally.task.runner [-] Starting a worker. concurrency: 1 args: {"subport_count": 125} times: 4 method_name: run timeout: 0 duration: None cls:
2019-07-24 09:45:52.486 27512 RALLYDEBUG rally.task.runner [-] Starting a worker. concurrency: 1 args: {"subport_count": 125} times: 4 method_name: run timeout: 0 duration: None cls:
2019-07-24 09:45:52.489 27511 INFO rally.task.runner [-] Task f6c83288-f3c9-489d-9e8d-932b1b4ea919 | ITER: 1 START
2019-07-24 09:45:52.489 27513 RALLYDEBUG rally.task.runner [-] Starting a worker. concurrency: 1 args: {"subport_count": 125} times: 4 method_name: run timeout: 0 duration: None cls:
2019-07-24 09:45:52.491 27514 RALLYDEBUG rally.task.runner [-] Starting a worker. concurrency: 1 args: {"subport_count": 125} times: 4 method_name: run timeout: 0 duration: None cls:
2019-07-24 09:45:52.492 27512 INFO rally.task.runner [-] Task f6c83288-f3c9-489d-9e8d-932b1b4ea919 | ITER: 2 START
2019-07-24 09:45:52.495 27513 INFO rally.task.runner [-] Task f6c83288-f3c9-489d-9e8d-932b1b4ea919 | ITER: 3 START
2019-07-24 09:45:52.496 27514 INFO rally.task.runner [-] Task f6c83288-f3c9-489d-9e8d-932b1b4ea919 | ITER: 4 START
2019-07-24 09:48:06.251 27513 WARNING rally.task.atomic [-] 'optional_action_timer' is deprecated since rally v0.10.0.Please use action_timer instead, we have improved atomic actions, now do not need to explicitly close original action.
2019-07-24 09:48:06.290 27513 WARNING rally.task.atomic [-] 'optional_action_timer' is deprecated since rally v0.10.0.Please use action_timer instead, we have improved atomic actions, now do not need to explicitly close original action.
2019-07-24 09:48:06.598 27512 WARNING rally.task.atomic [-] 'optional_action_timer' is deprecated since rally v0.10.0.Please use action_timer instead, we have improved atomic actions, now do not need to explicitly close original action.
2019-07-24 09:48:06.634 27512 WARNING rally.task.atomic [-] 'optional_action_timer' is deprecated since rally v0.10.0.Please use action_timer instead, we have improved atomic actions, now do not need to explicitly close original action.
2019-07-24 09:48:07.257 27513 INFO rally.task.runner [-] Task f6c83288-f3c9-489d-9e8d-932b1b4ea919 | ITER: 3 END: OK
2019-07-24 09:48:07.557 27512 INFO rally.task.runner [-] Task f6c83288-f3c9-489d-9e8d-932b1b4ea919 | ITER: 2 END: OK
2019-07-24 09:50:02.936 27514 WARNING rally.task.atomic [-] 'optional_action_timer' is deprecated since rally v0.10.0.Please use action_timer instead, we have improved atomic actions, now do not need to explicitly close original action.
2019-07-24 09:50:02.984 27514 WARNING rally.task.atomic [-] 'optional_action_timer' is deprecated since rally v0.10.0.Please use action_timer instead, we have improved atomic actions, now do not need to explicitly close original action.
2019-07-24 09:50:03.484 27511 WARNING rally.task.atomic [-] 'optional_action_timer' is deprecated since rally v0.10.0.Please use action_timer instead, we have improved atomic actions, now do not need to explicitly close original action.
2019-07-24 09:50:03.559 27511 WARNING rally.task.atomic [-] 'optional_action_timer' is deprecated since rally v0.10.0.Please use action_timer instead, we have improved atomic actions, now do not need to explicitly close original action.
2019-07-24 09:50:04.399 27514 INFO rally.task.runner [-] Task f6c83288-f3c9-489d-9e8d-932b1b4ea919 | ITER: 4 END: OK
2019-07-24 09:50:04.699 27511 INFO rally.task.runner [-] Task f6c83288-f3c9-489d-9e8d-932b1b4ea919 | ITER: 1 END: OK
2019-07-24 09:50:04.727 22705 INFO rally.task.context [-] Task f6c83288-f3c9-489d-9e8d-932b1b4ea919 | Context cleanup@openstack cleanup() started
2019-07-24 09:50:04.729 22705 RALLYDEBUG rally_openstack.cleanup.manager [-] Cleaning up neutron vip objects
2019-07-24 09:50:05.424 22705 RALLYDEBUG rally_openstack.cleanup.manager [-] Cleaning up neutron health_monitor objects
2019-07-24 09:50:06.140 22705 RALLYDEBUG rally_openstack.cleanup.manager [-] Cleaning up neutron pool objects
2019-07-24 09:50:06.857 22705 RALLYDEBUG rally_openstack.cleanup.manager [-] Cleaning up neutron loadbalancer objects
2019-07-24 09:50:07.559 22705 RALLYDEBUG rally_openstack.cleanup.manager [-] Cleaning up neutron floatingip objects
2019-07-24 09:50:08.466 22705 RALLYDEBUG rally_openstack.cleanup.manager [-] Cleaning up neutron port objects
2019-07-24 09:50:10.686 22705 RALLYDEBUG rally_openstack.cleanup.manager [-] Deleting neutron.port object s_rally_e54f6699_hZiNMvcF (013d3e28-70fd-42c4-9dc3-197989979cbe)
2019-07-24 09:50:10.687 22705 RALLYDEBUG rally_openstack.cleanup.manager [-] Deleting neutron.port object s_rally_e54f6699_6rfG48pz (00788e8b-0d0a-4d08-ab7c-a6ef5d9ac66f)
2019-07-24 09:50:10.689 22705 RALLYDEBUG rally_openstack.cleanup.manager [-] Deleting neutron.port object s_rally_e54f6699_U7Npzjhn (048769f8-c07e-46d1-8ac9-02efade3a858)
2019-07-24 09:50:10.693 22705 RALLYDEBUG rally_openstack.cleanup.manager [-] Deleting neutron.port object s_rally_e54f6699_9Sp8jUMP (02317399-378a-41aa-be5e-52c031638b72)
2019-07-24 09:50:10.693 22705 RALLYDEBUG rally_openstack.cleanup.manager [-] Deleting neutron.port object s_rally_e54f6699_VPEwnLNI (06dace48-0c41-4e92-9542-ea99662e191f)
2019-07-24 09:50:10.704 22705 RALLYDEBUG rally_openstack.cleanup.manager [-] Deleting neutron.port object s_rally_e54f6699_ZkObOpEc (0074cdf3-d6af-410c-adf6-0b36e7d17f5b)
2019-07-24 09:50:10.705 22705 RALLYDEBUG rally_openstack.cleanup.manager [-] Deleting neutron.port object s_rally_e54f6699_rUgIXFXb (00830265-bd39-46b6-94f0-132f853950da)
2019-07-24 09:50:10.708 22705 RALLYDEBUG rally_openstack.cleanup.manager [-] Deleting neutron.port object s_rally_e54f6699_yVOiEJWQ (07d3dc78-fb68-43a6-8340-695218f2d825)
2019-07-24 09:50:10.713 22705 RALLYDEBUG rally_openstack.cleanup.manager [-] Deleting neutron.port object s_rally_e54f6699_NqeYqTNO (0350fd00-1685-4753-9642-85f8ce866ba1)
2019-07-24 09:50:10.719 22705 RALLYDEBUG rally_openstack.cleanup.manager [-] Deleting neutron.port object s_rally_e54f6699_twTH3Yfh (0214f83b-b66a-4fa5-9da1-6a8cb46bd21a)
2019-07-24 09:50:10.725 22705 RALLYDEBUG rally_openstack.cleanup.manager [-] Deleting neutron.port object s_rally_e54f6699_YJSYPrHx (07e2acc7-4faa-4560-ac6b-886e9289411f)
2019-07-24 09:50:10.734 22705 RALLYDEBUG rally_openstack.cleanup.manager [-] Deleting neutron.port object s_rally_e54f6699_CR3gOCzQ (07dc2f81-088d-4f23-b3b1-195dfca02376)
2019-07-24 09:50:10.749 22705 RALLYDEBUG rally_openstack.cleanup.manager [-] Deleting neutron.port object s_rally_e54f6699_Z6cI6R2y (08a34ce4-2bdc-404f-839f-66b257dc1c01)
2019-07-24 09:50:10.752 22705 RALLYDEBUG rally_openstack.cleanup.manager [-] Deleting neutron.port object s_rally_e54f6699_CXq577fH (0a3bebe1-8fe7-4783-993c-f3d82dd6f8b4)
2019-07-24 09:50:10.760 22705 RALLYDEBUG rally_openstack.cleanup.manager [-] Deleting neutron.port object s_rally_e54f6699_ZliJVS6V (09b8f72b-2792-4a3e-81b1-0cec01913808)
2019-07-24 09:50:10.786 22705 RALLYDEBUG rally_openstack.cleanup.manager [-] Deleting neutron.port object s_rally_e54f6699_8QMCkWOA (0a56f9ab-6053-4763-929c-b03b6442f427)
2019-07-24 09:50:10.794 22705 RALLYDEBUG rally_openstack.cleanup.manager [-] Deleting neutron.port object s_rally_e54f6699_WcPRy517 (0ef041b2-e5e0-4952-9542-ea2550f01df5)
2019-07-24 09:50:10.799 22705 RALLYDEBUG rally_openstack.cleanup.manager [-] Deleting neutron.port object s_rally_e54f6699_F7OcaHOm (0c2d678b-eeac-4ec6-be81-4d9793cd0ac6)
2019-07-24 09:50:10.818 22705 RALLYDEBUG rally_openstack.cleanup.manager [-] Deleting neutron.port object s_rally_e54f6699_IxdTPpOS (0dd0d114-fd1a-47f2-a0a6-5d6d84ff32f6)
2019-07-24 09:50:10.831 22705 RALLYDEBUG rally_openstack.cleanup.manager [-] Deleting neutron.port object s_rally_e54f6699_8Obx9FFC (10b4f3c1-1e6b-4010-afb9-7a0acf2d5e82)
2019-07-24 09:50:13.338 22705 RALLYDEBUG rally_openstack.cleanup.manager [-] Deleting neutron.port object s_rally_e54f6699_dp0znXph (10cb9cfa-bce2-42e7-9e08-e894c3212f3c)
2019-07-24 09:50:13.411 22705 RALLYDEBUG rally_openstack.cleanup.manager [-] Deleting neutron.port object s_rally_e54f6699_xzU6uuzM (110531f7-82ff-4d1f-8090-ac0a9b1b8576)
2019-07-24 09:50:13.473 22705 RALLYDEBUG rally_openstack.cleanup.manager [-] Deleting neutron.port object s_rally_e54f6699_I5m0G1z4 (1161a61c-4ab7-46f7-a810-1464aef53191)
2019-07-24 09:50:13.536 22705 RALLYDEBUG rally_openstack.cleanup.manager [-] Deleting neutron.port object s_rally_e54f6699_FfOeBTlT (1166b33e-83c7-45a6-bdf6-e5a59ae8d2f6)
2019-07-24 09:50:13.562 22705 RALLYDEBUG rally_openstack.cleanup.manager [-] Deleting neutron.port object s_rally_e54f6699_grlZjBZV (1187db99-3f5f-4009-82ce-55ce928c6ef5)
2019-07-24 09:50:14.491 22705 RALLYDEBUG rally_openstack.cleanup.manager [-] Deleting neutron.port object s_rally_e54f6699_eEtMnUYJ (119f50f4-ecaa-429c-bd49-95849b10980c)
2019-07-24 09:50:15.785 22705 RALLYDEBUG rally_openstack.cleanup.manager [-] Deleting neutron.port object s_rally_e54f6699_fcA2UBSK (11c9001d-d5b9-4ade-8c03-49d7f0e25dd9)
2019-07-24 09:50:16.225 22705 RALLYDEBUG rally_openstack.cleanup.manager [-] Deleting neutron.port object s_rally_e54f6699_LVQ9lkLX (11d49ad8-6a90-41b4-afdf-df32f4487702)
2019-07-24 09:50:16.859 22705 RALLYDEBUG rally_openstack.cleanup.manager [-] Deleting neutron.port object s_rally_e54f6699_2jMRba7E (12ac7aed-7990-48f2-ad3c-e5f6869b7315)
2019-07-24 09:50:16.948 22705 RALLYDEBUG rally_openstack.cleanup.manager [-] Deleting neutron.port object s_rally_e54f6699_3rrpEfrI (12b9ab12-bdf4-4cd2-8496-340eac2c1877)
2019-07-24 09:50:16.995 22705 RALLYDEBUG rally_openstack.cleanup.manager [-] Deleting neutron.port object s_rally_e54f6699_70LRnevq (12c10721-55bf-4a4e-853b-936f590f719e)
2019-07-24 09:50:17.038 22705 RALLYDEBUG rally_openstack.cleanup.manager [-] Deleting neutron.port object s_rally_e54f6699_0CHpFZhJ (13873acf-0d9f-4e75-9e35-e51bba91a7aa)
2019-07-24 09:50:17.048 22705 RALLYDEBUG rally_openstack.cleanup.manager [-] Deleting neutron.port object s_rally_e54f6699_QJ0N4v9C (14288b2f-7314-47fe-ac41-91d4b2507c4f)
2019-07-24 09:50:17.090 22705 RALLYDEBUG rally_openstack.cleanup.manager [-] Deleting neutron.port object s_rally_e54f6699_T3GKNCyH (148fd0e6-eff5-4c45-be8b-3118c2a61d44)
2019-07-24 09:50:17.385 22705 RALLYDEBUG rally_openstack.cleanup.manager [-] Deleting neutron.port object s_rally_e54f6699_v9viN7Ol (15d4963b-aa18-4c64-ab62-061c80ac57fe)
2019-07-24 09:50:17.830 22705 RALLYDEBUG rally_openstack.cleanup.manager [-] Deleting neutron.port object s_rally_e54f6699_sZ4DbXSV (190bb110-fa29-4a78-9145-f35343cd77e2)
2019-07-24 09:50:18.095 22705 RALLYDEBUG rally_openstack.cleanup.manager [-] Deleting neutron.port object s_rally_e54f6699_86c2jcZf (19730cac-64ad-42ba-bc80-434c49893d72)
2019-07-24 09:50:18.247 22705 RALLYDEBUG rally_openstack.cleanup.manager [-] Deleting neutron.port object s_rally_e54f6699_iGfyt9lj (1a47e275-1327-4162-8adc-8a62431b6067)
2019-07-24 09:50:18.269 22705 RALLYDEBUG rally_openstack.cleanup.manager [-] Deleting neutron.port object s_rally_e54f6699_ZinoPCjT (1b43d156-2f2d-4d4c-9ff3-5fcee4863c06)
2019-07-24 09:50:18.292 22705 RALLYDEBUG rally_openstack.cleanup.manager [-] Deleting neutron.port object s_rally_e54f6699_F3j6ovLE (1c32a27c-b0b5-4b3a-857f-2950f600e4e8)
2019-07-24 09:50:18.770 22705 RALLYDEBUG rally_openstack.cleanup.manager [-] Deleting neutron.port object s_rally_e54f6699_X0X9aeJA (1d2f8db5-e3b7-4ab8-a124-a12e08e36df5)
2019-07-24 09:50:18.848 22705 RALLYDEBUG rally_openstack.cleanup.manager [-] Deleting neutron.port object s_rally_e54f6699_fMgQOEse (1d781a2b-a88f-4b53-ac90-693246efeb48)
2019-07-24 09:50:19.507 22705 RALLYDEBUG rally_openstack.cleanup.manager [-] Deleting neutron.port object s_rally_e54f6699_ljcFUUKZ (1e9f0846-b915-424b-8d56-914802c5fac5)
2019-07-24 09:50:19.513 22705 RALLYDEBUG rally_openstack.cleanup.manager [-] Deleting neutron.port object s_rally_e54f6699_Y1PCs3YT (1ecd047f-a199-443c-9d90-07d7f95f65d8)
2019-07-24 09:50:19.520 22705 RALLYDEBUG rally_openstack.cleanup.manager [-] Deleting neutron.port object s_rally_e54f6699_bvkcG8xb (1ef625d3-3d58-438d-bc3c-115fcf2c3cad)
2019-07-24 09:50:19.591 22705 RALLYDEBUG rally_openstack.cleanup.manager [-] Deleting neutron.port object s_rally_e54f6699_kU4x8CSV (1efcc143-c242-4521-98ad-849570896d9e)
2019-07-24 09:50:19.655 22705 RALLYDEBUG rally_openstack.cleanup.manager [-] Deleting neutron.port object s_rally_e54f6699_aLu45FzB (1fea94a7-19f2-4ac0-a19f-bc25094258ff)
2019-07-24 09:50:19.664 22705 RALLYDEBUG rally_openstack.cleanup.manager [-] Deleting neutron.port object s_rally_e54f6699_FCCrUDss (20153f2c-dc09-44a3-bbc9-9ace0eee7cd3)
2019-07-24 09:50:19.680 22705 RALLYDEBUG rally_openstack.cleanup.manager [-] Deleting neutron.port object s_rally_e54f6699_AhiLFBSQ (203ae6ef-a7b0-40f4-b0a8-55050357b61b)
2019-07-24 09:50:19.936 22705 RALLYDEBUG rally_openstack.cleanup.manager [-] Deleting neutron.port object s_rally_e54f6699_6Mt2dtrO (205e69df-11ab-44c5-a7b1-6cf4709a38bd)
2019-07-24 09:50:19.959 22705 RALLYDEBUG rally_openstack.cleanup.manager [-] Deleting neutron.port object s_rally_e54f6699_UunfxyOv (2090c8c9-ded4-4cfa-9a5d-b3aac298409f)
2019-07-24 09:50:20.950 22705 RALLYDEBUG rally_openstack.cleanup.manager [-] Deleting neutron.port object s_rally_e54f6699_AsGT5Hkj (2103e654-7fc2-46f5-9011-eaaa8f998ac2)
2019-07-24 09:50:21.723 22705 RALLYDEBUG rally_openstack.cleanup.manager [-] Deleting neutron.port object s_rally_e54f6699_Aaoi8cCz (2158b4ab-ca77-453c-b1fe-fa7a2b5189a9)
2019-07-24 09:50:22.158 22705 RALLYDEBUG rally_openstack.cleanup.manager [-] Deleting neutron.port object s_rally_e54f6699_2zzh46tJ (222b56dc-5184-48c4-93ea-d6e38ef05cf0)
2019-07-24 09:50:22.178 22705 RALLYDEBUG rally_openstack.cleanup.manager [-] Deleting neutron.port object s_rally_e54f6699_Hcjn0f5s (2275f52f-7e8b-4149-9459-ee0516ee9533)
2019-07-24 09:50:22.245 22705 RALLYDEBUG rally_openstack.cleanup.manager [-] Deleting neutron.port object s_rally_e54f6699_MS2D1Snx (22787527-606d-4b66-9b69-81cb0bb26a3b)
2019-07-24 09:50:22.419 22705 RALLYDEBUG rally_openstack.cleanup.manager [-] Deleting neutron.port object s_rally_e54f6699_pYDAEHvl (228cef82-bad7-4861-9904-eff6dd525409)
2019-07-24 09:50:22.453 22705 RALLYDEBUG rally_openstack.cleanup.manager [-] Deleting neutron.port object s_rally_e54f6699_HXecpXmb (22d8b4d2-e5c4-4508-bc10-a1cb58949b9c)
2019-07-24 09:50:22.541 22705 RALLYDEBUG rally_openstack.cleanup.manager [-] Deleting neutron.port object s_rally_e54f6699_WKlCTZSj (22f0fbb6-594a-4571-ab35-b483e77ee430)
2019-07-24 09:50:22.763 22705 RALLYDEBUG rally_openstack.cleanup.manager [-] Deleting neutron.port object s_rally_e54f6699_i4AOfczX (24787aa0-4a05-45fd-8072-3047f65233c7)
2019-07-24 09:50:22.813 22705 RALLYDEBUG rally_openstack.cleanup.manager [-] Deleting neutron.port object s_rally_e54f6699_DLjotRPX (24d0a7bc-a7c7-4ad0-bd53-6f75f4870347)
2019-07-24 09:50:22.844 22705 RALLYDEBUG rally_openstack.cleanup.manager [-] Deleting neutron.port object s_rally_e54f6699_jt8sSqfo (25d38a06-dc40-4af9-9b9e-b7940e533163)
2019-07-24 09:50:22.844 22705 RALLYDEBUG rally_openstack.cleanup.manager [-] Deleting neutron.port object s_rally_e54f6699_udGgrFIJ (25fdaa0a-72be-41c8-9dd7-0b15d4755d3d)
2019-07-24 09:50:22.858 22705 RALLYDEBUG rally_openstack.cleanup.manager [-] Deleting neutron.port object s_rally_e54f6699_EJzu2FC8 (26c615bf-d6e0-489b-9c70-2b0f2f60b6de)
2019-07-24 09:50:22.861 22705 RALLYDEBUG rally_openstack.cleanup.manager [-] Deleting neutron.port object s_rally_e54f6699_nwkMeQsi (269be89a-2a70-408f-bb51-34b76803dd1b)
2019-07-24 09:50:22.932 22705 RALLYDEBUG rally_openstack.cleanup.manager [-] Deleting neutron.port object s_rally_e54f6699_cGpJd9ER (270cf542-c407-4644-ae79-fcad0ff2c650)
2019-07-24 09:50:23.133 22705 RALLYDEBUG rally_openstack.cleanup.manager [-] Deleting neutron.port object s_rally_e54f6699_jFBKzZOb (27b74eae-ff5a-47cf-9eb4-92a4123f9873)
2019-07-24 09:50:23.239 22705 RALLYDEBUG rally_openstack.cleanup.manager [-] Deleting neutron.port object s_rally_e54f6699_CtaaYAGW (2805a019-2862-42bd-bcff-49179a175d1a)
2019-07-24 09:50:23.309 22705 RALLYDEBUG rally_openstack.cleanup.manager [-] Deleting neutron.port object s_rally_e54f6699_aRVvS8nd (28ab9bc1-3056-4109-bf3c-91001d654af8)
2019-07-24 09:50:23.319 22705 RALLYDEBUG rally_openstack.cleanup.manager [-] Deleting neutron.port object s_rally_e54f6699_cv7pJQVK (295f869c-ac94-458e-a66b-e7c19e9f873a)
2019-07-24 09:50:23.326 22705 RALLYDEBUG rally_openstack.cleanup.manager [-] Deleting neutron.port object s_rally_e54f6699_qaBXTTMZ (298146f8-692e-4e17-8b96-452c693905f9)
2019-07-24 09:50:23.613 22705 RALLYDEBUG rally_openstack.cleanup.manager [-] Deleting neutron.port object s_rally_e54f6699_vQZjLAQz (2b264d0a-48a7-444e-a4e7-b0e5440d789d)
2019-07-24 09:50:24.200 22705 RALLYDEBUG rally_openstack.cleanup.manager [-] Deleting neutron.port object s_rally_e54f6699_7jKLaG7C (2b5288c0-4ecc-4a08-973d-0a13019e6445)
2019-07-24 09:50:25.123 22705 RALLYDEBUG rally_openstack.cleanup.manager [-] Deleting neutron.port object s_rally_e54f6699_obUTQk95 (2b5fe352-bd24-4a0d-bc51-e48ac817c147)
2019-07-24 09:50:25.401 22705 RALLYDEBUG rally_openstack.cleanup.manager [-] Deleting neutron.port object s_rally_e54f6699_d0Se2xLU (2c3f6b69-19e4-431b-a58f-422e1bb1609b)
2019-07-24 09:50:25.402 22705 RALLYDEBUG rally_openstack.cleanup.manager [-] Deleting neutron.port object s_rally_e54f6699_3JmMllFP (2bbfd0ff-59f9-4ea0-924e-3459961741f1)
2019-07-24 09:50:25.543 22705 RALLYDEBUG rally_openstack.cleanup.manager [-] Deleting neutron.port object s_rally_e54f6699_sR6IEbm0 (2c460c39-1175-4e85-bb53-051a19007e6c)
2019-07-24 09:50:25.774 22705 RALLYDEBUG rally_openstack.cleanup.manager [-] Deleting neutron.port object s_rally_e54f6699_TzNXLxRv (2d40f3ee-18c0-4d27-88d8-8b7f0249a7b3)
2019-07-24 09:50:26.457 22705 RALLYDEBUG rally_openstack.cleanup.manager [-] Deleting neutron.port object s_rally_e54f6699_aOgiARfD (2d7418fe-650e-495c-a661-d0fc46ecfe96)
2019-07-24 09:50:26.709 22705 RALLYDEBUG rally_openstack.cleanup.manager [-] Deleting neutron.port object s_rally_e54f6699_n9sjMHrH (2eab6c7b-61df-4d43-bba2-760ae0b22837)
2019-07-24 09:50:26.723 22705 RALLYDEBUG rally_openstack.cleanup.manager [-] Deleting neutron.port object s_rally_e54f6699_5uLkAPyS (30264562-f548-470a-8391-5e02e9d17e02)
2019-07-24 09:50:26.912 22705 RALLYDEBUG rally_openstack.cleanup.manager [-] Deleting neutron.port object s_rally_e54f6699_E6qFN8EI (30bc4dae-7235-4eef-b053-becc029b4a13)
2019-07-24 09:50:26.963 22705 RALLYDEBUG rally_openstack.cleanup.manager [-] Deleting neutron.port object s_rally_e54f6699_NCF2SctI (30be104f-ed84-434a-9d38-42d66454f38c)
2019-07-24 09:50:27.116 22705 RALLYDEBUG rally_openstack.cleanup.manager [-] Deleting neutron.port object s_rally_e54f6699_xPqWmBav (30f021f1-f35e-4d11-8cca-f0fe71f4d633)
2019-07-24 09:50:27.142 22705 RALLYDEBUG rally_openstack.cleanup.manager [-] Deleting neutron.port object s_rally_e54f6699_9kDXF8cJ (32443302-4f30-4090-a667-81ca473fb833)
2019-07-24 09:50:27.147 22705 RALLYDEBUG rally_openstack.cleanup.manager [-] Deleting neutron.port object s_rally_e54f6699_D0T36g9d (325c38da-1128-44d4-9282-c759c99c7f09)
2019-07-24 09:50:27.154 22705 RALLYDEBUG rally_openstack.cleanup.manager [-] Deleting neutron.port object s_rally_e54f6699_ELM9FtZx (33918ad3-6365-4f3c-bc3f-84bff5f090bb)
2019-07-24 09:50:27.192 22705 RALLYDEBUG rally_openstack.cleanup.manager [-] Deleting neutron.port object s_rally_e54f6699_mn11pH7u (33ceb567-efc0-4b9a-97ad-733fc536de53)
2019-07-24 09:50:27.245 22705 RALLYDEBUG rally_openstack.cleanup.manager [-] Deleting neutron.port object s_rally_e54f6699_Trf8JYvn (345dc30e-e386-4d44-b072-a73c12155c49)
2019-07-24 09:50:27.252 22705 RALLYDEBUG rally_openstack.cleanup.manager [-] Deleting neutron.port object s_rally_e54f6699_17PTNWg7 (34ffa853-dddf-4eed-9162-dcd96362d683)
2019-07-24 09:50:27.862 22705 RALLYDEBUG rally_openstack.cleanup.manager [-] Deleting neutron.port object s_rally_e54f6699_qCJuDISY (3517276d-1b59-4a15-a344-16828e4405d4)
2019-07-24 09:50:27.877 22705 RALLYDEBUG rally_openstack.cleanup.manager [-] Deleting neutron.port object s_rally_e54f6699_rz59VJsC (351fe3f5-f6f7-4cd7-a344-f1bd97b66adf)
2019-07-24 09:50:27.886 22705 RALLYDEBUG rally_openstack.cleanup.manager [-] Deleting neutron.port object s_rally_e54f6699_zIn9VKno (35424470-6534-495c-9281-7d9ebf0276a4)
2019-07-24 09:50:27.992 22705 RALLYDEBUG rally_openstack.cleanup.manager [-] Deleting neutron.port object s_rally_e54f6699_VzfnBk7f (35868c9a-9e0b-466d-8db2-860862a7a90a)
2019-07-24 09:50:28.286 22705 RALLYDEBUG rally_openstack.cleanup.manager [-] Deleting neutron.port object s_rally_e54f6699_y6bywjcS (35c23891-6be8-4a15-909d-b82884959fc7)
2019-07-24 09:50:28.563 22705 RALLYDEBUG rally_openstack.cleanup.manager [-] Deleting neutron.port object s_rally_e54f6699_awlwkaEe (35e3c1e3-28c5-4d8c-94ae-fae8cf29037f)
2019-07-24 09:50:28.761 22705 RALLYDEBUG rally_openstack.cleanup.manager [-] Deleting neutron.port object s_rally_e54f6699_4m6LDLsG (361397a6-92bd-44a3-b8c5-720000bebb95)
2019-07-24 09:50:28.945 22705 RALLYDEBUG rally_openstack.cleanup.manager [-] Deleting neutron.port object s_rally_e54f6699_nyophMal (36803a6e-a540-4331-9048-945854875dd0)
2019-07-24 09:50:29.608 22705 RALLYDEBUG rally_openstack.cleanup.manager [-] Deleting neutron.port object s_rally_e54f6699_dbHSt7Sp (36b9c7f0-8f9b-4595-9d33-b9ad54293173)
