2019-07-24 09:41:36.758 22705 RALLYDEBUG rally_openstack.cleanup.manager [-] Deleting neutron.port object s_rally_37c45d0d_hhDwfvKt (d8a1a782-7788-4383-b573-65a36f8cb4a3)
2019-07-24 09:41:37.207 22705 RALLYDEBUG rally_openstack.cleanup.manager [-] Deleting neutron.port object s_rally_37c45d0d_DDGlbylM (d9667593-5c5b-4662-98c6-deadf412e194)
2019-07-24 09:41:37.343 22705 RALLYDEBUG rally_openstack.cleanup.manager [-] Deleting neutron.port object s_rally_37c45d0d_Xqvlkqeh (d993a9ac-40d0-4923-8b14-459a82e5a0f6)
2019-07-24 09:41:37.358 22705 RALLYDEBUG rally_openstack.cleanup.manager [-] Deleting neutron.port object s_rally_37c45d0d_27XEk0xV (d9eaecb9-4139-4987-99a1-e405a73954e1)
2019-07-24 09:41:37.367 22705 RALLYDEBUG rally_openstack.cleanup.manager [-] Deleting neutron.port object s_rally_37c45d0d_vWW9ROYh (dc6613ee-a3ed-48bb-b091-dc23e79615fd)
2019-07-24 09:41:37.369 22705 RALLYDEBUG rally_openstack.cleanup.manager [-] Deleting neutron.port object s_rally_37c45d0d_lrpXGMks (db99f6b2-417b-4e5a-b7e7-8084ced4e666)
2019-07-24 09:41:37.378 22705 RALLYDEBUG rally_openstack.cleanup.manager [-] Deleting neutron.port object s_rally_37c45d0d_VTUQc3uK (dccdb098-44f8-4acb-867f-829cbc9dc583)
2019-07-24 09:41:38.362 22705 RALLYDEBUG rally_openstack.cleanup.manager [-] Deleting neutron.port object s_rally_37c45d0d_8YZXM3nX (dcd35d20-d764-436c-898b-923e566191be)
2019-07-24 09:41:38.451 22705 RALLYDEBUG rally_openstack.cleanup.manager [-] Deleting neutron.port object s_rally_37c45d0d_AUsBFpig (dced1f71-b57f-425e-af96-c6404696b0fd)
2019-07-24 09:41:38.608 22705 RALLYDEBUG rally_openstack.cleanup.manager [-] Deleting neutron.port object s_rally_37c45d0d_vNO80umM (de15d93d-1bea-4d8b-b8de-f5a83c980a4b)
2019-07-24 09:41:38.708 22705 RALLYDEBUG rally_openstack.cleanup.manager [-] Deleting neutron.port object s_rally_37c45d0d_JOi8mBou (de46646d-3157-442e-bb50-299eb6033c8a)
2019-07-24 09:41:39.012 22705 RALLYDEBUG rally_openstack.cleanup.manager [-] Deleting neutron.port object s_rally_37c45d0d_3oAsnEOq (df2dd17d-50ed-4972-b2da-d21e4acbc7c5)
2019-07-24 09:41:39.015 22705 RALLYDEBUG rally_openstack.cleanup.manager [-] Deleting neutron.port object s_rally_37c45d0d_6feY8P79 (de53ddba-2d9e-43f4-9cf6-43e7187cc920)
2019-07-24 09:41:39.023 22705 RALLYDEBUG rally_openstack.cleanup.manager [-] Deleting neutron.port object s_rally_37c45d0d_s3psL3Yg (df306196-9fe6-4c39-a840-a87d181bf105)
2019-07-24 09:41:39.359 22705 RALLYDEBUG rally_openstack.cleanup.manager [-] Deleting neutron.port object s_rally_37c45d0d_N6rhbtkf (e02042db-c13b-46e4-b27e-7cc66acac771)
2019-07-24 09:41:39.370 22705 RALLYDEBUG rally_openstack.cleanup.manager [-] Deleting neutron.port object s_rally_37c45d0d_LX7fH1Co (e075ba73-d0d2-486b-abd6-a2c272fae3f1)
2019-07-24 09:41:39.525 22705 RALLYDEBUG rally_openstack.cleanup.manager [-] Deleting neutron.port object s_rally_37c45d0d_D1q1FZTj (e0d57d0b-5be3-44dd-a428-d5cad2a3e3c7)
2019-07-24 09:41:39.546 22705 RALLYDEBUG rally_openstack.cleanup.manager [-] Deleting neutron.port object s_rally_37c45d0d_lYTvaTC5 (e1f1373b-b105-45a7-ad36-9ea2c1673a35)
2019-07-24 09:41:39.547 22705 RALLYDEBUG rally_openstack.cleanup.manager [-] Deleting neutron.port object s_rally_37c45d0d_F7C6b1nd (e0f823bb-bbbe-4a86-8a61-ed9cd6cdba6d)
2019-07-24 09:41:39.673 22705 RALLYDEBUG rally_openstack.cleanup.manager [-] Deleting neutron.port object s_rally_37c45d0d_WuRBIG2f (e20d23fe-7fcb-4e19-bfae-57003b39128b)
2019-07-24 09:41:39.733 22705 RALLYDEBUG rally_openstack.cleanup.manager [-] Deleting neutron.port object s_rally_37c45d0d_Py4Ou1Wo (e2530efa-256a-4e6b-9c1c-420ff4e8a203)
2019-07-24 09:41:39.767 22705 RALLYDEBUG rally_openstack.cleanup.manager [-] Deleting neutron.port object s_rally_37c45d0d_BPGtyrQj (e3b76de0-6571-410c-a304-9647758b07d3)
2019-07-24 09:41:39.782 22705 RALLYDEBUG rally_openstack.cleanup.manager [-] Deleting neutron.port object s_rally_37c45d0d_fUGceN9G (e3f8064e-1799-4ea4-9e6b-1e8dcfa227ba)
2019-07-24 09:41:39.783 22705 RALLYDEBUG rally_openstack.cleanup.manager [-] Deleting neutron.port object s_rally_37c45d0d_un5CKacz (e5355fae-f55c-483a-adae-ba51221d7c5f)
2019-07-24 09:41:40.199 22705 RALLYDEBUG rally_openstack.cleanup.manager [-] Deleting neutron.port object s_rally_37c45d0d_k1E8HhrS (e5aaec97-158a-4200-a04c-78d09ffcc7c4)
2019-07-24 09:41:40.569 22705 RALLYDEBUG rally_openstack.cleanup.manager [-] Deleting neutron.port object s_rally_37c45d0d_En7xC9rj (e8ce8131-85f1-40cf-a833-b62731992910)
2019-07-24 09:41:40.582 22705 RALLYDEBUG rally_openstack.cleanup.manager [-] Deleting neutron.port object s_rally_37c45d0d_pIQLrBvL (e9bb5009-231d-4f3e-aa73-3677f1560e20)
2019-07-24 09:41:40.820 22705 RALLYDEBUG rally_openstack.cleanup.manager [-] Deleting neutron.port object s_rally_37c45d0d_rDQvlHtX (e9f87a16-88f1-441a-8d6f-e41c6f6c4e62)
2019-07-24 09:41:41.004 22705 RALLYDEBUG rally_openstack.cleanup.manager [-] Deleting neutron.port object s_rally_37c45d0d_8jXfj8Bf (eb11c3fb-f52d-4d59-95fd-de08bdc85a8a)
2019-07-24 09:41:41.325 22705 RALLYDEBUG rally_openstack.cleanup.manager [-] Deleting neutron.port object s_rally_37c45d0d_fOdD5F9E (eb168455-03f7-49c7-bc5b-370772405a8e)
2019-07-24 09:41:41.352 22705 RALLYDEBUG rally_openstack.cleanup.manager [-] Deleting neutron.port object s_rally_37c45d0d_ZRFxXCQP (ec37f1c8-d580-4248-ac18-8d261241ef7b)
2019-07-24 09:41:41.645 22705 RALLYDEBUG rally_openstack.cleanup.manager [-] Deleting neutron.port object s_rally_37c45d0d_wVzSMyUO (ecea0f88-9eb5-4180-8ead-9615c9ca9810)
2019-07-24 09:41:41.968 22705 RALLYDEBUG rally_openstack.cleanup.manager [-] Deleting neutron.port object s_rally_37c45d0d_T1FEHwBq (efd41229-2ce2-48ab-9629-98800aca5382)
2019-07-24 09:41:42.159 22705 RALLYDEBUG rally_openstack.cleanup.manager [-] Deleting neutron.port object s_rally_37c45d0d_67zOnexm (f004b87f-776f-45e8-b0a8-782063750013)
2019-07-24 09:41:42.357 22705 RALLYDEBUG rally_openstack.cleanup.manager [-] Deleting neutron.port object s_rally_37c45d0d_TF3UvRUf (f26e34b3-ec60-4051-ae18-45a086a18cce)
2019-07-24 09:41:42.731 22705 RALLYDEBUG rally_openstack.cleanup.manager [-] Deleting neutron.port object s_rally_37c45d0d_w8mlyqWE (f288ffa9-f1a0-4edb-a6a8-dc89b0c84187)
2019-07-24 09:41:42.731 22705 RALLYDEBUG rally_openstack.cleanup.manager [-] Deleting neutron.port object s_rally_37c45d0d_YsWCfvyd (f2aeda3e-c26b-4abd-a460-158dc107e74c)
2019-07-24 09:41:42.994 22705 RALLYDEBUG rally_openstack.cleanup.manager [-] Deleting neutron.port object s_rally_37c45d0d_tToEANOP (f2f2b7fb-f818-4251-8e2e-034b64dbc5eb)
2019-07-24 09:41:43.045 22705 RALLYDEBUG rally_openstack.cleanup.manager [-] Deleting neutron.port object s_rally_37c45d0d_J9nmQrB3 (f556b19d-642e-4679-bb3b-847299ecf7e8)
2019-07-24 09:41:43.132 22705 RALLYDEBUG rally_openstack.cleanup.manager [-] Deleting neutron.port object s_rally_37c45d0d_rnfFPaUE (f59b445f-4795-4dfd-a62e-664a50e0dbb5)
2019-07-24 09:41:43.273 22705 RALLYDEBUG rally_openstack.cleanup.manager [-] Deleting neutron.port object s_rally_37c45d0d_oYbBM0I6 (f69ae445-f4b4-40bc-9596-4f8b25d0c92f)
2019-07-24 09:41:43.354 22705 RALLYDEBUG rally_openstack.cleanup.manager [-] Deleting neutron.port object s_rally_37c45d0d_SFFuK7Qk (f75fce06-0d3b-4191-a5f3-27775a61f693)
2019-07-24 09:41:43.591 22705 RALLYDEBUG rally_openstack.cleanup.manager [-] Deleting neutron.port object s_rally_37c45d0d_fZcWfSj2 (f8134903-82dc-4ab2-b0ea-3d4499c3e840)
2019-07-24 09:41:43.598 22705 RALLYDEBUG rally_openstack.cleanup.manager [-] Deleting neutron.port object s_rally_37c45d0d_oFhtwHPz (f8140d6d-dee5-4c9e-ae62-809688f8c1c1)
2019-07-24 09:41:43.788 22705 RALLYDEBUG rally_openstack.cleanup.manager [-] Deleting neutron.port object s_rally_37c45d0d_ufeZLi3h (f83ab619-435e-4991-88de-6c0b75578abf)
2019-07-24 09:41:43.793 22705 RALLYDEBUG rally_openstack.cleanup.manager [-] Deleting neutron.port object s_rally_37c45d0d_CEDJgq7A (f8ea0781-91d9-475d-ae50-44ed77febc1c)
2019-07-24 09:41:43.804 22705 RALLYDEBUG rally_openstack.cleanup.manager [-] Deleting neutron.port object s_rally_37c45d0d_Pegt8itl (f91f0c79-6458-4f14-b586-3fb9d0a9b5c1)
2019-07-24 09:41:43.842 22705 RALLYDEBUG rally_openstack.cleanup.manager [-] Deleting neutron.port object s_rally_37c45d0d_ui4ecQ8y (f94058de-24ea-465f-be00-81133ee9ee32)
2019-07-24 09:41:43.952 22705 RALLYDEBUG rally_openstack.cleanup.manager [-] Deleting neutron.port object s_rally_37c45d0d_6XHpZXs0 (f971fb68-67cd-449f-8d2a-417eaa538b34)
2019-07-24 09:41:43.986 22705 RALLYDEBUG rally_openstack.cleanup.manager [-] Deleting neutron.port object s_rally_37c45d0d_fi27RNSL (f9ccd820-d7a8-4926-925f-eb09d2a52a67)
2019-07-24 09:41:44.022 22705 RALLYDEBUG rally_openstack.cleanup.manager [-] Deleting neutron.port object s_rally_37c45d0d_vwoOVQaH (fa2d6995-1a82-46e1-b47f-239b51d1ef93)
2019-07-24 09:41:44.271 22705 RALLYDEBUG rally_openstack.cleanup.manager [-] Deleting neutron.port object s_rally_37c45d0d_StvxmSJR (fabb8ad1-9b16-4606-af21-81bfd5042da0)
2019-07-24 09:41:44.346 22705 RALLYDEBUG rally_openstack.cleanup.manager [-] Deleting neutron.port object s_rally_37c45d0d_jdMwflJT (fb6184b8-cf7b-40b3-b94d-13f8f7c9c3b3)
2019-07-24 09:41:44.509 22705 RALLYDEBUG rally_openstack.cleanup.manager [-] Deleting neutron.port object s_rally_37c45d0d_M5Z8SJn0 (fc3c4764-3d82-4cfa-b860-e005f3e09335)
2019-07-24 09:41:44.871 22705 RALLYDEBUG rally_openstack.cleanup.manager [-] Deleting neutron.port object s_rally_37c45d0d_kK1GkByL (fc4a534f-b0e2-4bff-85ea-3e8f0807cb4c)
2019-07-24 09:41:45.345 22705 RALLYDEBUG rally_openstack.cleanup.manager [-] Deleting neutron.port object s_rally_37c45d0d_hzQEFYBE (fd0fad7d-9d30-4b76-94bd-deb95e425202)
2019-07-24 09:41:45.395 22705 RALLYDEBUG rally_openstack.cleanup.manager [-] Deleting neutron.port object s_rally_37c45d0d_1Qy84QjJ (fd5e5b38-f59f-4245-bad1-2b7a06218cb9)
2019-07-24 09:41:45.624 22705 RALLYDEBUG rally_openstack.cleanup.manager [-] Deleting neutron.port object s_rally_37c45d0d_1TFwHrgf (fd76cb38-0e4c-47a3-906b-14ab9067eade)
2019-07-24 09:41:45.880 22705 RALLYDEBUG rally_openstack.cleanup.manager [-] Deleting neutron.port object s_rally_37c45d0d_86OZu56T (fe660fa2-1e7a-4b1a-9e7e-2f713b370cf7)
2019-07-24 09:41:46.151 22705 RALLYDEBUG rally_openstack.cleanup.manager [-] Deleting neutron.port object s_rally_37c45d0d_T2jriTQj (fef4e4de-c337-4e01-94b7-be0cac8d0c03)
2019-07-24 09:41:48.554 22705 RALLYDEBUG rally_openstack.cleanup.manager [-] Cleaning up neutron subnet objects
2019-07-24 09:41:49.197 22705 RALLYDEBUG rally_openstack.cleanup.manager [-] Cleaning up neutron network objects
2019-07-24 09:41:49.931 22705 RALLYDEBUG rally_openstack.cleanup.manager [-] Deleting neutron.network object s_rally_37c45d0d_R7lHK5cr (223b11b5-644d-4354-a078-d89cbc623d5c)
2019-07-24 09:41:49.931 22705 RALLYDEBUG rally_openstack.cleanup.manager [-] Deleting neutron.network object s_rally_37c45d0d_00rzot8j (4c364303-c214-4e9a-93ce-6efa017a2e36)
2019-07-24 09:41:49.944 22705 RALLYDEBUG rally_openstack.cleanup.manager [-] Deleting neutron.network object s_rally_37c45d0d_8Wq8KuUN (63d7d49f-185c-4d7c-873a-9417d1684fb3)
2019-07-24 09:41:49.949 22705 RALLYDEBUG rally_openstack.cleanup.manager [-] Deleting neutron.network object s_rally_37c45d0d_FG3Fxw5g (7828c50c-3ad7-40fd-9477-3c0347658dcc)
2019-07-24 09:41:49.960 22705 RALLYDEBUG rally_openstack.cleanup.manager [-] Deleting neutron.network object s_rally_37c45d0d_fJwwHpmK (ae333a81-f642-42b6-a238-9feb377823e1)
2019-07-24 09:41:49.968 22705 RALLYDEBUG rally_openstack.cleanup.manager [-] Deleting neutron.network object s_rally_37c45d0d_Ht1nxc4m (b790ea81-ddeb-4235-b111-62fc269d182b)
2019-07-24 09:41:49.974 22705 RALLYDEBUG rally_openstack.cleanup.manager [-] Deleting neutron.network object s_rally_37c45d0d_Qot1WyVx (e651f887-3257-4c0a-852c-b733264b3149)
2019-07-24 09:41:49.978 22705 RALLYDEBUG rally_openstack.cleanup.manager [-] Deleting neutron.network object s_rally_37c45d0d_ssgwpiTd (f68f2c80-fa02-4b47-a1b8-53e32550c870)
2019-07-24 09:41:53.390 22705 RALLYDEBUG rally_openstack.cleanup.manager [-] Cleaning up neutron router objects
2019-07-24 09:41:54.180 22705 RALLYDEBUG rally_openstack.cleanup.manager [-] Cleaning up neutron security_group objects
2019-07-24 09:41:54.906 22705 INFO rally.task.context [-] Task f6c83288-f3c9-489d-9e8d-932b1b4ea919 | Context cleanup@openstack cleanup() finished in 1.28 min
2019-07-24 09:41:54.907 22705 INFO rally.task.context [-] Task f6c83288-f3c9-489d-9e8d-932b1b4ea919 | Context quotas@openstack cleanup() started
2019-07-24 09:41:55.122 22705 INFO rally.task.context [-] Task f6c83288-f3c9-489d-9e8d-932b1b4ea919 | Context quotas@openstack cleanup() finished in 0.22 sec
2019-07-24 09:41:55.122 22705 INFO rally.task.context [-] Task f6c83288-f3c9-489d-9e8d-932b1b4ea919 | Context users@openstack cleanup() started
2019-07-24 09:41:59.485 22705 INFO rally.task.context [-] Task f6c83288-f3c9-489d-9e8d-932b1b4ea919 | Context users@openstack cleanup() finished in 4.36 sec
2019-07-24 09:41:59.815 22705 INFO rally.task.engine [-] Load duration is: 99.998659
2019-07-24 09:41:59.815 22705 INFO rally.task.engine [-] Full runner duration is: 100.046233
2019-07-24 09:41:59.815 22705 INFO rally.task.engine [-] Full duration is: 186.560783
2019-07-24 09:42:00.025 22705 INFO rally.task.engine [-] Running workload: position = 1 config = { "version": 2, "title": "A cropped version of a bigger task.", "description": "Auto-generated task from a single workload (uuid=e146eeb2-e363-41bd-b9cc-bfc895b4927a)", "subtasks": [ { "title": "NeutronNetworks.create_and_update_ports", "description": "Create and update a given number of ports.", "scenario": { "NeutronNetworks.create_and_update_ports": { "network_create_args": {}, "port_create_args": {}, "ports_per_network": 5, "port_update_args": { "admin_state_up": false, "device_id": "dummy_id", "device_owner": "dummy_owner", "name": "_port_updated" } } }, "contexts": { "users": { "tenants": 1, "users_per_tenant": 1 }, "quotas": { "neutron": { "network": -1, "port": -1 } } }, "runner": { "constant": { "times": 40, "concurrency": 20 } }, "hooks": [], "sla": { "failure_rate": { "max": 0 } } } ] }
2019-07-24 09:42:00.042 22705 RALLYDEBUG rally_openstack.contexts.keystone.users [-] Creating 1 tenants using 20 threads
2019-07-24 09:42:01.747 22705 RALLYDEBUG rally_openstack.contexts.keystone.users [-] Creating 1 users using 20 threads
2019-07-24 09:42:04.320 22705 INFO rally.task.context [-] Task f6c83288-f3c9-489d-9e8d-932b1b4ea919 | Context users@openstack setup() finished in 4.28 sec
2019-07-24 09:42:05.080 22705 INFO rally.task.context [-] Task f6c83288-f3c9-489d-9e8d-932b1b4ea919 | Context quotas@openstack setup() finished in 0.76 sec
2019-07-24 09:42:05.080 22705 INFO rally.task.context [-] Task f6c83288-f3c9-489d-9e8d-932b1b4ea919 | Context cleanup@openstack setup() finished in 0.00 msec
2019-07-24 09:42:05.087 22705 RALLYDEBUG rally.task.runner [-] Starting the constant runner (task UUID: f6c83288-f3c9-489d-9e8d-932b1b4ea919). timeout: 0 concurrency: 20 concurrency_per_worker: 1 times: 40 concurrency_overhead: 4 processes_to_start: 16 max_cpu_used: 16
2019-07-24 09:42:05.101 26581 RALLYDEBUG rally.task.runner [-] Starting a worker. concurrency: 2 args: {"network_create_args": {}, "port_create_args": {}, "ports_per_network": 5, "port_update_args": {"admin_state_up": false, "device_id": "dummy_id", "device_owner": "dummy_owner", "name": "_port_updated"}} times: 40 method_name: run timeout: 0 duration: None cls:
2019-07-24 09:42:05.103 26582 RALLYDEBUG rally.task.runner [-] Starting a worker. concurrency: 2 args: {"network_create_args": {}, "port_create_args": {}, "ports_per_network": 5, "port_update_args": {"admin_state_up": false, "device_id": "dummy_id", "device_owner": "dummy_owner", "name": "_port_updated"}} times: 40 method_name: run timeout: 0 duration: None cls:
2019-07-24 09:42:05.107 26583 RALLYDEBUG rally.task.runner [-] Starting a worker. concurrency: 2 args: {"network_create_args": {}, "port_create_args": {}, "ports_per_network": 5, "port_update_args": {"admin_state_up": false, "device_id": "dummy_id", "device_owner": "dummy_owner", "name": "_port_updated"}} times: 40 method_name: run timeout: 0 duration: None cls:
2019-07-24 09:42:05.108 26584 RALLYDEBUG rally.task.runner [-] Starting a worker. concurrency: 2 args: {"network_create_args": {}, "port_create_args": {}, "ports_per_network": 5, "port_update_args": {"admin_state_up": false, "device_id": "dummy_id", "device_owner": "dummy_owner", "name": "_port_updated"}} times: 40 method_name: run timeout: 0 duration: None cls:
2019-07-24 09:42:05.110 26581 INFO rally.task.runner [-] Task f6c83288-f3c9-489d-9e8d-932b1b4ea919 | ITER: 1 START
2019-07-24 09:42:05.112 26581 WARNING rally_openstack.scenarios.neutron.utils [-] Running this scenario without either the 'network' or 'existing_network' context is deprecated
2019-07-24 09:42:05.114 26582 INFO rally.task.runner [-] Task f6c83288-f3c9-489d-9e8d-932b1b4ea919 | ITER: 4 START
2019-07-24 09:42:05.114 26585 RALLYDEBUG rally.task.runner [-] Starting a worker. concurrency: 1 args: {"network_create_args": {}, "port_create_args": {}, "ports_per_network": 5, "port_update_args": {"admin_state_up": false, "device_id": "dummy_id", "device_owner": "dummy_owner", "name": "_port_updated"}} times: 40 method_name: run timeout: 0 duration: None cls:
2019-07-24 09:42:05.114 26588 RALLYDEBUG rally.task.runner [-] Starting a worker. concurrency: 1 args: {"network_create_args": {}, "port_create_args": {}, "ports_per_network": 5, "port_update_args": {"admin_state_up": false, "device_id": "dummy_id", "device_owner": "dummy_owner", "name": "_port_updated"}} times: 40 method_name: run timeout: 0 duration: None cls:
2019-07-24 09:42:05.116 26582 WARNING rally_openstack.scenarios.neutron.utils [-] Running this scenario without either the 'network' or 'existing_network' context is deprecated
2019-07-24 09:42:05.117 26583 INFO rally.task.runner [-] Task f6c83288-f3c9-489d-9e8d-932b1b4ea919 | ITER: 7 START
2019-07-24 09:42:05.119 26584 INFO rally.task.runner [-] Task f6c83288-f3c9-489d-9e8d-932b1b4ea919 | ITER: 6 START
2019-07-24 09:42:05.118 26583 INFO rally.task.runner [-] Task f6c83288-f3c9-489d-9e8d-932b1b4ea919 | ITER: 5 START
2019-07-24 09:42:05.120 26583 WARNING rally_openstack.scenarios.neutron.utils [-] Running this scenario without either the 'network' or 'existing_network' context is deprecated
2019-07-24 09:42:05.120 26584 WARNING rally_openstack.scenarios.neutron.utils [-] Running this scenario without either the 'network' or 'existing_network' context is deprecated
2019-07-24 09:42:05.121 26588 INFO rally.task.runner [-] Task f6c83288-f3c9-489d-9e8d-932b1b4ea919 | ITER: 10 START
2019-07-24 09:42:05.121 26591 RALLYDEBUG rally.task.runner [-] Starting a worker. concurrency: 1 args: {"network_create_args": {}, "port_create_args": {}, "ports_per_network": 5, "port_update_args": {"admin_state_up": false, "device_id": "dummy_id", "device_owner": "dummy_owner", "name": "_port_updated"}} times: 40 method_name: run timeout: 0 duration: None cls:
2019-07-24 09:42:05.123 26588 WARNING rally_openstack.scenarios.neutron.utils [-] Running this scenario without either the 'network' or 'existing_network' context is deprecated
2019-07-24 09:42:05.122 26596 RALLYDEBUG rally.task.runner [-] Starting a worker. concurrency: 1 args: {"network_create_args": {}, "port_create_args": {}, "ports_per_network": 5, "port_update_args": {"admin_state_up": false, "device_id": "dummy_id", "device_owner": "dummy_owner", "name": "_port_updated"}} times: 40 method_name: run timeout: 0 duration: None cls:
2019-07-24 09:42:05.124 26585 INFO rally.task.runner [-] Task f6c83288-f3c9-489d-9e8d-932b1b4ea919 | ITER: 9 START
2019-07-24 09:42:05.125 26600 RALLYDEBUG rally.task.runner [-] Starting a worker. concurrency: 1 args: {"network_create_args": {}, "port_create_args": {}, "ports_per_network": 5, "port_update_args": {"admin_state_up": false, "device_id": "dummy_id", "device_owner": "dummy_owner", "name": "_port_updated"}} times: 40 method_name: run timeout: 0 duration: None cls:
2019-07-24 09:42:05.126 26585 WARNING rally_openstack.scenarios.neutron.utils [-] Running this scenario without either the 'network' or 'existing_network' context is deprecated
2019-07-24 09:42:05.120 26583 WARNING rally_openstack.scenarios.neutron.utils [-] Running this scenario without either the 'network' or 'existing_network' context is deprecated
2019-07-24 09:42:05.127 26581 INFO rally.task.runner [-] Task f6c83288-f3c9-489d-9e8d-932b1b4ea919 | ITER: 3 START
2019-07-24 09:42:05.118 26582 INFO rally.task.runner [-] Task f6c83288-f3c9-489d-9e8d-932b1b4ea919 | ITER: 2 START
2019-07-24 09:42:05.127 26604 RALLYDEBUG rally.task.runner [-] Starting a worker. concurrency: 1 args: {"network_create_args": {}, "port_create_args": {}, "ports_per_network": 5, "port_update_args": {"admin_state_up": false, "device_id": "dummy_id", "device_owner": "dummy_owner", "name": "_port_updated"}} times: 40 method_name: run timeout: 0 duration: None cls:
2019-07-24 09:42:05.128 26582 WARNING rally_openstack.scenarios.neutron.utils [-] Running this scenario without either the 'network' or 'existing_network' context is deprecated
2019-07-24 09:42:05.128 26581 WARNING rally_openstack.scenarios.neutron.utils [-] Running this scenario without either the 'network' or 'existing_network' context is deprecated
2019-07-24 09:42:05.128 26591 INFO rally.task.runner [-] Task f6c83288-f3c9-489d-9e8d-932b1b4ea919 | ITER: 11 START
2019-07-24 09:42:05.129 26596 INFO rally.task.runner [-] Task f6c83288-f3c9-489d-9e8d-932b1b4ea919 | ITER: 12 START
2019-07-24 09:42:05.130 26584 INFO rally.task.runner [-] Task f6c83288-f3c9-489d-9e8d-932b1b4ea919 | ITER: 8 START
2019-07-24 09:42:05.131 26584 WARNING rally_openstack.scenarios.neutron.utils [-] Running this scenario without either the 'network' or 'existing_network' context is deprecated
2019-07-24 09:42:05.131 26596 WARNING rally_openstack.scenarios.neutron.utils [-] Running this scenario without either the 'network' or 'existing_network' context is deprecated
2019-07-24 09:42:05.132 26600 INFO rally.task.runner [-] Task f6c83288-f3c9-489d-9e8d-932b1b4ea919 | ITER: 13 START
2019-07-24 09:42:05.133 26604 INFO rally.task.runner [-] Task f6c83288-f3c9-489d-9e8d-932b1b4ea919 | ITER: 14 START
2019-07-24 09:42:05.133 26591 WARNING rally_openstack.scenarios.neutron.utils [-] Running this scenario without either the 'network' or 'existing_network' context is deprecated
2019-07-24 09:42:05.134 26600 WARNING rally_openstack.scenarios.neutron.utils [-] Running this scenario without either the 'network' or 'existing_network' context is deprecated
2019-07-24 09:42:05.135 26604 WARNING rally_openstack.scenarios.neutron.utils [-] Running this scenario without either the 'network' or 'existing_network' context is deprecated
2019-07-24 09:42:05.135 26607 RALLYDEBUG rally.task.runner [-] Starting a worker. concurrency: 1 args: {"network_create_args": {}, "port_create_args": {}, "ports_per_network": 5, "port_update_args": {"admin_state_up": false, "device_id": "dummy_id", "device_owner": "dummy_owner", "name": "_port_updated"}} times: 40 method_name: run timeout: 0 duration: None cls:
2019-07-24 09:42:05.141 26616 RALLYDEBUG rally.task.runner [-] Starting a worker. concurrency: 1 args: {"network_create_args": {}, "port_create_args": {}, "ports_per_network": 5, "port_update_args": {"admin_state_up": false, "device_id": "dummy_id", "device_owner": "dummy_owner", "name": "_port_updated"}} times: 40 method_name: run timeout: 0 duration: None cls:
2019-07-24 09:42:05.144 26607 INFO rally.task.runner [-] Task f6c83288-f3c9-489d-9e8d-932b1b4ea919 | ITER: 15 START
2019-07-24 09:42:05.146 26607 WARNING rally_openstack.scenarios.neutron.utils [-] Running this scenario without either the 'network' or 'existing_network' context is deprecated
2019-07-24 09:42:05.153 26619 RALLYDEBUG rally.task.runner [-] Starting a worker. concurrency: 1 args: {"network_create_args": {}, "port_create_args": {}, "ports_per_network": 5, "port_update_args": {"admin_state_up": false, "device_id": "dummy_id", "device_owner": "dummy_owner", "name": "_port_updated"}} times: 40 method_name: run timeout: 0 duration: None cls:
2019-07-24 09:42:05.154 26616 INFO rally.task.runner [-] Task f6c83288-f3c9-489d-9e8d-932b1b4ea919 | ITER: 16 START
2019-07-24 09:42:05.156 26616 WARNING rally_openstack.scenarios.neutron.utils [-] Running this scenario without either the 'network' or 'existing_network' context is deprecated
2019-07-24 09:42:05.161 26619 INFO rally.task.runner [-] Task f6c83288-f3c9-489d-9e8d-932b1b4ea919 | ITER: 17 START
2019-07-24 09:42:05.162 26619 WARNING rally_openstack.scenarios.neutron.utils [-] Running this scenario without either the 'network' or 'existing_network' context is deprecated
2019-07-24 09:42:05.169 26622 RALLYDEBUG rally.task.runner [-] Starting a worker. concurrency: 1 args: {"network_create_args": {}, "port_create_args": {}, "ports_per_network": 5, "port_update_args": {"admin_state_up": false, "device_id": "dummy_id", "device_owner": "dummy_owner", "name": "_port_updated"}} times: 40 method_name: run timeout: 0 duration: None cls:
2019-07-24 09:42:05.170 26625 RALLYDEBUG rally.task.runner [-] Starting a worker. concurrency: 1 args: {"network_create_args": {}, "port_create_args": {}, "ports_per_network": 5, "port_update_args": {"admin_state_up": false, "device_id": "dummy_id", "device_owner": "dummy_owner", "name": "_port_updated"}} times: 40 method_name: run timeout: 0 duration: None cls:
2019-07-24 09:42:05.172 26626 RALLYDEBUG rally.task.runner [-] Starting a worker. concurrency: 1 args: {"network_create_args": {}, "port_create_args": {}, "ports_per_network": 5, "port_update_args": {"admin_state_up": false, "device_id": "dummy_id", "device_owner": "dummy_owner", "name": "_port_updated"}} times: 40 method_name: run timeout: 0 duration: None cls:
2019-07-24 09:42:05.174 26622 INFO rally.task.runner [-] Task f6c83288-f3c9-489d-9e8d-932b1b4ea919 | ITER: 18 START
2019-07-24 09:42:05.175 26622 WARNING rally_openstack.scenarios.neutron.utils [-] Running this scenario without either the 'network' or 'existing_network' context is deprecated
2019-07-24 09:42:05.175 26625 INFO rally.task.runner [-] Task f6c83288-f3c9-489d-9e8d-932b1b4ea919 | ITER: 19 START
2019-07-24 09:42:05.176 26625 WARNING rally_openstack.scenarios.neutron.utils [-] Running this scenario without either the 'network' or 'existing_network' context is deprecated
2019-07-24 09:42:05.177 26626 INFO rally.task.runner [-] Task f6c83288-f3c9-489d-9e8d-932b1b4ea919 | ITER: 20 START
2019-07-24 09:42:05.178 26626 WARNING rally_openstack.scenarios.neutron.utils [-] Running this scenario without either the 'network' or 'existing_network' context is deprecated
2019-07-24 09:42:15.178 26596 INFO rally.task.runner [-] Task f6c83288-f3c9-489d-9e8d-932b1b4ea919 | ITER: 12 END: OK
2019-07-24 09:42:15.183 26596 INFO rally.task.runner [-] Task f6c83288-f3c9-489d-9e8d-932b1b4ea919 | ITER: 21 START
2019-07-24 09:42:15.183 26596 WARNING rally_openstack.scenarios.neutron.utils [-] Running this scenario without either the 'network' or 'existing_network' context is deprecated
2019-07-24 09:42:15.269 26584 INFO rally.task.runner [-] Task f6c83288-f3c9-489d-9e8d-932b1b4ea919 | ITER: 6 END: OK
2019-07-24 09:42:15.273 26584 INFO rally.task.runner [-] Task f6c83288-f3c9-489d-9e8d-932b1b4ea919 | ITER: 22 START
2019-07-24 09:42:15.274 26584 WARNING rally_openstack.scenarios.neutron.utils [-] Running this scenario without either the 'network' or 'existing_network' context is deprecated
2019-07-24 09:42:15.332 26625 INFO rally.task.runner [-] Task f6c83288-f3c9-489d-9e8d-932b1b4ea919 | ITER: 19 END: OK
2019-07-24 09:42:15.336 26625 INFO rally.task.runner [-] Task f6c83288-f3c9-489d-9e8d-932b1b4ea919 | ITER: 23 START
2019-07-24 09:42:15.337 26625 WARNING rally_openstack.scenarios.neutron.utils [-] Running this scenario without either the 'network' or 'existing_network' context is deprecated
2019-07-24 09:42:15.430 26622 INFO rally.task.runner [-] Task f6c83288-f3c9-489d-9e8d-932b1b4ea919 | ITER: 18 END: OK
2019-07-24 09:42:15.434 26622 INFO rally.task.runner [-] Task f6c83288-f3c9-489d-9e8d-932b1b4ea919 | ITER: 24 START
2019-07-24 09:42:15.435 26622 WARNING rally_openstack.scenarios.neutron.utils [-] Running this scenario without either the 'network' or 'existing_network' context is deprecated
2019-07-24 09:42:15.436 26600 INFO rally.task.runner [-] Task f6c83288-f3c9-489d-9e8d-932b1b4ea919 | ITER: 13 END: OK
2019-07-24 09:42:15.442 26600 INFO rally.task.runner [-] Task f6c83288-f3c9-489d-9e8d-932b1b4ea919 | ITER: 25 START
2019-07-24 09:42:15.442 26600 WARNING rally_openstack.scenarios.neutron.utils [-] Running this scenario without either the 'network' or 'existing_network' context is deprecated
2019-07-24 09:42:21.805 26604 INFO rally.task.runner [-] Task f6c83288-f3c9-489d-9e8d-932b1b4ea919 | ITER: 14 END: OK
2019-07-24 09:42:21.809 26604 INFO rally.task.runner [-] Task f6c83288-f3c9-489d-9e8d-932b1b4ea919 | ITER: 26 START
2019-07-24 09:42:21.810 26604 WARNING rally_openstack.scenarios.neutron.utils [-] Running this scenario without either the 'network' or 'existing_network' context is deprecated
2019-07-24 09:42:21.812 26581 INFO rally.task.runner [-] Task f6c83288-f3c9-489d-9e8d-932b1b4ea919 | ITER: 1 END: OK
2019-07-24 09:42:21.816 26581 INFO rally.task.runner [-] Task f6c83288-f3c9-489d-9e8d-932b1b4ea919 | ITER: 27 START
2019-07-24 09:42:21.817 26581 WARNING rally_openstack.scenarios.neutron.utils [-] Running this scenario without either the 'network' or 'existing_network' context is deprecated
2019-07-24 09:42:21.832 26591 INFO rally.task.runner [-] Task f6c83288-f3c9-489d-9e8d-932b1b4ea919 | ITER: 11 END: OK
2019-07-24 09:42:21.836 26591 INFO rally.task.runner [-] Task f6c83288-f3c9-489d-9e8d-932b1b4ea919 | ITER: 28 START
2019-07-24 09:42:21.837 26591 WARNING rally_openstack.scenarios.neutron.utils [-] Running this scenario without either the 'network' or 'existing_network' context is deprecated
2019-07-24 09:42:22.017 26583 INFO rally.task.runner [-] Task f6c83288-f3c9-489d-9e8d-932b1b4ea919 | ITER: 7 END: OK
2019-07-24 09:42:22.022 26583 INFO rally.task.runner [-] Task f6c83288-f3c9-489d-9e8d-932b1b4ea919 | ITER: 29 START
2019-07-24 09:42:22.022 26583 WARNING rally_openstack.scenarios.neutron.utils [-] Running this scenario without either the 'network' or 'existing_network' context is deprecated
2019-07-24 09:42:22.048 26626 INFO rally.task.runner [-] Task f6c83288-f3c9-489d-9e8d-932b1b4ea919 | ITER: 20 END: OK
2019-07-24 09:42:22.051 26626 INFO rally.task.runner [-] Task f6c83288-f3c9-489d-9e8d-932b1b4ea919 | ITER: 30 START
2019-07-24 09:42:22.051 26626 WARNING rally_openstack.scenarios.neutron.utils [-] Running this scenario without either the 'network' or 'existing_network' context is deprecated
2019-07-24 09:42:22.292 26616 INFO rally.task.runner [-] Task f6c83288-f3c9-489d-9e8d-932b1b4ea919 | ITER: 16 END: OK
2019-07-24 09:42:22.296 26616 INFO rally.task.runner [-] Task f6c83288-f3c9-489d-9e8d-932b1b4ea919 | ITER: 31 START
2019-07-24 09:42:22.297 26616 WARNING rally_openstack.scenarios.neutron.utils [-] Running this scenario without either the 'network' or 'existing_network' context is deprecated
2019-07-24 09:42:23.868 26596 INFO rally.task.runner [-] Task f6c83288-f3c9-489d-9e8d-932b1b4ea919 | ITER: 21 END: OK
2019-07-24 09:42:23.872 26596 INFO rally.task.runner [-] Task f6c83288-f3c9-489d-9e8d-932b1b4ea919 | ITER: 32 START
2019-07-24 09:42:23.872 26596 WARNING rally_openstack.scenarios.neutron.utils [-] Running this scenario without either the 'network' or 'existing_network' context is deprecated
2019-07-24 09:42:24.618 26584 INFO rally.task.runner [-] Task f6c83288-f3c9-489d-9e8d-932b1b4ea919 | ITER: 22 END: OK
2019-07-24 09:42:24.622 26584 INFO rally.task.runner [-] Task f6c83288-f3c9-489d-9e8d-932b1b4ea919 | ITER: 33 START
2019-07-24 09:42:24.622 26584 WARNING rally_openstack.scenarios.neutron.utils [-] Running this scenario without either the 'network' or 'existing_network' context is deprecated
2019-07-24 09:42:28.409 26583 INFO rally.task.runner [-] Task f6c83288-f3c9-489d-9e8d-932b1b4ea919 | ITER: 5 END: OK
2019-07-24 09:42:28.414 26583 INFO rally.task.runner [-] Task f6c83288-f3c9-489d-9e8d-932b1b4ea919 | ITER: 34 START
2019-07-24 09:42:28.414 26583 WARNING rally_openstack.scenarios.neutron.utils [-] Running this scenario without either the 'network' or 'existing_network' context is deprecated
2019-07-24 09:42:28.814 26585 INFO rally.task.runner [-] Task f6c83288-f3c9-489d-9e8d-932b1b4ea919 | ITER: 9 END: OK
2019-07-24 09:42:28.818 26585 INFO rally.task.runner [-] Task f6c83288-f3c9-489d-9e8d-932b1b4ea919 | ITER: 35 START
2019-07-24 09:42:28.819 26585 WARNING rally_openstack.scenarios.neutron.utils [-] Running this scenario without either the 'network' or 'existing_network' context is deprecated
2019-07-24 09:42:29.111 26582 INFO rally.task.runner [-] Task f6c83288-f3c9-489d-9e8d-932b1b4ea919 | ITER: 4 END: OK
2019-07-24 09:42:29.116 26582 INFO rally.task.runner [-] Task f6c83288-f3c9-489d-9e8d-932b1b4ea919 | ITER: 36 START
2019-07-24 09:42:29.116 26582 WARNING rally_openstack.scenarios.neutron.utils [-] Running this scenario without either the 'network' or 'existing_network' context is deprecated
2019-07-24 09:42:31.555 26616 INFO rally.task.runner [-] Task f6c83288-f3c9-489d-9e8d-932b1b4ea919 | ITER: 31 END: OK
2019-07-24 09:42:31.560 26616 INFO rally.task.runner [-] Task f6c83288-f3c9-489d-9e8d-932b1b4ea919 | ITER: 37 START
2019-07-24 09:42:31.560 26616 WARNING rally_openstack.scenarios.neutron.utils [-] Running this scenario without either the 'network' or 'existing_network' context is deprecated
2019-07-24 09:42:31.682 26604 INFO rally.task.runner [-] Task f6c83288-f3c9-489d-9e8d-932b1b4ea919 | ITER: 26 END: OK
2019-07-24 09:42:31.686 26604 INFO rally.task.runner [-] Task f6c83288-f3c9-489d-9e8d-932b1b4ea919 | ITER: 38 START
2019-07-24 09:42:31.687 26604 WARNING rally_openstack.scenarios.neutron.utils [-] Running this scenario without either the 'network' or 'existing_network' context is deprecated
2019-07-24 09:42:31.766 26591 INFO rally.task.runner [-] Task f6c83288-f3c9-489d-9e8d-932b1b4ea919 | ITER: 28 END: OK
2019-07-24 09:42:31.770 26591 INFO rally.task.runner [-] Task f6c83288-f3c9-489d-9e8d-932b1b4ea919 | ITER: 39 START
2019-07-24 09:42:31.771 26591 WARNING rally_openstack.scenarios.neutron.utils [-] Running this scenario without either the 'network' or 'existing_network' context is deprecated
2019-07-24 09:42:34.037 26584 INFO rally.task.runner [-] Task f6c83288-f3c9-489d-9e8d-932b1b4ea919 | ITER: 33 END: OK
2019-07-24 09:42:34.040 26584 INFO rally.task.runner [-] Task f6c83288-f3c9-489d-9e8d-932b1b4ea919 | ITER: 40 START
2019-07-24 09:42:34.041 26584 WARNING rally_openstack.scenarios.neutron.utils [-] Running this scenario without either the 'network' or 'existing_network' context is deprecated
2019-07-24 09:42:35.997 26581 INFO rally.task.runner [-] Task f6c83288-f3c9-489d-9e8d-932b1b4ea919 | ITER: 27 END: OK
2019-07-24 09:42:37.417 26585 INFO rally.task.runner [-] Task f6c83288-f3c9-489d-9e8d-932b1b4ea919 | ITER: 35 END: OK
2019-07-24 09:42:37.523 26596 INFO rally.task.runner [-] Task f6c83288-f3c9-489d-9e8d-932b1b4ea919 | ITER: 32 END: OK
2019-07-24 09:42:37.632 26626 INFO rally.task.runner [-] Task f6c83288-f3c9-489d-9e8d-932b1b4ea919 | ITER: 30 END: OK
2019-07-24 09:42:37.810 26583 INFO rally.task.runner [-] Task f6c83288-f3c9-489d-9e8d-932b1b4ea919 | ITER: 29 END: OK
2019-07-24 09:42:39.037 26625 INFO rally.task.runner [-] Task f6c83288-f3c9-489d-9e8d-932b1b4ea919 | ITER: 23 END: OK
2019-07-24 09:42:39.420 26616 INFO rally.task.runner [-] Task f6c83288-f3c9-489d-9e8d-932b1b4ea919 | ITER: 37 END: OK
2019-07-24 09:42:39.622 26622 INFO rally.task.runner [-] Task f6c83288-f3c9-489d-9e8d-932b1b4ea919 | ITER: 24 END: OK
2019-07-24 09:42:39.643 26600 INFO rally.task.runner [-] Task f6c83288-f3c9-489d-9e8d-932b1b4ea919 | ITER: 25 END: OK
2019-07-24 09:42:42.381 26583 INFO rally.task.runner [-] Task f6c83288-f3c9-489d-9e8d-932b1b4ea919 | ITER: 34 END: OK
2019-07-24 09:42:43.052 26582 INFO rally.task.runner [-] Task f6c83288-f3c9-489d-9e8d-932b1b4ea919 | ITER: 36 END: OK
2019-07-24 09:42:44.296 26584 INFO rally.task.runner [-] Task f6c83288-f3c9-489d-9e8d-932b1b4ea919 | ITER: 40 END: OK
2019-07-24 09:42:45.397 26591 INFO rally.task.runner [-] Task f6c83288-f3c9-489d-9e8d-932b1b4ea919 | ITER: 39 END: OK
2019-07-24 09:42:45.401 26604 INFO rally.task.runner [-] Task f6c83288-f3c9-489d-9e8d-932b1b4ea919 | ITER: 38 END: OK
2019-07-24 09:42:47.378 26582 INFO rally.task.runner [-] Task f6c83288-f3c9-489d-9e8d-932b1b4ea919 | ITER: 2 END: OK
2019-07-24 09:42:47.587 26584 INFO rally.task.runner [-] Task f6c83288-f3c9-489d-9e8d-932b1b4ea919 | ITER: 8 END: OK
2019-07-24 09:42:47.741 26581 INFO rally.task.runner [-] Task f6c83288-f3c9-489d-9e8d-932b1b4ea919 | ITER: 3 END: OK
2019-07-24 09:42:47.773 26588 INFO rally.task.runner [-] Task f6c83288-f3c9-489d-9e8d-932b1b4ea919 | ITER: 10 END: OK
2019-07-24 09:42:48.010 26619 INFO rally.task.runner [-] Task f6c83288-f3c9-489d-9e8d-932b1b4ea919 | ITER: 17 END: OK
2019-07-24 09:42:48.122 26607 INFO rally.task.runner [-] Task f6c83288-f3c9-489d-9e8d-932b1b4ea919 | ITER: 15 END: OK
2019-07-24 09:42:48.144 22705 INFO rally.task.context [-] Task f6c83288-f3c9-489d-9e8d-932b1b4ea919 | Context cleanup@openstack cleanup() started
2019-07-24 09:42:48.148 22705 RALLYDEBUG rally_openstack.cleanup.manager [-] Cleaning up neutron vip objects
2019-07-24 09:42:48.770 22705 RALLYDEBUG rally_openstack.cleanup.manager [-] Cleaning up neutron health_monitor objects
2019-07-24 09:42:49.493 22705 RALLYDEBUG rally_openstack.cleanup.manager [-] Cleaning up neutron pool objects
2019-07-24 09:42:50.235 22705 RALLYDEBUG rally_openstack.cleanup.manager [-] Cleaning up neutron loadbalancer objects
2019-07-24 09:42:50.863 22705 RALLYDEBUG rally_openstack.cleanup.manager [-] Cleaning up neutron floatingip objects
2019-07-24 09:42:51.651 22705 RALLYDEBUG rally_openstack.cleanup.manager [-] Cleaning up neutron port objects
2019-07-24 09:42:52.857 22705 RALLYDEBUG rally_openstack.cleanup.manager [-] Deleting neutron.port object s_rally_e146eeb2_qoX1iLkE (02460567-5ef5-4239-b7b8-268b2045d21e)
2019-07-24 09:42:52.861 22705 RALLYDEBUG rally_openstack.cleanup.manager [-] Deleting neutron.port object s_rally_e146eeb2_O70nyxnI (0559b680-27a4-4dba-b135-bd7d6f0ec3f1)
2019-07-24 09:42:52.862 22705 RALLYDEBUG rally_openstack.cleanup.manager [-] Deleting neutron.port object s_rally_e146eeb2_pVGc3aCN (0476358e-32f7-4042-95a4-7fea142fb45a)
2019-07-24 09:42:52.865 22705 RALLYDEBUG rally_openstack.cleanup.manager [-] Deleting neutron.port object s_rally_e146eeb2_skOandyq (0282ee8d-85a8-4869-ad02-8c8de13b461e)
2019-07-24 09:42:52.871 22705 RALLYDEBUG rally_openstack.cleanup.manager [-] Deleting neutron.port object s_rally_e146eeb2_VXboWDpk (05f13df5-2f11-49cd-86a5-b5fe4c10bcf3)
2019-07-24 09:42:52.871 22705 RALLYDEBUG rally_openstack.cleanup.manager [-] Deleting neutron.port object s_rally_e146eeb2_TKnWqQMn (0023e75c-8424-4ed5-b845-4886a8a0898e)
2019-07-24 09:42:52.875 22705 RALLYDEBUG rally_openstack.cleanup.manager [-] Deleting neutron.port object s_rally_e146eeb2_7yWD9pwj (02f5e5c5-40b5-45fd-afd6-695573e30b3e)
2019-07-24 09:42:52.882 22705 RALLYDEBUG rally_openstack.cleanup.manager [-] Deleting neutron.port object s_rally_e146eeb2_9eB0NNDu (06556c83-e4c5-4ced-b169-7540c5f1fe5c)
2019-07-24 09:42:52.883 22705 RALLYDEBUG rally_openstack.cleanup.manager [-] Deleting neutron.port object s_rally_e146eeb2_qGtx3anr (011c6b4c-cd93-4dfa-9010-4c72bfe92f23)
2019-07-24 09:42:52.887 22705 RALLYDEBUG rally_openstack.cleanup.manager [-] Deleting neutron.port object s_rally_e146eeb2_QhLY34Ej (053258c1-d28c-4941-afa1-284cca3fdfc9)
2019-07-24 09:42:52.894 22705 RALLYDEBUG rally_openstack.cleanup.manager [-] Deleting neutron.port object s_rally_e146eeb2_9D9kVsgx (0853786d-768d-40f2-8bd6-a4c9daff57f0)
2019-07-24 09:42:52.896 22705 RALLYDEBUG rally_openstack.cleanup.manager [-] Deleting neutron.port object s_rally_e146eeb2_utZb2Job (0a236a7e-6fa5-47aa-88a9-6198fab1bcba)
2019-07-24 09:42:52.906 22705 RALLYDEBUG rally_openstack.cleanup.manager [-] Deleting neutron.port object s_rally_e146eeb2_6lp0nQ6I (0a3d8647-2f9a-48e6-86a7-fae83f6606b3)
2019-07-24 09:42:52.921 22705 RALLYDEBUG rally_openstack.cleanup.manager [-] Deleting neutron.port object s_rally_e146eeb2_iYWGMOdi (0a917830-e211-439e-807c-17178305a766)
2019-07-24 09:42:52.925 22705 RALLYDEBUG rally_openstack.cleanup.manager [-] Deleting neutron.port object s_rally_e146eeb2_BMHNKePS (0b7cb5b4-a7f3-460d-9c96-87e50259ec0d)
2019-07-24 09:42:52.934 22705 RALLYDEBUG rally_openstack.cleanup.manager [-] Deleting neutron.port object s_rally_e146eeb2_pRMv5e6y (0c3408c4-d0c7-4a00-8614-62fe42a87b18)
2019-07-24 09:42:52.963 22705 RALLYDEBUG rally_openstack.cleanup.manager [-] Deleting neutron.port object s_rally_e146eeb2_Qjn1pA6H (103d5663-0eac-4b27-a304-08749aeb9fd8)
2019-07-24 09:42:52.964 22705 RALLYDEBUG rally_openstack.cleanup.manager [-] Deleting neutron.port object s_rally_e146eeb2_y5OYLhcC (0fa4d802-d54e-41c0-befe-e6b712f72652)
2019-07-24 09:42:52.982 22705 RALLYDEBUG rally_openstack.cleanup.manager [-] Deleting neutron.port object s_rally_e146eeb2_5CwgHQxq (109ac828-6755-4a5d-8070-7bd4103d1448)
2019-07-24 09:42:53.003 22705 RALLYDEBUG rally_openstack.cleanup.manager [-] Deleting neutron.port object s_rally_e146eeb2_lQJKZlq6 (11850640-9987-4505-9acf-7c76ee98f629)
2019-07-24 09:42:55.359 22705 RALLYDEBUG rally_openstack.cleanup.manager [-] Deleting neutron.port object s_rally_e146eeb2_UiiNxFbY (11dccc90-e25b-4bc6-abc9-8e4e09380c07)
2019-07-24 09:42:55.378 22705 RALLYDEBUG rally_openstack.cleanup.manager [-] Deleting neutron.port object s_rally_e146eeb2_jUQKDHAS (13c9964b-edc1-4d9b-9fc2-644a2230dba1)
2019-07-24 09:42:55.494 22705 RALLYDEBUG rally_openstack.cleanup.manager [-] Deleting neutron.port object s_rally_e146eeb2_rYZiapJJ (15f738a1-080b-4fb5-818f-928d6cdfe66f)
2019-07-24 09:42:57.144 22705 RALLYDEBUG rally_openstack.cleanup.manager [-] Deleting neutron.port object s_rally_e146eeb2_T12kLw19 (18ba0551-af3e-48e3-9476-a8e58230aa98)
2019-07-24 09:42:57.427 22705 RALLYDEBUG rally_openstack.cleanup.manager [-] Deleting neutron.port object s_rally_e146eeb2_XQQ0Hkns (18d8cbd6-8602-4768-a060-80a967992e8e)
2019-07-24 09:42:57.469 22705 RALLYDEBUG rally_openstack.cleanup.manager [-] Deleting neutron.port object s_rally_e146eeb2_1cwN9s5N (19dd2596-ddf8-4775-9aaf-e4f1c9accbdd)
2019-07-24 09:42:57.705 22705 RALLYDEBUG rally_openstack.cleanup.manager [-] Deleting neutron.port object s_rally_e146eeb2_QhWsFRQV (1a0f6041-82e1-401b-b3c8-73afe529f026)
2019-07-24 09:42:58.246 22705 RALLYDEBUG rally_openstack.cleanup.manager [-] Deleting neutron.port object s_rally_e146eeb2_vFTWddYP (1b77347a-6c18-4999-a88c-e9ec3755da87)
2019-07-24 09:42:58.473 22705 RALLYDEBUG rally_openstack.cleanup.manager [-] Deleting neutron.port object s_rally_e146eeb2_V9CgDL9c (1ca965d2-88e1-4d0b-8987-6fc5b6bc5618)
2019-07-24 09:42:58.734 22705 RALLYDEBUG rally_openstack.cleanup.manager [-] Deleting neutron.port object s_rally_e146eeb2_zMKrKjtO (21821e58-86ec-4370-88b6-4329871c7886)
2019-07-24 09:42:58.737 22705 RALLYDEBUG rally_openstack.cleanup.manager [-] Deleting neutron.port object s_rally_e146eeb2_AiG1FSYP (246d9857-3ee3-4b5c-ab0f-8d260d64b32f)
2019-07-24 09:42:59.022 22705 RALLYDEBUG rally_openstack.cleanup.manager [-] Deleting neutron.port object s_rally_e146eeb2_vnAdKfZX (260b74a1-98c5-4c6f-8417-98109aa7ecc6)
2019-07-24 09:42:59.103 22705 RALLYDEBUG rally_openstack.cleanup.manager [-] Deleting neutron.port object s_rally_e146eeb2_hX781mhe (26699557-2de1-4002-bd27-f52cc0814d8f)
2019-07-24 09:42:59.129 22705 RALLYDEBUG rally_openstack.cleanup.manager [-] Deleting neutron.port object s_rally_e146eeb2_ZJcQ91R6 (27585b01-2375-4ecb-900d-ba282319659d)
2019-07-24 09:42:59.372 22705 RALLYDEBUG rally_openstack.cleanup.manager [-] Deleting neutron.port object s_rally_e146eeb2_ffCuFhHk (2803508b-e992-4485-b87f-1f810b434ac0)
2019-07-24 09:42:59.409 22705 RALLYDEBUG rally_openstack.cleanup.manager [-] Deleting neutron.port object s_rally_e146eeb2_W8l9a7Jv (2a92df20-a175-4306-8919-73e47e948c66)
2019-07-24 09:42:59.441 22705 RALLYDEBUG rally_openstack.cleanup.manager [-] Deleting neutron.port object s_rally_e146eeb2_YPgVjbjB (2aa7f40a-4d6e-4405-bb43-8b0ee2104059)
2019-07-24 09:42:59.515 22705 RALLYDEBUG rally_openstack.cleanup.manager [-] Deleting neutron.port object s_rally_e146eeb2_019nuIFg (2ae014cf-2bf8-4c28-8c31-1748deed77b5)
2019-07-24 09:42:59.759 22705 RALLYDEBUG rally_openstack.cleanup.manager [-] Deleting neutron.port object s_rally_e146eeb2_Oyqloqac (2b4b8bfc-921b-4894-b60f-aba09a275d8c)
2019-07-24 09:42:59.766 22705 RALLYDEBUG rally_openstack.cleanup.manager [-] Deleting neutron.port object s_rally_e146eeb2_cvCHxb3z (2d583c35-e1a6-41c0-ab96-77def8994b44)
2019-07-24 09:42:59.876 22705 RALLYDEBUG rally_openstack.cleanup.manager [-] Deleting neutron.port object s_rally_e146eeb2_CZV7CNQU (2f2085f3-a810-4e7d-a9bd-c978de96940a)
2019-07-24 09:42:59.930 22705 RALLYDEBUG rally_openstack.cleanup.manager [-] Deleting neutron.port object s_rally_e146eeb2_mFp2WDlD (2ff91d93-9cc2-4702-8de7-53e9b94ed63b)
2019-07-24 09:43:00.080 22705 RALLYDEBUG rally_openstack.cleanup.manager [-] Deleting neutron.port object s_rally_e146eeb2_P1m77srE (30fb1043-7f0c-4ea8-a979-70fb8dba5581)
2019-07-24 09:43:00.080 22705 RALLYDEBUG rally_openstack.cleanup.manager [-] Deleting neutron.port object s_rally_e146eeb2_dgQ1YD19 (309b0fe0-5a0a-4fc2-8f74-a29aaf9f8247)
2019-07-24 09:43:00.803 22705 RALLYDEBUG rally_openstack.cleanup.manager [-] Deleting neutron.port object s_rally_e146eeb2_q1Hh69C8 (31624434-c4c8-4df5-8878-9d59b9dcc048)
2019-07-24 09:43:00.982 22705 RALLYDEBUG rally_openstack.cleanup.manager [-] Deleting neutron.port object s_rally_e146eeb2_r3iFbXq5 (31db96d5-e9ed-4559-a49b-8d294ce65852)
2019-07-24 09:43:01.071 22705 RALLYDEBUG rally_openstack.cleanup.manager [-] Deleting neutron.port object s_rally_e146eeb2_RnJtKFAH (3814a709-fee4-4540-bc34-871e103d70a3)
2019-07-24 09:43:01.294 22705 RALLYDEBUG rally_openstack.cleanup.manager [-] Deleting neutron.port object s_rally_e146eeb2_KdqFueoX (386cdb9f-8605-46bf-93ea-05f6c5a2405a)
2019-07-24 09:43:01.310 22705 RALLYDEBUG rally_openstack.cleanup.manager [-] Deleting neutron.port object s_rally_e146eeb2_pwyqZTi2 (3884e9b4-e09f-4de8-b063-1e9cf27bb534)
2019-07-24 09:43:01.315 22705 RALLYDEBUG rally_openstack.cleanup.manager [-] Deleting neutron.port object s_rally_e146eeb2_WLaghRHU (393e4ecd-719e-4718-a2b6-91b54538e4d0)
2019-07-24 09:43:01.575 22705 RALLYDEBUG rally_openstack.cleanup.manager [-] Deleting neutron.port object s_rally_e146eeb2_Xvy019Q0 (398070cf-65ea-4863-ad8c-1eb50a43ac63)
2019-07-24 09:43:02.035 22705 RALLYDEBUG rally_openstack.cleanup.manager [-] Deleting neutron.port object s_rally_e146eeb2_qFleeqMF (3ae88bd4-f3cd-4670-868a-368df730c2e6)
2019-07-24 09:43:02.088 22705 RALLYDEBUG rally_openstack.cleanup.manager [-] Deleting neutron.port object s_rally_e146eeb2_7IzHEPHf (3b274269-95ac-46c2-9001-42102135478e)
2019-07-24 09:43:02.219 22705 RALLYDEBUG rally_openstack.cleanup.manager [-] Deleting neutron.port object s_rally_e146eeb2_RH6m75qT (3e416088-380c-45a4-b1dd-91723678da43)
2019-07-24 09:43:02.609 22705 RALLYDEBUG rally_openstack.cleanup.manager [-] Deleting neutron.port object s_rally_e146eeb2_zxC5ort6 (407e8333-f7ca-4a8a-9c56-742935a1cce4)
2019-07-24 09:43:02.698 22705 RALLYDEBUG rally_openstack.cleanup.manager [-] Deleting neutron.port object s_rally_e146eeb2_Pa3FoRUv (4494cdae-d6c3-471d-81d8-449b0ac497e1)
2019-07-24 09:43:02.797 22705 RALLYDEBUG rally_openstack.cleanup.manager [-] Deleting neutron.port object s_rally_e146eeb2_qbNMS2um (47f51d21-099e-4eee-a6cf-9756066bfae8)
2019-07-24 09:43:02.900 22705 RALLYDEBUG rally_openstack.cleanup.manager [-] Deleting neutron.port object s_rally_e146eeb2_n2tInu00 (483748c8-0cfe-4708-b83c-b60d63440031)
2019-07-24 09:43:02.926 22705 RALLYDEBUG rally_openstack.cleanup.manager [-] Deleting neutron.port object s_rally_e146eeb2_YqiPcAzG (488c8d40-21f3-4134-88f0-3534eb38eae2)
2019-07-24 09:43:02.927 22705 RALLYDEBUG rally_openstack.cleanup.manager [-] Deleting neutron.port object s_rally_e146eeb2_qovnAQoA (4891eedb-dc4f-4686-aea9-9046d88a7812)
2019-07-24 09:43:02.982 22705 RALLYDEBUG rally_openstack.cleanup.manager [-] Deleting neutron.port object s_rally_e146eeb2_uFa3QtpQ (4a2c7720-e66c-45a1-963a-5b7c32de3766)
2019-07-24 09:43:02.988 22705 RALLYDEBUG rally_openstack.cleanup.manager [-] Deleting neutron.port object s_rally_e146eeb2_2FIWegeS (4ab5aed3-b192-472b-be52-70e93203993f)
2019-07-24 09:43:03.079 22705 RALLYDEBUG rally_openstack.cleanup.manager [-] Deleting neutron.port object s_rally_e146eeb2_0XbBUiOy (4bdb4fc2-a5e1-480c-b600-e88c51837a10)
2019-07-24 09:43:03.132 22705 RALLYDEBUG rally_openstack.cleanup.manager [-] Deleting neutron.port object s_rally_e146eeb2_vZ2f8g3A (4c235c9b-cd63-4849-b735-2039ff0ff54c)
2019-07-24 09:43:04.108 22705 RALLYDEBUG rally_openstack.cleanup.manager [-] Deleting neutron.port object s_rally_e146eeb2_mLAoo00R (4d70a3cd-966d-44dd-b121-75b9ef3c4d59)
2019-07-24 09:43:04.332 22705 RALLYDEBUG rally_openstack.cleanup.manager [-] Deleting neutron.port object s_rally_e146eeb2_4loz0k5n (4eaa773b-bbab-43ba-a058-e70c1afe1f28)
2019-07-24 09:43:04.564 22705 RALLYDEBUG rally_openstack.cleanup.manager [-] Deleting neutron.port object s_rally_e146eeb2_5ZGEPcQ1 (505531b9-106c-448e-b3b7-d7a4fff19d06)
2019-07-24 09:43:04.577 22705 RALLYDEBUG rally_openstack.cleanup.manager [-] Deleting neutron.port object s_rally_e146eeb2_FELIlHSP (5082f1d7-1b6f-4c44-b54e-f79abe105e42)
2019-07-24 09:43:04.580 22705 RALLYDEBUG rally_openstack.cleanup.manager [-] Deleting neutron.port object s_rally_e146eeb2_3DoO4aUP (52b5059a-7a52-4782-b98d-91cc21d4d1b5)
