2019-07-24 08:01:45.503 4725 INFO rally.task.runner [-] Task e61c3840-3f8e-4c32-ab41-9da01b1e7b3f | ITER: 6 START
2019-07-24 08:01:45.505 4724 INFO rally.task.runner [-] Task e61c3840-3f8e-4c32-ab41-9da01b1e7b3f | ITER: 7 START
2019-07-24 08:01:45.508 4723 INFO rally.task.runner [-] Task e61c3840-3f8e-4c32-ab41-9da01b1e7b3f | ITER: 8 START
2019-07-24 08:01:47.438 4722 RALLYDEBUG rally.task.utils [-] Waiting for resource s_rally_1dab8eb5_gm4HuDu0. Status changed: AVAILABLE => EXTENDING in 0.058226108551
2019-07-24 08:01:49.275 4724 RALLYDEBUG rally.task.utils [-] Waiting for resource s_rally_1dab8eb5_CfDllTKT. Status changed: AVAILABLE => EXTENDING in 0.0653409957886
2019-07-24 08:01:49.684 4722 RALLYDEBUG rally.task.utils [-] Waiting for resource s_rally_1dab8eb5_gm4HuDu0. Status changed: EXTENDING => AVAILABLE in 2.24655103683
2019-07-24 08:01:49.737 4725 RALLYDEBUG rally.task.utils [-] Waiting for resource s_rally_1dab8eb5_JVkF3DZc. Status changed: AVAILABLE => DELETING in 0.0655529499054
2019-07-24 08:01:50.062 4723 RALLYDEBUG rally.task.utils [-] Waiting for resource s_rally_1dab8eb5_m9zvbpUZ. Status changed: AVAILABLE => DELETING in 0.0535790920258
2019-07-24 08:01:50.144 4722 INFO rally.task.runner [-] Task e61c3840-3f8e-4c32-ab41-9da01b1e7b3f | ITER: 5 END: OK
2019-07-24 08:01:50.149 4722 INFO rally.task.runner [-] Task e61c3840-3f8e-4c32-ab41-9da01b1e7b3f | ITER: 9 START
2019-07-24 08:01:51.514 4724 RALLYDEBUG rally.task.utils [-] Waiting for resource s_rally_1dab8eb5_CfDllTKT. Status changed: EXTENDING => AVAILABLE in 2.23920798302
2019-07-24 08:01:51.797 4724 INFO rally.task.runner [-] Task e61c3840-3f8e-4c32-ab41-9da01b1e7b3f | ITER: 7 END: OK
2019-07-24 08:01:51.802 4724 INFO rally.task.runner [-] Task e61c3840-3f8e-4c32-ab41-9da01b1e7b3f | ITER: 10 START
2019-07-24 08:01:52.047 4725 INFO rally.task.runner [-] Task e61c3840-3f8e-4c32-ab41-9da01b1e7b3f | ITER: 6 END: OK
2019-07-24 08:01:52.097 4723 INFO rally.task.runner [-] Task e61c3840-3f8e-4c32-ab41-9da01b1e7b3f | ITER: 8 END: OK
2019-07-24 08:01:54.505 4722 INFO rally.task.runner [-] Task e61c3840-3f8e-4c32-ab41-9da01b1e7b3f | ITER: 9 END: OK
2019-07-24 08:01:56.360 4724 RALLYDEBUG rally.task.utils [-] Waiting for resource s_rally_1dab8eb5_xnxUDOiz. Status changed: AVAILABLE => DELETING in 0.0514309406281
2019-07-24 08:01:58.690 4724 INFO rally.task.runner [-] Task e61c3840-3f8e-4c32-ab41-9da01b1e7b3f | ITER: 10 END: OK
2019-07-24 08:01:58.714 1842 INFO rally.task.context [-] Task e61c3840-3f8e-4c32-ab41-9da01b1e7b3f | Context cleanup@openstack cleanup() started
2019-07-24 08:01:58.717 1842 RALLYDEBUG rally_openstack.cleanup.manager [-] Cleaning up cinder backups objects
2019-07-24 08:02:00.607 1842 RALLYDEBUG rally_openstack.cleanup.manager [-] Cleaning up cinder volume_snapshots objects
2019-07-24 08:02:02.589 1842 RALLYDEBUG rally_openstack.cleanup.manager [-] Cleaning up cinder transfers objects
2019-07-24 08:02:04.534 1842 RALLYDEBUG rally_openstack.cleanup.manager [-] Cleaning up cinder volumes objects
2019-07-24 08:02:06.586 1842 INFO rally.task.context [-] Task e61c3840-3f8e-4c32-ab41-9da01b1e7b3f | Context cleanup@openstack cleanup() finished in 7.87 sec
2019-07-24 08:02:06.586 1842 INFO rally.task.context [-] Task e61c3840-3f8e-4c32-ab41-9da01b1e7b3f | Context quotas@openstack cleanup() started
2019-07-24 08:02:07.283 1842 INFO rally.task.context [-] Task e61c3840-3f8e-4c32-ab41-9da01b1e7b3f | Context quotas@openstack cleanup() finished in 0.70 sec
2019-07-24 08:02:07.283 1842 INFO rally.task.context [-] Task e61c3840-3f8e-4c32-ab41-9da01b1e7b3f | Context api_versions@openstack cleanup() started
2019-07-24 08:02:07.283 1842 INFO rally.task.context [-] Task e61c3840-3f8e-4c32-ab41-9da01b1e7b3f | Context api_versions@openstack cleanup() finished in 0.32 msec
2019-07-24 08:02:07.284 1842 INFO rally.task.context [-] Task e61c3840-3f8e-4c32-ab41-9da01b1e7b3f | Context users@openstack cleanup() started
2019-07-24 08:02:14.077 1842 INFO rally.task.context [-] Task e61c3840-3f8e-4c32-ab41-9da01b1e7b3f | Context users@openstack cleanup() finished in 6.79 sec
2019-07-24 08:02:14.314 1842 INFO rally.task.engine [-] Load duration is: 19.834102
2019-07-24 08:02:14.315 1842 INFO rally.task.engine [-] Full runner duration is: 19.883125
2019-07-24 08:02:14.315 1842 INFO rally.task.engine [-] Full duration is: 41.940374
2019-07-24 08:02:14.536 1842 INFO rally.task.engine [-] Running workload: position = 0 config = { "version": 2, "title": "A cropped version of a bigger task.", "description": "Auto-generated task from a single workload (uuid=1603b0f4-f4a7-4f15-b00b-95be9022e942)", "subtasks": [ { "title": "CinderVolumes.create_from_volume_and_delete_volume", "description": "Create volume from volume and then delete it.", "scenario": { "CinderVolumes.create_from_volume_and_delete_volume": { "size": 1 } }, "contexts": { "users": { "tenants": 3, "users_per_tenant": 2 }, "quotas": { "cinder": { "gigabytes": -1, "snapshots": -1, "volumes": -1 } }, "api_versions": { "cinder": { "version": 3, "service_type": "volumev3" } }, "volumes": { "size": 1, "volumes_per_tenant": 1 } }, "runner": { "constant": { "concurrency": 4, "times": 10 } }, "hooks": [], "sla": { "failure_rate": { "max": 0 } } } ] }
2019-07-24 08:02:14.552 1842 RALLYDEBUG rally_openstack.contexts.keystone.users [-] Creating 3 tenants using 20 threads
2019-07-24 08:02:16.405 1842 RALLYDEBUG rally_openstack.contexts.keystone.users [-] Creating 6 users using 20 threads
2019-07-24 08:02:19.242 1842 INFO rally.task.context [-] Task e61c3840-3f8e-4c32-ab41-9da01b1e7b3f | Context users@openstack setup() finished in 4.69 sec
2019-07-24 08:02:19.663 1842 INFO rally.task.context [-] Task e61c3840-3f8e-4c32-ab41-9da01b1e7b3f | Context api_versions@openstack setup() finished in 0.42 sec
2019-07-24 08:02:21.175 1842 INFO rally.task.context [-] Task e61c3840-3f8e-4c32-ab41-9da01b1e7b3f | Context quotas@openstack setup() finished in 1.51 sec
2019-07-24 08:02:31.794 1842 INFO rally.task.context [-] Task e61c3840-3f8e-4c32-ab41-9da01b1e7b3f | Context volumes@openstack setup() finished in 10.62 sec
2019-07-24 08:02:31.794 1842 INFO rally.task.context [-] Task e61c3840-3f8e-4c32-ab41-9da01b1e7b3f | Context cleanup@openstack setup() finished in 0.01 msec
2019-07-24 08:02:31.802 1842 RALLYDEBUG rally.task.runner [-] Starting the constant runner (task UUID: e61c3840-3f8e-4c32-ab41-9da01b1e7b3f). timeout: 0 concurrency: 4 concurrency_per_worker: 1 times: 10 concurrency_overhead: 0 processes_to_start: 4 max_cpu_used: 16
2019-07-24 08:02:31.814 4906 RALLYDEBUG rally.task.runner [-] Starting a worker. concurrency: 1 args: {"size": 1} times: 10 method_name: run timeout: 0 duration: None cls:
2019-07-24 08:02:31.818 4907 RALLYDEBUG rally.task.runner [-] Starting a worker. concurrency: 1 args: {"size": 1} times: 10 method_name: run timeout: 0 duration: None cls:
2019-07-24 08:02:31.820 4908 RALLYDEBUG rally.task.runner [-] Starting a worker. concurrency: 1 args: {"size": 1} times: 10 method_name: run timeout: 0 duration: None cls:
2019-07-24 08:02:31.824 4909 RALLYDEBUG rally.task.runner [-] Starting a worker. concurrency: 1 args: {"size": 1} times: 10 method_name: run timeout: 0 duration: None cls:
2019-07-24 08:02:31.827 4906 INFO rally.task.runner [-] Task e61c3840-3f8e-4c32-ab41-9da01b1e7b3f | ITER: 1 START
2019-07-24 08:02:31.834 4908 INFO rally.task.runner [-] Task e61c3840-3f8e-4c32-ab41-9da01b1e7b3f | ITER: 3 START
2019-07-24 08:02:31.834 4907 INFO rally.task.runner [-] Task e61c3840-3f8e-4c32-ab41-9da01b1e7b3f | ITER: 2 START
2019-07-24 08:02:31.839 4909 INFO rally.task.runner [-] Task e61c3840-3f8e-4c32-ab41-9da01b1e7b3f | ITER: 4 START
2019-07-24 08:02:35.619 4906 RALLYDEBUG rally.task.utils [-] Waiting for resource s_rally_1603b0f4_so3aiRrW. Status changed: CREATING => AVAILABLE in 0.700387001038
2019-07-24 08:02:36.096 4909 RALLYDEBUG rally.task.utils [-] Waiting for resource s_rally_1603b0f4_DBEwzmi8. Status changed: AVAILABLE => DELETING in 0.250293016434
2019-07-24 08:02:36.130 4906 RALLYDEBUG rally.task.utils [-] Waiting for resource s_rally_1603b0f4_so3aiRrW. Status changed: AVAILABLE => DELETING in 0.0572831630707
2019-07-24 08:02:37.529 4908 RALLYDEBUG rally.task.utils [-] Waiting for resource s_rally_1603b0f4_MUAXfX2m. Status changed: CREATING => AVAILABLE in 2.6699488163
2019-07-24 08:02:37.658 4907 RALLYDEBUG rally.task.utils [-] Waiting for resource s_rally_1603b0f4_7hoQr7Hm. Status changed: CREATING => AVAILABLE in 2.85262084007
2019-07-24 08:02:37.878 4908 RALLYDEBUG rally.task.utils [-] Waiting for resource s_rally_1603b0f4_MUAXfX2m. Status changed: AVAILABLE => DELETING in 0.0547440052032
2019-07-24 08:02:38.259 4907 RALLYDEBUG rally.task.utils [-] Waiting for resource s_rally_1603b0f4_7hoQr7Hm. Status changed: AVAILABLE => DELETING in 0.328406095505
2019-07-24 08:02:40.668 4906 INFO rally.task.runner [-] Task e61c3840-3f8e-4c32-ab41-9da01b1e7b3f | ITER: 1 END: OK
2019-07-24 08:02:40.673 4906 INFO rally.task.runner [-] Task e61c3840-3f8e-4c32-ab41-9da01b1e7b3f | ITER: 5 START
2019-07-24 08:02:42.419 4908 INFO rally.task.runner [-] Task e61c3840-3f8e-4c32-ab41-9da01b1e7b3f | ITER: 3 END: OK
2019-07-24 08:02:42.424 4908 INFO rally.task.runner [-] Task e61c3840-3f8e-4c32-ab41-9da01b1e7b3f | ITER: 6 START
2019-07-24 08:02:42.457 4909 INFO rally.task.runner [-] Task e61c3840-3f8e-4c32-ab41-9da01b1e7b3f | ITER: 4 END: OK
2019-07-24 08:02:42.462 4909 INFO rally.task.runner [-] Task e61c3840-3f8e-4c32-ab41-9da01b1e7b3f | ITER: 7 START
2019-07-24 08:02:42.542 4907 INFO rally.task.runner [-] Task e61c3840-3f8e-4c32-ab41-9da01b1e7b3f | ITER: 2 END: OK
2019-07-24 08:02:42.547 4907 INFO rally.task.runner [-] Task e61c3840-3f8e-4c32-ab41-9da01b1e7b3f | ITER: 8 START
2019-07-24 08:02:44.602 4906 RALLYDEBUG rally.task.utils [-] Waiting for resource s_rally_1603b0f4_CBYZGO47. Status changed: AVAILABLE => DELETING in 0.241590976715
2019-07-24 08:02:46.269 4908 RALLYDEBUG rally.task.utils [-] Waiting for resource s_rally_1603b0f4_jDsjr9aT. Status changed: AVAILABLE => DELETING in 0.0516951084137
2019-07-24 08:02:48.507 4907 RALLYDEBUG rally.task.utils [-] Waiting for resource s_rally_1603b0f4_sgvitoM2. Status changed: CREATING => AVAILABLE in 2.86966991425
2019-07-24 08:02:48.725 4906 INFO rally.task.runner [-] Task e61c3840-3f8e-4c32-ab41-9da01b1e7b3f | ITER: 5 END: OK
2019-07-24 08:02:48.731 4906 INFO rally.task.runner [-] Task e61c3840-3f8e-4c32-ab41-9da01b1e7b3f | ITER: 9 START
2019-07-24 08:02:49.072 4907 RALLYDEBUG rally.task.utils [-] Waiting for resource s_rally_1603b0f4_sgvitoM2. Status changed: AVAILABLE => DELETING in 0.268279075623
2019-07-24 08:02:50.750 4908 INFO rally.task.runner [-] Task e61c3840-3f8e-4c32-ab41-9da01b1e7b3f | ITER: 6 END: OK
2019-07-24 08:02:50.755 4908 INFO rally.task.runner [-] Task e61c3840-3f8e-4c32-ab41-9da01b1e7b3f | ITER: 10 START
2019-07-24 08:02:51.012 4909 RALLYDEBUG rally.task.utils [-] Waiting for resource s_rally_1603b0f4_jSAHohP2. Status changed: CREATING => AVAILABLE in 5.37813591957
2019-07-24 08:02:51.123 4907 INFO rally.task.runner [-] Task e61c3840-3f8e-4c32-ab41-9da01b1e7b3f | ITER: 8 END: OK
2019-07-24 08:02:51.337 4909 RALLYDEBUG rally.task.utils [-] Waiting for resource s_rally_1603b0f4_jSAHohP2. Status changed: AVAILABLE => DELETING in 0.0532460212708
2019-07-24 08:02:52.876 4906 RALLYDEBUG rally.task.utils [-] Waiting for resource s_rally_1603b0f4_gR4nwEYH. Status changed: AVAILABLE => DELETING in 0.238649845123
2019-07-24 08:02:53.651 4909 INFO rally.task.runner [-] Task e61c3840-3f8e-4c32-ab41-9da01b1e7b3f | ITER: 7 END: OK
2019-07-24 08:02:54.914 4906 INFO rally.task.runner [-] Task e61c3840-3f8e-4c32-ab41-9da01b1e7b3f | ITER: 9 END: OK
2019-07-24 08:02:54.926 4908 RALLYDEBUG rally.task.utils [-] Waiting for resource s_rally_1603b0f4_9fUgOZkt. Status changed: AVAILABLE => DELETING in 0.241059064865
2019-07-24 08:02:56.967 4908 INFO rally.task.runner [-] Task e61c3840-3f8e-4c32-ab41-9da01b1e7b3f | ITER: 10 END: OK
2019-07-24 08:02:57.001 1842 INFO rally.task.context [-] Task e61c3840-3f8e-4c32-ab41-9da01b1e7b3f | Context cleanup@openstack cleanup() started
2019-07-24 08:02:57.003 1842 RALLYDEBUG rally_openstack.cleanup.manager [-] Cleaning up cinder backups objects
2019-07-24 08:02:58.895 1842 RALLYDEBUG rally_openstack.cleanup.manager [-] Cleaning up cinder volume_snapshots objects
2019-07-24 08:03:00.743 1842 RALLYDEBUG rally_openstack.cleanup.manager [-] Cleaning up cinder transfers objects
2019-07-24 08:03:02.597 1842 RALLYDEBUG rally_openstack.cleanup.manager [-] Cleaning up cinder volumes objects
2019-07-24 08:03:04.767 1842 INFO rally.task.context [-] Task e61c3840-3f8e-4c32-ab41-9da01b1e7b3f | Context cleanup@openstack cleanup() finished in 7.77 sec
2019-07-24 08:03:04.767 1842 INFO rally.task.context [-] Task e61c3840-3f8e-4c32-ab41-9da01b1e7b3f | Context volumes@openstack cleanup() started
2019-07-24 08:03:04.768 1842 RALLYDEBUG rally_openstack.cleanup.manager [-] Cleaning up cinder volumes objects
2019-07-24 08:03:06.823 1842 RALLYDEBUG rally_openstack.cleanup.manager [-] Deleting cinder.volumes object c_rally_1603b0f4_opLf37UG (6abe670e-e717-46ea-a468-b7b7ed2174c2)
2019-07-24 08:03:06.824 1842 RALLYDEBUG rally_openstack.cleanup.manager [-] Deleting cinder.volumes object c_rally_1603b0f4_t8r1Qchi (c4295ec1-9a0d-4763-b2f3-543cb4853a6c)
2019-07-24 08:03:06.829 1842 RALLYDEBUG rally_openstack.cleanup.manager [-] Deleting cinder.volumes object c_rally_1603b0f4_tOOFcdAv (b12ae3c5-17cb-4bb4-b2a2-dd5fe2029711)
2019-07-24 08:03:10.174 1842 INFO rally.task.context [-] Task e61c3840-3f8e-4c32-ab41-9da01b1e7b3f | Context volumes@openstack cleanup() finished in 5.41 sec
2019-07-24 08:03:10.175 1842 INFO rally.task.context [-] Task e61c3840-3f8e-4c32-ab41-9da01b1e7b3f | Context quotas@openstack cleanup() started
2019-07-24 08:03:10.744 1842 INFO rally.task.context [-] Task e61c3840-3f8e-4c32-ab41-9da01b1e7b3f | Context quotas@openstack cleanup() finished in 0.57 sec
2019-07-24 08:03:10.745 1842 INFO rally.task.context [-] Task e61c3840-3f8e-4c32-ab41-9da01b1e7b3f | Context api_versions@openstack cleanup() started
2019-07-24 08:03:10.745 1842 INFO rally.task.context [-] Task e61c3840-3f8e-4c32-ab41-9da01b1e7b3f | Context api_versions@openstack cleanup() finished in 0.32 msec
2019-07-24 08:03:10.746 1842 INFO rally.task.context [-] Task e61c3840-3f8e-4c32-ab41-9da01b1e7b3f | Context users@openstack cleanup() started
2019-07-24 08:03:18.178 1842 INFO rally.task.context [-] Task e61c3840-3f8e-4c32-ab41-9da01b1e7b3f | Context users@openstack cleanup() finished in 7.43 sec
2019-07-24 08:03:18.923 1842 INFO rally.task.engine [-] Load duration is: 25.136228
2019-07-24 08:03:18.924 1842 INFO rally.task.engine [-] Full runner duration is: 25.199275
2019-07-24 08:03:18.924 1842 INFO rally.task.engine [-] Full duration is: 63.629109
2019-07-24 08:03:19.182 1842 INFO rally.task.engine [-] Running workload: position = 0 config = { "version": 2, "title": "A cropped version of a bigger task.", "description": "Auto-generated task from a single workload (uuid=55f2ba57-3267-4fc6-9215-5fc730ad6478)", "subtasks": [ { "title": "CinderQos.create_and_get_qos", "description": "Create a qos, then get details of the qos.", "scenario": { "CinderQos.create_and_get_qos": { "consumer": "both", "write_iops_sec": "10", "read_iops_sec": "1000" } }, "contexts": { "users": { "tenants": 3, "users_per_tenant": 2 }, "api_versions": { "cinder": { "version": 3, "service_type": "volumev3" } } }, "runner": { "constant": { "concurrency": 4, "times": 10 } }, "hooks": [], "sla": { "failure_rate": { "max": 0 } } } ] }
2019-07-24 08:03:19.202 1842 RALLYDEBUG rally_openstack.contexts.keystone.users [-] Creating 3 tenants using 20 threads
2019-07-24 08:03:21.011 1842 RALLYDEBUG rally_openstack.contexts.keystone.users [-] Creating 6 users using 20 threads
2019-07-24 08:03:23.774 1842 INFO rally.task.context [-] Task e61c3840-3f8e-4c32-ab41-9da01b1e7b3f | Context users@openstack setup() finished in 4.57 sec
2019-07-24 08:03:24.196 1842 INFO rally.task.context [-] Task e61c3840-3f8e-4c32-ab41-9da01b1e7b3f | Context api_versions@openstack setup() finished in 0.42 sec
2019-07-24 08:03:24.196 1842 INFO rally.task.context [-] Task e61c3840-3f8e-4c32-ab41-9da01b1e7b3f | Context admin_cleanup@openstack setup() finished in 0.00 msec
2019-07-24 08:03:24.203 1842 RALLYDEBUG rally.task.runner [-] Starting the constant runner (task UUID: e61c3840-3f8e-4c32-ab41-9da01b1e7b3f). timeout: 0 concurrency: 4 concurrency_per_worker: 1 times: 10 concurrency_overhead: 0 processes_to_start: 4 max_cpu_used: 16
2019-07-24 08:03:24.215 5110 RALLYDEBUG rally.task.runner [-] Starting a worker. concurrency: 1 args: {"consumer": "both", "write_iops_sec": "10", "read_iops_sec": "1000"} times: 10 method_name: run timeout: 0 duration: None cls:
2019-07-24 08:03:24.218 5111 RALLYDEBUG rally.task.runner [-] Starting a worker. concurrency: 1 args: {"consumer": "both", "write_iops_sec": "10", "read_iops_sec": "1000"} times: 10 method_name: run timeout: 0 duration: None cls:
2019-07-24 08:03:24.222 5110 INFO rally.task.runner [-] Task e61c3840-3f8e-4c32-ab41-9da01b1e7b3f | ITER: 1 START
2019-07-24 08:03:24.222 5112 RALLYDEBUG rally.task.runner [-] Starting a worker. concurrency: 1 args: {"consumer": "both", "write_iops_sec": "10", "read_iops_sec": "1000"} times: 10 method_name: run timeout: 0 duration: None cls:
2019-07-24 08:03:24.225 5113 RALLYDEBUG rally.task.runner [-] Starting a worker. concurrency: 1 args: {"consumer": "both", "write_iops_sec": "10", "read_iops_sec": "1000"} times: 10 method_name: run timeout: 0 duration: None cls:
2019-07-24 08:03:24.226 5111 INFO rally.task.runner [-] Task e61c3840-3f8e-4c32-ab41-9da01b1e7b3f | ITER: 2 START
2019-07-24 08:03:24.229 5112 INFO rally.task.runner [-] Task e61c3840-3f8e-4c32-ab41-9da01b1e7b3f | ITER: 3 START
2019-07-24 08:03:24.232 5113 INFO rally.task.runner [-] Task e61c3840-3f8e-4c32-ab41-9da01b1e7b3f | ITER: 4 START
2019-07-24 08:03:25.309 5112 INFO rally.task.runner [-] Task e61c3840-3f8e-4c32-ab41-9da01b1e7b3f | ITER: 3 END: OK
2019-07-24 08:03:25.314 5112 INFO rally.task.runner [-] Task e61c3840-3f8e-4c32-ab41-9da01b1e7b3f | ITER: 5 START
2019-07-24 08:03:25.374 5110 INFO rally.task.runner [-] Task e61c3840-3f8e-4c32-ab41-9da01b1e7b3f | ITER: 1 END: OK
2019-07-24 08:03:25.378 5110 INFO rally.task.runner [-] Task e61c3840-3f8e-4c32-ab41-9da01b1e7b3f | ITER: 6 START
2019-07-24 08:03:25.389 5113 INFO rally.task.runner [-] Task e61c3840-3f8e-4c32-ab41-9da01b1e7b3f | ITER: 4 END: OK
2019-07-24 08:03:25.394 5111 INFO rally.task.runner [-] Task e61c3840-3f8e-4c32-ab41-9da01b1e7b3f | ITER: 2 END: OK
2019-07-24 08:03:25.394 5113 INFO rally.task.runner [-] Task e61c3840-3f8e-4c32-ab41-9da01b1e7b3f | ITER: 7 START
2019-07-24 08:03:25.399 5111 INFO rally.task.runner [-] Task e61c3840-3f8e-4c32-ab41-9da01b1e7b3f | ITER: 8 START
2019-07-24 08:03:26.366 5112 INFO rally.task.runner [-] Task e61c3840-3f8e-4c32-ab41-9da01b1e7b3f | ITER: 5 END: OK
2019-07-24 08:03:26.368 5110 INFO rally.task.runner [-] Task e61c3840-3f8e-4c32-ab41-9da01b1e7b3f | ITER: 6 END: OK
2019-07-24 08:03:26.371 5112 INFO rally.task.runner [-] Task e61c3840-3f8e-4c32-ab41-9da01b1e7b3f | ITER: 9 START
2019-07-24 08:03:26.372 5110 INFO rally.task.runner [-] Task e61c3840-3f8e-4c32-ab41-9da01b1e7b3f | ITER: 10 START
2019-07-24 08:03:26.389 5113 INFO rally.task.runner [-] Task e61c3840-3f8e-4c32-ab41-9da01b1e7b3f | ITER: 7 END: OK
2019-07-24 08:03:26.440 5111 INFO rally.task.runner [-] Task e61c3840-3f8e-4c32-ab41-9da01b1e7b3f | ITER: 8 END: OK
2019-07-24 08:03:27.255 5112 INFO rally.task.runner [-] Task e61c3840-3f8e-4c32-ab41-9da01b1e7b3f | ITER: 9 END: OK
2019-07-24 08:03:27.439 5110 INFO rally.task.runner [-] Task e61c3840-3f8e-4c32-ab41-9da01b1e7b3f | ITER: 10 END: OK
2019-07-24 08:03:27.467 1842 INFO rally.task.context [-] Task e61c3840-3f8e-4c32-ab41-9da01b1e7b3f | Context admin_cleanup@openstack cleanup() started
2019-07-24 08:03:27.469 1842 RALLYDEBUG rally_openstack.cleanup.manager [-] Cleaning up cinder volume_types objects
2019-07-24 08:03:28.120 1842 RALLYDEBUG rally_openstack.cleanup.manager [-] Cleaning up cinder image_volumes_cache objects
2019-07-24 08:03:29.067 1842 RALLYDEBUG rally_openstack.cleanup.manager [-] Cleaning up cinder quotas objects
2019-07-24 08:03:30.439 1842 RALLYDEBUG rally_openstack.cleanup.manager [-] Cleaning up cinder qos_specs objects
2019-07-24 08:03:31.074 1842 RALLYDEBUG rally_openstack.cleanup.manager [-] Deleting cinder.qos_specs object s_rally_55f2ba57_HkTlWsvk (5e0d4a73-e69b-4eed-b626-93a2d45ae598)
2019-07-24 08:03:31.082 1842 RALLYDEBUG rally_openstack.cleanup.manager [-] Deleting cinder.qos_specs object s_rally_55f2ba57_Mvc3JITp (170b84fc-dedb-4de5-9b3b-82d2dec72789)
2019-07-24 08:03:31.082 1842 RALLYDEBUG rally_openstack.cleanup.manager [-] Deleting cinder.qos_specs object s_rally_55f2ba57_Fs9jtAKO (ff95ffd4-cbd2-4a6e-8749-35a0becdce85)
2019-07-24 08:03:31.097 1842 RALLYDEBUG rally_openstack.cleanup.manager [-] Deleting cinder.qos_specs object s_rally_55f2ba57_imK9Tz8t (31308483-f5e2-46e9-98ab-c84fbb7f1b76)
2019-07-24 08:03:31.100 1842 RALLYDEBUG rally_openstack.cleanup.manager [-] Deleting cinder.qos_specs object s_rally_55f2ba57_UFuzAd97 (f56525cf-58ab-473b-81d4-b2c016fffb38)
2019-07-24 08:03:31.105 1842 RALLYDEBUG rally_openstack.cleanup.manager [-] Deleting cinder.qos_specs object s_rally_55f2ba57_GN1VWATq (1f2be8bb-f7fe-40dc-8638-5f01da83a33e)
2019-07-24 08:03:31.128 1842 RALLYDEBUG rally_openstack.cleanup.manager [-] Deleting cinder.qos_specs object s_rally_55f2ba57_fHlBjWJW (ac95ca3b-ac7b-4b52-88d1-f11e715e1865)
2019-07-24 08:03:31.135 1842 RALLYDEBUG rally_openstack.cleanup.manager [-] Deleting cinder.qos_specs object s_rally_55f2ba57_pnUNaRQU (a789b194-1739-43d3-9753-0e2692e6c925)
2019-07-24 08:03:31.136 1842 RALLYDEBUG rally_openstack.cleanup.manager [-] Deleting cinder.qos_specs object s_rally_55f2ba57_r2t491jX (8ff2e0fe-f352-49e5-ae06-94cc182ca299)
2019-07-24 08:03:31.154 1842 RALLYDEBUG rally_openstack.cleanup.manager [-] Deleting cinder.qos_specs object s_rally_55f2ba57_HZOdYe1g (284f34a7-86a3-428f-88b6-12a22eb3093b)
2019-07-24 08:03:33.465 1842 INFO rally.task.context [-] Task e61c3840-3f8e-4c32-ab41-9da01b1e7b3f | Context admin_cleanup@openstack cleanup() finished in 6.00 sec
2019-07-24 08:03:33.466 1842 INFO rally.task.context [-] Task e61c3840-3f8e-4c32-ab41-9da01b1e7b3f | Context api_versions@openstack cleanup() started
2019-07-24 08:03:33.466 1842 INFO rally.task.context [-] Task e61c3840-3f8e-4c32-ab41-9da01b1e7b3f | Context api_versions@openstack cleanup() finished in 0.33 msec
2019-07-24 08:03:33.467 1842 INFO rally.task.context [-] Task e61c3840-3f8e-4c32-ab41-9da01b1e7b3f | Context users@openstack cleanup() started
2019-07-24 08:03:40.451 1842 INFO rally.task.context [-] Task e61c3840-3f8e-4c32-ab41-9da01b1e7b3f | Context users@openstack cleanup() finished in 6.98 sec
2019-07-24 08:03:41.315 1842 INFO rally.task.engine [-] Load duration is: 3.213278
2019-07-24 08:03:41.315 1842 INFO rally.task.engine [-] Full runner duration is: 3.263775
2019-07-24 08:03:41.315 1842 INFO rally.task.engine [-] Full duration is: 21.251322
2019-07-24 08:03:41.530 1842 INFO rally.task.engine [-] Running workload: position = 0 config = { "version": 2, "title": "A cropped version of a bigger task.", "description": "Auto-generated task from a single workload (uuid=8addf6c0-3efd-4f0d-8be2-db04c7bad3ea)", "subtasks": [ { "title": "CinderQos.create_and_list_qos", "description": "Create a qos, then list all qos.", "scenario": { "CinderQos.create_and_list_qos": { "consumer": "both", "write_iops_sec": "10", "read_iops_sec": "1000" } }, "contexts": { "users": { "tenants": 3, "users_per_tenant": 2 }, "api_versions": { "cinder": { "version": 3, "service_type": "volumev3" } } }, "runner": { "constant": { "concurrency": 4, "times": 10 } }, "hooks": [], "sla": { "failure_rate": { "max": 0 } } } ] }
2019-07-24 08:03:41.551 1842 RALLYDEBUG rally_openstack.contexts.keystone.users [-] Creating 3 tenants using 20 threads
2019-07-24 08:03:43.373 1842 RALLYDEBUG rally_openstack.contexts.keystone.users [-] Creating 6 users using 20 threads
2019-07-24 08:03:46.134 1842 INFO rally.task.context [-] Task e61c3840-3f8e-4c32-ab41-9da01b1e7b3f | Context users@openstack setup() finished in 4.58 sec
2019-07-24 08:03:46.545 1842 INFO rally.task.context [-] Task e61c3840-3f8e-4c32-ab41-9da01b1e7b3f | Context api_versions@openstack setup() finished in 0.41 sec
2019-07-24 08:03:46.545 1842 INFO rally.task.context [-] Task e61c3840-3f8e-4c32-ab41-9da01b1e7b3f | Context admin_cleanup@openstack setup() finished in 0.00 msec
2019-07-24 08:03:46.552 1842 RALLYDEBUG rally.task.runner [-] Starting the constant runner (task UUID: e61c3840-3f8e-4c32-ab41-9da01b1e7b3f). timeout: 0 concurrency: 4 concurrency_per_worker: 1 times: 10 concurrency_overhead: 0 processes_to_start: 4 max_cpu_used: 16
2019-07-24 08:03:46.564 5294 RALLYDEBUG rally.task.runner [-] Starting a worker. concurrency: 1 args: {"consumer": "both", "write_iops_sec": "10", "read_iops_sec": "1000"} times: 10 method_name: run timeout: 0 duration: None cls:
2019-07-24 08:03:46.567 5295 RALLYDEBUG rally.task.runner [-] Starting a worker. concurrency: 1 args: {"consumer": "both", "write_iops_sec": "10", "read_iops_sec": "1000"} times: 10 method_name: run timeout: 0 duration: None cls:
2019-07-24 08:03:46.570 5296 RALLYDEBUG rally.task.runner [-] Starting a worker. concurrency: 1 args: {"consumer": "both", "write_iops_sec": "10", "read_iops_sec": "1000"} times: 10 method_name: run timeout: 0 duration: None cls:
2019-07-24 08:03:46.573 5297 RALLYDEBUG rally.task.runner [-] Starting a worker. concurrency: 1 args: {"consumer": "both", "write_iops_sec": "10", "read_iops_sec": "1000"} times: 10 method_name: run timeout: 0 duration: None cls:
2019-07-24 08:03:46.573 5294 INFO rally.task.runner [-] Task e61c3840-3f8e-4c32-ab41-9da01b1e7b3f | ITER: 1 START
2019-07-24 08:03:46.574 5295 INFO rally.task.runner [-] Task e61c3840-3f8e-4c32-ab41-9da01b1e7b3f | ITER: 2 START
2019-07-24 08:03:46.576 5296 INFO rally.task.runner [-] Task e61c3840-3f8e-4c32-ab41-9da01b1e7b3f | ITER: 3 START
2019-07-24 08:03:46.582 5297 INFO rally.task.runner [-] Task e61c3840-3f8e-4c32-ab41-9da01b1e7b3f | ITER: 4 START
2019-07-24 08:03:47.597 5296 INFO rally.task.runner [-] Task e61c3840-3f8e-4c32-ab41-9da01b1e7b3f | ITER: 3 END: OK
2019-07-24 08:03:47.601 5297 INFO rally.task.runner [-] Task e61c3840-3f8e-4c32-ab41-9da01b1e7b3f | ITER: 4 END: OK
2019-07-24 08:03:47.602 5296 INFO rally.task.runner [-] Task e61c3840-3f8e-4c32-ab41-9da01b1e7b3f | ITER: 5 START
2019-07-24 08:03:47.606 5297 INFO rally.task.runner [-] Task e61c3840-3f8e-4c32-ab41-9da01b1e7b3f | ITER: 6 START
2019-07-24 08:03:47.622 5295 INFO rally.task.runner [-] Task e61c3840-3f8e-4c32-ab41-9da01b1e7b3f | ITER: 2 END: OK
2019-07-24 08:03:47.625 5295 INFO rally.task.runner [-] Task e61c3840-3f8e-4c32-ab41-9da01b1e7b3f | ITER: 7 START
2019-07-24 08:03:47.679 5294 INFO rally.task.runner [-] Task e61c3840-3f8e-4c32-ab41-9da01b1e7b3f | ITER: 1 END: OK
2019-07-24 08:03:47.685 5294 INFO rally.task.runner [-] Task e61c3840-3f8e-4c32-ab41-9da01b1e7b3f | ITER: 8 START
2019-07-24 08:03:48.519 5296 INFO rally.task.runner [-] Task e61c3840-3f8e-4c32-ab41-9da01b1e7b3f | ITER: 5 END: OK
2019-07-24 08:03:48.527 5296 INFO rally.task.runner [-] Task e61c3840-3f8e-4c32-ab41-9da01b1e7b3f | ITER: 9 START
2019-07-24 08:03:48.567 5297 INFO rally.task.runner [-] Task e61c3840-3f8e-4c32-ab41-9da01b1e7b3f | ITER: 6 END: OK
2019-07-24 08:03:48.572 5297 INFO rally.task.runner [-] Task e61c3840-3f8e-4c32-ab41-9da01b1e7b3f | ITER: 10 START
2019-07-24 08:03:48.629 5295 INFO rally.task.runner [-] Task e61c3840-3f8e-4c32-ab41-9da01b1e7b3f | ITER: 7 END: OK
2019-07-24 08:03:48.862 5294 INFO rally.task.runner [-] Task e61c3840-3f8e-4c32-ab41-9da01b1e7b3f | ITER: 8 END: OK
2019-07-24 08:03:49.417 5296 INFO rally.task.runner [-] Task e61c3840-3f8e-4c32-ab41-9da01b1e7b3f | ITER: 9 END: OK
2019-07-24 08:03:49.477 5297 INFO rally.task.runner [-] Task e61c3840-3f8e-4c32-ab41-9da01b1e7b3f | ITER: 10 END: OK
2019-07-24 08:03:49.503 1842 INFO rally.task.context [-] Task e61c3840-3f8e-4c32-ab41-9da01b1e7b3f | Context admin_cleanup@openstack cleanup() started
2019-07-24 08:03:49.506 1842 RALLYDEBUG rally_openstack.cleanup.manager [-] Cleaning up cinder volume_types objects
2019-07-24 08:03:50.163 1842 RALLYDEBUG rally_openstack.cleanup.manager [-] Cleaning up cinder image_volumes_cache objects
2019-07-24 08:03:51.133 1842 RALLYDEBUG rally_openstack.cleanup.manager [-] Cleaning up cinder quotas objects
2019-07-24 08:03:52.735 1842 RALLYDEBUG rally_openstack.cleanup.manager [-] Cleaning up cinder qos_specs objects
2019-07-24 08:03:53.393 1842 RALLYDEBUG rally_openstack.cleanup.manager [-] Deleting cinder.qos_specs object s_rally_8addf6c0_3rxwOh9C (7a8f9339-ad27-4920-8357-ee5f0909640e)
2019-07-24 08:03:53.398 1842 RALLYDEBUG rally_openstack.cleanup.manager [-] Deleting cinder.qos_specs object s_rally_8addf6c0_matRLwOV (3a079bf9-a849-4430-97df-63645dc3ffc1)
2019-07-24 08:03:53.406 1842 RALLYDEBUG rally_openstack.cleanup.manager [-] Deleting cinder.qos_specs object s_rally_8addf6c0_GgmgY14i (eeb13787-920c-47a9-9597-b1eb3297810c)
2019-07-24 08:03:53.416 1842 RALLYDEBUG rally_openstack.cleanup.manager [-] Deleting cinder.qos_specs object s_rally_8addf6c0_0xomrfeL (ba6943f1-8df9-46da-9f33-d2b659250fab)
2019-07-24 08:03:53.425 1842 RALLYDEBUG rally_openstack.cleanup.manager [-] Deleting cinder.qos_specs object s_rally_8addf6c0_m3ix06la (3483a468-1579-483d-9bd4-fe9e3a34cdf6)
2019-07-24 08:03:53.436 1842 RALLYDEBUG rally_openstack.cleanup.manager [-] Deleting cinder.qos_specs object s_rally_8addf6c0_UeTvqYE6 (052590aa-bb00-4d9e-b214-16e77815febd)
2019-07-24 08:03:53.448 1842 RALLYDEBUG rally_openstack.cleanup.manager [-] Deleting cinder.qos_specs object s_rally_8addf6c0_liX4Kpcm (ed9a70c2-be51-455a-9e7e-94a426d8755a)
2019-07-24 08:03:53.454 1842 RALLYDEBUG rally_openstack.cleanup.manager [-] Deleting cinder.qos_specs object s_rally_8addf6c0_jcGdzgiu (c9c13bfa-f75e-468e-99a1-2c3cfac94dee)
2019-07-24 08:03:53.477 1842 RALLYDEBUG rally_openstack.cleanup.manager [-] Deleting cinder.qos_specs object s_rally_8addf6c0_fVVqXCxf (63252ba7-727d-4dfc-afd4-b5d43ad363d2)
2019-07-24 08:03:53.497 1842 RALLYDEBUG rally_openstack.cleanup.manager [-] Deleting cinder.qos_specs object s_rally_8addf6c0_wTSg60XT (119fe5dd-f88c-4ac4-ae9a-a7168521dded)
2019-07-24 08:03:55.878 1842 INFO rally.task.context [-] Task e61c3840-3f8e-4c32-ab41-9da01b1e7b3f | Context admin_cleanup@openstack cleanup() finished in 6.37 sec
2019-07-24 08:03:55.878 1842 INFO rally.task.context [-] Task e61c3840-3f8e-4c32-ab41-9da01b1e7b3f | Context api_versions@openstack cleanup() started
2019-07-24 08:03:55.879 1842 INFO rally.task.context [-] Task e61c3840-3f8e-4c32-ab41-9da01b1e7b3f | Context api_versions@openstack cleanup() finished in 0.30 msec
2019-07-24 08:03:55.879 1842 INFO rally.task.context [-] Task e61c3840-3f8e-4c32-ab41-9da01b1e7b3f | Context users@openstack cleanup() started
2019-07-24 08:04:03.507 1842 INFO rally.task.context [-] Task e61c3840-3f8e-4c32-ab41-9da01b1e7b3f | Context users@openstack cleanup() finished in 7.63 sec
2019-07-24 08:04:03.683 1842 INFO rally.task.engine [-] Load duration is: 2.900279
2019-07-24 08:04:03.683 1842 INFO rally.task.engine [-] Full runner duration is: 2.951847
2019-07-24 08:04:03.684 1842 INFO rally.task.engine [-] Full duration is: 21.958022
2019-07-24 08:04:03.943 1842 INFO rally.task.engine [-] Running workload: position = 0 config = { "version": 2, "title": "A cropped version of a bigger task.", "description": "Auto-generated task from a single workload (uuid=1b285afd-e05a-44eb-8686-df31ad0650aa)", "subtasks": [ { "title": "CinderQos.create_and_set_qos", "description": "Create a qos, then Add/Update keys in qos specs.", "scenario": { "CinderQos.create_and_set_qos": { "consumer": "back-end", "write_iops_sec": "10", "read_iops_sec": "1000", "set_consumer": "both", "set_write_iops_sec": "11", "set_read_iops_sec": "1001" } }, "contexts": { "users": { "tenants": 3, "users_per_tenant": 2 }, "api_versions": { "cinder": { "version": 3, "service_type": "volumev3" } } }, "runner": { "constant": { "concurrency": 4, "times": 10 } }, "hooks": [], "sla": { "failure_rate": { "max": 0 } } } ] }
2019-07-24 08:04:03.966 1842 RALLYDEBUG rally_openstack.contexts.keystone.users [-] Creating 3 tenants using 20 threads
2019-07-24 08:04:05.766 1842 RALLYDEBUG rally_openstack.contexts.keystone.users [-] Creating 6 users using 20 threads
2019-07-24 08:04:08.481 1842 INFO rally.task.context [-] Task e61c3840-3f8e-4c32-ab41-9da01b1e7b3f | Context users@openstack setup() finished in 4.52 sec
2019-07-24 08:04:08.915 1842 INFO rally.task.context [-] Task e61c3840-3f8e-4c32-ab41-9da01b1e7b3f | Context api_versions@openstack setup() finished in 0.43 sec
2019-07-24 08:04:08.916 1842 INFO rally.task.context [-] Task e61c3840-3f8e-4c32-ab41-9da01b1e7b3f | Context admin_cleanup@openstack setup() finished in 0.01 msec
2019-07-24 08:04:08.923 1842 RALLYDEBUG rally.task.runner [-] Starting the constant runner (task UUID: e61c3840-3f8e-4c32-ab41-9da01b1e7b3f). timeout: 0 concurrency: 4 concurrency_per_worker: 1 times: 10 concurrency_overhead: 0 processes_to_start: 4 max_cpu_used: 16
2019-07-24 08:04:08.935 5478 RALLYDEBUG rally.task.runner [-] Starting a worker. concurrency: 1 args: {"consumer": "back-end", "write_iops_sec": "10", "read_iops_sec": "1000", "set_consumer": "both", "set_write_iops_sec": "11", "set_read_iops_sec": "1001"} times: 10 method_name: run timeout: 0 duration: None cls:
2019-07-24 08:04:08.939 5480 RALLYDEBUG rally.task.runner [-] Starting a worker. concurrency: 1 args: {"consumer": "back-end", "write_iops_sec": "10", "read_iops_sec": "1000", "set_consumer": "both", "set_write_iops_sec": "11", "set_read_iops_sec": "1001"} times: 10 method_name: run timeout: 0 duration: None cls:
2019-07-24 08:04:08.939 5479 RALLYDEBUG rally.task.runner [-] Starting a worker. concurrency: 1 args: {"consumer": "back-end", "write_iops_sec": "10", "read_iops_sec": "1000", "set_consumer": "both", "set_write_iops_sec": "11", "set_read_iops_sec": "1001"} times: 10 method_name: run timeout: 0 duration: None cls:
2019-07-24 08:04:08.942 5481 RALLYDEBUG rally.task.runner [-] Starting a worker. concurrency: 1 args: {"consumer": "back-end", "write_iops_sec": "10", "read_iops_sec": "1000", "set_consumer": "both", "set_write_iops_sec": "11", "set_read_iops_sec": "1001"} times: 10 method_name: run timeout: 0 duration: None cls:
2019-07-24 08:04:08.942 5478 INFO rally.task.runner [-] Task e61c3840-3f8e-4c32-ab41-9da01b1e7b3f | ITER: 1 START
2019-07-24 08:04:08.944 5480 INFO rally.task.runner [-] Task e61c3840-3f8e-4c32-ab41-9da01b1e7b3f | ITER: 2 START
2019-07-24 08:04:08.946 5481 INFO rally.task.runner [-] Task e61c3840-3f8e-4c32-ab41-9da01b1e7b3f | ITER: 4 START
2019-07-24 08:04:08.946 5479 INFO rally.task.runner [-] Task e61c3840-3f8e-4c32-ab41-9da01b1e7b3f | ITER: 3 START
2019-07-24 08:04:10.011 5481 INFO rally.task.runner [-] Task e61c3840-3f8e-4c32-ab41-9da01b1e7b3f | ITER: 4 END: OK
2019-07-24 08:04:10.017 5481 INFO rally.task.runner [-] Task e61c3840-3f8e-4c32-ab41-9da01b1e7b3f | ITER: 5 START
2019-07-24 08:04:10.036 5478 INFO rally.task.runner [-] Task e61c3840-3f8e-4c32-ab41-9da01b1e7b3f | ITER: 1 END: OK
2019-07-24 08:04:10.040 5478 INFO rally.task.runner [-] Task e61c3840-3f8e-4c32-ab41-9da01b1e7b3f | ITER: 6 START
2019-07-24 08:04:10.084 5480 INFO rally.task.runner [-] Task e61c3840-3f8e-4c32-ab41-9da01b1e7b3f | ITER: 2 END: OK
2019-07-24 08:04:10.089 5480 INFO rally.task.runner [-] Task e61c3840-3f8e-4c32-ab41-9da01b1e7b3f | ITER: 7 START
2019-07-24 08:04:10.096 5479 INFO rally.task.runner [-] Task e61c3840-3f8e-4c32-ab41-9da01b1e7b3f | ITER: 3 END: OK
2019-07-24 08:04:10.101 5479 INFO rally.task.runner [-] Task e61c3840-3f8e-4c32-ab41-9da01b1e7b3f | ITER: 8 START
2019-07-24 08:04:10.970 5481 INFO rally.task.runner [-] Task e61c3840-3f8e-4c32-ab41-9da01b1e7b3f | ITER: 5 END: OK
2019-07-24 08:04:10.975 5481 INFO rally.task.runner [-] Task e61c3840-3f8e-4c32-ab41-9da01b1e7b3f | ITER: 9 START
2019-07-24 08:04:10.975 5480 INFO rally.task.runner [-] Task e61c3840-3f8e-4c32-ab41-9da01b1e7b3f | ITER: 7 END: OK
2019-07-24 08:04:10.979 5480 INFO rally.task.runner [-] Task e61c3840-3f8e-4c32-ab41-9da01b1e7b3f | ITER: 10 START
2019-07-24 08:04:10.981 5479 INFO rally.task.runner [-] Task e61c3840-3f8e-4c32-ab41-9da01b1e7b3f | ITER: 8 END: OK
2019-07-24 08:04:11.011 5478 INFO rally.task.runner [-] Task e61c3840-3f8e-4c32-ab41-9da01b1e7b3f | ITER: 6 END: OK
2019-07-24 08:04:11.838 5481 INFO rally.task.runner [-] Task e61c3840-3f8e-4c32-ab41-9da01b1e7b3f | ITER: 9 END: OK
2019-07-24 08:04:12.018 5480 INFO rally.task.runner [-] Task e61c3840-3f8e-4c32-ab41-9da01b1e7b3f | ITER: 10 END: OK
2019-07-24 08:04:12.046 1842 INFO rally.task.context [-] Task e61c3840-3f8e-4c32-ab41-9da01b1e7b3f | Context admin_cleanup@openstack cleanup() started
2019-07-24 08:04:12.048 1842 RALLYDEBUG rally_openstack.cleanup.manager [-] Cleaning up cinder volume_types objects
2019-07-24 08:04:12.686 1842 RALLYDEBUG rally_openstack.cleanup.manager [-] Cleaning up cinder image_volumes_cache objects
2019-07-24 08:04:13.660 1842 RALLYDEBUG rally_openstack.cleanup.manager [-] Cleaning up cinder quotas objects
2019-07-24 08:04:15.385 1842 RALLYDEBUG rally_openstack.cleanup.manager [-] Cleaning up cinder qos_specs objects
2019-07-24 08:04:16.009 1842 RALLYDEBUG rally_openstack.cleanup.manager [-] Deleting cinder.qos_specs object s_rally_1b285afd_PCEiVJPD (ffceb1be-8d28-4a9f-af87-83b872777191)
2019-07-24 08:04:16.014 1842 RALLYDEBUG rally_openstack.cleanup.manager [-] Deleting cinder.qos_specs object s_rally_1b285afd_jwcGD8gN (c4bf38c6-05bb-4321-a062-f164733a3ce1)
2019-07-24 08:04:16.015 1842 RALLYDEBUG rally_openstack.cleanup.manager [-] Deleting cinder.qos_specs object s_rally_1b285afd_kCZIiaSB (c9a71cdb-9f41-4cca-bd1e-060fc9d6af3a)
2019-07-24 08:04:16.020 1842 RALLYDEBUG rally_openstack.cleanup.manager [-] Deleting cinder.qos_specs object s_rally_1b285afd_n1BmwTrR (6771236f-e6db-4b21-9b9f-97c053b0a8f4)
2019-07-24 08:04:16.032 1842 RALLYDEBUG rally_openstack.cleanup.manager [-] Deleting cinder.qos_specs object s_rally_1b285afd_ILK1JDm7 (25545e37-3aa4-49d0-97ab-07d7c6132a06)
2019-07-24 08:04:16.043 1842 RALLYDEBUG rally_openstack.cleanup.manager [-] Deleting cinder.qos_specs object s_rally_1b285afd_pVITgyOh (08d6c5d3-d2c6-4d75-a02f-dd2424eb2a55)
2019-07-24 08:04:16.044 1842 RALLYDEBUG rally_openstack.cleanup.manager [-] Deleting cinder.qos_specs object s_rally_1b285afd_NUzBUf3N (fba7fa1f-fa69-4b4f-8efc-715a725a94f3)
2019-07-24 08:04:16.058 1842 RALLYDEBUG rally_openstack.cleanup.manager [-] Deleting cinder.qos_specs object s_rally_1b285afd_S4TMyZa4 (96fbd8b4-8767-4d40-9fa8-e29f6f84c0bb)
2019-07-24 08:04:16.074 1842 RALLYDEBUG rally_openstack.cleanup.manager [-] Deleting cinder.qos_specs object s_rally_1b285afd_HNlAfzGL (5c98f327-5688-40d2-a5c2-471c5356a8ab)
2019-07-24 08:04:16.088 1842 RALLYDEBUG rally_openstack.cleanup.manager [-] Deleting cinder.qos_specs object s_rally_1b285afd_GP5LPBMs (18310d99-3754-4627-a8af-2fefba43bb97)
2019-07-24 08:04:18.459 1842 INFO rally.task.context [-] Task e61c3840-3f8e-4c32-ab41-9da01b1e7b3f | Context admin_cleanup@openstack cleanup() finished in 6.41 sec
2019-07-24 08:04:18.460 1842 INFO rally.task.context [-] Task e61c3840-3f8e-4c32-ab41-9da01b1e7b3f | Context api_versions@openstack cleanup() started
2019-07-24 08:04:18.460 1842 INFO rally.task.context [-] Task e61c3840-3f8e-4c32-ab41-9da01b1e7b3f | Context api_versions@openstack cleanup() finished in 0.37 msec
2019-07-24 08:04:18.461 1842 INFO rally.task.context [-] Task e61c3840-3f8e-4c32-ab41-9da01b1e7b3f | Context users@openstack cleanup() started
2019-07-24 08:04:25.223 1842 INFO rally.task.context [-] Task e61c3840-3f8e-4c32-ab41-9da01b1e7b3f | Context users@openstack cleanup() finished in 6.76 sec
2019-07-24 08:04:26.157 1842 INFO rally.task.engine [-] Load duration is: 3.072241
2019-07-24 08:04:26.157 1842 INFO rally.task.engine [-] Full runner duration is: 3.122534
2019-07-24 08:04:26.158 1842 INFO rally.task.engine [-] Full duration is: 21.258796
2019-07-24 08:04:26.428 1842 INFO rally.task.engine [-] Running workload: position = 0 config = { "version": 2, "title": "A cropped version of a bigger task.", "description": "Auto-generated task from a single workload (uuid=a16be6c4-15cf-4c01-a473-dc8d8a6d57f6)", "subtasks": [ { "title": "CinderVolumeTypes.create_and_get_volume_type", "description": "Create a volume Type, then get the details of the type.", "scenario": { "CinderVolumeTypes.create_and_get_volume_type": { "description": "rally tests creating types" } }, "contexts": { "users": { "tenants": 3, "users_per_tenant": 2 }, "api_versions": { "cinder": { "version": 3, "service_type": "volumev3" } } }, "runner": { "constant": { "concurrency": 4, "times": 10 } }, "hooks": [], "sla": { "failure_rate": { "max": 0 } } } ] }
2019-07-24 08:04:26.451 1842 RALLYDEBUG rally_openstack.contexts.keystone.users [-] Creating 3 tenants using 20 threads
2019-07-24 08:04:28.380 1842 RALLYDEBUG rally_openstack.contexts.keystone.users [-] Creating 6 users using 20 threads
2019-07-24 08:04:31.048 1842 INFO rally.task.context [-] Task e61c3840-3f8e-4c32-ab41-9da01b1e7b3f | Context users@openstack setup() finished in 4.60 sec
2019-07-24 08:04:31.461 1842 INFO rally.task.context [-] Task e61c3840-3f8e-4c32-ab41-9da01b1e7b3f | Context api_versions@openstack setup() finished in 0.41 sec
2019-07-24 08:04:31.461 1842 INFO rally.task.context [-] Task e61c3840-3f8e-4c32-ab41-9da01b1e7b3f | Context admin_cleanup@openstack setup() finished in 0.01 msec
2019-07-24 08:04:31.468 1842 RALLYDEBUG rally.task.runner [-] Starting the constant runner (task UUID: e61c3840-3f8e-4c32-ab41-9da01b1e7b3f). timeout: 0 concurrency: 4 concurrency_per_worker: 1 times: 10 concurrency_overhead: 0 processes_to_start: 4 max_cpu_used: 16
2019-07-24 08:04:31.481 5662 RALLYDEBUG rally.task.runner [-] Starting a worker. concurrency: 1 args: {"description": "rally tests creating types"} times: 10 method_name: run timeout: 0 duration: None cls:
2019-07-24 08:04:31.481 5663 RALLYDEBUG rally.task.runner [-] Starting a worker. concurrency: 1 args: {"description": "rally tests creating types"} times: 10 method_name: run timeout: 0 duration: None cls:
2019-07-24 08:04:31.487 5663 INFO rally.task.runner [-] Task e61c3840-3f8e-4c32-ab41-9da01b1e7b3f | ITER: 1 START
2019-07-24 08:04:31.487 5662 INFO rally.task.runner [-] Task e61c3840-3f8e-4c32-ab41-9da01b1e7b3f | ITER: 2 START
2019-07-24 08:04:31.487 5664 RALLYDEBUG rally.task.runner [-] Starting a worker. concurrency: 1 args: {"description": "rally tests creating types"} times: 10 method_name: run timeout: 0 duration: None cls:
2019-07-24 08:04:31.490 5665 RALLYDEBUG rally.task.runner [-] Starting a worker. concurrency: 1 args: {"description": "rally tests creating types"} times: 10 method_name: run timeout: 0 duration: None cls:
2019-07-24 08:04:31.493 5664 INFO rally.task.runner [-] Task e61c3840-3f8e-4c32-ab41-9da01b1e7b3f | ITER: 3 START
2019-07-24 08:04:31.498 5665 INFO rally.task.runner [-] Task e61c3840-3f8e-4c32-ab41-9da01b1e7b3f | ITER: 4 START
2019-07-24 08:04:32.542 5665 INFO rally.task.runner [-] Task e61c3840-3f8e-4c32-ab41-9da01b1e7b3f | ITER: 4 END: OK
2019-07-24 08:04:32.547 5665 INFO rally.task.runner [-] Task e61c3840-3f8e-4c32-ab41-9da01b1e7b3f | ITER: 5 START
2019-07-24 08:04:32.615 5662 INFO rally.task.runner [-] Task e61c3840-3f8e-4c32-ab41-9da01b1e7b3f | ITER: 2 END: OK
2019-07-24 08:04:32.619 5662 INFO rally.task.runner [-] Task e61c3840-3f8e-4c32-ab41-9da01b1e7b3f | ITER: 6 START
2019-07-24 08:04:32.640 5663 INFO rally.task.runner [-] Task e61c3840-3f8e-4c32-ab41-9da01b1e7b3f | ITER: 1 END: OK
2019-07-24 08:04:32.646 5663 INFO rally.task.runner [-] Task e61c3840-3f8e-4c32-ab41-9da01b1e7b3f | ITER: 7 START
2019-07-24 08:04:32.658 5664 INFO rally.task.runner [-] Task e61c3840-3f8e-4c32-ab41-9da01b1e7b3f | ITER: 3 END: OK
2019-07-24 08:04:32.663 5664 INFO rally.task.runner [-] Task e61c3840-3f8e-4c32-ab41-9da01b1e7b3f | ITER: 8 START
2019-07-24 08:04:33.518 5665 INFO rally.task.runner [-] Task e61c3840-3f8e-4c32-ab41-9da01b1e7b3f | ITER: 5 END: OK
2019-07-24 08:04:33.523 5665 INFO rally.task.runner [-] Task e61c3840-3f8e-4c32-ab41-9da01b1e7b3f | ITER: 9 START
2019-07-24 08:04:33.573 5663 INFO rally.task.runner [-] Task e61c3840-3f8e-4c32-ab41-9da01b1e7b3f | ITER: 7 END: OK
2019-07-24 08:04:33.577 5663 INFO rally.task.runner [-] Task e61c3840-3f8e-4c32-ab41-9da01b1e7b3f | ITER: 10 START
2019-07-24 08:04:33.620 5662 INFO rally.task.runner [-] Task e61c3840-3f8e-4c32-ab41-9da01b1e7b3f | ITER: 6 END: OK
2019-07-24 08:04:33.652 5664 INFO rally.task.runner [-] Task e61c3840-3f8e-4c32-ab41-9da01b1e7b3f | ITER: 8 END: OK
2019-07-24 08:04:34.404 5665 INFO rally.task.runner [-] Task e61c3840-3f8e-4c32-ab41-9da01b1e7b3f | ITER: 9 END: OK
2019-07-24 08:04:34.456 5663 INFO rally.task.runner [-] Task e61c3840-3f8e-4c32-ab41-9da01b1e7b3f | ITER: 10 END: OK
2019-07-24 08:04:34.486 1842 INFO rally.task.context [-] Task e61c3840-3f8e-4c32-ab41-9da01b1e7b3f | Context admin_cleanup@openstack cleanup() started
2019-07-24 08:04:34.491 1842 RALLYDEBUG rally_openstack.cleanup.manager [-] Cleaning up cinder volume_types objects
2019-07-24 08:04:35.180 1842 RALLYDEBUG rally_openstack.cleanup.manager [-] Deleting cinder.volume_types object s_rally_a16be6c4_jpLNs2XB (d52fe17d-daee-4639-95f5-edaed8d58800)
2019-07-24 08:04:35.179 1842 RALLYDEBUG rally_openstack.cleanup.manager [-] Deleting cinder.volume_types object s_rally_a16be6c4_nCHacY4B (65e8d5bb-c27a-4be1-905b-002b7db89a20)
2019-07-24 08:04:35.191 1842 RALLYDEBUG rally_openstack.cleanup.manager [-] Deleting cinder.volume_types object s_rally_a16be6c4_yHZ5K2xa (02d71d2c-2fe6-4f19-8f7f-b2b8a598b065)
2019-07-24 08:04:35.195 1842 RALLYDEBUG rally_openstack.cleanup.manager [-] Deleting cinder.volume_types object s_rally_a16be6c4_lbMiufqT (6acfbd43-f209-41fe-998e-803047e79e73)
2019-07-24 08:04:35.198 1842 RALLYDEBUG rally_openstack.cleanup.manager [-] Deleting cinder.volume_types object s_rally_a16be6c4_uwgJrB7N (377f56dc-37f3-4ad2-b9a0-a03f8ec31526)
2019-07-24 08:04:35.199 1842 RALLYDEBUG rally_openstack.cleanup.manager [-] Deleting cinder.volume_types object s_rally_a16be6c4_Rf9ZJ2hv (30f813da-4b1b-4ae1-9127-25e57d3cbe20)
2019-07-24 08:04:35.204 1842 RALLYDEBUG rally_openstack.cleanup.manager [-] Deleting cinder.volume_types object s_rally_a16be6c4_ynp7DsXC (d4d737b7-23e6-468b-92f4-d148330e133c)
2019-07-24 08:04:35.206 1842 RALLYDEBUG rally_openstack.cleanup.manager [-] Deleting cinder.volume_types object s_rally_a16be6c4_trVn04g7 (2ad029b7-d332-4f30-9b47-3cc61709e0fb)
2019-07-24 08:04:35.208 1842 RALLYDEBUG rally_openstack.cleanup.manager [-] Deleting cinder.volume_types object s_rally_a16be6c4_fDXni4zy (3e2ca862-45ce-4343-9adb-e986c4f97721)
2019-07-24 08:04:35.212 1842 RALLYDEBUG rally_openstack.cleanup.manager [-] Deleting cinder.volume_types object s_rally_a16be6c4_lSwL6whU (948c821b-76bb-4001-975b-4cee3dad67b7)
2019-07-24 08:04:37.529 1842 RALLYDEBUG rally_openstack.cleanup.manager [-] Cleaning up cinder image_volumes_cache objects
2019-07-24 08:04:38.999 1842 RALLYDEBUG rally_openstack.cleanup.manager [-] Cleaning up cinder quotas objects
2019-07-24 08:04:40.466 1842 RALLYDEBUG rally_openstack.cleanup.manager [-] Cleaning up cinder qos_specs objects
2019-07-24 08:04:41.100 1842 INFO rally.task.context [-] Task e61c3840-3f8e-4c32-ab41-9da01b1e7b3f | Context admin_cleanup@openstack cleanup() finished in 6.61 sec
2019-07-24 08:04:41.101 1842 INFO rally.task.context [-] Task e61c3840-3f8e-4c32-ab41-9da01b1e7b3f | Context api_versions@openstack cleanup() started
2019-07-24 08:04:41.101 1842 INFO rally.task.context [-] Task e61c3840-3f8e-4c32-ab41-9da01b1e7b3f | Context api_versions@openstack cleanup() finished in 0.30 msec
2019-07-24 08:04:41.101 1842 INFO rally.task.context [-] Task e61c3840-3f8e-4c32-ab41-9da01b1e7b3f | Context users@openstack cleanup() started
2019-07-24 08:04:48.214 1842 INFO rally.task.context [-] Task e61c3840-3f8e-4c32-ab41-9da01b1e7b3f | Context users@openstack cleanup() finished in 7.11 sec
2019-07-24 08:04:48.552 1842 INFO rally.task.engine [-] Load duration is: 2.966844
2019-07-24 08:04:48.553 1842 INFO rally.task.engine [-] Full runner duration is: 3.018081
2019-07-24 08:04:48.553 1842 INFO rally.task.engine [-] Full duration is: 21.766514
2019-07-24 08:04:48.788 1842 INFO rally.task.engine [-] Running workload: position = 0 config = { "version": 2, "title": "A cropped version of a bigger task.", "description": "Auto-generated task from a single workload (uuid=c3a307e0-dd9b-4241-9be0-357543b4f3a8)", "subtasks": [ { "title": "CinderVolumeTypes.create_and_list_volume_types", "description": "Create a volume Type, then list all types.", "scenario": { "CinderVolumeTypes.create_and_list_volume_types": { "description": "rally tests creating types" } }, "contexts": { "users": { "tenants": 3, "users_per_tenant": 2 }, "api_versions": { "cinder": { "version": 3, "service_type": "volumev3" } } }, "runner": { "constant": { "concurrency": 4, "times": 10 } }, "hooks": [], "sla": { "failure_rate": { "max": 0 } } } ] }
2019-07-24 08:04:48.809 1842 RALLYDEBUG rally_openstack.contexts.keystone.users [-] Creating 3 tenants using 20 threads
2019-07-24 08:04:50.646 1842 RALLYDEBUG rally_openstack.contexts.keystone.users [-] Creating 6 users using 20 threads
2019-07-24 08:04:53.378 1842 INFO rally.task.context [-] Task e61c3840-3f8e-4c32-ab41-9da01b1e7b3f | Context users@openstack setup() finished in 4.57 sec
2019-07-24 08:04:53.801 1842 INFO rally.task.context [-] Task e61c3840-3f8e-4c32-ab41-9da01b1e7b3f | Context api_versions@openstack setup() finished in 0.42 sec
