2019-07-24 07:57:25.813 1842 INFO rally.task.engine [-] Running workload: position = 0 config = { "version": 2, "title": "A cropped version of a bigger task.", "description": "Auto-generated task from a single workload (uuid=821438ef-7c1c-4d4a-99ac-4de574d2cbbb)", "subtasks": [ { "title": "CinderVolumes.list_volumes", "description": "List all volumes.", "scenario": { "CinderVolumes.list_volumes": { "detailed": true } }, "contexts": { "users": { "tenants": 3, "users_per_tenant": 2 }, "quotas": { "cinder": { "gigabytes": -1, "snapshots": -1, "volumes": -1 } }, "api_versions": { "cinder": { "version": 3, "service_type": "volumev3" } }, "volumes": { "size": 1, "volumes_per_tenant": 4 } }, "runner": { "constant": { "concurrency": 4, "times": 10 } }, "hooks": [], "sla": { "failure_rate": { "max": 0 } } } ] }
2019-07-24 07:57:25.828 1842 RALLYDEBUG rally_openstack.contexts.keystone.users [-] Creating 3 tenants using 20 threads
2019-07-24 07:57:27.649 1842 RALLYDEBUG rally_openstack.contexts.keystone.users [-] Creating 6 users using 20 threads
2019-07-24 07:57:30.476 1842 INFO rally.task.context [-] Task e61c3840-3f8e-4c32-ab41-9da01b1e7b3f | Context users@openstack setup() finished in 4.65 sec
2019-07-24 07:57:30.891 1842 INFO rally.task.context [-] Task e61c3840-3f8e-4c32-ab41-9da01b1e7b3f | Context api_versions@openstack setup() finished in 0.41 sec
2019-07-24 07:57:32.473 1842 INFO rally.task.context [-] Task e61c3840-3f8e-4c32-ab41-9da01b1e7b3f | Context quotas@openstack setup() finished in 1.58 sec
2019-07-24 07:58:08.729 1842 INFO rally.task.context [-] Task e61c3840-3f8e-4c32-ab41-9da01b1e7b3f | Context volumes@openstack setup() finished in 36.26 sec
2019-07-24 07:58:08.739 1842 RALLYDEBUG rally.task.runner [-] Starting the constant runner (task UUID: e61c3840-3f8e-4c32-ab41-9da01b1e7b3f). timeout: 0 concurrency: 4 concurrency_per_worker: 1 times: 10 concurrency_overhead: 0 processes_to_start: 4 max_cpu_used: 16
2019-07-24 07:58:08.752 3843 RALLYDEBUG rally.task.runner [-] Starting a worker. concurrency: 1 args: {"detailed": true} times: 10 method_name: run timeout: 0 duration: None cls:
2019-07-24 07:58:08.752 3842 RALLYDEBUG rally.task.runner [-] Starting a worker. concurrency: 1 args: {"detailed": true} times: 10 method_name: run timeout: 0 duration: None cls:
2019-07-24 07:58:08.754 3844 RALLYDEBUG rally.task.runner [-] Starting a worker. concurrency: 1 args: {"detailed": true} times: 10 method_name: run timeout: 0 duration: None cls:
2019-07-24 07:58:08.758 3843 INFO rally.task.runner [-] Task e61c3840-3f8e-4c32-ab41-9da01b1e7b3f | ITER: 1 START
2019-07-24 07:58:08.759 3842 INFO rally.task.runner [-] Task e61c3840-3f8e-4c32-ab41-9da01b1e7b3f | ITER: 2 START
2019-07-24 07:58:08.759 3844 INFO rally.task.runner [-] Task e61c3840-3f8e-4c32-ab41-9da01b1e7b3f | ITER: 3 START
2019-07-24 07:58:08.761 3845 RALLYDEBUG rally.task.runner [-] Starting a worker. concurrency: 1 args: {"detailed": true} times: 10 method_name: run timeout: 0 duration: None cls:
2019-07-24 07:58:08.770 3845 INFO rally.task.runner [-] Task e61c3840-3f8e-4c32-ab41-9da01b1e7b3f | ITER: 4 START
2019-07-24 07:58:09.534 3843 INFO rally.task.runner [-] Task e61c3840-3f8e-4c32-ab41-9da01b1e7b3f | ITER: 1 END: OK
2019-07-24 07:58:09.535 3842 INFO rally.task.runner [-] Task e61c3840-3f8e-4c32-ab41-9da01b1e7b3f | ITER: 2 END: OK
2019-07-24 07:58:09.538 3843 INFO rally.task.runner [-] Task e61c3840-3f8e-4c32-ab41-9da01b1e7b3f | ITER: 5 START
2019-07-24 07:58:09.540 3842 INFO rally.task.runner [-] Task e61c3840-3f8e-4c32-ab41-9da01b1e7b3f | ITER: 6 START
2019-07-24 07:58:09.626 3845 INFO rally.task.runner [-] Task e61c3840-3f8e-4c32-ab41-9da01b1e7b3f | ITER: 4 END: OK
2019-07-24 07:58:09.630 3845 INFO rally.task.runner [-] Task e61c3840-3f8e-4c32-ab41-9da01b1e7b3f | ITER: 7 START
2019-07-24 07:58:09.646 3844 INFO rally.task.runner [-] Task e61c3840-3f8e-4c32-ab41-9da01b1e7b3f | ITER: 3 END: OK
2019-07-24 07:58:09.652 3844 INFO rally.task.runner [-] Task e61c3840-3f8e-4c32-ab41-9da01b1e7b3f | ITER: 8 START
2019-07-24 07:58:10.298 3842 INFO rally.task.runner [-] Task e61c3840-3f8e-4c32-ab41-9da01b1e7b3f | ITER: 6 END: OK
2019-07-24 07:58:10.303 3842 INFO rally.task.runner [-] Task e61c3840-3f8e-4c32-ab41-9da01b1e7b3f | ITER: 9 START
2019-07-24 07:58:10.342 3843 INFO rally.task.runner [-] Task e61c3840-3f8e-4c32-ab41-9da01b1e7b3f | ITER: 5 END: OK
2019-07-24 07:58:10.347 3843 INFO rally.task.runner [-] Task e61c3840-3f8e-4c32-ab41-9da01b1e7b3f | ITER: 10 START
2019-07-24 07:58:10.397 3844 INFO rally.task.runner [-] Task e61c3840-3f8e-4c32-ab41-9da01b1e7b3f | ITER: 8 END: OK
2019-07-24 07:58:10.476 3845 INFO rally.task.runner [-] Task e61c3840-3f8e-4c32-ab41-9da01b1e7b3f | ITER: 7 END: OK
2019-07-24 07:58:11.015 3842 INFO rally.task.runner [-] Task e61c3840-3f8e-4c32-ab41-9da01b1e7b3f | ITER: 9 END: OK
2019-07-24 07:58:11.136 3843 INFO rally.task.runner [-] Task e61c3840-3f8e-4c32-ab41-9da01b1e7b3f | ITER: 10 END: OK
2019-07-24 07:58:11.163 1842 INFO rally.task.context [-] Task e61c3840-3f8e-4c32-ab41-9da01b1e7b3f | Context volumes@openstack cleanup() started
2019-07-24 07:58:11.164 1842 RALLYDEBUG rally_openstack.cleanup.manager [-] Cleaning up cinder volumes objects
2019-07-24 07:58:13.218 1842 RALLYDEBUG rally_openstack.cleanup.manager [-] Deleting cinder.volumes object c_rally_821438ef_GhcWxx1O (f8e52654-263c-412a-900a-b6dfc8881ae8)
2019-07-24 07:58:13.219 1842 RALLYDEBUG rally_openstack.cleanup.manager [-] Deleting cinder.volumes object c_rally_821438ef_D8ozFzXq (f18a6915-2f73-42a7-831d-f774bb5f523c)
2019-07-24 07:58:13.221 1842 RALLYDEBUG rally_openstack.cleanup.manager [-] Deleting cinder.volumes object c_rally_821438ef_sptX5SGH (8664ca07-429b-494d-b893-d6c15a623094)
2019-07-24 07:58:13.224 1842 RALLYDEBUG rally_openstack.cleanup.manager [-] Deleting cinder.volumes object c_rally_821438ef_8EotU758 (cf7a1315-144a-4efd-9fd2-d62366baceaf)
2019-07-24 07:58:13.227 1842 RALLYDEBUG rally_openstack.cleanup.manager [-] Deleting cinder.volumes object c_rally_821438ef_x6ZZUvA1 (4dc07867-5d52-4aa3-8975-0723dc28881e)
2019-07-24 07:58:13.227 1842 RALLYDEBUG rally_openstack.cleanup.manager [-] Deleting cinder.volumes object c_rally_821438ef_GP19TQXA (a9e00bff-7389-4a1c-b023-80c365d19cd3)
2019-07-24 07:58:13.231 1842 RALLYDEBUG rally_openstack.cleanup.manager [-] Deleting cinder.volumes object c_rally_821438ef_K5bat5ga (abd504dd-00aa-4431-87a2-b62f73e6d46d)
2019-07-24 07:58:13.238 1842 RALLYDEBUG rally_openstack.cleanup.manager [-] Deleting cinder.volumes object c_rally_821438ef_W8w7hhz7 (8cc106ad-da3b-44d6-8e45-da504dd16291)
2019-07-24 07:58:13.242 1842 RALLYDEBUG rally_openstack.cleanup.manager [-] Deleting cinder.volumes object c_rally_821438ef_llLUkOjP (1ff8be89-696d-457d-85c7-952b75652e90)
2019-07-24 07:58:13.251 1842 RALLYDEBUG rally_openstack.cleanup.manager [-] Deleting cinder.volumes object c_rally_821438ef_6T00rwou (143d41c7-fbbe-4da0-bb68-0af5e3a7f25e)
2019-07-24 07:58:13.261 1842 RALLYDEBUG rally_openstack.cleanup.manager [-] Deleting cinder.volumes object c_rally_821438ef_yIKL8VJj (50034e7f-8a72-4413-9567-84aaf7bcc91f)
2019-07-24 07:58:13.273 1842 RALLYDEBUG rally_openstack.cleanup.manager [-] Deleting cinder.volumes object c_rally_821438ef_tDxpml2w (03a9045f-6405-4561-8438-fcc02ac2bf7e)
2019-07-24 07:58:18.422 1842 INFO rally.task.context [-] Task e61c3840-3f8e-4c32-ab41-9da01b1e7b3f | Context volumes@openstack cleanup() finished in 7.26 sec
2019-07-24 07:58:18.423 1842 INFO rally.task.context [-] Task e61c3840-3f8e-4c32-ab41-9da01b1e7b3f | Context quotas@openstack cleanup() started
2019-07-24 07:58:18.979 1842 INFO rally.task.context [-] Task e61c3840-3f8e-4c32-ab41-9da01b1e7b3f | Context quotas@openstack cleanup() finished in 0.56 sec
2019-07-24 07:58:18.979 1842 INFO rally.task.context [-] Task e61c3840-3f8e-4c32-ab41-9da01b1e7b3f | Context api_versions@openstack cleanup() started
2019-07-24 07:58:18.980 1842 INFO rally.task.context [-] Task e61c3840-3f8e-4c32-ab41-9da01b1e7b3f | Context api_versions@openstack cleanup() finished in 0.32 msec
2019-07-24 07:58:18.980 1842 INFO rally.task.context [-] Task e61c3840-3f8e-4c32-ab41-9da01b1e7b3f | Context users@openstack cleanup() started
2019-07-24 07:58:25.819 1842 INFO rally.task.context [-] Task e61c3840-3f8e-4c32-ab41-9da01b1e7b3f | Context users@openstack cleanup() finished in 6.84 sec
2019-07-24 07:58:26.071 1842 INFO rally.task.engine [-] Load duration is: 2.37452
2019-07-24 07:58:26.071 1842 INFO rally.task.engine [-] Full runner duration is: 2.427404
2019-07-24 07:58:26.072 1842 INFO rally.task.engine [-] Full duration is: 59.994613
2019-07-24 07:58:26.364 1842 INFO rally.task.engine [-] Running workload: position = 0 config = { "version": 2, "title": "A cropped version of a bigger task.", "description": "Auto-generated task from a single workload (uuid=ef970aab-c421-48ae-aa3d-59d347d7960d)", "subtasks": [ { "title": "CinderVolumes.create_and_delete_snapshot", "description": "Create and then delete a volume-snapshot.", "scenario": { "CinderVolumes.create_and_delete_snapshot": { "force": false } }, "contexts": { "users": { "tenants": 3, "users_per_tenant": 2 }, "quotas": { "cinder": { "gigabytes": -1, "snapshots": -1, "volumes": -1 } }, "api_versions": { "cinder": { "version": 3, "service_type": "volumev3" } }, "volumes": { "size": 1, "volumes_per_tenant": 1 } }, "runner": { "constant": { "concurrency": 4, "times": 10 } }, "hooks": [], "sla": { "failure_rate": { "max": 0 } } } ] }
2019-07-24 07:58:26.390 1842 RALLYDEBUG rally_openstack.contexts.keystone.users [-] Creating 3 tenants using 20 threads
2019-07-24 07:58:28.471 1842 RALLYDEBUG rally_openstack.contexts.keystone.users [-] Creating 6 users using 20 threads
2019-07-24 07:58:31.299 1842 INFO rally.task.context [-] Task e61c3840-3f8e-4c32-ab41-9da01b1e7b3f | Context users@openstack setup() finished in 4.91 sec
2019-07-24 07:58:31.716 1842 INFO rally.task.context [-] Task e61c3840-3f8e-4c32-ab41-9da01b1e7b3f | Context api_versions@openstack setup() finished in 0.42 sec
2019-07-24 07:58:33.362 1842 INFO rally.task.context [-] Task e61c3840-3f8e-4c32-ab41-9da01b1e7b3f | Context quotas@openstack setup() finished in 1.65 sec
2019-07-24 07:58:43.930 1842 INFO rally.task.context [-] Task e61c3840-3f8e-4c32-ab41-9da01b1e7b3f | Context volumes@openstack setup() finished in 10.57 sec
2019-07-24 07:58:43.931 1842 INFO rally.task.context [-] Task e61c3840-3f8e-4c32-ab41-9da01b1e7b3f | Context cleanup@openstack setup() finished in 0.01 msec
2019-07-24 07:58:43.938 1842 RALLYDEBUG rally.task.runner [-] Starting the constant runner (task UUID: e61c3840-3f8e-4c32-ab41-9da01b1e7b3f). timeout: 0 concurrency: 4 concurrency_per_worker: 1 times: 10 concurrency_overhead: 0 processes_to_start: 4 max_cpu_used: 16
2019-07-24 07:58:43.951 3966 RALLYDEBUG rally.task.runner [-] Starting a worker. concurrency: 1 args: {"force": false} times: 10 method_name: run timeout: 0 duration: None cls:
2019-07-24 07:58:43.954 3967 RALLYDEBUG rally.task.runner [-] Starting a worker. concurrency: 1 args: {"force": false} times: 10 method_name: run timeout: 0 duration: None cls:
2019-07-24 07:58:43.957 3968 RALLYDEBUG rally.task.runner [-] Starting a worker. concurrency: 1 args: {"force": false} times: 10 method_name: run timeout: 0 duration: None cls:
2019-07-24 07:58:43.959 3966 INFO rally.task.runner [-] Task e61c3840-3f8e-4c32-ab41-9da01b1e7b3f | ITER: 1 START
2019-07-24 07:58:43.960 3969 RALLYDEBUG rally.task.runner [-] Starting a worker. concurrency: 1 args: {"force": false} times: 10 method_name: run timeout: 0 duration: None cls:
2019-07-24 07:58:43.962 3967 INFO rally.task.runner [-] Task e61c3840-3f8e-4c32-ab41-9da01b1e7b3f | ITER: 2 START
2019-07-24 07:58:43.965 3968 INFO rally.task.runner [-] Task e61c3840-3f8e-4c32-ab41-9da01b1e7b3f | ITER: 3 START
2019-07-24 07:58:43.968 3969 INFO rally.task.runner [-] Task e61c3840-3f8e-4c32-ab41-9da01b1e7b3f | ITER: 4 START
2019-07-24 07:58:47.768 3966 RALLYDEBUG rally.task.utils [-] Waiting for resource s_rally_ef970aab_NJcVvD4T. Status changed: AVAILABLE => DELETING in 0.238079071045
2019-07-24 07:58:47.822 3967 RALLYDEBUG rally.task.utils [-] Waiting for resource s_rally_ef970aab_3KJxh0Uv. Status changed: AVAILABLE => DELETING in 0.232979059219
2019-07-24 07:58:47.915 3968 RALLYDEBUG rally.task.utils [-] Waiting for resource s_rally_ef970aab_6TXd4Gu7. Status changed: AVAILABLE => DELETING in 0.217474937439
2019-07-24 07:58:49.300 3969 RALLYDEBUG rally.task.utils [-] Waiting for resource s_rally_ef970aab_RazySUrD. Status changed: CREATING => AVAILABLE in 2.39468097687
2019-07-24 07:58:49.768 3969 RALLYDEBUG rally.task.utils [-] Waiting for resource s_rally_ef970aab_RazySUrD. Status changed: AVAILABLE => DELETING in 0.2139980793
2019-07-24 07:58:49.794 3966 INFO rally.task.runner [-] Task e61c3840-3f8e-4c32-ab41-9da01b1e7b3f | ITER: 1 END: OK
2019-07-24 07:58:49.800 3966 INFO rally.task.runner [-] Task e61c3840-3f8e-4c32-ab41-9da01b1e7b3f | ITER: 5 START
2019-07-24 07:58:50.027 3967 INFO rally.task.runner [-] Task e61c3840-3f8e-4c32-ab41-9da01b1e7b3f | ITER: 2 END: OK
2019-07-24 07:58:50.033 3967 INFO rally.task.runner [-] Task e61c3840-3f8e-4c32-ab41-9da01b1e7b3f | ITER: 6 START
2019-07-24 07:58:50.127 3968 INFO rally.task.runner [-] Task e61c3840-3f8e-4c32-ab41-9da01b1e7b3f | ITER: 3 END: OK
2019-07-24 07:58:50.132 3968 INFO rally.task.runner [-] Task e61c3840-3f8e-4c32-ab41-9da01b1e7b3f | ITER: 7 START
2019-07-24 07:58:51.800 3969 INFO rally.task.runner [-] Task e61c3840-3f8e-4c32-ab41-9da01b1e7b3f | ITER: 4 END: OK
2019-07-24 07:58:51.805 3969 INFO rally.task.runner [-] Task e61c3840-3f8e-4c32-ab41-9da01b1e7b3f | ITER: 8 START
2019-07-24 07:58:53.711 3966 RALLYDEBUG rally.task.utils [-] Waiting for resource s_rally_ef970aab_dlZRdgHh. Status changed: AVAILABLE => DELETING in 0.233591079712
2019-07-24 07:58:53.935 3967 RALLYDEBUG rally.task.utils [-] Waiting for resource s_rally_ef970aab_RnZezW2V. Status changed: AVAILABLE => DELETING in 0.356678962708
2019-07-24 07:58:54.135 3968 RALLYDEBUG rally.task.utils [-] Waiting for resource s_rally_ef970aab_Y08Qz0Bm. Status changed: AVAILABLE => DELETING in 0.213663101196
2019-07-24 07:58:55.337 3969 RALLYDEBUG rally.task.utils [-] Waiting for resource s_rally_ef970aab_cOYLOhcc. Status changed: AVAILABLE => DELETING in 0.225470066071
2019-07-24 07:58:55.921 3966 INFO rally.task.runner [-] Task e61c3840-3f8e-4c32-ab41-9da01b1e7b3f | ITER: 5 END: OK
2019-07-24 07:58:55.925 3966 INFO rally.task.runner [-] Task e61c3840-3f8e-4c32-ab41-9da01b1e7b3f | ITER: 9 START
2019-07-24 07:58:56.228 3967 INFO rally.task.runner [-] Task e61c3840-3f8e-4c32-ab41-9da01b1e7b3f | ITER: 6 END: OK
2019-07-24 07:58:56.234 3967 INFO rally.task.runner [-] Task e61c3840-3f8e-4c32-ab41-9da01b1e7b3f | ITER: 10 START
2019-07-24 07:58:56.362 3968 INFO rally.task.runner [-] Task e61c3840-3f8e-4c32-ab41-9da01b1e7b3f | ITER: 7 END: OK
2019-07-24 07:58:57.363 3969 INFO rally.task.runner [-] Task e61c3840-3f8e-4c32-ab41-9da01b1e7b3f | ITER: 8 END: OK
2019-07-24 07:58:59.673 3966 RALLYDEBUG rally.task.utils [-] Waiting for resource s_rally_ef970aab_ETN0mFx6. Status changed: AVAILABLE => DELETING in 0.224428892136
2019-07-24 07:59:00.032 3967 RALLYDEBUG rally.task.utils [-] Waiting for resource s_rally_ef970aab_KGFvcnkj. Status changed: AVAILABLE => DELETING in 0.302973985672
2019-07-24 07:59:01.892 3966 INFO rally.task.runner [-] Task e61c3840-3f8e-4c32-ab41-9da01b1e7b3f | ITER: 9 END: OK
2019-07-24 07:59:02.057 3967 INFO rally.task.runner [-] Task e61c3840-3f8e-4c32-ab41-9da01b1e7b3f | ITER: 10 END: OK
2019-07-24 07:59:02.079 1842 INFO rally.task.context [-] Task e61c3840-3f8e-4c32-ab41-9da01b1e7b3f | Context cleanup@openstack cleanup() started
2019-07-24 07:59:02.081 1842 RALLYDEBUG rally_openstack.cleanup.manager [-] Cleaning up cinder backups objects
2019-07-24 07:59:04.196 1842 RALLYDEBUG rally_openstack.cleanup.manager [-] Cleaning up cinder volume_snapshots objects
2019-07-24 07:59:06.237 1842 RALLYDEBUG rally_openstack.cleanup.manager [-] Cleaning up cinder transfers objects
2019-07-24 07:59:08.104 1842 RALLYDEBUG rally_openstack.cleanup.manager [-] Cleaning up cinder volumes objects
2019-07-24 07:59:10.154 1842 INFO rally.task.context [-] Task e61c3840-3f8e-4c32-ab41-9da01b1e7b3f | Context cleanup@openstack cleanup() finished in 8.07 sec
2019-07-24 07:59:10.154 1842 INFO rally.task.context [-] Task e61c3840-3f8e-4c32-ab41-9da01b1e7b3f | Context volumes@openstack cleanup() started
2019-07-24 07:59:10.155 1842 RALLYDEBUG rally_openstack.cleanup.manager [-] Cleaning up cinder volumes objects
2019-07-24 07:59:12.244 1842 RALLYDEBUG rally_openstack.cleanup.manager [-] Deleting cinder.volumes object c_rally_ef970aab_6jQtI3Uc (cbff2f13-5e24-499f-88c2-862ad3193306)
2019-07-24 07:59:12.248 1842 RALLYDEBUG rally_openstack.cleanup.manager [-] Deleting cinder.volumes object c_rally_ef970aab_T44DLqRo (6617affd-dafd-457c-9421-2e687db4b5dd)
2019-07-24 07:59:12.256 1842 RALLYDEBUG rally_openstack.cleanup.manager [-] Deleting cinder.volumes object c_rally_ef970aab_1M3dGY9F (3c1b0a5f-7b3f-4205-bf4d-8ffdd3f9793a)
2019-07-24 07:59:15.548 1842 INFO rally.task.context [-] Task e61c3840-3f8e-4c32-ab41-9da01b1e7b3f | Context volumes@openstack cleanup() finished in 5.39 sec
2019-07-24 07:59:15.549 1842 INFO rally.task.context [-] Task e61c3840-3f8e-4c32-ab41-9da01b1e7b3f | Context quotas@openstack cleanup() started
2019-07-24 07:59:16.272 1842 INFO rally.task.context [-] Task e61c3840-3f8e-4c32-ab41-9da01b1e7b3f | Context quotas@openstack cleanup() finished in 0.72 sec
2019-07-24 07:59:16.273 1842 INFO rally.task.context [-] Task e61c3840-3f8e-4c32-ab41-9da01b1e7b3f | Context api_versions@openstack cleanup() started
2019-07-24 07:59:16.273 1842 INFO rally.task.context [-] Task e61c3840-3f8e-4c32-ab41-9da01b1e7b3f | Context api_versions@openstack cleanup() finished in 0.34 msec
2019-07-24 07:59:16.273 1842 INFO rally.task.context [-] Task e61c3840-3f8e-4c32-ab41-9da01b1e7b3f | Context users@openstack cleanup() started
2019-07-24 07:59:23.120 1842 INFO rally.task.context [-] Task e61c3840-3f8e-4c32-ab41-9da01b1e7b3f | Context users@openstack cleanup() finished in 6.85 sec
2019-07-24 07:59:24.630 1842 INFO rally.task.engine [-] Load duration is: 18.095402
2019-07-24 07:59:24.630 1842 INFO rally.task.engine [-] Full runner duration is: 18.141052
2019-07-24 07:59:24.630 1842 INFO rally.task.engine [-] Full duration is: 56.733904
2019-07-24 07:59:24.911 1842 INFO rally.task.engine [-] Running workload: position = 0 config = { "version": 2, "title": "A cropped version of a bigger task.", "description": "Auto-generated task from a single workload (uuid=248b2907-1498-47c0-949c-593fd6b4576b)", "subtasks": [ { "title": "CinderVolumes.create_and_delete_volume", "description": "Create and then delete a volume.", "scenario": { "CinderVolumes.create_and_delete_volume": { "size": { "max": 1, "min": 1 } } }, "contexts": { "users": { "tenants": 3, "users_per_tenant": 2 }, "quotas": { "cinder": { "gigabytes": -1, "snapshots": -1, "volumes": -1 } }, "api_versions": { "cinder": { "version": 3, "service_type": "volumev3" } } }, "runner": { "constant": { "concurrency": 4, "times": 10 } }, "hooks": [], "sla": { "failure_rate": { "max": 0 } } } ] }
2019-07-24 07:59:24.936 1842 RALLYDEBUG rally_openstack.contexts.keystone.users [-] Creating 3 tenants using 20 threads
2019-07-24 07:59:26.719 1842 RALLYDEBUG rally_openstack.contexts.keystone.users [-] Creating 6 users using 20 threads
2019-07-24 07:59:29.486 1842 INFO rally.task.context [-] Task e61c3840-3f8e-4c32-ab41-9da01b1e7b3f | Context users@openstack setup() finished in 4.55 sec
2019-07-24 07:59:29.896 1842 INFO rally.task.context [-] Task e61c3840-3f8e-4c32-ab41-9da01b1e7b3f | Context api_versions@openstack setup() finished in 0.41 sec
2019-07-24 07:59:31.466 1842 INFO rally.task.context [-] Task e61c3840-3f8e-4c32-ab41-9da01b1e7b3f | Context quotas@openstack setup() finished in 1.57 sec
2019-07-24 07:59:31.466 1842 INFO rally.task.context [-] Task e61c3840-3f8e-4c32-ab41-9da01b1e7b3f | Context cleanup@openstack setup() finished in 0.00 msec
2019-07-24 07:59:31.473 1842 RALLYDEBUG rally.task.runner [-] Starting the constant runner (task UUID: e61c3840-3f8e-4c32-ab41-9da01b1e7b3f). timeout: 0 concurrency: 4 concurrency_per_worker: 1 times: 10 concurrency_overhead: 0 processes_to_start: 4 max_cpu_used: 16
2019-07-24 07:59:31.486 4171 RALLYDEBUG rally.task.runner [-] Starting a worker. concurrency: 1 args: {"size": {"max": 1, "min": 1}} times: 10 method_name: run timeout: 0 duration: None cls:
2019-07-24 07:59:31.487 4170 RALLYDEBUG rally.task.runner [-] Starting a worker. concurrency: 1 args: {"size": {"max": 1, "min": 1}} times: 10 method_name: run timeout: 0 duration: None cls:
2019-07-24 07:59:31.491 4171 INFO rally.task.runner [-] Task e61c3840-3f8e-4c32-ab41-9da01b1e7b3f | ITER: 1 START
2019-07-24 07:59:31.492 4172 RALLYDEBUG rally.task.runner [-] Starting a worker. concurrency: 1 args: {"size": {"max": 1, "min": 1}} times: 10 method_name: run timeout: 0 duration: None cls:
2019-07-24 07:59:31.494 4170 INFO rally.task.runner [-] Task e61c3840-3f8e-4c32-ab41-9da01b1e7b3f | ITER: 2 START
2019-07-24 07:59:31.495 4173 RALLYDEBUG rally.task.runner [-] Starting a worker. concurrency: 1 args: {"size": {"max": 1, "min": 1}} times: 10 method_name: run timeout: 0 duration: None cls:
2019-07-24 07:59:31.500 4172 INFO rally.task.runner [-] Task e61c3840-3f8e-4c32-ab41-9da01b1e7b3f | ITER: 3 START
2019-07-24 07:59:31.503 4173 INFO rally.task.runner [-] Task e61c3840-3f8e-4c32-ab41-9da01b1e7b3f | ITER: 4 START
2019-07-24 07:59:35.554 4172 INFO rally.task.runner [-] Task e61c3840-3f8e-4c32-ab41-9da01b1e7b3f | ITER: 3 END: OK
2019-07-24 07:59:35.559 4172 INFO rally.task.runner [-] Task e61c3840-3f8e-4c32-ab41-9da01b1e7b3f | ITER: 5 START
2019-07-24 07:59:35.614 4171 RALLYDEBUG rally.task.utils [-] Waiting for resource s_rally_248b2907_KqW3IPgW. Status changed: AVAILABLE => DELETING in 0.070916891098
2019-07-24 07:59:35.825 4170 RALLYDEBUG rally.task.utils [-] Waiting for resource s_rally_248b2907_RKSjSGXX. Status changed: AVAILABLE => DELETING in 0.298852920532
2019-07-24 07:59:35.903 4173 RALLYDEBUG rally.task.utils [-] Waiting for resource s_rally_248b2907_hgqWGS8R. Status changed: AVAILABLE => DELETING in 0.274158000946
2019-07-24 07:59:37.844 4171 INFO rally.task.runner [-] Task e61c3840-3f8e-4c32-ab41-9da01b1e7b3f | ITER: 1 END: OK
2019-07-24 07:59:37.850 4171 INFO rally.task.runner [-] Task e61c3840-3f8e-4c32-ab41-9da01b1e7b3f | ITER: 6 START
2019-07-24 07:59:37.939 4173 INFO rally.task.runner [-] Task e61c3840-3f8e-4c32-ab41-9da01b1e7b3f | ITER: 4 END: OK
2019-07-24 07:59:37.946 4173 INFO rally.task.runner [-] Task e61c3840-3f8e-4c32-ab41-9da01b1e7b3f | ITER: 7 START
2019-07-24 07:59:38.106 4170 INFO rally.task.runner [-] Task e61c3840-3f8e-4c32-ab41-9da01b1e7b3f | ITER: 2 END: OK
2019-07-24 07:59:38.112 4170 INFO rally.task.runner [-] Task e61c3840-3f8e-4c32-ab41-9da01b1e7b3f | ITER: 8 START
2019-07-24 07:59:39.558 4172 INFO rally.task.runner [-] Task e61c3840-3f8e-4c32-ab41-9da01b1e7b3f | ITER: 5 END: OK
2019-07-24 07:59:39.563 4172 INFO rally.task.runner [-] Task e61c3840-3f8e-4c32-ab41-9da01b1e7b3f | ITER: 9 START
2019-07-24 07:59:41.584 4171 INFO rally.task.runner [-] Task e61c3840-3f8e-4c32-ab41-9da01b1e7b3f | ITER: 6 END: OK
2019-07-24 07:59:41.590 4171 INFO rally.task.runner [-] Task e61c3840-3f8e-4c32-ab41-9da01b1e7b3f | ITER: 10 START
2019-07-24 07:59:42.088 4173 RALLYDEBUG rally.task.utils [-] Waiting for resource s_rally_248b2907_A212joJq. Status changed: AVAILABLE => DELETING in 0.303850889206
2019-07-24 07:59:42.102 4170 RALLYDEBUG rally.task.utils [-] Waiting for resource s_rally_248b2907_QhVkACwD. Status changed: AVAILABLE => DELETING in 0.263717889786
2019-07-24 07:59:43.302 4172 RALLYDEBUG rally.task.utils [-] Waiting for resource s_rally_248b2907_ru7nARer. Status changed: AVAILABLE => DELETING in 0.0517010688782
2019-07-24 07:59:44.143 4170 INFO rally.task.runner [-] Task e61c3840-3f8e-4c32-ab41-9da01b1e7b3f | ITER: 8 END: OK
2019-07-24 07:59:44.310 4173 INFO rally.task.runner [-] Task e61c3840-3f8e-4c32-ab41-9da01b1e7b3f | ITER: 7 END: OK
2019-07-24 07:59:45.465 4171 INFO rally.task.runner [-] Task e61c3840-3f8e-4c32-ab41-9da01b1e7b3f | ITER: 10 END: OK
2019-07-24 07:59:45.527 4172 INFO rally.task.runner [-] Task e61c3840-3f8e-4c32-ab41-9da01b1e7b3f | ITER: 9 END: OK
2019-07-24 07:59:45.555 1842 INFO rally.task.context [-] Task e61c3840-3f8e-4c32-ab41-9da01b1e7b3f | Context cleanup@openstack cleanup() started
2019-07-24 07:59:45.557 1842 RALLYDEBUG rally_openstack.cleanup.manager [-] Cleaning up cinder backups objects
2019-07-24 07:59:47.449 1842 RALLYDEBUG rally_openstack.cleanup.manager [-] Cleaning up cinder volume_snapshots objects
2019-07-24 07:59:49.477 1842 RALLYDEBUG rally_openstack.cleanup.manager [-] Cleaning up cinder transfers objects
2019-07-24 07:59:51.429 1842 RALLYDEBUG rally_openstack.cleanup.manager [-] Cleaning up cinder volumes objects
2019-07-24 07:59:53.468 1842 INFO rally.task.context [-] Task e61c3840-3f8e-4c32-ab41-9da01b1e7b3f | Context cleanup@openstack cleanup() finished in 7.91 sec
2019-07-24 07:59:53.468 1842 INFO rally.task.context [-] Task e61c3840-3f8e-4c32-ab41-9da01b1e7b3f | Context quotas@openstack cleanup() started
2019-07-24 07:59:54.220 1842 INFO rally.task.context [-] Task e61c3840-3f8e-4c32-ab41-9da01b1e7b3f | Context quotas@openstack cleanup() finished in 0.75 sec
2019-07-24 07:59:54.220 1842 INFO rally.task.context [-] Task e61c3840-3f8e-4c32-ab41-9da01b1e7b3f | Context api_versions@openstack cleanup() started
2019-07-24 07:59:54.221 1842 INFO rally.task.context [-] Task e61c3840-3f8e-4c32-ab41-9da01b1e7b3f | Context api_versions@openstack cleanup() finished in 0.32 msec
2019-07-24 07:59:54.221 1842 INFO rally.task.context [-] Task e61c3840-3f8e-4c32-ab41-9da01b1e7b3f | Context users@openstack cleanup() started
2019-07-24 08:00:01.031 1842 INFO rally.task.context [-] Task e61c3840-3f8e-4c32-ab41-9da01b1e7b3f | Context users@openstack cleanup() finished in 6.81 sec
2019-07-24 08:00:01.098 1842 INFO rally.task.engine [-] Load duration is: 14.033303
2019-07-24 08:00:01.098 1842 INFO rally.task.engine [-] Full runner duration is: 14.081576
2019-07-24 08:00:01.098 1842 INFO rally.task.engine [-] Full duration is: 36.099814
2019-07-24 08:00:01.275 1842 INFO rally.task.engine [-] Running workload: position = 1 config = { "version": 2, "title": "A cropped version of a bigger task.", "description": "Auto-generated task from a single workload (uuid=a0f782a6-3663-482b-a069-f2be7f4c6fd0)", "subtasks": [ { "title": "CinderVolumes.create_and_delete_volume", "description": "Create and then delete a volume.", "scenario": { "CinderVolumes.create_and_delete_volume": { "image": { "name": "rally_full-img_b2655784-6aa9-48e8-b70f-da9b7b180778" }, "size": 1 } }, "contexts": { "users": { "tenants": 3, "users_per_tenant": 2 }, "quotas": { "cinder": { "gigabytes": -1, "snapshots": -1, "volumes": -1 } }, "api_versions": { "cinder": { "version": 3, "service_type": "volumev3" } } }, "runner": { "constant": { "concurrency": 4, "times": 10 } }, "hooks": [], "sla": { "failure_rate": { "max": 0 } } } ] }
2019-07-24 08:00:01.300 1842 RALLYDEBUG rally_openstack.contexts.keystone.users [-] Creating 3 tenants using 20 threads
2019-07-24 08:00:03.049 1842 RALLYDEBUG rally_openstack.contexts.keystone.users [-] Creating 6 users using 20 threads
2019-07-24 08:00:05.787 1842 INFO rally.task.context [-] Task e61c3840-3f8e-4c32-ab41-9da01b1e7b3f | Context users@openstack setup() finished in 4.49 sec
2019-07-24 08:00:06.221 1842 INFO rally.task.context [-] Task e61c3840-3f8e-4c32-ab41-9da01b1e7b3f | Context api_versions@openstack setup() finished in 0.43 sec
2019-07-24 08:00:07.793 1842 INFO rally.task.context [-] Task e61c3840-3f8e-4c32-ab41-9da01b1e7b3f | Context quotas@openstack setup() finished in 1.57 sec
2019-07-24 08:00:07.794 1842 INFO rally.task.context [-] Task e61c3840-3f8e-4c32-ab41-9da01b1e7b3f | Context cleanup@openstack setup() finished in 0.00 msec
2019-07-24 08:00:08.540 1842 RALLYDEBUG rally.task.runner [-] Starting the constant runner (task UUID: e61c3840-3f8e-4c32-ab41-9da01b1e7b3f). timeout: 0 concurrency: 4 concurrency_per_worker: 1 times: 10 concurrency_overhead: 0 processes_to_start: 4 max_cpu_used: 16
2019-07-24 08:00:08.551 4354 RALLYDEBUG rally.task.runner [-] Starting a worker. concurrency: 1 args: {"image": "0319036b-523d-4398-9bc2-3d27d9add32d", "size": 1} times: 10 method_name: run timeout: 0 duration: None cls:
2019-07-24 08:00:08.555 4355 RALLYDEBUG rally.task.runner [-] Starting a worker. concurrency: 1 args: {"image": "0319036b-523d-4398-9bc2-3d27d9add32d", "size": 1} times: 10 method_name: run timeout: 0 duration: None cls:
2019-07-24 08:00:08.556 4354 INFO rally.task.runner [-] Task e61c3840-3f8e-4c32-ab41-9da01b1e7b3f | ITER: 1 START
2019-07-24 08:00:08.559 4356 RALLYDEBUG rally.task.runner [-] Starting a worker. concurrency: 1 args: {"image": "0319036b-523d-4398-9bc2-3d27d9add32d", "size": 1} times: 10 method_name: run timeout: 0 duration: None cls:
2019-07-24 08:00:08.563 4355 INFO rally.task.runner [-] Task e61c3840-3f8e-4c32-ab41-9da01b1e7b3f | ITER: 2 START
2019-07-24 08:00:08.562 4357 RALLYDEBUG rally.task.runner [-] Starting a worker. concurrency: 1 args: {"image": "0319036b-523d-4398-9bc2-3d27d9add32d", "size": 1} times: 10 method_name: run timeout: 0 duration: None cls:
2019-07-24 08:00:08.567 4356 INFO rally.task.runner [-] Task e61c3840-3f8e-4c32-ab41-9da01b1e7b3f | ITER: 3 START
2019-07-24 08:00:08.571 4357 INFO rally.task.runner [-] Task e61c3840-3f8e-4c32-ab41-9da01b1e7b3f | ITER: 4 START
2019-07-24 08:00:12.842 4355 RALLYDEBUG rally.task.utils [-] Waiting for resource s_rally_a0f782a6_R0I1NRm5. Status changed: CREATING => DOWNLOADING in 0.75461101532
2019-07-24 08:00:12.881 4354 RALLYDEBUG rally.task.utils [-] Waiting for resource s_rally_a0f782a6_vbmIAnj6. Status changed: CREATING => DOWNLOADING in 0.79390501976
2019-07-24 08:00:14.749 4356 RALLYDEBUG rally.task.utils [-] Waiting for resource s_rally_a0f782a6_Z86bik04. Status changed: CREATING => DOWNLOADING in 2.71241211891
2019-07-24 08:00:15.208 4357 RALLYDEBUG rally.task.utils [-] Waiting for resource s_rally_a0f782a6_o6jCrsop. Status changed: CREATING => DOWNLOADING in 3.11698913574
2019-07-24 08:00:15.226 4355 RALLYDEBUG rally.task.utils [-] Waiting for resource s_rally_a0f782a6_R0I1NRm5. Status changed: DOWNLOADING => AVAILABLE in 2.38361787796
2019-07-24 08:00:15.393 4354 RALLYDEBUG rally.task.utils [-] Waiting for resource s_rally_a0f782a6_vbmIAnj6. Status changed: DOWNLOADING => AVAILABLE in 2.51191306114
2019-07-24 08:00:15.744 4355 RALLYDEBUG rally.task.utils [-] Waiting for resource s_rally_a0f782a6_R0I1NRm5. Status changed: AVAILABLE => DELETING in 0.263453006744
2019-07-24 08:00:15.929 4354 RALLYDEBUG rally.task.utils [-] Waiting for resource s_rally_a0f782a6_vbmIAnj6. Status changed: AVAILABLE => DELETING in 0.261165142059
2019-07-24 08:00:17.067 4356 RALLYDEBUG rally.task.utils [-] Waiting for resource s_rally_a0f782a6_Z86bik04. Status changed: DOWNLOADING => AVAILABLE in 2.31818604469
2019-07-24 08:00:17.268 4357 RALLYDEBUG rally.task.utils [-] Waiting for resource s_rally_a0f782a6_o6jCrsop. Status changed: DOWNLOADING => AVAILABLE in 2.05998396873
2019-07-24 08:00:17.556 4356 INFO rally.task.runner [-] Task e61c3840-3f8e-4c32-ab41-9da01b1e7b3f | ITER: 3 END: OK
2019-07-24 08:00:17.561 4356 INFO rally.task.runner [-] Task e61c3840-3f8e-4c32-ab41-9da01b1e7b3f | ITER: 5 START
2019-07-24 08:00:17.874 4357 INFO rally.task.runner [-] Task e61c3840-3f8e-4c32-ab41-9da01b1e7b3f | ITER: 4 END: OK
2019-07-24 08:00:17.879 4357 INFO rally.task.runner [-] Task e61c3840-3f8e-4c32-ab41-9da01b1e7b3f | ITER: 6 START
2019-07-24 08:00:17.988 4355 INFO rally.task.runner [-] Task e61c3840-3f8e-4c32-ab41-9da01b1e7b3f | ITER: 2 END: OK
2019-07-24 08:00:17.993 4355 INFO rally.task.runner [-] Task e61c3840-3f8e-4c32-ab41-9da01b1e7b3f | ITER: 7 START
2019-07-24 08:00:18.180 4354 INFO rally.task.runner [-] Task e61c3840-3f8e-4c32-ab41-9da01b1e7b3f | ITER: 1 END: OK
2019-07-24 08:00:18.185 4354 INFO rally.task.runner [-] Task e61c3840-3f8e-4c32-ab41-9da01b1e7b3f | ITER: 8 START
2019-07-24 08:00:22.361 4355 RALLYDEBUG rally.task.utils [-] Waiting for resource s_rally_a0f782a6_VxEQth79. Status changed: CREATING => DOWNLOADING in 1.09334802628
2019-07-24 08:00:22.448 4354 RALLYDEBUG rally.task.utils [-] Waiting for resource s_rally_a0f782a6_K3rg44wB. Status changed: CREATING => DOWNLOADING in 1.0136680603
2019-07-24 08:00:24.199 4357 RALLYDEBUG rally.task.utils [-] Waiting for resource s_rally_a0f782a6_J5ZuiNg4. Status changed: DOWNLOADING => AVAILABLE in 3.05254411697
2019-07-24 08:00:24.219 4356 RALLYDEBUG rally.task.utils [-] Waiting for resource s_rally_a0f782a6_sxZK32B9. Status changed: DOWNLOADING => AVAILABLE in 3.26622009277
2019-07-24 08:00:24.667 4355 RALLYDEBUG rally.task.utils [-] Waiting for resource s_rally_a0f782a6_VxEQth79. Status changed: DOWNLOADING => AVAILABLE in 2.30545401573
2019-07-24 08:00:24.782 4356 RALLYDEBUG rally.task.utils [-] Waiting for resource s_rally_a0f782a6_sxZK32B9. Status changed: AVAILABLE => DELETING in 0.314902067184
2019-07-24 08:00:24.820 4357 RALLYDEBUG rally.task.utils [-] Waiting for resource s_rally_a0f782a6_J5ZuiNg4. Status changed: AVAILABLE => DELETING in 0.291692018509
2019-07-24 08:00:25.139 4355 RALLYDEBUG rally.task.utils [-] Waiting for resource s_rally_a0f782a6_VxEQth79. Status changed: AVAILABLE => DELETING in 0.0557391643524
2019-07-24 08:00:26.857 4357 INFO rally.task.runner [-] Task e61c3840-3f8e-4c32-ab41-9da01b1e7b3f | ITER: 6 END: OK
2019-07-24 08:00:26.861 4357 INFO rally.task.runner [-] Task e61c3840-3f8e-4c32-ab41-9da01b1e7b3f | ITER: 9 START
2019-07-24 08:00:26.907 4354 RALLYDEBUG rally.task.utils [-] Waiting for resource s_rally_a0f782a6_K3rg44wB. Status changed: DOWNLOADING => AVAILABLE in 4.45958089828
2019-07-24 08:00:27.015 4356 INFO rally.task.runner [-] Task e61c3840-3f8e-4c32-ab41-9da01b1e7b3f | ITER: 5 END: OK
2019-07-24 08:00:27.019 4356 INFO rally.task.runner [-] Task e61c3840-3f8e-4c32-ab41-9da01b1e7b3f | ITER: 10 START
2019-07-24 08:00:27.386 4355 INFO rally.task.runner [-] Task e61c3840-3f8e-4c32-ab41-9da01b1e7b3f | ITER: 7 END: OK
2019-07-24 08:00:27.461 4354 RALLYDEBUG rally.task.utils [-] Waiting for resource s_rally_a0f782a6_K3rg44wB. Status changed: AVAILABLE => DELETING in 0.269354104996
2019-07-24 08:00:29.504 4354 INFO rally.task.runner [-] Task e61c3840-3f8e-4c32-ab41-9da01b1e7b3f | ITER: 8 END: OK
2019-07-24 08:00:33.146 4357 RALLYDEBUG rally.task.utils [-] Waiting for resource s_rally_a0f782a6_40kfYL3b. Status changed: DOWNLOADING => AVAILABLE in 2.91597008705
2019-07-24 08:00:33.153 4356 RALLYDEBUG rally.task.utils [-] Waiting for resource s_rally_a0f782a6_4zqhqmod. Status changed: DOWNLOADING => AVAILABLE in 2.90466094017
2019-07-24 08:00:33.484 4356 RALLYDEBUG rally.task.utils [-] Waiting for resource s_rally_a0f782a6_4zqhqmod. Status changed: AVAILABLE => DELETING in 0.257178068161
2019-07-24 08:00:33.815 4357 RALLYDEBUG rally.task.utils [-] Waiting for resource s_rally_a0f782a6_40kfYL3b. Status changed: AVAILABLE => DELETING in 0.389729976654
2019-07-24 08:00:35.681 4356 INFO rally.task.runner [-] Task e61c3840-3f8e-4c32-ab41-9da01b1e7b3f | ITER: 10 END: OK
2019-07-24 08:00:36.038 4357 INFO rally.task.runner [-] Task e61c3840-3f8e-4c32-ab41-9da01b1e7b3f | ITER: 9 END: OK
2019-07-24 08:00:36.066 1842 INFO rally.task.context [-] Task e61c3840-3f8e-4c32-ab41-9da01b1e7b3f | Context cleanup@openstack cleanup() started
2019-07-24 08:00:36.068 1842 RALLYDEBUG rally_openstack.cleanup.manager [-] Cleaning up cinder backups objects
2019-07-24 08:00:38.050 1842 RALLYDEBUG rally_openstack.cleanup.manager [-] Cleaning up cinder volume_snapshots objects
2019-07-24 08:00:40.175 1842 RALLYDEBUG rally_openstack.cleanup.manager [-] Cleaning up cinder transfers objects
2019-07-24 08:00:42.132 1842 RALLYDEBUG rally_openstack.cleanup.manager [-] Cleaning up cinder volumes objects
2019-07-24 08:00:44.179 1842 INFO rally.task.context [-] Task e61c3840-3f8e-4c32-ab41-9da01b1e7b3f | Context cleanup@openstack cleanup() finished in 8.11 sec
2019-07-24 08:00:44.180 1842 INFO rally.task.context [-] Task e61c3840-3f8e-4c32-ab41-9da01b1e7b3f | Context quotas@openstack cleanup() started
2019-07-24 08:00:45.089 1842 INFO rally.task.context [-] Task e61c3840-3f8e-4c32-ab41-9da01b1e7b3f | Context quotas@openstack cleanup() finished in 0.91 sec
2019-07-24 08:00:45.090 1842 INFO rally.task.context [-] Task e61c3840-3f8e-4c32-ab41-9da01b1e7b3f | Context api_versions@openstack cleanup() started
2019-07-24 08:00:45.090 1842 INFO rally.task.context [-] Task e61c3840-3f8e-4c32-ab41-9da01b1e7b3f | Context api_versions@openstack cleanup() finished in 0.35 msec
2019-07-24 08:00:45.091 1842 INFO rally.task.context [-] Task e61c3840-3f8e-4c32-ab41-9da01b1e7b3f | Context users@openstack cleanup() started
2019-07-24 08:00:51.864 1842 INFO rally.task.context [-] Task e61c3840-3f8e-4c32-ab41-9da01b1e7b3f | Context users@openstack cleanup() finished in 6.77 sec
2019-07-24 08:00:53.501 1842 INFO rally.task.engine [-] Load duration is: 27.478739
2019-07-24 08:00:53.502 1842 INFO rally.task.engine [-] Full runner duration is: 27.528673
2019-07-24 08:00:53.502 1842 INFO rally.task.engine [-] Full duration is: 50.570203
2019-07-24 08:00:53.678 1842 INFO rally.task.engine [-] Running workload: position = 2 config = { "version": 2, "title": "A cropped version of a bigger task.", "description": "Auto-generated task from a single workload (uuid=92162888-a272-4b60-bc80-3ae90f0e68d9)", "subtasks": [ { "title": "CinderVolumes.create_and_delete_volume", "description": "Create and then delete a volume.", "scenario": { "CinderVolumes.create_and_delete_volume": { "size": 1 } }, "contexts": { "users": { "tenants": 3, "users_per_tenant": 2 }, "quotas": { "cinder": { "gigabytes": -1, "snapshots": -1, "volumes": -1 } }, "api_versions": { "cinder": { "version": 3, "service_type": "volumev3" } } }, "runner": { "constant": { "concurrency": 4, "times": 10 } }, "hooks": [], "sla": { "failure_rate": { "max": 0 } } } ] }
2019-07-24 08:00:53.699 1842 RALLYDEBUG rally_openstack.contexts.keystone.users [-] Creating 3 tenants using 20 threads
2019-07-24 08:00:55.494 1842 RALLYDEBUG rally_openstack.contexts.keystone.users [-] Creating 6 users using 20 threads
2019-07-24 08:00:58.178 1842 INFO rally.task.context [-] Task e61c3840-3f8e-4c32-ab41-9da01b1e7b3f | Context users@openstack setup() finished in 4.48 sec
2019-07-24 08:00:58.701 1842 INFO rally.task.context [-] Task e61c3840-3f8e-4c32-ab41-9da01b1e7b3f | Context api_versions@openstack setup() finished in 0.52 sec
2019-07-24 08:01:00.209 1842 INFO rally.task.context [-] Task e61c3840-3f8e-4c32-ab41-9da01b1e7b3f | Context quotas@openstack setup() finished in 1.51 sec
2019-07-24 08:01:00.209 1842 INFO rally.task.context [-] Task e61c3840-3f8e-4c32-ab41-9da01b1e7b3f | Context cleanup@openstack setup() finished in 0.01 msec
2019-07-24 08:01:00.216 1842 RALLYDEBUG rally.task.runner [-] Starting the constant runner (task UUID: e61c3840-3f8e-4c32-ab41-9da01b1e7b3f). timeout: 0 concurrency: 4 concurrency_per_worker: 1 times: 10 concurrency_overhead: 0 processes_to_start: 4 max_cpu_used: 16
2019-07-24 08:01:00.227 4538 RALLYDEBUG rally.task.runner [-] Starting a worker. concurrency: 1 args: {"size": 1} times: 10 method_name: run timeout: 0 duration: None cls:
2019-07-24 08:01:00.232 4539 RALLYDEBUG rally.task.runner [-] Starting a worker. concurrency: 1 args: {"size": 1} times: 10 method_name: run timeout: 0 duration: None cls:
2019-07-24 08:01:00.233 4538 INFO rally.task.runner [-] Task e61c3840-3f8e-4c32-ab41-9da01b1e7b3f | ITER: 1 START
2019-07-24 08:01:00.235 4540 RALLYDEBUG rally.task.runner [-] Starting a worker. concurrency: 1 args: {"size": 1} times: 10 method_name: run timeout: 0 duration: None cls:
2019-07-24 08:01:00.238 4541 RALLYDEBUG rally.task.runner [-] Starting a worker. concurrency: 1 args: {"size": 1} times: 10 method_name: run timeout: 0 duration: None cls:
2019-07-24 08:01:00.240 4539 INFO rally.task.runner [-] Task e61c3840-3f8e-4c32-ab41-9da01b1e7b3f | ITER: 2 START
2019-07-24 08:01:00.243 4540 INFO rally.task.runner [-] Task e61c3840-3f8e-4c32-ab41-9da01b1e7b3f | ITER: 3 START
2019-07-24 08:01:00.246 4541 INFO rally.task.runner [-] Task e61c3840-3f8e-4c32-ab41-9da01b1e7b3f | ITER: 4 START
2019-07-24 08:01:04.366 4539 RALLYDEBUG rally.task.utils [-] Waiting for resource s_rally_92162888_Tihs1qHs. Status changed: AVAILABLE => DELETING in 0.252201080322
2019-07-24 08:01:04.383 4541 RALLYDEBUG rally.task.utils [-] Waiting for resource s_rally_92162888_p9LaSCZI. Status changed: AVAILABLE => DELETING in 0.0591759681702
2019-07-24 08:01:04.447 4540 RALLYDEBUG rally.task.utils [-] Waiting for resource s_rally_92162888_tWuSlcOd. Status changed: AVAILABLE => DELETING in 0.291175127029
2019-07-24 08:01:04.472 4538 RALLYDEBUG rally.task.utils [-] Waiting for resource s_rally_92162888_2uDXDqpx. Status changed: AVAILABLE => DELETING in 0.0533518791199
2019-07-24 08:01:06.407 4539 INFO rally.task.runner [-] Task e61c3840-3f8e-4c32-ab41-9da01b1e7b3f | ITER: 2 END: OK
2019-07-24 08:01:06.412 4539 INFO rally.task.runner [-] Task e61c3840-3f8e-4c32-ab41-9da01b1e7b3f | ITER: 5 START
2019-07-24 08:01:06.489 4540 INFO rally.task.runner [-] Task e61c3840-3f8e-4c32-ab41-9da01b1e7b3f | ITER: 3 END: OK
2019-07-24 08:01:06.493 4540 INFO rally.task.runner [-] Task e61c3840-3f8e-4c32-ab41-9da01b1e7b3f | ITER: 6 START
2019-07-24 08:01:06.695 4541 INFO rally.task.runner [-] Task e61c3840-3f8e-4c32-ab41-9da01b1e7b3f | ITER: 4 END: OK
2019-07-24 08:01:06.701 4541 INFO rally.task.runner [-] Task e61c3840-3f8e-4c32-ab41-9da01b1e7b3f | ITER: 7 START
2019-07-24 08:01:06.706 4538 INFO rally.task.runner [-] Task e61c3840-3f8e-4c32-ab41-9da01b1e7b3f | ITER: 1 END: OK
2019-07-24 08:01:06.711 4538 INFO rally.task.runner [-] Task e61c3840-3f8e-4c32-ab41-9da01b1e7b3f | ITER: 8 START
2019-07-24 08:01:10.229 4539 RALLYDEBUG rally.task.utils [-] Waiting for resource s_rally_92162888_MLEV06Ez. Status changed: AVAILABLE => DELETING in 0.0712990760803
2019-07-24 08:01:10.252 4540 INFO rally.task.runner [-] Task e61c3840-3f8e-4c32-ab41-9da01b1e7b3f | ITER: 6 END: OK
2019-07-24 08:01:10.257 4540 INFO rally.task.runner [-] Task e61c3840-3f8e-4c32-ab41-9da01b1e7b3f | ITER: 9 START
2019-07-24 08:01:10.689 4541 RALLYDEBUG rally.task.utils [-] Waiting for resource s_rally_92162888_HcBnh5Kq. Status changed: AVAILABLE => DELETING in 0.054899930954
2019-07-24 08:01:10.875 4538 RALLYDEBUG rally.task.utils [-] Waiting for resource s_rally_92162888_KbjfuUut. Status changed: AVAILABLE => DELETING in 0.246714830399
2019-07-24 08:01:12.266 4539 INFO rally.task.runner [-] Task e61c3840-3f8e-4c32-ab41-9da01b1e7b3f | ITER: 5 END: OK
2019-07-24 08:01:12.269 4539 INFO rally.task.runner [-] Task e61c3840-3f8e-4c32-ab41-9da01b1e7b3f | ITER: 10 START
2019-07-24 08:01:12.911 4538 INFO rally.task.runner [-] Task e61c3840-3f8e-4c32-ab41-9da01b1e7b3f | ITER: 8 END: OK
2019-07-24 08:01:12.918 4541 INFO rally.task.runner [-] Task e61c3840-3f8e-4c32-ab41-9da01b1e7b3f | ITER: 7 END: OK
2019-07-24 08:01:14.291 4540 INFO rally.task.runner [-] Task e61c3840-3f8e-4c32-ab41-9da01b1e7b3f | ITER: 9 END: OK
2019-07-24 08:01:15.999 4539 INFO rally.task.runner [-] Task e61c3840-3f8e-4c32-ab41-9da01b1e7b3f | ITER: 10 END: OK
2019-07-24 08:01:16.022 1842 INFO rally.task.context [-] Task e61c3840-3f8e-4c32-ab41-9da01b1e7b3f | Context cleanup@openstack cleanup() started
2019-07-24 08:01:16.024 1842 RALLYDEBUG rally_openstack.cleanup.manager [-] Cleaning up cinder backups objects
2019-07-24 08:01:17.943 1842 RALLYDEBUG rally_openstack.cleanup.manager [-] Cleaning up cinder volume_snapshots objects
2019-07-24 08:01:19.845 1842 RALLYDEBUG rally_openstack.cleanup.manager [-] Cleaning up cinder transfers objects
2019-07-24 08:01:21.786 1842 RALLYDEBUG rally_openstack.cleanup.manager [-] Cleaning up cinder volumes objects
2019-07-24 08:01:23.847 1842 INFO rally.task.context [-] Task e61c3840-3f8e-4c32-ab41-9da01b1e7b3f | Context cleanup@openstack cleanup() finished in 7.83 sec
2019-07-24 08:01:23.848 1842 INFO rally.task.context [-] Task e61c3840-3f8e-4c32-ab41-9da01b1e7b3f | Context quotas@openstack cleanup() started
2019-07-24 08:01:24.113 1842 INFO rally.task.context [-] Task e61c3840-3f8e-4c32-ab41-9da01b1e7b3f | Context quotas@openstack cleanup() finished in 0.27 sec
2019-07-24 08:01:24.114 1842 INFO rally.task.context [-] Task e61c3840-3f8e-4c32-ab41-9da01b1e7b3f | Context api_versions@openstack cleanup() started
2019-07-24 08:01:24.114 1842 INFO rally.task.context [-] Task e61c3840-3f8e-4c32-ab41-9da01b1e7b3f | Context api_versions@openstack cleanup() finished in 0.32 msec
2019-07-24 08:01:24.115 1842 INFO rally.task.context [-] Task e61c3840-3f8e-4c32-ab41-9da01b1e7b3f | Context users@openstack cleanup() started
2019-07-24 08:01:30.787 1842 INFO rally.task.context [-] Task e61c3840-3f8e-4c32-ab41-9da01b1e7b3f | Context users@openstack cleanup() finished in 6.67 sec
2019-07-24 08:01:31.863 1842 INFO rally.task.engine [-] Load duration is: 15.76279
2019-07-24 08:01:31.863 1842 INFO rally.task.engine [-] Full runner duration is: 15.805613
2019-07-24 08:01:31.864 1842 INFO rally.task.engine [-] Full duration is: 37.090699
2019-07-24 08:01:32.116 1842 INFO rally.task.engine [-] Running workload: position = 0 config = { "version": 2, "title": "A cropped version of a bigger task.", "description": "Auto-generated task from a single workload (uuid=1dab8eb5-d40c-4a02-b40e-8730967becaa)", "subtasks": [ { "title": "CinderVolumes.create_and_extend_volume", "description": "Create and extend a volume and then delete it.", "scenario": { "CinderVolumes.create_and_extend_volume": { "new_size": 2, "size": 1 } }, "contexts": { "users": { "tenants": 3, "users_per_tenant": 2 }, "quotas": { "cinder": { "gigabytes": -1, "snapshots": -1, "volumes": -1 } }, "api_versions": { "cinder": { "version": 3, "service_type": "volumev3" } } }, "runner": { "constant": { "concurrency": 4, "times": 10 } }, "hooks": [], "sla": { "failure_rate": { "max": 0 } } } ] }
2019-07-24 08:01:32.142 1842 RALLYDEBUG rally_openstack.contexts.keystone.users [-] Creating 3 tenants using 20 threads
2019-07-24 08:01:34.039 1842 RALLYDEBUG rally_openstack.contexts.keystone.users [-] Creating 6 users using 20 threads
2019-07-24 08:01:36.868 1842 INFO rally.task.context [-] Task e61c3840-3f8e-4c32-ab41-9da01b1e7b3f | Context users@openstack setup() finished in 4.73 sec
2019-07-24 08:01:37.286 1842 INFO rally.task.context [-] Task e61c3840-3f8e-4c32-ab41-9da01b1e7b3f | Context api_versions@openstack setup() finished in 0.42 sec
2019-07-24 08:01:38.823 1842 INFO rally.task.context [-] Task e61c3840-3f8e-4c32-ab41-9da01b1e7b3f | Context quotas@openstack setup() finished in 1.54 sec
2019-07-24 08:01:38.824 1842 INFO rally.task.context [-] Task e61c3840-3f8e-4c32-ab41-9da01b1e7b3f | Context cleanup@openstack setup() finished in 0.01 msec
2019-07-24 08:01:38.831 1842 RALLYDEBUG rally.task.runner [-] Starting the constant runner (task UUID: e61c3840-3f8e-4c32-ab41-9da01b1e7b3f). timeout: 0 concurrency: 4 concurrency_per_worker: 1 times: 10 concurrency_overhead: 0 processes_to_start: 4 max_cpu_used: 16
2019-07-24 08:01:38.845 4722 RALLYDEBUG rally.task.runner [-] Starting a worker. concurrency: 1 args: {"new_size": 2, "size": 1} times: 10 method_name: run timeout: 0 duration: None cls:
2019-07-24 08:01:38.848 4723 RALLYDEBUG rally.task.runner [-] Starting a worker. concurrency: 1 args: {"new_size": 2, "size": 1} times: 10 method_name: run timeout: 0 duration: None cls:
2019-07-24 08:01:38.850 4724 RALLYDEBUG rally.task.runner [-] Starting a worker. concurrency: 1 args: {"new_size": 2, "size": 1} times: 10 method_name: run timeout: 0 duration: None cls:
2019-07-24 08:01:38.852 4725 RALLYDEBUG rally.task.runner [-] Starting a worker. concurrency: 1 args: {"new_size": 2, "size": 1} times: 10 method_name: run timeout: 0 duration: None cls:
2019-07-24 08:01:38.853 4722 INFO rally.task.runner [-] Task e61c3840-3f8e-4c32-ab41-9da01b1e7b3f | ITER: 1 START
2019-07-24 08:01:38.856 4723 INFO rally.task.runner [-] Task e61c3840-3f8e-4c32-ab41-9da01b1e7b3f | ITER: 2 START
2019-07-24 08:01:38.858 4724 INFO rally.task.runner [-] Task e61c3840-3f8e-4c32-ab41-9da01b1e7b3f | ITER: 3 START
2019-07-24 08:01:38.858 4725 INFO rally.task.runner [-] Task e61c3840-3f8e-4c32-ab41-9da01b1e7b3f | ITER: 4 START
2019-07-24 08:01:42.951 4724 RALLYDEBUG rally.task.utils [-] Waiting for resource s_rally_1dab8eb5_uVOg8oyN. Status changed: AVAILABLE => EXTENDING in 0.0647268295288
2019-07-24 08:01:43.267 4725 RALLYDEBUG rally.task.utils [-] Waiting for resource s_rally_1dab8eb5_TEbZGEfy. Status changed: AVAILABLE => DELETING in 0.0577228069305
2019-07-24 08:01:43.452 4723 RALLYDEBUG rally.task.utils [-] Waiting for resource s_rally_1dab8eb5_QRLASEog. Status changed: AVAILABLE => DELETING in 0.0557329654694
2019-07-24 08:01:43.610 4722 INFO rally.task.runner [-] Task e61c3840-3f8e-4c32-ab41-9da01b1e7b3f | ITER: 1 END: OK
2019-07-24 08:01:43.615 4722 INFO rally.task.runner [-] Task e61c3840-3f8e-4c32-ab41-9da01b1e7b3f | ITER: 5 START
2019-07-24 08:01:45.008 4724 RALLYDEBUG rally.task.utils [-] Waiting for resource s_rally_1dab8eb5_uVOg8oyN. Status changed: EXTENDING => AVAILABLE in 2.05693721771
2019-07-24 08:01:45.498 4725 INFO rally.task.runner [-] Task e61c3840-3f8e-4c32-ab41-9da01b1e7b3f | ITER: 4 END: OK
2019-07-24 08:01:45.500 4724 INFO rally.task.runner [-] Task e61c3840-3f8e-4c32-ab41-9da01b1e7b3f | ITER: 3 END: OK
2019-07-24 08:01:45.502 4723 INFO rally.task.runner [-] Task e61c3840-3f8e-4c32-ab41-9da01b1e7b3f | ITER: 2 END: OK
