2019-07-24 07:40:58.684 725 DEBUG novaclient.v2.client [-] RESP: [404] Content-Length: 111 Content-Type: application/json; charset=UTF-8 Date: Wed, 24 Jul 2019 07:40:58 GMT OpenStack-API-Version: compute 2.1 Server: Apache Vary: OpenStack-API-Version,X-OpenStack-Nova-API-Version X-OpenStack-Nova-API-Version: 2.1 x-compute-request-id: req-f9337607-8415-4f90-b565-26aed2afd283 x-openstack-request-id: req-f9337607-8415-4f90-b565-26aed2afd283 _http_log_response /usr/lib/python2.7/site-packages/keystoneauth1/session.py:479
2019-07-24 07:40:58.684 725 DEBUG novaclient.v2.client [-] RESP BODY: {"itemNotFound": {"message": "Instance dc8f6e6e-0f29-4d67-8065-2114b0f94dff could not be found.", "code": 404}} _http_log_response /usr/lib/python2.7/site-packages/keystoneauth1/session.py:511
2019-07-24 07:40:58.685 725 DEBUG novaclient.v2.client [-] GET call to compute for http://172.30.9.32:8774/v2.1/servers/dc8f6e6e-0f29-4d67-8065-2114b0f94dff used request id req-f9337607-8415-4f90-b565-26aed2afd283 request /usr/lib/python2.7/site-packages/keystoneauth1/session.py:844
2019-07-24 07:40:59.686 725 RALLYDEBUG rally_openstack.cleanup.manager [-] Cleaning up nova server_groups objects
2019-07-24 07:41:00.119 725 DEBUG novaclient.v2.client [-] REQ: curl -g -i -X GET http://172.30.9.32:8774/v2.1/os-server-groups -H "Accept: application/json" -H "User-Agent: python-novaclient" -H "X-Auth-Token: {SHA1}03b36202a2deb07f4b35fa0a79a369c1fe7d8437" _http_log_request /usr/lib/python2.7/site-packages/keystoneauth1/session.py:448
2019-07-24 07:41:00.386 725 DEBUG novaclient.v2.client [-] RESP: [200] Content-Length: 21 Content-Type: application/json Date: Wed, 24 Jul 2019 07:41:00 GMT OpenStack-API-Version: compute 2.1 Server: Apache Vary: OpenStack-API-Version,X-OpenStack-Nova-API-Version X-OpenStack-Nova-API-Version: 2.1 x-compute-request-id: req-86a31361-8314-4370-8021-d313f9c33f10 x-openstack-request-id: req-86a31361-8314-4370-8021-d313f9c33f10 _http_log_response /usr/lib/python2.7/site-packages/keystoneauth1/session.py:479
2019-07-24 07:41:00.386 725 DEBUG novaclient.v2.client [-] RESP BODY: {"server_groups": []} _http_log_response /usr/lib/python2.7/site-packages/keystoneauth1/session.py:511
2019-07-24 07:41:00.387 725 DEBUG novaclient.v2.client [-] GET call to compute for http://172.30.9.32:8774/v2.1/os-server-groups used request id req-86a31361-8314-4370-8021-d313f9c33f10 request /usr/lib/python2.7/site-packages/keystoneauth1/session.py:844
2019-07-24 07:41:00.815 725 DEBUG novaclient.v2.client [-] REQ: curl -g -i -X GET http://172.30.9.32:8774/v2.1/os-server-groups -H "Accept: application/json" -H "User-Agent: python-novaclient" -H "X-Auth-Token: {SHA1}c89199dedd65b1e5a8499f9293d432adb873f166" _http_log_request /usr/lib/python2.7/site-packages/keystoneauth1/session.py:448
2019-07-24 07:41:01.083 725 DEBUG novaclient.v2.client [-] RESP: [200] Content-Length: 21 Content-Type: application/json Date: Wed, 24 Jul 2019 07:41:00 GMT OpenStack-API-Version: compute 2.1 Server: Apache Vary: OpenStack-API-Version,X-OpenStack-Nova-API-Version X-OpenStack-Nova-API-Version: 2.1 x-compute-request-id: req-097ae10e-5b57-4994-a928-c01aebdfd810 x-openstack-request-id: req-097ae10e-5b57-4994-a928-c01aebdfd810 _http_log_response /usr/lib/python2.7/site-packages/keystoneauth1/session.py:479
2019-07-24 07:41:01.084 725 DEBUG novaclient.v2.client [-] RESP BODY: {"server_groups": []} _http_log_response /usr/lib/python2.7/site-packages/keystoneauth1/session.py:511
2019-07-24 07:41:01.084 725 DEBUG novaclient.v2.client [-] GET call to compute for http://172.30.9.32:8774/v2.1/os-server-groups used request id req-097ae10e-5b57-4994-a928-c01aebdfd810 request /usr/lib/python2.7/site-packages/keystoneauth1/session.py:844
2019-07-24 07:41:01.503 725 DEBUG novaclient.v2.client [-] REQ: curl -g -i -X GET http://172.30.9.32:8774/v2.1/os-server-groups -H "Accept: application/json" -H "User-Agent: python-novaclient" -H "X-Auth-Token: {SHA1}fd7135f86e8e3ad54f3933f35cf9ad9c8b8098fa" _http_log_request /usr/lib/python2.7/site-packages/keystoneauth1/session.py:448
2019-07-24 07:41:01.775 725 DEBUG novaclient.v2.client [-] RESP: [200] Content-Length: 21 Content-Type: application/json Date: Wed, 24 Jul 2019 07:41:01 GMT OpenStack-API-Version: compute 2.1 Server: Apache Vary: OpenStack-API-Version,X-OpenStack-Nova-API-Version X-OpenStack-Nova-API-Version: 2.1 x-compute-request-id: req-12ae8722-0fba-4de8-a632-621fd9746b31 x-openstack-request-id: req-12ae8722-0fba-4de8-a632-621fd9746b31 _http_log_response /usr/lib/python2.7/site-packages/keystoneauth1/session.py:479
2019-07-24 07:41:01.776 725 DEBUG novaclient.v2.client [-] RESP BODY: {"server_groups": []} _http_log_response /usr/lib/python2.7/site-packages/keystoneauth1/session.py:511
2019-07-24 07:41:01.776 725 DEBUG novaclient.v2.client [-] GET call to compute for http://172.30.9.32:8774/v2.1/os-server-groups used request id req-12ae8722-0fba-4de8-a632-621fd9746b31 request /usr/lib/python2.7/site-packages/keystoneauth1/session.py:844
2019-07-24 07:41:01.783 725 RALLYDEBUG rally_openstack.cleanup.manager [-] Cleaning up nova keypairs objects
2019-07-24 07:41:02.198 725 DEBUG novaclient.v2.client [-] REQ: curl -g -i -X GET http://172.30.9.32:8774/v2.1/os-keypairs -H "Accept: application/json" -H "User-Agent: python-novaclient" -H "X-Auth-Token: {SHA1}4193b08c68c5a965357abae544e2284b747bf872" _http_log_request /usr/lib/python2.7/site-packages/keystoneauth1/session.py:448
2019-07-24 07:41:02.470 725 DEBUG novaclient.v2.client [-] RESP: [200] Content-Length: 16 Content-Type: application/json Date: Wed, 24 Jul 2019 07:41:02 GMT OpenStack-API-Version: compute 2.1 Server: Apache Vary: OpenStack-API-Version,X-OpenStack-Nova-API-Version X-OpenStack-Nova-API-Version: 2.1 x-compute-request-id: req-8734178c-32a5-4b55-9326-e94540f71246 x-openstack-request-id: req-8734178c-32a5-4b55-9326-e94540f71246 _http_log_response /usr/lib/python2.7/site-packages/keystoneauth1/session.py:479
2019-07-24 07:41:02.470 725 DEBUG novaclient.v2.client [-] RESP BODY: {"keypairs": []} _http_log_response /usr/lib/python2.7/site-packages/keystoneauth1/session.py:511
2019-07-24 07:41:02.471 725 DEBUG novaclient.v2.client [-] GET call to compute for http://172.30.9.32:8774/v2.1/os-keypairs used request id req-8734178c-32a5-4b55-9326-e94540f71246 request /usr/lib/python2.7/site-packages/keystoneauth1/session.py:844
2019-07-24 07:41:02.898 725 DEBUG novaclient.v2.client [-] REQ: curl -g -i -X GET http://172.30.9.32:8774/v2.1/os-keypairs -H "Accept: application/json" -H "User-Agent: python-novaclient" -H "X-Auth-Token: {SHA1}8bc08e37d2f70ba65c12f16960128838523f6230" _http_log_request /usr/lib/python2.7/site-packages/keystoneauth1/session.py:448
2019-07-24 07:41:03.177 725 DEBUG novaclient.v2.client [-] RESP: [200] Content-Length: 16 Content-Type: application/json Date: Wed, 24 Jul 2019 07:41:02 GMT OpenStack-API-Version: compute 2.1 Server: Apache Vary: OpenStack-API-Version,X-OpenStack-Nova-API-Version X-OpenStack-Nova-API-Version: 2.1 x-compute-request-id: req-cc22fb58-ea60-4aed-831a-80e7bebf284e x-openstack-request-id: req-cc22fb58-ea60-4aed-831a-80e7bebf284e _http_log_response /usr/lib/python2.7/site-packages/keystoneauth1/session.py:479
2019-07-24 07:41:03.178 725 DEBUG novaclient.v2.client [-] RESP BODY: {"keypairs": []} _http_log_response /usr/lib/python2.7/site-packages/keystoneauth1/session.py:511
2019-07-24 07:41:03.178 725 DEBUG novaclient.v2.client [-] GET call to compute for http://172.30.9.32:8774/v2.1/os-keypairs used request id req-cc22fb58-ea60-4aed-831a-80e7bebf284e request /usr/lib/python2.7/site-packages/keystoneauth1/session.py:844
2019-07-24 07:41:03.599 725 DEBUG novaclient.v2.client [-] REQ: curl -g -i -X GET http://172.30.9.32:8774/v2.1/os-keypairs -H "Accept: application/json" -H "User-Agent: python-novaclient" -H "X-Auth-Token: {SHA1}da9c6b56451317b7708cf5910e1164126bc82d0c" _http_log_request /usr/lib/python2.7/site-packages/keystoneauth1/session.py:448
2019-07-24 07:41:03.859 725 DEBUG novaclient.v2.client [-] RESP: [200] Content-Length: 16 Content-Type: application/json Date: Wed, 24 Jul 2019 07:41:03 GMT OpenStack-API-Version: compute 2.1 Server: Apache Vary: OpenStack-API-Version,X-OpenStack-Nova-API-Version X-OpenStack-Nova-API-Version: 2.1 x-compute-request-id: req-e1729cdc-bd78-43d5-9251-641d6e72ae8a x-openstack-request-id: req-e1729cdc-bd78-43d5-9251-641d6e72ae8a _http_log_response /usr/lib/python2.7/site-packages/keystoneauth1/session.py:479
2019-07-24 07:41:03.860 725 DEBUG novaclient.v2.client [-] RESP BODY: {"keypairs": []} _http_log_response /usr/lib/python2.7/site-packages/keystoneauth1/session.py:511
2019-07-24 07:41:03.860 725 DEBUG novaclient.v2.client [-] GET call to compute for http://172.30.9.32:8774/v2.1/os-keypairs used request id req-e1729cdc-bd78-43d5-9251-641d6e72ae8a request /usr/lib/python2.7/site-packages/keystoneauth1/session.py:844
2019-07-24 07:41:04.271 725 DEBUG novaclient.v2.client [-] REQ: curl -g -i -X GET http://172.30.9.32:8774/v2.1/os-keypairs -H "Accept: application/json" -H "User-Agent: python-novaclient" -H "X-Auth-Token: {SHA1}835d78b4e13693800eb5ed3810e1228f4a877ab1" _http_log_request /usr/lib/python2.7/site-packages/keystoneauth1/session.py:448
2019-07-24 07:41:04.480 725 DEBUG novaclient.v2.client [-] RESP: [200] Content-Length: 16 Content-Type: application/json Date: Wed, 24 Jul 2019 07:41:04 GMT OpenStack-API-Version: compute 2.1 Server: Apache Vary: OpenStack-API-Version,X-OpenStack-Nova-API-Version X-OpenStack-Nova-API-Version: 2.1 x-compute-request-id: req-adcd5f44-924d-45ff-8ce4-2848feee3c19 x-openstack-request-id: req-adcd5f44-924d-45ff-8ce4-2848feee3c19 _http_log_response /usr/lib/python2.7/site-packages/keystoneauth1/session.py:479
2019-07-24 07:41:04.480 725 DEBUG novaclient.v2.client [-] RESP BODY: {"keypairs": []} _http_log_response /usr/lib/python2.7/site-packages/keystoneauth1/session.py:511
2019-07-24 07:41:04.481 725 DEBUG novaclient.v2.client [-] GET call to compute for http://172.30.9.32:8774/v2.1/os-keypairs used request id req-adcd5f44-924d-45ff-8ce4-2848feee3c19 request /usr/lib/python2.7/site-packages/keystoneauth1/session.py:844
2019-07-24 07:41:04.893 725 DEBUG novaclient.v2.client [-] REQ: curl -g -i -X GET http://172.30.9.32:8774/v2.1/os-keypairs -H "Accept: application/json" -H "User-Agent: python-novaclient" -H "X-Auth-Token: {SHA1}44d360c619f0b8a6c6662d651f49522fdc7cc405" _http_log_request /usr/lib/python2.7/site-packages/keystoneauth1/session.py:448
2019-07-24 07:41:05.153 725 DEBUG novaclient.v2.client [-] RESP: [200] Content-Length: 16 Content-Type: application/json Date: Wed, 24 Jul 2019 07:41:04 GMT OpenStack-API-Version: compute 2.1 Server: Apache Vary: OpenStack-API-Version,X-OpenStack-Nova-API-Version X-OpenStack-Nova-API-Version: 2.1 x-compute-request-id: req-0d2bef45-47d2-4b11-add0-25a7e0cf202f x-openstack-request-id: req-0d2bef45-47d2-4b11-add0-25a7e0cf202f _http_log_response /usr/lib/python2.7/site-packages/keystoneauth1/session.py:479
2019-07-24 07:41:05.154 725 DEBUG novaclient.v2.client [-] RESP BODY: {"keypairs": []} _http_log_response /usr/lib/python2.7/site-packages/keystoneauth1/session.py:511
2019-07-24 07:41:05.154 725 DEBUG novaclient.v2.client [-] GET call to compute for http://172.30.9.32:8774/v2.1/os-keypairs used request id req-0d2bef45-47d2-4b11-add0-25a7e0cf202f request /usr/lib/python2.7/site-packages/keystoneauth1/session.py:844
2019-07-24 07:41:05.570 725 DEBUG novaclient.v2.client [-] REQ: curl -g -i -X GET http://172.30.9.32:8774/v2.1/os-keypairs -H "Accept: application/json" -H "User-Agent: python-novaclient" -H "X-Auth-Token: {SHA1}166bff616d1817c0658c126a3e71bec1f0e9088a" _http_log_request /usr/lib/python2.7/site-packages/keystoneauth1/session.py:448
2019-07-24 07:41:05.767 725 DEBUG novaclient.v2.client [-] RESP: [200] Content-Length: 16 Content-Type: application/json Date: Wed, 24 Jul 2019 07:41:05 GMT OpenStack-API-Version: compute 2.1 Server: Apache Vary: OpenStack-API-Version,X-OpenStack-Nova-API-Version X-OpenStack-Nova-API-Version: 2.1 x-compute-request-id: req-332c03be-6b4a-460b-a4cf-696f88d542a8 x-openstack-request-id: req-332c03be-6b4a-460b-a4cf-696f88d542a8 _http_log_response /usr/lib/python2.7/site-packages/keystoneauth1/session.py:479
2019-07-24 07:41:05.768 725 DEBUG novaclient.v2.client [-] RESP BODY: {"keypairs": []} _http_log_response /usr/lib/python2.7/site-packages/keystoneauth1/session.py:511
2019-07-24 07:41:05.768 725 DEBUG novaclient.v2.client [-] GET call to compute for http://172.30.9.32:8774/v2.1/os-keypairs used request id req-332c03be-6b4a-460b-a4cf-696f88d542a8 request /usr/lib/python2.7/site-packages/keystoneauth1/session.py:844
2019-07-24 07:41:05.775 725 RALLYDEBUG rally_openstack.cleanup.manager [-] Cleaning up glance images objects
2019-07-24 07:41:08.190 725 RALLYDEBUG rally_openstack.cleanup.manager [-] Deleting glance.images object s_rally_fda74d40_DHkLj6P6 (f89b21e6-25a4-43e6-a46f-60340dd7211c)
2019-07-24 07:41:08.194 725 RALLYDEBUG rally_openstack.cleanup.manager [-] Deleting glance.images object s_rally_fda74d40_R5w8YYmO (bde436c1-7bd1-44b8-91b2-6992995abc8b)
2019-07-24 07:41:08.207 725 RALLYDEBUG rally_openstack.cleanup.manager [-] Deleting glance.images object s_rally_fda74d40_IE7j1Nox (e8f39e45-9926-4160-b053-cd9d1c518f90)
2019-07-24 07:41:08.216 725 RALLYDEBUG rally_openstack.cleanup.manager [-] Deleting glance.images object s_rally_fda74d40_tTS5lNTI (58c78e65-31e3-4580-ba88-1615398150da)
2019-07-24 07:41:08.217 725 RALLYDEBUG rally_openstack.cleanup.manager [-] Deleting glance.images object s_rally_fda74d40_5rIHV60k (f7854089-fd83-44e4-8e0b-6da2b877564c)
2019-07-24 07:41:08.226 725 RALLYDEBUG rally_openstack.cleanup.manager [-] Deleting glance.images object s_rally_fda74d40_7jQAvqtE (7c1d0a84-42b6-4682-a579-f0629b40d728)
2019-07-24 07:41:08.239 725 RALLYDEBUG rally_openstack.cleanup.manager [-] Deleting glance.images object s_rally_fda74d40_eOjHIMjv (25ba855b-96b2-4a09-be89-1c3aa8c069e9)
2019-07-24 07:41:08.258 725 RALLYDEBUG rally_openstack.cleanup.manager [-] Deleting glance.images object s_rally_fda74d40_yhpLz0Dr (35bc45bd-f9fd-460f-9653-f5dd9328f082)
2019-07-24 07:41:08.271 725 RALLYDEBUG rally_openstack.cleanup.manager [-] Deleting glance.images object s_rally_fda74d40_SVtcg0Su (272aa880-e3b8-4051-9897-1a2a475e8bac)
2019-07-24 07:41:08.291 725 RALLYDEBUG rally_openstack.cleanup.manager [-] Deleting glance.images object s_rally_fda74d40_chnySbYe (1740b911-d4f0-4ced-871b-3c323416e9ff)
2019-07-24 07:41:09.435 725 DEBUG glanceclient.common.http [-] Request returned failure status 404. _handle_response /usr/lib/python2.7/site-packages/glanceclient/common/http.py:125
2019-07-24 07:41:09.451 725 DEBUG glanceclient.common.http [-] Request returned failure status 404. _handle_response /usr/lib/python2.7/site-packages/glanceclient/common/http.py:125
2019-07-24 07:41:10.420 725 DEBUG glanceclient.common.http [-] Request returned failure status 404. _handle_response /usr/lib/python2.7/site-packages/glanceclient/common/http.py:125
2019-07-24 07:41:10.437 725 DEBUG glanceclient.common.http [-] Request returned failure status 404. _handle_response /usr/lib/python2.7/site-packages/glanceclient/common/http.py:125
2019-07-24 07:41:11.511 725 DEBUG glanceclient.common.http [-] Request returned failure status 404. _handle_response /usr/lib/python2.7/site-packages/glanceclient/common/http.py:125
2019-07-24 07:41:11.516 725 DEBUG glanceclient.common.http [-] Request returned failure status 404. _handle_response /usr/lib/python2.7/site-packages/glanceclient/common/http.py:125
2019-07-24 07:41:11.530 725 DEBUG glanceclient.common.http [-] Request returned failure status 404. _handle_response /usr/lib/python2.7/site-packages/glanceclient/common/http.py:125
2019-07-24 07:41:11.544 725 DEBUG glanceclient.common.http [-] Request returned failure status 404. _handle_response /usr/lib/python2.7/site-packages/glanceclient/common/http.py:125
2019-07-24 07:41:11.552 725 DEBUG glanceclient.common.http [-] Request returned failure status 404. _handle_response /usr/lib/python2.7/site-packages/glanceclient/common/http.py:125
2019-07-24 07:41:11.558 725 DEBUG glanceclient.common.http [-] Request returned failure status 404. _handle_response /usr/lib/python2.7/site-packages/glanceclient/common/http.py:125
2019-07-24 07:41:11.560 725 DEBUG glanceclient.common.http [-] Request returned failure status 404. _handle_response /usr/lib/python2.7/site-packages/glanceclient/common/http.py:125
2019-07-24 07:41:11.561 725 DEBUG glanceclient.common.http [-] Request returned failure status 404. _handle_response /usr/lib/python2.7/site-packages/glanceclient/common/http.py:125
2019-07-24 07:41:11.564 725 DEBUG glanceclient.common.http [-] Request returned failure status 404. _handle_response /usr/lib/python2.7/site-packages/glanceclient/common/http.py:125
2019-07-24 07:41:11.565 725 DEBUG glanceclient.common.http [-] Request returned failure status 404. _handle_response /usr/lib/python2.7/site-packages/glanceclient/common/http.py:125
2019-07-24 07:41:11.567 725 DEBUG glanceclient.common.http [-] Request returned failure status 404. _handle_response /usr/lib/python2.7/site-packages/glanceclient/common/http.py:125
2019-07-24 07:41:11.575 725 DEBUG glanceclient.common.http [-] Request returned failure status 404. _handle_response /usr/lib/python2.7/site-packages/glanceclient/common/http.py:125
2019-07-24 07:41:11.578 725 DEBUG glanceclient.common.http [-] Request returned failure status 404. _handle_response /usr/lib/python2.7/site-packages/glanceclient/common/http.py:125
2019-07-24 07:41:11.579 725 DEBUG glanceclient.common.http [-] Request returned failure status 404. _handle_response /usr/lib/python2.7/site-packages/glanceclient/common/http.py:125
2019-07-24 07:41:11.584 725 DEBUG glanceclient.common.http [-] Request returned failure status 404. _handle_response /usr/lib/python2.7/site-packages/glanceclient/common/http.py:125
2019-07-24 07:41:11.592 725 DEBUG glanceclient.common.http [-] Request returned failure status 404. _handle_response /usr/lib/python2.7/site-packages/glanceclient/common/http.py:125
2019-07-24 07:41:12.595 725 INFO rally.task.context [-] Task 2d08676b-9916-4c63-9ff8-4156109fb7bd | Context cleanup@openstack cleanup() finished in 30.16 sec
2019-07-24 07:41:12.595 725 INFO rally.task.context [-] Task 2d08676b-9916-4c63-9ff8-4156109fb7bd | Context quotas@openstack cleanup() started
2019-07-24 07:41:12.596 725 DEBUG novaclient.v2.client [-] REQ: curl -g -i -X DELETE http://172.30.9.32:8774/v2.1/os-quota-sets/461a31150d324c409747f158679084bd -H "Accept: application/json" -H "User-Agent: python-novaclient" -H "X-Auth-Token: {SHA1}bf839c5f091f8669cf701a6e032146adfdbc3418" _http_log_request /usr/lib/python2.7/site-packages/keystoneauth1/session.py:448
2019-07-24 07:41:12.636 725 DEBUG novaclient.v2.client [-] RESP: [202] Content-Length: 0 Content-Type: application/json Date: Wed, 24 Jul 2019 07:41:12 GMT OpenStack-API-Version: compute 2.1 Server: Apache Vary: OpenStack-API-Version,X-OpenStack-Nova-API-Version X-OpenStack-Nova-API-Version: 2.1 x-compute-request-id: req-a88c06c4-bc38-41f4-ae43-16c90cd97390 x-openstack-request-id: req-a88c06c4-bc38-41f4-ae43-16c90cd97390 _http_log_response /usr/lib/python2.7/site-packages/keystoneauth1/session.py:479
2019-07-24 07:41:12.636 725 DEBUG novaclient.v2.client [-] DELETE call to compute for http://172.30.9.32:8774/v2.1/os-quota-sets/461a31150d324c409747f158679084bd used request id req-a88c06c4-bc38-41f4-ae43-16c90cd97390 request /usr/lib/python2.7/site-packages/keystoneauth1/session.py:844
2019-07-24 07:41:12.637 725 DEBUG novaclient.v2.client [-] REQ: curl -g -i -X DELETE http://172.30.9.32:8774/v2.1/os-quota-sets/62e9cf969e624e5eb3066be0865124c8 -H "Accept: application/json" -H "User-Agent: python-novaclient" -H "X-Auth-Token: {SHA1}bf839c5f091f8669cf701a6e032146adfdbc3418" _http_log_request /usr/lib/python2.7/site-packages/keystoneauth1/session.py:448
2019-07-24 07:41:12.660 725 DEBUG novaclient.v2.client [-] RESP: [202] Content-Length: 0 Content-Type: application/json Date: Wed, 24 Jul 2019 07:41:12 GMT OpenStack-API-Version: compute 2.1 Server: Apache Vary: OpenStack-API-Version,X-OpenStack-Nova-API-Version X-OpenStack-Nova-API-Version: 2.1 x-compute-request-id: req-5d833a8e-1c80-41c4-89d0-f98ff0aaf442 x-openstack-request-id: req-5d833a8e-1c80-41c4-89d0-f98ff0aaf442 _http_log_response /usr/lib/python2.7/site-packages/keystoneauth1/session.py:479
2019-07-24 07:41:12.660 725 DEBUG novaclient.v2.client [-] DELETE call to compute for http://172.30.9.32:8774/v2.1/os-quota-sets/62e9cf969e624e5eb3066be0865124c8 used request id req-5d833a8e-1c80-41c4-89d0-f98ff0aaf442 request /usr/lib/python2.7/site-packages/keystoneauth1/session.py:844
2019-07-24 07:41:12.661 725 DEBUG novaclient.v2.client [-] REQ: curl -g -i -X DELETE http://172.30.9.32:8774/v2.1/os-quota-sets/73a7b03998644ca08fe0dee160212c6b -H "Accept: application/json" -H "User-Agent: python-novaclient" -H "X-Auth-Token: {SHA1}bf839c5f091f8669cf701a6e032146adfdbc3418" _http_log_request /usr/lib/python2.7/site-packages/keystoneauth1/session.py:448
2019-07-24 07:41:12.684 725 DEBUG novaclient.v2.client [-] RESP: [202] Content-Length: 0 Content-Type: application/json Date: Wed, 24 Jul 2019 07:41:12 GMT OpenStack-API-Version: compute 2.1 Server: Apache Vary: OpenStack-API-Version,X-OpenStack-Nova-API-Version X-OpenStack-Nova-API-Version: 2.1 x-compute-request-id: req-857cc051-6088-4e9a-9e19-7e12de88d94d x-openstack-request-id: req-857cc051-6088-4e9a-9e19-7e12de88d94d _http_log_response /usr/lib/python2.7/site-packages/keystoneauth1/session.py:479
2019-07-24 07:41:12.684 725 DEBUG novaclient.v2.client [-] DELETE call to compute for http://172.30.9.32:8774/v2.1/os-quota-sets/73a7b03998644ca08fe0dee160212c6b used request id req-857cc051-6088-4e9a-9e19-7e12de88d94d request /usr/lib/python2.7/site-packages/keystoneauth1/session.py:844
2019-07-24 07:41:12.685 725 INFO rally.task.context [-] Task 2d08676b-9916-4c63-9ff8-4156109fb7bd | Context quotas@openstack cleanup() finished in 89.42 msec
2019-07-24 07:41:12.685 725 INFO rally.task.context [-] Task 2d08676b-9916-4c63-9ff8-4156109fb7bd | Context users@openstack cleanup() started
2019-07-24 07:41:19.114 725 INFO rally.task.context [-] Task 2d08676b-9916-4c63-9ff8-4156109fb7bd | Context users@openstack cleanup() finished in 6.43 sec
2019-07-24 07:41:20.090 725 INFO rally.task.engine [-] Load duration is: 77.855933
2019-07-24 07:41:20.090 725 INFO rally.task.engine [-] Full runner duration is: 79.777382
2019-07-24 07:41:20.090 725 INFO rally.task.engine [-] Full duration is: 123.472802
2019-07-24 07:41:20.335 725 INFO rally.task.engine [-] Running workload: position = 0 config = { "version": 2, "title": "A cropped version of a bigger task.", "description": "Auto-generated task from a single workload (uuid=39e6bbd6-bbec-43c3-a2e0-9e0525d5fd83)", "subtasks": [ { "title": "GlanceImages.create_and_deactivate_image", "description": "Create an image, then deactivate it.", "scenario": { "GlanceImages.create_and_deactivate_image": { "container_format": "bare", "disk_format": "qcow2", "image_location": "/home/opnfv/functest/images/cirros-0.4.0-x86_64-disk.img" } }, "contexts": { "users": { "tenants": 3, "users_per_tenant": 2 } }, "runner": { "constant": { "concurrency": 4, "times": 10 } }, "hooks": [], "sla": { "failure_rate": { "max": 0 } } } ] }
2019-07-24 07:41:20.358 725 RALLYDEBUG rally_openstack.contexts.keystone.users [-] Creating 3 tenants using 20 threads
2019-07-24 07:41:22.174 725 RALLYDEBUG rally_openstack.contexts.keystone.users [-] Creating 6 users using 20 threads
2019-07-24 07:41:24.947 725 INFO rally.task.context [-] Task 2d08676b-9916-4c63-9ff8-4156109fb7bd | Context users@openstack setup() finished in 4.59 sec
2019-07-24 07:41:24.948 725 INFO rally.task.context [-] Task 2d08676b-9916-4c63-9ff8-4156109fb7bd | Context cleanup@openstack setup() finished in 0.01 msec
2019-07-24 07:41:24.955 725 RALLYDEBUG rally.task.runner [-] Starting the constant runner (task UUID: 2d08676b-9916-4c63-9ff8-4156109fb7bd). timeout: 0 concurrency: 4 concurrency_per_worker: 1 times: 10 concurrency_overhead: 0 processes_to_start: 4 max_cpu_used: 16
2019-07-24 07:41:24.966 1385 RALLYDEBUG rally.task.runner [-] Starting a worker. concurrency: 1 args: {"container_format": "bare", "disk_format": "qcow2", "image_location": "/home/opnfv/functest/images/cirros-0.4.0-x86_64-disk.img"} times: 10 method_name: run timeout: 0 duration: None cls:
2019-07-24 07:41:24.970 1386 RALLYDEBUG rally.task.runner [-] Starting a worker. concurrency: 1 args: {"container_format": "bare", "disk_format": "qcow2", "image_location": "/home/opnfv/functest/images/cirros-0.4.0-x86_64-disk.img"} times: 10 method_name: run timeout: 0 duration: None cls:
2019-07-24 07:41:24.971 1385 INFO rally.task.runner [-] Task 2d08676b-9916-4c63-9ff8-4156109fb7bd | ITER: 1 START
2019-07-24 07:41:24.974 1387 RALLYDEBUG rally.task.runner [-] Starting a worker. concurrency: 1 args: {"container_format": "bare", "disk_format": "qcow2", "image_location": "/home/opnfv/functest/images/cirros-0.4.0-x86_64-disk.img"} times: 10 method_name: run timeout: 0 duration: None cls:
2019-07-24 07:41:24.975 1389 RALLYDEBUG rally.task.runner [-] Starting a worker. concurrency: 1 args: {"container_format": "bare", "disk_format": "qcow2", "image_location": "/home/opnfv/functest/images/cirros-0.4.0-x86_64-disk.img"} times: 10 method_name: run timeout: 0 duration: None cls:
2019-07-24 07:41:24.977 1386 INFO rally.task.runner [-] Task 2d08676b-9916-4c63-9ff8-4156109fb7bd | ITER: 2 START
2019-07-24 07:41:24.979 1387 INFO rally.task.runner [-] Task 2d08676b-9916-4c63-9ff8-4156109fb7bd | ITER: 3 START
2019-07-24 07:41:24.979 1389 INFO rally.task.runner [-] Task 2d08676b-9916-4c63-9ff8-4156109fb7bd | ITER: 4 START
2019-07-24 07:41:28.276 1386 RALLYDEBUG rally.task.utils [-] Waiting for resource u'9419bb97-f84b-4180-8e7e-d91622d6d8b6'. Status changed: NONE => QUEUED in 0.0296170711517
2019-07-24 07:41:28.295 1385 RALLYDEBUG rally.task.utils [-] Waiting for resource u'4853d2b1-7e6b-4399-b7d3-9c62917fb6df'. Status changed: NONE => QUEUED in 0.0362741947174
2019-07-24 07:41:28.298 1387 RALLYDEBUG rally.task.utils [-] Waiting for resource u'79816521-d775-4bc0-b5a8-6824f9a13130'. Status changed: NONE => QUEUED in 0.031800031662
2019-07-24 07:41:28.684 1389 RALLYDEBUG rally.task.utils [-] Waiting for resource u'5bc3c3f7-28b0-4c6b-a01d-33fd82bfb515'. Status changed: NONE => QUEUED in 0.351709127426
2019-07-24 07:41:28.794 1386 RALLYDEBUG rally.task.utils [-] Waiting for resource s_rally_39e6bbd6_SwZ5ue4L. Status changed: QUEUED => ACTIVE in 0.0515050888062
2019-07-24 07:41:29.922 1389 RALLYDEBUG rally.task.utils [-] Waiting for resource s_rally_39e6bbd6_F6VJOCXO. Status changed: QUEUED => ACTIVE in 0.0284337997437
2019-07-24 07:41:29.925 1386 INFO rally.task.runner [-] Task 2d08676b-9916-4c63-9ff8-4156109fb7bd | ITER: 2 END: OK
2019-07-24 07:41:29.929 1386 INFO rally.task.runner [-] Task 2d08676b-9916-4c63-9ff8-4156109fb7bd | ITER: 5 START
2019-07-24 07:41:29.929 1385 RALLYDEBUG rally.task.utils [-] Waiting for resource s_rally_39e6bbd6_6Aff6E99. Status changed: QUEUED => ACTIVE in 0.0284278392792
2019-07-24 07:41:29.932 1387 RALLYDEBUG rally.task.utils [-] Waiting for resource s_rally_39e6bbd6_WVK81s5i. Status changed: QUEUED => ACTIVE in 0.0280261039734
2019-07-24 07:41:30.016 1389 INFO rally.task.runner [-] Task 2d08676b-9916-4c63-9ff8-4156109fb7bd | ITER: 4 END: OK
2019-07-24 07:41:30.019 1389 INFO rally.task.runner [-] Task 2d08676b-9916-4c63-9ff8-4156109fb7bd | ITER: 6 START
2019-07-24 07:41:30.057 1385 INFO rally.task.runner [-] Task 2d08676b-9916-4c63-9ff8-4156109fb7bd | ITER: 1 END: OK
2019-07-24 07:41:30.059 1387 INFO rally.task.runner [-] Task 2d08676b-9916-4c63-9ff8-4156109fb7bd | ITER: 3 END: OK
2019-07-24 07:41:30.061 1385 INFO rally.task.runner [-] Task 2d08676b-9916-4c63-9ff8-4156109fb7bd | ITER: 7 START
2019-07-24 07:41:30.062 1387 INFO rally.task.runner [-] Task 2d08676b-9916-4c63-9ff8-4156109fb7bd | ITER: 8 START
2019-07-24 07:41:33.083 1386 RALLYDEBUG rally.task.utils [-] Waiting for resource u'1074ed41-c4ec-4d72-985f-dbfd55391098'. Status changed: NONE => QUEUED in 0.0318338871002
2019-07-24 07:41:33.278 1389 RALLYDEBUG rally.task.utils [-] Waiting for resource u'b98c2985-ab60-486d-bfab-b26b6efcbb71'. Status changed: NONE => QUEUED in 0.0289080142975
2019-07-24 07:41:33.328 1387 RALLYDEBUG rally.task.utils [-] Waiting for resource u'71fff21d-9d05-4c88-84a6-817c26b710d2'. Status changed: NONE => QUEUED in 0.0358798503876
2019-07-24 07:41:33.329 1385 RALLYDEBUG rally.task.utils [-] Waiting for resource u'e3c9ca2b-f00a-4993-82cf-15e510a707f3'. Status changed: NONE => QUEUED in 0.0268058776855
2019-07-24 07:41:34.471 1389 RALLYDEBUG rally.task.utils [-] Waiting for resource s_rally_39e6bbd6_rKuGnzkY. Status changed: QUEUED => ACTIVE in 0.0172419548035
2019-07-24 07:41:34.471 1386 RALLYDEBUG rally.task.utils [-] Waiting for resource s_rally_39e6bbd6_j5Rb74N1. Status changed: QUEUED => ACTIVE in 0.0185258388519
2019-07-24 07:41:34.548 1389 INFO rally.task.runner [-] Task 2d08676b-9916-4c63-9ff8-4156109fb7bd | ITER: 6 END: OK
2019-07-24 07:41:34.549 1386 INFO rally.task.runner [-] Task 2d08676b-9916-4c63-9ff8-4156109fb7bd | ITER: 5 END: OK
2019-07-24 07:41:34.551 1389 INFO rally.task.runner [-] Task 2d08676b-9916-4c63-9ff8-4156109fb7bd | ITER: 9 START
2019-07-24 07:41:34.554 1386 INFO rally.task.runner [-] Task 2d08676b-9916-4c63-9ff8-4156109fb7bd | ITER: 10 START
2019-07-24 07:41:35.524 1387 RALLYDEBUG rally.task.utils [-] Waiting for resource s_rally_39e6bbd6_XMlIk0Hs. Status changed: QUEUED => ACTIVE in 0.0326561927795
2019-07-24 07:41:35.527 1385 RALLYDEBUG rally.task.utils [-] Waiting for resource s_rally_39e6bbd6_Sd14agCv. Status changed: QUEUED => ACTIVE in 0.0232651233673
2019-07-24 07:41:35.615 1387 INFO rally.task.runner [-] Task 2d08676b-9916-4c63-9ff8-4156109fb7bd | ITER: 8 END: OK
2019-07-24 07:41:35.632 1385 INFO rally.task.runner [-] Task 2d08676b-9916-4c63-9ff8-4156109fb7bd | ITER: 7 END: OK
2019-07-24 07:41:37.830 1389 RALLYDEBUG rally.task.utils [-] Waiting for resource u'0015bda3-504e-4610-8406-c59a9e970e6e'. Status changed: NONE => QUEUED in 0.0416479110718
2019-07-24 07:41:37.831 1386 RALLYDEBUG rally.task.utils [-] Waiting for resource u'088ef937-b70f-4078-a63c-ade3a969ac2c'. Status changed: NONE => QUEUED in 0.0378379821777
2019-07-24 07:41:39.663 1389 RALLYDEBUG rally.task.utils [-] Waiting for resource s_rally_39e6bbd6_yrA0FVuZ. Status changed: QUEUED => ACTIVE in 0.0258569717407
2019-07-24 07:41:39.703 1386 RALLYDEBUG rally.task.utils [-] Waiting for resource s_rally_39e6bbd6_k4ouVwjK. Status changed: QUEUED => ACTIVE in 0.0278980731964
2019-07-24 07:41:39.787 1389 INFO rally.task.runner [-] Task 2d08676b-9916-4c63-9ff8-4156109fb7bd | ITER: 9 END: OK
2019-07-24 07:41:39.793 1386 INFO rally.task.runner [-] Task 2d08676b-9916-4c63-9ff8-4156109fb7bd | ITER: 10 END: OK
2019-07-24 07:41:39.825 725 INFO rally.task.context [-] Task 2d08676b-9916-4c63-9ff8-4156109fb7bd | Context cleanup@openstack cleanup() started
2019-07-24 07:41:39.827 725 RALLYDEBUG rally_openstack.cleanup.manager [-] Cleaning up glance images objects
2019-07-24 07:41:42.079 725 RALLYDEBUG rally_openstack.cleanup.manager [-] Deleting glance.images object s_rally_39e6bbd6_SwZ5ue4L (9419bb97-f84b-4180-8e7e-d91622d6d8b6)
2019-07-24 07:41:42.082 725 RALLYDEBUG rally_openstack.cleanup.manager [-] Deleting glance.images object s_rally_39e6bbd6_j5Rb74N1 (1074ed41-c4ec-4d72-985f-dbfd55391098)
2019-07-24 07:41:42.086 725 RALLYDEBUG rally_openstack.cleanup.manager [-] Deleting glance.images object s_rally_39e6bbd6_F6VJOCXO (5bc3c3f7-28b0-4c6b-a01d-33fd82bfb515)
2019-07-24 07:41:42.091 725 RALLYDEBUG rally_openstack.cleanup.manager [-] Deleting glance.images object s_rally_39e6bbd6_XMlIk0Hs (71fff21d-9d05-4c88-84a6-817c26b710d2)
2019-07-24 07:41:42.094 725 RALLYDEBUG rally_openstack.cleanup.manager [-] Deleting glance.images object s_rally_39e6bbd6_rKuGnzkY (b98c2985-ab60-486d-bfab-b26b6efcbb71)
2019-07-24 07:41:42.097 725 RALLYDEBUG rally_openstack.cleanup.manager [-] Deleting glance.images object s_rally_39e6bbd6_k4ouVwjK (088ef937-b70f-4078-a63c-ade3a969ac2c)
2019-07-24 07:41:42.102 725 RALLYDEBUG rally_openstack.cleanup.manager [-] Deleting glance.images object s_rally_39e6bbd6_6Aff6E99 (4853d2b1-7e6b-4399-b7d3-9c62917fb6df)
2019-07-24 07:41:42.103 725 RALLYDEBUG rally_openstack.cleanup.manager [-] Deleting glance.images object s_rally_39e6bbd6_WVK81s5i (79816521-d775-4bc0-b5a8-6824f9a13130)
2019-07-24 07:41:42.105 725 RALLYDEBUG rally_openstack.cleanup.manager [-] Deleting glance.images object s_rally_39e6bbd6_yrA0FVuZ (0015bda3-504e-4610-8406-c59a9e970e6e)
2019-07-24 07:41:42.109 725 RALLYDEBUG rally_openstack.cleanup.manager [-] Deleting glance.images object s_rally_39e6bbd6_Sd14agCv (e3c9ca2b-f00a-4993-82cf-15e510a707f3)
2019-07-24 07:41:43.308 725 DEBUG glanceclient.common.http [-] Request returned failure status 404. _handle_response /usr/lib/python2.7/site-packages/glanceclient/common/http.py:125
2019-07-24 07:41:43.318 725 DEBUG glanceclient.common.http [-] Request returned failure status 404. _handle_response /usr/lib/python2.7/site-packages/glanceclient/common/http.py:125
2019-07-24 07:41:43.332 725 DEBUG glanceclient.common.http [-] Request returned failure status 404. _handle_response /usr/lib/python2.7/site-packages/glanceclient/common/http.py:125
2019-07-24 07:41:43.341 725 DEBUG glanceclient.common.http [-] Request returned failure status 404. _handle_response /usr/lib/python2.7/site-packages/glanceclient/common/http.py:125
2019-07-24 07:41:43.344 725 DEBUG glanceclient.common.http [-] Request returned failure status 404. _handle_response /usr/lib/python2.7/site-packages/glanceclient/common/http.py:125
2019-07-24 07:41:43.344 725 DEBUG glanceclient.common.http [-] Request returned failure status 404. _handle_response /usr/lib/python2.7/site-packages/glanceclient/common/http.py:125
2019-07-24 07:41:43.348 725 DEBUG glanceclient.common.http [-] Request returned failure status 404. _handle_response /usr/lib/python2.7/site-packages/glanceclient/common/http.py:125
2019-07-24 07:41:43.483 725 DEBUG glanceclient.common.http [-] Request returned failure status 404. _handle_response /usr/lib/python2.7/site-packages/glanceclient/common/http.py:125
2019-07-24 07:41:45.366 725 DEBUG glanceclient.common.http [-] Request returned failure status 404. _handle_response /usr/lib/python2.7/site-packages/glanceclient/common/http.py:125
2019-07-24 07:41:45.381 725 DEBUG glanceclient.common.http [-] Request returned failure status 404. _handle_response /usr/lib/python2.7/site-packages/glanceclient/common/http.py:125
2019-07-24 07:41:45.438 725 DEBUG glanceclient.common.http [-] Request returned failure status 404. _handle_response /usr/lib/python2.7/site-packages/glanceclient/common/http.py:125
2019-07-24 07:41:45.452 725 DEBUG glanceclient.common.http [-] Request returned failure status 404. _handle_response /usr/lib/python2.7/site-packages/glanceclient/common/http.py:125
2019-07-24 07:41:47.476 725 DEBUG glanceclient.common.http [-] Request returned failure status 404. _handle_response /usr/lib/python2.7/site-packages/glanceclient/common/http.py:125
2019-07-24 07:41:47.502 725 DEBUG glanceclient.common.http [-] Request returned failure status 404. _handle_response /usr/lib/python2.7/site-packages/glanceclient/common/http.py:125
2019-07-24 07:41:47.526 725 DEBUG glanceclient.common.http [-] Request returned failure status 404. _handle_response /usr/lib/python2.7/site-packages/glanceclient/common/http.py:125
2019-07-24 07:41:47.542 725 DEBUG glanceclient.common.http [-] Request returned failure status 404. _handle_response /usr/lib/python2.7/site-packages/glanceclient/common/http.py:125
2019-07-24 07:41:47.575 725 DEBUG glanceclient.common.http [-] Request returned failure status 404. _handle_response /usr/lib/python2.7/site-packages/glanceclient/common/http.py:125
2019-07-24 07:41:47.591 725 DEBUG glanceclient.common.http [-] Request returned failure status 404. _handle_response /usr/lib/python2.7/site-packages/glanceclient/common/http.py:125
2019-07-24 07:41:47.608 725 DEBUG glanceclient.common.http [-] Request returned failure status 404. _handle_response /usr/lib/python2.7/site-packages/glanceclient/common/http.py:125
2019-07-24 07:41:47.621 725 DEBUG glanceclient.common.http [-] Request returned failure status 404. _handle_response /usr/lib/python2.7/site-packages/glanceclient/common/http.py:125
2019-07-24 07:41:48.624 725 INFO rally.task.context [-] Task 2d08676b-9916-4c63-9ff8-4156109fb7bd | Context cleanup@openstack cleanup() finished in 8.80 sec
2019-07-24 07:41:48.624 725 INFO rally.task.context [-] Task 2d08676b-9916-4c63-9ff8-4156109fb7bd | Context users@openstack cleanup() started
2019-07-24 07:41:55.371 725 INFO rally.task.context [-] Task 2d08676b-9916-4c63-9ff8-4156109fb7bd | Context users@openstack cleanup() finished in 6.75 sec
2019-07-24 07:41:56.513 725 INFO rally.task.engine [-] Load duration is: 13.961992
2019-07-24 07:41:56.514 725 INFO rally.task.engine [-] Full runner duration is: 14.870188
2019-07-24 07:41:56.514 725 INFO rally.task.engine [-] Full duration is: 35.014731
2019-07-24 07:41:56.753 725 INFO rally.task.engine [-] Running workload: position = 0 config = { "version": 2, "title": "A cropped version of a bigger task.", "description": "Auto-generated task from a single workload (uuid=217fa809-b34b-449c-8616-8647e794e9a3)", "subtasks": [ { "title": "GlanceImages.create_and_download_image", "description": "Create an image, then download data of the image.", "scenario": { "GlanceImages.create_and_download_image": { "container_format": "bare", "disk_format": "qcow2", "image_location": "/home/opnfv/functest/images/cirros-0.4.0-x86_64-disk.img" } }, "contexts": { "users": { "tenants": 3, "users_per_tenant": 2 } }, "runner": { "constant": { "concurrency": 4, "times": 10 } }, "hooks": [], "sla": { "failure_rate": { "max": 0 } } } ] }
2019-07-24 07:41:56.775 725 RALLYDEBUG rally_openstack.contexts.keystone.users [-] Creating 3 tenants using 20 threads
2019-07-24 07:41:58.522 725 RALLYDEBUG rally_openstack.contexts.keystone.users [-] Creating 6 users using 20 threads
2019-07-24 07:42:01.171 725 INFO rally.task.context [-] Task 2d08676b-9916-4c63-9ff8-4156109fb7bd | Context users@openstack setup() finished in 4.40 sec
2019-07-24 07:42:01.172 725 INFO rally.task.context [-] Task 2d08676b-9916-4c63-9ff8-4156109fb7bd | Context cleanup@openstack setup() finished in 0.00 msec
2019-07-24 07:42:01.177 725 RALLYDEBUG rally.task.runner [-] Starting the constant runner (task UUID: 2d08676b-9916-4c63-9ff8-4156109fb7bd). timeout: 0 concurrency: 4 concurrency_per_worker: 1 times: 10 concurrency_overhead: 0 processes_to_start: 4 max_cpu_used: 16
2019-07-24 07:42:01.190 1509 RALLYDEBUG rally.task.runner [-] Starting a worker. concurrency: 1 args: {"container_format": "bare", "disk_format": "qcow2", "image_location": "/home/opnfv/functest/images/cirros-0.4.0-x86_64-disk.img"} times: 10 method_name: run timeout: 0 duration: None cls:
2019-07-24 07:42:01.191 1510 RALLYDEBUG rally.task.runner [-] Starting a worker. concurrency: 1 args: {"container_format": "bare", "disk_format": "qcow2", "image_location": "/home/opnfv/functest/images/cirros-0.4.0-x86_64-disk.img"} times: 10 method_name: run timeout: 0 duration: None cls:
2019-07-24 07:42:01.194 1511 RALLYDEBUG rally.task.runner [-] Starting a worker. concurrency: 1 args: {"container_format": "bare", "disk_format": "qcow2", "image_location": "/home/opnfv/functest/images/cirros-0.4.0-x86_64-disk.img"} times: 10 method_name: run timeout: 0 duration: None cls:
2019-07-24 07:42:01.196 1509 INFO rally.task.runner [-] Task 2d08676b-9916-4c63-9ff8-4156109fb7bd | ITER: 1 START
2019-07-24 07:42:01.196 1512 RALLYDEBUG rally.task.runner [-] Starting a worker. concurrency: 1 args: {"container_format": "bare", "disk_format": "qcow2", "image_location": "/home/opnfv/functest/images/cirros-0.4.0-x86_64-disk.img"} times: 10 method_name: run timeout: 0 duration: None cls:
2019-07-24 07:42:01.198 1510 INFO rally.task.runner [-] Task 2d08676b-9916-4c63-9ff8-4156109fb7bd | ITER: 2 START
2019-07-24 07:42:01.200 1511 INFO rally.task.runner [-] Task 2d08676b-9916-4c63-9ff8-4156109fb7bd | ITER: 3 START
2019-07-24 07:42:01.202 1512 INFO rally.task.runner [-] Task 2d08676b-9916-4c63-9ff8-4156109fb7bd | ITER: 4 START
2019-07-24 07:42:04.461 1511 RALLYDEBUG rally.task.utils [-] Waiting for resource u'5e9c2c6c-ce23-41d7-aa41-3e854c443098'. Status changed: NONE => QUEUED in 0.0320720672607
2019-07-24 07:42:04.470 1512 RALLYDEBUG rally.task.utils [-] Waiting for resource u'8d800d44-db38-4017-9a82-f1c8a1d322c5'. Status changed: NONE => QUEUED in 0.0298190116882
2019-07-24 07:42:04.474 1510 RALLYDEBUG rally.task.utils [-] Waiting for resource u'509a9b94-6716-4ae8-bae2-72656b8a5f55'. Status changed: NONE => QUEUED in 0.0311808586121
2019-07-24 07:42:04.831 1509 RALLYDEBUG rally.task.utils [-] Waiting for resource u'd565f647-0618-4f45-871c-df4e8623a331'. Status changed: NONE => QUEUED in 0.281986951828
2019-07-24 07:42:04.867 1510 RALLYDEBUG rally.task.utils [-] Waiting for resource s_rally_217fa809_nenOds80. Status changed: QUEUED => ACTIVE in 0.01740193367
2019-07-24 07:42:04.873 1512 RALLYDEBUG rally.task.utils [-] Waiting for resource s_rally_217fa809_1gVP8HaH. Status changed: QUEUED => ACTIVE in 0.0195240974426
2019-07-24 07:42:04.907 1511 RALLYDEBUG rally.task.utils [-] Waiting for resource s_rally_217fa809_UkbMsOUN. Status changed: QUEUED => ACTIVE in 0.0289669036865
2019-07-24 07:42:05.025 1510 INFO rally.task.runner [-] Task 2d08676b-9916-4c63-9ff8-4156109fb7bd | ITER: 2 END: OK
2019-07-24 07:42:05.029 1510 INFO rally.task.runner [-] Task 2d08676b-9916-4c63-9ff8-4156109fb7bd | ITER: 5 START
2019-07-24 07:42:05.273 1512 INFO rally.task.runner [-] Task 2d08676b-9916-4c63-9ff8-4156109fb7bd | ITER: 4 END: OK
2019-07-24 07:42:05.277 1512 INFO rally.task.runner [-] Task 2d08676b-9916-4c63-9ff8-4156109fb7bd | ITER: 6 START
2019-07-24 07:42:06.006 1511 INFO rally.task.runner [-] Task 2d08676b-9916-4c63-9ff8-4156109fb7bd | ITER: 3 END: OK
2019-07-24 07:42:06.009 1511 INFO rally.task.runner [-] Task 2d08676b-9916-4c63-9ff8-4156109fb7bd | ITER: 7 START
2019-07-24 07:42:06.046 1509 RALLYDEBUG rally.task.utils [-] Waiting for resource s_rally_217fa809_4sWs8O5U. Status changed: QUEUED => ACTIVE in 0.017746925354
2019-07-24 07:42:06.181 1509 INFO rally.task.runner [-] Task 2d08676b-9916-4c63-9ff8-4156109fb7bd | ITER: 1 END: OK
2019-07-24 07:42:06.185 1509 INFO rally.task.runner [-] Task 2d08676b-9916-4c63-9ff8-4156109fb7bd | ITER: 8 START
2019-07-24 07:42:08.311 1510 RALLYDEBUG rally.task.utils [-] Waiting for resource u'152c820f-de97-40f5-90b5-4441f9c349dc'. Status changed: NONE => QUEUED in 0.0312960147858
2019-07-24 07:42:08.587 1512 RALLYDEBUG rally.task.utils [-] Waiting for resource u'216d1876-cad0-41c2-9943-59c849d3cac8'. Status changed: NONE => QUEUED in 0.0297510623932
2019-07-24 07:42:09.252 1511 RALLYDEBUG rally.task.utils [-] Waiting for resource u'34770dcf-3fd8-4d0d-aa63-2fc37bea001b'. Status changed: NONE => QUEUED in 0.0312230587006
2019-07-24 07:42:09.285 1510 RALLYDEBUG rally.task.utils [-] Waiting for resource s_rally_217fa809_VgpHQg2E. Status changed: QUEUED => ACTIVE in 0.0209550857544
2019-07-24 07:42:09.430 1510 INFO rally.task.runner [-] Task 2d08676b-9916-4c63-9ff8-4156109fb7bd | ITER: 5 END: OK
2019-07-24 07:42:09.434 1510 INFO rally.task.runner [-] Task 2d08676b-9916-4c63-9ff8-4156109fb7bd | ITER: 9 START
2019-07-24 07:42:10.040 1509 RALLYDEBUG rally.task.utils [-] Waiting for resource u'8d01a02a-9f40-4b9e-83ba-a9c53664b29c'. Status changed: NONE => QUEUED in 0.641957044601
2019-07-24 07:42:10.084 1512 RALLYDEBUG rally.task.utils [-] Waiting for resource s_rally_217fa809_qktKJtW3. Status changed: QUEUED => ACTIVE in 0.0170960426331
2019-07-24 07:42:10.144 1511 RALLYDEBUG rally.task.utils [-] Waiting for resource s_rally_217fa809_DUekVH9Y. Status changed: QUEUED => ACTIVE in 0.0388450622559
2019-07-24 07:42:10.285 1512 INFO rally.task.runner [-] Task 2d08676b-9916-4c63-9ff8-4156109fb7bd | ITER: 6 END: OK
2019-07-24 07:42:10.289 1512 INFO rally.task.runner [-] Task 2d08676b-9916-4c63-9ff8-4156109fb7bd | ITER: 10 START
2019-07-24 07:42:11.287 1511 INFO rally.task.runner [-] Task 2d08676b-9916-4c63-9ff8-4156109fb7bd | ITER: 7 END: OK
2019-07-24 07:42:11.325 1509 RALLYDEBUG rally.task.utils [-] Waiting for resource s_rally_217fa809_2rUtSCba. Status changed: QUEUED => ACTIVE in 0.0175330638885
2019-07-24 07:42:11.473 1509 INFO rally.task.runner [-] Task 2d08676b-9916-4c63-9ff8-4156109fb7bd | ITER: 8 END: OK
2019-07-24 07:42:12.623 1510 RALLYDEBUG rally.task.utils [-] Waiting for resource u'8b870d45-a62c-486f-9d58-a1c28a4fe6ed'. Status changed: NONE => QUEUED in 0.0318849086761
2019-07-24 07:42:13.188 1510 RALLYDEBUG rally.task.utils [-] Waiting for resource s_rally_217fa809_KitEI2hp. Status changed: QUEUED => ACTIVE in 0.0181739330292
2019-07-24 07:42:13.330 1510 INFO rally.task.runner [-] Task 2d08676b-9916-4c63-9ff8-4156109fb7bd | ITER: 9 END: OK
2019-07-24 07:42:13.631 1512 RALLYDEBUG rally.task.utils [-] Waiting for resource u'9fdeea7f-c095-4b0f-878b-2485c04b8937'. Status changed: NONE => QUEUED in 0.0285658836365
2019-07-24 07:42:14.228 1512 RALLYDEBUG rally.task.utils [-] Waiting for resource s_rally_217fa809_KLkPurOR. Status changed: QUEUED => ACTIVE in 0.0174131393433
2019-07-24 07:42:14.570 1512 INFO rally.task.runner [-] Task 2d08676b-9916-4c63-9ff8-4156109fb7bd | ITER: 10 END: OK
2019-07-24 07:42:14.597 725 INFO rally.task.context [-] Task 2d08676b-9916-4c63-9ff8-4156109fb7bd | Context cleanup@openstack cleanup() started
2019-07-24 07:42:14.601 725 RALLYDEBUG rally_openstack.cleanup.manager [-] Cleaning up glance images objects
2019-07-24 07:42:17.125 725 RALLYDEBUG rally_openstack.cleanup.manager [-] Deleting glance.images object s_rally_217fa809_2rUtSCba (8d01a02a-9f40-4b9e-83ba-a9c53664b29c)
2019-07-24 07:42:17.132 725 RALLYDEBUG rally_openstack.cleanup.manager [-] Deleting glance.images object s_rally_217fa809_qktKJtW3 (216d1876-cad0-41c2-9943-59c849d3cac8)
2019-07-24 07:42:17.140 725 RALLYDEBUG rally_openstack.cleanup.manager [-] Deleting glance.images object s_rally_217fa809_VgpHQg2E (152c820f-de97-40f5-90b5-4441f9c349dc)
2019-07-24 07:42:17.141 725 RALLYDEBUG rally_openstack.cleanup.manager [-] Deleting glance.images object s_rally_217fa809_nenOds80 (509a9b94-6716-4ae8-bae2-72656b8a5f55)
2019-07-24 07:42:17.145 725 RALLYDEBUG rally_openstack.cleanup.manager [-] Deleting glance.images object s_rally_217fa809_KitEI2hp (8b870d45-a62c-486f-9d58-a1c28a4fe6ed)
2019-07-24 07:42:17.147 725 RALLYDEBUG rally_openstack.cleanup.manager [-] Deleting glance.images object s_rally_217fa809_DUekVH9Y (34770dcf-3fd8-4d0d-aa63-2fc37bea001b)
2019-07-24 07:42:17.154 725 RALLYDEBUG rally_openstack.cleanup.manager [-] Deleting glance.images object s_rally_217fa809_KLkPurOR (9fdeea7f-c095-4b0f-878b-2485c04b8937)
2019-07-24 07:42:17.161 725 RALLYDEBUG rally_openstack.cleanup.manager [-] Deleting glance.images object s_rally_217fa809_1gVP8HaH (8d800d44-db38-4017-9a82-f1c8a1d322c5)
2019-07-24 07:42:17.167 725 RALLYDEBUG rally_openstack.cleanup.manager [-] Deleting glance.images object s_rally_217fa809_UkbMsOUN (5e9c2c6c-ce23-41d7-aa41-3e854c443098)
2019-07-24 07:42:17.171 725 RALLYDEBUG rally_openstack.cleanup.manager [-] Deleting glance.images object s_rally_217fa809_4sWs8O5U (d565f647-0618-4f45-871c-df4e8623a331)
2019-07-24 07:42:18.599 725 DEBUG glanceclient.common.http [-] Request returned failure status 404. _handle_response /usr/lib/python2.7/site-packages/glanceclient/common/http.py:125
2019-07-24 07:42:18.605 725 DEBUG glanceclient.common.http [-] Request returned failure status 404. _handle_response /usr/lib/python2.7/site-packages/glanceclient/common/http.py:125
2019-07-24 07:42:18.605 725 DEBUG glanceclient.common.http [-] Request returned failure status 404. _handle_response /usr/lib/python2.7/site-packages/glanceclient/common/http.py:125
2019-07-24 07:42:18.619 725 DEBUG glanceclient.common.http [-] Request returned failure status 404. _handle_response /usr/lib/python2.7/site-packages/glanceclient/common/http.py:125
2019-07-24 07:42:18.626 725 DEBUG glanceclient.common.http [-] Request returned failure status 404. _handle_response /usr/lib/python2.7/site-packages/glanceclient/common/http.py:125
2019-07-24 07:42:18.636 725 DEBUG glanceclient.common.http [-] Request returned failure status 404. _handle_response /usr/lib/python2.7/site-packages/glanceclient/common/http.py:125
2019-07-24 07:42:18.636 725 DEBUG glanceclient.common.http [-] Request returned failure status 404. _handle_response /usr/lib/python2.7/site-packages/glanceclient/common/http.py:125
2019-07-24 07:42:18.636 725 DEBUG glanceclient.common.http [-] Request returned failure status 404. _handle_response /usr/lib/python2.7/site-packages/glanceclient/common/http.py:125
2019-07-24 07:42:18.655 725 DEBUG glanceclient.common.http [-] Request returned failure status 404. _handle_response /usr/lib/python2.7/site-packages/glanceclient/common/http.py:125
2019-07-24 07:42:18.657 725 DEBUG glanceclient.common.http [-] Request returned failure status 404. _handle_response /usr/lib/python2.7/site-packages/glanceclient/common/http.py:125
2019-07-24 07:42:19.545 725 DEBUG glanceclient.common.http [-] Request returned failure status 404. _handle_response /usr/lib/python2.7/site-packages/glanceclient/common/http.py:125
2019-07-24 07:42:19.570 725 DEBUG glanceclient.common.http [-] Request returned failure status 404. _handle_response /usr/lib/python2.7/site-packages/glanceclient/common/http.py:125
