2019-07-24 07:35:38.293 7 RALLYDEBUG rally.api [-] INFO logs from urllib3 and requests module are hide.
2019-07-24 07:35:38.293 7 RALLYDEBUG rally.api [-] urllib3 insecure warnings are hidden.
2019-07-24 07:35:38.293 7 RALLYDEBUG rally.api [-] ERROR log from boto module is hide.
2019-07-24 07:35:39.488 7 ERROR rally.cli.cliutils [-] Unexpected exception in CLI: DBRecordNotFound: Record for uuid or name is opnfv-rally not found in table envs
2019-07-24 07:35:39.488 7 ERROR rally.cli.cliutils
Traceback (most recent call last):
2019-07-24 07:35:39.488 7 ERROR rally.cli.cliutils
File "/usr/lib/python2.7/site-packages/rally/cli/cliutils.py", line 674, in run
2019-07-24 07:35:39.488 7 ERROR rally.cli.cliutils ret = fn(*fn_args, **fn_kwargs)
2019-07-24 07:35:39.488 7 ERROR rally.cli.cliutils File "", line 2, in destroy
2019-07-24 07:35:39.488 7 ERROR rally.cli.cliutils
File "/usr/lib/python2.7/site-packages/rally/cli/envutils.py", line 69, in default_from_global
2019-07-24 07:35:39.488 7 ERROR rally.cli.cliutils return f(*args, **kwargs)
2019-07-24 07:35:39.488 7 ERROR rally.cli.cliutils File "", line 2, in destroy
2019-07-24 07:35:39.488 7 ERROR rally.cli.cliutils
File "/usr/lib/python2.7/site-packages/rally/plugins/__init__.py", line 51, in ensure_plugins_are_loaded
2019-07-24 07:35:39.488 7 ERROR rally.cli.cliutils return f(*args, **kwargs)
2019-07-24 07:35:39.488 7 ERROR rally.cli.cliutils
File "/usr/lib/python2.7/site-packages/rally/cli/commands/deployment.py", line 140, in destroy
2019-07-24 07:35:39.488 7 ERROR rally.cli.cliutils api.deployment.destroy(deployment=deployment)
2019-07-24 07:35:39.488 7 ERROR rally.cli.cliutils
File "/usr/lib/python2.7/site-packages/rally/api.py", line 115, in destroy
2019-07-24 07:35:39.488 7 ERROR rally.cli.cliutils deploy = objects.Deployment.get(deployment)
2019-07-24 07:35:39.488 7 ERROR rally.cli.cliutils
File "/usr/lib/python2.7/site-packages/rally/common/objects/deploy.py", line 124, in get
2019-07-24 07:35:39.488 7 ERROR rally.cli.cliutils return Deployment(env_mgr.EnvManager.get(deploy))
2019-07-24 07:35:39.488 7 ERROR rally.cli.cliutils
File "/usr/lib/python2.7/site-packages/rally/env/env_mgr.py", line 212, in get
2019-07-24 07:35:39.488 7 ERROR rally.cli.cliutils return cls(db.env_get(uuid_or_name))
2019-07-24 07:35:39.488 7 ERROR rally.cli.cliutils
File "/usr/lib/python2.7/site-packages/rally/common/db/api.py", line 135, in wrapper
2019-07-24 07:35:39.488 7 ERROR rally.cli.cliutils result = f(session, *args, **kwargs)
2019-07-24 07:35:39.488 7 ERROR rally.cli.cliutils
File "/usr/lib/python2.7/site-packages/rally/common/db/api.py", line 521, in env_get
2019-07-24 07:35:39.488 7 ERROR rally.cli.cliutils criteria="uuid or name is %s" % uuid_or_name, table="envs")
2019-07-24 07:35:39.488 7 ERROR rally.cli.cliutils DBRecordNotFound: Record for uuid or name is opnfv-rally not found in table envs
2019-07-24 07:35:39.488 7 ERROR rally.cli.cliutils
2019-07-24 07:35:40.229 9 RALLYDEBUG rally.api [-] INFO logs from urllib3 and requests module are hide.
2019-07-24 07:35:40.230 9 RALLYDEBUG rally.api [-] urllib3 insecure warnings are hidden.
2019-07-24 07:35:40.230 9 RALLYDEBUG rally.api [-] ERROR log from boto module is hide.
2019-07-24 07:35:41.532 9 WARNING rally_openstack.platforms.existing [-] endpoint is deprecated and not used.
2019-07-24 07:35:42.423 11 RALLYDEBUG rally.api [-] INFO logs from urllib3 and requests module are hide.
2019-07-24 07:35:42.423 11 RALLYDEBUG rally.api [-] urllib3 insecure warnings are hidden.
2019-07-24 07:35:42.423 11 RALLYDEBUG rally.api [-] ERROR log from boto module is hide.
2019-07-24 07:35:45.515 14 RALLYDEBUG rally.api [-] INFO logs from urllib3 and requests module are hide.
2019-07-24 07:35:45.515 14 RALLYDEBUG rally.api [-] urllib3 insecure warnings are hidden.
2019-07-24 07:35:45.515 14 RALLYDEBUG rally.api [-] ERROR log from boto module is hide.
2019-07-24 07:35:46.887 16 RALLYDEBUG rally.api [-] INFO logs from urllib3 and requests module are hide.
2019-07-24 07:35:46.887 16 RALLYDEBUG rally.api [-] urllib3 insecure warnings are hidden.
2019-07-24 07:35:46.888 16 RALLYDEBUG rally.api [-] ERROR log from boto module is hide.
2019-07-24 07:35:48.167 16 INFO rally.task.engine [-] Task 9eb4ae36-3e54-49ec-89f2-c2d549688155 | Starting: Task validation.
2019-07-24 07:35:48.210 16 INFO rally.task.engine [-] Task 9eb4ae36-3e54-49ec-89f2-c2d549688155 | Starting: Task validation of syntax.
2019-07-24 07:35:48.262 16 INFO rally.task.engine [-] Task 9eb4ae36-3e54-49ec-89f2-c2d549688155 | Completed: Task validation of syntax.
2019-07-24 07:35:48.263 16 INFO rally.task.engine [-] Task 9eb4ae36-3e54-49ec-89f2-c2d549688155 | Starting: Task validation of required platforms.
2019-07-24 07:35:48.289 16 INFO rally.task.engine [-] Task 9eb4ae36-3e54-49ec-89f2-c2d549688155 | Completed: Task validation of required platforms.
2019-07-24 07:35:48.289 16 INFO rally.task.engine [-] Task 9eb4ae36-3e54-49ec-89f2-c2d549688155 | Starting: Task validation of semantic.
2019-07-24 07:35:48.289 16 INFO rally.task.engine [-] Check health of the environment 'e2faaa4b-7965-4b36-ae99-18f4aa8df210'.
2019-07-24 07:35:49.077 16 INFO rally.task.engine [-] Platform existing@openstack (available: True): OK!
2019-07-24 07:35:49.098 16 RALLYDEBUG rally_openstack.contexts.keystone.users [-] Creating 1 tenants using 20 threads
2019-07-24 07:35:50.692 16 RALLYDEBUG rally_openstack.contexts.keystone.users [-] Creating 1 users using 20 threads
2019-07-24 07:35:53.147 16 INFO rally.task.context [-] Task 9eb4ae36-3e54-49ec-89f2-c2d549688155 | Context users@openstack setup() finished in 4.05 sec
2019-07-24 07:35:53.196 16 INFO rally.task.context [-] Task 9eb4ae36-3e54-49ec-89f2-c2d549688155 | Context users@openstack cleanup() started
2019-07-24 07:35:58.152 16 INFO rally.task.context [-] Task 9eb4ae36-3e54-49ec-89f2-c2d549688155 | Context users@openstack cleanup() finished in 4.96 sec
2019-07-24 07:35:58.153 16 INFO rally.task.engine [-] Task 9eb4ae36-3e54-49ec-89f2-c2d549688155 | Completed: Task validation of semantic.
2019-07-24 07:35:58.153 16 INFO rally.task.engine [-] Task 9eb4ae36-3e54-49ec-89f2-c2d549688155 | Completed: Task validation.
2019-07-24 07:35:58.154 16 INFO rally.api [-] Task 9eb4ae36-3e54-49ec-89f2-c2d549688155 input file is valid.
2019-07-24 07:35:58.154 16 INFO rally.api [-] Run Task 9eb4ae36-3e54-49ec-89f2-c2d549688155 against Deployment e2faaa4b-7965-4b36-ae99-18f4aa8df210
2019-07-24 07:35:58.154 16 INFO rally.task.engine [-] Task 9eb4ae36-3e54-49ec-89f2-c2d549688155 | Starting: Running task.
2019-07-24 07:35:58.301 16 INFO rally.task.engine [-] Running workload: position = 0 config = { "version": 2, "title": "A cropped version of a bigger task.", "description": "Auto-generated task from a single workload (uuid=93cc3f7b-7e23-4aec-9334-811835cb0316)", "subtasks": [ { "title": "Authenticate.keystone", "description": "Check Keystone Client.", "scenario": { "Authenticate.keystone": {} }, "contexts": { "users": { "tenants": 3, "users_per_tenant": 2 } }, "runner": { "constant": { "concurrency": 4, "times": 10 } }, "hooks": [], "sla": { "failure_rate": { "max": 0 } } } ] }
2019-07-24 07:35:58.322 16 RALLYDEBUG rally_openstack.contexts.keystone.users [-] Creating 3 tenants using 20 threads
2019-07-24 07:36:00.113 16 RALLYDEBUG rally_openstack.contexts.keystone.users [-] Creating 6 users using 20 threads
2019-07-24 07:36:02.734 16 INFO rally.task.context [-] Task 9eb4ae36-3e54-49ec-89f2-c2d549688155 | Context users@openstack setup() finished in 4.41 sec
2019-07-24 07:36:02.741 16 RALLYDEBUG rally.task.runner [-] Starting the constant runner (task UUID: 9eb4ae36-3e54-49ec-89f2-c2d549688155). timeout: 0 concurrency: 4 concurrency_per_worker: 1 times: 10 concurrency_overhead: 0 processes_to_start: 4 max_cpu_used: 16
2019-07-24 07:36:02.756 140 RALLYDEBUG rally.task.runner [-] Starting a worker. concurrency: 1 args: {} times: 10 method_name: run timeout: 0 duration: None cls:
2019-07-24 07:36:02.759 141 RALLYDEBUG rally.task.runner [-] Starting a worker. concurrency: 1 args: {} times: 10 method_name: run timeout: 0 duration: None cls:
2019-07-24 07:36:02.761 142 RALLYDEBUG rally.task.runner [-] Starting a worker. concurrency: 1 args: {} times: 10 method_name: run timeout: 0 duration: None cls:
2019-07-24 07:36:02.762 140 INFO rally.task.runner [-] Task 9eb4ae36-3e54-49ec-89f2-c2d549688155 | ITER: 1 START
2019-07-24 07:36:02.764 143 RALLYDEBUG rally.task.runner [-] Starting a worker. concurrency: 1 args: {} times: 10 method_name: run timeout: 0 duration: None cls:
2019-07-24 07:36:02.765 141 INFO rally.task.runner [-] Task 9eb4ae36-3e54-49ec-89f2-c2d549688155 | ITER: 2 START
2019-07-24 07:36:02.767 142 INFO rally.task.runner [-] Task 9eb4ae36-3e54-49ec-89f2-c2d549688155 | ITER: 3 START
2019-07-24 07:36:02.769 143 INFO rally.task.runner [-] Task 9eb4ae36-3e54-49ec-89f2-c2d549688155 | ITER: 4 START
2019-07-24 07:36:03.350 141 INFO rally.task.runner [-] Task 9eb4ae36-3e54-49ec-89f2-c2d549688155 | ITER: 2 END: OK
2019-07-24 07:36:03.354 141 INFO rally.task.runner [-] Task 9eb4ae36-3e54-49ec-89f2-c2d549688155 | ITER: 5 START
2019-07-24 07:36:03.358 140 INFO rally.task.runner [-] Task 9eb4ae36-3e54-49ec-89f2-c2d549688155 | ITER: 1 END: OK
2019-07-24 07:36:03.361 140 INFO rally.task.runner [-] Task 9eb4ae36-3e54-49ec-89f2-c2d549688155 | ITER: 6 START
2019-07-24 07:36:03.361 142 INFO rally.task.runner [-] Task 9eb4ae36-3e54-49ec-89f2-c2d549688155 | ITER: 3 END: OK
2019-07-24 07:36:03.365 142 INFO rally.task.runner [-] Task 9eb4ae36-3e54-49ec-89f2-c2d549688155 | ITER: 7 START
2019-07-24 07:36:03.479 143 INFO rally.task.runner [-] Task 9eb4ae36-3e54-49ec-89f2-c2d549688155 | ITER: 4 END: OK
2019-07-24 07:36:03.483 143 INFO rally.task.runner [-] Task 9eb4ae36-3e54-49ec-89f2-c2d549688155 | ITER: 8 START
2019-07-24 07:36:03.948 141 INFO rally.task.runner [-] Task 9eb4ae36-3e54-49ec-89f2-c2d549688155 | ITER: 5 END: OK
2019-07-24 07:36:03.951 141 INFO rally.task.runner [-] Task 9eb4ae36-3e54-49ec-89f2-c2d549688155 | ITER: 9 START
2019-07-24 07:36:03.958 142 INFO rally.task.runner [-] Task 9eb4ae36-3e54-49ec-89f2-c2d549688155 | ITER: 7 END: OK
2019-07-24 07:36:03.959 140 INFO rally.task.runner [-] Task 9eb4ae36-3e54-49ec-89f2-c2d549688155 | ITER: 6 END: OK
2019-07-24 07:36:03.961 142 INFO rally.task.runner [-] Task 9eb4ae36-3e54-49ec-89f2-c2d549688155 | ITER: 10 START
2019-07-24 07:36:04.194 143 INFO rally.task.runner [-] Task 9eb4ae36-3e54-49ec-89f2-c2d549688155 | ITER: 8 END: OK
2019-07-24 07:36:04.533 142 INFO rally.task.runner [-] Task 9eb4ae36-3e54-49ec-89f2-c2d549688155 | ITER: 10 END: OK
2019-07-24 07:36:04.537 141 INFO rally.task.runner [-] Task 9eb4ae36-3e54-49ec-89f2-c2d549688155 | ITER: 9 END: OK
2019-07-24 07:36:04.563 16 INFO rally.task.context [-] Task 9eb4ae36-3e54-49ec-89f2-c2d549688155 | Context users@openstack cleanup() started
2019-07-24 07:36:11.958 16 INFO rally.task.context [-] Task 9eb4ae36-3e54-49ec-89f2-c2d549688155 | Context users@openstack cleanup() finished in 7.39 sec
2019-07-24 07:36:12.393 16 INFO rally.task.engine [-] Load duration is: 1.773271
2019-07-24 07:36:12.393 16 INFO rally.task.engine [-] Full runner duration is: 1.822516
2019-07-24 07:36:12.394 16 INFO rally.task.engine [-] Full duration is: 13.638537
2019-07-24 07:36:12.619 16 INFO rally.task.engine [-] Running workload: position = 0 config = { "version": 2, "title": "A cropped version of a bigger task.", "description": "Auto-generated task from a single workload (uuid=4c67a6be-ef10-4282-a3ab-a0b6439f6c89)", "subtasks": [ { "title": "Authenticate.validate_cinder", "description": "Check Cinder Client to ensure validation of token.", "scenario": { "Authenticate.validate_cinder": { "repetitions": 2 } }, "contexts": { "users": { "tenants": 3, "users_per_tenant": 2 } }, "runner": { "constant": { "concurrency": 4, "times": 10 } }, "hooks": [], "sla": { "failure_rate": { "max": 0 } } } ] }
2019-07-24 07:36:12.639 16 RALLYDEBUG rally_openstack.contexts.keystone.users [-] Creating 3 tenants using 20 threads
2019-07-24 07:36:14.543 16 RALLYDEBUG rally_openstack.contexts.keystone.users [-] Creating 6 users using 20 threads
2019-07-24 07:36:17.290 16 INFO rally.task.context [-] Task 9eb4ae36-3e54-49ec-89f2-c2d549688155 | Context users@openstack setup() finished in 4.65 sec
2019-07-24 07:36:17.297 16 RALLYDEBUG rally.task.runner [-] Starting the constant runner (task UUID: 9eb4ae36-3e54-49ec-89f2-c2d549688155). timeout: 0 concurrency: 4 concurrency_per_worker: 1 times: 10 concurrency_overhead: 0 processes_to_start: 4 max_cpu_used: 16
2019-07-24 07:36:17.309 244 RALLYDEBUG rally.task.runner [-] Starting a worker. concurrency: 1 args: {"repetitions": 2} times: 10 method_name: run timeout: 0 duration: None cls:
2019-07-24 07:36:17.311 245 RALLYDEBUG rally.task.runner [-] Starting a worker. concurrency: 1 args: {"repetitions": 2} times: 10 method_name: run timeout: 0 duration: None cls:
2019-07-24 07:36:17.314 246 RALLYDEBUG rally.task.runner [-] Starting a worker. concurrency: 1 args: {"repetitions": 2} times: 10 method_name: run timeout: 0 duration: None cls:
2019-07-24 07:36:17.315 244 INFO rally.task.runner [-] Task 9eb4ae36-3e54-49ec-89f2-c2d549688155 | ITER: 1 START
2019-07-24 07:36:17.317 245 INFO rally.task.runner [-] Task 9eb4ae36-3e54-49ec-89f2-c2d549688155 | ITER: 2 START
2019-07-24 07:36:17.317 247 RALLYDEBUG rally.task.runner [-] Starting a worker. concurrency: 1 args: {"repetitions": 2} times: 10 method_name: run timeout: 0 duration: None cls:
2019-07-24 07:36:17.320 246 INFO rally.task.runner [-] Task 9eb4ae36-3e54-49ec-89f2-c2d549688155 | ITER: 3 START
2019-07-24 07:36:17.323 247 INFO rally.task.runner [-] Task 9eb4ae36-3e54-49ec-89f2-c2d549688155 | ITER: 4 START
2019-07-24 07:36:19.215 245 INFO rally.task.runner [-] Task 9eb4ae36-3e54-49ec-89f2-c2d549688155 | ITER: 2 END: OK
2019-07-24 07:36:19.219 245 INFO rally.task.runner [-] Task 9eb4ae36-3e54-49ec-89f2-c2d549688155 | ITER: 5 START
2019-07-24 07:36:19.222 247 INFO rally.task.runner [-] Task 9eb4ae36-3e54-49ec-89f2-c2d549688155 | ITER: 4 END: OK
2019-07-24 07:36:19.226 247 INFO rally.task.runner [-] Task 9eb4ae36-3e54-49ec-89f2-c2d549688155 | ITER: 6 START
2019-07-24 07:36:19.258 244 INFO rally.task.runner [-] Task 9eb4ae36-3e54-49ec-89f2-c2d549688155 | ITER: 1 END: OK
2019-07-24 07:36:19.261 244 INFO rally.task.runner [-] Task 9eb4ae36-3e54-49ec-89f2-c2d549688155 | ITER: 7 START
2019-07-24 07:36:19.338 246 INFO rally.task.runner [-] Task 9eb4ae36-3e54-49ec-89f2-c2d549688155 | ITER: 3 END: OK
2019-07-24 07:36:19.342 246 INFO rally.task.runner [-] Task 9eb4ae36-3e54-49ec-89f2-c2d549688155 | ITER: 8 START
2019-07-24 07:36:20.080 244 INFO rally.task.runner [-] Task 9eb4ae36-3e54-49ec-89f2-c2d549688155 | ITER: 7 END: OK
2019-07-24 07:36:20.084 244 INFO rally.task.runner [-] Task 9eb4ae36-3e54-49ec-89f2-c2d549688155 | ITER: 9 START
2019-07-24 07:36:21.429 247 INFO rally.task.runner [-] Task 9eb4ae36-3e54-49ec-89f2-c2d549688155 | ITER: 6 END: OK
2019-07-24 07:36:21.433 247 INFO rally.task.runner [-] Task 9eb4ae36-3e54-49ec-89f2-c2d549688155 | ITER: 10 START
2019-07-24 07:36:21.516 245 INFO rally.task.runner [-] Task 9eb4ae36-3e54-49ec-89f2-c2d549688155 | ITER: 5 END: OK
2019-07-24 07:36:21.884 244 INFO rally.task.runner [-] Task 9eb4ae36-3e54-49ec-89f2-c2d549688155 | ITER: 9 END: OK
2019-07-24 07:36:22.345 246 INFO rally.task.runner [-] Task 9eb4ae36-3e54-49ec-89f2-c2d549688155 | ITER: 8 END: OK
2019-07-24 07:36:22.366 247 INFO rally.task.runner [-] Task 9eb4ae36-3e54-49ec-89f2-c2d549688155 | ITER: 10 END: OK
2019-07-24 07:36:22.385 16 INFO rally.task.context [-] Task 9eb4ae36-3e54-49ec-89f2-c2d549688155 | Context users@openstack cleanup() started
2019-07-24 07:36:29.418 16 INFO rally.task.context [-] Task 9eb4ae36-3e54-49ec-89f2-c2d549688155 | Context users@openstack cleanup() finished in 7.03 sec
2019-07-24 07:36:30.727 16 INFO rally.task.engine [-] Load duration is: 5.048684
2019-07-24 07:36:30.727 16 INFO rally.task.engine [-] Full runner duration is: 5.089023
2019-07-24 07:36:30.727 16 INFO rally.task.engine [-] Full duration is: 16.780038
2019-07-24 07:36:30.959 16 INFO rally.task.engine [-] Running workload: position = 0 config = { "version": 2, "title": "A cropped version of a bigger task.", "description": "Auto-generated task from a single workload (uuid=6295dfb3-2a87-456f-be16-0eba5d9b9656)", "subtasks": [ { "title": "Authenticate.validate_glance", "description": "Check Glance Client to ensure validation of token.", "scenario": { "Authenticate.validate_glance": { "repetitions": 2 } }, "contexts": { "users": { "tenants": 3, "users_per_tenant": 2 } }, "runner": { "constant": { "concurrency": 4, "times": 10 } }, "hooks": [], "sla": { "failure_rate": { "max": 0 } } } ] }
2019-07-24 07:36:30.979 16 RALLYDEBUG rally_openstack.contexts.keystone.users [-] Creating 3 tenants using 20 threads
2019-07-24 07:36:32.729 16 RALLYDEBUG rally_openstack.contexts.keystone.users [-] Creating 6 users using 20 threads
2019-07-24 07:36:35.530 16 INFO rally.task.context [-] Task 9eb4ae36-3e54-49ec-89f2-c2d549688155 | Context users@openstack setup() finished in 4.55 sec
2019-07-24 07:36:35.537 16 RALLYDEBUG rally.task.runner [-] Starting the constant runner (task UUID: 9eb4ae36-3e54-49ec-89f2-c2d549688155). timeout: 0 concurrency: 4 concurrency_per_worker: 1 times: 10 concurrency_overhead: 0 processes_to_start: 4 max_cpu_used: 16
2019-07-24 07:36:35.549 348 RALLYDEBUG rally.task.runner [-] Starting a worker. concurrency: 1 args: {"repetitions": 2} times: 10 method_name: run timeout: 0 duration: None cls:
2019-07-24 07:36:35.552 349 RALLYDEBUG rally.task.runner [-] Starting a worker. concurrency: 1 args: {"repetitions": 2} times: 10 method_name: run timeout: 0 duration: None cls:
2019-07-24 07:36:35.555 348 INFO rally.task.runner [-] Task 9eb4ae36-3e54-49ec-89f2-c2d549688155 | ITER: 1 START
2019-07-24 07:36:35.555 350 RALLYDEBUG rally.task.runner [-] Starting a worker. concurrency: 1 args: {"repetitions": 2} times: 10 method_name: run timeout: 0 duration: None cls:
2019-07-24 07:36:35.558 349 INFO rally.task.runner [-] Task 9eb4ae36-3e54-49ec-89f2-c2d549688155 | ITER: 2 START
2019-07-24 07:36:35.559 351 RALLYDEBUG rally.task.runner [-] Starting a worker. concurrency: 1 args: {"repetitions": 2} times: 10 method_name: run timeout: 0 duration: None cls:
2019-07-24 07:36:35.561 350 INFO rally.task.runner [-] Task 9eb4ae36-3e54-49ec-89f2-c2d549688155 | ITER: 3 START
2019-07-24 07:36:35.564 351 INFO rally.task.runner [-] Task 9eb4ae36-3e54-49ec-89f2-c2d549688155 | ITER: 4 START
2019-07-24 07:36:36.374 348 INFO rally.task.runner [-] Task 9eb4ae36-3e54-49ec-89f2-c2d549688155 | ITER: 1 END: OK
2019-07-24 07:36:36.379 348 INFO rally.task.runner [-] Task 9eb4ae36-3e54-49ec-89f2-c2d549688155 | ITER: 5 START
2019-07-24 07:36:36.394 350 INFO rally.task.runner [-] Task 9eb4ae36-3e54-49ec-89f2-c2d549688155 | ITER: 3 END: OK
2019-07-24 07:36:36.397 350 INFO rally.task.runner [-] Task 9eb4ae36-3e54-49ec-89f2-c2d549688155 | ITER: 6 START
2019-07-24 07:36:36.425 349 INFO rally.task.runner [-] Task 9eb4ae36-3e54-49ec-89f2-c2d549688155 | ITER: 2 END: OK
2019-07-24 07:36:36.427 351 INFO rally.task.runner [-] Task 9eb4ae36-3e54-49ec-89f2-c2d549688155 | ITER: 4 END: OK
2019-07-24 07:36:36.429 349 INFO rally.task.runner [-] Task 9eb4ae36-3e54-49ec-89f2-c2d549688155 | ITER: 7 START
2019-07-24 07:36:36.430 351 INFO rally.task.runner [-] Task 9eb4ae36-3e54-49ec-89f2-c2d549688155 | ITER: 8 START
2019-07-24 07:36:37.166 350 INFO rally.task.runner [-] Task 9eb4ae36-3e54-49ec-89f2-c2d549688155 | ITER: 6 END: OK
2019-07-24 07:36:37.170 350 INFO rally.task.runner [-] Task 9eb4ae36-3e54-49ec-89f2-c2d549688155 | ITER: 9 START
2019-07-24 07:36:37.247 351 INFO rally.task.runner [-] Task 9eb4ae36-3e54-49ec-89f2-c2d549688155 | ITER: 8 END: OK
2019-07-24 07:36:37.250 351 INFO rally.task.runner [-] Task 9eb4ae36-3e54-49ec-89f2-c2d549688155 | ITER: 10 START
2019-07-24 07:36:37.346 348 INFO rally.task.runner [-] Task 9eb4ae36-3e54-49ec-89f2-c2d549688155 | ITER: 5 END: OK
2019-07-24 07:36:37.348 349 INFO rally.task.runner [-] Task 9eb4ae36-3e54-49ec-89f2-c2d549688155 | ITER: 7 END: OK
2019-07-24 07:36:37.950 351 INFO rally.task.runner [-] Task 9eb4ae36-3e54-49ec-89f2-c2d549688155 | ITER: 10 END: OK
2019-07-24 07:36:38.022 350 INFO rally.task.runner [-] Task 9eb4ae36-3e54-49ec-89f2-c2d549688155 | ITER: 9 END: OK
2019-07-24 07:36:38.045 16 INFO rally.task.context [-] Task 9eb4ae36-3e54-49ec-89f2-c2d549688155 | Context users@openstack cleanup() started
2019-07-24 07:36:44.871 16 INFO rally.task.context [-] Task 9eb4ae36-3e54-49ec-89f2-c2d549688155 | Context users@openstack cleanup() finished in 6.82 sec
2019-07-24 07:36:45.051 16 INFO rally.task.engine [-] Load duration is: 2.465065
2019-07-24 07:36:45.052 16 INFO rally.task.engine [-] Full runner duration is: 2.508626
2019-07-24 07:36:45.052 16 INFO rally.task.engine [-] Full duration is: 13.893974
2019-07-24 07:36:45.266 16 INFO rally.task.engine [-] Running workload: position = 0 config = { "version": 2, "title": "A cropped version of a bigger task.", "description": "Auto-generated task from a single workload (uuid=4e670691-556c-45e6-a578-e377e47060be)", "subtasks": [ { "title": "Authenticate.validate_heat", "description": "Check Heat Client to ensure validation of token.", "scenario": { "Authenticate.validate_heat": { "repetitions": 2 } }, "contexts": { "users": { "tenants": 3, "users_per_tenant": 2 } }, "runner": { "constant": { "concurrency": 4, "times": 10 } }, "hooks": [], "sla": { "failure_rate": { "max": 0 } } } ] }
2019-07-24 07:36:45.293 16 RALLYDEBUG rally_openstack.contexts.keystone.users [-] Creating 3 tenants using 20 threads
2019-07-24 07:36:47.282 16 RALLYDEBUG rally_openstack.contexts.keystone.users [-] Creating 6 users using 20 threads
2019-07-24 07:36:50.049 16 INFO rally.task.context [-] Task 9eb4ae36-3e54-49ec-89f2-c2d549688155 | Context users@openstack setup() finished in 4.76 sec
2019-07-24 07:36:50.056 16 RALLYDEBUG rally.task.runner [-] Starting the constant runner (task UUID: 9eb4ae36-3e54-49ec-89f2-c2d549688155). timeout: 0 concurrency: 4 concurrency_per_worker: 1 times: 10 concurrency_overhead: 0 processes_to_start: 4 max_cpu_used: 16
2019-07-24 07:36:50.068 452 RALLYDEBUG rally.task.runner [-] Starting a worker. concurrency: 1 args: {"repetitions": 2} times: 10 method_name: run timeout: 0 duration: None cls:
2019-07-24 07:36:50.072 453 RALLYDEBUG rally.task.runner [-] Starting a worker. concurrency: 1 args: {"repetitions": 2} times: 10 method_name: run timeout: 0 duration: None cls:
2019-07-24 07:36:50.075 452 INFO rally.task.runner [-] Task 9eb4ae36-3e54-49ec-89f2-c2d549688155 | ITER: 1 START
2019-07-24 07:36:50.074 454 RALLYDEBUG rally.task.runner [-] Starting a worker. concurrency: 1 args: {"repetitions": 2} times: 10 method_name: run timeout: 0 duration: None cls:
2019-07-24 07:36:50.076 455 RALLYDEBUG rally.task.runner [-] Starting a worker. concurrency: 1 args: {"repetitions": 2} times: 10 method_name: run timeout: 0 duration: None cls:
2019-07-24 07:36:50.078 453 INFO rally.task.runner [-] Task 9eb4ae36-3e54-49ec-89f2-c2d549688155 | ITER: 2 START
2019-07-24 07:36:50.081 455 INFO rally.task.runner [-] Task 9eb4ae36-3e54-49ec-89f2-c2d549688155 | ITER: 4 START
2019-07-24 07:36:50.081 454 INFO rally.task.runner [-] Task 9eb4ae36-3e54-49ec-89f2-c2d549688155 | ITER: 3 START
2019-07-24 07:36:51.985 452 INFO rally.task.runner [-] Task 9eb4ae36-3e54-49ec-89f2-c2d549688155 | ITER: 1 END: OK
2019-07-24 07:36:51.989 452 INFO rally.task.runner [-] Task 9eb4ae36-3e54-49ec-89f2-c2d549688155 | ITER: 5 START
2019-07-24 07:36:51.999 455 INFO rally.task.runner [-] Task 9eb4ae36-3e54-49ec-89f2-c2d549688155 | ITER: 4 END: OK
2019-07-24 07:36:52.002 455 INFO rally.task.runner [-] Task 9eb4ae36-3e54-49ec-89f2-c2d549688155 | ITER: 6 START
2019-07-24 07:36:52.015 453 INFO rally.task.runner [-] Task 9eb4ae36-3e54-49ec-89f2-c2d549688155 | ITER: 2 END: OK
2019-07-24 07:36:52.019 453 INFO rally.task.runner [-] Task 9eb4ae36-3e54-49ec-89f2-c2d549688155 | ITER: 7 START
2019-07-24 07:36:52.039 454 INFO rally.task.runner [-] Task 9eb4ae36-3e54-49ec-89f2-c2d549688155 | ITER: 3 END: OK
2019-07-24 07:36:52.043 454 INFO rally.task.runner [-] Task 9eb4ae36-3e54-49ec-89f2-c2d549688155 | ITER: 8 START
2019-07-24 07:36:53.107 454 INFO rally.task.runner [-] Task 9eb4ae36-3e54-49ec-89f2-c2d549688155 | ITER: 8 END: OK
2019-07-24 07:36:53.110 454 INFO rally.task.runner [-] Task 9eb4ae36-3e54-49ec-89f2-c2d549688155 | ITER: 9 START
2019-07-24 07:36:53.298 452 INFO rally.task.runner [-] Task 9eb4ae36-3e54-49ec-89f2-c2d549688155 | ITER: 5 END: OK
2019-07-24 07:36:53.302 452 INFO rally.task.runner [-] Task 9eb4ae36-3e54-49ec-89f2-c2d549688155 | ITER: 10 START
2019-07-24 07:36:53.459 455 INFO rally.task.runner [-] Task 9eb4ae36-3e54-49ec-89f2-c2d549688155 | ITER: 6 END: OK
2019-07-24 07:36:53.712 453 INFO rally.task.runner [-] Task 9eb4ae36-3e54-49ec-89f2-c2d549688155 | ITER: 7 END: OK
2019-07-24 07:36:53.951 454 INFO rally.task.runner [-] Task 9eb4ae36-3e54-49ec-89f2-c2d549688155 | ITER: 9 END: OK
2019-07-24 07:36:54.128 452 INFO rally.task.runner [-] Task 9eb4ae36-3e54-49ec-89f2-c2d549688155 | ITER: 10 END: OK
2019-07-24 07:36:54.158 16 INFO rally.task.context [-] Task 9eb4ae36-3e54-49ec-89f2-c2d549688155 | Context users@openstack cleanup() started
2019-07-24 07:37:01.381 16 INFO rally.task.context [-] Task 9eb4ae36-3e54-49ec-89f2-c2d549688155 | Context users@openstack cleanup() finished in 7.22 sec
2019-07-24 07:37:01.427 16 INFO rally.task.engine [-] Load duration is: 4.050866
2019-07-24 07:37:01.428 16 INFO rally.task.engine [-] Full runner duration is: 4.102113
2019-07-24 07:37:01.428 16 INFO rally.task.engine [-] Full duration is: 16.092557
2019-07-24 07:37:01.673 16 INFO rally.task.engine [-] Running workload: position = 0 config = { "version": 2, "title": "A cropped version of a bigger task.", "description": "Auto-generated task from a single workload (uuid=7b5d7d9f-8b81-405d-a02c-1445c1e00786)", "subtasks": [ { "title": "Authenticate.validate_neutron", "description": "Check Neutron Client to ensure validation of token.", "scenario": { "Authenticate.validate_neutron": { "repetitions": 2 } }, "contexts": { "users": { "tenants": 3, "users_per_tenant": 2 } }, "runner": { "constant": { "concurrency": 4, "times": 10 } }, "hooks": [], "sla": { "failure_rate": { "max": 0 } } } ] }
2019-07-24 07:37:01.696 16 RALLYDEBUG rally_openstack.contexts.keystone.users [-] Creating 3 tenants using 20 threads
2019-07-24 07:37:03.488 16 RALLYDEBUG rally_openstack.contexts.keystone.users [-] Creating 6 users using 20 threads
2019-07-24 07:37:06.137 16 INFO rally.task.context [-] Task 9eb4ae36-3e54-49ec-89f2-c2d549688155 | Context users@openstack setup() finished in 4.44 sec
2019-07-24 07:37:06.144 16 RALLYDEBUG rally.task.runner [-] Starting the constant runner (task UUID: 9eb4ae36-3e54-49ec-89f2-c2d549688155). timeout: 0 concurrency: 4 concurrency_per_worker: 1 times: 10 concurrency_overhead: 0 processes_to_start: 4 max_cpu_used: 16
2019-07-24 07:37:06.157 556 RALLYDEBUG rally.task.runner [-] Starting a worker. concurrency: 1 args: {"repetitions": 2} times: 10 method_name: run timeout: 0 duration: None cls:
2019-07-24 07:37:06.159 557 RALLYDEBUG rally.task.runner [-] Starting a worker. concurrency: 1 args: {"repetitions": 2} times: 10 method_name: run timeout: 0 duration: None cls:
2019-07-24 07:37:06.162 558 RALLYDEBUG rally.task.runner [-] Starting a worker. concurrency: 1 args: {"repetitions": 2} times: 10 method_name: run timeout: 0 duration: None cls:
2019-07-24 07:37:06.163 556 INFO rally.task.runner [-] Task 9eb4ae36-3e54-49ec-89f2-c2d549688155 | ITER: 1 START
2019-07-24 07:37:06.166 557 INFO rally.task.runner [-] Task 9eb4ae36-3e54-49ec-89f2-c2d549688155 | ITER: 2 START
2019-07-24 07:37:06.165 559 RALLYDEBUG rally.task.runner [-] Starting a worker. concurrency: 1 args: {"repetitions": 2} times: 10 method_name: run timeout: 0 duration: None cls:
2019-07-24 07:37:06.167 558 INFO rally.task.runner [-] Task 9eb4ae36-3e54-49ec-89f2-c2d549688155 | ITER: 3 START
2019-07-24 07:37:06.172 559 INFO rally.task.runner [-] Task 9eb4ae36-3e54-49ec-89f2-c2d549688155 | ITER: 4 START
2019-07-24 07:37:07.054 558 INFO rally.task.runner [-] Task 9eb4ae36-3e54-49ec-89f2-c2d549688155 | ITER: 3 END: OK
2019-07-24 07:37:07.058 558 INFO rally.task.runner [-] Task 9eb4ae36-3e54-49ec-89f2-c2d549688155 | ITER: 5 START
2019-07-24 07:37:07.126 556 INFO rally.task.runner [-] Task 9eb4ae36-3e54-49ec-89f2-c2d549688155 | ITER: 1 END: OK
2019-07-24 07:37:07.130 556 INFO rally.task.runner [-] Task 9eb4ae36-3e54-49ec-89f2-c2d549688155 | ITER: 6 START
2019-07-24 07:37:07.286 557 INFO rally.task.runner [-] Task 9eb4ae36-3e54-49ec-89f2-c2d549688155 | ITER: 2 END: OK
2019-07-24 07:37:07.290 557 INFO rally.task.runner [-] Task 9eb4ae36-3e54-49ec-89f2-c2d549688155 | ITER: 7 START
2019-07-24 07:37:07.291 559 INFO rally.task.runner [-] Task 9eb4ae36-3e54-49ec-89f2-c2d549688155 | ITER: 4 END: OK
2019-07-24 07:37:07.295 559 INFO rally.task.runner [-] Task 9eb4ae36-3e54-49ec-89f2-c2d549688155 | ITER: 8 START
2019-07-24 07:37:08.024 556 INFO rally.task.runner [-] Task 9eb4ae36-3e54-49ec-89f2-c2d549688155 | ITER: 6 END: OK
2019-07-24 07:37:08.029 556 INFO rally.task.runner [-] Task 9eb4ae36-3e54-49ec-89f2-c2d549688155 | ITER: 9 START
2019-07-24 07:37:08.083 558 INFO rally.task.runner [-] Task 9eb4ae36-3e54-49ec-89f2-c2d549688155 | ITER: 5 END: OK
2019-07-24 07:37:08.088 558 INFO rally.task.runner [-] Task 9eb4ae36-3e54-49ec-89f2-c2d549688155 | ITER: 10 START
2019-07-24 07:37:08.183 559 INFO rally.task.runner [-] Task 9eb4ae36-3e54-49ec-89f2-c2d549688155 | ITER: 8 END: OK
2019-07-24 07:37:08.256 557 INFO rally.task.runner [-] Task 9eb4ae36-3e54-49ec-89f2-c2d549688155 | ITER: 7 END: OK
2019-07-24 07:37:09.074 556 INFO rally.task.runner [-] Task 9eb4ae36-3e54-49ec-89f2-c2d549688155 | ITER: 9 END: OK
2019-07-24 07:37:09.101 558 INFO rally.task.runner [-] Task 9eb4ae36-3e54-49ec-89f2-c2d549688155 | ITER: 10 END: OK
2019-07-24 07:37:09.120 16 INFO rally.task.context [-] Task 9eb4ae36-3e54-49ec-89f2-c2d549688155 | Context users@openstack cleanup() started
2019-07-24 07:37:15.656 16 INFO rally.task.context [-] Task 9eb4ae36-3e54-49ec-89f2-c2d549688155 | Context users@openstack cleanup() finished in 6.54 sec
2019-07-24 07:37:15.767 16 INFO rally.task.engine [-] Load duration is: 2.936333
2019-07-24 07:37:15.768 16 INFO rally.task.engine [-] Full runner duration is: 2.975582
2019-07-24 07:37:15.768 16 INFO rally.task.engine [-] Full duration is: 13.961984
2019-07-24 07:37:15.967 16 INFO rally.task.engine [-] Running workload: position = 0 config = { "version": 2, "title": "A cropped version of a bigger task.", "description": "Auto-generated task from a single workload (uuid=832620b1-2edc-4bb8-9e6c-db9e29397c0e)", "subtasks": [ { "title": "Authenticate.validate_nova", "description": "Check Nova Client to ensure validation of token.", "scenario": { "Authenticate.validate_nova": { "repetitions": 2 } }, "contexts": { "users": { "tenants": 3, "users_per_tenant": 2 } }, "runner": { "constant": { "concurrency": 4, "times": 10 } }, "hooks": [], "sla": { "failure_rate": { "max": 0 } } } ] }
2019-07-24 07:37:15.989 16 RALLYDEBUG rally_openstack.contexts.keystone.users [-] Creating 3 tenants using 20 threads
2019-07-24 07:37:17.718 16 RALLYDEBUG rally_openstack.contexts.keystone.users [-] Creating 6 users using 20 threads
2019-07-24 07:37:20.444 16 INFO rally.task.context [-] Task 9eb4ae36-3e54-49ec-89f2-c2d549688155 | Context users@openstack setup() finished in 4.45 sec
2019-07-24 07:37:20.452 16 RALLYDEBUG rally.task.runner [-] Starting the constant runner (task UUID: 9eb4ae36-3e54-49ec-89f2-c2d549688155). timeout: 0 concurrency: 4 concurrency_per_worker: 1 times: 10 concurrency_overhead: 0 processes_to_start: 4 max_cpu_used: 16
2019-07-24 07:37:20.466 660 RALLYDEBUG rally.task.runner [-] Starting a worker. concurrency: 1 args: {"repetitions": 2} times: 10 method_name: run timeout: 0 duration: None cls:
2019-07-24 07:37:20.467 661 RALLYDEBUG rally.task.runner [-] Starting a worker. concurrency: 1 args: {"repetitions": 2} times: 10 method_name: run timeout: 0 duration: None cls:
2019-07-24 07:37:20.470 662 RALLYDEBUG rally.task.runner [-] Starting a worker. concurrency: 1 args: {"repetitions": 2} times: 10 method_name: run timeout: 0 duration: None cls:
2019-07-24 07:37:20.473 660 INFO rally.task.runner [-] Task 9eb4ae36-3e54-49ec-89f2-c2d549688155 | ITER: 1 START
2019-07-24 07:37:20.472 663 RALLYDEBUG rally.task.runner [-] Starting a worker. concurrency: 1 args: {"repetitions": 2} times: 10 method_name: run timeout: 0 duration: None cls:
2019-07-24 07:37:20.473 661 INFO rally.task.runner [-] Task 9eb4ae36-3e54-49ec-89f2-c2d549688155 | ITER: 2 START
2019-07-24 07:37:20.476 662 INFO rally.task.runner [-] Task 9eb4ae36-3e54-49ec-89f2-c2d549688155 | ITER: 3 START
2019-07-24 07:37:20.478 663 INFO rally.task.runner [-] Task 9eb4ae36-3e54-49ec-89f2-c2d549688155 | ITER: 4 START
2019-07-24 07:37:20.965 662 DEBUG novaclient.v2.client [-] REQ: curl -g -i -X GET http://172.30.9.32:8774/v2.1/flavors/detail -H "Accept: application/json" -H "User-Agent: python-novaclient" -H "X-Auth-Token: {SHA1}224456526ca22726a58cb630ecbfd54f0fa2b83b" _http_log_request /usr/lib/python2.7/site-packages/keystoneauth1/session.py:448
2019-07-24 07:37:20.969 661 DEBUG novaclient.v2.client [-] REQ: curl -g -i -X GET http://172.30.9.32:8774/v2.1/flavors/detail -H "Accept: application/json" -H "User-Agent: python-novaclient" -H "X-Auth-Token: {SHA1}fc362e7ff1e6f313a86698cdf072e64ff238a727" _http_log_request /usr/lib/python2.7/site-packages/keystoneauth1/session.py:448
2019-07-24 07:37:20.978 663 DEBUG novaclient.v2.client [-] REQ: curl -g -i -X GET http://172.30.9.32:8774/v2.1/flavors/detail -H "Accept: application/json" -H "User-Agent: python-novaclient" -H "X-Auth-Token: {SHA1}bbba13ebd22c80b23f893fcab6c47524ed764c46" _http_log_request /usr/lib/python2.7/site-packages/keystoneauth1/session.py:448
2019-07-24 07:37:20.988 660 DEBUG novaclient.v2.client [-] REQ: curl -g -i -X GET http://172.30.9.32:8774/v2.1/flavors/detail -H "Accept: application/json" -H "User-Agent: python-novaclient" -H "X-Auth-Token: {SHA1}95916d56ea1a14e51931afe4f0bc5662c8b1ce87" _http_log_request /usr/lib/python2.7/site-packages/keystoneauth1/session.py:448
2019-07-24 07:37:21.247 662 DEBUG novaclient.v2.client [-] RESP: [200] Content-Encoding: gzip Content-Length: 362 Content-Type: application/json Date: Wed, 24 Jul 2019 07:37:20 GMT OpenStack-API-Version: compute 2.1 Server: Apache Vary: OpenStack-API-Version,X-OpenStack-Nova-API-Version,Accept-Encoding X-OpenStack-Nova-API-Version: 2.1 x-compute-request-id: req-a523ab36-18a1-47b3-a19b-b79661bd2a3c x-openstack-request-id: req-a523ab36-18a1-47b3-a19b-b79661bd2a3c _http_log_response /usr/lib/python2.7/site-packages/keystoneauth1/session.py:479
2019-07-24 07:37:21.248 662 DEBUG novaclient.v2.client [-] RESP BODY: {"flavors": [{"name": "rally_full-flavor_b2655784-6aa9-48e8-b70f-da9b7b180778", "links": [{"href": "http://172.30.9.32:8774/v2.1/flavors/fdd9c2a0-f7e2-4426-9e1a-e1bf1d9e911b", "rel": "self"}, {"href": "http://172.30.9.32:8774/flavors/fdd9c2a0-f7e2-4426-9e1a-e1bf1d9e911b", "rel": "bookmark"}], "ram": 512, "OS-FLV-DISABLED:disabled": false, "vcpus": 1, "swap": "", "os-flavor-access:is_public": true, "rxtx_factor": 1.0, "OS-FLV-EXT-DATA:ephemeral": 0, "disk": 1, "id": "fdd9c2a0-f7e2-4426-9e1a-e1bf1d9e911b"}, {"name": "rally_full-flavor_alt_b2655784-6aa9-48e8-b70f-da9b7b180778", "links": [{"href": "http://172.30.9.32:8774/v2.1/flavors/fee88cae-febb-4e2c-8fdc-ae5061ced779", "rel": "self"}, {"href": "http://172.30.9.32:8774/flavors/fee88cae-febb-4e2c-8fdc-ae5061ced779", "rel": "bookmark"}], "ram": 1024, "OS-FLV-DISABLED:disabled": false, "vcpus": 1, "swap": "", "os-flavor-access:is_public": true, "rxtx_factor": 1.0, "OS-FLV-EXT-DATA:ephemeral": 0, "disk": 1, "id": "fee88cae-febb-4e2c-8fdc-ae5061ced779"}]} _http_log_response /usr/lib/python2.7/site-packages/keystoneauth1/session.py:511
2019-07-24 07:37:21.248 662 DEBUG novaclient.v2.client [-] GET call to compute for http://172.30.9.32:8774/v2.1/flavors/detail used request id req-a523ab36-18a1-47b3-a19b-b79661bd2a3c request /usr/lib/python2.7/site-packages/keystoneauth1/session.py:844
2019-07-24 07:37:21.250 662 DEBUG novaclient.v2.client [-] REQ: curl -g -i -X GET http://172.30.9.32:8774/v2.1/flavors/detail -H "Accept: application/json" -H "User-Agent: python-novaclient" -H "X-Auth-Token: {SHA1}224456526ca22726a58cb630ecbfd54f0fa2b83b" _http_log_request /usr/lib/python2.7/site-packages/keystoneauth1/session.py:448
2019-07-24 07:37:21.264 660 DEBUG novaclient.v2.client [-] RESP: [200] Content-Encoding: gzip Content-Length: 362 Content-Type: application/json Date: Wed, 24 Jul 2019 07:37:20 GMT OpenStack-API-Version: compute 2.1 Server: Apache Vary: OpenStack-API-Version,X-OpenStack-Nova-API-Version,Accept-Encoding X-OpenStack-Nova-API-Version: 2.1 x-compute-request-id: req-d918ad69-d684-429f-82ed-12363f292749 x-openstack-request-id: req-d918ad69-d684-429f-82ed-12363f292749 _http_log_response /usr/lib/python2.7/site-packages/keystoneauth1/session.py:479
2019-07-24 07:37:21.265 660 DEBUG novaclient.v2.client [-] RESP BODY: {"flavors": [{"name": "rally_full-flavor_b2655784-6aa9-48e8-b70f-da9b7b180778", "links": [{"href": "http://172.30.9.32:8774/v2.1/flavors/fdd9c2a0-f7e2-4426-9e1a-e1bf1d9e911b", "rel": "self"}, {"href": "http://172.30.9.32:8774/flavors/fdd9c2a0-f7e2-4426-9e1a-e1bf1d9e911b", "rel": "bookmark"}], "ram": 512, "OS-FLV-DISABLED:disabled": false, "vcpus": 1, "swap": "", "os-flavor-access:is_public": true, "rxtx_factor": 1.0, "OS-FLV-EXT-DATA:ephemeral": 0, "disk": 1, "id": "fdd9c2a0-f7e2-4426-9e1a-e1bf1d9e911b"}, {"name": "rally_full-flavor_alt_b2655784-6aa9-48e8-b70f-da9b7b180778", "links": [{"href": "http://172.30.9.32:8774/v2.1/flavors/fee88cae-febb-4e2c-8fdc-ae5061ced779", "rel": "self"}, {"href": "http://172.30.9.32:8774/flavors/fee88cae-febb-4e2c-8fdc-ae5061ced779", "rel": "bookmark"}], "ram": 1024, "OS-FLV-DISABLED:disabled": false, "vcpus": 1, "swap": "", "os-flavor-access:is_public": true, "rxtx_factor": 1.0, "OS-FLV-EXT-DATA:ephemeral": 0, "disk": 1, "id": "fee88cae-febb-4e2c-8fdc-ae5061ced779"}]} _http_log_response /usr/lib/python2.7/site-packages/keystoneauth1/session.py:511
2019-07-24 07:37:21.266 660 DEBUG novaclient.v2.client [-] GET call to compute for http://172.30.9.32:8774/v2.1/flavors/detail used request id req-d918ad69-d684-429f-82ed-12363f292749 request /usr/lib/python2.7/site-packages/keystoneauth1/session.py:844
2019-07-24 07:37:21.266 661 DEBUG novaclient.v2.client [-] RESP: [200] Content-Encoding: gzip Content-Length: 362 Content-Type: application/json Date: Wed, 24 Jul 2019 07:37:20 GMT OpenStack-API-Version: compute 2.1 Server: Apache Vary: OpenStack-API-Version,X-OpenStack-Nova-API-Version,Accept-Encoding X-OpenStack-Nova-API-Version: 2.1 x-compute-request-id: req-62cbc1c1-ceca-490c-9b02-999341932176 x-openstack-request-id: req-62cbc1c1-ceca-490c-9b02-999341932176 _http_log_response /usr/lib/python2.7/site-packages/keystoneauth1/session.py:479
2019-07-24 07:37:21.267 661 DEBUG novaclient.v2.client [-] RESP BODY: {"flavors": [{"name": "rally_full-flavor_b2655784-6aa9-48e8-b70f-da9b7b180778", "links": [{"href": "http://172.30.9.32:8774/v2.1/flavors/fdd9c2a0-f7e2-4426-9e1a-e1bf1d9e911b", "rel": "self"}, {"href": "http://172.30.9.32:8774/flavors/fdd9c2a0-f7e2-4426-9e1a-e1bf1d9e911b", "rel": "bookmark"}], "ram": 512, "OS-FLV-DISABLED:disabled": false, "vcpus": 1, "swap": "", "os-flavor-access:is_public": true, "rxtx_factor": 1.0, "OS-FLV-EXT-DATA:ephemeral": 0, "disk": 1, "id": "fdd9c2a0-f7e2-4426-9e1a-e1bf1d9e911b"}, {"name": "rally_full-flavor_alt_b2655784-6aa9-48e8-b70f-da9b7b180778", "links": [{"href": "http://172.30.9.32:8774/v2.1/flavors/fee88cae-febb-4e2c-8fdc-ae5061ced779", "rel": "self"}, {"href": "http://172.30.9.32:8774/flavors/fee88cae-febb-4e2c-8fdc-ae5061ced779", "rel": "bookmark"}], "ram": 1024, "OS-FLV-DISABLED:disabled": false, "vcpus": 1, "swap": "", "os-flavor-access:is_public": true, "rxtx_factor": 1.0, "OS-FLV-EXT-DATA:ephemeral": 0, "disk": 1, "id": "fee88cae-febb-4e2c-8fdc-ae5061ced779"}]} _http_log_response /usr/lib/python2.7/site-packages/keystoneauth1/session.py:511
2019-07-24 07:37:21.267 661 DEBUG novaclient.v2.client [-] GET call to compute for http://172.30.9.32:8774/v2.1/flavors/detail used request id req-62cbc1c1-ceca-490c-9b02-999341932176 request /usr/lib/python2.7/site-packages/keystoneauth1/session.py:844
2019-07-24 07:37:21.267 660 DEBUG novaclient.v2.client [-] REQ: curl -g -i -X GET http://172.30.9.32:8774/v2.1/flavors/detail -H "Accept: application/json" -H "User-Agent: python-novaclient" -H "X-Auth-Token: {SHA1}95916d56ea1a14e51931afe4f0bc5662c8b1ce87" _http_log_request /usr/lib/python2.7/site-packages/keystoneauth1/session.py:448
2019-07-24 07:37:21.268 661 DEBUG novaclient.v2.client [-] REQ: curl -g -i -X GET http://172.30.9.32:8774/v2.1/flavors/detail -H "Accept: application/json" -H "User-Agent: python-novaclient" -H "X-Auth-Token: {SHA1}fc362e7ff1e6f313a86698cdf072e64ff238a727" _http_log_request /usr/lib/python2.7/site-packages/keystoneauth1/session.py:448
2019-07-24 07:37:21.274 662 DEBUG novaclient.v2.client [-] RESP: [200] Content-Encoding: gzip Content-Length: 362 Content-Type: application/json Date: Wed, 24 Jul 2019 07:37:21 GMT OpenStack-API-Version: compute 2.1 Server: Apache Vary: OpenStack-API-Version,X-OpenStack-Nova-API-Version,Accept-Encoding X-OpenStack-Nova-API-Version: 2.1 x-compute-request-id: req-2b4401ca-07e7-4ed4-a2eb-6bfe7948f341 x-openstack-request-id: req-2b4401ca-07e7-4ed4-a2eb-6bfe7948f341 _http_log_response /usr/lib/python2.7/site-packages/keystoneauth1/session.py:479
2019-07-24 07:37:21.275 662 DEBUG novaclient.v2.client [-] RESP BODY: {"flavors": [{"name": "rally_full-flavor_b2655784-6aa9-48e8-b70f-da9b7b180778", "links": [{"href": "http://172.30.9.32:8774/v2.1/flavors/fdd9c2a0-f7e2-4426-9e1a-e1bf1d9e911b", "rel": "self"}, {"href": "http://172.30.9.32:8774/flavors/fdd9c2a0-f7e2-4426-9e1a-e1bf1d9e911b", "rel": "bookmark"}], "ram": 512, "OS-FLV-DISABLED:disabled": false, "vcpus": 1, "swap": "", "os-flavor-access:is_public": true, "rxtx_factor": 1.0, "OS-FLV-EXT-DATA:ephemeral": 0, "disk": 1, "id": "fdd9c2a0-f7e2-4426-9e1a-e1bf1d9e911b"}, {"name": "rally_full-flavor_alt_b2655784-6aa9-48e8-b70f-da9b7b180778", "links": [{"href": "http://172.30.9.32:8774/v2.1/flavors/fee88cae-febb-4e2c-8fdc-ae5061ced779", "rel": "self"}, {"href": "http://172.30.9.32:8774/flavors/fee88cae-febb-4e2c-8fdc-ae5061ced779", "rel": "bookmark"}], "ram": 1024, "OS-FLV-DISABLED:disabled": false, "vcpus": 1, "swap": "", "os-flavor-access:is_public": true, "rxtx_factor": 1.0, "OS-FLV-EXT-DATA:ephemeral": 0, "disk": 1, "id": "fee88cae-febb-4e2c-8fdc-ae5061ced779"}]} _http_log_response /usr/lib/python2.7/site-packages/keystoneauth1/session.py:511
2019-07-24 07:37:21.275 662 DEBUG novaclient.v2.client [-] GET call to compute for http://172.30.9.32:8774/v2.1/flavors/detail used request id req-2b4401ca-07e7-4ed4-a2eb-6bfe7948f341 request /usr/lib/python2.7/site-packages/keystoneauth1/session.py:844
2019-07-24 07:37:21.276 662 INFO rally.task.runner [-] Task 9eb4ae36-3e54-49ec-89f2-c2d549688155 | ITER: 3 END: OK
2019-07-24 07:37:21.280 662 INFO rally.task.runner [-] Task 9eb4ae36-3e54-49ec-89f2-c2d549688155 | ITER: 5 START
2019-07-24 07:37:21.289 661 DEBUG novaclient.v2.client [-] RESP: [200] Content-Encoding: gzip Content-Length: 362 Content-Type: application/json Date: Wed, 24 Jul 2019 07:37:21 GMT OpenStack-API-Version: compute 2.1 Server: Apache Vary: OpenStack-API-Version,X-OpenStack-Nova-API-Version,Accept-Encoding X-OpenStack-Nova-API-Version: 2.1 x-compute-request-id: req-216c9ddf-6edd-4eea-bc34-0ea03328c860 x-openstack-request-id: req-216c9ddf-6edd-4eea-bc34-0ea03328c860 _http_log_response /usr/lib/python2.7/site-packages/keystoneauth1/session.py:479
2019-07-24 07:37:21.290 661 DEBUG novaclient.v2.client [-] RESP BODY: {"flavors": [{"name": "rally_full-flavor_b2655784-6aa9-48e8-b70f-da9b7b180778", "links": [{"href": "http://172.30.9.32:8774/v2.1/flavors/fdd9c2a0-f7e2-4426-9e1a-e1bf1d9e911b", "rel": "self"}, {"href": "http://172.30.9.32:8774/flavors/fdd9c2a0-f7e2-4426-9e1a-e1bf1d9e911b", "rel": "bookmark"}], "ram": 512, "OS-FLV-DISABLED:disabled": false, "vcpus": 1, "swap": "", "os-flavor-access:is_public": true, "rxtx_factor": 1.0, "OS-FLV-EXT-DATA:ephemeral": 0, "disk": 1, "id": "fdd9c2a0-f7e2-4426-9e1a-e1bf1d9e911b"}, {"name": "rally_full-flavor_alt_b2655784-6aa9-48e8-b70f-da9b7b180778", "links": [{"href": "http://172.30.9.32:8774/v2.1/flavors/fee88cae-febb-4e2c-8fdc-ae5061ced779", "rel": "self"}, {"href": "http://172.30.9.32:8774/flavors/fee88cae-febb-4e2c-8fdc-ae5061ced779", "rel": "bookmark"}], "ram": 1024, "OS-FLV-DISABLED:disabled": false, "vcpus": 1, "swap": "", "os-flavor-access:is_public": true, "rxtx_factor": 1.0, "OS-FLV-EXT-DATA:ephemeral": 0, "disk": 1, "id": "fee88cae-febb-4e2c-8fdc-ae5061ced779"}]} _http_log_response /usr/lib/python2.7/site-packages/keystoneauth1/session.py:511
2019-07-24 07:37:21.290 661 DEBUG novaclient.v2.client [-] GET call to compute for http://172.30.9.32:8774/v2.1/flavors/detail used request id req-216c9ddf-6edd-4eea-bc34-0ea03328c860 request /usr/lib/python2.7/site-packages/keystoneauth1/session.py:844
2019-07-24 07:37:21.290 663 DEBUG novaclient.v2.client [-] RESP: [200] Content-Encoding: gzip Content-Length: 362 Content-Type: application/json Date: Wed, 24 Jul 2019 07:37:20 GMT OpenStack-API-Version: compute 2.1 Server: Apache Vary: OpenStack-API-Version,X-OpenStack-Nova-API-Version,Accept-Encoding X-OpenStack-Nova-API-Version: 2.1 x-compute-request-id: req-edd3bcc5-9535-4b20-b57f-41e37c751a6e x-openstack-request-id: req-edd3bcc5-9535-4b20-b57f-41e37c751a6e _http_log_response /usr/lib/python2.7/site-packages/keystoneauth1/session.py:479
2019-07-24 07:37:21.291 661 INFO rally.task.runner [-] Task 9eb4ae36-3e54-49ec-89f2-c2d549688155 | ITER: 2 END: OK
2019-07-24 07:37:21.291 663 DEBUG novaclient.v2.client [-] RESP BODY: {"flavors": [{"name": "rally_full-flavor_b2655784-6aa9-48e8-b70f-da9b7b180778", "links": [{"href": "http://172.30.9.32:8774/v2.1/flavors/fdd9c2a0-f7e2-4426-9e1a-e1bf1d9e911b", "rel": "self"}, {"href": "http://172.30.9.32:8774/flavors/fdd9c2a0-f7e2-4426-9e1a-e1bf1d9e911b", "rel": "bookmark"}], "ram": 512, "OS-FLV-DISABLED:disabled": false, "vcpus": 1, "swap": "", "os-flavor-access:is_public": true, "rxtx_factor": 1.0, "OS-FLV-EXT-DATA:ephemeral": 0, "disk": 1, "id": "fdd9c2a0-f7e2-4426-9e1a-e1bf1d9e911b"}, {"name": "rally_full-flavor_alt_b2655784-6aa9-48e8-b70f-da9b7b180778", "links": [{"href": "http://172.30.9.32:8774/v2.1/flavors/fee88cae-febb-4e2c-8fdc-ae5061ced779", "rel": "self"}, {"href": "http://172.30.9.32:8774/flavors/fee88cae-febb-4e2c-8fdc-ae5061ced779", "rel": "bookmark"}], "ram": 1024, "OS-FLV-DISABLED:disabled": false, "vcpus": 1, "swap": "", "os-flavor-access:is_public": true, "rxtx_factor": 1.0, "OS-FLV-EXT-DATA:ephemeral": 0, "disk": 1, "id": "fee88cae-febb-4e2c-8fdc-ae5061ced779"}]} _http_log_response /usr/lib/python2.7/site-packages/keystoneauth1/session.py:511
2019-07-24 07:37:21.291 663 DEBUG novaclient.v2.client [-] GET call to compute for http://172.30.9.32:8774/v2.1/flavors/detail used request id req-edd3bcc5-9535-4b20-b57f-41e37c751a6e request /usr/lib/python2.7/site-packages/keystoneauth1/session.py:844
2019-07-24 07:37:21.293 663 DEBUG novaclient.v2.client [-] REQ: curl -g -i -X GET http://172.30.9.32:8774/v2.1/flavors/detail -H "Accept: application/json" -H "User-Agent: python-novaclient" -H "X-Auth-Token: {SHA1}bbba13ebd22c80b23f893fcab6c47524ed764c46" _http_log_request /usr/lib/python2.7/site-packages/keystoneauth1/session.py:448
2019-07-24 07:37:21.295 661 INFO rally.task.runner [-] Task 9eb4ae36-3e54-49ec-89f2-c2d549688155 | ITER: 6 START
2019-07-24 07:37:21.298 660 DEBUG novaclient.v2.client [-] RESP: [200] Content-Encoding: gzip Content-Length: 362 Content-Type: application/json Date: Wed, 24 Jul 2019 07:37:21 GMT OpenStack-API-Version: compute 2.1 Server: Apache Vary: OpenStack-API-Version,X-OpenStack-Nova-API-Version,Accept-Encoding X-OpenStack-Nova-API-Version: 2.1 x-compute-request-id: req-68550a5f-e304-44b9-9fb2-66dde0c7857d x-openstack-request-id: req-68550a5f-e304-44b9-9fb2-66dde0c7857d _http_log_response /usr/lib/python2.7/site-packages/keystoneauth1/session.py:479
2019-07-24 07:37:21.298 660 DEBUG novaclient.v2.client [-] RESP BODY: {"flavors": [{"name": "rally_full-flavor_b2655784-6aa9-48e8-b70f-da9b7b180778", "links": [{"href": "http://172.30.9.32:8774/v2.1/flavors/fdd9c2a0-f7e2-4426-9e1a-e1bf1d9e911b", "rel": "self"}, {"href": "http://172.30.9.32:8774/flavors/fdd9c2a0-f7e2-4426-9e1a-e1bf1d9e911b", "rel": "bookmark"}], "ram": 512, "OS-FLV-DISABLED:disabled": false, "vcpus": 1, "swap": "", "os-flavor-access:is_public": true, "rxtx_factor": 1.0, "OS-FLV-EXT-DATA:ephemeral": 0, "disk": 1, "id": "fdd9c2a0-f7e2-4426-9e1a-e1bf1d9e911b"}, {"name": "rally_full-flavor_alt_b2655784-6aa9-48e8-b70f-da9b7b180778", "links": [{"href": "http://172.30.9.32:8774/v2.1/flavors/fee88cae-febb-4e2c-8fdc-ae5061ced779", "rel": "self"}, {"href": "http://172.30.9.32:8774/flavors/fee88cae-febb-4e2c-8fdc-ae5061ced779", "rel": "bookmark"}], "ram": 1024, "OS-FLV-DISABLED:disabled": false, "vcpus": 1, "swap": "", "os-flavor-access:is_public": true, "rxtx_factor": 1.0, "OS-FLV-EXT-DATA:ephemeral": 0, "disk": 1, "id": "fee88cae-febb-4e2c-8fdc-ae5061ced779"}]} _http_log_response /usr/lib/python2.7/site-packages/keystoneauth1/session.py:511
2019-07-24 07:37:21.298 660 DEBUG novaclient.v2.client [-] GET call to compute for http://172.30.9.32:8774/v2.1/flavors/detail used request id req-68550a5f-e304-44b9-9fb2-66dde0c7857d request /usr/lib/python2.7/site-packages/keystoneauth1/session.py:844
