2019-07-24 07:46:25.114 1842 INFO rally.task.engine [-] Running workload: position = 0 config = { "version": 2, "title": "A cropped version of a bigger task.", "description": "Auto-generated task from a single workload (uuid=4d1faf08-b598-4657-85d5-6becbd818608)", "subtasks": [ { "title": "CinderVolumes.create_and_list_snapshots", "description": "Create and then list a volume-snapshot.", "scenario": { "CinderVolumes.create_and_list_snapshots": { "detailed": true, "force": false } }, "contexts": { "users": { "tenants": 3, "users_per_tenant": 2 }, "quotas": { "cinder": { "gigabytes": -1, "snapshots": -1, "volumes": -1 } }, "api_versions": { "cinder": { "version": 3, "service_type": "volumev3" } }, "volumes": { "size": 1, "volumes_per_tenant": 1 } }, "runner": { "constant": { "concurrency": 4, "times": 10 } }, "hooks": [], "sla": { "failure_rate": { "max": 0 } } } ] }
2019-07-24 07:46:25.140 1842 RALLYDEBUG rally_openstack.contexts.keystone.users [-] Creating 3 tenants using 20 threads
2019-07-24 07:46:27.121 1842 RALLYDEBUG rally_openstack.contexts.keystone.users [-] Creating 6 users using 20 threads
2019-07-24 07:46:29.779 1842 INFO rally.task.context [-] Task e61c3840-3f8e-4c32-ab41-9da01b1e7b3f | Context users@openstack setup() finished in 4.64 sec
2019-07-24 07:46:30.204 1842 INFO rally.task.context [-] Task e61c3840-3f8e-4c32-ab41-9da01b1e7b3f | Context api_versions@openstack setup() finished in 0.42 sec
2019-07-24 07:46:31.801 1842 INFO rally.task.context [-] Task e61c3840-3f8e-4c32-ab41-9da01b1e7b3f | Context quotas@openstack setup() finished in 1.60 sec
2019-07-24 07:46:42.295 1842 INFO rally.task.context [-] Task e61c3840-3f8e-4c32-ab41-9da01b1e7b3f | Context volumes@openstack setup() finished in 10.49 sec
2019-07-24 07:46:42.296 1842 INFO rally.task.context [-] Task e61c3840-3f8e-4c32-ab41-9da01b1e7b3f | Context cleanup@openstack setup() finished in 0.01 msec
2019-07-24 07:46:42.305 1842 RALLYDEBUG rally.task.runner [-] Starting the constant runner (task UUID: e61c3840-3f8e-4c32-ab41-9da01b1e7b3f). timeout: 0 concurrency: 4 concurrency_per_worker: 1 times: 10 concurrency_overhead: 0 processes_to_start: 4 max_cpu_used: 16
2019-07-24 07:46:42.317 2210 RALLYDEBUG rally.task.runner [-] Starting a worker. concurrency: 1 args: {"detailed": true, "force": false} times: 10 method_name: run timeout: 0 duration: None cls:
2019-07-24 07:46:42.318 2211 RALLYDEBUG rally.task.runner [-] Starting a worker. concurrency: 1 args: {"detailed": true, "force": false} times: 10 method_name: run timeout: 0 duration: None cls:
2019-07-24 07:46:42.321 2212 RALLYDEBUG rally.task.runner [-] Starting a worker. concurrency: 1 args: {"detailed": true, "force": false} times: 10 method_name: run timeout: 0 duration: None cls:
2019-07-24 07:46:42.325 2213 RALLYDEBUG rally.task.runner [-] Starting a worker. concurrency: 1 args: {"detailed": true, "force": false} times: 10 method_name: run timeout: 0 duration: None cls:
2019-07-24 07:46:42.327 2211 INFO rally.task.runner [-] Task e61c3840-3f8e-4c32-ab41-9da01b1e7b3f | ITER: 2 START
2019-07-24 07:46:42.327 2210 INFO rally.task.runner [-] Task e61c3840-3f8e-4c32-ab41-9da01b1e7b3f | ITER: 1 START
2019-07-24 07:46:42.330 2212 INFO rally.task.runner [-] Task e61c3840-3f8e-4c32-ab41-9da01b1e7b3f | ITER: 3 START
2019-07-24 07:46:42.336 2213 INFO rally.task.runner [-] Task e61c3840-3f8e-4c32-ab41-9da01b1e7b3f | ITER: 4 START
2019-07-24 07:46:45.794 2210 INFO rally.task.runner [-] Task e61c3840-3f8e-4c32-ab41-9da01b1e7b3f | ITER: 1 END: OK
2019-07-24 07:46:45.800 2210 INFO rally.task.runner [-] Task e61c3840-3f8e-4c32-ab41-9da01b1e7b3f | ITER: 5 START
2019-07-24 07:46:45.884 2211 INFO rally.task.runner [-] Task e61c3840-3f8e-4c32-ab41-9da01b1e7b3f | ITER: 2 END: OK
2019-07-24 07:46:45.889 2211 INFO rally.task.runner [-] Task e61c3840-3f8e-4c32-ab41-9da01b1e7b3f | ITER: 6 START
2019-07-24 07:46:46.010 2213 INFO rally.task.runner [-] Task e61c3840-3f8e-4c32-ab41-9da01b1e7b3f | ITER: 4 END: OK
2019-07-24 07:46:46.015 2213 INFO rally.task.runner [-] Task e61c3840-3f8e-4c32-ab41-9da01b1e7b3f | ITER: 7 START
2019-07-24 07:46:46.135 2212 INFO rally.task.runner [-] Task e61c3840-3f8e-4c32-ab41-9da01b1e7b3f | ITER: 3 END: OK
2019-07-24 07:46:46.141 2212 INFO rally.task.runner [-] Task e61c3840-3f8e-4c32-ab41-9da01b1e7b3f | ITER: 8 START
2019-07-24 07:46:49.132 2210 INFO rally.task.runner [-] Task e61c3840-3f8e-4c32-ab41-9da01b1e7b3f | ITER: 5 END: OK
2019-07-24 07:46:49.137 2210 INFO rally.task.runner [-] Task e61c3840-3f8e-4c32-ab41-9da01b1e7b3f | ITER: 9 START
2019-07-24 07:46:49.298 2211 INFO rally.task.runner [-] Task e61c3840-3f8e-4c32-ab41-9da01b1e7b3f | ITER: 6 END: OK
2019-07-24 07:46:49.304 2211 INFO rally.task.runner [-] Task e61c3840-3f8e-4c32-ab41-9da01b1e7b3f | ITER: 10 START
2019-07-24 07:46:49.618 2212 INFO rally.task.runner [-] Task e61c3840-3f8e-4c32-ab41-9da01b1e7b3f | ITER: 8 END: OK
2019-07-24 07:46:49.680 2213 INFO rally.task.runner [-] Task e61c3840-3f8e-4c32-ab41-9da01b1e7b3f | ITER: 7 END: OK
2019-07-24 07:46:52.835 2211 INFO rally.task.runner [-] Task e61c3840-3f8e-4c32-ab41-9da01b1e7b3f | ITER: 10 END: OK
2019-07-24 07:46:52.968 2210 INFO rally.task.runner [-] Task e61c3840-3f8e-4c32-ab41-9da01b1e7b3f | ITER: 9 END: OK
2019-07-24 07:46:52.994 1842 INFO rally.task.context [-] Task e61c3840-3f8e-4c32-ab41-9da01b1e7b3f | Context cleanup@openstack cleanup() started
2019-07-24 07:46:52.996 1842 RALLYDEBUG rally_openstack.cleanup.manager [-] Cleaning up cinder backups objects
2019-07-24 07:46:55.113 1842 RALLYDEBUG rally_openstack.cleanup.manager [-] Cleaning up cinder volume_snapshots objects
2019-07-24 07:46:57.041 1842 RALLYDEBUG rally_openstack.cleanup.manager [-] Deleting cinder.volume_snapshots object s_rally_4d1faf08_DB4ULK7H (be0bc0a2-c2f2-4b4f-8f52-ff659a9b34ca)
2019-07-24 07:46:57.041 1842 RALLYDEBUG rally_openstack.cleanup.manager [-] Deleting cinder.volume_snapshots object s_rally_4d1faf08_NXVyFijA (bb22005a-129a-4483-848f-7040f6cae21b)
2019-07-24 07:46:57.042 1842 RALLYDEBUG rally_openstack.cleanup.manager [-] Deleting cinder.volume_snapshots object s_rally_4d1faf08_tjs9irud (fcc5d094-df99-452e-8a92-14e2ccee273c)
2019-07-24 07:46:57.043 1842 RALLYDEBUG rally_openstack.cleanup.manager [-] Deleting cinder.volume_snapshots object s_rally_4d1faf08_KIsxp0Va (84f5985e-51ea-45a2-bc3e-81db564d3779)
2019-07-24 07:46:57.043 1842 RALLYDEBUG rally_openstack.cleanup.manager [-] Deleting cinder.volume_snapshots object s_rally_4d1faf08_DueYfYez (fd8ccc81-f829-4845-bbea-5e1833808c84)
2019-07-24 07:46:57.044 1842 RALLYDEBUG rally_openstack.cleanup.manager [-] Deleting cinder.volume_snapshots object s_rally_4d1faf08_S8XKv4ru (5f8167fb-cf29-4dec-a1eb-30cf9894d418)
2019-07-24 07:46:57.046 1842 RALLYDEBUG rally_openstack.cleanup.manager [-] Deleting cinder.volume_snapshots object s_rally_4d1faf08_9cuWVKfD (87e1d2ea-563c-4ed3-a880-5803a79489eb)
2019-07-24 07:46:57.055 1842 RALLYDEBUG rally_openstack.cleanup.manager [-] Deleting cinder.volume_snapshots object s_rally_4d1faf08_4rVjUwSL (5303f07a-4a3f-4e88-96da-90db9f8e0821)
2019-07-24 07:46:57.057 1842 RALLYDEBUG rally_openstack.cleanup.manager [-] Deleting cinder.volume_snapshots object s_rally_4d1faf08_xdITts38 (6f7ef7e4-3eb7-4151-8ebd-75b0d0341d64)
2019-07-24 07:46:57.066 1842 RALLYDEBUG rally_openstack.cleanup.manager [-] Deleting cinder.volume_snapshots object s_rally_4d1faf08_BqybCCOK (c1d2dcfc-e5d5-4aa3-8ff0-0234c3eeeb80)
2019-07-24 07:47:02.973 1842 RALLYDEBUG rally_openstack.cleanup.manager [-] Cleaning up cinder transfers objects
2019-07-24 07:47:04.822 1842 RALLYDEBUG rally_openstack.cleanup.manager [-] Cleaning up cinder volumes objects
2019-07-24 07:47:06.971 1842 INFO rally.task.context [-] Task e61c3840-3f8e-4c32-ab41-9da01b1e7b3f | Context cleanup@openstack cleanup() finished in 13.98 sec
2019-07-24 07:47:06.971 1842 INFO rally.task.context [-] Task e61c3840-3f8e-4c32-ab41-9da01b1e7b3f | Context volumes@openstack cleanup() started
2019-07-24 07:47:06.972 1842 RALLYDEBUG rally_openstack.cleanup.manager [-] Cleaning up cinder volumes objects
2019-07-24 07:47:09.010 1842 RALLYDEBUG rally_openstack.cleanup.manager [-] Deleting cinder.volumes object c_rally_4d1faf08_rYgXiq99 (50b78c38-aa31-4220-8f42-fc7ab527829d)
2019-07-24 07:47:09.010 1842 RALLYDEBUG rally_openstack.cleanup.manager [-] Deleting cinder.volumes object c_rally_4d1faf08_quNCla20 (78629dcc-e598-4f28-9f0e-d441748b0e0a)
2019-07-24 07:47:09.017 1842 RALLYDEBUG rally_openstack.cleanup.manager [-] Deleting cinder.volumes object c_rally_4d1faf08_yrjjfepd (0eba83d0-c6bf-4fb5-877a-29ce99cfb46d)
2019-07-24 07:47:12.216 1842 INFO rally.task.context [-] Task e61c3840-3f8e-4c32-ab41-9da01b1e7b3f | Context volumes@openstack cleanup() finished in 5.24 sec
2019-07-24 07:47:12.217 1842 INFO rally.task.context [-] Task e61c3840-3f8e-4c32-ab41-9da01b1e7b3f | Context quotas@openstack cleanup() started
2019-07-24 07:47:13.021 1842 INFO rally.task.context [-] Task e61c3840-3f8e-4c32-ab41-9da01b1e7b3f | Context quotas@openstack cleanup() finished in 0.80 sec
2019-07-24 07:47:13.022 1842 INFO rally.task.context [-] Task e61c3840-3f8e-4c32-ab41-9da01b1e7b3f | Context api_versions@openstack cleanup() started
2019-07-24 07:47:13.022 1842 INFO rally.task.context [-] Task e61c3840-3f8e-4c32-ab41-9da01b1e7b3f | Context api_versions@openstack cleanup() finished in 0.34 msec
2019-07-24 07:47:13.023 1842 INFO rally.task.context [-] Task e61c3840-3f8e-4c32-ab41-9da01b1e7b3f | Context users@openstack cleanup() started
2019-07-24 07:47:20.857 1842 INFO rally.task.context [-] Task e61c3840-3f8e-4c32-ab41-9da01b1e7b3f | Context users@openstack cleanup() finished in 7.83 sec
2019-07-24 07:47:21.407 1842 INFO rally.task.engine [-] Load duration is: 10.638921
2019-07-24 07:47:21.408 1842 INFO rally.task.engine [-] Full runner duration is: 10.690868
2019-07-24 07:47:21.408 1842 INFO rally.task.engine [-] Full duration is: 55.71996
2019-07-24 07:47:21.642 1842 INFO rally.task.engine [-] Running workload: position = 0 config = { "version": 2, "title": "A cropped version of a bigger task.", "description": "Auto-generated task from a single workload (uuid=ad627fad-b480-4768-825f-443c682c861b)", "subtasks": [ { "title": "CinderVolumes.create_and_list_volume", "description": "Create a volume and list all volumes.", "scenario": { "CinderVolumes.create_and_list_volume": { "detailed": true, "image": { "name": "rally_full-img_b2655784-6aa9-48e8-b70f-da9b7b180778" }, "size": 1 } }, "contexts": { "users": { "tenants": 3, "users_per_tenant": 2 }, "quotas": { "cinder": { "gigabytes": -1, "snapshots": -1, "volumes": -1 } }, "api_versions": { "cinder": { "version": 3, "service_type": "volumev3" } } }, "runner": { "constant": { "concurrency": 4, "times": 10 } }, "hooks": [], "sla": { "failure_rate": { "max": 0 } } } ] }
2019-07-24 07:47:21.663 1842 RALLYDEBUG rally_openstack.contexts.keystone.users [-] Creating 3 tenants using 20 threads
2019-07-24 07:47:23.474 1842 RALLYDEBUG rally_openstack.contexts.keystone.users [-] Creating 6 users using 20 threads
2019-07-24 07:47:25.981 1842 INFO rally.task.context [-] Task e61c3840-3f8e-4c32-ab41-9da01b1e7b3f | Context users@openstack setup() finished in 4.32 sec
2019-07-24 07:47:26.404 1842 INFO rally.task.context [-] Task e61c3840-3f8e-4c32-ab41-9da01b1e7b3f | Context api_versions@openstack setup() finished in 0.42 sec
2019-07-24 07:47:27.939 1842 INFO rally.task.context [-] Task e61c3840-3f8e-4c32-ab41-9da01b1e7b3f | Context quotas@openstack setup() finished in 1.53 sec
2019-07-24 07:47:27.940 1842 INFO rally.task.context [-] Task e61c3840-3f8e-4c32-ab41-9da01b1e7b3f | Context cleanup@openstack setup() finished in 0.01 msec
2019-07-24 07:47:28.674 1842 RALLYDEBUG rally.task.runner [-] Starting the constant runner (task UUID: e61c3840-3f8e-4c32-ab41-9da01b1e7b3f). timeout: 0 concurrency: 4 concurrency_per_worker: 1 times: 10 concurrency_overhead: 0 processes_to_start: 4 max_cpu_used: 16
2019-07-24 07:47:28.687 2414 RALLYDEBUG rally.task.runner [-] Starting a worker. concurrency: 1 args: {"detailed": true, "image": "0319036b-523d-4398-9bc2-3d27d9add32d", "size": 1} times: 10 method_name: run timeout: 0 duration: None cls:
2019-07-24 07:47:28.689 2415 RALLYDEBUG rally.task.runner [-] Starting a worker. concurrency: 1 args: {"detailed": true, "image": "0319036b-523d-4398-9bc2-3d27d9add32d", "size": 1} times: 10 method_name: run timeout: 0 duration: None cls:
2019-07-24 07:47:28.693 2416 RALLYDEBUG rally.task.runner [-] Starting a worker. concurrency: 1 args: {"detailed": true, "image": "0319036b-523d-4398-9bc2-3d27d9add32d", "size": 1} times: 10 method_name: run timeout: 0 duration: None cls:
2019-07-24 07:47:28.696 2414 INFO rally.task.runner [-] Task e61c3840-3f8e-4c32-ab41-9da01b1e7b3f | ITER: 1 START
2019-07-24 07:47:28.696 2415 INFO rally.task.runner [-] Task e61c3840-3f8e-4c32-ab41-9da01b1e7b3f | ITER: 2 START
2019-07-24 07:47:28.696 2417 RALLYDEBUG rally.task.runner [-] Starting a worker. concurrency: 1 args: {"detailed": true, "image": "0319036b-523d-4398-9bc2-3d27d9add32d", "size": 1} times: 10 method_name: run timeout: 0 duration: None cls:
2019-07-24 07:47:28.700 2416 INFO rally.task.runner [-] Task e61c3840-3f8e-4c32-ab41-9da01b1e7b3f | ITER: 3 START
2019-07-24 07:47:28.703 2417 INFO rally.task.runner [-] Task e61c3840-3f8e-4c32-ab41-9da01b1e7b3f | ITER: 4 START
2019-07-24 07:47:32.976 2416 RALLYDEBUG rally.task.utils [-] Waiting for resource s_rally_ad627fad_IqePtOfy. Status changed: CREATING => DOWNLOADING in 0.826048135757
2019-07-24 07:47:35.011 2414 RALLYDEBUG rally.task.utils [-] Waiting for resource s_rally_ad627fad_HZuJY9ns. Status changed: CREATING => DOWNLOADING in 2.90580487251
2019-07-24 07:47:35.312 2415 RALLYDEBUG rally.task.utils [-] Waiting for resource s_rally_ad627fad_2HcmZGoE. Status changed: DOWNLOADING => AVAILABLE in 3.1096868515
2019-07-24 07:47:35.560 2415 INFO rally.task.runner [-] Task e61c3840-3f8e-4c32-ab41-9da01b1e7b3f | ITER: 2 END: OK
2019-07-24 07:47:35.565 2415 INFO rally.task.runner [-] Task e61c3840-3f8e-4c32-ab41-9da01b1e7b3f | ITER: 5 START
2019-07-24 07:47:37.096 2414 RALLYDEBUG rally.task.utils [-] Waiting for resource s_rally_ad627fad_HZuJY9ns. Status changed: DOWNLOADING => AVAILABLE in 2.08451318741
2019-07-24 07:47:37.393 2414 INFO rally.task.runner [-] Task e61c3840-3f8e-4c32-ab41-9da01b1e7b3f | ITER: 1 END: OK
2019-07-24 07:47:37.396 2417 RALLYDEBUG rally.task.utils [-] Waiting for resource s_rally_ad627fad_X03bFBSQ. Status changed: DOWNLOADING => AVAILABLE in 5.32893705368
2019-07-24 07:47:37.398 2414 INFO rally.task.runner [-] Task e61c3840-3f8e-4c32-ab41-9da01b1e7b3f | ITER: 6 START
2019-07-24 07:47:37.612 2416 RALLYDEBUG rally.task.utils [-] Waiting for resource s_rally_ad627fad_IqePtOfy. Status changed: DOWNLOADING => AVAILABLE in 4.63535499573
2019-07-24 07:47:37.661 2417 INFO rally.task.runner [-] Task e61c3840-3f8e-4c32-ab41-9da01b1e7b3f | ITER: 4 END: OK
2019-07-24 07:47:37.666 2417 INFO rally.task.runner [-] Task e61c3840-3f8e-4c32-ab41-9da01b1e7b3f | ITER: 7 START
2019-07-24 07:47:37.674 2416 INFO rally.task.runner [-] Task e61c3840-3f8e-4c32-ab41-9da01b1e7b3f | ITER: 3 END: OK
2019-07-24 07:47:37.678 2416 INFO rally.task.runner [-] Task e61c3840-3f8e-4c32-ab41-9da01b1e7b3f | ITER: 8 START
2019-07-24 07:47:41.006 2414 RALLYDEBUG rally.task.utils [-] Waiting for resource s_rally_ad627fad_TAMOdykS. Status changed: CREATING => DOWNLOADING in 0.382057189941
2019-07-24 07:47:41.818 2415 RALLYDEBUG rally.task.utils [-] Waiting for resource s_rally_ad627fad_9HgZ6d7O. Status changed: DOWNLOADING => AVAILABLE in 3.00877213478
2019-07-24 07:47:41.881 2415 INFO rally.task.runner [-] Task e61c3840-3f8e-4c32-ab41-9da01b1e7b3f | ITER: 5 END: OK
2019-07-24 07:47:41.886 2415 INFO rally.task.runner [-] Task e61c3840-3f8e-4c32-ab41-9da01b1e7b3f | ITER: 9 START
2019-07-24 07:47:43.313 2414 RALLYDEBUG rally.task.utils [-] Waiting for resource s_rally_ad627fad_TAMOdykS. Status changed: DOWNLOADING => AVAILABLE in 2.30706501007
2019-07-24 07:47:43.382 2414 INFO rally.task.runner [-] Task e61c3840-3f8e-4c32-ab41-9da01b1e7b3f | ITER: 6 END: OK
2019-07-24 07:47:43.386 2414 INFO rally.task.runner [-] Task e61c3840-3f8e-4c32-ab41-9da01b1e7b3f | ITER: 10 START
2019-07-24 07:47:43.595 2417 RALLYDEBUG rally.task.utils [-] Waiting for resource s_rally_ad627fad_cfjnWltJ. Status changed: DOWNLOADING => AVAILABLE in 2.68280601501
2019-07-24 07:47:43.801 2416 RALLYDEBUG rally.task.utils [-] Waiting for resource s_rally_ad627fad_iK6JqMOo. Status changed: DOWNLOADING => AVAILABLE in 2.87119698524
2019-07-24 07:47:43.895 2417 INFO rally.task.runner [-] Task e61c3840-3f8e-4c32-ab41-9da01b1e7b3f | ITER: 7 END: OK
2019-07-24 07:47:44.202 2416 INFO rally.task.runner [-] Task e61c3840-3f8e-4c32-ab41-9da01b1e7b3f | ITER: 8 END: OK
2019-07-24 07:47:48.149 2415 RALLYDEBUG rally.task.utils [-] Waiting for resource s_rally_ad627fad_EHiqfvPd. Status changed: DOWNLOADING => AVAILABLE in 2.97421908379
2019-07-24 07:47:48.472 2415 INFO rally.task.runner [-] Task e61c3840-3f8e-4c32-ab41-9da01b1e7b3f | ITER: 9 END: OK
2019-07-24 07:47:49.493 2414 RALLYDEBUG rally.task.utils [-] Waiting for resource s_rally_ad627fad_mWfnIDtB. Status changed: DOWNLOADING => AVAILABLE in 2.78967308998
2019-07-24 07:47:49.574 2414 INFO rally.task.runner [-] Task e61c3840-3f8e-4c32-ab41-9da01b1e7b3f | ITER: 10 END: OK
2019-07-24 07:47:49.600 1842 INFO rally.task.context [-] Task e61c3840-3f8e-4c32-ab41-9da01b1e7b3f | Context cleanup@openstack cleanup() started
2019-07-24 07:47:49.602 1842 RALLYDEBUG rally_openstack.cleanup.manager [-] Cleaning up cinder backups objects
2019-07-24 07:47:51.683 1842 RALLYDEBUG rally_openstack.cleanup.manager [-] Cleaning up cinder volume_snapshots objects
2019-07-24 07:47:53.655 1842 RALLYDEBUG rally_openstack.cleanup.manager [-] Cleaning up cinder transfers objects
2019-07-24 07:47:55.657 1842 RALLYDEBUG rally_openstack.cleanup.manager [-] Cleaning up cinder volumes objects
2019-07-24 07:47:57.843 1842 RALLYDEBUG rally_openstack.cleanup.manager [-] Deleting cinder.volumes object s_rally_ad627fad_iK6JqMOo (22a72542-932e-4db9-95ee-495692e05c3c)
2019-07-24 07:47:57.847 1842 RALLYDEBUG rally_openstack.cleanup.manager [-] Deleting cinder.volumes object s_rally_ad627fad_X03bFBSQ (156c8f6c-6534-4627-8a26-53710f296197)
2019-07-24 07:47:57.848 1842 RALLYDEBUG rally_openstack.cleanup.manager [-] Deleting cinder.volumes object s_rally_ad627fad_2HcmZGoE (b7c7a09a-738f-4229-9549-ac18b4eb787a)
2019-07-24 07:47:57.848 1842 RALLYDEBUG rally_openstack.cleanup.manager [-] Deleting cinder.volumes object s_rally_ad627fad_cfjnWltJ (88f04ad1-3733-458f-8a2a-ca0b57d70b92)
2019-07-24 07:47:57.851 1842 RALLYDEBUG rally_openstack.cleanup.manager [-] Deleting cinder.volumes object s_rally_ad627fad_mWfnIDtB (1c8172a4-5b0d-4e62-b1e6-061c8b17b5c7)
2019-07-24 07:47:57.855 1842 RALLYDEBUG rally_openstack.cleanup.manager [-] Deleting cinder.volumes object s_rally_ad627fad_EHiqfvPd (038107c2-cd75-4622-ad2e-c4e0a6396234)
2019-07-24 07:47:57.856 1842 RALLYDEBUG rally_openstack.cleanup.manager [-] Deleting cinder.volumes object s_rally_ad627fad_HZuJY9ns (9ebde0ca-3bbf-4719-af71-79962fe10b7a)
2019-07-24 07:47:57.857 1842 RALLYDEBUG rally_openstack.cleanup.manager [-] Deleting cinder.volumes object s_rally_ad627fad_IqePtOfy (3cf5781c-fd35-4e8c-b59a-f415c78f9a02)
2019-07-24 07:47:57.859 1842 RALLYDEBUG rally_openstack.cleanup.manager [-] Deleting cinder.volumes object s_rally_ad627fad_TAMOdykS (a340a35c-a9eb-4132-8a38-02581eec6250)
2019-07-24 07:47:57.879 1842 RALLYDEBUG rally_openstack.cleanup.manager [-] Deleting cinder.volumes object s_rally_ad627fad_9HgZ6d7O (46452140-ca2f-4c54-b2e8-f783b7bf2094)
2019-07-24 07:48:02.778 1842 INFO rally.task.context [-] Task e61c3840-3f8e-4c32-ab41-9da01b1e7b3f | Context cleanup@openstack cleanup() finished in 13.18 sec
2019-07-24 07:48:02.779 1842 INFO rally.task.context [-] Task e61c3840-3f8e-4c32-ab41-9da01b1e7b3f | Context quotas@openstack cleanup() started
2019-07-24 07:48:03.295 1842 INFO rally.task.context [-] Task e61c3840-3f8e-4c32-ab41-9da01b1e7b3f | Context quotas@openstack cleanup() finished in 0.52 sec
2019-07-24 07:48:03.295 1842 INFO rally.task.context [-] Task e61c3840-3f8e-4c32-ab41-9da01b1e7b3f | Context api_versions@openstack cleanup() started
2019-07-24 07:48:03.295 1842 INFO rally.task.context [-] Task e61c3840-3f8e-4c32-ab41-9da01b1e7b3f | Context api_versions@openstack cleanup() finished in 0.30 msec
2019-07-24 07:48:03.296 1842 INFO rally.task.context [-] Task e61c3840-3f8e-4c32-ab41-9da01b1e7b3f | Context users@openstack cleanup() started
2019-07-24 07:48:10.449 1842 INFO rally.task.context [-] Task e61c3840-3f8e-4c32-ab41-9da01b1e7b3f | Context users@openstack cleanup() finished in 7.15 sec
2019-07-24 07:48:11.866 1842 INFO rally.task.engine [-] Load duration is: 20.875155
2019-07-24 07:48:11.867 1842 INFO rally.task.engine [-] Full runner duration is: 20.926681
2019-07-24 07:48:11.867 1842 INFO rally.task.engine [-] Full duration is: 48.788298
2019-07-24 07:48:12.046 1842 INFO rally.task.engine [-] Running workload: position = 1 config = { "version": 2, "title": "A cropped version of a bigger task.", "description": "Auto-generated task from a single workload (uuid=3b684ab1-7a94-4213-81a0-766bcf17ba5d)", "subtasks": [ { "title": "CinderVolumes.create_and_list_volume", "description": "Create a volume and list all volumes.", "scenario": { "CinderVolumes.create_and_list_volume": { "detailed": true, "size": 1 } }, "contexts": { "users": { "tenants": 3, "users_per_tenant": 2 }, "quotas": { "cinder": { "gigabytes": -1, "snapshots": -1, "volumes": -1 } }, "api_versions": { "cinder": { "version": 3, "service_type": "volumev3" } } }, "runner": { "constant": { "concurrency": 4, "times": 10 } }, "hooks": [], "sla": { "failure_rate": { "max": 0 } } } ] }
2019-07-24 07:48:12.069 1842 RALLYDEBUG rally_openstack.contexts.keystone.users [-] Creating 3 tenants using 20 threads
2019-07-24 07:48:13.927 1842 RALLYDEBUG rally_openstack.contexts.keystone.users [-] Creating 6 users using 20 threads
2019-07-24 07:48:16.646 1842 INFO rally.task.context [-] Task e61c3840-3f8e-4c32-ab41-9da01b1e7b3f | Context users@openstack setup() finished in 4.58 sec
2019-07-24 07:48:17.086 1842 INFO rally.task.context [-] Task e61c3840-3f8e-4c32-ab41-9da01b1e7b3f | Context api_versions@openstack setup() finished in 0.44 sec
2019-07-24 07:48:18.734 1842 INFO rally.task.context [-] Task e61c3840-3f8e-4c32-ab41-9da01b1e7b3f | Context quotas@openstack setup() finished in 1.65 sec
2019-07-24 07:48:18.735 1842 INFO rally.task.context [-] Task e61c3840-3f8e-4c32-ab41-9da01b1e7b3f | Context cleanup@openstack setup() finished in 0.01 msec
2019-07-24 07:48:18.742 1842 RALLYDEBUG rally.task.runner [-] Starting the constant runner (task UUID: e61c3840-3f8e-4c32-ab41-9da01b1e7b3f). timeout: 0 concurrency: 4 concurrency_per_worker: 1 times: 10 concurrency_overhead: 0 processes_to_start: 4 max_cpu_used: 16
2019-07-24 07:48:18.759 2599 RALLYDEBUG rally.task.runner [-] Starting a worker. concurrency: 1 args: {"detailed": true, "size": 1} times: 10 method_name: run timeout: 0 duration: None cls:
2019-07-24 07:48:18.760 2598 RALLYDEBUG rally.task.runner [-] Starting a worker. concurrency: 1 args: {"detailed": true, "size": 1} times: 10 method_name: run timeout: 0 duration: None cls:
2019-07-24 07:48:18.762 2600 RALLYDEBUG rally.task.runner [-] Starting a worker. concurrency: 1 args: {"detailed": true, "size": 1} times: 10 method_name: run timeout: 0 duration: None cls:
2019-07-24 07:48:18.766 2601 RALLYDEBUG rally.task.runner [-] Starting a worker. concurrency: 1 args: {"detailed": true, "size": 1} times: 10 method_name: run timeout: 0 duration: None cls:
2019-07-24 07:48:18.770 2598 INFO rally.task.runner [-] Task e61c3840-3f8e-4c32-ab41-9da01b1e7b3f | ITER: 2 START
2019-07-24 07:48:18.770 2600 INFO rally.task.runner [-] Task e61c3840-3f8e-4c32-ab41-9da01b1e7b3f | ITER: 3 START
2019-07-24 07:48:18.770 2599 INFO rally.task.runner [-] Task e61c3840-3f8e-4c32-ab41-9da01b1e7b3f | ITER: 1 START
2019-07-24 07:48:18.774 2601 INFO rally.task.runner [-] Task e61c3840-3f8e-4c32-ab41-9da01b1e7b3f | ITER: 4 START
2019-07-24 07:48:22.446 2600 INFO rally.task.runner [-] Task e61c3840-3f8e-4c32-ab41-9da01b1e7b3f | ITER: 3 END: OK
2019-07-24 07:48:22.451 2600 INFO rally.task.runner [-] Task e61c3840-3f8e-4c32-ab41-9da01b1e7b3f | ITER: 5 START
2019-07-24 07:48:22.737 2601 INFO rally.task.runner [-] Task e61c3840-3f8e-4c32-ab41-9da01b1e7b3f | ITER: 4 END: OK
2019-07-24 07:48:22.741 2601 INFO rally.task.runner [-] Task e61c3840-3f8e-4c32-ab41-9da01b1e7b3f | ITER: 6 START
2019-07-24 07:48:22.757 2598 INFO rally.task.runner [-] Task e61c3840-3f8e-4c32-ab41-9da01b1e7b3f | ITER: 2 END: OK
2019-07-24 07:48:22.760 2598 INFO rally.task.runner [-] Task e61c3840-3f8e-4c32-ab41-9da01b1e7b3f | ITER: 7 START
2019-07-24 07:48:22.784 2599 INFO rally.task.runner [-] Task e61c3840-3f8e-4c32-ab41-9da01b1e7b3f | ITER: 1 END: OK
2019-07-24 07:48:22.788 2599 INFO rally.task.runner [-] Task e61c3840-3f8e-4c32-ab41-9da01b1e7b3f | ITER: 8 START
2019-07-24 07:48:26.119 2600 INFO rally.task.runner [-] Task e61c3840-3f8e-4c32-ab41-9da01b1e7b3f | ITER: 5 END: OK
2019-07-24 07:48:26.124 2600 INFO rally.task.runner [-] Task e61c3840-3f8e-4c32-ab41-9da01b1e7b3f | ITER: 9 START
2019-07-24 07:48:26.264 2599 INFO rally.task.runner [-] Task e61c3840-3f8e-4c32-ab41-9da01b1e7b3f | ITER: 8 END: OK
2019-07-24 07:48:26.269 2599 INFO rally.task.runner [-] Task e61c3840-3f8e-4c32-ab41-9da01b1e7b3f | ITER: 10 START
2019-07-24 07:48:26.454 2598 INFO rally.task.runner [-] Task e61c3840-3f8e-4c32-ab41-9da01b1e7b3f | ITER: 7 END: OK
2019-07-24 07:48:26.676 2601 INFO rally.task.runner [-] Task e61c3840-3f8e-4c32-ab41-9da01b1e7b3f | ITER: 6 END: OK
2019-07-24 07:48:29.658 2600 INFO rally.task.runner [-] Task e61c3840-3f8e-4c32-ab41-9da01b1e7b3f | ITER: 9 END: OK
2019-07-24 07:48:29.747 2599 INFO rally.task.runner [-] Task e61c3840-3f8e-4c32-ab41-9da01b1e7b3f | ITER: 10 END: OK
2019-07-24 07:48:29.767 1842 INFO rally.task.context [-] Task e61c3840-3f8e-4c32-ab41-9da01b1e7b3f | Context cleanup@openstack cleanup() started
2019-07-24 07:48:29.770 1842 RALLYDEBUG rally_openstack.cleanup.manager [-] Cleaning up cinder backups objects
2019-07-24 07:48:31.754 1842 RALLYDEBUG rally_openstack.cleanup.manager [-] Cleaning up cinder volume_snapshots objects
2019-07-24 07:48:33.707 1842 RALLYDEBUG rally_openstack.cleanup.manager [-] Cleaning up cinder transfers objects
2019-07-24 07:48:35.588 1842 RALLYDEBUG rally_openstack.cleanup.manager [-] Cleaning up cinder volumes objects
2019-07-24 07:48:37.700 1842 RALLYDEBUG rally_openstack.cleanup.manager [-] Deleting cinder.volumes object s_rally_3b684ab1_hbxj9XI9 (12227c48-7315-4c0c-a6fa-2d200fcc0e49)
2019-07-24 07:48:37.701 1842 RALLYDEBUG rally_openstack.cleanup.manager [-] Deleting cinder.volumes object s_rally_3b684ab1_vrpQMaih (c60534e3-2381-43fb-86da-0dc77792f645)
2019-07-24 07:48:37.704 1842 RALLYDEBUG rally_openstack.cleanup.manager [-] Deleting cinder.volumes object s_rally_3b684ab1_BfwyGOqH (20c354d3-83f2-4c11-b80d-4283332a3175)
2019-07-24 07:48:37.707 1842 RALLYDEBUG rally_openstack.cleanup.manager [-] Deleting cinder.volumes object s_rally_3b684ab1_Ww10o7Ax (47b2abf0-ace3-42e3-9b31-fbafd53fcb60)
2019-07-24 07:48:37.709 1842 RALLYDEBUG rally_openstack.cleanup.manager [-] Deleting cinder.volumes object s_rally_3b684ab1_lBY5Kx2K (aaa8f3a7-8b0b-4f50-9540-c2c08b50ce5b)
2019-07-24 07:48:37.718 1842 RALLYDEBUG rally_openstack.cleanup.manager [-] Deleting cinder.volumes object s_rally_3b684ab1_KRAxPN66 (06ed17e8-7672-455b-a3be-5d260d04506d)
2019-07-24 07:48:37.729 1842 RALLYDEBUG rally_openstack.cleanup.manager [-] Deleting cinder.volumes object s_rally_3b684ab1_RDSc7S2p (4e70bdfd-899c-4c19-ac3e-727161ad991c)
2019-07-24 07:48:37.736 1842 RALLYDEBUG rally_openstack.cleanup.manager [-] Deleting cinder.volumes object s_rally_3b684ab1_HNOyD1hv (4c1796e6-9794-4add-9831-0043e8ad3b45)
2019-07-24 07:48:37.737 1842 RALLYDEBUG rally_openstack.cleanup.manager [-] Deleting cinder.volumes object s_rally_3b684ab1_sMLSDBnD (052cea9e-1163-49d1-acde-8b802831700a)
2019-07-24 07:48:37.738 1842 RALLYDEBUG rally_openstack.cleanup.manager [-] Deleting cinder.volumes object s_rally_3b684ab1_FW8DDAQZ (d33c95ad-35f2-4ff6-9f09-8928ea9909f4)
2019-07-24 07:48:41.509 1842 INFO rally.task.context [-] Task e61c3840-3f8e-4c32-ab41-9da01b1e7b3f | Context cleanup@openstack cleanup() finished in 11.74 sec
2019-07-24 07:48:41.509 1842 INFO rally.task.context [-] Task e61c3840-3f8e-4c32-ab41-9da01b1e7b3f | Context quotas@openstack cleanup() started
2019-07-24 07:48:42.169 1842 INFO rally.task.context [-] Task e61c3840-3f8e-4c32-ab41-9da01b1e7b3f | Context quotas@openstack cleanup() finished in 0.66 sec
2019-07-24 07:48:42.170 1842 INFO rally.task.context [-] Task e61c3840-3f8e-4c32-ab41-9da01b1e7b3f | Context api_versions@openstack cleanup() started
2019-07-24 07:48:42.170 1842 INFO rally.task.context [-] Task e61c3840-3f8e-4c32-ab41-9da01b1e7b3f | Context api_versions@openstack cleanup() finished in 0.32 msec
2019-07-24 07:48:42.171 1842 INFO rally.task.context [-] Task e61c3840-3f8e-4c32-ab41-9da01b1e7b3f | Context users@openstack cleanup() started
2019-07-24 07:48:49.382 1842 INFO rally.task.context [-] Task e61c3840-3f8e-4c32-ab41-9da01b1e7b3f | Context users@openstack cleanup() finished in 7.21 sec
2019-07-24 07:48:50.223 1842 INFO rally.task.engine [-] Load duration is: 10.973053
2019-07-24 07:48:50.223 1842 INFO rally.task.engine [-] Full runner duration is: 11.025004
2019-07-24 07:48:50.224 1842 INFO rally.task.engine [-] Full duration is: 37.315257
2019-07-24 07:48:50.445 1842 INFO rally.task.engine [-] Running workload: position = 0 config = { "version": 2, "title": "A cropped version of a bigger task.", "description": "Auto-generated task from a single workload (uuid=871e3396-ddb1-476e-9c22-c486a7806aeb)", "subtasks": [ { "title": "CinderVolumes.create_and_upload_volume_to_image", "description": "Create and upload a volume to image.", "scenario": { "CinderVolumes.create_and_upload_volume_to_image": { "container_format": "bare", "disk_format": "raw", "do_delete": true, "force": false, "size": 1 } }, "contexts": { "users": { "tenants": 3, "users_per_tenant": 2 }, "quotas": { "cinder": { "gigabytes": -1, "snapshots": -1, "volumes": -1 } }, "api_versions": { "cinder": { "version": 3, "service_type": "volumev3" } } }, "runner": { "constant": { "concurrency": 4, "times": 10 } }, "hooks": [], "sla": { "failure_rate": { "max": 0 } } } ] }
2019-07-24 07:48:50.470 1842 RALLYDEBUG rally_openstack.contexts.keystone.users [-] Creating 3 tenants using 20 threads
2019-07-24 07:48:52.315 1842 RALLYDEBUG rally_openstack.contexts.keystone.users [-] Creating 6 users using 20 threads
2019-07-24 07:48:54.982 1842 INFO rally.task.context [-] Task e61c3840-3f8e-4c32-ab41-9da01b1e7b3f | Context users@openstack setup() finished in 4.51 sec
2019-07-24 07:48:55.411 1842 INFO rally.task.context [-] Task e61c3840-3f8e-4c32-ab41-9da01b1e7b3f | Context api_versions@openstack setup() finished in 0.43 sec
2019-07-24 07:48:57.091 1842 INFO rally.task.context [-] Task e61c3840-3f8e-4c32-ab41-9da01b1e7b3f | Context quotas@openstack setup() finished in 1.68 sec
2019-07-24 07:48:57.091 1842 INFO rally.task.context [-] Task e61c3840-3f8e-4c32-ab41-9da01b1e7b3f | Context cleanup@openstack setup() finished in 0.01 msec
2019-07-24 07:48:57.098 1842 RALLYDEBUG rally.task.runner [-] Starting the constant runner (task UUID: e61c3840-3f8e-4c32-ab41-9da01b1e7b3f). timeout: 0 concurrency: 4 concurrency_per_worker: 1 times: 10 concurrency_overhead: 0 processes_to_start: 4 max_cpu_used: 16
2019-07-24 07:48:57.109 2782 RALLYDEBUG rally.task.runner [-] Starting a worker. concurrency: 1 args: {"container_format": "bare", "disk_format": "raw", "do_delete": true, "force": false, "size": 1} times: 10 method_name: run timeout: 0 duration: None cls:
2019-07-24 07:48:57.112 2783 RALLYDEBUG rally.task.runner [-] Starting a worker. concurrency: 1 args: {"container_format": "bare", "disk_format": "raw", "do_delete": true, "force": false, "size": 1} times: 10 method_name: run timeout: 0 duration: None cls:
2019-07-24 07:48:57.116 2782 INFO rally.task.runner [-] Task e61c3840-3f8e-4c32-ab41-9da01b1e7b3f | ITER: 1 START
2019-07-24 07:48:57.116 2784 RALLYDEBUG rally.task.runner [-] Starting a worker. concurrency: 1 args: {"container_format": "bare", "disk_format": "raw", "do_delete": true, "force": false, "size": 1} times: 10 method_name: run timeout: 0 duration: None cls:
2019-07-24 07:48:57.119 2783 INFO rally.task.runner [-] Task e61c3840-3f8e-4c32-ab41-9da01b1e7b3f | ITER: 2 START
2019-07-24 07:48:57.118 2785 RALLYDEBUG rally.task.runner [-] Starting a worker. concurrency: 1 args: {"container_format": "bare", "disk_format": "raw", "do_delete": true, "force": false, "size": 1} times: 10 method_name: run timeout: 0 duration: None cls:
2019-07-24 07:48:57.123 2784 INFO rally.task.runner [-] Task e61c3840-3f8e-4c32-ab41-9da01b1e7b3f | ITER: 3 START
2019-07-24 07:48:57.126 2785 INFO rally.task.runner [-] Task e61c3840-3f8e-4c32-ab41-9da01b1e7b3f | ITER: 4 START
2019-07-24 07:49:02.081 2782 RALLYDEBUG rally.task.utils [-] Waiting for resource s_rally_871e3396_LKMM9mBe. Status changed: AVAILABLE => UPLOADING in 0.270092964172
2019-07-24 07:49:02.127 2785 RALLYDEBUG rally.task.utils [-] Waiting for resource s_rally_871e3396_Hl9huTZV. Status changed: AVAILABLE => UPLOADING in 0.309890031815
2019-07-24 07:49:02.197 2783 RALLYDEBUG rally.task.utils [-] Waiting for resource s_rally_871e3396_DCspuajy. Status changed: AVAILABLE => UPLOADING in 0.400813102722
2019-07-24 07:49:02.208 2784 RALLYDEBUG rally.task.utils [-] Waiting for resource s_rally_871e3396_GzDd9kgr. Status changed: AVAILABLE => UPLOADING in 0.301518917084
2019-07-24 07:49:42.613 2784 RALLYDEBUG rally.task.utils [-] Waiting for resource s_rally_871e3396_GzDd9kgr. Status changed: UPLOADING => AVAILABLE in 40.4048850536
2019-07-24 07:49:43.201 2783 RALLYDEBUG rally.task.utils [-] Waiting for resource s_rally_871e3396_DCspuajy. Status changed: UPLOADING => AVAILABLE in 41.0037899017
2019-07-24 07:49:43.485 2784 RALLYDEBUG rally.task.utils [-] Waiting for resource s_rally_871e3396_GzDd9kgr. Status changed: AVAILABLE => DELETING in 0.0548069477081
2019-07-24 07:49:43.699 2783 RALLYDEBUG rally.task.utils [-] Waiting for resource s_rally_871e3396_DCspuajy. Status changed: AVAILABLE => DELETING in 0.0663590431213
2019-07-24 07:49:47.532 2784 INFO rally.task.runner [-] Task e61c3840-3f8e-4c32-ab41-9da01b1e7b3f | ITER: 3 END: OK
2019-07-24 07:49:47.537 2783 INFO rally.task.runner [-] Task e61c3840-3f8e-4c32-ab41-9da01b1e7b3f | ITER: 2 END: OK
2019-07-24 07:49:47.538 2784 INFO rally.task.runner [-] Task e61c3840-3f8e-4c32-ab41-9da01b1e7b3f | ITER: 5 START
2019-07-24 07:49:47.544 2783 INFO rally.task.runner [-] Task e61c3840-3f8e-4c32-ab41-9da01b1e7b3f | ITER: 6 START
2019-07-24 07:49:52.190 2783 RALLYDEBUG rally.task.utils [-] Waiting for resource s_rally_871e3396_dczZhoQg. Status changed: AVAILABLE => UPLOADING in 0.320519924164
2019-07-24 07:49:52.405 2784 RALLYDEBUG rally.task.utils [-] Waiting for resource s_rally_871e3396_lonVfyr1. Status changed: AVAILABLE => UPLOADING in 0.0550510883331
2019-07-24 07:50:07.596 2785 RALLYDEBUG rally.task.utils [-] Waiting for resource s_rally_871e3396_Hl9huTZV. Status changed: UPLOADING => AVAILABLE in 65.4689810276
2019-07-24 07:50:08.053 2785 RALLYDEBUG rally.task.utils [-] Waiting for resource s_rally_871e3396_Hl9huTZV. Status changed: AVAILABLE => DELETING in 0.0596268177032
2019-07-24 07:50:08.088 2782 RALLYDEBUG rally.task.utils [-] Waiting for resource s_rally_871e3396_LKMM9mBe. Status changed: UPLOADING => AVAILABLE in 66.0070171356
2019-07-24 07:50:08.530 2782 RALLYDEBUG rally.task.utils [-] Waiting for resource s_rally_871e3396_LKMM9mBe. Status changed: AVAILABLE => DELETING in 0.0524439811707
2019-07-24 07:50:12.101 2785 INFO rally.task.runner [-] Task e61c3840-3f8e-4c32-ab41-9da01b1e7b3f | ITER: 4 END: OK
2019-07-24 07:50:12.109 2785 INFO rally.task.runner [-] Task e61c3840-3f8e-4c32-ab41-9da01b1e7b3f | ITER: 7 START
2019-07-24 07:50:13.274 2782 INFO rally.task.runner [-] Task e61c3840-3f8e-4c32-ab41-9da01b1e7b3f | ITER: 1 END: OK
2019-07-24 07:50:13.282 2782 INFO rally.task.runner [-] Task e61c3840-3f8e-4c32-ab41-9da01b1e7b3f | ITER: 8 START
2019-07-24 07:50:16.922 2785 RALLYDEBUG rally.task.utils [-] Waiting for resource s_rally_871e3396_T5SjTL0z. Status changed: AVAILABLE => UPLOADING in 0.0554649829865
2019-07-24 07:50:18.093 2782 RALLYDEBUG rally.task.utils [-] Waiting for resource s_rally_871e3396_u7Rmgeo7. Status changed: AVAILABLE => UPLOADING in 0.0590419769287
2019-07-24 07:50:33.098 2783 RALLYDEBUG rally.task.utils [-] Waiting for resource s_rally_871e3396_dczZhoQg. Status changed: UPLOADING => AVAILABLE in 40.9083859921
2019-07-24 07:50:33.604 2783 RALLYDEBUG rally.task.utils [-] Waiting for resource s_rally_871e3396_dczZhoQg. Status changed: AVAILABLE => DELETING in 0.0567209720612
2019-07-24 07:50:35.487 2784 RALLYDEBUG rally.task.utils [-] Waiting for resource s_rally_871e3396_lonVfyr1. Status changed: UPLOADING => AVAILABLE in 43.0817470551
2019-07-24 07:50:35.959 2784 RALLYDEBUG rally.task.utils [-] Waiting for resource s_rally_871e3396_lonVfyr1. Status changed: AVAILABLE => DELETING in 0.0577490329742
2019-07-24 07:50:38.163 2783 INFO rally.task.runner [-] Task e61c3840-3f8e-4c32-ab41-9da01b1e7b3f | ITER: 6 END: OK
2019-07-24 07:50:38.168 2783 INFO rally.task.runner [-] Task e61c3840-3f8e-4c32-ab41-9da01b1e7b3f | ITER: 9 START
2019-07-24 07:50:40.247 2784 INFO rally.task.runner [-] Task e61c3840-3f8e-4c32-ab41-9da01b1e7b3f | ITER: 5 END: OK
2019-07-24 07:50:40.253 2784 INFO rally.task.runner [-] Task e61c3840-3f8e-4c32-ab41-9da01b1e7b3f | ITER: 10 START
2019-07-24 07:50:43.163 2783 RALLYDEBUG rally.task.utils [-] Waiting for resource s_rally_871e3396_NbgXQayh. Status changed: AVAILABLE => UPLOADING in 0.369031190872
2019-07-24 07:50:45.161 2784 RALLYDEBUG rally.task.utils [-] Waiting for resource s_rally_871e3396_CDvo7LcM. Status changed: AVAILABLE => UPLOADING in 0.265722990036
2019-07-24 07:51:02.419 2785 RALLYDEBUG rally.task.utils [-] Waiting for resource s_rally_871e3396_T5SjTL0z. Status changed: UPLOADING => AVAILABLE in 45.4973130226
2019-07-24 07:51:03.243 2782 RALLYDEBUG rally.task.utils [-] Waiting for resource s_rally_871e3396_u7Rmgeo7. Status changed: UPLOADING => AVAILABLE in 45.1505351067
2019-07-24 07:51:03.330 2785 RALLYDEBUG rally.task.utils [-] Waiting for resource s_rally_871e3396_T5SjTL0z. Status changed: AVAILABLE => DELETING in 0.0851747989655
2019-07-24 07:51:03.768 2782 RALLYDEBUG rally.task.utils [-] Waiting for resource s_rally_871e3396_u7Rmgeo7. Status changed: AVAILABLE => DELETING in 0.0733671188354
2019-07-24 07:51:09.958 2785 INFO rally.task.runner [-] Task e61c3840-3f8e-4c32-ab41-9da01b1e7b3f | ITER: 7 END: OK
2019-07-24 07:51:09.963 2782 INFO rally.task.runner [-] Task e61c3840-3f8e-4c32-ab41-9da01b1e7b3f | ITER: 8 END: OK
2019-07-24 07:51:21.672 2783 RALLYDEBUG rally.task.utils [-] Waiting for resource s_rally_871e3396_NbgXQayh. Status changed: UPLOADING => AVAILABLE in 38.5091159344
2019-07-24 07:51:22.222 2783 RALLYDEBUG rally.task.utils [-] Waiting for resource s_rally_871e3396_NbgXQayh. Status changed: AVAILABLE => DELETING in 0.0602011680603
2019-07-24 07:51:23.990 2784 RALLYDEBUG rally.task.utils [-] Waiting for resource s_rally_871e3396_CDvo7LcM. Status changed: UPLOADING => AVAILABLE in 38.8292379379
2019-07-24 07:51:24.725 2784 RALLYDEBUG rally.task.utils [-] Waiting for resource s_rally_871e3396_CDvo7LcM. Status changed: AVAILABLE => DELETING in 0.0527949333191
2019-07-24 07:51:24.989 2783 INFO rally.task.runner [-] Task e61c3840-3f8e-4c32-ab41-9da01b1e7b3f | ITER: 9 END: OK
2019-07-24 07:51:27.073 2784 INFO rally.task.runner [-] Task e61c3840-3f8e-4c32-ab41-9da01b1e7b3f | ITER: 10 END: OK
2019-07-24 07:51:27.094 1842 INFO rally.task.context [-] Task e61c3840-3f8e-4c32-ab41-9da01b1e7b3f | Context cleanup@openstack cleanup() started
2019-07-24 07:51:27.096 1842 RALLYDEBUG rally_openstack.cleanup.manager [-] Cleaning up cinder backups objects
2019-07-24 07:51:29.083 1842 RALLYDEBUG rally_openstack.cleanup.manager [-] Cleaning up cinder volume_snapshots objects
2019-07-24 07:51:31.131 1842 RALLYDEBUG rally_openstack.cleanup.manager [-] Cleaning up cinder transfers objects
2019-07-24 07:51:33.375 1842 RALLYDEBUG rally_openstack.cleanup.manager [-] Cleaning up cinder volumes objects
2019-07-24 07:51:35.508 1842 RALLYDEBUG rally_openstack.cleanup.manager [-] Cleaning up glance images objects
2019-07-24 07:51:38.531 1842 INFO rally.task.context [-] Task e61c3840-3f8e-4c32-ab41-9da01b1e7b3f | Context cleanup@openstack cleanup() finished in 11.44 sec
2019-07-24 07:51:38.532 1842 INFO rally.task.context [-] Task e61c3840-3f8e-4c32-ab41-9da01b1e7b3f | Context quotas@openstack cleanup() started
2019-07-24 07:51:39.012 1842 INFO rally.task.context [-] Task e61c3840-3f8e-4c32-ab41-9da01b1e7b3f | Context quotas@openstack cleanup() finished in 0.48 sec
2019-07-24 07:51:39.013 1842 INFO rally.task.context [-] Task e61c3840-3f8e-4c32-ab41-9da01b1e7b3f | Context api_versions@openstack cleanup() started
2019-07-24 07:51:39.013 1842 INFO rally.task.context [-] Task e61c3840-3f8e-4c32-ab41-9da01b1e7b3f | Context api_versions@openstack cleanup() finished in 0.33 msec
2019-07-24 07:51:39.013 1842 INFO rally.task.context [-] Task e61c3840-3f8e-4c32-ab41-9da01b1e7b3f | Context users@openstack cleanup() started
2019-07-24 07:51:46.441 1842 INFO rally.task.context [-] Task e61c3840-3f8e-4c32-ab41-9da01b1e7b3f | Context users@openstack cleanup() finished in 7.43 sec
2019-07-24 07:51:47.098 1842 INFO rally.task.engine [-] Load duration is: 149.080498
2019-07-24 07:51:47.098 1842 INFO rally.task.engine [-] Full runner duration is: 149.995706
2019-07-24 07:51:47.099 1842 INFO rally.task.engine [-] Full duration is: 175.973942
2019-07-24 07:51:47.360 1842 INFO rally.task.engine [-] Running workload: position = 0 config = { "version": 2, "title": "A cropped version of a bigger task.", "description": "Auto-generated task from a single workload (uuid=4e528a05-4326-4442-990f-55fb152fb987)", "subtasks": [ { "title": "CinderVolumes.create_nested_snapshots_and_attach_volume", "description": "Create a volume from snapshot and attach/detach the volume", "scenario": { "CinderVolumes.create_nested_snapshots_and_attach_volume": { "flavor": { "name": "rally_full-flavor_b2655784-6aa9-48e8-b70f-da9b7b180778" }, "image": { "name": "rally_full-img_b2655784-6aa9-48e8-b70f-da9b7b180778" }, "nested_level": 1, "size": { "max": 1, "min": 1 }, "create_vm_params": { "nics": [ { "net-id": "605612a9-71ce-40c7-b719-08825dfab0d9" } ] } } }, "contexts": { "users": { "tenants": 3, "users_per_tenant": 2 }, "quotas": { "cinder": { "gigabytes": -1, "snapshots": -1, "volumes": -1 } }, "api_versions": { "cinder": { "version": 3, "service_type": "volumev3" } } }, "runner": { "constant": { "concurrency": 4, "times": 10 } }, "hooks": [], "sla": { "failure_rate": { "max": 0 } } } ] }
2019-07-24 07:51:47.384 1842 RALLYDEBUG rally_openstack.contexts.keystone.users [-] Creating 3 tenants using 20 threads
2019-07-24 07:51:49.273 1842 RALLYDEBUG rally_openstack.contexts.keystone.users [-] Creating 6 users using 20 threads
2019-07-24 07:51:52.120 1842 INFO rally.task.context [-] Task e61c3840-3f8e-4c32-ab41-9da01b1e7b3f | Context users@openstack setup() finished in 4.74 sec
2019-07-24 07:51:52.555 1842 INFO rally.task.context [-] Task e61c3840-3f8e-4c32-ab41-9da01b1e7b3f | Context api_versions@openstack setup() finished in 0.43 sec
2019-07-24 07:51:54.108 1842 INFO rally.task.context [-] Task e61c3840-3f8e-4c32-ab41-9da01b1e7b3f | Context quotas@openstack setup() finished in 1.55 sec
2019-07-24 07:51:54.108 1842 INFO rally.task.context [-] Task e61c3840-3f8e-4c32-ab41-9da01b1e7b3f | Context cleanup@openstack setup() finished in 0.01 msec
2019-07-24 07:51:55.253 1842 DEBUG novaclient.v2.client [-] REQ: curl -g -i -X GET http://172.30.9.32:8774/v2.1/flavors/detail -H "Accept: application/json" -H "User-Agent: python-novaclient" -H "X-Auth-Token: {SHA1}3bac96b4cd3e42be13a658d8d74fdfc6eff461dd" _http_log_request /usr/lib/python2.7/site-packages/keystoneauth1/session.py:448
2019-07-24 07:51:55.942 1842 DEBUG novaclient.v2.client [-] RESP: [200] Content-Encoding: gzip Content-Length: 362 Content-Type: application/json Date: Wed, 24 Jul 2019 07:51:55 GMT OpenStack-API-Version: compute 2.1 Server: Apache Vary: OpenStack-API-Version,X-OpenStack-Nova-API-Version,Accept-Encoding X-OpenStack-Nova-API-Version: 2.1 x-compute-request-id: req-9ad7748a-3953-4440-b0c6-dd22aeadd0e0 x-openstack-request-id: req-9ad7748a-3953-4440-b0c6-dd22aeadd0e0 _http_log_response /usr/lib/python2.7/site-packages/keystoneauth1/session.py:479
2019-07-24 07:51:55.942 1842 DEBUG novaclient.v2.client [-] RESP BODY: {"flavors": [{"name": "rally_full-flavor_b2655784-6aa9-48e8-b70f-da9b7b180778", "links": [{"href": "http://172.30.9.32:8774/v2.1/flavors/fdd9c2a0-f7e2-4426-9e1a-e1bf1d9e911b", "rel": "self"}, {"href": "http://172.30.9.32:8774/flavors/fdd9c2a0-f7e2-4426-9e1a-e1bf1d9e911b", "rel": "bookmark"}], "ram": 512, "OS-FLV-DISABLED:disabled": false, "vcpus": 1, "swap": "", "os-flavor-access:is_public": true, "rxtx_factor": 1.0, "OS-FLV-EXT-DATA:ephemeral": 0, "disk": 1, "id": "fdd9c2a0-f7e2-4426-9e1a-e1bf1d9e911b"}, {"name": "rally_full-flavor_alt_b2655784-6aa9-48e8-b70f-da9b7b180778", "links": [{"href": "http://172.30.9.32:8774/v2.1/flavors/fee88cae-febb-4e2c-8fdc-ae5061ced779", "rel": "self"}, {"href": "http://172.30.9.32:8774/flavors/fee88cae-febb-4e2c-8fdc-ae5061ced779", "rel": "bookmark"}], "ram": 1024, "OS-FLV-DISABLED:disabled": false, "vcpus": 1, "swap": "", "os-flavor-access:is_public": true, "rxtx_factor": 1.0, "OS-FLV-EXT-DATA:ephemeral": 0, "disk": 1, "id": "fee88cae-febb-4e2c-8fdc-ae5061ced779"}]} _http_log_response /usr/lib/python2.7/site-packages/keystoneauth1/session.py:511
2019-07-24 07:51:55.943 1842 DEBUG novaclient.v2.client [-] GET call to compute for http://172.30.9.32:8774/v2.1/flavors/detail used request id req-9ad7748a-3953-4440-b0c6-dd22aeadd0e0 request /usr/lib/python2.7/site-packages/keystoneauth1/session.py:844
2019-07-24 07:51:55.945 1842 RALLYDEBUG rally.task.runner [-] Starting the constant runner (task UUID: e61c3840-3f8e-4c32-ab41-9da01b1e7b3f). timeout: 0 concurrency: 4 concurrency_per_worker: 1 times: 10 concurrency_overhead: 0 processes_to_start: 4 max_cpu_used: 16
2019-07-24 07:51:55.958 2986 RALLYDEBUG rally.task.runner [-] Starting a worker. concurrency: 1 args: {"flavor": "fdd9c2a0-f7e2-4426-9e1a-e1bf1d9e911b", "image": "0319036b-523d-4398-9bc2-3d27d9add32d", "nested_level": 1, "size": {"max": 1, "min": 1}, "create_vm_params": {"nics": [{"net-id": "605612a9-71ce-40c7-b719-08825dfab0d9"}]}} times: 10 method_name: run timeout: 0 duration: None cls:
2019-07-24 07:51:55.961 2987 RALLYDEBUG rally.task.runner [-] Starting a worker. concurrency: 1 args: {"flavor": "fdd9c2a0-f7e2-4426-9e1a-e1bf1d9e911b", "image": "0319036b-523d-4398-9bc2-3d27d9add32d", "nested_level": 1, "size": {"max": 1, "min": 1}, "create_vm_params": {"nics": [{"net-id": "605612a9-71ce-40c7-b719-08825dfab0d9"}]}} times: 10 method_name: run timeout: 0 duration: None cls:
2019-07-24 07:51:55.964 2988 RALLYDEBUG rally.task.runner [-] Starting a worker. concurrency: 1 args: {"flavor": "fdd9c2a0-f7e2-4426-9e1a-e1bf1d9e911b", "image": "0319036b-523d-4398-9bc2-3d27d9add32d", "nested_level": 1, "size": {"max": 1, "min": 1}, "create_vm_params": {"nics": [{"net-id": "605612a9-71ce-40c7-b719-08825dfab0d9"}]}} times: 10 method_name: run timeout: 0 duration: None cls:
2019-07-24 07:51:55.966 2986 INFO rally.task.runner [-] Task e61c3840-3f8e-4c32-ab41-9da01b1e7b3f | ITER: 1 START
2019-07-24 07:51:55.967 2989 RALLYDEBUG rally.task.runner [-] Starting a worker. concurrency: 1 args: {"flavor": "fdd9c2a0-f7e2-4426-9e1a-e1bf1d9e911b", "image": "0319036b-523d-4398-9bc2-3d27d9add32d", "nested_level": 1, "size": {"max": 1, "min": 1}, "create_vm_params": {"nics": [{"net-id": "605612a9-71ce-40c7-b719-08825dfab0d9"}]}} times: 10 method_name: run timeout: 0 duration: None cls:
2019-07-24 07:51:55.969 2987 INFO rally.task.runner [-] Task e61c3840-3f8e-4c32-ab41-9da01b1e7b3f | ITER: 2 START
2019-07-24 07:51:55.972 2988 INFO rally.task.runner [-] Task e61c3840-3f8e-4c32-ab41-9da01b1e7b3f | ITER: 3 START
2019-07-24 07:51:55.975 2989 INFO rally.task.runner [-] Task e61c3840-3f8e-4c32-ab41-9da01b1e7b3f | ITER: 4 START
2019-07-24 07:51:56.399 2988 DEBUG novaclient.v2.client [-] REQ: curl -g -i -X POST http://172.30.9.32:8774/v2.1/servers -H "Accept: application/json" -H "Content-Type: application/json" -H "User-Agent: python-novaclient" -H "X-Auth-Token: {SHA1}17f71dc29b4c71c1c4361a989413de2fb86dbdbf" -d '{"server": {"name": "s_rally_4e528a05_8KAdum5c", "imageRef": "0319036b-523d-4398-9bc2-3d27d9add32d", "flavorRef": "fdd9c2a0-f7e2-4426-9e1a-e1bf1d9e911b", "max_count": 1, "min_count": 1, "networks": [{"uuid": "605612a9-71ce-40c7-b719-08825dfab0d9"}]}}' _http_log_request /usr/lib/python2.7/site-packages/keystoneauth1/session.py:448
2019-07-24 07:51:56.414 2987 DEBUG novaclient.v2.client [-] REQ: curl -g -i -X POST http://172.30.9.32:8774/v2.1/servers -H "Accept: application/json" -H "Content-Type: application/json" -H "User-Agent: python-novaclient" -H "X-Auth-Token: {SHA1}a9ca30091a76fa6a472ea67ebdd225f2f79a82b8" -d '{"server": {"name": "s_rally_4e528a05_Ij11WLbR", "imageRef": "0319036b-523d-4398-9bc2-3d27d9add32d", "flavorRef": "fdd9c2a0-f7e2-4426-9e1a-e1bf1d9e911b", "max_count": 1, "min_count": 1, "networks": [{"uuid": "605612a9-71ce-40c7-b719-08825dfab0d9"}]}}' _http_log_request /usr/lib/python2.7/site-packages/keystoneauth1/session.py:448
