2019-07-23 09:20:07.211 26944 INFO rally.task.runner [-] Task 0cdf50fe-ef12-4623-8cba-38bbf739da57 | ITER: 21 END: OK
2019-07-23 09:20:08.787 26970 INFO rally.task.runner [-] Task 0cdf50fe-ef12-4623-8cba-38bbf739da57 | ITER: 23 END: OK
2019-07-23 09:20:10.650 26967 INFO rally.task.runner [-] Task 0cdf50fe-ef12-4623-8cba-38bbf739da57 | ITER: 28 END: OK
2019-07-23 09:20:11.041 26945 INFO rally.task.runner [-] Task 0cdf50fe-ef12-4623-8cba-38bbf739da57 | ITER: 22 END: OK
2019-07-23 09:20:11.194 26949 INFO rally.task.runner [-] Task 0cdf50fe-ef12-4623-8cba-38bbf739da57 | ITER: 26 END: OK
2019-07-23 09:20:11.725 26987 INFO rally.task.runner [-] Task 0cdf50fe-ef12-4623-8cba-38bbf739da57 | ITER: 27 END: OK
2019-07-23 09:20:11.888 26945 INFO rally.task.runner [-] Task 0cdf50fe-ef12-4623-8cba-38bbf739da57 | ITER: 32 END: OK
2019-07-23 09:20:12.222 26979 INFO rally.task.runner [-] Task 0cdf50fe-ef12-4623-8cba-38bbf739da57 | ITER: 33 END: OK
2019-07-23 09:20:12.547 26955 INFO rally.task.runner [-] Task 0cdf50fe-ef12-4623-8cba-38bbf739da57 | ITER: 35 END: OK
2019-07-23 09:20:12.815 26959 INFO rally.task.runner [-] Task 0cdf50fe-ef12-4623-8cba-38bbf739da57 | ITER: 36 END: OK
2019-07-23 09:20:12.963 26951 INFO rally.task.runner [-] Task 0cdf50fe-ef12-4623-8cba-38bbf739da57 | ITER: 37 END: OK
2019-07-23 09:20:13.079 26943 INFO rally.task.runner [-] Task 0cdf50fe-ef12-4623-8cba-38bbf739da57 | ITER: 29 END: OK
2019-07-23 09:20:13.111 26943 INFO rally.task.runner [-] Task 0cdf50fe-ef12-4623-8cba-38bbf739da57 | ITER: 25 END: OK
2019-07-23 09:20:13.171 26946 INFO rally.task.runner [-] Task 0cdf50fe-ef12-4623-8cba-38bbf739da57 | ITER: 34 END: OK
2019-07-23 09:20:13.211 26964 INFO rally.task.runner [-] Task 0cdf50fe-ef12-4623-8cba-38bbf739da57 | ITER: 24 END: OK
2019-07-23 09:20:13.319 26944 INFO rally.task.runner [-] Task 0cdf50fe-ef12-4623-8cba-38bbf739da57 | ITER: 30 END: OK
2019-07-23 09:20:13.761 26975 INFO rally.task.runner [-] Task 0cdf50fe-ef12-4623-8cba-38bbf739da57 | ITER: 38 END: OK
2019-07-23 09:20:13.784 26946 INFO rally.task.runner [-] Task 0cdf50fe-ef12-4623-8cba-38bbf739da57 | ITER: 31 END: OK
2019-07-23 09:20:15.451 26988 INFO rally.task.runner [-] Task 0cdf50fe-ef12-4623-8cba-38bbf739da57 | ITER: 40 END: OK
2019-07-23 09:20:15.925 26986 INFO rally.task.runner [-] Task 0cdf50fe-ef12-4623-8cba-38bbf739da57 | ITER: 39 END: OK
2019-07-23 09:20:15.950 22701 INFO rally.task.context [-] Task 0cdf50fe-ef12-4623-8cba-38bbf739da57 | Context cleanup@openstack cleanup() started
2019-07-23 09:20:15.953 22701 RALLYDEBUG rally_openstack.cleanup.manager [-] Cleaning up neutron vip objects
2019-07-23 09:20:16.691 22701 RALLYDEBUG rally_openstack.cleanup.manager [-] Cleaning up neutron health_monitor objects
2019-07-23 09:20:17.348 22701 RALLYDEBUG rally_openstack.cleanup.manager [-] Cleaning up neutron pool objects
2019-07-23 09:20:18.175 22701 RALLYDEBUG rally_openstack.cleanup.manager [-] Cleaning up neutron loadbalancer objects
2019-07-23 09:20:18.802 22701 RALLYDEBUG rally_openstack.cleanup.manager [-] Cleaning up neutron floatingip objects
2019-07-23 09:20:19.490 22701 RALLYDEBUG rally_openstack.cleanup.manager [-] Cleaning up neutron port objects
2019-07-23 09:20:20.618 22701 RALLYDEBUG rally_openstack.cleanup.manager [-] Cleaning up neutron subnet objects
2019-07-23 09:20:21.281 22701 RALLYDEBUG rally_openstack.cleanup.manager [-] Cleaning up neutron network objects
2019-07-23 09:20:22.201 22701 RALLYDEBUG rally_openstack.cleanup.manager [-] Deleting neutron.network object s_rally_922c5b83_pMKvW4jN (02d3c9db-f13e-4b65-a160-f8210f2acb33)
2019-07-23 09:20:22.205 22701 RALLYDEBUG rally_openstack.cleanup.manager [-] Deleting neutron.network object s_rally_922c5b83_HYQov4BR (07d453e7-907f-4d65-9fcf-bb13ba887b00)
2019-07-23 09:20:22.211 22701 RALLYDEBUG rally_openstack.cleanup.manager [-] Deleting neutron.network object s_rally_922c5b83_ShRhziHe (0bb7eacf-d388-439b-a68d-b54eb3c92ee4)
2019-07-23 09:20:22.219 22701 RALLYDEBUG rally_openstack.cleanup.manager [-] Deleting neutron.network object s_rally_922c5b83_wK78eHXM (1dd03bbb-a34f-4b3f-b934-a2a8b06b0e80)
2019-07-23 09:20:22.228 22701 RALLYDEBUG rally_openstack.cleanup.manager [-] Deleting neutron.network object s_rally_922c5b83_KojY1cyy (27929de8-4e8d-494a-9dd3-d52f74f2e07b)
2019-07-23 09:20:22.237 22701 RALLYDEBUG rally_openstack.cleanup.manager [-] Deleting neutron.network object s_rally_922c5b83_FsUHKIoD (29267aef-5920-49b1-b5fe-7f66434ce1f7)
2019-07-23 09:20:22.239 22701 RALLYDEBUG rally_openstack.cleanup.manager [-] Deleting neutron.network object s_rally_922c5b83_qMyR2Mim (22275972-722f-46e6-a099-491bef6d3fa7)
2019-07-23 09:20:22.254 22701 RALLYDEBUG rally_openstack.cleanup.manager [-] Deleting neutron.network object s_rally_922c5b83_Ky5t3ac9 (4d19acb3-b84d-4635-9052-d52380e5d582)
2019-07-23 09:20:22.267 22701 RALLYDEBUG rally_openstack.cleanup.manager [-] Deleting neutron.network object s_rally_922c5b83_pjxyKnel (57cf1a8c-0b66-4553-a97f-cc6befcdefd4)
2019-07-23 09:20:22.273 22701 RALLYDEBUG rally_openstack.cleanup.manager [-] Deleting neutron.network object s_rally_922c5b83_bFFNd1Vh (5a8413ed-9596-4f2d-aa83-83c7fc760118)
2019-07-23 09:20:22.280 22701 RALLYDEBUG rally_openstack.cleanup.manager [-] Deleting neutron.network object s_rally_922c5b83_ALN6uIzt (5c27a818-aea2-499a-a61f-3baf79c4f77d)
2019-07-23 09:20:22.298 22701 RALLYDEBUG rally_openstack.cleanup.manager [-] Deleting neutron.network object s_rally_922c5b83_fJO0Vupg (83dc2863-64a7-4b5d-a935-938f0df9ddc5)
2019-07-23 09:20:22.301 22701 RALLYDEBUG rally_openstack.cleanup.manager [-] Deleting neutron.network object s_rally_922c5b83_HG5QuQN2 (96b0c116-ec77-47b3-a5fe-805e631c60b4)
2019-07-23 09:20:22.308 22701 RALLYDEBUG rally_openstack.cleanup.manager [-] Deleting neutron.network object s_rally_922c5b83_23o8w5IM (96d5ed45-0dd6-4c10-a8d9-0426b7b15ea8)
2019-07-23 09:20:22.321 22701 RALLYDEBUG rally_openstack.cleanup.manager [-] Deleting neutron.network object s_rally_922c5b83_IdfspctP (98f53e2f-f3fb-4bdb-aaa7-351ba4fb90da)
2019-07-23 09:20:22.332 22701 RALLYDEBUG rally_openstack.cleanup.manager [-] Deleting neutron.network object s_rally_922c5b83_SW774VUl (9951d796-1aea-433f-874b-1d5d3d9717ff)
2019-07-23 09:20:22.342 22701 RALLYDEBUG rally_openstack.cleanup.manager [-] Deleting neutron.network object s_rally_922c5b83_LYxu4TvU (9f8320a2-2485-4c51-86e4-cb6f1debf334)
2019-07-23 09:20:22.355 22701 RALLYDEBUG rally_openstack.cleanup.manager [-] Deleting neutron.network object s_rally_922c5b83_ZynNvocK (a6f4539b-7cdb-4ad5-ac15-94ea8a7a9ad9)
2019-07-23 09:20:22.364 22701 RALLYDEBUG rally_openstack.cleanup.manager [-] Deleting neutron.network object s_rally_922c5b83_KqMtim5e (a7269f29-1883-45a2-885b-a1066f40ed06)
2019-07-23 09:20:22.372 22701 RALLYDEBUG rally_openstack.cleanup.manager [-] Deleting neutron.network object s_rally_922c5b83_wNdfOLqN (ae3b7831-5e74-4082-886d-ff2424e05770)
2019-07-23 09:20:25.513 22701 RALLYDEBUG rally_openstack.cleanup.manager [-] Deleting neutron.network object s_rally_922c5b83_5ewP753C (afdfbdf8-beb9-4196-9d3d-85c2a03ac91f)
2019-07-23 09:20:25.768 22701 RALLYDEBUG rally_openstack.cleanup.manager [-] Deleting neutron.network object s_rally_922c5b83_T8zSMDjb (b3df90ef-4746-419d-9956-6a0b60fe4599)
2019-07-23 09:20:25.868 22701 RALLYDEBUG rally_openstack.cleanup.manager [-] Deleting neutron.network object s_rally_922c5b83_eVEGR8zx (c8db13e3-45fe-40ac-a397-aa826a827f5e)
2019-07-23 09:20:26.136 22701 RALLYDEBUG rally_openstack.cleanup.manager [-] Deleting neutron.network object s_rally_922c5b83_MHznlLA3 (ca52bff7-e3e7-4ede-8e35-ac6d08c0ac7f)
2019-07-23 09:20:26.190 22701 RALLYDEBUG rally_openstack.cleanup.manager [-] Deleting neutron.network object s_rally_922c5b83_TtOI5kkX (d2454598-d4f4-416f-b7b5-6202d81b7eb3)
2019-07-23 09:20:26.213 22701 RALLYDEBUG rally_openstack.cleanup.manager [-] Deleting neutron.network object s_rally_922c5b83_maSkocH1 (d5d7060a-4b47-414f-b705-31eb345f0772)
2019-07-23 09:20:26.250 22701 RALLYDEBUG rally_openstack.cleanup.manager [-] Deleting neutron.network object s_rally_922c5b83_KdmPyCLR (e3b75ef9-a75e-44f1-9be3-112aa4d32b6f)
2019-07-23 09:20:26.266 22701 RALLYDEBUG rally_openstack.cleanup.manager [-] Deleting neutron.network object s_rally_922c5b83_m15HqUfD (e64c0f4c-5ee6-4a0b-a274-138042d96a76)
2019-07-23 09:20:26.347 22701 RALLYDEBUG rally_openstack.cleanup.manager [-] Deleting neutron.network object s_rally_922c5b83_DPfx05nG (e913bd87-e674-4d2b-b377-826529979e27)
2019-07-23 09:20:26.926 22701 RALLYDEBUG rally_openstack.cleanup.manager [-] Deleting neutron.network object s_rally_922c5b83_uXklQ4ho (e9a02147-32ea-48f7-9e80-2e1e84140ddc)
2019-07-23 09:20:27.069 22701 RALLYDEBUG rally_openstack.cleanup.manager [-] Deleting neutron.network object s_rally_922c5b83_QOfU6kTs (ec5105b6-52ef-4ea3-a70b-a424e1ca7a4b)
2019-07-23 09:20:27.166 22701 RALLYDEBUG rally_openstack.cleanup.manager [-] Deleting neutron.network object s_rally_922c5b83_WUztISyp (ec9a7b03-296c-4608-ae72-a77ed923138a)
2019-07-23 09:20:27.173 22701 RALLYDEBUG rally_openstack.cleanup.manager [-] Deleting neutron.network object s_rally_922c5b83_fwlFGIuZ (f14efc6d-4488-4f20-b4a9-e267776bec93)
2019-07-23 09:20:27.176 22701 RALLYDEBUG rally_openstack.cleanup.manager [-] Deleting neutron.network object s_rally_922c5b83_f0xdcdQi (edbd006e-238f-4b43-beb9-12a7c003bd59)
2019-07-23 09:20:27.179 22701 RALLYDEBUG rally_openstack.cleanup.manager [-] Deleting neutron.network object s_rally_922c5b83_XAchZ61z (f2df9700-46dd-497e-afe7-ffed7683d2ea)
2019-07-23 09:20:27.198 22701 RALLYDEBUG rally_openstack.cleanup.manager [-] Deleting neutron.network object s_rally_922c5b83_nAXFhizx (f3156040-9897-4f26-8929-c9e4c01a5c87)
2019-07-23 09:20:27.361 22701 RALLYDEBUG rally_openstack.cleanup.manager [-] Deleting neutron.network object s_rally_922c5b83_bQVMcWed (f4f56f37-4ced-4d64-a026-b4ab1111790f)
2019-07-23 09:20:28.231 22701 RALLYDEBUG rally_openstack.cleanup.manager [-] Deleting neutron.network object s_rally_922c5b83_0FJVfu8v (fb0dad42-038d-4065-8114-61282024cc98)
2019-07-23 09:20:28.271 22701 RALLYDEBUG rally_openstack.cleanup.manager [-] Deleting neutron.network object s_rally_922c5b83_5khw1ti8 (fc34c6a4-1842-4362-a4a9-098a35c48388)
2019-07-23 09:20:28.277 22701 RALLYDEBUG rally_openstack.cleanup.manager [-] Deleting neutron.network object s_rally_922c5b83_DxZCwrvj (fd970f7c-23e8-495b-a97c-a5365afcc867)
2019-07-23 09:20:32.010 22701 RALLYDEBUG rally_openstack.cleanup.manager [-] Cleaning up neutron router objects
2019-07-23 09:20:32.786 22701 RALLYDEBUG rally_openstack.cleanup.manager [-] Cleaning up neutron security_group objects
2019-07-23 09:20:33.573 22701 INFO rally.task.context [-] Task 0cdf50fe-ef12-4623-8cba-38bbf739da57 | Context cleanup@openstack cleanup() finished in 17.62 sec
2019-07-23 09:20:33.574 22701 INFO rally.task.context [-] Task 0cdf50fe-ef12-4623-8cba-38bbf739da57 | Context quotas@openstack cleanup() started
2019-07-23 09:20:33.903 22701 INFO rally.task.context [-] Task 0cdf50fe-ef12-4623-8cba-38bbf739da57 | Context quotas@openstack cleanup() finished in 0.33 sec
2019-07-23 09:20:33.904 22701 INFO rally.task.context [-] Task 0cdf50fe-ef12-4623-8cba-38bbf739da57 | Context users@openstack cleanup() started
2019-07-23 09:20:38.828 22701 INFO rally.task.context [-] Task 0cdf50fe-ef12-4623-8cba-38bbf739da57 | Context users@openstack cleanup() finished in 4.92 sec
2019-07-23 09:20:39.860 22701 INFO rally.task.engine [-] Load duration is: 40.913597
2019-07-23 09:20:39.861 22701 INFO rally.task.engine [-] Full runner duration is: 40.956913
2019-07-23 09:20:39.861 22701 INFO rally.task.engine [-] Full duration is: 69.29624
2019-07-23 09:20:40.162 22701 INFO rally.task.engine [-] Running workload: position = 0 config = { "version": 2, "title": "A cropped version of a bigger task.", "description": "Auto-generated task from a single workload (uuid=9352ead7-3213-4463-8443-cb366b6522f5)", "subtasks": [ { "title": "Quotas.neutron_update", "description": "Update quotas for neutron.", "scenario": { "Quotas.neutron_update": { "max_quota": 1024 } }, "contexts": { "users": { "tenants": 20, "users_per_tenant": 1 } }, "runner": { "constant": { "times": 40, "concurrency": 20 } }, "hooks": [], "sla": { "failure_rate": { "max": 0 } } } ] }
2019-07-23 09:20:40.184 22701 RALLYDEBUG rally_openstack.contexts.keystone.users [-] Creating 20 tenants using 20 threads
2019-07-23 09:20:42.749 22701 RALLYDEBUG rally_openstack.contexts.keystone.users [-] Creating 20 users using 20 threads
2019-07-23 09:20:46.029 22701 INFO rally.task.context [-] Task 0cdf50fe-ef12-4623-8cba-38bbf739da57 | Context users@openstack setup() finished in 5.84 sec
2019-07-23 09:20:46.029 22701 INFO rally.task.context [-] Task 0cdf50fe-ef12-4623-8cba-38bbf739da57 | Context admin_cleanup@openstack setup() finished in 0.00 msec
2019-07-23 09:20:46.035 22701 RALLYDEBUG rally.task.runner [-] Starting the constant runner (task UUID: 0cdf50fe-ef12-4623-8cba-38bbf739da57). timeout: 0 concurrency: 20 concurrency_per_worker: 1 times: 40 concurrency_overhead: 4 processes_to_start: 16 max_cpu_used: 16
2019-07-23 09:20:46.047 27313 RALLYDEBUG rally.task.runner [-] Starting a worker. concurrency: 2 args: {"max_quota": 1024} times: 40 method_name: run timeout: 0 duration: None cls:
2019-07-23 09:20:46.049 27314 RALLYDEBUG rally.task.runner [-] Starting a worker. concurrency: 2 args: {"max_quota": 1024} times: 40 method_name: run timeout: 0 duration: None cls:
2019-07-23 09:20:46.050 27315 RALLYDEBUG rally.task.runner [-] Starting a worker. concurrency: 2 args: {"max_quota": 1024} times: 40 method_name: run timeout: 0 duration: None cls:
2019-07-23 09:20:46.052 27316 RALLYDEBUG rally.task.runner [-] Starting a worker. concurrency: 2 args: {"max_quota": 1024} times: 40 method_name: run timeout: 0 duration: None cls:
2019-07-23 09:20:46.057 27313 INFO rally.task.runner [-] Task 0cdf50fe-ef12-4623-8cba-38bbf739da57 | ITER: 1 START
2019-07-23 09:20:46.060 27316 INFO rally.task.runner [-] Task 0cdf50fe-ef12-4623-8cba-38bbf739da57 | ITER: 4 START
2019-07-23 09:20:46.058 27317 RALLYDEBUG rally.task.runner [-] Starting a worker. concurrency: 1 args: {"max_quota": 1024} times: 40 method_name: run timeout: 0 duration: None cls:
2019-07-23 09:20:46.061 27314 INFO rally.task.runner [-] Task 0cdf50fe-ef12-4623-8cba-38bbf739da57 | ITER: 2 START
2019-07-23 09:20:46.063 27315 INFO rally.task.runner [-] Task 0cdf50fe-ef12-4623-8cba-38bbf739da57 | ITER: 3 START
2019-07-23 09:20:46.062 27318 RALLYDEBUG rally.task.runner [-] Starting a worker. concurrency: 1 args: {"max_quota": 1024} times: 40 method_name: run timeout: 0 duration: None cls:
2019-07-23 09:20:46.065 27321 RALLYDEBUG rally.task.runner [-] Starting a worker. concurrency: 1 args: {"max_quota": 1024} times: 40 method_name: run timeout: 0 duration: None cls:
2019-07-23 09:20:46.066 27327 RALLYDEBUG rally.task.runner [-] Starting a worker. concurrency: 1 args: {"max_quota": 1024} times: 40 method_name: run timeout: 0 duration: None cls:
2019-07-23 09:20:46.068 27313 INFO rally.task.runner [-] Task 0cdf50fe-ef12-4623-8cba-38bbf739da57 | ITER: 5 START
2019-07-23 09:20:46.071 27329 RALLYDEBUG rally.task.runner [-] Starting a worker. concurrency: 1 args: {"max_quota": 1024} times: 40 method_name: run timeout: 0 duration: None cls:
2019-07-23 09:20:46.071 27317 INFO rally.task.runner [-] Task 0cdf50fe-ef12-4623-8cba-38bbf739da57 | ITER: 9 START
2019-07-23 09:20:46.072 27331 RALLYDEBUG rally.task.runner [-] Starting a worker. concurrency: 1 args: {"max_quota": 1024} times: 40 method_name: run timeout: 0 duration: None cls:
2019-07-23 09:20:46.074 27327 INFO rally.task.runner [-] Task 0cdf50fe-ef12-4623-8cba-38bbf739da57 | ITER: 12 START
2019-07-23 09:20:46.074 27321 INFO rally.task.runner [-] Task 0cdf50fe-ef12-4623-8cba-38bbf739da57 | ITER: 11 START
2019-07-23 09:20:46.070 27314 INFO rally.task.runner [-] Task 0cdf50fe-ef12-4623-8cba-38bbf739da57 | ITER: 6 START
2019-07-23 09:20:46.076 27316 INFO rally.task.runner [-] Task 0cdf50fe-ef12-4623-8cba-38bbf739da57 | ITER: 8 START
2019-07-23 09:20:46.077 27318 INFO rally.task.runner [-] Task 0cdf50fe-ef12-4623-8cba-38bbf739da57 | ITER: 10 START
2019-07-23 09:20:46.078 27315 INFO rally.task.runner [-] Task 0cdf50fe-ef12-4623-8cba-38bbf739da57 | ITER: 7 START
2019-07-23 09:20:46.081 27329 INFO rally.task.runner [-] Task 0cdf50fe-ef12-4623-8cba-38bbf739da57 | ITER: 13 START
2019-07-23 09:20:46.082 27333 RALLYDEBUG rally.task.runner [-] Starting a worker. concurrency: 1 args: {"max_quota": 1024} times: 40 method_name: run timeout: 0 duration: None cls:
2019-07-23 09:20:46.086 27331 INFO rally.task.runner [-] Task 0cdf50fe-ef12-4623-8cba-38bbf739da57 | ITER: 14 START
2019-07-23 09:20:46.087 27337 RALLYDEBUG rally.task.runner [-] Starting a worker. concurrency: 1 args: {"max_quota": 1024} times: 40 method_name: run timeout: 0 duration: None cls:
2019-07-23 09:20:46.091 27345 RALLYDEBUG rally.task.runner [-] Starting a worker. concurrency: 1 args: {"max_quota": 1024} times: 40 method_name: run timeout: 0 duration: None cls:
2019-07-23 09:20:46.093 27333 INFO rally.task.runner [-] Task 0cdf50fe-ef12-4623-8cba-38bbf739da57 | ITER: 15 START
2019-07-23 09:20:46.093 27349 RALLYDEBUG rally.task.runner [-] Starting a worker. concurrency: 1 args: {"max_quota": 1024} times: 40 method_name: run timeout: 0 duration: None cls:
2019-07-23 09:20:46.097 27351 RALLYDEBUG rally.task.runner [-] Starting a worker. concurrency: 1 args: {"max_quota": 1024} times: 40 method_name: run timeout: 0 duration: None cls:
2019-07-23 09:20:46.100 27345 INFO rally.task.runner [-] Task 0cdf50fe-ef12-4623-8cba-38bbf739da57 | ITER: 17 START
2019-07-23 09:20:46.101 27337 INFO rally.task.runner [-] Task 0cdf50fe-ef12-4623-8cba-38bbf739da57 | ITER: 16 START
2019-07-23 09:20:46.103 27349 INFO rally.task.runner [-] Task 0cdf50fe-ef12-4623-8cba-38bbf739da57 | ITER: 18 START
2019-07-23 09:20:46.103 27351 INFO rally.task.runner [-] Task 0cdf50fe-ef12-4623-8cba-38bbf739da57 | ITER: 19 START
2019-07-23 09:20:46.102 27354 RALLYDEBUG rally.task.runner [-] Starting a worker. concurrency: 1 args: {"max_quota": 1024} times: 40 method_name: run timeout: 0 duration: None cls:
2019-07-23 09:20:46.109 27354 INFO rally.task.runner [-] Task 0cdf50fe-ef12-4623-8cba-38bbf739da57 | ITER: 20 START
2019-07-23 09:20:47.926 27316 INFO rally.task.runner [-] Task 0cdf50fe-ef12-4623-8cba-38bbf739da57 | ITER: 4 END: OK
2019-07-23 09:20:47.933 27316 INFO rally.task.runner [-] Task 0cdf50fe-ef12-4623-8cba-38bbf739da57 | ITER: 21 START
2019-07-23 09:20:48.052 27316 INFO rally.task.runner [-] Task 0cdf50fe-ef12-4623-8cba-38bbf739da57 | ITER: 8 END: OK
2019-07-23 09:20:48.058 27316 INFO rally.task.runner [-] Task 0cdf50fe-ef12-4623-8cba-38bbf739da57 | ITER: 22 START
2019-07-23 09:20:48.232 27315 INFO rally.task.runner [-] Task 0cdf50fe-ef12-4623-8cba-38bbf739da57 | ITER: 3 END: OK
2019-07-23 09:20:48.238 27315 INFO rally.task.runner [-] Task 0cdf50fe-ef12-4623-8cba-38bbf739da57 | ITER: 23 START
2019-07-23 09:20:48.329 27333 INFO rally.task.runner [-] Task 0cdf50fe-ef12-4623-8cba-38bbf739da57 | ITER: 15 END: OK
2019-07-23 09:20:48.333 27333 INFO rally.task.runner [-] Task 0cdf50fe-ef12-4623-8cba-38bbf739da57 | ITER: 24 START
2019-07-23 09:20:48.440 27318 INFO rally.task.runner [-] Task 0cdf50fe-ef12-4623-8cba-38bbf739da57 | ITER: 10 END: OK
2019-07-23 09:20:48.445 27318 INFO rally.task.runner [-] Task 0cdf50fe-ef12-4623-8cba-38bbf739da57 | ITER: 25 START
2019-07-23 09:20:48.492 27345 INFO rally.task.runner [-] Task 0cdf50fe-ef12-4623-8cba-38bbf739da57 | ITER: 17 END: OK
2019-07-23 09:20:48.497 27345 INFO rally.task.runner [-] Task 0cdf50fe-ef12-4623-8cba-38bbf739da57 | ITER: 26 START
2019-07-23 09:20:48.509 27327 INFO rally.task.runner [-] Task 0cdf50fe-ef12-4623-8cba-38bbf739da57 | ITER: 12 END: OK
2019-07-23 09:20:48.514 27327 INFO rally.task.runner [-] Task 0cdf50fe-ef12-4623-8cba-38bbf739da57 | ITER: 27 START
2019-07-23 09:20:48.532 27313 INFO rally.task.runner [-] Task 0cdf50fe-ef12-4623-8cba-38bbf739da57 | ITER: 5 END: OK
2019-07-23 09:20:48.538 27313 INFO rally.task.runner [-] Task 0cdf50fe-ef12-4623-8cba-38bbf739da57 | ITER: 28 START
2019-07-23 09:20:48.557 27329 INFO rally.task.runner [-] Task 0cdf50fe-ef12-4623-8cba-38bbf739da57 | ITER: 13 END: OK
2019-07-23 09:20:48.560 27329 INFO rally.task.runner [-] Task 0cdf50fe-ef12-4623-8cba-38bbf739da57 | ITER: 29 START
2019-07-23 09:20:48.567 27349 INFO rally.task.runner [-] Task 0cdf50fe-ef12-4623-8cba-38bbf739da57 | ITER: 18 END: OK
2019-07-23 09:20:48.571 27349 INFO rally.task.runner [-] Task 0cdf50fe-ef12-4623-8cba-38bbf739da57 | ITER: 30 START
2019-07-23 09:20:48.607 27317 INFO rally.task.runner [-] Task 0cdf50fe-ef12-4623-8cba-38bbf739da57 | ITER: 9 END: OK
2019-07-23 09:20:48.613 27317 INFO rally.task.runner [-] Task 0cdf50fe-ef12-4623-8cba-38bbf739da57 | ITER: 31 START
2019-07-23 09:20:48.615 27314 INFO rally.task.runner [-] Task 0cdf50fe-ef12-4623-8cba-38bbf739da57 | ITER: 2 END: OK
2019-07-23 09:20:48.620 27314 INFO rally.task.runner [-] Task 0cdf50fe-ef12-4623-8cba-38bbf739da57 | ITER: 32 START
2019-07-23 09:20:48.625 27313 INFO rally.task.runner [-] Task 0cdf50fe-ef12-4623-8cba-38bbf739da57 | ITER: 1 END: OK
2019-07-23 09:20:48.632 27313 INFO rally.task.runner [-] Task 0cdf50fe-ef12-4623-8cba-38bbf739da57 | ITER: 33 START
2019-07-23 09:20:48.645 27321 INFO rally.task.runner [-] Task 0cdf50fe-ef12-4623-8cba-38bbf739da57 | ITER: 11 END: OK
2019-07-23 09:20:48.650 27321 INFO rally.task.runner [-] Task 0cdf50fe-ef12-4623-8cba-38bbf739da57 | ITER: 34 START
2019-07-23 09:20:48.655 27337 INFO rally.task.runner [-] Task 0cdf50fe-ef12-4623-8cba-38bbf739da57 | ITER: 16 END: OK
2019-07-23 09:20:48.658 27337 INFO rally.task.runner [-] Task 0cdf50fe-ef12-4623-8cba-38bbf739da57 | ITER: 35 START
2019-07-23 09:20:48.665 27351 INFO rally.task.runner [-] Task 0cdf50fe-ef12-4623-8cba-38bbf739da57 | ITER: 19 END: OK
2019-07-23 09:20:48.671 27351 INFO rally.task.runner [-] Task 0cdf50fe-ef12-4623-8cba-38bbf739da57 | ITER: 36 START
2019-07-23 09:20:48.674 27315 INFO rally.task.runner [-] Task 0cdf50fe-ef12-4623-8cba-38bbf739da57 | ITER: 7 END: OK
2019-07-23 09:20:48.678 27315 INFO rally.task.runner [-] Task 0cdf50fe-ef12-4623-8cba-38bbf739da57 | ITER: 37 START
2019-07-23 09:20:48.686 27331 INFO rally.task.runner [-] Task 0cdf50fe-ef12-4623-8cba-38bbf739da57 | ITER: 14 END: OK
2019-07-23 09:20:48.690 27331 INFO rally.task.runner [-] Task 0cdf50fe-ef12-4623-8cba-38bbf739da57 | ITER: 38 START
2019-07-23 09:20:48.709 27314 INFO rally.task.runner [-] Task 0cdf50fe-ef12-4623-8cba-38bbf739da57 | ITER: 6 END: OK
2019-07-23 09:20:48.713 27354 INFO rally.task.runner [-] Task 0cdf50fe-ef12-4623-8cba-38bbf739da57 | ITER: 20 END: OK
2019-07-23 09:20:48.713 27314 INFO rally.task.runner [-] Task 0cdf50fe-ef12-4623-8cba-38bbf739da57 | ITER: 39 START
2019-07-23 09:20:48.716 27354 INFO rally.task.runner [-] Task 0cdf50fe-ef12-4623-8cba-38bbf739da57 | ITER: 40 START
2019-07-23 09:20:48.925 27316 INFO rally.task.runner [-] Task 0cdf50fe-ef12-4623-8cba-38bbf739da57 | ITER: 21 END: OK
2019-07-23 09:20:49.007 27316 INFO rally.task.runner [-] Task 0cdf50fe-ef12-4623-8cba-38bbf739da57 | ITER: 22 END: OK
2019-07-23 09:20:49.327 27315 INFO rally.task.runner [-] Task 0cdf50fe-ef12-4623-8cba-38bbf739da57 | ITER: 23 END: OK
2019-07-23 09:20:49.435 27333 INFO rally.task.runner [-] Task 0cdf50fe-ef12-4623-8cba-38bbf739da57 | ITER: 24 END: OK
2019-07-23 09:20:49.867 27345 INFO rally.task.runner [-] Task 0cdf50fe-ef12-4623-8cba-38bbf739da57 | ITER: 26 END: OK
2019-07-23 09:20:49.933 27318 INFO rally.task.runner [-] Task 0cdf50fe-ef12-4623-8cba-38bbf739da57 | ITER: 25 END: OK
2019-07-23 09:20:49.962 27329 INFO rally.task.runner [-] Task 0cdf50fe-ef12-4623-8cba-38bbf739da57 | ITER: 29 END: OK
2019-07-23 09:20:50.017 27327 INFO rally.task.runner [-] Task 0cdf50fe-ef12-4623-8cba-38bbf739da57 | ITER: 27 END: OK
2019-07-23 09:20:50.130 27313 INFO rally.task.runner [-] Task 0cdf50fe-ef12-4623-8cba-38bbf739da57 | ITER: 28 END: OK
2019-07-23 09:20:50.275 27314 INFO rally.task.runner [-] Task 0cdf50fe-ef12-4623-8cba-38bbf739da57 | ITER: 32 END: OK
2019-07-23 09:20:50.347 27314 INFO rally.task.runner [-] Task 0cdf50fe-ef12-4623-8cba-38bbf739da57 | ITER: 39 END: OK
2019-07-23 09:20:50.362 27313 INFO rally.task.runner [-] Task 0cdf50fe-ef12-4623-8cba-38bbf739da57 | ITER: 33 END: OK
2019-07-23 09:20:50.382 27351 INFO rally.task.runner [-] Task 0cdf50fe-ef12-4623-8cba-38bbf739da57 | ITER: 36 END: OK
2019-07-23 09:20:50.489 27349 INFO rally.task.runner [-] Task 0cdf50fe-ef12-4623-8cba-38bbf739da57 | ITER: 30 END: OK
2019-07-23 09:20:50.502 27321 INFO rally.task.runner [-] Task 0cdf50fe-ef12-4623-8cba-38bbf739da57 | ITER: 34 END: OK
2019-07-23 09:20:50.539 27331 INFO rally.task.runner [-] Task 0cdf50fe-ef12-4623-8cba-38bbf739da57 | ITER: 38 END: OK
2019-07-23 09:20:50.554 27354 INFO rally.task.runner [-] Task 0cdf50fe-ef12-4623-8cba-38bbf739da57 | ITER: 40 END: OK
2019-07-23 09:20:50.563 27337 INFO rally.task.runner [-] Task 0cdf50fe-ef12-4623-8cba-38bbf739da57 | ITER: 35 END: OK
2019-07-23 09:20:50.573 27315 INFO rally.task.runner [-] Task 0cdf50fe-ef12-4623-8cba-38bbf739da57 | ITER: 37 END: OK
2019-07-23 09:20:50.585 27317 INFO rally.task.runner [-] Task 0cdf50fe-ef12-4623-8cba-38bbf739da57 | ITER: 31 END: OK
2019-07-23 09:20:50.605 22701 INFO rally.task.context [-] Task 0cdf50fe-ef12-4623-8cba-38bbf739da57 | Context admin_cleanup@openstack cleanup() started
2019-07-23 09:20:50.609 22701 RALLYDEBUG rally_openstack.cleanup.manager [-] Cleaning up neutron quota objects
2019-07-23 09:20:55.250 22701 INFO rally.task.context [-] Task 0cdf50fe-ef12-4623-8cba-38bbf739da57 | Context admin_cleanup@openstack cleanup() finished in 4.64 sec
2019-07-23 09:20:55.251 22701 INFO rally.task.context [-] Task 0cdf50fe-ef12-4623-8cba-38bbf739da57 | Context users@openstack cleanup() started
2019-07-23 09:21:28.140 22701 INFO rally.task.context [-] Task 0cdf50fe-ef12-4623-8cba-38bbf739da57 | Context users@openstack cleanup() finished in 32.89 sec
2019-07-23 09:21:28.400 22701 INFO rally.task.engine [-] Load duration is: 4.523821
2019-07-23 09:21:28.400 22701 INFO rally.task.engine [-] Full runner duration is: 4.57015
2019-07-23 09:21:28.401 22701 INFO rally.task.engine [-] Full duration is: 47.957682
2019-07-23 09:21:28.690 22701 INFO rally.task.engine [-] Running workload: position = 0 config = { "version": 2, "title": "A cropped version of a bigger task.", "description": "Auto-generated task from a single workload (uuid=f7c77aa1-a888-4073-9d6a-7eb87755a5c9)", "subtasks": [ { "title": "NeutronTrunks.create_and_list_trunk_subports", "description": "", "scenario": { "NeutronTrunks.create_and_list_trunk_subports": { "subport_count": 125 } }, "contexts": { "users": { "tenants": 1, "users_per_tenant": 1 }, "quotas": { "neutron": { "network": -1, "port": 1000 } } }, "runner": { "constant": { "times": 4, "concurrency": 4 } }, "hooks": [], "sla": { "failure_rate": { "max": 0 } } } ] }
2019-07-23 09:21:28.710 22701 RALLYDEBUG rally_openstack.contexts.keystone.users [-] Creating 1 tenants using 20 threads
2019-07-23 09:21:30.474 22701 RALLYDEBUG rally_openstack.contexts.keystone.users [-] Creating 1 users using 20 threads
2019-07-23 09:21:33.169 22701 INFO rally.task.context [-] Task 0cdf50fe-ef12-4623-8cba-38bbf739da57 | Context users@openstack setup() finished in 4.46 sec
2019-07-23 09:21:33.955 22701 INFO rally.task.context [-] Task 0cdf50fe-ef12-4623-8cba-38bbf739da57 | Context quotas@openstack setup() finished in 0.79 sec
2019-07-23 09:21:33.956 22701 INFO rally.task.context [-] Task 0cdf50fe-ef12-4623-8cba-38bbf739da57 | Context cleanup@openstack setup() finished in 0.00 msec
2019-07-23 09:21:33.963 22701 RALLYDEBUG rally.task.runner [-] Starting the constant runner (task UUID: 0cdf50fe-ef12-4623-8cba-38bbf739da57). timeout: 0 concurrency: 4 concurrency_per_worker: 1 times: 4 concurrency_overhead: 0 processes_to_start: 4 max_cpu_used: 16
2019-07-23 09:21:33.977 27503 RALLYDEBUG rally.task.runner [-] Starting a worker. concurrency: 1 args: {"subport_count": 125} times: 4 method_name: run timeout: 0 duration: None cls:
2019-07-23 09:21:33.980 27504 RALLYDEBUG rally.task.runner [-] Starting a worker. concurrency: 1 args: {"subport_count": 125} times: 4 method_name: run timeout: 0 duration: None cls:
2019-07-23 09:21:33.982 27503 INFO rally.task.runner [-] Task 0cdf50fe-ef12-4623-8cba-38bbf739da57 | ITER: 1 START
2019-07-23 09:21:33.982 27505 RALLYDEBUG rally.task.runner [-] Starting a worker. concurrency: 1 args: {"subport_count": 125} times: 4 method_name: run timeout: 0 duration: None cls:
2019-07-23 09:21:33.986 27504 INFO rally.task.runner [-] Task 0cdf50fe-ef12-4623-8cba-38bbf739da57 | ITER: 2 START
2019-07-23 09:21:33.985 27506 RALLYDEBUG rally.task.runner [-] Starting a worker. concurrency: 1 args: {"subport_count": 125} times: 4 method_name: run timeout: 0 duration: None cls:
2019-07-23 09:21:33.987 27505 INFO rally.task.runner [-] Task 0cdf50fe-ef12-4623-8cba-38bbf739da57 | ITER: 3 START
2019-07-23 09:21:33.990 27506 INFO rally.task.runner [-] Task 0cdf50fe-ef12-4623-8cba-38bbf739da57 | ITER: 4 START
2019-07-23 09:26:20.560 27503 DEBUG neutronclient.v2_0.client [-] Error message:

504 Gateway Time-out

The server didn't respond in time. _handle_fault_response /usr/lib/python2.7/site-packages/neutronclient/v2_0/client.py:259
2019-07-23 09:26:20.577 27503 ERROR rally.task.runner [-] Iteration 1 raised Exception: NeutronClientException:

504 Gateway Time-out

The server didn't respond in time.
2019-07-23 09:26:20.577 27503 ERROR rally.task.runner
Traceback (most recent call last):
2019-07-23 09:26:20.577 27503 ERROR rally.task.runner
File "/usr/lib/python2.7/site-packages/rally/task/runner.py", line 71, in _run_scenario_once
2019-07-23 09:26:20.577 27503 ERROR rally.task.runner getattr(scenario_inst, method_name)(**scenario_kwargs)
2019-07-23 09:26:20.577 27503 ERROR rally.task.runner
File "/root/.rally/plugins/trunk_scenario.py", line 41, in run
2019-07-23 09:26:20.577 27503 ERROR rally.task.runner trunk = self._create_trunk(trunk_payload)
2019-07-23 09:26:20.577 27503 ERROR rally.task.runner
File "/usr/lib/python2.7/site-packages/rally/task/atomic.py", line 91, in func_atomic_actions
2019-07-23 09:26:20.577 27503 ERROR rally.task.runner f = func(self, *args, **kwargs)
2019-07-23 09:26:20.577 27503 ERROR rally.task.runner
File "/root/.rally/plugins/trunk_scenario.py", line 53, in _create_trunk
2019-07-23 09:26:20.577 27503 ERROR rally.task.runner return self.clients("neutron").create_trunk({'trunk': trunk_payload})
2019-07-23 09:26:20.577 27503 ERROR rally.task.runner
File "/usr/lib/python2.7/site-packages/neutronclient/v2_0/client.py", line 2091, in create_trunk
2019-07-23 09:26:20.577 27503 ERROR rally.task.runner return self.post(self.trunks_path, body=body)
2019-07-23 09:26:20.577 27503 ERROR rally.task.runner
File "/usr/lib/python2.7/site-packages/neutronclient/v2_0/client.py", line 359, in post
2019-07-23 09:26:20.577 27503 ERROR rally.task.runner headers=headers, params=params)
2019-07-23 09:26:20.577 27503 ERROR rally.task.runner
File "/usr/lib/python2.7/site-packages/neutronclient/v2_0/client.py", line 294, in do_request
2019-07-23 09:26:20.577 27503 ERROR rally.task.runner self._handle_fault_response(status_code, replybody, resp)
2019-07-23 09:26:20.577 27503 ERROR rally.task.runner
File "/usr/lib/python2.7/site-packages/neutronclient/v2_0/client.py", line 269, in _handle_fault_response
2019-07-23 09:26:20.577 27503 ERROR rally.task.runner exception_handler_v20(status_code, error_body)
2019-07-23 09:26:20.577 27503 ERROR rally.task.runner
File "/usr/lib/python2.7/site-packages/neutronclient/v2_0/client.py", line 93, in exception_handler_v20
2019-07-23 09:26:20.577 27503 ERROR rally.task.runner request_ids=request_ids)
2019-07-23 09:26:20.577 27503 ERROR rally.task.runner NeutronClientException:

504 Gateway Time-out

2019-07-23 09:26:20.577 27503 ERROR rally.task.runner The server didn't respond in time.
2019-07-23 09:26:20.577 27503 ERROR rally.task.runner
2019-07-23 09:26:20.577 27503 ERROR rally.task.runner
2019-07-23 09:26:20.577 27503 ERROR rally.task.runner
2019-07-23 09:26:20.579 27503 INFO rally.task.runner [-] Task 0cdf50fe-ef12-4623-8cba-38bbf739da57 | ITER: 1 END: Error NeutronClientException:

504 Gateway Time-out

The server didn't respond in time.
2019-07-23 09:26:21.626 27506 DEBUG neutronclient.v2_0.client [-] Error message:

504 Gateway Time-out

The server didn't respond in time. _handle_fault_response /usr/lib/python2.7/site-packages/neutronclient/v2_0/client.py:259
2019-07-23 09:26:21.634 27506 ERROR rally.task.runner [-] Iteration 4 raised Exception: NeutronClientException:

504 Gateway Time-out

The server didn't respond in time.
2019-07-23 09:26:21.634 27506 ERROR rally.task.runner
Traceback (most recent call last):
2019-07-23 09:26:21.634 27506 ERROR rally.task.runner
File "/usr/lib/python2.7/site-packages/rally/task/runner.py", line 71, in _run_scenario_once
2019-07-23 09:26:21.634 27506 ERROR rally.task.runner getattr(scenario_inst, method_name)(**scenario_kwargs)
2019-07-23 09:26:21.634 27506 ERROR rally.task.runner
File "/root/.rally/plugins/trunk_scenario.py", line 41, in run
2019-07-23 09:26:21.634 27506 ERROR rally.task.runner trunk = self._create_trunk(trunk_payload)
2019-07-23 09:26:21.634 27506 ERROR rally.task.runner
File "/usr/lib/python2.7/site-packages/rally/task/atomic.py", line 91, in func_atomic_actions
2019-07-23 09:26:21.634 27506 ERROR rally.task.runner f = func(self, *args, **kwargs)
2019-07-23 09:26:21.634 27506 ERROR rally.task.runner
File "/root/.rally/plugins/trunk_scenario.py", line 53, in _create_trunk
2019-07-23 09:26:21.634 27506 ERROR rally.task.runner return self.clients("neutron").create_trunk({'trunk': trunk_payload})
2019-07-23 09:26:21.634 27506 ERROR rally.task.runner
File "/usr/lib/python2.7/site-packages/neutronclient/v2_0/client.py", line 2091, in create_trunk
2019-07-23 09:26:21.634 27506 ERROR rally.task.runner return self.post(self.trunks_path, body=body)
2019-07-23 09:26:21.634 27506 ERROR rally.task.runner
File "/usr/lib/python2.7/site-packages/neutronclient/v2_0/client.py", line 359, in post
2019-07-23 09:26:21.634 27506 ERROR rally.task.runner headers=headers, params=params)
2019-07-23 09:26:21.634 27506 ERROR rally.task.runner
File "/usr/lib/python2.7/site-packages/neutronclient/v2_0/client.py", line 294, in do_request
2019-07-23 09:26:21.634 27506 ERROR rally.task.runner self._handle_fault_response(status_code, replybody, resp)
2019-07-23 09:26:21.634 27506 ERROR rally.task.runner
File "/usr/lib/python2.7/site-packages/neutronclient/v2_0/client.py", line 269, in _handle_fault_response
2019-07-23 09:26:21.634 27506 ERROR rally.task.runner exception_handler_v20(status_code, error_body)
2019-07-23 09:26:21.634 27506 ERROR rally.task.runner
File "/usr/lib/python2.7/site-packages/neutronclient/v2_0/client.py", line 93, in exception_handler_v20
2019-07-23 09:26:21.634 27506 ERROR rally.task.runner request_ids=request_ids)
2019-07-23 09:26:21.634 27506 ERROR rally.task.runner NeutronClientException:

504 Gateway Time-out

2019-07-23 09:26:21.634 27506 ERROR rally.task.runner The server didn't respond in time.
2019-07-23 09:26:21.634 27506 ERROR rally.task.runner
2019-07-23 09:26:21.634 27506 ERROR rally.task.runner
2019-07-23 09:26:21.634 27506 ERROR rally.task.runner
2019-07-23 09:26:21.635 27506 INFO rally.task.runner [-] Task 0cdf50fe-ef12-4623-8cba-38bbf739da57 | ITER: 4 END: Error NeutronClientException:

504 Gateway Time-out

The server didn't respond in time.
2019-07-23 09:26:23.063 27505 DEBUG neutronclient.v2_0.client [-] Error message:

504 Gateway Time-out

The server didn't respond in time. _handle_fault_response /usr/lib/python2.7/site-packages/neutronclient/v2_0/client.py:259
2019-07-23 09:26:23.071 27505 ERROR rally.task.runner [-] Iteration 3 raised Exception: NeutronClientException:

504 Gateway Time-out

The server didn't respond in time.
2019-07-23 09:26:23.071 27505 ERROR rally.task.runner
Traceback (most recent call last):
2019-07-23 09:26:23.071 27505 ERROR rally.task.runner
File "/usr/lib/python2.7/site-packages/rally/task/runner.py", line 71, in _run_scenario_once
2019-07-23 09:26:23.071 27505 ERROR rally.task.runner getattr(scenario_inst, method_name)(**scenario_kwargs)
2019-07-23 09:26:23.071 27505 ERROR rally.task.runner
File "/root/.rally/plugins/trunk_scenario.py", line 41, in run
2019-07-23 09:26:23.071 27505 ERROR rally.task.runner trunk = self._create_trunk(trunk_payload)
2019-07-23 09:26:23.071 27505 ERROR rally.task.runner
File "/usr/lib/python2.7/site-packages/rally/task/atomic.py", line 91, in func_atomic_actions
2019-07-23 09:26:23.071 27505 ERROR rally.task.runner f = func(self, *args, **kwargs)
2019-07-23 09:26:23.071 27505 ERROR rally.task.runner
File "/root/.rally/plugins/trunk_scenario.py", line 53, in _create_trunk
2019-07-23 09:26:23.071 27505 ERROR rally.task.runner return self.clients("neutron").create_trunk({'trunk': trunk_payload})
2019-07-23 09:26:23.071 27505 ERROR rally.task.runner
File "/usr/lib/python2.7/site-packages/neutronclient/v2_0/client.py", line 2091, in create_trunk
2019-07-23 09:26:23.071 27505 ERROR rally.task.runner return self.post(self.trunks_path, body=body)
2019-07-23 09:26:23.071 27505 ERROR rally.task.runner
File "/usr/lib/python2.7/site-packages/neutronclient/v2_0/client.py", line 359, in post
2019-07-23 09:26:23.071 27505 ERROR rally.task.runner headers=headers, params=params)
2019-07-23 09:26:23.071 27505 ERROR rally.task.runner
File "/usr/lib/python2.7/site-packages/neutronclient/v2_0/client.py", line 294, in do_request
2019-07-23 09:26:23.071 27505 ERROR rally.task.runner self._handle_fault_response(status_code, replybody, resp)
2019-07-23 09:26:23.071 27505 ERROR rally.task.runner
File "/usr/lib/python2.7/site-packages/neutronclient/v2_0/client.py", line 269, in _handle_fault_response
2019-07-23 09:26:23.071 27505 ERROR rally.task.runner exception_handler_v20(status_code, error_body)
2019-07-23 09:26:23.071 27505 ERROR rally.task.runner
File "/usr/lib/python2.7/site-packages/neutronclient/v2_0/client.py", line 93, in exception_handler_v20
2019-07-23 09:26:23.071 27505 ERROR rally.task.runner request_ids=request_ids)
2019-07-23 09:26:23.071 27505 ERROR rally.task.runner NeutronClientException:

504 Gateway Time-out

2019-07-23 09:26:23.071 27505 ERROR rally.task.runner The server didn't respond in time.
2019-07-23 09:26:23.071 27505 ERROR rally.task.runner
2019-07-23 09:26:23.071 27505 ERROR rally.task.runner
2019-07-23 09:26:23.071 27505 ERROR rally.task.runner
2019-07-23 09:26:23.072 27505 INFO rally.task.runner [-] Task 0cdf50fe-ef12-4623-8cba-38bbf739da57 | ITER: 3 END: Error NeutronClientException:

504 Gateway Time-out

The server didn't respond in time.
2019-07-23 09:26:23.977 27504 DEBUG neutronclient.v2_0.client [-] Error message:

504 Gateway Time-out

The server didn't respond in time. _handle_fault_response /usr/lib/python2.7/site-packages/neutronclient/v2_0/client.py:259
2019-07-23 09:26:23.984 27504 ERROR rally.task.runner [-] Iteration 2 raised Exception: NeutronClientException:

504 Gateway Time-out

The server didn't respond in time.
2019-07-23 09:26:23.984 27504 ERROR rally.task.runner
Traceback (most recent call last):
2019-07-23 09:26:23.984 27504 ERROR rally.task.runner
File "/usr/lib/python2.7/site-packages/rally/task/runner.py", line 71, in _run_scenario_once
2019-07-23 09:26:23.984 27504 ERROR rally.task.runner getattr(scenario_inst, method_name)(**scenario_kwargs)
2019-07-23 09:26:23.984 27504 ERROR rally.task.runner
File "/root/.rally/plugins/trunk_scenario.py", line 41, in run
2019-07-23 09:26:23.984 27504 ERROR rally.task.runner trunk = self._create_trunk(trunk_payload)
2019-07-23 09:26:23.984 27504 ERROR rally.task.runner
File "/usr/lib/python2.7/site-packages/rally/task/atomic.py", line 91, in func_atomic_actions
2019-07-23 09:26:23.984 27504 ERROR rally.task.runner f = func(self, *args, **kwargs)
2019-07-23 09:26:23.984 27504 ERROR rally.task.runner
File "/root/.rally/plugins/trunk_scenario.py", line 53, in _create_trunk
2019-07-23 09:26:23.984 27504 ERROR rally.task.runner return self.clients("neutron").create_trunk({'trunk': trunk_payload})
2019-07-23 09:26:23.984 27504 ERROR rally.task.runner
File "/usr/lib/python2.7/site-packages/neutronclient/v2_0/client.py", line 2091, in create_trunk
2019-07-23 09:26:23.984 27504 ERROR rally.task.runner return self.post(self.trunks_path, body=body)
2019-07-23 09:26:23.984 27504 ERROR rally.task.runner
File "/usr/lib/python2.7/site-packages/neutronclient/v2_0/client.py", line 359, in post
2019-07-23 09:26:23.984 27504 ERROR rally.task.runner headers=headers, params=params)
2019-07-23 09:26:23.984 27504 ERROR rally.task.runner
File "/usr/lib/python2.7/site-packages/neutronclient/v2_0/client.py", line 294, in do_request
2019-07-23 09:26:23.984 27504 ERROR rally.task.runner self._handle_fault_response(status_code, replybody, resp)
2019-07-23 09:26:23.984 27504 ERROR rally.task.runner
File "/usr/lib/python2.7/site-packages/neutronclient/v2_0/client.py", line 269, in _handle_fault_response
2019-07-23 09:26:23.984 27504 ERROR rally.task.runner exception_handler_v20(status_code, error_body)
2019-07-23 09:26:23.984 27504 ERROR rally.task.runner
File "/usr/lib/python2.7/site-packages/neutronclient/v2_0/client.py", line 93, in exception_handler_v20
2019-07-23 09:26:23.984 27504 ERROR rally.task.runner request_ids=request_ids)
2019-07-23 09:26:23.984 27504 ERROR rally.task.runner NeutronClientException:

504 Gateway Time-out

2019-07-23 09:26:23.984 27504 ERROR rally.task.runner The server didn't respond in time.
2019-07-23 09:26:23.984 27504 ERROR rally.task.runner
2019-07-23 09:26:23.984 27504 ERROR rally.task.runner
2019-07-23 09:26:23.984 27504 ERROR rally.task.runner
2019-07-23 09:26:23.986 27504 INFO rally.task.runner [-] Task 0cdf50fe-ef12-4623-8cba-38bbf739da57 | ITER: 2 END: Error NeutronClientException:

504 Gateway Time-out

The server didn't respond in time.
2019-07-23 09:26:24.010 22701 INFO rally.task.context [-] Task 0cdf50fe-ef12-4623-8cba-38bbf739da57 | Context cleanup@openstack cleanup() started
2019-07-23 09:26:24.012 22701 RALLYDEBUG rally_openstack.cleanup.manager [-] Cleaning up neutron vip objects
2019-07-23 09:26:24.759 22701 RALLYDEBUG rally_openstack.cleanup.manager [-] Cleaning up neutron health_monitor objects
2019-07-23 09:26:25.522 22701 RALLYDEBUG rally_openstack.cleanup.manager [-] Cleaning up neutron pool objects
2019-07-23 09:26:26.249 22701 RALLYDEBUG rally_openstack.cleanup.manager [-] Cleaning up neutron loadbalancer objects
2019-07-23 09:26:26.980 22701 RALLYDEBUG rally_openstack.cleanup.manager [-] Cleaning up neutron floatingip objects
2019-07-23 09:26:27.791 22701 RALLYDEBUG rally_openstack.cleanup.manager [-] Cleaning up neutron port objects
2019-07-23 09:26:30.698 22701 RALLYDEBUG rally_openstack.cleanup.manager [-] Deleting neutron.port object s_rally_f7c77aa1_daFmSz2l (02a0801b-3c74-4369-808b-6e11dde5fc31)
2019-07-23 09:26:30.701 22701 RALLYDEBUG rally_openstack.cleanup.manager [-] Deleting neutron.port object s_rally_f7c77aa1_US1NEhOt (0067a91b-a676-4054-b293-f8f3b09c1857)
2019-07-23 09:26:30.702 22701 RALLYDEBUG rally_openstack.cleanup.manager [-] Deleting neutron.port object s_rally_f7c77aa1_NspvytP8 (01a20c5e-bca8-4900-aac8-bf6f38180c2a)
2019-07-23 09:26:30.706 22701 RALLYDEBUG rally_openstack.cleanup.manager [-] Deleting neutron.port object s_rally_f7c77aa1_Vcs4I7yT (034ad152-dac7-42f5-a19a-6170404e64c8)
2019-07-23 09:26:30.713 22701 RALLYDEBUG rally_openstack.cleanup.manager [-] Deleting neutron.port object s_rally_f7c77aa1_SNPbbt8W (03b3d6ca-4791-477e-92e4-0c03012c7c1f)
2019-07-23 09:26:30.714 22701 RALLYDEBUG rally_openstack.cleanup.manager [-] Deleting neutron.port object s_rally_f7c77aa1_OIMTkJYi (0104350c-0f3e-4b4a-8c36-2cd40a6093d9)
2019-07-23 09:26:30.715 22701 RALLYDEBUG rally_openstack.cleanup.manager [-] Deleting neutron.port object s_rally_f7c77aa1_qr37F96G (03c2b0a0-8e45-4993-ab30-7bbca9dd54d7)
2019-07-23 09:26:30.725 22701 RALLYDEBUG rally_openstack.cleanup.manager [-] Deleting neutron.port object s_rally_f7c77aa1_6cy4Bue2 (0375951c-9c03-4dc1-bd6d-793bf32f9c8f)
2019-07-23 09:26:30.731 22701 RALLYDEBUG rally_openstack.cleanup.manager [-] Deleting neutron.port object s_rally_f7c77aa1_N8dM9sZS (027233a5-146d-45fb-9e8f-14edf1466a0f)
2019-07-23 09:26:30.731 22701 RALLYDEBUG rally_openstack.cleanup.manager [-] Deleting neutron.port object s_rally_f7c77aa1_GBJMf9AZ (04290d5a-ed4e-4e83-9ff4-8844e637f4ea)
2019-07-23 09:26:30.747 22701 RALLYDEBUG rally_openstack.cleanup.manager [-] Deleting neutron.port object s_rally_f7c77aa1_LZbSmYrH (034211c4-d323-4a70-90db-26f47fc10918)
2019-07-23 09:26:30.748 22701 RALLYDEBUG rally_openstack.cleanup.manager [-] Deleting neutron.port object s_rally_f7c77aa1_5ShG9TFv (043538a1-80dd-47d3-86d1-36c4f0212949)
2019-07-23 09:26:30.760 22701 RALLYDEBUG rally_openstack.cleanup.manager [-] Deleting neutron.port object s_rally_f7c77aa1_pODvMItk (04432547-54d4-4efc-8292-0bfafd669e97)
2019-07-23 09:26:30.764 22701 RALLYDEBUG rally_openstack.cleanup.manager [-] Deleting neutron.port object s_rally_f7c77aa1_XxKeFZCf (05a4f5d8-0f03-4a88-b1e7-0a235653c1d2)
2019-07-23 09:26:30.767 22701 RALLYDEBUG rally_openstack.cleanup.manager [-] Deleting neutron.port object s_rally_f7c77aa1_o8ko2oRY (049ab04b-2cd1-4ddd-801d-0410046367c4)
2019-07-23 09:26:30.774 22701 RALLYDEBUG rally_openstack.cleanup.manager [-] Deleting neutron.port object s_rally_f7c77aa1_huYwoskQ (0722c976-95d6-4fcf-b794-d83d71951061)
2019-07-23 09:26:30.789 22701 RALLYDEBUG rally_openstack.cleanup.manager [-] Deleting neutron.port object s_rally_f7c77aa1_IZM8lYqn (07a22aa0-3893-40b4-aed9-335e07f06592)
2019-07-23 09:26:30.806 22701 RALLYDEBUG rally_openstack.cleanup.manager [-] Deleting neutron.port object s_rally_f7c77aa1_vmvhEojY (07a50996-d0fb-4bfb-beac-a4dd8c357f8f)
2019-07-23 09:26:30.814 22701 RALLYDEBUG rally_openstack.cleanup.manager [-] Deleting neutron.port object s_rally_f7c77aa1_0jVBo7Qh (07d35ebe-ea95-49cc-8785-f43b82fca15a)
2019-07-23 09:26:30.840 22701 RALLYDEBUG rally_openstack.cleanup.manager [-] Deleting neutron.port object s_rally_f7c77aa1_6BHD8D1r (087aaf79-4605-4ed8-87ba-674b797f943e)
2019-07-23 09:26:31.778 22701 DEBUG neutronclient.v2_0.client [-] Error message: {"NeutronError": {"message": "Port 034ad152-dac7-42f5-a19a-6170404e64c8 is currently a subport for trunk 442dfd3d-453e-4890-8417-5e9a5ee1af43.", "type": "PortInUseAsSubPort", "detail": ""}} _handle_fault_response /usr/lib/python2.7/site-packages/neutronclient/v2_0/client.py:259
2019-07-23 09:26:31.855 22701 DEBUG neutronclient.v2_0.client [-] Error message: {"NeutronError": {"message": "Port 0104350c-0f3e-4b4a-8c36-2cd40a6093d9 is currently a subport for trunk 68c90418-6cfd-4c8f-854f-6762e7805068.", "type": "PortInUseAsSubPort", "detail": ""}} _handle_fault_response /usr/lib/python2.7/site-packages/neutronclient/v2_0/client.py:259
2019-07-23 09:26:31.870 22701 DEBUG neutronclient.v2_0.client [-] Error message: {"NeutronError": {"message": "Port 05a4f5d8-0f03-4a88-b1e7-0a235653c1d2 is currently a subport for trunk 13b66045-d260-4e4f-90d8-4bc51719d64b.", "type": "PortInUseAsSubPort", "detail": ""}} _handle_fault_response /usr/lib/python2.7/site-packages/neutronclient/v2_0/client.py:259
2019-07-23 09:26:31.874 22701 DEBUG neutronclient.v2_0.client [-] Error message: {"NeutronError": {"message": "Port 034ad152-dac7-42f5-a19a-6170404e64c8 is currently a subport for trunk 442dfd3d-453e-4890-8417-5e9a5ee1af43.", "type": "PortInUseAsSubPort", "detail": ""}} _handle_fault_response /usr/lib/python2.7/site-packages/neutronclient/v2_0/client.py:259
2019-07-23 09:26:31.879 22701 DEBUG neutronclient.v2_0.client [-] Error message: {"NeutronError": {"message": "Port 01a20c5e-bca8-4900-aac8-bf6f38180c2a is currently a subport for trunk 13b66045-d260-4e4f-90d8-4bc51719d64b.", "type": "PortInUseAsSubPort", "detail": ""}} _handle_fault_response /usr/lib/python2.7/site-packages/neutronclient/v2_0/client.py:259
2019-07-23 09:26:31.946 22701 DEBUG neutronclient.v2_0.client [-] Error message: {"NeutronError": {"message": "Port 087aaf79-4605-4ed8-87ba-674b797f943e is currently a subport for trunk 442dfd3d-453e-4890-8417-5e9a5ee1af43.", "type": "PortInUseAsSubPort", "detail": ""}} _handle_fault_response /usr/lib/python2.7/site-packages/neutronclient/v2_0/client.py:259
2019-07-23 09:26:31.950 22701 DEBUG neutronclient.v2_0.client [-] Error message: {"NeutronError": {"message": "Port 0067a91b-a676-4054-b293-f8f3b09c1857 is currently a subport for trunk bdcbcdb3-3ac7-4a01-989c-8c9695cad814.", "type": "PortInUseAsSubPort", "detail": ""}} _handle_fault_response /usr/lib/python2.7/site-packages/neutronclient/v2_0/client.py:259
2019-07-23 09:26:31.962 22701 DEBUG neutronclient.v2_0.client [-] Error message: {"NeutronError": {"message": "Port 03b3d6ca-4791-477e-92e4-0c03012c7c1f is currently a subport for trunk 442dfd3d-453e-4890-8417-5e9a5ee1af43.", "type": "PortInUseAsSubPort", "detail": ""}} _handle_fault_response /usr/lib/python2.7/site-packages/neutronclient/v2_0/client.py:259
2019-07-23 09:26:31.967 22701 DEBUG neutronclient.v2_0.client [-] Error message: {"NeutronError": {"message": "Port 04290d5a-ed4e-4e83-9ff4-8844e637f4ea is currently a subport for trunk 442dfd3d-453e-4890-8417-5e9a5ee1af43.", "type": "PortInUseAsSubPort", "detail": ""}} _handle_fault_response /usr/lib/python2.7/site-packages/neutronclient/v2_0/client.py:259
2019-07-23 09:26:31.985 22701 DEBUG neutronclient.v2_0.client [-] Error message: {"NeutronError": {"message": "Port 0722c976-95d6-4fcf-b794-d83d71951061 is currently a subport for trunk 68c90418-6cfd-4c8f-854f-6762e7805068.", "type": "PortInUseAsSubPort", "detail": ""}} _handle_fault_response /usr/lib/python2.7/site-packages/neutronclient/v2_0/client.py:259
