2019-07-23 09:01:08.835 22692 RALLYDEBUG rally.api [-] INFO logs from urllib3 and requests module are hide.
2019-07-23 09:01:08.836 22692 RALLYDEBUG rally.api [-] urllib3 insecure warnings are hidden.
2019-07-23 09:01:08.836 22692 RALLYDEBUG rally.api [-] ERROR log from boto module is hide.
2019-07-23 09:01:10.981 22694 RALLYDEBUG rally.api [-] INFO logs from urllib3 and requests module are hide.
2019-07-23 09:01:10.981 22694 RALLYDEBUG rally.api [-] urllib3 insecure warnings are hidden.
2019-07-23 09:01:10.981 22694 RALLYDEBUG rally.api [-] ERROR log from boto module is hide.
2019-07-23 09:01:12.244 22694 WARNING rally_openstack.platforms.existing [-] endpoint is deprecated and not used.
2019-07-23 09:01:13.143 22696 RALLYDEBUG rally.api [-] INFO logs from urllib3 and requests module are hide.
2019-07-23 09:01:13.143 22696 RALLYDEBUG rally.api [-] urllib3 insecure warnings are hidden.
2019-07-23 09:01:13.143 22696 RALLYDEBUG rally.api [-] ERROR log from boto module is hide.
2019-07-23 09:01:16.387 22699 RALLYDEBUG rally.api [-] INFO logs from urllib3 and requests module are hide.
2019-07-23 09:01:16.387 22699 RALLYDEBUG rally.api [-] urllib3 insecure warnings are hidden.
2019-07-23 09:01:16.388 22699 RALLYDEBUG rally.api [-] ERROR log from boto module is hide.
2019-07-23 09:01:18.398 22701 RALLYDEBUG rally.api [-] INFO logs from urllib3 and requests module are hide.
2019-07-23 09:01:18.398 22701 RALLYDEBUG rally.api [-] urllib3 insecure warnings are hidden.
2019-07-23 09:01:18.398 22701 RALLYDEBUG rally.api [-] ERROR log from boto module is hide.
2019-07-23 09:01:19.497 22701 INFO rally.common.plugin.discover [-] Loading plugins from directories /root/.rally/plugins/*
2019-07-23 09:01:19.498 22701 INFO rally.common.plugin.discover [-] Loaded module with plugins: /root/.rally/plugins/__init__.py
2019-07-23 09:01:19.500 22701 INFO rally.common.plugin.discover [-] Loaded module with plugins: /root/.rally/plugins/trunk_scenario.py
2019-07-23 09:01:19.656 22701 INFO rally.task.engine [-] Task 0cdf50fe-ef12-4623-8cba-38bbf739da57 | Starting: Task validation.
2019-07-23 09:01:19.700 22701 INFO rally.task.engine [-] Task 0cdf50fe-ef12-4623-8cba-38bbf739da57 | Starting: Task validation of syntax.
2019-07-23 09:01:19.854 22701 INFO rally.task.engine [-] Task 0cdf50fe-ef12-4623-8cba-38bbf739da57 | Completed: Task validation of syntax.
2019-07-23 09:01:19.856 22701 INFO rally.task.engine [-] Task 0cdf50fe-ef12-4623-8cba-38bbf739da57 | Starting: Task validation of required platforms.
2019-07-23 09:01:19.925 22701 INFO rally.task.engine [-] Task 0cdf50fe-ef12-4623-8cba-38bbf739da57 | Completed: Task validation of required platforms.
2019-07-23 09:01:19.925 22701 INFO rally.task.engine [-] Task 0cdf50fe-ef12-4623-8cba-38bbf739da57 | Starting: Task validation of semantic.
2019-07-23 09:01:19.925 22701 INFO rally.task.engine [-] Check health of the environment 'bca34cd5-417e-43e3-b800-99c21227741d'.
2019-07-23 09:01:20.768 22701 INFO rally.task.engine [-] Platform existing@openstack (available: True): OK!
2019-07-23 09:01:20.786 22701 RALLYDEBUG rally_openstack.contexts.keystone.users [-] Creating 1 tenants using 20 threads
2019-07-23 09:01:22.635 22701 RALLYDEBUG rally_openstack.contexts.keystone.users [-] Creating 1 users using 20 threads
2019-07-23 09:01:25.659 22701 INFO rally.task.context [-] Task 0cdf50fe-ef12-4623-8cba-38bbf739da57 | Context users@openstack setup() finished in 4.87 sec
2019-07-23 09:01:32.011 22701 INFO rally.task.context [-] Task 0cdf50fe-ef12-4623-8cba-38bbf739da57 | Context users@openstack cleanup() started
2019-07-23 09:01:37.761 22701 INFO rally.task.context [-] Task 0cdf50fe-ef12-4623-8cba-38bbf739da57 | Context users@openstack cleanup() finished in 5.75 sec
2019-07-23 09:01:37.762 22701 INFO rally.task.engine [-] Task 0cdf50fe-ef12-4623-8cba-38bbf739da57 | Completed: Task validation of semantic.
2019-07-23 09:01:37.762 22701 INFO rally.task.engine [-] Task 0cdf50fe-ef12-4623-8cba-38bbf739da57 | Completed: Task validation.
2019-07-23 09:01:37.763 22701 INFO rally.api [-] Task 0cdf50fe-ef12-4623-8cba-38bbf739da57 input file is valid.
2019-07-23 09:01:37.763 22701 INFO rally.api [-] Run Task 0cdf50fe-ef12-4623-8cba-38bbf739da57 against Deployment bca34cd5-417e-43e3-b800-99c21227741d
2019-07-23 09:01:37.763 22701 INFO rally.task.engine [-] Task 0cdf50fe-ef12-4623-8cba-38bbf739da57 | Starting: Running task.
2019-07-23 09:01:37.913 22701 INFO rally.task.engine [-] Running workload: position = 0 config = { "version": 2, "title": "A cropped version of a bigger task.", "description": "Auto-generated task from a single workload (uuid=bc08c8ec-d537-4f2c-b58c-35595b43f145)", "subtasks": [ { "title": "NeutronNetworks.create_and_list_networks", "description": "Check performance of list_networks action and ensure > network quotas are not exceeded", "scenario": { "NeutronNetworks.create_and_list_networks": {} }, "contexts": { "users": { "tenants": 1, "users_per_tenant": 1 }, "quotas": { "neutron": { "network": 119 } } }, "runner": { "constant": { "times": 100, "concurrency": 20 } }, "hooks": [], "sla": { "max_avg_duration_per_atomic": { "neutron.list_networks": 15 }, "failure_rate": { "max": 0 } } } ] }
2019-07-23 09:01:37.936 22701 RALLYDEBUG rally_openstack.contexts.keystone.users [-] Creating 1 tenants using 20 threads
2019-07-23 09:01:39.856 22701 RALLYDEBUG rally_openstack.contexts.keystone.users [-] Creating 1 users using 20 threads
2019-07-23 09:01:42.740 22701 INFO rally.task.context [-] Task 0cdf50fe-ef12-4623-8cba-38bbf739da57 | Context users@openstack setup() finished in 4.80 sec
2019-07-23 09:01:43.483 22701 INFO rally.task.context [-] Task 0cdf50fe-ef12-4623-8cba-38bbf739da57 | Context quotas@openstack setup() finished in 0.74 sec
2019-07-23 09:01:43.483 22701 INFO rally.task.context [-] Task 0cdf50fe-ef12-4623-8cba-38bbf739da57 | Context cleanup@openstack setup() finished in 0.02 msec
2019-07-23 09:01:43.490 22701 RALLYDEBUG rally.task.runner [-] Starting the constant runner (task UUID: 0cdf50fe-ef12-4623-8cba-38bbf739da57). timeout: 0 concurrency: 20 concurrency_per_worker: 1 times: 100 concurrency_overhead: 4 processes_to_start: 16 max_cpu_used: 16
2019-07-23 09:01:43.502 22825 RALLYDEBUG rally.task.runner [-] Starting a worker. concurrency: 2 args: {} times: 100 method_name: run timeout: 0 duration: None cls:
2019-07-23 09:01:43.507 22826 RALLYDEBUG rally.task.runner [-] Starting a worker. concurrency: 2 args: {} times: 100 method_name: run timeout: 0 duration: None cls:
2019-07-23 09:01:43.507 22825 INFO rally.task.runner [-] Task 0cdf50fe-ef12-4623-8cba-38bbf739da57 | ITER: 1 START
2019-07-23 09:01:43.509 22827 RALLYDEBUG rally.task.runner [-] Starting a worker. concurrency: 2 args: {} times: 100 method_name: run timeout: 0 duration: None cls:
2019-07-23 09:01:43.510 22830 RALLYDEBUG rally.task.runner [-] Starting a worker. concurrency: 2 args: {} times: 100 method_name: run timeout: 0 duration: None cls:
2019-07-23 09:01:43.513 22826 INFO rally.task.runner [-] Task 0cdf50fe-ef12-4623-8cba-38bbf739da57 | ITER: 3 START
2019-07-23 09:01:43.516 22830 INFO rally.task.runner [-] Task 0cdf50fe-ef12-4623-8cba-38bbf739da57 | ITER: 5 START
2019-07-23 09:01:43.516 22831 RALLYDEBUG rally.task.runner [-] Starting a worker. concurrency: 1 args: {} times: 100 method_name: run timeout: 0 duration: None cls:
2019-07-23 09:01:43.518 22827 INFO rally.task.runner [-] Task 0cdf50fe-ef12-4623-8cba-38bbf739da57 | ITER: 4 START
2019-07-23 09:01:43.518 22834 RALLYDEBUG rally.task.runner [-] Starting a worker. concurrency: 1 args: {} times: 100 method_name: run timeout: 0 duration: None cls:
2019-07-23 09:01:43.519 22838 RALLYDEBUG rally.task.runner [-] Starting a worker. concurrency: 1 args: {} times: 100 method_name: run timeout: 0 duration: None cls:
2019-07-23 09:01:43.518 22827 INFO rally.task.runner [-] Task 0cdf50fe-ef12-4623-8cba-38bbf739da57 | ITER: 7 START
2019-07-23 09:01:43.522 22842 RALLYDEBUG rally.task.runner [-] Starting a worker. concurrency: 1 args: {} times: 100 method_name: run timeout: 0 duration: None cls:
2019-07-23 09:01:43.522 22831 INFO rally.task.runner [-] Task 0cdf50fe-ef12-4623-8cba-38bbf739da57 | ITER: 9 START
2019-07-23 09:01:43.524 22830 INFO rally.task.runner [-] Task 0cdf50fe-ef12-4623-8cba-38bbf739da57 | ITER: 8 START
2019-07-23 09:01:43.525 22825 INFO rally.task.runner [-] Task 0cdf50fe-ef12-4623-8cba-38bbf739da57 | ITER: 2 START
2019-07-23 09:01:43.525 22838 INFO rally.task.runner [-] Task 0cdf50fe-ef12-4623-8cba-38bbf739da57 | ITER: 10 START
2019-07-23 09:01:43.524 22834 INFO rally.task.runner [-] Task 0cdf50fe-ef12-4623-8cba-38bbf739da57 | ITER: 11 START
2019-07-23 09:01:43.526 22844 RALLYDEBUG rally.task.runner [-] Starting a worker. concurrency: 1 args: {} times: 100 method_name: run timeout: 0 duration: None cls:
2019-07-23 09:01:43.530 22826 INFO rally.task.runner [-] Task 0cdf50fe-ef12-4623-8cba-38bbf739da57 | ITER: 6 START
2019-07-23 09:01:43.530 22842 INFO rally.task.runner [-] Task 0cdf50fe-ef12-4623-8cba-38bbf739da57 | ITER: 12 START
2019-07-23 09:01:43.530 22851 RALLYDEBUG rally.task.runner [-] Starting a worker. concurrency: 1 args: {} times: 100 method_name: run timeout: 0 duration: None cls:
2019-07-23 09:01:43.533 22844 INFO rally.task.runner [-] Task 0cdf50fe-ef12-4623-8cba-38bbf739da57 | ITER: 13 START
2019-07-23 09:01:43.539 22851 INFO rally.task.runner [-] Task 0cdf50fe-ef12-4623-8cba-38bbf739da57 | ITER: 14 START
2019-07-23 09:01:43.541 22854 RALLYDEBUG rally.task.runner [-] Starting a worker. concurrency: 1 args: {} times: 100 method_name: run timeout: 0 duration: None cls:
2019-07-23 09:01:43.541 22860 RALLYDEBUG rally.task.runner [-] Starting a worker. concurrency: 1 args: {} times: 100 method_name: run timeout: 0 duration: None cls:
2019-07-23 09:01:43.542 22858 RALLYDEBUG rally.task.runner [-] Starting a worker. concurrency: 1 args: {} times: 100 method_name: run timeout: 0 duration: None cls:
2019-07-23 09:01:43.548 22860 INFO rally.task.runner [-] Task 0cdf50fe-ef12-4623-8cba-38bbf739da57 | ITER: 16 START
2019-07-23 09:01:43.549 22854 INFO rally.task.runner [-] Task 0cdf50fe-ef12-4623-8cba-38bbf739da57 | ITER: 15 START
2019-07-23 09:01:43.550 22858 INFO rally.task.runner [-] Task 0cdf50fe-ef12-4623-8cba-38bbf739da57 | ITER: 17 START
2019-07-23 09:01:43.558 22868 RALLYDEBUG rally.task.runner [-] Starting a worker. concurrency: 1 args: {} times: 100 method_name: run timeout: 0 duration: None cls:
2019-07-23 09:01:43.563 22868 INFO rally.task.runner [-] Task 0cdf50fe-ef12-4623-8cba-38bbf739da57 | ITER: 18 START
2019-07-23 09:01:43.565 22869 RALLYDEBUG rally.task.runner [-] Starting a worker. concurrency: 1 args: {} times: 100 method_name: run timeout: 0 duration: None cls:
2019-07-23 09:01:43.569 22872 RALLYDEBUG rally.task.runner [-] Starting a worker. concurrency: 1 args: {} times: 100 method_name: run timeout: 0 duration: None cls:
2019-07-23 09:01:43.571 22869 INFO rally.task.runner [-] Task 0cdf50fe-ef12-4623-8cba-38bbf739da57 | ITER: 19 START
2019-07-23 09:01:43.573 22872 INFO rally.task.runner [-] Task 0cdf50fe-ef12-4623-8cba-38bbf739da57 | ITER: 20 START
2019-07-23 09:01:46.499 22842 INFO rally.task.runner [-] Task 0cdf50fe-ef12-4623-8cba-38bbf739da57 | ITER: 12 END: OK
2019-07-23 09:01:46.503 22842 INFO rally.task.runner [-] Task 0cdf50fe-ef12-4623-8cba-38bbf739da57 | ITER: 21 START
2019-07-23 09:01:46.910 22826 INFO rally.task.runner [-] Task 0cdf50fe-ef12-4623-8cba-38bbf739da57 | ITER: 3 END: OK
2019-07-23 09:01:46.913 22826 INFO rally.task.runner [-] Task 0cdf50fe-ef12-4623-8cba-38bbf739da57 | ITER: 22 START
2019-07-23 09:01:46.963 22858 INFO rally.task.runner [-] Task 0cdf50fe-ef12-4623-8cba-38bbf739da57 | ITER: 17 END: OK
2019-07-23 09:01:46.967 22858 INFO rally.task.runner [-] Task 0cdf50fe-ef12-4623-8cba-38bbf739da57 | ITER: 23 START
2019-07-23 09:01:46.970 22825 INFO rally.task.runner [-] Task 0cdf50fe-ef12-4623-8cba-38bbf739da57 | ITER: 2 END: OK
2019-07-23 09:01:46.974 22825 INFO rally.task.runner [-] Task 0cdf50fe-ef12-4623-8cba-38bbf739da57 | ITER: 24 START
2019-07-23 09:01:47.022 22851 INFO rally.task.runner [-] Task 0cdf50fe-ef12-4623-8cba-38bbf739da57 | ITER: 14 END: OK
2019-07-23 09:01:47.025 22851 INFO rally.task.runner [-] Task 0cdf50fe-ef12-4623-8cba-38bbf739da57 | ITER: 25 START
2019-07-23 09:01:47.042 22860 INFO rally.task.runner [-] Task 0cdf50fe-ef12-4623-8cba-38bbf739da57 | ITER: 16 END: OK
2019-07-23 09:01:47.043 22827 INFO rally.task.runner [-] Task 0cdf50fe-ef12-4623-8cba-38bbf739da57 | ITER: 4 END: OK
2019-07-23 09:01:47.045 22860 INFO rally.task.runner [-] Task 0cdf50fe-ef12-4623-8cba-38bbf739da57 | ITER: 26 START
2019-07-23 09:01:47.047 22827 INFO rally.task.runner [-] Task 0cdf50fe-ef12-4623-8cba-38bbf739da57 | ITER: 27 START
2019-07-23 09:01:47.282 22834 INFO rally.task.runner [-] Task 0cdf50fe-ef12-4623-8cba-38bbf739da57 | ITER: 11 END: OK
2019-07-23 09:01:47.286 22834 INFO rally.task.runner [-] Task 0cdf50fe-ef12-4623-8cba-38bbf739da57 | ITER: 28 START
2019-07-23 09:01:47.378 22830 INFO rally.task.runner [-] Task 0cdf50fe-ef12-4623-8cba-38bbf739da57 | ITER: 5 END: OK
2019-07-23 09:01:47.381 22830 INFO rally.task.runner [-] Task 0cdf50fe-ef12-4623-8cba-38bbf739da57 | ITER: 29 START
2019-07-23 09:01:47.502 22872 INFO rally.task.runner [-] Task 0cdf50fe-ef12-4623-8cba-38bbf739da57 | ITER: 20 END: OK
2019-07-23 09:01:47.507 22872 INFO rally.task.runner [-] Task 0cdf50fe-ef12-4623-8cba-38bbf739da57 | ITER: 30 START
2019-07-23 09:01:47.556 22825 INFO rally.task.runner [-] Task 0cdf50fe-ef12-4623-8cba-38bbf739da57 | ITER: 1 END: OK
2019-07-23 09:01:47.559 22825 INFO rally.task.runner [-] Task 0cdf50fe-ef12-4623-8cba-38bbf739da57 | ITER: 31 START
2019-07-23 09:01:47.728 22826 INFO rally.task.runner [-] Task 0cdf50fe-ef12-4623-8cba-38bbf739da57 | ITER: 6 END: OK
2019-07-23 09:01:47.731 22826 INFO rally.task.runner [-] Task 0cdf50fe-ef12-4623-8cba-38bbf739da57 | ITER: 32 START
2019-07-23 09:01:47.754 22854 INFO rally.task.runner [-] Task 0cdf50fe-ef12-4623-8cba-38bbf739da57 | ITER: 15 END: OK
2019-07-23 09:01:47.757 22854 INFO rally.task.runner [-] Task 0cdf50fe-ef12-4623-8cba-38bbf739da57 | ITER: 33 START
2019-07-23 09:01:47.797 22830 INFO rally.task.runner [-] Task 0cdf50fe-ef12-4623-8cba-38bbf739da57 | ITER: 8 END: OK
2019-07-23 09:01:47.800 22830 INFO rally.task.runner [-] Task 0cdf50fe-ef12-4623-8cba-38bbf739da57 | ITER: 34 START
2019-07-23 09:01:47.910 22868 INFO rally.task.runner [-] Task 0cdf50fe-ef12-4623-8cba-38bbf739da57 | ITER: 18 END: OK
2019-07-23 09:01:47.914 22868 INFO rally.task.runner [-] Task 0cdf50fe-ef12-4623-8cba-38bbf739da57 | ITER: 35 START
2019-07-23 09:01:47.932 22831 INFO rally.task.runner [-] Task 0cdf50fe-ef12-4623-8cba-38bbf739da57 | ITER: 9 END: OK
2019-07-23 09:01:47.936 22831 INFO rally.task.runner [-] Task 0cdf50fe-ef12-4623-8cba-38bbf739da57 | ITER: 36 START
2019-07-23 09:01:47.960 22869 INFO rally.task.runner [-] Task 0cdf50fe-ef12-4623-8cba-38bbf739da57 | ITER: 19 END: OK
2019-07-23 09:01:47.964 22869 INFO rally.task.runner [-] Task 0cdf50fe-ef12-4623-8cba-38bbf739da57 | ITER: 37 START
2019-07-23 09:01:48.019 22838 INFO rally.task.runner [-] Task 0cdf50fe-ef12-4623-8cba-38bbf739da57 | ITER: 10 END: OK
2019-07-23 09:01:48.022 22838 INFO rally.task.runner [-] Task 0cdf50fe-ef12-4623-8cba-38bbf739da57 | ITER: 38 START
2019-07-23 09:01:48.041 22844 INFO rally.task.runner [-] Task 0cdf50fe-ef12-4623-8cba-38bbf739da57 | ITER: 13 END: OK
2019-07-23 09:01:48.044 22844 INFO rally.task.runner [-] Task 0cdf50fe-ef12-4623-8cba-38bbf739da57 | ITER: 39 START
2019-07-23 09:01:48.333 22827 INFO rally.task.runner [-] Task 0cdf50fe-ef12-4623-8cba-38bbf739da57 | ITER: 7 END: OK
2019-07-23 09:01:48.336 22827 INFO rally.task.runner [-] Task 0cdf50fe-ef12-4623-8cba-38bbf739da57 | ITER: 40 START
2019-07-23 09:01:49.447 22860 INFO rally.task.runner [-] Task 0cdf50fe-ef12-4623-8cba-38bbf739da57 | ITER: 26 END: OK
2019-07-23 09:01:49.451 22860 INFO rally.task.runner [-] Task 0cdf50fe-ef12-4623-8cba-38bbf739da57 | ITER: 41 START
2019-07-23 09:01:49.681 22872 INFO rally.task.runner [-] Task 0cdf50fe-ef12-4623-8cba-38bbf739da57 | ITER: 30 END: OK
2019-07-23 09:01:49.681 22825 INFO rally.task.runner [-] Task 0cdf50fe-ef12-4623-8cba-38bbf739da57 | ITER: 31 END: OK
2019-07-23 09:01:49.684 22872 INFO rally.task.runner [-] Task 0cdf50fe-ef12-4623-8cba-38bbf739da57 | ITER: 42 START
2019-07-23 09:01:49.685 22825 INFO rally.task.runner [-] Task 0cdf50fe-ef12-4623-8cba-38bbf739da57 | ITER: 43 START
2019-07-23 09:01:49.846 22830 INFO rally.task.runner [-] Task 0cdf50fe-ef12-4623-8cba-38bbf739da57 | ITER: 29 END: OK
2019-07-23 09:01:49.849 22830 INFO rally.task.runner [-] Task 0cdf50fe-ef12-4623-8cba-38bbf739da57 | ITER: 44 START
2019-07-23 09:01:50.139 22842 INFO rally.task.runner [-] Task 0cdf50fe-ef12-4623-8cba-38bbf739da57 | ITER: 21 END: OK
2019-07-23 09:01:50.142 22842 INFO rally.task.runner [-] Task 0cdf50fe-ef12-4623-8cba-38bbf739da57 | ITER: 45 START
2019-07-23 09:01:50.414 22858 INFO rally.task.runner [-] Task 0cdf50fe-ef12-4623-8cba-38bbf739da57 | ITER: 23 END: OK
2019-07-23 09:01:50.418 22858 INFO rally.task.runner [-] Task 0cdf50fe-ef12-4623-8cba-38bbf739da57 | ITER: 46 START
2019-07-23 09:01:50.425 22826 INFO rally.task.runner [-] Task 0cdf50fe-ef12-4623-8cba-38bbf739da57 | ITER: 32 END: OK
2019-07-23 09:01:50.430 22826 INFO rally.task.runner [-] Task 0cdf50fe-ef12-4623-8cba-38bbf739da57 | ITER: 22 END: OK
2019-07-23 09:01:50.433 22826 INFO rally.task.runner [-] Task 0cdf50fe-ef12-4623-8cba-38bbf739da57 | ITER: 47 START
2019-07-23 09:01:50.440 22826 INFO rally.task.runner [-] Task 0cdf50fe-ef12-4623-8cba-38bbf739da57 | ITER: 48 START
2019-07-23 09:01:50.569 22825 INFO rally.task.runner [-] Task 0cdf50fe-ef12-4623-8cba-38bbf739da57 | ITER: 24 END: OK
2019-07-23 09:01:50.572 22825 INFO rally.task.runner [-] Task 0cdf50fe-ef12-4623-8cba-38bbf739da57 | ITER: 49 START
2019-07-23 09:01:50.660 22834 INFO rally.task.runner [-] Task 0cdf50fe-ef12-4623-8cba-38bbf739da57 | ITER: 28 END: OK
2019-07-23 09:01:50.663 22834 INFO rally.task.runner [-] Task 0cdf50fe-ef12-4623-8cba-38bbf739da57 | ITER: 50 START
2019-07-23 09:01:50.886 22851 INFO rally.task.runner [-] Task 0cdf50fe-ef12-4623-8cba-38bbf739da57 | ITER: 25 END: OK
2019-07-23 09:01:50.890 22851 INFO rally.task.runner [-] Task 0cdf50fe-ef12-4623-8cba-38bbf739da57 | ITER: 51 START
2019-07-23 09:01:51.153 22827 INFO rally.task.runner [-] Task 0cdf50fe-ef12-4623-8cba-38bbf739da57 | ITER: 27 END: OK
2019-07-23 09:01:51.156 22827 INFO rally.task.runner [-] Task 0cdf50fe-ef12-4623-8cba-38bbf739da57 | ITER: 52 START
2019-07-23 09:01:52.572 22869 INFO rally.task.runner [-] Task 0cdf50fe-ef12-4623-8cba-38bbf739da57 | ITER: 37 END: OK
2019-07-23 09:01:52.575 22869 INFO rally.task.runner [-] Task 0cdf50fe-ef12-4623-8cba-38bbf739da57 | ITER: 53 START
2019-07-23 09:01:52.643 22831 INFO rally.task.runner [-] Task 0cdf50fe-ef12-4623-8cba-38bbf739da57 | ITER: 36 END: OK
2019-07-23 09:01:52.646 22831 INFO rally.task.runner [-] Task 0cdf50fe-ef12-4623-8cba-38bbf739da57 | ITER: 54 START
2019-07-23 09:01:52.846 22830 INFO rally.task.runner [-] Task 0cdf50fe-ef12-4623-8cba-38bbf739da57 | ITER: 34 END: OK
2019-07-23 09:01:52.849 22830 INFO rally.task.runner [-] Task 0cdf50fe-ef12-4623-8cba-38bbf739da57 | ITER: 55 START
2019-07-23 09:01:52.860 22827 INFO rally.task.runner [-] Task 0cdf50fe-ef12-4623-8cba-38bbf739da57 | ITER: 40 END: OK
2019-07-23 09:01:52.863 22827 INFO rally.task.runner [-] Task 0cdf50fe-ef12-4623-8cba-38bbf739da57 | ITER: 56 START
2019-07-23 09:01:52.946 22872 INFO rally.task.runner [-] Task 0cdf50fe-ef12-4623-8cba-38bbf739da57 | ITER: 42 END: OK
2019-07-23 09:01:52.949 22872 INFO rally.task.runner [-] Task 0cdf50fe-ef12-4623-8cba-38bbf739da57 | ITER: 57 START
2019-07-23 09:01:53.260 22838 INFO rally.task.runner [-] Task 0cdf50fe-ef12-4623-8cba-38bbf739da57 | ITER: 38 END: OK
2019-07-23 09:01:53.260 22825 INFO rally.task.runner [-] Task 0cdf50fe-ef12-4623-8cba-38bbf739da57 | ITER: 49 END: OK
2019-07-23 09:01:53.263 22838 INFO rally.task.runner [-] Task 0cdf50fe-ef12-4623-8cba-38bbf739da57 | ITER: 58 START
2019-07-23 09:01:53.263 22825 INFO rally.task.runner [-] Task 0cdf50fe-ef12-4623-8cba-38bbf739da57 | ITER: 59 START
2019-07-23 09:01:53.435 22844 INFO rally.task.runner [-] Task 0cdf50fe-ef12-4623-8cba-38bbf739da57 | ITER: 39 END: OK
2019-07-23 09:01:53.439 22844 INFO rally.task.runner [-] Task 0cdf50fe-ef12-4623-8cba-38bbf739da57 | ITER: 60 START
2019-07-23 09:01:53.785 22854 INFO rally.task.runner [-] Task 0cdf50fe-ef12-4623-8cba-38bbf739da57 | ITER: 33 END: OK
2019-07-23 09:01:53.788 22854 INFO rally.task.runner [-] Task 0cdf50fe-ef12-4623-8cba-38bbf739da57 | ITER: 61 START
2019-07-23 09:01:53.877 22868 INFO rally.task.runner [-] Task 0cdf50fe-ef12-4623-8cba-38bbf739da57 | ITER: 35 END: OK
2019-07-23 09:01:53.877 22860 INFO rally.task.runner [-] Task 0cdf50fe-ef12-4623-8cba-38bbf739da57 | ITER: 41 END: OK
2019-07-23 09:01:53.880 22868 INFO rally.task.runner [-] Task 0cdf50fe-ef12-4623-8cba-38bbf739da57 | ITER: 62 START
2019-07-23 09:01:53.880 22860 INFO rally.task.runner [-] Task 0cdf50fe-ef12-4623-8cba-38bbf739da57 | ITER: 63 START
2019-07-23 09:01:54.319 22830 INFO rally.task.runner [-] Task 0cdf50fe-ef12-4623-8cba-38bbf739da57 | ITER: 44 END: OK
2019-07-23 09:01:54.322 22830 INFO rally.task.runner [-] Task 0cdf50fe-ef12-4623-8cba-38bbf739da57 | ITER: 64 START
2019-07-23 09:01:54.363 22826 INFO rally.task.runner [-] Task 0cdf50fe-ef12-4623-8cba-38bbf739da57 | ITER: 48 END: OK
2019-07-23 09:01:54.366 22826 INFO rally.task.runner [-] Task 0cdf50fe-ef12-4623-8cba-38bbf739da57 | ITER: 65 START
2019-07-23 09:01:54.425 22827 INFO rally.task.runner [-] Task 0cdf50fe-ef12-4623-8cba-38bbf739da57 | ITER: 52 END: OK
2019-07-23 09:01:54.428 22827 INFO rally.task.runner [-] Task 0cdf50fe-ef12-4623-8cba-38bbf739da57 | ITER: 66 START
2019-07-23 09:01:54.471 22825 INFO rally.task.runner [-] Task 0cdf50fe-ef12-4623-8cba-38bbf739da57 | ITER: 43 END: OK
2019-07-23 09:01:54.475 22825 INFO rally.task.runner [-] Task 0cdf50fe-ef12-4623-8cba-38bbf739da57 | ITER: 67 START
2019-07-23 09:01:54.511 22826 INFO rally.task.runner [-] Task 0cdf50fe-ef12-4623-8cba-38bbf739da57 | ITER: 47 END: OK
2019-07-23 09:01:54.514 22826 INFO rally.task.runner [-] Task 0cdf50fe-ef12-4623-8cba-38bbf739da57 | ITER: 68 START
2019-07-23 09:01:54.655 22834 INFO rally.task.runner [-] Task 0cdf50fe-ef12-4623-8cba-38bbf739da57 | ITER: 50 END: OK
2019-07-23 09:01:54.659 22834 INFO rally.task.runner [-] Task 0cdf50fe-ef12-4623-8cba-38bbf739da57 | ITER: 69 START
2019-07-23 09:01:54.981 22858 INFO rally.task.runner [-] Task 0cdf50fe-ef12-4623-8cba-38bbf739da57 | ITER: 46 END: OK
2019-07-23 09:01:54.984 22858 INFO rally.task.runner [-] Task 0cdf50fe-ef12-4623-8cba-38bbf739da57 | ITER: 70 START
2019-07-23 09:01:55.136 22851 INFO rally.task.runner [-] Task 0cdf50fe-ef12-4623-8cba-38bbf739da57 | ITER: 51 END: OK
2019-07-23 09:01:55.140 22851 INFO rally.task.runner [-] Task 0cdf50fe-ef12-4623-8cba-38bbf739da57 | ITER: 71 START
2019-07-23 09:01:55.573 22827 INFO rally.task.runner [-] Task 0cdf50fe-ef12-4623-8cba-38bbf739da57 | ITER: 56 END: OK
2019-07-23 09:01:55.576 22827 INFO rally.task.runner [-] Task 0cdf50fe-ef12-4623-8cba-38bbf739da57 | ITER: 72 START
2019-07-23 09:01:55.681 22869 INFO rally.task.runner [-] Task 0cdf50fe-ef12-4623-8cba-38bbf739da57 | ITER: 53 END: OK
2019-07-23 09:01:55.684 22869 INFO rally.task.runner [-] Task 0cdf50fe-ef12-4623-8cba-38bbf739da57 | ITER: 73 START
2019-07-23 09:01:55.833 22842 INFO rally.task.runner [-] Task 0cdf50fe-ef12-4623-8cba-38bbf739da57 | ITER: 45 END: OK
2019-07-23 09:01:55.837 22842 INFO rally.task.runner [-] Task 0cdf50fe-ef12-4623-8cba-38bbf739da57 | ITER: 74 START
2019-07-23 09:01:55.865 22830 INFO rally.task.runner [-] Task 0cdf50fe-ef12-4623-8cba-38bbf739da57 | ITER: 55 END: OK
2019-07-23 09:01:55.868 22830 INFO rally.task.runner [-] Task 0cdf50fe-ef12-4623-8cba-38bbf739da57 | ITER: 75 START
2019-07-23 09:01:55.957 22872 INFO rally.task.runner [-] Task 0cdf50fe-ef12-4623-8cba-38bbf739da57 | ITER: 57 END: OK
2019-07-23 09:01:55.960 22872 INFO rally.task.runner [-] Task 0cdf50fe-ef12-4623-8cba-38bbf739da57 | ITER: 76 START
2019-07-23 09:01:56.159 22831 INFO rally.task.runner [-] Task 0cdf50fe-ef12-4623-8cba-38bbf739da57 | ITER: 54 END: OK
2019-07-23 09:01:56.162 22831 INFO rally.task.runner [-] Task 0cdf50fe-ef12-4623-8cba-38bbf739da57 | ITER: 77 START
2019-07-23 09:01:56.507 22825 INFO rally.task.runner [-] Task 0cdf50fe-ef12-4623-8cba-38bbf739da57 | ITER: 59 END: OK
2019-07-23 09:01:56.510 22825 INFO rally.task.runner [-] Task 0cdf50fe-ef12-4623-8cba-38bbf739da57 | ITER: 78 START
2019-07-23 09:01:56.631 22826 INFO rally.task.runner [-] Task 0cdf50fe-ef12-4623-8cba-38bbf739da57 | ITER: 65 END: OK
2019-07-23 09:01:56.635 22826 INFO rally.task.runner [-] Task 0cdf50fe-ef12-4623-8cba-38bbf739da57 | ITER: 79 START
2019-07-23 09:01:56.781 22826 INFO rally.task.runner [-] Task 0cdf50fe-ef12-4623-8cba-38bbf739da57 | ITER: 68 END: OK
2019-07-23 09:01:56.784 22826 INFO rally.task.runner [-] Task 0cdf50fe-ef12-4623-8cba-38bbf739da57 | ITER: 80 START
2019-07-23 09:01:56.916 22825 INFO rally.task.runner [-] Task 0cdf50fe-ef12-4623-8cba-38bbf739da57 | ITER: 67 END: OK
2019-07-23 09:01:56.918 22825 INFO rally.task.runner [-] Task 0cdf50fe-ef12-4623-8cba-38bbf739da57 | ITER: 81 START
2019-07-23 09:01:57.009 22854 INFO rally.task.runner [-] Task 0cdf50fe-ef12-4623-8cba-38bbf739da57 | ITER: 61 END: OK
2019-07-23 09:01:57.013 22854 INFO rally.task.runner [-] Task 0cdf50fe-ef12-4623-8cba-38bbf739da57 | ITER: 82 START
2019-07-23 09:01:57.037 22860 INFO rally.task.runner [-] Task 0cdf50fe-ef12-4623-8cba-38bbf739da57 | ITER: 63 END: OK
2019-07-23 09:01:57.039 22860 INFO rally.task.runner [-] Task 0cdf50fe-ef12-4623-8cba-38bbf739da57 | ITER: 83 START
2019-07-23 09:01:57.121 22844 INFO rally.task.runner [-] Task 0cdf50fe-ef12-4623-8cba-38bbf739da57 | ITER: 60 END: OK
2019-07-23 09:01:57.124 22844 INFO rally.task.runner [-] Task 0cdf50fe-ef12-4623-8cba-38bbf739da57 | ITER: 84 START
2019-07-23 09:01:57.484 22868 INFO rally.task.runner [-] Task 0cdf50fe-ef12-4623-8cba-38bbf739da57 | ITER: 62 END: OK
2019-07-23 09:01:57.487 22868 INFO rally.task.runner [-] Task 0cdf50fe-ef12-4623-8cba-38bbf739da57 | ITER: 85 START
2019-07-23 09:01:58.008 22838 INFO rally.task.runner [-] Task 0cdf50fe-ef12-4623-8cba-38bbf739da57 | ITER: 58 END: OK
2019-07-23 09:01:58.011 22838 INFO rally.task.runner [-] Task 0cdf50fe-ef12-4623-8cba-38bbf739da57 | ITER: 86 START
2019-07-23 09:01:58.391 22830 INFO rally.task.runner [-] Task 0cdf50fe-ef12-4623-8cba-38bbf739da57 | ITER: 64 END: OK
2019-07-23 09:01:58.393 22830 INFO rally.task.runner [-] Task 0cdf50fe-ef12-4623-8cba-38bbf739da57 | ITER: 87 START
2019-07-23 09:01:58.445 22834 INFO rally.task.runner [-] Task 0cdf50fe-ef12-4623-8cba-38bbf739da57 | ITER: 69 END: OK
2019-07-23 09:01:58.448 22834 INFO rally.task.runner [-] Task 0cdf50fe-ef12-4623-8cba-38bbf739da57 | ITER: 88 START
2019-07-23 09:01:58.825 22851 INFO rally.task.runner [-] Task 0cdf50fe-ef12-4623-8cba-38bbf739da57 | ITER: 71 END: OK
2019-07-23 09:01:58.828 22851 INFO rally.task.runner [-] Task 0cdf50fe-ef12-4623-8cba-38bbf739da57 | ITER: 89 START
2019-07-23 09:01:59.163 22827 INFO rally.task.runner [-] Task 0cdf50fe-ef12-4623-8cba-38bbf739da57 | ITER: 72 END: OK
2019-07-23 09:01:59.167 22827 INFO rally.task.runner [-] Task 0cdf50fe-ef12-4623-8cba-38bbf739da57 | ITER: 90 START
2019-07-23 09:01:59.412 22830 INFO rally.task.runner [-] Task 0cdf50fe-ef12-4623-8cba-38bbf739da57 | ITER: 75 END: OK
2019-07-23 09:01:59.416 22830 INFO rally.task.runner [-] Task 0cdf50fe-ef12-4623-8cba-38bbf739da57 | ITER: 91 START
2019-07-23 09:01:59.430 22858 INFO rally.task.runner [-] Task 0cdf50fe-ef12-4623-8cba-38bbf739da57 | ITER: 70 END: OK
2019-07-23 09:01:59.433 22858 INFO rally.task.runner [-] Task 0cdf50fe-ef12-4623-8cba-38bbf739da57 | ITER: 92 START
2019-07-23 09:01:59.455 22827 INFO rally.task.runner [-] Task 0cdf50fe-ef12-4623-8cba-38bbf739da57 | ITER: 66 END: OK
2019-07-23 09:01:59.458 22827 INFO rally.task.runner [-] Task 0cdf50fe-ef12-4623-8cba-38bbf739da57 | ITER: 93 START
2019-07-23 09:01:59.616 22869 INFO rally.task.runner [-] Task 0cdf50fe-ef12-4623-8cba-38bbf739da57 | ITER: 73 END: OK
2019-07-23 09:01:59.619 22869 INFO rally.task.runner [-] Task 0cdf50fe-ef12-4623-8cba-38bbf739da57 | ITER: 94 START
2019-07-23 09:01:59.777 22872 INFO rally.task.runner [-] Task 0cdf50fe-ef12-4623-8cba-38bbf739da57 | ITER: 76 END: OK
2019-07-23 09:01:59.781 22872 INFO rally.task.runner [-] Task 0cdf50fe-ef12-4623-8cba-38bbf739da57 | ITER: 95 START
2019-07-23 09:01:59.787 22831 INFO rally.task.runner [-] Task 0cdf50fe-ef12-4623-8cba-38bbf739da57 | ITER: 77 END: OK
2019-07-23 09:01:59.790 22831 INFO rally.task.runner [-] Task 0cdf50fe-ef12-4623-8cba-38bbf739da57 | ITER: 96 START
2019-07-23 09:01:59.958 22842 INFO rally.task.runner [-] Task 0cdf50fe-ef12-4623-8cba-38bbf739da57 | ITER: 74 END: OK
2019-07-23 09:01:59.961 22842 INFO rally.task.runner [-] Task 0cdf50fe-ef12-4623-8cba-38bbf739da57 | ITER: 97 START
2019-07-23 09:02:00.084 22825 INFO rally.task.runner [-] Task 0cdf50fe-ef12-4623-8cba-38bbf739da57 | ITER: 78 END: OK
2019-07-23 09:02:00.087 22825 INFO rally.task.runner [-] Task 0cdf50fe-ef12-4623-8cba-38bbf739da57 | ITER: 98 START
2019-07-23 09:02:00.285 22826 INFO rally.task.runner [-] Task 0cdf50fe-ef12-4623-8cba-38bbf739da57 | ITER: 79 END: OK
2019-07-23 09:02:00.289 22826 INFO rally.task.runner [-] Task 0cdf50fe-ef12-4623-8cba-38bbf739da57 | ITER: 99 START
2019-07-23 09:02:00.403 22826 INFO rally.task.runner [-] Task 0cdf50fe-ef12-4623-8cba-38bbf739da57 | ITER: 80 END: OK
2019-07-23 09:02:00.406 22826 INFO rally.task.runner [-] Task 0cdf50fe-ef12-4623-8cba-38bbf739da57 | ITER: 100 START
2019-07-23 09:02:00.523 22868 INFO rally.task.runner [-] Task 0cdf50fe-ef12-4623-8cba-38bbf739da57 | ITER: 85 END: OK
2019-07-23 09:02:00.919 22844 INFO rally.task.runner [-] Task 0cdf50fe-ef12-4623-8cba-38bbf739da57 | ITER: 84 END: OK
2019-07-23 09:02:00.921 22825 INFO rally.task.runner [-] Task 0cdf50fe-ef12-4623-8cba-38bbf739da57 | ITER: 81 END: OK
2019-07-23 09:02:01.030 22860 INFO rally.task.runner [-] Task 0cdf50fe-ef12-4623-8cba-38bbf739da57 | ITER: 83 END: OK
2019-07-23 09:02:01.167 22830 INFO rally.task.runner [-] Task 0cdf50fe-ef12-4623-8cba-38bbf739da57 | ITER: 87 END: OK
2019-07-23 09:02:01.214 22854 INFO rally.task.runner [-] Task 0cdf50fe-ef12-4623-8cba-38bbf739da57 | ITER: 82 END: OK
2019-07-23 09:02:01.221 22834 INFO rally.task.runner [-] Task 0cdf50fe-ef12-4623-8cba-38bbf739da57 | ITER: 88 END: OK
2019-07-23 09:02:01.245 22838 INFO rally.task.runner [-] Task 0cdf50fe-ef12-4623-8cba-38bbf739da57 | ITER: 86 END: OK
2019-07-23 09:02:02.060 22827 INFO rally.task.runner [-] Task 0cdf50fe-ef12-4623-8cba-38bbf739da57 | ITER: 90 END: OK
2019-07-23 09:02:02.182 22851 INFO rally.task.runner [-] Task 0cdf50fe-ef12-4623-8cba-38bbf739da57 | ITER: 89 END: OK
2019-07-23 09:02:02.187 22830 INFO rally.task.runner [-] Task 0cdf50fe-ef12-4623-8cba-38bbf739da57 | ITER: 91 END: OK
2019-07-23 09:02:02.313 22827 INFO rally.task.runner [-] Task 0cdf50fe-ef12-4623-8cba-38bbf739da57 | ITER: 93 END: OK
2019-07-23 09:02:02.837 22825 INFO rally.task.runner [-] Task 0cdf50fe-ef12-4623-8cba-38bbf739da57 | ITER: 98 END: OK
2019-07-23 09:02:02.970 22869 INFO rally.task.runner [-] Task 0cdf50fe-ef12-4623-8cba-38bbf739da57 | ITER: 94 END: OK
2019-07-23 09:02:02.970 22872 INFO rally.task.runner [-] Task 0cdf50fe-ef12-4623-8cba-38bbf739da57 | ITER: 95 END: OK
2019-07-23 09:02:03.227 22826 INFO rally.task.runner [-] Task 0cdf50fe-ef12-4623-8cba-38bbf739da57 | ITER: 99 END: OK
2019-07-23 09:02:03.256 22842 INFO rally.task.runner [-] Task 0cdf50fe-ef12-4623-8cba-38bbf739da57 | ITER: 97 END: OK
2019-07-23 09:02:03.289 22858 INFO rally.task.runner [-] Task 0cdf50fe-ef12-4623-8cba-38bbf739da57 | ITER: 92 END: OK
2019-07-23 09:02:03.375 22831 INFO rally.task.runner [-] Task 0cdf50fe-ef12-4623-8cba-38bbf739da57 | ITER: 96 END: OK
2019-07-23 09:02:03.381 22826 INFO rally.task.runner [-] Task 0cdf50fe-ef12-4623-8cba-38bbf739da57 | ITER: 100 END: OK
2019-07-23 09:02:03.408 22701 INFO rally.task.context [-] Task 0cdf50fe-ef12-4623-8cba-38bbf739da57 | Context cleanup@openstack cleanup() started
2019-07-23 09:02:03.412 22701 RALLYDEBUG rally_openstack.cleanup.manager [-] Cleaning up neutron vip objects
2019-07-23 09:02:04.054 22701 RALLYDEBUG rally_openstack.cleanup.manager [-] Cleaning up neutron health_monitor objects
2019-07-23 09:02:04.716 22701 RALLYDEBUG rally_openstack.cleanup.manager [-] Cleaning up neutron pool objects
2019-07-23 09:02:05.363 22701 RALLYDEBUG rally_openstack.cleanup.manager [-] Cleaning up neutron loadbalancer objects
2019-07-23 09:02:05.999 22701 RALLYDEBUG rally_openstack.cleanup.manager [-] Cleaning up neutron floatingip objects
2019-07-23 09:02:06.695 22701 RALLYDEBUG rally_openstack.cleanup.manager [-] Cleaning up neutron port objects
2019-07-23 09:02:08.092 22701 RALLYDEBUG rally_openstack.cleanup.manager [-] Cleaning up neutron subnet objects
2019-07-23 09:02:08.758 22701 RALLYDEBUG rally_openstack.cleanup.manager [-] Cleaning up neutron network objects
2019-07-23 09:02:09.690 22701 RALLYDEBUG rally_openstack.cleanup.manager [-] Deleting neutron.network object s_rally_bc08c8ec_wpg2O5AS (0a76b004-ad51-471a-a348-acda5ad2581d)
2019-07-23 09:02:09.691 22701 RALLYDEBUG rally_openstack.cleanup.manager [-] Deleting neutron.network object s_rally_bc08c8ec_UhoShG49 (07cf0da8-ec51-404c-af1b-3003fbacb759)
2019-07-23 09:02:09.705 22701 RALLYDEBUG rally_openstack.cleanup.manager [-] Deleting neutron.network object s_rally_bc08c8ec_AwdFLjOi (14e38b80-e6ac-4308-8697-08b30f5691ba)
2019-07-23 09:02:09.705 22701 RALLYDEBUG rally_openstack.cleanup.manager [-] Deleting neutron.network object s_rally_bc08c8ec_zfnwmctW (1ac311ff-edf2-4380-aeb7-f71ffd3a7496)
2019-07-23 09:02:09.706 22701 RALLYDEBUG rally_openstack.cleanup.manager [-] Deleting neutron.network object s_rally_bc08c8ec_BhzsqbF9 (15a8b582-875c-4fa4-89fc-abe5605fd12b)
2019-07-23 09:02:09.722 22701 RALLYDEBUG rally_openstack.cleanup.manager [-] Deleting neutron.network object s_rally_bc08c8ec_U4De9vXh (1ddabf07-885b-4f50-b3eb-5c0a21e59386)
2019-07-23 09:02:09.736 22701 RALLYDEBUG rally_openstack.cleanup.manager [-] Deleting neutron.network object s_rally_bc08c8ec_jiKYlM8q (1ef1e557-ba5d-489f-ab74-5b295a46f999)
2019-07-23 09:02:09.739 22701 RALLYDEBUG rally_openstack.cleanup.manager [-] Deleting neutron.network object s_rally_bc08c8ec_RFkfJn1o (1e9fef58-9da2-4084-b720-4f3facb106c4)
2019-07-23 09:02:09.749 22701 RALLYDEBUG rally_openstack.cleanup.manager [-] Deleting neutron.network object s_rally_bc08c8ec_SGHnIk0Z (20c10fd5-256e-42c7-8cf3-2c393430181f)
2019-07-23 09:02:09.753 22701 RALLYDEBUG rally_openstack.cleanup.manager [-] Deleting neutron.network object s_rally_bc08c8ec_WdGwNeFE (1f0e03b7-fc34-4524-9747-0740e321bdec)
2019-07-23 09:02:09.773 22701 RALLYDEBUG rally_openstack.cleanup.manager [-] Deleting neutron.network object s_rally_bc08c8ec_B4izFJrj (23a8c516-f56b-4e1a-9502-c5da3cd6d995)
2019-07-23 09:02:09.789 22701 RALLYDEBUG rally_openstack.cleanup.manager [-] Deleting neutron.network object s_rally_bc08c8ec_afT7UIgC (2a326b53-b7ad-433a-a64f-b020e97a75cb)
2019-07-23 09:02:09.801 22701 RALLYDEBUG rally_openstack.cleanup.manager [-] Deleting neutron.network object s_rally_bc08c8ec_2rSoJHjV (2fb3a5ad-2064-4ec8-a38a-32b2b8b23f38)
2019-07-23 09:02:09.808 22701 RALLYDEBUG rally_openstack.cleanup.manager [-] Deleting neutron.network object s_rally_bc08c8ec_d0VypV73 (30bc1afe-3f9a-4683-8757-b7ce3ad71b48)
2019-07-23 09:02:09.821 22701 RALLYDEBUG rally_openstack.cleanup.manager [-] Deleting neutron.network object s_rally_bc08c8ec_J7zOJrpC (324fc3f5-6de0-4873-8ec6-d48e91bb868e)
2019-07-23 09:02:09.827 22701 RALLYDEBUG rally_openstack.cleanup.manager [-] Deleting neutron.network object s_rally_bc08c8ec_xf8xZb73 (345c3e04-04b5-42c1-84e3-a117514b531c)
2019-07-23 09:02:09.838 22701 RALLYDEBUG rally_openstack.cleanup.manager [-] Deleting neutron.network object s_rally_bc08c8ec_ji2sjhPN (39539c08-1d6e-43ae-ba3f-a922d89d1fd6)
2019-07-23 09:02:09.852 22701 RALLYDEBUG rally_openstack.cleanup.manager [-] Deleting neutron.network object s_rally_bc08c8ec_eaCwnPBh (3bc75a66-090f-4769-86e6-77a80c347792)
2019-07-23 09:02:09.859 22701 RALLYDEBUG rally_openstack.cleanup.manager [-] Deleting neutron.network object s_rally_bc08c8ec_5lG7abXu (40123f0d-412c-497c-9563-32a44c03b000)
2019-07-23 09:02:09.880 22701 RALLYDEBUG rally_openstack.cleanup.manager [-] Deleting neutron.network object s_rally_bc08c8ec_ccjtzb6K (41d15999-8f6c-44a6-82a8-0b5b37187a2a)
2019-07-23 09:02:13.074 22701 RALLYDEBUG rally_openstack.cleanup.manager [-] Deleting neutron.network object s_rally_bc08c8ec_3JKwJYLd (43e15db5-ac50-4590-a19d-0a2100ccf641)
2019-07-23 09:02:13.342 22701 RALLYDEBUG rally_openstack.cleanup.manager [-] Deleting neutron.network object s_rally_bc08c8ec_coco6LhE (4756a448-3736-4f07-8507-ab7254f41458)
2019-07-23 09:02:13.365 22701 RALLYDEBUG rally_openstack.cleanup.manager [-] Deleting neutron.network object s_rally_bc08c8ec_2PIrZmHO (47794362-7be3-47e3-aef4-7849e31bc88c)
2019-07-23 09:02:13.395 22701 RALLYDEBUG rally_openstack.cleanup.manager [-] Deleting neutron.network object s_rally_bc08c8ec_KnxQM5a3 (48f1e2b0-d478-467f-adbd-05beff0d853d)
2019-07-23 09:02:13.415 22701 RALLYDEBUG rally_openstack.cleanup.manager [-] Deleting neutron.network object s_rally_bc08c8ec_ZtYnXagM (4a465590-c062-468a-816a-01555acb5657)
2019-07-23 09:02:13.568 22701 RALLYDEBUG rally_openstack.cleanup.manager [-] Deleting neutron.network object s_rally_bc08c8ec_HBmMfqZS (4a552b92-3874-46d4-be05-b54f98178e40)
2019-07-23 09:02:13.619 22701 RALLYDEBUG rally_openstack.cleanup.manager [-] Deleting neutron.network object s_rally_bc08c8ec_YGYgXmoY (4b49bf94-2838-45fc-8ff2-10395fb0786a)
2019-07-23 09:02:13.634 22701 RALLYDEBUG rally_openstack.cleanup.manager [-] Deleting neutron.network object s_rally_bc08c8ec_OHHIOXsk (4b8a647a-3629-424d-99b3-7ef4c2186de9)
2019-07-23 09:02:13.671 22701 RALLYDEBUG rally_openstack.cleanup.manager [-] Deleting neutron.network object s_rally_bc08c8ec_d5mSufYE (4bdfe0aa-bfc6-44fe-b7f0-781dcfd821a0)
2019-07-23 09:02:13.680 22701 RALLYDEBUG rally_openstack.cleanup.manager [-] Deleting neutron.network object s_rally_bc08c8ec_bfR9PVwb (4fb10043-5896-47ec-a536-05f1eaff984e)
2019-07-23 09:02:13.695 22701 RALLYDEBUG rally_openstack.cleanup.manager [-] Deleting neutron.network object s_rally_bc08c8ec_SPdo39T8 (524e6a57-fc14-4930-a603-9a6f4769764a)
2019-07-23 09:02:13.810 22701 RALLYDEBUG rally_openstack.cleanup.manager [-] Deleting neutron.network object s_rally_bc08c8ec_4PmMtGCy (6076da57-c095-4cd9-9ee3-405aea7c8791)
2019-07-23 09:02:13.839 22701 RALLYDEBUG rally_openstack.cleanup.manager [-] Deleting neutron.network object s_rally_bc08c8ec_ohm3OmGP (6278c04f-9fa8-4894-b99e-246a863fbf5c)
2019-07-23 09:02:14.359 22701 RALLYDEBUG rally_openstack.cleanup.manager [-] Deleting neutron.network object s_rally_bc08c8ec_RolHwJWk (629abccb-5521-4960-8188-662c7d7ced13)
2019-07-23 09:02:14.429 22701 RALLYDEBUG rally_openstack.cleanup.manager [-] Deleting neutron.network object s_rally_bc08c8ec_XY6ylVc9 (63332611-1597-4538-b43d-f595f49e35aa)
2019-07-23 09:02:14.464 22701 RALLYDEBUG rally_openstack.cleanup.manager [-] Deleting neutron.network object s_rally_bc08c8ec_spVDnHxu (64daed00-ab50-4061-a98b-c61a4a85ee75)
2019-07-23 09:02:14.478 22701 RALLYDEBUG rally_openstack.cleanup.manager [-] Deleting neutron.network object s_rally_bc08c8ec_eMPVe2b2 (65952176-b7c4-4ce8-8180-32ce6d4e1a11)
2019-07-23 09:02:15.772 22701 RALLYDEBUG rally_openstack.cleanup.manager [-] Deleting neutron.network object s_rally_bc08c8ec_gtZHj97Q (65dd9800-8dc3-4402-ae8a-f6c8f8f76564)
2019-07-23 09:02:15.867 22701 RALLYDEBUG rally_openstack.cleanup.manager [-] Deleting neutron.network object s_rally_bc08c8ec_NhFTnBax (66ef1f27-831d-4cae-89ed-a8792331fc27)
2019-07-23 09:02:15.887 22701 RALLYDEBUG rally_openstack.cleanup.manager [-] Deleting neutron.network object s_rally_bc08c8ec_TZO5KYzI (689abd7f-f453-42e8-98e8-5982e66a8201)
2019-07-23 09:02:16.104 22701 RALLYDEBUG rally_openstack.cleanup.manager [-] Deleting neutron.network object s_rally_bc08c8ec_2etSTMSx (72d7a76f-f7d9-4332-b1ac-18c71c2bff1f)
2019-07-23 09:02:16.488 22701 RALLYDEBUG rally_openstack.cleanup.manager [-] Deleting neutron.network object s_rally_bc08c8ec_MDKDsvKb (72ec5c4e-9e08-434a-8f6c-27abd1366d9d)
2019-07-23 09:02:16.555 22701 RALLYDEBUG rally_openstack.cleanup.manager [-] Deleting neutron.network object s_rally_bc08c8ec_D4YMAFOY (74d4ddd6-736a-4ed2-961a-093c8d8e2bef)
2019-07-23 09:02:16.642 22701 RALLYDEBUG rally_openstack.cleanup.manager [-] Deleting neutron.network object s_rally_bc08c8ec_q0W2VZKz (79f7c324-f6bd-475b-84e5-58f097e2d445)
2019-07-23 09:02:16.749 22701 RALLYDEBUG rally_openstack.cleanup.manager [-] Deleting neutron.network object s_rally_bc08c8ec_dKaKcCjQ (7adf588b-353e-4812-ab1d-ea2eea736ec8)
2019-07-23 09:02:16.915 22701 RALLYDEBUG rally_openstack.cleanup.manager [-] Deleting neutron.network object s_rally_bc08c8ec_26YxQelD (7c88694c-61ff-47a2-86cd-87d2f06ea3d9)
2019-07-23 09:02:16.954 22701 RALLYDEBUG rally_openstack.cleanup.manager [-] Deleting neutron.network object s_rally_bc08c8ec_Fh9od86g (7cb992cd-ccf8-45f5-8064-4b463b644c6a)
2019-07-23 09:02:17.032 22701 RALLYDEBUG rally_openstack.cleanup.manager [-] Deleting neutron.network object s_rally_bc08c8ec_8Qfk5qeC (7cd13e2f-cd27-4b3d-b30f-9076ffd2ee35)
2019-07-23 09:02:17.090 22701 RALLYDEBUG rally_openstack.cleanup.manager [-] Deleting neutron.network object s_rally_bc08c8ec_fduiJxqP (84c430fb-85ef-43ae-bcc3-42d04f1c3f76)
2019-07-23 09:02:17.112 22701 RALLYDEBUG rally_openstack.cleanup.manager [-] Deleting neutron.network object s_rally_bc08c8ec_3nJbPsM8 (8623b17a-6335-4dc0-9950-84cd612678ca)
2019-07-23 09:02:17.251 22701 RALLYDEBUG rally_openstack.cleanup.manager [-] Deleting neutron.network object s_rally_bc08c8ec_i5cV3cio (87faff4e-728f-4b7b-9c41-5d00c0753790)
2019-07-23 09:02:17.666 22701 RALLYDEBUG rally_openstack.cleanup.manager [-] Deleting neutron.network object s_rally_bc08c8ec_EA0JfdMG (8932e5d5-7972-48e7-98df-ea8ef06c77e6)
2019-07-23 09:02:17.736 22701 RALLYDEBUG rally_openstack.cleanup.manager [-] Deleting neutron.network object s_rally_bc08c8ec_5v6FiSc9 (8a8b035e-598f-4924-aae3-1522c64ed3b8)
2019-07-23 09:02:17.788 22701 RALLYDEBUG rally_openstack.cleanup.manager [-] Deleting neutron.network object s_rally_bc08c8ec_zJEhYeGl (8cf1b2e3-3a4b-4d9c-ac23-65163c1998cb)
2019-07-23 09:02:17.812 22701 RALLYDEBUG rally_openstack.cleanup.manager [-] Deleting neutron.network object s_rally_bc08c8ec_ponDQuO7 (8e24f0a9-c1a5-4159-9dbd-8697c1541d92)
2019-07-23 09:02:18.507 22701 RALLYDEBUG rally_openstack.cleanup.manager [-] Deleting neutron.network object s_rally_bc08c8ec_eTddsp2W (9248d3ec-78d0-4b54-af91-b9a290b8df83)
2019-07-23 09:02:18.571 22701 RALLYDEBUG rally_openstack.cleanup.manager [-] Deleting neutron.network object s_rally_bc08c8ec_rQcpGJ12 (945de0af-adf0-40ad-9147-7795060d86d2)
2019-07-23 09:02:18.855 22701 RALLYDEBUG rally_openstack.cleanup.manager [-] Deleting neutron.network object s_rally_bc08c8ec_rU5cq3ml (99f3802c-8068-4147-b229-f94cb4dd0cb2)
2019-07-23 09:02:18.981 22701 RALLYDEBUG rally_openstack.cleanup.manager [-] Deleting neutron.network object s_rally_bc08c8ec_mjJyyNTe (9a86a937-c523-4e9d-b9ec-9d33fa403d9c)
2019-07-23 09:02:19.194 22701 RALLYDEBUG rally_openstack.cleanup.manager [-] Deleting neutron.network object s_rally_bc08c8ec_Ov73FzlS (9c1185ef-9d93-4f03-ad87-2bd21dc1e416)
2019-07-23 09:02:19.631 22701 RALLYDEBUG rally_openstack.cleanup.manager [-] Deleting neutron.network object s_rally_bc08c8ec_H50MWxdo (a190cc70-6246-404f-8dd8-d7274750791c)
2019-07-23 09:02:19.961 22701 RALLYDEBUG rally_openstack.cleanup.manager [-] Deleting neutron.network object s_rally_bc08c8ec_VmnIValM (a1f690dc-d283-47a3-acc5-48b800afd722)
2019-07-23 09:02:20.032 22701 RALLYDEBUG rally_openstack.cleanup.manager [-] Deleting neutron.network object s_rally_bc08c8ec_NUEUTb1V (a1f9b8c8-a4c8-406c-aad8-e3417737c6d3)
2019-07-23 09:02:20.184 22701 RALLYDEBUG rally_openstack.cleanup.manager [-] Deleting neutron.network object s_rally_bc08c8ec_lkQh6aIP (a7b7e35c-ccfb-4e58-8614-ebffe181f17f)
2019-07-23 09:02:20.252 22701 RALLYDEBUG rally_openstack.cleanup.manager [-] Deleting neutron.network object s_rally_bc08c8ec_yyPuGv7l (a966c4bd-8996-4aef-b601-a815f50c03cf)
2019-07-23 09:02:20.342 22701 RALLYDEBUG rally_openstack.cleanup.manager [-] Deleting neutron.network object s_rally_bc08c8ec_POAPd9Jd (ab23832a-612b-484a-9f63-1100353b11a9)
2019-07-23 09:02:20.358 22701 RALLYDEBUG rally_openstack.cleanup.manager [-] Deleting neutron.network object s_rally_bc08c8ec_PwnMqblx (af1874e5-5cf5-4176-b2d1-747d56ed601a)
2019-07-23 09:02:20.590 22701 RALLYDEBUG rally_openstack.cleanup.manager [-] Deleting neutron.network object s_rally_bc08c8ec_A2i3Mqin (afe447ba-5528-40ca-b57b-82d92a03ad31)
2019-07-23 09:02:20.876 22701 RALLYDEBUG rally_openstack.cleanup.manager [-] Deleting neutron.network object s_rally_bc08c8ec_EAMi0uMh (b0a67bfe-a24e-4fce-9d97-e2a3a1d94f49)
2019-07-23 09:02:20.901 22701 RALLYDEBUG rally_openstack.cleanup.manager [-] Deleting neutron.network object s_rally_bc08c8ec_enCaeYGv (b5260f1c-208b-4be1-8a31-76b9499f783b)
2019-07-23 09:02:21.012 22701 RALLYDEBUG rally_openstack.cleanup.manager [-] Deleting neutron.network object s_rally_bc08c8ec_HXlVqgRk (b65a262d-9a0f-44e7-9d12-76b3cdcfee20)
2019-07-23 09:02:21.463 22701 RALLYDEBUG rally_openstack.cleanup.manager [-] Deleting neutron.network object s_rally_bc08c8ec_TQHM2VVd (b730f649-7cf6-4546-aac4-5618ee5fbbe8)
2019-07-23 09:02:21.576 22701 RALLYDEBUG rally_openstack.cleanup.manager [-] Deleting neutron.network object s_rally_bc08c8ec_PwGGCZsr (b7ec56b5-02ad-4124-9dc2-21474d74aa38)
2019-07-23 09:02:21.661 22701 RALLYDEBUG rally_openstack.cleanup.manager [-] Deleting neutron.network object s_rally_bc08c8ec_1meoM3xY (bbd80d04-a7a1-498e-b2fa-ca47e27ddca1)
2019-07-23 09:02:21.705 22701 RALLYDEBUG rally_openstack.cleanup.manager [-] Deleting neutron.network object s_rally_bc08c8ec_CoT7rQdj (bc3387e6-d056-4ea0-8847-10c3dab9f7f8)
2019-07-23 09:02:21.888 22701 RALLYDEBUG rally_openstack.cleanup.manager [-] Deleting neutron.network object s_rally_bc08c8ec_T1N3Lt1u (bc3f6726-6129-41db-b503-731c78305916)
2019-07-23 09:02:21.894 22701 RALLYDEBUG rally_openstack.cleanup.manager [-] Deleting neutron.network object s_rally_bc08c8ec_GiPaZcVz (bed4590c-6a0e-43fa-aec3-2ffe94067c32)
2019-07-23 09:02:21.913 22701 RALLYDEBUG rally_openstack.cleanup.manager [-] Deleting neutron.network object s_rally_bc08c8ec_dELJgtMu (bfe6e639-5213-40de-a30d-afb635513e9d)
2019-07-23 09:02:22.087 22701 RALLYDEBUG rally_openstack.cleanup.manager [-] Deleting neutron.network object s_rally_bc08c8ec_7rHm9QbD (c4463ae6-ca35-4797-a5d9-fc9d2be18c6e)
2019-07-23 09:02:22.553 22701 RALLYDEBUG rally_openstack.cleanup.manager [-] Deleting neutron.network object s_rally_bc08c8ec_vkmu1ND2 (c649c60b-78aa-4ca0-a0b7-acbe00b298dc)
2019-07-23 09:02:22.982 22701 RALLYDEBUG rally_openstack.cleanup.manager [-] Deleting neutron.network object s_rally_bc08c8ec_BhrUWG5z (c76d8670-7e20-4fab-a535-e312518a3608)
2019-07-23 09:02:23.291 22701 RALLYDEBUG rally_openstack.cleanup.manager [-] Deleting neutron.network object s_rally_bc08c8ec_xfJiKSkX (c987d717-ecc9-4996-85c4-40150b5a4cd1)
2019-07-23 09:02:23.369 22701 RALLYDEBUG rally_openstack.cleanup.manager [-] Deleting neutron.network object s_rally_bc08c8ec_08Yi7jA0 (caacf1d4-0b84-42e1-b6ce-211f20a3b68e)
2019-07-23 09:02:23.795 22701 RALLYDEBUG rally_openstack.cleanup.manager [-] Deleting neutron.network object s_rally_bc08c8ec_XqVWOp0v (d2243449-aaa2-48f8-953d-3926aea69345)
2019-07-23 09:02:23.929 22701 RALLYDEBUG rally_openstack.cleanup.manager [-] Deleting neutron.network object s_rally_bc08c8ec_lCilwtlt (d25e322d-de7e-44e9-ab47-c2fe3de3c036)
2019-07-23 09:02:24.121 22701 RALLYDEBUG rally_openstack.cleanup.manager [-] Deleting neutron.network object s_rally_bc08c8ec_3QueoM08 (e3b7e139-e072-498f-96a7-8db490ea2ab4)
2019-07-23 09:02:24.480 22701 RALLYDEBUG rally_openstack.cleanup.manager [-] Deleting neutron.network object s_rally_bc08c8ec_VNMgbVWl (e4e301d5-5a30-476d-8dfc-09c39da78a49)
2019-07-23 09:02:24.590 22701 RALLYDEBUG rally_openstack.cleanup.manager [-] Deleting neutron.network object s_rally_bc08c8ec_yQdoFxrk (e76fe033-7bab-4305-9865-c0355814b427)
2019-07-23 09:02:24.630 22701 RALLYDEBUG rally_openstack.cleanup.manager [-] Deleting neutron.network object s_rally_bc08c8ec_r9PUzkBQ (ea358f5d-3339-4955-8bc9-5b08722dba9a)
2019-07-23 09:02:24.850 22701 RALLYDEBUG rally_openstack.cleanup.manager [-] Deleting neutron.network object s_rally_bc08c8ec_rafRVWrc (eb742f16-c6d7-4caa-b930-b8f070aaa2ef)
2019-07-23 09:02:24.853 22701 RALLYDEBUG rally_openstack.cleanup.manager [-] Deleting neutron.network object s_rally_bc08c8ec_w0oCkCmV (f2b8a331-c006-4688-98c4-93dc217bacc0)
2019-07-23 09:02:24.902 22701 RALLYDEBUG rally_openstack.cleanup.manager [-] Deleting neutron.network object s_rally_bc08c8ec_M89DAEWm (f4f0d0e5-1872-4569-9ef4-aca29be85920)
2019-07-23 09:02:25.372 22701 RALLYDEBUG rally_openstack.cleanup.manager [-] Deleting neutron.network object s_rally_bc08c8ec_aHBXbTw7 (f56fc050-d203-4c64-9c8e-57852b9353c5)
2019-07-23 09:02:25.385 22701 RALLYDEBUG rally_openstack.cleanup.manager [-] Deleting neutron.network object s_rally_bc08c8ec_tm48NTaG (f6d788a0-e866-44ac-a572-cddc4cf507b3)
2019-07-23 09:02:25.643 22701 RALLYDEBUG rally_openstack.cleanup.manager [-] Deleting neutron.network object s_rally_bc08c8ec_eE7tEReG (f76fd392-57c8-46ef-9f6f-2391c9e01869)
2019-07-23 09:02:25.707 22701 RALLYDEBUG rally_openstack.cleanup.manager [-] Deleting neutron.network object s_rally_bc08c8ec_rTg5oNDo (f7803726-bbfa-4536-86da-8064fb311173)
