2019-07-23 09:07:32.448 24798 INFO rally.task.runner [-] Task 0cdf50fe-ef12-4623-8cba-38bbf739da57 | ITER: 9 START
2019-07-23 09:07:32.448 24810 RALLYDEBUG rally.task.runner [-] Starting a worker. concurrency: 1 args: {"network_create_args": {}, "subnet_create_args": {}, "subnet_cidr_start": "1.1.0.0/30", "subnets_per_network": 2} times: 40 method_name: run timeout: 0 duration: None cls:
2019-07-23 09:07:32.450 24798 WARNING rally_openstack.scenarios.neutron.utils [-] Running this scenario without either the 'network' or 'existing_network' context is deprecated
2019-07-23 09:07:32.445 24797 INFO rally.task.runner [-] Task 0cdf50fe-ef12-4623-8cba-38bbf739da57 | ITER: 5 START
2019-07-23 09:07:32.450 24803 INFO rally.task.runner [-] Task 0cdf50fe-ef12-4623-8cba-38bbf739da57 | ITER: 10 START
2019-07-23 09:07:32.450 24797 WARNING rally_openstack.scenarios.neutron.utils [-] Running this scenario without either the 'network' or 'existing_network' context is deprecated
2019-07-23 09:07:32.450 24813 RALLYDEBUG rally.task.runner [-] Starting a worker. concurrency: 1 args: {"network_create_args": {}, "subnet_create_args": {}, "subnet_cidr_start": "1.1.0.0/30", "subnets_per_network": 2} times: 40 method_name: run timeout: 0 duration: None cls:
2019-07-23 09:07:32.452 24803 WARNING rally_openstack.scenarios.neutron.utils [-] Running this scenario without either the 'network' or 'existing_network' context is deprecated
2019-07-23 09:07:32.455 24806 INFO rally.task.runner [-] Task 0cdf50fe-ef12-4623-8cba-38bbf739da57 | ITER: 11 START
2019-07-23 09:07:32.450 24796 INFO rally.task.runner [-] Task 0cdf50fe-ef12-4623-8cba-38bbf739da57 | ITER: 4 START
2019-07-23 09:07:32.456 24813 INFO rally.task.runner [-] Task 0cdf50fe-ef12-4623-8cba-38bbf739da57 | ITER: 13 START
2019-07-23 09:07:32.456 24806 WARNING rally_openstack.scenarios.neutron.utils [-] Running this scenario without either the 'network' or 'existing_network' context is deprecated
2019-07-23 09:07:32.457 24796 WARNING rally_openstack.scenarios.neutron.utils [-] Running this scenario without either the 'network' or 'existing_network' context is deprecated
2019-07-23 09:07:32.457 24810 INFO rally.task.runner [-] Task 0cdf50fe-ef12-4623-8cba-38bbf739da57 | ITER: 12 START
2019-07-23 09:07:32.456 24821 RALLYDEBUG rally.task.runner [-] Starting a worker. concurrency: 1 args: {"network_create_args": {}, "subnet_create_args": {}, "subnet_cidr_start": "1.1.0.0/30", "subnets_per_network": 2} times: 40 method_name: run timeout: 0 duration: None cls:
2019-07-23 09:07:32.457 24813 WARNING rally_openstack.scenarios.neutron.utils [-] Running this scenario without either the 'network' or 'existing_network' context is deprecated
2019-07-23 09:07:32.459 24810 WARNING rally_openstack.scenarios.neutron.utils [-] Running this scenario without either the 'network' or 'existing_network' context is deprecated
2019-07-23 09:07:32.460 24823 RALLYDEBUG rally.task.runner [-] Starting a worker. concurrency: 1 args: {"network_create_args": {}, "subnet_create_args": {}, "subnet_cidr_start": "1.1.0.0/30", "subnets_per_network": 2} times: 40 method_name: run timeout: 0 duration: None cls:
2019-07-23 09:07:32.462 24798 INFO rally.task.runner [-] Task 0cdf50fe-ef12-4623-8cba-38bbf739da57 | ITER: 7 START
2019-07-23 09:07:32.463 24798 WARNING rally_openstack.scenarios.neutron.utils [-] Running this scenario without either the 'network' or 'existing_network' context is deprecated
2019-07-23 09:07:32.465 24825 RALLYDEBUG rally.task.runner [-] Starting a worker. concurrency: 1 args: {"network_create_args": {}, "subnet_create_args": {}, "subnet_cidr_start": "1.1.0.0/30", "subnets_per_network": 2} times: 40 method_name: run timeout: 0 duration: None cls:
2019-07-23 09:07:32.465 24816 RALLYDEBUG rally.task.runner [-] Starting a worker. concurrency: 1 args: {"network_create_args": {}, "subnet_create_args": {}, "subnet_cidr_start": "1.1.0.0/30", "subnets_per_network": 2} times: 40 method_name: run timeout: 0 duration: None cls:
2019-07-23 09:07:32.468 24823 INFO rally.task.runner [-] Task 0cdf50fe-ef12-4623-8cba-38bbf739da57 | ITER: 15 START
2019-07-23 09:07:32.468 24830 RALLYDEBUG rally.task.runner [-] Starting a worker. concurrency: 1 args: {"network_create_args": {}, "subnet_create_args": {}, "subnet_cidr_start": "1.1.0.0/30", "subnets_per_network": 2} times: 40 method_name: run timeout: 0 duration: None cls:
2019-07-23 09:07:32.470 24821 INFO rally.task.runner [-] Task 0cdf50fe-ef12-4623-8cba-38bbf739da57 | ITER: 14 START
2019-07-23 09:07:32.471 24825 INFO rally.task.runner [-] Task 0cdf50fe-ef12-4623-8cba-38bbf739da57 | ITER: 16 START
2019-07-23 09:07:32.471 24823 WARNING rally_openstack.scenarios.neutron.utils [-] Running this scenario without either the 'network' or 'existing_network' context is deprecated
2019-07-23 09:07:32.472 24821 WARNING rally_openstack.scenarios.neutron.utils [-] Running this scenario without either the 'network' or 'existing_network' context is deprecated
2019-07-23 09:07:32.472 24825 WARNING rally_openstack.scenarios.neutron.utils [-] Running this scenario without either the 'network' or 'existing_network' context is deprecated
2019-07-23 09:07:32.474 24816 INFO rally.task.runner [-] Task 0cdf50fe-ef12-4623-8cba-38bbf739da57 | ITER: 17 START
2019-07-23 09:07:32.476 24816 WARNING rally_openstack.scenarios.neutron.utils [-] Running this scenario without either the 'network' or 'existing_network' context is deprecated
2019-07-23 09:07:32.482 24830 INFO rally.task.runner [-] Task 0cdf50fe-ef12-4623-8cba-38bbf739da57 | ITER: 18 START
2019-07-23 09:07:32.483 24830 WARNING rally_openstack.scenarios.neutron.utils [-] Running this scenario without either the 'network' or 'existing_network' context is deprecated
2019-07-23 09:07:32.488 24841 RALLYDEBUG rally.task.runner [-] Starting a worker. concurrency: 1 args: {"network_create_args": {}, "subnet_create_args": {}, "subnet_cidr_start": "1.1.0.0/30", "subnets_per_network": 2} times: 40 method_name: run timeout: 0 duration: None cls:
2019-07-23 09:07:32.492 24841 INFO rally.task.runner [-] Task 0cdf50fe-ef12-4623-8cba-38bbf739da57 | ITER: 19 START
2019-07-23 09:07:32.494 24841 WARNING rally_openstack.scenarios.neutron.utils [-] Running this scenario without either the 'network' or 'existing_network' context is deprecated
2019-07-23 09:07:32.494 24842 RALLYDEBUG rally.task.runner [-] Starting a worker. concurrency: 1 args: {"network_create_args": {}, "subnet_create_args": {}, "subnet_cidr_start": "1.1.0.0/30", "subnets_per_network": 2} times: 40 method_name: run timeout: 0 duration: None cls:
2019-07-23 09:07:32.497 24842 INFO rally.task.runner [-] Task 0cdf50fe-ef12-4623-8cba-38bbf739da57 | ITER: 20 START
2019-07-23 09:07:32.498 24842 WARNING rally_openstack.scenarios.neutron.utils [-] Running this scenario without either the 'network' or 'existing_network' context is deprecated
2019-07-23 09:07:35.321 24823 RALLYDEBUG rally_openstack.wrappers.network [-] CIDR generated: 1.1.4.96/30
2019-07-23 09:07:35.406 24810 RALLYDEBUG rally_openstack.wrappers.network [-] CIDR generated: 1.1.4.100/30
2019-07-23 09:07:35.494 24800 RALLYDEBUG rally_openstack.wrappers.network [-] CIDR generated: 1.1.4.104/30
2019-07-23 09:07:35.542 24798 RALLYDEBUG rally_openstack.wrappers.network [-] CIDR generated: 1.1.4.108/30
2019-07-23 09:07:35.631 24821 RALLYDEBUG rally_openstack.wrappers.network [-] CIDR generated: 1.1.4.112/30
2019-07-23 09:07:35.887 24797 RALLYDEBUG rally_openstack.wrappers.network [-] CIDR generated: 1.1.4.116/30
2019-07-23 09:07:35.949 24841 RALLYDEBUG rally_openstack.wrappers.network [-] CIDR generated: 1.1.4.120/30
2019-07-23 09:07:35.997 24825 RALLYDEBUG rally_openstack.wrappers.network [-] CIDR generated: 1.1.4.124/30
2019-07-23 09:07:36.508 24795 RALLYDEBUG rally_openstack.wrappers.network [-] CIDR generated: 1.1.4.128/30
2019-07-23 09:07:36.741 24816 RALLYDEBUG rally_openstack.wrappers.network [-] CIDR generated: 1.1.4.132/30
2019-07-23 09:07:37.086 24795 RALLYDEBUG rally_openstack.wrappers.network [-] CIDR generated: 1.1.4.136/30
2019-07-23 09:07:37.138 24813 RALLYDEBUG rally_openstack.wrappers.network [-] CIDR generated: 1.1.4.140/30
2019-07-23 09:07:37.140 24797 RALLYDEBUG rally_openstack.wrappers.network [-] CIDR generated: 1.1.4.144/30
2019-07-23 09:07:37.248 24798 RALLYDEBUG rally_openstack.wrappers.network [-] CIDR generated: 1.1.4.148/30
2019-07-23 09:07:37.260 24830 RALLYDEBUG rally_openstack.wrappers.network [-] CIDR generated: 1.1.4.152/30
2019-07-23 09:07:37.278 24806 RALLYDEBUG rally_openstack.wrappers.network [-] CIDR generated: 1.1.4.156/30
2019-07-23 09:07:37.284 24842 RALLYDEBUG rally_openstack.wrappers.network [-] CIDR generated: 1.1.4.160/30
2019-07-23 09:07:37.315 24796 RALLYDEBUG rally_openstack.wrappers.network [-] CIDR generated: 1.1.4.164/30
2019-07-23 09:07:37.343 24796 RALLYDEBUG rally_openstack.wrappers.network [-] CIDR generated: 1.1.4.168/30
2019-07-23 09:07:37.357 24803 RALLYDEBUG rally_openstack.wrappers.network [-] CIDR generated: 1.1.4.172/30
2019-07-23 09:07:37.413 24800 RALLYDEBUG rally_openstack.wrappers.network [-] CIDR generated: 1.1.4.176/30
2019-07-23 09:07:37.747 24823 RALLYDEBUG rally_openstack.wrappers.network [-] CIDR generated: 1.1.4.180/30
2019-07-23 09:07:38.140 24841 RALLYDEBUG rally_openstack.wrappers.network [-] CIDR generated: 1.1.4.184/30
2019-07-23 09:07:38.218 24810 RALLYDEBUG rally_openstack.wrappers.network [-] CIDR generated: 1.1.4.188/30
2019-07-23 09:07:38.254 24821 RALLYDEBUG rally_openstack.wrappers.network [-] CIDR generated: 1.1.4.192/30
2019-07-23 09:07:38.313 24798 RALLYDEBUG rally_openstack.wrappers.network [-] CIDR generated: 1.1.4.196/30
2019-07-23 09:07:38.489 24797 RALLYDEBUG rally_openstack.wrappers.network [-] CIDR generated: 1.1.4.200/30
2019-07-23 09:07:38.529 24825 RALLYDEBUG rally_openstack.wrappers.network [-] CIDR generated: 1.1.4.204/30
2019-07-23 09:07:38.951 24795 RALLYDEBUG rally_openstack.wrappers.network [-] CIDR generated: 1.1.4.208/30
2019-07-23 09:07:39.081 24795 RALLYDEBUG rally_openstack.wrappers.network [-] CIDR generated: 1.1.4.212/30
2019-07-23 09:07:39.270 24816 RALLYDEBUG rally_openstack.wrappers.network [-] CIDR generated: 1.1.4.216/30
2019-07-23 09:07:39.554 24806 RALLYDEBUG rally_openstack.wrappers.network [-] CIDR generated: 1.1.4.220/30
2019-07-23 09:07:39.626 24797 RALLYDEBUG rally_openstack.wrappers.network [-] CIDR generated: 1.1.4.224/30
2019-07-23 09:07:39.907 24803 RALLYDEBUG rally_openstack.wrappers.network [-] CIDR generated: 1.1.4.228/30
2019-07-23 09:07:39.962 24830 RALLYDEBUG rally_openstack.wrappers.network [-] CIDR generated: 1.1.4.232/30
2019-07-23 09:07:40.559 24796 RALLYDEBUG rally_openstack.wrappers.network [-] CIDR generated: 1.1.4.236/30
2019-07-23 09:07:41.775 24813 RALLYDEBUG rally_openstack.wrappers.network [-] CIDR generated: 1.1.4.240/30
2019-07-23 09:07:41.812 24796 RALLYDEBUG rally_openstack.wrappers.network [-] CIDR generated: 1.1.4.244/30
2019-07-23 09:07:41.852 24798 RALLYDEBUG rally_openstack.wrappers.network [-] CIDR generated: 1.1.4.248/30
2019-07-23 09:07:42.254 24842 RALLYDEBUG rally_openstack.wrappers.network [-] CIDR generated: 1.1.4.252/30
2019-07-23 09:07:43.526 24823 INFO rally.task.runner [-] Task 0cdf50fe-ef12-4623-8cba-38bbf739da57 | ITER: 15 END: OK
2019-07-23 09:07:43.529 24823 INFO rally.task.runner [-] Task 0cdf50fe-ef12-4623-8cba-38bbf739da57 | ITER: 21 START
2019-07-23 09:07:43.529 24823 WARNING rally_openstack.scenarios.neutron.utils [-] Running this scenario without either the 'network' or 'existing_network' context is deprecated
2019-07-23 09:07:44.573 24821 INFO rally.task.runner [-] Task 0cdf50fe-ef12-4623-8cba-38bbf739da57 | ITER: 14 END: OK
2019-07-23 09:07:44.576 24821 INFO rally.task.runner [-] Task 0cdf50fe-ef12-4623-8cba-38bbf739da57 | ITER: 22 START
2019-07-23 09:07:44.577 24821 WARNING rally_openstack.scenarios.neutron.utils [-] Running this scenario without either the 'network' or 'existing_network' context is deprecated
2019-07-23 09:07:45.096 24797 INFO rally.task.runner [-] Task 0cdf50fe-ef12-4623-8cba-38bbf739da57 | ITER: 5 END: OK
2019-07-23 09:07:45.100 24797 INFO rally.task.runner [-] Task 0cdf50fe-ef12-4623-8cba-38bbf739da57 | ITER: 23 START
2019-07-23 09:07:45.101 24797 WARNING rally_openstack.scenarios.neutron.utils [-] Running this scenario without either the 'network' or 'existing_network' context is deprecated
2019-07-23 09:07:45.162 24841 INFO rally.task.runner [-] Task 0cdf50fe-ef12-4623-8cba-38bbf739da57 | ITER: 19 END: OK
2019-07-23 09:07:45.166 24841 INFO rally.task.runner [-] Task 0cdf50fe-ef12-4623-8cba-38bbf739da57 | ITER: 24 START
2019-07-23 09:07:45.166 24841 WARNING rally_openstack.scenarios.neutron.utils [-] Running this scenario without either the 'network' or 'existing_network' context is deprecated
2019-07-23 09:07:45.606 24816 INFO rally.task.runner [-] Task 0cdf50fe-ef12-4623-8cba-38bbf739da57 | ITER: 17 END: OK
2019-07-23 09:07:45.610 24816 INFO rally.task.runner [-] Task 0cdf50fe-ef12-4623-8cba-38bbf739da57 | ITER: 25 START
2019-07-23 09:07:45.610 24816 WARNING rally_openstack.scenarios.neutron.utils [-] Running this scenario without either the 'network' or 'existing_network' context is deprecated
2019-07-23 09:07:45.833 24795 INFO rally.task.runner [-] Task 0cdf50fe-ef12-4623-8cba-38bbf739da57 | ITER: 1 END: OK
2019-07-23 09:07:45.838 24795 INFO rally.task.runner [-] Task 0cdf50fe-ef12-4623-8cba-38bbf739da57 | ITER: 26 START
2019-07-23 09:07:45.839 24795 WARNING rally_openstack.scenarios.neutron.utils [-] Running this scenario without either the 'network' or 'existing_network' context is deprecated
2019-07-23 09:07:45.949 24823 RALLYDEBUG rally_openstack.wrappers.network [-] CIDR generated: 1.1.5.0/30
2019-07-23 09:07:46.006 24800 INFO rally.task.runner [-] Task 0cdf50fe-ef12-4623-8cba-38bbf739da57 | ITER: 8 END: OK
2019-07-23 09:07:46.009 24800 INFO rally.task.runner [-] Task 0cdf50fe-ef12-4623-8cba-38bbf739da57 | ITER: 27 START
2019-07-23 09:07:46.009 24800 WARNING rally_openstack.scenarios.neutron.utils [-] Running this scenario without either the 'network' or 'existing_network' context is deprecated
2019-07-23 09:07:46.126 24803 INFO rally.task.runner [-] Task 0cdf50fe-ef12-4623-8cba-38bbf739da57 | ITER: 10 END: OK
2019-07-23 09:07:46.130 24803 INFO rally.task.runner [-] Task 0cdf50fe-ef12-4623-8cba-38bbf739da57 | ITER: 28 START
2019-07-23 09:07:46.131 24803 WARNING rally_openstack.scenarios.neutron.utils [-] Running this scenario without either the 'network' or 'existing_network' context is deprecated
2019-07-23 09:07:46.324 24797 INFO rally.task.runner [-] Task 0cdf50fe-ef12-4623-8cba-38bbf739da57 | ITER: 6 END: OK
2019-07-23 09:07:46.328 24797 INFO rally.task.runner [-] Task 0cdf50fe-ef12-4623-8cba-38bbf739da57 | ITER: 29 START
2019-07-23 09:07:46.329 24797 WARNING rally_openstack.scenarios.neutron.utils [-] Running this scenario without either the 'network' or 'existing_network' context is deprecated
2019-07-23 09:07:46.596 24821 RALLYDEBUG rally_openstack.wrappers.network [-] CIDR generated: 1.1.5.4/30
2019-07-23 09:07:46.801 24830 INFO rally.task.runner [-] Task 0cdf50fe-ef12-4623-8cba-38bbf739da57 | ITER: 18 END: OK
2019-07-23 09:07:46.806 24830 INFO rally.task.runner [-] Task 0cdf50fe-ef12-4623-8cba-38bbf739da57 | ITER: 30 START
2019-07-23 09:07:46.806 24830 WARNING rally_openstack.scenarios.neutron.utils [-] Running this scenario without either the 'network' or 'existing_network' context is deprecated
2019-07-23 09:07:47.170 24797 RALLYDEBUG rally_openstack.wrappers.network [-] CIDR generated: 1.1.5.8/30
2019-07-23 09:07:47.209 24825 INFO rally.task.runner [-] Task 0cdf50fe-ef12-4623-8cba-38bbf739da57 | ITER: 16 END: OK
2019-07-23 09:07:47.212 24825 INFO rally.task.runner [-] Task 0cdf50fe-ef12-4623-8cba-38bbf739da57 | ITER: 31 START
2019-07-23 09:07:47.213 24825 WARNING rally_openstack.scenarios.neutron.utils [-] Running this scenario without either the 'network' or 'existing_network' context is deprecated
2019-07-23 09:07:47.427 24841 RALLYDEBUG rally_openstack.wrappers.network [-] CIDR generated: 1.1.5.12/30
2019-07-23 09:07:47.454 24795 INFO rally.task.runner [-] Task 0cdf50fe-ef12-4623-8cba-38bbf739da57 | ITER: 3 END: OK
2019-07-23 09:07:47.458 24795 INFO rally.task.runner [-] Task 0cdf50fe-ef12-4623-8cba-38bbf739da57 | ITER: 32 START
2019-07-23 09:07:47.458 24795 WARNING rally_openstack.scenarios.neutron.utils [-] Running this scenario without either the 'network' or 'existing_network' context is deprecated
2019-07-23 09:07:47.740 24810 INFO rally.task.runner [-] Task 0cdf50fe-ef12-4623-8cba-38bbf739da57 | ITER: 12 END: OK
2019-07-23 09:07:47.744 24810 INFO rally.task.runner [-] Task 0cdf50fe-ef12-4623-8cba-38bbf739da57 | ITER: 33 START
2019-07-23 09:07:47.744 24810 WARNING rally_openstack.scenarios.neutron.utils [-] Running this scenario without either the 'network' or 'existing_network' context is deprecated
2019-07-23 09:07:48.248 24800 RALLYDEBUG rally_openstack.wrappers.network [-] CIDR generated: 1.1.5.16/30
2019-07-23 09:07:48.306 24795 RALLYDEBUG rally_openstack.wrappers.network [-] CIDR generated: 1.1.5.20/30
2019-07-23 09:07:48.347 24796 INFO rally.task.runner [-] Task 0cdf50fe-ef12-4623-8cba-38bbf739da57 | ITER: 2 END: OK
2019-07-23 09:07:48.350 24796 INFO rally.task.runner [-] Task 0cdf50fe-ef12-4623-8cba-38bbf739da57 | ITER: 34 START
2019-07-23 09:07:48.351 24796 WARNING rally_openstack.scenarios.neutron.utils [-] Running this scenario without either the 'network' or 'existing_network' context is deprecated
2019-07-23 09:07:48.421 24798 INFO rally.task.runner [-] Task 0cdf50fe-ef12-4623-8cba-38bbf739da57 | ITER: 7 END: OK
2019-07-23 09:07:48.424 24798 INFO rally.task.runner [-] Task 0cdf50fe-ef12-4623-8cba-38bbf739da57 | ITER: 35 START
2019-07-23 09:07:48.425 24798 WARNING rally_openstack.scenarios.neutron.utils [-] Running this scenario without either the 'network' or 'existing_network' context is deprecated
2019-07-23 09:07:48.440 24823 RALLYDEBUG rally_openstack.wrappers.network [-] CIDR generated: 1.1.5.24/30
2019-07-23 09:07:48.529 24816 RALLYDEBUG rally_openstack.wrappers.network [-] CIDR generated: 1.1.5.28/30
2019-07-23 09:07:48.706 24806 INFO rally.task.runner [-] Task 0cdf50fe-ef12-4623-8cba-38bbf739da57 | ITER: 11 END: OK
2019-07-23 09:07:48.709 24806 INFO rally.task.runner [-] Task 0cdf50fe-ef12-4623-8cba-38bbf739da57 | ITER: 36 START
2019-07-23 09:07:48.709 24806 WARNING rally_openstack.scenarios.neutron.utils [-] Running this scenario without either the 'network' or 'existing_network' context is deprecated
2019-07-23 09:07:49.133 24796 INFO rally.task.runner [-] Task 0cdf50fe-ef12-4623-8cba-38bbf739da57 | ITER: 4 END: OK
2019-07-23 09:07:49.137 24796 INFO rally.task.runner [-] Task 0cdf50fe-ef12-4623-8cba-38bbf739da57 | ITER: 37 START
2019-07-23 09:07:49.138 24796 WARNING rally_openstack.scenarios.neutron.utils [-] Running this scenario without either the 'network' or 'existing_network' context is deprecated
2019-07-23 09:07:49.252 24821 RALLYDEBUG rally_openstack.wrappers.network [-] CIDR generated: 1.1.5.32/30
2019-07-23 09:07:49.460 24803 RALLYDEBUG rally_openstack.wrappers.network [-] CIDR generated: 1.1.5.36/30
2019-07-23 09:07:49.514 24798 INFO rally.task.runner [-] Task 0cdf50fe-ef12-4623-8cba-38bbf739da57 | ITER: 9 END: OK
2019-07-23 09:07:49.517 24798 INFO rally.task.runner [-] Task 0cdf50fe-ef12-4623-8cba-38bbf739da57 | ITER: 38 START
2019-07-23 09:07:49.518 24798 WARNING rally_openstack.scenarios.neutron.utils [-] Running this scenario without either the 'network' or 'existing_network' context is deprecated
2019-07-23 09:07:49.685 24797 RALLYDEBUG rally_openstack.wrappers.network [-] CIDR generated: 1.1.5.40/30
2019-07-23 09:07:49.710 24825 RALLYDEBUG rally_openstack.wrappers.network [-] CIDR generated: 1.1.5.44/30
2019-07-23 09:07:49.800 24795 RALLYDEBUG rally_openstack.wrappers.network [-] CIDR generated: 1.1.5.48/30
2019-07-23 09:07:50.026 24830 RALLYDEBUG rally_openstack.wrappers.network [-] CIDR generated: 1.1.5.52/30
2019-07-23 09:07:50.230 24841 RALLYDEBUG rally_openstack.wrappers.network [-] CIDR generated: 1.1.5.56/30
2019-07-23 09:07:50.632 24795 RALLYDEBUG rally_openstack.wrappers.network [-] CIDR generated: 1.1.5.60/30
2019-07-23 09:07:50.769 24796 RALLYDEBUG rally_openstack.wrappers.network [-] CIDR generated: 1.1.5.64/30
2019-07-23 09:07:50.837 24810 RALLYDEBUG rally_openstack.wrappers.network [-] CIDR generated: 1.1.5.68/30
2019-07-23 09:07:50.933 24800 RALLYDEBUG rally_openstack.wrappers.network [-] CIDR generated: 1.1.5.72/30
2019-07-23 09:07:50.987 24813 INFO rally.task.runner [-] Task 0cdf50fe-ef12-4623-8cba-38bbf739da57 | ITER: 13 END: OK
2019-07-23 09:07:50.992 24813 INFO rally.task.runner [-] Task 0cdf50fe-ef12-4623-8cba-38bbf739da57 | ITER: 39 START
2019-07-23 09:07:50.992 24813 WARNING rally_openstack.scenarios.neutron.utils [-] Running this scenario without either the 'network' or 'existing_network' context is deprecated
2019-07-23 09:07:51.064 24806 RALLYDEBUG rally_openstack.wrappers.network [-] CIDR generated: 1.1.5.76/30
2019-07-23 09:07:51.115 24842 INFO rally.task.runner [-] Task 0cdf50fe-ef12-4623-8cba-38bbf739da57 | ITER: 20 END: OK
2019-07-23 09:07:51.120 24842 INFO rally.task.runner [-] Task 0cdf50fe-ef12-4623-8cba-38bbf739da57 | ITER: 40 START
2019-07-23 09:07:51.120 24842 WARNING rally_openstack.scenarios.neutron.utils [-] Running this scenario without either the 'network' or 'existing_network' context is deprecated
2019-07-23 09:07:51.123 24798 RALLYDEBUG rally_openstack.wrappers.network [-] CIDR generated: 1.1.5.80/30
2019-07-23 09:07:51.248 24797 RALLYDEBUG rally_openstack.wrappers.network [-] CIDR generated: 1.1.5.84/30
2019-07-23 09:07:51.470 24796 RALLYDEBUG rally_openstack.wrappers.network [-] CIDR generated: 1.1.5.88/30
2019-07-23 09:07:51.608 24816 RALLYDEBUG rally_openstack.wrappers.network [-] CIDR generated: 1.1.5.92/30
2019-07-23 09:07:51.746 24798 RALLYDEBUG rally_openstack.wrappers.network [-] CIDR generated: 1.1.5.96/30
2019-07-23 09:07:52.040 24795 RALLYDEBUG rally_openstack.wrappers.network [-] CIDR generated: 1.1.5.100/30
2019-07-23 09:07:52.218 24803 RALLYDEBUG rally_openstack.wrappers.network [-] CIDR generated: 1.1.5.104/30
2019-07-23 09:07:52.260 24825 RALLYDEBUG rally_openstack.wrappers.network [-] CIDR generated: 1.1.5.108/30
2019-07-23 09:07:52.284 24797 RALLYDEBUG rally_openstack.wrappers.network [-] CIDR generated: 1.1.5.112/30
2019-07-23 09:07:52.385 24830 RALLYDEBUG rally_openstack.wrappers.network [-] CIDR generated: 1.1.5.116/30
2019-07-23 09:07:53.236 24813 RALLYDEBUG rally_openstack.wrappers.network [-] CIDR generated: 1.1.5.120/30
2019-07-23 09:07:53.313 24842 RALLYDEBUG rally_openstack.wrappers.network [-] CIDR generated: 1.1.5.124/30
2019-07-23 09:07:53.368 24796 RALLYDEBUG rally_openstack.wrappers.network [-] CIDR generated: 1.1.5.128/30
2019-07-23 09:07:53.391 24798 RALLYDEBUG rally_openstack.wrappers.network [-] CIDR generated: 1.1.5.132/30
2019-07-23 09:07:53.487 24796 RALLYDEBUG rally_openstack.wrappers.network [-] CIDR generated: 1.1.5.136/30
2019-07-23 09:07:53.745 24806 RALLYDEBUG rally_openstack.wrappers.network [-] CIDR generated: 1.1.5.140/30
2019-07-23 09:07:54.021 24798 RALLYDEBUG rally_openstack.wrappers.network [-] CIDR generated: 1.1.5.144/30
2019-07-23 09:07:54.999 24823 INFO rally.task.runner [-] Task 0cdf50fe-ef12-4623-8cba-38bbf739da57 | ITER: 21 END: OK
2019-07-23 09:07:55.312 24810 RALLYDEBUG rally_openstack.wrappers.network [-] CIDR generated: 1.1.5.148/30
2019-07-23 09:07:55.720 24842 RALLYDEBUG rally_openstack.wrappers.network [-] CIDR generated: 1.1.5.152/30
2019-07-23 09:07:56.200 24813 RALLYDEBUG rally_openstack.wrappers.network [-] CIDR generated: 1.1.5.156/30
2019-07-23 09:07:56.538 24821 INFO rally.task.runner [-] Task 0cdf50fe-ef12-4623-8cba-38bbf739da57 | ITER: 22 END: OK
2019-07-23 09:07:57.351 24795 INFO rally.task.runner [-] Task 0cdf50fe-ef12-4623-8cba-38bbf739da57 | ITER: 26 END: OK
2019-07-23 09:07:57.878 24800 INFO rally.task.runner [-] Task 0cdf50fe-ef12-4623-8cba-38bbf739da57 | ITER: 27 END: OK
2019-07-23 09:07:58.556 24797 INFO rally.task.runner [-] Task 0cdf50fe-ef12-4623-8cba-38bbf739da57 | ITER: 29 END: OK
2019-07-23 09:07:58.666 24797 INFO rally.task.runner [-] Task 0cdf50fe-ef12-4623-8cba-38bbf739da57 | ITER: 23 END: OK
2019-07-23 09:07:58.773 24825 INFO rally.task.runner [-] Task 0cdf50fe-ef12-4623-8cba-38bbf739da57 | ITER: 31 END: OK
2019-07-23 09:07:58.982 24795 INFO rally.task.runner [-] Task 0cdf50fe-ef12-4623-8cba-38bbf739da57 | ITER: 32 END: OK
2019-07-23 09:07:59.427 24830 INFO rally.task.runner [-] Task 0cdf50fe-ef12-4623-8cba-38bbf739da57 | ITER: 30 END: OK
2019-07-23 09:07:59.456 24803 INFO rally.task.runner [-] Task 0cdf50fe-ef12-4623-8cba-38bbf739da57 | ITER: 28 END: OK
2019-07-23 09:07:59.600 24796 INFO rally.task.runner [-] Task 0cdf50fe-ef12-4623-8cba-38bbf739da57 | ITER: 34 END: OK
2019-07-23 09:07:59.745 24798 INFO rally.task.runner [-] Task 0cdf50fe-ef12-4623-8cba-38bbf739da57 | ITER: 35 END: OK
2019-07-23 09:07:59.970 24796 INFO rally.task.runner [-] Task 0cdf50fe-ef12-4623-8cba-38bbf739da57 | ITER: 37 END: OK
2019-07-23 09:08:00.315 24798 INFO rally.task.runner [-] Task 0cdf50fe-ef12-4623-8cba-38bbf739da57 | ITER: 38 END: OK
2019-07-23 09:08:00.774 24816 INFO rally.task.runner [-] Task 0cdf50fe-ef12-4623-8cba-38bbf739da57 | ITER: 25 END: OK
2019-07-23 09:08:00.839 24806 INFO rally.task.runner [-] Task 0cdf50fe-ef12-4623-8cba-38bbf739da57 | ITER: 36 END: OK
2019-07-23 09:08:01.000 24842 INFO rally.task.runner [-] Task 0cdf50fe-ef12-4623-8cba-38bbf739da57 | ITER: 40 END: OK
2019-07-23 09:08:01.098 24841 INFO rally.task.runner [-] Task 0cdf50fe-ef12-4623-8cba-38bbf739da57 | ITER: 24 END: OK
2019-07-23 09:08:01.886 24810 INFO rally.task.runner [-] Task 0cdf50fe-ef12-4623-8cba-38bbf739da57 | ITER: 33 END: OK
2019-07-23 09:08:04.434 24813 INFO rally.task.runner [-] Task 0cdf50fe-ef12-4623-8cba-38bbf739da57 | ITER: 39 END: OK
2019-07-23 09:08:04.463 22701 INFO rally.task.context [-] Task 0cdf50fe-ef12-4623-8cba-38bbf739da57 | Context cleanup@openstack cleanup() started
2019-07-23 09:08:04.465 22701 RALLYDEBUG rally_openstack.cleanup.manager [-] Cleaning up neutron vip objects
2019-07-23 09:08:05.188 22701 RALLYDEBUG rally_openstack.cleanup.manager [-] Cleaning up neutron health_monitor objects
2019-07-23 09:08:05.937 22701 RALLYDEBUG rally_openstack.cleanup.manager [-] Cleaning up neutron pool objects
2019-07-23 09:08:06.668 22701 RALLYDEBUG rally_openstack.cleanup.manager [-] Cleaning up neutron loadbalancer objects
2019-07-23 09:08:07.396 22701 RALLYDEBUG rally_openstack.cleanup.manager [-] Cleaning up neutron floatingip objects
2019-07-23 09:08:08.178 22701 RALLYDEBUG rally_openstack.cleanup.manager [-] Cleaning up neutron port objects
2019-07-23 09:08:09.188 22701 RALLYDEBUG rally_openstack.cleanup.manager [-] Cleaning up neutron subnet objects
2019-07-23 09:08:09.978 22701 RALLYDEBUG rally_openstack.cleanup.manager [-] Cleaning up neutron network objects
2019-07-23 09:08:10.901 22701 RALLYDEBUG rally_openstack.cleanup.manager [-] Deleting neutron.network object s_rally_c82238c9_hdTMtI0I (038d51cc-836f-4191-9548-748112afd71c)
2019-07-23 09:08:10.902 22701 RALLYDEBUG rally_openstack.cleanup.manager [-] Deleting neutron.network object s_rally_c82238c9_8c15vBoS (11c03ff3-7421-4e5b-aefa-085efb63b0cf)
2019-07-23 09:08:10.908 22701 RALLYDEBUG rally_openstack.cleanup.manager [-] Deleting neutron.network object s_rally_c82238c9_5PzNyiNd (13aebc3f-d8f8-44b5-b724-442399ccfbff)
2019-07-23 09:08:10.916 22701 RALLYDEBUG rally_openstack.cleanup.manager [-] Deleting neutron.network object s_rally_c82238c9_u50MnScw (148e783c-693f-4e2a-9938-ef2572f878a4)
2019-07-23 09:08:10.926 22701 RALLYDEBUG rally_openstack.cleanup.manager [-] Deleting neutron.network object s_rally_c82238c9_k705ZPdu (158aecf6-f7e8-4f45-8569-fb26166d11c2)
2019-07-23 09:08:10.935 22701 RALLYDEBUG rally_openstack.cleanup.manager [-] Deleting neutron.network object s_rally_c82238c9_ULVD8Veu (20b3beb9-07d5-414c-86aa-55bb2be0ede1)
2019-07-23 09:08:10.938 22701 RALLYDEBUG rally_openstack.cleanup.manager [-] Deleting neutron.network object s_rally_c82238c9_RNlreREW (3593a272-abe2-427e-a905-3837b75a9fe7)
2019-07-23 09:08:10.951 22701 RALLYDEBUG rally_openstack.cleanup.manager [-] Deleting neutron.network object s_rally_c82238c9_IQKUxncI (368142a8-e502-42a6-8a2b-a5ba09faad9e)
2019-07-23 09:08:10.979 22701 RALLYDEBUG rally_openstack.cleanup.manager [-] Deleting neutron.network object s_rally_c82238c9_8P0Wbuij (3970eea2-cc86-481e-b354-0b499e1fba2d)
2019-07-23 09:08:10.987 22701 RALLYDEBUG rally_openstack.cleanup.manager [-] Deleting neutron.network object s_rally_c82238c9_e7u8m42Q (3f81b068-5aaf-4ec3-be26-7884492d81f1)
2019-07-23 09:08:11.001 22701 RALLYDEBUG rally_openstack.cleanup.manager [-] Deleting neutron.network object s_rally_c82238c9_NAhYHguO (4b6f3b97-8260-475a-a68f-053988141b76)
2019-07-23 09:08:11.011 22701 RALLYDEBUG rally_openstack.cleanup.manager [-] Deleting neutron.network object s_rally_c82238c9_R3WQqYHl (4c11597a-872f-4554-b928-fba340f9c17e)
2019-07-23 09:08:11.040 22701 RALLYDEBUG rally_openstack.cleanup.manager [-] Deleting neutron.network object s_rally_c82238c9_crZICkr4 (4e282358-0076-4df5-81d6-ac4bfe02e98d)
2019-07-23 09:08:11.066 22701 RALLYDEBUG rally_openstack.cleanup.manager [-] Deleting neutron.network object s_rally_c82238c9_hyRoIy5s (501ebc2d-1c90-4843-90da-eb93bde6e409)
2019-07-23 09:08:11.080 22701 RALLYDEBUG rally_openstack.cleanup.manager [-] Deleting neutron.network object s_rally_c82238c9_SSMfrPAv (560737a9-6fb2-4625-8180-380523111103)
2019-07-23 09:08:11.096 22701 RALLYDEBUG rally_openstack.cleanup.manager [-] Deleting neutron.network object s_rally_c82238c9_d1ZjYk7C (60b005d6-cb3f-40d6-a958-7e5f3fbf3c90)
2019-07-23 09:08:11.101 22701 RALLYDEBUG rally_openstack.cleanup.manager [-] Deleting neutron.network object s_rally_c82238c9_KKtZrbIA (6279dcb1-e1cc-43aa-8f32-c0f19f39c3c8)
2019-07-23 09:08:11.109 22701 RALLYDEBUG rally_openstack.cleanup.manager [-] Deleting neutron.network object s_rally_c82238c9_2UTfoHHd (6404ec7c-b965-4e44-8fca-4744e2ebf20c)
2019-07-23 09:08:11.126 22701 RALLYDEBUG rally_openstack.cleanup.manager [-] Deleting neutron.network object s_rally_c82238c9_SCmBRiG1 (65661aee-2c4d-4cdc-837a-5d2c5e8bbf71)
2019-07-23 09:08:11.131 22701 RALLYDEBUG rally_openstack.cleanup.manager [-] Deleting neutron.network object s_rally_c82238c9_t6LBYNgg (65bd13cb-0347-4fa4-b9c8-8fac04f0ae2e)
2019-07-23 09:08:14.426 22701 RALLYDEBUG rally_openstack.cleanup.manager [-] Deleting neutron.network object s_rally_c82238c9_KWUuX22U (6adc0f9a-356b-4f7d-b000-8a0525856e22)
2019-07-23 09:08:14.501 22701 RALLYDEBUG rally_openstack.cleanup.manager [-] Deleting neutron.network object s_rally_c82238c9_F2eL0663 (6dfc2ba1-76d9-4622-8618-9d3df9b2e3b7)
2019-07-23 09:08:14.605 22701 RALLYDEBUG rally_openstack.cleanup.manager [-] Deleting neutron.network object s_rally_c82238c9_f3RetiQH (72463ff6-53b3-458a-b16d-f8a5c1ceaa66)
2019-07-23 09:08:14.672 22701 RALLYDEBUG rally_openstack.cleanup.manager [-] Deleting neutron.network object s_rally_c82238c9_xSwO09ro (79e9b273-53ff-4857-9390-728c5bf0aeb3)
2019-07-23 09:08:14.739 22701 RALLYDEBUG rally_openstack.cleanup.manager [-] Deleting neutron.network object s_rally_c82238c9_xssA4dEW (8a56ca79-44b7-4521-9387-f811e77bd1a2)
2019-07-23 09:08:14.782 22701 RALLYDEBUG rally_openstack.cleanup.manager [-] Deleting neutron.network object s_rally_c82238c9_uqQ25ATQ (97749140-8997-4ee0-8471-90642d4c36b8)
2019-07-23 09:08:14.817 22701 RALLYDEBUG rally_openstack.cleanup.manager [-] Deleting neutron.network object s_rally_c82238c9_Vm0hafAe (978e7b36-28bc-499d-b658-c48a1b584688)
2019-07-23 09:08:14.841 22701 RALLYDEBUG rally_openstack.cleanup.manager [-] Deleting neutron.network object s_rally_c82238c9_haZ6Q2yR (97ab300f-088c-43f2-80ec-17b741defad4)
2019-07-23 09:08:15.471 22701 RALLYDEBUG rally_openstack.cleanup.manager [-] Deleting neutron.network object s_rally_c82238c9_8epsBqyC (99c91ddf-7a41-4de7-b5d5-fa2639176a03)
2019-07-23 09:08:15.482 22701 RALLYDEBUG rally_openstack.cleanup.manager [-] Deleting neutron.network object s_rally_c82238c9_xpLjIkGa (9c1b3d30-1345-4399-868e-99254afea4be)
2019-07-23 09:08:15.573 22701 RALLYDEBUG rally_openstack.cleanup.manager [-] Deleting neutron.network object s_rally_c82238c9_Us5iaXTI (9f50ab6c-062f-41fb-9c28-a74273e60564)
2019-07-23 09:08:15.646 22701 RALLYDEBUG rally_openstack.cleanup.manager [-] Deleting neutron.network object s_rally_c82238c9_KgUfhDPS (afee6502-9ff4-4c5e-8b2b-077f786d8381)
2019-07-23 09:08:15.689 22701 RALLYDEBUG rally_openstack.cleanup.manager [-] Deleting neutron.network object s_rally_c82238c9_94WuvZwW (b9e3743c-c58f-4e1f-8b0d-5b677b294fdc)
2019-07-23 09:08:15.697 22701 RALLYDEBUG rally_openstack.cleanup.manager [-] Deleting neutron.network object s_rally_c82238c9_ENg64N91 (bc7e6b1b-6aa3-413f-b75c-5cb7a614b948)
2019-07-23 09:08:16.689 22701 RALLYDEBUG rally_openstack.cleanup.manager [-] Deleting neutron.network object s_rally_c82238c9_hSwnLOqh (cb8de7ba-9dbe-48e3-af4c-556898383311)
2019-07-23 09:08:16.703 22701 RALLYDEBUG rally_openstack.cleanup.manager [-] Deleting neutron.network object s_rally_c82238c9_KrXIeCwm (cc619ea8-8036-4f5a-b608-2d93e83a051c)
2019-07-23 09:08:16.817 22701 RALLYDEBUG rally_openstack.cleanup.manager [-] Deleting neutron.network object s_rally_c82238c9_jcSEus4E (d92be9c1-e16d-4ccb-b32f-5132ff8b6b2b)
2019-07-23 09:08:16.855 22701 RALLYDEBUG rally_openstack.cleanup.manager [-] Deleting neutron.network object s_rally_c82238c9_cQVLLrky (ebf0293b-99f7-4566-841a-42363ca04420)
2019-07-23 09:08:16.903 22701 RALLYDEBUG rally_openstack.cleanup.manager [-] Deleting neutron.network object s_rally_c82238c9_58PnoZwk (ece9fc67-17bb-4061-9be0-799b4b84e1e3)
2019-07-23 09:08:16.977 22701 RALLYDEBUG rally_openstack.cleanup.manager [-] Deleting neutron.network object s_rally_c82238c9_s5tDQ8zf (fa5a6806-e35f-4592-a3df-950422244691)
2019-07-23 09:08:21.213 22701 RALLYDEBUG rally_openstack.cleanup.manager [-] Cleaning up neutron router objects
2019-07-23 09:08:21.980 22701 RALLYDEBUG rally_openstack.cleanup.manager [-] Cleaning up neutron security_group objects
2019-07-23 09:08:22.799 22701 INFO rally.task.context [-] Task 0cdf50fe-ef12-4623-8cba-38bbf739da57 | Context cleanup@openstack cleanup() finished in 18.34 sec
2019-07-23 09:08:22.800 22701 INFO rally.task.context [-] Task 0cdf50fe-ef12-4623-8cba-38bbf739da57 | Context quotas@openstack cleanup() started
2019-07-23 09:08:23.038 22701 INFO rally.task.context [-] Task 0cdf50fe-ef12-4623-8cba-38bbf739da57 | Context quotas@openstack cleanup() finished in 0.24 sec
2019-07-23 09:08:23.039 22701 INFO rally.task.context [-] Task 0cdf50fe-ef12-4623-8cba-38bbf739da57 | Context users@openstack cleanup() started
2019-07-23 09:08:28.250 22701 INFO rally.task.context [-] Task 0cdf50fe-ef12-4623-8cba-38bbf739da57 | Context users@openstack cleanup() finished in 5.21 sec
2019-07-23 09:08:29.137 22701 INFO rally.task.engine [-] Load duration is: 31.996611
2019-07-23 09:08:29.138 22701 INFO rally.task.engine [-] Full runner duration is: 32.046389
2019-07-23 09:08:29.138 22701 INFO rally.task.engine [-] Full duration is: 61.375216
2019-07-23 09:08:29.392 22701 INFO rally.task.engine [-] Running workload: position = 0 config = { "version": 2, "title": "A cropped version of a bigger task.", "description": "Auto-generated task from a single workload (uuid=b027abb0-8c41-46ed-9075-58f5bd786b1e)", "subtasks": [ { "title": "NeutronNetworks.create_and_list_routers", "description": "Create and a given number of routers and list all routers.", "scenario": { "NeutronNetworks.create_and_list_routers": { "network_create_args": null, "subnet_create_args": null, "subnet_cidr_start": "1.1.0.0/30", "subnets_per_network": 2, "router_create_args": null } }, "contexts": { "users": { "tenants": 1, "users_per_tenant": 1 }, "quotas": { "neutron": { "network": -1, "subnet": -1, "router": -1 } } }, "runner": { "constant": { "times": 40, "concurrency": 20 } }, "hooks": [], "sla": { "failure_rate": { "max": 0 } } } ] }
2019-07-23 09:08:29.412 22701 RALLYDEBUG rally_openstack.contexts.keystone.users [-] Creating 1 tenants using 20 threads
2019-07-23 09:08:31.545 22701 RALLYDEBUG rally_openstack.contexts.keystone.users [-] Creating 1 users using 20 threads
2019-07-23 09:08:34.577 22701 INFO rally.task.context [-] Task 0cdf50fe-ef12-4623-8cba-38bbf739da57 | Context users@openstack setup() finished in 5.17 sec
2019-07-23 09:08:35.415 22701 INFO rally.task.context [-] Task 0cdf50fe-ef12-4623-8cba-38bbf739da57 | Context quotas@openstack setup() finished in 0.84 sec
2019-07-23 09:08:35.415 22701 INFO rally.task.context [-] Task 0cdf50fe-ef12-4623-8cba-38bbf739da57 | Context cleanup@openstack setup() finished in 0.01 msec
2019-07-23 09:08:35.424 22701 RALLYDEBUG rally.task.runner [-] Starting the constant runner (task UUID: 0cdf50fe-ef12-4623-8cba-38bbf739da57). timeout: 0 concurrency: 20 concurrency_per_worker: 1 times: 40 concurrency_overhead: 4 processes_to_start: 16 max_cpu_used: 16
2019-07-23 09:08:35.438 25166 RALLYDEBUG rally.task.runner [-] Starting a worker. concurrency: 2 args: {"network_create_args": null, "subnet_create_args": null, "subnet_cidr_start": "1.1.0.0/30", "subnets_per_network": 2, "router_create_args": null} times: 40 method_name: run timeout: 0 duration: None cls:
2019-07-23 09:08:35.438 25165 RALLYDEBUG rally.task.runner [-] Starting a worker. concurrency: 2 args: {"network_create_args": null, "subnet_create_args": null, "subnet_cidr_start": "1.1.0.0/30", "subnets_per_network": 2, "router_create_args": null} times: 40 method_name: run timeout: 0 duration: None cls:
2019-07-23 09:08:35.443 25166 INFO rally.task.runner [-] Task 0cdf50fe-ef12-4623-8cba-38bbf739da57 | ITER: 1 START
2019-07-23 09:08:35.446 25165 INFO rally.task.runner [-] Task 0cdf50fe-ef12-4623-8cba-38bbf739da57 | ITER: 2 START
2019-07-23 09:08:35.451 25172 RALLYDEBUG rally.task.runner [-] Starting a worker. concurrency: 2 args: {"network_create_args": null, "subnet_create_args": null, "subnet_cidr_start": "1.1.0.0/30", "subnets_per_network": 2, "router_create_args": null} times: 40 method_name: run timeout: 0 duration: None cls:
2019-07-23 09:08:35.454 25166 INFO rally.task.runner [-] Task 0cdf50fe-ef12-4623-8cba-38bbf739da57 | ITER: 3 START
2019-07-23 09:08:35.457 25165 INFO rally.task.runner [-] Task 0cdf50fe-ef12-4623-8cba-38bbf739da57 | ITER: 4 START
2019-07-23 09:08:35.458 25172 INFO rally.task.runner [-] Task 0cdf50fe-ef12-4623-8cba-38bbf739da57 | ITER: 5 START
2019-07-23 09:08:35.457 25175 RALLYDEBUG rally.task.runner [-] Starting a worker. concurrency: 1 args: {"network_create_args": null, "subnet_create_args": null, "subnet_cidr_start": "1.1.0.0/30", "subnets_per_network": 2, "router_create_args": null} times: 40 method_name: run timeout: 0 duration: None cls:
2019-07-23 09:08:35.460 25178 RALLYDEBUG rally.task.runner [-] Starting a worker. concurrency: 1 args: {"network_create_args": null, "subnet_create_args": null, "subnet_cidr_start": "1.1.0.0/30", "subnets_per_network": 2, "router_create_args": null} times: 40 method_name: run timeout: 0 duration: None cls:
2019-07-23 09:08:35.462 25175 INFO rally.task.runner [-] Task 0cdf50fe-ef12-4623-8cba-38bbf739da57 | ITER: 7 START
2019-07-23 09:08:35.465 25178 INFO rally.task.runner [-] Task 0cdf50fe-ef12-4623-8cba-38bbf739da57 | ITER: 8 START
2019-07-23 09:08:35.467 25172 INFO rally.task.runner [-] Task 0cdf50fe-ef12-4623-8cba-38bbf739da57 | ITER: 6 START
2019-07-23 09:08:35.468 25182 RALLYDEBUG rally.task.runner [-] Starting a worker. concurrency: 1 args: {"network_create_args": null, "subnet_create_args": null, "subnet_cidr_start": "1.1.0.0/30", "subnets_per_network": 2, "router_create_args": null} times: 40 method_name: run timeout: 0 duration: None cls:
2019-07-23 09:08:35.474 25182 INFO rally.task.runner [-] Task 0cdf50fe-ef12-4623-8cba-38bbf739da57 | ITER: 9 START
2019-07-23 09:08:35.477 25186 RALLYDEBUG rally.task.runner [-] Starting a worker. concurrency: 1 args: {"network_create_args": null, "subnet_create_args": null, "subnet_cidr_start": "1.1.0.0/30", "subnets_per_network": 2, "router_create_args": null} times: 40 method_name: run timeout: 0 duration: None cls:
2019-07-23 09:08:35.477 25185 RALLYDEBUG rally.task.runner [-] Starting a worker. concurrency: 1 args: {"network_create_args": null, "subnet_create_args": null, "subnet_cidr_start": "1.1.0.0/30", "subnets_per_network": 2, "router_create_args": null} times: 40 method_name: run timeout: 0 duration: None cls:
2019-07-23 09:08:35.481 25186 INFO rally.task.runner [-] Task 0cdf50fe-ef12-4623-8cba-38bbf739da57 | ITER: 10 START
2019-07-23 09:08:35.483 25185 INFO rally.task.runner [-] Task 0cdf50fe-ef12-4623-8cba-38bbf739da57 | ITER: 11 START
2019-07-23 09:08:35.488 25192 RALLYDEBUG rally.task.runner [-] Starting a worker. concurrency: 1 args: {"network_create_args": null, "subnet_create_args": null, "subnet_cidr_start": "1.1.0.0/30", "subnets_per_network": 2, "router_create_args": null} times: 40 method_name: run timeout: 0 duration: None cls:
2019-07-23 09:08:35.495 25192 INFO rally.task.runner [-] Task 0cdf50fe-ef12-4623-8cba-38bbf739da57 | ITER: 12 START
2019-07-23 09:08:35.496 25195 RALLYDEBUG rally.task.runner [-] Starting a worker. concurrency: 1 args: {"network_create_args": null, "subnet_create_args": null, "subnet_cidr_start": "1.1.0.0/30", "subnets_per_network": 2, "router_create_args": null} times: 40 method_name: run timeout: 0 duration: None cls:
2019-07-23 09:08:35.500 25195 INFO rally.task.runner [-] Task 0cdf50fe-ef12-4623-8cba-38bbf739da57 | ITER: 13 START
2019-07-23 09:08:35.501 25198 RALLYDEBUG rally.task.runner [-] Starting a worker. concurrency: 1 args: {"network_create_args": null, "subnet_create_args": null, "subnet_cidr_start": "1.1.0.0/30", "subnets_per_network": 2, "router_create_args": null} times: 40 method_name: run timeout: 0 duration: None cls:
2019-07-23 09:08:35.505 25198 INFO rally.task.runner [-] Task 0cdf50fe-ef12-4623-8cba-38bbf739da57 | ITER: 14 START
2019-07-23 09:08:35.508 25201 RALLYDEBUG rally.task.runner [-] Starting a worker. concurrency: 1 args: {"network_create_args": null, "subnet_create_args": null, "subnet_cidr_start": "1.1.0.0/30", "subnets_per_network": 2, "router_create_args": null} times: 40 method_name: run timeout: 0 duration: None cls:
2019-07-23 09:08:35.511 25201 INFO rally.task.runner [-] Task 0cdf50fe-ef12-4623-8cba-38bbf739da57 | ITER: 15 START
2019-07-23 09:08:35.514 25205 RALLYDEBUG rally.task.runner [-] Starting a worker. concurrency: 1 args: {"network_create_args": null, "subnet_create_args": null, "subnet_cidr_start": "1.1.0.0/30", "subnets_per_network": 2, "router_create_args": null} times: 40 method_name: run timeout: 0 duration: None cls:
2019-07-23 09:08:35.518 25205 INFO rally.task.runner [-] Task 0cdf50fe-ef12-4623-8cba-38bbf739da57 | ITER: 16 START
2019-07-23 09:08:35.519 25207 RALLYDEBUG rally.task.runner [-] Starting a worker. concurrency: 1 args: {"network_create_args": null, "subnet_create_args": null, "subnet_cidr_start": "1.1.0.0/30", "subnets_per_network": 2, "router_create_args": null} times: 40 method_name: run timeout: 0 duration: None cls:
2019-07-23 09:08:35.522 25207 INFO rally.task.runner [-] Task 0cdf50fe-ef12-4623-8cba-38bbf739da57 | ITER: 17 START
2019-07-23 09:08:37.784 25165 RALLYDEBUG rally_openstack.wrappers.network [-] CIDR generated: 1.1.5.160/30
2019-07-23 09:08:37.824 25185 RALLYDEBUG rally_openstack.wrappers.network [-] CIDR generated: 1.1.5.164/30
2019-07-23 09:08:37.914 25205 RALLYDEBUG rally_openstack.wrappers.network [-] CIDR generated: 1.1.5.168/30
2019-07-23 09:08:37.967 25165 RALLYDEBUG rally_openstack.wrappers.network [-] CIDR generated: 1.1.5.172/30
2019-07-23 09:08:38.027 25195 RALLYDEBUG rally_openstack.wrappers.network [-] CIDR generated: 1.1.5.176/30
2019-07-23 09:08:38.087 25178 RALLYDEBUG rally_openstack.wrappers.network [-] CIDR generated: 1.1.5.180/30
2019-07-23 09:08:39.194 25182 RALLYDEBUG rally_openstack.wrappers.network [-] CIDR generated: 1.1.5.184/30
2019-07-23 09:08:39.225 25192 RALLYDEBUG rally_openstack.wrappers.network [-] CIDR generated: 1.1.5.188/30
2019-07-23 09:08:39.438 25175 RALLYDEBUG rally_openstack.wrappers.network [-] CIDR generated: 1.1.5.192/30
2019-07-23 09:08:39.462 25166 RALLYDEBUG rally_openstack.wrappers.network [-] CIDR generated: 1.1.5.196/30
2019-07-23 09:08:39.533 25166 RALLYDEBUG rally_openstack.wrappers.network [-] CIDR generated: 1.1.5.200/30
2019-07-23 09:08:39.787 25195 RALLYDEBUG rally_openstack.wrappers.network [-] CIDR generated: 1.1.5.204/30
2019-07-23 09:08:39.836 25186 RALLYDEBUG rally_openstack.wrappers.network [-] CIDR generated: 1.1.5.208/30
2019-07-23 09:08:39.857 25172 RALLYDEBUG rally_openstack.wrappers.network [-] CIDR generated: 1.1.5.212/30
2019-07-23 09:08:39.926 25165 RALLYDEBUG rally_openstack.wrappers.network [-] CIDR generated: 1.1.5.216/30
2019-07-23 09:08:39.939 25198 RALLYDEBUG rally_openstack.wrappers.network [-] CIDR generated: 1.1.5.220/30
2019-07-23 09:08:40.104 25185 RALLYDEBUG rally_openstack.wrappers.network [-] CIDR generated: 1.1.5.224/30
2019-07-23 09:08:40.142 25207 RALLYDEBUG rally_openstack.wrappers.network [-] CIDR generated: 1.1.5.228/30
2019-07-23 09:08:40.585 25201 RALLYDEBUG rally_openstack.wrappers.network [-] CIDR generated: 1.1.5.232/30
2019-07-23 09:08:40.586 25172 RALLYDEBUG rally_openstack.wrappers.network [-] CIDR generated: 1.1.5.236/30
2019-07-23 09:08:40.692 25165 RALLYDEBUG rally_openstack.wrappers.network [-] CIDR generated: 1.1.5.240/30
2019-07-23 09:08:40.751 25178 RALLYDEBUG rally_openstack.wrappers.network [-] CIDR generated: 1.1.5.244/30
2019-07-23 09:08:40.787 25205 RALLYDEBUG rally_openstack.wrappers.network [-] CIDR generated: 1.1.5.248/30
2019-07-23 09:08:41.398 25166 RALLYDEBUG rally_openstack.wrappers.network [-] CIDR generated: 1.1.5.252/30
2019-07-23 09:08:41.895 25182 RALLYDEBUG rally_openstack.wrappers.network [-] CIDR generated: 1.1.6.0/30
2019-07-23 09:08:42.302 25175 RALLYDEBUG rally_openstack.wrappers.network [-] CIDR generated: 1.1.6.4/30
2019-07-23 09:08:42.412 25192 RALLYDEBUG rally_openstack.wrappers.network [-] CIDR generated: 1.1.6.8/30
2019-07-23 09:08:42.440 25172 RALLYDEBUG rally_openstack.wrappers.network [-] CIDR generated: 1.1.6.12/30
2019-07-23 09:08:42.673 25207 RALLYDEBUG rally_openstack.wrappers.network [-] CIDR generated: 1.1.6.16/30
2019-07-23 09:08:43.291 25186 RALLYDEBUG rally_openstack.wrappers.network [-] CIDR generated: 1.1.6.20/30
2019-07-23 09:08:43.302 25198 RALLYDEBUG rally_openstack.wrappers.network [-] CIDR generated: 1.1.6.24/30
2019-07-23 09:08:44.184 25166 RALLYDEBUG rally_openstack.wrappers.network [-] CIDR generated: 1.1.6.28/30
2019-07-23 09:08:44.482 25201 RALLYDEBUG rally_openstack.wrappers.network [-] CIDR generated: 1.1.6.32/30
2019-07-23 09:08:45.362 25172 RALLYDEBUG rally_openstack.wrappers.network [-] CIDR generated: 1.1.6.36/30
2019-07-23 09:08:51.313 25185 INFO rally.task.runner [-] Task 0cdf50fe-ef12-4623-8cba-38bbf739da57 | ITER: 11 END: OK
2019-07-23 09:08:51.317 25185 INFO rally.task.runner [-] Task 0cdf50fe-ef12-4623-8cba-38bbf739da57 | ITER: 18 START
2019-07-23 09:08:52.154 25195 INFO rally.task.runner [-] Task 0cdf50fe-ef12-4623-8cba-38bbf739da57 | ITER: 13 END: OK
2019-07-23 09:08:52.159 25195 INFO rally.task.runner [-] Task 0cdf50fe-ef12-4623-8cba-38bbf739da57 | ITER: 19 START
2019-07-23 09:08:53.432 25166 INFO rally.task.runner [-] Task 0cdf50fe-ef12-4623-8cba-38bbf739da57 | ITER: 3 END: OK
2019-07-23 09:08:53.437 25166 INFO rally.task.runner [-] Task 0cdf50fe-ef12-4623-8cba-38bbf739da57 | ITER: 20 START
2019-07-23 09:08:54.125 25175 INFO rally.task.runner [-] Task 0cdf50fe-ef12-4623-8cba-38bbf739da57 | ITER: 7 END: OK
2019-07-23 09:08:54.129 25175 INFO rally.task.runner [-] Task 0cdf50fe-ef12-4623-8cba-38bbf739da57 | ITER: 21 START
2019-07-23 09:08:54.285 25165 INFO rally.task.runner [-] Task 0cdf50fe-ef12-4623-8cba-38bbf739da57 | ITER: 2 END: OK
2019-07-23 09:08:54.289 25165 INFO rally.task.runner [-] Task 0cdf50fe-ef12-4623-8cba-38bbf739da57 | ITER: 22 START
2019-07-23 09:08:54.332 25195 RALLYDEBUG rally_openstack.wrappers.network [-] CIDR generated: 1.1.6.40/30
2019-07-23 09:08:54.338 25166 INFO rally.task.runner [-] Task 0cdf50fe-ef12-4623-8cba-38bbf739da57 | ITER: 1 END: OK
2019-07-23 09:08:54.342 25166 INFO rally.task.runner [-] Task 0cdf50fe-ef12-4623-8cba-38bbf739da57 | ITER: 23 START
2019-07-23 09:08:54.596 25185 RALLYDEBUG rally_openstack.wrappers.network [-] CIDR generated: 1.1.6.44/30
2019-07-23 09:08:55.121 25165 INFO rally.task.runner [-] Task 0cdf50fe-ef12-4623-8cba-38bbf739da57 | ITER: 4 END: OK
2019-07-23 09:08:55.124 25165 INFO rally.task.runner [-] Task 0cdf50fe-ef12-4623-8cba-38bbf739da57 | ITER: 24 START
2019-07-23 09:08:55.166 25172 INFO rally.task.runner [-] Task 0cdf50fe-ef12-4623-8cba-38bbf739da57 | ITER: 5 END: OK
2019-07-23 09:08:55.169 25172 INFO rally.task.runner [-] Task 0cdf50fe-ef12-4623-8cba-38bbf739da57 | ITER: 25 START
2019-07-23 09:08:55.504 25198 INFO rally.task.runner [-] Task 0cdf50fe-ef12-4623-8cba-38bbf739da57 | ITER: 14 END: OK
2019-07-23 09:08:55.508 25198 INFO rally.task.runner [-] Task 0cdf50fe-ef12-4623-8cba-38bbf739da57 | ITER: 26 START
2019-07-23 09:08:55.604 25207 INFO rally.task.runner [-] Task 0cdf50fe-ef12-4623-8cba-38bbf739da57 | ITER: 17 END: OK
2019-07-23 09:08:55.608 25207 INFO rally.task.runner [-] Task 0cdf50fe-ef12-4623-8cba-38bbf739da57 | ITER: 27 START
2019-07-23 09:08:55.619 25166 RALLYDEBUG rally_openstack.wrappers.network [-] CIDR generated: 1.1.6.48/30
2019-07-23 09:08:56.182 25195 RALLYDEBUG rally_openstack.wrappers.network [-] CIDR generated: 1.1.6.52/30
2019-07-23 09:08:56.338 25165 RALLYDEBUG rally_openstack.wrappers.network [-] CIDR generated: 1.1.6.56/30
2019-07-23 09:08:56.505 25175 RALLYDEBUG rally_openstack.wrappers.network [-] CIDR generated: 1.1.6.60/30
