2019-07-23 09:17:30.709 22701 RALLYDEBUG rally_openstack.cleanup.manager [-] Deleting neutron.port object s_rally_0ad934a5_2i5Oz7wa (da3391e1-be5a-43a1-99a4-10d2cdd0337c)
2019-07-23 09:17:30.732 22701 RALLYDEBUG rally_openstack.cleanup.manager [-] Deleting neutron.port object s_rally_0ad934a5_w31WbzMH (da5e9fa5-3d24-4e36-862a-aefd80771b71)
2019-07-23 09:17:30.854 22701 RALLYDEBUG rally_openstack.cleanup.manager [-] Deleting neutron.port object s_rally_0ad934a5_1oeZpSUV (db4443e3-0019-49db-8736-16638bd34ab8)
2019-07-23 09:17:31.311 22701 RALLYDEBUG rally_openstack.cleanup.manager [-] Deleting neutron.port object s_rally_0ad934a5_9t2Qwit1 (dbe7bac3-b75f-4e05-a3f6-38de43df42e0)
2019-07-23 09:17:31.565 22701 RALLYDEBUG rally_openstack.cleanup.manager [-] Deleting neutron.port object s_rally_0ad934a5_vHD0RYsg (de06fdc2-be94-4591-b214-be88977d9744)
2019-07-23 09:17:31.724 22701 RALLYDEBUG rally_openstack.cleanup.manager [-] Deleting neutron.port object s_rally_0ad934a5_NfdBS8mM (dec4e7a2-5a01-430d-b909-150d804a45f5)
2019-07-23 09:17:31.918 22701 RALLYDEBUG rally_openstack.cleanup.manager [-] Deleting neutron.port object s_rally_0ad934a5_ph33OU3b (dec66184-8a2d-430c-9589-8949c0ed5354)
2019-07-23 09:17:31.960 22701 RALLYDEBUG rally_openstack.cleanup.manager [-] Deleting neutron.port object s_rally_0ad934a5_LyAOOeiB (df4b94f4-4b3e-4e5d-a68a-9076fe2d0535)
2019-07-23 09:17:32.010 22701 RALLYDEBUG rally_openstack.cleanup.manager [-] Deleting neutron.port object s_rally_0ad934a5_3AO9KwHx (dfce0c30-0ca2-4e10-a7e2-54c5149e6ed5)
2019-07-23 09:17:32.038 22701 RALLYDEBUG rally_openstack.cleanup.manager [-] Deleting neutron.port object s_rally_0ad934a5_WxekG115 (e005afff-f9e5-4319-9974-cc13e04ef3c4)
2019-07-23 09:17:32.052 22701 RALLYDEBUG rally_openstack.cleanup.manager [-] Deleting neutron.port object s_rally_0ad934a5_Wc4WSyPc (e027e02b-2270-4e85-9a01-957f6915738c)
2019-07-23 09:17:32.127 22701 RALLYDEBUG rally_openstack.cleanup.manager [-] Deleting neutron.port object s_rally_0ad934a5_OJLkYRtR (e06d50b6-e5fb-4ee7-8233-30257a966bfe)
2019-07-23 09:17:32.144 22701 RALLYDEBUG rally_openstack.cleanup.manager [-] Deleting neutron.port object s_rally_0ad934a5_wno9N7TO (e08aca4a-4e08-4663-8528-9c0fc3a001e9)
2019-07-23 09:17:32.162 22701 RALLYDEBUG rally_openstack.cleanup.manager [-] Deleting neutron.port object s_rally_0ad934a5_0fUWj2HB (e0f7ce97-0240-452c-88ee-49f7296386d0)
2019-07-23 09:17:32.173 22701 RALLYDEBUG rally_openstack.cleanup.manager [-] Deleting neutron.port object s_rally_0ad934a5_Ziv5rIKD (e118d479-4e73-4805-bdd9-4587852e4694)
2019-07-23 09:17:32.232 22701 RALLYDEBUG rally_openstack.cleanup.manager [-] Deleting neutron.port object s_rally_0ad934a5_LwOKtuGM (e158e3a6-297b-4647-bbe9-74a25b127e93)
2019-07-23 09:17:32.379 22701 RALLYDEBUG rally_openstack.cleanup.manager [-] Deleting neutron.port object s_rally_0ad934a5_DUQqHppx (e1625b3f-c8d7-44f6-b9bf-a9a0b57c710b)
2019-07-23 09:17:32.514 22701 RALLYDEBUG rally_openstack.cleanup.manager [-] Deleting neutron.port object s_rally_0ad934a5_rT6C9o7S (e191dc0e-32cb-43f6-896f-197034d46301)
2019-07-23 09:17:32.543 22701 RALLYDEBUG rally_openstack.cleanup.manager [-] Deleting neutron.port object s_rally_0ad934a5_9SbIPhsj (e40fba71-caeb-46df-8057-640084e4fb0c)
2019-07-23 09:17:32.850 22701 RALLYDEBUG rally_openstack.cleanup.manager [-] Deleting neutron.port object s_rally_0ad934a5_k8EHxTR5 (e46db5e0-6934-4152-892a-51a9cdc40f59)
2019-07-23 09:17:33.022 22701 RALLYDEBUG rally_openstack.cleanup.manager [-] Deleting neutron.port object s_rally_0ad934a5_9xHVNkJA (e4d83e7a-4852-4efb-9599-d2c5e3ba4a00)
2019-07-23 09:17:33.306 22701 RALLYDEBUG rally_openstack.cleanup.manager [-] Deleting neutron.port object s_rally_0ad934a5_nn5sWp0I (e519eda4-1686-4c17-8e0b-20f20ca1e6b6)
2019-07-23 09:17:33.555 22701 RALLYDEBUG rally_openstack.cleanup.manager [-] Deleting neutron.port object s_rally_0ad934a5_UFaXwjjP (e60a2a57-995f-47a2-a092-cc6a055984c2)
2019-07-23 09:17:33.708 22701 RALLYDEBUG rally_openstack.cleanup.manager [-] Deleting neutron.port object s_rally_0ad934a5_Dq63EEzU (e747ce75-0e68-4812-80ca-df2dff5585e7)
2019-07-23 09:17:33.937 22701 RALLYDEBUG rally_openstack.cleanup.manager [-] Deleting neutron.port object s_rally_0ad934a5_UJG7WRSu (e88d854a-ce66-4473-9eff-729858046067)
2019-07-23 09:17:34.145 22701 RALLYDEBUG rally_openstack.cleanup.manager [-] Deleting neutron.port object s_rally_0ad934a5_xbGHcYM8 (e9363ae9-2b9e-40b0-90ef-6541362d7889)
2019-07-23 09:17:34.449 22701 RALLYDEBUG rally_openstack.cleanup.manager [-] Deleting neutron.port object s_rally_0ad934a5_8I57Bfj6 (e9added4-e2fb-4e5e-9aae-758141d6402f)
2019-07-23 09:17:34.497 22701 RALLYDEBUG rally_openstack.cleanup.manager [-] Deleting neutron.port object s_rally_0ad934a5_BWu1HDOd (eaf3ab4b-4775-4552-976c-9e250e4effa4)
2019-07-23 09:17:34.632 22701 RALLYDEBUG rally_openstack.cleanup.manager [-] Deleting neutron.port object s_rally_0ad934a5_6zQ7Sw6p (eb3f197c-9a23-4266-af45-f0f0e154e830)
2019-07-23 09:17:34.716 22701 RALLYDEBUG rally_openstack.cleanup.manager [-] Deleting neutron.port object s_rally_0ad934a5_yMHV9OeF (ec7cfab5-7b92-448b-9240-f1a7b63cd62e)
2019-07-23 09:17:34.760 22701 RALLYDEBUG rally_openstack.cleanup.manager [-] Deleting neutron.port object s_rally_0ad934a5_O5g6zCxR (ec8b7e1e-e8e2-4770-b2eb-34956135e86b)
2019-07-23 09:17:34.778 22701 RALLYDEBUG rally_openstack.cleanup.manager [-] Deleting neutron.port object s_rally_0ad934a5_FqSrPakb (ecea303a-a647-4869-b65e-51d4be61434e)
2019-07-23 09:17:34.885 22701 RALLYDEBUG rally_openstack.cleanup.manager [-] Deleting neutron.port object s_rally_0ad934a5_Ozd5rjlc (edfaed49-6a41-4034-be7d-4e3d02c88410)
2019-07-23 09:17:34.917 22701 RALLYDEBUG rally_openstack.cleanup.manager [-] Deleting neutron.port object s_rally_0ad934a5_xA2NJij9 (ee123983-2df3-458a-9b1c-95da59fcdd94)
2019-07-23 09:17:34.952 22701 RALLYDEBUG rally_openstack.cleanup.manager [-] Deleting neutron.port object s_rally_0ad934a5_PVpS1i4p (ee79cc5f-41b5-41ed-b57b-ea9c26578049)
2019-07-23 09:17:34.984 22701 RALLYDEBUG rally_openstack.cleanup.manager [-] Deleting neutron.port object s_rally_0ad934a5_76w4sKCu (eed9e03f-01da-47c0-9f17-825236a5e0ff)
2019-07-23 09:17:35.020 22701 RALLYDEBUG rally_openstack.cleanup.manager [-] Deleting neutron.port object s_rally_0ad934a5_aqPpgvfv (effbfbbf-d22b-4873-b155-8ef2d0ab80cc)
2019-07-23 09:17:35.144 22701 RALLYDEBUG rally_openstack.cleanup.manager [-] Deleting neutron.port object s_rally_0ad934a5_anaUUqNl (f0056b0e-c516-4d05-9ea3-44b2ceeaf71a)
2019-07-23 09:17:35.260 22701 RALLYDEBUG rally_openstack.cleanup.manager [-] Deleting neutron.port object s_rally_0ad934a5_g4JHPXSI (f1512657-18bd-4777-87ba-51bc0134847b)
2019-07-23 09:17:35.309 22701 RALLYDEBUG rally_openstack.cleanup.manager [-] Deleting neutron.port object s_rally_0ad934a5_zIQwKMpE (f1bdc73d-680b-4ec7-b5da-206be18fe11b)
2019-07-23 09:17:35.403 22701 RALLYDEBUG rally_openstack.cleanup.manager [-] Deleting neutron.port object s_rally_0ad934a5_17tZIbaD (f2009340-699d-44f2-84a2-a314416a5361)
2019-07-23 09:17:35.648 22701 RALLYDEBUG rally_openstack.cleanup.manager [-] Deleting neutron.port object s_rally_0ad934a5_THvli3I7 (f34fa59e-9de3-490c-bd80-1dd3fc70ffdd)
2019-07-23 09:17:35.760 22701 RALLYDEBUG rally_openstack.cleanup.manager [-] Deleting neutron.port object s_rally_0ad934a5_K206K3tB (f3c51ceb-efd0-4716-abc7-7a229d9791ee)
2019-07-23 09:17:36.129 22701 RALLYDEBUG rally_openstack.cleanup.manager [-] Deleting neutron.port object s_rally_0ad934a5_gX0SeGkA (f45c8ac4-0556-4558-9095-bf5f2eeb1176)
2019-07-23 09:17:36.149 22701 RALLYDEBUG rally_openstack.cleanup.manager [-] Deleting neutron.port object s_rally_0ad934a5_Xi2jnPfp (f56a8c4c-b345-484f-a866-34360b221257)
2019-07-23 09:17:36.690 22701 RALLYDEBUG rally_openstack.cleanup.manager [-] Deleting neutron.port object s_rally_0ad934a5_IqVJPnCM (f775c4d3-239d-4ca1-8f19-0f498e835938)
2019-07-23 09:17:36.811 22701 RALLYDEBUG rally_openstack.cleanup.manager [-] Deleting neutron.port object s_rally_0ad934a5_oHoq2P33 (f8e54e12-d17f-4ecb-8038-5fecdaee9254)
2019-07-23 09:17:37.248 22701 RALLYDEBUG rally_openstack.cleanup.manager [-] Deleting neutron.port object s_rally_0ad934a5_QjXSTicj (f96a7507-57d9-4fe7-8711-982bbd2d81aa)
2019-07-23 09:17:37.270 22701 RALLYDEBUG rally_openstack.cleanup.manager [-] Deleting neutron.port object s_rally_0ad934a5_txyT94rU (fb210f0d-aeba-4eac-9756-49ee22b1c5a4)
2019-07-23 09:17:37.440 22701 RALLYDEBUG rally_openstack.cleanup.manager [-] Deleting neutron.port object s_rally_0ad934a5_ZGwXyAED (fb6d547c-48d7-408a-a603-0950eeb7f693)
2019-07-23 09:17:37.461 22701 RALLYDEBUG rally_openstack.cleanup.manager [-] Deleting neutron.port object s_rally_0ad934a5_LO6Ns81W (fbb9c71b-7fbb-452c-9202-638d266d10ca)
2019-07-23 09:17:37.607 22701 RALLYDEBUG rally_openstack.cleanup.manager [-] Deleting neutron.port object s_rally_0ad934a5_vYrqflZZ (fc373157-1657-491b-b2df-396429627679)
2019-07-23 09:17:37.652 22701 RALLYDEBUG rally_openstack.cleanup.manager [-] Deleting neutron.port object s_rally_0ad934a5_ZW4mtrj0 (fdb46dae-7151-4a92-931b-6e29c01c89b4)
2019-07-23 09:17:37.718 22701 RALLYDEBUG rally_openstack.cleanup.manager [-] Deleting neutron.port object s_rally_0ad934a5_oSzZvUyL (fdfc7369-1c1f-4208-abee-eb7549703866)
2019-07-23 09:17:37.718 22701 RALLYDEBUG rally_openstack.cleanup.manager [-] Deleting neutron.port object s_rally_0ad934a5_kOe5UX9Y (fdc88854-bcb1-4178-bbf9-e020df1773d9)
2019-07-23 09:17:37.790 22701 RALLYDEBUG rally_openstack.cleanup.manager [-] Deleting neutron.port object s_rally_0ad934a5_4HPfcxUN (fe66755b-bc64-45f2-b684-79107b42dd6e)
2019-07-23 09:17:37.840 22701 RALLYDEBUG rally_openstack.cleanup.manager [-] Deleting neutron.port object s_rally_0ad934a5_BlDgM6yF (ffe02aca-ad08-4c50-bdfd-dc89acfd05c7)
2019-07-23 09:17:40.784 22701 RALLYDEBUG rally_openstack.cleanup.manager [-] Cleaning up neutron subnet objects
2019-07-23 09:17:41.691 22701 RALLYDEBUG rally_openstack.cleanup.manager [-] Cleaning up neutron network objects
2019-07-23 09:17:42.739 22701 RALLYDEBUG rally_openstack.cleanup.manager [-] Deleting neutron.network object s_rally_0ad934a5_bWhc6xDM (03eb565e-b287-4cf6-986f-1aaf1e3f9f74)
2019-07-23 09:17:42.743 22701 RALLYDEBUG rally_openstack.cleanup.manager [-] Deleting neutron.network object s_rally_0ad934a5_y331JpPi (19b52dfd-881a-44d0-b799-7d141e4ccccb)
2019-07-23 09:17:42.750 22701 RALLYDEBUG rally_openstack.cleanup.manager [-] Deleting neutron.network object s_rally_0ad934a5_AG3H9dsx (2bd082bc-5b5d-401a-8e1a-58b75568056c)
2019-07-23 09:17:42.758 22701 RALLYDEBUG rally_openstack.cleanup.manager [-] Deleting neutron.network object s_rally_0ad934a5_9Hi4IO64 (378019ce-c53d-4b02-8685-a1c59d8169c9)
2019-07-23 09:17:42.771 22701 RALLYDEBUG rally_openstack.cleanup.manager [-] Deleting neutron.network object s_rally_0ad934a5_aRsobxCV (3a60b5c1-f461-4d97-837e-7e7f6a722136)
2019-07-23 09:17:42.774 22701 RALLYDEBUG rally_openstack.cleanup.manager [-] Deleting neutron.network object s_rally_0ad934a5_JddlHGH8 (85cf1879-829e-4863-97a3-4c62e3e7915a)
2019-07-23 09:17:42.784 22701 RALLYDEBUG rally_openstack.cleanup.manager [-] Deleting neutron.network object s_rally_0ad934a5_jeWffGEh (99c1a00c-bd7b-4a8e-b84d-51642124cda9)
2019-07-23 09:17:42.790 22701 RALLYDEBUG rally_openstack.cleanup.manager [-] Deleting neutron.network object s_rally_0ad934a5_I6EkjcxS (ca7fc533-9dcc-4fa1-8323-da53e07a8c03)
2019-07-23 09:17:46.269 22701 RALLYDEBUG rally_openstack.cleanup.manager [-] Cleaning up neutron router objects
2019-07-23 09:17:47.066 22701 RALLYDEBUG rally_openstack.cleanup.manager [-] Cleaning up neutron security_group objects
2019-07-23 09:17:47.827 22701 INFO rally.task.context [-] Task 0cdf50fe-ef12-4623-8cba-38bbf739da57 | Context cleanup@openstack cleanup() finished in 1.12 min
2019-07-23 09:17:47.828 22701 INFO rally.task.context [-] Task 0cdf50fe-ef12-4623-8cba-38bbf739da57 | Context quotas@openstack cleanup() started
2019-07-23 09:17:48.167 22701 INFO rally.task.context [-] Task 0cdf50fe-ef12-4623-8cba-38bbf739da57 | Context quotas@openstack cleanup() finished in 0.34 sec
2019-07-23 09:17:48.167 22701 INFO rally.task.context [-] Task 0cdf50fe-ef12-4623-8cba-38bbf739da57 | Context users@openstack cleanup() started
2019-07-23 09:17:53.146 22701 INFO rally.task.context [-] Task 0cdf50fe-ef12-4623-8cba-38bbf739da57 | Context users@openstack cleanup() finished in 4.98 sec
2019-07-23 09:17:54.747 22701 INFO rally.task.engine [-] Load duration is: 113.076161
2019-07-23 09:17:54.747 22701 INFO rally.task.engine [-] Full runner duration is: 113.134725
2019-07-23 09:17:54.748 22701 INFO rally.task.engine [-] Full duration is: 191.260178
2019-07-23 09:17:54.951 22701 INFO rally.task.engine [-] Running workload: position = 1 config = { "version": 2, "title": "A cropped version of a bigger task.", "description": "Auto-generated task from a single workload (uuid=3ec01db7-fc75-46b9-be39-f52fe1f188be)", "subtasks": [ { "title": "NeutronNetworks.create_and_update_ports", "description": "Create and update a given number of ports.", "scenario": { "NeutronNetworks.create_and_update_ports": { "network_create_args": {}, "port_create_args": {}, "ports_per_network": 5, "port_update_args": { "admin_state_up": false, "device_id": "dummy_id", "device_owner": "dummy_owner", "name": "_port_updated" } } }, "contexts": { "users": { "tenants": 1, "users_per_tenant": 1 }, "quotas": { "neutron": { "network": -1, "port": -1 } } }, "runner": { "constant": { "times": 40, "concurrency": 20 } }, "hooks": [], "sla": { "failure_rate": { "max": 0 } } } ] }
2019-07-23 09:17:54.974 22701 RALLYDEBUG rally_openstack.contexts.keystone.users [-] Creating 1 tenants using 20 threads
2019-07-23 09:17:56.835 22701 RALLYDEBUG rally_openstack.contexts.keystone.users [-] Creating 1 users using 20 threads
2019-07-23 09:17:59.778 22701 INFO rally.task.context [-] Task 0cdf50fe-ef12-4623-8cba-38bbf739da57 | Context users@openstack setup() finished in 4.80 sec
2019-07-23 09:18:00.597 22701 INFO rally.task.context [-] Task 0cdf50fe-ef12-4623-8cba-38bbf739da57 | Context quotas@openstack setup() finished in 0.82 sec
2019-07-23 09:18:00.597 22701 INFO rally.task.context [-] Task 0cdf50fe-ef12-4623-8cba-38bbf739da57 | Context cleanup@openstack setup() finished in 0.01 msec
2019-07-23 09:18:00.605 22701 RALLYDEBUG rally.task.runner [-] Starting the constant runner (task UUID: 0cdf50fe-ef12-4623-8cba-38bbf739da57). timeout: 0 concurrency: 20 concurrency_per_worker: 1 times: 40 concurrency_overhead: 4 processes_to_start: 16 max_cpu_used: 16
2019-07-23 09:18:00.618 26573 RALLYDEBUG rally.task.runner [-] Starting a worker. concurrency: 2 args: {"network_create_args": {}, "port_create_args": {}, "ports_per_network": 5, "port_update_args": {"admin_state_up": false, "device_id": "dummy_id", "device_owner": "dummy_owner", "name": "_port_updated"}} times: 40 method_name: run timeout: 0 duration: None cls:
2019-07-23 09:18:00.621 26575 RALLYDEBUG rally.task.runner [-] Starting a worker. concurrency: 2 args: {"network_create_args": {}, "port_create_args": {}, "ports_per_network": 5, "port_update_args": {"admin_state_up": false, "device_id": "dummy_id", "device_owner": "dummy_owner", "name": "_port_updated"}} times: 40 method_name: run timeout: 0 duration: None cls:
2019-07-23 09:18:00.621 26574 RALLYDEBUG rally.task.runner [-] Starting a worker. concurrency: 2 args: {"network_create_args": {}, "port_create_args": {}, "ports_per_network": 5, "port_update_args": {"admin_state_up": false, "device_id": "dummy_id", "device_owner": "dummy_owner", "name": "_port_updated"}} times: 40 method_name: run timeout: 0 duration: None cls:
2019-07-23 09:18:00.626 26573 INFO rally.task.runner [-] Task 0cdf50fe-ef12-4623-8cba-38bbf739da57 | ITER: 1 START
2019-07-23 09:18:00.626 26576 RALLYDEBUG rally.task.runner [-] Starting a worker. concurrency: 2 args: {"network_create_args": {}, "port_create_args": {}, "ports_per_network": 5, "port_update_args": {"admin_state_up": false, "device_id": "dummy_id", "device_owner": "dummy_owner", "name": "_port_updated"}} times: 40 method_name: run timeout: 0 duration: None cls:
2019-07-23 09:18:00.627 26575 INFO rally.task.runner [-] Task 0cdf50fe-ef12-4623-8cba-38bbf739da57 | ITER: 2 START
2019-07-23 09:18:00.628 26573 WARNING rally_openstack.scenarios.neutron.utils [-] Running this scenario without either the 'network' or 'existing_network' context is deprecated
2019-07-23 09:18:00.629 26574 INFO rally.task.runner [-] Task 0cdf50fe-ef12-4623-8cba-38bbf739da57 | ITER: 3 START
2019-07-23 09:18:00.629 26578 RALLYDEBUG rally.task.runner [-] Starting a worker. concurrency: 1 args: {"network_create_args": {}, "port_create_args": {}, "ports_per_network": 5, "port_update_args": {"admin_state_up": false, "device_id": "dummy_id", "device_owner": "dummy_owner", "name": "_port_updated"}} times: 40 method_name: run timeout: 0 duration: None cls:
2019-07-23 09:18:00.630 26575 WARNING rally_openstack.scenarios.neutron.utils [-] Running this scenario without either the 'network' or 'existing_network' context is deprecated
2019-07-23 09:18:00.631 26574 INFO rally.task.runner [-] Task 0cdf50fe-ef12-4623-8cba-38bbf739da57 | ITER: 6 START
2019-07-23 09:18:00.633 26574 WARNING rally_openstack.scenarios.neutron.utils [-] Running this scenario without either the 'network' or 'existing_network' context is deprecated
2019-07-23 09:18:00.634 26584 RALLYDEBUG rally.task.runner [-] Starting a worker. concurrency: 1 args: {"network_create_args": {}, "port_create_args": {}, "ports_per_network": 5, "port_update_args": {"admin_state_up": false, "device_id": "dummy_id", "device_owner": "dummy_owner", "name": "_port_updated"}} times: 40 method_name: run timeout: 0 duration: None cls:
2019-07-23 09:18:00.633 26574 WARNING rally_openstack.scenarios.neutron.utils [-] Running this scenario without either the 'network' or 'existing_network' context is deprecated
2019-07-23 09:18:00.636 26578 INFO rally.task.runner [-] Task 0cdf50fe-ef12-4623-8cba-38bbf739da57 | ITER: 8 START
2019-07-23 09:18:00.637 26578 WARNING rally_openstack.scenarios.neutron.utils [-] Running this scenario without either the 'network' or 'existing_network' context is deprecated
2019-07-23 09:18:00.638 26576 INFO rally.task.runner [-] Task 0cdf50fe-ef12-4623-8cba-38bbf739da57 | ITER: 7 START
2019-07-23 09:18:00.640 26576 WARNING rally_openstack.scenarios.neutron.utils [-] Running this scenario without either the 'network' or 'existing_network' context is deprecated
2019-07-23 09:18:00.641 26589 RALLYDEBUG rally.task.runner [-] Starting a worker. concurrency: 1 args: {"network_create_args": {}, "port_create_args": {}, "ports_per_network": 5, "port_update_args": {"admin_state_up": false, "device_id": "dummy_id", "device_owner": "dummy_owner", "name": "_port_updated"}} times: 40 method_name: run timeout: 0 duration: None cls:
2019-07-23 09:18:00.642 26584 INFO rally.task.runner [-] Task 0cdf50fe-ef12-4623-8cba-38bbf739da57 | ITER: 10 START
2019-07-23 09:18:00.641 26576 INFO rally.task.runner [-] Task 0cdf50fe-ef12-4623-8cba-38bbf739da57 | ITER: 9 START
2019-07-23 09:18:00.644 26584 WARNING rally_openstack.scenarios.neutron.utils [-] Running this scenario without either the 'network' or 'existing_network' context is deprecated
2019-07-23 09:18:00.644 26575 INFO rally.task.runner [-] Task 0cdf50fe-ef12-4623-8cba-38bbf739da57 | ITER: 5 START
2019-07-23 09:18:00.645 26573 INFO rally.task.runner [-] Task 0cdf50fe-ef12-4623-8cba-38bbf739da57 | ITER: 4 START
2019-07-23 09:18:00.647 26573 WARNING rally_openstack.scenarios.neutron.utils [-] Running this scenario without either the 'network' or 'existing_network' context is deprecated
2019-07-23 09:18:00.646 26575 WARNING rally_openstack.scenarios.neutron.utils [-] Running this scenario without either the 'network' or 'existing_network' context is deprecated
2019-07-23 09:18:00.647 26589 INFO rally.task.runner [-] Task 0cdf50fe-ef12-4623-8cba-38bbf739da57 | ITER: 11 START
2019-07-23 09:18:00.649 26589 WARNING rally_openstack.scenarios.neutron.utils [-] Running this scenario without either the 'network' or 'existing_network' context is deprecated
2019-07-23 09:18:00.645 26576 WARNING rally_openstack.scenarios.neutron.utils [-] Running this scenario without either the 'network' or 'existing_network' context is deprecated
2019-07-23 09:18:00.648 26595 RALLYDEBUG rally.task.runner [-] Starting a worker. concurrency: 1 args: {"network_create_args": {}, "port_create_args": {}, "ports_per_network": 5, "port_update_args": {"admin_state_up": false, "device_id": "dummy_id", "device_owner": "dummy_owner", "name": "_port_updated"}} times: 40 method_name: run timeout: 0 duration: None cls:
2019-07-23 09:18:00.654 26595 INFO rally.task.runner [-] Task 0cdf50fe-ef12-4623-8cba-38bbf739da57 | ITER: 12 START
2019-07-23 09:18:00.656 26595 WARNING rally_openstack.scenarios.neutron.utils [-] Running this scenario without either the 'network' or 'existing_network' context is deprecated
2019-07-23 09:18:00.658 26599 RALLYDEBUG rally.task.runner [-] Starting a worker. concurrency: 1 args: {"network_create_args": {}, "port_create_args": {}, "ports_per_network": 5, "port_update_args": {"admin_state_up": false, "device_id": "dummy_id", "device_owner": "dummy_owner", "name": "_port_updated"}} times: 40 method_name: run timeout: 0 duration: None cls:
2019-07-23 09:18:00.664 26599 INFO rally.task.runner [-] Task 0cdf50fe-ef12-4623-8cba-38bbf739da57 | ITER: 13 START
2019-07-23 09:18:00.666 26599 WARNING rally_openstack.scenarios.neutron.utils [-] Running this scenario without either the 'network' or 'existing_network' context is deprecated
2019-07-23 09:18:00.668 26602 RALLYDEBUG rally.task.runner [-] Starting a worker. concurrency: 1 args: {"network_create_args": {}, "port_create_args": {}, "ports_per_network": 5, "port_update_args": {"admin_state_up": false, "device_id": "dummy_id", "device_owner": "dummy_owner", "name": "_port_updated"}} times: 40 method_name: run timeout: 0 duration: None cls:
2019-07-23 09:18:00.672 26605 RALLYDEBUG rally.task.runner [-] Starting a worker. concurrency: 1 args: {"network_create_args": {}, "port_create_args": {}, "ports_per_network": 5, "port_update_args": {"admin_state_up": false, "device_id": "dummy_id", "device_owner": "dummy_owner", "name": "_port_updated"}} times: 40 method_name: run timeout: 0 duration: None cls:
2019-07-23 09:18:00.675 26602 INFO rally.task.runner [-] Task 0cdf50fe-ef12-4623-8cba-38bbf739da57 | ITER: 14 START
2019-07-23 09:18:00.676 26602 WARNING rally_openstack.scenarios.neutron.utils [-] Running this scenario without either the 'network' or 'existing_network' context is deprecated
2019-07-23 09:18:00.680 26605 INFO rally.task.runner [-] Task 0cdf50fe-ef12-4623-8cba-38bbf739da57 | ITER: 15 START
2019-07-23 09:18:00.679 26608 RALLYDEBUG rally.task.runner [-] Starting a worker. concurrency: 1 args: {"network_create_args": {}, "port_create_args": {}, "ports_per_network": 5, "port_update_args": {"admin_state_up": false, "device_id": "dummy_id", "device_owner": "dummy_owner", "name": "_port_updated"}} times: 40 method_name: run timeout: 0 duration: None cls:
2019-07-23 09:18:00.681 26605 WARNING rally_openstack.scenarios.neutron.utils [-] Running this scenario without either the 'network' or 'existing_network' context is deprecated
2019-07-23 09:18:00.681 26606 RALLYDEBUG rally.task.runner [-] Starting a worker. concurrency: 1 args: {"network_create_args": {}, "port_create_args": {}, "ports_per_network": 5, "port_update_args": {"admin_state_up": false, "device_id": "dummy_id", "device_owner": "dummy_owner", "name": "_port_updated"}} times: 40 method_name: run timeout: 0 duration: None cls:
2019-07-23 09:18:00.681 26610 RALLYDEBUG rally.task.runner [-] Starting a worker. concurrency: 1 args: {"network_create_args": {}, "port_create_args": {}, "ports_per_network": 5, "port_update_args": {"admin_state_up": false, "device_id": "dummy_id", "device_owner": "dummy_owner", "name": "_port_updated"}} times: 40 method_name: run timeout: 0 duration: None cls:
2019-07-23 09:18:00.685 26608 INFO rally.task.runner [-] Task 0cdf50fe-ef12-4623-8cba-38bbf739da57 | ITER: 16 START
2019-07-23 09:18:00.685 26613 RALLYDEBUG rally.task.runner [-] Starting a worker. concurrency: 1 args: {"network_create_args": {}, "port_create_args": {}, "ports_per_network": 5, "port_update_args": {"admin_state_up": false, "device_id": "dummy_id", "device_owner": "dummy_owner", "name": "_port_updated"}} times: 40 method_name: run timeout: 0 duration: None cls:
2019-07-23 09:18:00.687 26610 INFO rally.task.runner [-] Task 0cdf50fe-ef12-4623-8cba-38bbf739da57 | ITER: 18 START
2019-07-23 09:18:00.687 26606 INFO rally.task.runner [-] Task 0cdf50fe-ef12-4623-8cba-38bbf739da57 | ITER: 17 START
2019-07-23 09:18:00.687 26608 WARNING rally_openstack.scenarios.neutron.utils [-] Running this scenario without either the 'network' or 'existing_network' context is deprecated
2019-07-23 09:18:00.688 26606 WARNING rally_openstack.scenarios.neutron.utils [-] Running this scenario without either the 'network' or 'existing_network' context is deprecated
2019-07-23 09:18:00.688 26610 WARNING rally_openstack.scenarios.neutron.utils [-] Running this scenario without either the 'network' or 'existing_network' context is deprecated
2019-07-23 09:18:00.691 26613 INFO rally.task.runner [-] Task 0cdf50fe-ef12-4623-8cba-38bbf739da57 | ITER: 19 START
2019-07-23 09:18:00.693 26613 WARNING rally_openstack.scenarios.neutron.utils [-] Running this scenario without either the 'network' or 'existing_network' context is deprecated
2019-07-23 09:18:00.692 26612 RALLYDEBUG rally.task.runner [-] Starting a worker. concurrency: 1 args: {"network_create_args": {}, "port_create_args": {}, "ports_per_network": 5, "port_update_args": {"admin_state_up": false, "device_id": "dummy_id", "device_owner": "dummy_owner", "name": "_port_updated"}} times: 40 method_name: run timeout: 0 duration: None cls:
2019-07-23 09:18:00.698 26612 INFO rally.task.runner [-] Task 0cdf50fe-ef12-4623-8cba-38bbf739da57 | ITER: 20 START
2019-07-23 09:18:00.699 26612 WARNING rally_openstack.scenarios.neutron.utils [-] Running this scenario without either the 'network' or 'existing_network' context is deprecated
2019-07-23 09:18:16.512 26576 INFO rally.task.runner [-] Task 0cdf50fe-ef12-4623-8cba-38bbf739da57 | ITER: 9 END: OK
2019-07-23 09:18:16.516 26576 INFO rally.task.runner [-] Task 0cdf50fe-ef12-4623-8cba-38bbf739da57 | ITER: 21 START
2019-07-23 09:18:16.517 26576 WARNING rally_openstack.scenarios.neutron.utils [-] Running this scenario without either the 'network' or 'existing_network' context is deprecated
2019-07-23 09:18:16.684 26575 INFO rally.task.runner [-] Task 0cdf50fe-ef12-4623-8cba-38bbf739da57 | ITER: 5 END: OK
2019-07-23 09:18:16.688 26575 INFO rally.task.runner [-] Task 0cdf50fe-ef12-4623-8cba-38bbf739da57 | ITER: 22 START
2019-07-23 09:18:16.689 26575 WARNING rally_openstack.scenarios.neutron.utils [-] Running this scenario without either the 'network' or 'existing_network' context is deprecated
2019-07-23 09:18:17.322 26610 INFO rally.task.runner [-] Task 0cdf50fe-ef12-4623-8cba-38bbf739da57 | ITER: 18 END: OK
2019-07-23 09:18:17.327 26610 INFO rally.task.runner [-] Task 0cdf50fe-ef12-4623-8cba-38bbf739da57 | ITER: 23 START
2019-07-23 09:18:17.328 26610 WARNING rally_openstack.scenarios.neutron.utils [-] Running this scenario without either the 'network' or 'existing_network' context is deprecated
2019-07-23 09:18:17.786 26573 INFO rally.task.runner [-] Task 0cdf50fe-ef12-4623-8cba-38bbf739da57 | ITER: 4 END: OK
2019-07-23 09:18:17.790 26573 INFO rally.task.runner [-] Task 0cdf50fe-ef12-4623-8cba-38bbf739da57 | ITER: 24 START
2019-07-23 09:18:17.790 26573 WARNING rally_openstack.scenarios.neutron.utils [-] Running this scenario without either the 'network' or 'existing_network' context is deprecated
2019-07-23 09:18:18.047 26584 INFO rally.task.runner [-] Task 0cdf50fe-ef12-4623-8cba-38bbf739da57 | ITER: 10 END: OK
2019-07-23 09:18:18.052 26584 INFO rally.task.runner [-] Task 0cdf50fe-ef12-4623-8cba-38bbf739da57 | ITER: 25 START
2019-07-23 09:18:18.052 26584 WARNING rally_openstack.scenarios.neutron.utils [-] Running this scenario without either the 'network' or 'existing_network' context is deprecated
2019-07-23 09:18:18.191 26576 INFO rally.task.runner [-] Task 0cdf50fe-ef12-4623-8cba-38bbf739da57 | ITER: 7 END: OK
2019-07-23 09:18:18.195 26576 INFO rally.task.runner [-] Task 0cdf50fe-ef12-4623-8cba-38bbf739da57 | ITER: 26 START
2019-07-23 09:18:18.196 26576 WARNING rally_openstack.scenarios.neutron.utils [-] Running this scenario without either the 'network' or 'existing_network' context is deprecated
2019-07-23 09:18:18.488 26574 INFO rally.task.runner [-] Task 0cdf50fe-ef12-4623-8cba-38bbf739da57 | ITER: 3 END: OK
2019-07-23 09:18:18.491 26574 INFO rally.task.runner [-] Task 0cdf50fe-ef12-4623-8cba-38bbf739da57 | ITER: 27 START
2019-07-23 09:18:18.492 26574 WARNING rally_openstack.scenarios.neutron.utils [-] Running this scenario without either the 'network' or 'existing_network' context is deprecated
2019-07-23 09:18:18.582 26599 INFO rally.task.runner [-] Task 0cdf50fe-ef12-4623-8cba-38bbf739da57 | ITER: 13 END: OK
2019-07-23 09:18:18.586 26599 INFO rally.task.runner [-] Task 0cdf50fe-ef12-4623-8cba-38bbf739da57 | ITER: 28 START
2019-07-23 09:18:18.587 26599 WARNING rally_openstack.scenarios.neutron.utils [-] Running this scenario without either the 'network' or 'existing_network' context is deprecated
2019-07-23 09:18:18.682 26575 INFO rally.task.runner [-] Task 0cdf50fe-ef12-4623-8cba-38bbf739da57 | ITER: 2 END: OK
2019-07-23 09:18:18.687 26575 INFO rally.task.runner [-] Task 0cdf50fe-ef12-4623-8cba-38bbf739da57 | ITER: 29 START
2019-07-23 09:18:18.687 26575 WARNING rally_openstack.scenarios.neutron.utils [-] Running this scenario without either the 'network' or 'existing_network' context is deprecated
2019-07-23 09:18:18.816 26573 INFO rally.task.runner [-] Task 0cdf50fe-ef12-4623-8cba-38bbf739da57 | ITER: 1 END: OK
2019-07-23 09:18:18.820 26573 INFO rally.task.runner [-] Task 0cdf50fe-ef12-4623-8cba-38bbf739da57 | ITER: 30 START
2019-07-23 09:18:18.820 26573 WARNING rally_openstack.scenarios.neutron.utils [-] Running this scenario without either the 'network' or 'existing_network' context is deprecated
2019-07-23 09:18:19.070 26595 INFO rally.task.runner [-] Task 0cdf50fe-ef12-4623-8cba-38bbf739da57 | ITER: 12 END: OK
2019-07-23 09:18:19.074 26595 INFO rally.task.runner [-] Task 0cdf50fe-ef12-4623-8cba-38bbf739da57 | ITER: 31 START
2019-07-23 09:18:19.075 26595 WARNING rally_openstack.scenarios.neutron.utils [-] Running this scenario without either the 'network' or 'existing_network' context is deprecated
2019-07-23 09:18:19.229 26605 INFO rally.task.runner [-] Task 0cdf50fe-ef12-4623-8cba-38bbf739da57 | ITER: 15 END: OK
2019-07-23 09:18:19.234 26605 INFO rally.task.runner [-] Task 0cdf50fe-ef12-4623-8cba-38bbf739da57 | ITER: 32 START
2019-07-23 09:18:19.235 26605 WARNING rally_openstack.scenarios.neutron.utils [-] Running this scenario without either the 'network' or 'existing_network' context is deprecated
2019-07-23 09:18:19.376 26602 INFO rally.task.runner [-] Task 0cdf50fe-ef12-4623-8cba-38bbf739da57 | ITER: 14 END: OK
2019-07-23 09:18:19.381 26602 INFO rally.task.runner [-] Task 0cdf50fe-ef12-4623-8cba-38bbf739da57 | ITER: 33 START
2019-07-23 09:18:19.381 26602 WARNING rally_openstack.scenarios.neutron.utils [-] Running this scenario without either the 'network' or 'existing_network' context is deprecated
2019-07-23 09:18:19.460 26613 INFO rally.task.runner [-] Task 0cdf50fe-ef12-4623-8cba-38bbf739da57 | ITER: 19 END: OK
2019-07-23 09:18:19.465 26613 INFO rally.task.runner [-] Task 0cdf50fe-ef12-4623-8cba-38bbf739da57 | ITER: 34 START
2019-07-23 09:18:19.465 26613 WARNING rally_openstack.scenarios.neutron.utils [-] Running this scenario without either the 'network' or 'existing_network' context is deprecated
2019-07-23 09:18:19.868 26574 INFO rally.task.runner [-] Task 0cdf50fe-ef12-4623-8cba-38bbf739da57 | ITER: 6 END: OK
2019-07-23 09:18:19.872 26574 INFO rally.task.runner [-] Task 0cdf50fe-ef12-4623-8cba-38bbf739da57 | ITER: 35 START
2019-07-23 09:18:19.873 26574 WARNING rally_openstack.scenarios.neutron.utils [-] Running this scenario without either the 'network' or 'existing_network' context is deprecated
2019-07-23 09:18:19.888 26578 INFO rally.task.runner [-] Task 0cdf50fe-ef12-4623-8cba-38bbf739da57 | ITER: 8 END: OK
2019-07-23 09:18:19.892 26578 INFO rally.task.runner [-] Task 0cdf50fe-ef12-4623-8cba-38bbf739da57 | ITER: 36 START
2019-07-23 09:18:19.893 26578 WARNING rally_openstack.scenarios.neutron.utils [-] Running this scenario without either the 'network' or 'existing_network' context is deprecated
2019-07-23 09:18:20.139 26612 INFO rally.task.runner [-] Task 0cdf50fe-ef12-4623-8cba-38bbf739da57 | ITER: 20 END: OK
2019-07-23 09:18:20.143 26612 INFO rally.task.runner [-] Task 0cdf50fe-ef12-4623-8cba-38bbf739da57 | ITER: 37 START
2019-07-23 09:18:20.144 26612 WARNING rally_openstack.scenarios.neutron.utils [-] Running this scenario without either the 'network' or 'existing_network' context is deprecated
2019-07-23 09:18:20.148 26608 INFO rally.task.runner [-] Task 0cdf50fe-ef12-4623-8cba-38bbf739da57 | ITER: 16 END: OK
2019-07-23 09:18:20.152 26608 INFO rally.task.runner [-] Task 0cdf50fe-ef12-4623-8cba-38bbf739da57 | ITER: 38 START
2019-07-23 09:18:20.152 26608 WARNING rally_openstack.scenarios.neutron.utils [-] Running this scenario without either the 'network' or 'existing_network' context is deprecated
2019-07-23 09:18:20.263 26606 INFO rally.task.runner [-] Task 0cdf50fe-ef12-4623-8cba-38bbf739da57 | ITER: 17 END: OK
2019-07-23 09:18:20.268 26606 INFO rally.task.runner [-] Task 0cdf50fe-ef12-4623-8cba-38bbf739da57 | ITER: 39 START
2019-07-23 09:18:20.269 26606 WARNING rally_openstack.scenarios.neutron.utils [-] Running this scenario without either the 'network' or 'existing_network' context is deprecated
2019-07-23 09:18:21.491 26589 INFO rally.task.runner [-] Task 0cdf50fe-ef12-4623-8cba-38bbf739da57 | ITER: 11 END: OK
2019-07-23 09:18:21.495 26589 INFO rally.task.runner [-] Task 0cdf50fe-ef12-4623-8cba-38bbf739da57 | ITER: 40 START
2019-07-23 09:18:21.496 26589 WARNING rally_openstack.scenarios.neutron.utils [-] Running this scenario without either the 'network' or 'existing_network' context is deprecated
2019-07-23 09:18:33.194 26576 INFO rally.task.runner [-] Task 0cdf50fe-ef12-4623-8cba-38bbf739da57 | ITER: 26 END: OK
2019-07-23 09:18:33.457 26610 INFO rally.task.runner [-] Task 0cdf50fe-ef12-4623-8cba-38bbf739da57 | ITER: 23 END: OK
2019-07-23 09:18:33.757 26584 INFO rally.task.runner [-] Task 0cdf50fe-ef12-4623-8cba-38bbf739da57 | ITER: 25 END: OK
2019-07-23 09:18:34.685 26575 INFO rally.task.runner [-] Task 0cdf50fe-ef12-4623-8cba-38bbf739da57 | ITER: 22 END: OK
2019-07-23 09:18:35.557 26573 INFO rally.task.runner [-] Task 0cdf50fe-ef12-4623-8cba-38bbf739da57 | ITER: 24 END: OK
2019-07-23 09:18:35.721 26573 INFO rally.task.runner [-] Task 0cdf50fe-ef12-4623-8cba-38bbf739da57 | ITER: 30 END: OK
2019-07-23 09:18:35.884 26574 INFO rally.task.runner [-] Task 0cdf50fe-ef12-4623-8cba-38bbf739da57 | ITER: 27 END: OK
2019-07-23 09:18:36.028 26606 INFO rally.task.runner [-] Task 0cdf50fe-ef12-4623-8cba-38bbf739da57 | ITER: 39 END: OK
2019-07-23 09:18:36.071 26602 INFO rally.task.runner [-] Task 0cdf50fe-ef12-4623-8cba-38bbf739da57 | ITER: 33 END: OK
2019-07-23 09:18:36.398 26608 INFO rally.task.runner [-] Task 0cdf50fe-ef12-4623-8cba-38bbf739da57 | ITER: 38 END: OK
2019-07-23 09:18:36.476 26599 INFO rally.task.runner [-] Task 0cdf50fe-ef12-4623-8cba-38bbf739da57 | ITER: 28 END: OK
2019-07-23 09:18:36.525 26613 INFO rally.task.runner [-] Task 0cdf50fe-ef12-4623-8cba-38bbf739da57 | ITER: 34 END: OK
2019-07-23 09:18:36.611 26605 INFO rally.task.runner [-] Task 0cdf50fe-ef12-4623-8cba-38bbf739da57 | ITER: 32 END: OK
2019-07-23 09:18:36.648 26574 INFO rally.task.runner [-] Task 0cdf50fe-ef12-4623-8cba-38bbf739da57 | ITER: 35 END: OK
2019-07-23 09:18:36.745 26576 INFO rally.task.runner [-] Task 0cdf50fe-ef12-4623-8cba-38bbf739da57 | ITER: 21 END: OK
2019-07-23 09:18:36.890 26595 INFO rally.task.runner [-] Task 0cdf50fe-ef12-4623-8cba-38bbf739da57 | ITER: 31 END: OK
2019-07-23 09:18:37.029 26575 INFO rally.task.runner [-] Task 0cdf50fe-ef12-4623-8cba-38bbf739da57 | ITER: 29 END: OK
2019-07-23 09:18:37.262 26578 INFO rally.task.runner [-] Task 0cdf50fe-ef12-4623-8cba-38bbf739da57 | ITER: 36 END: OK
2019-07-23 09:18:37.620 26612 INFO rally.task.runner [-] Task 0cdf50fe-ef12-4623-8cba-38bbf739da57 | ITER: 37 END: OK
2019-07-23 09:18:38.382 26589 INFO rally.task.runner [-] Task 0cdf50fe-ef12-4623-8cba-38bbf739da57 | ITER: 40 END: OK
2019-07-23 09:18:38.403 22701 INFO rally.task.context [-] Task 0cdf50fe-ef12-4623-8cba-38bbf739da57 | Context cleanup@openstack cleanup() started
2019-07-23 09:18:38.405 22701 RALLYDEBUG rally_openstack.cleanup.manager [-] Cleaning up neutron vip objects
2019-07-23 09:18:39.167 22701 RALLYDEBUG rally_openstack.cleanup.manager [-] Cleaning up neutron health_monitor objects
2019-07-23 09:18:39.825 22701 RALLYDEBUG rally_openstack.cleanup.manager [-] Cleaning up neutron pool objects
2019-07-23 09:18:40.480 22701 RALLYDEBUG rally_openstack.cleanup.manager [-] Cleaning up neutron loadbalancer objects
2019-07-23 09:18:41.214 22701 RALLYDEBUG rally_openstack.cleanup.manager [-] Cleaning up neutron floatingip objects
2019-07-23 09:18:41.990 22701 RALLYDEBUG rally_openstack.cleanup.manager [-] Cleaning up neutron port objects
2019-07-23 09:18:43.437 22701 RALLYDEBUG rally_openstack.cleanup.manager [-] Deleting neutron.port object s_rally_3ec01db7_YctQAmww (02aaf932-e1b9-4e14-99e3-7e31837d09d9)
2019-07-23 09:18:43.438 22701 RALLYDEBUG rally_openstack.cleanup.manager [-] Deleting neutron.port object s_rally_3ec01db7_XctcAjYZ (06ffef48-7ed4-4dc9-acd0-f5e257537a9c)
2019-07-23 09:18:43.442 22701 RALLYDEBUG rally_openstack.cleanup.manager [-] Deleting neutron.port object s_rally_3ec01db7_zXVqGKab (0354246a-72c6-4fc3-bb23-cb9cf14a4f5f)
2019-07-23 09:18:43.447 22701 RALLYDEBUG rally_openstack.cleanup.manager [-] Deleting neutron.port object s_rally_3ec01db7_HkoKdV23 (0618f261-3c13-4815-9d30-6a49215b4de3)
2019-07-23 09:18:43.448 22701 RALLYDEBUG rally_openstack.cleanup.manager [-] Deleting neutron.port object s_rally_3ec01db7_EYNpiPtl (0a92d2f8-0136-43da-a4b1-24648242cca0)
2019-07-23 09:18:43.460 22701 RALLYDEBUG rally_openstack.cleanup.manager [-] Deleting neutron.port object s_rally_3ec01db7_gu4Fpm1C (0b465f3e-d7c6-4e18-ad4e-76bf09ae538c)
2019-07-23 09:18:43.467 22701 RALLYDEBUG rally_openstack.cleanup.manager [-] Deleting neutron.port object s_rally_3ec01db7_6cwK033Q (0fe4bc43-34da-4bd0-a140-207a9e083868)
2019-07-23 09:18:43.468 22701 RALLYDEBUG rally_openstack.cleanup.manager [-] Deleting neutron.port object s_rally_3ec01db7_BgjBWAEy (08473d52-ec5b-4bd2-8cf4-2af80a02ced6)
2019-07-23 09:18:43.470 22701 RALLYDEBUG rally_openstack.cleanup.manager [-] Deleting neutron.port object s_rally_3ec01db7_jSPpeL7b (084412a5-dd92-4716-bfca-7474ded953d3)
2019-07-23 09:18:43.472 22701 RALLYDEBUG rally_openstack.cleanup.manager [-] Deleting neutron.port object s_rally_3ec01db7_mmi6QdaI (12a57e07-cce2-4597-bff6-a11625c7eab7)
2019-07-23 09:18:43.483 22701 RALLYDEBUG rally_openstack.cleanup.manager [-] Deleting neutron.port object s_rally_3ec01db7_86XN3Tul (12f7f7db-c3fe-4509-b996-6e3f213b0805)
2019-07-23 09:18:43.509 22701 RALLYDEBUG rally_openstack.cleanup.manager [-] Deleting neutron.port object s_rally_3ec01db7_ZeiyVSwO (13536595-d55c-4683-bf1a-91835cb6b864)
2019-07-23 09:18:43.511 22701 RALLYDEBUG rally_openstack.cleanup.manager [-] Deleting neutron.port object s_rally_3ec01db7_Wc9H0Uu3 (135d761a-bc2a-4cbd-9b2c-73f21d377382)
2019-07-23 09:18:43.525 22701 RALLYDEBUG rally_openstack.cleanup.manager [-] Deleting neutron.port object s_rally_3ec01db7_IS4cjj55 (14271232-e781-4093-88bc-99d60ef48286)
2019-07-23 09:18:43.535 22701 RALLYDEBUG rally_openstack.cleanup.manager [-] Deleting neutron.port object s_rally_3ec01db7_XfHWXvsd (172dde09-0f75-4f63-b047-6323ca24c235)
2019-07-23 09:18:43.544 22701 RALLYDEBUG rally_openstack.cleanup.manager [-] Deleting neutron.port object s_rally_3ec01db7_jsl2pl2O (196cbe5d-d5ea-481a-a89b-61ba9789e847)
2019-07-23 09:18:43.565 22701 RALLYDEBUG rally_openstack.cleanup.manager [-] Deleting neutron.port object s_rally_3ec01db7_hYUXvwpX (19a13ebe-4167-43fc-9f25-462dae2fb329)
2019-07-23 09:18:43.571 22701 RALLYDEBUG rally_openstack.cleanup.manager [-] Deleting neutron.port object s_rally_3ec01db7_H9Ctx4gA (19a96246-fa29-44a6-b787-762be541f84a)
2019-07-23 09:18:43.586 22701 RALLYDEBUG rally_openstack.cleanup.manager [-] Deleting neutron.port object s_rally_3ec01db7_Y3UiNFwq (19f0fae1-1140-427b-bbba-e7b82bc1cc11)
2019-07-23 09:18:43.591 22701 RALLYDEBUG rally_openstack.cleanup.manager [-] Deleting neutron.port object s_rally_3ec01db7_3TEMElcA (1a506648-186b-4bbb-bca7-38b33cb4626f)
2019-07-23 09:18:46.022 22701 RALLYDEBUG rally_openstack.cleanup.manager [-] Deleting neutron.port object s_rally_3ec01db7_exmrKBUA (1a99afce-b6b6-47ae-a595-35728d1fed34)
2019-07-23 09:18:46.162 22701 RALLYDEBUG rally_openstack.cleanup.manager [-] Deleting neutron.port object s_rally_3ec01db7_3Os1Qv8z (1c1d5cd5-5e84-4c45-8b29-088a325946b5)
2019-07-23 09:18:46.212 22701 RALLYDEBUG rally_openstack.cleanup.manager [-] Deleting neutron.port object s_rally_3ec01db7_iXsoIYep (1d25c329-0951-4ab3-bcbe-3f8b2d931a48)
2019-07-23 09:18:46.234 22701 RALLYDEBUG rally_openstack.cleanup.manager [-] Deleting neutron.port object s_rally_3ec01db7_cvQ79gnA (1f8e0d8e-ad72-4161-b180-e03e298abf21)
2019-07-23 09:18:46.270 22701 RALLYDEBUG rally_openstack.cleanup.manager [-] Deleting neutron.port object s_rally_3ec01db7_pH2yC7np (2075bb12-cbb7-43c9-83dd-867250edaa72)
2019-07-23 09:18:46.329 22701 RALLYDEBUG rally_openstack.cleanup.manager [-] Deleting neutron.port object s_rally_3ec01db7_5jYUmPsE (207fc1b2-f516-4d3b-a2e4-baf0dc28b850)
2019-07-23 09:18:46.355 22701 RALLYDEBUG rally_openstack.cleanup.manager [-] Deleting neutron.port object s_rally_3ec01db7_QijxHI0L (20a5af1a-f8db-456a-8a2e-f4f7e76942d8)
2019-07-23 09:18:46.366 22701 RALLYDEBUG rally_openstack.cleanup.manager [-] Deleting neutron.port object s_rally_3ec01db7_usHuNXou (20d202f7-32ef-473a-a120-ed6fb1c90f5d)
2019-07-23 09:18:46.383 22701 RALLYDEBUG rally_openstack.cleanup.manager [-] Deleting neutron.port object s_rally_3ec01db7_Oga2TXos (21df8a67-9a35-4a2a-9d56-abf301ff430b)
2019-07-23 09:18:46.436 22701 RALLYDEBUG rally_openstack.cleanup.manager [-] Deleting neutron.port object s_rally_3ec01db7_q1ChRlL6 (23250d72-3705-43d6-a7af-4232b6f01bd2)
2019-07-23 09:18:46.442 22701 RALLYDEBUG rally_openstack.cleanup.manager [-] Deleting neutron.port object s_rally_3ec01db7_b2Ss2klq (2336d0fc-e77c-435a-bc9a-1790f12ff975)
2019-07-23 09:18:46.475 22701 RALLYDEBUG rally_openstack.cleanup.manager [-] Deleting neutron.port object s_rally_3ec01db7_iJLFOyXF (27689074-c26f-48d8-a3a5-37d7d21de346)
2019-07-23 09:18:46.579 22701 RALLYDEBUG rally_openstack.cleanup.manager [-] Deleting neutron.port object s_rally_3ec01db7_9jEZEHE8 (289a38c9-bc7c-4d2e-b927-5bc994615ffe)
2019-07-23 09:18:46.779 22701 RALLYDEBUG rally_openstack.cleanup.manager [-] Deleting neutron.port object s_rally_3ec01db7_GGD66LiK (297b2722-1161-47b8-b4e5-3cb5445a1836)
2019-07-23 09:18:46.790 22701 RALLYDEBUG rally_openstack.cleanup.manager [-] Deleting neutron.port object s_rally_3ec01db7_nrr7fpmS (2b185bed-a6a5-48f9-a37b-380e0167767c)
2019-07-23 09:18:46.803 22701 RALLYDEBUG rally_openstack.cleanup.manager [-] Deleting neutron.port object s_rally_3ec01db7_hv43pvcm (2c120cbf-0b46-45f5-a8f2-acadd2d6eca0)
2019-07-23 09:18:46.878 22701 RALLYDEBUG rally_openstack.cleanup.manager [-] Deleting neutron.port object s_rally_3ec01db7_Q5Y9m305 (2d5b26a1-5416-43e8-82f0-e40425e2e0ae)
2019-07-23 09:18:46.905 22701 RALLYDEBUG rally_openstack.cleanup.manager [-] Deleting neutron.port object s_rally_3ec01db7_MHovYLrH (2ee72cfb-4a14-4733-88f9-8ae764f7cb2b)
2019-07-23 09:18:47.140 22701 RALLYDEBUG rally_openstack.cleanup.manager [-] Deleting neutron.port object s_rally_3ec01db7_p2e1aaNy (2f20d885-535d-41da-90d9-aedd60394742)
2019-07-23 09:18:47.173 22701 RALLYDEBUG rally_openstack.cleanup.manager [-] Deleting neutron.port object s_rally_3ec01db7_ItYuh6ei (2f3b6bb3-91ce-467d-b2d0-0f7871fb9736)
2019-07-23 09:18:48.192 22701 RALLYDEBUG rally_openstack.cleanup.manager [-] Deleting neutron.port object s_rally_3ec01db7_MTNSOFS0 (2ffab1f7-77ba-4b59-8bb4-87d878273809)
2019-07-23 09:18:48.664 22701 RALLYDEBUG rally_openstack.cleanup.manager [-] Deleting neutron.port object s_rally_3ec01db7_6sBX9DoF (31c17ca8-d22d-41bd-8201-ded2d51c58a2)
2019-07-23 09:18:48.681 22701 RALLYDEBUG rally_openstack.cleanup.manager [-] Deleting neutron.port object s_rally_3ec01db7_PQmGJm4O (324fbb07-c532-4426-8685-ea818ad920a6)
2019-07-23 09:18:48.810 22701 RALLYDEBUG rally_openstack.cleanup.manager [-] Deleting neutron.port object s_rally_3ec01db7_6dEldW0l (33f47a2e-5799-452b-a32e-04496fc1a858)
2019-07-23 09:18:48.813 22701 RALLYDEBUG rally_openstack.cleanup.manager [-] Deleting neutron.port object s_rally_3ec01db7_xyD0aiWG (35f7d1a3-8abf-4e9f-b321-29f9f41cf5f9)
2019-07-23 09:18:48.898 22701 RALLYDEBUG rally_openstack.cleanup.manager [-] Deleting neutron.port object s_rally_3ec01db7_z39T2tSy (36fb377d-6da1-4013-9ef5-340f8e891f0e)
2019-07-23 09:18:48.922 22701 RALLYDEBUG rally_openstack.cleanup.manager [-] Deleting neutron.port object s_rally_3ec01db7_zKjatn9C (38e303dc-4425-4875-bed6-213678c488b0)
2019-07-23 09:18:48.939 22701 RALLYDEBUG rally_openstack.cleanup.manager [-] Deleting neutron.port object s_rally_3ec01db7_eSqUArlw (3bd459a3-22da-48e5-9076-1a4ee7be0233)
2019-07-23 09:18:49.163 22701 RALLYDEBUG rally_openstack.cleanup.manager [-] Deleting neutron.port object s_rally_3ec01db7_sxtw0hSt (3e650f0c-ee03-4cbf-98fe-9664c58246a8)
2019-07-23 09:18:49.222 22701 RALLYDEBUG rally_openstack.cleanup.manager [-] Deleting neutron.port object s_rally_3ec01db7_1O7CxDdH (3f0425e6-d6e4-4663-a163-4743c5510ce8)
2019-07-23 09:18:49.306 22701 RALLYDEBUG rally_openstack.cleanup.manager [-] Deleting neutron.port object s_rally_3ec01db7_aGARwkwE (420e097d-a83e-4017-a043-e84b087c46ee)
2019-07-23 09:18:49.390 22701 RALLYDEBUG rally_openstack.cleanup.manager [-] Deleting neutron.port object s_rally_3ec01db7_PMwb8EUT (429d70d8-e392-46fd-9e52-45c7e0ee1bf9)
2019-07-23 09:18:49.458 22701 RALLYDEBUG rally_openstack.cleanup.manager [-] Deleting neutron.port object s_rally_3ec01db7_BdIvmn34 (43383a3f-f5e2-45c6-8ccc-6b26e30d9806)
2019-07-23 09:18:49.516 22701 RALLYDEBUG rally_openstack.cleanup.manager [-] Deleting neutron.port object s_rally_3ec01db7_7ljM5FaJ (439aed40-a7b3-4029-ba6f-407f4edc1602)
2019-07-23 09:18:49.535 22701 RALLYDEBUG rally_openstack.cleanup.manager [-] Deleting neutron.port object s_rally_3ec01db7_e7sXs5Sj (43bfa434-4ec4-40ef-a595-db27fccda0b1)
2019-07-23 09:18:49.722 22701 RALLYDEBUG rally_openstack.cleanup.manager [-] Deleting neutron.port object s_rally_3ec01db7_KQaKhhyA (44151813-9fc2-40cc-8b10-8b50e68baba1)
2019-07-23 09:18:49.728 22701 RALLYDEBUG rally_openstack.cleanup.manager [-] Deleting neutron.port object s_rally_3ec01db7_CKdxJQSh (44d82fcc-16ed-4535-b47f-63601f9d4174)
2019-07-23 09:18:49.771 22701 RALLYDEBUG rally_openstack.cleanup.manager [-] Deleting neutron.port object s_rally_3ec01db7_aDYjvUGz (469251af-bbaf-4bcb-aa41-2bdeb799122e)
2019-07-23 09:18:49.785 22701 RALLYDEBUG rally_openstack.cleanup.manager [-] Deleting neutron.port object s_rally_3ec01db7_RhvoQBfU (47bc92f5-7b78-4d09-8a67-7c38be837c62)
2019-07-23 09:18:49.856 22701 RALLYDEBUG rally_openstack.cleanup.manager [-] Deleting neutron.port object s_rally_3ec01db7_UdQiW6FF (4c66731f-6613-47b9-a085-50d205bb53a5)
2019-07-23 09:18:50.876 22701 RALLYDEBUG rally_openstack.cleanup.manager [-] Deleting neutron.port object s_rally_3ec01db7_pUApqOCz (4d20919d-cc5b-43b9-8521-95f6d64c5cb5)
2019-07-23 09:18:51.000 22701 RALLYDEBUG rally_openstack.cleanup.manager [-] Deleting neutron.port object s_rally_3ec01db7_00UyCoXR (4d47f9a8-d392-4df3-a8cf-1554637053f6)
2019-07-23 09:18:51.215 22701 RALLYDEBUG rally_openstack.cleanup.manager [-] Deleting neutron.port object s_rally_3ec01db7_6thaSFXE (52f15348-6d47-49b0-8fcf-73612f971af7)
2019-07-23 09:18:51.225 22701 RALLYDEBUG rally_openstack.cleanup.manager [-] Deleting neutron.port object s_rally_3ec01db7_4nocnu8i (54f70d7d-f930-4b50-8ec1-e1c313fcda4a)
2019-07-23 09:18:51.300 22701 RALLYDEBUG rally_openstack.cleanup.manager [-] Deleting neutron.port object s_rally_3ec01db7_nQYzVGtP (556e38eb-b9cf-4369-beeb-c184fb802f9c)
2019-07-23 09:18:51.537 22701 RALLYDEBUG rally_openstack.cleanup.manager [-] Deleting neutron.port object s_rally_3ec01db7_7la4mfM0 (5715105e-d3b5-4d4f-b5de-437ffa2d043d)
2019-07-23 09:18:51.635 22701 RALLYDEBUG rally_openstack.cleanup.manager [-] Deleting neutron.port object s_rally_3ec01db7_TKkJJfIU (5957f528-777a-4235-ab5b-493178715fa8)
2019-07-23 09:18:51.787 22701 RALLYDEBUG rally_openstack.cleanup.manager [-] Deleting neutron.port object s_rally_3ec01db7_pYfGMGLG (5993f511-87aa-4004-8593-95488905340e)
2019-07-23 09:18:51.899 22701 RALLYDEBUG rally_openstack.cleanup.manager [-] Deleting neutron.port object s_rally_3ec01db7_8uL8BKyf (5c367201-4121-41f8-9026-f49604643553)
2019-07-23 09:18:51.932 22701 RALLYDEBUG rally_openstack.cleanup.manager [-] Deleting neutron.port object s_rally_3ec01db7_UIc4XRba (5ca34981-0f19-4d35-9279-e5798b5884d8)
2019-07-23 09:18:52.203 22701 RALLYDEBUG rally_openstack.cleanup.manager [-] Deleting neutron.port object s_rally_3ec01db7_elbjYuDD (5ddc4acc-c94c-44f6-8e52-73944e37ca0a)
2019-07-23 09:18:52.219 22701 RALLYDEBUG rally_openstack.cleanup.manager [-] Deleting neutron.port object s_rally_3ec01db7_eMKS64hZ (5f284495-cd16-4023-ab22-56df641dcf8f)
