2019-07-23 09:18:52.299 22701 RALLYDEBUG rally_openstack.cleanup.manager [-] Deleting neutron.port object s_rally_3ec01db7_OGCwfce7 (5f4434ec-5270-45ed-85bc-22af3d7bb921)
2019-07-23 09:18:52.320 22701 RALLYDEBUG rally_openstack.cleanup.manager [-] Deleting neutron.port object s_rally_3ec01db7_tHCk2ASu (5f9c8b2d-881e-4a16-97a5-ac66e7dba996)
2019-07-23 09:18:52.441 22701 RALLYDEBUG rally_openstack.cleanup.manager [-] Deleting neutron.port object s_rally_3ec01db7_ZYXJfjwS (5facc220-6020-4a9a-8942-56bb7aefc6e1)
2019-07-23 09:18:52.451 22701 RALLYDEBUG rally_openstack.cleanup.manager [-] Deleting neutron.port object s_rally_3ec01db7_TR0vaZb1 (62267b29-0a05-47f2-9bf5-522200f81f56)
2019-07-23 09:18:52.505 22701 RALLYDEBUG rally_openstack.cleanup.manager [-] Deleting neutron.port object s_rally_3ec01db7_cPZ5QyNa (642f5397-8670-4e47-be6d-6c2b2b30cf1c)
2019-07-23 09:18:52.546 22701 RALLYDEBUG rally_openstack.cleanup.manager [-] Deleting neutron.port object s_rally_3ec01db7_IEU3hdNR (644cdbe3-8f39-45d7-b21c-0be25ba9f74b)
2019-07-23 09:18:52.581 22701 RALLYDEBUG rally_openstack.cleanup.manager [-] Deleting neutron.port object s_rally_3ec01db7_1K8M2ieb (650d2619-9e01-4980-91f8-db5dc179464c)
2019-07-23 09:18:52.590 22701 RALLYDEBUG rally_openstack.cleanup.manager [-] Deleting neutron.port object s_rally_3ec01db7_rFJS1Wdw (663df347-3b78-43aa-8cda-85a7db085551)
2019-07-23 09:18:53.313 22701 RALLYDEBUG rally_openstack.cleanup.manager [-] Deleting neutron.port object s_rally_3ec01db7_hrhBQebY (682c3b95-0e17-4a61-b576-26bfb673111c)
2019-07-23 09:18:53.375 22701 RALLYDEBUG rally_openstack.cleanup.manager [-] Deleting neutron.port object s_rally_3ec01db7_bdBZshom (6aa68546-fabc-4dec-ac35-986834ff133a)
2019-07-23 09:18:53.771 22701 RALLYDEBUG rally_openstack.cleanup.manager [-] Deleting neutron.port object s_rally_3ec01db7_4reygkyf (6ba259c2-0b59-48a6-ad63-8ab9f4ffb612)
2019-07-23 09:18:53.899 22701 RALLYDEBUG rally_openstack.cleanup.manager [-] Deleting neutron.port object s_rally_3ec01db7_GhqWGX0P (6c3d5430-516b-46b9-8f34-3257e7e38d13)
2019-07-23 09:18:53.917 22701 RALLYDEBUG rally_openstack.cleanup.manager [-] Deleting neutron.port object s_rally_3ec01db7_9b7yBfJM (6cdc6d6d-da15-4f38-b637-8be950307dfa)
2019-07-23 09:18:54.029 22701 RALLYDEBUG rally_openstack.cleanup.manager [-] Deleting neutron.port object s_rally_3ec01db7_ZT9E8TEP (6dd6ace5-bbda-4a00-96a6-7226eb61e0ab)
2019-07-23 09:18:54.218 22701 RALLYDEBUG rally_openstack.cleanup.manager [-] Deleting neutron.port object s_rally_3ec01db7_6vdJE88I (6e5f3ab3-14a2-418d-ad8f-c1cb5e2427dc)
2019-07-23 09:18:54.309 22701 RALLYDEBUG rally_openstack.cleanup.manager [-] Deleting neutron.port object s_rally_3ec01db7_KVX5xdyw (715d7e72-181d-49fb-92dc-403952c20f06)
2019-07-23 09:18:54.347 22701 RALLYDEBUG rally_openstack.cleanup.manager [-] Deleting neutron.port object s_rally_3ec01db7_ZVUn5U7T (738acf2a-8098-4be5-8239-651d68922f56)
2019-07-23 09:18:54.615 22701 RALLYDEBUG rally_openstack.cleanup.manager [-] Deleting neutron.port object s_rally_3ec01db7_GJz27DWr (73aefd0f-7205-47fc-ae44-b9ae0f5ba41e)
2019-07-23 09:18:54.690 22701 RALLYDEBUG rally_openstack.cleanup.manager [-] Deleting neutron.port object s_rally_3ec01db7_Ylica18P (74105f8f-bf7b-4093-b127-792049222123)
2019-07-23 09:18:54.753 22701 RALLYDEBUG rally_openstack.cleanup.manager [-] Deleting neutron.port object s_rally_3ec01db7_L3ceP68V (77209d1f-2a7a-4918-b109-64ca343c01b4)
2019-07-23 09:18:54.830 22701 RALLYDEBUG rally_openstack.cleanup.manager [-] Deleting neutron.port object s_rally_3ec01db7_FdE1R4SL (781e266e-e7c5-4065-92d1-332327f739a4)
2019-07-23 09:18:54.902 22701 RALLYDEBUG rally_openstack.cleanup.manager [-] Deleting neutron.port object s_rally_3ec01db7_gw6vh8wG (7a7bab89-aaef-41d1-a772-b6229cb77cd0)
2019-07-23 09:18:54.923 22701 RALLYDEBUG rally_openstack.cleanup.manager [-] Deleting neutron.port object s_rally_3ec01db7_JPi9aJ7X (7b0ff1bd-e88e-4fea-9614-445ac7e68e87)
2019-07-23 09:18:55.238 22701 RALLYDEBUG rally_openstack.cleanup.manager [-] Deleting neutron.port object s_rally_3ec01db7_nDUgEUjc (7ea43ac6-e59a-462c-b138-996d6bf053d5)
2019-07-23 09:18:55.260 22701 RALLYDEBUG rally_openstack.cleanup.manager [-] Deleting neutron.port object s_rally_3ec01db7_XDimQU4S (7ee392fd-a777-4568-8461-f75f24913606)
2019-07-23 09:18:55.363 22701 RALLYDEBUG rally_openstack.cleanup.manager [-] Deleting neutron.port object s_rally_3ec01db7_Ae2inXUs (7efd9da9-5be7-49f5-b2e7-832f5e50c074)
2019-07-23 09:18:55.645 22701 RALLYDEBUG rally_openstack.cleanup.manager [-] Deleting neutron.port object s_rally_3ec01db7_1KD1otID (8037aeb8-8589-441e-86f3-db0b899e9b49)
2019-07-23 09:18:55.657 22701 RALLYDEBUG rally_openstack.cleanup.manager [-] Deleting neutron.port object s_rally_3ec01db7_jJ48jNPl (868e9a27-331d-48b5-b3d6-032d14c8b235)
2019-07-23 09:18:55.689 22701 RALLYDEBUG rally_openstack.cleanup.manager [-] Deleting neutron.port object s_rally_3ec01db7_aEhUFNM7 (87d9a167-b55a-429a-8797-960aad9c9433)
2019-07-23 09:18:55.721 22701 RALLYDEBUG rally_openstack.cleanup.manager [-] Deleting neutron.port object s_rally_3ec01db7_UGGzWnKR (8acf5494-35db-4274-b006-e0913cfb399b)
2019-07-23 09:18:56.159 22701 RALLYDEBUG rally_openstack.cleanup.manager [-] Deleting neutron.port object s_rally_3ec01db7_enfsZRR6 (904e4a61-d19e-4e7f-ba81-ff0b3960cfa6)
2019-07-23 09:18:56.528 22701 RALLYDEBUG rally_openstack.cleanup.manager [-] Deleting neutron.port object s_rally_3ec01db7_C8IOcNU6 (91347864-b5c9-4f1b-b9d6-1a62c876a711)
2019-07-23 09:18:56.581 22701 RALLYDEBUG rally_openstack.cleanup.manager [-] Deleting neutron.port object s_rally_3ec01db7_jC2DoJUQ (9158b8cb-8a5d-456f-b1a7-f32f0532e7fe)
2019-07-23 09:18:56.680 22701 RALLYDEBUG rally_openstack.cleanup.manager [-] Deleting neutron.port object s_rally_3ec01db7_SmD0acHH (944e57a5-0b4d-4210-adff-76f57d3dd052)
2019-07-23 09:18:56.725 22701 RALLYDEBUG rally_openstack.cleanup.manager [-] Deleting neutron.port object s_rally_3ec01db7_F0Tn2TN5 (95029f53-2382-4a51-9a68-293f392a1fed)
2019-07-23 09:18:56.771 22701 RALLYDEBUG rally_openstack.cleanup.manager [-] Deleting neutron.port object s_rally_3ec01db7_W3NIM54g (968492bf-520a-4c00-bd0a-7bc3830301cc)
2019-07-23 09:18:56.951 22701 RALLYDEBUG rally_openstack.cleanup.manager [-] Deleting neutron.port object s_rally_3ec01db7_HbeUcXug (9896d69a-6fb3-4f93-af39-cd57783f6cb6)
2019-07-23 09:18:57.015 22701 RALLYDEBUG rally_openstack.cleanup.manager [-] Deleting neutron.port object s_rally_3ec01db7_nHa1MuN5 (9a831608-9dc9-4677-8051-b2e36111b847)
2019-07-23 09:18:57.125 22701 RALLYDEBUG rally_openstack.cleanup.manager [-] Deleting neutron.port object s_rally_3ec01db7_F1LtiOyk (9afbc225-5e34-4d70-be08-dccfe7ba0cc9)
2019-07-23 09:18:57.197 22701 RALLYDEBUG rally_openstack.cleanup.manager [-] Deleting neutron.port object s_rally_3ec01db7_YbF3DbjT (9c59d5b5-d752-4a06-9d03-dc3373563a42)
2019-07-23 09:18:57.232 22701 RALLYDEBUG rally_openstack.cleanup.manager [-] Deleting neutron.port object s_rally_3ec01db7_ycJ0Hk3P (9c72979f-b26e-4c75-9609-11b4deeb47cc)
2019-07-23 09:18:57.516 22701 RALLYDEBUG rally_openstack.cleanup.manager [-] Deleting neutron.port object s_rally_3ec01db7_7jDPCjWf (9e147ba5-0bbf-4f84-9fda-f6ff72e45b07)
2019-07-23 09:18:57.605 22701 RALLYDEBUG rally_openstack.cleanup.manager [-] Deleting neutron.port object s_rally_3ec01db7_zAAOyz5q (9ea7966d-1236-46a8-be5c-ce031bdceb75)
2019-07-23 09:18:57.890 22701 RALLYDEBUG rally_openstack.cleanup.manager [-] Deleting neutron.port object s_rally_3ec01db7_VPd9XK6o (9ecae9c3-4084-4f49-8868-1e97fb26be64)
2019-07-23 09:18:57.930 22701 RALLYDEBUG rally_openstack.cleanup.manager [-] Deleting neutron.port object s_rally_3ec01db7_uQyQfeZa (a413b345-bfa3-4274-860f-8748c00bd334)
2019-07-23 09:18:57.936 22701 RALLYDEBUG rally_openstack.cleanup.manager [-] Deleting neutron.port object s_rally_3ec01db7_xNogmS4R (a42cb0f0-51fd-4342-9dfb-7a8ca413f74a)
2019-07-23 09:18:57.960 22701 RALLYDEBUG rally_openstack.cleanup.manager [-] Deleting neutron.port object s_rally_3ec01db7_1k4yQxCo (a5044f23-a7d9-485a-96f7-d49b4863bf4c)
2019-07-23 09:18:58.082 22701 RALLYDEBUG rally_openstack.cleanup.manager [-] Deleting neutron.port object s_rally_3ec01db7_JIsThHWF (a7f4bda2-3506-4f55-a737-a491e83c03d7)
2019-07-23 09:18:58.226 22701 RALLYDEBUG rally_openstack.cleanup.manager [-] Deleting neutron.port object s_rally_3ec01db7_U0LYneOy (addae7e0-64b5-495f-a8ff-f59dd7dbafd0)
2019-07-23 09:18:58.456 22701 RALLYDEBUG rally_openstack.cleanup.manager [-] Deleting neutron.port object s_rally_3ec01db7_TeSygjHV (b158e718-171b-4617-8903-85c73030442a)
2019-07-23 09:18:58.665 22701 RALLYDEBUG rally_openstack.cleanup.manager [-] Deleting neutron.port object s_rally_3ec01db7_VjIwZ6WI (b1f4f288-030b-42b6-b6f5-c0b700d7cdaf)
2019-07-23 09:18:58.927 22701 RALLYDEBUG rally_openstack.cleanup.manager [-] Deleting neutron.port object s_rally_3ec01db7_bBSyYY3z (b352e5b4-18c9-4c28-b56a-d633f23c1253)
2019-07-23 09:18:59.426 22701 RALLYDEBUG rally_openstack.cleanup.manager [-] Deleting neutron.port object s_rally_3ec01db7_6KxxFSul (b55d5d6e-bb2c-4253-95dc-ee9b9aa04a43)
2019-07-23 09:18:59.480 22701 RALLYDEBUG rally_openstack.cleanup.manager [-] Deleting neutron.port object s_rally_3ec01db7_yuRI8xke (b80d9b79-0c45-4e45-a873-1d8b4e13c625)
2019-07-23 09:18:59.517 22701 RALLYDEBUG rally_openstack.cleanup.manager [-] Deleting neutron.port object s_rally_3ec01db7_daIDHgAK (be16a2e3-c488-4a14-82d2-548394da391b)
2019-07-23 09:18:59.654 22701 RALLYDEBUG rally_openstack.cleanup.manager [-] Deleting neutron.port object s_rally_3ec01db7_ukxdMRbo (bff4915b-991b-408d-b30e-f6151093b90f)
2019-07-23 09:18:59.732 22701 RALLYDEBUG rally_openstack.cleanup.manager [-] Deleting neutron.port object s_rally_3ec01db7_CgQgZgg7 (c0a7280b-d13d-41fb-9610-48f731c48d70)
2019-07-23 09:18:59.751 22701 RALLYDEBUG rally_openstack.cleanup.manager [-] Deleting neutron.port object s_rally_3ec01db7_pVlaxQ4t (c1240009-b55d-4687-9910-f252b756f716)
2019-07-23 09:18:59.763 22701 RALLYDEBUG rally_openstack.cleanup.manager [-] Deleting neutron.port object s_rally_3ec01db7_YjRdfj1w (c216face-930a-4936-81cc-54f1d0ece82d)
2019-07-23 09:18:59.799 22701 RALLYDEBUG rally_openstack.cleanup.manager [-] Deleting neutron.port object s_rally_3ec01db7_6Nt7Hea4 (c28331e6-9dbe-4697-8f59-cc10abaa09ce)
2019-07-23 09:18:59.822 22701 RALLYDEBUG rally_openstack.cleanup.manager [-] Deleting neutron.port object s_rally_3ec01db7_UBEECj5m (c3aa7898-7393-434b-b39e-219fa7234b4f)
2019-07-23 09:18:59.859 22701 RALLYDEBUG rally_openstack.cleanup.manager [-] Deleting neutron.port object s_rally_3ec01db7_6UsDfJSz (c44bb3ca-aeb3-4916-bd85-dc1a393ace7b)
2019-07-23 09:19:00.064 22701 RALLYDEBUG rally_openstack.cleanup.manager [-] Deleting neutron.port object s_rally_3ec01db7_yKXb0Oqq (c4ebd4b8-85f7-4b5a-a19a-c958fc963528)
2019-07-23 09:19:00.337 22701 RALLYDEBUG rally_openstack.cleanup.manager [-] Deleting neutron.port object s_rally_3ec01db7_nySqhcIn (c5e22e14-ca91-4941-b7e1-33284bf2a68d)
2019-07-23 09:19:00.380 22701 RALLYDEBUG rally_openstack.cleanup.manager [-] Deleting neutron.port object s_rally_3ec01db7_De4bGfkS (c604fc3c-6747-4657-b995-ca511aa13057)
2019-07-23 09:19:00.415 22701 RALLYDEBUG rally_openstack.cleanup.manager [-] Deleting neutron.port object s_rally_3ec01db7_ycUy3z7w (c713f3a0-b2c0-4a88-af22-52a10232f9aa)
2019-07-23 09:19:00.477 22701 RALLYDEBUG rally_openstack.cleanup.manager [-] Deleting neutron.port object s_rally_3ec01db7_Jn02xpF9 (c8abc3f4-905b-488c-a104-861dd4f8f9bd)
2019-07-23 09:19:00.691 22701 RALLYDEBUG rally_openstack.cleanup.manager [-] Deleting neutron.port object s_rally_3ec01db7_2kbYQYR3 (c968ec6b-ffd1-4cb5-91df-42ab9f6455fb)
2019-07-23 09:19:00.764 22701 RALLYDEBUG rally_openstack.cleanup.manager [-] Deleting neutron.port object s_rally_3ec01db7_QCjWVqPt (c981a42d-e84f-4f72-abb2-865946207846)
2019-07-23 09:19:00.837 22701 RALLYDEBUG rally_openstack.cleanup.manager [-] Deleting neutron.port object s_rally_3ec01db7_EqFr3KY5 (cb270484-ce9f-40f0-834c-ce5977e646b5)
2019-07-23 09:19:00.938 22701 RALLYDEBUG rally_openstack.cleanup.manager [-] Deleting neutron.port object s_rally_3ec01db7_eQsgfjSy (cb373fe4-7b7d-48f9-81e6-462e8446b09b)
2019-07-23 09:19:01.269 22701 RALLYDEBUG rally_openstack.cleanup.manager [-] Deleting neutron.port object s_rally_3ec01db7_zjV9lpON (cb855d8a-48ec-4398-b8ec-309a0a1cee09)
2019-07-23 09:19:01.677 22701 RALLYDEBUG rally_openstack.cleanup.manager [-] Deleting neutron.port object s_rally_3ec01db7_zNYZLxFY (cc5488a5-4c90-4a22-9b05-c0375732dfc2)
2019-07-23 09:19:01.744 22701 RALLYDEBUG rally_openstack.cleanup.manager [-] Deleting neutron.port object s_rally_3ec01db7_YPx3D09r (cde91249-afe3-4cbb-afe1-73169d4d442b)
2019-07-23 09:19:01.963 22701 RALLYDEBUG rally_openstack.cleanup.manager [-] Deleting neutron.port object s_rally_3ec01db7_7sqjhgFU (d25d9ca1-846f-4d45-96b8-46bc6a7a7e01)
2019-07-23 09:19:01.972 22701 RALLYDEBUG rally_openstack.cleanup.manager [-] Deleting neutron.port object s_rally_3ec01db7_nQv3z7mv (d25e27f0-e9c2-4b58-aaaa-db385c6cf6ee)
2019-07-23 09:19:02.049 22701 RALLYDEBUG rally_openstack.cleanup.manager [-] Deleting neutron.port object s_rally_3ec01db7_I5MlvsYd (d36c65f6-689e-4007-ab20-cee8a4eeb268)
2019-07-23 09:19:02.133 22701 RALLYDEBUG rally_openstack.cleanup.manager [-] Deleting neutron.port object s_rally_3ec01db7_avUPGg1t (d457d0ab-83bd-43ce-9953-c3542baf0616)
2019-07-23 09:19:02.143 22701 RALLYDEBUG rally_openstack.cleanup.manager [-] Deleting neutron.port object s_rally_3ec01db7_pnzuywJl (d6c66986-d949-446f-8fc6-f15519272fa2)
2019-07-23 09:19:02.193 22701 RALLYDEBUG rally_openstack.cleanup.manager [-] Deleting neutron.port object s_rally_3ec01db7_HQCcPFnw (d851b36e-9fe5-4d7e-869b-2aacbe66205c)
2019-07-23 09:19:02.368 22701 RALLYDEBUG rally_openstack.cleanup.manager [-] Deleting neutron.port object s_rally_3ec01db7_UQUeC9PN (db18d9fb-df65-408d-a206-8cee7ca25a97)
2019-07-23 09:19:02.390 22701 RALLYDEBUG rally_openstack.cleanup.manager [-] Deleting neutron.port object s_rally_3ec01db7_eS6JlMCU (db2350a9-be57-4095-867f-1834fc88c2e2)
2019-07-23 09:19:02.430 22701 RALLYDEBUG rally_openstack.cleanup.manager [-] Deleting neutron.port object s_rally_3ec01db7_ylzyGNhQ (db5aa801-882f-4d43-ac26-c27820a5cbe1)
2019-07-23 09:19:02.624 22701 RALLYDEBUG rally_openstack.cleanup.manager [-] Deleting neutron.port object s_rally_3ec01db7_etXLI5W4 (dbbd41b2-5f0b-4d90-9754-3063eb471ef2)
2019-07-23 09:19:02.785 22701 RALLYDEBUG rally_openstack.cleanup.manager [-] Deleting neutron.port object s_rally_3ec01db7_awnJRRps (dbc3adca-fa12-4e7b-847a-daa32d4bff14)
2019-07-23 09:19:02.913 22701 RALLYDEBUG rally_openstack.cleanup.manager [-] Deleting neutron.port object s_rally_3ec01db7_SB8lRKq4 (dd317680-b2cd-4d9d-951f-c1e4fc405cde)
2019-07-23 09:19:03.277 22701 RALLYDEBUG rally_openstack.cleanup.manager [-] Deleting neutron.port object s_rally_3ec01db7_D1n0mHkC (dd47ffd2-2857-4781-a969-6e89350df0e6)
2019-07-23 09:19:03.299 22701 RALLYDEBUG rally_openstack.cleanup.manager [-] Deleting neutron.port object s_rally_3ec01db7_ksZCy5k5 (ddb8a413-4e06-4a3b-ba69-5271867515c8)
2019-07-23 09:19:03.444 22701 RALLYDEBUG rally_openstack.cleanup.manager [-] Deleting neutron.port object s_rally_3ec01db7_fzM6G9z0 (deb64962-c564-4215-8e5e-005e88ec7442)
2019-07-23 09:19:03.498 22701 RALLYDEBUG rally_openstack.cleanup.manager [-] Deleting neutron.port object s_rally_3ec01db7_1W8xhh17 (df379d22-483e-4b6b-9fd9-e27ff2cc778a)
2019-07-23 09:19:03.504 22701 RALLYDEBUG rally_openstack.cleanup.manager [-] Deleting neutron.port object s_rally_3ec01db7_Wey9W0d6 (dfa747ce-3f0f-4f9c-9571-1aa2ee6c4dcd)
2019-07-23 09:19:03.570 22701 RALLYDEBUG rally_openstack.cleanup.manager [-] Deleting neutron.port object s_rally_3ec01db7_Cl8vXaCW (e00679fb-1363-490f-b307-21ecd42b406b)
2019-07-23 09:19:04.261 22701 RALLYDEBUG rally_openstack.cleanup.manager [-] Deleting neutron.port object s_rally_3ec01db7_8XlwPox2 (e0124c5c-f299-4ea2-b9f0-c7295b0f5255)
2019-07-23 09:19:04.327 22701 RALLYDEBUG rally_openstack.cleanup.manager [-] Deleting neutron.port object s_rally_3ec01db7_Qfaxx8WB (e1493912-7703-438c-92e3-e23b5b9c363a)
2019-07-23 09:19:04.474 22701 RALLYDEBUG rally_openstack.cleanup.manager [-] Deleting neutron.port object s_rally_3ec01db7_TUff0b7T (e1908177-84e0-4dce-8612-5f2637a0ec21)
2019-07-23 09:19:04.486 22701 RALLYDEBUG rally_openstack.cleanup.manager [-] Deleting neutron.port object s_rally_3ec01db7_sadxPLGS (e1947b50-bb16-4cab-95c5-0f708f74b3c3)
2019-07-23 09:19:04.768 22701 RALLYDEBUG rally_openstack.cleanup.manager [-] Deleting neutron.port object s_rally_3ec01db7_0S3eP1wA (e3fb090a-3dcd-4d8d-9ee8-1d7a70b2721c)
2019-07-23 09:19:04.797 22701 RALLYDEBUG rally_openstack.cleanup.manager [-] Deleting neutron.port object s_rally_3ec01db7_9icrk55p (e5671fe2-522a-4397-897a-976f69d10921)
2019-07-23 09:19:04.854 22701 RALLYDEBUG rally_openstack.cleanup.manager [-] Deleting neutron.port object s_rally_3ec01db7_AchBmkqa (e5e66039-d981-438e-962e-423a89ebdfda)
2019-07-23 09:19:04.937 22701 RALLYDEBUG rally_openstack.cleanup.manager [-] Deleting neutron.port object s_rally_3ec01db7_YOK0lMro (e682ef8b-3c87-4752-9008-da1a1b643e1e)
2019-07-23 09:19:04.939 22701 RALLYDEBUG rally_openstack.cleanup.manager [-] Deleting neutron.port object s_rally_3ec01db7_tPg0kJtq (e66ddead-abf0-4916-8ca2-d2d7836a9015)
2019-07-23 09:19:05.025 22701 RALLYDEBUG rally_openstack.cleanup.manager [-] Deleting neutron.port object s_rally_3ec01db7_Uv72W0VW (e6bcd56d-d3a8-4e06-8f7a-729b0d796e00)
2019-07-23 09:19:05.091 22701 RALLYDEBUG rally_openstack.cleanup.manager [-] Deleting neutron.port object s_rally_3ec01db7_XOToLO3z (e7664d6b-affd-4679-ac1e-b17188c9f9aa)
2019-07-23 09:19:05.126 22701 RALLYDEBUG rally_openstack.cleanup.manager [-] Deleting neutron.port object s_rally_3ec01db7_ti3Gs60T (e93ad7b4-99fc-4fe9-87ae-bebcc9ca016c)
2019-07-23 09:19:05.302 22701 RALLYDEBUG rally_openstack.cleanup.manager [-] Deleting neutron.port object s_rally_3ec01db7_XgzrH3y0 (ea09d228-4211-4d73-994b-f7ea1f7baa30)
2019-07-23 09:19:05.441 22701 RALLYDEBUG rally_openstack.cleanup.manager [-] Deleting neutron.port object s_rally_3ec01db7_rbuBctG9 (ebdf4eb2-f52c-4230-aeba-821a4c49fb0e)
2019-07-23 09:19:05.632 22701 RALLYDEBUG rally_openstack.cleanup.manager [-] Deleting neutron.port object s_rally_3ec01db7_nIHhXrfr (ec27bd9c-8ed6-4a6a-879b-906c16385ea6)
2019-07-23 09:19:05.746 22701 RALLYDEBUG rally_openstack.cleanup.manager [-] Deleting neutron.port object s_rally_3ec01db7_5zuhx4GM (ec80d41f-b220-4aa9-b631-06615ca65a19)
2019-07-23 09:19:05.759 22701 RALLYDEBUG rally_openstack.cleanup.manager [-] Deleting neutron.port object s_rally_3ec01db7_Wr5lwxV9 (ed8ace03-ef8d-484b-acf3-50ac4ef36f52)
2019-07-23 09:19:05.953 22701 RALLYDEBUG rally_openstack.cleanup.manager [-] Deleting neutron.port object s_rally_3ec01db7_4666xWii (eeb661b9-6276-4d2a-bb7d-6f286408aec4)
2019-07-23 09:19:06.050 22701 RALLYDEBUG rally_openstack.cleanup.manager [-] Deleting neutron.port object s_rally_3ec01db7_3ovl16K5 (eedae847-6a21-473e-b8b9-d91e838f54c7)
2019-07-23 09:19:06.156 22701 RALLYDEBUG rally_openstack.cleanup.manager [-] Deleting neutron.port object s_rally_3ec01db7_Nck9u4Cc (f10c94af-c467-4900-986e-0341efb17a82)
2019-07-23 09:19:06.488 22701 RALLYDEBUG rally_openstack.cleanup.manager [-] Deleting neutron.port object s_rally_3ec01db7_CipqNhyG (f2d72ded-692f-4016-9567-3d605a782e07)
2019-07-23 09:19:06.529 22701 RALLYDEBUG rally_openstack.cleanup.manager [-] Deleting neutron.port object s_rally_3ec01db7_4zeDGHNs (f36976f5-eee4-48ce-ae6c-17e99fbc6db2)
2019-07-23 09:19:06.770 22701 RALLYDEBUG rally_openstack.cleanup.manager [-] Deleting neutron.port object s_rally_3ec01db7_hpXw44RV (f36aff8b-8f39-4442-91ec-25e010aefe1b)
2019-07-23 09:19:07.017 22701 RALLYDEBUG rally_openstack.cleanup.manager [-] Deleting neutron.port object s_rally_3ec01db7_1QRQa9uM (f3e86679-f7e0-4fe9-a785-150b1df5b7bf)
2019-07-23 09:19:07.114 22701 RALLYDEBUG rally_openstack.cleanup.manager [-] Deleting neutron.port object s_rally_3ec01db7_IuUewzS0 (f5d1b0b5-9ebc-481b-9e74-50f1a330e85c)
2019-07-23 09:19:07.229 22701 RALLYDEBUG rally_openstack.cleanup.manager [-] Deleting neutron.port object s_rally_3ec01db7_jPfAyZZa (f5e44f7d-416e-4ae1-b440-2ce89c022fb3)
2019-07-23 09:19:07.327 22701 RALLYDEBUG rally_openstack.cleanup.manager [-] Deleting neutron.port object s_rally_3ec01db7_3cjpc9uK (f6cd914a-fc6e-401c-81bb-c82edd3d7c4b)
2019-07-23 09:19:07.727 22701 RALLYDEBUG rally_openstack.cleanup.manager [-] Deleting neutron.port object s_rally_3ec01db7_eJ6DjkmM (f7e5139a-ab4c-4a30-836b-5c5ab74cb8e1)
2019-07-23 09:19:07.752 22701 RALLYDEBUG rally_openstack.cleanup.manager [-] Deleting neutron.port object s_rally_3ec01db7_0xVnyqQ4 (f8599dd5-b75b-4e2a-bb38-c5d0fcdf3c11)
2019-07-23 09:19:07.874 22701 RALLYDEBUG rally_openstack.cleanup.manager [-] Deleting neutron.port object s_rally_3ec01db7_JKD0NSe7 (f884ba90-7a61-4d61-b33c-a6d3fb0db66a)
2019-07-23 09:19:07.955 22701 RALLYDEBUG rally_openstack.cleanup.manager [-] Deleting neutron.port object s_rally_3ec01db7_GtzQFgsw (f8a7ff3a-5e21-49dd-8569-4a44cb28eb5d)
2019-07-23 09:19:07.970 22701 RALLYDEBUG rally_openstack.cleanup.manager [-] Deleting neutron.port object s_rally_3ec01db7_qP9UvXxE (f8be4dd7-322a-4684-8b09-c4540b428963)
2019-07-23 09:19:08.016 22701 RALLYDEBUG rally_openstack.cleanup.manager [-] Deleting neutron.port object s_rally_3ec01db7_TsC1uTTk (f9ac136b-a1bc-447b-acbb-5830bce0c6c8)
2019-07-23 09:19:08.042 22701 RALLYDEBUG rally_openstack.cleanup.manager [-] Deleting neutron.port object s_rally_3ec01db7_OTFX3dVE (fa578ee8-bc7e-47f8-8c33-998e9b3aa297)
2019-07-23 09:19:08.074 22701 RALLYDEBUG rally_openstack.cleanup.manager [-] Deleting neutron.port object s_rally_3ec01db7_UvdjCTgN (fc6dea3b-7c78-44af-a656-4e264af8678b)
2019-07-23 09:19:08.125 22701 RALLYDEBUG rally_openstack.cleanup.manager [-] Deleting neutron.port object s_rally_3ec01db7_lrOcDHG6 (ff569407-0bd8-4df6-9fe0-f5410e579be9)
2019-07-23 09:19:10.910 22701 RALLYDEBUG rally_openstack.cleanup.manager [-] Cleaning up neutron subnet objects
2019-07-23 09:19:12.044 22701 RALLYDEBUG rally_openstack.cleanup.manager [-] Cleaning up neutron network objects
2019-07-23 09:19:12.862 22701 RALLYDEBUG rally_openstack.cleanup.manager [-] Deleting neutron.network object s_rally_3ec01db7_eQyTYnok (031f05f1-4a57-4188-8847-4e80be83bf0b)
2019-07-23 09:19:12.871 22701 RALLYDEBUG rally_openstack.cleanup.manager [-] Deleting neutron.network object s_rally_3ec01db7_eCPMFFAh (1b5c5878-4692-41f7-bb6e-ed33c5ee12ad)
2019-07-23 09:19:12.875 22701 RALLYDEBUG rally_openstack.cleanup.manager [-] Deleting neutron.network object s_rally_3ec01db7_5kXt58vQ (1ddb287a-1d12-4e20-860c-b1c89d45c7c9)
2019-07-23 09:19:12.878 22701 RALLYDEBUG rally_openstack.cleanup.manager [-] Deleting neutron.network object s_rally_3ec01db7_OkxmXUcJ (1ef00152-8d6b-4728-986f-bae1d229061b)
2019-07-23 09:19:12.882 22701 RALLYDEBUG rally_openstack.cleanup.manager [-] Deleting neutron.network object s_rally_3ec01db7_fvFoySBa (20d565e3-7e77-46b8-9d1d-067cecdc67b3)
2019-07-23 09:19:12.886 22701 RALLYDEBUG rally_openstack.cleanup.manager [-] Deleting neutron.network object s_rally_3ec01db7_5GzedNCa (29b05967-6415-400f-8e34-fd1429d41ba7)
2019-07-23 09:19:12.895 22701 RALLYDEBUG rally_openstack.cleanup.manager [-] Deleting neutron.network object s_rally_3ec01db7_oFaeBYXx (37244522-e6b5-437d-9761-f825cb423210)
2019-07-23 09:19:12.907 22701 RALLYDEBUG rally_openstack.cleanup.manager [-] Deleting neutron.network object s_rally_3ec01db7_RWJvWeG6 (3ffe7f98-03b5-454e-9fba-19369cfe0f77)
2019-07-23 09:19:12.912 22701 RALLYDEBUG rally_openstack.cleanup.manager [-] Deleting neutron.network object s_rally_3ec01db7_wOwKaKpd (375600c1-a7e8-4b2a-afb8-dc8cf698ff5f)
2019-07-23 09:19:12.914 22701 RALLYDEBUG rally_openstack.cleanup.manager [-] Deleting neutron.network object s_rally_3ec01db7_Cv2a5dx8 (41b773f5-aa54-4d50-875e-d99cd3b9183d)
2019-07-23 09:19:12.944 22701 RALLYDEBUG rally_openstack.cleanup.manager [-] Deleting neutron.network object s_rally_3ec01db7_N8TTAXpM (52949242-9e5e-4521-ba0d-c6ab1e33590e)
2019-07-23 09:19:12.957 22701 RALLYDEBUG rally_openstack.cleanup.manager [-] Deleting neutron.network object s_rally_3ec01db7_v12RmIHk (45430dd4-22c4-4b1d-a356-00ec2f178d35)
2019-07-23 09:19:12.962 22701 RALLYDEBUG rally_openstack.cleanup.manager [-] Deleting neutron.network object s_rally_3ec01db7_h9mrlUvl (6632466d-82fe-416f-9b14-67c340dad5e1)
2019-07-23 09:19:12.966 22701 RALLYDEBUG rally_openstack.cleanup.manager [-] Deleting neutron.network object s_rally_3ec01db7_gBjtq2bf (703880e1-b88f-4860-a84a-2759965972eb)
2019-07-23 09:19:12.971 22701 RALLYDEBUG rally_openstack.cleanup.manager [-] Deleting neutron.network object s_rally_3ec01db7_CxAON8GQ (789251a4-11c2-4eb1-9fdf-f1b03bc202f3)
2019-07-23 09:19:12.992 22701 RALLYDEBUG rally_openstack.cleanup.manager [-] Deleting neutron.network object s_rally_3ec01db7_ZN2RLsM0 (800e51a2-eb80-4b33-a148-7d470b0f1c17)
2019-07-23 09:19:13.005 22701 RALLYDEBUG rally_openstack.cleanup.manager [-] Deleting neutron.network object s_rally_3ec01db7_K3Nc0uIe (812a5e4d-535c-48be-a1f3-ac58e23cfa36)
2019-07-23 09:19:13.008 22701 RALLYDEBUG rally_openstack.cleanup.manager [-] Deleting neutron.network object s_rally_3ec01db7_RDJbvwE9 (8f7a7036-71a1-478c-ba45-0b3b5b93ca04)
2019-07-23 09:19:13.017 22701 RALLYDEBUG rally_openstack.cleanup.manager [-] Deleting neutron.network object s_rally_3ec01db7_ZC97waQk (90ee6440-dc98-4625-86b2-216b44d02e08)
2019-07-23 09:19:13.033 22701 RALLYDEBUG rally_openstack.cleanup.manager [-] Deleting neutron.network object s_rally_3ec01db7_Vwl1YEkK (94a14cc4-b071-403f-bd60-3ac4cf663c9c)
2019-07-23 09:19:16.257 22701 RALLYDEBUG rally_openstack.cleanup.manager [-] Deleting neutron.network object s_rally_3ec01db7_G2fhmah7 (9b334835-8ced-416b-aff8-0b0fd1c8615b)
2019-07-23 09:19:16.421 22701 RALLYDEBUG rally_openstack.cleanup.manager [-] Deleting neutron.network object s_rally_3ec01db7_sfoKdydQ (a31235ff-33e8-40d0-8652-eafff8ee765b)
2019-07-23 09:19:16.621 22701 RALLYDEBUG rally_openstack.cleanup.manager [-] Deleting neutron.network object s_rally_3ec01db7_QHUpLnOr (ab4b0d46-bfbb-4475-b48d-c546ce91b6d0)
2019-07-23 09:19:16.718 22701 RALLYDEBUG rally_openstack.cleanup.manager [-] Deleting neutron.network object s_rally_3ec01db7_qkQwky03 (ab9dab2e-9818-43b4-9601-9e0ac6f1bd5e)
2019-07-23 09:19:16.817 22701 RALLYDEBUG rally_openstack.cleanup.manager [-] Deleting neutron.network object s_rally_3ec01db7_JNNGET5G (ac8e38c7-7044-41e6-b5c9-89b4d720b73e)
2019-07-23 09:19:16.825 22701 RALLYDEBUG rally_openstack.cleanup.manager [-] Deleting neutron.network object s_rally_3ec01db7_gBYPN6QB (ae3ff222-0b3c-47d7-b604-28611b7d2374)
2019-07-23 09:19:16.840 22701 RALLYDEBUG rally_openstack.cleanup.manager [-] Deleting neutron.network object s_rally_3ec01db7_lRZTtbkF (b4a9efbe-f077-4569-a029-464f97ce3f1f)
2019-07-23 09:19:16.880 22701 RALLYDEBUG rally_openstack.cleanup.manager [-] Deleting neutron.network object s_rally_3ec01db7_nWxiobsW (bc32a130-005a-475a-b857-2eef0f2b4011)
2019-07-23 09:19:16.997 22701 RALLYDEBUG rally_openstack.cleanup.manager [-] Deleting neutron.network object s_rally_3ec01db7_P8wctvIr (be424ba6-7048-4ff1-a5d3-4e8426a1b5e9)
2019-07-23 09:19:17.052 22701 RALLYDEBUG rally_openstack.cleanup.manager [-] Deleting neutron.network object s_rally_3ec01db7_H4q5pgbp (d9972ef5-82a9-45ca-84a0-dc9b59fccc08)
2019-07-23 09:19:17.093 22701 RALLYDEBUG rally_openstack.cleanup.manager [-] Deleting neutron.network object s_rally_3ec01db7_FZAY7dTN (ddc5bd2e-8b29-4bfd-862f-f375fb7aa1c0)
2019-07-23 09:19:17.466 22701 RALLYDEBUG rally_openstack.cleanup.manager [-] Deleting neutron.network object s_rally_3ec01db7_7gQG06EC (df18a5da-cf6d-4fae-9da0-9a7854ae5b8d)
2019-07-23 09:19:17.633 22701 RALLYDEBUG rally_openstack.cleanup.manager [-] Deleting neutron.network object s_rally_3ec01db7_kwPvGSLK (e23135b5-8219-4366-a068-a252bdcf438d)
2019-07-23 09:19:17.638 22701 RALLYDEBUG rally_openstack.cleanup.manager [-] Deleting neutron.network object s_rally_3ec01db7_6mGX1CR2 (ea06a3a8-b2a3-455e-a444-0488203c36d6)
2019-07-23 09:19:17.709 22701 RALLYDEBUG rally_openstack.cleanup.manager [-] Deleting neutron.network object s_rally_3ec01db7_W1IU5NKH (ef15e02b-8a02-4a6d-a43f-c6c9b2f67e64)
2019-07-23 09:19:17.906 22701 RALLYDEBUG rally_openstack.cleanup.manager [-] Deleting neutron.network object s_rally_3ec01db7_vkuN5n9f (f39ab795-f2ba-46ec-8838-7a7f29c40ef1)
2019-07-23 09:19:17.913 22701 RALLYDEBUG rally_openstack.cleanup.manager [-] Deleting neutron.network object s_rally_3ec01db7_VcxMn2hJ (f7a319e0-34f2-4378-919b-e28bd814e885)
2019-07-23 09:19:18.845 22701 RALLYDEBUG rally_openstack.cleanup.manager [-] Deleting neutron.network object s_rally_3ec01db7_h38vTNHl (fa0c843d-516b-41d6-9a3c-3e2a7c78dfa5)
2019-07-23 09:19:18.966 22701 RALLYDEBUG rally_openstack.cleanup.manager [-] Deleting neutron.network object s_rally_3ec01db7_cg4wn73d (fcc32fbd-d4e5-40ab-a991-233ae3db3b91)
2019-07-23 09:19:18.985 22701 RALLYDEBUG rally_openstack.cleanup.manager [-] Deleting neutron.network object s_rally_3ec01db7_UX1bJz0n (fd603fdf-2cae-45c2-b223-77b45553fa37)
2019-07-23 09:19:22.226 22701 RALLYDEBUG rally_openstack.cleanup.manager [-] Cleaning up neutron router objects
2019-07-23 09:19:22.950 22701 RALLYDEBUG rally_openstack.cleanup.manager [-] Cleaning up neutron security_group objects
2019-07-23 09:19:23.653 22701 INFO rally.task.context [-] Task 0cdf50fe-ef12-4623-8cba-38bbf739da57 | Context cleanup@openstack cleanup() finished in 45.25 sec
2019-07-23 09:19:23.654 22701 INFO rally.task.context [-] Task 0cdf50fe-ef12-4623-8cba-38bbf739da57 | Context quotas@openstack cleanup() started
2019-07-23 09:19:23.903 22701 INFO rally.task.context [-] Task 0cdf50fe-ef12-4623-8cba-38bbf739da57 | Context quotas@openstack cleanup() finished in 0.25 sec
2019-07-23 09:19:23.904 22701 INFO rally.task.context [-] Task 0cdf50fe-ef12-4623-8cba-38bbf739da57 | Context users@openstack cleanup() started
2019-07-23 09:19:28.870 22701 INFO rally.task.context [-] Task 0cdf50fe-ef12-4623-8cba-38bbf739da57 | Context users@openstack cleanup() finished in 4.97 sec
2019-07-23 09:19:29.331 22701 INFO rally.task.engine [-] Load duration is: 37.753995
2019-07-23 09:19:29.331 22701 INFO rally.task.engine [-] Full runner duration is: 37.798285
2019-07-23 09:19:29.331 22701 INFO rally.task.engine [-] Full duration is: 93.900765
2019-07-23 09:19:29.515 22701 INFO rally.task.engine [-] Running workload: position = 2 config = { "version": 2, "title": "A cropped version of a bigger task.", "description": "Auto-generated task from a single workload (uuid=922c5b83-673f-497f-a9ea-dff42403f867)", "subtasks": [ { "title": "NeutronNetworks.create_and_delete_ports", "description": "Create and delete a port.", "scenario": { "NeutronNetworks.create_and_delete_ports": { "network_create_args": {}, "port_create_args": {}, "ports_per_network": 5 } }, "contexts": { "users": { "tenants": 1, "users_per_tenant": 1 }, "quotas": { "neutron": { "network": -1, "port": -1 } } }, "runner": { "constant": { "times": 40, "concurrency": 20 } }, "hooks": [], "sla": { "failure_rate": { "max": 0 } } } ] }
2019-07-23 09:19:29.534 22701 RALLYDEBUG rally_openstack.contexts.keystone.users [-] Creating 1 tenants using 20 threads
2019-07-23 09:19:31.392 22701 RALLYDEBUG rally_openstack.contexts.keystone.users [-] Creating 1 users using 20 threads
2019-07-23 09:19:34.181 22701 INFO rally.task.context [-] Task 0cdf50fe-ef12-4623-8cba-38bbf739da57 | Context users@openstack setup() finished in 4.65 sec
2019-07-23 09:19:34.986 22701 INFO rally.task.context [-] Task 0cdf50fe-ef12-4623-8cba-38bbf739da57 | Context quotas@openstack setup() finished in 0.80 sec
2019-07-23 09:19:34.987 22701 INFO rally.task.context [-] Task 0cdf50fe-ef12-4623-8cba-38bbf739da57 | Context cleanup@openstack setup() finished in 0.00 msec
2019-07-23 09:19:34.994 22701 RALLYDEBUG rally.task.runner [-] Starting the constant runner (task UUID: 0cdf50fe-ef12-4623-8cba-38bbf739da57). timeout: 0 concurrency: 20 concurrency_per_worker: 1 times: 40 concurrency_overhead: 4 processes_to_start: 16 max_cpu_used: 16
2019-07-23 09:19:35.004 26943 RALLYDEBUG rally.task.runner [-] Starting a worker. concurrency: 2 args: {"network_create_args": {}, "port_create_args": {}, "ports_per_network": 5} times: 40 method_name: run timeout: 0 duration: None cls:
2019-07-23 09:19:35.007 26944 RALLYDEBUG rally.task.runner [-] Starting a worker. concurrency: 2 args: {"network_create_args": {}, "port_create_args": {}, "ports_per_network": 5} times: 40 method_name: run timeout: 0 duration: None cls:
2019-07-23 09:19:35.010 26946 RALLYDEBUG rally.task.runner [-] Starting a worker. concurrency: 2 args: {"network_create_args": {}, "port_create_args": {}, "ports_per_network": 5} times: 40 method_name: run timeout: 0 duration: None cls:
2019-07-23 09:19:35.010 26943 INFO rally.task.runner [-] Task 0cdf50fe-ef12-4623-8cba-38bbf739da57 | ITER: 1 START
2019-07-23 09:19:35.010 26945 RALLYDEBUG rally.task.runner [-] Starting a worker. concurrency: 2 args: {"network_create_args": {}, "port_create_args": {}, "ports_per_network": 5} times: 40 method_name: run timeout: 0 duration: None cls:
2019-07-23 09:19:35.011 26943 WARNING rally_openstack.scenarios.neutron.utils [-] Running this scenario without either the 'network' or 'existing_network' context is deprecated
2019-07-23 09:19:35.013 26949 RALLYDEBUG rally.task.runner [-] Starting a worker. concurrency: 1 args: {"network_create_args": {}, "port_create_args": {}, "ports_per_network": 5} times: 40 method_name: run timeout: 0 duration: None cls:
2019-07-23 09:19:35.016 26944 INFO rally.task.runner [-] Task 0cdf50fe-ef12-4623-8cba-38bbf739da57 | ITER: 3 START
2019-07-23 09:19:35.016 26951 RALLYDEBUG rally.task.runner [-] Starting a worker. concurrency: 1 args: {"network_create_args": {}, "port_create_args": {}, "ports_per_network": 5} times: 40 method_name: run timeout: 0 duration: None cls:
2019-07-23 09:19:35.017 26949 INFO rally.task.runner [-] Task 0cdf50fe-ef12-4623-8cba-38bbf739da57 | ITER: 7 START
2019-07-23 09:19:35.018 26949 WARNING rally_openstack.scenarios.neutron.utils [-] Running this scenario without either the 'network' or 'existing_network' context is deprecated
2019-07-23 09:19:35.017 26944 INFO rally.task.runner [-] Task 0cdf50fe-ef12-4623-8cba-38bbf739da57 | ITER: 6 START
2019-07-23 09:19:35.015 26943 INFO rally.task.runner [-] Task 0cdf50fe-ef12-4623-8cba-38bbf739da57 | ITER: 2 START
2019-07-23 09:19:35.018 26946 INFO rally.task.runner [-] Task 0cdf50fe-ef12-4623-8cba-38bbf739da57 | ITER: 4 START
2019-07-23 09:19:35.018 26944 WARNING rally_openstack.scenarios.neutron.utils [-] Running this scenario without either the 'network' or 'existing_network' context is deprecated
2019-07-23 09:19:35.019 26955 RALLYDEBUG rally.task.runner [-] Starting a worker. concurrency: 1 args: {"network_create_args": {}, "port_create_args": {}, "ports_per_network": 5} times: 40 method_name: run timeout: 0 duration: None cls:
2019-07-23 09:19:35.020 26946 WARNING rally_openstack.scenarios.neutron.utils [-] Running this scenario without either the 'network' or 'existing_network' context is deprecated
2019-07-23 09:19:35.019 26944 WARNING rally_openstack.scenarios.neutron.utils [-] Running this scenario without either the 'network' or 'existing_network' context is deprecated
2019-07-23 09:19:35.020 26943 WARNING rally_openstack.scenarios.neutron.utils [-] Running this scenario without either the 'network' or 'existing_network' context is deprecated
2019-07-23 09:19:35.020 26951 INFO rally.task.runner [-] Task 0cdf50fe-ef12-4623-8cba-38bbf739da57 | ITER: 10 START
2019-07-23 09:19:35.022 26951 WARNING rally_openstack.scenarios.neutron.utils [-] Running this scenario without either the 'network' or 'existing_network' context is deprecated
2019-07-23 09:19:35.024 26955 INFO rally.task.runner [-] Task 0cdf50fe-ef12-4623-8cba-38bbf739da57 | ITER: 11 START
2019-07-23 09:19:35.024 26964 RALLYDEBUG rally.task.runner [-] Starting a worker. concurrency: 1 args: {"network_create_args": {}, "port_create_args": {}, "ports_per_network": 5} times: 40 method_name: run timeout: 0 duration: None cls:
2019-07-23 09:19:35.025 26955 WARNING rally_openstack.scenarios.neutron.utils [-] Running this scenario without either the 'network' or 'existing_network' context is deprecated
2019-07-23 09:19:35.027 26967 RALLYDEBUG rally.task.runner [-] Starting a worker. concurrency: 1 args: {"network_create_args": {}, "port_create_args": {}, "ports_per_network": 5} times: 40 method_name: run timeout: 0 duration: None cls:
2019-07-23 09:19:35.026 26959 RALLYDEBUG rally.task.runner [-] Starting a worker. concurrency: 1 args: {"network_create_args": {}, "port_create_args": {}, "ports_per_network": 5} times: 40 method_name: run timeout: 0 duration: None cls:
2019-07-23 09:19:35.028 26946 INFO rally.task.runner [-] Task 0cdf50fe-ef12-4623-8cba-38bbf739da57 | ITER: 8 START
2019-07-23 09:19:35.029 26946 WARNING rally_openstack.scenarios.neutron.utils [-] Running this scenario without either the 'network' or 'existing_network' context is deprecated
2019-07-23 09:19:35.030 26967 INFO rally.task.runner [-] Task 0cdf50fe-ef12-4623-8cba-38bbf739da57 | ITER: 13 START
2019-07-23 09:19:35.030 26945 INFO rally.task.runner [-] Task 0cdf50fe-ef12-4623-8cba-38bbf739da57 | ITER: 5 START
2019-07-23 09:19:35.031 26964 INFO rally.task.runner [-] Task 0cdf50fe-ef12-4623-8cba-38bbf739da57 | ITER: 12 START
2019-07-23 09:19:35.031 26967 WARNING rally_openstack.scenarios.neutron.utils [-] Running this scenario without either the 'network' or 'existing_network' context is deprecated
2019-07-23 09:19:35.032 26964 WARNING rally_openstack.scenarios.neutron.utils [-] Running this scenario without either the 'network' or 'existing_network' context is deprecated
2019-07-23 09:19:35.030 26945 INFO rally.task.runner [-] Task 0cdf50fe-ef12-4623-8cba-38bbf739da57 | ITER: 9 START
2019-07-23 09:19:35.032 26945 WARNING rally_openstack.scenarios.neutron.utils [-] Running this scenario without either the 'network' or 'existing_network' context is deprecated
2019-07-23 09:19:35.033 26970 RALLYDEBUG rally.task.runner [-] Starting a worker. concurrency: 1 args: {"network_create_args": {}, "port_create_args": {}, "ports_per_network": 5} times: 40 method_name: run timeout: 0 duration: None cls:
2019-07-23 09:19:35.034 26959 INFO rally.task.runner [-] Task 0cdf50fe-ef12-4623-8cba-38bbf739da57 | ITER: 14 START
2019-07-23 09:19:35.035 26959 WARNING rally_openstack.scenarios.neutron.utils [-] Running this scenario without either the 'network' or 'existing_network' context is deprecated
2019-07-23 09:19:35.033 26945 WARNING rally_openstack.scenarios.neutron.utils [-] Running this scenario without either the 'network' or 'existing_network' context is deprecated
2019-07-23 09:19:35.038 26970 INFO rally.task.runner [-] Task 0cdf50fe-ef12-4623-8cba-38bbf739da57 | ITER: 15 START
2019-07-23 09:19:35.039 26970 WARNING rally_openstack.scenarios.neutron.utils [-] Running this scenario without either the 'network' or 'existing_network' context is deprecated
2019-07-23 09:19:35.040 26975 RALLYDEBUG rally.task.runner [-] Starting a worker. concurrency: 1 args: {"network_create_args": {}, "port_create_args": {}, "ports_per_network": 5} times: 40 method_name: run timeout: 0 duration: None cls:
2019-07-23 09:19:35.045 26975 INFO rally.task.runner [-] Task 0cdf50fe-ef12-4623-8cba-38bbf739da57 | ITER: 16 START
2019-07-23 09:19:35.046 26975 WARNING rally_openstack.scenarios.neutron.utils [-] Running this scenario without either the 'network' or 'existing_network' context is deprecated
2019-07-23 09:19:35.046 26979 RALLYDEBUG rally.task.runner [-] Starting a worker. concurrency: 1 args: {"network_create_args": {}, "port_create_args": {}, "ports_per_network": 5} times: 40 method_name: run timeout: 0 duration: None cls:
2019-07-23 09:19:35.050 26979 INFO rally.task.runner [-] Task 0cdf50fe-ef12-4623-8cba-38bbf739da57 | ITER: 17 START
2019-07-23 09:19:35.051 26979 WARNING rally_openstack.scenarios.neutron.utils [-] Running this scenario without either the 'network' or 'existing_network' context is deprecated
2019-07-23 09:19:35.059 26986 RALLYDEBUG rally.task.runner [-] Starting a worker. concurrency: 1 args: {"network_create_args": {}, "port_create_args": {}, "ports_per_network": 5} times: 40 method_name: run timeout: 0 duration: None cls:
2019-07-23 09:19:35.062 26986 INFO rally.task.runner [-] Task 0cdf50fe-ef12-4623-8cba-38bbf739da57 | ITER: 18 START
2019-07-23 09:19:35.062 26987 RALLYDEBUG rally.task.runner [-] Starting a worker. concurrency: 1 args: {"network_create_args": {}, "port_create_args": {}, "ports_per_network": 5} times: 40 method_name: run timeout: 0 duration: None cls:
2019-07-23 09:19:35.063 26986 WARNING rally_openstack.scenarios.neutron.utils [-] Running this scenario without either the 'network' or 'existing_network' context is deprecated
2019-07-23 09:19:35.063 26988 RALLYDEBUG rally.task.runner [-] Starting a worker. concurrency: 1 args: {"network_create_args": {}, "port_create_args": {}, "ports_per_network": 5} times: 40 method_name: run timeout: 0 duration: None cls:
2019-07-23 09:19:35.066 26987 INFO rally.task.runner [-] Task 0cdf50fe-ef12-4623-8cba-38bbf739da57 | ITER: 19 START
2019-07-23 09:19:35.067 26987 WARNING rally_openstack.scenarios.neutron.utils [-] Running this scenario without either the 'network' or 'existing_network' context is deprecated
2019-07-23 09:19:35.068 26988 INFO rally.task.runner [-] Task 0cdf50fe-ef12-4623-8cba-38bbf739da57 | ITER: 20 START
2019-07-23 09:19:35.068 26988 WARNING rally_openstack.scenarios.neutron.utils [-] Running this scenario without either the 'network' or 'existing_network' context is deprecated
2019-07-23 09:19:50.951 26944 INFO rally.task.runner [-] Task 0cdf50fe-ef12-4623-8cba-38bbf739da57 | ITER: 3 END: OK
2019-07-23 09:19:50.954 26944 INFO rally.task.runner [-] Task 0cdf50fe-ef12-4623-8cba-38bbf739da57 | ITER: 21 START
2019-07-23 09:19:50.954 26944 WARNING rally_openstack.scenarios.neutron.utils [-] Running this scenario without either the 'network' or 'existing_network' context is deprecated
2019-07-23 09:19:52.904 26945 INFO rally.task.runner [-] Task 0cdf50fe-ef12-4623-8cba-38bbf739da57 | ITER: 9 END: OK
2019-07-23 09:19:52.907 26945 INFO rally.task.runner [-] Task 0cdf50fe-ef12-4623-8cba-38bbf739da57 | ITER: 22 START
2019-07-23 09:19:52.907 26945 WARNING rally_openstack.scenarios.neutron.utils [-] Running this scenario without either the 'network' or 'existing_network' context is deprecated
2019-07-23 09:19:53.057 26970 INFO rally.task.runner [-] Task 0cdf50fe-ef12-4623-8cba-38bbf739da57 | ITER: 15 END: OK
2019-07-23 09:19:53.061 26970 INFO rally.task.runner [-] Task 0cdf50fe-ef12-4623-8cba-38bbf739da57 | ITER: 23 START
2019-07-23 09:19:53.062 26970 WARNING rally_openstack.scenarios.neutron.utils [-] Running this scenario without either the 'network' or 'existing_network' context is deprecated
2019-07-23 09:19:53.307 26964 INFO rally.task.runner [-] Task 0cdf50fe-ef12-4623-8cba-38bbf739da57 | ITER: 12 END: OK
2019-07-23 09:19:53.310 26964 INFO rally.task.runner [-] Task 0cdf50fe-ef12-4623-8cba-38bbf739da57 | ITER: 24 START
2019-07-23 09:19:53.311 26964 WARNING rally_openstack.scenarios.neutron.utils [-] Running this scenario without either the 'network' or 'existing_network' context is deprecated
2019-07-23 09:19:53.573 26943 INFO rally.task.runner [-] Task 0cdf50fe-ef12-4623-8cba-38bbf739da57 | ITER: 2 END: OK
2019-07-23 09:19:53.576 26943 INFO rally.task.runner [-] Task 0cdf50fe-ef12-4623-8cba-38bbf739da57 | ITER: 25 START
2019-07-23 09:19:53.577 26943 WARNING rally_openstack.scenarios.neutron.utils [-] Running this scenario without either the 'network' or 'existing_network' context is deprecated
2019-07-23 09:19:53.701 26949 INFO rally.task.runner [-] Task 0cdf50fe-ef12-4623-8cba-38bbf739da57 | ITER: 7 END: OK
2019-07-23 09:19:53.704 26949 INFO rally.task.runner [-] Task 0cdf50fe-ef12-4623-8cba-38bbf739da57 | ITER: 26 START
2019-07-23 09:19:53.704 26949 WARNING rally_openstack.scenarios.neutron.utils [-] Running this scenario without either the 'network' or 'existing_network' context is deprecated
2019-07-23 09:19:53.798 26987 INFO rally.task.runner [-] Task 0cdf50fe-ef12-4623-8cba-38bbf739da57 | ITER: 19 END: OK
2019-07-23 09:19:53.800 26987 INFO rally.task.runner [-] Task 0cdf50fe-ef12-4623-8cba-38bbf739da57 | ITER: 27 START
2019-07-23 09:19:53.800 26987 WARNING rally_openstack.scenarios.neutron.utils [-] Running this scenario without either the 'network' or 'existing_network' context is deprecated
2019-07-23 09:19:53.810 26967 INFO rally.task.runner [-] Task 0cdf50fe-ef12-4623-8cba-38bbf739da57 | ITER: 13 END: OK
2019-07-23 09:19:53.813 26967 INFO rally.task.runner [-] Task 0cdf50fe-ef12-4623-8cba-38bbf739da57 | ITER: 28 START
2019-07-23 09:19:53.814 26967 WARNING rally_openstack.scenarios.neutron.utils [-] Running this scenario without either the 'network' or 'existing_network' context is deprecated
2019-07-23 09:19:53.854 26943 INFO rally.task.runner [-] Task 0cdf50fe-ef12-4623-8cba-38bbf739da57 | ITER: 1 END: OK
2019-07-23 09:19:53.857 26943 INFO rally.task.runner [-] Task 0cdf50fe-ef12-4623-8cba-38bbf739da57 | ITER: 29 START
2019-07-23 09:19:53.858 26943 WARNING rally_openstack.scenarios.neutron.utils [-] Running this scenario without either the 'network' or 'existing_network' context is deprecated
2019-07-23 09:19:53.944 26944 INFO rally.task.runner [-] Task 0cdf50fe-ef12-4623-8cba-38bbf739da57 | ITER: 6 END: OK
2019-07-23 09:19:53.947 26944 INFO rally.task.runner [-] Task 0cdf50fe-ef12-4623-8cba-38bbf739da57 | ITER: 30 START
2019-07-23 09:19:53.947 26944 WARNING rally_openstack.scenarios.neutron.utils [-] Running this scenario without either the 'network' or 'existing_network' context is deprecated
2019-07-23 09:19:54.069 26946 INFO rally.task.runner [-] Task 0cdf50fe-ef12-4623-8cba-38bbf739da57 | ITER: 4 END: OK
2019-07-23 09:19:54.072 26946 INFO rally.task.runner [-] Task 0cdf50fe-ef12-4623-8cba-38bbf739da57 | ITER: 31 START
2019-07-23 09:19:54.072 26946 WARNING rally_openstack.scenarios.neutron.utils [-] Running this scenario without either the 'network' or 'existing_network' context is deprecated
2019-07-23 09:19:54.671 26945 INFO rally.task.runner [-] Task 0cdf50fe-ef12-4623-8cba-38bbf739da57 | ITER: 5 END: OK
2019-07-23 09:19:54.675 26945 INFO rally.task.runner [-] Task 0cdf50fe-ef12-4623-8cba-38bbf739da57 | ITER: 32 START
2019-07-23 09:19:54.676 26945 WARNING rally_openstack.scenarios.neutron.utils [-] Running this scenario without either the 'network' or 'existing_network' context is deprecated
2019-07-23 09:19:54.697 26979 INFO rally.task.runner [-] Task 0cdf50fe-ef12-4623-8cba-38bbf739da57 | ITER: 17 END: OK
2019-07-23 09:19:54.700 26979 INFO rally.task.runner [-] Task 0cdf50fe-ef12-4623-8cba-38bbf739da57 | ITER: 33 START
2019-07-23 09:19:54.701 26979 WARNING rally_openstack.scenarios.neutron.utils [-] Running this scenario without either the 'network' or 'existing_network' context is deprecated
2019-07-23 09:19:55.103 26946 INFO rally.task.runner [-] Task 0cdf50fe-ef12-4623-8cba-38bbf739da57 | ITER: 8 END: OK
2019-07-23 09:19:55.106 26946 INFO rally.task.runner [-] Task 0cdf50fe-ef12-4623-8cba-38bbf739da57 | ITER: 34 START
2019-07-23 09:19:55.107 26946 WARNING rally_openstack.scenarios.neutron.utils [-] Running this scenario without either the 'network' or 'existing_network' context is deprecated
2019-07-23 09:19:55.709 26955 INFO rally.task.runner [-] Task 0cdf50fe-ef12-4623-8cba-38bbf739da57 | ITER: 11 END: OK
2019-07-23 09:19:55.712 26955 INFO rally.task.runner [-] Task 0cdf50fe-ef12-4623-8cba-38bbf739da57 | ITER: 35 START
2019-07-23 09:19:55.712 26955 WARNING rally_openstack.scenarios.neutron.utils [-] Running this scenario without either the 'network' or 'existing_network' context is deprecated
2019-07-23 09:19:55.802 26959 INFO rally.task.runner [-] Task 0cdf50fe-ef12-4623-8cba-38bbf739da57 | ITER: 14 END: OK
2019-07-23 09:19:55.805 26959 INFO rally.task.runner [-] Task 0cdf50fe-ef12-4623-8cba-38bbf739da57 | ITER: 36 START
2019-07-23 09:19:55.805 26959 WARNING rally_openstack.scenarios.neutron.utils [-] Running this scenario without either the 'network' or 'existing_network' context is deprecated
2019-07-23 09:19:55.961 26951 INFO rally.task.runner [-] Task 0cdf50fe-ef12-4623-8cba-38bbf739da57 | ITER: 10 END: OK
2019-07-23 09:19:55.965 26951 INFO rally.task.runner [-] Task 0cdf50fe-ef12-4623-8cba-38bbf739da57 | ITER: 37 START
2019-07-23 09:19:55.965 26951 WARNING rally_openstack.scenarios.neutron.utils [-] Running this scenario without either the 'network' or 'existing_network' context is deprecated
2019-07-23 09:19:56.037 26975 INFO rally.task.runner [-] Task 0cdf50fe-ef12-4623-8cba-38bbf739da57 | ITER: 16 END: OK
2019-07-23 09:19:56.039 26975 INFO rally.task.runner [-] Task 0cdf50fe-ef12-4623-8cba-38bbf739da57 | ITER: 38 START
2019-07-23 09:19:56.039 26975 WARNING rally_openstack.scenarios.neutron.utils [-] Running this scenario without either the 'network' or 'existing_network' context is deprecated
2019-07-23 09:19:58.218 26986 INFO rally.task.runner [-] Task 0cdf50fe-ef12-4623-8cba-38bbf739da57 | ITER: 18 END: OK
2019-07-23 09:19:58.221 26986 INFO rally.task.runner [-] Task 0cdf50fe-ef12-4623-8cba-38bbf739da57 | ITER: 39 START
2019-07-23 09:19:58.222 26986 WARNING rally_openstack.scenarios.neutron.utils [-] Running this scenario without either the 'network' or 'existing_network' context is deprecated
2019-07-23 09:19:58.817 26988 INFO rally.task.runner [-] Task 0cdf50fe-ef12-4623-8cba-38bbf739da57 | ITER: 20 END: OK
2019-07-23 09:19:58.821 26988 INFO rally.task.runner [-] Task 0cdf50fe-ef12-4623-8cba-38bbf739da57 | ITER: 40 START
2019-07-23 09:19:58.821 26988 WARNING rally_openstack.scenarios.neutron.utils [-] Running this scenario without either the 'network' or 'existing_network' context is deprecated
