2019-07-23 07:14:31.182 1838 INFO rally.task.engine [-] Full runner duration is: 107.220997
2019-07-23 07:14:31.182 1838 INFO rally.task.engine [-] Full duration is: 144.429623
2019-07-23 07:14:31.436 1838 INFO rally.task.engine [-] Running workload: position = 0 config = { "version": 2, "title": "A cropped version of a bigger task.", "description": "Auto-generated task from a single workload (uuid=e0f94848-8ccc-4d5d-9e3b-07fba234a946)", "subtasks": [ { "title": "CinderVolumes.create_and_list_snapshots", "description": "Create and then list a volume-snapshot.", "scenario": { "CinderVolumes.create_and_list_snapshots": { "detailed": true, "force": false } }, "contexts": { "users": { "tenants": 3, "users_per_tenant": 2 }, "quotas": { "cinder": { "gigabytes": -1, "snapshots": -1, "volumes": -1 } }, "api_versions": { "cinder": { "version": 3, "service_type": "volumev3" } }, "volumes": { "size": 1, "volumes_per_tenant": 1 } }, "runner": { "constant": { "concurrency": 4, "times": 10 } }, "hooks": [], "sla": { "failure_rate": { "max": 0 } } } ] }
2019-07-23 07:14:31.461 1838 RALLYDEBUG rally_openstack.contexts.keystone.users [-] Creating 3 tenants using 20 threads
2019-07-23 07:14:33.323 1838 RALLYDEBUG rally_openstack.contexts.keystone.users [-] Creating 6 users using 20 threads
2019-07-23 07:14:36.042 1838 INFO rally.task.context [-] Task e2e8d8b1-8ecf-407f-8ac0-e4a4cea9f6df | Context users@openstack setup() finished in 4.58 sec
2019-07-23 07:14:36.464 1838 INFO rally.task.context [-] Task e2e8d8b1-8ecf-407f-8ac0-e4a4cea9f6df | Context api_versions@openstack setup() finished in 0.42 sec
2019-07-23 07:14:38.207 1838 INFO rally.task.context [-] Task e2e8d8b1-8ecf-407f-8ac0-e4a4cea9f6df | Context quotas@openstack setup() finished in 1.74 sec
2019-07-23 07:14:49.685 1838 INFO rally.task.context [-] Task e2e8d8b1-8ecf-407f-8ac0-e4a4cea9f6df | Context volumes@openstack setup() finished in 11.48 sec
2019-07-23 07:14:49.685 1838 INFO rally.task.context [-] Task e2e8d8b1-8ecf-407f-8ac0-e4a4cea9f6df | Context cleanup@openstack setup() finished in 0.00 msec
2019-07-23 07:14:49.695 1838 RALLYDEBUG rally.task.runner [-] Starting the constant runner (task UUID: e2e8d8b1-8ecf-407f-8ac0-e4a4cea9f6df). timeout: 0 concurrency: 4 concurrency_per_worker: 1 times: 10 concurrency_overhead: 0 processes_to_start: 4 max_cpu_used: 16
2019-07-23 07:14:49.707 2206 RALLYDEBUG rally.task.runner [-] Starting a worker. concurrency: 1 args: {"detailed": true, "force": false} times: 10 method_name: run timeout: 0 duration: None cls:
2019-07-23 07:14:49.710 2207 RALLYDEBUG rally.task.runner [-] Starting a worker. concurrency: 1 args: {"detailed": true, "force": false} times: 10 method_name: run timeout: 0 duration: None cls:
2019-07-23 07:14:49.712 2208 RALLYDEBUG rally.task.runner [-] Starting a worker. concurrency: 1 args: {"detailed": true, "force": false} times: 10 method_name: run timeout: 0 duration: None cls:
2019-07-23 07:14:49.715 2206 INFO rally.task.runner [-] Task e2e8d8b1-8ecf-407f-8ac0-e4a4cea9f6df | ITER: 1 START
2019-07-23 07:14:49.716 2209 RALLYDEBUG rally.task.runner [-] Starting a worker. concurrency: 1 args: {"detailed": true, "force": false} times: 10 method_name: run timeout: 0 duration: None cls:
2019-07-23 07:14:49.719 2207 INFO rally.task.runner [-] Task e2e8d8b1-8ecf-407f-8ac0-e4a4cea9f6df | ITER: 2 START
2019-07-23 07:14:49.720 2208 INFO rally.task.runner [-] Task e2e8d8b1-8ecf-407f-8ac0-e4a4cea9f6df | ITER: 3 START
2019-07-23 07:14:49.724 2209 INFO rally.task.runner [-] Task e2e8d8b1-8ecf-407f-8ac0-e4a4cea9f6df | ITER: 4 START
2019-07-23 07:14:53.530 2209 INFO rally.task.runner [-] Task e2e8d8b1-8ecf-407f-8ac0-e4a4cea9f6df | ITER: 4 END: OK
2019-07-23 07:14:53.534 2209 INFO rally.task.runner [-] Task e2e8d8b1-8ecf-407f-8ac0-e4a4cea9f6df | ITER: 5 START
2019-07-23 07:14:53.582 2208 INFO rally.task.runner [-] Task e2e8d8b1-8ecf-407f-8ac0-e4a4cea9f6df | ITER: 3 END: OK
2019-07-23 07:14:53.587 2208 INFO rally.task.runner [-] Task e2e8d8b1-8ecf-407f-8ac0-e4a4cea9f6df | ITER: 6 START
2019-07-23 07:14:53.709 2207 INFO rally.task.runner [-] Task e2e8d8b1-8ecf-407f-8ac0-e4a4cea9f6df | ITER: 2 END: OK
2019-07-23 07:14:53.712 2206 INFO rally.task.runner [-] Task e2e8d8b1-8ecf-407f-8ac0-e4a4cea9f6df | ITER: 1 END: OK
2019-07-23 07:14:53.714 2207 INFO rally.task.runner [-] Task e2e8d8b1-8ecf-407f-8ac0-e4a4cea9f6df | ITER: 7 START
2019-07-23 07:14:53.717 2206 INFO rally.task.runner [-] Task e2e8d8b1-8ecf-407f-8ac0-e4a4cea9f6df | ITER: 8 START
2019-07-23 07:14:57.315 2208 INFO rally.task.runner [-] Task e2e8d8b1-8ecf-407f-8ac0-e4a4cea9f6df | ITER: 6 END: OK
2019-07-23 07:14:57.320 2208 INFO rally.task.runner [-] Task e2e8d8b1-8ecf-407f-8ac0-e4a4cea9f6df | ITER: 9 START
2019-07-23 07:14:57.337 2209 INFO rally.task.runner [-] Task e2e8d8b1-8ecf-407f-8ac0-e4a4cea9f6df | ITER: 5 END: OK
2019-07-23 07:14:57.341 2209 INFO rally.task.runner [-] Task e2e8d8b1-8ecf-407f-8ac0-e4a4cea9f6df | ITER: 10 START
2019-07-23 07:14:57.378 2207 INFO rally.task.runner [-] Task e2e8d8b1-8ecf-407f-8ac0-e4a4cea9f6df | ITER: 7 END: OK
2019-07-23 07:14:57.458 2206 INFO rally.task.runner [-] Task e2e8d8b1-8ecf-407f-8ac0-e4a4cea9f6df | ITER: 8 END: OK
2019-07-23 07:15:00.941 2208 INFO rally.task.runner [-] Task e2e8d8b1-8ecf-407f-8ac0-e4a4cea9f6df | ITER: 9 END: OK
2019-07-23 07:15:01.083 2209 INFO rally.task.runner [-] Task e2e8d8b1-8ecf-407f-8ac0-e4a4cea9f6df | ITER: 10 END: OK
2019-07-23 07:15:01.112 1838 INFO rally.task.context [-] Task e2e8d8b1-8ecf-407f-8ac0-e4a4cea9f6df | Context cleanup@openstack cleanup() started
2019-07-23 07:15:01.114 1838 RALLYDEBUG rally_openstack.cleanup.manager [-] Cleaning up cinder backups objects
2019-07-23 07:15:03.310 1838 RALLYDEBUG rally_openstack.cleanup.manager [-] Cleaning up cinder volume_snapshots objects
2019-07-23 07:15:05.502 1838 RALLYDEBUG rally_openstack.cleanup.manager [-] Deleting cinder.volume_snapshots object s_rally_e0f94848_Bs57n5iH (392f10ad-b901-4c5f-807e-f32c217dc4e0)
2019-07-23 07:15:05.505 1838 RALLYDEBUG rally_openstack.cleanup.manager [-] Deleting cinder.volume_snapshots object s_rally_e0f94848_uMk05w9P (604e21fb-243d-4e81-809d-2ffd4314735e)
2019-07-23 07:15:05.512 1838 RALLYDEBUG rally_openstack.cleanup.manager [-] Deleting cinder.volume_snapshots object s_rally_e0f94848_52UsLaJQ (82d3af40-c507-4664-b3b1-f392246fd297)
2019-07-23 07:15:05.513 1838 RALLYDEBUG rally_openstack.cleanup.manager [-] Deleting cinder.volume_snapshots object s_rally_e0f94848_LROyHKzQ (2b9e69cd-6eda-4f2a-9597-d9bac0796133)
2019-07-23 07:15:05.514 1838 RALLYDEBUG rally_openstack.cleanup.manager [-] Deleting cinder.volume_snapshots object s_rally_e0f94848_7IscdGTX (8d6ceda4-6079-4a7f-a39c-891589b4e5bf)
2019-07-23 07:15:05.515 1838 RALLYDEBUG rally_openstack.cleanup.manager [-] Deleting cinder.volume_snapshots object s_rally_e0f94848_h8XBC3Hw (d2e64b06-de58-4e0b-84d1-2172d87d9db0)
2019-07-23 07:15:05.523 1838 RALLYDEBUG rally_openstack.cleanup.manager [-] Deleting cinder.volume_snapshots object s_rally_e0f94848_Qgal7MME (006e4d0b-c505-432f-8ddb-31dd0cd66a03)
2019-07-23 07:15:05.528 1838 RALLYDEBUG rally_openstack.cleanup.manager [-] Deleting cinder.volume_snapshots object s_rally_e0f94848_gzsCASby (079bf524-aa90-4bc3-80cc-337df0f8aa8f)
2019-07-23 07:15:05.538 1838 RALLYDEBUG rally_openstack.cleanup.manager [-] Deleting cinder.volume_snapshots object s_rally_e0f94848_zIJpGbHJ (d3e6d98c-fb15-467b-ab6e-92e3893d37df)
2019-07-23 07:15:05.546 1838 RALLYDEBUG rally_openstack.cleanup.manager [-] Deleting cinder.volume_snapshots object s_rally_e0f94848_rQ1v1bE6 (1585a874-b462-4e60-96c8-e2c9e1d13fcf)
2019-07-23 07:15:10.731 1838 RALLYDEBUG rally_openstack.cleanup.manager [-] Cleaning up cinder transfers objects
2019-07-23 07:15:12.811 1838 RALLYDEBUG rally_openstack.cleanup.manager [-] Cleaning up cinder volumes objects
2019-07-23 07:15:15.258 1838 INFO rally.task.context [-] Task e2e8d8b1-8ecf-407f-8ac0-e4a4cea9f6df | Context cleanup@openstack cleanup() finished in 14.15 sec
2019-07-23 07:15:15.258 1838 INFO rally.task.context [-] Task e2e8d8b1-8ecf-407f-8ac0-e4a4cea9f6df | Context volumes@openstack cleanup() started
2019-07-23 07:15:15.259 1838 RALLYDEBUG rally_openstack.cleanup.manager [-] Cleaning up cinder volumes objects
2019-07-23 07:15:17.609 1838 RALLYDEBUG rally_openstack.cleanup.manager [-] Deleting cinder.volumes object c_rally_e0f94848_ruJrVZO6 (559537e2-4f3a-45ce-a8e6-885f8a277828)
2019-07-23 07:15:17.610 1838 RALLYDEBUG rally_openstack.cleanup.manager [-] Deleting cinder.volumes object c_rally_e0f94848_ya99Go3n (0535590d-9f29-4543-bceb-1c904900c4a6)
2019-07-23 07:15:17.616 1838 RALLYDEBUG rally_openstack.cleanup.manager [-] Deleting cinder.volumes object c_rally_e0f94848_BLHhclMu (305c8448-e455-4389-8a8d-45a9e94efda8)
2019-07-23 07:15:21.017 1838 INFO rally.task.context [-] Task e2e8d8b1-8ecf-407f-8ac0-e4a4cea9f6df | Context volumes@openstack cleanup() finished in 5.76 sec
2019-07-23 07:15:21.017 1838 INFO rally.task.context [-] Task e2e8d8b1-8ecf-407f-8ac0-e4a4cea9f6df | Context quotas@openstack cleanup() started
2019-07-23 07:15:22.069 1838 INFO rally.task.context [-] Task e2e8d8b1-8ecf-407f-8ac0-e4a4cea9f6df | Context quotas@openstack cleanup() finished in 1.05 sec
2019-07-23 07:15:22.069 1838 INFO rally.task.context [-] Task e2e8d8b1-8ecf-407f-8ac0-e4a4cea9f6df | Context api_versions@openstack cleanup() started
2019-07-23 07:15:22.070 1838 INFO rally.task.context [-] Task e2e8d8b1-8ecf-407f-8ac0-e4a4cea9f6df | Context api_versions@openstack cleanup() finished in 0.31 msec
2019-07-23 07:15:22.070 1838 INFO rally.task.context [-] Task e2e8d8b1-8ecf-407f-8ac0-e4a4cea9f6df | Context users@openstack cleanup() started
2019-07-23 07:15:30.256 1838 INFO rally.task.context [-] Task e2e8d8b1-8ecf-407f-8ac0-e4a4cea9f6df | Context users@openstack cleanup() finished in 8.19 sec
2019-07-23 07:15:31.709 1838 INFO rally.task.engine [-] Load duration is: 11.36445
2019-07-23 07:15:31.710 1838 INFO rally.task.engine [-] Full runner duration is: 11.417748
2019-07-23 07:15:31.710 1838 INFO rally.task.engine [-] Full duration is: 58.799471
2019-07-23 07:15:31.945 1838 INFO rally.task.engine [-] Running workload: position = 0 config = { "version": 2, "title": "A cropped version of a bigger task.", "description": "Auto-generated task from a single workload (uuid=65f883fc-8c51-4aca-8d3a-b1148836aa80)", "subtasks": [ { "title": "CinderVolumes.create_and_list_volume", "description": "Create a volume and list all volumes.", "scenario": { "CinderVolumes.create_and_list_volume": { "detailed": true, "image": { "name": "rally_full-img_afb2fe8f-3356-45b4-a588-31677e6cd4b6" }, "size": 1 } }, "contexts": { "users": { "tenants": 3, "users_per_tenant": 2 }, "quotas": { "cinder": { "gigabytes": -1, "snapshots": -1, "volumes": -1 } }, "api_versions": { "cinder": { "version": 3, "service_type": "volumev3" } } }, "runner": { "constant": { "concurrency": 4, "times": 10 } }, "hooks": [], "sla": { "failure_rate": { "max": 0 } } } ] }
2019-07-23 07:15:31.967 1838 RALLYDEBUG rally_openstack.contexts.keystone.users [-] Creating 3 tenants using 20 threads
2019-07-23 07:15:33.838 1838 RALLYDEBUG rally_openstack.contexts.keystone.users [-] Creating 6 users using 20 threads
2019-07-23 07:15:36.992 1838 INFO rally.task.context [-] Task e2e8d8b1-8ecf-407f-8ac0-e4a4cea9f6df | Context users@openstack setup() finished in 5.02 sec
2019-07-23 07:15:37.416 1838 INFO rally.task.context [-] Task e2e8d8b1-8ecf-407f-8ac0-e4a4cea9f6df | Context api_versions@openstack setup() finished in 0.42 sec
2019-07-23 07:15:39.114 1838 INFO rally.task.context [-] Task e2e8d8b1-8ecf-407f-8ac0-e4a4cea9f6df | Context quotas@openstack setup() finished in 1.70 sec
2019-07-23 07:15:39.114 1838 INFO rally.task.context [-] Task e2e8d8b1-8ecf-407f-8ac0-e4a4cea9f6df | Context cleanup@openstack setup() finished in 0.01 msec
2019-07-23 07:15:40.159 1838 RALLYDEBUG rally.task.runner [-] Starting the constant runner (task UUID: e2e8d8b1-8ecf-407f-8ac0-e4a4cea9f6df). timeout: 0 concurrency: 4 concurrency_per_worker: 1 times: 10 concurrency_overhead: 0 processes_to_start: 4 max_cpu_used: 16
2019-07-23 07:15:40.172 2410 RALLYDEBUG rally.task.runner [-] Starting a worker. concurrency: 1 args: {"detailed": true, "image": "0d3ef3fe-fc6f-46a0-98a3-e7e997221efb", "size": 1} times: 10 method_name: run timeout: 0 duration: None cls:
2019-07-23 07:15:40.175 2411 RALLYDEBUG rally.task.runner [-] Starting a worker. concurrency: 1 args: {"detailed": true, "image": "0d3ef3fe-fc6f-46a0-98a3-e7e997221efb", "size": 1} times: 10 method_name: run timeout: 0 duration: None cls:
2019-07-23 07:15:40.179 2412 RALLYDEBUG rally.task.runner [-] Starting a worker. concurrency: 1 args: {"detailed": true, "image": "0d3ef3fe-fc6f-46a0-98a3-e7e997221efb", "size": 1} times: 10 method_name: run timeout: 0 duration: None cls:
2019-07-23 07:15:40.180 2410 INFO rally.task.runner [-] Task e2e8d8b1-8ecf-407f-8ac0-e4a4cea9f6df | ITER: 1 START
2019-07-23 07:15:40.182 2413 RALLYDEBUG rally.task.runner [-] Starting a worker. concurrency: 1 args: {"detailed": true, "image": "0d3ef3fe-fc6f-46a0-98a3-e7e997221efb", "size": 1} times: 10 method_name: run timeout: 0 duration: None cls:
2019-07-23 07:15:40.183 2411 INFO rally.task.runner [-] Task e2e8d8b1-8ecf-407f-8ac0-e4a4cea9f6df | ITER: 2 START
2019-07-23 07:15:40.187 2412 INFO rally.task.runner [-] Task e2e8d8b1-8ecf-407f-8ac0-e4a4cea9f6df | ITER: 3 START
2019-07-23 07:15:40.190 2413 INFO rally.task.runner [-] Task e2e8d8b1-8ecf-407f-8ac0-e4a4cea9f6df | ITER: 4 START
2019-07-23 07:15:47.969 2413 RALLYDEBUG rally.task.utils [-] Waiting for resource s_rally_65f883fc_2KFQ3P8r. Status changed: CREATING => DOWNLOADING in 2.99000906944
2019-07-23 07:15:48.514 2411 RALLYDEBUG rally.task.utils [-] Waiting for resource s_rally_65f883fc_WLUi1rUs. Status changed: CREATING => DOWNLOADING in 2.99684119225
2019-07-23 07:15:52.585 2412 RALLYDEBUG rally.task.utils [-] Waiting for resource s_rally_65f883fc_P8LtpBTm. Status changed: CREATING => DOWNLOADING in 7.68947005272
2019-07-23 07:15:55.420 2410 RALLYDEBUG rally.task.utils [-] Waiting for resource s_rally_65f883fc_53rGu9vm. Status changed: CREATING => DOWNLOADING in 10.0515429974
2019-07-23 07:15:57.027 2412 RALLYDEBUG rally.task.utils [-] Waiting for resource s_rally_65f883fc_P8LtpBTm. Status changed: DOWNLOADING => AVAILABLE in 4.44247603416
2019-07-23 07:15:57.094 2412 INFO rally.task.runner [-] Task e2e8d8b1-8ecf-407f-8ac0-e4a4cea9f6df | ITER: 3 END: OK
2019-07-23 07:15:57.099 2412 INFO rally.task.runner [-] Task e2e8d8b1-8ecf-407f-8ac0-e4a4cea9f6df | ITER: 5 START
2019-07-23 07:15:57.261 2413 RALLYDEBUG rally.task.utils [-] Waiting for resource s_rally_65f883fc_2KFQ3P8r. Status changed: DOWNLOADING => AVAILABLE in 9.29278111458
2019-07-23 07:15:57.287 2411 RALLYDEBUG rally.task.utils [-] Waiting for resource s_rally_65f883fc_WLUi1rUs. Status changed: DOWNLOADING => AVAILABLE in 8.7729279995
2019-07-23 07:15:57.563 2411 INFO rally.task.runner [-] Task e2e8d8b1-8ecf-407f-8ac0-e4a4cea9f6df | ITER: 2 END: OK
2019-07-23 07:15:57.568 2411 INFO rally.task.runner [-] Task e2e8d8b1-8ecf-407f-8ac0-e4a4cea9f6df | ITER: 6 START
2019-07-23 07:15:57.699 2413 INFO rally.task.runner [-] Task e2e8d8b1-8ecf-407f-8ac0-e4a4cea9f6df | ITER: 4 END: OK
2019-07-23 07:15:57.704 2413 INFO rally.task.runner [-] Task e2e8d8b1-8ecf-407f-8ac0-e4a4cea9f6df | ITER: 7 START
2019-07-23 07:15:59.880 2410 RALLYDEBUG rally.task.utils [-] Waiting for resource s_rally_65f883fc_53rGu9vm. Status changed: DOWNLOADING => AVAILABLE in 4.45999193192
2019-07-23 07:16:00.226 2410 INFO rally.task.runner [-] Task e2e8d8b1-8ecf-407f-8ac0-e4a4cea9f6df | ITER: 1 END: OK
2019-07-23 07:16:00.232 2410 INFO rally.task.runner [-] Task e2e8d8b1-8ecf-407f-8ac0-e4a4cea9f6df | ITER: 8 START
2019-07-23 07:16:04.767 2411 RALLYDEBUG rally.task.utils [-] Waiting for resource s_rally_65f883fc_26N3xp4f. Status changed: CREATING => DOWNLOADING in 2.98787593842
2019-07-23 07:16:04.989 2412 RALLYDEBUG rally.task.utils [-] Waiting for resource s_rally_65f883fc_UVEhIWnj. Status changed: CREATING => DOWNLOADING in 2.97816681862
2019-07-23 07:16:09.570 2413 RALLYDEBUG rally.task.utils [-] Waiting for resource s_rally_65f883fc_LYqEgKp4. Status changed: CREATING => DOWNLOADING in 7.39466810226
2019-07-23 07:16:12.019 2412 RALLYDEBUG rally.task.utils [-] Waiting for resource s_rally_65f883fc_UVEhIWnj. Status changed: DOWNLOADING => AVAILABLE in 7.02982616425
2019-07-23 07:16:12.109 2412 INFO rally.task.runner [-] Task e2e8d8b1-8ecf-407f-8ac0-e4a4cea9f6df | ITER: 5 END: OK
2019-07-23 07:16:12.114 2412 INFO rally.task.runner [-] Task e2e8d8b1-8ecf-407f-8ac0-e4a4cea9f6df | ITER: 9 START
2019-07-23 07:16:13.982 2413 RALLYDEBUG rally.task.utils [-] Waiting for resource s_rally_65f883fc_LYqEgKp4. Status changed: DOWNLOADING => AVAILABLE in 4.41120481491
2019-07-23 07:16:14.251 2411 RALLYDEBUG rally.task.utils [-] Waiting for resource s_rally_65f883fc_26N3xp4f. Status changed: DOWNLOADING => AVAILABLE in 9.48407411575
2019-07-23 07:16:14.316 2413 INFO rally.task.runner [-] Task e2e8d8b1-8ecf-407f-8ac0-e4a4cea9f6df | ITER: 7 END: OK
2019-07-23 07:16:14.323 2413 INFO rally.task.runner [-] Task e2e8d8b1-8ecf-407f-8ac0-e4a4cea9f6df | ITER: 10 START
2019-07-23 07:16:14.646 2411 INFO rally.task.runner [-] Task e2e8d8b1-8ecf-407f-8ac0-e4a4cea9f6df | ITER: 6 END: OK
2019-07-23 07:16:14.860 2410 RALLYDEBUG rally.task.utils [-] Waiting for resource s_rally_65f883fc_miCeWwFd. Status changed: CREATING => DOWNLOADING in 10.012609005
2019-07-23 07:16:19.305 2410 RALLYDEBUG rally.task.utils [-] Waiting for resource s_rally_65f883fc_miCeWwFd. Status changed: DOWNLOADING => AVAILABLE in 4.44489097595
2019-07-23 07:16:19.639 2410 INFO rally.task.runner [-] Task e2e8d8b1-8ecf-407f-8ac0-e4a4cea9f6df | ITER: 8 END: OK
2019-07-23 07:16:22.081 2413 RALLYDEBUG rally.task.utils [-] Waiting for resource s_rally_65f883fc_2cIPhxJy. Status changed: CREATING => DOWNLOADING in 3.11796689034
2019-07-23 07:16:22.438 2412 RALLYDEBUG rally.task.utils [-] Waiting for resource s_rally_65f883fc_LNfpHa3l. Status changed: CREATING => DOWNLOADING in 5.29117703438
2019-07-23 07:16:26.801 2413 RALLYDEBUG rally.task.utils [-] Waiting for resource s_rally_65f883fc_2cIPhxJy. Status changed: DOWNLOADING => AVAILABLE in 4.71977710724
2019-07-23 07:16:27.180 2413 INFO rally.task.runner [-] Task e2e8d8b1-8ecf-407f-8ac0-e4a4cea9f6df | ITER: 10 END: OK
2019-07-23 07:16:27.239 2412 RALLYDEBUG rally.task.utils [-] Waiting for resource s_rally_65f883fc_LNfpHa3l. Status changed: DOWNLOADING => AVAILABLE in 4.80189990997
2019-07-23 07:16:27.630 2412 INFO rally.task.runner [-] Task e2e8d8b1-8ecf-407f-8ac0-e4a4cea9f6df | ITER: 9 END: OK
2019-07-23 07:16:27.651 1838 INFO rally.task.context [-] Task e2e8d8b1-8ecf-407f-8ac0-e4a4cea9f6df | Context cleanup@openstack cleanup() started
2019-07-23 07:16:27.655 1838 RALLYDEBUG rally_openstack.cleanup.manager [-] Cleaning up cinder backups objects
2019-07-23 07:16:30.110 1838 RALLYDEBUG rally_openstack.cleanup.manager [-] Cleaning up cinder volume_snapshots objects
2019-07-23 07:16:32.296 1838 RALLYDEBUG rally_openstack.cleanup.manager [-] Cleaning up cinder transfers objects
2019-07-23 07:16:34.510 1838 RALLYDEBUG rally_openstack.cleanup.manager [-] Cleaning up cinder volumes objects
2019-07-23 07:16:36.757 1838 RALLYDEBUG rally_openstack.cleanup.manager [-] Deleting cinder.volumes object s_rally_65f883fc_LNfpHa3l (fac717b1-7ec1-4d2d-be73-ddb8b7e7482e)
2019-07-23 07:16:36.760 1838 RALLYDEBUG rally_openstack.cleanup.manager [-] Deleting cinder.volumes object s_rally_65f883fc_2KFQ3P8r (f16bfea6-2ed3-46d7-90d7-f1ecce4b08db)
2019-07-23 07:16:36.762 1838 RALLYDEBUG rally_openstack.cleanup.manager [-] Deleting cinder.volumes object s_rally_65f883fc_WLUi1rUs (e4898102-b2c9-4550-994b-7ca8f5eb0537)
2019-07-23 07:16:36.763 1838 RALLYDEBUG rally_openstack.cleanup.manager [-] Deleting cinder.volumes object s_rally_65f883fc_miCeWwFd (364477de-5c81-4ea1-a349-eb13448d2e1c)
2019-07-23 07:16:36.764 1838 RALLYDEBUG rally_openstack.cleanup.manager [-] Deleting cinder.volumes object s_rally_65f883fc_26N3xp4f (3e1487e4-283e-4ffe-b3ff-419d74ef6b03)
2019-07-23 07:16:36.766 1838 RALLYDEBUG rally_openstack.cleanup.manager [-] Deleting cinder.volumes object s_rally_65f883fc_P8LtpBTm (b9044979-3b0a-41eb-b59a-46989bde7a48)
2019-07-23 07:16:36.767 1838 RALLYDEBUG rally_openstack.cleanup.manager [-] Deleting cinder.volumes object s_rally_65f883fc_53rGu9vm (e0d4b9ee-22e7-427c-bf28-bd4a103abd48)
2019-07-23 07:16:36.770 1838 RALLYDEBUG rally_openstack.cleanup.manager [-] Deleting cinder.volumes object s_rally_65f883fc_UVEhIWnj (6c96ed8a-d0a5-4ef9-bf13-0196e6ab1b8b)
2019-07-23 07:16:36.782 1838 RALLYDEBUG rally_openstack.cleanup.manager [-] Deleting cinder.volumes object s_rally_65f883fc_LYqEgKp4 (8d914264-1518-423b-bedf-2835ac4d3231)
2019-07-23 07:16:36.787 1838 RALLYDEBUG rally_openstack.cleanup.manager [-] Deleting cinder.volumes object s_rally_65f883fc_2cIPhxJy (880eadd3-d3ac-4cec-a9a2-4400a3b154a2)
2019-07-23 07:16:41.931 1838 INFO rally.task.context [-] Task e2e8d8b1-8ecf-407f-8ac0-e4a4cea9f6df | Context cleanup@openstack cleanup() finished in 14.28 sec
2019-07-23 07:16:41.932 1838 INFO rally.task.context [-] Task e2e8d8b1-8ecf-407f-8ac0-e4a4cea9f6df | Context quotas@openstack cleanup() started
2019-07-23 07:16:42.765 1838 INFO rally.task.context [-] Task e2e8d8b1-8ecf-407f-8ac0-e4a4cea9f6df | Context quotas@openstack cleanup() finished in 0.83 sec
2019-07-23 07:16:42.766 1838 INFO rally.task.context [-] Task e2e8d8b1-8ecf-407f-8ac0-e4a4cea9f6df | Context api_versions@openstack cleanup() started
2019-07-23 07:16:42.766 1838 INFO rally.task.context [-] Task e2e8d8b1-8ecf-407f-8ac0-e4a4cea9f6df | Context api_versions@openstack cleanup() finished in 0.32 msec
2019-07-23 07:16:42.767 1838 INFO rally.task.context [-] Task e2e8d8b1-8ecf-407f-8ac0-e4a4cea9f6df | Context users@openstack cleanup() started
2019-07-23 07:16:51.358 1838 INFO rally.task.context [-] Task e2e8d8b1-8ecf-407f-8ac0-e4a4cea9f6df | Context users@openstack cleanup() finished in 8.59 sec
2019-07-23 07:16:52.270 1838 INFO rally.task.engine [-] Load duration is: 47.445788
2019-07-23 07:16:52.270 1838 INFO rally.task.engine [-] Full runner duration is: 47.492114
2019-07-23 07:16:52.271 1838 INFO rally.task.engine [-] Full duration is: 79.394243
2019-07-23 07:16:52.438 1838 INFO rally.task.engine [-] Running workload: position = 1 config = { "version": 2, "title": "A cropped version of a bigger task.", "description": "Auto-generated task from a single workload (uuid=2e56a710-8bc3-4ba6-a32c-a7ee958128e9)", "subtasks": [ { "title": "CinderVolumes.create_and_list_volume", "description": "Create a volume and list all volumes.", "scenario": { "CinderVolumes.create_and_list_volume": { "detailed": true, "size": 1 } }, "contexts": { "users": { "tenants": 3, "users_per_tenant": 2 }, "quotas": { "cinder": { "gigabytes": -1, "snapshots": -1, "volumes": -1 } }, "api_versions": { "cinder": { "version": 3, "service_type": "volumev3" } } }, "runner": { "constant": { "concurrency": 4, "times": 10 } }, "hooks": [], "sla": { "failure_rate": { "max": 0 } } } ] }
2019-07-23 07:16:52.461 1838 RALLYDEBUG rally_openstack.contexts.keystone.users [-] Creating 3 tenants using 20 threads
2019-07-23 07:16:54.454 1838 RALLYDEBUG rally_openstack.contexts.keystone.users [-] Creating 6 users using 20 threads
2019-07-23 07:16:57.356 1838 INFO rally.task.context [-] Task e2e8d8b1-8ecf-407f-8ac0-e4a4cea9f6df | Context users@openstack setup() finished in 4.89 sec
2019-07-23 07:16:57.854 1838 INFO rally.task.context [-] Task e2e8d8b1-8ecf-407f-8ac0-e4a4cea9f6df | Context api_versions@openstack setup() finished in 0.50 sec
2019-07-23 07:16:59.604 1838 INFO rally.task.context [-] Task e2e8d8b1-8ecf-407f-8ac0-e4a4cea9f6df | Context quotas@openstack setup() finished in 1.75 sec
2019-07-23 07:16:59.604 1838 INFO rally.task.context [-] Task e2e8d8b1-8ecf-407f-8ac0-e4a4cea9f6df | Context cleanup@openstack setup() finished in 0.01 msec
2019-07-23 07:16:59.612 1838 RALLYDEBUG rally.task.runner [-] Starting the constant runner (task UUID: e2e8d8b1-8ecf-407f-8ac0-e4a4cea9f6df). timeout: 0 concurrency: 4 concurrency_per_worker: 1 times: 10 concurrency_overhead: 0 processes_to_start: 4 max_cpu_used: 16
2019-07-23 07:16:59.624 2594 RALLYDEBUG rally.task.runner [-] Starting a worker. concurrency: 1 args: {"detailed": true, "size": 1} times: 10 method_name: run timeout: 0 duration: None cls:
2019-07-23 07:16:59.627 2596 RALLYDEBUG rally.task.runner [-] Starting a worker. concurrency: 1 args: {"detailed": true, "size": 1} times: 10 method_name: run timeout: 0 duration: None cls:
2019-07-23 07:16:59.628 2595 RALLYDEBUG rally.task.runner [-] Starting a worker. concurrency: 1 args: {"detailed": true, "size": 1} times: 10 method_name: run timeout: 0 duration: None cls:
2019-07-23 07:16:59.630 2594 INFO rally.task.runner [-] Task e2e8d8b1-8ecf-407f-8ac0-e4a4cea9f6df | ITER: 1 START
2019-07-23 07:16:59.632 2596 INFO rally.task.runner [-] Task e2e8d8b1-8ecf-407f-8ac0-e4a4cea9f6df | ITER: 2 START
2019-07-23 07:16:59.634 2597 RALLYDEBUG rally.task.runner [-] Starting a worker. concurrency: 1 args: {"detailed": true, "size": 1} times: 10 method_name: run timeout: 0 duration: None cls:
2019-07-23 07:16:59.635 2595 INFO rally.task.runner [-] Task e2e8d8b1-8ecf-407f-8ac0-e4a4cea9f6df | ITER: 3 START
2019-07-23 07:16:59.641 2597 INFO rally.task.runner [-] Task e2e8d8b1-8ecf-407f-8ac0-e4a4cea9f6df | ITER: 4 START
2019-07-23 07:17:03.591 2595 INFO rally.task.runner [-] Task e2e8d8b1-8ecf-407f-8ac0-e4a4cea9f6df | ITER: 3 END: OK
2019-07-23 07:17:03.597 2595 INFO rally.task.runner [-] Task e2e8d8b1-8ecf-407f-8ac0-e4a4cea9f6df | ITER: 5 START
2019-07-23 07:17:03.681 2596 INFO rally.task.runner [-] Task e2e8d8b1-8ecf-407f-8ac0-e4a4cea9f6df | ITER: 2 END: OK
2019-07-23 07:17:03.687 2596 INFO rally.task.runner [-] Task e2e8d8b1-8ecf-407f-8ac0-e4a4cea9f6df | ITER: 6 START
2019-07-23 07:17:03.700 2594 INFO rally.task.runner [-] Task e2e8d8b1-8ecf-407f-8ac0-e4a4cea9f6df | ITER: 1 END: OK
2019-07-23 07:17:03.705 2594 INFO rally.task.runner [-] Task e2e8d8b1-8ecf-407f-8ac0-e4a4cea9f6df | ITER: 7 START
2019-07-23 07:17:03.810 2597 INFO rally.task.runner [-] Task e2e8d8b1-8ecf-407f-8ac0-e4a4cea9f6df | ITER: 4 END: OK
2019-07-23 07:17:03.816 2597 INFO rally.task.runner [-] Task e2e8d8b1-8ecf-407f-8ac0-e4a4cea9f6df | ITER: 8 START
2019-07-23 07:17:07.500 2595 INFO rally.task.runner [-] Task e2e8d8b1-8ecf-407f-8ac0-e4a4cea9f6df | ITER: 5 END: OK
2019-07-23 07:17:07.505 2595 INFO rally.task.runner [-] Task e2e8d8b1-8ecf-407f-8ac0-e4a4cea9f6df | ITER: 9 START
2019-07-23 07:17:07.525 2596 INFO rally.task.runner [-] Task e2e8d8b1-8ecf-407f-8ac0-e4a4cea9f6df | ITER: 6 END: OK
2019-07-23 07:17:07.530 2596 INFO rally.task.runner [-] Task e2e8d8b1-8ecf-407f-8ac0-e4a4cea9f6df | ITER: 10 START
2019-07-23 07:17:07.687 2594 INFO rally.task.runner [-] Task e2e8d8b1-8ecf-407f-8ac0-e4a4cea9f6df | ITER: 7 END: OK
2019-07-23 07:17:07.846 2597 INFO rally.task.runner [-] Task e2e8d8b1-8ecf-407f-8ac0-e4a4cea9f6df | ITER: 8 END: OK
2019-07-23 07:17:11.332 2596 INFO rally.task.runner [-] Task e2e8d8b1-8ecf-407f-8ac0-e4a4cea9f6df | ITER: 10 END: OK
2019-07-23 07:17:11.381 2595 INFO rally.task.runner [-] Task e2e8d8b1-8ecf-407f-8ac0-e4a4cea9f6df | ITER: 9 END: OK
2019-07-23 07:17:11.407 1838 INFO rally.task.context [-] Task e2e8d8b1-8ecf-407f-8ac0-e4a4cea9f6df | Context cleanup@openstack cleanup() started
2019-07-23 07:17:11.409 1838 RALLYDEBUG rally_openstack.cleanup.manager [-] Cleaning up cinder backups objects
2019-07-23 07:17:13.675 1838 RALLYDEBUG rally_openstack.cleanup.manager [-] Cleaning up cinder volume_snapshots objects
2019-07-23 07:17:15.931 1838 RALLYDEBUG rally_openstack.cleanup.manager [-] Cleaning up cinder transfers objects
2019-07-23 07:17:18.187 1838 RALLYDEBUG rally_openstack.cleanup.manager [-] Cleaning up cinder volumes objects
2019-07-23 07:17:20.535 1838 RALLYDEBUG rally_openstack.cleanup.manager [-] Deleting cinder.volumes object s_rally_2e56a710_bWRFYUK2 (f4c6ca7e-0956-4088-88bf-8c64f042bca3)
2019-07-23 07:17:20.541 1838 RALLYDEBUG rally_openstack.cleanup.manager [-] Deleting cinder.volumes object s_rally_2e56a710_x58h3WDQ (721fc188-e1ab-48e6-9865-c27d5eb565e9)
2019-07-23 07:17:20.548 1838 RALLYDEBUG rally_openstack.cleanup.manager [-] Deleting cinder.volumes object s_rally_2e56a710_hNyJnTiW (1ad3bb9d-e81d-4149-9edb-5781f8726b68)
2019-07-23 07:17:20.549 1838 RALLYDEBUG rally_openstack.cleanup.manager [-] Deleting cinder.volumes object s_rally_2e56a710_kiUzYDZj (1b5766ba-8259-498b-b148-fb53d2888f02)
2019-07-23 07:17:20.554 1838 RALLYDEBUG rally_openstack.cleanup.manager [-] Deleting cinder.volumes object s_rally_2e56a710_e7OwdLTo (bc6350b8-8417-4e3a-928a-579cea18e33a)
2019-07-23 07:17:20.555 1838 RALLYDEBUG rally_openstack.cleanup.manager [-] Deleting cinder.volumes object s_rally_2e56a710_gKRBimWc (807aedcb-b268-4011-bf83-8e8ae61f6bd1)
2019-07-23 07:17:20.560 1838 RALLYDEBUG rally_openstack.cleanup.manager [-] Deleting cinder.volumes object s_rally_2e56a710_nYToFrUL (0b9e8edb-3b92-4854-896e-7617fbbdbf16)
2019-07-23 07:17:20.562 1838 RALLYDEBUG rally_openstack.cleanup.manager [-] Deleting cinder.volumes object s_rally_2e56a710_8ScutJMt (a503bb23-09b9-4aeb-9fc4-b703de41da21)
2019-07-23 07:17:20.574 1838 RALLYDEBUG rally_openstack.cleanup.manager [-] Deleting cinder.volumes object s_rally_2e56a710_OtwCmJdb (67f11b9f-b540-47d4-9351-54c499620699)
2019-07-23 07:17:20.581 1838 RALLYDEBUG rally_openstack.cleanup.manager [-] Deleting cinder.volumes object s_rally_2e56a710_4l64KyMa (25666732-c081-4560-9fe2-2a0915ac5450)
2019-07-23 07:17:25.618 1838 INFO rally.task.context [-] Task e2e8d8b1-8ecf-407f-8ac0-e4a4cea9f6df | Context cleanup@openstack cleanup() finished in 14.21 sec
2019-07-23 07:17:25.619 1838 INFO rally.task.context [-] Task e2e8d8b1-8ecf-407f-8ac0-e4a4cea9f6df | Context quotas@openstack cleanup() started
2019-07-23 07:17:26.561 1838 INFO rally.task.context [-] Task e2e8d8b1-8ecf-407f-8ac0-e4a4cea9f6df | Context quotas@openstack cleanup() finished in 0.94 sec
2019-07-23 07:17:26.561 1838 INFO rally.task.context [-] Task e2e8d8b1-8ecf-407f-8ac0-e4a4cea9f6df | Context api_versions@openstack cleanup() started
2019-07-23 07:17:26.562 1838 INFO rally.task.context [-] Task e2e8d8b1-8ecf-407f-8ac0-e4a4cea9f6df | Context api_versions@openstack cleanup() finished in 0.31 msec
2019-07-23 07:17:26.562 1838 INFO rally.task.context [-] Task e2e8d8b1-8ecf-407f-8ac0-e4a4cea9f6df | Context users@openstack cleanup() started
2019-07-23 07:17:34.898 1838 INFO rally.task.context [-] Task e2e8d8b1-8ecf-407f-8ac0-e4a4cea9f6df | Context users@openstack cleanup() finished in 8.34 sec
2019-07-23 07:17:36.681 1838 INFO rally.task.engine [-] Load duration is: 11.747084
2019-07-23 07:17:36.682 1838 INFO rally.task.engine [-] Full runner duration is: 11.79482
2019-07-23 07:17:36.682 1838 INFO rally.task.engine [-] Full duration is: 42.440754
2019-07-23 07:17:37.023 1838 INFO rally.task.engine [-] Running workload: position = 0 config = { "version": 2, "title": "A cropped version of a bigger task.", "description": "Auto-generated task from a single workload (uuid=f114543f-9be8-4374-a4a7-805eafe3331b)", "subtasks": [ { "title": "CinderVolumes.create_and_upload_volume_to_image", "description": "Create and upload a volume to image.", "scenario": { "CinderVolumes.create_and_upload_volume_to_image": { "container_format": "bare", "disk_format": "raw", "do_delete": true, "force": false, "size": 1 } }, "contexts": { "users": { "tenants": 3, "users_per_tenant": 2 }, "quotas": { "cinder": { "gigabytes": -1, "snapshots": -1, "volumes": -1 } }, "api_versions": { "cinder": { "version": 3, "service_type": "volumev3" } } }, "runner": { "constant": { "concurrency": 4, "times": 10 } }, "hooks": [], "sla": { "failure_rate": { "max": 0 } } } ] }
2019-07-23 07:17:37.048 1838 RALLYDEBUG rally_openstack.contexts.keystone.users [-] Creating 3 tenants using 20 threads
2019-07-23 07:17:39.071 1838 RALLYDEBUG rally_openstack.contexts.keystone.users [-] Creating 6 users using 20 threads
2019-07-23 07:17:41.982 1838 INFO rally.task.context [-] Task e2e8d8b1-8ecf-407f-8ac0-e4a4cea9f6df | Context users@openstack setup() finished in 4.93 sec
2019-07-23 07:17:42.412 1838 INFO rally.task.context [-] Task e2e8d8b1-8ecf-407f-8ac0-e4a4cea9f6df | Context api_versions@openstack setup() finished in 0.43 sec
2019-07-23 07:17:44.123 1838 INFO rally.task.context [-] Task e2e8d8b1-8ecf-407f-8ac0-e4a4cea9f6df | Context quotas@openstack setup() finished in 1.71 sec
2019-07-23 07:17:44.124 1838 INFO rally.task.context [-] Task e2e8d8b1-8ecf-407f-8ac0-e4a4cea9f6df | Context cleanup@openstack setup() finished in 0.01 msec
2019-07-23 07:17:44.133 1838 RALLYDEBUG rally.task.runner [-] Starting the constant runner (task UUID: e2e8d8b1-8ecf-407f-8ac0-e4a4cea9f6df). timeout: 0 concurrency: 4 concurrency_per_worker: 1 times: 10 concurrency_overhead: 0 processes_to_start: 4 max_cpu_used: 16
2019-07-23 07:17:44.146 2778 RALLYDEBUG rally.task.runner [-] Starting a worker. concurrency: 1 args: {"container_format": "bare", "disk_format": "raw", "do_delete": true, "force": false, "size": 1} times: 10 method_name: run timeout: 0 duration: None cls:
2019-07-23 07:17:44.148 2779 RALLYDEBUG rally.task.runner [-] Starting a worker. concurrency: 1 args: {"container_format": "bare", "disk_format": "raw", "do_delete": true, "force": false, "size": 1} times: 10 method_name: run timeout: 0 duration: None cls:
2019-07-23 07:17:44.152 2780 RALLYDEBUG rally.task.runner [-] Starting a worker. concurrency: 1 args: {"container_format": "bare", "disk_format": "raw", "do_delete": true, "force": false, "size": 1} times: 10 method_name: run timeout: 0 duration: None cls:
2019-07-23 07:17:44.155 2778 INFO rally.task.runner [-] Task e2e8d8b1-8ecf-407f-8ac0-e4a4cea9f6df | ITER: 1 START
2019-07-23 07:17:44.155 2781 RALLYDEBUG rally.task.runner [-] Starting a worker. concurrency: 1 args: {"container_format": "bare", "disk_format": "raw", "do_delete": true, "force": false, "size": 1} times: 10 method_name: run timeout: 0 duration: None cls:
2019-07-23 07:17:44.156 2779 INFO rally.task.runner [-] Task e2e8d8b1-8ecf-407f-8ac0-e4a4cea9f6df | ITER: 2 START
2019-07-23 07:17:44.161 2780 INFO rally.task.runner [-] Task e2e8d8b1-8ecf-407f-8ac0-e4a4cea9f6df | ITER: 3 START
2019-07-23 07:17:44.162 2781 INFO rally.task.runner [-] Task e2e8d8b1-8ecf-407f-8ac0-e4a4cea9f6df | ITER: 4 START
2019-07-23 07:17:50.068 2779 RALLYDEBUG rally.task.utils [-] Waiting for resource s_rally_f114543f_3pFmxqy7. Status changed: AVAILABLE => UPLOADING in 0.416160821915
2019-07-23 07:17:50.159 2780 RALLYDEBUG rally.task.utils [-] Waiting for resource s_rally_f114543f_RkXXS6Ic. Status changed: AVAILABLE => UPLOADING in 0.485124111176
2019-07-23 07:17:50.220 2781 RALLYDEBUG rally.task.utils [-] Waiting for resource s_rally_f114543f_kBnFDjfe. Status changed: AVAILABLE => UPLOADING in 0.443993091583
2019-07-23 07:17:50.259 2778 RALLYDEBUG rally.task.utils [-] Waiting for resource s_rally_f114543f_SUTcAbhi. Status changed: AVAILABLE => UPLOADING in 0.483770132065
2019-07-23 07:18:38.599 2780 RALLYDEBUG rally.task.utils [-] Waiting for resource s_rally_f114543f_RkXXS6Ic. Status changed: UPLOADING => AVAILABLE in 48.4396090508
2019-07-23 07:18:39.503 2778 RALLYDEBUG rally.task.utils [-] Waiting for resource s_rally_f114543f_SUTcAbhi. Status changed: UPLOADING => AVAILABLE in 49.2443068027
2019-07-23 07:18:39.579 2780 RALLYDEBUG rally.task.utils [-] Waiting for resource s_rally_f114543f_RkXXS6Ic. Status changed: AVAILABLE => DELETING in 0.051609992981
2019-07-23 07:18:40.054 2779 RALLYDEBUG rally.task.utils [-] Waiting for resource s_rally_f114543f_3pFmxqy7. Status changed: UPLOADING => AVAILABLE in 49.9855351448
2019-07-23 07:18:40.148 2781 RALLYDEBUG rally.task.utils [-] Waiting for resource s_rally_f114543f_kBnFDjfe. Status changed: UPLOADING => AVAILABLE in 49.9271500111
2019-07-23 07:18:40.804 2779 RALLYDEBUG rally.task.utils [-] Waiting for resource s_rally_f114543f_3pFmxqy7. Status changed: AVAILABLE => DELETING in 0.0546967983246
2019-07-23 07:18:40.917 2781 RALLYDEBUG rally.task.utils [-] Waiting for resource s_rally_f114543f_kBnFDjfe. Status changed: AVAILABLE => DELETING in 0.0607550144196
2019-07-23 07:18:41.515 2778 INFO rally.task.runner [-] Task e2e8d8b1-8ecf-407f-8ac0-e4a4cea9f6df | ITER: 1 END: OK
2019-07-23 07:18:41.520 2778 INFO rally.task.runner [-] Task e2e8d8b1-8ecf-407f-8ac0-e4a4cea9f6df | ITER: 5 START
2019-07-23 07:18:42.651 2780 INFO rally.task.runner [-] Task e2e8d8b1-8ecf-407f-8ac0-e4a4cea9f6df | ITER: 3 END: OK
2019-07-23 07:18:42.658 2780 INFO rally.task.runner [-] Task e2e8d8b1-8ecf-407f-8ac0-e4a4cea9f6df | ITER: 6 START
2019-07-23 07:18:43.831 2781 INFO rally.task.runner [-] Task e2e8d8b1-8ecf-407f-8ac0-e4a4cea9f6df | ITER: 4 END: OK
2019-07-23 07:18:43.838 2781 INFO rally.task.runner [-] Task e2e8d8b1-8ecf-407f-8ac0-e4a4cea9f6df | ITER: 7 START
2019-07-23 07:18:43.843 2779 INFO rally.task.runner [-] Task e2e8d8b1-8ecf-407f-8ac0-e4a4cea9f6df | ITER: 2 END: OK
2019-07-23 07:18:43.850 2779 INFO rally.task.runner [-] Task e2e8d8b1-8ecf-407f-8ac0-e4a4cea9f6df | ITER: 8 START
2019-07-23 07:18:47.537 2778 RALLYDEBUG rally.task.utils [-] Waiting for resource s_rally_f114543f_Kuzbd15u. Status changed: AVAILABLE => UPLOADING in 0.455734968185
2019-07-23 07:18:48.635 2780 RALLYDEBUG rally.task.utils [-] Waiting for resource s_rally_f114543f_JoA4vPAw. Status changed: AVAILABLE => UPLOADING in 0.352589130402
2019-07-23 07:18:49.707 2779 RALLYDEBUG rally.task.utils [-] Waiting for resource s_rally_f114543f_WFGoGj3e. Status changed: AVAILABLE => UPLOADING in 0.332459211349
2019-07-23 07:18:50.238 2781 RALLYDEBUG rally.task.utils [-] Waiting for resource s_rally_f114543f_aIGIhlLC. Status changed: AVAILABLE => UPLOADING in 0.43745803833
2019-07-23 07:19:34.845 2778 RALLYDEBUG rally.task.utils [-] Waiting for resource s_rally_f114543f_Kuzbd15u. Status changed: UPLOADING => AVAILABLE in 47.3077719212
2019-07-23 07:19:35.987 2778 RALLYDEBUG rally.task.utils [-] Waiting for resource s_rally_f114543f_Kuzbd15u. Status changed: AVAILABLE => DELETING in 0.052659034729
2019-07-23 07:19:37.424 2780 RALLYDEBUG rally.task.utils [-] Waiting for resource s_rally_f114543f_JoA4vPAw. Status changed: UPLOADING => AVAILABLE in 48.7889788151
2019-07-23 07:19:37.927 2781 RALLYDEBUG rally.task.utils [-] Waiting for resource s_rally_f114543f_aIGIhlLC. Status changed: UPLOADING => AVAILABLE in 47.6895048618
2019-07-23 07:19:39.119 2781 RALLYDEBUG rally.task.utils [-] Waiting for resource s_rally_f114543f_aIGIhlLC. Status changed: AVAILABLE => DELETING in 0.0536510944366
2019-07-23 07:19:39.598 2780 INFO rally.task.runner [-] Task e2e8d8b1-8ecf-407f-8ac0-e4a4cea9f6df | ITER: 6 END: OK
2019-07-23 07:19:39.601 2780 INFO rally.task.runner [-] Task e2e8d8b1-8ecf-407f-8ac0-e4a4cea9f6df | ITER: 9 START
2019-07-23 07:19:39.622 2778 INFO rally.task.runner [-] Task e2e8d8b1-8ecf-407f-8ac0-e4a4cea9f6df | ITER: 5 END: OK
2019-07-23 07:19:39.625 2779 RALLYDEBUG rally.task.utils [-] Waiting for resource s_rally_f114543f_WFGoGj3e. Status changed: UPLOADING => AVAILABLE in 49.9177618027
2019-07-23 07:19:39.628 2778 INFO rally.task.runner [-] Task e2e8d8b1-8ecf-407f-8ac0-e4a4cea9f6df | ITER: 10 START
2019-07-23 07:19:40.559 2779 RALLYDEBUG rally.task.utils [-] Waiting for resource s_rally_f114543f_WFGoGj3e. Status changed: AVAILABLE => DELETING in 0.0555379390717
2019-07-23 07:19:42.837 2781 INFO rally.task.runner [-] Task e2e8d8b1-8ecf-407f-8ac0-e4a4cea9f6df | ITER: 7 END: OK
2019-07-23 07:19:43.885 2779 INFO rally.task.runner [-] Task e2e8d8b1-8ecf-407f-8ac0-e4a4cea9f6df | ITER: 8 END: OK
2019-07-23 07:19:45.279 2778 RALLYDEBUG rally.task.utils [-] Waiting for resource s_rally_f114543f_7LwFBTUa. Status changed: AVAILABLE => UPLOADING in 0.240149021149
2019-07-23 07:19:45.480 2780 RALLYDEBUG rally.task.utils [-] Waiting for resource s_rally_f114543f_lHFK4xDt. Status changed: AVAILABLE => UPLOADING in 0.31435084343
2019-07-23 07:20:15.073 2778 RALLYDEBUG rally.task.utils [-] Waiting for resource s_rally_f114543f_7LwFBTUa. Status changed: UPLOADING => AVAILABLE in 29.7938539982
2019-07-23 07:20:15.653 2780 RALLYDEBUG rally.task.utils [-] Waiting for resource s_rally_f114543f_lHFK4xDt. Status changed: UPLOADING => AVAILABLE in 30.173276186
2019-07-23 07:20:17.424 2778 INFO rally.task.runner [-] Task e2e8d8b1-8ecf-407f-8ac0-e4a4cea9f6df | ITER: 10 END: OK
2019-07-23 07:20:18.268 2780 INFO rally.task.runner [-] Task e2e8d8b1-8ecf-407f-8ac0-e4a4cea9f6df | ITER: 9 END: OK
2019-07-23 07:20:18.299 1838 INFO rally.task.context [-] Task e2e8d8b1-8ecf-407f-8ac0-e4a4cea9f6df | Context cleanup@openstack cleanup() started
2019-07-23 07:20:18.301 1838 RALLYDEBUG rally_openstack.cleanup.manager [-] Cleaning up cinder backups objects
2019-07-23 07:20:20.571 1838 RALLYDEBUG rally_openstack.cleanup.manager [-] Cleaning up cinder volume_snapshots objects
2019-07-23 07:20:23.196 1838 RALLYDEBUG rally_openstack.cleanup.manager [-] Cleaning up cinder transfers objects
2019-07-23 07:20:25.340 1838 RALLYDEBUG rally_openstack.cleanup.manager [-] Cleaning up cinder volumes objects
2019-07-23 07:20:27.632 1838 RALLYDEBUG rally_openstack.cleanup.manager [-] Cleaning up glance images objects
2019-07-23 07:20:30.921 1838 INFO rally.task.context [-] Task e2e8d8b1-8ecf-407f-8ac0-e4a4cea9f6df | Context cleanup@openstack cleanup() finished in 12.62 sec
2019-07-23 07:20:30.921 1838 INFO rally.task.context [-] Task e2e8d8b1-8ecf-407f-8ac0-e4a4cea9f6df | Context quotas@openstack cleanup() started
2019-07-23 07:20:31.990 1838 INFO rally.task.context [-] Task e2e8d8b1-8ecf-407f-8ac0-e4a4cea9f6df | Context quotas@openstack cleanup() finished in 1.07 sec
2019-07-23 07:20:31.990 1838 INFO rally.task.context [-] Task e2e8d8b1-8ecf-407f-8ac0-e4a4cea9f6df | Context api_versions@openstack cleanup() started
2019-07-23 07:20:31.991 1838 INFO rally.task.context [-] Task e2e8d8b1-8ecf-407f-8ac0-e4a4cea9f6df | Context api_versions@openstack cleanup() finished in 0.29 msec
2019-07-23 07:20:31.991 1838 INFO rally.task.context [-] Task e2e8d8b1-8ecf-407f-8ac0-e4a4cea9f6df | Context users@openstack cleanup() started
2019-07-23 07:20:40.256 1838 INFO rally.task.context [-] Task e2e8d8b1-8ecf-407f-8ac0-e4a4cea9f6df | Context users@openstack cleanup() finished in 8.26 sec
2019-07-23 07:20:41.704 1838 INFO rally.task.engine [-] Load duration is: 153.245382
2019-07-23 07:20:41.704 1838 INFO rally.task.engine [-] Full runner duration is: 154.167531
2019-07-23 07:20:41.704 1838 INFO rally.task.engine [-] Full duration is: 183.211955
2019-07-23 07:20:41.961 1838 INFO rally.task.engine [-] Running workload: position = 0 config = { "version": 2, "title": "A cropped version of a bigger task.", "description": "Auto-generated task from a single workload (uuid=2ef2b56a-9f09-4c7a-bf86-27189cd491ef)", "subtasks": [ { "title": "CinderVolumes.create_nested_snapshots_and_attach_volume", "description": "Create a volume from snapshot and attach/detach the volume", "scenario": { "CinderVolumes.create_nested_snapshots_and_attach_volume": { "flavor": { "name": "rally_full-flavor_afb2fe8f-3356-45b4-a588-31677e6cd4b6" }, "image": { "name": "rally_full-img_afb2fe8f-3356-45b4-a588-31677e6cd4b6" }, "nested_level": 1, "size": { "max": 1, "min": 1 }, "create_vm_params": { "nics": [ { "net-id": "31d48bcf-0b81-4169-9fa3-d155168e1c93" } ] } } }, "contexts": { "users": { "tenants": 3, "users_per_tenant": 2 }, "quotas": { "cinder": { "gigabytes": -1, "snapshots": -1, "volumes": -1 } }, "api_versions": { "cinder": { "version": 3, "service_type": "volumev3" } } }, "runner": { "constant": { "concurrency": 4, "times": 10 } }, "hooks": [], "sla": { "failure_rate": { "max": 0 } } } ] }
2019-07-23 07:20:41.984 1838 RALLYDEBUG rally_openstack.contexts.keystone.users [-] Creating 3 tenants using 20 threads
2019-07-23 07:20:44.001 1838 RALLYDEBUG rally_openstack.contexts.keystone.users [-] Creating 6 users using 20 threads
2019-07-23 07:20:46.790 1838 INFO rally.task.context [-] Task e2e8d8b1-8ecf-407f-8ac0-e4a4cea9f6df | Context users@openstack setup() finished in 4.81 sec
2019-07-23 07:20:47.216 1838 INFO rally.task.context [-] Task e2e8d8b1-8ecf-407f-8ac0-e4a4cea9f6df | Context api_versions@openstack setup() finished in 0.42 sec
2019-07-23 07:20:49.051 1838 INFO rally.task.context [-] Task e2e8d8b1-8ecf-407f-8ac0-e4a4cea9f6df | Context quotas@openstack setup() finished in 1.83 sec
2019-07-23 07:20:49.051 1838 INFO rally.task.context [-] Task e2e8d8b1-8ecf-407f-8ac0-e4a4cea9f6df | Context cleanup@openstack setup() finished in 0.01 msec
2019-07-23 07:20:50.528 1838 DEBUG novaclient.v2.client [-] REQ: curl -g -i -X GET http://172.30.9.28:8774/v2.1/flavors/detail -H "Accept: application/json" -H "User-Agent: python-novaclient" -H "X-Auth-Token: {SHA1}c17f699500c7d94aa5f3d5edb663f4cf33214490" _http_log_request /usr/lib/python2.7/site-packages/keystoneauth1/session.py:448
2019-07-23 07:20:50.840 1838 DEBUG novaclient.v2.client [-] RESP: [200] Content-Encoding: gzip Content-Length: 364 Content-Type: application/json Date: Tue, 23 Jul 2019 07:20:50 GMT OpenStack-API-Version: compute 2.1 Server: Apache Vary: OpenStack-API-Version,X-OpenStack-Nova-API-Version,Accept-Encoding X-OpenStack-Nova-API-Version: 2.1 x-compute-request-id: req-2db6bf4f-e541-4df1-848d-c2455f4b29d4 x-openstack-request-id: req-2db6bf4f-e541-4df1-848d-c2455f4b29d4 _http_log_response /usr/lib/python2.7/site-packages/keystoneauth1/session.py:479
2019-07-23 07:20:50.840 1838 DEBUG novaclient.v2.client [-] RESP BODY: {"flavors": [{"name": "rally_full-flavor_afb2fe8f-3356-45b4-a588-31677e6cd4b6", "links": [{"href": "http://172.30.9.28:8774/v2.1/flavors/3089c6f9-4b25-4412-a774-00c2299cca74", "rel": "self"}, {"href": "http://172.30.9.28:8774/flavors/3089c6f9-4b25-4412-a774-00c2299cca74", "rel": "bookmark"}], "ram": 512, "OS-FLV-DISABLED:disabled": false, "vcpus": 1, "swap": "", "os-flavor-access:is_public": true, "rxtx_factor": 1.0, "OS-FLV-EXT-DATA:ephemeral": 0, "disk": 1, "id": "3089c6f9-4b25-4412-a774-00c2299cca74"}, {"name": "rally_full-flavor_alt_afb2fe8f-3356-45b4-a588-31677e6cd4b6", "links": [{"href": "http://172.30.9.28:8774/v2.1/flavors/7d34d5f0-5072-47c0-b169-577498cf481c", "rel": "self"}, {"href": "http://172.30.9.28:8774/flavors/7d34d5f0-5072-47c0-b169-577498cf481c", "rel": "bookmark"}], "ram": 1024, "OS-FLV-DISABLED:disabled": false, "vcpus": 1, "swap": "", "os-flavor-access:is_public": true, "rxtx_factor": 1.0, "OS-FLV-EXT-DATA:ephemeral": 0, "disk": 1, "id": "7d34d5f0-5072-47c0-b169-577498cf481c"}]} _http_log_response /usr/lib/python2.7/site-packages/keystoneauth1/session.py:511
2019-07-23 07:20:50.841 1838 DEBUG novaclient.v2.client [-] GET call to compute for http://172.30.9.28:8774/v2.1/flavors/detail used request id req-2db6bf4f-e541-4df1-848d-c2455f4b29d4 request /usr/lib/python2.7/site-packages/keystoneauth1/session.py:844
2019-07-23 07:20:50.843 1838 RALLYDEBUG rally.task.runner [-] Starting the constant runner (task UUID: e2e8d8b1-8ecf-407f-8ac0-e4a4cea9f6df). timeout: 0 concurrency: 4 concurrency_per_worker: 1 times: 10 concurrency_overhead: 0 processes_to_start: 4 max_cpu_used: 16
2019-07-23 07:20:50.856 2982 RALLYDEBUG rally.task.runner [-] Starting a worker. concurrency: 1 args: {"flavor": "3089c6f9-4b25-4412-a774-00c2299cca74", "image": "0d3ef3fe-fc6f-46a0-98a3-e7e997221efb", "nested_level": 1, "size": {"max": 1, "min": 1}, "create_vm_params": {"nics": [{"net-id": "31d48bcf-0b81-4169-9fa3-d155168e1c93"}]}} times: 10 method_name: run timeout: 0 duration: None cls:
2019-07-23 07:20:50.858 2983 RALLYDEBUG rally.task.runner [-] Starting a worker. concurrency: 1 args: {"flavor": "3089c6f9-4b25-4412-a774-00c2299cca74", "image": "0d3ef3fe-fc6f-46a0-98a3-e7e997221efb", "nested_level": 1, "size": {"max": 1, "min": 1}, "create_vm_params": {"nics": [{"net-id": "31d48bcf-0b81-4169-9fa3-d155168e1c93"}]}} times: 10 method_name: run timeout: 0 duration: None cls:
2019-07-23 07:20:50.862 2984 RALLYDEBUG rally.task.runner [-] Starting a worker. concurrency: 1 args: {"flavor": "3089c6f9-4b25-4412-a774-00c2299cca74", "image": "0d3ef3fe-fc6f-46a0-98a3-e7e997221efb", "nested_level": 1, "size": {"max": 1, "min": 1}, "create_vm_params": {"nics": [{"net-id": "31d48bcf-0b81-4169-9fa3-d155168e1c93"}]}} times: 10 method_name: run timeout: 0 duration: None cls:
2019-07-23 07:20:50.862 2985 RALLYDEBUG rally.task.runner [-] Starting a worker. concurrency: 1 args: {"flavor": "3089c6f9-4b25-4412-a774-00c2299cca74", "image": "0d3ef3fe-fc6f-46a0-98a3-e7e997221efb", "nested_level": 1, "size": {"max": 1, "min": 1}, "create_vm_params": {"nics": [{"net-id": "31d48bcf-0b81-4169-9fa3-d155168e1c93"}]}} times: 10 method_name: run timeout: 0 duration: None cls:
2019-07-23 07:20:50.864 2982 INFO rally.task.runner [-] Task e2e8d8b1-8ecf-407f-8ac0-e4a4cea9f6df | ITER: 1 START
2019-07-23 07:20:50.867 2983 INFO rally.task.runner [-] Task e2e8d8b1-8ecf-407f-8ac0-e4a4cea9f6df | ITER: 2 START
2019-07-23 07:20:50.867 2985 INFO rally.task.runner [-] Task e2e8d8b1-8ecf-407f-8ac0-e4a4cea9f6df | ITER: 4 START
2019-07-23 07:20:50.870 2984 INFO rally.task.runner [-] Task e2e8d8b1-8ecf-407f-8ac0-e4a4cea9f6df | ITER: 3 START
2019-07-23 07:20:51.305 2985 DEBUG novaclient.v2.client [-] REQ: curl -g -i -X POST http://172.30.9.28:8774/v2.1/servers -H "Accept: application/json" -H "Content-Type: application/json" -H "User-Agent: python-novaclient" -H "X-Auth-Token: {SHA1}1107040a0ca2f7b3b7d7444af4edb91dccb30b7c" -d '{"server": {"name": "s_rally_2ef2b56a_0koVTxWK", "imageRef": "0d3ef3fe-fc6f-46a0-98a3-e7e997221efb", "flavorRef": "3089c6f9-4b25-4412-a774-00c2299cca74", "max_count": 1, "min_count": 1, "networks": [{"uuid": "31d48bcf-0b81-4169-9fa3-d155168e1c93"}]}}' _http_log_request /usr/lib/python2.7/site-packages/keystoneauth1/session.py:448
