2019-07-23 07:31:19.385 1838 RALLYDEBUG rally_openstack.cleanup.manager [-] Cleaning up cinder volumes objects
2019-07-23 07:31:21.579 1838 INFO rally.task.context [-] Task e2e8d8b1-8ecf-407f-8ac0-e4a4cea9f6df | Context cleanup@openstack cleanup() finished in 9.08 sec
2019-07-23 07:31:21.579 1838 INFO rally.task.context [-] Task e2e8d8b1-8ecf-407f-8ac0-e4a4cea9f6df | Context quotas@openstack cleanup() started
2019-07-23 07:31:22.479 1838 INFO rally.task.context [-] Task e2e8d8b1-8ecf-407f-8ac0-e4a4cea9f6df | Context quotas@openstack cleanup() finished in 0.90 sec
2019-07-23 07:31:22.479 1838 INFO rally.task.context [-] Task e2e8d8b1-8ecf-407f-8ac0-e4a4cea9f6df | Context api_versions@openstack cleanup() started
2019-07-23 07:31:22.480 1838 INFO rally.task.context [-] Task e2e8d8b1-8ecf-407f-8ac0-e4a4cea9f6df | Context api_versions@openstack cleanup() finished in 0.31 msec
2019-07-23 07:31:22.480 1838 INFO rally.task.context [-] Task e2e8d8b1-8ecf-407f-8ac0-e4a4cea9f6df | Context users@openstack cleanup() started
2019-07-23 07:31:30.883 1838 INFO rally.task.context [-] Task e2e8d8b1-8ecf-407f-8ac0-e4a4cea9f6df | Context users@openstack cleanup() finished in 8.40 sec
2019-07-23 07:31:31.922 1838 INFO rally.task.engine [-] Load duration is: 57.045542
2019-07-23 07:31:31.923 1838 INFO rally.task.engine [-] Full runner duration is: 57.092477
2019-07-23 07:31:31.923 1838 INFO rally.task.engine [-] Full duration is: 83.291914
2019-07-23 07:31:32.087 1838 INFO rally.task.engine [-] Running workload: position = 2 config = { "version": 2, "title": "A cropped version of a bigger task.", "description": "Auto-generated task from a single workload (uuid=1596f2fd-7556-4a23-affb-e7e80552ed9a)", "subtasks": [ { "title": "CinderVolumes.create_and_delete_volume", "description": "Create and then delete a volume.", "scenario": { "CinderVolumes.create_and_delete_volume": { "size": 1 } }, "contexts": { "users": { "tenants": 3, "users_per_tenant": 2 }, "quotas": { "cinder": { "gigabytes": -1, "snapshots": -1, "volumes": -1 } }, "api_versions": { "cinder": { "version": 3, "service_type": "volumev3" } } }, "runner": { "constant": { "concurrency": 4, "times": 10 } }, "hooks": [], "sla": { "failure_rate": { "max": 0 } } } ] }
2019-07-23 07:31:32.112 1838 RALLYDEBUG rally_openstack.contexts.keystone.users [-] Creating 3 tenants using 20 threads
2019-07-23 07:31:34.223 1838 RALLYDEBUG rally_openstack.contexts.keystone.users [-] Creating 6 users using 20 threads
2019-07-23 07:31:37.130 1838 INFO rally.task.context [-] Task e2e8d8b1-8ecf-407f-8ac0-e4a4cea9f6df | Context users@openstack setup() finished in 5.02 sec
2019-07-23 07:31:37.554 1838 INFO rally.task.context [-] Task e2e8d8b1-8ecf-407f-8ac0-e4a4cea9f6df | Context api_versions@openstack setup() finished in 0.42 sec
2019-07-23 07:31:39.280 1838 INFO rally.task.context [-] Task e2e8d8b1-8ecf-407f-8ac0-e4a4cea9f6df | Context quotas@openstack setup() finished in 1.73 sec
2019-07-23 07:31:39.281 1838 INFO rally.task.context [-] Task e2e8d8b1-8ecf-407f-8ac0-e4a4cea9f6df | Context cleanup@openstack setup() finished in 0.01 msec
2019-07-23 07:31:39.288 1838 RALLYDEBUG rally.task.runner [-] Starting the constant runner (task UUID: e2e8d8b1-8ecf-407f-8ac0-e4a4cea9f6df). timeout: 0 concurrency: 4 concurrency_per_worker: 1 times: 10 concurrency_overhead: 0 processes_to_start: 4 max_cpu_used: 16
2019-07-23 07:31:39.302 4534 RALLYDEBUG rally.task.runner [-] Starting a worker. concurrency: 1 args: {"size": 1} times: 10 method_name: run timeout: 0 duration: None cls:
2019-07-23 07:31:39.305 4535 RALLYDEBUG rally.task.runner [-] Starting a worker. concurrency: 1 args: {"size": 1} times: 10 method_name: run timeout: 0 duration: None cls:
2019-07-23 07:31:39.307 4536 RALLYDEBUG rally.task.runner [-] Starting a worker. concurrency: 1 args: {"size": 1} times: 10 method_name: run timeout: 0 duration: None cls:
2019-07-23 07:31:39.310 4534 INFO rally.task.runner [-] Task e2e8d8b1-8ecf-407f-8ac0-e4a4cea9f6df | ITER: 1 START
2019-07-23 07:31:39.311 4537 RALLYDEBUG rally.task.runner [-] Starting a worker. concurrency: 1 args: {"size": 1} times: 10 method_name: run timeout: 0 duration: None cls:
2019-07-23 07:31:39.314 4535 INFO rally.task.runner [-] Task e2e8d8b1-8ecf-407f-8ac0-e4a4cea9f6df | ITER: 2 START
2019-07-23 07:31:39.315 4536 INFO rally.task.runner [-] Task e2e8d8b1-8ecf-407f-8ac0-e4a4cea9f6df | ITER: 3 START
2019-07-23 07:31:39.319 4537 INFO rally.task.runner [-] Task e2e8d8b1-8ecf-407f-8ac0-e4a4cea9f6df | ITER: 4 START
2019-07-23 07:31:43.641 4537 RALLYDEBUG rally.task.utils [-] Waiting for resource s_rally_1596f2fd_GWh4Akor. Status changed: AVAILABLE => DELETING in 0.0622470378876
2019-07-23 07:31:43.715 4534 RALLYDEBUG rally.task.utils [-] Waiting for resource s_rally_1596f2fd_kEe4PgrT. Status changed: AVAILABLE => DELETING in 0.248889923096
2019-07-23 07:31:43.736 4536 RALLYDEBUG rally.task.utils [-] Waiting for resource s_rally_1596f2fd_MIRbJHqe. Status changed: AVAILABLE => DELETING in 0.0559039115906
2019-07-23 07:31:43.978 4535 RALLYDEBUG rally.task.utils [-] Waiting for resource s_rally_1596f2fd_57DQow9m. Status changed: AVAILABLE => DELETING in 0.343750953674
2019-07-23 07:31:45.679 4537 INFO rally.task.runner [-] Task e2e8d8b1-8ecf-407f-8ac0-e4a4cea9f6df | ITER: 4 END: OK
2019-07-23 07:31:45.684 4537 INFO rally.task.runner [-] Task e2e8d8b1-8ecf-407f-8ac0-e4a4cea9f6df | ITER: 5 START
2019-07-23 07:31:45.951 4534 INFO rally.task.runner [-] Task e2e8d8b1-8ecf-407f-8ac0-e4a4cea9f6df | ITER: 1 END: OK
2019-07-23 07:31:45.956 4534 INFO rally.task.runner [-] Task e2e8d8b1-8ecf-407f-8ac0-e4a4cea9f6df | ITER: 6 START
2019-07-23 07:31:45.973 4536 INFO rally.task.runner [-] Task e2e8d8b1-8ecf-407f-8ac0-e4a4cea9f6df | ITER: 3 END: OK
2019-07-23 07:31:45.976 4536 INFO rally.task.runner [-] Task e2e8d8b1-8ecf-407f-8ac0-e4a4cea9f6df | ITER: 7 START
2019-07-23 07:31:46.018 4535 INFO rally.task.runner [-] Task e2e8d8b1-8ecf-407f-8ac0-e4a4cea9f6df | ITER: 2 END: OK
2019-07-23 07:31:46.023 4535 INFO rally.task.runner [-] Task e2e8d8b1-8ecf-407f-8ac0-e4a4cea9f6df | ITER: 8 START
2019-07-23 07:31:49.709 4537 INFO rally.task.runner [-] Task e2e8d8b1-8ecf-407f-8ac0-e4a4cea9f6df | ITER: 5 END: OK
2019-07-23 07:31:49.714 4537 INFO rally.task.runner [-] Task e2e8d8b1-8ecf-407f-8ac0-e4a4cea9f6df | ITER: 9 START
2019-07-23 07:31:50.160 4536 INFO rally.task.runner [-] Task e2e8d8b1-8ecf-407f-8ac0-e4a4cea9f6df | ITER: 7 END: OK
2019-07-23 07:31:50.165 4536 INFO rally.task.runner [-] Task e2e8d8b1-8ecf-407f-8ac0-e4a4cea9f6df | ITER: 10 START
2019-07-23 07:31:50.388 4535 RALLYDEBUG rally.task.utils [-] Waiting for resource s_rally_1596f2fd_uzMIMX0C. Status changed: AVAILABLE => DELETING in 0.366008996964
2019-07-23 07:31:50.444 4534 RALLYDEBUG rally.task.utils [-] Waiting for resource s_rally_1596f2fd_JqWxqDLY. Status changed: AVAILABLE => DELETING in 0.33992600441
2019-07-23 07:31:52.613 4535 INFO rally.task.runner [-] Task e2e8d8b1-8ecf-407f-8ac0-e4a4cea9f6df | ITER: 8 END: OK
2019-07-23 07:31:52.749 4534 INFO rally.task.runner [-] Task e2e8d8b1-8ecf-407f-8ac0-e4a4cea9f6df | ITER: 6 END: OK
2019-07-23 07:31:53.985 4537 INFO rally.task.runner [-] Task e2e8d8b1-8ecf-407f-8ac0-e4a4cea9f6df | ITER: 9 END: OK
2019-07-23 07:31:54.239 4536 RALLYDEBUG rally.task.utils [-] Waiting for resource s_rally_1596f2fd_zpHOrtXn. Status changed: AVAILABLE => DELETING in 0.260273933411
2019-07-23 07:31:56.561 4536 INFO rally.task.runner [-] Task e2e8d8b1-8ecf-407f-8ac0-e4a4cea9f6df | ITER: 10 END: OK
2019-07-23 07:31:56.588 1838 INFO rally.task.context [-] Task e2e8d8b1-8ecf-407f-8ac0-e4a4cea9f6df | Context cleanup@openstack cleanup() started
2019-07-23 07:31:56.591 1838 RALLYDEBUG rally_openstack.cleanup.manager [-] Cleaning up cinder backups objects
2019-07-23 07:31:58.669 1838 RALLYDEBUG rally_openstack.cleanup.manager [-] Cleaning up cinder volume_snapshots objects
2019-07-23 07:32:00.920 1838 RALLYDEBUG rally_openstack.cleanup.manager [-] Cleaning up cinder transfers objects
2019-07-23 07:32:02.957 1838 RALLYDEBUG rally_openstack.cleanup.manager [-] Cleaning up cinder volumes objects
2019-07-23 07:32:05.171 1838 INFO rally.task.context [-] Task e2e8d8b1-8ecf-407f-8ac0-e4a4cea9f6df | Context cleanup@openstack cleanup() finished in 8.58 sec
2019-07-23 07:32:05.172 1838 INFO rally.task.context [-] Task e2e8d8b1-8ecf-407f-8ac0-e4a4cea9f6df | Context quotas@openstack cleanup() started
2019-07-23 07:32:06.096 1838 INFO rally.task.context [-] Task e2e8d8b1-8ecf-407f-8ac0-e4a4cea9f6df | Context quotas@openstack cleanup() finished in 0.92 sec
2019-07-23 07:32:06.096 1838 INFO rally.task.context [-] Task e2e8d8b1-8ecf-407f-8ac0-e4a4cea9f6df | Context api_versions@openstack cleanup() started
2019-07-23 07:32:06.096 1838 INFO rally.task.context [-] Task e2e8d8b1-8ecf-407f-8ac0-e4a4cea9f6df | Context api_versions@openstack cleanup() finished in 0.32 msec
2019-07-23 07:32:06.097 1838 INFO rally.task.context [-] Task e2e8d8b1-8ecf-407f-8ac0-e4a4cea9f6df | Context users@openstack cleanup() started
2019-07-23 07:32:14.391 1838 INFO rally.task.context [-] Task e2e8d8b1-8ecf-407f-8ac0-e4a4cea9f6df | Context users@openstack cleanup() finished in 8.29 sec
2019-07-23 07:32:16.287 1838 INFO rally.task.engine [-] Load duration is: 17.249124
2019-07-23 07:32:16.287 1838 INFO rally.task.engine [-] Full runner duration is: 17.3001
2019-07-23 07:32:16.287 1838 INFO rally.task.engine [-] Full duration is: 42.284126
2019-07-23 07:32:16.590 1838 INFO rally.task.engine [-] Running workload: position = 0 config = { "version": 2, "title": "A cropped version of a bigger task.", "description": "Auto-generated task from a single workload (uuid=74b8804b-8021-4273-a424-534e96d05827)", "subtasks": [ { "title": "CinderVolumes.create_and_extend_volume", "description": "Create and extend a volume and then delete it.", "scenario": { "CinderVolumes.create_and_extend_volume": { "new_size": 2, "size": 1 } }, "contexts": { "users": { "tenants": 3, "users_per_tenant": 2 }, "quotas": { "cinder": { "gigabytes": -1, "snapshots": -1, "volumes": -1 } }, "api_versions": { "cinder": { "version": 3, "service_type": "volumev3" } } }, "runner": { "constant": { "concurrency": 4, "times": 10 } }, "hooks": [], "sla": { "failure_rate": { "max": 0 } } } ] }
2019-07-23 07:32:16.616 1838 RALLYDEBUG rally_openstack.contexts.keystone.users [-] Creating 3 tenants using 20 threads
2019-07-23 07:32:18.457 1838 RALLYDEBUG rally_openstack.contexts.keystone.users [-] Creating 6 users using 20 threads
2019-07-23 07:32:21.223 1838 INFO rally.task.context [-] Task e2e8d8b1-8ecf-407f-8ac0-e4a4cea9f6df | Context users@openstack setup() finished in 4.61 sec
2019-07-23 07:32:21.652 1838 INFO rally.task.context [-] Task e2e8d8b1-8ecf-407f-8ac0-e4a4cea9f6df | Context api_versions@openstack setup() finished in 0.43 sec
2019-07-23 07:32:23.282 1838 INFO rally.task.context [-] Task e2e8d8b1-8ecf-407f-8ac0-e4a4cea9f6df | Context quotas@openstack setup() finished in 1.63 sec
2019-07-23 07:32:23.282 1838 INFO rally.task.context [-] Task e2e8d8b1-8ecf-407f-8ac0-e4a4cea9f6df | Context cleanup@openstack setup() finished in 0.01 msec
2019-07-23 07:32:23.289 1838 RALLYDEBUG rally.task.runner [-] Starting the constant runner (task UUID: e2e8d8b1-8ecf-407f-8ac0-e4a4cea9f6df). timeout: 0 concurrency: 4 concurrency_per_worker: 1 times: 10 concurrency_overhead: 0 processes_to_start: 4 max_cpu_used: 16
2019-07-23 07:32:23.303 4718 RALLYDEBUG rally.task.runner [-] Starting a worker. concurrency: 1 args: {"new_size": 2, "size": 1} times: 10 method_name: run timeout: 0 duration: None cls:
2019-07-23 07:32:23.306 4719 RALLYDEBUG rally.task.runner [-] Starting a worker. concurrency: 1 args: {"new_size": 2, "size": 1} times: 10 method_name: run timeout: 0 duration: None cls:
2019-07-23 07:32:23.309 4720 RALLYDEBUG rally.task.runner [-] Starting a worker. concurrency: 1 args: {"new_size": 2, "size": 1} times: 10 method_name: run timeout: 0 duration: None cls:
2019-07-23 07:32:23.311 4718 INFO rally.task.runner [-] Task e2e8d8b1-8ecf-407f-8ac0-e4a4cea9f6df | ITER: 1 START
2019-07-23 07:32:23.312 4721 RALLYDEBUG rally.task.runner [-] Starting a worker. concurrency: 1 args: {"new_size": 2, "size": 1} times: 10 method_name: run timeout: 0 duration: None cls:
2019-07-23 07:32:23.315 4719 INFO rally.task.runner [-] Task e2e8d8b1-8ecf-407f-8ac0-e4a4cea9f6df | ITER: 2 START
2019-07-23 07:32:23.316 4720 INFO rally.task.runner [-] Task e2e8d8b1-8ecf-407f-8ac0-e4a4cea9f6df | ITER: 3 START
2019-07-23 07:32:23.321 4721 INFO rally.task.runner [-] Task e2e8d8b1-8ecf-407f-8ac0-e4a4cea9f6df | ITER: 4 START
2019-07-23 07:32:28.278 4721 RALLYDEBUG rally.task.utils [-] Waiting for resource s_rally_74b8804b_BOUQM7rT. Status changed: AVAILABLE => DELETING in 0.0657269954681
2019-07-23 07:32:28.313 4719 RALLYDEBUG rally.task.utils [-] Waiting for resource s_rally_74b8804b_49xNPdT7. Status changed: AVAILABLE => DELETING in 0.280045986176
2019-07-23 07:32:28.371 4720 RALLYDEBUG rally.task.utils [-] Waiting for resource s_rally_74b8804b_VuJyicnm. Status changed: AVAILABLE => DELETING in 0.391304016113
2019-07-23 07:32:28.397 4718 RALLYDEBUG rally.task.utils [-] Waiting for resource s_rally_74b8804b_5i5PeLw4. Status changed: AVAILABLE => DELETING in 0.40017580986
2019-07-23 07:32:30.434 4718 INFO rally.task.runner [-] Task e2e8d8b1-8ecf-407f-8ac0-e4a4cea9f6df | ITER: 1 END: OK
2019-07-23 07:32:30.439 4718 INFO rally.task.runner [-] Task e2e8d8b1-8ecf-407f-8ac0-e4a4cea9f6df | ITER: 5 START
2019-07-23 07:32:30.513 4721 INFO rally.task.runner [-] Task e2e8d8b1-8ecf-407f-8ac0-e4a4cea9f6df | ITER: 4 END: OK
2019-07-23 07:32:30.519 4721 INFO rally.task.runner [-] Task e2e8d8b1-8ecf-407f-8ac0-e4a4cea9f6df | ITER: 6 START
2019-07-23 07:32:30.635 4719 INFO rally.task.runner [-] Task e2e8d8b1-8ecf-407f-8ac0-e4a4cea9f6df | ITER: 2 END: OK
2019-07-23 07:32:30.641 4719 INFO rally.task.runner [-] Task e2e8d8b1-8ecf-407f-8ac0-e4a4cea9f6df | ITER: 7 START
2019-07-23 07:32:30.704 4720 INFO rally.task.runner [-] Task e2e8d8b1-8ecf-407f-8ac0-e4a4cea9f6df | ITER: 3 END: OK
2019-07-23 07:32:30.709 4720 INFO rally.task.runner [-] Task e2e8d8b1-8ecf-407f-8ac0-e4a4cea9f6df | ITER: 8 START
2019-07-23 07:32:34.909 4721 INFO rally.task.runner [-] Task e2e8d8b1-8ecf-407f-8ac0-e4a4cea9f6df | ITER: 6 END: OK
2019-07-23 07:32:34.914 4721 INFO rally.task.runner [-] Task e2e8d8b1-8ecf-407f-8ac0-e4a4cea9f6df | ITER: 9 START
2019-07-23 07:32:35.217 4718 RALLYDEBUG rally.task.utils [-] Waiting for resource s_rally_74b8804b_3quNKu33. Status changed: AVAILABLE => DELETING in 0.255598068237
2019-07-23 07:32:35.748 4720 RALLYDEBUG rally.task.utils [-] Waiting for resource s_rally_74b8804b_NMgqGxCr. Status changed: AVAILABLE => DELETING in 0.265883207321
2019-07-23 07:32:35.913 4719 RALLYDEBUG rally.task.utils [-] Waiting for resource s_rally_74b8804b_aSCI9K6p. Status changed: AVAILABLE => DELETING in 0.25142288208
2019-07-23 07:32:37.256 4718 INFO rally.task.runner [-] Task e2e8d8b1-8ecf-407f-8ac0-e4a4cea9f6df | ITER: 5 END: OK
2019-07-23 07:32:37.261 4718 INFO rally.task.runner [-] Task e2e8d8b1-8ecf-407f-8ac0-e4a4cea9f6df | ITER: 10 START
2019-07-23 07:32:37.995 4720 INFO rally.task.runner [-] Task e2e8d8b1-8ecf-407f-8ac0-e4a4cea9f6df | ITER: 8 END: OK
2019-07-23 07:32:38.229 4719 INFO rally.task.runner [-] Task e2e8d8b1-8ecf-407f-8ac0-e4a4cea9f6df | ITER: 7 END: OK
2019-07-23 07:32:39.275 4721 RALLYDEBUG rally.task.utils [-] Waiting for resource s_rally_74b8804b_ImCoH5ma. Status changed: AVAILABLE => DELETING in 0.25461602211
2019-07-23 07:32:41.525 4721 INFO rally.task.runner [-] Task e2e8d8b1-8ecf-407f-8ac0-e4a4cea9f6df | ITER: 9 END: OK
2019-07-23 07:32:42.561 4718 INFO rally.task.runner [-] Task e2e8d8b1-8ecf-407f-8ac0-e4a4cea9f6df | ITER: 10 END: OK
2019-07-23 07:32:42.585 1838 INFO rally.task.context [-] Task e2e8d8b1-8ecf-407f-8ac0-e4a4cea9f6df | Context cleanup@openstack cleanup() started
2019-07-23 07:32:42.587 1838 RALLYDEBUG rally_openstack.cleanup.manager [-] Cleaning up cinder backups objects
2019-07-23 07:32:44.902 1838 RALLYDEBUG rally_openstack.cleanup.manager [-] Cleaning up cinder volume_snapshots objects
2019-07-23 07:32:47.047 1838 RALLYDEBUG rally_openstack.cleanup.manager [-] Cleaning up cinder transfers objects
2019-07-23 07:32:49.266 1838 RALLYDEBUG rally_openstack.cleanup.manager [-] Cleaning up cinder volumes objects
2019-07-23 07:32:51.436 1838 INFO rally.task.context [-] Task e2e8d8b1-8ecf-407f-8ac0-e4a4cea9f6df | Context cleanup@openstack cleanup() finished in 8.85 sec
2019-07-23 07:32:51.436 1838 INFO rally.task.context [-] Task e2e8d8b1-8ecf-407f-8ac0-e4a4cea9f6df | Context quotas@openstack cleanup() started
2019-07-23 07:32:52.401 1838 INFO rally.task.context [-] Task e2e8d8b1-8ecf-407f-8ac0-e4a4cea9f6df | Context quotas@openstack cleanup() finished in 0.96 sec
2019-07-23 07:32:52.401 1838 INFO rally.task.context [-] Task e2e8d8b1-8ecf-407f-8ac0-e4a4cea9f6df | Context api_versions@openstack cleanup() started
2019-07-23 07:32:52.401 1838 INFO rally.task.context [-] Task e2e8d8b1-8ecf-407f-8ac0-e4a4cea9f6df | Context api_versions@openstack cleanup() finished in 0.32 msec
2019-07-23 07:32:52.402 1838 INFO rally.task.context [-] Task e2e8d8b1-8ecf-407f-8ac0-e4a4cea9f6df | Context users@openstack cleanup() started
2019-07-23 07:33:00.630 1838 INFO rally.task.context [-] Task e2e8d8b1-8ecf-407f-8ac0-e4a4cea9f6df | Context users@openstack cleanup() finished in 8.23 sec
2019-07-23 07:33:00.791 1838 INFO rally.task.engine [-] Load duration is: 19.246708
2019-07-23 07:33:00.791 1838 INFO rally.task.engine [-] Full runner duration is: 19.295876
2019-07-23 07:33:00.792 1838 INFO rally.task.engine [-] Full duration is: 44.017882
2019-07-23 07:33:01.033 1838 INFO rally.task.engine [-] Running workload: position = 0 config = { "version": 2, "title": "A cropped version of a bigger task.", "description": "Auto-generated task from a single workload (uuid=235c5a65-342e-44b4-82a1-e201ed6ccb74)", "subtasks": [ { "title": "CinderVolumes.create_from_volume_and_delete_volume", "description": "Create volume from volume and then delete it.", "scenario": { "CinderVolumes.create_from_volume_and_delete_volume": { "size": 1 } }, "contexts": { "users": { "tenants": 3, "users_per_tenant": 2 }, "quotas": { "cinder": { "gigabytes": -1, "snapshots": -1, "volumes": -1 } }, "api_versions": { "cinder": { "version": 3, "service_type": "volumev3" } }, "volumes": { "size": 1, "volumes_per_tenant": 1 } }, "runner": { "constant": { "concurrency": 4, "times": 10 } }, "hooks": [], "sla": { "failure_rate": { "max": 0 } } } ] }
2019-07-23 07:33:01.058 1838 RALLYDEBUG rally_openstack.contexts.keystone.users [-] Creating 3 tenants using 20 threads
2019-07-23 07:33:02.967 1838 RALLYDEBUG rally_openstack.contexts.keystone.users [-] Creating 6 users using 20 threads
2019-07-23 07:33:05.680 1838 INFO rally.task.context [-] Task e2e8d8b1-8ecf-407f-8ac0-e4a4cea9f6df | Context users@openstack setup() finished in 4.62 sec
2019-07-23 07:33:06.196 1838 INFO rally.task.context [-] Task e2e8d8b1-8ecf-407f-8ac0-e4a4cea9f6df | Context api_versions@openstack setup() finished in 0.51 sec
2019-07-23 07:33:07.898 1838 INFO rally.task.context [-] Task e2e8d8b1-8ecf-407f-8ac0-e4a4cea9f6df | Context quotas@openstack setup() finished in 1.70 sec
2019-07-23 07:33:18.888 1838 INFO rally.task.context [-] Task e2e8d8b1-8ecf-407f-8ac0-e4a4cea9f6df | Context volumes@openstack setup() finished in 10.99 sec
2019-07-23 07:33:18.889 1838 INFO rally.task.context [-] Task e2e8d8b1-8ecf-407f-8ac0-e4a4cea9f6df | Context cleanup@openstack setup() finished in 0.01 msec
2019-07-23 07:33:18.896 1838 RALLYDEBUG rally.task.runner [-] Starting the constant runner (task UUID: e2e8d8b1-8ecf-407f-8ac0-e4a4cea9f6df). timeout: 0 concurrency: 4 concurrency_per_worker: 1 times: 10 concurrency_overhead: 0 processes_to_start: 4 max_cpu_used: 16
2019-07-23 07:33:18.908 4902 RALLYDEBUG rally.task.runner [-] Starting a worker. concurrency: 1 args: {"size": 1} times: 10 method_name: run timeout: 0 duration: None cls:
2019-07-23 07:33:18.921 4904 RALLYDEBUG rally.task.runner [-] Starting a worker. concurrency: 1 args: {"size": 1} times: 10 method_name: run timeout: 0 duration: None cls:
2019-07-23 07:33:18.922 4902 INFO rally.task.runner [-] Task e2e8d8b1-8ecf-407f-8ac0-e4a4cea9f6df | ITER: 1 START
2019-07-23 07:33:18.912 4903 RALLYDEBUG rally.task.runner [-] Starting a worker. concurrency: 1 args: {"size": 1} times: 10 method_name: run timeout: 0 duration: None cls:
2019-07-23 07:33:18.926 4904 INFO rally.task.runner [-] Task e2e8d8b1-8ecf-407f-8ac0-e4a4cea9f6df | ITER: 2 START
2019-07-23 07:33:18.926 4905 RALLYDEBUG rally.task.runner [-] Starting a worker. concurrency: 1 args: {"size": 1} times: 10 method_name: run timeout: 0 duration: None cls:
2019-07-23 07:33:18.929 4903 INFO rally.task.runner [-] Task e2e8d8b1-8ecf-407f-8ac0-e4a4cea9f6df | ITER: 3 START
2019-07-23 07:33:18.932 4905 INFO rally.task.runner [-] Task e2e8d8b1-8ecf-407f-8ac0-e4a4cea9f6df | ITER: 4 START
2019-07-23 07:33:22.761 4904 RALLYDEBUG rally.task.utils [-] Waiting for resource s_rally_235c5a65_OMSW2dSE. Status changed: CREATING => AVAILABLE in 0.763287067413
2019-07-23 07:33:22.772 4903 RALLYDEBUG rally.task.utils [-] Waiting for resource s_rally_235c5a65_61aMv3vS. Status changed: CREATING => AVAILABLE in 0.746437072754
2019-07-23 07:33:23.476 4904 RALLYDEBUG rally.task.utils [-] Waiting for resource s_rally_235c5a65_OMSW2dSE. Status changed: AVAILABLE => DELETING in 0.329305887222
2019-07-23 07:33:23.731 4903 RALLYDEBUG rally.task.utils [-] Waiting for resource s_rally_235c5a65_61aMv3vS. Status changed: AVAILABLE => DELETING in 0.260314941406
2019-07-23 07:33:24.904 4905 RALLYDEBUG rally.task.utils [-] Waiting for resource s_rally_235c5a65_rRcy04sI. Status changed: CREATING => AVAILABLE in 2.74469208717
2019-07-23 07:33:25.428 4905 RALLYDEBUG rally.task.utils [-] Waiting for resource s_rally_235c5a65_rRcy04sI. Status changed: AVAILABLE => DELETING in 0.245921134949
2019-07-23 07:33:27.496 4902 RALLYDEBUG rally.task.utils [-] Waiting for resource s_rally_235c5a65_L4YvnPaa. Status changed: CREATING => AVAILABLE in 5.29754686356
2019-07-23 07:33:27.571 4904 INFO rally.task.runner [-] Task e2e8d8b1-8ecf-407f-8ac0-e4a4cea9f6df | ITER: 2 END: OK
2019-07-23 07:33:27.576 4904 INFO rally.task.runner [-] Task e2e8d8b1-8ecf-407f-8ac0-e4a4cea9f6df | ITER: 5 START
2019-07-23 07:33:28.113 4903 INFO rally.task.runner [-] Task e2e8d8b1-8ecf-407f-8ac0-e4a4cea9f6df | ITER: 3 END: OK
2019-07-23 07:33:28.119 4903 INFO rally.task.runner [-] Task e2e8d8b1-8ecf-407f-8ac0-e4a4cea9f6df | ITER: 6 START
2019-07-23 07:33:28.211 4902 RALLYDEBUG rally.task.utils [-] Waiting for resource s_rally_235c5a65_L4YvnPaa. Status changed: AVAILABLE => DELETING in 0.35132598877
2019-07-23 07:33:29.799 4905 INFO rally.task.runner [-] Task e2e8d8b1-8ecf-407f-8ac0-e4a4cea9f6df | ITER: 4 END: OK
2019-07-23 07:33:29.804 4905 INFO rally.task.runner [-] Task e2e8d8b1-8ecf-407f-8ac0-e4a4cea9f6df | ITER: 7 START
2019-07-23 07:33:30.553 4902 INFO rally.task.runner [-] Task e2e8d8b1-8ecf-407f-8ac0-e4a4cea9f6df | ITER: 1 END: OK
2019-07-23 07:33:30.559 4902 INFO rally.task.runner [-] Task e2e8d8b1-8ecf-407f-8ac0-e4a4cea9f6df | ITER: 8 START
2019-07-23 07:33:31.824 4904 RALLYDEBUG rally.task.utils [-] Waiting for resource s_rally_235c5a65_HLhVyhjr. Status changed: AVAILABLE => DELETING in 0.366531133652
2019-07-23 07:33:32.275 4903 RALLYDEBUG rally.task.utils [-] Waiting for resource s_rally_235c5a65_oibILQym. Status changed: AVAILABLE => DELETING in 0.0571389198303
2019-07-23 07:33:34.214 4905 RALLYDEBUG rally.task.utils [-] Waiting for resource s_rally_235c5a65_i0ji7gZH. Status changed: AVAILABLE => DELETING in 0.34339594841
2019-07-23 07:33:36.463 4902 RALLYDEBUG rally.task.utils [-] Waiting for resource s_rally_235c5a65_rIiJ3FZ9. Status changed: CREATING => AVAILABLE in 2.83655405045
2019-07-23 07:33:36.480 4904 INFO rally.task.runner [-] Task e2e8d8b1-8ecf-407f-8ac0-e4a4cea9f6df | ITER: 5 END: OK
2019-07-23 07:33:36.485 4904 INFO rally.task.runner [-] Task e2e8d8b1-8ecf-407f-8ac0-e4a4cea9f6df | ITER: 9 START
2019-07-23 07:33:36.830 4902 RALLYDEBUG rally.task.utils [-] Waiting for resource s_rally_235c5a65_rIiJ3FZ9. Status changed: AVAILABLE => DELETING in 0.0549988746643
2019-07-23 07:33:38.780 4905 INFO rally.task.runner [-] Task e2e8d8b1-8ecf-407f-8ac0-e4a4cea9f6df | ITER: 7 END: OK
2019-07-23 07:33:38.785 4905 INFO rally.task.runner [-] Task e2e8d8b1-8ecf-407f-8ac0-e4a4cea9f6df | ITER: 10 START
2019-07-23 07:33:38.940 4903 INFO rally.task.runner [-] Task e2e8d8b1-8ecf-407f-8ac0-e4a4cea9f6df | ITER: 6 END: OK
2019-07-23 07:33:41.140 4902 INFO rally.task.runner [-] Task e2e8d8b1-8ecf-407f-8ac0-e4a4cea9f6df | ITER: 8 END: OK
2019-07-23 07:33:41.189 4904 RALLYDEBUG rally.task.utils [-] Waiting for resource s_rally_235c5a65_gHQhMGfb. Status changed: AVAILABLE => DELETING in 0.329772233963
2019-07-23 07:33:43.233 4904 INFO rally.task.runner [-] Task e2e8d8b1-8ecf-407f-8ac0-e4a4cea9f6df | ITER: 9 END: OK
2019-07-23 07:33:43.383 4905 RALLYDEBUG rally.task.utils [-] Waiting for resource s_rally_235c5a65_IUq0MlIt. Status changed: AVAILABLE => DELETING in 0.457923173904
2019-07-23 07:33:45.728 4905 INFO rally.task.runner [-] Task e2e8d8b1-8ecf-407f-8ac0-e4a4cea9f6df | ITER: 10 END: OK
2019-07-23 07:33:45.754 1838 INFO rally.task.context [-] Task e2e8d8b1-8ecf-407f-8ac0-e4a4cea9f6df | Context cleanup@openstack cleanup() started
2019-07-23 07:33:45.756 1838 RALLYDEBUG rally_openstack.cleanup.manager [-] Cleaning up cinder backups objects
2019-07-23 07:33:48.025 1838 RALLYDEBUG rally_openstack.cleanup.manager [-] Cleaning up cinder volume_snapshots objects
2019-07-23 07:33:50.256 1838 RALLYDEBUG rally_openstack.cleanup.manager [-] Cleaning up cinder transfers objects
2019-07-23 07:33:52.395 1838 RALLYDEBUG rally_openstack.cleanup.manager [-] Cleaning up cinder volumes objects
2019-07-23 07:33:54.747 1838 INFO rally.task.context [-] Task e2e8d8b1-8ecf-407f-8ac0-e4a4cea9f6df | Context cleanup@openstack cleanup() finished in 8.99 sec
2019-07-23 07:33:54.748 1838 INFO rally.task.context [-] Task e2e8d8b1-8ecf-407f-8ac0-e4a4cea9f6df | Context volumes@openstack cleanup() started
2019-07-23 07:33:54.748 1838 RALLYDEBUG rally_openstack.cleanup.manager [-] Cleaning up cinder volumes objects
2019-07-23 07:33:57.137 1838 RALLYDEBUG rally_openstack.cleanup.manager [-] Deleting cinder.volumes object c_rally_235c5a65_7fTWxi1T (493f922d-b000-469b-a4f4-b73103d878f8)
2019-07-23 07:33:57.138 1838 RALLYDEBUG rally_openstack.cleanup.manager [-] Deleting cinder.volumes object c_rally_235c5a65_NjnHNRS2 (42c710bc-0e76-4173-bf4c-31b18851400e)
2019-07-23 07:33:57.139 1838 RALLYDEBUG rally_openstack.cleanup.manager [-] Deleting cinder.volumes object c_rally_235c5a65_YytwTFjv (4cb5b089-5770-4139-bf32-d17434e43fa8)
2019-07-23 07:34:00.640 1838 INFO rally.task.context [-] Task e2e8d8b1-8ecf-407f-8ac0-e4a4cea9f6df | Context volumes@openstack cleanup() finished in 5.89 sec
2019-07-23 07:34:00.641 1838 INFO rally.task.context [-] Task e2e8d8b1-8ecf-407f-8ac0-e4a4cea9f6df | Context quotas@openstack cleanup() started
2019-07-23 07:34:01.520 1838 INFO rally.task.context [-] Task e2e8d8b1-8ecf-407f-8ac0-e4a4cea9f6df | Context quotas@openstack cleanup() finished in 0.88 sec
2019-07-23 07:34:01.520 1838 INFO rally.task.context [-] Task e2e8d8b1-8ecf-407f-8ac0-e4a4cea9f6df | Context api_versions@openstack cleanup() started
2019-07-23 07:34:01.520 1838 INFO rally.task.context [-] Task e2e8d8b1-8ecf-407f-8ac0-e4a4cea9f6df | Context api_versions@openstack cleanup() finished in 0.29 msec
2019-07-23 07:34:01.521 1838 INFO rally.task.context [-] Task e2e8d8b1-8ecf-407f-8ac0-e4a4cea9f6df | Context users@openstack cleanup() started
2019-07-23 07:34:09.923 1838 INFO rally.task.context [-] Task e2e8d8b1-8ecf-407f-8ac0-e4a4cea9f6df | Context users@openstack cleanup() finished in 8.40 sec
2019-07-23 07:34:11.334 1838 INFO rally.task.engine [-] Load duration is: 26.801714
2019-07-23 07:34:11.334 1838 INFO rally.task.engine [-] Full runner duration is: 26.858454
2019-07-23 07:34:11.335 1838 INFO rally.task.engine [-] Full duration is: 68.868208
2019-07-23 07:34:11.590 1838 INFO rally.task.engine [-] Running workload: position = 0 config = { "version": 2, "title": "A cropped version of a bigger task.", "description": "Auto-generated task from a single workload (uuid=b3fa3f19-69b9-44c7-bdda-5749bebeb971)", "subtasks": [ { "title": "CinderQos.create_and_get_qos", "description": "Create a qos, then get details of the qos.", "scenario": { "CinderQos.create_and_get_qos": { "consumer": "both", "write_iops_sec": "10", "read_iops_sec": "1000" } }, "contexts": { "users": { "tenants": 3, "users_per_tenant": 2 }, "api_versions": { "cinder": { "version": 3, "service_type": "volumev3" } } }, "runner": { "constant": { "concurrency": 4, "times": 10 } }, "hooks": [], "sla": { "failure_rate": { "max": 0 } } } ] }
2019-07-23 07:34:11.614 1838 RALLYDEBUG rally_openstack.contexts.keystone.users [-] Creating 3 tenants using 20 threads
2019-07-23 07:34:13.474 1838 RALLYDEBUG rally_openstack.contexts.keystone.users [-] Creating 6 users using 20 threads
2019-07-23 07:34:16.398 1838 INFO rally.task.context [-] Task e2e8d8b1-8ecf-407f-8ac0-e4a4cea9f6df | Context users@openstack setup() finished in 4.78 sec
2019-07-23 07:34:16.831 1838 INFO rally.task.context [-] Task e2e8d8b1-8ecf-407f-8ac0-e4a4cea9f6df | Context api_versions@openstack setup() finished in 0.43 sec
2019-07-23 07:34:16.832 1838 INFO rally.task.context [-] Task e2e8d8b1-8ecf-407f-8ac0-e4a4cea9f6df | Context admin_cleanup@openstack setup() finished in 0.01 msec
2019-07-23 07:34:16.839 1838 RALLYDEBUG rally.task.runner [-] Starting the constant runner (task UUID: e2e8d8b1-8ecf-407f-8ac0-e4a4cea9f6df). timeout: 0 concurrency: 4 concurrency_per_worker: 1 times: 10 concurrency_overhead: 0 processes_to_start: 4 max_cpu_used: 16
2019-07-23 07:34:16.852 5106 RALLYDEBUG rally.task.runner [-] Starting a worker. concurrency: 1 args: {"consumer": "both", "write_iops_sec": "10", "read_iops_sec": "1000"} times: 10 method_name: run timeout: 0 duration: None cls:
2019-07-23 07:34:16.855 5107 RALLYDEBUG rally.task.runner [-] Starting a worker. concurrency: 1 args: {"consumer": "both", "write_iops_sec": "10", "read_iops_sec": "1000"} times: 10 method_name: run timeout: 0 duration: None cls:
2019-07-23 07:34:16.858 5108 RALLYDEBUG rally.task.runner [-] Starting a worker. concurrency: 1 args: {"consumer": "both", "write_iops_sec": "10", "read_iops_sec": "1000"} times: 10 method_name: run timeout: 0 duration: None cls:
2019-07-23 07:34:16.860 5106 INFO rally.task.runner [-] Task e2e8d8b1-8ecf-407f-8ac0-e4a4cea9f6df | ITER: 1 START
2019-07-23 07:34:16.861 5109 RALLYDEBUG rally.task.runner [-] Starting a worker. concurrency: 1 args: {"consumer": "both", "write_iops_sec": "10", "read_iops_sec": "1000"} times: 10 method_name: run timeout: 0 duration: None cls:
2019-07-23 07:34:16.863 5107 INFO rally.task.runner [-] Task e2e8d8b1-8ecf-407f-8ac0-e4a4cea9f6df | ITER: 2 START
2019-07-23 07:34:16.866 5108 INFO rally.task.runner [-] Task e2e8d8b1-8ecf-407f-8ac0-e4a4cea9f6df | ITER: 3 START
2019-07-23 07:34:16.868 5109 INFO rally.task.runner [-] Task e2e8d8b1-8ecf-407f-8ac0-e4a4cea9f6df | ITER: 4 START
2019-07-23 07:34:17.972 5109 INFO rally.task.runner [-] Task e2e8d8b1-8ecf-407f-8ac0-e4a4cea9f6df | ITER: 4 END: OK
2019-07-23 07:34:17.978 5109 INFO rally.task.runner [-] Task e2e8d8b1-8ecf-407f-8ac0-e4a4cea9f6df | ITER: 5 START
2019-07-23 07:34:18.005 5106 INFO rally.task.runner [-] Task e2e8d8b1-8ecf-407f-8ac0-e4a4cea9f6df | ITER: 1 END: OK
2019-07-23 07:34:18.009 5106 INFO rally.task.runner [-] Task e2e8d8b1-8ecf-407f-8ac0-e4a4cea9f6df | ITER: 6 START
2019-07-23 07:34:18.014 5107 INFO rally.task.runner [-] Task e2e8d8b1-8ecf-407f-8ac0-e4a4cea9f6df | ITER: 2 END: OK
2019-07-23 07:34:18.019 5107 INFO rally.task.runner [-] Task e2e8d8b1-8ecf-407f-8ac0-e4a4cea9f6df | ITER: 7 START
2019-07-23 07:34:18.138 5108 INFO rally.task.runner [-] Task e2e8d8b1-8ecf-407f-8ac0-e4a4cea9f6df | ITER: 3 END: OK
2019-07-23 07:34:18.144 5108 INFO rally.task.runner [-] Task e2e8d8b1-8ecf-407f-8ac0-e4a4cea9f6df | ITER: 8 START
2019-07-23 07:34:18.992 5107 INFO rally.task.runner [-] Task e2e8d8b1-8ecf-407f-8ac0-e4a4cea9f6df | ITER: 7 END: OK
2019-07-23 07:34:18.996 5107 INFO rally.task.runner [-] Task e2e8d8b1-8ecf-407f-8ac0-e4a4cea9f6df | ITER: 9 START
2019-07-23 07:34:19.053 5109 INFO rally.task.runner [-] Task e2e8d8b1-8ecf-407f-8ac0-e4a4cea9f6df | ITER: 5 END: OK
2019-07-23 07:34:19.058 5109 INFO rally.task.runner [-] Task e2e8d8b1-8ecf-407f-8ac0-e4a4cea9f6df | ITER: 10 START
2019-07-23 07:34:19.098 5106 INFO rally.task.runner [-] Task e2e8d8b1-8ecf-407f-8ac0-e4a4cea9f6df | ITER: 6 END: OK
2019-07-23 07:34:19.176 5108 INFO rally.task.runner [-] Task e2e8d8b1-8ecf-407f-8ac0-e4a4cea9f6df | ITER: 8 END: OK
2019-07-23 07:34:20.047 5107 INFO rally.task.runner [-] Task e2e8d8b1-8ecf-407f-8ac0-e4a4cea9f6df | ITER: 9 END: OK
2019-07-23 07:34:20.178 5109 INFO rally.task.runner [-] Task e2e8d8b1-8ecf-407f-8ac0-e4a4cea9f6df | ITER: 10 END: OK
2019-07-23 07:34:20.202 1838 INFO rally.task.context [-] Task e2e8d8b1-8ecf-407f-8ac0-e4a4cea9f6df | Context admin_cleanup@openstack cleanup() started
2019-07-23 07:34:20.204 1838 RALLYDEBUG rally_openstack.cleanup.manager [-] Cleaning up cinder volume_types objects
2019-07-23 07:34:20.977 1838 RALLYDEBUG rally_openstack.cleanup.manager [-] Cleaning up cinder image_volumes_cache objects
2019-07-23 07:34:22.273 1838 RALLYDEBUG rally_openstack.cleanup.manager [-] Cleaning up cinder quotas objects
2019-07-23 07:34:24.174 1838 RALLYDEBUG rally_openstack.cleanup.manager [-] Cleaning up cinder qos_specs objects
2019-07-23 07:34:24.948 1838 RALLYDEBUG rally_openstack.cleanup.manager [-] Deleting cinder.qos_specs object s_rally_b3fa3f19_qnCD9uI3 (eb520005-2257-4c45-9c45-3196a48a658a)
2019-07-23 07:34:24.952 1838 RALLYDEBUG rally_openstack.cleanup.manager [-] Deleting cinder.qos_specs object s_rally_b3fa3f19_mYxllaqY (a7504588-023e-4a4d-84ff-330e11117441)
2019-07-23 07:34:24.965 1838 RALLYDEBUG rally_openstack.cleanup.manager [-] Deleting cinder.qos_specs object s_rally_b3fa3f19_nZohOBqG (b8644372-22db-4798-bd2a-22feac0bdd6d)
2019-07-23 07:34:24.971 1838 RALLYDEBUG rally_openstack.cleanup.manager [-] Deleting cinder.qos_specs object s_rally_b3fa3f19_A4KmY8MS (75718d54-7bde-447e-8745-17a816f2d6e9)
2019-07-23 07:34:24.972 1838 RALLYDEBUG rally_openstack.cleanup.manager [-] Deleting cinder.qos_specs object s_rally_b3fa3f19_1wOzXME0 (c0ef68d6-4474-4f9b-921c-28e047214d6d)
2019-07-23 07:34:24.981 1838 RALLYDEBUG rally_openstack.cleanup.manager [-] Deleting cinder.qos_specs object s_rally_b3fa3f19_z3LpICPx (561f2202-56bc-4e39-b9ef-3b4a675cbecc)
2019-07-23 07:34:25.007 1838 RALLYDEBUG rally_openstack.cleanup.manager [-] Deleting cinder.qos_specs object s_rally_b3fa3f19_kElmRsrn (fd8aac95-a3c7-4e8c-8ed2-eaae60f3e86a)
2019-07-23 07:34:25.016 1838 RALLYDEBUG rally_openstack.cleanup.manager [-] Deleting cinder.qos_specs object s_rally_b3fa3f19_zuhH4zhn (7679336a-f3bb-4ac4-9773-9176f9d10450)
2019-07-23 07:34:25.036 1838 RALLYDEBUG rally_openstack.cleanup.manager [-] Deleting cinder.qos_specs object s_rally_b3fa3f19_8i9byPyB (c9097819-2bb2-4c7b-8c38-414e85b7551e)
2019-07-23 07:34:25.059 1838 RALLYDEBUG rally_openstack.cleanup.manager [-] Deleting cinder.qos_specs object s_rally_b3fa3f19_Strj00rP (162fdd6e-d6f5-484d-9b22-db6e43f74825)
2019-07-23 07:34:27.435 1838 INFO rally.task.context [-] Task e2e8d8b1-8ecf-407f-8ac0-e4a4cea9f6df | Context admin_cleanup@openstack cleanup() finished in 7.23 sec
2019-07-23 07:34:27.436 1838 INFO rally.task.context [-] Task e2e8d8b1-8ecf-407f-8ac0-e4a4cea9f6df | Context api_versions@openstack cleanup() started
2019-07-23 07:34:27.436 1838 INFO rally.task.context [-] Task e2e8d8b1-8ecf-407f-8ac0-e4a4cea9f6df | Context api_versions@openstack cleanup() finished in 0.34 msec
2019-07-23 07:34:27.436 1838 INFO rally.task.context [-] Task e2e8d8b1-8ecf-407f-8ac0-e4a4cea9f6df | Context users@openstack cleanup() started
2019-07-23 07:34:36.025 1838 INFO rally.task.context [-] Task e2e8d8b1-8ecf-407f-8ac0-e4a4cea9f6df | Context users@openstack cleanup() finished in 8.59 sec
2019-07-23 07:34:37.721 1838 INFO rally.task.engine [-] Load duration is: 3.314226
2019-07-23 07:34:37.721 1838 INFO rally.task.engine [-] Full runner duration is: 3.363189
2019-07-23 07:34:37.722 1838 INFO rally.task.engine [-] Full duration is: 24.413579
2019-07-23 07:34:37.962 1838 INFO rally.task.engine [-] Running workload: position = 0 config = { "version": 2, "title": "A cropped version of a bigger task.", "description": "Auto-generated task from a single workload (uuid=3a0914fe-7e45-4557-8830-f9f919f46407)", "subtasks": [ { "title": "CinderQos.create_and_list_qos", "description": "Create a qos, then list all qos.", "scenario": { "CinderQos.create_and_list_qos": { "consumer": "both", "write_iops_sec": "10", "read_iops_sec": "1000" } }, "contexts": { "users": { "tenants": 3, "users_per_tenant": 2 }, "api_versions": { "cinder": { "version": 3, "service_type": "volumev3" } } }, "runner": { "constant": { "concurrency": 4, "times": 10 } }, "hooks": [], "sla": { "failure_rate": { "max": 0 } } } ] }
2019-07-23 07:34:37.986 1838 RALLYDEBUG rally_openstack.contexts.keystone.users [-] Creating 3 tenants using 20 threads
2019-07-23 07:34:39.983 1838 RALLYDEBUG rally_openstack.contexts.keystone.users [-] Creating 6 users using 20 threads
2019-07-23 07:34:42.777 1838 INFO rally.task.context [-] Task e2e8d8b1-8ecf-407f-8ac0-e4a4cea9f6df | Context users@openstack setup() finished in 4.79 sec
2019-07-23 07:34:43.221 1838 INFO rally.task.context [-] Task e2e8d8b1-8ecf-407f-8ac0-e4a4cea9f6df | Context api_versions@openstack setup() finished in 0.44 sec
2019-07-23 07:34:43.222 1838 INFO rally.task.context [-] Task e2e8d8b1-8ecf-407f-8ac0-e4a4cea9f6df | Context admin_cleanup@openstack setup() finished in 0.00 msec
2019-07-23 07:34:43.229 1838 RALLYDEBUG rally.task.runner [-] Starting the constant runner (task UUID: e2e8d8b1-8ecf-407f-8ac0-e4a4cea9f6df). timeout: 0 concurrency: 4 concurrency_per_worker: 1 times: 10 concurrency_overhead: 0 processes_to_start: 4 max_cpu_used: 16
2019-07-23 07:34:43.242 5290 RALLYDEBUG rally.task.runner [-] Starting a worker. concurrency: 1 args: {"consumer": "both", "write_iops_sec": "10", "read_iops_sec": "1000"} times: 10 method_name: run timeout: 0 duration: None cls:
2019-07-23 07:34:43.246 5291 RALLYDEBUG rally.task.runner [-] Starting a worker. concurrency: 1 args: {"consumer": "both", "write_iops_sec": "10", "read_iops_sec": "1000"} times: 10 method_name: run timeout: 0 duration: None cls:
2019-07-23 07:34:43.249 5290 INFO rally.task.runner [-] Task e2e8d8b1-8ecf-407f-8ac0-e4a4cea9f6df | ITER: 1 START
2019-07-23 07:34:43.249 5292 RALLYDEBUG rally.task.runner [-] Starting a worker. concurrency: 1 args: {"consumer": "both", "write_iops_sec": "10", "read_iops_sec": "1000"} times: 10 method_name: run timeout: 0 duration: None cls:
2019-07-23 07:34:43.254 5291 INFO rally.task.runner [-] Task e2e8d8b1-8ecf-407f-8ac0-e4a4cea9f6df | ITER: 2 START
2019-07-23 07:34:43.254 5293 RALLYDEBUG rally.task.runner [-] Starting a worker. concurrency: 1 args: {"consumer": "both", "write_iops_sec": "10", "read_iops_sec": "1000"} times: 10 method_name: run timeout: 0 duration: None cls:
2019-07-23 07:34:43.257 5292 INFO rally.task.runner [-] Task e2e8d8b1-8ecf-407f-8ac0-e4a4cea9f6df | ITER: 3 START
2019-07-23 07:34:43.261 5293 INFO rally.task.runner [-] Task e2e8d8b1-8ecf-407f-8ac0-e4a4cea9f6df | ITER: 4 START
2019-07-23 07:34:44.335 5292 INFO rally.task.runner [-] Task e2e8d8b1-8ecf-407f-8ac0-e4a4cea9f6df | ITER: 3 END: OK
2019-07-23 07:34:44.336 5293 INFO rally.task.runner [-] Task e2e8d8b1-8ecf-407f-8ac0-e4a4cea9f6df | ITER: 4 END: OK
2019-07-23 07:34:44.339 5292 INFO rally.task.runner [-] Task e2e8d8b1-8ecf-407f-8ac0-e4a4cea9f6df | ITER: 5 START
2019-07-23 07:34:44.342 5293 INFO rally.task.runner [-] Task e2e8d8b1-8ecf-407f-8ac0-e4a4cea9f6df | ITER: 6 START
2019-07-23 07:34:44.374 5291 INFO rally.task.runner [-] Task e2e8d8b1-8ecf-407f-8ac0-e4a4cea9f6df | ITER: 2 END: OK
2019-07-23 07:34:44.379 5291 INFO rally.task.runner [-] Task e2e8d8b1-8ecf-407f-8ac0-e4a4cea9f6df | ITER: 7 START
2019-07-23 07:34:44.416 5290 INFO rally.task.runner [-] Task e2e8d8b1-8ecf-407f-8ac0-e4a4cea9f6df | ITER: 1 END: OK
2019-07-23 07:34:44.421 5290 INFO rally.task.runner [-] Task e2e8d8b1-8ecf-407f-8ac0-e4a4cea9f6df | ITER: 8 START
2019-07-23 07:34:45.356 5291 INFO rally.task.runner [-] Task e2e8d8b1-8ecf-407f-8ac0-e4a4cea9f6df | ITER: 7 END: OK
2019-07-23 07:34:45.361 5291 INFO rally.task.runner [-] Task e2e8d8b1-8ecf-407f-8ac0-e4a4cea9f6df | ITER: 9 START
2019-07-23 07:34:45.436 5292 INFO rally.task.runner [-] Task e2e8d8b1-8ecf-407f-8ac0-e4a4cea9f6df | ITER: 5 END: OK
2019-07-23 07:34:45.441 5292 INFO rally.task.runner [-] Task e2e8d8b1-8ecf-407f-8ac0-e4a4cea9f6df | ITER: 10 START
2019-07-23 07:34:45.454 5293 INFO rally.task.runner [-] Task e2e8d8b1-8ecf-407f-8ac0-e4a4cea9f6df | ITER: 6 END: OK
2019-07-23 07:34:45.480 5290 INFO rally.task.runner [-] Task e2e8d8b1-8ecf-407f-8ac0-e4a4cea9f6df | ITER: 8 END: OK
2019-07-23 07:34:46.351 5291 INFO rally.task.runner [-] Task e2e8d8b1-8ecf-407f-8ac0-e4a4cea9f6df | ITER: 9 END: OK
2019-07-23 07:34:46.406 5292 INFO rally.task.runner [-] Task e2e8d8b1-8ecf-407f-8ac0-e4a4cea9f6df | ITER: 10 END: OK
2019-07-23 07:34:46.431 1838 INFO rally.task.context [-] Task e2e8d8b1-8ecf-407f-8ac0-e4a4cea9f6df | Context admin_cleanup@openstack cleanup() started
2019-07-23 07:34:46.433 1838 RALLYDEBUG rally_openstack.cleanup.manager [-] Cleaning up cinder volume_types objects
2019-07-23 07:34:47.189 1838 RALLYDEBUG rally_openstack.cleanup.manager [-] Cleaning up cinder image_volumes_cache objects
2019-07-23 07:34:48.652 1838 RALLYDEBUG rally_openstack.cleanup.manager [-] Cleaning up cinder quotas objects
2019-07-23 07:34:50.638 1838 RALLYDEBUG rally_openstack.cleanup.manager [-] Cleaning up cinder qos_specs objects
2019-07-23 07:34:51.405 1838 RALLYDEBUG rally_openstack.cleanup.manager [-] Deleting cinder.qos_specs object s_rally_3a0914fe_SYQVvjk4 (e864ad13-6000-41b2-8b38-9a50b87bf842)
2019-07-23 07:34:51.415 1838 RALLYDEBUG rally_openstack.cleanup.manager [-] Deleting cinder.qos_specs object s_rally_3a0914fe_hMwPtQ6C (20738e10-175c-4bbe-a7b6-b2a5f5b7d14d)
2019-07-23 07:34:51.420 1838 RALLYDEBUG rally_openstack.cleanup.manager [-] Deleting cinder.qos_specs object s_rally_3a0914fe_7VzADMLC (f6eee393-dda4-46e6-b7db-fb7a7dba4dd4)
2019-07-23 07:34:51.424 1838 RALLYDEBUG rally_openstack.cleanup.manager [-] Deleting cinder.qos_specs object s_rally_3a0914fe_ZFpH4ikQ (aac6c225-aacd-4a88-91f8-f0dc97b2c4dc)
2019-07-23 07:34:51.440 1838 RALLYDEBUG rally_openstack.cleanup.manager [-] Deleting cinder.qos_specs object s_rally_3a0914fe_5cRF4VV5 (9d23fc2e-2d4d-4595-9d20-0e1154d1af01)
2019-07-23 07:34:51.449 1838 RALLYDEBUG rally_openstack.cleanup.manager [-] Deleting cinder.qos_specs object s_rally_3a0914fe_sI8AsRMY (99536bca-ceb8-419f-9031-3d3deb2fd6c7)
2019-07-23 07:34:51.463 1838 RALLYDEBUG rally_openstack.cleanup.manager [-] Deleting cinder.qos_specs object s_rally_3a0914fe_MJxoLfLi (de3c17f1-9516-493f-b8c9-83a8c7627b6d)
2019-07-23 07:34:51.481 1838 RALLYDEBUG rally_openstack.cleanup.manager [-] Deleting cinder.qos_specs object s_rally_3a0914fe_F4WUZr7o (7e8e9e21-2363-4ff8-a8b6-83a2477e5748)
2019-07-23 07:34:51.502 1838 RALLYDEBUG rally_openstack.cleanup.manager [-] Deleting cinder.qos_specs object s_rally_3a0914fe_6uzTVSu7 (4e26f8bb-d463-4df1-ab04-6c1f73b241a1)
2019-07-23 07:34:51.516 1838 RALLYDEBUG rally_openstack.cleanup.manager [-] Deleting cinder.qos_specs object s_rally_3a0914fe_laun2BRx (7f236b53-7633-4852-aa35-d1befac0d7fd)
2019-07-23 07:34:53.853 1838 INFO rally.task.context [-] Task e2e8d8b1-8ecf-407f-8ac0-e4a4cea9f6df | Context admin_cleanup@openstack cleanup() finished in 7.42 sec
2019-07-23 07:34:53.853 1838 INFO rally.task.context [-] Task e2e8d8b1-8ecf-407f-8ac0-e4a4cea9f6df | Context api_versions@openstack cleanup() started
2019-07-23 07:34:53.853 1838 INFO rally.task.context [-] Task e2e8d8b1-8ecf-407f-8ac0-e4a4cea9f6df | Context api_versions@openstack cleanup() finished in 0.30 msec
2019-07-23 07:34:53.854 1838 INFO rally.task.context [-] Task e2e8d8b1-8ecf-407f-8ac0-e4a4cea9f6df | Context users@openstack cleanup() started
2019-07-23 07:35:02.187 1838 INFO rally.task.context [-] Task e2e8d8b1-8ecf-407f-8ac0-e4a4cea9f6df | Context users@openstack cleanup() finished in 8.33 sec
2019-07-23 07:35:04.135 1838 INFO rally.task.engine [-] Load duration is: 3.153435
2019-07-23 07:35:04.135 1838 INFO rally.task.engine [-] Full runner duration is: 3.202575
2019-07-23 07:35:04.136 1838 INFO rally.task.engine [-] Full duration is: 24.203864
2019-07-23 07:35:04.375 1838 INFO rally.task.engine [-] Running workload: position = 0 config = { "version": 2, "title": "A cropped version of a bigger task.", "description": "Auto-generated task from a single workload (uuid=0b35e2e1-cc5d-4ebf-a3a4-3b31ff6e2aec)", "subtasks": [ { "title": "CinderQos.create_and_set_qos", "description": "Create a qos, then Add/Update keys in qos specs.", "scenario": { "CinderQos.create_and_set_qos": { "consumer": "back-end", "write_iops_sec": "10", "read_iops_sec": "1000", "set_consumer": "both", "set_write_iops_sec": "11", "set_read_iops_sec": "1001" } }, "contexts": { "users": { "tenants": 3, "users_per_tenant": 2 }, "api_versions": { "cinder": { "version": 3, "service_type": "volumev3" } } }, "runner": { "constant": { "concurrency": 4, "times": 10 } }, "hooks": [], "sla": { "failure_rate": { "max": 0 } } } ] }
2019-07-23 07:35:04.392 1838 RALLYDEBUG rally_openstack.contexts.keystone.users [-] Creating 3 tenants using 20 threads
2019-07-23 07:35:06.289 1838 RALLYDEBUG rally_openstack.contexts.keystone.users [-] Creating 6 users using 20 threads
2019-07-23 07:35:09.156 1838 INFO rally.task.context [-] Task e2e8d8b1-8ecf-407f-8ac0-e4a4cea9f6df | Context users@openstack setup() finished in 4.76 sec
2019-07-23 07:35:09.584 1838 INFO rally.task.context [-] Task e2e8d8b1-8ecf-407f-8ac0-e4a4cea9f6df | Context api_versions@openstack setup() finished in 0.43 sec
2019-07-23 07:35:09.584 1838 INFO rally.task.context [-] Task e2e8d8b1-8ecf-407f-8ac0-e4a4cea9f6df | Context admin_cleanup@openstack setup() finished in 0.01 msec
2019-07-23 07:35:09.591 1838 RALLYDEBUG rally.task.runner [-] Starting the constant runner (task UUID: e2e8d8b1-8ecf-407f-8ac0-e4a4cea9f6df). timeout: 0 concurrency: 4 concurrency_per_worker: 1 times: 10 concurrency_overhead: 0 processes_to_start: 4 max_cpu_used: 16
2019-07-23 07:35:09.604 5474 RALLYDEBUG rally.task.runner [-] Starting a worker. concurrency: 1 args: {"consumer": "back-end", "write_iops_sec": "10", "read_iops_sec": "1000", "set_consumer": "both", "set_write_iops_sec": "11", "set_read_iops_sec": "1001"} times: 10 method_name: run timeout: 0 duration: None cls:
2019-07-23 07:35:09.607 5475 RALLYDEBUG rally.task.runner [-] Starting a worker. concurrency: 1 args: {"consumer": "back-end", "write_iops_sec": "10", "read_iops_sec": "1000", "set_consumer": "both", "set_write_iops_sec": "11", "set_read_iops_sec": "1001"} times: 10 method_name: run timeout: 0 duration: None cls:
2019-07-23 07:35:09.610 5476 RALLYDEBUG rally.task.runner [-] Starting a worker. concurrency: 1 args: {"consumer": "back-end", "write_iops_sec": "10", "read_iops_sec": "1000", "set_consumer": "both", "set_write_iops_sec": "11", "set_read_iops_sec": "1001"} times: 10 method_name: run timeout: 0 duration: None cls:
2019-07-23 07:35:09.612 5474 INFO rally.task.runner [-] Task e2e8d8b1-8ecf-407f-8ac0-e4a4cea9f6df | ITER: 1 START
2019-07-23 07:35:09.614 5477 RALLYDEBUG rally.task.runner [-] Starting a worker. concurrency: 1 args: {"consumer": "back-end", "write_iops_sec": "10", "read_iops_sec": "1000", "set_consumer": "both", "set_write_iops_sec": "11", "set_read_iops_sec": "1001"} times: 10 method_name: run timeout: 0 duration: None cls:
2019-07-23 07:35:09.615 5475 INFO rally.task.runner [-] Task e2e8d8b1-8ecf-407f-8ac0-e4a4cea9f6df | ITER: 2 START
2019-07-23 07:35:09.618 5476 INFO rally.task.runner [-] Task e2e8d8b1-8ecf-407f-8ac0-e4a4cea9f6df | ITER: 3 START
2019-07-23 07:35:09.622 5477 INFO rally.task.runner [-] Task e2e8d8b1-8ecf-407f-8ac0-e4a4cea9f6df | ITER: 4 START
2019-07-23 07:35:10.698 5477 INFO rally.task.runner [-] Task e2e8d8b1-8ecf-407f-8ac0-e4a4cea9f6df | ITER: 4 END: OK
2019-07-23 07:35:10.704 5477 INFO rally.task.runner [-] Task e2e8d8b1-8ecf-407f-8ac0-e4a4cea9f6df | ITER: 5 START
2019-07-23 07:35:10.708 5474 INFO rally.task.runner [-] Task e2e8d8b1-8ecf-407f-8ac0-e4a4cea9f6df | ITER: 1 END: OK
2019-07-23 07:35:10.713 5474 INFO rally.task.runner [-] Task e2e8d8b1-8ecf-407f-8ac0-e4a4cea9f6df | ITER: 6 START
2019-07-23 07:35:10.720 5475 INFO rally.task.runner [-] Task e2e8d8b1-8ecf-407f-8ac0-e4a4cea9f6df | ITER: 2 END: OK
2019-07-23 07:35:10.725 5475 INFO rally.task.runner [-] Task e2e8d8b1-8ecf-407f-8ac0-e4a4cea9f6df | ITER: 7 START
2019-07-23 07:35:10.802 5476 INFO rally.task.runner [-] Task e2e8d8b1-8ecf-407f-8ac0-e4a4cea9f6df | ITER: 3 END: OK
2019-07-23 07:35:10.808 5476 INFO rally.task.runner [-] Task e2e8d8b1-8ecf-407f-8ac0-e4a4cea9f6df | ITER: 8 START
2019-07-23 07:35:11.762 5474 INFO rally.task.runner [-] Task e2e8d8b1-8ecf-407f-8ac0-e4a4cea9f6df | ITER: 6 END: OK
2019-07-23 07:35:11.767 5474 INFO rally.task.runner [-] Task e2e8d8b1-8ecf-407f-8ac0-e4a4cea9f6df | ITER: 9 START
2019-07-23 07:35:11.785 5475 INFO rally.task.runner [-] Task e2e8d8b1-8ecf-407f-8ac0-e4a4cea9f6df | ITER: 7 END: OK
2019-07-23 07:35:11.790 5475 INFO rally.task.runner [-] Task e2e8d8b1-8ecf-407f-8ac0-e4a4cea9f6df | ITER: 10 START
2019-07-23 07:35:11.810 5477 INFO rally.task.runner [-] Task e2e8d8b1-8ecf-407f-8ac0-e4a4cea9f6df | ITER: 5 END: OK
