2019-07-23 07:26:02.231 3471 INFO rally.task.runner [-] Task e2e8d8b1-8ecf-407f-8ac0-e4a4cea9f6df | ITER: 7 START
2019-07-23 07:26:02.432 3470 INFO rally.task.runner [-] Task e2e8d8b1-8ecf-407f-8ac0-e4a4cea9f6df | ITER: 1 END: OK
2019-07-23 07:26:02.436 3470 INFO rally.task.runner [-] Task e2e8d8b1-8ecf-407f-8ac0-e4a4cea9f6df | ITER: 8 START
2019-07-23 07:26:05.678 3472 INFO rally.task.runner [-] Task e2e8d8b1-8ecf-407f-8ac0-e4a4cea9f6df | ITER: 6 END: OK
2019-07-23 07:26:05.683 3472 INFO rally.task.runner [-] Task e2e8d8b1-8ecf-407f-8ac0-e4a4cea9f6df | ITER: 9 START
2019-07-23 07:26:05.760 3473 INFO rally.task.runner [-] Task e2e8d8b1-8ecf-407f-8ac0-e4a4cea9f6df | ITER: 5 END: OK
2019-07-23 07:26:05.763 3473 INFO rally.task.runner [-] Task e2e8d8b1-8ecf-407f-8ac0-e4a4cea9f6df | ITER: 10 START
2019-07-23 07:26:05.957 3471 INFO rally.task.runner [-] Task e2e8d8b1-8ecf-407f-8ac0-e4a4cea9f6df | ITER: 7 END: OK
2019-07-23 07:26:06.124 3470 INFO rally.task.runner [-] Task e2e8d8b1-8ecf-407f-8ac0-e4a4cea9f6df | ITER: 8 END: OK
2019-07-23 07:26:09.236 3472 INFO rally.task.runner [-] Task e2e8d8b1-8ecf-407f-8ac0-e4a4cea9f6df | ITER: 9 END: OK
2019-07-23 07:26:09.356 3473 INFO rally.task.runner [-] Task e2e8d8b1-8ecf-407f-8ac0-e4a4cea9f6df | ITER: 10 END: OK
2019-07-23 07:26:09.376 1838 INFO rally.task.context [-] Task e2e8d8b1-8ecf-407f-8ac0-e4a4cea9f6df | Context cleanup@openstack cleanup() started
2019-07-23 07:26:09.377 1838 RALLYDEBUG rally_openstack.cleanup.manager [-] Cleaning up cinder backups objects
2019-07-23 07:26:11.714 1838 RALLYDEBUG rally_openstack.cleanup.manager [-] Cleaning up cinder volume_snapshots objects
2019-07-23 07:26:13.861 1838 RALLYDEBUG rally_openstack.cleanup.manager [-] Cleaning up cinder transfers objects
2019-07-23 07:26:15.895 1838 RALLYDEBUG rally_openstack.cleanup.manager [-] Cleaning up cinder volumes objects
2019-07-23 07:26:18.269 1838 RALLYDEBUG rally_openstack.cleanup.manager [-] Deleting cinder.volumes object s_rally_553f8bec_pfJw2bGP (20c7b6eb-13eb-45f7-8151-d6764d8897c2)
2019-07-23 07:26:18.271 1838 RALLYDEBUG rally_openstack.cleanup.manager [-] Deleting cinder.volumes object s_rally_553f8bec_1d4GhdEd (06326263-8f58-49bf-98e5-c7d4acdb8cbb)
2019-07-23 07:26:18.271 1838 RALLYDEBUG rally_openstack.cleanup.manager [-] Deleting cinder.volumes object s_rally_553f8bec_RGQFahQo (01f5d787-e2ab-4f5a-b4ce-beb6ac13b968)
2019-07-23 07:26:18.272 1838 RALLYDEBUG rally_openstack.cleanup.manager [-] Deleting cinder.volumes object s_rally_553f8bec_Rxc12vZ2 (29822703-8985-4ffe-80cd-af24197f7fe6)
2019-07-23 07:26:18.272 1838 RALLYDEBUG rally_openstack.cleanup.manager [-] Deleting cinder.volumes object s_rally_553f8bec_smpstYXW (3d17e6b5-ef33-4bf8-8547-60d1306f9517)
2019-07-23 07:26:18.273 1838 RALLYDEBUG rally_openstack.cleanup.manager [-] Deleting cinder.volumes object s_rally_553f8bec_wIvjbGpO (541476f6-452b-425d-8b3e-0db7101d50c3)
2019-07-23 07:26:18.276 1838 RALLYDEBUG rally_openstack.cleanup.manager [-] Deleting cinder.volumes object s_rally_553f8bec_bdriqzcr (75b6482c-c8a8-488a-9ecb-808d224db939)
2019-07-23 07:26:18.277 1838 RALLYDEBUG rally_openstack.cleanup.manager [-] Deleting cinder.volumes object s_rally_553f8bec_66ij7bCF (d61f9157-1d8d-467b-b06d-3ac79ef836c5)
2019-07-23 07:26:18.290 1838 RALLYDEBUG rally_openstack.cleanup.manager [-] Deleting cinder.volumes object s_rally_553f8bec_MLqPTc1y (46ef69b7-6e5a-413d-a372-e793fd6578c6)
2019-07-23 07:26:18.300 1838 RALLYDEBUG rally_openstack.cleanup.manager [-] Deleting cinder.volumes object s_rally_553f8bec_4gZxdCRO (34f916b1-5dba-489e-8646-524789710278)
2019-07-23 07:26:23.338 1838 INFO rally.task.context [-] Task e2e8d8b1-8ecf-407f-8ac0-e4a4cea9f6df | Context cleanup@openstack cleanup() finished in 13.96 sec
2019-07-23 07:26:23.338 1838 INFO rally.task.context [-] Task e2e8d8b1-8ecf-407f-8ac0-e4a4cea9f6df | Context api_versions@openstack cleanup() started
2019-07-23 07:26:23.339 1838 INFO rally.task.context [-] Task e2e8d8b1-8ecf-407f-8ac0-e4a4cea9f6df | Context api_versions@openstack cleanup() finished in 0.32 msec
2019-07-23 07:26:23.339 1838 INFO rally.task.context [-] Task e2e8d8b1-8ecf-407f-8ac0-e4a4cea9f6df | Context users@openstack cleanup() started
2019-07-23 07:26:31.889 1838 INFO rally.task.context [-] Task e2e8d8b1-8ecf-407f-8ac0-e4a4cea9f6df | Context users@openstack cleanup() finished in 8.55 sec
2019-07-23 07:26:33.420 1838 INFO rally.task.engine [-] Load duration is: 10.953347
2019-07-23 07:26:33.421 1838 INFO rally.task.engine [-] Full runner duration is: 10.998665
2019-07-23 07:26:33.421 1838 INFO rally.task.engine [-] Full duration is: 38.648748
2019-07-23 07:26:33.624 1838 INFO rally.task.engine [-] Running workload: position = 1 config = { "version": 2, "title": "A cropped version of a bigger task.", "description": "Auto-generated task from a single workload (uuid=308e6cb3-c0c3-4d50-b9de-158993175120)", "subtasks": [ { "title": "CinderVolumes.create_volume", "description": "Create a volume.", "scenario": { "CinderVolumes.create_volume": { "size": { "min": 1, "max": 1 } } }, "contexts": { "users": { "tenants": 3, "users_per_tenant": 2 }, "quotas": { "cinder": { "gigabytes": -1, "snapshots": -1, "volumes": -1 } }, "api_versions": { "cinder": { "version": 3, "service_type": "volumev3" } } }, "runner": { "constant": { "concurrency": 4, "times": 10 } }, "hooks": [], "sla": { "failure_rate": { "max": 0 } } } ] }
2019-07-23 07:26:33.649 1838 RALLYDEBUG rally_openstack.contexts.keystone.users [-] Creating 3 tenants using 20 threads
2019-07-23 07:26:35.614 1838 RALLYDEBUG rally_openstack.contexts.keystone.users [-] Creating 6 users using 20 threads
2019-07-23 07:26:38.389 1838 INFO rally.task.context [-] Task e2e8d8b1-8ecf-407f-8ac0-e4a4cea9f6df | Context users@openstack setup() finished in 4.74 sec
2019-07-23 07:26:38.817 1838 INFO rally.task.context [-] Task e2e8d8b1-8ecf-407f-8ac0-e4a4cea9f6df | Context api_versions@openstack setup() finished in 0.43 sec
2019-07-23 07:26:40.473 1838 INFO rally.task.context [-] Task e2e8d8b1-8ecf-407f-8ac0-e4a4cea9f6df | Context quotas@openstack setup() finished in 1.66 sec
2019-07-23 07:26:40.474 1838 INFO rally.task.context [-] Task e2e8d8b1-8ecf-407f-8ac0-e4a4cea9f6df | Context cleanup@openstack setup() finished in 0.02 msec
2019-07-23 07:26:40.482 1838 RALLYDEBUG rally.task.runner [-] Starting the constant runner (task UUID: e2e8d8b1-8ecf-407f-8ac0-e4a4cea9f6df). timeout: 0 concurrency: 4 concurrency_per_worker: 1 times: 10 concurrency_overhead: 0 processes_to_start: 4 max_cpu_used: 16
2019-07-23 07:26:40.495 3654 RALLYDEBUG rally.task.runner [-] Starting a worker. concurrency: 1 args: {"size": {"min": 1, "max": 1}} times: 10 method_name: run timeout: 0 duration: None cls:
2019-07-23 07:26:40.497 3655 RALLYDEBUG rally.task.runner [-] Starting a worker. concurrency: 1 args: {"size": {"min": 1, "max": 1}} times: 10 method_name: run timeout: 0 duration: None cls:
2019-07-23 07:26:40.500 3656 RALLYDEBUG rally.task.runner [-] Starting a worker. concurrency: 1 args: {"size": {"min": 1, "max": 1}} times: 10 method_name: run timeout: 0 duration: None cls:
2019-07-23 07:26:40.503 3657 RALLYDEBUG rally.task.runner [-] Starting a worker. concurrency: 1 args: {"size": {"min": 1, "max": 1}} times: 10 method_name: run timeout: 0 duration: None cls:
2019-07-23 07:26:40.505 3654 INFO rally.task.runner [-] Task e2e8d8b1-8ecf-407f-8ac0-e4a4cea9f6df | ITER: 1 START
2019-07-23 07:26:40.505 3655 INFO rally.task.runner [-] Task e2e8d8b1-8ecf-407f-8ac0-e4a4cea9f6df | ITER: 2 START
2019-07-23 07:26:40.508 3656 INFO rally.task.runner [-] Task e2e8d8b1-8ecf-407f-8ac0-e4a4cea9f6df | ITER: 3 START
2019-07-23 07:26:40.510 3657 INFO rally.task.runner [-] Task e2e8d8b1-8ecf-407f-8ac0-e4a4cea9f6df | ITER: 4 START
2019-07-23 07:26:44.129 3657 INFO rally.task.runner [-] Task e2e8d8b1-8ecf-407f-8ac0-e4a4cea9f6df | ITER: 4 END: OK
2019-07-23 07:26:44.135 3657 INFO rally.task.runner [-] Task e2e8d8b1-8ecf-407f-8ac0-e4a4cea9f6df | ITER: 5 START
2019-07-23 07:26:44.234 3656 INFO rally.task.runner [-] Task e2e8d8b1-8ecf-407f-8ac0-e4a4cea9f6df | ITER: 3 END: OK
2019-07-23 07:26:44.240 3656 INFO rally.task.runner [-] Task e2e8d8b1-8ecf-407f-8ac0-e4a4cea9f6df | ITER: 6 START
2019-07-23 07:26:44.247 3654 INFO rally.task.runner [-] Task e2e8d8b1-8ecf-407f-8ac0-e4a4cea9f6df | ITER: 1 END: OK
2019-07-23 07:26:44.253 3654 INFO rally.task.runner [-] Task e2e8d8b1-8ecf-407f-8ac0-e4a4cea9f6df | ITER: 7 START
2019-07-23 07:26:44.351 3655 INFO rally.task.runner [-] Task e2e8d8b1-8ecf-407f-8ac0-e4a4cea9f6df | ITER: 2 END: OK
2019-07-23 07:26:44.357 3655 INFO rally.task.runner [-] Task e2e8d8b1-8ecf-407f-8ac0-e4a4cea9f6df | ITER: 8 START
2019-07-23 07:26:47.692 3657 INFO rally.task.runner [-] Task e2e8d8b1-8ecf-407f-8ac0-e4a4cea9f6df | ITER: 5 END: OK
2019-07-23 07:26:47.697 3657 INFO rally.task.runner [-] Task e2e8d8b1-8ecf-407f-8ac0-e4a4cea9f6df | ITER: 9 START
2019-07-23 07:26:47.856 3654 INFO rally.task.runner [-] Task e2e8d8b1-8ecf-407f-8ac0-e4a4cea9f6df | ITER: 7 END: OK
2019-07-23 07:26:47.861 3654 INFO rally.task.runner [-] Task e2e8d8b1-8ecf-407f-8ac0-e4a4cea9f6df | ITER: 10 START
2019-07-23 07:26:47.869 3656 INFO rally.task.runner [-] Task e2e8d8b1-8ecf-407f-8ac0-e4a4cea9f6df | ITER: 6 END: OK
2019-07-23 07:26:48.011 3655 INFO rally.task.runner [-] Task e2e8d8b1-8ecf-407f-8ac0-e4a4cea9f6df | ITER: 8 END: OK
2019-07-23 07:26:51.321 3657 INFO rally.task.runner [-] Task e2e8d8b1-8ecf-407f-8ac0-e4a4cea9f6df | ITER: 9 END: OK
2019-07-23 07:26:51.506 3654 INFO rally.task.runner [-] Task e2e8d8b1-8ecf-407f-8ac0-e4a4cea9f6df | ITER: 10 END: OK
2019-07-23 07:26:51.533 1838 INFO rally.task.context [-] Task e2e8d8b1-8ecf-407f-8ac0-e4a4cea9f6df | Context cleanup@openstack cleanup() started
2019-07-23 07:26:51.535 1838 RALLYDEBUG rally_openstack.cleanup.manager [-] Cleaning up cinder backups objects
2019-07-23 07:26:53.940 1838 RALLYDEBUG rally_openstack.cleanup.manager [-] Cleaning up cinder volume_snapshots objects
2019-07-23 07:26:56.088 1838 RALLYDEBUG rally_openstack.cleanup.manager [-] Cleaning up cinder transfers objects
2019-07-23 07:26:58.359 1838 RALLYDEBUG rally_openstack.cleanup.manager [-] Cleaning up cinder volumes objects
2019-07-23 07:27:00.806 1838 RALLYDEBUG rally_openstack.cleanup.manager [-] Deleting cinder.volumes object s_rally_308e6cb3_kNqlX4Fs (6100dfb8-895b-457b-995d-1357482c2e77)
2019-07-23 07:27:00.808 1838 RALLYDEBUG rally_openstack.cleanup.manager [-] Deleting cinder.volumes object s_rally_308e6cb3_JcnpvSEN (5cd86cb6-4b1c-40b5-8aac-2c2b4cc66526)
2019-07-23 07:27:00.810 1838 RALLYDEBUG rally_openstack.cleanup.manager [-] Deleting cinder.volumes object s_rally_308e6cb3_X5abuv4q (9ca1aa6e-2179-4c3b-910b-057199f07293)
2019-07-23 07:27:00.815 1838 RALLYDEBUG rally_openstack.cleanup.manager [-] Deleting cinder.volumes object s_rally_308e6cb3_jQZ70FAP (40b582bb-2496-4562-bcc7-c7f93c43d378)
2019-07-23 07:27:00.820 1838 RALLYDEBUG rally_openstack.cleanup.manager [-] Deleting cinder.volumes object s_rally_308e6cb3_WxAfXeoS (9f59ddd0-782a-48e5-971c-b1a76ce1efff)
2019-07-23 07:27:00.821 1838 RALLYDEBUG rally_openstack.cleanup.manager [-] Deleting cinder.volumes object s_rally_308e6cb3_qZc7WBc4 (d5b7dbe4-18e0-4d34-86da-9b1df1191f0c)
2019-07-23 07:27:00.825 1838 RALLYDEBUG rally_openstack.cleanup.manager [-] Deleting cinder.volumes object s_rally_308e6cb3_v0t60rv7 (18d34f47-5505-41e1-987d-0123fd06806f)
2019-07-23 07:27:00.834 1838 RALLYDEBUG rally_openstack.cleanup.manager [-] Deleting cinder.volumes object s_rally_308e6cb3_rFa4wlv4 (7022f07d-65e5-439b-806b-01fc60e33109)
2019-07-23 07:27:00.843 1838 RALLYDEBUG rally_openstack.cleanup.manager [-] Deleting cinder.volumes object s_rally_308e6cb3_GhYPeZaH (5535b4d6-898b-4bdf-8989-1b47baee4360)
2019-07-23 07:27:00.848 1838 RALLYDEBUG rally_openstack.cleanup.manager [-] Deleting cinder.volumes object s_rally_308e6cb3_JsHzdv5L (5346214d-fafe-415e-b571-fa1cf37ba419)
2019-07-23 07:27:05.916 1838 INFO rally.task.context [-] Task e2e8d8b1-8ecf-407f-8ac0-e4a4cea9f6df | Context cleanup@openstack cleanup() finished in 14.38 sec
2019-07-23 07:27:05.916 1838 INFO rally.task.context [-] Task e2e8d8b1-8ecf-407f-8ac0-e4a4cea9f6df | Context quotas@openstack cleanup() started
2019-07-23 07:27:06.887 1838 INFO rally.task.context [-] Task e2e8d8b1-8ecf-407f-8ac0-e4a4cea9f6df | Context quotas@openstack cleanup() finished in 0.97 sec
2019-07-23 07:27:06.887 1838 INFO rally.task.context [-] Task e2e8d8b1-8ecf-407f-8ac0-e4a4cea9f6df | Context api_versions@openstack cleanup() started
2019-07-23 07:27:06.887 1838 INFO rally.task.context [-] Task e2e8d8b1-8ecf-407f-8ac0-e4a4cea9f6df | Context api_versions@openstack cleanup() finished in 0.32 msec
2019-07-23 07:27:06.888 1838 INFO rally.task.context [-] Task e2e8d8b1-8ecf-407f-8ac0-e4a4cea9f6df | Context users@openstack cleanup() started
2019-07-23 07:27:14.847 1838 INFO rally.task.context [-] Task e2e8d8b1-8ecf-407f-8ac0-e4a4cea9f6df | Context users@openstack cleanup() finished in 7.96 sec
2019-07-23 07:27:15.859 1838 INFO rally.task.engine [-] Load duration is: 10.997867
2019-07-23 07:27:15.859 1838 INFO rally.task.engine [-] Full runner duration is: 11.051373
2019-07-23 07:27:15.859 1838 INFO rally.task.engine [-] Full duration is: 41.203204
2019-07-23 07:27:16.067 1838 INFO rally.task.engine [-] Running workload: position = 0 config = { "version": 2, "title": "A cropped version of a bigger task.", "description": "Auto-generated task from a single workload (uuid=0e4f53f3-6e38-4b3b-a67d-0c1e8952934f)", "subtasks": [ { "title": "CinderVolumes.list_volumes", "description": "List all volumes.", "scenario": { "CinderVolumes.list_volumes": { "detailed": true } }, "contexts": { "users": { "tenants": 3, "users_per_tenant": 2 }, "quotas": { "cinder": { "gigabytes": -1, "snapshots": -1, "volumes": -1 } }, "api_versions": { "cinder": { "version": 3, "service_type": "volumev3" } }, "volumes": { "size": 1, "volumes_per_tenant": 4 } }, "runner": { "constant": { "concurrency": 4, "times": 10 } }, "hooks": [], "sla": { "failure_rate": { "max": 0 } } } ] }
2019-07-23 07:27:16.090 1838 RALLYDEBUG rally_openstack.contexts.keystone.users [-] Creating 3 tenants using 20 threads
2019-07-23 07:27:17.997 1838 RALLYDEBUG rally_openstack.contexts.keystone.users [-] Creating 6 users using 20 threads
2019-07-23 07:27:20.847 1838 INFO rally.task.context [-] Task e2e8d8b1-8ecf-407f-8ac0-e4a4cea9f6df | Context users@openstack setup() finished in 4.76 sec
2019-07-23 07:27:21.274 1838 INFO rally.task.context [-] Task e2e8d8b1-8ecf-407f-8ac0-e4a4cea9f6df | Context api_versions@openstack setup() finished in 0.43 sec
2019-07-23 07:27:22.990 1838 INFO rally.task.context [-] Task e2e8d8b1-8ecf-407f-8ac0-e4a4cea9f6df | Context quotas@openstack setup() finished in 1.72 sec
2019-07-23 07:28:01.502 1838 INFO rally.task.context [-] Task e2e8d8b1-8ecf-407f-8ac0-e4a4cea9f6df | Context volumes@openstack setup() finished in 38.51 sec
2019-07-23 07:28:01.510 1838 RALLYDEBUG rally.task.runner [-] Starting the constant runner (task UUID: e2e8d8b1-8ecf-407f-8ac0-e4a4cea9f6df). timeout: 0 concurrency: 4 concurrency_per_worker: 1 times: 10 concurrency_overhead: 0 processes_to_start: 4 max_cpu_used: 16
2019-07-23 07:28:01.520 3838 RALLYDEBUG rally.task.runner [-] Starting a worker. concurrency: 1 args: {"detailed": true} times: 10 method_name: run timeout: 0 duration: None cls:
2019-07-23 07:28:01.526 3839 RALLYDEBUG rally.task.runner [-] Starting a worker. concurrency: 1 args: {"detailed": true} times: 10 method_name: run timeout: 0 duration: None cls:
2019-07-23 07:28:01.527 3838 INFO rally.task.runner [-] Task e2e8d8b1-8ecf-407f-8ac0-e4a4cea9f6df | ITER: 1 START
2019-07-23 07:28:01.529 3840 RALLYDEBUG rally.task.runner [-] Starting a worker. concurrency: 1 args: {"detailed": true} times: 10 method_name: run timeout: 0 duration: None cls:
2019-07-23 07:28:01.532 3841 RALLYDEBUG rally.task.runner [-] Starting a worker. concurrency: 1 args: {"detailed": true} times: 10 method_name: run timeout: 0 duration: None cls:
2019-07-23 07:28:01.537 3839 INFO rally.task.runner [-] Task e2e8d8b1-8ecf-407f-8ac0-e4a4cea9f6df | ITER: 2 START
2019-07-23 07:28:01.540 3840 INFO rally.task.runner [-] Task e2e8d8b1-8ecf-407f-8ac0-e4a4cea9f6df | ITER: 3 START
2019-07-23 07:28:01.542 3841 INFO rally.task.runner [-] Task e2e8d8b1-8ecf-407f-8ac0-e4a4cea9f6df | ITER: 4 START
2019-07-23 07:28:02.335 3840 INFO rally.task.runner [-] Task e2e8d8b1-8ecf-407f-8ac0-e4a4cea9f6df | ITER: 3 END: OK
2019-07-23 07:28:02.341 3840 INFO rally.task.runner [-] Task e2e8d8b1-8ecf-407f-8ac0-e4a4cea9f6df | ITER: 5 START
2019-07-23 07:28:02.349 3839 INFO rally.task.runner [-] Task e2e8d8b1-8ecf-407f-8ac0-e4a4cea9f6df | ITER: 2 END: OK
2019-07-23 07:28:02.356 3839 INFO rally.task.runner [-] Task e2e8d8b1-8ecf-407f-8ac0-e4a4cea9f6df | ITER: 6 START
2019-07-23 07:28:02.436 3838 INFO rally.task.runner [-] Task e2e8d8b1-8ecf-407f-8ac0-e4a4cea9f6df | ITER: 1 END: OK
2019-07-23 07:28:02.442 3838 INFO rally.task.runner [-] Task e2e8d8b1-8ecf-407f-8ac0-e4a4cea9f6df | ITER: 7 START
2019-07-23 07:28:02.542 3841 INFO rally.task.runner [-] Task e2e8d8b1-8ecf-407f-8ac0-e4a4cea9f6df | ITER: 4 END: OK
2019-07-23 07:28:02.548 3841 INFO rally.task.runner [-] Task e2e8d8b1-8ecf-407f-8ac0-e4a4cea9f6df | ITER: 8 START
2019-07-23 07:28:03.184 3839 INFO rally.task.runner [-] Task e2e8d8b1-8ecf-407f-8ac0-e4a4cea9f6df | ITER: 6 END: OK
2019-07-23 07:28:03.189 3839 INFO rally.task.runner [-] Task e2e8d8b1-8ecf-407f-8ac0-e4a4cea9f6df | ITER: 9 START
2019-07-23 07:28:03.266 3838 INFO rally.task.runner [-] Task e2e8d8b1-8ecf-407f-8ac0-e4a4cea9f6df | ITER: 7 END: OK
2019-07-23 07:28:03.267 3840 INFO rally.task.runner [-] Task e2e8d8b1-8ecf-407f-8ac0-e4a4cea9f6df | ITER: 5 END: OK
2019-07-23 07:28:03.271 3838 INFO rally.task.runner [-] Task e2e8d8b1-8ecf-407f-8ac0-e4a4cea9f6df | ITER: 10 START
2019-07-23 07:28:03.282 3841 INFO rally.task.runner [-] Task e2e8d8b1-8ecf-407f-8ac0-e4a4cea9f6df | ITER: 8 END: OK
2019-07-23 07:28:03.987 3839 INFO rally.task.runner [-] Task e2e8d8b1-8ecf-407f-8ac0-e4a4cea9f6df | ITER: 9 END: OK
2019-07-23 07:28:04.058 3838 INFO rally.task.runner [-] Task e2e8d8b1-8ecf-407f-8ac0-e4a4cea9f6df | ITER: 10 END: OK
2019-07-23 07:28:04.084 1838 INFO rally.task.context [-] Task e2e8d8b1-8ecf-407f-8ac0-e4a4cea9f6df | Context volumes@openstack cleanup() started
2019-07-23 07:28:04.085 1838 RALLYDEBUG rally_openstack.cleanup.manager [-] Cleaning up cinder volumes objects
2019-07-23 07:28:06.424 1838 RALLYDEBUG rally_openstack.cleanup.manager [-] Deleting cinder.volumes object c_rally_0e4f53f3_7ZRegw9h (a8a9040d-62f7-4d13-9982-278867db3d3e)
2019-07-23 07:28:06.426 1838 RALLYDEBUG rally_openstack.cleanup.manager [-] Deleting cinder.volumes object c_rally_0e4f53f3_GAc9YcAu (ef369926-7e2e-4197-a24a-f0eda7e8b1cd)
2019-07-23 07:28:06.426 1838 RALLYDEBUG rally_openstack.cleanup.manager [-] Deleting cinder.volumes object c_rally_0e4f53f3_IvfEF0I1 (e27d8f00-1342-4093-9f22-49cf48dec3d7)
2019-07-23 07:28:06.431 1838 RALLYDEBUG rally_openstack.cleanup.manager [-] Deleting cinder.volumes object c_rally_0e4f53f3_MSuNj81t (c1a8dc5e-216a-4f8e-bd51-c6fe4f9bf794)
2019-07-23 07:28:06.433 1838 RALLYDEBUG rally_openstack.cleanup.manager [-] Deleting cinder.volumes object c_rally_0e4f53f3_IOgwdfYo (4714fe00-eaf7-4a48-86a4-58424b3b3ee2)
2019-07-23 07:28:06.435 1838 RALLYDEBUG rally_openstack.cleanup.manager [-] Deleting cinder.volumes object c_rally_0e4f53f3_3EkWJapZ (e8ff44a9-f076-45d9-81bc-4f9289730d3b)
2019-07-23 07:28:06.437 1838 RALLYDEBUG rally_openstack.cleanup.manager [-] Deleting cinder.volumes object c_rally_0e4f53f3_clHOy8Xf (f1fb9a7d-909f-4359-b46c-4f570433d89c)
2019-07-23 07:28:06.442 1838 RALLYDEBUG rally_openstack.cleanup.manager [-] Deleting cinder.volumes object c_rally_0e4f53f3_Bno4AD6D (db98c179-754c-41c7-bcb8-294dd0032d9f)
2019-07-23 07:28:06.448 1838 RALLYDEBUG rally_openstack.cleanup.manager [-] Deleting cinder.volumes object c_rally_0e4f53f3_l0oUomAC (c8c0b858-112b-4d2c-a76b-2e60fa2b13dd)
2019-07-23 07:28:06.453 1838 RALLYDEBUG rally_openstack.cleanup.manager [-] Deleting cinder.volumes object c_rally_0e4f53f3_nl6T8fsu (76026067-d697-4703-9a81-c8e7dfb11798)
2019-07-23 07:28:06.463 1838 RALLYDEBUG rally_openstack.cleanup.manager [-] Deleting cinder.volumes object c_rally_0e4f53f3_R3dhT6FG (5237caa9-ce07-4548-abe8-506a330d497a)
2019-07-23 07:28:06.465 1838 RALLYDEBUG rally_openstack.cleanup.manager [-] Deleting cinder.volumes object c_rally_0e4f53f3_XfPVHZ0H (2f014bdb-088e-4219-b184-5f34538d3a22)
2019-07-23 07:28:11.705 1838 INFO rally.task.context [-] Task e2e8d8b1-8ecf-407f-8ac0-e4a4cea9f6df | Context volumes@openstack cleanup() finished in 7.62 sec
2019-07-23 07:28:11.706 1838 INFO rally.task.context [-] Task e2e8d8b1-8ecf-407f-8ac0-e4a4cea9f6df | Context quotas@openstack cleanup() started
2019-07-23 07:28:12.491 1838 INFO rally.task.context [-] Task e2e8d8b1-8ecf-407f-8ac0-e4a4cea9f6df | Context quotas@openstack cleanup() finished in 0.79 sec
2019-07-23 07:28:12.492 1838 INFO rally.task.context [-] Task e2e8d8b1-8ecf-407f-8ac0-e4a4cea9f6df | Context api_versions@openstack cleanup() started
2019-07-23 07:28:12.492 1838 INFO rally.task.context [-] Task e2e8d8b1-8ecf-407f-8ac0-e4a4cea9f6df | Context api_versions@openstack cleanup() finished in 0.31 msec
2019-07-23 07:28:12.493 1838 INFO rally.task.context [-] Task e2e8d8b1-8ecf-407f-8ac0-e4a4cea9f6df | Context users@openstack cleanup() started
2019-07-23 07:28:20.739 1838 INFO rally.task.context [-] Task e2e8d8b1-8ecf-407f-8ac0-e4a4cea9f6df | Context users@openstack cleanup() finished in 8.25 sec
2019-07-23 07:28:22.348 1838 INFO rally.task.engine [-] Load duration is: 2.527955
2019-07-23 07:28:22.348 1838 INFO rally.task.engine [-] Full runner duration is: 2.57495
2019-07-23 07:28:22.348 1838 INFO rally.task.engine [-] Full duration is: 64.651459
2019-07-23 07:28:22.631 1838 INFO rally.task.engine [-] Running workload: position = 0 config = { "version": 2, "title": "A cropped version of a bigger task.", "description": "Auto-generated task from a single workload (uuid=06cb6fdc-e4cf-48d5-95a2-1990ad6ccbf5)", "subtasks": [ { "title": "CinderVolumes.create_and_delete_snapshot", "description": "Create and then delete a volume-snapshot.", "scenario": { "CinderVolumes.create_and_delete_snapshot": { "force": false } }, "contexts": { "users": { "tenants": 3, "users_per_tenant": 2 }, "quotas": { "cinder": { "gigabytes": -1, "snapshots": -1, "volumes": -1 } }, "api_versions": { "cinder": { "version": 3, "service_type": "volumev3" } }, "volumes": { "size": 1, "volumes_per_tenant": 1 } }, "runner": { "constant": { "concurrency": 4, "times": 10 } }, "hooks": [], "sla": { "failure_rate": { "max": 0 } } } ] }
2019-07-23 07:28:22.652 1838 RALLYDEBUG rally_openstack.contexts.keystone.users [-] Creating 3 tenants using 20 threads
2019-07-23 07:28:24.476 1838 RALLYDEBUG rally_openstack.contexts.keystone.users [-] Creating 6 users using 20 threads
2019-07-23 07:28:27.337 1838 INFO rally.task.context [-] Task e2e8d8b1-8ecf-407f-8ac0-e4a4cea9f6df | Context users@openstack setup() finished in 4.68 sec
2019-07-23 07:28:27.764 1838 INFO rally.task.context [-] Task e2e8d8b1-8ecf-407f-8ac0-e4a4cea9f6df | Context api_versions@openstack setup() finished in 0.43 sec
2019-07-23 07:28:29.492 1838 INFO rally.task.context [-] Task e2e8d8b1-8ecf-407f-8ac0-e4a4cea9f6df | Context quotas@openstack setup() finished in 1.73 sec
2019-07-23 07:28:40.714 1838 INFO rally.task.context [-] Task e2e8d8b1-8ecf-407f-8ac0-e4a4cea9f6df | Context volumes@openstack setup() finished in 11.22 sec
2019-07-23 07:28:40.714 1838 INFO rally.task.context [-] Task e2e8d8b1-8ecf-407f-8ac0-e4a4cea9f6df | Context cleanup@openstack setup() finished in 0.01 msec
2019-07-23 07:28:40.722 1838 RALLYDEBUG rally.task.runner [-] Starting the constant runner (task UUID: e2e8d8b1-8ecf-407f-8ac0-e4a4cea9f6df). timeout: 0 concurrency: 4 concurrency_per_worker: 1 times: 10 concurrency_overhead: 0 processes_to_start: 4 max_cpu_used: 16
2019-07-23 07:28:40.735 3962 RALLYDEBUG rally.task.runner [-] Starting a worker. concurrency: 1 args: {"force": false} times: 10 method_name: run timeout: 0 duration: None cls:
2019-07-23 07:28:40.738 3963 RALLYDEBUG rally.task.runner [-] Starting a worker. concurrency: 1 args: {"force": false} times: 10 method_name: run timeout: 0 duration: None cls:
2019-07-23 07:28:40.740 3964 RALLYDEBUG rally.task.runner [-] Starting a worker. concurrency: 1 args: {"force": false} times: 10 method_name: run timeout: 0 duration: None cls:
2019-07-23 07:28:40.748 3962 INFO rally.task.runner [-] Task e2e8d8b1-8ecf-407f-8ac0-e4a4cea9f6df | ITER: 1 START
2019-07-23 07:28:40.750 3963 INFO rally.task.runner [-] Task e2e8d8b1-8ecf-407f-8ac0-e4a4cea9f6df | ITER: 2 START
2019-07-23 07:28:40.750 3964 INFO rally.task.runner [-] Task e2e8d8b1-8ecf-407f-8ac0-e4a4cea9f6df | ITER: 3 START
2019-07-23 07:28:40.752 3965 RALLYDEBUG rally.task.runner [-] Starting a worker. concurrency: 1 args: {"force": false} times: 10 method_name: run timeout: 0 duration: None cls:
2019-07-23 07:28:40.759 3965 INFO rally.task.runner [-] Task e2e8d8b1-8ecf-407f-8ac0-e4a4cea9f6df | ITER: 4 START
2019-07-23 07:28:44.611 3965 RALLYDEBUG rally.task.utils [-] Waiting for resource s_rally_06cb6fdc_68eudmUq. Status changed: AVAILABLE => DELETING in 0.0246160030365
2019-07-23 07:28:44.669 3962 RALLYDEBUG rally.task.utils [-] Waiting for resource s_rally_06cb6fdc_rt8UzHxL. Status changed: AVAILABLE => DELETING in 0.298971176147
2019-07-23 07:28:44.956 3963 RALLYDEBUG rally.task.utils [-] Waiting for resource s_rally_06cb6fdc_pXllaBoP. Status changed: AVAILABLE => DELETING in 0.292302131653
2019-07-23 07:28:45.119 3964 RALLYDEBUG rally.task.utils [-] Waiting for resource s_rally_06cb6fdc_jwPtbnvI. Status changed: AVAILABLE => DELETING in 0.305853128433
2019-07-23 07:28:46.841 3965 INFO rally.task.runner [-] Task e2e8d8b1-8ecf-407f-8ac0-e4a4cea9f6df | ITER: 4 END: OK
2019-07-23 07:28:46.847 3965 INFO rally.task.runner [-] Task e2e8d8b1-8ecf-407f-8ac0-e4a4cea9f6df | ITER: 5 START
2019-07-23 07:28:46.959 3962 INFO rally.task.runner [-] Task e2e8d8b1-8ecf-407f-8ac0-e4a4cea9f6df | ITER: 1 END: OK
2019-07-23 07:28:46.964 3962 INFO rally.task.runner [-] Task e2e8d8b1-8ecf-407f-8ac0-e4a4cea9f6df | ITER: 6 START
2019-07-23 07:28:47.257 3963 INFO rally.task.runner [-] Task e2e8d8b1-8ecf-407f-8ac0-e4a4cea9f6df | ITER: 2 END: OK
2019-07-23 07:28:47.262 3963 INFO rally.task.runner [-] Task e2e8d8b1-8ecf-407f-8ac0-e4a4cea9f6df | ITER: 7 START
2019-07-23 07:28:47.334 3964 INFO rally.task.runner [-] Task e2e8d8b1-8ecf-407f-8ac0-e4a4cea9f6df | ITER: 3 END: OK
2019-07-23 07:28:47.339 3964 INFO rally.task.runner [-] Task e2e8d8b1-8ecf-407f-8ac0-e4a4cea9f6df | ITER: 8 START
2019-07-23 07:28:50.859 3965 RALLYDEBUG rally.task.utils [-] Waiting for resource s_rally_06cb6fdc_jJNwPiT9. Status changed: AVAILABLE => DELETING in 0.238088130951
2019-07-23 07:28:51.202 3962 RALLYDEBUG rally.task.utils [-] Waiting for resource s_rally_06cb6fdc_U7KN6xGm. Status changed: AVAILABLE => DELETING in 0.305215835571
2019-07-23 07:28:51.461 3963 RALLYDEBUG rally.task.utils [-] Waiting for resource s_rally_06cb6fdc_dMQLF3X6. Status changed: AVAILABLE => DELETING in 0.306884050369
2019-07-23 07:28:51.476 3964 RALLYDEBUG rally.task.utils [-] Waiting for resource s_rally_06cb6fdc_J6ANxgxt. Status changed: AVAILABLE => DELETING in 0.280054092407
2019-07-23 07:28:52.887 3965 INFO rally.task.runner [-] Task e2e8d8b1-8ecf-407f-8ac0-e4a4cea9f6df | ITER: 5 END: OK
2019-07-23 07:28:52.890 3965 INFO rally.task.runner [-] Task e2e8d8b1-8ecf-407f-8ac0-e4a4cea9f6df | ITER: 9 START
2019-07-23 07:28:53.430 3962 INFO rally.task.runner [-] Task e2e8d8b1-8ecf-407f-8ac0-e4a4cea9f6df | ITER: 6 END: OK
2019-07-23 07:28:53.434 3962 INFO rally.task.runner [-] Task e2e8d8b1-8ecf-407f-8ac0-e4a4cea9f6df | ITER: 10 START
2019-07-23 07:28:53.673 3963 INFO rally.task.runner [-] Task e2e8d8b1-8ecf-407f-8ac0-e4a4cea9f6df | ITER: 7 END: OK
2019-07-23 07:28:53.799 3964 INFO rally.task.runner [-] Task e2e8d8b1-8ecf-407f-8ac0-e4a4cea9f6df | ITER: 8 END: OK
2019-07-23 07:28:56.891 3965 RALLYDEBUG rally.task.utils [-] Waiting for resource s_rally_06cb6fdc_mnOGpBic. Status changed: AVAILABLE => DELETING in 0.288353919983
2019-07-23 07:28:57.546 3962 RALLYDEBUG rally.task.utils [-] Waiting for resource s_rally_06cb6fdc_1rSXjxpS. Status changed: AVAILABLE => DELETING in 0.320124864578
2019-07-23 07:28:59.120 3965 INFO rally.task.runner [-] Task e2e8d8b1-8ecf-407f-8ac0-e4a4cea9f6df | ITER: 9 END: OK
2019-07-23 07:28:59.948 3962 INFO rally.task.runner [-] Task e2e8d8b1-8ecf-407f-8ac0-e4a4cea9f6df | ITER: 10 END: OK
2019-07-23 07:28:59.976 1838 INFO rally.task.context [-] Task e2e8d8b1-8ecf-407f-8ac0-e4a4cea9f6df | Context cleanup@openstack cleanup() started
2019-07-23 07:28:59.979 1838 RALLYDEBUG rally_openstack.cleanup.manager [-] Cleaning up cinder backups objects
2019-07-23 07:29:02.188 1838 RALLYDEBUG rally_openstack.cleanup.manager [-] Cleaning up cinder volume_snapshots objects
2019-07-23 07:29:04.421 1838 RALLYDEBUG rally_openstack.cleanup.manager [-] Cleaning up cinder transfers objects
2019-07-23 07:29:06.634 1838 RALLYDEBUG rally_openstack.cleanup.manager [-] Cleaning up cinder volumes objects
2019-07-23 07:29:08.903 1838 INFO rally.task.context [-] Task e2e8d8b1-8ecf-407f-8ac0-e4a4cea9f6df | Context cleanup@openstack cleanup() finished in 8.93 sec
2019-07-23 07:29:08.903 1838 INFO rally.task.context [-] Task e2e8d8b1-8ecf-407f-8ac0-e4a4cea9f6df | Context volumes@openstack cleanup() started
2019-07-23 07:29:08.904 1838 RALLYDEBUG rally_openstack.cleanup.manager [-] Cleaning up cinder volumes objects
2019-07-23 07:29:11.156 1838 RALLYDEBUG rally_openstack.cleanup.manager [-] Deleting cinder.volumes object c_rally_06cb6fdc_2uiCKb9Z (e1a8e5d4-7b9a-49bd-9d64-32cb3f3e4f52)
2019-07-23 07:29:11.157 1838 RALLYDEBUG rally_openstack.cleanup.manager [-] Deleting cinder.volumes object c_rally_06cb6fdc_aqZhoI3T (55b35ffa-c7d4-4392-8327-ce1ff7ce07f2)
2019-07-23 07:29:11.166 1838 RALLYDEBUG rally_openstack.cleanup.manager [-] Deleting cinder.volumes object c_rally_06cb6fdc_pEqTdUmX (58e62935-93e7-43fb-8e90-33f5d1a3c8ca)
2019-07-23 07:29:14.512 1838 INFO rally.task.context [-] Task e2e8d8b1-8ecf-407f-8ac0-e4a4cea9f6df | Context volumes@openstack cleanup() finished in 5.61 sec
2019-07-23 07:29:14.512 1838 INFO rally.task.context [-] Task e2e8d8b1-8ecf-407f-8ac0-e4a4cea9f6df | Context quotas@openstack cleanup() started
2019-07-23 07:29:14.904 1838 INFO rally.task.context [-] Task e2e8d8b1-8ecf-407f-8ac0-e4a4cea9f6df | Context quotas@openstack cleanup() finished in 0.39 sec
2019-07-23 07:29:14.905 1838 INFO rally.task.context [-] Task e2e8d8b1-8ecf-407f-8ac0-e4a4cea9f6df | Context api_versions@openstack cleanup() started
2019-07-23 07:29:14.905 1838 INFO rally.task.context [-] Task e2e8d8b1-8ecf-407f-8ac0-e4a4cea9f6df | Context api_versions@openstack cleanup() finished in 0.31 msec
2019-07-23 07:29:14.905 1838 INFO rally.task.context [-] Task e2e8d8b1-8ecf-407f-8ac0-e4a4cea9f6df | Context users@openstack cleanup() started
2019-07-23 07:29:23.207 1838 INFO rally.task.context [-] Task e2e8d8b1-8ecf-407f-8ac0-e4a4cea9f6df | Context users@openstack cleanup() finished in 8.30 sec
2019-07-23 07:29:24.923 1838 INFO rally.task.engine [-] Load duration is: 19.196663
2019-07-23 07:29:24.924 1838 INFO rally.task.engine [-] Full runner duration is: 19.254958
2019-07-23 07:29:24.924 1838 INFO rally.task.engine [-] Full duration is: 60.558722
2019-07-23 07:29:25.176 1838 INFO rally.task.engine [-] Running workload: position = 0 config = { "version": 2, "title": "A cropped version of a bigger task.", "description": "Auto-generated task from a single workload (uuid=a25d7162-71ab-4aef-96af-027e1db0deec)", "subtasks": [ { "title": "CinderVolumes.create_and_delete_volume", "description": "Create and then delete a volume.", "scenario": { "CinderVolumes.create_and_delete_volume": { "size": { "max": 1, "min": 1 } } }, "contexts": { "users": { "tenants": 3, "users_per_tenant": 2 }, "quotas": { "cinder": { "gigabytes": -1, "snapshots": -1, "volumes": -1 } }, "api_versions": { "cinder": { "version": 3, "service_type": "volumev3" } } }, "runner": { "constant": { "concurrency": 4, "times": 10 } }, "hooks": [], "sla": { "failure_rate": { "max": 0 } } } ] }
2019-07-23 07:29:25.200 1838 RALLYDEBUG rally_openstack.contexts.keystone.users [-] Creating 3 tenants using 20 threads
2019-07-23 07:29:27.105 1838 RALLYDEBUG rally_openstack.contexts.keystone.users [-] Creating 6 users using 20 threads
2019-07-23 07:29:29.970 1838 INFO rally.task.context [-] Task e2e8d8b1-8ecf-407f-8ac0-e4a4cea9f6df | Context users@openstack setup() finished in 4.77 sec
2019-07-23 07:29:30.400 1838 INFO rally.task.context [-] Task e2e8d8b1-8ecf-407f-8ac0-e4a4cea9f6df | Context api_versions@openstack setup() finished in 0.43 sec
2019-07-23 07:29:32.038 1838 INFO rally.task.context [-] Task e2e8d8b1-8ecf-407f-8ac0-e4a4cea9f6df | Context quotas@openstack setup() finished in 1.64 sec
2019-07-23 07:29:32.038 1838 INFO rally.task.context [-] Task e2e8d8b1-8ecf-407f-8ac0-e4a4cea9f6df | Context cleanup@openstack setup() finished in 0.01 msec
2019-07-23 07:29:32.045 1838 RALLYDEBUG rally.task.runner [-] Starting the constant runner (task UUID: e2e8d8b1-8ecf-407f-8ac0-e4a4cea9f6df). timeout: 0 concurrency: 4 concurrency_per_worker: 1 times: 10 concurrency_overhead: 0 processes_to_start: 4 max_cpu_used: 16
2019-07-23 07:29:32.056 4166 RALLYDEBUG rally.task.runner [-] Starting a worker. concurrency: 1 args: {"size": {"max": 1, "min": 1}} times: 10 method_name: run timeout: 0 duration: None cls:
2019-07-23 07:29:32.061 4166 INFO rally.task.runner [-] Task e2e8d8b1-8ecf-407f-8ac0-e4a4cea9f6df | ITER: 1 START
2019-07-23 07:29:32.061 4167 RALLYDEBUG rally.task.runner [-] Starting a worker. concurrency: 1 args: {"size": {"max": 1, "min": 1}} times: 10 method_name: run timeout: 0 duration: None cls:
2019-07-23 07:29:32.061 4168 RALLYDEBUG rally.task.runner [-] Starting a worker. concurrency: 1 args: {"size": {"max": 1, "min": 1}} times: 10 method_name: run timeout: 0 duration: None cls:
2019-07-23 07:29:32.067 4168 INFO rally.task.runner [-] Task e2e8d8b1-8ecf-407f-8ac0-e4a4cea9f6df | ITER: 2 START
2019-07-23 07:29:32.066 4169 RALLYDEBUG rally.task.runner [-] Starting a worker. concurrency: 1 args: {"size": {"max": 1, "min": 1}} times: 10 method_name: run timeout: 0 duration: None cls:
2019-07-23 07:29:32.069 4167 INFO rally.task.runner [-] Task e2e8d8b1-8ecf-407f-8ac0-e4a4cea9f6df | ITER: 3 START
2019-07-23 07:29:32.074 4169 INFO rally.task.runner [-] Task e2e8d8b1-8ecf-407f-8ac0-e4a4cea9f6df | ITER: 4 START
2019-07-23 07:29:36.373 4167 INFO rally.task.runner [-] Task e2e8d8b1-8ecf-407f-8ac0-e4a4cea9f6df | ITER: 3 END: OK
2019-07-23 07:29:36.378 4167 INFO rally.task.runner [-] Task e2e8d8b1-8ecf-407f-8ac0-e4a4cea9f6df | ITER: 5 START
2019-07-23 07:29:36.471 4166 RALLYDEBUG rally.task.utils [-] Waiting for resource s_rally_a25d7162_vkSC1eNZ. Status changed: AVAILABLE => DELETING in 0.280520915985
2019-07-23 07:29:36.647 4169 RALLYDEBUG rally.task.utils [-] Waiting for resource s_rally_a25d7162_POkwtJeu. Status changed: AVAILABLE => DELETING in 0.307740926743
2019-07-23 07:29:36.655 4168 RALLYDEBUG rally.task.utils [-] Waiting for resource s_rally_a25d7162_RMctm6Be. Status changed: AVAILABLE => DELETING in 0.369245052338
2019-07-23 07:29:38.691 4168 INFO rally.task.runner [-] Task e2e8d8b1-8ecf-407f-8ac0-e4a4cea9f6df | ITER: 2 END: OK
2019-07-23 07:29:38.695 4168 INFO rally.task.runner [-] Task e2e8d8b1-8ecf-407f-8ac0-e4a4cea9f6df | ITER: 6 START
2019-07-23 07:29:38.785 4166 INFO rally.task.runner [-] Task e2e8d8b1-8ecf-407f-8ac0-e4a4cea9f6df | ITER: 1 END: OK
2019-07-23 07:29:38.791 4166 INFO rally.task.runner [-] Task e2e8d8b1-8ecf-407f-8ac0-e4a4cea9f6df | ITER: 7 START
2019-07-23 07:29:38.880 4169 INFO rally.task.runner [-] Task e2e8d8b1-8ecf-407f-8ac0-e4a4cea9f6df | ITER: 4 END: OK
2019-07-23 07:29:38.885 4169 INFO rally.task.runner [-] Task e2e8d8b1-8ecf-407f-8ac0-e4a4cea9f6df | ITER: 8 START
2019-07-23 07:29:40.655 4167 INFO rally.task.runner [-] Task e2e8d8b1-8ecf-407f-8ac0-e4a4cea9f6df | ITER: 5 END: OK
2019-07-23 07:29:40.660 4167 INFO rally.task.runner [-] Task e2e8d8b1-8ecf-407f-8ac0-e4a4cea9f6df | ITER: 9 START
2019-07-23 07:29:42.982 4169 RALLYDEBUG rally.task.utils [-] Waiting for resource s_rally_a25d7162_ITa9LvqE. Status changed: AVAILABLE => DELETING in 0.254140138626
2019-07-23 07:29:43.027 4166 RALLYDEBUG rally.task.utils [-] Waiting for resource s_rally_a25d7162_BPzXMXZ5. Status changed: AVAILABLE => DELETING in 0.353038072586
2019-07-23 07:29:43.061 4168 RALLYDEBUG rally.task.utils [-] Waiting for resource s_rally_a25d7162_7AqDLtVL. Status changed: AVAILABLE => DELETING in 0.320721149445
2019-07-23 07:29:44.724 4167 INFO rally.task.runner [-] Task e2e8d8b1-8ecf-407f-8ac0-e4a4cea9f6df | ITER: 9 END: OK
2019-07-23 07:29:44.729 4167 INFO rally.task.runner [-] Task e2e8d8b1-8ecf-407f-8ac0-e4a4cea9f6df | ITER: 10 START
2019-07-23 07:29:45.262 4166 INFO rally.task.runner [-] Task e2e8d8b1-8ecf-407f-8ac0-e4a4cea9f6df | ITER: 7 END: OK
2019-07-23 07:29:45.301 4169 INFO rally.task.runner [-] Task e2e8d8b1-8ecf-407f-8ac0-e4a4cea9f6df | ITER: 8 END: OK
2019-07-23 07:29:45.377 4168 INFO rally.task.runner [-] Task e2e8d8b1-8ecf-407f-8ac0-e4a4cea9f6df | ITER: 6 END: OK
2019-07-23 07:29:48.991 4167 INFO rally.task.runner [-] Task e2e8d8b1-8ecf-407f-8ac0-e4a4cea9f6df | ITER: 10 END: OK
2019-07-23 07:29:49.012 1838 INFO rally.task.context [-] Task e2e8d8b1-8ecf-407f-8ac0-e4a4cea9f6df | Context cleanup@openstack cleanup() started
2019-07-23 07:29:49.014 1838 RALLYDEBUG rally_openstack.cleanup.manager [-] Cleaning up cinder backups objects
2019-07-23 07:29:51.253 1838 RALLYDEBUG rally_openstack.cleanup.manager [-] Cleaning up cinder volume_snapshots objects
2019-07-23 07:29:53.381 1838 RALLYDEBUG rally_openstack.cleanup.manager [-] Cleaning up cinder transfers objects
2019-07-23 07:29:55.522 1838 RALLYDEBUG rally_openstack.cleanup.manager [-] Cleaning up cinder volumes objects
2019-07-23 07:29:57.700 1838 INFO rally.task.context [-] Task e2e8d8b1-8ecf-407f-8ac0-e4a4cea9f6df | Context cleanup@openstack cleanup() finished in 8.69 sec
2019-07-23 07:29:57.701 1838 INFO rally.task.context [-] Task e2e8d8b1-8ecf-407f-8ac0-e4a4cea9f6df | Context quotas@openstack cleanup() started
2019-07-23 07:29:58.365 1838 INFO rally.task.context [-] Task e2e8d8b1-8ecf-407f-8ac0-e4a4cea9f6df | Context quotas@openstack cleanup() finished in 0.66 sec
2019-07-23 07:29:58.365 1838 INFO rally.task.context [-] Task e2e8d8b1-8ecf-407f-8ac0-e4a4cea9f6df | Context api_versions@openstack cleanup() started
2019-07-23 07:29:58.366 1838 INFO rally.task.context [-] Task e2e8d8b1-8ecf-407f-8ac0-e4a4cea9f6df | Context api_versions@openstack cleanup() finished in 0.32 msec
2019-07-23 07:29:58.366 1838 INFO rally.task.context [-] Task e2e8d8b1-8ecf-407f-8ac0-e4a4cea9f6df | Context users@openstack cleanup() started
2019-07-23 07:30:06.930 1838 INFO rally.task.context [-] Task e2e8d8b1-8ecf-407f-8ac0-e4a4cea9f6df | Context users@openstack cleanup() finished in 8.56 sec
2019-07-23 07:30:07.373 1838 INFO rally.task.engine [-] Load duration is: 16.927908
2019-07-23 07:30:07.374 1838 INFO rally.task.engine [-] Full runner duration is: 16.967076
2019-07-23 07:30:07.374 1838 INFO rally.task.engine [-] Full duration is: 41.734382
2019-07-23 07:30:07.570 1838 INFO rally.task.engine [-] Running workload: position = 1 config = { "version": 2, "title": "A cropped version of a bigger task.", "description": "Auto-generated task from a single workload (uuid=6667a553-f5f5-4d2c-8c5e-3e845b70e4a2)", "subtasks": [ { "title": "CinderVolumes.create_and_delete_volume", "description": "Create and then delete a volume.", "scenario": { "CinderVolumes.create_and_delete_volume": { "image": { "name": "rally_full-img_afb2fe8f-3356-45b4-a588-31677e6cd4b6" }, "size": 1 } }, "contexts": { "users": { "tenants": 3, "users_per_tenant": 2 }, "quotas": { "cinder": { "gigabytes": -1, "snapshots": -1, "volumes": -1 } }, "api_versions": { "cinder": { "version": 3, "service_type": "volumev3" } } }, "runner": { "constant": { "concurrency": 4, "times": 10 } }, "hooks": [], "sla": { "failure_rate": { "max": 0 } } } ] }
2019-07-23 07:30:07.595 1838 RALLYDEBUG rally_openstack.contexts.keystone.users [-] Creating 3 tenants using 20 threads
2019-07-23 07:30:09.505 1838 RALLYDEBUG rally_openstack.contexts.keystone.users [-] Creating 6 users using 20 threads
2019-07-23 07:30:12.270 1838 INFO rally.task.context [-] Task e2e8d8b1-8ecf-407f-8ac0-e4a4cea9f6df | Context users@openstack setup() finished in 4.67 sec
2019-07-23 07:30:12.695 1838 INFO rally.task.context [-] Task e2e8d8b1-8ecf-407f-8ac0-e4a4cea9f6df | Context api_versions@openstack setup() finished in 0.42 sec
2019-07-23 07:30:14.354 1838 INFO rally.task.context [-] Task e2e8d8b1-8ecf-407f-8ac0-e4a4cea9f6df | Context quotas@openstack setup() finished in 1.66 sec
2019-07-23 07:30:14.354 1838 INFO rally.task.context [-] Task e2e8d8b1-8ecf-407f-8ac0-e4a4cea9f6df | Context cleanup@openstack setup() finished in 0.01 msec
2019-07-23 07:30:15.407 1838 RALLYDEBUG rally.task.runner [-] Starting the constant runner (task UUID: e2e8d8b1-8ecf-407f-8ac0-e4a4cea9f6df). timeout: 0 concurrency: 4 concurrency_per_worker: 1 times: 10 concurrency_overhead: 0 processes_to_start: 4 max_cpu_used: 16
2019-07-23 07:30:15.420 4350 RALLYDEBUG rally.task.runner [-] Starting a worker. concurrency: 1 args: {"image": "0d3ef3fe-fc6f-46a0-98a3-e7e997221efb", "size": 1} times: 10 method_name: run timeout: 0 duration: None cls:
2019-07-23 07:30:15.423 4351 RALLYDEBUG rally.task.runner [-] Starting a worker. concurrency: 1 args: {"image": "0d3ef3fe-fc6f-46a0-98a3-e7e997221efb", "size": 1} times: 10 method_name: run timeout: 0 duration: None cls:
2019-07-23 07:30:15.427 4350 INFO rally.task.runner [-] Task e2e8d8b1-8ecf-407f-8ac0-e4a4cea9f6df | ITER: 1 START
2019-07-23 07:30:15.426 4352 RALLYDEBUG rally.task.runner [-] Starting a worker. concurrency: 1 args: {"image": "0d3ef3fe-fc6f-46a0-98a3-e7e997221efb", "size": 1} times: 10 method_name: run timeout: 0 duration: None cls:
2019-07-23 07:30:15.430 4353 RALLYDEBUG rally.task.runner [-] Starting a worker. concurrency: 1 args: {"image": "0d3ef3fe-fc6f-46a0-98a3-e7e997221efb", "size": 1} times: 10 method_name: run timeout: 0 duration: None cls:
2019-07-23 07:30:15.431 4351 INFO rally.task.runner [-] Task e2e8d8b1-8ecf-407f-8ac0-e4a4cea9f6df | ITER: 2 START
2019-07-23 07:30:15.434 4352 INFO rally.task.runner [-] Task e2e8d8b1-8ecf-407f-8ac0-e4a4cea9f6df | ITER: 3 START
2019-07-23 07:30:15.437 4353 INFO rally.task.runner [-] Task e2e8d8b1-8ecf-407f-8ac0-e4a4cea9f6df | ITER: 4 START
2019-07-23 07:30:25.187 4350 RALLYDEBUG rally.task.utils [-] Waiting for resource s_rally_6667a553_O3II2N06. Status changed: CREATING => DOWNLOADING in 5.30989098549
2019-07-23 07:30:25.570 4352 RALLYDEBUG rally.task.utils [-] Waiting for resource s_rally_6667a553_RxfZniCR. Status changed: CREATING => DOWNLOADING in 5.40225100517
2019-07-23 07:30:27.666 4353 RALLYDEBUG rally.task.utils [-] Waiting for resource s_rally_6667a553_9aNfBpMk. Status changed: CREATING => DOWNLOADING in 7.37418293953
2019-07-23 07:30:28.341 4351 RALLYDEBUG rally.task.utils [-] Waiting for resource s_rally_6667a553_Q2NHct8G. Status changed: CREATING => DOWNLOADING in 7.63245820999
2019-07-23 07:30:34.301 4350 RALLYDEBUG rally.task.utils [-] Waiting for resource s_rally_6667a553_O3II2N06. Status changed: DOWNLOADING => AVAILABLE in 9.11426401138
2019-07-23 07:30:34.597 4352 RALLYDEBUG rally.task.utils [-] Waiting for resource s_rally_6667a553_RxfZniCR. Status changed: DOWNLOADING => AVAILABLE in 9.02702879906
2019-07-23 07:30:34.618 4353 RALLYDEBUG rally.task.utils [-] Waiting for resource s_rally_6667a553_9aNfBpMk. Status changed: DOWNLOADING => AVAILABLE in 6.95257496834
2019-07-23 07:30:35.032 4350 INFO rally.task.runner [-] Task e2e8d8b1-8ecf-407f-8ac0-e4a4cea9f6df | ITER: 1 END: OK
2019-07-23 07:30:35.038 4350 INFO rally.task.runner [-] Task e2e8d8b1-8ecf-407f-8ac0-e4a4cea9f6df | ITER: 5 START
2019-07-23 07:30:35.371 4353 RALLYDEBUG rally.task.utils [-] Waiting for resource s_rally_6667a553_9aNfBpMk. Status changed: AVAILABLE => DELETING in 0.367712020874
2019-07-23 07:30:35.422 4351 RALLYDEBUG rally.task.utils [-] Waiting for resource s_rally_6667a553_Q2NHct8G. Status changed: DOWNLOADING => AVAILABLE in 7.08119893074
2019-07-23 07:30:35.432 4352 RALLYDEBUG rally.task.utils [-] Waiting for resource s_rally_6667a553_RxfZniCR. Status changed: AVAILABLE => DELETING in 0.439991950989
2019-07-23 07:30:36.043 4351 RALLYDEBUG rally.task.utils [-] Waiting for resource s_rally_6667a553_Q2NHct8G. Status changed: AVAILABLE => DELETING in 0.24902009964
2019-07-23 07:30:37.470 4352 INFO rally.task.runner [-] Task e2e8d8b1-8ecf-407f-8ac0-e4a4cea9f6df | ITER: 3 END: OK
2019-07-23 07:30:37.476 4352 INFO rally.task.runner [-] Task e2e8d8b1-8ecf-407f-8ac0-e4a4cea9f6df | ITER: 6 START
2019-07-23 07:30:37.703 4353 INFO rally.task.runner [-] Task e2e8d8b1-8ecf-407f-8ac0-e4a4cea9f6df | ITER: 4 END: OK
2019-07-23 07:30:37.709 4353 INFO rally.task.runner [-] Task e2e8d8b1-8ecf-407f-8ac0-e4a4cea9f6df | ITER: 7 START
2019-07-23 07:30:38.352 4351 INFO rally.task.runner [-] Task e2e8d8b1-8ecf-407f-8ac0-e4a4cea9f6df | ITER: 2 END: OK
2019-07-23 07:30:38.357 4351 INFO rally.task.runner [-] Task e2e8d8b1-8ecf-407f-8ac0-e4a4cea9f6df | ITER: 8 START
2019-07-23 07:30:43.111 4350 RALLYDEBUG rally.task.utils [-] Waiting for resource s_rally_6667a553_v9IWpH0t. Status changed: CREATING => DOWNLOADING in 2.73264408112
2019-07-23 07:30:45.447 4350 RALLYDEBUG rally.task.utils [-] Waiting for resource s_rally_6667a553_v9IWpH0t. Status changed: DOWNLOADING => AVAILABLE in 2.3357129097
2019-07-23 07:30:46.288 4350 RALLYDEBUG rally.task.utils [-] Waiting for resource s_rally_6667a553_v9IWpH0t. Status changed: AVAILABLE => DELETING in 0.373587846756
2019-07-23 07:30:47.041 4352 RALLYDEBUG rally.task.utils [-] Waiting for resource s_rally_6667a553_phZjLaTo. Status changed: CREATING => DOWNLOADING in 5.30259203911
2019-07-23 07:30:48.577 4350 INFO rally.task.runner [-] Task e2e8d8b1-8ecf-407f-8ac0-e4a4cea9f6df | ITER: 5 END: OK
2019-07-23 07:30:48.583 4350 INFO rally.task.runner [-] Task e2e8d8b1-8ecf-407f-8ac0-e4a4cea9f6df | ITER: 9 START
2019-07-23 07:30:50.845 4351 RALLYDEBUG rally.task.utils [-] Waiting for resource s_rally_6667a553_pqLW48h5. Status changed: CREATING => DOWNLOADING in 7.56571602821
2019-07-23 07:30:51.697 4353 RALLYDEBUG rally.task.utils [-] Waiting for resource s_rally_6667a553_HhRwdthK. Status changed: CREATING => DOWNLOADING in 9.88623404503
2019-07-23 07:30:56.092 4352 RALLYDEBUG rally.task.utils [-] Waiting for resource s_rally_6667a553_phZjLaTo. Status changed: DOWNLOADING => AVAILABLE in 9.05130505562
2019-07-23 07:30:56.402 4353 RALLYDEBUG rally.task.utils [-] Waiting for resource s_rally_6667a553_HhRwdthK. Status changed: DOWNLOADING => AVAILABLE in 4.70531511307
2019-07-23 07:30:56.707 4352 RALLYDEBUG rally.task.utils [-] Waiting for resource s_rally_6667a553_phZjLaTo. Status changed: AVAILABLE => DELETING in 0.254956007004
2019-07-23 07:30:57.133 4353 RALLYDEBUG rally.task.utils [-] Waiting for resource s_rally_6667a553_HhRwdthK. Status changed: AVAILABLE => DELETING in 0.357294797897
2019-07-23 07:30:57.983 4351 RALLYDEBUG rally.task.utils [-] Waiting for resource s_rally_6667a553_pqLW48h5. Status changed: DOWNLOADING => AVAILABLE in 7.13823795319
2019-07-23 07:30:58.317 4351 RALLYDEBUG rally.task.utils [-] Waiting for resource s_rally_6667a553_pqLW48h5. Status changed: AVAILABLE => DELETING in 0.247656106949
2019-07-23 07:30:59.031 4352 INFO rally.task.runner [-] Task e2e8d8b1-8ecf-407f-8ac0-e4a4cea9f6df | ITER: 6 END: OK
2019-07-23 07:30:59.036 4352 INFO rally.task.runner [-] Task e2e8d8b1-8ecf-407f-8ac0-e4a4cea9f6df | ITER: 10 START
2019-07-23 07:30:59.171 4353 INFO rally.task.runner [-] Task e2e8d8b1-8ecf-407f-8ac0-e4a4cea9f6df | ITER: 7 END: OK
2019-07-23 07:31:00.628 4351 INFO rally.task.runner [-] Task e2e8d8b1-8ecf-407f-8ac0-e4a4cea9f6df | ITER: 8 END: OK
2019-07-23 07:31:01.187 4350 RALLYDEBUG rally.task.utils [-] Waiting for resource s_rally_6667a553_6vFTZZ6x. Status changed: CREATING => DOWNLOADING in 7.44935202599
2019-07-23 07:31:03.661 4350 RALLYDEBUG rally.task.utils [-] Waiting for resource s_rally_6667a553_6vFTZZ6x. Status changed: DOWNLOADING => AVAILABLE in 2.47350096703
2019-07-23 07:31:04.289 4350 RALLYDEBUG rally.task.utils [-] Waiting for resource s_rally_6667a553_6vFTZZ6x. Status changed: AVAILABLE => DELETING in 0.207901954651
2019-07-23 07:31:06.325 4350 INFO rally.task.runner [-] Task e2e8d8b1-8ecf-407f-8ac0-e4a4cea9f6df | ITER: 9 END: OK
2019-07-23 07:31:07.420 4352 RALLYDEBUG rally.task.utils [-] Waiting for resource s_rally_6667a553_GviJVWQ7. Status changed: CREATING => DOWNLOADING in 2.93677806854
2019-07-23 07:31:09.698 4352 RALLYDEBUG rally.task.utils [-] Waiting for resource s_rally_6667a553_GviJVWQ7. Status changed: DOWNLOADING => AVAILABLE in 2.27798104286
2019-07-23 07:31:10.132 4352 RALLYDEBUG rally.task.utils [-] Waiting for resource s_rally_6667a553_GviJVWQ7. Status changed: AVAILABLE => DELETING in 0.0568408966064
2019-07-23 07:31:12.476 4352 INFO rally.task.runner [-] Task e2e8d8b1-8ecf-407f-8ac0-e4a4cea9f6df | ITER: 10 END: OK
2019-07-23 07:31:12.499 1838 INFO rally.task.context [-] Task e2e8d8b1-8ecf-407f-8ac0-e4a4cea9f6df | Context cleanup@openstack cleanup() started
2019-07-23 07:31:12.502 1838 RALLYDEBUG rally_openstack.cleanup.manager [-] Cleaning up cinder backups objects
2019-07-23 07:31:14.754 1838 RALLYDEBUG rally_openstack.cleanup.manager [-] Cleaning up cinder volume_snapshots objects
2019-07-23 07:31:16.986 1838 RALLYDEBUG rally_openstack.cleanup.manager [-] Cleaning up cinder transfers objects
