2019-07-23 07:01:29.194 7 RALLYDEBUG rally.api [-] INFO logs from urllib3 and requests module are hide.
2019-07-23 07:01:29.194 7 RALLYDEBUG rally.api [-] urllib3 insecure warnings are hidden.
2019-07-23 07:01:29.195 7 RALLYDEBUG rally.api [-] ERROR log from boto module is hide.
2019-07-23 07:01:30.421 7 ERROR rally.cli.cliutils [-] Unexpected exception in CLI: DBRecordNotFound: Record for uuid or name is opnfv-rally not found in table envs
2019-07-23 07:01:30.421 7 ERROR rally.cli.cliutils
Traceback (most recent call last):
2019-07-23 07:01:30.421 7 ERROR rally.cli.cliutils
File "/usr/lib/python2.7/site-packages/rally/cli/cliutils.py", line 674, in run
2019-07-23 07:01:30.421 7 ERROR rally.cli.cliutils ret = fn(*fn_args, **fn_kwargs)
2019-07-23 07:01:30.421 7 ERROR rally.cli.cliutils File "", line 2, in destroy
2019-07-23 07:01:30.421 7 ERROR rally.cli.cliutils
File "/usr/lib/python2.7/site-packages/rally/cli/envutils.py", line 69, in default_from_global
2019-07-23 07:01:30.421 7 ERROR rally.cli.cliutils return f(*args, **kwargs)
2019-07-23 07:01:30.421 7 ERROR rally.cli.cliutils File "", line 2, in destroy
2019-07-23 07:01:30.421 7 ERROR rally.cli.cliutils
File "/usr/lib/python2.7/site-packages/rally/plugins/__init__.py", line 51, in ensure_plugins_are_loaded
2019-07-23 07:01:30.421 7 ERROR rally.cli.cliutils return f(*args, **kwargs)
2019-07-23 07:01:30.421 7 ERROR rally.cli.cliutils
File "/usr/lib/python2.7/site-packages/rally/cli/commands/deployment.py", line 140, in destroy
2019-07-23 07:01:30.421 7 ERROR rally.cli.cliutils api.deployment.destroy(deployment=deployment)
2019-07-23 07:01:30.421 7 ERROR rally.cli.cliutils
File "/usr/lib/python2.7/site-packages/rally/api.py", line 115, in destroy
2019-07-23 07:01:30.421 7 ERROR rally.cli.cliutils deploy = objects.Deployment.get(deployment)
2019-07-23 07:01:30.421 7 ERROR rally.cli.cliutils
File "/usr/lib/python2.7/site-packages/rally/common/objects/deploy.py", line 124, in get
2019-07-23 07:01:30.421 7 ERROR rally.cli.cliutils return Deployment(env_mgr.EnvManager.get(deploy))
2019-07-23 07:01:30.421 7 ERROR rally.cli.cliutils
File "/usr/lib/python2.7/site-packages/rally/env/env_mgr.py", line 212, in get
2019-07-23 07:01:30.421 7 ERROR rally.cli.cliutils return cls(db.env_get(uuid_or_name))
2019-07-23 07:01:30.421 7 ERROR rally.cli.cliutils
File "/usr/lib/python2.7/site-packages/rally/common/db/api.py", line 135, in wrapper
2019-07-23 07:01:30.421 7 ERROR rally.cli.cliutils result = f(session, *args, **kwargs)
2019-07-23 07:01:30.421 7 ERROR rally.cli.cliutils
File "/usr/lib/python2.7/site-packages/rally/common/db/api.py", line 521, in env_get
2019-07-23 07:01:30.421 7 ERROR rally.cli.cliutils criteria="uuid or name is %s" % uuid_or_name, table="envs")
2019-07-23 07:01:30.421 7 ERROR rally.cli.cliutils DBRecordNotFound: Record for uuid or name is opnfv-rally not found in table envs
2019-07-23 07:01:30.421 7 ERROR rally.cli.cliutils
2019-07-23 07:01:31.235 9 RALLYDEBUG rally.api [-] INFO logs from urllib3 and requests module are hide.
2019-07-23 07:01:31.236 9 RALLYDEBUG rally.api [-] urllib3 insecure warnings are hidden.
2019-07-23 07:01:31.236 9 RALLYDEBUG rally.api [-] ERROR log from boto module is hide.
2019-07-23 07:01:32.426 9 WARNING rally_openstack.platforms.existing [-] endpoint is deprecated and not used.
2019-07-23 07:01:33.354 11 RALLYDEBUG rally.api [-] INFO logs from urllib3 and requests module are hide.
2019-07-23 07:01:33.354 11 RALLYDEBUG rally.api [-] urllib3 insecure warnings are hidden.
2019-07-23 07:01:33.354 11 RALLYDEBUG rally.api [-] ERROR log from boto module is hide.
2019-07-23 07:01:36.738 14 RALLYDEBUG rally.api [-] INFO logs from urllib3 and requests module are hide.
2019-07-23 07:01:36.738 14 RALLYDEBUG rally.api [-] urllib3 insecure warnings are hidden.
2019-07-23 07:01:36.738 14 RALLYDEBUG rally.api [-] ERROR log from boto module is hide.
2019-07-23 07:01:38.896 16 RALLYDEBUG rally.api [-] INFO logs from urllib3 and requests module are hide.
2019-07-23 07:01:38.896 16 RALLYDEBUG rally.api [-] urllib3 insecure warnings are hidden.
2019-07-23 07:01:38.896 16 RALLYDEBUG rally.api [-] ERROR log from boto module is hide.
2019-07-23 07:01:40.196 16 INFO rally.task.engine [-] Task 3ae60930-bbc7-456a-84d4-810125ba3930 | Starting: Task validation.
2019-07-23 07:01:40.246 16 INFO rally.task.engine [-] Task 3ae60930-bbc7-456a-84d4-810125ba3930 | Starting: Task validation of syntax.
2019-07-23 07:01:40.325 16 INFO rally.task.engine [-] Task 3ae60930-bbc7-456a-84d4-810125ba3930 | Completed: Task validation of syntax.
2019-07-23 07:01:40.326 16 INFO rally.task.engine [-] Task 3ae60930-bbc7-456a-84d4-810125ba3930 | Starting: Task validation of required platforms.
2019-07-23 07:01:40.362 16 INFO rally.task.engine [-] Task 3ae60930-bbc7-456a-84d4-810125ba3930 | Completed: Task validation of required platforms.
2019-07-23 07:01:40.363 16 INFO rally.task.engine [-] Task 3ae60930-bbc7-456a-84d4-810125ba3930 | Starting: Task validation of semantic.
2019-07-23 07:01:40.363 16 INFO rally.task.engine [-] Check health of the environment '15d67ee3-a15b-4918-ad10-60ae3d6ccfb6'.
2019-07-23 07:01:41.197 16 INFO rally.task.engine [-] Platform existing@openstack (available: True): OK!
2019-07-23 07:01:41.215 16 RALLYDEBUG rally_openstack.contexts.keystone.users [-] Creating 1 tenants using 20 threads
2019-07-23 07:01:43.105 16 RALLYDEBUG rally_openstack.contexts.keystone.users [-] Creating 1 users using 20 threads
2019-07-23 07:01:46.026 16 INFO rally.task.context [-] Task 3ae60930-bbc7-456a-84d4-810125ba3930 | Context users@openstack setup() finished in 4.81 sec
2019-07-23 07:01:46.073 16 INFO rally.task.context [-] Task 3ae60930-bbc7-456a-84d4-810125ba3930 | Context users@openstack cleanup() started
2019-07-23 07:01:52.063 16 INFO rally.task.context [-] Task 3ae60930-bbc7-456a-84d4-810125ba3930 | Context users@openstack cleanup() finished in 5.99 sec
2019-07-23 07:01:52.064 16 INFO rally.task.engine [-] Task 3ae60930-bbc7-456a-84d4-810125ba3930 | Completed: Task validation of semantic.
2019-07-23 07:01:52.064 16 INFO rally.task.engine [-] Task 3ae60930-bbc7-456a-84d4-810125ba3930 | Completed: Task validation.
2019-07-23 07:01:52.064 16 INFO rally.api [-] Task 3ae60930-bbc7-456a-84d4-810125ba3930 input file is valid.
2019-07-23 07:01:52.065 16 INFO rally.api [-] Run Task 3ae60930-bbc7-456a-84d4-810125ba3930 against Deployment 15d67ee3-a15b-4918-ad10-60ae3d6ccfb6
2019-07-23 07:01:52.065 16 INFO rally.task.engine [-] Task 3ae60930-bbc7-456a-84d4-810125ba3930 | Starting: Running task.
2019-07-23 07:01:52.223 16 INFO rally.task.engine [-] Running workload: position = 0 config = { "version": 2, "title": "A cropped version of a bigger task.", "description": "Auto-generated task from a single workload (uuid=7243d15f-cf94-43f1-9788-0a1b281566a7)", "subtasks": [ { "title": "Authenticate.keystone", "description": "Check Keystone Client.", "scenario": { "Authenticate.keystone": {} }, "contexts": { "users": { "tenants": 3, "users_per_tenant": 2 } }, "runner": { "constant": { "concurrency": 4, "times": 10 } }, "hooks": [], "sla": { "failure_rate": { "max": 0 } } } ] }
2019-07-23 07:01:52.244 16 RALLYDEBUG rally_openstack.contexts.keystone.users [-] Creating 3 tenants using 20 threads
2019-07-23 07:01:54.164 16 RALLYDEBUG rally_openstack.contexts.keystone.users [-] Creating 6 users using 20 threads
2019-07-23 07:01:57.189 16 INFO rally.task.context [-] Task 3ae60930-bbc7-456a-84d4-810125ba3930 | Context users@openstack setup() finished in 4.94 sec
2019-07-23 07:01:57.194 16 RALLYDEBUG rally.task.runner [-] Starting the constant runner (task UUID: 3ae60930-bbc7-456a-84d4-810125ba3930). timeout: 0 concurrency: 4 concurrency_per_worker: 1 times: 10 concurrency_overhead: 0 processes_to_start: 4 max_cpu_used: 16
2019-07-23 07:01:57.206 140 RALLYDEBUG rally.task.runner [-] Starting a worker. concurrency: 1 args: {} times: 10 method_name: run timeout: 0 duration: None cls:
2019-07-23 07:01:57.207 141 RALLYDEBUG rally.task.runner [-] Starting a worker. concurrency: 1 args: {} times: 10 method_name: run timeout: 0 duration: None cls:
2019-07-23 07:01:57.208 142 RALLYDEBUG rally.task.runner [-] Starting a worker. concurrency: 1 args: {} times: 10 method_name: run timeout: 0 duration: None cls:
2019-07-23 07:01:57.211 143 RALLYDEBUG rally.task.runner [-] Starting a worker. concurrency: 1 args: {} times: 10 method_name: run timeout: 0 duration: None cls:
2019-07-23 07:01:57.212 140 INFO rally.task.runner [-] Task 3ae60930-bbc7-456a-84d4-810125ba3930 | ITER: 1 START
2019-07-23 07:01:57.213 141 INFO rally.task.runner [-] Task 3ae60930-bbc7-456a-84d4-810125ba3930 | ITER: 2 START
2019-07-23 07:01:57.214 142 INFO rally.task.runner [-] Task 3ae60930-bbc7-456a-84d4-810125ba3930 | ITER: 3 START
2019-07-23 07:01:57.217 143 INFO rally.task.runner [-] Task 3ae60930-bbc7-456a-84d4-810125ba3930 | ITER: 4 START
2019-07-23 07:01:57.796 142 INFO rally.task.runner [-] Task 3ae60930-bbc7-456a-84d4-810125ba3930 | ITER: 3 END: OK
2019-07-23 07:01:57.800 142 INFO rally.task.runner [-] Task 3ae60930-bbc7-456a-84d4-810125ba3930 | ITER: 5 START
2019-07-23 07:01:57.813 141 INFO rally.task.runner [-] Task 3ae60930-bbc7-456a-84d4-810125ba3930 | ITER: 2 END: OK
2019-07-23 07:01:57.816 141 INFO rally.task.runner [-] Task 3ae60930-bbc7-456a-84d4-810125ba3930 | ITER: 6 START
2019-07-23 07:01:57.836 143 INFO rally.task.runner [-] Task 3ae60930-bbc7-456a-84d4-810125ba3930 | ITER: 4 END: OK
2019-07-23 07:01:57.838 140 INFO rally.task.runner [-] Task 3ae60930-bbc7-456a-84d4-810125ba3930 | ITER: 1 END: OK
2019-07-23 07:01:57.839 143 INFO rally.task.runner [-] Task 3ae60930-bbc7-456a-84d4-810125ba3930 | ITER: 7 START
2019-07-23 07:01:57.841 140 INFO rally.task.runner [-] Task 3ae60930-bbc7-456a-84d4-810125ba3930 | ITER: 8 START
2019-07-23 07:01:58.396 141 INFO rally.task.runner [-] Task 3ae60930-bbc7-456a-84d4-810125ba3930 | ITER: 6 END: OK
2019-07-23 07:01:58.399 141 INFO rally.task.runner [-] Task 3ae60930-bbc7-456a-84d4-810125ba3930 | ITER: 9 START
2019-07-23 07:01:58.404 142 INFO rally.task.runner [-] Task 3ae60930-bbc7-456a-84d4-810125ba3930 | ITER: 5 END: OK
2019-07-23 07:01:58.408 142 INFO rally.task.runner [-] Task 3ae60930-bbc7-456a-84d4-810125ba3930 | ITER: 10 START
2019-07-23 07:01:58.414 143 INFO rally.task.runner [-] Task 3ae60930-bbc7-456a-84d4-810125ba3930 | ITER: 7 END: OK
2019-07-23 07:01:58.433 140 INFO rally.task.runner [-] Task 3ae60930-bbc7-456a-84d4-810125ba3930 | ITER: 8 END: OK
2019-07-23 07:01:59.036 142 INFO rally.task.runner [-] Task 3ae60930-bbc7-456a-84d4-810125ba3930 | ITER: 10 END: OK
2019-07-23 07:01:59.204 141 INFO rally.task.runner [-] Task 3ae60930-bbc7-456a-84d4-810125ba3930 | ITER: 9 END: OK
2019-07-23 07:01:59.229 16 INFO rally.task.context [-] Task 3ae60930-bbc7-456a-84d4-810125ba3930 | Context users@openstack cleanup() started
2019-07-23 07:02:08.769 16 INFO rally.task.context [-] Task 3ae60930-bbc7-456a-84d4-810125ba3930 | Context users@openstack cleanup() finished in 9.54 sec
2019-07-23 07:02:10.319 16 INFO rally.task.engine [-] Load duration is: 1.990396
2019-07-23 07:02:10.320 16 INFO rally.task.engine [-] Full runner duration is: 2.035893
2019-07-23 07:02:10.320 16 INFO rally.task.engine [-] Full duration is: 16.52657
2019-07-23 07:02:10.564 16 INFO rally.task.engine [-] Running workload: position = 0 config = { "version": 2, "title": "A cropped version of a bigger task.", "description": "Auto-generated task from a single workload (uuid=2e43b43a-301b-4a2a-90f1-03c7f2c512a7)", "subtasks": [ { "title": "Authenticate.validate_cinder", "description": "Check Cinder Client to ensure validation of token.", "scenario": { "Authenticate.validate_cinder": { "repetitions": 2 } }, "contexts": { "users": { "tenants": 3, "users_per_tenant": 2 } }, "runner": { "constant": { "concurrency": 4, "times": 10 } }, "hooks": [], "sla": { "failure_rate": { "max": 0 } } } ] }
2019-07-23 07:02:10.583 16 RALLYDEBUG rally_openstack.contexts.keystone.users [-] Creating 3 tenants using 20 threads
2019-07-23 07:02:12.686 16 RALLYDEBUG rally_openstack.contexts.keystone.users [-] Creating 6 users using 20 threads
2019-07-23 07:02:15.502 16 INFO rally.task.context [-] Task 3ae60930-bbc7-456a-84d4-810125ba3930 | Context users@openstack setup() finished in 4.92 sec
2019-07-23 07:02:15.509 16 RALLYDEBUG rally.task.runner [-] Starting the constant runner (task UUID: 3ae60930-bbc7-456a-84d4-810125ba3930). timeout: 0 concurrency: 4 concurrency_per_worker: 1 times: 10 concurrency_overhead: 0 processes_to_start: 4 max_cpu_used: 16
2019-07-23 07:02:15.521 244 RALLYDEBUG rally.task.runner [-] Starting a worker. concurrency: 1 args: {"repetitions": 2} times: 10 method_name: run timeout: 0 duration: None cls:
2019-07-23 07:02:15.523 245 RALLYDEBUG rally.task.runner [-] Starting a worker. concurrency: 1 args: {"repetitions": 2} times: 10 method_name: run timeout: 0 duration: None cls:
2019-07-23 07:02:15.526 246 RALLYDEBUG rally.task.runner [-] Starting a worker. concurrency: 1 args: {"repetitions": 2} times: 10 method_name: run timeout: 0 duration: None cls:
2019-07-23 07:02:15.527 244 INFO rally.task.runner [-] Task 3ae60930-bbc7-456a-84d4-810125ba3930 | ITER: 1 START
2019-07-23 07:02:15.529 245 INFO rally.task.runner [-] Task 3ae60930-bbc7-456a-84d4-810125ba3930 | ITER: 2 START
2019-07-23 07:02:15.529 247 RALLYDEBUG rally.task.runner [-] Starting a worker. concurrency: 1 args: {"repetitions": 2} times: 10 method_name: run timeout: 0 duration: None cls:
2019-07-23 07:02:15.532 246 INFO rally.task.runner [-] Task 3ae60930-bbc7-456a-84d4-810125ba3930 | ITER: 3 START
2019-07-23 07:02:15.535 247 INFO rally.task.runner [-] Task 3ae60930-bbc7-456a-84d4-810125ba3930 | ITER: 4 START
2019-07-23 07:02:17.464 245 INFO rally.task.runner [-] Task 3ae60930-bbc7-456a-84d4-810125ba3930 | ITER: 2 END: OK
2019-07-23 07:02:17.468 245 INFO rally.task.runner [-] Task 3ae60930-bbc7-456a-84d4-810125ba3930 | ITER: 5 START
2019-07-23 07:02:17.534 244 INFO rally.task.runner [-] Task 3ae60930-bbc7-456a-84d4-810125ba3930 | ITER: 1 END: OK
2019-07-23 07:02:17.536 247 INFO rally.task.runner [-] Task 3ae60930-bbc7-456a-84d4-810125ba3930 | ITER: 4 END: OK
2019-07-23 07:02:17.538 244 INFO rally.task.runner [-] Task 3ae60930-bbc7-456a-84d4-810125ba3930 | ITER: 6 START
2019-07-23 07:02:17.540 247 INFO rally.task.runner [-] Task 3ae60930-bbc7-456a-84d4-810125ba3930 | ITER: 7 START
2019-07-23 07:02:17.547 246 INFO rally.task.runner [-] Task 3ae60930-bbc7-456a-84d4-810125ba3930 | ITER: 3 END: OK
2019-07-23 07:02:17.551 246 INFO rally.task.runner [-] Task 3ae60930-bbc7-456a-84d4-810125ba3930 | ITER: 8 START
2019-07-23 07:02:18.997 247 INFO rally.task.runner [-] Task 3ae60930-bbc7-456a-84d4-810125ba3930 | ITER: 7 END: OK
2019-07-23 07:02:19.001 247 INFO rally.task.runner [-] Task 3ae60930-bbc7-456a-84d4-810125ba3930 | ITER: 9 START
2019-07-23 07:02:19.360 245 INFO rally.task.runner [-] Task 3ae60930-bbc7-456a-84d4-810125ba3930 | ITER: 5 END: OK
2019-07-23 07:02:19.364 245 INFO rally.task.runner [-] Task 3ae60930-bbc7-456a-84d4-810125ba3930 | ITER: 10 START
2019-07-23 07:02:19.384 244 INFO rally.task.runner [-] Task 3ae60930-bbc7-456a-84d4-810125ba3930 | ITER: 6 END: OK
2019-07-23 07:02:19.635 246 INFO rally.task.runner [-] Task 3ae60930-bbc7-456a-84d4-810125ba3930 | ITER: 8 END: OK
2019-07-23 07:02:20.373 247 INFO rally.task.runner [-] Task 3ae60930-bbc7-456a-84d4-810125ba3930 | ITER: 9 END: OK
2019-07-23 07:02:20.832 245 INFO rally.task.runner [-] Task 3ae60930-bbc7-456a-84d4-810125ba3930 | ITER: 10 END: OK
2019-07-23 07:02:20.858 16 INFO rally.task.context [-] Task 3ae60930-bbc7-456a-84d4-810125ba3930 | Context users@openstack cleanup() started
2019-07-23 07:02:30.266 16 INFO rally.task.context [-] Task 3ae60930-bbc7-456a-84d4-810125ba3930 | Context users@openstack cleanup() finished in 9.41 sec
2019-07-23 07:02:30.675 16 INFO rally.task.engine [-] Load duration is: 5.302758
2019-07-23 07:02:30.675 16 INFO rally.task.engine [-] Full runner duration is: 5.348977
2019-07-23 07:02:30.676 16 INFO rally.task.engine [-] Full duration is: 19.686239
2019-07-23 07:02:30.931 16 INFO rally.task.engine [-] Running workload: position = 0 config = { "version": 2, "title": "A cropped version of a bigger task.", "description": "Auto-generated task from a single workload (uuid=bebf3ac2-2e66-4772-98b0-36249b64e454)", "subtasks": [ { "title": "Authenticate.validate_glance", "description": "Check Glance Client to ensure validation of token.", "scenario": { "Authenticate.validate_glance": { "repetitions": 2 } }, "contexts": { "users": { "tenants": 3, "users_per_tenant": 2 } }, "runner": { "constant": { "concurrency": 4, "times": 10 } }, "hooks": [], "sla": { "failure_rate": { "max": 0 } } } ] }
2019-07-23 07:02:30.953 16 RALLYDEBUG rally_openstack.contexts.keystone.users [-] Creating 3 tenants using 20 threads
2019-07-23 07:02:32.817 16 RALLYDEBUG rally_openstack.contexts.keystone.users [-] Creating 6 users using 20 threads
2019-07-23 07:02:35.749 16 INFO rally.task.context [-] Task 3ae60930-bbc7-456a-84d4-810125ba3930 | Context users@openstack setup() finished in 4.80 sec
2019-07-23 07:02:35.756 16 RALLYDEBUG rally.task.runner [-] Starting the constant runner (task UUID: 3ae60930-bbc7-456a-84d4-810125ba3930). timeout: 0 concurrency: 4 concurrency_per_worker: 1 times: 10 concurrency_overhead: 0 processes_to_start: 4 max_cpu_used: 16
2019-07-23 07:02:35.768 348 RALLYDEBUG rally.task.runner [-] Starting a worker. concurrency: 1 args: {"repetitions": 2} times: 10 method_name: run timeout: 0 duration: None cls:
2019-07-23 07:02:35.772 349 RALLYDEBUG rally.task.runner [-] Starting a worker. concurrency: 1 args: {"repetitions": 2} times: 10 method_name: run timeout: 0 duration: None cls:
2019-07-23 07:02:35.772 348 INFO rally.task.runner [-] Task 3ae60930-bbc7-456a-84d4-810125ba3930 | ITER: 1 START
2019-07-23 07:02:35.773 350 RALLYDEBUG rally.task.runner [-] Starting a worker. concurrency: 1 args: {"repetitions": 2} times: 10 method_name: run timeout: 0 duration: None cls:
2019-07-23 07:02:35.774 351 RALLYDEBUG rally.task.runner [-] Starting a worker. concurrency: 1 args: {"repetitions": 2} times: 10 method_name: run timeout: 0 duration: None cls:
2019-07-23 07:02:35.777 350 INFO rally.task.runner [-] Task 3ae60930-bbc7-456a-84d4-810125ba3930 | ITER: 3 START
2019-07-23 07:02:35.778 349 INFO rally.task.runner [-] Task 3ae60930-bbc7-456a-84d4-810125ba3930 | ITER: 2 START
2019-07-23 07:02:35.779 351 INFO rally.task.runner [-] Task 3ae60930-bbc7-456a-84d4-810125ba3930 | ITER: 4 START
2019-07-23 07:02:36.948 351 INFO rally.task.runner [-] Task 3ae60930-bbc7-456a-84d4-810125ba3930 | ITER: 4 END: OK
2019-07-23 07:02:36.952 351 INFO rally.task.runner [-] Task 3ae60930-bbc7-456a-84d4-810125ba3930 | ITER: 5 START
2019-07-23 07:02:36.953 348 INFO rally.task.runner [-] Task 3ae60930-bbc7-456a-84d4-810125ba3930 | ITER: 1 END: OK
2019-07-23 07:02:36.958 348 INFO rally.task.runner [-] Task 3ae60930-bbc7-456a-84d4-810125ba3930 | ITER: 6 START
2019-07-23 07:02:37.266 350 INFO rally.task.runner [-] Task 3ae60930-bbc7-456a-84d4-810125ba3930 | ITER: 3 END: OK
2019-07-23 07:02:37.270 350 INFO rally.task.runner [-] Task 3ae60930-bbc7-456a-84d4-810125ba3930 | ITER: 7 START
2019-07-23 07:02:37.551 349 INFO rally.task.runner [-] Task 3ae60930-bbc7-456a-84d4-810125ba3930 | ITER: 2 END: OK
2019-07-23 07:02:37.556 349 INFO rally.task.runner [-] Task 3ae60930-bbc7-456a-84d4-810125ba3930 | ITER: 8 START
2019-07-23 07:02:38.157 348 INFO rally.task.runner [-] Task 3ae60930-bbc7-456a-84d4-810125ba3930 | ITER: 6 END: OK
2019-07-23 07:02:38.161 348 INFO rally.task.runner [-] Task 3ae60930-bbc7-456a-84d4-810125ba3930 | ITER: 9 START
2019-07-23 07:02:38.254 351 INFO rally.task.runner [-] Task 3ae60930-bbc7-456a-84d4-810125ba3930 | ITER: 5 END: OK
2019-07-23 07:02:38.258 351 INFO rally.task.runner [-] Task 3ae60930-bbc7-456a-84d4-810125ba3930 | ITER: 10 START
2019-07-23 07:02:38.267 350 INFO rally.task.runner [-] Task 3ae60930-bbc7-456a-84d4-810125ba3930 | ITER: 7 END: OK
2019-07-23 07:02:39.306 349 INFO rally.task.runner [-] Task 3ae60930-bbc7-456a-84d4-810125ba3930 | ITER: 8 END: OK
2019-07-23 07:02:39.496 351 INFO rally.task.runner [-] Task 3ae60930-bbc7-456a-84d4-810125ba3930 | ITER: 10 END: OK
2019-07-23 07:02:39.611 348 INFO rally.task.runner [-] Task 3ae60930-bbc7-456a-84d4-810125ba3930 | ITER: 9 END: OK
2019-07-23 07:02:39.637 16 INFO rally.task.context [-] Task 3ae60930-bbc7-456a-84d4-810125ba3930 | Context users@openstack cleanup() started
2019-07-23 07:02:48.619 16 INFO rally.task.context [-] Task 3ae60930-bbc7-456a-84d4-810125ba3930 | Context users@openstack cleanup() finished in 8.98 sec
2019-07-23 07:02:49.045 16 INFO rally.task.engine [-] Load duration is: 3.837358
2019-07-23 07:02:49.046 16 INFO rally.task.engine [-] Full runner duration is: 3.88051
2019-07-23 07:02:49.046 16 INFO rally.task.engine [-] Full duration is: 17.667246
2019-07-23 07:02:49.290 16 INFO rally.task.engine [-] Running workload: position = 0 config = { "version": 2, "title": "A cropped version of a bigger task.", "description": "Auto-generated task from a single workload (uuid=4052088c-6594-4a25-af5d-f98cb06ffb9c)", "subtasks": [ { "title": "Authenticate.validate_heat", "description": "Check Heat Client to ensure validation of token.", "scenario": { "Authenticate.validate_heat": { "repetitions": 2 } }, "contexts": { "users": { "tenants": 3, "users_per_tenant": 2 } }, "runner": { "constant": { "concurrency": 4, "times": 10 } }, "hooks": [], "sla": { "failure_rate": { "max": 0 } } } ] }
2019-07-23 07:02:49.313 16 RALLYDEBUG rally_openstack.contexts.keystone.users [-] Creating 3 tenants using 20 threads
2019-07-23 07:02:51.212 16 RALLYDEBUG rally_openstack.contexts.keystone.users [-] Creating 6 users using 20 threads
2019-07-23 07:02:54.049 16 INFO rally.task.context [-] Task 3ae60930-bbc7-456a-84d4-810125ba3930 | Context users@openstack setup() finished in 4.74 sec
2019-07-23 07:02:54.054 16 RALLYDEBUG rally.task.runner [-] Starting the constant runner (task UUID: 3ae60930-bbc7-456a-84d4-810125ba3930). timeout: 0 concurrency: 4 concurrency_per_worker: 1 times: 10 concurrency_overhead: 0 processes_to_start: 4 max_cpu_used: 16
2019-07-23 07:02:54.065 452 RALLYDEBUG rally.task.runner [-] Starting a worker. concurrency: 1 args: {"repetitions": 2} times: 10 method_name: run timeout: 0 duration: None cls:
2019-07-23 07:02:54.068 453 RALLYDEBUG rally.task.runner [-] Starting a worker. concurrency: 1 args: {"repetitions": 2} times: 10 method_name: run timeout: 0 duration: None cls:
2019-07-23 07:02:54.070 454 RALLYDEBUG rally.task.runner [-] Starting a worker. concurrency: 1 args: {"repetitions": 2} times: 10 method_name: run timeout: 0 duration: None cls:
2019-07-23 07:02:54.070 455 RALLYDEBUG rally.task.runner [-] Starting a worker. concurrency: 1 args: {"repetitions": 2} times: 10 method_name: run timeout: 0 duration: None cls:
2019-07-23 07:02:54.072 452 INFO rally.task.runner [-] Task 3ae60930-bbc7-456a-84d4-810125ba3930 | ITER: 1 START
2019-07-23 07:02:54.074 453 INFO rally.task.runner [-] Task 3ae60930-bbc7-456a-84d4-810125ba3930 | ITER: 2 START
2019-07-23 07:02:54.075 455 INFO rally.task.runner [-] Task 3ae60930-bbc7-456a-84d4-810125ba3930 | ITER: 4 START
2019-07-23 07:02:54.075 454 INFO rally.task.runner [-] Task 3ae60930-bbc7-456a-84d4-810125ba3930 | ITER: 3 START
2019-07-23 07:02:55.920 454 INFO rally.task.runner [-] Task 3ae60930-bbc7-456a-84d4-810125ba3930 | ITER: 3 END: OK
2019-07-23 07:02:55.924 454 INFO rally.task.runner [-] Task 3ae60930-bbc7-456a-84d4-810125ba3930 | ITER: 5 START
2019-07-23 07:02:55.954 453 INFO rally.task.runner [-] Task 3ae60930-bbc7-456a-84d4-810125ba3930 | ITER: 2 END: OK
2019-07-23 07:02:55.957 453 INFO rally.task.runner [-] Task 3ae60930-bbc7-456a-84d4-810125ba3930 | ITER: 6 START
2019-07-23 07:02:56.059 452 INFO rally.task.runner [-] Task 3ae60930-bbc7-456a-84d4-810125ba3930 | ITER: 1 END: OK
2019-07-23 07:02:56.063 452 INFO rally.task.runner [-] Task 3ae60930-bbc7-456a-84d4-810125ba3930 | ITER: 7 START
2019-07-23 07:02:56.140 455 INFO rally.task.runner [-] Task 3ae60930-bbc7-456a-84d4-810125ba3930 | ITER: 4 END: OK
2019-07-23 07:02:56.145 455 INFO rally.task.runner [-] Task 3ae60930-bbc7-456a-84d4-810125ba3930 | ITER: 8 START
2019-07-23 07:02:57.431 454 INFO rally.task.runner [-] Task 3ae60930-bbc7-456a-84d4-810125ba3930 | ITER: 5 END: OK
2019-07-23 07:02:57.435 454 INFO rally.task.runner [-] Task 3ae60930-bbc7-456a-84d4-810125ba3930 | ITER: 9 START
2019-07-23 07:02:57.514 453 INFO rally.task.runner [-] Task 3ae60930-bbc7-456a-84d4-810125ba3930 | ITER: 6 END: OK
2019-07-23 07:02:57.517 453 INFO rally.task.runner [-] Task 3ae60930-bbc7-456a-84d4-810125ba3930 | ITER: 10 START
2019-07-23 07:02:57.987 452 INFO rally.task.runner [-] Task 3ae60930-bbc7-456a-84d4-810125ba3930 | ITER: 7 END: OK
2019-07-23 07:02:58.083 455 INFO rally.task.runner [-] Task 3ae60930-bbc7-456a-84d4-810125ba3930 | ITER: 8 END: OK
2019-07-23 07:02:59.007 453 INFO rally.task.runner [-] Task 3ae60930-bbc7-456a-84d4-810125ba3930 | ITER: 10 END: OK
2019-07-23 07:02:59.421 454 INFO rally.task.runner [-] Task 3ae60930-bbc7-456a-84d4-810125ba3930 | ITER: 9 END: OK
2019-07-23 07:02:59.450 16 INFO rally.task.context [-] Task 3ae60930-bbc7-456a-84d4-810125ba3930 | Context users@openstack cleanup() started
2019-07-23 07:03:07.602 16 INFO rally.task.context [-] Task 3ae60930-bbc7-456a-84d4-810125ba3930 | Context users@openstack cleanup() finished in 8.15 sec
2019-07-23 07:03:09.406 16 INFO rally.task.engine [-] Load duration is: 5.34775
2019-07-23 07:03:09.406 16 INFO rally.task.engine [-] Full runner duration is: 5.396182
2019-07-23 07:03:09.406 16 INFO rally.task.engine [-] Full duration is: 18.290949
2019-07-23 07:03:09.662 16 INFO rally.task.engine [-] Running workload: position = 0 config = { "version": 2, "title": "A cropped version of a bigger task.", "description": "Auto-generated task from a single workload (uuid=90b754e8-eec8-4cf9-b6b7-c0ad9d4fa8f2)", "subtasks": [ { "title": "Authenticate.validate_neutron", "description": "Check Neutron Client to ensure validation of token.", "scenario": { "Authenticate.validate_neutron": { "repetitions": 2 } }, "contexts": { "users": { "tenants": 3, "users_per_tenant": 2 } }, "runner": { "constant": { "concurrency": 4, "times": 10 } }, "hooks": [], "sla": { "failure_rate": { "max": 0 } } } ] }
2019-07-23 07:03:09.684 16 RALLYDEBUG rally_openstack.contexts.keystone.users [-] Creating 3 tenants using 20 threads
2019-07-23 07:03:11.655 16 RALLYDEBUG rally_openstack.contexts.keystone.users [-] Creating 6 users using 20 threads
2019-07-23 07:03:14.543 16 INFO rally.task.context [-] Task 3ae60930-bbc7-456a-84d4-810125ba3930 | Context users@openstack setup() finished in 4.86 sec
2019-07-23 07:03:14.551 16 RALLYDEBUG rally.task.runner [-] Starting the constant runner (task UUID: 3ae60930-bbc7-456a-84d4-810125ba3930). timeout: 0 concurrency: 4 concurrency_per_worker: 1 times: 10 concurrency_overhead: 0 processes_to_start: 4 max_cpu_used: 16
2019-07-23 07:03:14.563 556 RALLYDEBUG rally.task.runner [-] Starting a worker. concurrency: 1 args: {"repetitions": 2} times: 10 method_name: run timeout: 0 duration: None cls:
2019-07-23 07:03:14.564 557 RALLYDEBUG rally.task.runner [-] Starting a worker. concurrency: 1 args: {"repetitions": 2} times: 10 method_name: run timeout: 0 duration: None cls:
2019-07-23 07:03:14.568 557 INFO rally.task.runner [-] Task 3ae60930-bbc7-456a-84d4-810125ba3930 | ITER: 2 START
2019-07-23 07:03:14.568 558 RALLYDEBUG rally.task.runner [-] Starting a worker. concurrency: 1 args: {"repetitions": 2} times: 10 method_name: run timeout: 0 duration: None cls:
2019-07-23 07:03:14.569 556 INFO rally.task.runner [-] Task 3ae60930-bbc7-456a-84d4-810125ba3930 | ITER: 1 START
2019-07-23 07:03:14.572 559 RALLYDEBUG rally.task.runner [-] Starting a worker. concurrency: 1 args: {"repetitions": 2} times: 10 method_name: run timeout: 0 duration: None cls:
2019-07-23 07:03:14.574 558 INFO rally.task.runner [-] Task 3ae60930-bbc7-456a-84d4-810125ba3930 | ITER: 3 START
2019-07-23 07:03:14.578 559 INFO rally.task.runner [-] Task 3ae60930-bbc7-456a-84d4-810125ba3930 | ITER: 4 START
2019-07-23 07:03:15.465 557 INFO rally.task.runner [-] Task 3ae60930-bbc7-456a-84d4-810125ba3930 | ITER: 2 END: OK
2019-07-23 07:03:15.470 557 INFO rally.task.runner [-] Task 3ae60930-bbc7-456a-84d4-810125ba3930 | ITER: 5 START
2019-07-23 07:03:15.772 556 INFO rally.task.runner [-] Task 3ae60930-bbc7-456a-84d4-810125ba3930 | ITER: 1 END: OK
2019-07-23 07:03:15.777 556 INFO rally.task.runner [-] Task 3ae60930-bbc7-456a-84d4-810125ba3930 | ITER: 6 START
2019-07-23 07:03:15.789 559 INFO rally.task.runner [-] Task 3ae60930-bbc7-456a-84d4-810125ba3930 | ITER: 4 END: OK
2019-07-23 07:03:15.793 559 INFO rally.task.runner [-] Task 3ae60930-bbc7-456a-84d4-810125ba3930 | ITER: 7 START
2019-07-23 07:03:16.477 558 INFO rally.task.runner [-] Task 3ae60930-bbc7-456a-84d4-810125ba3930 | ITER: 3 END: OK
2019-07-23 07:03:16.482 558 INFO rally.task.runner [-] Task 3ae60930-bbc7-456a-84d4-810125ba3930 | ITER: 8 START
2019-07-23 07:03:16.831 557 INFO rally.task.runner [-] Task 3ae60930-bbc7-456a-84d4-810125ba3930 | ITER: 5 END: OK
2019-07-23 07:03:16.835 557 INFO rally.task.runner [-] Task 3ae60930-bbc7-456a-84d4-810125ba3930 | ITER: 9 START
2019-07-23 07:03:16.951 559 INFO rally.task.runner [-] Task 3ae60930-bbc7-456a-84d4-810125ba3930 | ITER: 7 END: OK
2019-07-23 07:03:16.954 559 INFO rally.task.runner [-] Task 3ae60930-bbc7-456a-84d4-810125ba3930 | ITER: 10 START
2019-07-23 07:03:17.094 556 INFO rally.task.runner [-] Task 3ae60930-bbc7-456a-84d4-810125ba3930 | ITER: 6 END: OK
2019-07-23 07:03:18.025 557 INFO rally.task.runner [-] Task 3ae60930-bbc7-456a-84d4-810125ba3930 | ITER: 9 END: OK
2019-07-23 07:03:18.043 558 INFO rally.task.runner [-] Task 3ae60930-bbc7-456a-84d4-810125ba3930 | ITER: 8 END: OK
2019-07-23 07:03:18.286 559 INFO rally.task.runner [-] Task 3ae60930-bbc7-456a-84d4-810125ba3930 | ITER: 10 END: OK
2019-07-23 07:03:18.307 16 INFO rally.task.context [-] Task 3ae60930-bbc7-456a-84d4-810125ba3930 | Context users@openstack cleanup() started
2019-07-23 07:03:26.708 16 INFO rally.task.context [-] Task 3ae60930-bbc7-456a-84d4-810125ba3930 | Context users@openstack cleanup() finished in 8.40 sec
2019-07-23 07:03:27.780 16 INFO rally.task.engine [-] Load duration is: 3.71598
2019-07-23 07:03:27.780 16 INFO rally.task.engine [-] Full runner duration is: 3.756362
2019-07-23 07:03:27.780 16 INFO rally.task.engine [-] Full duration is: 17.026759
2019-07-23 07:03:28.014 16 INFO rally.task.engine [-] Running workload: position = 0 config = { "version": 2, "title": "A cropped version of a bigger task.", "description": "Auto-generated task from a single workload (uuid=24e6081c-3efb-44ef-a034-61860fe47de0)", "subtasks": [ { "title": "Authenticate.validate_nova", "description": "Check Nova Client to ensure validation of token.", "scenario": { "Authenticate.validate_nova": { "repetitions": 2 } }, "contexts": { "users": { "tenants": 3, "users_per_tenant": 2 } }, "runner": { "constant": { "concurrency": 4, "times": 10 } }, "hooks": [], "sla": { "failure_rate": { "max": 0 } } } ] }
2019-07-23 07:03:28.035 16 RALLYDEBUG rally_openstack.contexts.keystone.users [-] Creating 3 tenants using 20 threads
2019-07-23 07:03:29.894 16 RALLYDEBUG rally_openstack.contexts.keystone.users [-] Creating 6 users using 20 threads
2019-07-23 07:03:32.702 16 INFO rally.task.context [-] Task 3ae60930-bbc7-456a-84d4-810125ba3930 | Context users@openstack setup() finished in 4.67 sec
2019-07-23 07:03:32.710 16 RALLYDEBUG rally.task.runner [-] Starting the constant runner (task UUID: 3ae60930-bbc7-456a-84d4-810125ba3930). timeout: 0 concurrency: 4 concurrency_per_worker: 1 times: 10 concurrency_overhead: 0 processes_to_start: 4 max_cpu_used: 16
2019-07-23 07:03:32.723 660 RALLYDEBUG rally.task.runner [-] Starting a worker. concurrency: 1 args: {"repetitions": 2} times: 10 method_name: run timeout: 0 duration: None cls:
2019-07-23 07:03:32.726 661 RALLYDEBUG rally.task.runner [-] Starting a worker. concurrency: 1 args: {"repetitions": 2} times: 10 method_name: run timeout: 0 duration: None cls:
2019-07-23 07:03:32.729 660 INFO rally.task.runner [-] Task 3ae60930-bbc7-456a-84d4-810125ba3930 | ITER: 1 START
2019-07-23 07:03:32.729 662 RALLYDEBUG rally.task.runner [-] Starting a worker. concurrency: 1 args: {"repetitions": 2} times: 10 method_name: run timeout: 0 duration: None cls:
2019-07-23 07:03:32.732 661 INFO rally.task.runner [-] Task 3ae60930-bbc7-456a-84d4-810125ba3930 | ITER: 2 START
2019-07-23 07:03:32.732 663 RALLYDEBUG rally.task.runner [-] Starting a worker. concurrency: 1 args: {"repetitions": 2} times: 10 method_name: run timeout: 0 duration: None cls:
2019-07-23 07:03:32.735 662 INFO rally.task.runner [-] Task 3ae60930-bbc7-456a-84d4-810125ba3930 | ITER: 3 START
2019-07-23 07:03:32.741 663 INFO rally.task.runner [-] Task 3ae60930-bbc7-456a-84d4-810125ba3930 | ITER: 4 START
2019-07-23 07:03:33.218 661 DEBUG novaclient.v2.client [-] REQ: curl -g -i -X GET http://172.30.9.28:8774/v2.1/flavors/detail -H "Accept: application/json" -H "User-Agent: python-novaclient" -H "X-Auth-Token: {SHA1}4ff3a8db8bf8d2cf16f600c3fd3a0a15eb28565b" _http_log_request /usr/lib/python2.7/site-packages/keystoneauth1/session.py:448
2019-07-23 07:03:33.218 662 DEBUG novaclient.v2.client [-] REQ: curl -g -i -X GET http://172.30.9.28:8774/v2.1/flavors/detail -H "Accept: application/json" -H "User-Agent: python-novaclient" -H "X-Auth-Token: {SHA1}7c9b619f828cd26be0b2cc255ea1413e61b416a8" _http_log_request /usr/lib/python2.7/site-packages/keystoneauth1/session.py:448
2019-07-23 07:03:33.225 660 DEBUG novaclient.v2.client [-] REQ: curl -g -i -X GET http://172.30.9.28:8774/v2.1/flavors/detail -H "Accept: application/json" -H "User-Agent: python-novaclient" -H "X-Auth-Token: {SHA1}9aeb5cdb81efb7f595ae376da6079307f12bdf35" _http_log_request /usr/lib/python2.7/site-packages/keystoneauth1/session.py:448
2019-07-23 07:03:33.239 663 DEBUG novaclient.v2.client [-] REQ: curl -g -i -X GET http://172.30.9.28:8774/v2.1/flavors/detail -H "Accept: application/json" -H "User-Agent: python-novaclient" -H "X-Auth-Token: {SHA1}0d9fc04e0f7eaadeca3acfa442f47fccedeb43dd" _http_log_request /usr/lib/python2.7/site-packages/keystoneauth1/session.py:448
2019-07-23 07:03:33.519 660 DEBUG novaclient.v2.client [-] RESP: [200] Content-Encoding: gzip Content-Length: 364 Content-Type: application/json Date: Tue, 23 Jul 2019 07:03:33 GMT OpenStack-API-Version: compute 2.1 Server: Apache Vary: OpenStack-API-Version,X-OpenStack-Nova-API-Version,Accept-Encoding X-OpenStack-Nova-API-Version: 2.1 x-compute-request-id: req-3881e1da-3565-457d-9e25-869608e52f6a x-openstack-request-id: req-3881e1da-3565-457d-9e25-869608e52f6a _http_log_response /usr/lib/python2.7/site-packages/keystoneauth1/session.py:479
2019-07-23 07:03:33.520 660 DEBUG novaclient.v2.client [-] RESP BODY: {"flavors": [{"name": "rally_full-flavor_afb2fe8f-3356-45b4-a588-31677e6cd4b6", "links": [{"href": "http://172.30.9.28:8774/v2.1/flavors/3089c6f9-4b25-4412-a774-00c2299cca74", "rel": "self"}, {"href": "http://172.30.9.28:8774/flavors/3089c6f9-4b25-4412-a774-00c2299cca74", "rel": "bookmark"}], "ram": 512, "OS-FLV-DISABLED:disabled": false, "vcpus": 1, "swap": "", "os-flavor-access:is_public": true, "rxtx_factor": 1.0, "OS-FLV-EXT-DATA:ephemeral": 0, "disk": 1, "id": "3089c6f9-4b25-4412-a774-00c2299cca74"}, {"name": "rally_full-flavor_alt_afb2fe8f-3356-45b4-a588-31677e6cd4b6", "links": [{"href": "http://172.30.9.28:8774/v2.1/flavors/7d34d5f0-5072-47c0-b169-577498cf481c", "rel": "self"}, {"href": "http://172.30.9.28:8774/flavors/7d34d5f0-5072-47c0-b169-577498cf481c", "rel": "bookmark"}], "ram": 1024, "OS-FLV-DISABLED:disabled": false, "vcpus": 1, "swap": "", "os-flavor-access:is_public": true, "rxtx_factor": 1.0, "OS-FLV-EXT-DATA:ephemeral": 0, "disk": 1, "id": "7d34d5f0-5072-47c0-b169-577498cf481c"}]} _http_log_response /usr/lib/python2.7/site-packages/keystoneauth1/session.py:511
2019-07-23 07:03:33.521 660 DEBUG novaclient.v2.client [-] GET call to compute for http://172.30.9.28:8774/v2.1/flavors/detail used request id req-3881e1da-3565-457d-9e25-869608e52f6a request /usr/lib/python2.7/site-packages/keystoneauth1/session.py:844
2019-07-23 07:03:33.523 660 DEBUG novaclient.v2.client [-] REQ: curl -g -i -X GET http://172.30.9.28:8774/v2.1/flavors/detail -H "Accept: application/json" -H "User-Agent: python-novaclient" -H "X-Auth-Token: {SHA1}9aeb5cdb81efb7f595ae376da6079307f12bdf35" _http_log_request /usr/lib/python2.7/site-packages/keystoneauth1/session.py:448
2019-07-23 07:03:33.557 660 DEBUG novaclient.v2.client [-] RESP: [200] Content-Encoding: gzip Content-Length: 364 Content-Type: application/json Date: Tue, 23 Jul 2019 07:03:33 GMT OpenStack-API-Version: compute 2.1 Server: Apache Vary: OpenStack-API-Version,X-OpenStack-Nova-API-Version,Accept-Encoding X-OpenStack-Nova-API-Version: 2.1 x-compute-request-id: req-5bb0b03e-6f7d-4b53-b83e-b35eb77752cc x-openstack-request-id: req-5bb0b03e-6f7d-4b53-b83e-b35eb77752cc _http_log_response /usr/lib/python2.7/site-packages/keystoneauth1/session.py:479
2019-07-23 07:03:33.557 660 DEBUG novaclient.v2.client [-] RESP BODY: {"flavors": [{"name": "rally_full-flavor_afb2fe8f-3356-45b4-a588-31677e6cd4b6", "links": [{"href": "http://172.30.9.28:8774/v2.1/flavors/3089c6f9-4b25-4412-a774-00c2299cca74", "rel": "self"}, {"href": "http://172.30.9.28:8774/flavors/3089c6f9-4b25-4412-a774-00c2299cca74", "rel": "bookmark"}], "ram": 512, "OS-FLV-DISABLED:disabled": false, "vcpus": 1, "swap": "", "os-flavor-access:is_public": true, "rxtx_factor": 1.0, "OS-FLV-EXT-DATA:ephemeral": 0, "disk": 1, "id": "3089c6f9-4b25-4412-a774-00c2299cca74"}, {"name": "rally_full-flavor_alt_afb2fe8f-3356-45b4-a588-31677e6cd4b6", "links": [{"href": "http://172.30.9.28:8774/v2.1/flavors/7d34d5f0-5072-47c0-b169-577498cf481c", "rel": "self"}, {"href": "http://172.30.9.28:8774/flavors/7d34d5f0-5072-47c0-b169-577498cf481c", "rel": "bookmark"}], "ram": 1024, "OS-FLV-DISABLED:disabled": false, "vcpus": 1, "swap": "", "os-flavor-access:is_public": true, "rxtx_factor": 1.0, "OS-FLV-EXT-DATA:ephemeral": 0, "disk": 1, "id": "7d34d5f0-5072-47c0-b169-577498cf481c"}]} _http_log_response /usr/lib/python2.7/site-packages/keystoneauth1/session.py:511
2019-07-23 07:03:33.558 660 DEBUG novaclient.v2.client [-] GET call to compute for http://172.30.9.28:8774/v2.1/flavors/detail used request id req-5bb0b03e-6f7d-4b53-b83e-b35eb77752cc request /usr/lib/python2.7/site-packages/keystoneauth1/session.py:844
2019-07-23 07:03:33.559 660 INFO rally.task.runner [-] Task 3ae60930-bbc7-456a-84d4-810125ba3930 | ITER: 1 END: OK
2019-07-23 07:03:33.563 660 INFO rally.task.runner [-] Task 3ae60930-bbc7-456a-84d4-810125ba3930 | ITER: 5 START
2019-07-23 07:03:33.601 661 DEBUG novaclient.v2.client [-] RESP: [200] Content-Encoding: gzip Content-Length: 364 Content-Type: application/json Date: Tue, 23 Jul 2019 07:03:33 GMT OpenStack-API-Version: compute 2.1 Server: Apache Vary: OpenStack-API-Version,X-OpenStack-Nova-API-Version,Accept-Encoding X-OpenStack-Nova-API-Version: 2.1 x-compute-request-id: req-97fc761f-2200-487e-ad51-8173ca5ca70c x-openstack-request-id: req-97fc761f-2200-487e-ad51-8173ca5ca70c _http_log_response /usr/lib/python2.7/site-packages/keystoneauth1/session.py:479
2019-07-23 07:03:33.602 661 DEBUG novaclient.v2.client [-] RESP BODY: {"flavors": [{"name": "rally_full-flavor_afb2fe8f-3356-45b4-a588-31677e6cd4b6", "links": [{"href": "http://172.30.9.28:8774/v2.1/flavors/3089c6f9-4b25-4412-a774-00c2299cca74", "rel": "self"}, {"href": "http://172.30.9.28:8774/flavors/3089c6f9-4b25-4412-a774-00c2299cca74", "rel": "bookmark"}], "ram": 512, "OS-FLV-DISABLED:disabled": false, "vcpus": 1, "swap": "", "os-flavor-access:is_public": true, "rxtx_factor": 1.0, "OS-FLV-EXT-DATA:ephemeral": 0, "disk": 1, "id": "3089c6f9-4b25-4412-a774-00c2299cca74"}, {"name": "rally_full-flavor_alt_afb2fe8f-3356-45b4-a588-31677e6cd4b6", "links": [{"href": "http://172.30.9.28:8774/v2.1/flavors/7d34d5f0-5072-47c0-b169-577498cf481c", "rel": "self"}, {"href": "http://172.30.9.28:8774/flavors/7d34d5f0-5072-47c0-b169-577498cf481c", "rel": "bookmark"}], "ram": 1024, "OS-FLV-DISABLED:disabled": false, "vcpus": 1, "swap": "", "os-flavor-access:is_public": true, "rxtx_factor": 1.0, "OS-FLV-EXT-DATA:ephemeral": 0, "disk": 1, "id": "7d34d5f0-5072-47c0-b169-577498cf481c"}]} _http_log_response /usr/lib/python2.7/site-packages/keystoneauth1/session.py:511
2019-07-23 07:03:33.602 661 DEBUG novaclient.v2.client [-] GET call to compute for http://172.30.9.28:8774/v2.1/flavors/detail used request id req-97fc761f-2200-487e-ad51-8173ca5ca70c request /usr/lib/python2.7/site-packages/keystoneauth1/session.py:844
2019-07-23 07:03:33.603 661 DEBUG novaclient.v2.client [-] REQ: curl -g -i -X GET http://172.30.9.28:8774/v2.1/flavors/detail -H "Accept: application/json" -H "User-Agent: python-novaclient" -H "X-Auth-Token: {SHA1}4ff3a8db8bf8d2cf16f600c3fd3a0a15eb28565b" _http_log_request /usr/lib/python2.7/site-packages/keystoneauth1/session.py:448
2019-07-23 07:03:33.627 661 DEBUG novaclient.v2.client [-] RESP: [200] Content-Encoding: gzip Content-Length: 364 Content-Type: application/json Date: Tue, 23 Jul 2019 07:03:33 GMT OpenStack-API-Version: compute 2.1 Server: Apache Vary: OpenStack-API-Version,X-OpenStack-Nova-API-Version,Accept-Encoding X-OpenStack-Nova-API-Version: 2.1 x-compute-request-id: req-5f3dd966-c72c-43c7-bfd5-596eaa1f1bfc x-openstack-request-id: req-5f3dd966-c72c-43c7-bfd5-596eaa1f1bfc _http_log_response /usr/lib/python2.7/site-packages/keystoneauth1/session.py:479
2019-07-23 07:03:33.628 661 DEBUG novaclient.v2.client [-] RESP BODY: {"flavors": [{"name": "rally_full-flavor_afb2fe8f-3356-45b4-a588-31677e6cd4b6", "links": [{"href": "http://172.30.9.28:8774/v2.1/flavors/3089c6f9-4b25-4412-a774-00c2299cca74", "rel": "self"}, {"href": "http://172.30.9.28:8774/flavors/3089c6f9-4b25-4412-a774-00c2299cca74", "rel": "bookmark"}], "ram": 512, "OS-FLV-DISABLED:disabled": false, "vcpus": 1, "swap": "", "os-flavor-access:is_public": true, "rxtx_factor": 1.0, "OS-FLV-EXT-DATA:ephemeral": 0, "disk": 1, "id": "3089c6f9-4b25-4412-a774-00c2299cca74"}, {"name": "rally_full-flavor_alt_afb2fe8f-3356-45b4-a588-31677e6cd4b6", "links": [{"href": "http://172.30.9.28:8774/v2.1/flavors/7d34d5f0-5072-47c0-b169-577498cf481c", "rel": "self"}, {"href": "http://172.30.9.28:8774/flavors/7d34d5f0-5072-47c0-b169-577498cf481c", "rel": "bookmark"}], "ram": 1024, "OS-FLV-DISABLED:disabled": false, "vcpus": 1, "swap": "", "os-flavor-access:is_public": true, "rxtx_factor": 1.0, "OS-FLV-EXT-DATA:ephemeral": 0, "disk": 1, "id": "7d34d5f0-5072-47c0-b169-577498cf481c"}]} _http_log_response /usr/lib/python2.7/site-packages/keystoneauth1/session.py:511
2019-07-23 07:03:33.628 661 DEBUG novaclient.v2.client [-] GET call to compute for http://172.30.9.28:8774/v2.1/flavors/detail used request id req-5f3dd966-c72c-43c7-bfd5-596eaa1f1bfc request /usr/lib/python2.7/site-packages/keystoneauth1/session.py:844
2019-07-23 07:03:33.630 661 INFO rally.task.runner [-] Task 3ae60930-bbc7-456a-84d4-810125ba3930 | ITER: 2 END: OK
2019-07-23 07:03:33.634 661 INFO rally.task.runner [-] Task 3ae60930-bbc7-456a-84d4-810125ba3930 | ITER: 6 START
2019-07-23 07:03:33.954 662 DEBUG novaclient.v2.client [-] RESP: [200] Content-Encoding: gzip Content-Length: 364 Content-Type: application/json Date: Tue, 23 Jul 2019 07:03:33 GMT OpenStack-API-Version: compute 2.1 Server: Apache Vary: OpenStack-API-Version,X-OpenStack-Nova-API-Version,Accept-Encoding X-OpenStack-Nova-API-Version: 2.1 x-compute-request-id: req-3bac3ca4-4e40-4764-9faf-f91ef99a02ab x-openstack-request-id: req-3bac3ca4-4e40-4764-9faf-f91ef99a02ab _http_log_response /usr/lib/python2.7/site-packages/keystoneauth1/session.py:479
2019-07-23 07:03:33.955 662 DEBUG novaclient.v2.client [-] RESP BODY: {"flavors": [{"name": "rally_full-flavor_afb2fe8f-3356-45b4-a588-31677e6cd4b6", "links": [{"href": "http://172.30.9.28:8774/v2.1/flavors/3089c6f9-4b25-4412-a774-00c2299cca74", "rel": "self"}, {"href": "http://172.30.9.28:8774/flavors/3089c6f9-4b25-4412-a774-00c2299cca74", "rel": "bookmark"}], "ram": 512, "OS-FLV-DISABLED:disabled": false, "vcpus": 1, "swap": "", "os-flavor-access:is_public": true, "rxtx_factor": 1.0, "OS-FLV-EXT-DATA:ephemeral": 0, "disk": 1, "id": "3089c6f9-4b25-4412-a774-00c2299cca74"}, {"name": "rally_full-flavor_alt_afb2fe8f-3356-45b4-a588-31677e6cd4b6", "links": [{"href": "http://172.30.9.28:8774/v2.1/flavors/7d34d5f0-5072-47c0-b169-577498cf481c", "rel": "self"}, {"href": "http://172.30.9.28:8774/flavors/7d34d5f0-5072-47c0-b169-577498cf481c", "rel": "bookmark"}], "ram": 1024, "OS-FLV-DISABLED:disabled": false, "vcpus": 1, "swap": "", "os-flavor-access:is_public": true, "rxtx_factor": 1.0, "OS-FLV-EXT-DATA:ephemeral": 0, "disk": 1, "id": "7d34d5f0-5072-47c0-b169-577498cf481c"}]} _http_log_response /usr/lib/python2.7/site-packages/keystoneauth1/session.py:511
2019-07-23 07:03:33.956 662 DEBUG novaclient.v2.client [-] GET call to compute for http://172.30.9.28:8774/v2.1/flavors/detail used request id req-3bac3ca4-4e40-4764-9faf-f91ef99a02ab request /usr/lib/python2.7/site-packages/keystoneauth1/session.py:844
2019-07-23 07:03:33.957 662 DEBUG novaclient.v2.client [-] REQ: curl -g -i -X GET http://172.30.9.28:8774/v2.1/flavors/detail -H "Accept: application/json" -H "User-Agent: python-novaclient" -H "X-Auth-Token: {SHA1}7c9b619f828cd26be0b2cc255ea1413e61b416a8" _http_log_request /usr/lib/python2.7/site-packages/keystoneauth1/session.py:448
2019-07-23 07:03:33.963 663 DEBUG novaclient.v2.client [-] RESP: [200] Content-Encoding: gzip Content-Length: 364 Content-Type: application/json Date: Tue, 23 Jul 2019 07:03:33 GMT OpenStack-API-Version: compute 2.1 Server: Apache Vary: OpenStack-API-Version,X-OpenStack-Nova-API-Version,Accept-Encoding X-OpenStack-Nova-API-Version: 2.1 x-compute-request-id: req-62398507-d31f-49de-b908-a00b1a4835ac x-openstack-request-id: req-62398507-d31f-49de-b908-a00b1a4835ac _http_log_response /usr/lib/python2.7/site-packages/keystoneauth1/session.py:479
2019-07-23 07:03:33.964 663 DEBUG novaclient.v2.client [-] RESP BODY: {"flavors": [{"name": "rally_full-flavor_afb2fe8f-3356-45b4-a588-31677e6cd4b6", "links": [{"href": "http://172.30.9.28:8774/v2.1/flavors/3089c6f9-4b25-4412-a774-00c2299cca74", "rel": "self"}, {"href": "http://172.30.9.28:8774/flavors/3089c6f9-4b25-4412-a774-00c2299cca74", "rel": "bookmark"}], "ram": 512, "OS-FLV-DISABLED:disabled": false, "vcpus": 1, "swap": "", "os-flavor-access:is_public": true, "rxtx_factor": 1.0, "OS-FLV-EXT-DATA:ephemeral": 0, "disk": 1, "id": "3089c6f9-4b25-4412-a774-00c2299cca74"}, {"name": "rally_full-flavor_alt_afb2fe8f-3356-45b4-a588-31677e6cd4b6", "links": [{"href": "http://172.30.9.28:8774/v2.1/flavors/7d34d5f0-5072-47c0-b169-577498cf481c", "rel": "self"}, {"href": "http://172.30.9.28:8774/flavors/7d34d5f0-5072-47c0-b169-577498cf481c", "rel": "bookmark"}], "ram": 1024, "OS-FLV-DISABLED:disabled": false, "vcpus": 1, "swap": "", "os-flavor-access:is_public": true, "rxtx_factor": 1.0, "OS-FLV-EXT-DATA:ephemeral": 0, "disk": 1, "id": "7d34d5f0-5072-47c0-b169-577498cf481c"}]} _http_log_response /usr/lib/python2.7/site-packages/keystoneauth1/session.py:511
2019-07-23 07:03:33.964 663 DEBUG novaclient.v2.client [-] GET call to compute for http://172.30.9.28:8774/v2.1/flavors/detail used request id req-62398507-d31f-49de-b908-a00b1a4835ac request /usr/lib/python2.7/site-packages/keystoneauth1/session.py:844
2019-07-23 07:03:33.966 663 DEBUG novaclient.v2.client [-] REQ: curl -g -i -X GET http://172.30.9.28:8774/v2.1/flavors/detail -H "Accept: application/json" -H "User-Agent: python-novaclient" -H "X-Auth-Token: {SHA1}0d9fc04e0f7eaadeca3acfa442f47fccedeb43dd" _http_log_request /usr/lib/python2.7/site-packages/keystoneauth1/session.py:448
2019-07-23 07:03:33.985 662 DEBUG novaclient.v2.client [-] RESP: [200] Content-Encoding: gzip Content-Length: 364 Content-Type: application/json Date: Tue, 23 Jul 2019 07:03:33 GMT OpenStack-API-Version: compute 2.1 Server: Apache Vary: OpenStack-API-Version,X-OpenStack-Nova-API-Version,Accept-Encoding X-OpenStack-Nova-API-Version: 2.1 x-compute-request-id: req-4f614be3-ad43-4871-b9e9-85bd84525bd1 x-openstack-request-id: req-4f614be3-ad43-4871-b9e9-85bd84525bd1 _http_log_response /usr/lib/python2.7/site-packages/keystoneauth1/session.py:479
2019-07-23 07:03:33.985 662 DEBUG novaclient.v2.client [-] RESP BODY: {"flavors": [{"name": "rally_full-flavor_afb2fe8f-3356-45b4-a588-31677e6cd4b6", "links": [{"href": "http://172.30.9.28:8774/v2.1/flavors/3089c6f9-4b25-4412-a774-00c2299cca74", "rel": "self"}, {"href": "http://172.30.9.28:8774/flavors/3089c6f9-4b25-4412-a774-00c2299cca74", "rel": "bookmark"}], "ram": 512, "OS-FLV-DISABLED:disabled": false, "vcpus": 1, "swap": "", "os-flavor-access:is_public": true, "rxtx_factor": 1.0, "OS-FLV-EXT-DATA:ephemeral": 0, "disk": 1, "id": "3089c6f9-4b25-4412-a774-00c2299cca74"}, {"name": "rally_full-flavor_alt_afb2fe8f-3356-45b4-a588-31677e6cd4b6", "links": [{"href": "http://172.30.9.28:8774/v2.1/flavors/7d34d5f0-5072-47c0-b169-577498cf481c", "rel": "self"}, {"href": "http://172.30.9.28:8774/flavors/7d34d5f0-5072-47c0-b169-577498cf481c", "rel": "bookmark"}], "ram": 1024, "OS-FLV-DISABLED:disabled": false, "vcpus": 1, "swap": "", "os-flavor-access:is_public": true, "rxtx_factor": 1.0, "OS-FLV-EXT-DATA:ephemeral": 0, "disk": 1, "id": "7d34d5f0-5072-47c0-b169-577498cf481c"}]} _http_log_response /usr/lib/python2.7/site-packages/keystoneauth1/session.py:511
2019-07-23 07:03:33.986 662 DEBUG novaclient.v2.client [-] GET call to compute for http://172.30.9.28:8774/v2.1/flavors/detail used request id req-4f614be3-ad43-4871-b9e9-85bd84525bd1 request /usr/lib/python2.7/site-packages/keystoneauth1/session.py:844
