2019-07-22 21:04:51.663 22696 RALLYDEBUG rally.api [-] INFO logs from urllib3 and requests module are hide.
2019-07-22 21:04:51.663 22696 RALLYDEBUG rally.api [-] urllib3 insecure warnings are hidden.
2019-07-22 21:04:51.663 22696 RALLYDEBUG rally.api [-] ERROR log from boto module is hide.
2019-07-22 21:04:53.814 22698 RALLYDEBUG rally.api [-] INFO logs from urllib3 and requests module are hide.
2019-07-22 21:04:53.814 22698 RALLYDEBUG rally.api [-] urllib3 insecure warnings are hidden.
2019-07-22 21:04:53.814 22698 RALLYDEBUG rally.api [-] ERROR log from boto module is hide.
2019-07-22 21:04:54.910 22698 WARNING rally_openstack.platforms.existing [-] endpoint is deprecated and not used.
2019-07-22 21:04:55.747 22700 RALLYDEBUG rally.api [-] INFO logs from urllib3 and requests module are hide.
2019-07-22 21:04:55.747 22700 RALLYDEBUG rally.api [-] urllib3 insecure warnings are hidden.
2019-07-22 21:04:55.747 22700 RALLYDEBUG rally.api [-] ERROR log from boto module is hide.
2019-07-22 21:04:58.761 22703 RALLYDEBUG rally.api [-] INFO logs from urllib3 and requests module are hide.
2019-07-22 21:04:58.762 22703 RALLYDEBUG rally.api [-] urllib3 insecure warnings are hidden.
2019-07-22 21:04:58.762 22703 RALLYDEBUG rally.api [-] ERROR log from boto module is hide.
2019-07-22 21:05:00.555 22705 RALLYDEBUG rally.api [-] INFO logs from urllib3 and requests module are hide.
2019-07-22 21:05:00.555 22705 RALLYDEBUG rally.api [-] urllib3 insecure warnings are hidden.
2019-07-22 21:05:00.555 22705 RALLYDEBUG rally.api [-] ERROR log from boto module is hide.
2019-07-22 21:05:01.714 22705 INFO rally.common.plugin.discover [-] Loading plugins from directories /root/.rally/plugins/*
2019-07-22 21:05:01.715 22705 INFO rally.common.plugin.discover [-] Loaded module with plugins: /root/.rally/plugins/__init__.py
2019-07-22 21:05:01.717 22705 INFO rally.common.plugin.discover [-] Loaded module with plugins: /root/.rally/plugins/trunk_scenario.py
2019-07-22 21:05:01.865 22705 INFO rally.task.engine [-] Task 369d6172-3933-468c-ba55-4dd0716ebbfd | Starting: Task validation.
2019-07-22 21:05:01.902 22705 INFO rally.task.engine [-] Task 369d6172-3933-468c-ba55-4dd0716ebbfd | Starting: Task validation of syntax.
2019-07-22 21:05:02.106 22705 INFO rally.task.engine [-] Task 369d6172-3933-468c-ba55-4dd0716ebbfd | Completed: Task validation of syntax.
2019-07-22 21:05:02.106 22705 INFO rally.task.engine [-] Task 369d6172-3933-468c-ba55-4dd0716ebbfd | Starting: Task validation of required platforms.
2019-07-22 21:05:02.191 22705 INFO rally.task.engine [-] Task 369d6172-3933-468c-ba55-4dd0716ebbfd | Completed: Task validation of required platforms.
2019-07-22 21:05:02.191 22705 INFO rally.task.engine [-] Task 369d6172-3933-468c-ba55-4dd0716ebbfd | Starting: Task validation of semantic.
2019-07-22 21:05:02.191 22705 INFO rally.task.engine [-] Check health of the environment '47216612-3322-4d51-ab39-b05dc87426a8'.
2019-07-22 21:05:03.023 22705 INFO rally.task.engine [-] Platform existing@openstack (available: True): OK!
2019-07-22 21:05:03.042 22705 RALLYDEBUG rally_openstack.contexts.keystone.users [-] Creating 1 tenants using 20 threads
2019-07-22 21:05:04.867 22705 RALLYDEBUG rally_openstack.contexts.keystone.users [-] Creating 1 users using 20 threads
2019-07-22 21:05:07.673 22705 INFO rally.task.context [-] Task 369d6172-3933-468c-ba55-4dd0716ebbfd | Context users@openstack setup() finished in 4.63 sec
2019-07-22 21:05:14.030 22705 INFO rally.task.context [-] Task 369d6172-3933-468c-ba55-4dd0716ebbfd | Context users@openstack cleanup() started
2019-07-22 21:05:19.322 22705 INFO rally.task.context [-] Task 369d6172-3933-468c-ba55-4dd0716ebbfd | Context users@openstack cleanup() finished in 5.29 sec
2019-07-22 21:05:19.323 22705 INFO rally.task.engine [-] Task 369d6172-3933-468c-ba55-4dd0716ebbfd | Completed: Task validation of semantic.
2019-07-22 21:05:19.323 22705 INFO rally.task.engine [-] Task 369d6172-3933-468c-ba55-4dd0716ebbfd | Completed: Task validation.
2019-07-22 21:05:19.323 22705 INFO rally.api [-] Task 369d6172-3933-468c-ba55-4dd0716ebbfd input file is valid.
2019-07-22 21:05:19.324 22705 INFO rally.api [-] Run Task 369d6172-3933-468c-ba55-4dd0716ebbfd against Deployment 47216612-3322-4d51-ab39-b05dc87426a8
2019-07-22 21:05:19.324 22705 INFO rally.task.engine [-] Task 369d6172-3933-468c-ba55-4dd0716ebbfd | Starting: Running task.
2019-07-22 21:05:19.454 22705 INFO rally.task.engine [-] Running workload: position = 0 config = { "version": 2, "title": "A cropped version of a bigger task.", "description": "Auto-generated task from a single workload (uuid=54704b67-ecab-43c1-84ee-1c4d188e4ad3)", "subtasks": [ { "title": "NeutronNetworks.create_and_list_networks", "description": "Check performance of list_networks action and ensure > network quotas are not exceeded", "scenario": { "NeutronNetworks.create_and_list_networks": {} }, "contexts": { "users": { "tenants": 1, "users_per_tenant": 1 }, "quotas": { "neutron": { "network": 119 } } }, "runner": { "constant": { "times": 100, "concurrency": 20 } }, "hooks": [], "sla": { "max_avg_duration_per_atomic": { "neutron.list_networks": 15 }, "failure_rate": { "max": 0 } } } ] }
2019-07-22 21:05:19.476 22705 RALLYDEBUG rally_openstack.contexts.keystone.users [-] Creating 1 tenants using 20 threads
2019-07-22 21:05:21.389 22705 RALLYDEBUG rally_openstack.contexts.keystone.users [-] Creating 1 users using 20 threads
2019-07-22 21:05:24.104 22705 INFO rally.task.context [-] Task 369d6172-3933-468c-ba55-4dd0716ebbfd | Context users@openstack setup() finished in 4.63 sec
2019-07-22 21:05:24.864 22705 INFO rally.task.context [-] Task 369d6172-3933-468c-ba55-4dd0716ebbfd | Context quotas@openstack setup() finished in 0.76 sec
2019-07-22 21:05:24.864 22705 INFO rally.task.context [-] Task 369d6172-3933-468c-ba55-4dd0716ebbfd | Context cleanup@openstack setup() finished in 0.03 msec
2019-07-22 21:05:24.871 22705 RALLYDEBUG rally.task.runner [-] Starting the constant runner (task UUID: 369d6172-3933-468c-ba55-4dd0716ebbfd). timeout: 0 concurrency: 20 concurrency_per_worker: 1 times: 100 concurrency_overhead: 4 processes_to_start: 16 max_cpu_used: 16
2019-07-22 21:05:24.883 22829 RALLYDEBUG rally.task.runner [-] Starting a worker. concurrency: 2 args: {} times: 100 method_name: run timeout: 0 duration: None cls:
2019-07-22 21:05:24.885 22831 RALLYDEBUG rally.task.runner [-] Starting a worker. concurrency: 2 args: {} times: 100 method_name: run timeout: 0 duration: None cls:
2019-07-22 21:05:24.885 22830 RALLYDEBUG rally.task.runner [-] Starting a worker. concurrency: 2 args: {} times: 100 method_name: run timeout: 0 duration: None cls:
2019-07-22 21:05:24.891 22831 INFO rally.task.runner [-] Task 369d6172-3933-468c-ba55-4dd0716ebbfd | ITER: 2 START
2019-07-22 21:05:24.892 22831 INFO rally.task.runner [-] Task 369d6172-3933-468c-ba55-4dd0716ebbfd | ITER: 5 START
2019-07-22 21:05:24.892 22834 RALLYDEBUG rally.task.runner [-] Starting a worker. concurrency: 1 args: {} times: 100 method_name: run timeout: 0 duration: None cls:
2019-07-22 21:05:24.892 22832 RALLYDEBUG rally.task.runner [-] Starting a worker. concurrency: 2 args: {} times: 100 method_name: run timeout: 0 duration: None cls:
2019-07-22 21:05:24.893 22829 INFO rally.task.runner [-] Task 369d6172-3933-468c-ba55-4dd0716ebbfd | ITER: 1 START
2019-07-22 21:05:24.894 22837 RALLYDEBUG rally.task.runner [-] Starting a worker. concurrency: 1 args: {} times: 100 method_name: run timeout: 0 duration: None cls:
2019-07-22 21:05:24.895 22830 INFO rally.task.runner [-] Task 369d6172-3933-468c-ba55-4dd0716ebbfd | ITER: 6 START
2019-07-22 21:05:24.897 22830 INFO rally.task.runner [-] Task 369d6172-3933-468c-ba55-4dd0716ebbfd | ITER: 3 START
2019-07-22 21:05:24.897 22834 INFO rally.task.runner [-] Task 369d6172-3933-468c-ba55-4dd0716ebbfd | ITER: 7 START
2019-07-22 21:05:24.898 22845 RALLYDEBUG rally.task.runner [-] Starting a worker. concurrency: 1 args: {} times: 100 method_name: run timeout: 0 duration: None cls:
2019-07-22 21:05:24.900 22837 INFO rally.task.runner [-] Task 369d6172-3933-468c-ba55-4dd0716ebbfd | ITER: 9 START
2019-07-22 21:05:24.900 22851 RALLYDEBUG rally.task.runner [-] Starting a worker. concurrency: 1 args: {} times: 100 method_name: run timeout: 0 duration: None cls:
2019-07-22 21:05:24.900 22841 RALLYDEBUG rally.task.runner [-] Starting a worker. concurrency: 1 args: {} times: 100 method_name: run timeout: 0 duration: None cls:
2019-07-22 21:05:24.903 22832 INFO rally.task.runner [-] Task 369d6172-3933-468c-ba55-4dd0716ebbfd | ITER: 8 START
2019-07-22 21:05:24.904 22829 INFO rally.task.runner [-] Task 369d6172-3933-468c-ba55-4dd0716ebbfd | ITER: 4 START
2019-07-22 21:05:24.905 22851 INFO rally.task.runner [-] Task 369d6172-3933-468c-ba55-4dd0716ebbfd | ITER: 12 START
2019-07-22 21:05:24.905 22853 RALLYDEBUG rally.task.runner [-] Starting a worker. concurrency: 1 args: {} times: 100 method_name: run timeout: 0 duration: None cls:
2019-07-22 21:05:24.908 22855 RALLYDEBUG rally.task.runner [-] Starting a worker. concurrency: 1 args: {} times: 100 method_name: run timeout: 0 duration: None cls:
2019-07-22 21:05:24.910 22832 INFO rally.task.runner [-] Task 369d6172-3933-468c-ba55-4dd0716ebbfd | ITER: 10 START
2019-07-22 21:05:24.910 22841 INFO rally.task.runner [-] Task 369d6172-3933-468c-ba55-4dd0716ebbfd | ITER: 13 START
2019-07-22 21:05:24.910 22859 RALLYDEBUG rally.task.runner [-] Starting a worker. concurrency: 1 args: {} times: 100 method_name: run timeout: 0 duration: None cls:
2019-07-22 21:05:24.910 22845 INFO rally.task.runner [-] Task 369d6172-3933-468c-ba55-4dd0716ebbfd | ITER: 11 START
2019-07-22 21:05:24.914 22859 INFO rally.task.runner [-] Task 369d6172-3933-468c-ba55-4dd0716ebbfd | ITER: 16 START
2019-07-22 21:05:24.914 22855 INFO rally.task.runner [-] Task 369d6172-3933-468c-ba55-4dd0716ebbfd | ITER: 15 START
2019-07-22 21:05:24.917 22853 INFO rally.task.runner [-] Task 369d6172-3933-468c-ba55-4dd0716ebbfd | ITER: 14 START
2019-07-22 21:05:24.920 22869 RALLYDEBUG rally.task.runner [-] Starting a worker. concurrency: 1 args: {} times: 100 method_name: run timeout: 0 duration: None cls:
2019-07-22 21:05:24.925 22869 INFO rally.task.runner [-] Task 369d6172-3933-468c-ba55-4dd0716ebbfd | ITER: 17 START
2019-07-22 21:05:24.930 22870 RALLYDEBUG rally.task.runner [-] Starting a worker. concurrency: 1 args: {} times: 100 method_name: run timeout: 0 duration: None cls:
2019-07-22 21:05:24.936 22870 INFO rally.task.runner [-] Task 369d6172-3933-468c-ba55-4dd0716ebbfd | ITER: 18 START
2019-07-22 21:05:24.941 22876 RALLYDEBUG rally.task.runner [-] Starting a worker. concurrency: 1 args: {} times: 100 method_name: run timeout: 0 duration: None cls:
2019-07-22 21:05:24.943 22873 RALLYDEBUG rally.task.runner [-] Starting a worker. concurrency: 1 args: {} times: 100 method_name: run timeout: 0 duration: None cls:
2019-07-22 21:05:24.945 22876 INFO rally.task.runner [-] Task 369d6172-3933-468c-ba55-4dd0716ebbfd | ITER: 19 START
2019-07-22 21:05:24.947 22873 INFO rally.task.runner [-] Task 369d6172-3933-468c-ba55-4dd0716ebbfd | ITER: 20 START
2019-07-22 21:05:27.273 22851 INFO rally.task.runner [-] Task 369d6172-3933-468c-ba55-4dd0716ebbfd | ITER: 12 END: OK
2019-07-22 21:05:27.276 22851 INFO rally.task.runner [-] Task 369d6172-3933-468c-ba55-4dd0716ebbfd | ITER: 21 START
2019-07-22 21:05:27.327 22830 INFO rally.task.runner [-] Task 369d6172-3933-468c-ba55-4dd0716ebbfd | ITER: 3 END: OK
2019-07-22 21:05:27.329 22830 INFO rally.task.runner [-] Task 369d6172-3933-468c-ba55-4dd0716ebbfd | ITER: 22 START
2019-07-22 21:05:27.405 22876 INFO rally.task.runner [-] Task 369d6172-3933-468c-ba55-4dd0716ebbfd | ITER: 19 END: OK
2019-07-22 21:05:27.408 22876 INFO rally.task.runner [-] Task 369d6172-3933-468c-ba55-4dd0716ebbfd | ITER: 23 START
2019-07-22 21:05:27.414 22855 INFO rally.task.runner [-] Task 369d6172-3933-468c-ba55-4dd0716ebbfd | ITER: 15 END: OK
2019-07-22 21:05:27.417 22855 INFO rally.task.runner [-] Task 369d6172-3933-468c-ba55-4dd0716ebbfd | ITER: 24 START
2019-07-22 21:05:27.424 22832 INFO rally.task.runner [-] Task 369d6172-3933-468c-ba55-4dd0716ebbfd | ITER: 10 END: OK
2019-07-22 21:05:27.428 22832 INFO rally.task.runner [-] Task 369d6172-3933-468c-ba55-4dd0716ebbfd | ITER: 25 START
2019-07-22 21:05:27.435 22829 INFO rally.task.runner [-] Task 369d6172-3933-468c-ba55-4dd0716ebbfd | ITER: 1 END: OK
2019-07-22 21:05:27.438 22829 INFO rally.task.runner [-] Task 369d6172-3933-468c-ba55-4dd0716ebbfd | ITER: 26 START
2019-07-22 21:05:27.439 22832 INFO rally.task.runner [-] Task 369d6172-3933-468c-ba55-4dd0716ebbfd | ITER: 8 END: OK
2019-07-22 21:05:27.442 22832 INFO rally.task.runner [-] Task 369d6172-3933-468c-ba55-4dd0716ebbfd | ITER: 27 START
2019-07-22 21:05:27.453 22831 INFO rally.task.runner [-] Task 369d6172-3933-468c-ba55-4dd0716ebbfd | ITER: 5 END: OK
2019-07-22 21:05:27.456 22831 INFO rally.task.runner [-] Task 369d6172-3933-468c-ba55-4dd0716ebbfd | ITER: 28 START
2019-07-22 21:05:27.500 22873 INFO rally.task.runner [-] Task 369d6172-3933-468c-ba55-4dd0716ebbfd | ITER: 20 END: OK
2019-07-22 21:05:27.503 22873 INFO rally.task.runner [-] Task 369d6172-3933-468c-ba55-4dd0716ebbfd | ITER: 29 START
2019-07-22 21:05:27.506 22870 INFO rally.task.runner [-] Task 369d6172-3933-468c-ba55-4dd0716ebbfd | ITER: 18 END: OK
2019-07-22 21:05:27.508 22870 INFO rally.task.runner [-] Task 369d6172-3933-468c-ba55-4dd0716ebbfd | ITER: 30 START
2019-07-22 21:05:27.512 22830 INFO rally.task.runner [-] Task 369d6172-3933-468c-ba55-4dd0716ebbfd | ITER: 6 END: OK
2019-07-22 21:05:27.515 22830 INFO rally.task.runner [-] Task 369d6172-3933-468c-ba55-4dd0716ebbfd | ITER: 31 START
2019-07-22 21:05:27.536 22841 INFO rally.task.runner [-] Task 369d6172-3933-468c-ba55-4dd0716ebbfd | ITER: 13 END: OK
2019-07-22 21:05:27.539 22841 INFO rally.task.runner [-] Task 369d6172-3933-468c-ba55-4dd0716ebbfd | ITER: 32 START
2019-07-22 21:05:27.712 22859 INFO rally.task.runner [-] Task 369d6172-3933-468c-ba55-4dd0716ebbfd | ITER: 16 END: OK
2019-07-22 21:05:27.714 22859 INFO rally.task.runner [-] Task 369d6172-3933-468c-ba55-4dd0716ebbfd | ITER: 33 START
2019-07-22 21:05:27.730 22831 INFO rally.task.runner [-] Task 369d6172-3933-468c-ba55-4dd0716ebbfd | ITER: 2 END: OK
2019-07-22 21:05:27.732 22831 INFO rally.task.runner [-] Task 369d6172-3933-468c-ba55-4dd0716ebbfd | ITER: 34 START
2019-07-22 21:05:27.831 22853 INFO rally.task.runner [-] Task 369d6172-3933-468c-ba55-4dd0716ebbfd | ITER: 14 END: OK
2019-07-22 21:05:27.834 22853 INFO rally.task.runner [-] Task 369d6172-3933-468c-ba55-4dd0716ebbfd | ITER: 35 START
2019-07-22 21:05:27.838 22837 INFO rally.task.runner [-] Task 369d6172-3933-468c-ba55-4dd0716ebbfd | ITER: 9 END: OK
2019-07-22 21:05:27.840 22829 INFO rally.task.runner [-] Task 369d6172-3933-468c-ba55-4dd0716ebbfd | ITER: 4 END: OK
2019-07-22 21:05:27.840 22837 INFO rally.task.runner [-] Task 369d6172-3933-468c-ba55-4dd0716ebbfd | ITER: 36 START
2019-07-22 21:05:27.842 22829 INFO rally.task.runner [-] Task 369d6172-3933-468c-ba55-4dd0716ebbfd | ITER: 37 START
2019-07-22 21:05:27.899 22834 INFO rally.task.runner [-] Task 369d6172-3933-468c-ba55-4dd0716ebbfd | ITER: 7 END: OK
2019-07-22 21:05:27.902 22834 INFO rally.task.runner [-] Task 369d6172-3933-468c-ba55-4dd0716ebbfd | ITER: 38 START
2019-07-22 21:05:28.167 22845 INFO rally.task.runner [-] Task 369d6172-3933-468c-ba55-4dd0716ebbfd | ITER: 11 END: OK
2019-07-22 21:05:28.167 22869 INFO rally.task.runner [-] Task 369d6172-3933-468c-ba55-4dd0716ebbfd | ITER: 17 END: OK
2019-07-22 21:05:28.169 22869 INFO rally.task.runner [-] Task 369d6172-3933-468c-ba55-4dd0716ebbfd | ITER: 40 START
2019-07-22 21:05:28.171 22845 INFO rally.task.runner [-] Task 369d6172-3933-468c-ba55-4dd0716ebbfd | ITER: 39 START
2019-07-22 21:05:29.202 22851 INFO rally.task.runner [-] Task 369d6172-3933-468c-ba55-4dd0716ebbfd | ITER: 21 END: OK
2019-07-22 21:05:29.204 22851 INFO rally.task.runner [-] Task 369d6172-3933-468c-ba55-4dd0716ebbfd | ITER: 41 START
2019-07-22 21:05:29.319 22841 INFO rally.task.runner [-] Task 369d6172-3933-468c-ba55-4dd0716ebbfd | ITER: 32 END: OK
2019-07-22 21:05:29.322 22841 INFO rally.task.runner [-] Task 369d6172-3933-468c-ba55-4dd0716ebbfd | ITER: 42 START
2019-07-22 21:05:29.370 22876 INFO rally.task.runner [-] Task 369d6172-3933-468c-ba55-4dd0716ebbfd | ITER: 23 END: OK
2019-07-22 21:05:29.373 22876 INFO rally.task.runner [-] Task 369d6172-3933-468c-ba55-4dd0716ebbfd | ITER: 43 START
2019-07-22 21:05:29.423 22855 INFO rally.task.runner [-] Task 369d6172-3933-468c-ba55-4dd0716ebbfd | ITER: 24 END: OK
2019-07-22 21:05:29.423 22832 INFO rally.task.runner [-] Task 369d6172-3933-468c-ba55-4dd0716ebbfd | ITER: 25 END: OK
2019-07-22 21:05:29.426 22832 INFO rally.task.runner [-] Task 369d6172-3933-468c-ba55-4dd0716ebbfd | ITER: 45 START
2019-07-22 21:05:29.426 22855 INFO rally.task.runner [-] Task 369d6172-3933-468c-ba55-4dd0716ebbfd | ITER: 44 START
2019-07-22 21:05:29.543 22829 INFO rally.task.runner [-] Task 369d6172-3933-468c-ba55-4dd0716ebbfd | ITER: 26 END: OK
2019-07-22 21:05:29.546 22829 INFO rally.task.runner [-] Task 369d6172-3933-468c-ba55-4dd0716ebbfd | ITER: 46 START
2019-07-22 21:05:29.573 22873 INFO rally.task.runner [-] Task 369d6172-3933-468c-ba55-4dd0716ebbfd | ITER: 29 END: OK
2019-07-22 21:05:29.575 22873 INFO rally.task.runner [-] Task 369d6172-3933-468c-ba55-4dd0716ebbfd | ITER: 47 START
2019-07-22 21:05:29.656 22830 INFO rally.task.runner [-] Task 369d6172-3933-468c-ba55-4dd0716ebbfd | ITER: 22 END: OK
2019-07-22 21:05:29.660 22830 INFO rally.task.runner [-] Task 369d6172-3933-468c-ba55-4dd0716ebbfd | ITER: 48 START
2019-07-22 21:05:29.681 22837 INFO rally.task.runner [-] Task 369d6172-3933-468c-ba55-4dd0716ebbfd | ITER: 36 END: OK
2019-07-22 21:05:29.684 22837 INFO rally.task.runner [-] Task 369d6172-3933-468c-ba55-4dd0716ebbfd | ITER: 49 START
2019-07-22 21:05:29.689 22831 INFO rally.task.runner [-] Task 369d6172-3933-468c-ba55-4dd0716ebbfd | ITER: 28 END: OK
2019-07-22 21:05:29.692 22831 INFO rally.task.runner [-] Task 369d6172-3933-468c-ba55-4dd0716ebbfd | ITER: 50 START
2019-07-22 21:05:29.829 22859 INFO rally.task.runner [-] Task 369d6172-3933-468c-ba55-4dd0716ebbfd | ITER: 33 END: OK
2019-07-22 21:05:29.832 22859 INFO rally.task.runner [-] Task 369d6172-3933-468c-ba55-4dd0716ebbfd | ITER: 51 START
2019-07-22 21:05:29.876 22830 INFO rally.task.runner [-] Task 369d6172-3933-468c-ba55-4dd0716ebbfd | ITER: 31 END: OK
2019-07-22 21:05:29.879 22830 INFO rally.task.runner [-] Task 369d6172-3933-468c-ba55-4dd0716ebbfd | ITER: 52 START
2019-07-22 21:05:29.996 22832 INFO rally.task.runner [-] Task 369d6172-3933-468c-ba55-4dd0716ebbfd | ITER: 27 END: OK
2019-07-22 21:05:30.000 22832 INFO rally.task.runner [-] Task 369d6172-3933-468c-ba55-4dd0716ebbfd | ITER: 53 START
2019-07-22 21:05:30.052 22834 INFO rally.task.runner [-] Task 369d6172-3933-468c-ba55-4dd0716ebbfd | ITER: 38 END: OK
2019-07-22 21:05:30.055 22834 INFO rally.task.runner [-] Task 369d6172-3933-468c-ba55-4dd0716ebbfd | ITER: 54 START
2019-07-22 21:05:30.119 22845 INFO rally.task.runner [-] Task 369d6172-3933-468c-ba55-4dd0716ebbfd | ITER: 39 END: OK
2019-07-22 21:05:30.122 22845 INFO rally.task.runner [-] Task 369d6172-3933-468c-ba55-4dd0716ebbfd | ITER: 55 START
2019-07-22 21:05:30.148 22870 INFO rally.task.runner [-] Task 369d6172-3933-468c-ba55-4dd0716ebbfd | ITER: 30 END: OK
2019-07-22 21:05:30.150 22870 INFO rally.task.runner [-] Task 369d6172-3933-468c-ba55-4dd0716ebbfd | ITER: 56 START
2019-07-22 21:05:30.171 22853 INFO rally.task.runner [-] Task 369d6172-3933-468c-ba55-4dd0716ebbfd | ITER: 35 END: OK
2019-07-22 21:05:30.173 22853 INFO rally.task.runner [-] Task 369d6172-3933-468c-ba55-4dd0716ebbfd | ITER: 57 START
2019-07-22 21:05:30.254 22869 INFO rally.task.runner [-] Task 369d6172-3933-468c-ba55-4dd0716ebbfd | ITER: 40 END: OK
2019-07-22 21:05:30.257 22869 INFO rally.task.runner [-] Task 369d6172-3933-468c-ba55-4dd0716ebbfd | ITER: 58 START
2019-07-22 21:05:30.321 22831 INFO rally.task.runner [-] Task 369d6172-3933-468c-ba55-4dd0716ebbfd | ITER: 34 END: OK
2019-07-22 21:05:30.325 22831 INFO rally.task.runner [-] Task 369d6172-3933-468c-ba55-4dd0716ebbfd | ITER: 59 START
2019-07-22 21:05:30.627 22855 INFO rally.task.runner [-] Task 369d6172-3933-468c-ba55-4dd0716ebbfd | ITER: 44 END: OK
2019-07-22 21:05:30.629 22855 INFO rally.task.runner [-] Task 369d6172-3933-468c-ba55-4dd0716ebbfd | ITER: 60 START
2019-07-22 21:05:30.728 22851 INFO rally.task.runner [-] Task 369d6172-3933-468c-ba55-4dd0716ebbfd | ITER: 41 END: OK
2019-07-22 21:05:30.731 22851 INFO rally.task.runner [-] Task 369d6172-3933-468c-ba55-4dd0716ebbfd | ITER: 61 START
2019-07-22 21:05:30.981 22829 INFO rally.task.runner [-] Task 369d6172-3933-468c-ba55-4dd0716ebbfd | ITER: 37 END: OK
2019-07-22 21:05:30.984 22829 INFO rally.task.runner [-] Task 369d6172-3933-468c-ba55-4dd0716ebbfd | ITER: 62 START
2019-07-22 21:05:31.083 22837 INFO rally.task.runner [-] Task 369d6172-3933-468c-ba55-4dd0716ebbfd | ITER: 49 END: OK
2019-07-22 21:05:31.087 22837 INFO rally.task.runner [-] Task 369d6172-3933-468c-ba55-4dd0716ebbfd | ITER: 63 START
2019-07-22 21:05:31.449 22841 INFO rally.task.runner [-] Task 369d6172-3933-468c-ba55-4dd0716ebbfd | ITER: 42 END: OK
2019-07-22 21:05:31.452 22841 INFO rally.task.runner [-] Task 369d6172-3933-468c-ba55-4dd0716ebbfd | ITER: 64 START
2019-07-22 21:05:31.633 22876 INFO rally.task.runner [-] Task 369d6172-3933-468c-ba55-4dd0716ebbfd | ITER: 43 END: OK
2019-07-22 21:05:31.636 22876 INFO rally.task.runner [-] Task 369d6172-3933-468c-ba55-4dd0716ebbfd | ITER: 65 START
2019-07-22 21:05:31.636 22832 INFO rally.task.runner [-] Task 369d6172-3933-468c-ba55-4dd0716ebbfd | ITER: 45 END: OK
2019-07-22 21:05:31.639 22832 INFO rally.task.runner [-] Task 369d6172-3933-468c-ba55-4dd0716ebbfd | ITER: 66 START
2019-07-22 21:05:31.659 22859 INFO rally.task.runner [-] Task 369d6172-3933-468c-ba55-4dd0716ebbfd | ITER: 51 END: OK
2019-07-22 21:05:31.661 22859 INFO rally.task.runner [-] Task 369d6172-3933-468c-ba55-4dd0716ebbfd | ITER: 67 START
2019-07-22 21:05:32.015 22831 INFO rally.task.runner [-] Task 369d6172-3933-468c-ba55-4dd0716ebbfd | ITER: 50 END: OK
2019-07-22 21:05:32.018 22831 INFO rally.task.runner [-] Task 369d6172-3933-468c-ba55-4dd0716ebbfd | ITER: 68 START
2019-07-22 21:05:32.150 22829 INFO rally.task.runner [-] Task 369d6172-3933-468c-ba55-4dd0716ebbfd | ITER: 46 END: OK
2019-07-22 21:05:32.152 22829 INFO rally.task.runner [-] Task 369d6172-3933-468c-ba55-4dd0716ebbfd | ITER: 69 START
2019-07-22 21:05:32.204 22873 INFO rally.task.runner [-] Task 369d6172-3933-468c-ba55-4dd0716ebbfd | ITER: 47 END: OK
2019-07-22 21:05:32.207 22873 INFO rally.task.runner [-] Task 369d6172-3933-468c-ba55-4dd0716ebbfd | ITER: 70 START
2019-07-22 21:05:32.265 22869 INFO rally.task.runner [-] Task 369d6172-3933-468c-ba55-4dd0716ebbfd | ITER: 58 END: OK
2019-07-22 21:05:32.266 22830 INFO rally.task.runner [-] Task 369d6172-3933-468c-ba55-4dd0716ebbfd | ITER: 48 END: OK
2019-07-22 21:05:32.268 22869 INFO rally.task.runner [-] Task 369d6172-3933-468c-ba55-4dd0716ebbfd | ITER: 71 START
2019-07-22 21:05:32.269 22830 INFO rally.task.runner [-] Task 369d6172-3933-468c-ba55-4dd0716ebbfd | ITER: 72 START
2019-07-22 21:05:32.346 22870 INFO rally.task.runner [-] Task 369d6172-3933-468c-ba55-4dd0716ebbfd | ITER: 56 END: OK
2019-07-22 21:05:32.349 22870 INFO rally.task.runner [-] Task 369d6172-3933-468c-ba55-4dd0716ebbfd | ITER: 73 START
2019-07-22 21:05:32.375 22831 INFO rally.task.runner [-] Task 369d6172-3933-468c-ba55-4dd0716ebbfd | ITER: 59 END: OK
2019-07-22 21:05:32.378 22831 INFO rally.task.runner [-] Task 369d6172-3933-468c-ba55-4dd0716ebbfd | ITER: 74 START
2019-07-22 21:05:32.461 22853 INFO rally.task.runner [-] Task 369d6172-3933-468c-ba55-4dd0716ebbfd | ITER: 57 END: OK
2019-07-22 21:05:32.464 22853 INFO rally.task.runner [-] Task 369d6172-3933-468c-ba55-4dd0716ebbfd | ITER: 75 START
2019-07-22 21:05:32.968 22830 INFO rally.task.runner [-] Task 369d6172-3933-468c-ba55-4dd0716ebbfd | ITER: 52 END: OK
2019-07-22 21:05:32.971 22830 INFO rally.task.runner [-] Task 369d6172-3933-468c-ba55-4dd0716ebbfd | ITER: 76 START
2019-07-22 21:05:33.084 22837 INFO rally.task.runner [-] Task 369d6172-3933-468c-ba55-4dd0716ebbfd | ITER: 63 END: OK
2019-07-22 21:05:33.086 22837 INFO rally.task.runner [-] Task 369d6172-3933-468c-ba55-4dd0716ebbfd | ITER: 77 START
2019-07-22 21:05:33.172 22845 INFO rally.task.runner [-] Task 369d6172-3933-468c-ba55-4dd0716ebbfd | ITER: 55 END: OK
2019-07-22 21:05:33.175 22845 INFO rally.task.runner [-] Task 369d6172-3933-468c-ba55-4dd0716ebbfd | ITER: 78 START
2019-07-22 21:05:33.264 22855 INFO rally.task.runner [-] Task 369d6172-3933-468c-ba55-4dd0716ebbfd | ITER: 60 END: OK
2019-07-22 21:05:33.267 22855 INFO rally.task.runner [-] Task 369d6172-3933-468c-ba55-4dd0716ebbfd | ITER: 79 START
2019-07-22 21:05:33.278 22834 INFO rally.task.runner [-] Task 369d6172-3933-468c-ba55-4dd0716ebbfd | ITER: 54 END: OK
2019-07-22 21:05:33.281 22834 INFO rally.task.runner [-] Task 369d6172-3933-468c-ba55-4dd0716ebbfd | ITER: 80 START
2019-07-22 21:05:33.336 22859 INFO rally.task.runner [-] Task 369d6172-3933-468c-ba55-4dd0716ebbfd | ITER: 67 END: OK
2019-07-22 21:05:33.339 22859 INFO rally.task.runner [-] Task 369d6172-3933-468c-ba55-4dd0716ebbfd | ITER: 81 START
2019-07-22 21:05:33.409 22832 INFO rally.task.runner [-] Task 369d6172-3933-468c-ba55-4dd0716ebbfd | ITER: 53 END: OK
2019-07-22 21:05:33.410 22841 INFO rally.task.runner [-] Task 369d6172-3933-468c-ba55-4dd0716ebbfd | ITER: 64 END: OK
2019-07-22 21:05:33.412 22832 INFO rally.task.runner [-] Task 369d6172-3933-468c-ba55-4dd0716ebbfd | ITER: 82 START
2019-07-22 21:05:33.413 22841 INFO rally.task.runner [-] Task 369d6172-3933-468c-ba55-4dd0716ebbfd | ITER: 83 START
2019-07-22 21:05:33.525 22832 INFO rally.task.runner [-] Task 369d6172-3933-468c-ba55-4dd0716ebbfd | ITER: 66 END: OK
2019-07-22 21:05:33.528 22832 INFO rally.task.runner [-] Task 369d6172-3933-468c-ba55-4dd0716ebbfd | ITER: 84 START
2019-07-22 21:05:33.623 22831 INFO rally.task.runner [-] Task 369d6172-3933-468c-ba55-4dd0716ebbfd | ITER: 68 END: OK
2019-07-22 21:05:33.625 22831 INFO rally.task.runner [-] Task 369d6172-3933-468c-ba55-4dd0716ebbfd | ITER: 85 START
2019-07-22 21:05:33.689 22851 INFO rally.task.runner [-] Task 369d6172-3933-468c-ba55-4dd0716ebbfd | ITER: 61 END: OK
2019-07-22 21:05:33.691 22851 INFO rally.task.runner [-] Task 369d6172-3933-468c-ba55-4dd0716ebbfd | ITER: 86 START
2019-07-22 21:05:33.712 22876 INFO rally.task.runner [-] Task 369d6172-3933-468c-ba55-4dd0716ebbfd | ITER: 65 END: OK
2019-07-22 21:05:33.714 22876 INFO rally.task.runner [-] Task 369d6172-3933-468c-ba55-4dd0716ebbfd | ITER: 87 START
2019-07-22 21:05:33.833 22829 INFO rally.task.runner [-] Task 369d6172-3933-468c-ba55-4dd0716ebbfd | ITER: 69 END: OK
2019-07-22 21:05:33.836 22829 INFO rally.task.runner [-] Task 369d6172-3933-468c-ba55-4dd0716ebbfd | ITER: 88 START
2019-07-22 21:05:34.129 22870 INFO rally.task.runner [-] Task 369d6172-3933-468c-ba55-4dd0716ebbfd | ITER: 73 END: OK
2019-07-22 21:05:34.133 22870 INFO rally.task.runner [-] Task 369d6172-3933-468c-ba55-4dd0716ebbfd | ITER: 89 START
2019-07-22 21:05:34.201 22873 INFO rally.task.runner [-] Task 369d6172-3933-468c-ba55-4dd0716ebbfd | ITER: 70 END: OK
2019-07-22 21:05:34.204 22873 INFO rally.task.runner [-] Task 369d6172-3933-468c-ba55-4dd0716ebbfd | ITER: 90 START
2019-07-22 21:05:34.243 22830 INFO rally.task.runner [-] Task 369d6172-3933-468c-ba55-4dd0716ebbfd | ITER: 72 END: OK
2019-07-22 21:05:34.246 22830 INFO rally.task.runner [-] Task 369d6172-3933-468c-ba55-4dd0716ebbfd | ITER: 91 START
2019-07-22 21:05:34.287 22829 INFO rally.task.runner [-] Task 369d6172-3933-468c-ba55-4dd0716ebbfd | ITER: 62 END: OK
2019-07-22 21:05:34.290 22829 INFO rally.task.runner [-] Task 369d6172-3933-468c-ba55-4dd0716ebbfd | ITER: 92 START
2019-07-22 21:05:34.318 22869 INFO rally.task.runner [-] Task 369d6172-3933-468c-ba55-4dd0716ebbfd | ITER: 71 END: OK
2019-07-22 21:05:34.321 22869 INFO rally.task.runner [-] Task 369d6172-3933-468c-ba55-4dd0716ebbfd | ITER: 93 START
2019-07-22 21:05:34.528 22831 INFO rally.task.runner [-] Task 369d6172-3933-468c-ba55-4dd0716ebbfd | ITER: 74 END: OK
2019-07-22 21:05:34.531 22831 INFO rally.task.runner [-] Task 369d6172-3933-468c-ba55-4dd0716ebbfd | ITER: 94 START
2019-07-22 21:05:34.564 22830 INFO rally.task.runner [-] Task 369d6172-3933-468c-ba55-4dd0716ebbfd | ITER: 76 END: OK
2019-07-22 21:05:34.568 22830 INFO rally.task.runner [-] Task 369d6172-3933-468c-ba55-4dd0716ebbfd | ITER: 95 START
2019-07-22 21:05:34.618 22853 INFO rally.task.runner [-] Task 369d6172-3933-468c-ba55-4dd0716ebbfd | ITER: 75 END: OK
2019-07-22 21:05:34.622 22853 INFO rally.task.runner [-] Task 369d6172-3933-468c-ba55-4dd0716ebbfd | ITER: 96 START
2019-07-22 21:05:34.627 22837 INFO rally.task.runner [-] Task 369d6172-3933-468c-ba55-4dd0716ebbfd | ITER: 77 END: OK
2019-07-22 21:05:34.630 22837 INFO rally.task.runner [-] Task 369d6172-3933-468c-ba55-4dd0716ebbfd | ITER: 97 START
2019-07-22 21:05:35.470 22831 INFO rally.task.runner [-] Task 369d6172-3933-468c-ba55-4dd0716ebbfd | ITER: 85 END: OK
2019-07-22 21:05:35.473 22831 INFO rally.task.runner [-] Task 369d6172-3933-468c-ba55-4dd0716ebbfd | ITER: 98 START
2019-07-22 21:05:35.601 22845 INFO rally.task.runner [-] Task 369d6172-3933-468c-ba55-4dd0716ebbfd | ITER: 78 END: OK
2019-07-22 21:05:35.604 22845 INFO rally.task.runner [-] Task 369d6172-3933-468c-ba55-4dd0716ebbfd | ITER: 99 START
2019-07-22 21:05:35.654 22876 INFO rally.task.runner [-] Task 369d6172-3933-468c-ba55-4dd0716ebbfd | ITER: 87 END: OK
2019-07-22 21:05:35.657 22876 INFO rally.task.runner [-] Task 369d6172-3933-468c-ba55-4dd0716ebbfd | ITER: 100 START
2019-07-22 21:05:35.806 22841 INFO rally.task.runner [-] Task 369d6172-3933-468c-ba55-4dd0716ebbfd | ITER: 83 END: OK
2019-07-22 21:05:35.854 22832 INFO rally.task.runner [-] Task 369d6172-3933-468c-ba55-4dd0716ebbfd | ITER: 82 END: OK
2019-07-22 21:05:35.867 22829 INFO rally.task.runner [-] Task 369d6172-3933-468c-ba55-4dd0716ebbfd | ITER: 88 END: OK
2019-07-22 21:05:35.894 22834 INFO rally.task.runner [-] Task 369d6172-3933-468c-ba55-4dd0716ebbfd | ITER: 80 END: OK
2019-07-22 21:05:35.932 22851 INFO rally.task.runner [-] Task 369d6172-3933-468c-ba55-4dd0716ebbfd | ITER: 86 END: OK
2019-07-22 21:05:36.003 22832 INFO rally.task.runner [-] Task 369d6172-3933-468c-ba55-4dd0716ebbfd | ITER: 84 END: OK
2019-07-22 21:05:36.040 22855 INFO rally.task.runner [-] Task 369d6172-3933-468c-ba55-4dd0716ebbfd | ITER: 79 END: OK
2019-07-22 21:05:36.044 22830 INFO rally.task.runner [-] Task 369d6172-3933-468c-ba55-4dd0716ebbfd | ITER: 91 END: OK
2019-07-22 21:05:36.152 22870 INFO rally.task.runner [-] Task 369d6172-3933-468c-ba55-4dd0716ebbfd | ITER: 89 END: OK
2019-07-22 21:05:36.304 22873 INFO rally.task.runner [-] Task 369d6172-3933-468c-ba55-4dd0716ebbfd | ITER: 90 END: OK
2019-07-22 21:05:36.484 22829 INFO rally.task.runner [-] Task 369d6172-3933-468c-ba55-4dd0716ebbfd | ITER: 92 END: OK
2019-07-22 21:05:36.497 22831 INFO rally.task.runner [-] Task 369d6172-3933-468c-ba55-4dd0716ebbfd | ITER: 94 END: OK
2019-07-22 21:05:36.588 22869 INFO rally.task.runner [-] Task 369d6172-3933-468c-ba55-4dd0716ebbfd | ITER: 93 END: OK
2019-07-22 21:05:36.721 22859 INFO rally.task.runner [-] Task 369d6172-3933-468c-ba55-4dd0716ebbfd | ITER: 81 END: OK
2019-07-22 21:05:36.758 22831 INFO rally.task.runner [-] Task 369d6172-3933-468c-ba55-4dd0716ebbfd | ITER: 98 END: OK
2019-07-22 21:05:36.809 22830 INFO rally.task.runner [-] Task 369d6172-3933-468c-ba55-4dd0716ebbfd | ITER: 95 END: OK
2019-07-22 21:05:36.820 22853 INFO rally.task.runner [-] Task 369d6172-3933-468c-ba55-4dd0716ebbfd | ITER: 96 END: OK
2019-07-22 21:05:37.049 22837 INFO rally.task.runner [-] Task 369d6172-3933-468c-ba55-4dd0716ebbfd | ITER: 97 END: OK
2019-07-22 21:05:37.336 22876 INFO rally.task.runner [-] Task 369d6172-3933-468c-ba55-4dd0716ebbfd | ITER: 100 END: OK
2019-07-22 21:05:37.468 22845 INFO rally.task.runner [-] Task 369d6172-3933-468c-ba55-4dd0716ebbfd | ITER: 99 END: OK
2019-07-22 21:05:37.493 22705 INFO rally.task.context [-] Task 369d6172-3933-468c-ba55-4dd0716ebbfd | Context cleanup@openstack cleanup() started
2019-07-22 21:05:37.496 22705 RALLYDEBUG rally_openstack.cleanup.manager [-] Cleaning up neutron vip objects
2019-07-22 21:05:38.165 22705 RALLYDEBUG rally_openstack.cleanup.manager [-] Cleaning up neutron health_monitor objects
2019-07-22 21:05:39.013 22705 RALLYDEBUG rally_openstack.cleanup.manager [-] Cleaning up neutron pool objects
2019-07-22 21:05:39.665 22705 RALLYDEBUG rally_openstack.cleanup.manager [-] Cleaning up neutron loadbalancer objects
2019-07-22 21:05:40.405 22705 RALLYDEBUG rally_openstack.cleanup.manager [-] Cleaning up neutron floatingip objects
2019-07-22 21:05:41.096 22705 RALLYDEBUG rally_openstack.cleanup.manager [-] Cleaning up neutron port objects
2019-07-22 21:05:41.894 22705 RALLYDEBUG rally_openstack.cleanup.manager [-] Cleaning up neutron subnet objects
2019-07-22 21:05:42.657 22705 RALLYDEBUG rally_openstack.cleanup.manager [-] Cleaning up neutron network objects
2019-07-22 21:05:43.687 22705 RALLYDEBUG rally_openstack.cleanup.manager [-] Deleting neutron.network object s_rally_54704b67_aAgolmB9 (0357277f-48a8-493e-bd25-956341c908fe)
2019-07-22 21:05:43.688 22705 RALLYDEBUG rally_openstack.cleanup.manager [-] Deleting neutron.network object s_rally_54704b67_c4qoW8qM (061ac8a9-f051-406f-b404-f9f621a82d73)
2019-07-22 21:05:43.690 22705 RALLYDEBUG rally_openstack.cleanup.manager [-] Deleting neutron.network object s_rally_54704b67_VwzezbnG (0b751e43-6661-41ca-8b03-f768530851e6)
2019-07-22 21:05:43.690 22705 RALLYDEBUG rally_openstack.cleanup.manager [-] Deleting neutron.network object s_rally_54704b67_9SeJEKJq (03a9b535-dd3a-4c3e-aba2-029acb4871e8)
2019-07-22 21:05:43.692 22705 RALLYDEBUG rally_openstack.cleanup.manager [-] Deleting neutron.network object s_rally_54704b67_bKJrEULI (08fcc40d-f314-4dac-a37e-404538cd9ea9)
2019-07-22 21:05:43.695 22705 RALLYDEBUG rally_openstack.cleanup.manager [-] Deleting neutron.network object s_rally_54704b67_f1Cx5k6d (00663fab-7d30-4a07-ba2b-261e309c6d26)
2019-07-22 21:05:43.699 22705 RALLYDEBUG rally_openstack.cleanup.manager [-] Deleting neutron.network object s_rally_54704b67_UYyNFZYF (14c441bb-ff1b-4fc2-95b1-7f1dfc17ed64)
2019-07-22 21:05:43.700 22705 RALLYDEBUG rally_openstack.cleanup.manager [-] Deleting neutron.network object s_rally_54704b67_5AB3hhsI (165f0a9c-9a93-4b21-bee2-fb2b78e3abd8)
2019-07-22 21:05:43.704 22705 RALLYDEBUG rally_openstack.cleanup.manager [-] Deleting neutron.network object s_rally_54704b67_BUcWT6Xn (06fd653a-37d9-4cb1-9c95-a65c30a5e873)
2019-07-22 21:05:43.711 22705 RALLYDEBUG rally_openstack.cleanup.manager [-] Deleting neutron.network object s_rally_54704b67_ky1alYSX (10315d67-b26f-4af2-93e8-d8790be3d8f2)
2019-07-22 21:05:43.714 22705 RALLYDEBUG rally_openstack.cleanup.manager [-] Deleting neutron.network object s_rally_54704b67_xJ7pmCf3 (166f39d9-af4f-4fb6-886f-e7b01eca798c)
2019-07-22 21:05:43.714 22705 RALLYDEBUG rally_openstack.cleanup.manager [-] Deleting neutron.network object s_rally_54704b67_eMh4Ab3g (194a1843-a17d-49d8-a0f9-2521fd3065ae)
2019-07-22 21:05:43.716 22705 RALLYDEBUG rally_openstack.cleanup.manager [-] Deleting neutron.network object s_rally_54704b67_HCKTI9g4 (03c82a38-c8e8-406e-aced-453e03354c72)
2019-07-22 21:05:43.729 22705 RALLYDEBUG rally_openstack.cleanup.manager [-] Deleting neutron.network object s_rally_54704b67_33yuFNgN (10de0e96-76e6-464e-bb74-5c92eb2562bc)
2019-07-22 21:05:43.731 22705 RALLYDEBUG rally_openstack.cleanup.manager [-] Deleting neutron.network object s_rally_54704b67_I1mfpFwo (1af2991c-afbb-4b8a-8b32-3770323342a5)
2019-07-22 21:05:43.750 22705 RALLYDEBUG rally_openstack.cleanup.manager [-] Deleting neutron.network object s_rally_54704b67_GwT5UqBT (1da1b193-35d8-42c2-83fd-b9d65bd126f4)
2019-07-22 21:05:43.759 22705 RALLYDEBUG rally_openstack.cleanup.manager [-] Deleting neutron.network object s_rally_54704b67_bpzXH9tw (1c4d9a16-0246-4e1e-87b7-e8eb5aada4f6)
2019-07-22 21:05:43.773 22705 RALLYDEBUG rally_openstack.cleanup.manager [-] Deleting neutron.network object s_rally_54704b67_LCqMiG4g (223f5cf4-bc5b-4425-99c6-f86efb6a7488)
2019-07-22 21:05:43.796 22705 RALLYDEBUG rally_openstack.cleanup.manager [-] Deleting neutron.network object s_rally_54704b67_6Xr10fLW (2668173d-7f0d-4cda-994e-826326bc229c)
2019-07-22 21:05:43.840 22705 RALLYDEBUG rally_openstack.cleanup.manager [-] Deleting neutron.network object s_rally_54704b67_WQ9dpTxS (2e4a27a5-f819-4554-9b6a-934689d9a2eb)
2019-07-22 21:05:46.343 22705 RALLYDEBUG rally_openstack.cleanup.manager [-] Deleting neutron.network object s_rally_54704b67_GuONyU6F (33c2715c-1965-4c1d-9e8f-cbea71fa9413)
2019-07-22 21:05:46.419 22705 RALLYDEBUG rally_openstack.cleanup.manager [-] Deleting neutron.network object s_rally_54704b67_ZmIm3Ckx (33cd6b46-50a6-4f46-bbc0-bef8ab0c90ad)
2019-07-22 21:05:46.657 22705 RALLYDEBUG rally_openstack.cleanup.manager [-] Deleting neutron.network object s_rally_54704b67_Sjn6YR9h (3500ec1c-4a82-41e6-8afb-dbb3cae8c5f8)
2019-07-22 21:05:46.673 22705 RALLYDEBUG rally_openstack.cleanup.manager [-] Deleting neutron.network object s_rally_54704b67_WfcOwsqk (3532e691-a392-4348-8f80-5c4623ba79d4)
2019-07-22 21:05:46.700 22705 RALLYDEBUG rally_openstack.cleanup.manager [-] Deleting neutron.network object s_rally_54704b67_BBrlXvg3 (382ff3c3-cd32-4653-9a23-5943ded0daf5)
2019-07-22 21:05:46.725 22705 RALLYDEBUG rally_openstack.cleanup.manager [-] Deleting neutron.network object s_rally_54704b67_W9LqXDFF (384d96e7-f4de-400f-baa4-ec7837ff1301)
2019-07-22 21:05:46.789 22705 RALLYDEBUG rally_openstack.cleanup.manager [-] Deleting neutron.network object s_rally_54704b67_SnKje2Jd (39af3f14-6f26-4b60-b70c-24467496dce3)
2019-07-22 21:05:46.831 22705 RALLYDEBUG rally_openstack.cleanup.manager [-] Deleting neutron.network object s_rally_54704b67_gMcoPXB1 (3cd35b9e-2510-4a1c-bc35-b490c9fd098b)
2019-07-22 21:05:46.852 22705 RALLYDEBUG rally_openstack.cleanup.manager [-] Deleting neutron.network object s_rally_54704b67_J9kG3Bkq (3dceccc8-ae75-47bf-947b-96a89c5ff5d9)
2019-07-22 21:05:46.868 22705 RALLYDEBUG rally_openstack.cleanup.manager [-] Deleting neutron.network object s_rally_54704b67_PD5RBEHI (3f5b27b2-718b-442c-a408-8006369ae0c6)
2019-07-22 21:05:46.922 22705 RALLYDEBUG rally_openstack.cleanup.manager [-] Deleting neutron.network object s_rally_54704b67_4M7YwvjW (3ff6279b-e3d5-41a8-8182-e4a89b3d8ae5)
2019-07-22 21:05:46.960 22705 RALLYDEBUG rally_openstack.cleanup.manager [-] Deleting neutron.network object s_rally_54704b67_ZV4ZKbRp (40fbe389-0212-45ce-8692-a5137377ccfa)
2019-07-22 21:05:47.079 22705 RALLYDEBUG rally_openstack.cleanup.manager [-] Deleting neutron.network object s_rally_54704b67_z7Xf88kN (41295004-5b4a-4123-8d28-1b3f0375d758)
2019-07-22 21:05:47.213 22705 RALLYDEBUG rally_openstack.cleanup.manager [-] Deleting neutron.network object s_rally_54704b67_zAzSo1aZ (4224598d-73a0-4994-93c5-c45f3c532cf5)
2019-07-22 21:05:47.811 22705 RALLYDEBUG rally_openstack.cleanup.manager [-] Deleting neutron.network object s_rally_54704b67_hIHGGlCP (4397650f-4813-44af-9b86-36cb9178b31e)
2019-07-22 21:05:47.841 22705 RALLYDEBUG rally_openstack.cleanup.manager [-] Deleting neutron.network object s_rally_54704b67_vyx3QohR (43ddcd13-58fc-4abf-a452-e6e5d901a51f)
2019-07-22 21:05:48.685 22705 RALLYDEBUG rally_openstack.cleanup.manager [-] Deleting neutron.network object s_rally_54704b67_vSSyc3eg (45c542b2-bb1f-4c36-bce3-de26620b74ca)
2019-07-22 21:05:48.777 22705 RALLYDEBUG rally_openstack.cleanup.manager [-] Deleting neutron.network object s_rally_54704b67_6aHOVS0d (481b56d1-6735-4bcc-a082-5e8841a7cd11)
2019-07-22 21:05:48.972 22705 RALLYDEBUG rally_openstack.cleanup.manager [-] Deleting neutron.network object s_rally_54704b67_K1Rtr91O (4881f0f6-389c-499e-bf38-67bb44ac38d9)
2019-07-22 21:05:49.040 22705 RALLYDEBUG rally_openstack.cleanup.manager [-] Deleting neutron.network object s_rally_54704b67_0tLzzdAd (4d4cfd2b-8f10-46b2-878a-ea2f2212b2fd)
2019-07-22 21:05:49.149 22705 RALLYDEBUG rally_openstack.cleanup.manager [-] Deleting neutron.network object s_rally_54704b67_rEHzCCV3 (51359d98-5334-4bb5-bea9-3cf45d091b9e)
2019-07-22 21:05:49.209 22705 RALLYDEBUG rally_openstack.cleanup.manager [-] Deleting neutron.network object s_rally_54704b67_gAwwnDgH (5779053d-bc04-44c2-9914-e7250b8481b4)
2019-07-22 21:05:49.423 22705 RALLYDEBUG rally_openstack.cleanup.manager [-] Deleting neutron.network object s_rally_54704b67_2Nn9qhyU (5d7f7a94-8644-4e28-ad4d-4849608b4ecc)
2019-07-22 21:05:49.429 22705 RALLYDEBUG rally_openstack.cleanup.manager [-] Deleting neutron.network object s_rally_54704b67_YHRmJFHR (631f6d74-d0e8-4531-be9c-2247a5c75ffe)
2019-07-22 21:05:49.492 22705 RALLYDEBUG rally_openstack.cleanup.manager [-] Deleting neutron.network object s_rally_54704b67_PJS6CGrx (645b5db7-cef1-4ab4-ba54-31a50948a9b3)
2019-07-22 21:05:49.570 22705 RALLYDEBUG rally_openstack.cleanup.manager [-] Deleting neutron.network object s_rally_54704b67_eS7hTH58 (669db58c-5e4e-4538-aa91-c4954abbf994)
2019-07-22 21:05:49.621 22705 RALLYDEBUG rally_openstack.cleanup.manager [-] Deleting neutron.network object s_rally_54704b67_98kBEIPI (683039c9-c234-45e5-b836-34f7ec669efe)
2019-07-22 21:05:49.713 22705 RALLYDEBUG rally_openstack.cleanup.manager [-] Deleting neutron.network object s_rally_54704b67_uEo98QJk (6dd4b36f-7801-49ac-86ab-749a4f9f440b)
2019-07-22 21:05:49.956 22705 RALLYDEBUG rally_openstack.cleanup.manager [-] Deleting neutron.network object s_rally_54704b67_0sJMpurD (74f27f23-a868-42c9-8fef-9e70d037fcb7)
2019-07-22 21:05:49.957 22705 RALLYDEBUG rally_openstack.cleanup.manager [-] Deleting neutron.network object s_rally_54704b67_ko3VffEF (75b89408-69b4-4f92-ba5a-c6c2cb1ffde4)
2019-07-22 21:05:50.241 22705 RALLYDEBUG rally_openstack.cleanup.manager [-] Deleting neutron.network object s_rally_54704b67_XmmTuQyV (76190052-4d8f-49ae-8e67-c8c7381c3a78)
2019-07-22 21:05:50.254 22705 RALLYDEBUG rally_openstack.cleanup.manager [-] Deleting neutron.network object s_rally_54704b67_FdV8h8SX (77ee14af-3821-400a-a02f-e7ea448b33a6)
2019-07-22 21:05:50.260 22705 RALLYDEBUG rally_openstack.cleanup.manager [-] Deleting neutron.network object s_rally_54704b67_Amc7aD6O (7b10a0e0-2f0b-4247-ab23-36665c0c7923)
2019-07-22 21:05:50.364 22705 RALLYDEBUG rally_openstack.cleanup.manager [-] Deleting neutron.network object s_rally_54704b67_9Aot9j1b (7b62e937-ba39-4b98-bc8d-fcee853214e7)
2019-07-22 21:05:50.370 22705 RALLYDEBUG rally_openstack.cleanup.manager [-] Deleting neutron.network object s_rally_54704b67_0ZPsBONx (8113645b-5260-4349-83b8-f9afb6ea1f85)
2019-07-22 21:05:50.524 22705 RALLYDEBUG rally_openstack.cleanup.manager [-] Deleting neutron.network object s_rally_54704b67_hpFb2BxS (81f202d2-70ea-4ef3-af42-f4b1f3cf3727)
2019-07-22 21:05:51.089 22705 RALLYDEBUG rally_openstack.cleanup.manager [-] Deleting neutron.network object s_rally_54704b67_pIjBxl6f (825b6aa7-5c8f-43c8-b726-cb77f439a1f3)
2019-07-22 21:05:51.323 22705 RALLYDEBUG rally_openstack.cleanup.manager [-] Deleting neutron.network object s_rally_54704b67_1ppGrfKg (843cc520-cb2d-493d-b5da-a7588811a43e)
2019-07-22 21:05:51.711 22705 RALLYDEBUG rally_openstack.cleanup.manager [-] Deleting neutron.network object s_rally_54704b67_p6mBCbVM (8518d44d-11d1-4242-986c-51651ded41b5)
2019-07-22 21:05:51.727 22705 RALLYDEBUG rally_openstack.cleanup.manager [-] Deleting neutron.network object s_rally_54704b67_5oFPHO0r (867ae9d8-1047-4aca-990a-f3f877611494)
2019-07-22 21:05:51.829 22705 RALLYDEBUG rally_openstack.cleanup.manager [-] Deleting neutron.network object s_rally_54704b67_7X65GMIU (8ba12d1f-ebc8-4101-a045-7083d8ac9fa5)
2019-07-22 21:05:51.976 22705 RALLYDEBUG rally_openstack.cleanup.manager [-] Deleting neutron.network object s_rally_54704b67_sC4qEwGu (8fecdb28-3b1f-4280-93b0-8534365569cc)
2019-07-22 21:05:52.153 22705 RALLYDEBUG rally_openstack.cleanup.manager [-] Deleting neutron.network object s_rally_54704b67_kQ2591V4 (94548e33-c403-4a7d-99c1-b6c4a99b5da4)
2019-07-22 21:05:52.169 22705 RALLYDEBUG rally_openstack.cleanup.manager [-] Deleting neutron.network object s_rally_54704b67_UEDHnSpJ (9725e45f-78fa-4db8-ae4e-9b7925e197c3)
2019-07-22 21:05:52.433 22705 RALLYDEBUG rally_openstack.cleanup.manager [-] Deleting neutron.network object s_rally_54704b67_mXwM7LWe (97764358-885f-4d01-8f8e-6558d3f9780a)
2019-07-22 21:05:52.455 22705 RALLYDEBUG rally_openstack.cleanup.manager [-] Deleting neutron.network object s_rally_54704b67_Y4c46LJb (9a3d5e86-364f-4de6-aaa6-deac1a2db644)
2019-07-22 21:05:52.727 22705 RALLYDEBUG rally_openstack.cleanup.manager [-] Deleting neutron.network object s_rally_54704b67_Uw1SmfHl (9b79b14c-5278-41c7-8453-dc8e79f6188d)
2019-07-22 21:05:52.740 22705 RALLYDEBUG rally_openstack.cleanup.manager [-] Deleting neutron.network object s_rally_54704b67_cV094Uz7 (9e4e9a8f-0985-45f4-bee8-afccaefbaa32)
2019-07-22 21:05:52.858 22705 RALLYDEBUG rally_openstack.cleanup.manager [-] Deleting neutron.network object s_rally_54704b67_m3nB1JW1 (9eb9101d-61bc-4e2b-bc77-0a7926b1183b)
2019-07-22 21:05:52.899 22705 RALLYDEBUG rally_openstack.cleanup.manager [-] Deleting neutron.network object s_rally_54704b67_w6bew9Kv (9f06e62d-7c39-4640-9460-540888094451)
2019-07-22 21:05:52.919 22705 RALLYDEBUG rally_openstack.cleanup.manager [-] Deleting neutron.network object s_rally_54704b67_HDtPfQAV (a5c77b38-78bb-42ea-a618-2ede9b9ad469)
2019-07-22 21:05:52.938 22705 RALLYDEBUG rally_openstack.cleanup.manager [-] Deleting neutron.network object s_rally_54704b67_5Dv0apvr (a78533dd-8f66-40e3-a11e-0507fb135978)
2019-07-22 21:05:53.116 22705 RALLYDEBUG rally_openstack.cleanup.manager [-] Deleting neutron.network object s_rally_54704b67_xmmYwuPl (b0a440a3-9175-434e-9985-f6a5d01251ad)
2019-07-22 21:05:53.120 22705 RALLYDEBUG rally_openstack.cleanup.manager [-] Deleting neutron.network object s_rally_54704b67_eL7QtJoI (b1855fde-259d-4a03-9b76-5d3d2564c35c)
2019-07-22 21:05:53.354 22705 RALLYDEBUG rally_openstack.cleanup.manager [-] Deleting neutron.network object s_rally_54704b67_ec3O4Oek (b46ed170-ec1d-435e-ae6a-92772404341f)
2019-07-22 21:05:53.374 22705 RALLYDEBUG rally_openstack.cleanup.manager [-] Deleting neutron.network object s_rally_54704b67_F6EFiLJh (b6415795-998e-4ea0-8948-482997931ebc)
2019-07-22 21:05:53.789 22705 RALLYDEBUG rally_openstack.cleanup.manager [-] Deleting neutron.network object s_rally_54704b67_Eg4df77H (b85323d0-9576-4dfb-82fb-ffbd11f7366c)
2019-07-22 21:05:54.136 22705 RALLYDEBUG rally_openstack.cleanup.manager [-] Deleting neutron.network object s_rally_54704b67_96fBJV0B (b85a749a-27d4-4244-9089-b9d24f54f95a)
2019-07-22 21:05:54.269 22705 RALLYDEBUG rally_openstack.cleanup.manager [-] Deleting neutron.network object s_rally_54704b67_4FxBPWf6 (ba44e94d-7a1a-4832-9f73-f3b0e2f8fac7)
2019-07-22 21:05:54.422 22705 RALLYDEBUG rally_openstack.cleanup.manager [-] Deleting neutron.network object s_rally_54704b67_hi54rVKb (bafbc5ad-c960-4d30-9e23-36bad587c5c1)
2019-07-22 21:05:54.610 22705 RALLYDEBUG rally_openstack.cleanup.manager [-] Deleting neutron.network object s_rally_54704b67_0Kv73ANc (bb10d033-055d-4332-a071-11452d98b78d)
2019-07-22 21:05:54.709 22705 RALLYDEBUG rally_openstack.cleanup.manager [-] Deleting neutron.network object s_rally_54704b67_E3q7ry5n (bc47007d-d43e-4c7b-84e9-b1399a246486)
2019-07-22 21:05:54.880 22705 RALLYDEBUG rally_openstack.cleanup.manager [-] Deleting neutron.network object s_rally_54704b67_7QWf1T3E (bd84f7f8-f53c-4222-af0a-f7310a256b18)
2019-07-22 21:05:54.946 22705 RALLYDEBUG rally_openstack.cleanup.manager [-] Deleting neutron.network object s_rally_54704b67_ORcLGW0E (be4a025b-bfb6-4dda-be2c-153dbbf6f3e3)
2019-07-22 21:05:55.236 22705 RALLYDEBUG rally_openstack.cleanup.manager [-] Deleting neutron.network object s_rally_54704b67_s4yQMKI4 (bf984f26-a0a8-4c42-823c-7fb019a3a61e)
2019-07-22 21:05:55.243 22705 RALLYDEBUG rally_openstack.cleanup.manager [-] Deleting neutron.network object s_rally_54704b67_iA3qeLzN (c7dcbd67-600c-4872-8834-5b5f07d6c542)
2019-07-22 21:05:55.450 22705 RALLYDEBUG rally_openstack.cleanup.manager [-] Deleting neutron.network object s_rally_54704b67_WZCGMEoH (c94eda6f-1494-4a65-baa5-7219ac404d35)
2019-07-22 21:05:55.530 22705 RALLYDEBUG rally_openstack.cleanup.manager [-] Deleting neutron.network object s_rally_54704b67_hnWZSdBY (ca6b72f1-3797-4b05-afb6-0ca364fb2eee)
2019-07-22 21:05:55.533 22705 RALLYDEBUG rally_openstack.cleanup.manager [-] Deleting neutron.network object s_rally_54704b67_c0DV6HKU (cce1bc96-0b38-4024-b057-97d96a26df36)
2019-07-22 21:05:55.708 22705 RALLYDEBUG rally_openstack.cleanup.manager [-] Deleting neutron.network object s_rally_54704b67_W4TbnvOp (ce52f72f-4e3d-4faf-9cd8-b2fc2953a487)
2019-07-22 21:05:55.719 22705 RALLYDEBUG rally_openstack.cleanup.manager [-] Deleting neutron.network object s_rally_54704b67_4VURmTrx (d3228a8f-95ca-4ce5-9d3b-9e877ec68acd)
2019-07-22 21:05:55.769 22705 RALLYDEBUG rally_openstack.cleanup.manager [-] Deleting neutron.network object s_rally_54704b67_CLF5aiHV (d3a7a742-291b-4ccf-95bd-b55a8561a771)
2019-07-22 21:05:55.822 22705 RALLYDEBUG rally_openstack.cleanup.manager [-] Deleting neutron.network object s_rally_54704b67_RKJcP7Wy (dfe4c650-63b6-482f-bc98-7e4c189b1d1d)
2019-07-22 21:05:55.853 22705 RALLYDEBUG rally_openstack.cleanup.manager [-] Deleting neutron.network object s_rally_54704b67_T4RbAi8I (e8b4ff34-c225-4c40-8653-d27e0b63cb64)
2019-07-22 21:05:56.001 22705 RALLYDEBUG rally_openstack.cleanup.manager [-] Deleting neutron.network object s_rally_54704b67_iWzqrz4k (ea407bcb-2adf-40b9-a9a3-4e08524afe40)
2019-07-22 21:05:56.025 22705 RALLYDEBUG rally_openstack.cleanup.manager [-] Deleting neutron.network object s_rally_54704b67_G5Zgbfc5 (eb7a6b2b-8365-4d60-a997-5f68b3d26351)
