2019-07-22 21:23:12.749 22705 RALLYDEBUG rally_openstack.cleanup.manager [-] Deleting neutron.port object s_rally_e0d4b3a9_BqNcr6Z9 (d3970ae1-c298-4373-baae-406d33465926)
2019-07-22 21:23:13.078 22705 RALLYDEBUG rally_openstack.cleanup.manager [-] Deleting neutron.port object s_rally_e0d4b3a9_OLKFqx2n (d4e01f2a-e57c-41dc-b16a-a4a647101a6e)
2019-07-22 21:23:13.108 22705 RALLYDEBUG rally_openstack.cleanup.manager [-] Deleting neutron.port object s_rally_e0d4b3a9_9IICHf2n (d5650d41-a1dc-4b11-afd7-58a932ee0edc)
2019-07-22 21:23:13.189 22705 RALLYDEBUG rally_openstack.cleanup.manager [-] Deleting neutron.port object s_rally_e0d4b3a9_IHSRWANf (d5ee7c66-aa7a-44df-9802-744a1b5edb54)
2019-07-22 21:23:13.225 22705 RALLYDEBUG rally_openstack.cleanup.manager [-] Deleting neutron.port object s_rally_e0d4b3a9_1IaP95Ci (d60da6a8-f5dc-48d8-9617-52b2460301f7)
2019-07-22 21:23:13.322 22705 RALLYDEBUG rally_openstack.cleanup.manager [-] Deleting neutron.port object s_rally_e0d4b3a9_7nvsm0y3 (d66f869a-04db-4500-aeb1-6f3ca9ebd061)
2019-07-22 21:23:13.539 22705 RALLYDEBUG rally_openstack.cleanup.manager [-] Deleting neutron.port object s_rally_e0d4b3a9_kGDEunVQ (d7f59389-179d-417c-839d-0b6a663108f0)
2019-07-22 21:23:13.637 22705 RALLYDEBUG rally_openstack.cleanup.manager [-] Deleting neutron.port object s_rally_e0d4b3a9_pip3dWfW (d834830d-0d11-4b5b-aa22-2459237e7124)
2019-07-22 21:23:13.660 22705 RALLYDEBUG rally_openstack.cleanup.manager [-] Deleting neutron.port object s_rally_e0d4b3a9_CjuiE3RF (d85ed0cd-b0c6-41f9-ab42-b05b678c89dd)
2019-07-22 21:23:13.803 22705 RALLYDEBUG rally_openstack.cleanup.manager [-] Deleting neutron.port object s_rally_e0d4b3a9_7wt8ICNI (d92fc3b3-0a46-40e8-b8f2-9a27a810b9fa)
2019-07-22 21:23:14.196 22705 RALLYDEBUG rally_openstack.cleanup.manager [-] Deleting neutron.port object s_rally_e0d4b3a9_fzSq7haz (da9a1fa1-99b8-4c16-ba7b-ec943b9c4256)
2019-07-22 21:23:14.215 22705 RALLYDEBUG rally_openstack.cleanup.manager [-] Deleting neutron.port object s_rally_e0d4b3a9_AH9c7FmU (db6b7453-f7ae-4651-a80f-1161b03ad1fb)
2019-07-22 21:23:14.269 22705 RALLYDEBUG rally_openstack.cleanup.manager [-] Deleting neutron.port object s_rally_e0d4b3a9_NWDGHP0z (dcf47fe0-acff-4515-8bb0-c4556bfbf357)
2019-07-22 21:23:14.418 22705 RALLYDEBUG rally_openstack.cleanup.manager [-] Deleting neutron.port object s_rally_e0d4b3a9_bX5CT5dC (ddafc109-f3bc-45f7-82a4-3342d86454c9)
2019-07-22 21:23:14.572 22705 RALLYDEBUG rally_openstack.cleanup.manager [-] Deleting neutron.port object s_rally_e0d4b3a9_Jc97Q5pJ (de1207e1-d49b-4013-9c40-e12f95b92714)
2019-07-22 21:23:14.579 22705 RALLYDEBUG rally_openstack.cleanup.manager [-] Deleting neutron.port object s_rally_e0d4b3a9_4ex4tM9j (deb3cf7f-325a-46c5-906a-901bb222a6c9)
2019-07-22 21:23:14.777 22705 RALLYDEBUG rally_openstack.cleanup.manager [-] Deleting neutron.port object s_rally_e0d4b3a9_Q0CSknze (debc10b4-955e-46d5-a2a6-1e38468db6ee)
2019-07-22 21:23:15.026 22705 RALLYDEBUG rally_openstack.cleanup.manager [-] Deleting neutron.port object s_rally_e0d4b3a9_ekxaOJYC (df653d10-11c5-4502-9301-2237ea328d9a)
2019-07-22 21:23:15.097 22705 RALLYDEBUG rally_openstack.cleanup.manager [-] Deleting neutron.port object s_rally_e0d4b3a9_ieGiBEgZ (df70b67a-d76d-4200-aa5f-ce5cf72ac7ae)
2019-07-22 21:23:15.136 22705 RALLYDEBUG rally_openstack.cleanup.manager [-] Deleting neutron.port object s_rally_e0d4b3a9_JLfRSu0t (dfcc4172-457a-46b5-beb0-758e6e905ffb)
2019-07-22 21:23:15.265 22705 RALLYDEBUG rally_openstack.cleanup.manager [-] Deleting neutron.port object s_rally_e0d4b3a9_jYr2svjI (dfdff3e2-3a46-4146-a97f-78bd6f5176f6)
2019-07-22 21:23:15.463 22705 RALLYDEBUG rally_openstack.cleanup.manager [-] Deleting neutron.port object s_rally_e0d4b3a9_mTguGYEC (e0b367bc-5ead-4e35-8e31-e14222cad7c3)
2019-07-22 21:23:15.566 22705 RALLYDEBUG rally_openstack.cleanup.manager [-] Deleting neutron.port object s_rally_e0d4b3a9_MrBw6n0r (e165a9e2-89d9-46b1-9c40-d3733b209e9a)
2019-07-22 21:23:15.611 22705 RALLYDEBUG rally_openstack.cleanup.manager [-] Deleting neutron.port object s_rally_e0d4b3a9_dMzuyQA3 (e17c449d-44ae-42b5-a947-aaea7b0ad3ec)
2019-07-22 21:23:15.716 22705 RALLYDEBUG rally_openstack.cleanup.manager [-] Deleting neutron.port object s_rally_e0d4b3a9_d6YeKMOM (e3575f1c-6a33-4648-baab-b3bd585963f2)
2019-07-22 21:23:15.848 22705 RALLYDEBUG rally_openstack.cleanup.manager [-] Deleting neutron.port object s_rally_e0d4b3a9_eDLBJ1nm (e3f50e72-dfcd-41d2-b779-af86f10212a3)
2019-07-22 21:23:15.932 22705 RALLYDEBUG rally_openstack.cleanup.manager [-] Deleting neutron.port object s_rally_e0d4b3a9_YdhDBtxi (e455847e-e096-4391-bd8c-6df96cc108a8)
2019-07-22 21:23:15.970 22705 RALLYDEBUG rally_openstack.cleanup.manager [-] Deleting neutron.port object s_rally_e0d4b3a9_SwF8krku (e493d735-a662-4ac4-b913-7ae4166af547)
2019-07-22 21:23:16.169 22705 RALLYDEBUG rally_openstack.cleanup.manager [-] Deleting neutron.port object s_rally_e0d4b3a9_sYvcVcSb (e57ffa71-8483-4fe4-856c-63debb0ca191)
2019-07-22 21:23:16.255 22705 RALLYDEBUG rally_openstack.cleanup.manager [-] Deleting neutron.port object s_rally_e0d4b3a9_zPoD9hbt (e6338e40-1593-41c0-ad79-f5862cf7e4bb)
2019-07-22 21:23:16.472 22705 RALLYDEBUG rally_openstack.cleanup.manager [-] Deleting neutron.port object s_rally_e0d4b3a9_R1TUB47O (e7dc73ff-888a-4a21-9f5e-d055677e3be7)
2019-07-22 21:23:16.579 22705 RALLYDEBUG rally_openstack.cleanup.manager [-] Deleting neutron.port object s_rally_e0d4b3a9_MuKgCULb (e830d5ea-a955-47d0-ad62-b83f391c24cf)
2019-07-22 21:23:16.725 22705 RALLYDEBUG rally_openstack.cleanup.manager [-] Deleting neutron.port object s_rally_e0d4b3a9_BVJOgNC3 (e875a009-d954-4273-b6c3-f0f38bd83fec)
2019-07-22 21:23:16.753 22705 RALLYDEBUG rally_openstack.cleanup.manager [-] Deleting neutron.port object s_rally_e0d4b3a9_q4VS0T21 (e8ed8f1c-3fc9-4dc4-94f1-ca83d1c1eeb3)
2019-07-22 21:23:16.765 22705 RALLYDEBUG rally_openstack.cleanup.manager [-] Deleting neutron.port object s_rally_e0d4b3a9_tEeL6YdL (e8f7bf94-1ff5-4e3c-9af3-b4c7934a5f1d)
2019-07-22 21:23:16.960 22705 RALLYDEBUG rally_openstack.cleanup.manager [-] Deleting neutron.port object s_rally_e0d4b3a9_YmRW1nLU (e908985d-0a47-4f49-a93d-34920f12b329)
2019-07-22 21:23:17.357 22705 RALLYDEBUG rally_openstack.cleanup.manager [-] Deleting neutron.port object s_rally_e0d4b3a9_XsR8mXaa (ec57c4ca-4310-4aad-b50a-5f0c16fbbc0a)
2019-07-22 21:23:17.459 22705 RALLYDEBUG rally_openstack.cleanup.manager [-] Deleting neutron.port object s_rally_e0d4b3a9_ioDadWrn (ec947fb5-733b-45a4-a472-82fd891eb2f4)
2019-07-22 21:23:17.555 22705 RALLYDEBUG rally_openstack.cleanup.manager [-] Deleting neutron.port object s_rally_e0d4b3a9_9ZyjgNot (ecd48a78-40e2-46f0-a2ab-4231d7d0940b)
2019-07-22 21:23:17.561 22705 RALLYDEBUG rally_openstack.cleanup.manager [-] Deleting neutron.port object s_rally_e0d4b3a9_spOodYNW (ecebf0cb-6398-4b6c-bdb8-fc0fa7581de9)
2019-07-22 21:23:17.659 22705 RALLYDEBUG rally_openstack.cleanup.manager [-] Deleting neutron.port object s_rally_e0d4b3a9_uRpxYfKh (edd5ffba-8f4a-44d9-ba78-8557275a6b16)
2019-07-22 21:23:17.971 22705 RALLYDEBUG rally_openstack.cleanup.manager [-] Deleting neutron.port object s_rally_e0d4b3a9_FDxUf3E8 (ee9e1152-b6ed-4bc9-afad-1646680a853a)
2019-07-22 21:23:17.971 22705 RALLYDEBUG rally_openstack.cleanup.manager [-] Deleting neutron.port object s_rally_e0d4b3a9_zPBC7r3E (ee901070-17c9-41ce-a7a6-f007a9abfbd6)
2019-07-22 21:23:17.972 22705 RALLYDEBUG rally_openstack.cleanup.manager [-] Deleting neutron.port object s_rally_e0d4b3a9_Z4flZa48 (ef4a3d26-e0f0-45f5-88a1-a1b54ca06b76)
2019-07-22 21:23:18.142 22705 RALLYDEBUG rally_openstack.cleanup.manager [-] Deleting neutron.port object s_rally_e0d4b3a9_kZ61081p (f0f3c7a5-9639-4cf1-91ae-5a310636468f)
2019-07-22 21:23:18.154 22705 RALLYDEBUG rally_openstack.cleanup.manager [-] Deleting neutron.port object s_rally_e0d4b3a9_cdYuBqlv (f184e7e5-e41b-443f-85a6-27ceaf3b4452)
2019-07-22 21:23:18.227 22705 RALLYDEBUG rally_openstack.cleanup.manager [-] Deleting neutron.port object s_rally_e0d4b3a9_jHH6XZZH (f2163a2b-e121-4271-925f-37efe17c9b27)
2019-07-22 21:23:18.275 22705 RALLYDEBUG rally_openstack.cleanup.manager [-] Deleting neutron.port object s_rally_e0d4b3a9_gbYmkTlM (f3168e48-942f-49f3-ae48-4bf3bb5db692)
2019-07-22 21:23:18.304 22705 RALLYDEBUG rally_openstack.cleanup.manager [-] Deleting neutron.port object s_rally_e0d4b3a9_Wi7CtBb7 (f3cce199-b903-4856-9c30-8957df91af32)
2019-07-22 21:23:18.414 22705 RALLYDEBUG rally_openstack.cleanup.manager [-] Deleting neutron.port object s_rally_e0d4b3a9_Mrc7dgHR (f48875b6-915d-41bd-b17b-b4ff5c3a82e8)
2019-07-22 21:23:18.759 22705 RALLYDEBUG rally_openstack.cleanup.manager [-] Deleting neutron.port object s_rally_e0d4b3a9_ly8jeWt8 (f4b414a4-d324-4ac3-8c74-0fd03e0ff45b)
2019-07-22 21:23:18.781 22705 RALLYDEBUG rally_openstack.cleanup.manager [-] Deleting neutron.port object s_rally_e0d4b3a9_dLhXzIbo (f5523369-aa60-4667-8ca9-415cccc7061c)
2019-07-22 21:23:18.871 22705 RALLYDEBUG rally_openstack.cleanup.manager [-] Deleting neutron.port object s_rally_e0d4b3a9_naCat2Me (f57fffb9-6533-4c58-97b3-b4ee7f508d06)
2019-07-22 21:23:18.928 22705 RALLYDEBUG rally_openstack.cleanup.manager [-] Deleting neutron.port object s_rally_e0d4b3a9_SZPjfeCT (f649f820-9f4f-424b-8348-1be574f9f90e)
2019-07-22 21:23:19.052 22705 RALLYDEBUG rally_openstack.cleanup.manager [-] Deleting neutron.port object s_rally_e0d4b3a9_a40LJgX5 (f6937244-f436-4ed7-b73d-b6a5e8ea19e6)
2019-07-22 21:23:19.437 22705 RALLYDEBUG rally_openstack.cleanup.manager [-] Deleting neutron.port object s_rally_e0d4b3a9_ZDP7PjNP (f70ee5f0-baf6-4d0d-89ec-c6ba4dda4a98)
2019-07-22 21:23:19.659 22705 RALLYDEBUG rally_openstack.cleanup.manager [-] Deleting neutron.port object s_rally_e0d4b3a9_mjlbQJGM (f7182a59-0929-492e-bbfe-c8d362e02671)
2019-07-22 21:23:19.808 22705 RALLYDEBUG rally_openstack.cleanup.manager [-] Deleting neutron.port object s_rally_e0d4b3a9_MYS8j3iI (f8ffbcaa-3a12-42ba-95fa-f89a5ead2899)
2019-07-22 21:23:19.844 22705 RALLYDEBUG rally_openstack.cleanup.manager [-] Deleting neutron.port object s_rally_e0d4b3a9_c2k3NJQX (f9bcfe90-e69f-4ed0-9c35-0d0dfa2b32f9)
2019-07-22 21:23:19.927 22705 RALLYDEBUG rally_openstack.cleanup.manager [-] Deleting neutron.port object s_rally_e0d4b3a9_uPkq4zQS (fbe29d87-2b95-4262-a99b-e3daab635e9c)
2019-07-22 21:23:20.077 22705 RALLYDEBUG rally_openstack.cleanup.manager [-] Deleting neutron.port object s_rally_e0d4b3a9_KeI5yg39 (fcd09467-6dd0-4b20-b315-9a031326b034)
2019-07-22 21:23:20.276 22705 RALLYDEBUG rally_openstack.cleanup.manager [-] Deleting neutron.port object s_rally_e0d4b3a9_SuQBENyu (ff5f3087-4a12-43cc-bded-0be93aa07dd6)
2019-07-22 21:23:22.595 22705 RALLYDEBUG rally_openstack.cleanup.manager [-] Cleaning up neutron subnet objects
2019-07-22 21:23:23.287 22705 RALLYDEBUG rally_openstack.cleanup.manager [-] Cleaning up neutron network objects
2019-07-22 21:23:24.038 22705 RALLYDEBUG rally_openstack.cleanup.manager [-] Deleting neutron.network object s_rally_e0d4b3a9_78m4zTOE (2088dc6a-b17d-4655-b37c-db821328022c)
2019-07-22 21:23:24.045 22705 RALLYDEBUG rally_openstack.cleanup.manager [-] Deleting neutron.network object s_rally_e0d4b3a9_Dxrv3dRQ (3bfb9878-e590-4422-925d-14cd65131608)
2019-07-22 21:23:24.054 22705 RALLYDEBUG rally_openstack.cleanup.manager [-] Deleting neutron.network object s_rally_e0d4b3a9_uNfupQRj (7e59dc2f-e602-4dab-bd1b-201e797ec8f5)
2019-07-22 21:23:24.063 22705 RALLYDEBUG rally_openstack.cleanup.manager [-] Deleting neutron.network object s_rally_e0d4b3a9_tCHd8VwF (862018d7-f6ca-4cbd-8af9-379fa16568c0)
2019-07-22 21:23:24.074 22705 RALLYDEBUG rally_openstack.cleanup.manager [-] Deleting neutron.network object s_rally_e0d4b3a9_upoZcE7D (b360f788-2ea3-44b6-b8a2-48a016c37e0b)
2019-07-22 21:23:24.075 22705 RALLYDEBUG rally_openstack.cleanup.manager [-] Deleting neutron.network object s_rally_e0d4b3a9_xLNPNSxf (8e1cf38a-1504-4424-b03f-15263327f1f5)
2019-07-22 21:23:24.098 22705 RALLYDEBUG rally_openstack.cleanup.manager [-] Deleting neutron.network object s_rally_e0d4b3a9_tJqULnNU (b7611178-0c19-45cc-8bb2-cf237cb40ae0)
2019-07-22 21:23:24.099 22705 RALLYDEBUG rally_openstack.cleanup.manager [-] Deleting neutron.network object s_rally_e0d4b3a9_ypylPQtz (e769726f-0980-45f9-99d0-cc37c1e3c2da)
2019-07-22 21:23:27.729 22705 RALLYDEBUG rally_openstack.cleanup.manager [-] Cleaning up neutron router objects
2019-07-22 21:23:28.428 22705 RALLYDEBUG rally_openstack.cleanup.manager [-] Cleaning up neutron security_group objects
2019-07-22 21:23:29.101 22705 INFO rally.task.context [-] Task 369d6172-3933-468c-ba55-4dd0716ebbfd | Context cleanup@openstack cleanup() finished in 1.04 min
2019-07-22 21:23:29.101 22705 INFO rally.task.context [-] Task 369d6172-3933-468c-ba55-4dd0716ebbfd | Context quotas@openstack cleanup() started
2019-07-22 21:23:29.336 22705 INFO rally.task.context [-] Task 369d6172-3933-468c-ba55-4dd0716ebbfd | Context quotas@openstack cleanup() finished in 0.23 sec
2019-07-22 21:23:29.336 22705 INFO rally.task.context [-] Task 369d6172-3933-468c-ba55-4dd0716ebbfd | Context users@openstack cleanup() started
2019-07-22 21:23:34.297 22705 INFO rally.task.context [-] Task 369d6172-3933-468c-ba55-4dd0716ebbfd | Context users@openstack cleanup() finished in 4.96 sec
2019-07-22 21:23:36.193 22705 INFO rally.task.engine [-] Load duration is: 92.551622
2019-07-22 21:23:36.193 22705 INFO rally.task.engine [-] Full runner duration is: 92.594294
2019-07-22 21:23:36.194 22705 INFO rally.task.engine [-] Full duration is: 166.76679
2019-07-22 21:23:36.365 22705 INFO rally.task.engine [-] Running workload: position = 1 config = { "version": 2, "title": "A cropped version of a bigger task.", "description": "Auto-generated task from a single workload (uuid=74ba629a-d0b3-4643-8fdb-5444e465f839)", "subtasks": [ { "title": "NeutronNetworks.create_and_update_ports", "description": "Create and update a given number of ports.", "scenario": { "NeutronNetworks.create_and_update_ports": { "network_create_args": {}, "port_create_args": {}, "ports_per_network": 5, "port_update_args": { "admin_state_up": false, "device_id": "dummy_id", "device_owner": "dummy_owner", "name": "_port_updated" } } }, "contexts": { "users": { "tenants": 1, "users_per_tenant": 1 }, "quotas": { "neutron": { "network": -1, "port": -1 } } }, "runner": { "constant": { "times": 40, "concurrency": 20 } }, "hooks": [], "sla": { "failure_rate": { "max": 0 } } } ] }
2019-07-22 21:23:36.387 22705 RALLYDEBUG rally_openstack.contexts.keystone.users [-] Creating 1 tenants using 20 threads
2019-07-22 21:23:38.214 22705 RALLYDEBUG rally_openstack.contexts.keystone.users [-] Creating 1 users using 20 threads
2019-07-22 21:23:41.100 22705 INFO rally.task.context [-] Task 369d6172-3933-468c-ba55-4dd0716ebbfd | Context users@openstack setup() finished in 4.71 sec
2019-07-22 21:23:41.929 22705 INFO rally.task.context [-] Task 369d6172-3933-468c-ba55-4dd0716ebbfd | Context quotas@openstack setup() finished in 0.83 sec
2019-07-22 21:23:41.929 22705 INFO rally.task.context [-] Task 369d6172-3933-468c-ba55-4dd0716ebbfd | Context cleanup@openstack setup() finished in 0.01 msec
2019-07-22 21:23:41.938 22705 RALLYDEBUG rally.task.runner [-] Starting the constant runner (task UUID: 369d6172-3933-468c-ba55-4dd0716ebbfd). timeout: 0 concurrency: 20 concurrency_per_worker: 1 times: 40 concurrency_overhead: 4 processes_to_start: 16 max_cpu_used: 16
2019-07-22 21:23:41.950 26581 RALLYDEBUG rally.task.runner [-] Starting a worker. concurrency: 2 args: {"network_create_args": {}, "port_create_args": {}, "ports_per_network": 5, "port_update_args": {"admin_state_up": false, "device_id": "dummy_id", "device_owner": "dummy_owner", "name": "_port_updated"}} times: 40 method_name: run timeout: 0 duration: None cls:
2019-07-22 21:23:41.954 26582 RALLYDEBUG rally.task.runner [-] Starting a worker. concurrency: 2 args: {"network_create_args": {}, "port_create_args": {}, "ports_per_network": 5, "port_update_args": {"admin_state_up": false, "device_id": "dummy_id", "device_owner": "dummy_owner", "name": "_port_updated"}} times: 40 method_name: run timeout: 0 duration: None cls:
2019-07-22 21:23:41.958 26581 INFO rally.task.runner [-] Task 369d6172-3933-468c-ba55-4dd0716ebbfd | ITER: 2 START
2019-07-22 21:23:41.958 26583 RALLYDEBUG rally.task.runner [-] Starting a worker. concurrency: 2 args: {"network_create_args": {}, "port_create_args": {}, "ports_per_network": 5, "port_update_args": {"admin_state_up": false, "device_id": "dummy_id", "device_owner": "dummy_owner", "name": "_port_updated"}} times: 40 method_name: run timeout: 0 duration: None cls:
2019-07-22 21:23:41.959 26581 INFO rally.task.runner [-] Task 369d6172-3933-468c-ba55-4dd0716ebbfd | ITER: 1 START
2019-07-22 21:23:41.960 26584 RALLYDEBUG rally.task.runner [-] Starting a worker. concurrency: 2 args: {"network_create_args": {}, "port_create_args": {}, "ports_per_network": 5, "port_update_args": {"admin_state_up": false, "device_id": "dummy_id", "device_owner": "dummy_owner", "name": "_port_updated"}} times: 40 method_name: run timeout: 0 duration: None cls:
2019-07-22 21:23:41.961 26581 WARNING rally_openstack.scenarios.neutron.utils [-] Running this scenario without either the 'network' or 'existing_network' context is deprecated
2019-07-22 21:23:41.961 26582 INFO rally.task.runner [-] Task 369d6172-3933-468c-ba55-4dd0716ebbfd | ITER: 3 START
2019-07-22 21:23:41.964 26588 RALLYDEBUG rally.task.runner [-] Starting a worker. concurrency: 1 args: {"network_create_args": {}, "port_create_args": {}, "ports_per_network": 5, "port_update_args": {"admin_state_up": false, "device_id": "dummy_id", "device_owner": "dummy_owner", "name": "_port_updated"}} times: 40 method_name: run timeout: 0 duration: None cls:
2019-07-22 21:23:41.961 26581 WARNING rally_openstack.scenarios.neutron.utils [-] Running this scenario without either the 'network' or 'existing_network' context is deprecated
2019-07-22 21:23:41.965 26582 WARNING rally_openstack.scenarios.neutron.utils [-] Running this scenario without either the 'network' or 'existing_network' context is deprecated
2019-07-22 21:23:41.968 26583 INFO rally.task.runner [-] Task 369d6172-3933-468c-ba55-4dd0716ebbfd | ITER: 5 START
2019-07-22 21:23:41.969 26583 WARNING rally_openstack.scenarios.neutron.utils [-] Running this scenario without either the 'network' or 'existing_network' context is deprecated
2019-07-22 21:23:41.970 26591 RALLYDEBUG rally.task.runner [-] Starting a worker. concurrency: 1 args: {"network_create_args": {}, "port_create_args": {}, "ports_per_network": 5, "port_update_args": {"admin_state_up": false, "device_id": "dummy_id", "device_owner": "dummy_owner", "name": "_port_updated"}} times: 40 method_name: run timeout: 0 duration: None cls:
2019-07-22 21:23:41.972 26596 RALLYDEBUG rally.task.runner [-] Starting a worker. concurrency: 1 args: {"network_create_args": {}, "port_create_args": {}, "ports_per_network": 5, "port_update_args": {"admin_state_up": false, "device_id": "dummy_id", "device_owner": "dummy_owner", "name": "_port_updated"}} times: 40 method_name: run timeout: 0 duration: None cls:
2019-07-22 21:23:41.972 26584 INFO rally.task.runner [-] Task 369d6172-3933-468c-ba55-4dd0716ebbfd | ITER: 8 START
2019-07-22 21:23:41.968 26582 INFO rally.task.runner [-] Task 369d6172-3933-468c-ba55-4dd0716ebbfd | ITER: 4 START
2019-07-22 21:23:41.975 26584 WARNING rally_openstack.scenarios.neutron.utils [-] Running this scenario without either the 'network' or 'existing_network' context is deprecated
2019-07-22 21:23:41.976 26588 INFO rally.task.runner [-] Task 369d6172-3933-468c-ba55-4dd0716ebbfd | ITER: 9 START
2019-07-22 21:23:41.974 26582 WARNING rally_openstack.scenarios.neutron.utils [-] Running this scenario without either the 'network' or 'existing_network' context is deprecated
2019-07-22 21:23:41.977 26596 INFO rally.task.runner [-] Task 369d6172-3933-468c-ba55-4dd0716ebbfd | ITER: 11 START
2019-07-22 21:23:41.977 26588 WARNING rally_openstack.scenarios.neutron.utils [-] Running this scenario without either the 'network' or 'existing_network' context is deprecated
2019-07-22 21:23:41.977 26583 INFO rally.task.runner [-] Task 369d6172-3933-468c-ba55-4dd0716ebbfd | ITER: 7 START
2019-07-22 21:23:41.977 26601 RALLYDEBUG rally.task.runner [-] Starting a worker. concurrency: 1 args: {"network_create_args": {}, "port_create_args": {}, "ports_per_network": 5, "port_update_args": {"admin_state_up": false, "device_id": "dummy_id", "device_owner": "dummy_owner", "name": "_port_updated"}} times: 40 method_name: run timeout: 0 duration: None cls:
2019-07-22 21:23:41.978 26583 WARNING rally_openstack.scenarios.neutron.utils [-] Running this scenario without either the 'network' or 'existing_network' context is deprecated
2019-07-22 21:23:41.978 26596 WARNING rally_openstack.scenarios.neutron.utils [-] Running this scenario without either the 'network' or 'existing_network' context is deprecated
2019-07-22 21:23:41.981 26591 INFO rally.task.runner [-] Task 369d6172-3933-468c-ba55-4dd0716ebbfd | ITER: 10 START
2019-07-22 21:23:41.981 26584 INFO rally.task.runner [-] Task 369d6172-3933-468c-ba55-4dd0716ebbfd | ITER: 6 START
2019-07-22 21:23:41.982 26591 WARNING rally_openstack.scenarios.neutron.utils [-] Running this scenario without either the 'network' or 'existing_network' context is deprecated
2019-07-22 21:23:41.982 26584 WARNING rally_openstack.scenarios.neutron.utils [-] Running this scenario without either the 'network' or 'existing_network' context is deprecated
2019-07-22 21:23:41.982 26603 RALLYDEBUG rally.task.runner [-] Starting a worker. concurrency: 1 args: {"network_create_args": {}, "port_create_args": {}, "ports_per_network": 5, "port_update_args": {"admin_state_up": false, "device_id": "dummy_id", "device_owner": "dummy_owner", "name": "_port_updated"}} times: 40 method_name: run timeout: 0 duration: None cls:
2019-07-22 21:23:41.983 26601 INFO rally.task.runner [-] Task 369d6172-3933-468c-ba55-4dd0716ebbfd | ITER: 12 START
2019-07-22 21:23:41.984 26601 WARNING rally_openstack.scenarios.neutron.utils [-] Running this scenario without either the 'network' or 'existing_network' context is deprecated
2019-07-22 21:23:41.986 26608 RALLYDEBUG rally.task.runner [-] Starting a worker. concurrency: 1 args: {"network_create_args": {}, "port_create_args": {}, "ports_per_network": 5, "port_update_args": {"admin_state_up": false, "device_id": "dummy_id", "device_owner": "dummy_owner", "name": "_port_updated"}} times: 40 method_name: run timeout: 0 duration: None cls:
2019-07-22 21:23:41.987 26603 INFO rally.task.runner [-] Task 369d6172-3933-468c-ba55-4dd0716ebbfd | ITER: 13 START
2019-07-22 21:23:41.988 26603 WARNING rally_openstack.scenarios.neutron.utils [-] Running this scenario without either the 'network' or 'existing_network' context is deprecated
2019-07-22 21:23:41.992 26609 RALLYDEBUG rally.task.runner [-] Starting a worker. concurrency: 1 args: {"network_create_args": {}, "port_create_args": {}, "ports_per_network": 5, "port_update_args": {"admin_state_up": false, "device_id": "dummy_id", "device_owner": "dummy_owner", "name": "_port_updated"}} times: 40 method_name: run timeout: 0 duration: None cls:
2019-07-22 21:23:41.994 26612 RALLYDEBUG rally.task.runner [-] Starting a worker. concurrency: 1 args: {"network_create_args": {}, "port_create_args": {}, "ports_per_network": 5, "port_update_args": {"admin_state_up": false, "device_id": "dummy_id", "device_owner": "dummy_owner", "name": "_port_updated"}} times: 40 method_name: run timeout: 0 duration: None cls:
2019-07-22 21:23:41.993 26608 INFO rally.task.runner [-] Task 369d6172-3933-468c-ba55-4dd0716ebbfd | ITER: 14 START
2019-07-22 21:23:41.997 26608 WARNING rally_openstack.scenarios.neutron.utils [-] Running this scenario without either the 'network' or 'existing_network' context is deprecated
2019-07-22 21:23:41.998 26609 INFO rally.task.runner [-] Task 369d6172-3933-468c-ba55-4dd0716ebbfd | ITER: 15 START
2019-07-22 21:23:42.000 26609 WARNING rally_openstack.scenarios.neutron.utils [-] Running this scenario without either the 'network' or 'existing_network' context is deprecated
2019-07-22 21:23:42.001 26612 INFO rally.task.runner [-] Task 369d6172-3933-468c-ba55-4dd0716ebbfd | ITER: 16 START
2019-07-22 21:23:42.002 26612 WARNING rally_openstack.scenarios.neutron.utils [-] Running this scenario without either the 'network' or 'existing_network' context is deprecated
2019-07-22 21:23:42.003 26617 RALLYDEBUG rally.task.runner [-] Starting a worker. concurrency: 1 args: {"network_create_args": {}, "port_create_args": {}, "ports_per_network": 5, "port_update_args": {"admin_state_up": false, "device_id": "dummy_id", "device_owner": "dummy_owner", "name": "_port_updated"}} times: 40 method_name: run timeout: 0 duration: None cls:
2019-07-22 21:23:42.010 26617 INFO rally.task.runner [-] Task 369d6172-3933-468c-ba55-4dd0716ebbfd | ITER: 17 START
2019-07-22 21:23:42.011 26617 WARNING rally_openstack.scenarios.neutron.utils [-] Running this scenario without either the 'network' or 'existing_network' context is deprecated
2019-07-22 21:23:42.014 26622 RALLYDEBUG rally.task.runner [-] Starting a worker. concurrency: 1 args: {"network_create_args": {}, "port_create_args": {}, "ports_per_network": 5, "port_update_args": {"admin_state_up": false, "device_id": "dummy_id", "device_owner": "dummy_owner", "name": "_port_updated"}} times: 40 method_name: run timeout: 0 duration: None cls:
2019-07-22 21:23:42.017 26625 RALLYDEBUG rally.task.runner [-] Starting a worker. concurrency: 1 args: {"network_create_args": {}, "port_create_args": {}, "ports_per_network": 5, "port_update_args": {"admin_state_up": false, "device_id": "dummy_id", "device_owner": "dummy_owner", "name": "_port_updated"}} times: 40 method_name: run timeout: 0 duration: None cls:
2019-07-22 21:23:42.019 26622 INFO rally.task.runner [-] Task 369d6172-3933-468c-ba55-4dd0716ebbfd | ITER: 18 START
2019-07-22 21:23:42.020 26622 WARNING rally_openstack.scenarios.neutron.utils [-] Running this scenario without either the 'network' or 'existing_network' context is deprecated
2019-07-22 21:23:42.023 26625 INFO rally.task.runner [-] Task 369d6172-3933-468c-ba55-4dd0716ebbfd | ITER: 19 START
2019-07-22 21:23:42.023 26626 RALLYDEBUG rally.task.runner [-] Starting a worker. concurrency: 1 args: {"network_create_args": {}, "port_create_args": {}, "ports_per_network": 5, "port_update_args": {"admin_state_up": false, "device_id": "dummy_id", "device_owner": "dummy_owner", "name": "_port_updated"}} times: 40 method_name: run timeout: 0 duration: None cls:
2019-07-22 21:23:42.024 26625 WARNING rally_openstack.scenarios.neutron.utils [-] Running this scenario without either the 'network' or 'existing_network' context is deprecated
2019-07-22 21:23:42.026 26626 INFO rally.task.runner [-] Task 369d6172-3933-468c-ba55-4dd0716ebbfd | ITER: 20 START
2019-07-22 21:23:42.028 26626 WARNING rally_openstack.scenarios.neutron.utils [-] Running this scenario without either the 'network' or 'existing_network' context is deprecated
2019-07-22 21:23:53.324 26625 INFO rally.task.runner [-] Task 369d6172-3933-468c-ba55-4dd0716ebbfd | ITER: 19 END: OK
2019-07-22 21:23:53.328 26625 INFO rally.task.runner [-] Task 369d6172-3933-468c-ba55-4dd0716ebbfd | ITER: 21 START
2019-07-22 21:23:53.329 26625 WARNING rally_openstack.scenarios.neutron.utils [-] Running this scenario without either the 'network' or 'existing_network' context is deprecated
2019-07-22 21:23:54.591 26609 INFO rally.task.runner [-] Task 369d6172-3933-468c-ba55-4dd0716ebbfd | ITER: 15 END: OK
2019-07-22 21:23:54.594 26609 INFO rally.task.runner [-] Task 369d6172-3933-468c-ba55-4dd0716ebbfd | ITER: 22 START
2019-07-22 21:23:54.595 26609 WARNING rally_openstack.scenarios.neutron.utils [-] Running this scenario without either the 'network' or 'existing_network' context is deprecated
2019-07-22 21:23:54.718 26601 INFO rally.task.runner [-] Task 369d6172-3933-468c-ba55-4dd0716ebbfd | ITER: 12 END: OK
2019-07-22 21:23:54.723 26601 INFO rally.task.runner [-] Task 369d6172-3933-468c-ba55-4dd0716ebbfd | ITER: 23 START
2019-07-22 21:23:54.723 26601 WARNING rally_openstack.scenarios.neutron.utils [-] Running this scenario without either the 'network' or 'existing_network' context is deprecated
2019-07-22 21:23:55.324 26581 INFO rally.task.runner [-] Task 369d6172-3933-468c-ba55-4dd0716ebbfd | ITER: 1 END: OK
2019-07-22 21:23:55.328 26581 INFO rally.task.runner [-] Task 369d6172-3933-468c-ba55-4dd0716ebbfd | ITER: 24 START
2019-07-22 21:23:55.329 26581 WARNING rally_openstack.scenarios.neutron.utils [-] Running this scenario without either the 'network' or 'existing_network' context is deprecated
2019-07-22 21:23:55.522 26622 INFO rally.task.runner [-] Task 369d6172-3933-468c-ba55-4dd0716ebbfd | ITER: 18 END: OK
2019-07-22 21:23:55.526 26622 INFO rally.task.runner [-] Task 369d6172-3933-468c-ba55-4dd0716ebbfd | ITER: 25 START
2019-07-22 21:23:55.527 26622 WARNING rally_openstack.scenarios.neutron.utils [-] Running this scenario without either the 'network' or 'existing_network' context is deprecated
2019-07-22 21:23:55.713 26596 INFO rally.task.runner [-] Task 369d6172-3933-468c-ba55-4dd0716ebbfd | ITER: 11 END: OK
2019-07-22 21:23:55.716 26596 INFO rally.task.runner [-] Task 369d6172-3933-468c-ba55-4dd0716ebbfd | ITER: 26 START
2019-07-22 21:23:55.717 26596 WARNING rally_openstack.scenarios.neutron.utils [-] Running this scenario without either the 'network' or 'existing_network' context is deprecated
2019-07-22 21:23:56.426 26626 INFO rally.task.runner [-] Task 369d6172-3933-468c-ba55-4dd0716ebbfd | ITER: 20 END: OK
2019-07-22 21:23:56.430 26626 INFO rally.task.runner [-] Task 369d6172-3933-468c-ba55-4dd0716ebbfd | ITER: 27 START
2019-07-22 21:23:56.430 26626 WARNING rally_openstack.scenarios.neutron.utils [-] Running this scenario without either the 'network' or 'existing_network' context is deprecated
2019-07-22 21:23:56.485 26617 INFO rally.task.runner [-] Task 369d6172-3933-468c-ba55-4dd0716ebbfd | ITER: 17 END: OK
2019-07-22 21:23:56.489 26617 INFO rally.task.runner [-] Task 369d6172-3933-468c-ba55-4dd0716ebbfd | ITER: 28 START
2019-07-22 21:23:56.489 26617 WARNING rally_openstack.scenarios.neutron.utils [-] Running this scenario without either the 'network' or 'existing_network' context is deprecated
2019-07-22 21:23:56.625 26582 INFO rally.task.runner [-] Task 369d6172-3933-468c-ba55-4dd0716ebbfd | ITER: 3 END: OK
2019-07-22 21:23:56.630 26582 INFO rally.task.runner [-] Task 369d6172-3933-468c-ba55-4dd0716ebbfd | ITER: 29 START
2019-07-22 21:23:56.631 26582 WARNING rally_openstack.scenarios.neutron.utils [-] Running this scenario without either the 'network' or 'existing_network' context is deprecated
2019-07-22 21:23:56.641 26591 INFO rally.task.runner [-] Task 369d6172-3933-468c-ba55-4dd0716ebbfd | ITER: 10 END: OK
2019-07-22 21:23:56.646 26591 INFO rally.task.runner [-] Task 369d6172-3933-468c-ba55-4dd0716ebbfd | ITER: 30 START
2019-07-22 21:23:56.646 26591 WARNING rally_openstack.scenarios.neutron.utils [-] Running this scenario without either the 'network' or 'existing_network' context is deprecated
2019-07-22 21:23:56.924 26603 INFO rally.task.runner [-] Task 369d6172-3933-468c-ba55-4dd0716ebbfd | ITER: 13 END: OK
2019-07-22 21:23:56.928 26603 INFO rally.task.runner [-] Task 369d6172-3933-468c-ba55-4dd0716ebbfd | ITER: 31 START
2019-07-22 21:23:56.929 26603 WARNING rally_openstack.scenarios.neutron.utils [-] Running this scenario without either the 'network' or 'existing_network' context is deprecated
2019-07-22 21:23:56.991 26584 INFO rally.task.runner [-] Task 369d6172-3933-468c-ba55-4dd0716ebbfd | ITER: 6 END: OK
2019-07-22 21:23:56.995 26584 INFO rally.task.runner [-] Task 369d6172-3933-468c-ba55-4dd0716ebbfd | ITER: 32 START
2019-07-22 21:23:56.996 26584 WARNING rally_openstack.scenarios.neutron.utils [-] Running this scenario without either the 'network' or 'existing_network' context is deprecated
2019-07-22 21:23:57.436 26584 INFO rally.task.runner [-] Task 369d6172-3933-468c-ba55-4dd0716ebbfd | ITER: 8 END: OK
2019-07-22 21:23:57.441 26584 INFO rally.task.runner [-] Task 369d6172-3933-468c-ba55-4dd0716ebbfd | ITER: 33 START
2019-07-22 21:23:57.441 26584 WARNING rally_openstack.scenarios.neutron.utils [-] Running this scenario without either the 'network' or 'existing_network' context is deprecated
2019-07-22 21:23:57.541 26608 INFO rally.task.runner [-] Task 369d6172-3933-468c-ba55-4dd0716ebbfd | ITER: 14 END: OK
2019-07-22 21:23:57.546 26608 INFO rally.task.runner [-] Task 369d6172-3933-468c-ba55-4dd0716ebbfd | ITER: 34 START
2019-07-22 21:23:57.546 26608 WARNING rally_openstack.scenarios.neutron.utils [-] Running this scenario without either the 'network' or 'existing_network' context is deprecated
2019-07-22 21:23:57.911 26582 INFO rally.task.runner [-] Task 369d6172-3933-468c-ba55-4dd0716ebbfd | ITER: 4 END: OK
2019-07-22 21:23:57.915 26582 INFO rally.task.runner [-] Task 369d6172-3933-468c-ba55-4dd0716ebbfd | ITER: 35 START
2019-07-22 21:23:57.916 26582 WARNING rally_openstack.scenarios.neutron.utils [-] Running this scenario without either the 'network' or 'existing_network' context is deprecated
2019-07-22 21:23:58.628 26612 INFO rally.task.runner [-] Task 369d6172-3933-468c-ba55-4dd0716ebbfd | ITER: 16 END: OK
2019-07-22 21:23:58.632 26612 INFO rally.task.runner [-] Task 369d6172-3933-468c-ba55-4dd0716ebbfd | ITER: 36 START
2019-07-22 21:23:58.632 26612 WARNING rally_openstack.scenarios.neutron.utils [-] Running this scenario without either the 'network' or 'existing_network' context is deprecated
2019-07-22 21:23:58.890 26583 INFO rally.task.runner [-] Task 369d6172-3933-468c-ba55-4dd0716ebbfd | ITER: 5 END: OK
2019-07-22 21:23:58.894 26583 INFO rally.task.runner [-] Task 369d6172-3933-468c-ba55-4dd0716ebbfd | ITER: 37 START
2019-07-22 21:23:58.895 26583 WARNING rally_openstack.scenarios.neutron.utils [-] Running this scenario without either the 'network' or 'existing_network' context is deprecated
2019-07-22 21:23:59.152 26588 INFO rally.task.runner [-] Task 369d6172-3933-468c-ba55-4dd0716ebbfd | ITER: 9 END: OK
2019-07-22 21:23:59.156 26588 INFO rally.task.runner [-] Task 369d6172-3933-468c-ba55-4dd0716ebbfd | ITER: 38 START
2019-07-22 21:23:59.157 26588 WARNING rally_openstack.scenarios.neutron.utils [-] Running this scenario without either the 'network' or 'existing_network' context is deprecated
2019-07-22 21:23:59.279 26581 INFO rally.task.runner [-] Task 369d6172-3933-468c-ba55-4dd0716ebbfd | ITER: 2 END: OK
2019-07-22 21:23:59.282 26581 INFO rally.task.runner [-] Task 369d6172-3933-468c-ba55-4dd0716ebbfd | ITER: 39 START
2019-07-22 21:23:59.283 26581 WARNING rally_openstack.scenarios.neutron.utils [-] Running this scenario without either the 'network' or 'existing_network' context is deprecated
2019-07-22 21:24:00.898 26583 INFO rally.task.runner [-] Task 369d6172-3933-468c-ba55-4dd0716ebbfd | ITER: 7 END: OK
2019-07-22 21:24:00.903 26583 INFO rally.task.runner [-] Task 369d6172-3933-468c-ba55-4dd0716ebbfd | ITER: 40 START
2019-07-22 21:24:00.903 26583 WARNING rally_openstack.scenarios.neutron.utils [-] Running this scenario without either the 'network' or 'existing_network' context is deprecated
2019-07-22 21:24:07.849 26617 INFO rally.task.runner [-] Task 369d6172-3933-468c-ba55-4dd0716ebbfd | ITER: 28 END: OK
2019-07-22 21:24:08.486 26625 INFO rally.task.runner [-] Task 369d6172-3933-468c-ba55-4dd0716ebbfd | ITER: 21 END: OK
2019-07-22 21:24:08.956 26596 INFO rally.task.runner [-] Task 369d6172-3933-468c-ba55-4dd0716ebbfd | ITER: 26 END: OK
2019-07-22 21:24:09.109 26601 INFO rally.task.runner [-] Task 369d6172-3933-468c-ba55-4dd0716ebbfd | ITER: 23 END: OK
2019-07-22 21:24:09.359 26609 INFO rally.task.runner [-] Task 369d6172-3933-468c-ba55-4dd0716ebbfd | ITER: 22 END: OK
2019-07-22 21:24:09.550 26622 INFO rally.task.runner [-] Task 369d6172-3933-468c-ba55-4dd0716ebbfd | ITER: 25 END: OK
2019-07-22 21:24:09.565 26582 INFO rally.task.runner [-] Task 369d6172-3933-468c-ba55-4dd0716ebbfd | ITER: 29 END: OK
2019-07-22 21:24:09.686 26581 INFO rally.task.runner [-] Task 369d6172-3933-468c-ba55-4dd0716ebbfd | ITER: 24 END: OK
2019-07-22 21:24:09.780 26626 INFO rally.task.runner [-] Task 369d6172-3933-468c-ba55-4dd0716ebbfd | ITER: 27 END: OK
2019-07-22 21:24:10.308 26584 INFO rally.task.runner [-] Task 369d6172-3933-468c-ba55-4dd0716ebbfd | ITER: 33 END: OK
2019-07-22 21:24:10.338 26608 INFO rally.task.runner [-] Task 369d6172-3933-468c-ba55-4dd0716ebbfd | ITER: 34 END: OK
2019-07-22 21:24:10.426 26603 INFO rally.task.runner [-] Task 369d6172-3933-468c-ba55-4dd0716ebbfd | ITER: 31 END: OK
2019-07-22 21:24:10.816 26612 INFO rally.task.runner [-] Task 369d6172-3933-468c-ba55-4dd0716ebbfd | ITER: 36 END: OK
2019-07-22 21:24:10.985 26583 INFO rally.task.runner [-] Task 369d6172-3933-468c-ba55-4dd0716ebbfd | ITER: 37 END: OK
2019-07-22 21:24:11.311 26588 INFO rally.task.runner [-] Task 369d6172-3933-468c-ba55-4dd0716ebbfd | ITER: 38 END: OK
2019-07-22 21:24:11.320 26591 INFO rally.task.runner [-] Task 369d6172-3933-468c-ba55-4dd0716ebbfd | ITER: 30 END: OK
2019-07-22 21:24:11.345 26581 INFO rally.task.runner [-] Task 369d6172-3933-468c-ba55-4dd0716ebbfd | ITER: 39 END: OK
2019-07-22 21:24:12.242 26582 INFO rally.task.runner [-] Task 369d6172-3933-468c-ba55-4dd0716ebbfd | ITER: 35 END: OK
2019-07-22 21:24:12.891 26584 INFO rally.task.runner [-] Task 369d6172-3933-468c-ba55-4dd0716ebbfd | ITER: 32 END: OK
2019-07-22 21:24:13.573 26583 INFO rally.task.runner [-] Task 369d6172-3933-468c-ba55-4dd0716ebbfd | ITER: 40 END: OK
2019-07-22 21:24:13.597 22705 INFO rally.task.context [-] Task 369d6172-3933-468c-ba55-4dd0716ebbfd | Context cleanup@openstack cleanup() started
2019-07-22 21:24:13.599 22705 RALLYDEBUG rally_openstack.cleanup.manager [-] Cleaning up neutron vip objects
2019-07-22 21:24:14.248 22705 RALLYDEBUG rally_openstack.cleanup.manager [-] Cleaning up neutron health_monitor objects
2019-07-22 21:24:14.981 22705 RALLYDEBUG rally_openstack.cleanup.manager [-] Cleaning up neutron pool objects
2019-07-22 21:24:15.713 22705 RALLYDEBUG rally_openstack.cleanup.manager [-] Cleaning up neutron loadbalancer objects
2019-07-22 21:24:16.452 22705 RALLYDEBUG rally_openstack.cleanup.manager [-] Cleaning up neutron floatingip objects
2019-07-22 21:24:17.337 22705 RALLYDEBUG rally_openstack.cleanup.manager [-] Cleaning up neutron port objects
2019-07-22 21:24:18.553 22705 RALLYDEBUG rally_openstack.cleanup.manager [-] Deleting neutron.port object s_rally_74ba629a_90RFmgmU (01c9f51b-2d45-4640-a64d-03092e13e1b0)
2019-07-22 21:24:18.560 22705 RALLYDEBUG rally_openstack.cleanup.manager [-] Deleting neutron.port object s_rally_74ba629a_py7P0vGC (0de82acd-6366-4328-9c7d-02990d4adff3)
2019-07-22 21:24:18.561 22705 RALLYDEBUG rally_openstack.cleanup.manager [-] Deleting neutron.port object s_rally_74ba629a_34WihvZ2 (03150ca7-ca9d-4e71-858f-b62046996860)
2019-07-22 21:24:18.562 22705 RALLYDEBUG rally_openstack.cleanup.manager [-] Deleting neutron.port object s_rally_74ba629a_WIhbBeoD (06a5a8d8-ee01-4676-9b78-04fc7f8bfc43)
2019-07-22 21:24:18.563 22705 RALLYDEBUG rally_openstack.cleanup.manager [-] Deleting neutron.port object s_rally_74ba629a_t7Wn9XE9 (00f78214-efee-4077-89d0-590cbe91cbc5)
2019-07-22 21:24:18.567 22705 RALLYDEBUG rally_openstack.cleanup.manager [-] Deleting neutron.port object s_rally_74ba629a_qsk9jUHy (0e14b2a6-9a21-4bc6-a6d3-5e511a0f572e)
2019-07-22 21:24:18.568 22705 RALLYDEBUG rally_openstack.cleanup.manager [-] Deleting neutron.port object s_rally_74ba629a_1yJp3WY1 (020f26b0-62db-439a-928b-198d497056f7)
2019-07-22 21:24:18.571 22705 RALLYDEBUG rally_openstack.cleanup.manager [-] Deleting neutron.port object s_rally_74ba629a_ZgHqZWZ7 (0b9a3246-f45a-4783-9d05-63b108ee5540)
2019-07-22 21:24:18.573 22705 RALLYDEBUG rally_openstack.cleanup.manager [-] Deleting neutron.port object s_rally_74ba629a_Y3rjp5sm (06e37ede-6691-4ebb-89c9-ab5307598c52)
2019-07-22 21:24:18.573 22705 RALLYDEBUG rally_openstack.cleanup.manager [-] Deleting neutron.port object s_rally_74ba629a_O9Mi1lkE (0945beb1-51ab-4732-8b04-199883a98d14)
2019-07-22 21:24:18.597 22705 RALLYDEBUG rally_openstack.cleanup.manager [-] Deleting neutron.port object s_rally_74ba629a_ASS99Nkg (15d873a9-2f2b-40cb-a6cf-5da4d8175707)
2019-07-22 21:24:18.606 22705 RALLYDEBUG rally_openstack.cleanup.manager [-] Deleting neutron.port object s_rally_74ba629a_YZu0oynm (115ee96e-3c34-4b29-8257-d4fc3b5b8c04)
2019-07-22 21:24:18.608 22705 RALLYDEBUG rally_openstack.cleanup.manager [-] Deleting neutron.port object s_rally_74ba629a_hoBGjqQg (10073880-0ec3-409e-bc2b-0fd08e4009ab)
2019-07-22 21:24:18.614 22705 RALLYDEBUG rally_openstack.cleanup.manager [-] Deleting neutron.port object s_rally_74ba629a_FXmrzuc4 (16534283-2e90-4a57-9a8f-32103a3077b8)
2019-07-22 21:24:18.623 22705 RALLYDEBUG rally_openstack.cleanup.manager [-] Deleting neutron.port object s_rally_74ba629a_7rbnY3GY (16cac3a0-4c94-4d8c-a19f-a8af620382b1)
2019-07-22 21:24:18.633 22705 RALLYDEBUG rally_openstack.cleanup.manager [-] Deleting neutron.port object s_rally_74ba629a_lfyWr90g (17bca22e-abd5-40e5-b0af-a34245e117ca)
2019-07-22 21:24:18.666 22705 RALLYDEBUG rally_openstack.cleanup.manager [-] Deleting neutron.port object s_rally_74ba629a_UeYfZ5j8 (17ef31e0-f22a-4fa7-bc2c-ce30f4e9881b)
2019-07-22 21:24:18.687 22705 RALLYDEBUG rally_openstack.cleanup.manager [-] Deleting neutron.port object s_rally_74ba629a_bgecOCRs (181fdced-7fcc-4ed7-be7c-a3be074fd193)
2019-07-22 21:24:18.694 22705 RALLYDEBUG rally_openstack.cleanup.manager [-] Deleting neutron.port object s_rally_74ba629a_0yjgSHUW (18b3c448-dc50-414b-88b6-38450f28fbbf)
2019-07-22 21:24:18.720 22705 RALLYDEBUG rally_openstack.cleanup.manager [-] Deleting neutron.port object s_rally_74ba629a_5H1Gia0n (1a1f5eb0-5d36-4d1f-8551-f450f4697d5c)
2019-07-22 21:24:21.062 22705 RALLYDEBUG rally_openstack.cleanup.manager [-] Deleting neutron.port object s_rally_74ba629a_iIAUjUH0 (1e0670fc-975a-45a0-917c-33c3d2dd8b69)
2019-07-22 21:24:21.129 22705 RALLYDEBUG rally_openstack.cleanup.manager [-] Deleting neutron.port object s_rally_74ba629a_B3r9VSUs (1ffa3a59-e1e7-4dae-b2b6-e935020ccf7b)
2019-07-22 21:24:21.170 22705 RALLYDEBUG rally_openstack.cleanup.manager [-] Deleting neutron.port object s_rally_74ba629a_uTXahs8n (20cd0813-87aa-4dd3-8df4-44166efc254f)
2019-07-22 21:24:21.182 22705 RALLYDEBUG rally_openstack.cleanup.manager [-] Deleting neutron.port object s_rally_74ba629a_oK44nEYy (21c99308-a67f-48d5-977b-ef7d344304a7)
2019-07-22 21:24:21.240 22705 RALLYDEBUG rally_openstack.cleanup.manager [-] Deleting neutron.port object s_rally_74ba629a_4ZqpzuOh (224836ea-6d6a-4338-94a1-3f720f5f51c4)
2019-07-22 21:24:21.246 22705 RALLYDEBUG rally_openstack.cleanup.manager [-] Deleting neutron.port object s_rally_74ba629a_vLD45LH0 (230c7ecb-e3d1-4ab9-a7b0-c1848bad2503)
2019-07-22 21:24:21.262 22705 RALLYDEBUG rally_openstack.cleanup.manager [-] Deleting neutron.port object s_rally_74ba629a_vqPLiQu3 (24181508-2645-41b7-9d32-999af285737b)
2019-07-22 21:24:21.284 22705 RALLYDEBUG rally_openstack.cleanup.manager [-] Deleting neutron.port object s_rally_74ba629a_C1wyc9wk (24a94778-b86e-44f4-a364-1132d68b30f7)
2019-07-22 21:24:21.309 22705 RALLYDEBUG rally_openstack.cleanup.manager [-] Deleting neutron.port object s_rally_74ba629a_ytvEQOKG (258cde28-278b-4fc0-b747-13fa9dd97309)
2019-07-22 21:24:21.310 22705 RALLYDEBUG rally_openstack.cleanup.manager [-] Deleting neutron.port object s_rally_74ba629a_jH0q3yAc (261d586f-2da7-4cc0-b254-b1757689dc35)
2019-07-22 21:24:21.339 22705 RALLYDEBUG rally_openstack.cleanup.manager [-] Deleting neutron.port object s_rally_74ba629a_2oPxk1CT (28b92ad3-ef0a-45ba-81a7-ef13ac71d06d)
2019-07-22 21:24:21.391 22705 RALLYDEBUG rally_openstack.cleanup.manager [-] Deleting neutron.port object s_rally_74ba629a_DpYPxdOp (28d52fe6-8448-48f5-b90e-5dadc421dd52)
2019-07-22 21:24:21.413 22705 RALLYDEBUG rally_openstack.cleanup.manager [-] Deleting neutron.port object s_rally_74ba629a_LEjJoT53 (28dbea46-fe13-43aa-9e82-f0a1eaf9cbee)
2019-07-22 21:24:21.477 22705 RALLYDEBUG rally_openstack.cleanup.manager [-] Deleting neutron.port object s_rally_74ba629a_OXI5kgVo (29e2fa9e-d364-4b62-9668-ddd73f9e976e)
2019-07-22 21:24:21.541 22705 RALLYDEBUG rally_openstack.cleanup.manager [-] Deleting neutron.port object s_rally_74ba629a_Uk3r198h (2b2fa843-c811-4174-869b-09e2edfa6eb1)
2019-07-22 21:24:21.605 22705 RALLYDEBUG rally_openstack.cleanup.manager [-] Deleting neutron.port object s_rally_74ba629a_8oc59YNO (2c76ced4-1a1c-4a6a-9d1d-79c257e1043b)
2019-07-22 21:24:21.672 22705 RALLYDEBUG rally_openstack.cleanup.manager [-] Deleting neutron.port object s_rally_74ba629a_H31iYx9U (2cf38f89-0937-44f4-ac97-3168aa91a201)
2019-07-22 21:24:21.860 22705 RALLYDEBUG rally_openstack.cleanup.manager [-] Deleting neutron.port object s_rally_74ba629a_rusVNyVD (2d15ff44-8832-430e-8127-a7521bc7d7c6)
2019-07-22 21:24:22.066 22705 RALLYDEBUG rally_openstack.cleanup.manager [-] Deleting neutron.port object s_rally_74ba629a_YA4YUovu (2f5fd840-f56d-4eca-82ed-b45561a47594)
2019-07-22 21:24:22.068 22705 RALLYDEBUG rally_openstack.cleanup.manager [-] Deleting neutron.port object s_rally_74ba629a_JbABQCyy (30f2101f-1682-4eeb-9437-b768b4d24082)
2019-07-22 21:24:23.384 22705 RALLYDEBUG rally_openstack.cleanup.manager [-] Deleting neutron.port object s_rally_74ba629a_cE10j87q (314c311c-5e2c-48a5-ba44-a90753f20c85)
2019-07-22 21:24:23.497 22705 RALLYDEBUG rally_openstack.cleanup.manager [-] Deleting neutron.port object s_rally_74ba629a_W4orwLw9 (315fed25-5201-41ff-8920-2adce927552f)
2019-07-22 21:24:23.627 22705 RALLYDEBUG rally_openstack.cleanup.manager [-] Deleting neutron.port object s_rally_74ba629a_bBhDAvya (3271e319-40fd-4702-bc6b-ed5f76f45fd7)
2019-07-22 21:24:23.636 22705 RALLYDEBUG rally_openstack.cleanup.manager [-] Deleting neutron.port object s_rally_74ba629a_XCs2csHi (3561eb00-0e4f-43e1-bc24-87b6ee857c66)
2019-07-22 21:24:23.652 22705 RALLYDEBUG rally_openstack.cleanup.manager [-] Deleting neutron.port object s_rally_74ba629a_MgXC7RgY (37c3e777-0e79-45ea-b241-a4ba7a254fba)
2019-07-22 21:24:23.941 22705 RALLYDEBUG rally_openstack.cleanup.manager [-] Deleting neutron.port object s_rally_74ba629a_aRBvPZjr (3b192e2e-b78e-4146-a052-c466655ab5d9)
2019-07-22 21:24:23.962 22705 RALLYDEBUG rally_openstack.cleanup.manager [-] Deleting neutron.port object s_rally_74ba629a_u9YDS7A2 (3b35d24a-aef8-4daf-a244-82626b841670)
2019-07-22 21:24:23.975 22705 RALLYDEBUG rally_openstack.cleanup.manager [-] Deleting neutron.port object s_rally_74ba629a_PMctWCAC (3c5edd6f-aa65-48e5-9f3b-d2ab5563baa1)
2019-07-22 21:24:24.184 22705 RALLYDEBUG rally_openstack.cleanup.manager [-] Deleting neutron.port object s_rally_74ba629a_IXfzzfgE (3c849e77-d61a-4e3c-a7f0-1b756cab550f)
2019-07-22 21:24:24.227 22705 RALLYDEBUG rally_openstack.cleanup.manager [-] Deleting neutron.port object s_rally_74ba629a_pWVMpfwP (3ebc1387-4296-43ef-98a2-d7365b565e49)
2019-07-22 21:24:24.230 22705 RALLYDEBUG rally_openstack.cleanup.manager [-] Deleting neutron.port object s_rally_74ba629a_c4KctojI (3e15e850-b32c-439b-ae74-b972c1b4b288)
2019-07-22 21:24:24.265 22705 RALLYDEBUG rally_openstack.cleanup.manager [-] Deleting neutron.port object s_rally_74ba629a_c5u8qTpX (3f03b348-2da5-472d-be51-793d262d17ab)
2019-07-22 21:24:24.306 22705 RALLYDEBUG rally_openstack.cleanup.manager [-] Deleting neutron.port object s_rally_74ba629a_3m9bq4dA (41261ab5-ab7c-4caf-907e-48728b557a88)
2019-07-22 21:24:24.307 22705 RALLYDEBUG rally_openstack.cleanup.manager [-] Deleting neutron.port object s_rally_74ba629a_DxEi2Q4v (43e2b552-d26f-4e7f-aacb-902009988d05)
2019-07-22 21:24:24.472 22705 RALLYDEBUG rally_openstack.cleanup.manager [-] Deleting neutron.port object s_rally_74ba629a_uu0ceV4C (45acce7e-b609-49c5-8d06-3632e0c63ecd)
2019-07-22 21:24:24.487 22705 RALLYDEBUG rally_openstack.cleanup.manager [-] Deleting neutron.port object s_rally_74ba629a_hzk7yXCw (4726d564-0433-40c3-8bfe-a485483a629f)
2019-07-22 21:24:24.497 22705 RALLYDEBUG rally_openstack.cleanup.manager [-] Deleting neutron.port object s_rally_74ba629a_2A9E14cQ (47363372-6b43-4ee9-ad9b-79011b2051ef)
2019-07-22 21:24:24.826 22705 RALLYDEBUG rally_openstack.cleanup.manager [-] Deleting neutron.port object s_rally_74ba629a_CgIK2ANu (48c968dc-579b-4297-a316-810082bf4444)
2019-07-22 21:24:24.837 22705 RALLYDEBUG rally_openstack.cleanup.manager [-] Deleting neutron.port object s_rally_74ba629a_QSaBjx9b (493527a0-0d8a-40f8-ad68-ca9b44c2c54c)
2019-07-22 21:24:24.841 22705 RALLYDEBUG rally_openstack.cleanup.manager [-] Deleting neutron.port object s_rally_74ba629a_YAy2NG4P (498a695e-0d1f-457b-888a-06941e60e371)
2019-07-22 21:24:25.625 22705 RALLYDEBUG rally_openstack.cleanup.manager [-] Deleting neutron.port object s_rally_74ba629a_ES9thorC (4a0f3789-ec12-4c5f-8f8a-9db3070ec028)
2019-07-22 21:24:25.838 22705 RALLYDEBUG rally_openstack.cleanup.manager [-] Deleting neutron.port object s_rally_74ba629a_tHw1837N (4a1c02dc-b255-43f8-a6d1-903c89229ccd)
2019-07-22 21:24:25.858 22705 RALLYDEBUG rally_openstack.cleanup.manager [-] Deleting neutron.port object s_rally_74ba629a_ZpTpWQXc (4c505531-b569-4195-ac14-a847090879dc)
2019-07-22 21:24:25.956 22705 RALLYDEBUG rally_openstack.cleanup.manager [-] Deleting neutron.port object s_rally_74ba629a_LeYI9I06 (5391543b-1e60-4fbd-9160-944b0eb6f251)
2019-07-22 21:24:26.063 22705 RALLYDEBUG rally_openstack.cleanup.manager [-] Deleting neutron.port object s_rally_74ba629a_DvIg4Wya (5858897b-3582-4fbb-9e62-826b1977f5f6)
2019-07-22 21:24:26.351 22705 RALLYDEBUG rally_openstack.cleanup.manager [-] Deleting neutron.port object s_rally_74ba629a_a9gD6Tjv (5a288f87-759f-47f1-a456-e5b5ca5f152e)
2019-07-22 21:24:26.371 22705 RALLYDEBUG rally_openstack.cleanup.manager [-] Deleting neutron.port object s_rally_74ba629a_wcYGsCyw (5b228a86-8002-44e5-8b41-c8f0e172f64c)
