2019-07-22 21:10:35.357 24812 RALLYDEBUG rally.task.runner [-] Starting a worker. concurrency: 1 args: {"network_create_args": {}, "subnet_create_args": {}, "subnet_cidr_start": "1.1.0.0/30", "subnets_per_network": 2} times: 40 method_name: run timeout: 0 duration: None cls:
2019-07-22 21:10:35.357 24800 WARNING rally_openstack.scenarios.neutron.utils [-] Running this scenario without either the 'network' or 'existing_network' context is deprecated
2019-07-22 21:10:35.355 24801 WARNING rally_openstack.scenarios.neutron.utils [-] Running this scenario without either the 'network' or 'existing_network' context is deprecated
2019-07-22 21:10:35.362 24819 RALLYDEBUG rally.task.runner [-] Starting a worker. concurrency: 1 args: {"network_create_args": {}, "subnet_create_args": {}, "subnet_cidr_start": "1.1.0.0/30", "subnets_per_network": 2} times: 40 method_name: run timeout: 0 duration: None cls:
2019-07-22 21:10:35.363 24812 INFO rally.task.runner [-] Task 369d6172-3933-468c-ba55-4dd0716ebbfd | ITER: 10 START
2019-07-22 21:10:35.365 24812 WARNING rally_openstack.scenarios.neutron.utils [-] Running this scenario without either the 'network' or 'existing_network' context is deprecated
2019-07-22 21:10:35.363 24802 INFO rally.task.runner [-] Task 369d6172-3933-468c-ba55-4dd0716ebbfd | ITER: 8 START
2019-07-22 21:10:35.367 24819 INFO rally.task.runner [-] Task 369d6172-3933-468c-ba55-4dd0716ebbfd | ITER: 11 START
2019-07-22 21:10:35.367 24802 WARNING rally_openstack.scenarios.neutron.utils [-] Running this scenario without either the 'network' or 'existing_network' context is deprecated
2019-07-22 21:10:35.367 24820 RALLYDEBUG rally.task.runner [-] Starting a worker. concurrency: 1 args: {"network_create_args": {}, "subnet_create_args": {}, "subnet_cidr_start": "1.1.0.0/30", "subnets_per_network": 2} times: 40 method_name: run timeout: 0 duration: None cls:
2019-07-22 21:10:35.369 24819 WARNING rally_openstack.scenarios.neutron.utils [-] Running this scenario without either the 'network' or 'existing_network' context is deprecated
2019-07-22 21:10:35.373 24820 INFO rally.task.runner [-] Task 369d6172-3933-468c-ba55-4dd0716ebbfd | ITER: 12 START
2019-07-22 21:10:35.374 24820 WARNING rally_openstack.scenarios.neutron.utils [-] Running this scenario without either the 'network' or 'existing_network' context is deprecated
2019-07-22 21:10:35.376 24825 RALLYDEBUG rally.task.runner [-] Starting a worker. concurrency: 1 args: {"network_create_args": {}, "subnet_create_args": {}, "subnet_cidr_start": "1.1.0.0/30", "subnets_per_network": 2} times: 40 method_name: run timeout: 0 duration: None cls:
2019-07-22 21:10:35.382 24825 INFO rally.task.runner [-] Task 369d6172-3933-468c-ba55-4dd0716ebbfd | ITER: 13 START
2019-07-22 21:10:35.382 24828 RALLYDEBUG rally.task.runner [-] Starting a worker. concurrency: 1 args: {"network_create_args": {}, "subnet_create_args": {}, "subnet_cidr_start": "1.1.0.0/30", "subnets_per_network": 2} times: 40 method_name: run timeout: 0 duration: None cls:
2019-07-22 21:10:35.384 24825 WARNING rally_openstack.scenarios.neutron.utils [-] Running this scenario without either the 'network' or 'existing_network' context is deprecated
2019-07-22 21:10:35.388 24828 INFO rally.task.runner [-] Task 369d6172-3933-468c-ba55-4dd0716ebbfd | ITER: 14 START
2019-07-22 21:10:35.389 24828 WARNING rally_openstack.scenarios.neutron.utils [-] Running this scenario without either the 'network' or 'existing_network' context is deprecated
2019-07-22 21:10:35.396 24833 RALLYDEBUG rally.task.runner [-] Starting a worker. concurrency: 1 args: {"network_create_args": {}, "subnet_create_args": {}, "subnet_cidr_start": "1.1.0.0/30", "subnets_per_network": 2} times: 40 method_name: run timeout: 0 duration: None cls:
2019-07-22 21:10:35.402 24833 INFO rally.task.runner [-] Task 369d6172-3933-468c-ba55-4dd0716ebbfd | ITER: 15 START
2019-07-22 21:10:35.404 24833 WARNING rally_openstack.scenarios.neutron.utils [-] Running this scenario without either the 'network' or 'existing_network' context is deprecated
2019-07-22 21:10:35.406 24834 RALLYDEBUG rally.task.runner [-] Starting a worker. concurrency: 1 args: {"network_create_args": {}, "subnet_create_args": {}, "subnet_cidr_start": "1.1.0.0/30", "subnets_per_network": 2} times: 40 method_name: run timeout: 0 duration: None cls:
2019-07-22 21:10:35.409 24837 RALLYDEBUG rally.task.runner [-] Starting a worker. concurrency: 1 args: {"network_create_args": {}, "subnet_create_args": {}, "subnet_cidr_start": "1.1.0.0/30", "subnets_per_network": 2} times: 40 method_name: run timeout: 0 duration: None cls:
2019-07-22 21:10:35.411 24834 INFO rally.task.runner [-] Task 369d6172-3933-468c-ba55-4dd0716ebbfd | ITER: 16 START
2019-07-22 21:10:35.413 24834 WARNING rally_openstack.scenarios.neutron.utils [-] Running this scenario without either the 'network' or 'existing_network' context is deprecated
2019-07-22 21:10:35.413 24837 INFO rally.task.runner [-] Task 369d6172-3933-468c-ba55-4dd0716ebbfd | ITER: 17 START
2019-07-22 21:10:35.414 24837 WARNING rally_openstack.scenarios.neutron.utils [-] Running this scenario without either the 'network' or 'existing_network' context is deprecated
2019-07-22 21:10:35.416 24840 RALLYDEBUG rally.task.runner [-] Starting a worker. concurrency: 1 args: {"network_create_args": {}, "subnet_create_args": {}, "subnet_cidr_start": "1.1.0.0/30", "subnets_per_network": 2} times: 40 method_name: run timeout: 0 duration: None cls:
2019-07-22 21:10:35.421 24840 INFO rally.task.runner [-] Task 369d6172-3933-468c-ba55-4dd0716ebbfd | ITER: 18 START
2019-07-22 21:10:35.421 24843 RALLYDEBUG rally.task.runner [-] Starting a worker. concurrency: 1 args: {"network_create_args": {}, "subnet_create_args": {}, "subnet_cidr_start": "1.1.0.0/30", "subnets_per_network": 2} times: 40 method_name: run timeout: 0 duration: None cls:
2019-07-22 21:10:35.422 24840 WARNING rally_openstack.scenarios.neutron.utils [-] Running this scenario without either the 'network' or 'existing_network' context is deprecated
2019-07-22 21:10:35.423 24844 RALLYDEBUG rally.task.runner [-] Starting a worker. concurrency: 1 args: {"network_create_args": {}, "subnet_create_args": {}, "subnet_cidr_start": "1.1.0.0/30", "subnets_per_network": 2} times: 40 method_name: run timeout: 0 duration: None cls:
2019-07-22 21:10:35.425 24843 INFO rally.task.runner [-] Task 369d6172-3933-468c-ba55-4dd0716ebbfd | ITER: 19 START
2019-07-22 21:10:35.427 24843 WARNING rally_openstack.scenarios.neutron.utils [-] Running this scenario without either the 'network' or 'existing_network' context is deprecated
2019-07-22 21:10:35.427 24844 INFO rally.task.runner [-] Task 369d6172-3933-468c-ba55-4dd0716ebbfd | ITER: 20 START
2019-07-22 21:10:35.429 24844 WARNING rally_openstack.scenarios.neutron.utils [-] Running this scenario without either the 'network' or 'existing_network' context is deprecated
2019-07-22 21:10:37.209 24804 RALLYDEBUG rally_openstack.wrappers.network [-] CIDR generated: 1.1.4.96/30
2019-07-22 21:10:37.227 24801 RALLYDEBUG rally_openstack.wrappers.network [-] CIDR generated: 1.1.4.100/30
2019-07-22 21:10:37.257 24844 RALLYDEBUG rally_openstack.wrappers.network [-] CIDR generated: 1.1.4.104/30
2019-07-22 21:10:37.299 24802 RALLYDEBUG rally_openstack.wrappers.network [-] CIDR generated: 1.1.4.108/30
2019-07-22 21:10:37.438 24837 RALLYDEBUG rally_openstack.wrappers.network [-] CIDR generated: 1.1.4.112/30
2019-07-22 21:10:37.527 24833 RALLYDEBUG rally_openstack.wrappers.network [-] CIDR generated: 1.1.4.116/30
2019-07-22 21:10:37.550 24843 RALLYDEBUG rally_openstack.wrappers.network [-] CIDR generated: 1.1.4.120/30
2019-07-22 21:10:37.557 24828 RALLYDEBUG rally_openstack.wrappers.network [-] CIDR generated: 1.1.4.124/30
2019-07-22 21:10:37.560 24840 RALLYDEBUG rally_openstack.wrappers.network [-] CIDR generated: 1.1.4.128/30
2019-07-22 21:10:37.638 24799 RALLYDEBUG rally_openstack.wrappers.network [-] CIDR generated: 1.1.4.132/30
2019-07-22 21:10:37.658 24800 RALLYDEBUG rally_openstack.wrappers.network [-] CIDR generated: 1.1.4.136/30
2019-07-22 21:10:37.682 24812 RALLYDEBUG rally_openstack.wrappers.network [-] CIDR generated: 1.1.4.140/30
2019-07-22 21:10:37.711 24799 RALLYDEBUG rally_openstack.wrappers.network [-] CIDR generated: 1.1.4.144/30
2019-07-22 21:10:37.730 24819 RALLYDEBUG rally_openstack.wrappers.network [-] CIDR generated: 1.1.4.148/30
2019-07-22 21:10:37.820 24801 RALLYDEBUG rally_openstack.wrappers.network [-] CIDR generated: 1.1.4.152/30
2019-07-22 21:10:37.844 24825 RALLYDEBUG rally_openstack.wrappers.network [-] CIDR generated: 1.1.4.156/30
2019-07-22 21:10:37.903 24820 RALLYDEBUG rally_openstack.wrappers.network [-] CIDR generated: 1.1.4.160/30
2019-07-22 21:10:37.908 24802 RALLYDEBUG rally_openstack.wrappers.network [-] CIDR generated: 1.1.4.164/30
2019-07-22 21:10:37.929 24800 RALLYDEBUG rally_openstack.wrappers.network [-] CIDR generated: 1.1.4.168/30
2019-07-22 21:10:38.048 24834 RALLYDEBUG rally_openstack.wrappers.network [-] CIDR generated: 1.1.4.172/30
2019-07-22 21:10:38.868 24804 RALLYDEBUG rally_openstack.wrappers.network [-] CIDR generated: 1.1.4.176/30
2019-07-22 21:10:38.957 24801 RALLYDEBUG rally_openstack.wrappers.network [-] CIDR generated: 1.1.4.180/30
2019-07-22 21:10:38.993 24812 RALLYDEBUG rally_openstack.wrappers.network [-] CIDR generated: 1.1.4.184/30
2019-07-22 21:10:39.497 24844 RALLYDEBUG rally_openstack.wrappers.network [-] CIDR generated: 1.1.4.188/30
2019-07-22 21:10:39.598 24820 RALLYDEBUG rally_openstack.wrappers.network [-] CIDR generated: 1.1.4.192/30
2019-07-22 21:10:39.695 24833 RALLYDEBUG rally_openstack.wrappers.network [-] CIDR generated: 1.1.4.196/30
2019-07-22 21:10:40.047 24840 RALLYDEBUG rally_openstack.wrappers.network [-] CIDR generated: 1.1.4.200/30
2019-07-22 21:10:40.078 24799 RALLYDEBUG rally_openstack.wrappers.network [-] CIDR generated: 1.1.4.204/30
2019-07-22 21:10:40.096 24801 RALLYDEBUG rally_openstack.wrappers.network [-] CIDR generated: 1.1.4.208/30
2019-07-22 21:10:40.142 24843 RALLYDEBUG rally_openstack.wrappers.network [-] CIDR generated: 1.1.4.212/30
2019-07-22 21:10:40.428 24825 RALLYDEBUG rally_openstack.wrappers.network [-] CIDR generated: 1.1.4.216/30
2019-07-22 21:10:40.990 24828 RALLYDEBUG rally_openstack.wrappers.network [-] CIDR generated: 1.1.4.220/30
2019-07-22 21:10:41.219 24800 RALLYDEBUG rally_openstack.wrappers.network [-] CIDR generated: 1.1.4.224/30
2019-07-22 21:10:41.616 24802 RALLYDEBUG rally_openstack.wrappers.network [-] CIDR generated: 1.1.4.228/30
2019-07-22 21:10:41.856 24802 RALLYDEBUG rally_openstack.wrappers.network [-] CIDR generated: 1.1.4.232/30
2019-07-22 21:10:42.186 24819 RALLYDEBUG rally_openstack.wrappers.network [-] CIDR generated: 1.1.4.236/30
2019-07-22 21:10:42.575 24834 RALLYDEBUG rally_openstack.wrappers.network [-] CIDR generated: 1.1.4.240/30
2019-07-22 21:10:42.630 24799 RALLYDEBUG rally_openstack.wrappers.network [-] CIDR generated: 1.1.4.244/30
2019-07-22 21:10:42.707 24837 RALLYDEBUG rally_openstack.wrappers.network [-] CIDR generated: 1.1.4.248/30
2019-07-22 21:10:42.728 24800 RALLYDEBUG rally_openstack.wrappers.network [-] CIDR generated: 1.1.4.252/30
2019-07-22 21:10:44.967 24812 INFO rally.task.runner [-] Task 369d6172-3933-468c-ba55-4dd0716ebbfd | ITER: 10 END: OK
2019-07-22 21:10:44.972 24812 INFO rally.task.runner [-] Task 369d6172-3933-468c-ba55-4dd0716ebbfd | ITER: 21 START
2019-07-22 21:10:44.973 24812 WARNING rally_openstack.scenarios.neutron.utils [-] Running this scenario without either the 'network' or 'existing_network' context is deprecated
2019-07-22 21:10:45.141 24844 INFO rally.task.runner [-] Task 369d6172-3933-468c-ba55-4dd0716ebbfd | ITER: 20 END: OK
2019-07-22 21:10:45.146 24844 INFO rally.task.runner [-] Task 369d6172-3933-468c-ba55-4dd0716ebbfd | ITER: 22 START
2019-07-22 21:10:45.147 24844 WARNING rally_openstack.scenarios.neutron.utils [-] Running this scenario without either the 'network' or 'existing_network' context is deprecated
2019-07-22 21:10:45.448 24801 INFO rally.task.runner [-] Task 369d6172-3933-468c-ba55-4dd0716ebbfd | ITER: 5 END: OK
2019-07-22 21:10:45.452 24801 INFO rally.task.runner [-] Task 369d6172-3933-468c-ba55-4dd0716ebbfd | ITER: 23 START
2019-07-22 21:10:45.453 24801 WARNING rally_openstack.scenarios.neutron.utils [-] Running this scenario without either the 'network' or 'existing_network' context is deprecated
2019-07-22 21:10:45.904 24804 INFO rally.task.runner [-] Task 369d6172-3933-468c-ba55-4dd0716ebbfd | ITER: 9 END: OK
2019-07-22 21:10:45.904 24799 INFO rally.task.runner [-] Task 369d6172-3933-468c-ba55-4dd0716ebbfd | ITER: 3 END: OK
2019-07-22 21:10:45.908 24804 INFO rally.task.runner [-] Task 369d6172-3933-468c-ba55-4dd0716ebbfd | ITER: 24 START
2019-07-22 21:10:45.909 24804 WARNING rally_openstack.scenarios.neutron.utils [-] Running this scenario without either the 'network' or 'existing_network' context is deprecated
2019-07-22 21:10:45.909 24799 INFO rally.task.runner [-] Task 369d6172-3933-468c-ba55-4dd0716ebbfd | ITER: 25 START
2019-07-22 21:10:45.910 24799 WARNING rally_openstack.scenarios.neutron.utils [-] Running this scenario without either the 'network' or 'existing_network' context is deprecated
2019-07-22 21:10:46.493 24812 RALLYDEBUG rally_openstack.wrappers.network [-] CIDR generated: 1.1.5.0/30
2019-07-22 21:10:46.669 24844 RALLYDEBUG rally_openstack.wrappers.network [-] CIDR generated: 1.1.5.4/30
2019-07-22 21:10:46.930 24801 RALLYDEBUG rally_openstack.wrappers.network [-] CIDR generated: 1.1.5.8/30
2019-07-22 21:10:47.007 24833 INFO rally.task.runner [-] Task 369d6172-3933-468c-ba55-4dd0716ebbfd | ITER: 15 END: OK
2019-07-22 21:10:47.011 24833 INFO rally.task.runner [-] Task 369d6172-3933-468c-ba55-4dd0716ebbfd | ITER: 26 START
2019-07-22 21:10:47.012 24833 WARNING rally_openstack.scenarios.neutron.utils [-] Running this scenario without either the 'network' or 'existing_network' context is deprecated
2019-07-22 21:10:47.512 24804 RALLYDEBUG rally_openstack.wrappers.network [-] CIDR generated: 1.1.5.12/30
2019-07-22 21:10:47.548 24843 INFO rally.task.runner [-] Task 369d6172-3933-468c-ba55-4dd0716ebbfd | ITER: 19 END: OK
2019-07-22 21:10:47.553 24843 INFO rally.task.runner [-] Task 369d6172-3933-468c-ba55-4dd0716ebbfd | ITER: 27 START
2019-07-22 21:10:47.553 24843 WARNING rally_openstack.scenarios.neutron.utils [-] Running this scenario without either the 'network' or 'existing_network' context is deprecated
2019-07-22 21:10:47.677 24799 RALLYDEBUG rally_openstack.wrappers.network [-] CIDR generated: 1.1.5.16/30
2019-07-22 21:10:47.693 24840 INFO rally.task.runner [-] Task 369d6172-3933-468c-ba55-4dd0716ebbfd | ITER: 18 END: OK
2019-07-22 21:10:47.697 24840 INFO rally.task.runner [-] Task 369d6172-3933-468c-ba55-4dd0716ebbfd | ITER: 28 START
2019-07-22 21:10:47.698 24840 WARNING rally_openstack.scenarios.neutron.utils [-] Running this scenario without either the 'network' or 'existing_network' context is deprecated
2019-07-22 21:10:47.747 24825 INFO rally.task.runner [-] Task 369d6172-3933-468c-ba55-4dd0716ebbfd | ITER: 13 END: OK
2019-07-22 21:10:47.751 24825 INFO rally.task.runner [-] Task 369d6172-3933-468c-ba55-4dd0716ebbfd | ITER: 29 START
2019-07-22 21:10:47.751 24825 WARNING rally_openstack.scenarios.neutron.utils [-] Running this scenario without either the 'network' or 'existing_network' context is deprecated
2019-07-22 21:10:47.825 24801 INFO rally.task.runner [-] Task 369d6172-3933-468c-ba55-4dd0716ebbfd | ITER: 7 END: OK
2019-07-22 21:10:47.828 24801 INFO rally.task.runner [-] Task 369d6172-3933-468c-ba55-4dd0716ebbfd | ITER: 30 START
2019-07-22 21:10:47.829 24801 WARNING rally_openstack.scenarios.neutron.utils [-] Running this scenario without either the 'network' or 'existing_network' context is deprecated
2019-07-22 21:10:48.035 24837 INFO rally.task.runner [-] Task 369d6172-3933-468c-ba55-4dd0716ebbfd | ITER: 17 END: OK
2019-07-22 21:10:48.039 24837 INFO rally.task.runner [-] Task 369d6172-3933-468c-ba55-4dd0716ebbfd | ITER: 31 START
2019-07-22 21:10:48.040 24837 WARNING rally_openstack.scenarios.neutron.utils [-] Running this scenario without either the 'network' or 'existing_network' context is deprecated
2019-07-22 21:10:48.405 24800 INFO rally.task.runner [-] Task 369d6172-3933-468c-ba55-4dd0716ebbfd | ITER: 4 END: OK
2019-07-22 21:10:48.409 24800 INFO rally.task.runner [-] Task 369d6172-3933-468c-ba55-4dd0716ebbfd | ITER: 32 START
2019-07-22 21:10:48.410 24800 WARNING rally_openstack.scenarios.neutron.utils [-] Running this scenario without either the 'network' or 'existing_network' context is deprecated
2019-07-22 21:10:48.539 24844 RALLYDEBUG rally_openstack.wrappers.network [-] CIDR generated: 1.1.5.20/30
2019-07-22 21:10:48.616 24820 INFO rally.task.runner [-] Task 369d6172-3933-468c-ba55-4dd0716ebbfd | ITER: 12 END: OK
2019-07-22 21:10:48.620 24820 INFO rally.task.runner [-] Task 369d6172-3933-468c-ba55-4dd0716ebbfd | ITER: 33 START
2019-07-22 21:10:48.621 24820 WARNING rally_openstack.scenarios.neutron.utils [-] Running this scenario without either the 'network' or 'existing_network' context is deprecated
2019-07-22 21:10:48.756 24828 INFO rally.task.runner [-] Task 369d6172-3933-468c-ba55-4dd0716ebbfd | ITER: 14 END: OK
2019-07-22 21:10:48.760 24828 INFO rally.task.runner [-] Task 369d6172-3933-468c-ba55-4dd0716ebbfd | ITER: 34 START
2019-07-22 21:10:48.761 24828 WARNING rally_openstack.scenarios.neutron.utils [-] Running this scenario without either the 'network' or 'existing_network' context is deprecated
2019-07-22 21:10:48.761 24833 RALLYDEBUG rally_openstack.wrappers.network [-] CIDR generated: 1.1.5.24/30
2019-07-22 21:10:48.951 24802 INFO rally.task.runner [-] Task 369d6172-3933-468c-ba55-4dd0716ebbfd | ITER: 8 END: OK
2019-07-22 21:10:48.955 24802 INFO rally.task.runner [-] Task 369d6172-3933-468c-ba55-4dd0716ebbfd | ITER: 35 START
2019-07-22 21:10:48.956 24802 WARNING rally_openstack.scenarios.neutron.utils [-] Running this scenario without either the 'network' or 'existing_network' context is deprecated
2019-07-22 21:10:49.107 24843 RALLYDEBUG rally_openstack.wrappers.network [-] CIDR generated: 1.1.5.28/30
2019-07-22 21:10:49.377 24812 RALLYDEBUG rally_openstack.wrappers.network [-] CIDR generated: 1.1.5.32/30
2019-07-22 21:10:49.437 24801 RALLYDEBUG rally_openstack.wrappers.network [-] CIDR generated: 1.1.5.36/30
2019-07-22 21:10:49.442 24801 RALLYDEBUG rally_openstack.wrappers.network [-] CIDR generated: 1.1.5.40/30
2019-07-22 21:10:49.529 24825 RALLYDEBUG rally_openstack.wrappers.network [-] CIDR generated: 1.1.5.44/30
2019-07-22 21:10:49.695 24800 INFO rally.task.runner [-] Task 369d6172-3933-468c-ba55-4dd0716ebbfd | ITER: 2 END: OK
2019-07-22 21:10:49.699 24800 INFO rally.task.runner [-] Task 369d6172-3933-468c-ba55-4dd0716ebbfd | ITER: 36 START
2019-07-22 21:10:49.700 24800 WARNING rally_openstack.scenarios.neutron.utils [-] Running this scenario without either the 'network' or 'existing_network' context is deprecated
2019-07-22 21:10:49.823 24802 INFO rally.task.runner [-] Task 369d6172-3933-468c-ba55-4dd0716ebbfd | ITER: 6 END: OK
2019-07-22 21:10:49.827 24802 INFO rally.task.runner [-] Task 369d6172-3933-468c-ba55-4dd0716ebbfd | ITER: 37 START
2019-07-22 21:10:49.827 24802 WARNING rally_openstack.scenarios.neutron.utils [-] Running this scenario without either the 'network' or 'existing_network' context is deprecated
2019-07-22 21:10:49.939 24840 RALLYDEBUG rally_openstack.wrappers.network [-] CIDR generated: 1.1.5.48/30
2019-07-22 21:10:49.941 24819 INFO rally.task.runner [-] Task 369d6172-3933-468c-ba55-4dd0716ebbfd | ITER: 11 END: OK
2019-07-22 21:10:49.946 24819 INFO rally.task.runner [-] Task 369d6172-3933-468c-ba55-4dd0716ebbfd | ITER: 38 START
2019-07-22 21:10:49.946 24819 WARNING rally_openstack.scenarios.neutron.utils [-] Running this scenario without either the 'network' or 'existing_network' context is deprecated
2019-07-22 21:10:50.187 24837 RALLYDEBUG rally_openstack.wrappers.network [-] CIDR generated: 1.1.5.52/30
2019-07-22 21:10:50.194 24799 INFO rally.task.runner [-] Task 369d6172-3933-468c-ba55-4dd0716ebbfd | ITER: 1 END: OK
2019-07-22 21:10:50.198 24799 INFO rally.task.runner [-] Task 369d6172-3933-468c-ba55-4dd0716ebbfd | ITER: 39 START
2019-07-22 21:10:50.198 24799 WARNING rally_openstack.scenarios.neutron.utils [-] Running this scenario without either the 'network' or 'existing_network' context is deprecated
2019-07-22 21:10:50.712 24800 RALLYDEBUG rally_openstack.wrappers.network [-] CIDR generated: 1.1.5.56/30
2019-07-22 21:10:50.899 24820 RALLYDEBUG rally_openstack.wrappers.network [-] CIDR generated: 1.1.5.60/30
2019-07-22 21:10:51.059 24804 RALLYDEBUG rally_openstack.wrappers.network [-] CIDR generated: 1.1.5.64/30
2019-07-22 21:10:51.146 24828 RALLYDEBUG rally_openstack.wrappers.network [-] CIDR generated: 1.1.5.68/30
2019-07-22 21:10:51.158 24802 RALLYDEBUG rally_openstack.wrappers.network [-] CIDR generated: 1.1.5.72/30
2019-07-22 21:10:51.242 24834 INFO rally.task.runner [-] Task 369d6172-3933-468c-ba55-4dd0716ebbfd | ITER: 16 END: OK
2019-07-22 21:10:51.247 24834 INFO rally.task.runner [-] Task 369d6172-3933-468c-ba55-4dd0716ebbfd | ITER: 40 START
2019-07-22 21:10:51.247 24834 WARNING rally_openstack.scenarios.neutron.utils [-] Running this scenario without either the 'network' or 'existing_network' context is deprecated
2019-07-22 21:10:51.808 24799 RALLYDEBUG rally_openstack.wrappers.network [-] CIDR generated: 1.1.5.76/30
2019-07-22 21:10:52.156 24800 RALLYDEBUG rally_openstack.wrappers.network [-] CIDR generated: 1.1.5.80/30
2019-07-22 21:10:52.194 24802 RALLYDEBUG rally_openstack.wrappers.network [-] CIDR generated: 1.1.5.84/30
2019-07-22 21:10:52.221 24819 RALLYDEBUG rally_openstack.wrappers.network [-] CIDR generated: 1.1.5.88/30
2019-07-22 21:10:52.568 24799 RALLYDEBUG rally_openstack.wrappers.network [-] CIDR generated: 1.1.5.92/30
2019-07-22 21:10:52.979 24825 RALLYDEBUG rally_openstack.wrappers.network [-] CIDR generated: 1.1.5.96/30
2019-07-22 21:10:53.017 24801 RALLYDEBUG rally_openstack.wrappers.network [-] CIDR generated: 1.1.5.100/30
2019-07-22 21:10:53.338 24833 RALLYDEBUG rally_openstack.wrappers.network [-] CIDR generated: 1.1.5.104/30
2019-07-22 21:10:53.357 24834 RALLYDEBUG rally_openstack.wrappers.network [-] CIDR generated: 1.1.5.108/30
2019-07-22 21:10:53.591 24843 RALLYDEBUG rally_openstack.wrappers.network [-] CIDR generated: 1.1.5.112/30
2019-07-22 21:10:53.700 24840 RALLYDEBUG rally_openstack.wrappers.network [-] CIDR generated: 1.1.5.116/30
2019-07-22 21:10:53.751 24837 RALLYDEBUG rally_openstack.wrappers.network [-] CIDR generated: 1.1.5.120/30
2019-07-22 21:10:54.187 24819 RALLYDEBUG rally_openstack.wrappers.network [-] CIDR generated: 1.1.5.124/30
2019-07-22 21:10:54.358 24828 RALLYDEBUG rally_openstack.wrappers.network [-] CIDR generated: 1.1.5.128/30
2019-07-22 21:10:54.484 24820 RALLYDEBUG rally_openstack.wrappers.network [-] CIDR generated: 1.1.5.132/30
2019-07-22 21:10:54.568 24802 RALLYDEBUG rally_openstack.wrappers.network [-] CIDR generated: 1.1.5.136/30
2019-07-22 21:10:54.692 24800 RALLYDEBUG rally_openstack.wrappers.network [-] CIDR generated: 1.1.5.140/30
2019-07-22 21:10:55.288 24802 RALLYDEBUG rally_openstack.wrappers.network [-] CIDR generated: 1.1.5.144/30
2019-07-22 21:10:55.315 24844 INFO rally.task.runner [-] Task 369d6172-3933-468c-ba55-4dd0716ebbfd | ITER: 22 END: OK
2019-07-22 21:10:55.408 24812 INFO rally.task.runner [-] Task 369d6172-3933-468c-ba55-4dd0716ebbfd | ITER: 21 END: OK
2019-07-22 21:10:56.088 24800 RALLYDEBUG rally_openstack.wrappers.network [-] CIDR generated: 1.1.5.148/30
2019-07-22 21:10:56.954 24801 INFO rally.task.runner [-] Task 369d6172-3933-468c-ba55-4dd0716ebbfd | ITER: 23 END: OK
2019-07-22 21:10:57.281 24799 RALLYDEBUG rally_openstack.wrappers.network [-] CIDR generated: 1.1.5.152/30
2019-07-22 21:10:57.370 24834 RALLYDEBUG rally_openstack.wrappers.network [-] CIDR generated: 1.1.5.156/30
2019-07-22 21:10:58.737 24804 INFO rally.task.runner [-] Task 369d6172-3933-468c-ba55-4dd0716ebbfd | ITER: 24 END: OK
2019-07-22 21:10:58.856 24799 INFO rally.task.runner [-] Task 369d6172-3933-468c-ba55-4dd0716ebbfd | ITER: 25 END: OK
2019-07-22 21:10:59.282 24825 INFO rally.task.runner [-] Task 369d6172-3933-468c-ba55-4dd0716ebbfd | ITER: 29 END: OK
2019-07-22 21:10:59.289 24833 INFO rally.task.runner [-] Task 369d6172-3933-468c-ba55-4dd0716ebbfd | ITER: 26 END: OK
2019-07-22 21:10:59.707 24837 INFO rally.task.runner [-] Task 369d6172-3933-468c-ba55-4dd0716ebbfd | ITER: 31 END: OK
2019-07-22 21:11:00.067 24840 INFO rally.task.runner [-] Task 369d6172-3933-468c-ba55-4dd0716ebbfd | ITER: 28 END: OK
2019-07-22 21:11:00.608 24801 INFO rally.task.runner [-] Task 369d6172-3933-468c-ba55-4dd0716ebbfd | ITER: 30 END: OK
2019-07-22 21:11:00.634 24843 INFO rally.task.runner [-] Task 369d6172-3933-468c-ba55-4dd0716ebbfd | ITER: 27 END: OK
2019-07-22 21:11:01.100 24800 INFO rally.task.runner [-] Task 369d6172-3933-468c-ba55-4dd0716ebbfd | ITER: 32 END: OK
2019-07-22 21:11:01.102 24802 INFO rally.task.runner [-] Task 369d6172-3933-468c-ba55-4dd0716ebbfd | ITER: 37 END: OK
2019-07-22 21:11:01.173 24820 INFO rally.task.runner [-] Task 369d6172-3933-468c-ba55-4dd0716ebbfd | ITER: 33 END: OK
2019-07-22 21:11:01.461 24800 INFO rally.task.runner [-] Task 369d6172-3933-468c-ba55-4dd0716ebbfd | ITER: 36 END: OK
2019-07-22 21:11:01.478 24828 INFO rally.task.runner [-] Task 369d6172-3933-468c-ba55-4dd0716ebbfd | ITER: 34 END: OK
2019-07-22 21:11:01.565 24802 INFO rally.task.runner [-] Task 369d6172-3933-468c-ba55-4dd0716ebbfd | ITER: 35 END: OK
2019-07-22 21:11:01.835 24819 INFO rally.task.runner [-] Task 369d6172-3933-468c-ba55-4dd0716ebbfd | ITER: 38 END: OK
2019-07-22 21:11:01.862 24834 INFO rally.task.runner [-] Task 369d6172-3933-468c-ba55-4dd0716ebbfd | ITER: 40 END: OK
2019-07-22 21:11:02.749 24799 INFO rally.task.runner [-] Task 369d6172-3933-468c-ba55-4dd0716ebbfd | ITER: 39 END: OK
2019-07-22 21:11:02.777 22705 INFO rally.task.context [-] Task 369d6172-3933-468c-ba55-4dd0716ebbfd | Context cleanup@openstack cleanup() started
2019-07-22 21:11:02.779 22705 RALLYDEBUG rally_openstack.cleanup.manager [-] Cleaning up neutron vip objects
2019-07-22 21:11:03.437 22705 RALLYDEBUG rally_openstack.cleanup.manager [-] Cleaning up neutron health_monitor objects
2019-07-22 21:11:04.210 22705 RALLYDEBUG rally_openstack.cleanup.manager [-] Cleaning up neutron pool objects
2019-07-22 21:11:04.962 22705 RALLYDEBUG rally_openstack.cleanup.manager [-] Cleaning up neutron loadbalancer objects
2019-07-22 21:11:05.705 22705 RALLYDEBUG rally_openstack.cleanup.manager [-] Cleaning up neutron floatingip objects
2019-07-22 21:11:06.510 22705 RALLYDEBUG rally_openstack.cleanup.manager [-] Cleaning up neutron port objects
2019-07-22 21:11:07.479 22705 RALLYDEBUG rally_openstack.cleanup.manager [-] Cleaning up neutron subnet objects
2019-07-22 21:11:08.273 22705 RALLYDEBUG rally_openstack.cleanup.manager [-] Cleaning up neutron network objects
2019-07-22 21:11:09.215 22705 RALLYDEBUG rally_openstack.cleanup.manager [-] Deleting neutron.network object s_rally_55a267c2_bJABnVRi (0e8cfabf-fbcb-4542-bbd5-3b2d5ae22035)
2019-07-22 21:11:09.221 22705 RALLYDEBUG rally_openstack.cleanup.manager [-] Deleting neutron.network object s_rally_55a267c2_MirpSg5e (105750de-676b-41fa-a7b0-b8d1c45ffab1)
2019-07-22 21:11:09.230 22705 RALLYDEBUG rally_openstack.cleanup.manager [-] Deleting neutron.network object s_rally_55a267c2_M6UQBM5w (11708ff5-2a14-40aa-b5ea-b06199f113e9)
2019-07-22 21:11:09.235 22705 RALLYDEBUG rally_openstack.cleanup.manager [-] Deleting neutron.network object s_rally_55a267c2_9ne3ANHf (127e1caa-00fd-4771-8fb8-b456aef8a029)
2019-07-22 21:11:09.252 22705 RALLYDEBUG rally_openstack.cleanup.manager [-] Deleting neutron.network object s_rally_55a267c2_0n1YOZon (17fe9f82-2e97-4f93-bc20-32be6bd49e08)
2019-07-22 21:11:09.269 22705 RALLYDEBUG rally_openstack.cleanup.manager [-] Deleting neutron.network object s_rally_55a267c2_kZvuStOc (1e6a3e13-4320-405e-9a13-9878fec553b2)
2019-07-22 21:11:09.270 22705 RALLYDEBUG rally_openstack.cleanup.manager [-] Deleting neutron.network object s_rally_55a267c2_rEDSX3PT (2095c475-24e7-42a3-81f6-a17405563e10)
2019-07-22 21:11:09.273 22705 RALLYDEBUG rally_openstack.cleanup.manager [-] Deleting neutron.network object s_rally_55a267c2_QP2Ht5zB (224559c1-1ac0-4305-b659-0ae8878b92bc)
2019-07-22 21:11:09.274 22705 RALLYDEBUG rally_openstack.cleanup.manager [-] Deleting neutron.network object s_rally_55a267c2_9AZYDKRd (409fe099-6d61-4d7d-996b-0369e553c32b)
2019-07-22 21:11:09.296 22705 RALLYDEBUG rally_openstack.cleanup.manager [-] Deleting neutron.network object s_rally_55a267c2_lgY7bRG4 (623c4377-cd6d-4f21-af5c-5a8c6a5be3bb)
2019-07-22 21:11:09.307 22705 RALLYDEBUG rally_openstack.cleanup.manager [-] Deleting neutron.network object s_rally_55a267c2_1F8VzCXB (640648b9-0ce5-4c2e-8195-9715db49a0a1)
2019-07-22 21:11:09.316 22705 RALLYDEBUG rally_openstack.cleanup.manager [-] Deleting neutron.network object s_rally_55a267c2_YJX2VExq (6c3c4e40-9ab9-4f5a-958f-f7d4a67892c9)
2019-07-22 21:11:09.323 22705 RALLYDEBUG rally_openstack.cleanup.manager [-] Deleting neutron.network object s_rally_55a267c2_Pgz6yPL9 (6840c101-9373-42d6-bdfa-f4cfb5aaf007)
2019-07-22 21:11:09.337 22705 RALLYDEBUG rally_openstack.cleanup.manager [-] Deleting neutron.network object s_rally_55a267c2_PQhdcZGZ (705071db-9509-4dda-a3d0-9a538e67a34c)
2019-07-22 21:11:09.344 22705 RALLYDEBUG rally_openstack.cleanup.manager [-] Deleting neutron.network object s_rally_55a267c2_RvmoD3ld (71a04117-32fa-4e01-be3d-ff0279a98790)
2019-07-22 21:11:09.365 22705 RALLYDEBUG rally_openstack.cleanup.manager [-] Deleting neutron.network object s_rally_55a267c2_x0QCZJAV (7f37f59b-bb79-4c2b-a78e-62175d42845e)
2019-07-22 21:11:09.384 22705 RALLYDEBUG rally_openstack.cleanup.manager [-] Deleting neutron.network object s_rally_55a267c2_8vEPp2Zj (7d71a2ac-89c8-4f8c-a5d9-c9b6efb004fe)
2019-07-22 21:11:09.397 22705 RALLYDEBUG rally_openstack.cleanup.manager [-] Deleting neutron.network object s_rally_55a267c2_nE19fBaE (8849e17b-2e8e-47f0-837e-34829b861b90)
2019-07-22 21:11:09.398 22705 RALLYDEBUG rally_openstack.cleanup.manager [-] Deleting neutron.network object s_rally_55a267c2_Ee4DLG0A (91783d60-2478-4205-9f0d-be5f74a46fed)
2019-07-22 21:11:09.413 22705 RALLYDEBUG rally_openstack.cleanup.manager [-] Deleting neutron.network object s_rally_55a267c2_b5WJiSIV (a4b07cee-6e7b-4521-a7c1-87b686e4b6fa)
2019-07-22 21:11:12.227 22705 RALLYDEBUG rally_openstack.cleanup.manager [-] Deleting neutron.network object s_rally_55a267c2_6mHglhPD (a4bc71ae-163d-42bc-aad5-e7399bb9cad8)
2019-07-22 21:11:12.356 22705 RALLYDEBUG rally_openstack.cleanup.manager [-] Deleting neutron.network object s_rally_55a267c2_1xbjhCeJ (a5757cea-87c0-40ff-872a-769e63a79659)
2019-07-22 21:11:12.693 22705 RALLYDEBUG rally_openstack.cleanup.manager [-] Deleting neutron.network object s_rally_55a267c2_hTDdtlhP (b3706bdb-6be6-4c95-88d7-f5789cba2a0f)
2019-07-22 21:11:12.700 22705 RALLYDEBUG rally_openstack.cleanup.manager [-] Deleting neutron.network object s_rally_55a267c2_D2doafSK (baea3286-3b98-42e8-950b-cdadb49b5d51)
2019-07-22 21:11:12.712 22705 RALLYDEBUG rally_openstack.cleanup.manager [-] Deleting neutron.network object s_rally_55a267c2_c8Rx5A6W (bbaee2ba-b89a-40d7-81fc-1bf63388dc76)
2019-07-22 21:11:12.753 22705 RALLYDEBUG rally_openstack.cleanup.manager [-] Deleting neutron.network object s_rally_55a267c2_GCwXwriX (bd0ff2de-8e37-45a1-a30b-56af6d4b8798)
2019-07-22 21:11:12.797 22705 RALLYDEBUG rally_openstack.cleanup.manager [-] Deleting neutron.network object s_rally_55a267c2_jB2H7UGC (c00ab56e-9bf8-47cc-b52c-d6595849f834)
2019-07-22 21:11:12.856 22705 RALLYDEBUG rally_openstack.cleanup.manager [-] Deleting neutron.network object s_rally_55a267c2_k1BZVfjs (c047da58-9dd9-4918-bf71-ba8ee3ccdfd2)
2019-07-22 21:11:13.051 22705 RALLYDEBUG rally_openstack.cleanup.manager [-] Deleting neutron.network object s_rally_55a267c2_nxfLDhPz (c21cd202-df94-401b-8852-cc38991fc418)
2019-07-22 21:11:13.090 22705 RALLYDEBUG rally_openstack.cleanup.manager [-] Deleting neutron.network object s_rally_55a267c2_nsBUNl8H (c3bade3c-3a41-44fb-9f2d-0f9b029ed144)
2019-07-22 21:11:13.131 22705 RALLYDEBUG rally_openstack.cleanup.manager [-] Deleting neutron.network object s_rally_55a267c2_EitpOtY9 (cc9eb2c2-d3c6-407e-a321-ea864f4cafe9)
2019-07-22 21:11:13.253 22705 RALLYDEBUG rally_openstack.cleanup.manager [-] Deleting neutron.network object s_rally_55a267c2_dOvRiVlq (d65054fa-125e-488b-bdb4-00849381dd10)
2019-07-22 21:11:13.308 22705 RALLYDEBUG rally_openstack.cleanup.manager [-] Deleting neutron.network object s_rally_55a267c2_fn5DkeGm (dc7b7e5f-e585-4a08-a4c0-b0aba3d5cdb4)
2019-07-22 21:11:13.536 22705 RALLYDEBUG rally_openstack.cleanup.manager [-] Deleting neutron.network object s_rally_55a267c2_rflSEnIo (dcd5905d-ea80-4ed4-b6bd-7dd1eef26648)
2019-07-22 21:11:13.606 22705 RALLYDEBUG rally_openstack.cleanup.manager [-] Deleting neutron.network object s_rally_55a267c2_aqpwR5wa (e5506b57-b456-4d56-b1f3-9b2adb4ea5ad)
2019-07-22 21:11:13.625 22705 RALLYDEBUG rally_openstack.cleanup.manager [-] Deleting neutron.network object s_rally_55a267c2_rwVnabT7 (e747a107-7fdc-466f-a348-901d8ef129c9)
2019-07-22 21:11:14.008 22705 RALLYDEBUG rally_openstack.cleanup.manager [-] Deleting neutron.network object s_rally_55a267c2_qtvsyqpD (eec0d025-7aba-4cab-9ce3-fe039d2c9508)
2019-07-22 21:11:14.044 22705 RALLYDEBUG rally_openstack.cleanup.manager [-] Deleting neutron.network object s_rally_55a267c2_7mhFZMXQ (f156e83f-b4a7-4f56-99db-290e65a18a76)
2019-07-22 21:11:14.473 22705 RALLYDEBUG rally_openstack.cleanup.manager [-] Deleting neutron.network object s_rally_55a267c2_k86Zf6mK (f2ea0c78-4e13-4036-a024-1a3e1bcaa0a8)
2019-07-22 21:11:14.806 22705 RALLYDEBUG rally_openstack.cleanup.manager [-] Deleting neutron.network object s_rally_55a267c2_qCnbeulU (f606f58c-4a5e-4a0c-9c1d-1da2dbfce84b)
2019-07-22 21:11:17.951 22705 RALLYDEBUG rally_openstack.cleanup.manager [-] Cleaning up neutron router objects
2019-07-22 21:11:18.642 22705 RALLYDEBUG rally_openstack.cleanup.manager [-] Cleaning up neutron security_group objects
2019-07-22 21:11:19.316 22705 INFO rally.task.context [-] Task 369d6172-3933-468c-ba55-4dd0716ebbfd | Context cleanup@openstack cleanup() finished in 16.54 sec
2019-07-22 21:11:19.316 22705 INFO rally.task.context [-] Task 369d6172-3933-468c-ba55-4dd0716ebbfd | Context quotas@openstack cleanup() started
2019-07-22 21:11:19.560 22705 INFO rally.task.context [-] Task 369d6172-3933-468c-ba55-4dd0716ebbfd | Context quotas@openstack cleanup() finished in 0.24 sec
2019-07-22 21:11:19.561 22705 INFO rally.task.context [-] Task 369d6172-3933-468c-ba55-4dd0716ebbfd | Context users@openstack cleanup() started
2019-07-22 21:11:25.216 22705 INFO rally.task.context [-] Task 369d6172-3933-468c-ba55-4dd0716ebbfd | Context users@openstack cleanup() finished in 5.65 sec
2019-07-22 21:11:26.254 22705 INFO rally.task.engine [-] Load duration is: 27.401946
2019-07-22 21:11:26.255 22705 INFO rally.task.engine [-] Full runner duration is: 27.454601
2019-07-22 21:11:26.255 22705 INFO rally.task.engine [-] Full duration is: 55.167582
2019-07-22 21:11:26.511 22705 INFO rally.task.engine [-] Running workload: position = 0 config = { "version": 2, "title": "A cropped version of a bigger task.", "description": "Auto-generated task from a single workload (uuid=7b883e8d-8c5f-41c2-98ef-5dbed92c8fe1)", "subtasks": [ { "title": "NeutronNetworks.create_and_list_routers", "description": "Create and a given number of routers and list all routers.", "scenario": { "NeutronNetworks.create_and_list_routers": { "network_create_args": null, "subnet_create_args": null, "subnet_cidr_start": "1.1.0.0/30", "subnets_per_network": 2, "router_create_args": null } }, "contexts": { "users": { "tenants": 1, "users_per_tenant": 1 }, "quotas": { "neutron": { "network": -1, "subnet": -1, "router": -1 } } }, "runner": { "constant": { "times": 40, "concurrency": 20 } }, "hooks": [], "sla": { "failure_rate": { "max": 0 } } } ] }
2019-07-22 21:11:26.533 22705 RALLYDEBUG rally_openstack.contexts.keystone.users [-] Creating 1 tenants using 20 threads
2019-07-22 21:11:28.480 22705 RALLYDEBUG rally_openstack.contexts.keystone.users [-] Creating 1 users using 20 threads
2019-07-22 21:11:31.215 22705 INFO rally.task.context [-] Task 369d6172-3933-468c-ba55-4dd0716ebbfd | Context users@openstack setup() finished in 4.68 sec
2019-07-22 21:11:31.997 22705 INFO rally.task.context [-] Task 369d6172-3933-468c-ba55-4dd0716ebbfd | Context quotas@openstack setup() finished in 0.78 sec
2019-07-22 21:11:31.997 22705 INFO rally.task.context [-] Task 369d6172-3933-468c-ba55-4dd0716ebbfd | Context cleanup@openstack setup() finished in 0.01 msec
2019-07-22 21:11:32.005 22705 RALLYDEBUG rally.task.runner [-] Starting the constant runner (task UUID: 369d6172-3933-468c-ba55-4dd0716ebbfd). timeout: 0 concurrency: 20 concurrency_per_worker: 1 times: 40 concurrency_overhead: 4 processes_to_start: 16 max_cpu_used: 16
2019-07-22 21:11:32.015 25169 RALLYDEBUG rally.task.runner [-] Starting a worker. concurrency: 2 args: {"network_create_args": null, "subnet_create_args": null, "subnet_cidr_start": "1.1.0.0/30", "subnets_per_network": 2, "router_create_args": null} times: 40 method_name: run timeout: 0 duration: None cls:
2019-07-22 21:11:32.019 25169 INFO rally.task.runner [-] Task 369d6172-3933-468c-ba55-4dd0716ebbfd | ITER: 1 START
2019-07-22 21:11:32.021 25170 RALLYDEBUG rally.task.runner [-] Starting a worker. concurrency: 2 args: {"network_create_args": null, "subnet_create_args": null, "subnet_cidr_start": "1.1.0.0/30", "subnets_per_network": 2, "router_create_args": null} times: 40 method_name: run timeout: 0 duration: None cls:
2019-07-22 21:11:32.024 25171 RALLYDEBUG rally.task.runner [-] Starting a worker. concurrency: 2 args: {"network_create_args": null, "subnet_create_args": null, "subnet_cidr_start": "1.1.0.0/30", "subnets_per_network": 2, "router_create_args": null} times: 40 method_name: run timeout: 0 duration: None cls:
2019-07-22 21:11:32.027 25175 RALLYDEBUG rally.task.runner [-] Starting a worker. concurrency: 1 args: {"network_create_args": null, "subnet_create_args": null, "subnet_cidr_start": "1.1.0.0/30", "subnets_per_network": 2, "router_create_args": null} times: 40 method_name: run timeout: 0 duration: None cls:
2019-07-22 21:11:32.027 25174 RALLYDEBUG rally.task.runner [-] Starting a worker. concurrency: 2 args: {"network_create_args": null, "subnet_create_args": null, "subnet_cidr_start": "1.1.0.0/30", "subnets_per_network": 2, "router_create_args": null} times: 40 method_name: run timeout: 0 duration: None cls:
2019-07-22 21:11:32.030 25175 INFO rally.task.runner [-] Task 369d6172-3933-468c-ba55-4dd0716ebbfd | ITER: 6 START
2019-07-22 21:11:32.029 25170 INFO rally.task.runner [-] Task 369d6172-3933-468c-ba55-4dd0716ebbfd | ITER: 3 START
2019-07-22 21:11:32.033 25169 INFO rally.task.runner [-] Task 369d6172-3933-468c-ba55-4dd0716ebbfd | ITER: 2 START
2019-07-22 21:11:32.033 25171 INFO rally.task.runner [-] Task 369d6172-3933-468c-ba55-4dd0716ebbfd | ITER: 8 START
2019-07-22 21:11:32.033 25174 INFO rally.task.runner [-] Task 369d6172-3933-468c-ba55-4dd0716ebbfd | ITER: 7 START
2019-07-22 21:11:32.033 25171 INFO rally.task.runner [-] Task 369d6172-3933-468c-ba55-4dd0716ebbfd | ITER: 5 START
2019-07-22 21:11:32.034 25177 RALLYDEBUG rally.task.runner [-] Starting a worker. concurrency: 1 args: {"network_create_args": null, "subnet_create_args": null, "subnet_cidr_start": "1.1.0.0/30", "subnets_per_network": 2, "router_create_args": null} times: 40 method_name: run timeout: 0 duration: None cls:
2019-07-22 21:11:32.033 25170 INFO rally.task.runner [-] Task 369d6172-3933-468c-ba55-4dd0716ebbfd | ITER: 4 START
2019-07-22 21:11:32.037 25183 RALLYDEBUG rally.task.runner [-] Starting a worker. concurrency: 1 args: {"network_create_args": null, "subnet_create_args": null, "subnet_cidr_start": "1.1.0.0/30", "subnets_per_network": 2, "router_create_args": null} times: 40 method_name: run timeout: 0 duration: None cls:
2019-07-22 21:11:32.042 25174 INFO rally.task.runner [-] Task 369d6172-3933-468c-ba55-4dd0716ebbfd | ITER: 9 START
2019-07-22 21:11:32.043 25177 INFO rally.task.runner [-] Task 369d6172-3933-468c-ba55-4dd0716ebbfd | ITER: 10 START
2019-07-22 21:11:32.044 25183 INFO rally.task.runner [-] Task 369d6172-3933-468c-ba55-4dd0716ebbfd | ITER: 11 START
2019-07-22 21:11:32.044 25189 RALLYDEBUG rally.task.runner [-] Starting a worker. concurrency: 1 args: {"network_create_args": null, "subnet_create_args": null, "subnet_cidr_start": "1.1.0.0/30", "subnets_per_network": 2, "router_create_args": null} times: 40 method_name: run timeout: 0 duration: None cls:
2019-07-22 21:11:32.051 25189 INFO rally.task.runner [-] Task 369d6172-3933-468c-ba55-4dd0716ebbfd | ITER: 12 START
2019-07-22 21:11:32.051 25192 RALLYDEBUG rally.task.runner [-] Starting a worker. concurrency: 1 args: {"network_create_args": null, "subnet_create_args": null, "subnet_cidr_start": "1.1.0.0/30", "subnets_per_network": 2, "router_create_args": null} times: 40 method_name: run timeout: 0 duration: None cls:
2019-07-22 21:11:32.052 25196 RALLYDEBUG rally.task.runner [-] Starting a worker. concurrency: 1 args: {"network_create_args": null, "subnet_create_args": null, "subnet_cidr_start": "1.1.0.0/30", "subnets_per_network": 2, "router_create_args": null} times: 40 method_name: run timeout: 0 duration: None cls:
2019-07-22 21:11:32.055 25196 INFO rally.task.runner [-] Task 369d6172-3933-468c-ba55-4dd0716ebbfd | ITER: 14 START
2019-07-22 21:11:32.059 25192 INFO rally.task.runner [-] Task 369d6172-3933-468c-ba55-4dd0716ebbfd | ITER: 13 START
2019-07-22 21:11:32.062 25201 RALLYDEBUG rally.task.runner [-] Starting a worker. concurrency: 1 args: {"network_create_args": null, "subnet_create_args": null, "subnet_cidr_start": "1.1.0.0/30", "subnets_per_network": 2, "router_create_args": null} times: 40 method_name: run timeout: 0 duration: None cls:
2019-07-22 21:11:32.064 25204 RALLYDEBUG rally.task.runner [-] Starting a worker. concurrency: 1 args: {"network_create_args": null, "subnet_create_args": null, "subnet_cidr_start": "1.1.0.0/30", "subnets_per_network": 2, "router_create_args": null} times: 40 method_name: run timeout: 0 duration: None cls:
2019-07-22 21:11:32.068 25204 INFO rally.task.runner [-] Task 369d6172-3933-468c-ba55-4dd0716ebbfd | ITER: 16 START
2019-07-22 21:11:32.068 25201 INFO rally.task.runner [-] Task 369d6172-3933-468c-ba55-4dd0716ebbfd | ITER: 15 START
2019-07-22 21:11:32.076 25209 RALLYDEBUG rally.task.runner [-] Starting a worker. concurrency: 1 args: {"network_create_args": null, "subnet_create_args": null, "subnet_cidr_start": "1.1.0.0/30", "subnets_per_network": 2, "router_create_args": null} times: 40 method_name: run timeout: 0 duration: None cls:
2019-07-22 21:11:32.081 25209 INFO rally.task.runner [-] Task 369d6172-3933-468c-ba55-4dd0716ebbfd | ITER: 17 START
2019-07-22 21:11:32.084 25210 RALLYDEBUG rally.task.runner [-] Starting a worker. concurrency: 1 args: {"network_create_args": null, "subnet_create_args": null, "subnet_cidr_start": "1.1.0.0/30", "subnets_per_network": 2, "router_create_args": null} times: 40 method_name: run timeout: 0 duration: None cls:
2019-07-22 21:11:32.089 25210 INFO rally.task.runner [-] Task 369d6172-3933-468c-ba55-4dd0716ebbfd | ITER: 18 START
2019-07-22 21:11:32.089 25213 RALLYDEBUG rally.task.runner [-] Starting a worker. concurrency: 1 args: {"network_create_args": null, "subnet_create_args": null, "subnet_cidr_start": "1.1.0.0/30", "subnets_per_network": 2, "router_create_args": null} times: 40 method_name: run timeout: 0 duration: None cls:
2019-07-22 21:11:32.093 25213 INFO rally.task.runner [-] Task 369d6172-3933-468c-ba55-4dd0716ebbfd | ITER: 19 START
2019-07-22 21:11:32.096 25216 RALLYDEBUG rally.task.runner [-] Starting a worker. concurrency: 1 args: {"network_create_args": null, "subnet_create_args": null, "subnet_cidr_start": "1.1.0.0/30", "subnets_per_network": 2, "router_create_args": null} times: 40 method_name: run timeout: 0 duration: None cls:
2019-07-22 21:11:32.100 25216 INFO rally.task.runner [-] Task 369d6172-3933-468c-ba55-4dd0716ebbfd | ITER: 20 START
2019-07-22 21:11:33.757 25201 RALLYDEBUG rally_openstack.wrappers.network [-] CIDR generated: 1.1.5.160/30
2019-07-22 21:11:33.777 25177 RALLYDEBUG rally_openstack.wrappers.network [-] CIDR generated: 1.1.5.164/30
2019-07-22 21:11:33.791 25189 RALLYDEBUG rally_openstack.wrappers.network [-] CIDR generated: 1.1.5.168/30
2019-07-22 21:11:33.814 25216 RALLYDEBUG rally_openstack.wrappers.network [-] CIDR generated: 1.1.5.172/30
2019-07-22 21:11:33.819 25175 RALLYDEBUG rally_openstack.wrappers.network [-] CIDR generated: 1.1.5.176/30
2019-07-22 21:11:33.850 25169 RALLYDEBUG rally_openstack.wrappers.network [-] CIDR generated: 1.1.5.180/30
2019-07-22 21:11:33.886 25210 RALLYDEBUG rally_openstack.wrappers.network [-] CIDR generated: 1.1.5.184/30
2019-07-22 21:11:33.982 25171 RALLYDEBUG rally_openstack.wrappers.network [-] CIDR generated: 1.1.5.188/30
2019-07-22 21:11:33.993 25183 RALLYDEBUG rally_openstack.wrappers.network [-] CIDR generated: 1.1.5.192/30
2019-07-22 21:11:34.077 25196 RALLYDEBUG rally_openstack.wrappers.network [-] CIDR generated: 1.1.5.196/30
2019-07-22 21:11:34.138 25204 RALLYDEBUG rally_openstack.wrappers.network [-] CIDR generated: 1.1.5.200/30
2019-07-22 21:11:34.270 25192 RALLYDEBUG rally_openstack.wrappers.network [-] CIDR generated: 1.1.5.204/30
2019-07-22 21:11:34.270 25174 RALLYDEBUG rally_openstack.wrappers.network [-] CIDR generated: 1.1.5.208/30
2019-07-22 21:11:34.334 25170 RALLYDEBUG rally_openstack.wrappers.network [-] CIDR generated: 1.1.5.212/30
2019-07-22 21:11:34.346 25213 RALLYDEBUG rally_openstack.wrappers.network [-] CIDR generated: 1.1.5.216/30
2019-07-22 21:11:34.367 25170 RALLYDEBUG rally_openstack.wrappers.network [-] CIDR generated: 1.1.5.220/30
2019-07-22 21:11:34.367 25174 RALLYDEBUG rally_openstack.wrappers.network [-] CIDR generated: 1.1.5.224/30
2019-07-22 21:11:34.367 25209 RALLYDEBUG rally_openstack.wrappers.network [-] CIDR generated: 1.1.5.228/30
2019-07-22 21:11:34.379 25171 RALLYDEBUG rally_openstack.wrappers.network [-] CIDR generated: 1.1.5.232/30
2019-07-22 21:11:34.394 25169 RALLYDEBUG rally_openstack.wrappers.network [-] CIDR generated: 1.1.5.236/30
2019-07-22 21:11:35.341 25169 RALLYDEBUG rally_openstack.wrappers.network [-] CIDR generated: 1.1.5.240/30
2019-07-22 21:11:35.622 25183 RALLYDEBUG rally_openstack.wrappers.network [-] CIDR generated: 1.1.5.244/30
2019-07-22 21:11:35.697 25169 RALLYDEBUG rally_openstack.wrappers.network [-] CIDR generated: 1.1.5.248/30
2019-07-22 21:11:35.772 25175 RALLYDEBUG rally_openstack.wrappers.network [-] CIDR generated: 1.1.5.252/30
2019-07-22 21:11:35.928 25204 RALLYDEBUG rally_openstack.wrappers.network [-] CIDR generated: 1.1.6.0/30
2019-07-22 21:11:35.952 25171 RALLYDEBUG rally_openstack.wrappers.network [-] CIDR generated: 1.1.6.4/30
2019-07-22 21:11:35.965 25189 RALLYDEBUG rally_openstack.wrappers.network [-] CIDR generated: 1.1.6.8/30
2019-07-22 21:11:36.065 25174 RALLYDEBUG rally_openstack.wrappers.network [-] CIDR generated: 1.1.6.12/30
2019-07-22 21:11:36.083 25201 RALLYDEBUG rally_openstack.wrappers.network [-] CIDR generated: 1.1.6.16/30
2019-07-22 21:11:36.125 25170 RALLYDEBUG rally_openstack.wrappers.network [-] CIDR generated: 1.1.6.20/30
2019-07-22 21:11:36.377 25216 RALLYDEBUG rally_openstack.wrappers.network [-] CIDR generated: 1.1.6.24/30
2019-07-22 21:11:36.456 25177 RALLYDEBUG rally_openstack.wrappers.network [-] CIDR generated: 1.1.6.28/30
2019-07-22 21:11:36.748 25170 RALLYDEBUG rally_openstack.wrappers.network [-] CIDR generated: 1.1.6.32/30
2019-07-22 21:11:37.464 25210 RALLYDEBUG rally_openstack.wrappers.network [-] CIDR generated: 1.1.6.36/30
2019-07-22 21:11:38.005 25196 RALLYDEBUG rally_openstack.wrappers.network [-] CIDR generated: 1.1.6.40/30
2019-07-22 21:11:38.197 25192 RALLYDEBUG rally_openstack.wrappers.network [-] CIDR generated: 1.1.6.44/30
2019-07-22 21:11:38.414 25209 RALLYDEBUG rally_openstack.wrappers.network [-] CIDR generated: 1.1.6.48/30
2019-07-22 21:11:38.527 25213 RALLYDEBUG rally_openstack.wrappers.network [-] CIDR generated: 1.1.6.52/30
2019-07-22 21:11:39.082 25174 RALLYDEBUG rally_openstack.wrappers.network [-] CIDR generated: 1.1.6.56/30
2019-07-22 21:11:39.503 25171 RALLYDEBUG rally_openstack.wrappers.network [-] CIDR generated: 1.1.6.60/30
2019-07-22 21:12:04.333 25210 INFO rally.task.runner [-] Task 369d6172-3933-468c-ba55-4dd0716ebbfd | ITER: 18 END: OK
2019-07-22 21:12:04.340 25210 INFO rally.task.runner [-] Task 369d6172-3933-468c-ba55-4dd0716ebbfd | ITER: 21 START
2019-07-22 21:12:05.201 25189 INFO rally.task.runner [-] Task 369d6172-3933-468c-ba55-4dd0716ebbfd | ITER: 12 END: OK
2019-07-22 21:12:05.207 25189 INFO rally.task.runner [-] Task 369d6172-3933-468c-ba55-4dd0716ebbfd | ITER: 22 START
2019-07-22 21:12:05.445 25170 INFO rally.task.runner [-] Task 369d6172-3933-468c-ba55-4dd0716ebbfd | ITER: 4 END: OK
2019-07-22 21:12:05.451 25170 INFO rally.task.runner [-] Task 369d6172-3933-468c-ba55-4dd0716ebbfd | ITER: 23 START
2019-07-22 21:12:05.596 25210 RALLYDEBUG rally_openstack.wrappers.network [-] CIDR generated: 1.1.6.64/30
2019-07-22 21:12:06.450 25169 INFO rally.task.runner [-] Task 369d6172-3933-468c-ba55-4dd0716ebbfd | ITER: 1 END: OK
2019-07-22 21:12:06.457 25169 INFO rally.task.runner [-] Task 369d6172-3933-468c-ba55-4dd0716ebbfd | ITER: 24 START
2019-07-22 21:12:06.473 25189 RALLYDEBUG rally_openstack.wrappers.network [-] CIDR generated: 1.1.6.68/30
2019-07-22 21:12:06.634 25171 INFO rally.task.runner [-] Task 369d6172-3933-468c-ba55-4dd0716ebbfd | ITER: 5 END: OK
