2019-07-22 21:25:25.900 26973 INFO rally.task.runner [-] Task 369d6172-3933-468c-ba55-4dd0716ebbfd | ITER: 13 END: OK
2019-07-22 21:25:25.904 26973 INFO rally.task.runner [-] Task 369d6172-3933-468c-ba55-4dd0716ebbfd | ITER: 39 START
2019-07-22 21:25:25.905 26973 WARNING rally_openstack.scenarios.neutron.utils [-] Running this scenario without either the 'network' or 'existing_network' context is deprecated
2019-07-22 21:25:26.366 26953 INFO rally.task.runner [-] Task 369d6172-3933-468c-ba55-4dd0716ebbfd | ITER: 6 END: OK
2019-07-22 21:25:26.370 26953 INFO rally.task.runner [-] Task 369d6172-3933-468c-ba55-4dd0716ebbfd | ITER: 40 START
2019-07-22 21:25:26.370 26953 WARNING rally_openstack.scenarios.neutron.utils [-] Running this scenario without either the 'network' or 'existing_network' context is deprecated
2019-07-22 21:25:36.908 26986 INFO rally.task.runner [-] Task 369d6172-3933-468c-ba55-4dd0716ebbfd | ITER: 21 END: OK
2019-07-22 21:25:36.922 26951 INFO rally.task.runner [-] Task 369d6172-3933-468c-ba55-4dd0716ebbfd | ITER: 28 END: OK
2019-07-22 21:25:37.152 26969 INFO rally.task.runner [-] Task 369d6172-3933-468c-ba55-4dd0716ebbfd | ITER: 23 END: OK
2019-07-22 21:25:37.400 26965 INFO rally.task.runner [-] Task 369d6172-3933-468c-ba55-4dd0716ebbfd | ITER: 32 END: OK
2019-07-22 21:25:37.449 26989 INFO rally.task.runner [-] Task 369d6172-3933-468c-ba55-4dd0716ebbfd | ITER: 30 END: OK
2019-07-22 21:25:37.756 26998 INFO rally.task.runner [-] Task 369d6172-3933-468c-ba55-4dd0716ebbfd | ITER: 22 END: OK
2019-07-22 21:25:37.771 26952 INFO rally.task.runner [-] Task 369d6172-3933-468c-ba55-4dd0716ebbfd | ITER: 25 END: OK
2019-07-22 21:25:37.891 26978 INFO rally.task.runner [-] Task 369d6172-3933-468c-ba55-4dd0716ebbfd | ITER: 26 END: OK
2019-07-22 21:25:38.088 26959 INFO rally.task.runner [-] Task 369d6172-3933-468c-ba55-4dd0716ebbfd | ITER: 34 END: OK
2019-07-22 21:25:38.212 26953 INFO rally.task.runner [-] Task 369d6172-3933-468c-ba55-4dd0716ebbfd | ITER: 35 END: OK
2019-07-22 21:25:38.348 26973 INFO rally.task.runner [-] Task 369d6172-3933-468c-ba55-4dd0716ebbfd | ITER: 39 END: OK
2019-07-22 21:25:38.378 26956 INFO rally.task.runner [-] Task 369d6172-3933-468c-ba55-4dd0716ebbfd | ITER: 29 END: OK
2019-07-22 21:25:38.439 26952 INFO rally.task.runner [-] Task 369d6172-3933-468c-ba55-4dd0716ebbfd | ITER: 24 END: OK
2019-07-22 21:25:38.570 26983 INFO rally.task.runner [-] Task 369d6172-3933-468c-ba55-4dd0716ebbfd | ITER: 37 END: OK
2019-07-22 21:25:38.686 26954 INFO rally.task.runner [-] Task 369d6172-3933-468c-ba55-4dd0716ebbfd | ITER: 36 END: OK
2019-07-22 21:25:38.993 26954 INFO rally.task.runner [-] Task 369d6172-3933-468c-ba55-4dd0716ebbfd | ITER: 27 END: OK
2019-07-22 21:25:39.082 26951 INFO rally.task.runner [-] Task 369d6172-3933-468c-ba55-4dd0716ebbfd | ITER: 38 END: OK
2019-07-22 21:25:39.402 26992 INFO rally.task.runner [-] Task 369d6172-3933-468c-ba55-4dd0716ebbfd | ITER: 33 END: OK
2019-07-22 21:25:39.764 26995 INFO rally.task.runner [-] Task 369d6172-3933-468c-ba55-4dd0716ebbfd | ITER: 31 END: OK
2019-07-22 21:25:40.749 26953 INFO rally.task.runner [-] Task 369d6172-3933-468c-ba55-4dd0716ebbfd | ITER: 40 END: OK
2019-07-22 21:25:40.776 22705 INFO rally.task.context [-] Task 369d6172-3933-468c-ba55-4dd0716ebbfd | Context cleanup@openstack cleanup() started
2019-07-22 21:25:40.779 22705 RALLYDEBUG rally_openstack.cleanup.manager [-] Cleaning up neutron vip objects
2019-07-22 21:25:41.421 22705 RALLYDEBUG rally_openstack.cleanup.manager [-] Cleaning up neutron health_monitor objects
2019-07-22 21:25:42.064 22705 RALLYDEBUG rally_openstack.cleanup.manager [-] Cleaning up neutron pool objects
2019-07-22 21:25:42.810 22705 RALLYDEBUG rally_openstack.cleanup.manager [-] Cleaning up neutron loadbalancer objects
2019-07-22 21:25:43.562 22705 RALLYDEBUG rally_openstack.cleanup.manager [-] Cleaning up neutron floatingip objects
2019-07-22 21:25:44.338 22705 RALLYDEBUG rally_openstack.cleanup.manager [-] Cleaning up neutron port objects
2019-07-22 21:25:45.396 22705 RALLYDEBUG rally_openstack.cleanup.manager [-] Cleaning up neutron subnet objects
2019-07-22 21:25:46.146 22705 RALLYDEBUG rally_openstack.cleanup.manager [-] Cleaning up neutron network objects
2019-07-22 21:25:47.067 22705 RALLYDEBUG rally_openstack.cleanup.manager [-] Deleting neutron.network object s_rally_58577a6e_Z2sba0pS (0193fdb2-82f0-4852-8383-04ec31f3a188)
2019-07-22 21:25:47.078 22705 RALLYDEBUG rally_openstack.cleanup.manager [-] Deleting neutron.network object s_rally_58577a6e_GFkVMllC (2244b72a-4038-4794-b7eb-ddbc39d5f3ac)
2019-07-22 21:25:47.079 22705 RALLYDEBUG rally_openstack.cleanup.manager [-] Deleting neutron.network object s_rally_58577a6e_ZZJwtEs5 (0fe4337d-1fa9-4c0d-a492-be732aaad1bc)
2019-07-22 21:25:47.082 22705 RALLYDEBUG rally_openstack.cleanup.manager [-] Deleting neutron.network object s_rally_58577a6e_9I6xRoT1 (182a78bc-036a-4da3-aa88-2469b1b3e5ae)
2019-07-22 21:25:47.083 22705 RALLYDEBUG rally_openstack.cleanup.manager [-] Deleting neutron.network object s_rally_58577a6e_fjYy4Juq (25f9d7fc-f692-4083-9de8-ec4c891528c0)
2019-07-22 21:25:47.091 22705 RALLYDEBUG rally_openstack.cleanup.manager [-] Deleting neutron.network object s_rally_58577a6e_YEmfJVQI (13b34393-09ba-4f40-afb9-8131479bd50f)
2019-07-22 21:25:47.091 22705 RALLYDEBUG rally_openstack.cleanup.manager [-] Deleting neutron.network object s_rally_58577a6e_YypAYJVP (39b987ae-564e-4726-b819-7bb5af9f54fd)
2019-07-22 21:25:47.093 22705 RALLYDEBUG rally_openstack.cleanup.manager [-] Deleting neutron.network object s_rally_58577a6e_CQ2DqyNX (034d26cc-549e-4223-940a-32549000df1e)
2019-07-22 21:25:47.099 22705 RALLYDEBUG rally_openstack.cleanup.manager [-] Deleting neutron.network object s_rally_58577a6e_Q99M2kUM (3a9fb6b4-b5bb-404a-8b8e-b00533dd11b0)
2019-07-22 21:25:47.107 22705 RALLYDEBUG rally_openstack.cleanup.manager [-] Deleting neutron.network object s_rally_58577a6e_1dohbm8x (412147ce-6464-41b6-bfa0-bb3fb3ce230a)
2019-07-22 21:25:47.118 22705 RALLYDEBUG rally_openstack.cleanup.manager [-] Deleting neutron.network object s_rally_58577a6e_jR0zjz95 (4421bb3c-15a1-4b64-82e0-fef12294f01e)
2019-07-22 21:25:47.129 22705 RALLYDEBUG rally_openstack.cleanup.manager [-] Deleting neutron.network object s_rally_58577a6e_pK6cxaLm (507cab0f-d821-42ae-92fb-ab180fda189b)
2019-07-22 21:25:47.137 22705 RALLYDEBUG rally_openstack.cleanup.manager [-] Deleting neutron.network object s_rally_58577a6e_225VvjiT (46d430f8-6b78-430d-a21e-a154496fbf08)
2019-07-22 21:25:47.149 22705 RALLYDEBUG rally_openstack.cleanup.manager [-] Deleting neutron.network object s_rally_58577a6e_RehX1g2D (50b2b18f-1720-4fd2-bf07-eec34c0fa924)
2019-07-22 21:25:47.156 22705 RALLYDEBUG rally_openstack.cleanup.manager [-] Deleting neutron.network object s_rally_58577a6e_a0uoNMX1 (54950e35-1df5-452b-905a-ea44b3529216)
2019-07-22 21:25:47.180 22705 RALLYDEBUG rally_openstack.cleanup.manager [-] Deleting neutron.network object s_rally_58577a6e_8cfDyb2F (5b9cc53b-b38b-4d0b-81fb-adb52ef51bc0)
2019-07-22 21:25:47.188 22705 RALLYDEBUG rally_openstack.cleanup.manager [-] Deleting neutron.network object s_rally_58577a6e_0vD1CqFz (5c63763c-8e30-4c05-9983-db250fe6242a)
2019-07-22 21:25:47.233 22705 RALLYDEBUG rally_openstack.cleanup.manager [-] Deleting neutron.network object s_rally_58577a6e_7dUsujW9 (5c63b5c7-4f82-475d-8ad5-a22f9b5ba386)
2019-07-22 21:25:47.233 22705 RALLYDEBUG rally_openstack.cleanup.manager [-] Deleting neutron.network object s_rally_58577a6e_diEQKCT9 (63203b0c-2c91-4718-9843-beeefefef9ef)
2019-07-22 21:25:47.246 22705 RALLYDEBUG rally_openstack.cleanup.manager [-] Deleting neutron.network object s_rally_58577a6e_uciqUWuT (75c6e6bd-b18f-4142-9567-139d7e96ddf7)
2019-07-22 21:25:49.862 22705 RALLYDEBUG rally_openstack.cleanup.manager [-] Deleting neutron.network object s_rally_58577a6e_mhlpUX4q (79ef3014-6ee0-4d70-b341-bb1e9b094025)
2019-07-22 21:25:49.909 22705 RALLYDEBUG rally_openstack.cleanup.manager [-] Deleting neutron.network object s_rally_58577a6e_4IlYsS7O (79f4763f-91d8-44b3-9284-511d307a6ecd)
2019-07-22 21:25:49.910 22705 RALLYDEBUG rally_openstack.cleanup.manager [-] Deleting neutron.network object s_rally_58577a6e_s70Ykg5f (88dc85f3-5cf4-4f67-b382-150a3b2a9862)
2019-07-22 21:25:50.023 22705 RALLYDEBUG rally_openstack.cleanup.manager [-] Deleting neutron.network object s_rally_58577a6e_C2tE1KM1 (8a5e9c02-4ac5-4f4b-9a36-6ab711d029d1)
2019-07-22 21:25:50.089 22705 RALLYDEBUG rally_openstack.cleanup.manager [-] Deleting neutron.network object s_rally_58577a6e_L5EwfxEN (8ba93137-b0ed-4c79-bb42-0e4d995588e5)
2019-07-22 21:25:50.136 22705 RALLYDEBUG rally_openstack.cleanup.manager [-] Deleting neutron.network object s_rally_58577a6e_gaQ7DYbT (8d51f689-8ad8-4bb5-8283-e5a48b8cf2a2)
2019-07-22 21:25:50.213 22705 RALLYDEBUG rally_openstack.cleanup.manager [-] Deleting neutron.network object s_rally_58577a6e_IRRoyKxN (8deeb201-4e04-4bc4-a23f-3fc34d72e054)
2019-07-22 21:25:50.251 22705 RALLYDEBUG rally_openstack.cleanup.manager [-] Deleting neutron.network object s_rally_58577a6e_HbehgvWQ (8f81f99a-0a48-404f-bc8d-0eec626d4cab)
2019-07-22 21:25:50.399 22705 RALLYDEBUG rally_openstack.cleanup.manager [-] Deleting neutron.network object s_rally_58577a6e_YT3v9M8I (94098f39-8556-401d-85fe-a2b4518247af)
2019-07-22 21:25:50.664 22705 RALLYDEBUG rally_openstack.cleanup.manager [-] Deleting neutron.network object s_rally_58577a6e_OhTPndEj (9635428a-0620-4d2d-99b2-32622f6d47a0)
2019-07-22 21:25:50.731 22705 RALLYDEBUG rally_openstack.cleanup.manager [-] Deleting neutron.network object s_rally_58577a6e_xexNWQCF (9be17a93-a2cc-4fd1-946d-07050e64357e)
2019-07-22 21:25:50.747 22705 RALLYDEBUG rally_openstack.cleanup.manager [-] Deleting neutron.network object s_rally_58577a6e_zn0nExHY (9e14b2e7-2fbc-4219-8526-db01c5bc3f10)
2019-07-22 21:25:50.756 22705 RALLYDEBUG rally_openstack.cleanup.manager [-] Deleting neutron.network object s_rally_58577a6e_3NEkCpys (a11900c0-832b-40b9-ac99-34bba27fb4df)
2019-07-22 21:25:50.780 22705 RALLYDEBUG rally_openstack.cleanup.manager [-] Deleting neutron.network object s_rally_58577a6e_7V8ZcOEb (a351d32e-b80c-40f2-a68e-96e589dffb7c)
2019-07-22 21:25:50.792 22705 RALLYDEBUG rally_openstack.cleanup.manager [-] Deleting neutron.network object s_rally_58577a6e_ybsv7Gtq (bfbc938f-dd9e-43d2-a6f7-c065702b6749)
2019-07-22 21:25:50.859 22705 RALLYDEBUG rally_openstack.cleanup.manager [-] Deleting neutron.network object s_rally_58577a6e_BKh4buR8 (d2708c12-3464-4502-bcb4-e9a8febfee37)
2019-07-22 21:25:50.932 22705 RALLYDEBUG rally_openstack.cleanup.manager [-] Deleting neutron.network object s_rally_58577a6e_8U0GI0gP (d33b3e89-953e-4dfc-ad87-da3e7ac63f1f)
2019-07-22 21:25:50.981 22705 RALLYDEBUG rally_openstack.cleanup.manager [-] Deleting neutron.network object s_rally_58577a6e_8XpTqU6x (d3d52c39-e55d-4d2f-88e9-e862c36e9b82)
2019-07-22 21:25:51.007 22705 RALLYDEBUG rally_openstack.cleanup.manager [-] Deleting neutron.network object s_rally_58577a6e_fjLqZNn0 (ee9005c2-2e03-4106-9b6d-d73b5305c3fa)
2019-07-22 21:25:51.056 22705 RALLYDEBUG rally_openstack.cleanup.manager [-] Deleting neutron.network object s_rally_58577a6e_WkPv6h2Z (fa9f75dd-4262-4841-99fd-d2ceb1f2c94b)
2019-07-22 21:25:54.920 22705 RALLYDEBUG rally_openstack.cleanup.manager [-] Cleaning up neutron router objects
2019-07-22 21:25:55.714 22705 RALLYDEBUG rally_openstack.cleanup.manager [-] Cleaning up neutron security_group objects
2019-07-22 21:25:56.496 22705 INFO rally.task.context [-] Task 369d6172-3933-468c-ba55-4dd0716ebbfd | Context cleanup@openstack cleanup() finished in 15.72 sec
2019-07-22 21:25:56.497 22705 INFO rally.task.context [-] Task 369d6172-3933-468c-ba55-4dd0716ebbfd | Context quotas@openstack cleanup() started
2019-07-22 21:25:56.828 22705 INFO rally.task.context [-] Task 369d6172-3933-468c-ba55-4dd0716ebbfd | Context quotas@openstack cleanup() finished in 0.33 sec
2019-07-22 21:25:56.828 22705 INFO rally.task.context [-] Task 369d6172-3933-468c-ba55-4dd0716ebbfd | Context users@openstack cleanup() started
2019-07-22 21:26:01.945 22705 INFO rally.task.context [-] Task 369d6172-3933-468c-ba55-4dd0716ebbfd | Context users@openstack cleanup() finished in 5.12 sec
2019-07-22 21:26:03.323 22705 INFO rally.task.engine [-] Load duration is: 32.138165
2019-07-22 21:26:03.324 22705 INFO rally.task.engine [-] Full runner duration is: 32.192513
2019-07-22 21:26:03.324 22705 INFO rally.task.engine [-] Full duration is: 58.938617
2019-07-22 21:26:03.587 22705 INFO rally.task.engine [-] Running workload: position = 0 config = { "version": 2, "title": "A cropped version of a bigger task.", "description": "Auto-generated task from a single workload (uuid=4b118248-b207-47ae-9cb3-c795050cb1b6)", "subtasks": [ { "title": "Quotas.neutron_update", "description": "Update quotas for neutron.", "scenario": { "Quotas.neutron_update": { "max_quota": 1024 } }, "contexts": { "users": { "tenants": 20, "users_per_tenant": 1 } }, "runner": { "constant": { "times": 40, "concurrency": 20 } }, "hooks": [], "sla": { "failure_rate": { "max": 0 } } } ] }
2019-07-22 21:26:03.601 22705 RALLYDEBUG rally_openstack.contexts.keystone.users [-] Creating 20 tenants using 20 threads
2019-07-22 21:26:06.107 22705 RALLYDEBUG rally_openstack.contexts.keystone.users [-] Creating 20 users using 20 threads
2019-07-22 21:26:09.621 22705 INFO rally.task.context [-] Task 369d6172-3933-468c-ba55-4dd0716ebbfd | Context users@openstack setup() finished in 6.02 sec
2019-07-22 21:26:09.622 22705 INFO rally.task.context [-] Task 369d6172-3933-468c-ba55-4dd0716ebbfd | Context admin_cleanup@openstack setup() finished in 0.01 msec
2019-07-22 21:26:09.629 22705 RALLYDEBUG rally.task.runner [-] Starting the constant runner (task UUID: 369d6172-3933-468c-ba55-4dd0716ebbfd). timeout: 0 concurrency: 20 concurrency_per_worker: 1 times: 40 concurrency_overhead: 4 processes_to_start: 16 max_cpu_used: 16
2019-07-22 21:26:09.643 27321 RALLYDEBUG rally.task.runner [-] Starting a worker. concurrency: 2 args: {"max_quota": 1024} times: 40 method_name: run timeout: 0 duration: None cls:
2019-07-22 21:26:09.646 27322 RALLYDEBUG rally.task.runner [-] Starting a worker. concurrency: 2 args: {"max_quota": 1024} times: 40 method_name: run timeout: 0 duration: None cls:
2019-07-22 21:26:09.648 27323 RALLYDEBUG rally.task.runner [-] Starting a worker. concurrency: 2 args: {"max_quota": 1024} times: 40 method_name: run timeout: 0 duration: None cls:
2019-07-22 21:26:09.652 27324 RALLYDEBUG rally.task.runner [-] Starting a worker. concurrency: 2 args: {"max_quota": 1024} times: 40 method_name: run timeout: 0 duration: None cls:
2019-07-22 21:26:09.654 27325 RALLYDEBUG rally.task.runner [-] Starting a worker. concurrency: 1 args: {"max_quota": 1024} times: 40 method_name: run timeout: 0 duration: None cls:
2019-07-22 21:26:09.657 27323 INFO rally.task.runner [-] Task 369d6172-3933-468c-ba55-4dd0716ebbfd | ITER: 3 START
2019-07-22 21:26:09.660 27321 INFO rally.task.runner [-] Task 369d6172-3933-468c-ba55-4dd0716ebbfd | ITER: 1 START
2019-07-22 21:26:09.662 27327 RALLYDEBUG rally.task.runner [-] Starting a worker. concurrency: 1 args: {"max_quota": 1024} times: 40 method_name: run timeout: 0 duration: None cls:
2019-07-22 21:26:09.663 27332 RALLYDEBUG rally.task.runner [-] Starting a worker. concurrency: 1 args: {"max_quota": 1024} times: 40 method_name: run timeout: 0 duration: None cls:
2019-07-22 21:26:09.664 27324 INFO rally.task.runner [-] Task 369d6172-3933-468c-ba55-4dd0716ebbfd | ITER: 5 START
2019-07-22 21:26:09.665 27333 RALLYDEBUG rally.task.runner [-] Starting a worker. concurrency: 1 args: {"max_quota": 1024} times: 40 method_name: run timeout: 0 duration: None cls:
2019-07-22 21:26:09.666 27323 INFO rally.task.runner [-] Task 369d6172-3933-468c-ba55-4dd0716ebbfd | ITER: 7 START
2019-07-22 21:26:09.665 27322 INFO rally.task.runner [-] Task 369d6172-3933-468c-ba55-4dd0716ebbfd | ITER: 2 START
2019-07-22 21:26:09.672 27325 INFO rally.task.runner [-] Task 369d6172-3933-468c-ba55-4dd0716ebbfd | ITER: 8 START
2019-07-22 21:26:09.673 27321 INFO rally.task.runner [-] Task 369d6172-3933-468c-ba55-4dd0716ebbfd | ITER: 4 START
2019-07-22 21:26:09.673 27335 RALLYDEBUG rally.task.runner [-] Starting a worker. concurrency: 1 args: {"max_quota": 1024} times: 40 method_name: run timeout: 0 duration: None cls:
2019-07-22 21:26:09.673 27342 RALLYDEBUG rally.task.runner [-] Starting a worker. concurrency: 1 args: {"max_quota": 1024} times: 40 method_name: run timeout: 0 duration: None cls:
2019-07-22 21:26:09.674 27333 INFO rally.task.runner [-] Task 369d6172-3933-468c-ba55-4dd0716ebbfd | ITER: 12 START
2019-07-22 21:26:09.674 27327 INFO rally.task.runner [-] Task 369d6172-3933-468c-ba55-4dd0716ebbfd | ITER: 10 START
2019-07-22 21:26:09.665 27322 INFO rally.task.runner [-] Task 369d6172-3933-468c-ba55-4dd0716ebbfd | ITER: 6 START
2019-07-22 21:26:09.681 27332 INFO rally.task.runner [-] Task 369d6172-3933-468c-ba55-4dd0716ebbfd | ITER: 11 START
2019-07-22 21:26:09.681 27335 INFO rally.task.runner [-] Task 369d6172-3933-468c-ba55-4dd0716ebbfd | ITER: 13 START
2019-07-22 21:26:09.681 27324 INFO rally.task.runner [-] Task 369d6172-3933-468c-ba55-4dd0716ebbfd | ITER: 9 START
2019-07-22 21:26:09.683 27342 INFO rally.task.runner [-] Task 369d6172-3933-468c-ba55-4dd0716ebbfd | ITER: 14 START
2019-07-22 21:26:09.714 27358 RALLYDEBUG rally.task.runner [-] Starting a worker. concurrency: 1 args: {"max_quota": 1024} times: 40 method_name: run timeout: 0 duration: None cls:
2019-07-22 21:26:09.719 27358 INFO rally.task.runner [-] Task 369d6172-3933-468c-ba55-4dd0716ebbfd | ITER: 15 START
2019-07-22 21:26:09.722 27359 RALLYDEBUG rally.task.runner [-] Starting a worker. concurrency: 1 args: {"max_quota": 1024} times: 40 method_name: run timeout: 0 duration: None cls:
2019-07-22 21:26:09.728 27359 INFO rally.task.runner [-] Task 369d6172-3933-468c-ba55-4dd0716ebbfd | ITER: 16 START
2019-07-22 21:26:09.728 27362 RALLYDEBUG rally.task.runner [-] Starting a worker. concurrency: 1 args: {"max_quota": 1024} times: 40 method_name: run timeout: 0 duration: None cls:
2019-07-22 21:26:09.733 27362 INFO rally.task.runner [-] Task 369d6172-3933-468c-ba55-4dd0716ebbfd | ITER: 17 START
2019-07-22 21:26:11.924 27335 INFO rally.task.runner [-] Task 369d6172-3933-468c-ba55-4dd0716ebbfd | ITER: 13 END: OK
2019-07-22 21:26:11.930 27335 INFO rally.task.runner [-] Task 369d6172-3933-468c-ba55-4dd0716ebbfd | ITER: 18 START
2019-07-22 21:26:11.946 27332 INFO rally.task.runner [-] Task 369d6172-3933-468c-ba55-4dd0716ebbfd | ITER: 11 END: OK
2019-07-22 21:26:11.952 27332 INFO rally.task.runner [-] Task 369d6172-3933-468c-ba55-4dd0716ebbfd | ITER: 19 START
2019-07-22 21:26:11.979 27324 INFO rally.task.runner [-] Task 369d6172-3933-468c-ba55-4dd0716ebbfd | ITER: 5 END: OK
2019-07-22 21:26:11.986 27324 INFO rally.task.runner [-] Task 369d6172-3933-468c-ba55-4dd0716ebbfd | ITER: 20 START
2019-07-22 21:26:12.039 27321 INFO rally.task.runner [-] Task 369d6172-3933-468c-ba55-4dd0716ebbfd | ITER: 1 END: OK
2019-07-22 21:26:12.046 27321 INFO rally.task.runner [-] Task 369d6172-3933-468c-ba55-4dd0716ebbfd | ITER: 21 START
2019-07-22 21:26:12.085 27325 INFO rally.task.runner [-] Task 369d6172-3933-468c-ba55-4dd0716ebbfd | ITER: 8 END: OK
2019-07-22 21:26:12.091 27325 INFO rally.task.runner [-] Task 369d6172-3933-468c-ba55-4dd0716ebbfd | ITER: 22 START
2019-07-22 21:26:12.112 27327 INFO rally.task.runner [-] Task 369d6172-3933-468c-ba55-4dd0716ebbfd | ITER: 10 END: OK
2019-07-22 21:26:12.118 27327 INFO rally.task.runner [-] Task 369d6172-3933-468c-ba55-4dd0716ebbfd | ITER: 23 START
2019-07-22 21:26:12.130 27342 INFO rally.task.runner [-] Task 369d6172-3933-468c-ba55-4dd0716ebbfd | ITER: 14 END: OK
2019-07-22 21:26:12.134 27342 INFO rally.task.runner [-] Task 369d6172-3933-468c-ba55-4dd0716ebbfd | ITER: 24 START
2019-07-22 21:26:12.147 27322 INFO rally.task.runner [-] Task 369d6172-3933-468c-ba55-4dd0716ebbfd | ITER: 6 END: OK
2019-07-22 21:26:12.153 27322 INFO rally.task.runner [-] Task 369d6172-3933-468c-ba55-4dd0716ebbfd | ITER: 25 START
2019-07-22 21:26:12.170 27321 INFO rally.task.runner [-] Task 369d6172-3933-468c-ba55-4dd0716ebbfd | ITER: 4 END: OK
2019-07-22 21:26:12.175 27321 INFO rally.task.runner [-] Task 369d6172-3933-468c-ba55-4dd0716ebbfd | ITER: 26 START
2019-07-22 21:26:12.192 27323 INFO rally.task.runner [-] Task 369d6172-3933-468c-ba55-4dd0716ebbfd | ITER: 3 END: OK
2019-07-22 21:26:12.196 27323 INFO rally.task.runner [-] Task 369d6172-3933-468c-ba55-4dd0716ebbfd | ITER: 27 START
2019-07-22 21:26:12.204 27323 INFO rally.task.runner [-] Task 369d6172-3933-468c-ba55-4dd0716ebbfd | ITER: 7 END: OK
2019-07-22 21:26:12.215 27323 INFO rally.task.runner [-] Task 369d6172-3933-468c-ba55-4dd0716ebbfd | ITER: 28 START
2019-07-22 21:26:12.218 27324 INFO rally.task.runner [-] Task 369d6172-3933-468c-ba55-4dd0716ebbfd | ITER: 9 END: OK
2019-07-22 21:26:12.222 27324 INFO rally.task.runner [-] Task 369d6172-3933-468c-ba55-4dd0716ebbfd | ITER: 29 START
2019-07-22 21:26:12.231 27322 INFO rally.task.runner [-] Task 369d6172-3933-468c-ba55-4dd0716ebbfd | ITER: 2 END: OK
2019-07-22 21:26:12.235 27322 INFO rally.task.runner [-] Task 369d6172-3933-468c-ba55-4dd0716ebbfd | ITER: 30 START
2019-07-22 21:26:12.245 27362 INFO rally.task.runner [-] Task 369d6172-3933-468c-ba55-4dd0716ebbfd | ITER: 17 END: OK
2019-07-22 21:26:12.249 27362 INFO rally.task.runner [-] Task 369d6172-3933-468c-ba55-4dd0716ebbfd | ITER: 31 START
2019-07-22 21:26:12.252 27359 INFO rally.task.runner [-] Task 369d6172-3933-468c-ba55-4dd0716ebbfd | ITER: 16 END: OK
2019-07-22 21:26:12.258 27359 INFO rally.task.runner [-] Task 369d6172-3933-468c-ba55-4dd0716ebbfd | ITER: 32 START
2019-07-22 21:26:12.265 27358 INFO rally.task.runner [-] Task 369d6172-3933-468c-ba55-4dd0716ebbfd | ITER: 15 END: OK
2019-07-22 21:26:12.270 27358 INFO rally.task.runner [-] Task 369d6172-3933-468c-ba55-4dd0716ebbfd | ITER: 33 START
2019-07-22 21:26:12.297 27333 INFO rally.task.runner [-] Task 369d6172-3933-468c-ba55-4dd0716ebbfd | ITER: 12 END: OK
2019-07-22 21:26:12.300 27333 INFO rally.task.runner [-] Task 369d6172-3933-468c-ba55-4dd0716ebbfd | ITER: 34 START
2019-07-22 21:26:12.846 27332 INFO rally.task.runner [-] Task 369d6172-3933-468c-ba55-4dd0716ebbfd | ITER: 19 END: OK
2019-07-22 21:26:12.852 27332 INFO rally.task.runner [-] Task 369d6172-3933-468c-ba55-4dd0716ebbfd | ITER: 35 START
2019-07-22 21:26:13.319 27324 INFO rally.task.runner [-] Task 369d6172-3933-468c-ba55-4dd0716ebbfd | ITER: 20 END: OK
2019-07-22 21:26:13.327 27324 INFO rally.task.runner [-] Task 369d6172-3933-468c-ba55-4dd0716ebbfd | ITER: 36 START
2019-07-22 21:26:13.486 27335 INFO rally.task.runner [-] Task 369d6172-3933-468c-ba55-4dd0716ebbfd | ITER: 18 END: OK
2019-07-22 21:26:13.493 27335 INFO rally.task.runner [-] Task 369d6172-3933-468c-ba55-4dd0716ebbfd | ITER: 37 START
2019-07-22 21:26:13.625 27325 INFO rally.task.runner [-] Task 369d6172-3933-468c-ba55-4dd0716ebbfd | ITER: 22 END: OK
2019-07-22 21:26:13.630 27325 INFO rally.task.runner [-] Task 369d6172-3933-468c-ba55-4dd0716ebbfd | ITER: 38 START
2019-07-22 21:26:13.943 27327 INFO rally.task.runner [-] Task 369d6172-3933-468c-ba55-4dd0716ebbfd | ITER: 23 END: OK
2019-07-22 21:26:13.949 27327 INFO rally.task.runner [-] Task 369d6172-3933-468c-ba55-4dd0716ebbfd | ITER: 39 START
2019-07-22 21:26:14.052 27321 INFO rally.task.runner [-] Task 369d6172-3933-468c-ba55-4dd0716ebbfd | ITER: 21 END: OK
2019-07-22 21:26:14.057 27321 INFO rally.task.runner [-] Task 369d6172-3933-468c-ba55-4dd0716ebbfd | ITER: 40 START
2019-07-22 21:26:14.085 27322 INFO rally.task.runner [-] Task 369d6172-3933-468c-ba55-4dd0716ebbfd | ITER: 25 END: OK
2019-07-22 21:26:14.111 27362 INFO rally.task.runner [-] Task 369d6172-3933-468c-ba55-4dd0716ebbfd | ITER: 31 END: OK
2019-07-22 21:26:14.181 27323 INFO rally.task.runner [-] Task 369d6172-3933-468c-ba55-4dd0716ebbfd | ITER: 28 END: OK
2019-07-22 21:26:14.233 27322 INFO rally.task.runner [-] Task 369d6172-3933-468c-ba55-4dd0716ebbfd | ITER: 30 END: OK
2019-07-22 21:26:14.265 27321 INFO rally.task.runner [-] Task 369d6172-3933-468c-ba55-4dd0716ebbfd | ITER: 26 END: OK
2019-07-22 21:26:14.277 27342 INFO rally.task.runner [-] Task 369d6172-3933-468c-ba55-4dd0716ebbfd | ITER: 24 END: OK
2019-07-22 21:26:14.330 27323 INFO rally.task.runner [-] Task 369d6172-3933-468c-ba55-4dd0716ebbfd | ITER: 27 END: OK
2019-07-22 21:26:14.343 27324 INFO rally.task.runner [-] Task 369d6172-3933-468c-ba55-4dd0716ebbfd | ITER: 29 END: OK
2019-07-22 21:26:14.476 27358 INFO rally.task.runner [-] Task 369d6172-3933-468c-ba55-4dd0716ebbfd | ITER: 33 END: OK
2019-07-22 21:26:14.505 27359 INFO rally.task.runner [-] Task 369d6172-3933-468c-ba55-4dd0716ebbfd | ITER: 32 END: OK
2019-07-22 21:26:14.517 27333 INFO rally.task.runner [-] Task 369d6172-3933-468c-ba55-4dd0716ebbfd | ITER: 34 END: OK
2019-07-22 21:26:14.614 27332 INFO rally.task.runner [-] Task 369d6172-3933-468c-ba55-4dd0716ebbfd | ITER: 35 END: OK
2019-07-22 21:26:14.744 27324 INFO rally.task.runner [-] Task 369d6172-3933-468c-ba55-4dd0716ebbfd | ITER: 36 END: OK
2019-07-22 21:26:14.781 27335 INFO rally.task.runner [-] Task 369d6172-3933-468c-ba55-4dd0716ebbfd | ITER: 37 END: OK
2019-07-22 21:26:14.804 27325 INFO rally.task.runner [-] Task 369d6172-3933-468c-ba55-4dd0716ebbfd | ITER: 38 END: OK
2019-07-22 21:26:14.923 27327 INFO rally.task.runner [-] Task 369d6172-3933-468c-ba55-4dd0716ebbfd | ITER: 39 END: OK
2019-07-22 21:26:14.935 27321 INFO rally.task.runner [-] Task 369d6172-3933-468c-ba55-4dd0716ebbfd | ITER: 40 END: OK
2019-07-22 21:26:14.961 22705 INFO rally.task.context [-] Task 369d6172-3933-468c-ba55-4dd0716ebbfd | Context admin_cleanup@openstack cleanup() started
2019-07-22 21:26:14.964 22705 RALLYDEBUG rally_openstack.cleanup.manager [-] Cleaning up neutron quota objects
2019-07-22 21:26:19.730 22705 INFO rally.task.context [-] Task 369d6172-3933-468c-ba55-4dd0716ebbfd | Context admin_cleanup@openstack cleanup() finished in 4.77 sec
2019-07-22 21:26:19.731 22705 INFO rally.task.context [-] Task 369d6172-3933-468c-ba55-4dd0716ebbfd | Context users@openstack cleanup() started
2019-07-22 21:26:48.454 22705 INFO rally.task.context [-] Task 369d6172-3933-468c-ba55-4dd0716ebbfd | Context users@openstack cleanup() finished in 28.72 sec
2019-07-22 21:26:50.153 22705 INFO rally.task.engine [-] Load duration is: 5.276832
2019-07-22 21:26:50.153 22705 INFO rally.task.engine [-] Full runner duration is: 5.332476
2019-07-22 21:26:50.154 22705 INFO rally.task.engine [-] Full duration is: 44.854481
2019-07-22 21:26:50.420 22705 INFO rally.task.engine [-] Running workload: position = 0 config = { "version": 2, "title": "A cropped version of a bigger task.", "description": "Auto-generated task from a single workload (uuid=41ea6ba5-9e97-44ac-8891-633a616f3fb1)", "subtasks": [ { "title": "NeutronTrunks.create_and_list_trunk_subports", "description": "", "scenario": { "NeutronTrunks.create_and_list_trunk_subports": { "subport_count": 125 } }, "contexts": { "users": { "tenants": 1, "users_per_tenant": 1 }, "quotas": { "neutron": { "network": -1, "port": 1000 } } }, "runner": { "constant": { "times": 4, "concurrency": 4 } }, "hooks": [], "sla": { "failure_rate": { "max": 0 } } } ] }
2019-07-22 21:26:50.444 22705 RALLYDEBUG rally_openstack.contexts.keystone.users [-] Creating 1 tenants using 20 threads
2019-07-22 21:26:52.220 22705 RALLYDEBUG rally_openstack.contexts.keystone.users [-] Creating 1 users using 20 threads
2019-07-22 21:26:54.989 22705 INFO rally.task.context [-] Task 369d6172-3933-468c-ba55-4dd0716ebbfd | Context users@openstack setup() finished in 4.54 sec
2019-07-22 21:26:55.797 22705 INFO rally.task.context [-] Task 369d6172-3933-468c-ba55-4dd0716ebbfd | Context quotas@openstack setup() finished in 0.81 sec
2019-07-22 21:26:55.798 22705 INFO rally.task.context [-] Task 369d6172-3933-468c-ba55-4dd0716ebbfd | Context cleanup@openstack setup() finished in 0.01 msec
2019-07-22 21:26:55.805 22705 RALLYDEBUG rally.task.runner [-] Starting the constant runner (task UUID: 369d6172-3933-468c-ba55-4dd0716ebbfd). timeout: 0 concurrency: 4 concurrency_per_worker: 1 times: 4 concurrency_overhead: 0 processes_to_start: 4 max_cpu_used: 16
2019-07-22 21:26:55.818 27505 RALLYDEBUG rally.task.runner [-] Starting a worker. concurrency: 1 args: {"subport_count": 125} times: 4 method_name: run timeout: 0 duration: None cls:
2019-07-22 21:26:55.821 27506 RALLYDEBUG rally.task.runner [-] Starting a worker. concurrency: 1 args: {"subport_count": 125} times: 4 method_name: run timeout: 0 duration: None cls:
2019-07-22 21:26:55.824 27505 INFO rally.task.runner [-] Task 369d6172-3933-468c-ba55-4dd0716ebbfd | ITER: 1 START
2019-07-22 21:26:55.824 27507 RALLYDEBUG rally.task.runner [-] Starting a worker. concurrency: 1 args: {"subport_count": 125} times: 4 method_name: run timeout: 0 duration: None cls:
2019-07-22 21:26:55.827 27506 INFO rally.task.runner [-] Task 369d6172-3933-468c-ba55-4dd0716ebbfd | ITER: 2 START
2019-07-22 21:26:55.828 27508 RALLYDEBUG rally.task.runner [-] Starting a worker. concurrency: 1 args: {"subport_count": 125} times: 4 method_name: run timeout: 0 duration: None cls:
2019-07-22 21:26:55.829 27507 INFO rally.task.runner [-] Task 369d6172-3933-468c-ba55-4dd0716ebbfd | ITER: 3 START
2019-07-22 21:26:55.833 27508 INFO rally.task.runner [-] Task 369d6172-3933-468c-ba55-4dd0716ebbfd | ITER: 4 START
2019-07-22 21:29:37.002 27508 WARNING rally.task.atomic [-] 'optional_action_timer' is deprecated since rally v0.10.0.Please use action_timer instead, we have improved atomic actions, now do not need to explicitly close original action.
2019-07-22 21:29:37.057 27508 WARNING rally.task.atomic [-] 'optional_action_timer' is deprecated since rally v0.10.0.Please use action_timer instead, we have improved atomic actions, now do not need to explicitly close original action.
2019-07-22 21:29:37.910 27508 INFO rally.task.runner [-] Task 369d6172-3933-468c-ba55-4dd0716ebbfd | ITER: 4 END: OK
2019-07-22 21:29:39.160 27507 WARNING rally.task.atomic [-] 'optional_action_timer' is deprecated since rally v0.10.0.Please use action_timer instead, we have improved atomic actions, now do not need to explicitly close original action.
2019-07-22 21:29:39.226 27507 WARNING rally.task.atomic [-] 'optional_action_timer' is deprecated since rally v0.10.0.Please use action_timer instead, we have improved atomic actions, now do not need to explicitly close original action.
2019-07-22 21:29:40.086 27507 INFO rally.task.runner [-] Task 369d6172-3933-468c-ba55-4dd0716ebbfd | ITER: 3 END: OK
2019-07-22 21:29:42.824 27506 WARNING rally.task.atomic [-] 'optional_action_timer' is deprecated since rally v0.10.0.Please use action_timer instead, we have improved atomic actions, now do not need to explicitly close original action.
2019-07-22 21:29:43.131 27506 WARNING rally.task.atomic [-] 'optional_action_timer' is deprecated since rally v0.10.0.Please use action_timer instead, we have improved atomic actions, now do not need to explicitly close original action.
2019-07-22 21:29:43.979 27506 INFO rally.task.runner [-] Task 369d6172-3933-468c-ba55-4dd0716ebbfd | ITER: 2 END: OK
2019-07-22 21:29:44.447 27505 WARNING rally.task.atomic [-] 'optional_action_timer' is deprecated since rally v0.10.0.Please use action_timer instead, we have improved atomic actions, now do not need to explicitly close original action.
2019-07-22 21:29:44.491 27505 WARNING rally.task.atomic [-] 'optional_action_timer' is deprecated since rally v0.10.0.Please use action_timer instead, we have improved atomic actions, now do not need to explicitly close original action.
2019-07-22 21:29:45.288 27505 INFO rally.task.runner [-] Task 369d6172-3933-468c-ba55-4dd0716ebbfd | ITER: 1 END: OK
2019-07-22 21:29:45.318 22705 INFO rally.task.context [-] Task 369d6172-3933-468c-ba55-4dd0716ebbfd | Context cleanup@openstack cleanup() started
2019-07-22 21:29:45.320 22705 RALLYDEBUG rally_openstack.cleanup.manager [-] Cleaning up neutron vip objects
2019-07-22 21:29:46.513 22705 RALLYDEBUG rally_openstack.cleanup.manager [-] Cleaning up neutron health_monitor objects
2019-07-22 21:29:47.247 22705 RALLYDEBUG rally_openstack.cleanup.manager [-] Cleaning up neutron pool objects
2019-07-22 21:29:47.986 22705 RALLYDEBUG rally_openstack.cleanup.manager [-] Cleaning up neutron loadbalancer objects
2019-07-22 21:29:48.824 22705 RALLYDEBUG rally_openstack.cleanup.manager [-] Cleaning up neutron floatingip objects
2019-07-22 21:29:49.590 22705 RALLYDEBUG rally_openstack.cleanup.manager [-] Cleaning up neutron port objects
2019-07-22 21:29:51.632 22705 RALLYDEBUG rally_openstack.cleanup.manager [-] Deleting neutron.port object s_rally_41ea6ba5_7zCbSplP (00a1ddb4-aa3d-4f0f-a62d-90dd6b6eb36b)
2019-07-22 21:29:51.633 22705 RALLYDEBUG rally_openstack.cleanup.manager [-] Deleting neutron.port object s_rally_41ea6ba5_LydLzeYH (00ddabd3-7e61-4b05-9db0-4a1be3e522bb)
2019-07-22 21:29:51.641 22705 RALLYDEBUG rally_openstack.cleanup.manager [-] Deleting neutron.port object s_rally_41ea6ba5_8nZ2Qni3 (018a9d1a-12e6-460a-948b-e8eca30efe69)
2019-07-22 21:29:51.648 22705 RALLYDEBUG rally_openstack.cleanup.manager [-] Deleting neutron.port object s_rally_41ea6ba5_NEoLDHvf (0020d668-05d1-4d2c-af7f-f2fc6429ca20)
2019-07-22 21:29:51.652 22705 RALLYDEBUG rally_openstack.cleanup.manager [-] Deleting neutron.port object s_rally_41ea6ba5_eNcjlxYU (01556267-b82f-4ac8-aa7e-8f249c7ceebd)
2019-07-22 21:29:51.661 22705 RALLYDEBUG rally_openstack.cleanup.manager [-] Deleting neutron.port object s_rally_41ea6ba5_n4GYwWc8 (022c2f10-9a34-4692-8ac1-28c3396b2cf0)
2019-07-22 21:29:51.666 22705 RALLYDEBUG rally_openstack.cleanup.manager [-] Deleting neutron.port object s_rally_41ea6ba5_66m9PeQj (01856584-d073-4e78-ae2c-b76dd8286e6d)
2019-07-22 21:29:51.668 22705 RALLYDEBUG rally_openstack.cleanup.manager [-] Deleting neutron.port object s_rally_41ea6ba5_izdo1YTb (01b0fe92-3351-4ccd-bd2b-d0583d32401b)
2019-07-22 21:29:51.673 22705 RALLYDEBUG rally_openstack.cleanup.manager [-] Deleting neutron.port object s_rally_41ea6ba5_ibwRlPRv (03a679a5-6578-467a-a5a0-ad4b29106d3d)
2019-07-22 21:29:51.691 22705 RALLYDEBUG rally_openstack.cleanup.manager [-] Deleting neutron.port object s_rally_41ea6ba5_0CpygzUv (03ddb15c-5e66-4c4e-9202-5b78d1ab9b1c)
2019-07-22 21:29:51.696 22705 RALLYDEBUG rally_openstack.cleanup.manager [-] Deleting neutron.port object s_rally_41ea6ba5_BY2OmKjH (032942ae-e8ee-4c1e-9c44-595369011986)
2019-07-22 21:29:51.697 22705 RALLYDEBUG rally_openstack.cleanup.manager [-] Deleting neutron.port object s_rally_41ea6ba5_yNYx8G53 (03a6f863-6027-48b7-81f0-2d6ac410b6a9)
2019-07-22 21:29:51.708 22705 RALLYDEBUG rally_openstack.cleanup.manager [-] Deleting neutron.port object s_rally_41ea6ba5_fiBE1UEG (0521159a-5ef4-41ab-ae28-fa008f6cad1a)
2019-07-22 21:29:51.711 22705 RALLYDEBUG rally_openstack.cleanup.manager [-] Deleting neutron.port object s_rally_41ea6ba5_hir8yLmW (04402933-8327-45c4-b9b4-441793666456)
2019-07-22 21:29:51.729 22705 RALLYDEBUG rally_openstack.cleanup.manager [-] Deleting neutron.port object s_rally_41ea6ba5_9H6t6hsP (053ae42e-659b-444b-b639-161ac7309623)
2019-07-22 21:29:51.736 22705 RALLYDEBUG rally_openstack.cleanup.manager [-] Deleting neutron.port object s_rally_41ea6ba5_8pd8oSyN (0540765e-3b54-4ce6-9e68-f8848aba5bf6)
2019-07-22 21:29:51.750 22705 RALLYDEBUG rally_openstack.cleanup.manager [-] Deleting neutron.port object s_rally_41ea6ba5_KPd3rAqw (05d95591-d49e-4cc4-b924-1ccd575fcaa9)
2019-07-22 21:29:51.752 22705 RALLYDEBUG rally_openstack.cleanup.manager [-] Deleting neutron.port object s_rally_41ea6ba5_Iyu5UXgd (067d011b-bda2-4321-bcda-48ae015613f1)
2019-07-22 21:29:51.756 22705 RALLYDEBUG rally_openstack.cleanup.manager [-] Deleting neutron.port object s_rally_41ea6ba5_LV9d2JrN (072777ac-162f-4955-972b-b5bf3b584a36)
2019-07-22 21:29:51.770 22705 RALLYDEBUG rally_openstack.cleanup.manager [-] Deleting neutron.port object s_rally_41ea6ba5_CfQhSxcC (07b47c5e-37df-41eb-8e2c-3c7f7da68267)
2019-07-22 21:29:54.434 22705 RALLYDEBUG rally_openstack.cleanup.manager [-] Deleting neutron.port object s_rally_41ea6ba5_D8HOYrFp (07e128d7-1af2-4349-aaa5-1932dce78dac)
2019-07-22 21:29:54.455 22705 RALLYDEBUG rally_openstack.cleanup.manager [-] Deleting neutron.port object s_rally_41ea6ba5_fEYLy2H9 (08075335-f60f-4eef-9e1d-7969a61b9362)
2019-07-22 21:29:54.571 22705 RALLYDEBUG rally_openstack.cleanup.manager [-] Deleting neutron.port object s_rally_41ea6ba5_UQz2ZPw0 (0813c600-dad7-4fc5-8479-3a5e6c53381f)
2019-07-22 21:29:54.596 22705 RALLYDEBUG rally_openstack.cleanup.manager [-] Deleting neutron.port object s_rally_41ea6ba5_snv2MFSd (08bdd79b-059d-4aaf-be5c-2b4c8c58782b)
2019-07-22 21:29:54.602 22705 RALLYDEBUG rally_openstack.cleanup.manager [-] Deleting neutron.port object s_rally_41ea6ba5_wsovODMX (092319a2-1f9c-46de-be74-10b4312e3b7b)
2019-07-22 21:29:54.639 22705 RALLYDEBUG rally_openstack.cleanup.manager [-] Deleting neutron.port object s_rally_41ea6ba5_ACQKmlkQ (092330e9-41cb-4ed1-928d-86474100b1cb)
2019-07-22 21:29:54.708 22705 RALLYDEBUG rally_openstack.cleanup.manager [-] Deleting neutron.port object s_rally_41ea6ba5_PLtkGdrE (09a69c10-4d52-4701-be6b-8d4b3e7590ec)
2019-07-22 21:29:54.737 22705 RALLYDEBUG rally_openstack.cleanup.manager [-] Deleting neutron.port object s_rally_41ea6ba5_v7rTyAo5 (09d07ee2-febb-4974-bebf-dc68693fa198)
2019-07-22 21:29:54.754 22705 RALLYDEBUG rally_openstack.cleanup.manager [-] Deleting neutron.port object s_rally_41ea6ba5_fhVshAte (0aad0e28-be79-4326-ae9a-61ecbd96c391)
2019-07-22 21:29:54.755 22705 RALLYDEBUG rally_openstack.cleanup.manager [-] Deleting neutron.port object s_rally_41ea6ba5_Bz0rIb34 (0b70ffa6-95c7-4767-9e4e-bc10135868c4)
2019-07-22 21:29:54.778 22705 RALLYDEBUG rally_openstack.cleanup.manager [-] Deleting neutron.port object s_rally_41ea6ba5_p8HYbuX0 (0ba3c362-a523-433b-803f-0a4362776e3f)
2019-07-22 21:29:54.849 22705 RALLYDEBUG rally_openstack.cleanup.manager [-] Deleting neutron.port object s_rally_41ea6ba5_Iep6znRT (0cfe8026-3264-4065-a656-683e51d2ffcc)
2019-07-22 21:29:54.891 22705 RALLYDEBUG rally_openstack.cleanup.manager [-] Deleting neutron.port object s_rally_41ea6ba5_ARRYwptb (0cffa0ca-b350-40f3-b528-28935253f01e)
2019-07-22 21:29:54.897 22705 RALLYDEBUG rally_openstack.cleanup.manager [-] Deleting neutron.port object s_rally_41ea6ba5_Pm2j0Qrn (0d38048b-909d-4a76-9322-837e8e3d8c93)
2019-07-22 21:29:55.109 22705 RALLYDEBUG rally_openstack.cleanup.manager [-] Deleting neutron.port object s_rally_41ea6ba5_5TCnP9BL (0d3e188d-d293-417a-b30b-e21f531628ad)
2019-07-22 21:29:55.215 22705 RALLYDEBUG rally_openstack.cleanup.manager [-] Deleting neutron.port object s_rally_41ea6ba5_vDCMloDo (0d9cca2f-5239-4f49-8a17-4f5fb4436992)
2019-07-22 21:29:55.228 22705 RALLYDEBUG rally_openstack.cleanup.manager [-] Deleting neutron.port object s_rally_41ea6ba5_K4pHy1Gu (0e5c961f-084b-4e81-8e13-926730b37cf7)
2019-07-22 21:29:55.286 22705 RALLYDEBUG rally_openstack.cleanup.manager [-] Deleting neutron.port object s_rally_41ea6ba5_bkWGUw2u (0f10cee1-eac2-499b-a3bf-f75fad9ee771)
2019-07-22 21:29:55.291 22705 RALLYDEBUG rally_openstack.cleanup.manager [-] Deleting neutron.port object s_rally_41ea6ba5_RGjngIjO (0ff007aa-d7ac-4a4c-9567-5976d21aff2f)
2019-07-22 21:29:55.294 22705 RALLYDEBUG rally_openstack.cleanup.manager [-] Deleting neutron.port object s_rally_41ea6ba5_GcPW1rWD (100895e2-7000-4660-b2a5-2512f273f1c7)
2019-07-22 21:29:57.372 22705 RALLYDEBUG rally_openstack.cleanup.manager [-] Deleting neutron.port object s_rally_41ea6ba5_W2Q1PrIm (1011926d-14b0-4d91-9739-3bccfcc6f44e)
2019-07-22 21:29:57.449 22705 RALLYDEBUG rally_openstack.cleanup.manager [-] Deleting neutron.port object s_rally_41ea6ba5_Bjj1svke (107bd666-238b-4e13-bc4a-7f235aa8f231)
2019-07-22 21:29:57.479 22705 RALLYDEBUG rally_openstack.cleanup.manager [-] Deleting neutron.port object s_rally_41ea6ba5_LUs752f2 (11026d1a-597b-440e-91fa-35c06bd898ad)
2019-07-22 21:29:57.493 22705 RALLYDEBUG rally_openstack.cleanup.manager [-] Deleting neutron.port object s_rally_41ea6ba5_mrvgefHA (110e1e91-5681-457b-a3a1-8635d953a0fa)
2019-07-22 21:29:57.611 22705 RALLYDEBUG rally_openstack.cleanup.manager [-] Deleting neutron.port object s_rally_41ea6ba5_u21nNBlL (1126ef05-62c3-43ff-aa48-47c05e6a457d)
2019-07-22 21:29:57.661 22705 RALLYDEBUG rally_openstack.cleanup.manager [-] Deleting neutron.port object s_rally_41ea6ba5_Aa1fOpaP (11e76172-b577-41d6-8ea3-ec2d67525698)
2019-07-22 21:29:57.854 22705 RALLYDEBUG rally_openstack.cleanup.manager [-] Deleting neutron.port object s_rally_41ea6ba5_HnUFEE3m (11eb395b-8b4d-428b-b6a4-b90ff5cdd689)
2019-07-22 21:29:57.917 22705 RALLYDEBUG rally_openstack.cleanup.manager [-] Deleting neutron.port object s_rally_41ea6ba5_E11G6eib (11f7a1ec-bcac-4c6f-8b1f-cba634ea9ce6)
2019-07-22 21:29:57.979 22705 RALLYDEBUG rally_openstack.cleanup.manager [-] Deleting neutron.port object s_rally_41ea6ba5_lfw7R1Ac (12b997e9-4176-4017-ae03-f6e6e971fa18)
2019-07-22 21:29:57.989 22705 RALLYDEBUG rally_openstack.cleanup.manager [-] Deleting neutron.port object s_rally_41ea6ba5_DHzPoqGT (130a11e3-f57c-4f04-a2a4-1a8d706f41bb)
2019-07-22 21:29:58.044 22705 RALLYDEBUG rally_openstack.cleanup.manager [-] Deleting neutron.port object s_rally_41ea6ba5_QZfR0kFJ (149fa8dc-b3e1-4f96-ba5d-cb86c55ddce4)
2019-07-22 21:29:58.129 22705 RALLYDEBUG rally_openstack.cleanup.manager [-] Deleting neutron.port object s_rally_41ea6ba5_Fj4tzFIa (16226585-e6a0-4294-b99d-8495bb9eef04)
2019-07-22 21:29:58.129 22705 RALLYDEBUG rally_openstack.cleanup.manager [-] Deleting neutron.port object s_rally_41ea6ba5_SlVQtMxw (156a9ffe-db56-402d-beb4-a9c5aa8e74e7)
2019-07-22 21:29:58.169 22705 RALLYDEBUG rally_openstack.cleanup.manager [-] Deleting neutron.port object s_rally_41ea6ba5_ak9zAiEx (1658ee87-6b65-4b97-8a36-7ea8fb3f30fa)
2019-07-22 21:29:58.379 22705 RALLYDEBUG rally_openstack.cleanup.manager [-] Deleting neutron.port object s_rally_41ea6ba5_LP6q7sGb (18267ddb-f18c-4a7f-9225-45b33d3f1b4f)
2019-07-22 21:29:58.481 22705 RALLYDEBUG rally_openstack.cleanup.manager [-] Deleting neutron.port object s_rally_41ea6ba5_R3roJwNU (186bdf0e-4632-4a95-98d8-7fd226a95f5f)
2019-07-22 21:29:58.751 22705 RALLYDEBUG rally_openstack.cleanup.manager [-] Deleting neutron.port object s_rally_41ea6ba5_4b1jOw3m (1980d406-e271-4303-84e9-47338e97bd99)
2019-07-22 21:29:58.774 22705 RALLYDEBUG rally_openstack.cleanup.manager [-] Deleting neutron.port object s_rally_41ea6ba5_BKG9u2Cm (19b5c0fe-8b2c-4f15-928a-c63cddd7885d)
2019-07-22 21:29:59.335 22705 RALLYDEBUG rally_openstack.cleanup.manager [-] Deleting neutron.port object s_rally_41ea6ba5_EzDOI8ml (1a7a6963-99c8-4b35-b1b6-8ea0f7066206)
2019-07-22 21:30:00.082 22705 RALLYDEBUG rally_openstack.cleanup.manager [-] Deleting neutron.port object s_rally_41ea6ba5_R9e1ftya (1adfa55d-e111-422d-9ae6-30976c600885)
2019-07-22 21:30:00.108 22705 RALLYDEBUG rally_openstack.cleanup.manager [-] Deleting neutron.port object s_rally_41ea6ba5_Hyh5gR6D (1b2965e1-4cff-4e57-b3c3-b1457526a232)
2019-07-22 21:30:00.242 22705 RALLYDEBUG rally_openstack.cleanup.manager [-] Deleting neutron.port object s_rally_41ea6ba5_O5VA0Ki9 (1d1e1a70-dbea-477f-abb3-26a9fa152808)
2019-07-22 21:30:00.430 22705 RALLYDEBUG rally_openstack.cleanup.manager [-] Deleting neutron.port object s_rally_41ea6ba5_Y1jHYZVV (1d22fcb5-ab53-4a6a-be96-c386cc9b2296)
2019-07-22 21:30:00.562 22705 RALLYDEBUG rally_openstack.cleanup.manager [-] Deleting neutron.port object s_rally_41ea6ba5_q5ZDG2oB (1d7d57b6-d4bb-4711-a167-a324919f269b)
2019-07-22 21:30:00.590 22705 RALLYDEBUG rally_openstack.cleanup.manager [-] Deleting neutron.port object s_rally_41ea6ba5_9TwVhqIk (1d9210a9-9e1b-4b09-afae-7567b5fb537b)
2019-07-22 21:30:00.712 22705 RALLYDEBUG rally_openstack.cleanup.manager [-] Deleting neutron.port object s_rally_41ea6ba5_r0OjGXE6 (1de59833-533d-4aee-80a6-e0c901a80674)
2019-07-22 21:30:00.837 22705 RALLYDEBUG rally_openstack.cleanup.manager [-] Deleting neutron.port object s_rally_41ea6ba5_j1vyOA6H (1f0357d5-d51b-4d64-8651-2ad6b81ada7b)
2019-07-22 21:30:00.869 22705 RALLYDEBUG rally_openstack.cleanup.manager [-] Deleting neutron.port object s_rally_41ea6ba5_7EIyXrWZ (1f4629cb-1ac3-4102-abe1-343f49188908)
2019-07-22 21:30:00.945 22705 RALLYDEBUG rally_openstack.cleanup.manager [-] Deleting neutron.port object s_rally_41ea6ba5_Zy6jWkwB (1f74755b-e634-4b36-96b2-4154c05a6a45)
2019-07-22 21:30:01.015 22705 RALLYDEBUG rally_openstack.cleanup.manager [-] Deleting neutron.port object s_rally_41ea6ba5_UpiPiK36 (1fd178be-ba25-41a6-a8fe-be9037cd07f6)
2019-07-22 21:30:01.046 22705 RALLYDEBUG rally_openstack.cleanup.manager [-] Deleting neutron.port object s_rally_41ea6ba5_R4Dfl33C (20148354-88a9-471e-86a2-64689063568f)
2019-07-22 21:30:01.135 22705 RALLYDEBUG rally_openstack.cleanup.manager [-] Deleting neutron.port object s_rally_41ea6ba5_ccH8BAzW (2019b835-b3d8-48b9-9a8b-867482b52f5c)
2019-07-22 21:30:01.183 22705 RALLYDEBUG rally_openstack.cleanup.manager [-] Deleting neutron.port object s_rally_41ea6ba5_aVV4CK1K (20c61cf0-c860-4901-a489-f34d8b10c056)
2019-07-22 21:30:01.402 22705 RALLYDEBUG rally_openstack.cleanup.manager [-] Deleting neutron.port object s_rally_41ea6ba5_Uxu2RSVS (2143ea66-4187-423b-88dc-6713da0400c6)
2019-07-22 21:30:01.403 22705 RALLYDEBUG rally_openstack.cleanup.manager [-] Deleting neutron.port object s_rally_41ea6ba5_WkI3Z51Z (216484cc-bb96-4d83-8005-d22292c2e0a0)
2019-07-22 21:30:01.419 22705 RALLYDEBUG rally_openstack.cleanup.manager [-] Deleting neutron.port object s_rally_41ea6ba5_jbz6oIhO (224dd188-399c-46fa-b15d-579f43af7656)
2019-07-22 21:30:01.506 22705 RALLYDEBUG rally_openstack.cleanup.manager [-] Deleting neutron.port object s_rally_41ea6ba5_N6XQNJaj (231b1764-b4ce-42d1-8100-fe41fa46ff5a)
2019-07-22 21:30:01.516 22705 RALLYDEBUG rally_openstack.cleanup.manager [-] Deleting neutron.port object s_rally_41ea6ba5_HnlcwGMq (238e87d1-3268-4178-99b9-9e14a7b175ca)
2019-07-22 21:30:01.914 22705 RALLYDEBUG rally_openstack.cleanup.manager [-] Deleting neutron.port object s_rally_41ea6ba5_vLhU18nd (23d9efd1-d08c-45dc-b835-3e9034a449a5)
2019-07-22 21:30:02.519 22705 RALLYDEBUG rally_openstack.cleanup.manager [-] Deleting neutron.port object s_rally_41ea6ba5_BCpFEm3I (23fa4cf9-8eb4-4d65-90da-885670489bde)
2019-07-22 21:30:02.680 22705 RALLYDEBUG rally_openstack.cleanup.manager [-] Deleting neutron.port object s_rally_41ea6ba5_ZvETfCjd (24599282-e2d9-42d5-b390-00f950119466)
2019-07-22 21:30:02.787 22705 RALLYDEBUG rally_openstack.cleanup.manager [-] Deleting neutron.port object s_rally_41ea6ba5_oVOeM7bq (2478810f-edde-4054-8500-09aac85bc6fa)
2019-07-22 21:30:02.856 22705 RALLYDEBUG rally_openstack.cleanup.manager [-] Deleting neutron.port object s_rally_41ea6ba5_6uBnNpiS (24d95970-fa56-47bb-a215-215d0afa3d3b)
2019-07-22 21:30:02.967 22705 RALLYDEBUG rally_openstack.cleanup.manager [-] Deleting neutron.port object s_rally_41ea6ba5_c4iByZI2 (25077114-0a82-425a-b12f-5e440a9ffaa7)
2019-07-22 21:30:03.184 22705 RALLYDEBUG rally_openstack.cleanup.manager [-] Deleting neutron.port object s_rally_41ea6ba5_XRWdpBPz (265f968b-32c9-4652-8743-b21e38fed485)
2019-07-22 21:30:03.389 22705 RALLYDEBUG rally_openstack.cleanup.manager [-] Deleting neutron.port object s_rally_41ea6ba5_WKtXe5EY (26dad969-5667-49f6-9dd3-f96f324c3c8c)
2019-07-22 21:30:03.412 22705 RALLYDEBUG rally_openstack.cleanup.manager [-] Deleting neutron.port object s_rally_41ea6ba5_DD5AMnvo (283dc601-dd8d-4ac8-a6b8-15ca6114d5e9)
2019-07-22 21:30:03.497 22705 RALLYDEBUG rally_openstack.cleanup.manager [-] Deleting neutron.port object s_rally_41ea6ba5_MrYvpnRI (286a5934-ba51-431f-9a15-d2aaebd5ae4e)
2019-07-22 21:30:03.605 22705 RALLYDEBUG rally_openstack.cleanup.manager [-] Deleting neutron.port object s_rally_41ea6ba5_J5Vv0vyX (28b73d16-72e3-4ce0-9a06-9f2be7ec862c)
2019-07-22 21:30:03.780 22705 RALLYDEBUG rally_openstack.cleanup.manager [-] Deleting neutron.port object s_rally_41ea6ba5_K7RwVmax (28dc6caa-b781-4100-9d60-b69d5dbb8138)
2019-07-22 21:30:03.965 22705 RALLYDEBUG rally_openstack.cleanup.manager [-] Deleting neutron.port object s_rally_41ea6ba5_uvT59tZ0 (291b1b93-3c13-4b34-87d7-7a9a0654b678)
2019-07-22 21:30:03.992 22705 RALLYDEBUG rally_openstack.cleanup.manager [-] Deleting neutron.port object s_rally_41ea6ba5_94RynDzn (29c85681-b35a-4f66-8811-f777ab46eec1)
2019-07-22 21:30:03.996 22705 RALLYDEBUG rally_openstack.cleanup.manager [-] Deleting neutron.port object s_rally_41ea6ba5_lK50UKBF (2a0e9063-60d1-4d72-9fa3-eb201bdb4b81)
2019-07-22 21:30:04.120 22705 RALLYDEBUG rally_openstack.cleanup.manager [-] Deleting neutron.port object s_rally_41ea6ba5_KotV1gqK (2c51ef78-9f93-4b83-bffa-65ae046af228)
2019-07-22 21:30:04.238 22705 RALLYDEBUG rally_openstack.cleanup.manager [-] Deleting neutron.port object s_rally_41ea6ba5_RZAUoZ0l (2c6c68d1-9c69-42c7-b1cb-3ff991b1902b)
2019-07-22 21:30:04.383 22705 RALLYDEBUG rally_openstack.cleanup.manager [-] Deleting neutron.port object s_rally_41ea6ba5_28RnofIl (2e1ef317-4b06-4d4d-9ee4-d6f44eae5d92)
2019-07-22 21:30:04.383 22705 RALLYDEBUG rally_openstack.cleanup.manager [-] Deleting neutron.port object s_rally_41ea6ba5_3Aig6T86 (2d529b91-ad39-4eaa-b36b-268148192730)
2019-07-22 21:30:04.690 22705 RALLYDEBUG rally_openstack.cleanup.manager [-] Deleting neutron.port object s_rally_41ea6ba5_tOjlEaJ3 (2e986ee6-e6dc-4df4-9e9b-9f2d11bfcb24)
2019-07-22 21:30:04.725 22705 RALLYDEBUG rally_openstack.cleanup.manager [-] Deleting neutron.port object s_rally_41ea6ba5_FWF6WiMi (2f6ea0bc-c4c4-4350-9edd-0ba9d7f12bed)
2019-07-22 21:30:05.002 22705 RALLYDEBUG rally_openstack.cleanup.manager [-] Deleting neutron.port object s_rally_41ea6ba5_1dhCQ7wt (3028f739-66d4-4ea9-8a81-960dab37556d)
2019-07-22 21:30:05.287 22705 RALLYDEBUG rally_openstack.cleanup.manager [-] Deleting neutron.port object s_rally_41ea6ba5_OkU1SG7t (3143e0f8-3cdd-4810-a015-09989d22f17e)
