2019-07-22 21:24:26.466 22705 RALLYDEBUG rally_openstack.cleanup.manager [-] Deleting neutron.port object s_rally_74ba629a_jWuI3ISy (5bb57440-bc2c-4c57-acbd-dd06a785dd78)
2019-07-22 21:24:26.520 22705 RALLYDEBUG rally_openstack.cleanup.manager [-] Deleting neutron.port object s_rally_74ba629a_p2koGpU1 (5d345a16-d7f7-434b-91e0-63d515208e72)
2019-07-22 21:24:26.571 22705 RALLYDEBUG rally_openstack.cleanup.manager [-] Deleting neutron.port object s_rally_74ba629a_EerCCJRx (5e01b721-b916-4e3e-9cea-8289750ab97f)
2019-07-22 21:24:26.646 22705 RALLYDEBUG rally_openstack.cleanup.manager [-] Deleting neutron.port object s_rally_74ba629a_uGIg1kLS (5e083322-b89b-428f-b40f-3f20a484ca41)
2019-07-22 21:24:26.965 22705 RALLYDEBUG rally_openstack.cleanup.manager [-] Deleting neutron.port object s_rally_74ba629a_gcTLENzs (5f521320-7a78-4c8f-92ce-e708693124f2)
2019-07-22 21:24:27.005 22705 RALLYDEBUG rally_openstack.cleanup.manager [-] Deleting neutron.port object s_rally_74ba629a_OEGSxnjz (5fdd8922-f362-4719-b396-4e122b81675c)
2019-07-22 21:24:27.057 22705 RALLYDEBUG rally_openstack.cleanup.manager [-] Deleting neutron.port object s_rally_74ba629a_uoDymg9B (6027aa83-f7ae-47a2-99de-baa6cbef69e8)
2019-07-22 21:24:27.090 22705 RALLYDEBUG rally_openstack.cleanup.manager [-] Deleting neutron.port object s_rally_74ba629a_Zv2SsvbG (607234b4-7c15-4f16-b877-92d1c4fb03da)
2019-07-22 21:24:27.173 22705 RALLYDEBUG rally_openstack.cleanup.manager [-] Deleting neutron.port object s_rally_74ba629a_bSV5pCXU (62117f07-d4a3-4882-a6b1-695b2fe3fbad)
2019-07-22 21:24:27.224 22705 RALLYDEBUG rally_openstack.cleanup.manager [-] Deleting neutron.port object s_rally_74ba629a_RpIQuwMf (62686f29-aca7-4660-a093-8ed2d423024f)
2019-07-22 21:24:27.317 22705 RALLYDEBUG rally_openstack.cleanup.manager [-] Deleting neutron.port object s_rally_74ba629a_zuAnn7LQ (64af47ca-4b5b-4143-9230-7199ddaea512)
2019-07-22 21:24:27.409 22705 RALLYDEBUG rally_openstack.cleanup.manager [-] Deleting neutron.port object s_rally_74ba629a_v5x4jDdO (6669078d-c436-4593-ad4a-e589399fe995)
2019-07-22 21:24:27.493 22705 RALLYDEBUG rally_openstack.cleanup.manager [-] Deleting neutron.port object s_rally_74ba629a_smeGRZyw (6715c6ce-50a2-4794-a2e3-402ee6b2cba6)
2019-07-22 21:24:27.850 22705 RALLYDEBUG rally_openstack.cleanup.manager [-] Deleting neutron.port object s_rally_74ba629a_bSH4fLmc (671a2637-a646-4aa7-a520-c3fa200c815e)
2019-07-22 21:24:28.022 22705 RALLYDEBUG rally_openstack.cleanup.manager [-] Deleting neutron.port object s_rally_74ba629a_Tmc1k6TV (67fec57e-7f66-49b0-a451-ba38ca2a2b88)
2019-07-22 21:24:28.177 22705 RALLYDEBUG rally_openstack.cleanup.manager [-] Deleting neutron.port object s_rally_74ba629a_FWGqbMom (686ee69d-6451-41e8-a1ca-7f7d1da94d98)
2019-07-22 21:24:28.393 22705 RALLYDEBUG rally_openstack.cleanup.manager [-] Deleting neutron.port object s_rally_74ba629a_qkocXuzh (68d09a23-21c0-480a-8de4-172bc2b81d92)
2019-07-22 21:24:28.452 22705 RALLYDEBUG rally_openstack.cleanup.manager [-] Deleting neutron.port object s_rally_74ba629a_gd1xkA59 (698f4e2c-356c-483b-b518-4ecc59dff612)
2019-07-22 21:24:28.681 22705 RALLYDEBUG rally_openstack.cleanup.manager [-] Deleting neutron.port object s_rally_74ba629a_lyUmvagH (6a37d9ec-ab47-4bc5-9050-e01a38a9b2ac)
2019-07-22 21:24:28.698 22705 RALLYDEBUG rally_openstack.cleanup.manager [-] Deleting neutron.port object s_rally_74ba629a_AG4ga6Rx (6a683f65-1fca-4cb5-8613-976da1db8eab)
2019-07-22 21:24:28.985 22705 RALLYDEBUG rally_openstack.cleanup.manager [-] Deleting neutron.port object s_rally_74ba629a_N3qAa3G6 (6ab5f4d7-3e9f-43c3-8494-6a6f65b354d8)
2019-07-22 21:24:29.061 22705 RALLYDEBUG rally_openstack.cleanup.manager [-] Deleting neutron.port object s_rally_74ba629a_1U6JPAHl (6ba27c93-aab3-4503-8cc6-b16764241309)
2019-07-22 21:24:29.332 22705 RALLYDEBUG rally_openstack.cleanup.manager [-] Deleting neutron.port object s_rally_74ba629a_37sYbHD3 (6e28a0f2-d481-4f93-9e4a-56bba8dc53c2)
2019-07-22 21:24:29.380 22705 RALLYDEBUG rally_openstack.cleanup.manager [-] Deleting neutron.port object s_rally_74ba629a_PurtfytB (6e44bd4e-3bed-4908-8647-a86048435956)
2019-07-22 21:24:29.420 22705 RALLYDEBUG rally_openstack.cleanup.manager [-] Deleting neutron.port object s_rally_74ba629a_HiSEGhPr (6eaa949c-780e-450f-b359-93b84dd3f1c8)
2019-07-22 21:24:29.523 22705 RALLYDEBUG rally_openstack.cleanup.manager [-] Deleting neutron.port object s_rally_74ba629a_I36eFiN4 (6f0cf089-68a7-484e-89e6-ad5b557da3ed)
2019-07-22 21:24:29.610 22705 RALLYDEBUG rally_openstack.cleanup.manager [-] Deleting neutron.port object s_rally_74ba629a_tfNIdl6a (6f23c0c7-b0cc-432c-b4bc-104d427a9384)
2019-07-22 21:24:29.682 22705 RALLYDEBUG rally_openstack.cleanup.manager [-] Deleting neutron.port object s_rally_74ba629a_3KqowXU8 (70376238-223e-4b25-9a60-7a8897bf06f6)
2019-07-22 21:24:29.775 22705 RALLYDEBUG rally_openstack.cleanup.manager [-] Deleting neutron.port object s_rally_74ba629a_ceR3GkIr (70b96eda-4ea2-4ed4-aa2b-1efd2ae60d93)
2019-07-22 21:24:29.853 22705 RALLYDEBUG rally_openstack.cleanup.manager [-] Deleting neutron.port object s_rally_74ba629a_Fkm5r30o (71efb3e3-755f-481c-a470-de9b8992dd52)
2019-07-22 21:24:29.888 22705 RALLYDEBUG rally_openstack.cleanup.manager [-] Deleting neutron.port object s_rally_74ba629a_Dlh2HrUh (73599042-a567-4fcf-906c-0351644b417e)
2019-07-22 21:24:30.016 22705 RALLYDEBUG rally_openstack.cleanup.manager [-] Deleting neutron.port object s_rally_74ba629a_aB2W0n1M (75c98bae-0fb2-40a0-b735-98def751c891)
2019-07-22 21:24:30.106 22705 RALLYDEBUG rally_openstack.cleanup.manager [-] Deleting neutron.port object s_rally_74ba629a_DYJe58FJ (77ece0e8-ebf8-4cd3-9382-4cec2ac4233a)
2019-07-22 21:24:30.214 22705 RALLYDEBUG rally_openstack.cleanup.manager [-] Deleting neutron.port object s_rally_74ba629a_58Mtb8y3 (79c3b788-700a-446e-a275-59e83cf4a528)
2019-07-22 21:24:30.300 22705 RALLYDEBUG rally_openstack.cleanup.manager [-] Deleting neutron.port object s_rally_74ba629a_OUf3NACy (7b51cc44-8045-4de2-b0a2-ac3f9f1b7f62)
2019-07-22 21:24:30.648 22705 RALLYDEBUG rally_openstack.cleanup.manager [-] Deleting neutron.port object s_rally_74ba629a_BC0QFaNy (7ba7cbc3-670f-434b-8ff3-30e7ab4c9fa8)
2019-07-22 21:24:30.760 22705 RALLYDEBUG rally_openstack.cleanup.manager [-] Deleting neutron.port object s_rally_74ba629a_nmZhy84C (7eeb6038-e21c-424f-8a0e-fe2141357dfa)
2019-07-22 21:24:30.828 22705 RALLYDEBUG rally_openstack.cleanup.manager [-] Deleting neutron.port object s_rally_74ba629a_e3oQ5FfB (7ef9c0e0-2bcd-4992-957a-1d91a459cc66)
2019-07-22 21:24:31.234 22705 RALLYDEBUG rally_openstack.cleanup.manager [-] Deleting neutron.port object s_rally_74ba629a_99oKVop2 (7fca0e18-bbee-4529-9167-5ed32bb3702f)
2019-07-22 21:24:31.241 22705 RALLYDEBUG rally_openstack.cleanup.manager [-] Deleting neutron.port object s_rally_74ba629a_6cLgPzVC (80af9dc4-1f99-499d-96fe-2bd4d3db63bb)
2019-07-22 21:24:31.440 22705 RALLYDEBUG rally_openstack.cleanup.manager [-] Deleting neutron.port object s_rally_74ba629a_s8n3BVuv (813d21c7-b992-42f8-a732-bb075dd6548d)
2019-07-22 21:24:31.487 22705 RALLYDEBUG rally_openstack.cleanup.manager [-] Deleting neutron.port object s_rally_74ba629a_uIoNwxSK (8154e631-9390-42d0-b586-f8701537b20d)
2019-07-22 21:24:31.529 22705 RALLYDEBUG rally_openstack.cleanup.manager [-] Deleting neutron.port object s_rally_74ba629a_c9SxoB7a (84b8c5c8-fe0c-48c1-835d-1ba19567c70a)
2019-07-22 21:24:31.853 22705 RALLYDEBUG rally_openstack.cleanup.manager [-] Deleting neutron.port object s_rally_74ba629a_Z7MHE983 (862dae76-818b-4c53-832a-e7839017b91e)
2019-07-22 21:24:31.922 22705 RALLYDEBUG rally_openstack.cleanup.manager [-] Deleting neutron.port object s_rally_74ba629a_iMLucod1 (86f1a0b9-89d7-47bb-babd-9806f92d4756)
2019-07-22 21:24:32.156 22705 RALLYDEBUG rally_openstack.cleanup.manager [-] Deleting neutron.port object s_rally_74ba629a_kZTdR4Xf (86fa3522-68c9-41bd-ab41-8a02b675df71)
2019-07-22 21:24:32.169 22705 RALLYDEBUG rally_openstack.cleanup.manager [-] Deleting neutron.port object s_rally_74ba629a_wI2yfp40 (879af1d4-62c6-45eb-9f54-8e17ec7f6d21)
2019-07-22 21:24:32.482 22705 RALLYDEBUG rally_openstack.cleanup.manager [-] Deleting neutron.port object s_rally_74ba629a_6ivoLRNq (8805b8ea-9ca6-4b3c-a9c7-3e5dcc87e982)
2019-07-22 21:24:32.500 22705 RALLYDEBUG rally_openstack.cleanup.manager [-] Deleting neutron.port object s_rally_74ba629a_0u2futBp (89048ddc-8cac-45b5-9593-443c5e884d14)
2019-07-22 21:24:32.533 22705 RALLYDEBUG rally_openstack.cleanup.manager [-] Deleting neutron.port object s_rally_74ba629a_0SBLgPHl (8cf0452e-5883-4e06-b095-a7095f5d9753)
2019-07-22 21:24:32.602 22705 RALLYDEBUG rally_openstack.cleanup.manager [-] Deleting neutron.port object s_rally_74ba629a_dIvo9ZjY (8cf16945-6cc3-4ef4-9ba5-46cec0c1ccc7)
2019-07-22 21:24:32.820 22705 RALLYDEBUG rally_openstack.cleanup.manager [-] Deleting neutron.port object s_rally_74ba629a_m1eah00R (8d8851b8-0c33-493b-984b-009bd1b57266)
2019-07-22 21:24:32.825 22705 RALLYDEBUG rally_openstack.cleanup.manager [-] Deleting neutron.port object s_rally_74ba629a_XrFL89Xd (90f194c9-a028-4800-97cb-db5aa508bb56)
2019-07-22 21:24:32.841 22705 RALLYDEBUG rally_openstack.cleanup.manager [-] Deleting neutron.port object s_rally_74ba629a_SBvyNiS3 (90f5fcf4-cbf7-45aa-a43c-bf0a3f4a29bc)
2019-07-22 21:24:32.982 22705 RALLYDEBUG rally_openstack.cleanup.manager [-] Deleting neutron.port object s_rally_74ba629a_l3BKIM0T (9145754f-3973-430a-8745-e402e4e2a277)
2019-07-22 21:24:33.008 22705 RALLYDEBUG rally_openstack.cleanup.manager [-] Deleting neutron.port object s_rally_74ba629a_ZTCaRq1s (91993a3f-e850-40d8-9b08-2de5528a1044)
2019-07-22 21:24:33.119 22705 RALLYDEBUG rally_openstack.cleanup.manager [-] Deleting neutron.port object s_rally_74ba629a_hXPQelp4 (92729758-f41d-46a8-bd17-4f149e8c420c)
2019-07-22 21:24:33.358 22705 RALLYDEBUG rally_openstack.cleanup.manager [-] Deleting neutron.port object s_rally_74ba629a_hny1XTGj (93287d87-6447-4fcf-adef-e4176f02d690)
2019-07-22 21:24:33.425 22705 RALLYDEBUG rally_openstack.cleanup.manager [-] Deleting neutron.port object s_rally_74ba629a_bXfAWQJk (93f29634-d105-44c8-bfc8-692bbec1bb7a)
2019-07-22 21:24:33.530 22705 RALLYDEBUG rally_openstack.cleanup.manager [-] Deleting neutron.port object s_rally_74ba629a_U8DwhrWB (98afcc5a-729c-4fa4-8f00-cfa285c7e7de)
2019-07-22 21:24:33.612 22705 RALLYDEBUG rally_openstack.cleanup.manager [-] Deleting neutron.port object s_rally_74ba629a_TiVCM7Tk (9b51e1d4-3979-4497-adcf-0cb2a865df7d)
2019-07-22 21:24:33.700 22705 RALLYDEBUG rally_openstack.cleanup.manager [-] Deleting neutron.port object s_rally_74ba629a_ioLTsF9e (9be785fe-b779-4cf4-9a3c-0e65cf0ee062)
2019-07-22 21:24:34.018 22705 RALLYDEBUG rally_openstack.cleanup.manager [-] Deleting neutron.port object s_rally_74ba629a_hKwapQrE (9cf0a168-4a00-4b02-8469-4e95e906fb0e)
2019-07-22 21:24:34.071 22705 RALLYDEBUG rally_openstack.cleanup.manager [-] Deleting neutron.port object s_rally_74ba629a_dwMIIgYu (9e30026d-9cea-4c3f-8238-b391658c6130)
2019-07-22 21:24:34.316 22705 RALLYDEBUG rally_openstack.cleanup.manager [-] Deleting neutron.port object s_rally_74ba629a_vJ0WJMO3 (9ebf6979-f155-4d58-b287-c0c49483c7c3)
2019-07-22 21:24:34.327 22705 RALLYDEBUG rally_openstack.cleanup.manager [-] Deleting neutron.port object s_rally_74ba629a_xM95oKUR (9eebfb9f-65d5-4418-95c1-3e32cec082b2)
2019-07-22 21:24:34.357 22705 RALLYDEBUG rally_openstack.cleanup.manager [-] Deleting neutron.port object s_rally_74ba629a_P4nRLSik (9f874b8e-8c82-41bb-847d-f55d9cfea6d7)
2019-07-22 21:24:34.850 22705 RALLYDEBUG rally_openstack.cleanup.manager [-] Deleting neutron.port object s_rally_74ba629a_y2IpGq7x (a163f26e-ca32-4c5c-bc42-5f22ab5d593d)
2019-07-22 21:24:34.877 22705 RALLYDEBUG rally_openstack.cleanup.manager [-] Deleting neutron.port object s_rally_74ba629a_xee3rcxb (a22f2739-1315-4c53-95a0-3e8d1445ce4c)
2019-07-22 21:24:35.031 22705 RALLYDEBUG rally_openstack.cleanup.manager [-] Deleting neutron.port object s_rally_74ba629a_r6pTsFh7 (a6c860c6-39c0-4741-88db-739399b98809)
2019-07-22 21:24:35.053 22705 RALLYDEBUG rally_openstack.cleanup.manager [-] Deleting neutron.port object s_rally_74ba629a_y6lc7b3r (a8c36ccd-ac92-4ad2-9ecc-70411214a1fe)
2019-07-22 21:24:35.153 22705 RALLYDEBUG rally_openstack.cleanup.manager [-] Deleting neutron.port object s_rally_74ba629a_zpHsf177 (ab7dfba8-1058-42d2-9f77-f0a3a92ae3e6)
2019-07-22 21:24:35.167 22705 RALLYDEBUG rally_openstack.cleanup.manager [-] Deleting neutron.port object s_rally_74ba629a_pNs0Jc2g (abf76469-928a-498f-b530-7a0e64b5f792)
2019-07-22 21:24:35.237 22705 RALLYDEBUG rally_openstack.cleanup.manager [-] Deleting neutron.port object s_rally_74ba629a_XOqwAzdS (ad186ced-3376-439c-a03c-dd8f028c5a5e)
2019-07-22 21:24:35.266 22705 RALLYDEBUG rally_openstack.cleanup.manager [-] Deleting neutron.port object s_rally_74ba629a_VsAbUVrx (ad959ba5-4744-4055-84ee-53e83f5eeed7)
2019-07-22 21:24:35.314 22705 RALLYDEBUG rally_openstack.cleanup.manager [-] Deleting neutron.port object s_rally_74ba629a_8LrwIa8p (aecfaa16-8c30-48b9-9935-380fccb776f8)
2019-07-22 21:24:35.578 22705 RALLYDEBUG rally_openstack.cleanup.manager [-] Deleting neutron.port object s_rally_74ba629a_7CkrkeXr (b0753e8f-d390-4f0b-b15f-c7d98cd3ab6e)
2019-07-22 21:24:35.677 22705 RALLYDEBUG rally_openstack.cleanup.manager [-] Deleting neutron.port object s_rally_74ba629a_fPErWQjw (b3199bcc-de6e-489d-8c61-f6672e8256a5)
2019-07-22 21:24:35.970 22705 RALLYDEBUG rally_openstack.cleanup.manager [-] Deleting neutron.port object s_rally_74ba629a_uPfwLJaY (b4367b8b-0157-4c56-a304-e0e0f2cf4f29)
2019-07-22 21:24:36.076 22705 RALLYDEBUG rally_openstack.cleanup.manager [-] Deleting neutron.port object s_rally_74ba629a_7QMtsQA9 (b4946a1b-be3e-4736-b01f-6a4f86435760)
2019-07-22 21:24:36.259 22705 RALLYDEBUG rally_openstack.cleanup.manager [-] Deleting neutron.port object s_rally_74ba629a_7DEYGuSa (b622706e-ecbc-4436-8293-cb9f7224520f)
2019-07-22 21:24:36.341 22705 RALLYDEBUG rally_openstack.cleanup.manager [-] Deleting neutron.port object s_rally_74ba629a_hDLw8UJ8 (b66379e1-c4f8-4429-ba55-cff8d5e612b3)
2019-07-22 21:24:36.474 22705 RALLYDEBUG rally_openstack.cleanup.manager [-] Deleting neutron.port object s_rally_74ba629a_jurqCICL (b6fa2510-d35b-49c7-a8d8-f3b8b46461c5)
2019-07-22 21:24:36.577 22705 RALLYDEBUG rally_openstack.cleanup.manager [-] Deleting neutron.port object s_rally_74ba629a_0g3n47Ib (b971d927-ee34-4dea-83dc-e08ee13a95d1)
2019-07-22 21:24:36.593 22705 RALLYDEBUG rally_openstack.cleanup.manager [-] Deleting neutron.port object s_rally_74ba629a_EA3mL7t5 (ba69d1e7-932c-401a-a32b-4748a42a2924)
2019-07-22 21:24:36.621 22705 RALLYDEBUG rally_openstack.cleanup.manager [-] Deleting neutron.port object s_rally_74ba629a_Pfd5Hf8L (ba960561-5bad-47a0-9ce1-de08ded1ad49)
2019-07-22 21:24:36.628 22705 RALLYDEBUG rally_openstack.cleanup.manager [-] Deleting neutron.port object s_rally_74ba629a_nB6ixQpv (bb095536-63e0-4063-9908-31e1a7606d73)
2019-07-22 21:24:36.989 22705 RALLYDEBUG rally_openstack.cleanup.manager [-] Deleting neutron.port object s_rally_74ba629a_6kg9pjz0 (bbb99073-bb55-469b-a77e-d7ad38407c98)
2019-07-22 21:24:37.086 22705 RALLYDEBUG rally_openstack.cleanup.manager [-] Deleting neutron.port object s_rally_74ba629a_FGmmPoya (bbd4658d-62ca-4cdc-a64e-d099111f364f)
2019-07-22 21:24:37.248 22705 RALLYDEBUG rally_openstack.cleanup.manager [-] Deleting neutron.port object s_rally_74ba629a_BjGHFUxH (bd207860-bd57-4e51-89a1-405e8781e0c5)
2019-07-22 21:24:37.259 22705 RALLYDEBUG rally_openstack.cleanup.manager [-] Deleting neutron.port object s_rally_74ba629a_InjfkHtO (bf4e4103-a00c-4785-b3df-bceeda7e2e3b)
2019-07-22 21:24:37.348 22705 RALLYDEBUG rally_openstack.cleanup.manager [-] Deleting neutron.port object s_rally_74ba629a_xWCOLCwT (bfdcf144-e7e2-496b-ba0e-b30922bd11bc)
2019-07-22 21:24:37.453 22705 RALLYDEBUG rally_openstack.cleanup.manager [-] Deleting neutron.port object s_rally_74ba629a_QW77uZii (c53f2a8b-4184-4af7-963d-5e1adf2cfb3e)
2019-07-22 21:24:37.484 22705 RALLYDEBUG rally_openstack.cleanup.manager [-] Deleting neutron.port object s_rally_74ba629a_q0zQ9YJV (c590cbc8-85c4-473e-ad4f-ca0f1ee7ee0b)
2019-07-22 21:24:37.501 22705 RALLYDEBUG rally_openstack.cleanup.manager [-] Deleting neutron.port object s_rally_74ba629a_pMeS477J (c720a126-b972-4182-b917-b51d7932114b)
2019-07-22 21:24:37.648 22705 RALLYDEBUG rally_openstack.cleanup.manager [-] Deleting neutron.port object s_rally_74ba629a_WklcaTfx (c7513595-cc35-447f-98e0-e407c9f321ea)
2019-07-22 21:24:37.792 22705 RALLYDEBUG rally_openstack.cleanup.manager [-] Deleting neutron.port object s_rally_74ba629a_Dz4ai7Wp (c80e3d23-f268-42aa-9c43-be86599e60cd)
2019-07-22 21:24:38.012 22705 RALLYDEBUG rally_openstack.cleanup.manager [-] Deleting neutron.port object s_rally_74ba629a_SNFQ7qlb (c9009b8b-308b-442c-9caf-47a15039c3e0)
2019-07-22 21:24:38.260 22705 RALLYDEBUG rally_openstack.cleanup.manager [-] Deleting neutron.port object s_rally_74ba629a_gPVUSUpP (cbb0f28b-a1de-4ed3-b593-f1f464ae27b2)
2019-07-22 21:24:38.575 22705 RALLYDEBUG rally_openstack.cleanup.manager [-] Deleting neutron.port object s_rally_74ba629a_MR33sI2K (cbe8cc62-d5c1-4529-9e3e-2785f50c0097)
2019-07-22 21:24:38.668 22705 RALLYDEBUG rally_openstack.cleanup.manager [-] Deleting neutron.port object s_rally_74ba629a_SGhgeEmO (cc66612d-2f3c-4a3a-a60c-ed222477290c)
2019-07-22 21:24:38.729 22705 RALLYDEBUG rally_openstack.cleanup.manager [-] Deleting neutron.port object s_rally_74ba629a_SC4gnI2I (ce0f2886-db86-475d-b4a2-8503e3e8425c)
2019-07-22 21:24:38.742 22705 RALLYDEBUG rally_openstack.cleanup.manager [-] Deleting neutron.port object s_rally_74ba629a_OzGe4f19 (ce23114c-105e-4ff6-af7c-ea9f80bc6973)
2019-07-22 21:24:38.862 22705 RALLYDEBUG rally_openstack.cleanup.manager [-] Deleting neutron.port object s_rally_74ba629a_moU22Odz (d14a8d87-c941-4f40-b8b0-e72ed37806a3)
2019-07-22 21:24:38.883 22705 RALLYDEBUG rally_openstack.cleanup.manager [-] Deleting neutron.port object s_rally_74ba629a_526ShbO6 (d206901e-fd88-4791-aac1-d2bb8812f68b)
2019-07-22 21:24:39.334 22705 RALLYDEBUG rally_openstack.cleanup.manager [-] Deleting neutron.port object s_rally_74ba629a_ICMZzG2d (d3651bfa-d3d7-428e-9a19-c5813cd4eed9)
2019-07-22 21:24:39.344 22705 RALLYDEBUG rally_openstack.cleanup.manager [-] Deleting neutron.port object s_rally_74ba629a_ki7v8X2f (d5d17aa6-0e29-4389-ac06-f8dac9f3601a)
2019-07-22 21:24:39.385 22705 RALLYDEBUG rally_openstack.cleanup.manager [-] Deleting neutron.port object s_rally_74ba629a_CWr49llS (d69223d2-5f4e-4c45-b706-1a3df0af8d6d)
2019-07-22 21:24:39.447 22705 RALLYDEBUG rally_openstack.cleanup.manager [-] Deleting neutron.port object s_rally_74ba629a_HdA5fD3N (dc907a75-a0f7-47ba-a316-e783e885f4e9)
2019-07-22 21:24:39.560 22705 RALLYDEBUG rally_openstack.cleanup.manager [-] Deleting neutron.port object s_rally_74ba629a_AuKNgvvh (dddf674a-1a6b-4e05-9cf2-4ff8aafa4fb2)
2019-07-22 21:24:39.659 22705 RALLYDEBUG rally_openstack.cleanup.manager [-] Deleting neutron.port object s_rally_74ba629a_ShSaTScU (de5995c7-c513-47e5-a24d-75d09b1337b6)
2019-07-22 21:24:39.721 22705 RALLYDEBUG rally_openstack.cleanup.manager [-] Deleting neutron.port object s_rally_74ba629a_p1bRqpET (dedfdc0a-3a25-4774-80e8-544aab41fc68)
2019-07-22 21:24:39.739 22705 RALLYDEBUG rally_openstack.cleanup.manager [-] Deleting neutron.port object s_rally_74ba629a_MSJYqSZy (e09dff44-01c9-4afc-8aeb-3aa7c14bf989)
2019-07-22 21:24:39.812 22705 RALLYDEBUG rally_openstack.cleanup.manager [-] Deleting neutron.port object s_rally_74ba629a_HITrUHPw (e0f8b6b2-deb8-47a9-b568-2b123d68d9d9)
2019-07-22 21:24:39.847 22705 RALLYDEBUG rally_openstack.cleanup.manager [-] Deleting neutron.port object s_rally_74ba629a_UpjJWYb6 (e230f235-9ca5-4da8-a727-f3575ffda8b2)
2019-07-22 21:24:40.134 22705 RALLYDEBUG rally_openstack.cleanup.manager [-] Deleting neutron.port object s_rally_74ba629a_x2kYM2vJ (e2609abd-2130-4295-926e-63cc3cdd6528)
2019-07-22 21:24:40.160 22705 RALLYDEBUG rally_openstack.cleanup.manager [-] Deleting neutron.port object s_rally_74ba629a_S1Rsii9T (e8014de5-5d68-4df7-a8ac-757869ae5c0b)
2019-07-22 21:24:40.224 22705 RALLYDEBUG rally_openstack.cleanup.manager [-] Deleting neutron.port object s_rally_74ba629a_TEEcizk5 (e918dac6-1c01-4640-80b6-e8cc247a6f55)
2019-07-22 21:24:40.620 22705 RALLYDEBUG rally_openstack.cleanup.manager [-] Deleting neutron.port object s_rally_74ba629a_btOzNJ6p (eb992227-3488-41cb-87ba-3345e487cfd2)
2019-07-22 21:24:41.050 22705 RALLYDEBUG rally_openstack.cleanup.manager [-] Deleting neutron.port object s_rally_74ba629a_AbruTYxx (ecc80fc3-d389-485d-ac28-96c64994b916)
2019-07-22 21:24:41.092 22705 RALLYDEBUG rally_openstack.cleanup.manager [-] Deleting neutron.port object s_rally_74ba629a_YKqn8ndU (f0990c19-598c-4f7e-97b0-c81cc3ffd44d)
2019-07-22 21:24:41.221 22705 RALLYDEBUG rally_openstack.cleanup.manager [-] Deleting neutron.port object s_rally_74ba629a_h6FIV7pU (f2ac0c6f-45e4-432b-94fb-6d47aa91a902)
2019-07-22 21:24:41.502 22705 RALLYDEBUG rally_openstack.cleanup.manager [-] Deleting neutron.port object s_rally_74ba629a_xcJd6NLO (f47cf2c8-019a-4eba-a798-2f9436ed804b)
2019-07-22 21:24:41.556 22705 RALLYDEBUG rally_openstack.cleanup.manager [-] Deleting neutron.port object s_rally_74ba629a_cgGJbLfT (f5258b5d-571e-4b3c-94cc-11ec2b67c54a)
2019-07-22 21:24:41.632 22705 RALLYDEBUG rally_openstack.cleanup.manager [-] Deleting neutron.port object s_rally_74ba629a_3upGoEQl (f57aab38-69dc-496e-9f2d-ef24f0e954d4)
2019-07-22 21:24:41.680 22705 RALLYDEBUG rally_openstack.cleanup.manager [-] Deleting neutron.port object s_rally_74ba629a_s9RFjEVA (f78f420a-6f93-4a83-9336-c5341c8005ae)
2019-07-22 21:24:41.764 22705 RALLYDEBUG rally_openstack.cleanup.manager [-] Deleting neutron.port object s_rally_74ba629a_kXK7pWQZ (f8d5b955-0d6e-47dc-ba06-d1667974c84b)
2019-07-22 21:24:41.786 22705 RALLYDEBUG rally_openstack.cleanup.manager [-] Deleting neutron.port object s_rally_74ba629a_L2NhsUnE (fb19ea03-053e-4b98-936e-e182c0823695)
2019-07-22 21:24:41.838 22705 RALLYDEBUG rally_openstack.cleanup.manager [-] Deleting neutron.port object s_rally_74ba629a_24qF7l2l (fbbd5874-9e25-4f1c-965c-97cfeb281ada)
2019-07-22 21:24:41.855 22705 RALLYDEBUG rally_openstack.cleanup.manager [-] Deleting neutron.port object s_rally_74ba629a_Zw3Ad4Q5 (fcce0139-d598-4a51-824b-e34c39d05087)
2019-07-22 21:24:42.072 22705 RALLYDEBUG rally_openstack.cleanup.manager [-] Deleting neutron.port object s_rally_74ba629a_a5enavIz (fd79f2b5-ebe4-4d4e-b585-3a160171ccd7)
2019-07-22 21:24:42.090 22705 RALLYDEBUG rally_openstack.cleanup.manager [-] Deleting neutron.port object s_rally_74ba629a_pXLJbxXW (fee55110-9c0a-4b97-b678-7c89a7452594)
2019-07-22 21:24:42.279 22705 RALLYDEBUG rally_openstack.cleanup.manager [-] Deleting neutron.port object s_rally_74ba629a_GT18gN9N (ffaeaf00-8dd7-4fb3-80db-e299e28f68d2)
2019-07-22 21:24:44.799 22705 RALLYDEBUG rally_openstack.cleanup.manager [-] Cleaning up neutron subnet objects
2019-07-22 21:24:45.557 22705 RALLYDEBUG rally_openstack.cleanup.manager [-] Cleaning up neutron network objects
2019-07-22 21:24:46.547 22705 RALLYDEBUG rally_openstack.cleanup.manager [-] Deleting neutron.network object s_rally_74ba629a_rsOC50hH (08d5a595-1475-45e7-b696-a3d6e4e41d99)
2019-07-22 21:24:46.554 22705 RALLYDEBUG rally_openstack.cleanup.manager [-] Deleting neutron.network object s_rally_74ba629a_w9Pt3HW6 (097a4a44-3bfb-4b0c-8726-72d6ae06fea8)
2019-07-22 21:24:46.565 22705 RALLYDEBUG rally_openstack.cleanup.manager [-] Deleting neutron.network object s_rally_74ba629a_ZD6Zk3vf (20a36fc7-2545-4ad5-9e7b-03790cb410dd)
2019-07-22 21:24:46.565 22705 RALLYDEBUG rally_openstack.cleanup.manager [-] Deleting neutron.network object s_rally_74ba629a_yoI6uzR6 (22c4580d-2863-4aab-9eb0-790140c59dbb)
2019-07-22 21:24:46.574 22705 RALLYDEBUG rally_openstack.cleanup.manager [-] Deleting neutron.network object s_rally_74ba629a_jLW6zUnF (244a0ad3-3ef9-44c1-827f-c15e51af8251)
2019-07-22 21:24:46.579 22705 RALLYDEBUG rally_openstack.cleanup.manager [-] Deleting neutron.network object s_rally_74ba629a_mkjeHKXG (25ee85c9-94a2-4b59-8131-e73ee587317c)
2019-07-22 21:24:46.596 22705 RALLYDEBUG rally_openstack.cleanup.manager [-] Deleting neutron.network object s_rally_74ba629a_OPpKFNrE (26950b22-ff7f-455c-b945-92600a8cb319)
2019-07-22 21:24:46.614 22705 RALLYDEBUG rally_openstack.cleanup.manager [-] Deleting neutron.network object s_rally_74ba629a_VTKP2pHt (2f015ba5-c832-4f22-aaae-75583192f998)
2019-07-22 21:24:46.616 22705 RALLYDEBUG rally_openstack.cleanup.manager [-] Deleting neutron.network object s_rally_74ba629a_sxHc2Gfu (27b17487-518e-4a63-8fb3-ee7a12ef8152)
2019-07-22 21:24:46.637 22705 RALLYDEBUG rally_openstack.cleanup.manager [-] Deleting neutron.network object s_rally_74ba629a_52FMyQtj (449e0e6d-44b7-435c-a477-65c5c714aecf)
2019-07-22 21:24:46.640 22705 RALLYDEBUG rally_openstack.cleanup.manager [-] Deleting neutron.network object s_rally_74ba629a_wkF5iAea (47991d38-ead2-4266-8eae-4ad8359bae64)
2019-07-22 21:24:46.666 22705 RALLYDEBUG rally_openstack.cleanup.manager [-] Deleting neutron.network object s_rally_74ba629a_sSHsZlfU (53a32996-6b28-4da1-8588-7e6af6a97eff)
2019-07-22 21:24:46.670 22705 RALLYDEBUG rally_openstack.cleanup.manager [-] Deleting neutron.network object s_rally_74ba629a_9P0h3qO1 (5abfb2a1-b52c-48f9-adbd-1d6f1b5d93e6)
2019-07-22 21:24:46.675 22705 RALLYDEBUG rally_openstack.cleanup.manager [-] Deleting neutron.network object s_rally_74ba629a_1OPtDCV9 (6dcc8a45-0bd3-441c-ac46-8c058b5d92d3)
2019-07-22 21:24:46.693 22705 RALLYDEBUG rally_openstack.cleanup.manager [-] Deleting neutron.network object s_rally_74ba629a_MH0Pbin0 (741f8071-fbbf-4e58-8f61-1f15ae81440b)
2019-07-22 21:24:46.718 22705 RALLYDEBUG rally_openstack.cleanup.manager [-] Deleting neutron.network object s_rally_74ba629a_yyNCoUa7 (768cb78d-bb63-4257-888a-c630a33eec3e)
2019-07-22 21:24:46.724 22705 RALLYDEBUG rally_openstack.cleanup.manager [-] Deleting neutron.network object s_rally_74ba629a_mncWgPSy (7fc851c6-f8bb-4d0b-80e2-0fe7123f9b61)
2019-07-22 21:24:46.742 22705 RALLYDEBUG rally_openstack.cleanup.manager [-] Deleting neutron.network object s_rally_74ba629a_0biMkUBz (80141870-4359-4b2f-bfe0-b030667b4c96)
2019-07-22 21:24:46.760 22705 RALLYDEBUG rally_openstack.cleanup.manager [-] Deleting neutron.network object s_rally_74ba629a_1McT7tab (8deed725-7a55-49ec-9208-905f1a436768)
2019-07-22 21:24:46.771 22705 RALLYDEBUG rally_openstack.cleanup.manager [-] Deleting neutron.network object s_rally_74ba629a_qyBQOb6p (8ede695d-3b68-4f94-9c43-066520117cf8)
2019-07-22 21:24:49.238 22705 RALLYDEBUG rally_openstack.cleanup.manager [-] Deleting neutron.network object s_rally_74ba629a_9pTmNnFL (9818c5b1-b62b-41da-927b-e6723c9f49f5)
2019-07-22 21:24:49.455 22705 RALLYDEBUG rally_openstack.cleanup.manager [-] Deleting neutron.network object s_rally_74ba629a_7FOgDanJ (99491214-db48-443f-becb-14783e163ea6)
2019-07-22 21:24:49.555 22705 RALLYDEBUG rally_openstack.cleanup.manager [-] Deleting neutron.network object s_rally_74ba629a_WL4tpkvU (9a5630fb-4fac-4ef8-ba55-ed63a8db0c22)
2019-07-22 21:24:49.573 22705 RALLYDEBUG rally_openstack.cleanup.manager [-] Deleting neutron.network object s_rally_74ba629a_TxzXeryh (a3387752-35d0-45a0-91ec-7e128164a59c)
2019-07-22 21:24:49.629 22705 RALLYDEBUG rally_openstack.cleanup.manager [-] Deleting neutron.network object s_rally_74ba629a_lh9kd2AB (a53f84ce-2c71-4b2b-a2de-7e7340ac1251)
2019-07-22 21:24:49.660 22705 RALLYDEBUG rally_openstack.cleanup.manager [-] Deleting neutron.network object s_rally_74ba629a_tUAef3ab (a88856e5-d031-47bf-9721-8d76f4cc8411)
2019-07-22 21:24:49.723 22705 RALLYDEBUG rally_openstack.cleanup.manager [-] Deleting neutron.network object s_rally_74ba629a_siT2eJ71 (b855e52c-0048-473a-9c23-9b2d7f2e7096)
2019-07-22 21:24:49.753 22705 RALLYDEBUG rally_openstack.cleanup.manager [-] Deleting neutron.network object s_rally_74ba629a_Q4EDDpA8 (ba8823af-d418-42b8-b9c5-be5b7c9f5a0b)
2019-07-22 21:24:49.947 22705 RALLYDEBUG rally_openstack.cleanup.manager [-] Deleting neutron.network object s_rally_74ba629a_eABdczGq (c003ec87-f789-41d1-adcd-aa29fc666249)
2019-07-22 21:24:50.044 22705 RALLYDEBUG rally_openstack.cleanup.manager [-] Deleting neutron.network object s_rally_74ba629a_wwW79Wd4 (c474a187-1892-45db-8dd3-660cc5bb7e04)
2019-07-22 21:24:50.078 22705 RALLYDEBUG rally_openstack.cleanup.manager [-] Deleting neutron.network object s_rally_74ba629a_NizFH7a5 (d295a2e0-1dff-4d5b-8b91-eb33f77e568b)
2019-07-22 21:24:50.104 22705 RALLYDEBUG rally_openstack.cleanup.manager [-] Deleting neutron.network object s_rally_74ba629a_JYwQeW62 (d8bc2a51-b40a-4089-a74f-14374b22f107)
2019-07-22 21:24:50.106 22705 RALLYDEBUG rally_openstack.cleanup.manager [-] Deleting neutron.network object s_rally_74ba629a_3jSFJ3hU (d2de11c6-9409-4a43-a366-9ed995d3660e)
2019-07-22 21:24:50.214 22705 RALLYDEBUG rally_openstack.cleanup.manager [-] Deleting neutron.network object s_rally_74ba629a_Lfw3vKXO (da2d989f-fa60-417a-90bf-cd62b0e46d67)
2019-07-22 21:24:50.374 22705 RALLYDEBUG rally_openstack.cleanup.manager [-] Deleting neutron.network object s_rally_74ba629a_EQ75IdnB (dcd0319d-05a2-4813-92e2-bc7117e4f66a)
2019-07-22 21:24:50.402 22705 RALLYDEBUG rally_openstack.cleanup.manager [-] Deleting neutron.network object s_rally_74ba629a_z7BEJzYx (dd1fa330-62ca-439a-99d7-45f499dc3ae0)
2019-07-22 21:24:51.529 22705 RALLYDEBUG rally_openstack.cleanup.manager [-] Deleting neutron.network object s_rally_74ba629a_U2Akm2lT (dfbbfb8d-2710-48db-adab-9bafb40c3a6f)
2019-07-22 21:24:51.542 22705 RALLYDEBUG rally_openstack.cleanup.manager [-] Deleting neutron.network object s_rally_74ba629a_AUd3e7yg (ee45589f-8941-4cc7-b103-81b181d1ff21)
2019-07-22 21:24:51.773 22705 RALLYDEBUG rally_openstack.cleanup.manager [-] Deleting neutron.network object s_rally_74ba629a_5Rr1tPOE (f1fbe2be-2a82-485c-91c2-042f0c4466fa)
2019-07-22 21:24:51.915 22705 RALLYDEBUG rally_openstack.cleanup.manager [-] Deleting neutron.network object s_rally_74ba629a_NySJuXZd (f9d4fc8e-b0ea-4f9f-bb6e-6df4636587c4)
2019-07-22 21:24:54.486 22705 RALLYDEBUG rally_openstack.cleanup.manager [-] Cleaning up neutron router objects
2019-07-22 21:24:55.289 22705 RALLYDEBUG rally_openstack.cleanup.manager [-] Cleaning up neutron security_group objects
2019-07-22 21:24:56.089 22705 INFO rally.task.context [-] Task 369d6172-3933-468c-ba55-4dd0716ebbfd | Context cleanup@openstack cleanup() finished in 42.49 sec
2019-07-22 21:24:56.089 22705 INFO rally.task.context [-] Task 369d6172-3933-468c-ba55-4dd0716ebbfd | Context quotas@openstack cleanup() started
2019-07-22 21:24:56.414 22705 INFO rally.task.context [-] Task 369d6172-3933-468c-ba55-4dd0716ebbfd | Context quotas@openstack cleanup() finished in 0.32 sec
2019-07-22 21:24:56.415 22705 INFO rally.task.context [-] Task 369d6172-3933-468c-ba55-4dd0716ebbfd | Context users@openstack cleanup() started
2019-07-22 21:25:01.471 22705 INFO rally.task.context [-] Task 369d6172-3933-468c-ba55-4dd0716ebbfd | Context users@openstack cleanup() finished in 5.06 sec
2019-07-22 21:25:02.819 22705 INFO rally.task.engine [-] Load duration is: 31.612086
2019-07-22 21:25:02.820 22705 INFO rally.task.engine [-] Full runner duration is: 31.659753
2019-07-22 21:25:02.820 22705 INFO rally.task.engine [-] Full duration is: 85.088391
2019-07-22 21:25:02.989 22705 INFO rally.task.engine [-] Running workload: position = 2 config = { "version": 2, "title": "A cropped version of a bigger task.", "description": "Auto-generated task from a single workload (uuid=58577a6e-4861-4363-91b3-6d1db17c16bd)", "subtasks": [ { "title": "NeutronNetworks.create_and_delete_ports", "description": "Create and delete a port.", "scenario": { "NeutronNetworks.create_and_delete_ports": { "network_create_args": {}, "port_create_args": {}, "ports_per_network": 5 } }, "contexts": { "users": { "tenants": 1, "users_per_tenant": 1 }, "quotas": { "neutron": { "network": -1, "port": -1 } } }, "runner": { "constant": { "times": 40, "concurrency": 20 } }, "hooks": [], "sla": { "failure_rate": { "max": 0 } } } ] }
2019-07-22 21:25:03.011 22705 RALLYDEBUG rally_openstack.contexts.keystone.users [-] Creating 1 tenants using 20 threads
2019-07-22 21:25:04.933 22705 RALLYDEBUG rally_openstack.contexts.keystone.users [-] Creating 1 users using 20 threads
2019-07-22 21:25:07.771 22705 INFO rally.task.context [-] Task 369d6172-3933-468c-ba55-4dd0716ebbfd | Context users@openstack setup() finished in 4.76 sec
2019-07-22 21:25:08.575 22705 INFO rally.task.context [-] Task 369d6172-3933-468c-ba55-4dd0716ebbfd | Context quotas@openstack setup() finished in 0.80 sec
2019-07-22 21:25:08.576 22705 INFO rally.task.context [-] Task 369d6172-3933-468c-ba55-4dd0716ebbfd | Context cleanup@openstack setup() finished in 0.00 msec
2019-07-22 21:25:08.584 22705 RALLYDEBUG rally.task.runner [-] Starting the constant runner (task UUID: 369d6172-3933-468c-ba55-4dd0716ebbfd). timeout: 0 concurrency: 20 concurrency_per_worker: 1 times: 40 concurrency_overhead: 4 processes_to_start: 16 max_cpu_used: 16
2019-07-22 21:25:08.597 26951 RALLYDEBUG rally.task.runner [-] Starting a worker. concurrency: 2 args: {"network_create_args": {}, "port_create_args": {}, "ports_per_network": 5} times: 40 method_name: run timeout: 0 duration: None cls:
2019-07-22 21:25:08.600 26952 RALLYDEBUG rally.task.runner [-] Starting a worker. concurrency: 2 args: {"network_create_args": {}, "port_create_args": {}, "ports_per_network": 5} times: 40 method_name: run timeout: 0 duration: None cls:
2019-07-22 21:25:08.601 26953 RALLYDEBUG rally.task.runner [-] Starting a worker. concurrency: 2 args: {"network_create_args": {}, "port_create_args": {}, "ports_per_network": 5} times: 40 method_name: run timeout: 0 duration: None cls:
2019-07-22 21:25:08.605 26954 RALLYDEBUG rally.task.runner [-] Starting a worker. concurrency: 2 args: {"network_create_args": {}, "port_create_args": {}, "ports_per_network": 5} times: 40 method_name: run timeout: 0 duration: None cls:
2019-07-22 21:25:08.609 26952 INFO rally.task.runner [-] Task 369d6172-3933-468c-ba55-4dd0716ebbfd | ITER: 2 START
2019-07-22 21:25:08.603 26951 INFO rally.task.runner [-] Task 369d6172-3933-468c-ba55-4dd0716ebbfd | ITER: 1 START
2019-07-22 21:25:08.609 26953 INFO rally.task.runner [-] Task 369d6172-3933-468c-ba55-4dd0716ebbfd | ITER: 4 START
2019-07-22 21:25:08.608 26956 RALLYDEBUG rally.task.runner [-] Starting a worker. concurrency: 1 args: {"network_create_args": {}, "port_create_args": {}, "ports_per_network": 5} times: 40 method_name: run timeout: 0 duration: None cls:
2019-07-22 21:25:08.610 26953 WARNING rally_openstack.scenarios.neutron.utils [-] Running this scenario without either the 'network' or 'existing_network' context is deprecated
2019-07-22 21:25:08.607 26951 INFO rally.task.runner [-] Task 369d6172-3933-468c-ba55-4dd0716ebbfd | ITER: 3 START
2019-07-22 21:25:08.613 26951 WARNING rally_openstack.scenarios.neutron.utils [-] Running this scenario without either the 'network' or 'existing_network' context is deprecated
2019-07-22 21:25:08.615 26956 INFO rally.task.runner [-] Task 369d6172-3933-468c-ba55-4dd0716ebbfd | ITER: 8 START
2019-07-22 21:25:08.614 26954 INFO rally.task.runner [-] Task 369d6172-3933-468c-ba55-4dd0716ebbfd | ITER: 7 START
2019-07-22 21:25:08.612 26953 INFO rally.task.runner [-] Task 369d6172-3933-468c-ba55-4dd0716ebbfd | ITER: 6 START
2019-07-22 21:25:08.614 26959 RALLYDEBUG rally.task.runner [-] Starting a worker. concurrency: 1 args: {"network_create_args": {}, "port_create_args": {}, "ports_per_network": 5} times: 40 method_name: run timeout: 0 duration: None cls:
2019-07-22 21:25:08.612 26952 INFO rally.task.runner [-] Task 369d6172-3933-468c-ba55-4dd0716ebbfd | ITER: 5 START
2019-07-22 21:25:08.614 26951 WARNING rally_openstack.scenarios.neutron.utils [-] Running this scenario without either the 'network' or 'existing_network' context is deprecated
2019-07-22 21:25:08.616 26956 WARNING rally_openstack.scenarios.neutron.utils [-] Running this scenario without either the 'network' or 'existing_network' context is deprecated
2019-07-22 21:25:08.616 26965 RALLYDEBUG rally.task.runner [-] Starting a worker. concurrency: 1 args: {"network_create_args": {}, "port_create_args": {}, "ports_per_network": 5} times: 40 method_name: run timeout: 0 duration: None cls:
2019-07-22 21:25:08.616 26952 WARNING rally_openstack.scenarios.neutron.utils [-] Running this scenario without either the 'network' or 'existing_network' context is deprecated
2019-07-22 21:25:08.620 26953 WARNING rally_openstack.scenarios.neutron.utils [-] Running this scenario without either the 'network' or 'existing_network' context is deprecated
2019-07-22 21:25:08.619 26969 RALLYDEBUG rally.task.runner [-] Starting a worker. concurrency: 1 args: {"network_create_args": {}, "port_create_args": {}, "ports_per_network": 5} times: 40 method_name: run timeout: 0 duration: None cls:
2019-07-22 21:25:08.615 26954 INFO rally.task.runner [-] Task 369d6172-3933-468c-ba55-4dd0716ebbfd | ITER: 9 START
2019-07-22 21:25:08.621 26965 INFO rally.task.runner [-] Task 369d6172-3933-468c-ba55-4dd0716ebbfd | ITER: 11 START
2019-07-22 21:25:08.622 26954 WARNING rally_openstack.scenarios.neutron.utils [-] Running this scenario without either the 'network' or 'existing_network' context is deprecated
2019-07-22 21:25:08.623 26965 WARNING rally_openstack.scenarios.neutron.utils [-] Running this scenario without either the 'network' or 'existing_network' context is deprecated
2019-07-22 21:25:08.623 26959 INFO rally.task.runner [-] Task 369d6172-3933-468c-ba55-4dd0716ebbfd | ITER: 10 START
2019-07-22 21:25:08.622 26973 RALLYDEBUG rally.task.runner [-] Starting a worker. concurrency: 1 args: {"network_create_args": {}, "port_create_args": {}, "ports_per_network": 5} times: 40 method_name: run timeout: 0 duration: None cls:
2019-07-22 21:25:08.617 26952 WARNING rally_openstack.scenarios.neutron.utils [-] Running this scenario without either the 'network' or 'existing_network' context is deprecated
2019-07-22 21:25:08.624 26959 WARNING rally_openstack.scenarios.neutron.utils [-] Running this scenario without either the 'network' or 'existing_network' context is deprecated
2019-07-22 21:25:08.626 26969 INFO rally.task.runner [-] Task 369d6172-3933-468c-ba55-4dd0716ebbfd | ITER: 12 START
2019-07-22 21:25:08.628 26969 WARNING rally_openstack.scenarios.neutron.utils [-] Running this scenario without either the 'network' or 'existing_network' context is deprecated
2019-07-22 21:25:08.628 26973 INFO rally.task.runner [-] Task 369d6172-3933-468c-ba55-4dd0716ebbfd | ITER: 13 START
2019-07-22 21:25:08.630 26973 WARNING rally_openstack.scenarios.neutron.utils [-] Running this scenario without either the 'network' or 'existing_network' context is deprecated
2019-07-22 21:25:08.630 26954 WARNING rally_openstack.scenarios.neutron.utils [-] Running this scenario without either the 'network' or 'existing_network' context is deprecated
2019-07-22 21:25:08.631 26978 RALLYDEBUG rally.task.runner [-] Starting a worker. concurrency: 1 args: {"network_create_args": {}, "port_create_args": {}, "ports_per_network": 5} times: 40 method_name: run timeout: 0 duration: None cls:
2019-07-22 21:25:08.639 26978 INFO rally.task.runner [-] Task 369d6172-3933-468c-ba55-4dd0716ebbfd | ITER: 14 START
2019-07-22 21:25:08.641 26978 WARNING rally_openstack.scenarios.neutron.utils [-] Running this scenario without either the 'network' or 'existing_network' context is deprecated
2019-07-22 21:25:08.642 26983 RALLYDEBUG rally.task.runner [-] Starting a worker. concurrency: 1 args: {"network_create_args": {}, "port_create_args": {}, "ports_per_network": 5} times: 40 method_name: run timeout: 0 duration: None cls:
2019-07-22 21:25:08.648 26983 INFO rally.task.runner [-] Task 369d6172-3933-468c-ba55-4dd0716ebbfd | ITER: 15 START
2019-07-22 21:25:08.650 26983 WARNING rally_openstack.scenarios.neutron.utils [-] Running this scenario without either the 'network' or 'existing_network' context is deprecated
2019-07-22 21:25:08.650 26986 RALLYDEBUG rally.task.runner [-] Starting a worker. concurrency: 1 args: {"network_create_args": {}, "port_create_args": {}, "ports_per_network": 5} times: 40 method_name: run timeout: 0 duration: None cls:
2019-07-22 21:25:08.655 26986 INFO rally.task.runner [-] Task 369d6172-3933-468c-ba55-4dd0716ebbfd | ITER: 16 START
2019-07-22 21:25:08.657 26986 WARNING rally_openstack.scenarios.neutron.utils [-] Running this scenario without either the 'network' or 'existing_network' context is deprecated
2019-07-22 21:25:08.659 26989 RALLYDEBUG rally.task.runner [-] Starting a worker. concurrency: 1 args: {"network_create_args": {}, "port_create_args": {}, "ports_per_network": 5} times: 40 method_name: run timeout: 0 duration: None cls:
2019-07-22 21:25:08.663 26992 RALLYDEBUG rally.task.runner [-] Starting a worker. concurrency: 1 args: {"network_create_args": {}, "port_create_args": {}, "ports_per_network": 5} times: 40 method_name: run timeout: 0 duration: None cls:
2019-07-22 21:25:08.664 26989 INFO rally.task.runner [-] Task 369d6172-3933-468c-ba55-4dd0716ebbfd | ITER: 17 START
2019-07-22 21:25:08.666 26989 WARNING rally_openstack.scenarios.neutron.utils [-] Running this scenario without either the 'network' or 'existing_network' context is deprecated
2019-07-22 21:25:08.667 26992 INFO rally.task.runner [-] Task 369d6172-3933-468c-ba55-4dd0716ebbfd | ITER: 18 START
2019-07-22 21:25:08.668 26992 WARNING rally_openstack.scenarios.neutron.utils [-] Running this scenario without either the 'network' or 'existing_network' context is deprecated
2019-07-22 21:25:08.670 26995 RALLYDEBUG rally.task.runner [-] Starting a worker. concurrency: 1 args: {"network_create_args": {}, "port_create_args": {}, "ports_per_network": 5} times: 40 method_name: run timeout: 0 duration: None cls:
2019-07-22 21:25:08.674 26995 INFO rally.task.runner [-] Task 369d6172-3933-468c-ba55-4dd0716ebbfd | ITER: 19 START
2019-07-22 21:25:08.674 26998 RALLYDEBUG rally.task.runner [-] Starting a worker. concurrency: 1 args: {"network_create_args": {}, "port_create_args": {}, "ports_per_network": 5} times: 40 method_name: run timeout: 0 duration: None cls:
2019-07-22 21:25:08.675 26995 WARNING rally_openstack.scenarios.neutron.utils [-] Running this scenario without either the 'network' or 'existing_network' context is deprecated
2019-07-22 21:25:08.679 26998 INFO rally.task.runner [-] Task 369d6172-3933-468c-ba55-4dd0716ebbfd | ITER: 20 START
2019-07-22 21:25:08.680 26998 WARNING rally_openstack.scenarios.neutron.utils [-] Running this scenario without either the 'network' or 'existing_network' context is deprecated
2019-07-22 21:25:22.091 26986 INFO rally.task.runner [-] Task 369d6172-3933-468c-ba55-4dd0716ebbfd | ITER: 16 END: OK
2019-07-22 21:25:22.095 26986 INFO rally.task.runner [-] Task 369d6172-3933-468c-ba55-4dd0716ebbfd | ITER: 21 START
2019-07-22 21:25:22.096 26986 WARNING rally_openstack.scenarios.neutron.utils [-] Running this scenario without either the 'network' or 'existing_network' context is deprecated
2019-07-22 21:25:22.151 26998 INFO rally.task.runner [-] Task 369d6172-3933-468c-ba55-4dd0716ebbfd | ITER: 20 END: OK
2019-07-22 21:25:22.155 26998 INFO rally.task.runner [-] Task 369d6172-3933-468c-ba55-4dd0716ebbfd | ITER: 22 START
2019-07-22 21:25:22.156 26998 WARNING rally_openstack.scenarios.neutron.utils [-] Running this scenario without either the 'network' or 'existing_network' context is deprecated
2019-07-22 21:25:22.613 26969 INFO rally.task.runner [-] Task 369d6172-3933-468c-ba55-4dd0716ebbfd | ITER: 12 END: OK
2019-07-22 21:25:22.617 26969 INFO rally.task.runner [-] Task 369d6172-3933-468c-ba55-4dd0716ebbfd | ITER: 23 START
2019-07-22 21:25:22.618 26969 WARNING rally_openstack.scenarios.neutron.utils [-] Running this scenario without either the 'network' or 'existing_network' context is deprecated
2019-07-22 21:25:22.888 26952 INFO rally.task.runner [-] Task 369d6172-3933-468c-ba55-4dd0716ebbfd | ITER: 5 END: OK
2019-07-22 21:25:22.892 26952 INFO rally.task.runner [-] Task 369d6172-3933-468c-ba55-4dd0716ebbfd | ITER: 24 START
2019-07-22 21:25:22.893 26952 WARNING rally_openstack.scenarios.neutron.utils [-] Running this scenario without either the 'network' or 'existing_network' context is deprecated
2019-07-22 21:25:23.073 26952 INFO rally.task.runner [-] Task 369d6172-3933-468c-ba55-4dd0716ebbfd | ITER: 2 END: OK
2019-07-22 21:25:23.076 26952 INFO rally.task.runner [-] Task 369d6172-3933-468c-ba55-4dd0716ebbfd | ITER: 25 START
2019-07-22 21:25:23.077 26952 WARNING rally_openstack.scenarios.neutron.utils [-] Running this scenario without either the 'network' or 'existing_network' context is deprecated
2019-07-22 21:25:23.115 26978 INFO rally.task.runner [-] Task 369d6172-3933-468c-ba55-4dd0716ebbfd | ITER: 14 END: OK
2019-07-22 21:25:23.119 26978 INFO rally.task.runner [-] Task 369d6172-3933-468c-ba55-4dd0716ebbfd | ITER: 26 START
2019-07-22 21:25:23.120 26978 WARNING rally_openstack.scenarios.neutron.utils [-] Running this scenario without either the 'network' or 'existing_network' context is deprecated
2019-07-22 21:25:23.382 26954 INFO rally.task.runner [-] Task 369d6172-3933-468c-ba55-4dd0716ebbfd | ITER: 7 END: OK
2019-07-22 21:25:23.386 26954 INFO rally.task.runner [-] Task 369d6172-3933-468c-ba55-4dd0716ebbfd | ITER: 27 START
2019-07-22 21:25:23.387 26954 WARNING rally_openstack.scenarios.neutron.utils [-] Running this scenario without either the 'network' or 'existing_network' context is deprecated
2019-07-22 21:25:23.588 26951 INFO rally.task.runner [-] Task 369d6172-3933-468c-ba55-4dd0716ebbfd | ITER: 1 END: OK
2019-07-22 21:25:23.592 26951 INFO rally.task.runner [-] Task 369d6172-3933-468c-ba55-4dd0716ebbfd | ITER: 28 START
2019-07-22 21:25:23.593 26951 WARNING rally_openstack.scenarios.neutron.utils [-] Running this scenario without either the 'network' or 'existing_network' context is deprecated
2019-07-22 21:25:23.868 26956 INFO rally.task.runner [-] Task 369d6172-3933-468c-ba55-4dd0716ebbfd | ITER: 8 END: OK
2019-07-22 21:25:23.873 26956 INFO rally.task.runner [-] Task 369d6172-3933-468c-ba55-4dd0716ebbfd | ITER: 29 START
2019-07-22 21:25:23.873 26956 WARNING rally_openstack.scenarios.neutron.utils [-] Running this scenario without either the 'network' or 'existing_network' context is deprecated
2019-07-22 21:25:23.914 26989 INFO rally.task.runner [-] Task 369d6172-3933-468c-ba55-4dd0716ebbfd | ITER: 17 END: OK
2019-07-22 21:25:23.918 26989 INFO rally.task.runner [-] Task 369d6172-3933-468c-ba55-4dd0716ebbfd | ITER: 30 START
2019-07-22 21:25:23.919 26989 WARNING rally_openstack.scenarios.neutron.utils [-] Running this scenario without either the 'network' or 'existing_network' context is deprecated
2019-07-22 21:25:24.007 26995 INFO rally.task.runner [-] Task 369d6172-3933-468c-ba55-4dd0716ebbfd | ITER: 19 END: OK
2019-07-22 21:25:24.010 26965 INFO rally.task.runner [-] Task 369d6172-3933-468c-ba55-4dd0716ebbfd | ITER: 11 END: OK
2019-07-22 21:25:24.011 26995 INFO rally.task.runner [-] Task 369d6172-3933-468c-ba55-4dd0716ebbfd | ITER: 31 START
2019-07-22 21:25:24.011 26995 WARNING rally_openstack.scenarios.neutron.utils [-] Running this scenario without either the 'network' or 'existing_network' context is deprecated
2019-07-22 21:25:24.014 26965 INFO rally.task.runner [-] Task 369d6172-3933-468c-ba55-4dd0716ebbfd | ITER: 32 START
2019-07-22 21:25:24.015 26965 WARNING rally_openstack.scenarios.neutron.utils [-] Running this scenario without either the 'network' or 'existing_network' context is deprecated
2019-07-22 21:25:24.045 26992 INFO rally.task.runner [-] Task 369d6172-3933-468c-ba55-4dd0716ebbfd | ITER: 18 END: OK
2019-07-22 21:25:24.049 26992 INFO rally.task.runner [-] Task 369d6172-3933-468c-ba55-4dd0716ebbfd | ITER: 33 START
2019-07-22 21:25:24.050 26992 WARNING rally_openstack.scenarios.neutron.utils [-] Running this scenario without either the 'network' or 'existing_network' context is deprecated
2019-07-22 21:25:24.159 26959 INFO rally.task.runner [-] Task 369d6172-3933-468c-ba55-4dd0716ebbfd | ITER: 10 END: OK
2019-07-22 21:25:24.163 26959 INFO rally.task.runner [-] Task 369d6172-3933-468c-ba55-4dd0716ebbfd | ITER: 34 START
2019-07-22 21:25:24.164 26959 WARNING rally_openstack.scenarios.neutron.utils [-] Running this scenario without either the 'network' or 'existing_network' context is deprecated
2019-07-22 21:25:24.374 26953 INFO rally.task.runner [-] Task 369d6172-3933-468c-ba55-4dd0716ebbfd | ITER: 4 END: OK
2019-07-22 21:25:24.379 26953 INFO rally.task.runner [-] Task 369d6172-3933-468c-ba55-4dd0716ebbfd | ITER: 35 START
2019-07-22 21:25:24.379 26953 WARNING rally_openstack.scenarios.neutron.utils [-] Running this scenario without either the 'network' or 'existing_network' context is deprecated
2019-07-22 21:25:24.444 26954 INFO rally.task.runner [-] Task 369d6172-3933-468c-ba55-4dd0716ebbfd | ITER: 9 END: OK
2019-07-22 21:25:24.449 26954 INFO rally.task.runner [-] Task 369d6172-3933-468c-ba55-4dd0716ebbfd | ITER: 36 START
2019-07-22 21:25:24.449 26954 WARNING rally_openstack.scenarios.neutron.utils [-] Running this scenario without either the 'network' or 'existing_network' context is deprecated
2019-07-22 21:25:25.334 26983 INFO rally.task.runner [-] Task 369d6172-3933-468c-ba55-4dd0716ebbfd | ITER: 15 END: OK
2019-07-22 21:25:25.339 26983 INFO rally.task.runner [-] Task 369d6172-3933-468c-ba55-4dd0716ebbfd | ITER: 37 START
2019-07-22 21:25:25.340 26983 WARNING rally_openstack.scenarios.neutron.utils [-] Running this scenario without either the 'network' or 'existing_network' context is deprecated
2019-07-22 21:25:25.521 26951 INFO rally.task.runner [-] Task 369d6172-3933-468c-ba55-4dd0716ebbfd | ITER: 3 END: OK
2019-07-22 21:25:25.525 26951 INFO rally.task.runner [-] Task 369d6172-3933-468c-ba55-4dd0716ebbfd | ITER: 38 START
2019-07-22 21:25:25.526 26951 WARNING rally_openstack.scenarios.neutron.utils [-] Running this scenario without either the 'network' or 'existing_network' context is deprecated
