2019-07-22 19:09:34.013 1842 RALLYDEBUG rally_openstack.cleanup.manager [-] Cleaning up nova server_groups objects
2019-07-22 19:09:34.455 1842 DEBUG novaclient.v2.client [-] REQ: curl -g -i -X GET http://172.30.9.22:8774/v2.1/os-server-groups -H "Accept: application/json" -H "User-Agent: python-novaclient" -H "X-Auth-Token: {SHA1}a89019da2fc916dd081ce855a4d5fe32ce124b8d" _http_log_request /usr/lib/python2.7/site-packages/keystoneauth1/session.py:448
2019-07-22 19:09:34.770 1842 DEBUG novaclient.v2.client [-] RESP: [200] Content-Length: 21 Content-Type: application/json Date: Mon, 22 Jul 2019 19:09:34 GMT OpenStack-API-Version: compute 2.1 Server: Apache Vary: OpenStack-API-Version,X-OpenStack-Nova-API-Version X-OpenStack-Nova-API-Version: 2.1 x-compute-request-id: req-c31e7e99-49ff-4742-8ba8-342d688eb746 x-openstack-request-id: req-c31e7e99-49ff-4742-8ba8-342d688eb746 _http_log_response /usr/lib/python2.7/site-packages/keystoneauth1/session.py:479
2019-07-22 19:09:34.770 1842 DEBUG novaclient.v2.client [-] RESP BODY: {"server_groups": []} _http_log_response /usr/lib/python2.7/site-packages/keystoneauth1/session.py:511
2019-07-22 19:09:34.770 1842 DEBUG novaclient.v2.client [-] GET call to compute for http://172.30.9.22:8774/v2.1/os-server-groups used request id req-c31e7e99-49ff-4742-8ba8-342d688eb746 request /usr/lib/python2.7/site-packages/keystoneauth1/session.py:844
2019-07-22 19:09:35.209 1842 DEBUG novaclient.v2.client [-] REQ: curl -g -i -X GET http://172.30.9.22:8774/v2.1/os-server-groups -H "Accept: application/json" -H "User-Agent: python-novaclient" -H "X-Auth-Token: {SHA1}94b12f01f972d23517a3f6b8cf30779a3ac5c66b" _http_log_request /usr/lib/python2.7/site-packages/keystoneauth1/session.py:448
2019-07-22 19:09:35.427 1842 DEBUG novaclient.v2.client [-] RESP: [200] Content-Length: 21 Content-Type: application/json Date: Mon, 22 Jul 2019 19:09:35 GMT OpenStack-API-Version: compute 2.1 Server: Apache Vary: OpenStack-API-Version,X-OpenStack-Nova-API-Version X-OpenStack-Nova-API-Version: 2.1 x-compute-request-id: req-4c16391a-e33b-41f2-b7c0-ef06f87a847f x-openstack-request-id: req-4c16391a-e33b-41f2-b7c0-ef06f87a847f _http_log_response /usr/lib/python2.7/site-packages/keystoneauth1/session.py:479
2019-07-22 19:09:35.427 1842 DEBUG novaclient.v2.client [-] RESP BODY: {"server_groups": []} _http_log_response /usr/lib/python2.7/site-packages/keystoneauth1/session.py:511
2019-07-22 19:09:35.427 1842 DEBUG novaclient.v2.client [-] GET call to compute for http://172.30.9.22:8774/v2.1/os-server-groups used request id req-4c16391a-e33b-41f2-b7c0-ef06f87a847f request /usr/lib/python2.7/site-packages/keystoneauth1/session.py:844
2019-07-22 19:09:35.859 1842 DEBUG novaclient.v2.client [-] REQ: curl -g -i -X GET http://172.30.9.22:8774/v2.1/os-server-groups -H "Accept: application/json" -H "User-Agent: python-novaclient" -H "X-Auth-Token: {SHA1}52e8b3c8700e958aae2e3f6395ac71ed3473caab" _http_log_request /usr/lib/python2.7/site-packages/keystoneauth1/session.py:448
2019-07-22 19:09:36.148 1842 DEBUG novaclient.v2.client [-] RESP: [200] Content-Length: 21 Content-Type: application/json Date: Mon, 22 Jul 2019 19:09:35 GMT OpenStack-API-Version: compute 2.1 Server: Apache Vary: OpenStack-API-Version,X-OpenStack-Nova-API-Version X-OpenStack-Nova-API-Version: 2.1 x-compute-request-id: req-74f02877-b8a7-4608-9d23-a8e32a0be583 x-openstack-request-id: req-74f02877-b8a7-4608-9d23-a8e32a0be583 _http_log_response /usr/lib/python2.7/site-packages/keystoneauth1/session.py:479
2019-07-22 19:09:36.149 1842 DEBUG novaclient.v2.client [-] RESP BODY: {"server_groups": []} _http_log_response /usr/lib/python2.7/site-packages/keystoneauth1/session.py:511
2019-07-22 19:09:36.149 1842 DEBUG novaclient.v2.client [-] GET call to compute for http://172.30.9.22:8774/v2.1/os-server-groups used request id req-74f02877-b8a7-4608-9d23-a8e32a0be583 request /usr/lib/python2.7/site-packages/keystoneauth1/session.py:844
2019-07-22 19:09:36.156 1842 RALLYDEBUG rally_openstack.cleanup.manager [-] Cleaning up nova keypairs objects
2019-07-22 19:09:36.571 1842 DEBUG novaclient.v2.client [-] REQ: curl -g -i -X GET http://172.30.9.22:8774/v2.1/os-keypairs -H "Accept: application/json" -H "User-Agent: python-novaclient" -H "X-Auth-Token: {SHA1}f77bd2ebf4cfb074184c6470b59fb9d4f7c36328" _http_log_request /usr/lib/python2.7/site-packages/keystoneauth1/session.py:448
2019-07-22 19:09:36.883 1842 DEBUG novaclient.v2.client [-] RESP: [200] Content-Length: 16 Content-Type: application/json Date: Mon, 22 Jul 2019 19:09:36 GMT OpenStack-API-Version: compute 2.1 Server: Apache Vary: OpenStack-API-Version,X-OpenStack-Nova-API-Version X-OpenStack-Nova-API-Version: 2.1 x-compute-request-id: req-b525996e-a272-4d1f-8280-337afeb5e8b6 x-openstack-request-id: req-b525996e-a272-4d1f-8280-337afeb5e8b6 _http_log_response /usr/lib/python2.7/site-packages/keystoneauth1/session.py:479
2019-07-22 19:09:36.884 1842 DEBUG novaclient.v2.client [-] RESP BODY: {"keypairs": []} _http_log_response /usr/lib/python2.7/site-packages/keystoneauth1/session.py:511
2019-07-22 19:09:36.884 1842 DEBUG novaclient.v2.client [-] GET call to compute for http://172.30.9.22:8774/v2.1/os-keypairs used request id req-b525996e-a272-4d1f-8280-337afeb5e8b6 request /usr/lib/python2.7/site-packages/keystoneauth1/session.py:844
2019-07-22 19:09:37.313 1842 DEBUG novaclient.v2.client [-] REQ: curl -g -i -X GET http://172.30.9.22:8774/v2.1/os-keypairs -H "Accept: application/json" -H "User-Agent: python-novaclient" -H "X-Auth-Token: {SHA1}288bef332ad1284927825490ec02a6748e72ff89" _http_log_request /usr/lib/python2.7/site-packages/keystoneauth1/session.py:448
2019-07-22 19:09:37.622 1842 DEBUG novaclient.v2.client [-] RESP: [200] Content-Length: 16 Content-Type: application/json Date: Mon, 22 Jul 2019 19:09:37 GMT OpenStack-API-Version: compute 2.1 Server: Apache Vary: OpenStack-API-Version,X-OpenStack-Nova-API-Version X-OpenStack-Nova-API-Version: 2.1 x-compute-request-id: req-3ea07ee4-28e7-4ed9-bf2c-89dfdec6f2c4 x-openstack-request-id: req-3ea07ee4-28e7-4ed9-bf2c-89dfdec6f2c4 _http_log_response /usr/lib/python2.7/site-packages/keystoneauth1/session.py:479
2019-07-22 19:09:37.622 1842 DEBUG novaclient.v2.client [-] RESP BODY: {"keypairs": []} _http_log_response /usr/lib/python2.7/site-packages/keystoneauth1/session.py:511
2019-07-22 19:09:37.622 1842 DEBUG novaclient.v2.client [-] GET call to compute for http://172.30.9.22:8774/v2.1/os-keypairs used request id req-3ea07ee4-28e7-4ed9-bf2c-89dfdec6f2c4 request /usr/lib/python2.7/site-packages/keystoneauth1/session.py:844
2019-07-22 19:09:38.048 1842 DEBUG novaclient.v2.client [-] REQ: curl -g -i -X GET http://172.30.9.22:8774/v2.1/os-keypairs -H "Accept: application/json" -H "User-Agent: python-novaclient" -H "X-Auth-Token: {SHA1}e6d12e6e688c86f985be4088bfec16f96deb5d26" _http_log_request /usr/lib/python2.7/site-packages/keystoneauth1/session.py:448
2019-07-22 19:09:38.334 1842 DEBUG novaclient.v2.client [-] RESP: [200] Content-Length: 16 Content-Type: application/json Date: Mon, 22 Jul 2019 19:09:38 GMT OpenStack-API-Version: compute 2.1 Server: Apache Vary: OpenStack-API-Version,X-OpenStack-Nova-API-Version X-OpenStack-Nova-API-Version: 2.1 x-compute-request-id: req-2cbbb89e-323a-4426-98b7-7725809edba4 x-openstack-request-id: req-2cbbb89e-323a-4426-98b7-7725809edba4 _http_log_response /usr/lib/python2.7/site-packages/keystoneauth1/session.py:479
2019-07-22 19:09:38.335 1842 DEBUG novaclient.v2.client [-] RESP BODY: {"keypairs": []} _http_log_response /usr/lib/python2.7/site-packages/keystoneauth1/session.py:511
2019-07-22 19:09:38.335 1842 DEBUG novaclient.v2.client [-] GET call to compute for http://172.30.9.22:8774/v2.1/os-keypairs used request id req-2cbbb89e-323a-4426-98b7-7725809edba4 request /usr/lib/python2.7/site-packages/keystoneauth1/session.py:844
2019-07-22 19:09:38.754 1842 DEBUG novaclient.v2.client [-] REQ: curl -g -i -X GET http://172.30.9.22:8774/v2.1/os-keypairs -H "Accept: application/json" -H "User-Agent: python-novaclient" -H "X-Auth-Token: {SHA1}e8b6e09268a196d38c0ec4f78e00c81dc581a7b2" _http_log_request /usr/lib/python2.7/site-packages/keystoneauth1/session.py:448
2019-07-22 19:09:39.056 1842 DEBUG novaclient.v2.client [-] RESP: [200] Content-Length: 16 Content-Type: application/json Date: Mon, 22 Jul 2019 19:09:38 GMT OpenStack-API-Version: compute 2.1 Server: Apache Vary: OpenStack-API-Version,X-OpenStack-Nova-API-Version X-OpenStack-Nova-API-Version: 2.1 x-compute-request-id: req-5e23395b-8df1-4620-93a4-58ca368a5250 x-openstack-request-id: req-5e23395b-8df1-4620-93a4-58ca368a5250 _http_log_response /usr/lib/python2.7/site-packages/keystoneauth1/session.py:479
2019-07-22 19:09:39.057 1842 DEBUG novaclient.v2.client [-] RESP BODY: {"keypairs": []} _http_log_response /usr/lib/python2.7/site-packages/keystoneauth1/session.py:511
2019-07-22 19:09:39.057 1842 DEBUG novaclient.v2.client [-] GET call to compute for http://172.30.9.22:8774/v2.1/os-keypairs used request id req-5e23395b-8df1-4620-93a4-58ca368a5250 request /usr/lib/python2.7/site-packages/keystoneauth1/session.py:844
2019-07-22 19:09:39.486 1842 DEBUG novaclient.v2.client [-] REQ: curl -g -i -X GET http://172.30.9.22:8774/v2.1/os-keypairs -H "Accept: application/json" -H "User-Agent: python-novaclient" -H "X-Auth-Token: {SHA1}9b9f10c3092bb9d16a1f498c507a1e193fa64ef6" _http_log_request /usr/lib/python2.7/site-packages/keystoneauth1/session.py:448
2019-07-22 19:09:39.798 1842 DEBUG novaclient.v2.client [-] RESP: [200] Content-Length: 16 Content-Type: application/json Date: Mon, 22 Jul 2019 19:09:39 GMT OpenStack-API-Version: compute 2.1 Server: Apache Vary: OpenStack-API-Version,X-OpenStack-Nova-API-Version X-OpenStack-Nova-API-Version: 2.1 x-compute-request-id: req-5f5f4fb8-5210-4f44-9f8c-3349496e749c x-openstack-request-id: req-5f5f4fb8-5210-4f44-9f8c-3349496e749c _http_log_response /usr/lib/python2.7/site-packages/keystoneauth1/session.py:479
2019-07-22 19:09:39.799 1842 DEBUG novaclient.v2.client [-] RESP BODY: {"keypairs": []} _http_log_response /usr/lib/python2.7/site-packages/keystoneauth1/session.py:511
2019-07-22 19:09:39.799 1842 DEBUG novaclient.v2.client [-] GET call to compute for http://172.30.9.22:8774/v2.1/os-keypairs used request id req-5f5f4fb8-5210-4f44-9f8c-3349496e749c request /usr/lib/python2.7/site-packages/keystoneauth1/session.py:844
2019-07-22 19:09:40.239 1842 DEBUG novaclient.v2.client [-] REQ: curl -g -i -X GET http://172.30.9.22:8774/v2.1/os-keypairs -H "Accept: application/json" -H "User-Agent: python-novaclient" -H "X-Auth-Token: {SHA1}0fc7bfa5b7d7aa53b6fd4a3ea75cedd58e815cf3" _http_log_request /usr/lib/python2.7/site-packages/keystoneauth1/session.py:448
2019-07-22 19:09:40.440 1842 DEBUG novaclient.v2.client [-] RESP: [200] Content-Length: 16 Content-Type: application/json Date: Mon, 22 Jul 2019 19:09:40 GMT OpenStack-API-Version: compute 2.1 Server: Apache Vary: OpenStack-API-Version,X-OpenStack-Nova-API-Version X-OpenStack-Nova-API-Version: 2.1 x-compute-request-id: req-ee553133-c934-407e-9e20-4816ad35852f x-openstack-request-id: req-ee553133-c934-407e-9e20-4816ad35852f _http_log_response /usr/lib/python2.7/site-packages/keystoneauth1/session.py:479
2019-07-22 19:09:40.441 1842 DEBUG novaclient.v2.client [-] RESP BODY: {"keypairs": []} _http_log_response /usr/lib/python2.7/site-packages/keystoneauth1/session.py:511
2019-07-22 19:09:40.441 1842 DEBUG novaclient.v2.client [-] GET call to compute for http://172.30.9.22:8774/v2.1/os-keypairs used request id req-ee553133-c934-407e-9e20-4816ad35852f request /usr/lib/python2.7/site-packages/keystoneauth1/session.py:844
2019-07-22 19:09:40.448 1842 RALLYDEBUG rally_openstack.cleanup.manager [-] Cleaning up cinder backups objects
2019-07-22 19:09:42.650 1842 RALLYDEBUG rally_openstack.cleanup.manager [-] Cleaning up cinder volume_snapshots objects
2019-07-22 19:09:44.842 1842 RALLYDEBUG rally_openstack.cleanup.manager [-] Cleaning up cinder transfers objects
2019-07-22 19:09:47.034 1842 RALLYDEBUG rally_openstack.cleanup.manager [-] Cleaning up cinder volumes objects
2019-07-22 19:09:49.387 1842 INFO rally.task.context [-] Task 2e2e8045-f729-4a11-a8bf-f2cc3fef7199 | Context cleanup@openstack cleanup() finished in 17.69 sec
2019-07-22 19:09:49.388 1842 INFO rally.task.context [-] Task 2e2e8045-f729-4a11-a8bf-f2cc3fef7199 | Context quotas@openstack cleanup() started
2019-07-22 19:09:50.179 1842 INFO rally.task.context [-] Task 2e2e8045-f729-4a11-a8bf-f2cc3fef7199 | Context quotas@openstack cleanup() finished in 0.79 sec
2019-07-22 19:09:50.179 1842 INFO rally.task.context [-] Task 2e2e8045-f729-4a11-a8bf-f2cc3fef7199 | Context api_versions@openstack cleanup() started
2019-07-22 19:09:50.179 1842 INFO rally.task.context [-] Task 2e2e8045-f729-4a11-a8bf-f2cc3fef7199 | Context api_versions@openstack cleanup() finished in 0.29 msec
2019-07-22 19:09:50.180 1842 INFO rally.task.context [-] Task 2e2e8045-f729-4a11-a8bf-f2cc3fef7199 | Context users@openstack cleanup() started
2019-07-22 19:09:58.043 1842 INFO rally.task.context [-] Task 2e2e8045-f729-4a11-a8bf-f2cc3fef7199 | Context users@openstack cleanup() finished in 7.86 sec
2019-07-22 19:09:58.282 1842 INFO rally.task.engine [-] Load duration is: 105.948153
2019-07-22 19:09:58.282 1842 INFO rally.task.engine [-] Full runner duration is: 107.000384
2019-07-22 19:09:58.283 1842 INFO rally.task.engine [-] Full duration is: 142.276288
2019-07-22 19:09:58.530 1842 INFO rally.task.engine [-] Running workload: position = 0 config = { "version": 2, "title": "A cropped version of a bigger task.", "description": "Auto-generated task from a single workload (uuid=8c1f938a-845d-4678-8686-a49ea751a7a3)", "subtasks": [ { "title": "CinderVolumes.create_and_list_snapshots", "description": "Create and then list a volume-snapshot.", "scenario": { "CinderVolumes.create_and_list_snapshots": { "detailed": true, "force": false } }, "contexts": { "users": { "tenants": 3, "users_per_tenant": 2 }, "quotas": { "cinder": { "gigabytes": -1, "snapshots": -1, "volumes": -1 } }, "api_versions": { "cinder": { "version": 3, "service_type": "volumev3" } }, "volumes": { "size": 1, "volumes_per_tenant": 1 } }, "runner": { "constant": { "concurrency": 4, "times": 10 } }, "hooks": [], "sla": { "failure_rate": { "max": 0 } } } ] }
2019-07-22 19:09:58.557 1842 RALLYDEBUG rally_openstack.contexts.keystone.users [-] Creating 3 tenants using 20 threads
2019-07-22 19:10:00.427 1842 RALLYDEBUG rally_openstack.contexts.keystone.users [-] Creating 6 users using 20 threads
2019-07-22 19:10:03.441 1842 INFO rally.task.context [-] Task 2e2e8045-f729-4a11-a8bf-f2cc3fef7199 | Context users@openstack setup() finished in 4.88 sec
2019-07-22 19:10:03.870 1842 INFO rally.task.context [-] Task 2e2e8045-f729-4a11-a8bf-f2cc3fef7199 | Context api_versions@openstack setup() finished in 0.43 sec
2019-07-22 19:10:05.581 1842 INFO rally.task.context [-] Task 2e2e8045-f729-4a11-a8bf-f2cc3fef7199 | Context quotas@openstack setup() finished in 1.71 sec
2019-07-22 19:10:16.932 1842 INFO rally.task.context [-] Task 2e2e8045-f729-4a11-a8bf-f2cc3fef7199 | Context volumes@openstack setup() finished in 11.35 sec
2019-07-22 19:10:16.933 1842 INFO rally.task.context [-] Task 2e2e8045-f729-4a11-a8bf-f2cc3fef7199 | Context cleanup@openstack setup() finished in 0.00 msec
2019-07-22 19:10:16.942 1842 RALLYDEBUG rally.task.runner [-] Starting the constant runner (task UUID: 2e2e8045-f729-4a11-a8bf-f2cc3fef7199). timeout: 0 concurrency: 4 concurrency_per_worker: 1 times: 10 concurrency_overhead: 0 processes_to_start: 4 max_cpu_used: 16
2019-07-22 19:10:16.954 2210 RALLYDEBUG rally.task.runner [-] Starting a worker. concurrency: 1 args: {"detailed": true, "force": false} times: 10 method_name: run timeout: 0 duration: None cls:
2019-07-22 19:10:16.957 2211 RALLYDEBUG rally.task.runner [-] Starting a worker. concurrency: 1 args: {"detailed": true, "force": false} times: 10 method_name: run timeout: 0 duration: None cls:
2019-07-22 19:10:16.960 2212 RALLYDEBUG rally.task.runner [-] Starting a worker. concurrency: 1 args: {"detailed": true, "force": false} times: 10 method_name: run timeout: 0 duration: None cls:
2019-07-22 19:10:16.963 2210 INFO rally.task.runner [-] Task 2e2e8045-f729-4a11-a8bf-f2cc3fef7199 | ITER: 1 START
2019-07-22 19:10:16.962 2213 RALLYDEBUG rally.task.runner [-] Starting a worker. concurrency: 1 args: {"detailed": true, "force": false} times: 10 method_name: run timeout: 0 duration: None cls:
2019-07-22 19:10:16.965 2211 INFO rally.task.runner [-] Task 2e2e8045-f729-4a11-a8bf-f2cc3fef7199 | ITER: 2 START
2019-07-22 19:10:16.969 2212 INFO rally.task.runner [-] Task 2e2e8045-f729-4a11-a8bf-f2cc3fef7199 | ITER: 3 START
2019-07-22 19:10:16.970 2213 INFO rally.task.runner [-] Task 2e2e8045-f729-4a11-a8bf-f2cc3fef7199 | ITER: 4 START
2019-07-22 19:10:20.736 2213 INFO rally.task.runner [-] Task 2e2e8045-f729-4a11-a8bf-f2cc3fef7199 | ITER: 4 END: OK
2019-07-22 19:10:20.741 2213 INFO rally.task.runner [-] Task 2e2e8045-f729-4a11-a8bf-f2cc3fef7199 | ITER: 5 START
2019-07-22 19:10:20.866 2211 INFO rally.task.runner [-] Task 2e2e8045-f729-4a11-a8bf-f2cc3fef7199 | ITER: 2 END: OK
2019-07-22 19:10:20.870 2210 INFO rally.task.runner [-] Task 2e2e8045-f729-4a11-a8bf-f2cc3fef7199 | ITER: 1 END: OK
2019-07-22 19:10:20.872 2211 INFO rally.task.runner [-] Task 2e2e8045-f729-4a11-a8bf-f2cc3fef7199 | ITER: 6 START
2019-07-22 19:10:20.876 2210 INFO rally.task.runner [-] Task 2e2e8045-f729-4a11-a8bf-f2cc3fef7199 | ITER: 7 START
2019-07-22 19:10:20.962 2212 INFO rally.task.runner [-] Task 2e2e8045-f729-4a11-a8bf-f2cc3fef7199 | ITER: 3 END: OK
2019-07-22 19:10:20.967 2212 INFO rally.task.runner [-] Task 2e2e8045-f729-4a11-a8bf-f2cc3fef7199 | ITER: 8 START
2019-07-22 19:10:24.612 2210 INFO rally.task.runner [-] Task 2e2e8045-f729-4a11-a8bf-f2cc3fef7199 | ITER: 7 END: OK
2019-07-22 19:10:24.617 2210 INFO rally.task.runner [-] Task 2e2e8045-f729-4a11-a8bf-f2cc3fef7199 | ITER: 9 START
2019-07-22 19:10:24.631 2213 INFO rally.task.runner [-] Task 2e2e8045-f729-4a11-a8bf-f2cc3fef7199 | ITER: 5 END: OK
2019-07-22 19:10:24.636 2213 INFO rally.task.runner [-] Task 2e2e8045-f729-4a11-a8bf-f2cc3fef7199 | ITER: 10 START
2019-07-22 19:10:24.643 2211 INFO rally.task.runner [-] Task 2e2e8045-f729-4a11-a8bf-f2cc3fef7199 | ITER: 6 END: OK
2019-07-22 19:10:24.857 2212 INFO rally.task.runner [-] Task 2e2e8045-f729-4a11-a8bf-f2cc3fef7199 | ITER: 8 END: OK
2019-07-22 19:10:28.273 2210 INFO rally.task.runner [-] Task 2e2e8045-f729-4a11-a8bf-f2cc3fef7199 | ITER: 9 END: OK
2019-07-22 19:10:28.381 2213 INFO rally.task.runner [-] Task 2e2e8045-f729-4a11-a8bf-f2cc3fef7199 | ITER: 10 END: OK
2019-07-22 19:10:28.403 1842 INFO rally.task.context [-] Task 2e2e8045-f729-4a11-a8bf-f2cc3fef7199 | Context cleanup@openstack cleanup() started
2019-07-22 19:10:28.405 1842 RALLYDEBUG rally_openstack.cleanup.manager [-] Cleaning up cinder backups objects
2019-07-22 19:10:30.474 1842 RALLYDEBUG rally_openstack.cleanup.manager [-] Cleaning up cinder volume_snapshots objects
2019-07-22 19:10:32.636 1842 RALLYDEBUG rally_openstack.cleanup.manager [-] Deleting cinder.volume_snapshots object s_rally_8c1f938a_TqXN8JI6 (4caeb78b-834f-47a6-b455-ab409343b58d)
2019-07-22 19:10:32.643 1842 RALLYDEBUG rally_openstack.cleanup.manager [-] Deleting cinder.volume_snapshots object s_rally_8c1f938a_XQhLhgZg (dd6f07d4-61d1-47bb-9159-760bc091bf90)
2019-07-22 19:10:32.649 1842 RALLYDEBUG rally_openstack.cleanup.manager [-] Deleting cinder.volume_snapshots object s_rally_8c1f938a_YH7hdDXl (8de62ac3-6e9e-42ea-8ef9-5593b14c9031)
2019-07-22 19:10:32.649 1842 RALLYDEBUG rally_openstack.cleanup.manager [-] Deleting cinder.volume_snapshots object s_rally_8c1f938a_nmHlnowk (d2b11bc3-13be-445c-b6b6-34fb80745907)
2019-07-22 19:10:32.651 1842 RALLYDEBUG rally_openstack.cleanup.manager [-] Deleting cinder.volume_snapshots object s_rally_8c1f938a_latMDATu (a0404115-d6e7-48c6-9d75-626175ba06f3)
2019-07-22 19:10:32.650 1842 RALLYDEBUG rally_openstack.cleanup.manager [-] Deleting cinder.volume_snapshots object s_rally_8c1f938a_TgHRryye (740bab22-42dc-4c89-a6ce-b3bc974138a6)
2019-07-22 19:10:32.656 1842 RALLYDEBUG rally_openstack.cleanup.manager [-] Deleting cinder.volume_snapshots object s_rally_8c1f938a_JGPB5Ib4 (b779f13a-5455-43c0-8299-b5279ac140f3)
2019-07-22 19:10:32.660 1842 RALLYDEBUG rally_openstack.cleanup.manager [-] Deleting cinder.volume_snapshots object s_rally_8c1f938a_3du6gzYa (f4d138e3-7c1c-41df-8389-912256f19dfd)
2019-07-22 19:10:32.661 1842 RALLYDEBUG rally_openstack.cleanup.manager [-] Deleting cinder.volume_snapshots object s_rally_8c1f938a_9BeWpL25 (1543e123-911f-4bf8-81da-8001ca7f77a1)
2019-07-22 19:10:32.683 1842 RALLYDEBUG rally_openstack.cleanup.manager [-] Deleting cinder.volume_snapshots object s_rally_8c1f938a_miBvFL7R (54b81e0c-9399-47bf-8204-1ffc9e9590ae)
2019-07-22 19:10:37.553 1842 RALLYDEBUG rally_openstack.cleanup.manager [-] Cleaning up cinder transfers objects
2019-07-22 19:10:39.663 1842 RALLYDEBUG rally_openstack.cleanup.manager [-] Cleaning up cinder volumes objects
2019-07-22 19:10:41.944 1842 INFO rally.task.context [-] Task 2e2e8045-f729-4a11-a8bf-f2cc3fef7199 | Context cleanup@openstack cleanup() finished in 13.54 sec
2019-07-22 19:10:41.944 1842 INFO rally.task.context [-] Task 2e2e8045-f729-4a11-a8bf-f2cc3fef7199 | Context volumes@openstack cleanup() started
2019-07-22 19:10:41.945 1842 RALLYDEBUG rally_openstack.cleanup.manager [-] Cleaning up cinder volumes objects
2019-07-22 19:10:44.143 1842 RALLYDEBUG rally_openstack.cleanup.manager [-] Deleting cinder.volumes object c_rally_8c1f938a_tz2V8a3e (45b80839-e3f8-4d3a-9e06-2eb0ec5a16f7)
2019-07-22 19:10:44.148 1842 RALLYDEBUG rally_openstack.cleanup.manager [-] Deleting cinder.volumes object c_rally_8c1f938a_i0uBWVhe (f98e3699-8fe9-49ad-94c3-16f327af46e6)
2019-07-22 19:10:44.150 1842 RALLYDEBUG rally_openstack.cleanup.manager [-] Deleting cinder.volumes object c_rally_8c1f938a_6AoiYSFu (e46d402a-57a3-4b59-8a1c-d98e7e2d9c80)
2019-07-22 19:10:47.661 1842 INFO rally.task.context [-] Task 2e2e8045-f729-4a11-a8bf-f2cc3fef7199 | Context volumes@openstack cleanup() finished in 5.72 sec
2019-07-22 19:10:47.662 1842 INFO rally.task.context [-] Task 2e2e8045-f729-4a11-a8bf-f2cc3fef7199 | Context quotas@openstack cleanup() started
2019-07-22 19:10:48.263 1842 INFO rally.task.context [-] Task 2e2e8045-f729-4a11-a8bf-f2cc3fef7199 | Context quotas@openstack cleanup() finished in 0.60 sec
2019-07-22 19:10:48.263 1842 INFO rally.task.context [-] Task 2e2e8045-f729-4a11-a8bf-f2cc3fef7199 | Context api_versions@openstack cleanup() started
2019-07-22 19:10:48.264 1842 INFO rally.task.context [-] Task 2e2e8045-f729-4a11-a8bf-f2cc3fef7199 | Context api_versions@openstack cleanup() finished in 0.32 msec
2019-07-22 19:10:48.264 1842 INFO rally.task.context [-] Task 2e2e8045-f729-4a11-a8bf-f2cc3fef7199 | Context users@openstack cleanup() started
2019-07-22 19:10:56.350 1842 INFO rally.task.context [-] Task 2e2e8045-f729-4a11-a8bf-f2cc3fef7199 | Context users@openstack cleanup() finished in 8.09 sec
2019-07-22 19:10:56.835 1842 INFO rally.task.engine [-] Load duration is: 11.414481
2019-07-22 19:10:56.835 1842 INFO rally.task.engine [-] Full runner duration is: 11.462421
2019-07-22 19:10:56.835 1842 INFO rally.task.engine [-] Full duration is: 57.797328
2019-07-22 19:10:57.046 1842 INFO rally.task.engine [-] Running workload: position = 0 config = { "version": 2, "title": "A cropped version of a bigger task.", "description": "Auto-generated task from a single workload (uuid=442a7948-bc5f-44db-b6a4-0fb92b4626a2)", "subtasks": [ { "title": "CinderVolumes.create_and_list_volume", "description": "Create a volume and list all volumes.", "scenario": { "CinderVolumes.create_and_list_volume": { "detailed": true, "image": { "name": "rally_full-img_4c94690f-c8b1-4a5c-ac77-70643659e122" }, "size": 1 } }, "contexts": { "users": { "tenants": 3, "users_per_tenant": 2 }, "quotas": { "cinder": { "gigabytes": -1, "snapshots": -1, "volumes": -1 } }, "api_versions": { "cinder": { "version": 3, "service_type": "volumev3" } } }, "runner": { "constant": { "concurrency": 4, "times": 10 } }, "hooks": [], "sla": { "failure_rate": { "max": 0 } } } ] }
2019-07-22 19:10:57.071 1842 RALLYDEBUG rally_openstack.contexts.keystone.users [-] Creating 3 tenants using 20 threads
2019-07-22 19:10:59.015 1842 RALLYDEBUG rally_openstack.contexts.keystone.users [-] Creating 6 users using 20 threads
2019-07-22 19:11:01.883 1842 INFO rally.task.context [-] Task 2e2e8045-f729-4a11-a8bf-f2cc3fef7199 | Context users@openstack setup() finished in 4.81 sec
2019-07-22 19:11:02.311 1842 INFO rally.task.context [-] Task 2e2e8045-f729-4a11-a8bf-f2cc3fef7199 | Context api_versions@openstack setup() finished in 0.43 sec
2019-07-22 19:11:03.942 1842 INFO rally.task.context [-] Task 2e2e8045-f729-4a11-a8bf-f2cc3fef7199 | Context quotas@openstack setup() finished in 1.63 sec
2019-07-22 19:11:03.942 1842 INFO rally.task.context [-] Task 2e2e8045-f729-4a11-a8bf-f2cc3fef7199 | Context cleanup@openstack setup() finished in 0.02 msec
2019-07-22 19:11:05.006 1842 RALLYDEBUG rally.task.runner [-] Starting the constant runner (task UUID: 2e2e8045-f729-4a11-a8bf-f2cc3fef7199). timeout: 0 concurrency: 4 concurrency_per_worker: 1 times: 10 concurrency_overhead: 0 processes_to_start: 4 max_cpu_used: 16
2019-07-22 19:11:05.019 2414 RALLYDEBUG rally.task.runner [-] Starting a worker. concurrency: 1 args: {"detailed": true, "image": "aca1c459-d298-4a01-baf2-60a826b9f620", "size": 1} times: 10 method_name: run timeout: 0 duration: None cls:
2019-07-22 19:11:05.022 2415 RALLYDEBUG rally.task.runner [-] Starting a worker. concurrency: 1 args: {"detailed": true, "image": "aca1c459-d298-4a01-baf2-60a826b9f620", "size": 1} times: 10 method_name: run timeout: 0 duration: None cls:
2019-07-22 19:11:05.025 2416 RALLYDEBUG rally.task.runner [-] Starting a worker. concurrency: 1 args: {"detailed": true, "image": "aca1c459-d298-4a01-baf2-60a826b9f620", "size": 1} times: 10 method_name: run timeout: 0 duration: None cls:
2019-07-22 19:11:05.027 2414 INFO rally.task.runner [-] Task 2e2e8045-f729-4a11-a8bf-f2cc3fef7199 | ITER: 1 START
2019-07-22 19:11:05.029 2415 INFO rally.task.runner [-] Task 2e2e8045-f729-4a11-a8bf-f2cc3fef7199 | ITER: 2 START
2019-07-22 19:11:05.028 2417 RALLYDEBUG rally.task.runner [-] Starting a worker. concurrency: 1 args: {"detailed": true, "image": "aca1c459-d298-4a01-baf2-60a826b9f620", "size": 1} times: 10 method_name: run timeout: 0 duration: None cls:
2019-07-22 19:11:05.033 2416 INFO rally.task.runner [-] Task 2e2e8045-f729-4a11-a8bf-f2cc3fef7199 | ITER: 3 START
2019-07-22 19:11:05.037 2417 INFO rally.task.runner [-] Task 2e2e8045-f729-4a11-a8bf-f2cc3fef7199 | ITER: 4 START
2019-07-22 19:11:14.593 2415 RALLYDEBUG rally.task.utils [-] Waiting for resource s_rally_442a7948_w81S17dI. Status changed: CREATING => DOWNLOADING in 5.1095559597
2019-07-22 19:11:15.180 2414 RALLYDEBUG rally.task.utils [-] Waiting for resource s_rally_442a7948_BugoCjSc. Status changed: CREATING => DOWNLOADING in 5.3236579895
2019-07-22 19:11:15.228 2417 RALLYDEBUG rally.task.utils [-] Waiting for resource s_rally_442a7948_WpXBLCoj. Status changed: CREATING => DOWNLOADING in 5.24983692169
2019-07-22 19:11:15.546 2416 RALLYDEBUG rally.task.utils [-] Waiting for resource s_rally_442a7948_pxPXjheN. Status changed: CREATING => DOWNLOADING in 5.39647197723
2019-07-22 19:11:23.950 2415 RALLYDEBUG rally.task.utils [-] Waiting for resource s_rally_442a7948_w81S17dI. Status changed: DOWNLOADING => AVAILABLE in 9.35658693314
2019-07-22 19:11:24.226 2415 INFO rally.task.runner [-] Task 2e2e8045-f729-4a11-a8bf-f2cc3fef7199 | ITER: 2 END: OK
2019-07-22 19:11:24.231 2415 INFO rally.task.runner [-] Task 2e2e8045-f729-4a11-a8bf-f2cc3fef7199 | ITER: 5 START
2019-07-22 19:11:24.559 2414 RALLYDEBUG rally.task.utils [-] Waiting for resource s_rally_442a7948_BugoCjSc. Status changed: DOWNLOADING => AVAILABLE in 9.37921619415
2019-07-22 19:11:24.850 2414 INFO rally.task.runner [-] Task 2e2e8045-f729-4a11-a8bf-f2cc3fef7199 | ITER: 1 END: OK
2019-07-22 19:11:24.852 2416 RALLYDEBUG rally.task.utils [-] Waiting for resource s_rally_442a7948_pxPXjheN. Status changed: DOWNLOADING => AVAILABLE in 9.30636405945
2019-07-22 19:11:24.856 2414 INFO rally.task.runner [-] Task 2e2e8045-f729-4a11-a8bf-f2cc3fef7199 | ITER: 6 START
2019-07-22 19:11:25.325 2416 INFO rally.task.runner [-] Task 2e2e8045-f729-4a11-a8bf-f2cc3fef7199 | ITER: 3 END: OK
2019-07-22 19:11:25.330 2416 INFO rally.task.runner [-] Task 2e2e8045-f729-4a11-a8bf-f2cc3fef7199 | ITER: 7 START
2019-07-22 19:11:26.658 2417 RALLYDEBUG rally.task.utils [-] Waiting for resource s_rally_442a7948_WpXBLCoj. Status changed: DOWNLOADING => AVAILABLE in 11.4303891659
2019-07-22 19:11:26.997 2417 INFO rally.task.runner [-] Task 2e2e8045-f729-4a11-a8bf-f2cc3fef7199 | ITER: 4 END: OK
2019-07-22 19:11:27.002 2417 INFO rally.task.runner [-] Task 2e2e8045-f729-4a11-a8bf-f2cc3fef7199 | ITER: 8 START
2019-07-22 19:11:32.025 2415 RALLYDEBUG rally.task.utils [-] Waiting for resource s_rally_442a7948_2KHRx1ib. Status changed: CREATING => DOWNLOADING in 3.07508897781
2019-07-22 19:11:34.387 2415 RALLYDEBUG rally.task.utils [-] Waiting for resource s_rally_442a7948_2KHRx1ib. Status changed: DOWNLOADING => AVAILABLE in 2.36175298691
2019-07-22 19:11:34.754 2415 INFO rally.task.runner [-] Task 2e2e8045-f729-4a11-a8bf-f2cc3fef7199 | ITER: 5 END: OK
2019-07-22 19:11:34.759 2415 INFO rally.task.runner [-] Task 2e2e8045-f729-4a11-a8bf-f2cc3fef7199 | ITER: 9 START
2019-07-22 19:11:34.880 2414 RALLYDEBUG rally.task.utils [-] Waiting for resource s_rally_442a7948_r1fGv7yt. Status changed: CREATING => DOWNLOADING in 5.33324193954
2019-07-22 19:11:38.310 2416 RALLYDEBUG rally.task.utils [-] Waiting for resource s_rally_442a7948_NXpxArQ9. Status changed: CREATING => DOWNLOADING in 7.72495698929
2019-07-22 19:11:39.460 2414 RALLYDEBUG rally.task.utils [-] Waiting for resource s_rally_442a7948_r1fGv7yt. Status changed: DOWNLOADING => AVAILABLE in 4.57983613014
2019-07-22 19:11:39.802 2414 INFO rally.task.runner [-] Task 2e2e8045-f729-4a11-a8bf-f2cc3fef7199 | ITER: 6 END: OK
2019-07-22 19:11:39.808 2414 INFO rally.task.runner [-] Task 2e2e8045-f729-4a11-a8bf-f2cc3fef7199 | ITER: 10 START
2019-07-22 19:11:40.146 2417 RALLYDEBUG rally.task.utils [-] Waiting for resource s_rally_442a7948_ECte7omI. Status changed: CREATING => DOWNLOADING in 7.63900995255
2019-07-22 19:11:44.846 2417 RALLYDEBUG rally.task.utils [-] Waiting for resource s_rally_442a7948_ECte7omI. Status changed: DOWNLOADING => AVAILABLE in 4.70014691353
2019-07-22 19:11:44.938 2417 INFO rally.task.runner [-] Task 2e2e8045-f729-4a11-a8bf-f2cc3fef7199 | ITER: 8 END: OK
2019-07-22 19:11:45.043 2416 RALLYDEBUG rally.task.utils [-] Waiting for resource s_rally_442a7948_NXpxArQ9. Status changed: DOWNLOADING => AVAILABLE in 6.73315787315
2019-07-22 19:11:45.370 2416 INFO rally.task.runner [-] Task 2e2e8045-f729-4a11-a8bf-f2cc3fef7199 | ITER: 7 END: OK
2019-07-22 19:11:47.333 2415 RALLYDEBUG rally.task.utils [-] Waiting for resource s_rally_442a7948_r5kmdNzD. Status changed: CREATING => DOWNLOADING in 7.60175919533
2019-07-22 19:11:49.673 2415 RALLYDEBUG rally.task.utils [-] Waiting for resource s_rally_442a7948_r5kmdNzD. Status changed: DOWNLOADING => AVAILABLE in 2.34048986435
2019-07-22 19:11:50.194 2415 INFO rally.task.runner [-] Task 2e2e8045-f729-4a11-a8bf-f2cc3fef7199 | ITER: 9 END: OK
2019-07-22 19:11:51.432 2414 RALLYDEBUG rally.task.utils [-] Waiting for resource s_rally_442a7948_G4TcZoWw. Status changed: CREATING => DOWNLOADING in 7.44073581696
2019-07-22 19:11:53.706 2414 RALLYDEBUG rally.task.utils [-] Waiting for resource s_rally_442a7948_G4TcZoWw. Status changed: DOWNLOADING => AVAILABLE in 2.27362012863
2019-07-22 19:11:54.005 2414 INFO rally.task.runner [-] Task 2e2e8045-f729-4a11-a8bf-f2cc3fef7199 | ITER: 10 END: OK
2019-07-22 19:11:54.029 1842 INFO rally.task.context [-] Task 2e2e8045-f729-4a11-a8bf-f2cc3fef7199 | Context cleanup@openstack cleanup() started
2019-07-22 19:11:54.031 1842 RALLYDEBUG rally_openstack.cleanup.manager [-] Cleaning up cinder backups objects
2019-07-22 19:11:56.244 1842 RALLYDEBUG rally_openstack.cleanup.manager [-] Cleaning up cinder volume_snapshots objects
2019-07-22 19:11:58.443 1842 RALLYDEBUG rally_openstack.cleanup.manager [-] Cleaning up cinder transfers objects
2019-07-22 19:12:00.671 1842 RALLYDEBUG rally_openstack.cleanup.manager [-] Cleaning up cinder volumes objects
2019-07-22 19:12:03.224 1842 RALLYDEBUG rally_openstack.cleanup.manager [-] Deleting cinder.volumes object s_rally_442a7948_WpXBLCoj (9f551e16-8de9-4d82-8fbd-dda2202007de)
2019-07-22 19:12:03.225 1842 RALLYDEBUG rally_openstack.cleanup.manager [-] Deleting cinder.volumes object s_rally_442a7948_NXpxArQ9 (feb408b7-d4d7-4fd2-a20f-094a7e42938a)
2019-07-22 19:12:03.227 1842 RALLYDEBUG rally_openstack.cleanup.manager [-] Deleting cinder.volumes object s_rally_442a7948_pxPXjheN (7bce5255-3d12-4d7b-8d41-356f39103fcf)
2019-07-22 19:12:03.230 1842 RALLYDEBUG rally_openstack.cleanup.manager [-] Deleting cinder.volumes object s_rally_442a7948_ECte7omI (90a57b24-a7a2-4e9d-a4b4-382757181f37)
2019-07-22 19:12:03.233 1842 RALLYDEBUG rally_openstack.cleanup.manager [-] Deleting cinder.volumes object s_rally_442a7948_G4TcZoWw (8b7c346e-8cc0-4139-9f20-78157206f30e)
2019-07-22 19:12:03.235 1842 RALLYDEBUG rally_openstack.cleanup.manager [-] Deleting cinder.volumes object s_rally_442a7948_2KHRx1ib (6b9b02a9-3179-4651-90b6-41bd75b20fb8)
2019-07-22 19:12:03.237 1842 RALLYDEBUG rally_openstack.cleanup.manager [-] Deleting cinder.volumes object s_rally_442a7948_w81S17dI (c6df721f-f0e7-4047-a13e-98f615fdbea4)
2019-07-22 19:12:03.244 1842 RALLYDEBUG rally_openstack.cleanup.manager [-] Deleting cinder.volumes object s_rally_442a7948_r5kmdNzD (feb1f583-d8ef-4ba8-9fd5-b4362bce032f)
2019-07-22 19:12:03.253 1842 RALLYDEBUG rally_openstack.cleanup.manager [-] Deleting cinder.volumes object s_rally_442a7948_BugoCjSc (aea8816a-1e72-4557-8ba4-d146652b3a25)
2019-07-22 19:12:03.256 1842 RALLYDEBUG rally_openstack.cleanup.manager [-] Deleting cinder.volumes object s_rally_442a7948_r1fGv7yt (e8fb06b2-8692-4d9f-9bd4-550a6956e0cb)
2019-07-22 19:12:08.568 1842 INFO rally.task.context [-] Task 2e2e8045-f729-4a11-a8bf-f2cc3fef7199 | Context cleanup@openstack cleanup() finished in 14.54 sec
2019-07-22 19:12:08.568 1842 INFO rally.task.context [-] Task 2e2e8045-f729-4a11-a8bf-f2cc3fef7199 | Context quotas@openstack cleanup() started
2019-07-22 19:12:09.371 1842 INFO rally.task.context [-] Task 2e2e8045-f729-4a11-a8bf-f2cc3fef7199 | Context quotas@openstack cleanup() finished in 0.80 sec
2019-07-22 19:12:09.372 1842 INFO rally.task.context [-] Task 2e2e8045-f729-4a11-a8bf-f2cc3fef7199 | Context api_versions@openstack cleanup() started
2019-07-22 19:12:09.372 1842 INFO rally.task.context [-] Task 2e2e8045-f729-4a11-a8bf-f2cc3fef7199 | Context api_versions@openstack cleanup() finished in 0.32 msec
2019-07-22 19:12:09.372 1842 INFO rally.task.context [-] Task 2e2e8045-f729-4a11-a8bf-f2cc3fef7199 | Context users@openstack cleanup() started
2019-07-22 19:12:17.224 1842 INFO rally.task.context [-] Task 2e2e8045-f729-4a11-a8bf-f2cc3fef7199 | Context users@openstack cleanup() finished in 7.85 sec
2019-07-22 19:12:17.386 1842 INFO rally.task.engine [-] Load duration is: 48.974053
2019-07-22 19:12:17.387 1842 INFO rally.task.engine [-] Full runner duration is: 49.023186
2019-07-22 19:12:17.387 1842 INFO rally.task.engine [-] Full duration is: 80.158264
2019-07-22 19:12:17.531 1842 INFO rally.task.engine [-] Running workload: position = 1 config = { "version": 2, "title": "A cropped version of a bigger task.", "description": "Auto-generated task from a single workload (uuid=1bbedd77-a89c-447c-b984-0089f8fdf610)", "subtasks": [ { "title": "CinderVolumes.create_and_list_volume", "description": "Create a volume and list all volumes.", "scenario": { "CinderVolumes.create_and_list_volume": { "detailed": true, "size": 1 } }, "contexts": { "users": { "tenants": 3, "users_per_tenant": 2 }, "quotas": { "cinder": { "gigabytes": -1, "snapshots": -1, "volumes": -1 } }, "api_versions": { "cinder": { "version": 3, "service_type": "volumev3" } } }, "runner": { "constant": { "concurrency": 4, "times": 10 } }, "hooks": [], "sla": { "failure_rate": { "max": 0 } } } ] }
2019-07-22 19:12:17.555 1842 RALLYDEBUG rally_openstack.contexts.keystone.users [-] Creating 3 tenants using 20 threads
2019-07-22 19:12:19.446 1842 RALLYDEBUG rally_openstack.contexts.keystone.users [-] Creating 6 users using 20 threads
2019-07-22 19:12:22.252 1842 INFO rally.task.context [-] Task 2e2e8045-f729-4a11-a8bf-f2cc3fef7199 | Context users@openstack setup() finished in 4.70 sec
2019-07-22 19:12:22.684 1842 INFO rally.task.context [-] Task 2e2e8045-f729-4a11-a8bf-f2cc3fef7199 | Context api_versions@openstack setup() finished in 0.43 sec
2019-07-22 19:12:24.420 1842 INFO rally.task.context [-] Task 2e2e8045-f729-4a11-a8bf-f2cc3fef7199 | Context quotas@openstack setup() finished in 1.74 sec
2019-07-22 19:12:24.420 1842 INFO rally.task.context [-] Task 2e2e8045-f729-4a11-a8bf-f2cc3fef7199 | Context cleanup@openstack setup() finished in 0.00 msec
2019-07-22 19:12:24.428 1842 RALLYDEBUG rally.task.runner [-] Starting the constant runner (task UUID: 2e2e8045-f729-4a11-a8bf-f2cc3fef7199). timeout: 0 concurrency: 4 concurrency_per_worker: 1 times: 10 concurrency_overhead: 0 processes_to_start: 4 max_cpu_used: 16
2019-07-22 19:12:24.442 2598 RALLYDEBUG rally.task.runner [-] Starting a worker. concurrency: 1 args: {"detailed": true, "size": 1} times: 10 method_name: run timeout: 0 duration: None cls:
2019-07-22 19:12:24.444 2599 RALLYDEBUG rally.task.runner [-] Starting a worker. concurrency: 1 args: {"detailed": true, "size": 1} times: 10 method_name: run timeout: 0 duration: None cls:
2019-07-22 19:12:24.447 2600 RALLYDEBUG rally.task.runner [-] Starting a worker. concurrency: 1 args: {"detailed": true, "size": 1} times: 10 method_name: run timeout: 0 duration: None cls:
2019-07-22 19:12:24.447 2601 RALLYDEBUG rally.task.runner [-] Starting a worker. concurrency: 1 args: {"detailed": true, "size": 1} times: 10 method_name: run timeout: 0 duration: None cls:
2019-07-22 19:12:24.450 2598 INFO rally.task.runner [-] Task 2e2e8045-f729-4a11-a8bf-f2cc3fef7199 | ITER: 1 START
2019-07-22 19:12:24.451 2599 INFO rally.task.runner [-] Task 2e2e8045-f729-4a11-a8bf-f2cc3fef7199 | ITER: 2 START
2019-07-22 19:12:24.452 2601 INFO rally.task.runner [-] Task 2e2e8045-f729-4a11-a8bf-f2cc3fef7199 | ITER: 4 START
2019-07-22 19:12:24.455 2600 INFO rally.task.runner [-] Task 2e2e8045-f729-4a11-a8bf-f2cc3fef7199 | ITER: 3 START
2019-07-22 19:12:28.557 2598 INFO rally.task.runner [-] Task 2e2e8045-f729-4a11-a8bf-f2cc3fef7199 | ITER: 1 END: OK
2019-07-22 19:12:28.563 2598 INFO rally.task.runner [-] Task 2e2e8045-f729-4a11-a8bf-f2cc3fef7199 | ITER: 5 START
2019-07-22 19:12:28.576 2600 INFO rally.task.runner [-] Task 2e2e8045-f729-4a11-a8bf-f2cc3fef7199 | ITER: 3 END: OK
2019-07-22 19:12:28.581 2600 INFO rally.task.runner [-] Task 2e2e8045-f729-4a11-a8bf-f2cc3fef7199 | ITER: 6 START
2019-07-22 19:12:28.590 2601 INFO rally.task.runner [-] Task 2e2e8045-f729-4a11-a8bf-f2cc3fef7199 | ITER: 4 END: OK
2019-07-22 19:12:28.595 2601 INFO rally.task.runner [-] Task 2e2e8045-f729-4a11-a8bf-f2cc3fef7199 | ITER: 7 START
2019-07-22 19:12:28.683 2599 INFO rally.task.runner [-] Task 2e2e8045-f729-4a11-a8bf-f2cc3fef7199 | ITER: 2 END: OK
2019-07-22 19:12:28.688 2599 INFO rally.task.runner [-] Task 2e2e8045-f729-4a11-a8bf-f2cc3fef7199 | ITER: 8 START
2019-07-22 19:12:32.602 2599 INFO rally.task.runner [-] Task 2e2e8045-f729-4a11-a8bf-f2cc3fef7199 | ITER: 8 END: OK
2019-07-22 19:12:32.603 2598 INFO rally.task.runner [-] Task 2e2e8045-f729-4a11-a8bf-f2cc3fef7199 | ITER: 5 END: OK
2019-07-22 19:12:32.603 2600 INFO rally.task.runner [-] Task 2e2e8045-f729-4a11-a8bf-f2cc3fef7199 | ITER: 6 END: OK
2019-07-22 19:12:32.607 2599 INFO rally.task.runner [-] Task 2e2e8045-f729-4a11-a8bf-f2cc3fef7199 | ITER: 9 START
2019-07-22 19:12:32.607 2598 INFO rally.task.runner [-] Task 2e2e8045-f729-4a11-a8bf-f2cc3fef7199 | ITER: 10 START
2019-07-22 19:12:32.697 2601 INFO rally.task.runner [-] Task 2e2e8045-f729-4a11-a8bf-f2cc3fef7199 | ITER: 7 END: OK
2019-07-22 19:12:36.453 2599 INFO rally.task.runner [-] Task 2e2e8045-f729-4a11-a8bf-f2cc3fef7199 | ITER: 9 END: OK
2019-07-22 19:12:36.641 2598 INFO rally.task.runner [-] Task 2e2e8045-f729-4a11-a8bf-f2cc3fef7199 | ITER: 10 END: OK
2019-07-22 19:12:36.665 1842 INFO rally.task.context [-] Task 2e2e8045-f729-4a11-a8bf-f2cc3fef7199 | Context cleanup@openstack cleanup() started
2019-07-22 19:12:36.667 1842 RALLYDEBUG rally_openstack.cleanup.manager [-] Cleaning up cinder backups objects
2019-07-22 19:12:38.913 1842 RALLYDEBUG rally_openstack.cleanup.manager [-] Cleaning up cinder volume_snapshots objects
2019-07-22 19:12:41.022 1842 RALLYDEBUG rally_openstack.cleanup.manager [-] Cleaning up cinder transfers objects
2019-07-22 19:12:43.328 1842 RALLYDEBUG rally_openstack.cleanup.manager [-] Cleaning up cinder volumes objects
2019-07-22 19:12:45.757 1842 RALLYDEBUG rally_openstack.cleanup.manager [-] Deleting cinder.volumes object s_rally_1bbedd77_8IZsEpEZ (cf92243e-836b-4d38-b028-7a72aa154f4c)
2019-07-22 19:12:45.758 1842 RALLYDEBUG rally_openstack.cleanup.manager [-] Deleting cinder.volumes object s_rally_1bbedd77_qN0qgkYm (ad0418b5-d823-454e-b364-0904d07cb80a)
2019-07-22 19:12:45.759 1842 RALLYDEBUG rally_openstack.cleanup.manager [-] Deleting cinder.volumes object s_rally_1bbedd77_PwWZeSgx (313f3d09-e974-4d84-832e-66452d9a74be)
2019-07-22 19:12:45.764 1842 RALLYDEBUG rally_openstack.cleanup.manager [-] Deleting cinder.volumes object s_rally_1bbedd77_vs59ipem (0c12db2b-7d35-4d20-8cd8-67bd61f2be50)
2019-07-22 19:12:45.765 1842 RALLYDEBUG rally_openstack.cleanup.manager [-] Deleting cinder.volumes object s_rally_1bbedd77_gAIQx7In (62e241af-3912-42db-9d44-a522fa39f91f)
2019-07-22 19:12:45.766 1842 RALLYDEBUG rally_openstack.cleanup.manager [-] Deleting cinder.volumes object s_rally_1bbedd77_HUsbtFXH (eb9ce2d0-79ae-4fcb-bb02-55d0ef86f760)
2019-07-22 19:12:45.766 1842 RALLYDEBUG rally_openstack.cleanup.manager [-] Deleting cinder.volumes object s_rally_1bbedd77_yTFqyi6T (0402fae4-60c0-4e8b-8e62-896fb0cacaae)
2019-07-22 19:12:45.773 1842 RALLYDEBUG rally_openstack.cleanup.manager [-] Deleting cinder.volumes object s_rally_1bbedd77_dJ5V27I7 (2e6d8d10-e895-44b2-a09f-e45c0f34621f)
2019-07-22 19:12:45.782 1842 RALLYDEBUG rally_openstack.cleanup.manager [-] Deleting cinder.volumes object s_rally_1bbedd77_hmUzDjow (56dea483-22e3-4b66-a097-e3447f6b05ce)
2019-07-22 19:12:45.795 1842 RALLYDEBUG rally_openstack.cleanup.manager [-] Deleting cinder.volumes object s_rally_1bbedd77_SEvGLH9f (a399cb80-a30b-4e52-aabc-043da0b5745b)
2019-07-22 19:12:49.503 1842 INFO rally.task.context [-] Task 2e2e8045-f729-4a11-a8bf-f2cc3fef7199 | Context cleanup@openstack cleanup() finished in 12.84 sec
2019-07-22 19:12:49.503 1842 INFO rally.task.context [-] Task 2e2e8045-f729-4a11-a8bf-f2cc3fef7199 | Context quotas@openstack cleanup() started
2019-07-22 19:12:50.323 1842 INFO rally.task.context [-] Task 2e2e8045-f729-4a11-a8bf-f2cc3fef7199 | Context quotas@openstack cleanup() finished in 0.82 sec
2019-07-22 19:12:50.324 1842 INFO rally.task.context [-] Task 2e2e8045-f729-4a11-a8bf-f2cc3fef7199 | Context api_versions@openstack cleanup() started
2019-07-22 19:12:50.324 1842 INFO rally.task.context [-] Task 2e2e8045-f729-4a11-a8bf-f2cc3fef7199 | Context api_versions@openstack cleanup() finished in 0.33 msec
2019-07-22 19:12:50.325 1842 INFO rally.task.context [-] Task 2e2e8045-f729-4a11-a8bf-f2cc3fef7199 | Context users@openstack cleanup() started
2019-07-22 19:12:58.445 1842 INFO rally.task.context [-] Task 2e2e8045-f729-4a11-a8bf-f2cc3fef7199 | Context users@openstack cleanup() finished in 8.12 sec
2019-07-22 19:12:59.725 1842 INFO rally.task.engine [-] Load duration is: 12.187484
2019-07-22 19:12:59.726 1842 INFO rally.task.engine [-] Full runner duration is: 12.237407
2019-07-22 19:12:59.726 1842 INFO rally.task.engine [-] Full duration is: 40.896548
2019-07-22 19:12:59.945 1842 INFO rally.task.engine [-] Running workload: position = 0 config = { "version": 2, "title": "A cropped version of a bigger task.", "description": "Auto-generated task from a single workload (uuid=91c978c1-090a-4cf9-a556-a4ad82606db3)", "subtasks": [ { "title": "CinderVolumes.create_and_upload_volume_to_image", "description": "Create and upload a volume to image.", "scenario": { "CinderVolumes.create_and_upload_volume_to_image": { "container_format": "bare", "disk_format": "raw", "do_delete": true, "force": false, "size": 1 } }, "contexts": { "users": { "tenants": 3, "users_per_tenant": 2 }, "quotas": { "cinder": { "gigabytes": -1, "snapshots": -1, "volumes": -1 } }, "api_versions": { "cinder": { "version": 3, "service_type": "volumev3" } } }, "runner": { "constant": { "concurrency": 4, "times": 10 } }, "hooks": [], "sla": { "failure_rate": { "max": 0 } } } ] }
2019-07-22 19:12:59.970 1842 RALLYDEBUG rally_openstack.contexts.keystone.users [-] Creating 3 tenants using 20 threads
2019-07-22 19:13:01.799 1842 RALLYDEBUG rally_openstack.contexts.keystone.users [-] Creating 6 users using 20 threads
2019-07-22 19:13:04.727 1842 INFO rally.task.context [-] Task 2e2e8045-f729-4a11-a8bf-f2cc3fef7199 | Context users@openstack setup() finished in 4.76 sec
2019-07-22 19:13:05.164 1842 INFO rally.task.context [-] Task 2e2e8045-f729-4a11-a8bf-f2cc3fef7199 | Context api_versions@openstack setup() finished in 0.44 sec
2019-07-22 19:13:06.844 1842 INFO rally.task.context [-] Task 2e2e8045-f729-4a11-a8bf-f2cc3fef7199 | Context quotas@openstack setup() finished in 1.68 sec
2019-07-22 19:13:06.845 1842 INFO rally.task.context [-] Task 2e2e8045-f729-4a11-a8bf-f2cc3fef7199 | Context cleanup@openstack setup() finished in 0.01 msec
2019-07-22 19:13:06.852 1842 RALLYDEBUG rally.task.runner [-] Starting the constant runner (task UUID: 2e2e8045-f729-4a11-a8bf-f2cc3fef7199). timeout: 0 concurrency: 4 concurrency_per_worker: 1 times: 10 concurrency_overhead: 0 processes_to_start: 4 max_cpu_used: 16
2019-07-22 19:13:06.863 2782 RALLYDEBUG rally.task.runner [-] Starting a worker. concurrency: 1 args: {"container_format": "bare", "disk_format": "raw", "do_delete": true, "force": false, "size": 1} times: 10 method_name: run timeout: 0 duration: None cls:
2019-07-22 19:13:06.868 2782 INFO rally.task.runner [-] Task 2e2e8045-f729-4a11-a8bf-f2cc3fef7199 | ITER: 1 START
2019-07-22 19:13:06.869 2784 RALLYDEBUG rally.task.runner [-] Starting a worker. concurrency: 1 args: {"container_format": "bare", "disk_format": "raw", "do_delete": true, "force": false, "size": 1} times: 10 method_name: run timeout: 0 duration: None cls:
2019-07-22 19:13:06.869 2783 RALLYDEBUG rally.task.runner [-] Starting a worker. concurrency: 1 args: {"container_format": "bare", "disk_format": "raw", "do_delete": true, "force": false, "size": 1} times: 10 method_name: run timeout: 0 duration: None cls:
2019-07-22 19:13:06.872 2785 RALLYDEBUG rally.task.runner [-] Starting a worker. concurrency: 1 args: {"container_format": "bare", "disk_format": "raw", "do_delete": true, "force": false, "size": 1} times: 10 method_name: run timeout: 0 duration: None cls:
2019-07-22 19:13:06.874 2784 INFO rally.task.runner [-] Task 2e2e8045-f729-4a11-a8bf-f2cc3fef7199 | ITER: 2 START
2019-07-22 19:13:06.878 2783 INFO rally.task.runner [-] Task 2e2e8045-f729-4a11-a8bf-f2cc3fef7199 | ITER: 3 START
2019-07-22 19:13:06.878 2785 INFO rally.task.runner [-] Task 2e2e8045-f729-4a11-a8bf-f2cc3fef7199 | ITER: 4 START
2019-07-22 19:13:12.514 2782 RALLYDEBUG rally.task.utils [-] Waiting for resource s_rally_91c978c1_xvBHvseF. Status changed: AVAILABLE => UPLOADING in 0.240978956223
2019-07-22 19:13:12.574 2784 RALLYDEBUG rally.task.utils [-] Waiting for resource s_rally_91c978c1_51aO9ZOB. Status changed: AVAILABLE => UPLOADING in 0.0558869838715
2019-07-22 19:13:12.698 2783 RALLYDEBUG rally.task.utils [-] Waiting for resource s_rally_91c978c1_Qn9nRoY3. Status changed: AVAILABLE => UPLOADING in 0.445369958878
2019-07-22 19:13:12.756 2785 RALLYDEBUG rally.task.utils [-] Waiting for resource s_rally_91c978c1_bmMENoLK. Status changed: AVAILABLE => UPLOADING in 0.351885080338
2019-07-22 19:14:02.604 2784 RALLYDEBUG rally.task.utils [-] Waiting for resource s_rally_91c978c1_51aO9ZOB. Status changed: UPLOADING => AVAILABLE in 50.02896595
2019-07-22 19:14:02.950 2785 RALLYDEBUG rally.task.utils [-] Waiting for resource s_rally_91c978c1_bmMENoLK. Status changed: UPLOADING => AVAILABLE in 50.1933188438
2019-07-22 19:14:03.162 2783 RALLYDEBUG rally.task.utils [-] Waiting for resource s_rally_91c978c1_Qn9nRoY3. Status changed: UPLOADING => AVAILABLE in 50.4635090828
2019-07-22 19:14:03.694 2785 RALLYDEBUG rally.task.utils [-] Waiting for resource s_rally_91c978c1_bmMENoLK. Status changed: AVAILABLE => DELETING in 0.0541360378265
2019-07-22 19:14:03.755 2782 RALLYDEBUG rally.task.utils [-] Waiting for resource s_rally_91c978c1_xvBHvseF. Status changed: UPLOADING => AVAILABLE in 51.2400128841
2019-07-22 19:14:04.261 2784 INFO rally.task.runner [-] Task 2e2e8045-f729-4a11-a8bf-f2cc3fef7199 | ITER: 2 END: OK
2019-07-22 19:14:04.268 2784 INFO rally.task.runner [-] Task 2e2e8045-f729-4a11-a8bf-f2cc3fef7199 | ITER: 5 START
2019-07-22 19:14:04.298 2783 RALLYDEBUG rally.task.utils [-] Waiting for resource s_rally_91c978c1_Qn9nRoY3. Status changed: AVAILABLE => DELETING in 0.0607478618622
2019-07-22 19:14:06.518 2782 INFO rally.task.runner [-] Task 2e2e8045-f729-4a11-a8bf-f2cc3fef7199 | ITER: 1 END: OK
2019-07-22 19:14:06.524 2782 INFO rally.task.runner [-] Task 2e2e8045-f729-4a11-a8bf-f2cc3fef7199 | ITER: 6 START
