2019-07-22 18:57:48.206 7 RALLYDEBUG rally.api [-] INFO logs from urllib3 and requests module are hide.
2019-07-22 18:57:48.206 7 RALLYDEBUG rally.api [-] urllib3 insecure warnings are hidden.
2019-07-22 18:57:48.206 7 RALLYDEBUG rally.api [-] ERROR log from boto module is hide.
2019-07-22 18:57:49.450 7 ERROR rally.cli.cliutils [-] Unexpected exception in CLI: DBRecordNotFound: Record for uuid or name is opnfv-rally not found in table envs
2019-07-22 18:57:49.450 7 ERROR rally.cli.cliutils
Traceback (most recent call last):
2019-07-22 18:57:49.450 7 ERROR rally.cli.cliutils
File "/usr/lib/python2.7/site-packages/rally/cli/cliutils.py", line 674, in run
2019-07-22 18:57:49.450 7 ERROR rally.cli.cliutils ret = fn(*fn_args, **fn_kwargs)
2019-07-22 18:57:49.450 7 ERROR rally.cli.cliutils File "", line 2, in destroy
2019-07-22 18:57:49.450 7 ERROR rally.cli.cliutils
File "/usr/lib/python2.7/site-packages/rally/cli/envutils.py", line 69, in default_from_global
2019-07-22 18:57:49.450 7 ERROR rally.cli.cliutils return f(*args, **kwargs)
2019-07-22 18:57:49.450 7 ERROR rally.cli.cliutils File "", line 2, in destroy
2019-07-22 18:57:49.450 7 ERROR rally.cli.cliutils
File "/usr/lib/python2.7/site-packages/rally/plugins/__init__.py", line 51, in ensure_plugins_are_loaded
2019-07-22 18:57:49.450 7 ERROR rally.cli.cliutils return f(*args, **kwargs)
2019-07-22 18:57:49.450 7 ERROR rally.cli.cliutils
File "/usr/lib/python2.7/site-packages/rally/cli/commands/deployment.py", line 140, in destroy
2019-07-22 18:57:49.450 7 ERROR rally.cli.cliutils api.deployment.destroy(deployment=deployment)
2019-07-22 18:57:49.450 7 ERROR rally.cli.cliutils
File "/usr/lib/python2.7/site-packages/rally/api.py", line 115, in destroy
2019-07-22 18:57:49.450 7 ERROR rally.cli.cliutils deploy = objects.Deployment.get(deployment)
2019-07-22 18:57:49.450 7 ERROR rally.cli.cliutils
File "/usr/lib/python2.7/site-packages/rally/common/objects/deploy.py", line 124, in get
2019-07-22 18:57:49.450 7 ERROR rally.cli.cliutils return Deployment(env_mgr.EnvManager.get(deploy))
2019-07-22 18:57:49.450 7 ERROR rally.cli.cliutils
File "/usr/lib/python2.7/site-packages/rally/env/env_mgr.py", line 212, in get
2019-07-22 18:57:49.450 7 ERROR rally.cli.cliutils return cls(db.env_get(uuid_or_name))
2019-07-22 18:57:49.450 7 ERROR rally.cli.cliutils
File "/usr/lib/python2.7/site-packages/rally/common/db/api.py", line 135, in wrapper
2019-07-22 18:57:49.450 7 ERROR rally.cli.cliutils result = f(session, *args, **kwargs)
2019-07-22 18:57:49.450 7 ERROR rally.cli.cliutils
File "/usr/lib/python2.7/site-packages/rally/common/db/api.py", line 521, in env_get
2019-07-22 18:57:49.450 7 ERROR rally.cli.cliutils criteria="uuid or name is %s" % uuid_or_name, table="envs")
2019-07-22 18:57:49.450 7 ERROR rally.cli.cliutils DBRecordNotFound: Record for uuid or name is opnfv-rally not found in table envs
2019-07-22 18:57:49.450 7 ERROR rally.cli.cliutils
2019-07-22 18:57:50.272 9 RALLYDEBUG rally.api [-] INFO logs from urllib3 and requests module are hide.
2019-07-22 18:57:50.272 9 RALLYDEBUG rally.api [-] urllib3 insecure warnings are hidden.
2019-07-22 18:57:50.273 9 RALLYDEBUG rally.api [-] ERROR log from boto module is hide.
2019-07-22 18:57:51.492 9 WARNING rally_openstack.platforms.existing [-] endpoint is deprecated and not used.
2019-07-22 18:57:53.308 11 RALLYDEBUG rally.api [-] INFO logs from urllib3 and requests module are hide.
2019-07-22 18:57:53.308 11 RALLYDEBUG rally.api [-] urllib3 insecure warnings are hidden.
2019-07-22 18:57:53.308 11 RALLYDEBUG rally.api [-] ERROR log from boto module is hide.
2019-07-22 18:57:56.748 14 RALLYDEBUG rally.api [-] INFO logs from urllib3 and requests module are hide.
2019-07-22 18:57:56.748 14 RALLYDEBUG rally.api [-] urllib3 insecure warnings are hidden.
2019-07-22 18:57:56.748 14 RALLYDEBUG rally.api [-] ERROR log from boto module is hide.
2019-07-22 18:57:58.439 16 RALLYDEBUG rally.api [-] INFO logs from urllib3 and requests module are hide.
2019-07-22 18:57:58.440 16 RALLYDEBUG rally.api [-] urllib3 insecure warnings are hidden.
2019-07-22 18:57:58.440 16 RALLYDEBUG rally.api [-] ERROR log from boto module is hide.
2019-07-22 18:57:59.802 16 INFO rally.task.engine [-] Task 0dc6cb0f-372d-457f-930a-1f0619bd7472 | Starting: Task validation.
2019-07-22 18:57:59.844 16 INFO rally.task.engine [-] Task 0dc6cb0f-372d-457f-930a-1f0619bd7472 | Starting: Task validation of syntax.
2019-07-22 18:57:59.927 16 INFO rally.task.engine [-] Task 0dc6cb0f-372d-457f-930a-1f0619bd7472 | Completed: Task validation of syntax.
2019-07-22 18:57:59.927 16 INFO rally.task.engine [-] Task 0dc6cb0f-372d-457f-930a-1f0619bd7472 | Starting: Task validation of required platforms.
2019-07-22 18:57:59.965 16 INFO rally.task.engine [-] Task 0dc6cb0f-372d-457f-930a-1f0619bd7472 | Completed: Task validation of required platforms.
2019-07-22 18:57:59.965 16 INFO rally.task.engine [-] Task 0dc6cb0f-372d-457f-930a-1f0619bd7472 | Starting: Task validation of semantic.
2019-07-22 18:57:59.965 16 INFO rally.task.engine [-] Check health of the environment 'ddc23341-7c09-422d-bd3a-cc3dec81974a'.
2019-07-22 18:58:00.781 16 INFO rally.task.engine [-] Platform existing@openstack (available: True): OK!
2019-07-22 18:58:00.799 16 RALLYDEBUG rally_openstack.contexts.keystone.users [-] Creating 1 tenants using 20 threads
2019-07-22 18:58:02.694 16 RALLYDEBUG rally_openstack.contexts.keystone.users [-] Creating 1 users using 20 threads
2019-07-22 18:58:05.556 16 INFO rally.task.context [-] Task 0dc6cb0f-372d-457f-930a-1f0619bd7472 | Context users@openstack setup() finished in 4.76 sec
2019-07-22 18:58:05.602 16 INFO rally.task.context [-] Task 0dc6cb0f-372d-457f-930a-1f0619bd7472 | Context users@openstack cleanup() started
2019-07-22 18:58:10.574 16 INFO rally.task.context [-] Task 0dc6cb0f-372d-457f-930a-1f0619bd7472 | Context users@openstack cleanup() finished in 4.97 sec
2019-07-22 18:58:10.574 16 INFO rally.task.engine [-] Task 0dc6cb0f-372d-457f-930a-1f0619bd7472 | Completed: Task validation of semantic.
2019-07-22 18:58:10.574 16 INFO rally.task.engine [-] Task 0dc6cb0f-372d-457f-930a-1f0619bd7472 | Completed: Task validation.
2019-07-22 18:58:10.575 16 INFO rally.api [-] Task 0dc6cb0f-372d-457f-930a-1f0619bd7472 input file is valid.
2019-07-22 18:58:10.575 16 INFO rally.api [-] Run Task 0dc6cb0f-372d-457f-930a-1f0619bd7472 against Deployment ddc23341-7c09-422d-bd3a-cc3dec81974a
2019-07-22 18:58:10.575 16 INFO rally.task.engine [-] Task 0dc6cb0f-372d-457f-930a-1f0619bd7472 | Starting: Running task.
2019-07-22 18:58:10.712 16 INFO rally.task.engine [-] Running workload: position = 0 config = { "version": 2, "title": "A cropped version of a bigger task.", "description": "Auto-generated task from a single workload (uuid=b03b27a6-5239-4975-b098-91cf22da9bc7)", "subtasks": [ { "title": "Authenticate.keystone", "description": "Check Keystone Client.", "scenario": { "Authenticate.keystone": {} }, "contexts": { "users": { "tenants": 3, "users_per_tenant": 2 } }, "runner": { "constant": { "concurrency": 4, "times": 10 } }, "hooks": [], "sla": { "failure_rate": { "max": 0 } } } ] }
2019-07-22 18:58:10.731 16 RALLYDEBUG rally_openstack.contexts.keystone.users [-] Creating 3 tenants using 20 threads
2019-07-22 18:58:12.664 16 RALLYDEBUG rally_openstack.contexts.keystone.users [-] Creating 6 users using 20 threads
2019-07-22 18:58:15.508 16 INFO rally.task.context [-] Task 0dc6cb0f-372d-457f-930a-1f0619bd7472 | Context users@openstack setup() finished in 4.78 sec
2019-07-22 18:58:15.515 16 RALLYDEBUG rally.task.runner [-] Starting the constant runner (task UUID: 0dc6cb0f-372d-457f-930a-1f0619bd7472). timeout: 0 concurrency: 4 concurrency_per_worker: 1 times: 10 concurrency_overhead: 0 processes_to_start: 4 max_cpu_used: 16
2019-07-22 18:58:15.526 140 RALLYDEBUG rally.task.runner [-] Starting a worker. concurrency: 1 args: {} times: 10 method_name: run timeout: 0 duration: None cls:
2019-07-22 18:58:15.531 141 RALLYDEBUG rally.task.runner [-] Starting a worker. concurrency: 1 args: {} times: 10 method_name: run timeout: 0 duration: None cls:
2019-07-22 18:58:15.531 140 INFO rally.task.runner [-] Task 0dc6cb0f-372d-457f-930a-1f0619bd7472 | ITER: 1 START
2019-07-22 18:58:15.534 142 RALLYDEBUG rally.task.runner [-] Starting a worker. concurrency: 1 args: {} times: 10 method_name: run timeout: 0 duration: None cls:
2019-07-22 18:58:15.536 141 INFO rally.task.runner [-] Task 0dc6cb0f-372d-457f-930a-1f0619bd7472 | ITER: 2 START
2019-07-22 18:58:15.536 144 RALLYDEBUG rally.task.runner [-] Starting a worker. concurrency: 1 args: {} times: 10 method_name: run timeout: 0 duration: None cls:
2019-07-22 18:58:15.539 142 INFO rally.task.runner [-] Task 0dc6cb0f-372d-457f-930a-1f0619bd7472 | ITER: 3 START
2019-07-22 18:58:15.541 144 INFO rally.task.runner [-] Task 0dc6cb0f-372d-457f-930a-1f0619bd7472 | ITER: 4 START
2019-07-22 18:58:16.124 144 INFO rally.task.runner [-] Task 0dc6cb0f-372d-457f-930a-1f0619bd7472 | ITER: 4 END: OK
2019-07-22 18:58:16.128 144 INFO rally.task.runner [-] Task 0dc6cb0f-372d-457f-930a-1f0619bd7472 | ITER: 5 START
2019-07-22 18:58:16.129 141 INFO rally.task.runner [-] Task 0dc6cb0f-372d-457f-930a-1f0619bd7472 | ITER: 2 END: OK
2019-07-22 18:58:16.132 142 INFO rally.task.runner [-] Task 0dc6cb0f-372d-457f-930a-1f0619bd7472 | ITER: 3 END: OK
2019-07-22 18:58:16.133 141 INFO rally.task.runner [-] Task 0dc6cb0f-372d-457f-930a-1f0619bd7472 | ITER: 6 START
2019-07-22 18:58:16.135 142 INFO rally.task.runner [-] Task 0dc6cb0f-372d-457f-930a-1f0619bd7472 | ITER: 7 START
2019-07-22 18:58:16.142 140 INFO rally.task.runner [-] Task 0dc6cb0f-372d-457f-930a-1f0619bd7472 | ITER: 1 END: OK
2019-07-22 18:58:16.146 140 INFO rally.task.runner [-] Task 0dc6cb0f-372d-457f-930a-1f0619bd7472 | ITER: 8 START
2019-07-22 18:58:16.663 144 INFO rally.task.runner [-] Task 0dc6cb0f-372d-457f-930a-1f0619bd7472 | ITER: 5 END: OK
2019-07-22 18:58:16.666 144 INFO rally.task.runner [-] Task 0dc6cb0f-372d-457f-930a-1f0619bd7472 | ITER: 9 START
2019-07-22 18:58:16.732 141 INFO rally.task.runner [-] Task 0dc6cb0f-372d-457f-930a-1f0619bd7472 | ITER: 6 END: OK
2019-07-22 18:58:16.734 142 INFO rally.task.runner [-] Task 0dc6cb0f-372d-457f-930a-1f0619bd7472 | ITER: 7 END: OK
2019-07-22 18:58:16.736 141 INFO rally.task.runner [-] Task 0dc6cb0f-372d-457f-930a-1f0619bd7472 | ITER: 10 START
2019-07-22 18:58:16.844 140 INFO rally.task.runner [-] Task 0dc6cb0f-372d-457f-930a-1f0619bd7472 | ITER: 8 END: OK
2019-07-22 18:58:17.262 141 INFO rally.task.runner [-] Task 0dc6cb0f-372d-457f-930a-1f0619bd7472 | ITER: 10 END: OK
2019-07-22 18:58:17.290 144 INFO rally.task.runner [-] Task 0dc6cb0f-372d-457f-930a-1f0619bd7472 | ITER: 9 END: OK
2019-07-22 18:58:17.315 16 INFO rally.task.context [-] Task 0dc6cb0f-372d-457f-930a-1f0619bd7472 | Context users@openstack cleanup() started
2019-07-22 18:58:25.095 16 INFO rally.task.context [-] Task 0dc6cb0f-372d-457f-930a-1f0619bd7472 | Context users@openstack cleanup() finished in 7.78 sec
2019-07-22 18:58:26.810 16 INFO rally.task.engine [-] Load duration is: 1.756488
2019-07-22 18:58:26.811 16 INFO rally.task.engine [-] Full runner duration is: 1.801167
2019-07-22 18:58:26.811 16 INFO rally.task.engine [-] Full duration is: 14.365279
2019-07-22 18:58:27.011 16 INFO rally.task.engine [-] Running workload: position = 0 config = { "version": 2, "title": "A cropped version of a bigger task.", "description": "Auto-generated task from a single workload (uuid=3945b132-498a-4685-8eb6-0a7468ca1600)", "subtasks": [ { "title": "Authenticate.validate_cinder", "description": "Check Cinder Client to ensure validation of token.", "scenario": { "Authenticate.validate_cinder": { "repetitions": 2 } }, "contexts": { "users": { "tenants": 3, "users_per_tenant": 2 } }, "runner": { "constant": { "concurrency": 4, "times": 10 } }, "hooks": [], "sla": { "failure_rate": { "max": 0 } } } ] }
2019-07-22 18:58:27.033 16 RALLYDEBUG rally_openstack.contexts.keystone.users [-] Creating 3 tenants using 20 threads
2019-07-22 18:58:29.066 16 RALLYDEBUG rally_openstack.contexts.keystone.users [-] Creating 6 users using 20 threads
2019-07-22 18:58:32.010 16 INFO rally.task.context [-] Task 0dc6cb0f-372d-457f-930a-1f0619bd7472 | Context users@openstack setup() finished in 4.98 sec
2019-07-22 18:58:32.018 16 RALLYDEBUG rally.task.runner [-] Starting the constant runner (task UUID: 0dc6cb0f-372d-457f-930a-1f0619bd7472). timeout: 0 concurrency: 4 concurrency_per_worker: 1 times: 10 concurrency_overhead: 0 processes_to_start: 4 max_cpu_used: 16
2019-07-22 18:58:32.029 244 RALLYDEBUG rally.task.runner [-] Starting a worker. concurrency: 1 args: {"repetitions": 2} times: 10 method_name: run timeout: 0 duration: None cls:
2019-07-22 18:58:32.032 246 RALLYDEBUG rally.task.runner [-] Starting a worker. concurrency: 1 args: {"repetitions": 2} times: 10 method_name: run timeout: 0 duration: None cls:
2019-07-22 18:58:32.032 245 RALLYDEBUG rally.task.runner [-] Starting a worker. concurrency: 1 args: {"repetitions": 2} times: 10 method_name: run timeout: 0 duration: None cls:
2019-07-22 18:58:32.035 244 INFO rally.task.runner [-] Task 0dc6cb0f-372d-457f-930a-1f0619bd7472 | ITER: 1 START
2019-07-22 18:58:32.036 246 INFO rally.task.runner [-] Task 0dc6cb0f-372d-457f-930a-1f0619bd7472 | ITER: 2 START
2019-07-22 18:58:32.038 245 INFO rally.task.runner [-] Task 0dc6cb0f-372d-457f-930a-1f0619bd7472 | ITER: 3 START
2019-07-22 18:58:32.041 247 RALLYDEBUG rally.task.runner [-] Starting a worker. concurrency: 1 args: {"repetitions": 2} times: 10 method_name: run timeout: 0 duration: None cls:
2019-07-22 18:58:32.049 247 INFO rally.task.runner [-] Task 0dc6cb0f-372d-457f-930a-1f0619bd7472 | ITER: 4 START
2019-07-22 18:58:33.924 245 INFO rally.task.runner [-] Task 0dc6cb0f-372d-457f-930a-1f0619bd7472 | ITER: 3 END: OK
2019-07-22 18:58:33.928 245 INFO rally.task.runner [-] Task 0dc6cb0f-372d-457f-930a-1f0619bd7472 | ITER: 5 START
2019-07-22 18:58:33.934 244 INFO rally.task.runner [-] Task 0dc6cb0f-372d-457f-930a-1f0619bd7472 | ITER: 1 END: OK
2019-07-22 18:58:33.939 244 INFO rally.task.runner [-] Task 0dc6cb0f-372d-457f-930a-1f0619bd7472 | ITER: 6 START
2019-07-22 18:58:33.955 246 INFO rally.task.runner [-] Task 0dc6cb0f-372d-457f-930a-1f0619bd7472 | ITER: 2 END: OK
2019-07-22 18:58:33.959 246 INFO rally.task.runner [-] Task 0dc6cb0f-372d-457f-930a-1f0619bd7472 | ITER: 7 START
2019-07-22 18:58:34.022 247 INFO rally.task.runner [-] Task 0dc6cb0f-372d-457f-930a-1f0619bd7472 | ITER: 4 END: OK
2019-07-22 18:58:34.026 247 INFO rally.task.runner [-] Task 0dc6cb0f-372d-457f-930a-1f0619bd7472 | ITER: 8 START
2019-07-22 18:58:35.393 247 INFO rally.task.runner [-] Task 0dc6cb0f-372d-457f-930a-1f0619bd7472 | ITER: 8 END: OK
2019-07-22 18:58:35.397 247 INFO rally.task.runner [-] Task 0dc6cb0f-372d-457f-930a-1f0619bd7472 | ITER: 9 START
2019-07-22 18:58:35.413 246 INFO rally.task.runner [-] Task 0dc6cb0f-372d-457f-930a-1f0619bd7472 | ITER: 7 END: OK
2019-07-22 18:58:35.417 246 INFO rally.task.runner [-] Task 0dc6cb0f-372d-457f-930a-1f0619bd7472 | ITER: 10 START
2019-07-22 18:58:35.729 245 INFO rally.task.runner [-] Task 0dc6cb0f-372d-457f-930a-1f0619bd7472 | ITER: 5 END: OK
2019-07-22 18:58:35.826 244 INFO rally.task.runner [-] Task 0dc6cb0f-372d-457f-930a-1f0619bd7472 | ITER: 6 END: OK
2019-07-22 18:58:36.850 247 INFO rally.task.runner [-] Task 0dc6cb0f-372d-457f-930a-1f0619bd7472 | ITER: 9 END: OK
2019-07-22 18:58:37.106 246 INFO rally.task.runner [-] Task 0dc6cb0f-372d-457f-930a-1f0619bd7472 | ITER: 10 END: OK
2019-07-22 18:58:37.135 16 INFO rally.task.context [-] Task 0dc6cb0f-372d-457f-930a-1f0619bd7472 | Context users@openstack cleanup() started
2019-07-22 18:58:45.053 16 INFO rally.task.context [-] Task 0dc6cb0f-372d-457f-930a-1f0619bd7472 | Context users@openstack cleanup() finished in 7.92 sec
2019-07-22 18:58:45.121 16 INFO rally.task.engine [-] Load duration is: 5.068962
2019-07-22 18:58:45.121 16 INFO rally.task.engine [-] Full runner duration is: 5.117571
2019-07-22 18:58:45.121 16 INFO rally.task.engine [-] Full duration is: 18.021568
2019-07-22 18:58:45.352 16 INFO rally.task.engine [-] Running workload: position = 0 config = { "version": 2, "title": "A cropped version of a bigger task.", "description": "Auto-generated task from a single workload (uuid=df8f0d32-9f01-4cb9-a5ed-f1ac714167fb)", "subtasks": [ { "title": "Authenticate.validate_glance", "description": "Check Glance Client to ensure validation of token.", "scenario": { "Authenticate.validate_glance": { "repetitions": 2 } }, "contexts": { "users": { "tenants": 3, "users_per_tenant": 2 } }, "runner": { "constant": { "concurrency": 4, "times": 10 } }, "hooks": [], "sla": { "failure_rate": { "max": 0 } } } ] }
2019-07-22 18:58:45.373 16 RALLYDEBUG rally_openstack.contexts.keystone.users [-] Creating 3 tenants using 20 threads
2019-07-22 18:58:47.220 16 RALLYDEBUG rally_openstack.contexts.keystone.users [-] Creating 6 users using 20 threads
2019-07-22 18:58:50.097 16 INFO rally.task.context [-] Task 0dc6cb0f-372d-457f-930a-1f0619bd7472 | Context users@openstack setup() finished in 4.72 sec
2019-07-22 18:58:50.104 16 RALLYDEBUG rally.task.runner [-] Starting the constant runner (task UUID: 0dc6cb0f-372d-457f-930a-1f0619bd7472). timeout: 0 concurrency: 4 concurrency_per_worker: 1 times: 10 concurrency_overhead: 0 processes_to_start: 4 max_cpu_used: 16
2019-07-22 18:58:50.115 348 RALLYDEBUG rally.task.runner [-] Starting a worker. concurrency: 1 args: {"repetitions": 2} times: 10 method_name: run timeout: 0 duration: None cls:
2019-07-22 18:58:50.120 348 INFO rally.task.runner [-] Task 0dc6cb0f-372d-457f-930a-1f0619bd7472 | ITER: 1 START
2019-07-22 18:58:50.121 350 RALLYDEBUG rally.task.runner [-] Starting a worker. concurrency: 1 args: {"repetitions": 2} times: 10 method_name: run timeout: 0 duration: None cls:
2019-07-22 18:58:50.121 349 RALLYDEBUG rally.task.runner [-] Starting a worker. concurrency: 1 args: {"repetitions": 2} times: 10 method_name: run timeout: 0 duration: None cls:
2019-07-22 18:58:50.125 350 INFO rally.task.runner [-] Task 0dc6cb0f-372d-457f-930a-1f0619bd7472 | ITER: 2 START
2019-07-22 18:58:50.127 349 INFO rally.task.runner [-] Task 0dc6cb0f-372d-457f-930a-1f0619bd7472 | ITER: 3 START
2019-07-22 18:58:50.127 353 RALLYDEBUG rally.task.runner [-] Starting a worker. concurrency: 1 args: {"repetitions": 2} times: 10 method_name: run timeout: 0 duration: None cls:
2019-07-22 18:58:50.134 353 INFO rally.task.runner [-] Task 0dc6cb0f-372d-457f-930a-1f0619bd7472 | ITER: 4 START
2019-07-22 18:58:51.225 350 INFO rally.task.runner [-] Task 0dc6cb0f-372d-457f-930a-1f0619bd7472 | ITER: 2 END: OK
2019-07-22 18:58:51.230 350 INFO rally.task.runner [-] Task 0dc6cb0f-372d-457f-930a-1f0619bd7472 | ITER: 5 START
2019-07-22 18:58:51.261 353 INFO rally.task.runner [-] Task 0dc6cb0f-372d-457f-930a-1f0619bd7472 | ITER: 4 END: OK
2019-07-22 18:58:51.265 353 INFO rally.task.runner [-] Task 0dc6cb0f-372d-457f-930a-1f0619bd7472 | ITER: 6 START
2019-07-22 18:58:51.479 348 INFO rally.task.runner [-] Task 0dc6cb0f-372d-457f-930a-1f0619bd7472 | ITER: 1 END: OK
2019-07-22 18:58:51.483 348 INFO rally.task.runner [-] Task 0dc6cb0f-372d-457f-930a-1f0619bd7472 | ITER: 7 START
2019-07-22 18:58:51.488 349 INFO rally.task.runner [-] Task 0dc6cb0f-372d-457f-930a-1f0619bd7472 | ITER: 3 END: OK
2019-07-22 18:58:51.493 349 INFO rally.task.runner [-] Task 0dc6cb0f-372d-457f-930a-1f0619bd7472 | ITER: 8 START
2019-07-22 18:58:52.533 353 INFO rally.task.runner [-] Task 0dc6cb0f-372d-457f-930a-1f0619bd7472 | ITER: 6 END: OK
2019-07-22 18:58:52.538 353 INFO rally.task.runner [-] Task 0dc6cb0f-372d-457f-930a-1f0619bd7472 | ITER: 9 START
2019-07-22 18:58:52.559 350 INFO rally.task.runner [-] Task 0dc6cb0f-372d-457f-930a-1f0619bd7472 | ITER: 5 END: OK
2019-07-22 18:58:52.563 350 INFO rally.task.runner [-] Task 0dc6cb0f-372d-457f-930a-1f0619bd7472 | ITER: 10 START
2019-07-22 18:58:52.753 348 INFO rally.task.runner [-] Task 0dc6cb0f-372d-457f-930a-1f0619bd7472 | ITER: 7 END: OK
2019-07-22 18:58:52.855 349 INFO rally.task.runner [-] Task 0dc6cb0f-372d-457f-930a-1f0619bd7472 | ITER: 8 END: OK
2019-07-22 18:58:53.510 350 INFO rally.task.runner [-] Task 0dc6cb0f-372d-457f-930a-1f0619bd7472 | ITER: 10 END: OK
2019-07-22 18:58:53.616 353 INFO rally.task.runner [-] Task 0dc6cb0f-372d-457f-930a-1f0619bd7472 | ITER: 9 END: OK
2019-07-22 18:58:53.643 16 INFO rally.task.context [-] Task 0dc6cb0f-372d-457f-930a-1f0619bd7472 | Context users@openstack cleanup() started
2019-07-22 18:59:01.424 16 INFO rally.task.context [-] Task 0dc6cb0f-372d-457f-930a-1f0619bd7472 | Context users@openstack cleanup() finished in 7.78 sec
2019-07-22 18:59:01.452 16 INFO rally.task.engine [-] Load duration is: 3.494274
2019-07-22 18:59:01.452 16 INFO rally.task.engine [-] Full runner duration is: 3.539247
2019-07-22 18:59:01.452 16 INFO rally.task.engine [-] Full duration is: 16.053372
2019-07-22 18:59:01.689 16 INFO rally.task.engine [-] Running workload: position = 0 config = { "version": 2, "title": "A cropped version of a bigger task.", "description": "Auto-generated task from a single workload (uuid=a2c76e6b-a5ed-4f3b-b9e9-692e89d34321)", "subtasks": [ { "title": "Authenticate.validate_heat", "description": "Check Heat Client to ensure validation of token.", "scenario": { "Authenticate.validate_heat": { "repetitions": 2 } }, "contexts": { "users": { "tenants": 3, "users_per_tenant": 2 } }, "runner": { "constant": { "concurrency": 4, "times": 10 } }, "hooks": [], "sla": { "failure_rate": { "max": 0 } } } ] }
2019-07-22 18:59:01.711 16 RALLYDEBUG rally_openstack.contexts.keystone.users [-] Creating 3 tenants using 20 threads
2019-07-22 18:59:03.695 16 RALLYDEBUG rally_openstack.contexts.keystone.users [-] Creating 6 users using 20 threads
2019-07-22 18:59:06.449 16 INFO rally.task.context [-] Task 0dc6cb0f-372d-457f-930a-1f0619bd7472 | Context users@openstack setup() finished in 4.74 sec
2019-07-22 18:59:06.456 16 RALLYDEBUG rally.task.runner [-] Starting the constant runner (task UUID: 0dc6cb0f-372d-457f-930a-1f0619bd7472). timeout: 0 concurrency: 4 concurrency_per_worker: 1 times: 10 concurrency_overhead: 0 processes_to_start: 4 max_cpu_used: 16
2019-07-22 18:59:06.469 452 RALLYDEBUG rally.task.runner [-] Starting a worker. concurrency: 1 args: {"repetitions": 2} times: 10 method_name: run timeout: 0 duration: None cls:
2019-07-22 18:59:06.472 453 RALLYDEBUG rally.task.runner [-] Starting a worker. concurrency: 1 args: {"repetitions": 2} times: 10 method_name: run timeout: 0 duration: None cls:
2019-07-22 18:59:06.474 454 RALLYDEBUG rally.task.runner [-] Starting a worker. concurrency: 1 args: {"repetitions": 2} times: 10 method_name: run timeout: 0 duration: None cls:
2019-07-22 18:59:06.475 452 INFO rally.task.runner [-] Task 0dc6cb0f-372d-457f-930a-1f0619bd7472 | ITER: 1 START
2019-07-22 18:59:06.476 455 RALLYDEBUG rally.task.runner [-] Starting a worker. concurrency: 1 args: {"repetitions": 2} times: 10 method_name: run timeout: 0 duration: None cls:
2019-07-22 18:59:06.478 453 INFO rally.task.runner [-] Task 0dc6cb0f-372d-457f-930a-1f0619bd7472 | ITER: 2 START
2019-07-22 18:59:06.480 454 INFO rally.task.runner [-] Task 0dc6cb0f-372d-457f-930a-1f0619bd7472 | ITER: 3 START
2019-07-22 18:59:06.482 455 INFO rally.task.runner [-] Task 0dc6cb0f-372d-457f-930a-1f0619bd7472 | ITER: 4 START
2019-07-22 18:59:08.404 455 INFO rally.task.runner [-] Task 0dc6cb0f-372d-457f-930a-1f0619bd7472 | ITER: 4 END: OK
2019-07-22 18:59:08.408 455 INFO rally.task.runner [-] Task 0dc6cb0f-372d-457f-930a-1f0619bd7472 | ITER: 5 START
2019-07-22 18:59:08.421 454 INFO rally.task.runner [-] Task 0dc6cb0f-372d-457f-930a-1f0619bd7472 | ITER: 3 END: OK
2019-07-22 18:59:08.425 454 INFO rally.task.runner [-] Task 0dc6cb0f-372d-457f-930a-1f0619bd7472 | ITER: 6 START
2019-07-22 18:59:08.484 452 INFO rally.task.runner [-] Task 0dc6cb0f-372d-457f-930a-1f0619bd7472 | ITER: 1 END: OK
2019-07-22 18:59:08.489 452 INFO rally.task.runner [-] Task 0dc6cb0f-372d-457f-930a-1f0619bd7472 | ITER: 7 START
2019-07-22 18:59:08.555 453 INFO rally.task.runner [-] Task 0dc6cb0f-372d-457f-930a-1f0619bd7472 | ITER: 2 END: OK
2019-07-22 18:59:08.559 453 INFO rally.task.runner [-] Task 0dc6cb0f-372d-457f-930a-1f0619bd7472 | ITER: 8 START
2019-07-22 18:59:09.495 452 INFO rally.task.runner [-] Task 0dc6cb0f-372d-457f-930a-1f0619bd7472 | ITER: 7 END: OK
2019-07-22 18:59:09.499 452 INFO rally.task.runner [-] Task 0dc6cb0f-372d-457f-930a-1f0619bd7472 | ITER: 9 START
2019-07-22 18:59:10.268 455 INFO rally.task.runner [-] Task 0dc6cb0f-372d-457f-930a-1f0619bd7472 | ITER: 5 END: OK
2019-07-22 18:59:10.272 455 INFO rally.task.runner [-] Task 0dc6cb0f-372d-457f-930a-1f0619bd7472 | ITER: 10 START
2019-07-22 18:59:10.429 454 INFO rally.task.runner [-] Task 0dc6cb0f-372d-457f-930a-1f0619bd7472 | ITER: 6 END: OK
2019-07-22 18:59:10.688 453 INFO rally.task.runner [-] Task 0dc6cb0f-372d-457f-930a-1f0619bd7472 | ITER: 8 END: OK
2019-07-22 18:59:10.882 452 INFO rally.task.runner [-] Task 0dc6cb0f-372d-457f-930a-1f0619bd7472 | ITER: 9 END: OK
2019-07-22 18:59:11.331 455 INFO rally.task.runner [-] Task 0dc6cb0f-372d-457f-930a-1f0619bd7472 | ITER: 10 END: OK
2019-07-22 18:59:11.355 16 INFO rally.task.context [-] Task 0dc6cb0f-372d-457f-930a-1f0619bd7472 | Context users@openstack cleanup() started
2019-07-22 18:59:19.647 16 INFO rally.task.context [-] Task 0dc6cb0f-372d-457f-930a-1f0619bd7472 | Context users@openstack cleanup() finished in 8.29 sec
2019-07-22 18:59:19.841 16 INFO rally.task.engine [-] Load duration is: 4.853793
2019-07-22 18:59:19.841 16 INFO rally.task.engine [-] Full runner duration is: 4.898866
2019-07-22 18:59:19.841 16 INFO rally.task.engine [-] Full duration is: 17.939061
2019-07-22 18:59:20.052 16 INFO rally.task.engine [-] Running workload: position = 0 config = { "version": 2, "title": "A cropped version of a bigger task.", "description": "Auto-generated task from a single workload (uuid=7e16d0c0-35c7-4e1f-b995-5c7eba8e4f75)", "subtasks": [ { "title": "Authenticate.validate_neutron", "description": "Check Neutron Client to ensure validation of token.", "scenario": { "Authenticate.validate_neutron": { "repetitions": 2 } }, "contexts": { "users": { "tenants": 3, "users_per_tenant": 2 } }, "runner": { "constant": { "concurrency": 4, "times": 10 } }, "hooks": [], "sla": { "failure_rate": { "max": 0 } } } ] }
2019-07-22 18:59:20.073 16 RALLYDEBUG rally_openstack.contexts.keystone.users [-] Creating 3 tenants using 20 threads
2019-07-22 18:59:22.083 16 RALLYDEBUG rally_openstack.contexts.keystone.users [-] Creating 6 users using 20 threads
2019-07-22 18:59:25.107 16 INFO rally.task.context [-] Task 0dc6cb0f-372d-457f-930a-1f0619bd7472 | Context users@openstack setup() finished in 5.03 sec
2019-07-22 18:59:25.114 16 RALLYDEBUG rally.task.runner [-] Starting the constant runner (task UUID: 0dc6cb0f-372d-457f-930a-1f0619bd7472). timeout: 0 concurrency: 4 concurrency_per_worker: 1 times: 10 concurrency_overhead: 0 processes_to_start: 4 max_cpu_used: 16
2019-07-22 18:59:25.127 556 RALLYDEBUG rally.task.runner [-] Starting a worker. concurrency: 1 args: {"repetitions": 2} times: 10 method_name: run timeout: 0 duration: None cls:
2019-07-22 18:59:25.128 557 RALLYDEBUG rally.task.runner [-] Starting a worker. concurrency: 1 args: {"repetitions": 2} times: 10 method_name: run timeout: 0 duration: None cls:
2019-07-22 18:59:25.133 557 INFO rally.task.runner [-] Task 0dc6cb0f-372d-457f-930a-1f0619bd7472 | ITER: 2 START
2019-07-22 18:59:25.132 558 RALLYDEBUG rally.task.runner [-] Starting a worker. concurrency: 1 args: {"repetitions": 2} times: 10 method_name: run timeout: 0 duration: None cls:
2019-07-22 18:59:25.134 556 INFO rally.task.runner [-] Task 0dc6cb0f-372d-457f-930a-1f0619bd7472 | ITER: 1 START
2019-07-22 18:59:25.135 559 RALLYDEBUG rally.task.runner [-] Starting a worker. concurrency: 1 args: {"repetitions": 2} times: 10 method_name: run timeout: 0 duration: None cls:
2019-07-22 18:59:25.139 558 INFO rally.task.runner [-] Task 0dc6cb0f-372d-457f-930a-1f0619bd7472 | ITER: 3 START
2019-07-22 18:59:25.141 559 INFO rally.task.runner [-] Task 0dc6cb0f-372d-457f-930a-1f0619bd7472 | ITER: 4 START
2019-07-22 18:59:26.040 558 INFO rally.task.runner [-] Task 0dc6cb0f-372d-457f-930a-1f0619bd7472 | ITER: 3 END: OK
2019-07-22 18:59:26.045 558 INFO rally.task.runner [-] Task 0dc6cb0f-372d-457f-930a-1f0619bd7472 | ITER: 5 START
2019-07-22 18:59:26.054 556 INFO rally.task.runner [-] Task 0dc6cb0f-372d-457f-930a-1f0619bd7472 | ITER: 1 END: OK
2019-07-22 18:59:26.059 556 INFO rally.task.runner [-] Task 0dc6cb0f-372d-457f-930a-1f0619bd7472 | ITER: 6 START
2019-07-22 18:59:26.143 557 INFO rally.task.runner [-] Task 0dc6cb0f-372d-457f-930a-1f0619bd7472 | ITER: 2 END: OK
2019-07-22 18:59:26.148 557 INFO rally.task.runner [-] Task 0dc6cb0f-372d-457f-930a-1f0619bd7472 | ITER: 7 START
2019-07-22 18:59:26.428 559 INFO rally.task.runner [-] Task 0dc6cb0f-372d-457f-930a-1f0619bd7472 | ITER: 4 END: OK
2019-07-22 18:59:26.433 559 INFO rally.task.runner [-] Task 0dc6cb0f-372d-457f-930a-1f0619bd7472 | ITER: 8 START
2019-07-22 18:59:27.289 558 INFO rally.task.runner [-] Task 0dc6cb0f-372d-457f-930a-1f0619bd7472 | ITER: 5 END: OK
2019-07-22 18:59:27.293 558 INFO rally.task.runner [-] Task 0dc6cb0f-372d-457f-930a-1f0619bd7472 | ITER: 9 START
2019-07-22 18:59:27.341 556 INFO rally.task.runner [-] Task 0dc6cb0f-372d-457f-930a-1f0619bd7472 | ITER: 6 END: OK
2019-07-22 18:59:27.346 556 INFO rally.task.runner [-] Task 0dc6cb0f-372d-457f-930a-1f0619bd7472 | ITER: 10 START
2019-07-22 18:59:27.395 559 INFO rally.task.runner [-] Task 0dc6cb0f-372d-457f-930a-1f0619bd7472 | ITER: 8 END: OK
2019-07-22 18:59:27.589 557 INFO rally.task.runner [-] Task 0dc6cb0f-372d-457f-930a-1f0619bd7472 | ITER: 7 END: OK
2019-07-22 18:59:28.211 558 INFO rally.task.runner [-] Task 0dc6cb0f-372d-457f-930a-1f0619bd7472 | ITER: 9 END: OK
2019-07-22 18:59:28.474 556 INFO rally.task.runner [-] Task 0dc6cb0f-372d-457f-930a-1f0619bd7472 | ITER: 10 END: OK
2019-07-22 18:59:28.501 16 INFO rally.task.context [-] Task 0dc6cb0f-372d-457f-930a-1f0619bd7472 | Context users@openstack cleanup() started
2019-07-22 18:59:36.131 16 INFO rally.task.context [-] Task 0dc6cb0f-372d-457f-930a-1f0619bd7472 | Context users@openstack cleanup() finished in 7.63 sec
2019-07-22 18:59:36.206 16 INFO rally.task.engine [-] Load duration is: 3.33948
2019-07-22 18:59:36.206 16 INFO rally.task.engine [-] Full runner duration is: 3.387577
2019-07-22 18:59:36.206 16 INFO rally.task.engine [-] Full duration is: 16.060042
2019-07-22 18:59:36.424 16 INFO rally.task.engine [-] Running workload: position = 0 config = { "version": 2, "title": "A cropped version of a bigger task.", "description": "Auto-generated task from a single workload (uuid=accf41c0-21af-445d-b59c-817ecfe86bc3)", "subtasks": [ { "title": "Authenticate.validate_nova", "description": "Check Nova Client to ensure validation of token.", "scenario": { "Authenticate.validate_nova": { "repetitions": 2 } }, "contexts": { "users": { "tenants": 3, "users_per_tenant": 2 } }, "runner": { "constant": { "concurrency": 4, "times": 10 } }, "hooks": [], "sla": { "failure_rate": { "max": 0 } } } ] }
2019-07-22 18:59:36.447 16 RALLYDEBUG rally_openstack.contexts.keystone.users [-] Creating 3 tenants using 20 threads
2019-07-22 18:59:38.275 16 RALLYDEBUG rally_openstack.contexts.keystone.users [-] Creating 6 users using 20 threads
2019-07-22 18:59:40.955 16 INFO rally.task.context [-] Task 0dc6cb0f-372d-457f-930a-1f0619bd7472 | Context users@openstack setup() finished in 4.51 sec
2019-07-22 18:59:40.963 16 RALLYDEBUG rally.task.runner [-] Starting the constant runner (task UUID: 0dc6cb0f-372d-457f-930a-1f0619bd7472). timeout: 0 concurrency: 4 concurrency_per_worker: 1 times: 10 concurrency_overhead: 0 processes_to_start: 4 max_cpu_used: 16
2019-07-22 18:59:40.976 660 RALLYDEBUG rally.task.runner [-] Starting a worker. concurrency: 1 args: {"repetitions": 2} times: 10 method_name: run timeout: 0 duration: None cls:
2019-07-22 18:59:40.978 661 RALLYDEBUG rally.task.runner [-] Starting a worker. concurrency: 1 args: {"repetitions": 2} times: 10 method_name: run timeout: 0 duration: None cls:
2019-07-22 18:59:40.981 662 RALLYDEBUG rally.task.runner [-] Starting a worker. concurrency: 1 args: {"repetitions": 2} times: 10 method_name: run timeout: 0 duration: None cls:
2019-07-22 18:59:40.982 660 INFO rally.task.runner [-] Task 0dc6cb0f-372d-457f-930a-1f0619bd7472 | ITER: 1 START
2019-07-22 18:59:40.984 661 INFO rally.task.runner [-] Task 0dc6cb0f-372d-457f-930a-1f0619bd7472 | ITER: 2 START
2019-07-22 18:59:40.983 663 RALLYDEBUG rally.task.runner [-] Starting a worker. concurrency: 1 args: {"repetitions": 2} times: 10 method_name: run timeout: 0 duration: None cls:
2019-07-22 18:59:40.987 662 INFO rally.task.runner [-] Task 0dc6cb0f-372d-457f-930a-1f0619bd7472 | ITER: 3 START
2019-07-22 18:59:40.990 663 INFO rally.task.runner [-] Task 0dc6cb0f-372d-457f-930a-1f0619bd7472 | ITER: 4 START
2019-07-22 18:59:41.475 661 DEBUG novaclient.v2.client [-] REQ: curl -g -i -X GET http://172.30.9.22:8774/v2.1/flavors/detail -H "Accept: application/json" -H "User-Agent: python-novaclient" -H "X-Auth-Token: {SHA1}3a99043f605741ba4bdf5c35e0f1ea070fc53ade" _http_log_request /usr/lib/python2.7/site-packages/keystoneauth1/session.py:448
2019-07-22 18:59:41.477 660 DEBUG novaclient.v2.client [-] REQ: curl -g -i -X GET http://172.30.9.22:8774/v2.1/flavors/detail -H "Accept: application/json" -H "User-Agent: python-novaclient" -H "X-Auth-Token: {SHA1}6ebdeca19e3ed300e55da88d98c90c4fcb28bebb" _http_log_request /usr/lib/python2.7/site-packages/keystoneauth1/session.py:448
2019-07-22 18:59:41.481 662 DEBUG novaclient.v2.client [-] REQ: curl -g -i -X GET http://172.30.9.22:8774/v2.1/flavors/detail -H "Accept: application/json" -H "User-Agent: python-novaclient" -H "X-Auth-Token: {SHA1}1b3a45055fc10752212d3d3b7a55a59d8bd9255d" _http_log_request /usr/lib/python2.7/site-packages/keystoneauth1/session.py:448
2019-07-22 18:59:41.490 663 DEBUG novaclient.v2.client [-] REQ: curl -g -i -X GET http://172.30.9.22:8774/v2.1/flavors/detail -H "Accept: application/json" -H "User-Agent: python-novaclient" -H "X-Auth-Token: {SHA1}2fe92f1613c766eecebdc07e731879589d07925e" _http_log_request /usr/lib/python2.7/site-packages/keystoneauth1/session.py:448
2019-07-22 18:59:41.773 661 DEBUG novaclient.v2.client [-] RESP: [200] Content-Encoding: gzip Content-Length: 362 Content-Type: application/json Date: Mon, 22 Jul 2019 18:59:41 GMT OpenStack-API-Version: compute 2.1 Server: Apache Vary: OpenStack-API-Version,X-OpenStack-Nova-API-Version,Accept-Encoding X-OpenStack-Nova-API-Version: 2.1 x-compute-request-id: req-85bdae52-4edf-4433-9116-48cbd9180553 x-openstack-request-id: req-85bdae52-4edf-4433-9116-48cbd9180553 _http_log_response /usr/lib/python2.7/site-packages/keystoneauth1/session.py:479
2019-07-22 18:59:41.774 661 DEBUG novaclient.v2.client [-] RESP BODY: {"flavors": [{"name": "rally_full-flavor_4c94690f-c8b1-4a5c-ac77-70643659e122", "links": [{"href": "http://172.30.9.22:8774/v2.1/flavors/103d1282-86d8-4193-afc9-e3f6d8469768", "rel": "self"}, {"href": "http://172.30.9.22:8774/flavors/103d1282-86d8-4193-afc9-e3f6d8469768", "rel": "bookmark"}], "ram": 512, "OS-FLV-DISABLED:disabled": false, "vcpus": 1, "swap": "", "os-flavor-access:is_public": true, "rxtx_factor": 1.0, "OS-FLV-EXT-DATA:ephemeral": 0, "disk": 1, "id": "103d1282-86d8-4193-afc9-e3f6d8469768"}, {"name": "rally_full-flavor_alt_4c94690f-c8b1-4a5c-ac77-70643659e122", "links": [{"href": "http://172.30.9.22:8774/v2.1/flavors/b3697e1b-a6e3-4c32-a860-a82e4eef1a28", "rel": "self"}, {"href": "http://172.30.9.22:8774/flavors/b3697e1b-a6e3-4c32-a860-a82e4eef1a28", "rel": "bookmark"}], "ram": 1024, "OS-FLV-DISABLED:disabled": false, "vcpus": 1, "swap": "", "os-flavor-access:is_public": true, "rxtx_factor": 1.0, "OS-FLV-EXT-DATA:ephemeral": 0, "disk": 1, "id": "b3697e1b-a6e3-4c32-a860-a82e4eef1a28"}]} _http_log_response /usr/lib/python2.7/site-packages/keystoneauth1/session.py:511
2019-07-22 18:59:41.774 661 DEBUG novaclient.v2.client [-] GET call to compute for http://172.30.9.22:8774/v2.1/flavors/detail used request id req-85bdae52-4edf-4433-9116-48cbd9180553 request /usr/lib/python2.7/site-packages/keystoneauth1/session.py:844
2019-07-22 18:59:41.776 661 DEBUG novaclient.v2.client [-] REQ: curl -g -i -X GET http://172.30.9.22:8774/v2.1/flavors/detail -H "Accept: application/json" -H "User-Agent: python-novaclient" -H "X-Auth-Token: {SHA1}3a99043f605741ba4bdf5c35e0f1ea070fc53ade" _http_log_request /usr/lib/python2.7/site-packages/keystoneauth1/session.py:448
2019-07-22 18:59:41.786 663 DEBUG novaclient.v2.client [-] RESP: [200] Content-Encoding: gzip Content-Length: 362 Content-Type: application/json Date: Mon, 22 Jul 2019 18:59:41 GMT OpenStack-API-Version: compute 2.1 Server: Apache Vary: OpenStack-API-Version,X-OpenStack-Nova-API-Version,Accept-Encoding X-OpenStack-Nova-API-Version: 2.1 x-compute-request-id: req-bccf719e-8824-42c2-ab0d-8841cc4d7201 x-openstack-request-id: req-bccf719e-8824-42c2-ab0d-8841cc4d7201 _http_log_response /usr/lib/python2.7/site-packages/keystoneauth1/session.py:479
2019-07-22 18:59:41.787 663 DEBUG novaclient.v2.client [-] RESP BODY: {"flavors": [{"name": "rally_full-flavor_4c94690f-c8b1-4a5c-ac77-70643659e122", "links": [{"href": "http://172.30.9.22:8774/v2.1/flavors/103d1282-86d8-4193-afc9-e3f6d8469768", "rel": "self"}, {"href": "http://172.30.9.22:8774/flavors/103d1282-86d8-4193-afc9-e3f6d8469768", "rel": "bookmark"}], "ram": 512, "OS-FLV-DISABLED:disabled": false, "vcpus": 1, "swap": "", "os-flavor-access:is_public": true, "rxtx_factor": 1.0, "OS-FLV-EXT-DATA:ephemeral": 0, "disk": 1, "id": "103d1282-86d8-4193-afc9-e3f6d8469768"}, {"name": "rally_full-flavor_alt_4c94690f-c8b1-4a5c-ac77-70643659e122", "links": [{"href": "http://172.30.9.22:8774/v2.1/flavors/b3697e1b-a6e3-4c32-a860-a82e4eef1a28", "rel": "self"}, {"href": "http://172.30.9.22:8774/flavors/b3697e1b-a6e3-4c32-a860-a82e4eef1a28", "rel": "bookmark"}], "ram": 1024, "OS-FLV-DISABLED:disabled": false, "vcpus": 1, "swap": "", "os-flavor-access:is_public": true, "rxtx_factor": 1.0, "OS-FLV-EXT-DATA:ephemeral": 0, "disk": 1, "id": "b3697e1b-a6e3-4c32-a860-a82e4eef1a28"}]} _http_log_response /usr/lib/python2.7/site-packages/keystoneauth1/session.py:511
2019-07-22 18:59:41.787 662 DEBUG novaclient.v2.client [-] RESP: [200] Content-Encoding: gzip Content-Length: 362 Content-Type: application/json Date: Mon, 22 Jul 2019 18:59:41 GMT OpenStack-API-Version: compute 2.1 Server: Apache Vary: OpenStack-API-Version,X-OpenStack-Nova-API-Version,Accept-Encoding X-OpenStack-Nova-API-Version: 2.1 x-compute-request-id: req-bc344545-683d-4c48-a1ea-c62da7598dad x-openstack-request-id: req-bc344545-683d-4c48-a1ea-c62da7598dad _http_log_response /usr/lib/python2.7/site-packages/keystoneauth1/session.py:479
2019-07-22 18:59:41.787 663 DEBUG novaclient.v2.client [-] GET call to compute for http://172.30.9.22:8774/v2.1/flavors/detail used request id req-bccf719e-8824-42c2-ab0d-8841cc4d7201 request /usr/lib/python2.7/site-packages/keystoneauth1/session.py:844
2019-07-22 18:59:41.788 662 DEBUG novaclient.v2.client [-] RESP BODY: {"flavors": [{"name": "rally_full-flavor_4c94690f-c8b1-4a5c-ac77-70643659e122", "links": [{"href": "http://172.30.9.22:8774/v2.1/flavors/103d1282-86d8-4193-afc9-e3f6d8469768", "rel": "self"}, {"href": "http://172.30.9.22:8774/flavors/103d1282-86d8-4193-afc9-e3f6d8469768", "rel": "bookmark"}], "ram": 512, "OS-FLV-DISABLED:disabled": false, "vcpus": 1, "swap": "", "os-flavor-access:is_public": true, "rxtx_factor": 1.0, "OS-FLV-EXT-DATA:ephemeral": 0, "disk": 1, "id": "103d1282-86d8-4193-afc9-e3f6d8469768"}, {"name": "rally_full-flavor_alt_4c94690f-c8b1-4a5c-ac77-70643659e122", "links": [{"href": "http://172.30.9.22:8774/v2.1/flavors/b3697e1b-a6e3-4c32-a860-a82e4eef1a28", "rel": "self"}, {"href": "http://172.30.9.22:8774/flavors/b3697e1b-a6e3-4c32-a860-a82e4eef1a28", "rel": "bookmark"}], "ram": 1024, "OS-FLV-DISABLED:disabled": false, "vcpus": 1, "swap": "", "os-flavor-access:is_public": true, "rxtx_factor": 1.0, "OS-FLV-EXT-DATA:ephemeral": 0, "disk": 1, "id": "b3697e1b-a6e3-4c32-a860-a82e4eef1a28"}]} _http_log_response /usr/lib/python2.7/site-packages/keystoneauth1/session.py:511
2019-07-22 18:59:41.788 662 DEBUG novaclient.v2.client [-] GET call to compute for http://172.30.9.22:8774/v2.1/flavors/detail used request id req-bc344545-683d-4c48-a1ea-c62da7598dad request /usr/lib/python2.7/site-packages/keystoneauth1/session.py:844
2019-07-22 18:59:41.789 663 DEBUG novaclient.v2.client [-] REQ: curl -g -i -X GET http://172.30.9.22:8774/v2.1/flavors/detail -H "Accept: application/json" -H "User-Agent: python-novaclient" -H "X-Auth-Token: {SHA1}2fe92f1613c766eecebdc07e731879589d07925e" _http_log_request /usr/lib/python2.7/site-packages/keystoneauth1/session.py:448
2019-07-22 18:59:41.790 662 DEBUG novaclient.v2.client [-] REQ: curl -g -i -X GET http://172.30.9.22:8774/v2.1/flavors/detail -H "Accept: application/json" -H "User-Agent: python-novaclient" -H "X-Auth-Token: {SHA1}1b3a45055fc10752212d3d3b7a55a59d8bd9255d" _http_log_request /usr/lib/python2.7/site-packages/keystoneauth1/session.py:448
2019-07-22 18:59:41.797 661 DEBUG novaclient.v2.client [-] RESP: [200] Content-Encoding: gzip Content-Length: 362 Content-Type: application/json Date: Mon, 22 Jul 2019 18:59:41 GMT OpenStack-API-Version: compute 2.1 Server: Apache Vary: OpenStack-API-Version,X-OpenStack-Nova-API-Version,Accept-Encoding X-OpenStack-Nova-API-Version: 2.1 x-compute-request-id: req-ca265582-c0f0-4b92-a574-f9c3c727d405 x-openstack-request-id: req-ca265582-c0f0-4b92-a574-f9c3c727d405 _http_log_response /usr/lib/python2.7/site-packages/keystoneauth1/session.py:479
2019-07-22 18:59:41.798 661 DEBUG novaclient.v2.client [-] RESP BODY: {"flavors": [{"name": "rally_full-flavor_4c94690f-c8b1-4a5c-ac77-70643659e122", "links": [{"href": "http://172.30.9.22:8774/v2.1/flavors/103d1282-86d8-4193-afc9-e3f6d8469768", "rel": "self"}, {"href": "http://172.30.9.22:8774/flavors/103d1282-86d8-4193-afc9-e3f6d8469768", "rel": "bookmark"}], "ram": 512, "OS-FLV-DISABLED:disabled": false, "vcpus": 1, "swap": "", "os-flavor-access:is_public": true, "rxtx_factor": 1.0, "OS-FLV-EXT-DATA:ephemeral": 0, "disk": 1, "id": "103d1282-86d8-4193-afc9-e3f6d8469768"}, {"name": "rally_full-flavor_alt_4c94690f-c8b1-4a5c-ac77-70643659e122", "links": [{"href": "http://172.30.9.22:8774/v2.1/flavors/b3697e1b-a6e3-4c32-a860-a82e4eef1a28", "rel": "self"}, {"href": "http://172.30.9.22:8774/flavors/b3697e1b-a6e3-4c32-a860-a82e4eef1a28", "rel": "bookmark"}], "ram": 1024, "OS-FLV-DISABLED:disabled": false, "vcpus": 1, "swap": "", "os-flavor-access:is_public": true, "rxtx_factor": 1.0, "OS-FLV-EXT-DATA:ephemeral": 0, "disk": 1, "id": "b3697e1b-a6e3-4c32-a860-a82e4eef1a28"}]} _http_log_response /usr/lib/python2.7/site-packages/keystoneauth1/session.py:511
2019-07-22 18:59:41.798 661 DEBUG novaclient.v2.client [-] GET call to compute for http://172.30.9.22:8774/v2.1/flavors/detail used request id req-ca265582-c0f0-4b92-a574-f9c3c727d405 request /usr/lib/python2.7/site-packages/keystoneauth1/session.py:844
2019-07-22 18:59:41.799 661 INFO rally.task.runner [-] Task 0dc6cb0f-372d-457f-930a-1f0619bd7472 | ITER: 2 END: OK
2019-07-22 18:59:41.802 661 INFO rally.task.runner [-] Task 0dc6cb0f-372d-457f-930a-1f0619bd7472 | ITER: 5 START
2019-07-22 18:59:41.809 663 DEBUG novaclient.v2.client [-] RESP: [200] Content-Encoding: gzip Content-Length: 362 Content-Type: application/json Date: Mon, 22 Jul 2019 18:59:41 GMT OpenStack-API-Version: compute 2.1 Server: Apache Vary: OpenStack-API-Version,X-OpenStack-Nova-API-Version,Accept-Encoding X-OpenStack-Nova-API-Version: 2.1 x-compute-request-id: req-ff5d9675-b10b-4c77-8269-9a486e466e45 x-openstack-request-id: req-ff5d9675-b10b-4c77-8269-9a486e466e45 _http_log_response /usr/lib/python2.7/site-packages/keystoneauth1/session.py:479
2019-07-22 18:59:41.810 663 DEBUG novaclient.v2.client [-] RESP BODY: {"flavors": [{"name": "rally_full-flavor_4c94690f-c8b1-4a5c-ac77-70643659e122", "links": [{"href": "http://172.30.9.22:8774/v2.1/flavors/103d1282-86d8-4193-afc9-e3f6d8469768", "rel": "self"}, {"href": "http://172.30.9.22:8774/flavors/103d1282-86d8-4193-afc9-e3f6d8469768", "rel": "bookmark"}], "ram": 512, "OS-FLV-DISABLED:disabled": false, "vcpus": 1, "swap": "", "os-flavor-access:is_public": true, "rxtx_factor": 1.0, "OS-FLV-EXT-DATA:ephemeral": 0, "disk": 1, "id": "103d1282-86d8-4193-afc9-e3f6d8469768"}, {"name": "rally_full-flavor_alt_4c94690f-c8b1-4a5c-ac77-70643659e122", "links": [{"href": "http://172.30.9.22:8774/v2.1/flavors/b3697e1b-a6e3-4c32-a860-a82e4eef1a28", "rel": "self"}, {"href": "http://172.30.9.22:8774/flavors/b3697e1b-a6e3-4c32-a860-a82e4eef1a28", "rel": "bookmark"}], "ram": 1024, "OS-FLV-DISABLED:disabled": false, "vcpus": 1, "swap": "", "os-flavor-access:is_public": true, "rxtx_factor": 1.0, "OS-FLV-EXT-DATA:ephemeral": 0, "disk": 1, "id": "b3697e1b-a6e3-4c32-a860-a82e4eef1a28"}]} _http_log_response /usr/lib/python2.7/site-packages/keystoneauth1/session.py:511
2019-07-22 18:59:41.810 663 DEBUG novaclient.v2.client [-] GET call to compute for http://172.30.9.22:8774/v2.1/flavors/detail used request id req-ff5d9675-b10b-4c77-8269-9a486e466e45 request /usr/lib/python2.7/site-packages/keystoneauth1/session.py:844
2019-07-22 18:59:41.811 663 INFO rally.task.runner [-] Task 0dc6cb0f-372d-457f-930a-1f0619bd7472 | ITER: 4 END: OK
2019-07-22 18:59:41.815 663 INFO rally.task.runner [-] Task 0dc6cb0f-372d-457f-930a-1f0619bd7472 | ITER: 6 START
2019-07-22 18:59:41.815 662 DEBUG novaclient.v2.client [-] RESP: [200] Content-Encoding: gzip Content-Length: 362 Content-Type: application/json Date: Mon, 22 Jul 2019 18:59:41 GMT OpenStack-API-Version: compute 2.1 Server: Apache Vary: OpenStack-API-Version,X-OpenStack-Nova-API-Version,Accept-Encoding X-OpenStack-Nova-API-Version: 2.1 x-compute-request-id: req-3546f2f0-8de3-46bc-8155-fddc3bc3dc9f x-openstack-request-id: req-3546f2f0-8de3-46bc-8155-fddc3bc3dc9f _http_log_response /usr/lib/python2.7/site-packages/keystoneauth1/session.py:479
2019-07-22 18:59:41.816 662 DEBUG novaclient.v2.client [-] RESP BODY: {"flavors": [{"name": "rally_full-flavor_4c94690f-c8b1-4a5c-ac77-70643659e122", "links": [{"href": "http://172.30.9.22:8774/v2.1/flavors/103d1282-86d8-4193-afc9-e3f6d8469768", "rel": "self"}, {"href": "http://172.30.9.22:8774/flavors/103d1282-86d8-4193-afc9-e3f6d8469768", "rel": "bookmark"}], "ram": 512, "OS-FLV-DISABLED:disabled": false, "vcpus": 1, "swap": "", "os-flavor-access:is_public": true, "rxtx_factor": 1.0, "OS-FLV-EXT-DATA:ephemeral": 0, "disk": 1, "id": "103d1282-86d8-4193-afc9-e3f6d8469768"}, {"name": "rally_full-flavor_alt_4c94690f-c8b1-4a5c-ac77-70643659e122", "links": [{"href": "http://172.30.9.22:8774/v2.1/flavors/b3697e1b-a6e3-4c32-a860-a82e4eef1a28", "rel": "self"}, {"href": "http://172.30.9.22:8774/flavors/b3697e1b-a6e3-4c32-a860-a82e4eef1a28", "rel": "bookmark"}], "ram": 1024, "OS-FLV-DISABLED:disabled": false, "vcpus": 1, "swap": "", "os-flavor-access:is_public": true, "rxtx_factor": 1.0, "OS-FLV-EXT-DATA:ephemeral": 0, "disk": 1, "id": "b3697e1b-a6e3-4c32-a860-a82e4eef1a28"}]} _http_log_response /usr/lib/python2.7/site-packages/keystoneauth1/session.py:511
2019-07-22 18:59:41.816 662 DEBUG novaclient.v2.client [-] GET call to compute for http://172.30.9.22:8774/v2.1/flavors/detail used request id req-3546f2f0-8de3-46bc-8155-fddc3bc3dc9f request /usr/lib/python2.7/site-packages/keystoneauth1/session.py:844
2019-07-22 18:59:41.817 662 INFO rally.task.runner [-] Task 0dc6cb0f-372d-457f-930a-1f0619bd7472 | ITER: 3 END: OK
2019-07-22 18:59:41.821 662 INFO rally.task.runner [-] Task 0dc6cb0f-372d-457f-930a-1f0619bd7472 | ITER: 7 START
2019-07-22 18:59:41.861 660 DEBUG novaclient.v2.client [-] RESP: [200] Content-Encoding: gzip Content-Length: 362 Content-Type: application/json Date: Mon, 22 Jul 2019 18:59:41 GMT OpenStack-API-Version: compute 2.1 Server: Apache Vary: OpenStack-API-Version,X-OpenStack-Nova-API-Version,Accept-Encoding X-OpenStack-Nova-API-Version: 2.1 x-compute-request-id: req-21aeaea8-7db1-42d8-b888-b3d91f6670ed x-openstack-request-id: req-21aeaea8-7db1-42d8-b888-b3d91f6670ed _http_log_response /usr/lib/python2.7/site-packages/keystoneauth1/session.py:479
2019-07-22 18:59:41.861 660 DEBUG novaclient.v2.client [-] RESP BODY: {"flavors": [{"name": "rally_full-flavor_4c94690f-c8b1-4a5c-ac77-70643659e122", "links": [{"href": "http://172.30.9.22:8774/v2.1/flavors/103d1282-86d8-4193-afc9-e3f6d8469768", "rel": "self"}, {"href": "http://172.30.9.22:8774/flavors/103d1282-86d8-4193-afc9-e3f6d8469768", "rel": "bookmark"}], "ram": 512, "OS-FLV-DISABLED:disabled": false, "vcpus": 1, "swap": "", "os-flavor-access:is_public": true, "rxtx_factor": 1.0, "OS-FLV-EXT-DATA:ephemeral": 0, "disk": 1, "id": "103d1282-86d8-4193-afc9-e3f6d8469768"}, {"name": "rally_full-flavor_alt_4c94690f-c8b1-4a5c-ac77-70643659e122", "links": [{"href": "http://172.30.9.22:8774/v2.1/flavors/b3697e1b-a6e3-4c32-a860-a82e4eef1a28", "rel": "self"}, {"href": "http://172.30.9.22:8774/flavors/b3697e1b-a6e3-4c32-a860-a82e4eef1a28", "rel": "bookmark"}], "ram": 1024, "OS-FLV-DISABLED:disabled": false, "vcpus": 1, "swap": "", "os-flavor-access:is_public": true, "rxtx_factor": 1.0, "OS-FLV-EXT-DATA:ephemeral": 0, "disk": 1, "id": "b3697e1b-a6e3-4c32-a860-a82e4eef1a28"}]} _http_log_response /usr/lib/python2.7/site-packages/keystoneauth1/session.py:511
2019-07-22 18:59:41.862 660 DEBUG novaclient.v2.client [-] GET call to compute for http://172.30.9.22:8774/v2.1/flavors/detail used request id req-21aeaea8-7db1-42d8-b888-b3d91f6670ed request /usr/lib/python2.7/site-packages/keystoneauth1/session.py:844
