2019-07-22 19:20:52.725 1842 DEBUG novaclient.v2.client [-] RESP: [200] Content-Length: 16 Content-Type: application/json Date: Mon, 22 Jul 2019 19:20:52 GMT OpenStack-API-Version: compute 2.1 Server: Apache Vary: OpenStack-API-Version,X-OpenStack-Nova-API-Version X-OpenStack-Nova-API-Version: 2.1 x-compute-request-id: req-81b864a7-7260-47d5-8991-851c35a75e1c x-openstack-request-id: req-81b864a7-7260-47d5-8991-851c35a75e1c _http_log_response /usr/lib/python2.7/site-packages/keystoneauth1/session.py:479
2019-07-22 19:20:52.726 1842 DEBUG novaclient.v2.client [-] RESP BODY: {"keypairs": []} _http_log_response /usr/lib/python2.7/site-packages/keystoneauth1/session.py:511
2019-07-22 19:20:52.726 1842 DEBUG novaclient.v2.client [-] GET call to compute for http://172.30.9.22:8774/v2.1/os-keypairs used request id req-81b864a7-7260-47d5-8991-851c35a75e1c request /usr/lib/python2.7/site-packages/keystoneauth1/session.py:844
2019-07-22 19:20:53.144 1842 DEBUG novaclient.v2.client [-] REQ: curl -g -i -X GET http://172.30.9.22:8774/v2.1/os-keypairs -H "Accept: application/json" -H "User-Agent: python-novaclient" -H "X-Auth-Token: {SHA1}388c37c5d88215cec520110ec697d4d580a0fd7f" _http_log_request /usr/lib/python2.7/site-packages/keystoneauth1/session.py:448
2019-07-22 19:20:53.426 1842 DEBUG novaclient.v2.client [-] RESP: [200] Content-Length: 16 Content-Type: application/json Date: Mon, 22 Jul 2019 19:20:53 GMT OpenStack-API-Version: compute 2.1 Server: Apache Vary: OpenStack-API-Version,X-OpenStack-Nova-API-Version X-OpenStack-Nova-API-Version: 2.1 x-compute-request-id: req-2937c313-561d-4e8d-bbdf-2ec321e24a29 x-openstack-request-id: req-2937c313-561d-4e8d-bbdf-2ec321e24a29 _http_log_response /usr/lib/python2.7/site-packages/keystoneauth1/session.py:479
2019-07-22 19:20:53.426 1842 DEBUG novaclient.v2.client [-] RESP BODY: {"keypairs": []} _http_log_response /usr/lib/python2.7/site-packages/keystoneauth1/session.py:511
2019-07-22 19:20:53.427 1842 DEBUG novaclient.v2.client [-] GET call to compute for http://172.30.9.22:8774/v2.1/os-keypairs used request id req-2937c313-561d-4e8d-bbdf-2ec321e24a29 request /usr/lib/python2.7/site-packages/keystoneauth1/session.py:844
2019-07-22 19:20:53.867 1842 DEBUG novaclient.v2.client [-] REQ: curl -g -i -X GET http://172.30.9.22:8774/v2.1/os-keypairs -H "Accept: application/json" -H "User-Agent: python-novaclient" -H "X-Auth-Token: {SHA1}d451dee5766750df5e4014b233d1993d18ca27ac" _http_log_request /usr/lib/python2.7/site-packages/keystoneauth1/session.py:448
2019-07-22 19:20:54.383 1842 DEBUG novaclient.v2.client [-] RESP: [200] Content-Length: 16 Content-Type: application/json Date: Mon, 22 Jul 2019 19:20:53 GMT OpenStack-API-Version: compute 2.1 Server: Apache Vary: OpenStack-API-Version,X-OpenStack-Nova-API-Version X-OpenStack-Nova-API-Version: 2.1 x-compute-request-id: req-b076b5b9-98a3-4fac-9a2b-f167ac6c3bff x-openstack-request-id: req-b076b5b9-98a3-4fac-9a2b-f167ac6c3bff _http_log_response /usr/lib/python2.7/site-packages/keystoneauth1/session.py:479
2019-07-22 19:20:54.383 1842 DEBUG novaclient.v2.client [-] RESP BODY: {"keypairs": []} _http_log_response /usr/lib/python2.7/site-packages/keystoneauth1/session.py:511
2019-07-22 19:20:54.383 1842 DEBUG novaclient.v2.client [-] GET call to compute for http://172.30.9.22:8774/v2.1/os-keypairs used request id req-b076b5b9-98a3-4fac-9a2b-f167ac6c3bff request /usr/lib/python2.7/site-packages/keystoneauth1/session.py:844
2019-07-22 19:20:54.390 1842 RALLYDEBUG rally_openstack.cleanup.manager [-] Cleaning up cinder backups objects
2019-07-22 19:20:56.540 1842 RALLYDEBUG rally_openstack.cleanup.manager [-] Cleaning up cinder volume_snapshots objects
2019-07-22 19:20:58.661 1842 RALLYDEBUG rally_openstack.cleanup.manager [-] Cleaning up cinder transfers objects
2019-07-22 19:21:00.846 1842 RALLYDEBUG rally_openstack.cleanup.manager [-] Cleaning up cinder volumes objects
2019-07-22 19:21:03.257 1842 INFO rally.task.context [-] Task 2e2e8045-f729-4a11-a8bf-f2cc3fef7199 | Context cleanup@openstack cleanup() finished in 18.32 sec
2019-07-22 19:21:03.257 1842 INFO rally.task.context [-] Task 2e2e8045-f729-4a11-a8bf-f2cc3fef7199 | Context quotas@openstack cleanup() started
2019-07-22 19:21:04.248 1842 INFO rally.task.context [-] Task 2e2e8045-f729-4a11-a8bf-f2cc3fef7199 | Context quotas@openstack cleanup() finished in 0.99 sec
2019-07-22 19:21:04.249 1842 INFO rally.task.context [-] Task 2e2e8045-f729-4a11-a8bf-f2cc3fef7199 | Context api_versions@openstack cleanup() started
2019-07-22 19:21:04.249 1842 INFO rally.task.context [-] Task 2e2e8045-f729-4a11-a8bf-f2cc3fef7199 | Context api_versions@openstack cleanup() finished in 0.33 msec
2019-07-22 19:21:04.249 1842 INFO rally.task.context [-] Task 2e2e8045-f729-4a11-a8bf-f2cc3fef7199 | Context users@openstack cleanup() started
2019-07-22 19:21:11.867 1842 INFO rally.task.context [-] Task 2e2e8045-f729-4a11-a8bf-f2cc3fef7199 | Context users@openstack cleanup() finished in 7.62 sec
2019-07-22 19:21:12.270 1842 INFO rally.task.engine [-] Load duration is: 117.524288
2019-07-22 19:21:12.270 1842 INFO rally.task.engine [-] Full runner duration is: 118.578671
2019-07-22 19:21:12.271 1842 INFO rally.task.engine [-] Full duration is: 154.176535
2019-07-22 19:21:12.528 1842 INFO rally.task.engine [-] Running workload: position = 0 config = { "version": 2, "title": "A cropped version of a bigger task.", "description": "Auto-generated task from a single workload (uuid=ea1b04bb-df3a-4fe3-a107-d8cc701e6ed6)", "subtasks": [ { "title": "CinderVolumes.create_volume", "description": "Create a volume.", "scenario": { "CinderVolumes.create_volume": { "size": 1 } }, "contexts": { "users": { "tenants": 3, "users_per_tenant": 2 }, "api_versions": { "cinder": { "version": 3, "service_type": "volumev3" } } }, "runner": { "constant": { "concurrency": 4, "times": 10 } }, "hooks": [], "sla": { "failure_rate": { "max": 0 } } } ] }
2019-07-22 19:21:12.553 1842 RALLYDEBUG rally_openstack.contexts.keystone.users [-] Creating 3 tenants using 20 threads
2019-07-22 19:21:14.526 1842 RALLYDEBUG rally_openstack.contexts.keystone.users [-] Creating 6 users using 20 threads
2019-07-22 19:21:17.452 1842 INFO rally.task.context [-] Task 2e2e8045-f729-4a11-a8bf-f2cc3fef7199 | Context users@openstack setup() finished in 4.90 sec
2019-07-22 19:21:17.880 1842 INFO rally.task.context [-] Task 2e2e8045-f729-4a11-a8bf-f2cc3fef7199 | Context api_versions@openstack setup() finished in 0.43 sec
2019-07-22 19:21:17.880 1842 INFO rally.task.context [-] Task 2e2e8045-f729-4a11-a8bf-f2cc3fef7199 | Context cleanup@openstack setup() finished in 0.01 msec
2019-07-22 19:21:17.888 1842 RALLYDEBUG rally.task.runner [-] Starting the constant runner (task UUID: 2e2e8045-f729-4a11-a8bf-f2cc3fef7199). timeout: 0 concurrency: 4 concurrency_per_worker: 1 times: 10 concurrency_overhead: 0 processes_to_start: 4 max_cpu_used: 16
2019-07-22 19:21:17.901 3474 RALLYDEBUG rally.task.runner [-] Starting a worker. concurrency: 1 args: {"size": 1} times: 10 method_name: run timeout: 0 duration: None cls:
2019-07-22 19:21:17.903 3475 RALLYDEBUG rally.task.runner [-] Starting a worker. concurrency: 1 args: {"size": 1} times: 10 method_name: run timeout: 0 duration: None cls:
2019-07-22 19:21:17.906 3476 RALLYDEBUG rally.task.runner [-] Starting a worker. concurrency: 1 args: {"size": 1} times: 10 method_name: run timeout: 0 duration: None cls:
2019-07-22 19:21:17.908 3474 INFO rally.task.runner [-] Task 2e2e8045-f729-4a11-a8bf-f2cc3fef7199 | ITER: 1 START
2019-07-22 19:21:17.909 3477 RALLYDEBUG rally.task.runner [-] Starting a worker. concurrency: 1 args: {"size": 1} times: 10 method_name: run timeout: 0 duration: None cls:
2019-07-22 19:21:17.910 3475 INFO rally.task.runner [-] Task 2e2e8045-f729-4a11-a8bf-f2cc3fef7199 | ITER: 2 START
2019-07-22 19:21:17.913 3476 INFO rally.task.runner [-] Task 2e2e8045-f729-4a11-a8bf-f2cc3fef7199 | ITER: 3 START
2019-07-22 19:21:17.916 3477 INFO rally.task.runner [-] Task 2e2e8045-f729-4a11-a8bf-f2cc3fef7199 | ITER: 4 START
2019-07-22 19:21:21.442 3476 INFO rally.task.runner [-] Task 2e2e8045-f729-4a11-a8bf-f2cc3fef7199 | ITER: 3 END: OK
2019-07-22 19:21:21.448 3476 INFO rally.task.runner [-] Task 2e2e8045-f729-4a11-a8bf-f2cc3fef7199 | ITER: 5 START
2019-07-22 19:21:21.546 3475 INFO rally.task.runner [-] Task 2e2e8045-f729-4a11-a8bf-f2cc3fef7199 | ITER: 2 END: OK
2019-07-22 19:21:21.551 3475 INFO rally.task.runner [-] Task 2e2e8045-f729-4a11-a8bf-f2cc3fef7199 | ITER: 6 START
2019-07-22 19:21:21.556 3474 INFO rally.task.runner [-] Task 2e2e8045-f729-4a11-a8bf-f2cc3fef7199 | ITER: 1 END: OK
2019-07-22 19:21:21.562 3474 INFO rally.task.runner [-] Task 2e2e8045-f729-4a11-a8bf-f2cc3fef7199 | ITER: 7 START
2019-07-22 19:21:21.691 3477 INFO rally.task.runner [-] Task 2e2e8045-f729-4a11-a8bf-f2cc3fef7199 | ITER: 4 END: OK
2019-07-22 19:21:21.696 3477 INFO rally.task.runner [-] Task 2e2e8045-f729-4a11-a8bf-f2cc3fef7199 | ITER: 8 START
2019-07-22 19:21:25.036 3476 INFO rally.task.runner [-] Task 2e2e8045-f729-4a11-a8bf-f2cc3fef7199 | ITER: 5 END: OK
2019-07-22 19:21:25.042 3476 INFO rally.task.runner [-] Task 2e2e8045-f729-4a11-a8bf-f2cc3fef7199 | ITER: 9 START
2019-07-22 19:21:25.251 3474 INFO rally.task.runner [-] Task 2e2e8045-f729-4a11-a8bf-f2cc3fef7199 | ITER: 7 END: OK
2019-07-22 19:21:25.256 3474 INFO rally.task.runner [-] Task 2e2e8045-f729-4a11-a8bf-f2cc3fef7199 | ITER: 10 START
2019-07-22 19:21:25.296 3477 INFO rally.task.runner [-] Task 2e2e8045-f729-4a11-a8bf-f2cc3fef7199 | ITER: 8 END: OK
2019-07-22 19:21:25.314 3475 INFO rally.task.runner [-] Task 2e2e8045-f729-4a11-a8bf-f2cc3fef7199 | ITER: 6 END: OK
2019-07-22 19:21:28.630 3476 INFO rally.task.runner [-] Task 2e2e8045-f729-4a11-a8bf-f2cc3fef7199 | ITER: 9 END: OK
2019-07-22 19:21:28.734 3474 INFO rally.task.runner [-] Task 2e2e8045-f729-4a11-a8bf-f2cc3fef7199 | ITER: 10 END: OK
2019-07-22 19:21:28.763 1842 INFO rally.task.context [-] Task 2e2e8045-f729-4a11-a8bf-f2cc3fef7199 | Context cleanup@openstack cleanup() started
2019-07-22 19:21:28.765 1842 RALLYDEBUG rally_openstack.cleanup.manager [-] Cleaning up cinder backups objects
2019-07-22 19:21:30.986 1842 RALLYDEBUG rally_openstack.cleanup.manager [-] Cleaning up cinder volume_snapshots objects
2019-07-22 19:21:33.210 1842 RALLYDEBUG rally_openstack.cleanup.manager [-] Cleaning up cinder transfers objects
2019-07-22 19:21:35.443 1842 RALLYDEBUG rally_openstack.cleanup.manager [-] Cleaning up cinder volumes objects
2019-07-22 19:21:37.772 1842 RALLYDEBUG rally_openstack.cleanup.manager [-] Deleting cinder.volumes object s_rally_ea1b04bb_7IXilkao (a07586b1-71e4-41d1-a4f1-ae60a74d94a6)
2019-07-22 19:21:37.773 1842 RALLYDEBUG rally_openstack.cleanup.manager [-] Deleting cinder.volumes object s_rally_ea1b04bb_ssUEp4km (9bd8de6d-0fdd-4213-9225-f53af18caecd)
2019-07-22 19:21:37.774 1842 RALLYDEBUG rally_openstack.cleanup.manager [-] Deleting cinder.volumes object s_rally_ea1b04bb_cyeDF7KH (903f95eb-f2cf-4ccd-b1a4-9a562cdc91c5)
2019-07-22 19:21:37.781 1842 RALLYDEBUG rally_openstack.cleanup.manager [-] Deleting cinder.volumes object s_rally_ea1b04bb_GLlfuj0G (f05d9524-6339-4e9c-aedf-a4521647accb)
2019-07-22 19:21:37.785 1842 RALLYDEBUG rally_openstack.cleanup.manager [-] Deleting cinder.volumes object s_rally_ea1b04bb_ZSDZ1wP9 (4d9e1d12-2f74-4017-8984-c57a0b4439d2)
2019-07-22 19:21:37.789 1842 RALLYDEBUG rally_openstack.cleanup.manager [-] Deleting cinder.volumes object s_rally_ea1b04bb_s1nnn026 (2cd54059-b143-431d-8bef-2f54c5d79238)
2019-07-22 19:21:37.790 1842 RALLYDEBUG rally_openstack.cleanup.manager [-] Deleting cinder.volumes object s_rally_ea1b04bb_UlNYalqX (8d82a0a5-954b-44b4-a25a-8c96e000ee1d)
2019-07-22 19:21:37.795 1842 RALLYDEBUG rally_openstack.cleanup.manager [-] Deleting cinder.volumes object s_rally_ea1b04bb_a1fo8ieA (ec5a89b0-f5e1-4a89-8955-9f11c0ba2f90)
2019-07-22 19:21:37.816 1842 RALLYDEBUG rally_openstack.cleanup.manager [-] Deleting cinder.volumes object s_rally_ea1b04bb_prlr530O (4357fb85-d162-42c4-b444-8517cac87065)
2019-07-22 19:21:37.817 1842 RALLYDEBUG rally_openstack.cleanup.manager [-] Deleting cinder.volumes object s_rally_ea1b04bb_yvpZltj0 (513d2c74-6522-4e0b-a4b6-f312e226a195)
2019-07-22 19:21:42.923 1842 INFO rally.task.context [-] Task 2e2e8045-f729-4a11-a8bf-f2cc3fef7199 | Context cleanup@openstack cleanup() finished in 14.16 sec
2019-07-22 19:21:42.923 1842 INFO rally.task.context [-] Task 2e2e8045-f729-4a11-a8bf-f2cc3fef7199 | Context api_versions@openstack cleanup() started
2019-07-22 19:21:42.924 1842 INFO rally.task.context [-] Task 2e2e8045-f729-4a11-a8bf-f2cc3fef7199 | Context api_versions@openstack cleanup() finished in 0.34 msec
2019-07-22 19:21:42.924 1842 INFO rally.task.context [-] Task 2e2e8045-f729-4a11-a8bf-f2cc3fef7199 | Context users@openstack cleanup() started
2019-07-22 19:21:50.795 1842 INFO rally.task.context [-] Task 2e2e8045-f729-4a11-a8bf-f2cc3fef7199 | Context users@openstack cleanup() finished in 7.87 sec
2019-07-22 19:21:52.747 1842 INFO rally.task.engine [-] Load duration is: 10.82177
2019-07-22 19:21:52.748 1842 INFO rally.task.engine [-] Full runner duration is: 10.87524
2019-07-22 19:21:52.748 1842 INFO rally.task.engine [-] Full duration is: 38.246949
2019-07-22 19:21:52.912 1842 INFO rally.task.engine [-] Running workload: position = 1 config = { "version": 2, "title": "A cropped version of a bigger task.", "description": "Auto-generated task from a single workload (uuid=8560fcb9-8850-43ac-a224-8eeeabe5cbdd)", "subtasks": [ { "title": "CinderVolumes.create_volume", "description": "Create a volume.", "scenario": { "CinderVolumes.create_volume": { "size": { "min": 1, "max": 1 } } }, "contexts": { "users": { "tenants": 3, "users_per_tenant": 2 }, "quotas": { "cinder": { "gigabytes": -1, "snapshots": -1, "volumes": -1 } }, "api_versions": { "cinder": { "version": 3, "service_type": "volumev3" } } }, "runner": { "constant": { "concurrency": 4, "times": 10 } }, "hooks": [], "sla": { "failure_rate": { "max": 0 } } } ] }
2019-07-22 19:21:52.936 1842 RALLYDEBUG rally_openstack.contexts.keystone.users [-] Creating 3 tenants using 20 threads
2019-07-22 19:21:54.801 1842 RALLYDEBUG rally_openstack.contexts.keystone.users [-] Creating 6 users using 20 threads
2019-07-22 19:21:57.674 1842 INFO rally.task.context [-] Task 2e2e8045-f729-4a11-a8bf-f2cc3fef7199 | Context users@openstack setup() finished in 4.74 sec
2019-07-22 19:21:58.092 1842 INFO rally.task.context [-] Task 2e2e8045-f729-4a11-a8bf-f2cc3fef7199 | Context api_versions@openstack setup() finished in 0.42 sec
2019-07-22 19:21:59.764 1842 INFO rally.task.context [-] Task 2e2e8045-f729-4a11-a8bf-f2cc3fef7199 | Context quotas@openstack setup() finished in 1.67 sec
2019-07-22 19:21:59.765 1842 INFO rally.task.context [-] Task 2e2e8045-f729-4a11-a8bf-f2cc3fef7199 | Context cleanup@openstack setup() finished in 0.01 msec
2019-07-22 19:21:59.772 1842 RALLYDEBUG rally.task.runner [-] Starting the constant runner (task UUID: 2e2e8045-f729-4a11-a8bf-f2cc3fef7199). timeout: 0 concurrency: 4 concurrency_per_worker: 1 times: 10 concurrency_overhead: 0 processes_to_start: 4 max_cpu_used: 16
2019-07-22 19:21:59.785 3658 RALLYDEBUG rally.task.runner [-] Starting a worker. concurrency: 1 args: {"size": {"min": 1, "max": 1}} times: 10 method_name: run timeout: 0 duration: None cls:
2019-07-22 19:21:59.788 3659 RALLYDEBUG rally.task.runner [-] Starting a worker. concurrency: 1 args: {"size": {"min": 1, "max": 1}} times: 10 method_name: run timeout: 0 duration: None cls:
2019-07-22 19:21:59.792 3660 RALLYDEBUG rally.task.runner [-] Starting a worker. concurrency: 1 args: {"size": {"min": 1, "max": 1}} times: 10 method_name: run timeout: 0 duration: None cls:
2019-07-22 19:21:59.795 3658 INFO rally.task.runner [-] Task 2e2e8045-f729-4a11-a8bf-f2cc3fef7199 | ITER: 1 START
2019-07-22 19:21:59.795 3661 RALLYDEBUG rally.task.runner [-] Starting a worker. concurrency: 1 args: {"size": {"min": 1, "max": 1}} times: 10 method_name: run timeout: 0 duration: None cls:
2019-07-22 19:21:59.796 3659 INFO rally.task.runner [-] Task 2e2e8045-f729-4a11-a8bf-f2cc3fef7199 | ITER: 2 START
2019-07-22 19:21:59.801 3660 INFO rally.task.runner [-] Task 2e2e8045-f729-4a11-a8bf-f2cc3fef7199 | ITER: 3 START
2019-07-22 19:21:59.803 3661 INFO rally.task.runner [-] Task 2e2e8045-f729-4a11-a8bf-f2cc3fef7199 | ITER: 4 START
2019-07-22 19:22:03.482 3658 INFO rally.task.runner [-] Task 2e2e8045-f729-4a11-a8bf-f2cc3fef7199 | ITER: 1 END: OK
2019-07-22 19:22:03.488 3658 INFO rally.task.runner [-] Task 2e2e8045-f729-4a11-a8bf-f2cc3fef7199 | ITER: 5 START
2019-07-22 19:22:03.512 3661 INFO rally.task.runner [-] Task 2e2e8045-f729-4a11-a8bf-f2cc3fef7199 | ITER: 4 END: OK
2019-07-22 19:22:03.517 3661 INFO rally.task.runner [-] Task 2e2e8045-f729-4a11-a8bf-f2cc3fef7199 | ITER: 6 START
2019-07-22 19:22:03.537 3659 INFO rally.task.runner [-] Task 2e2e8045-f729-4a11-a8bf-f2cc3fef7199 | ITER: 2 END: OK
2019-07-22 19:22:03.542 3659 INFO rally.task.runner [-] Task 2e2e8045-f729-4a11-a8bf-f2cc3fef7199 | ITER: 7 START
2019-07-22 19:22:03.564 3660 INFO rally.task.runner [-] Task 2e2e8045-f729-4a11-a8bf-f2cc3fef7199 | ITER: 3 END: OK
2019-07-22 19:22:03.569 3660 INFO rally.task.runner [-] Task 2e2e8045-f729-4a11-a8bf-f2cc3fef7199 | ITER: 8 START
2019-07-22 19:22:07.043 3661 INFO rally.task.runner [-] Task 2e2e8045-f729-4a11-a8bf-f2cc3fef7199 | ITER: 6 END: OK
2019-07-22 19:22:07.047 3661 INFO rally.task.runner [-] Task 2e2e8045-f729-4a11-a8bf-f2cc3fef7199 | ITER: 9 START
2019-07-22 19:22:07.210 3659 INFO rally.task.runner [-] Task 2e2e8045-f729-4a11-a8bf-f2cc3fef7199 | ITER: 7 END: OK
2019-07-22 19:22:07.215 3659 INFO rally.task.runner [-] Task 2e2e8045-f729-4a11-a8bf-f2cc3fef7199 | ITER: 10 START
2019-07-22 19:22:07.254 3660 INFO rally.task.runner [-] Task 2e2e8045-f729-4a11-a8bf-f2cc3fef7199 | ITER: 8 END: OK
2019-07-22 19:22:07.402 3658 INFO rally.task.runner [-] Task 2e2e8045-f729-4a11-a8bf-f2cc3fef7199 | ITER: 5 END: OK
2019-07-22 19:22:10.888 3659 INFO rally.task.runner [-] Task 2e2e8045-f729-4a11-a8bf-f2cc3fef7199 | ITER: 10 END: OK
2019-07-22 19:22:10.927 3661 INFO rally.task.runner [-] Task 2e2e8045-f729-4a11-a8bf-f2cc3fef7199 | ITER: 9 END: OK
2019-07-22 19:22:10.952 1842 INFO rally.task.context [-] Task 2e2e8045-f729-4a11-a8bf-f2cc3fef7199 | Context cleanup@openstack cleanup() started
2019-07-22 19:22:10.954 1842 RALLYDEBUG rally_openstack.cleanup.manager [-] Cleaning up cinder backups objects
2019-07-22 19:22:13.176 1842 RALLYDEBUG rally_openstack.cleanup.manager [-] Cleaning up cinder volume_snapshots objects
2019-07-22 19:22:15.364 1842 RALLYDEBUG rally_openstack.cleanup.manager [-] Cleaning up cinder transfers objects
2019-07-22 19:22:17.462 1842 RALLYDEBUG rally_openstack.cleanup.manager [-] Cleaning up cinder volumes objects
2019-07-22 19:22:19.590 1842 RALLYDEBUG rally_openstack.cleanup.manager [-] Deleting cinder.volumes object s_rally_8560fcb9_IDneyv8w (26646ebf-7a03-4e58-96ce-d050b6846cfc)
2019-07-22 19:22:19.594 1842 RALLYDEBUG rally_openstack.cleanup.manager [-] Deleting cinder.volumes object s_rally_8560fcb9_ylbXu0f5 (34b94440-08e6-4983-a3df-dbd29e01e7a1)
2019-07-22 19:22:19.600 1842 RALLYDEBUG rally_openstack.cleanup.manager [-] Deleting cinder.volumes object s_rally_8560fcb9_fBqfCh5E (bb733267-e022-4e7f-8493-1709d13b3b51)
2019-07-22 19:22:19.606 1842 RALLYDEBUG rally_openstack.cleanup.manager [-] Deleting cinder.volumes object s_rally_8560fcb9_qKf4tH0c (f5f5258d-304a-406b-8db8-436fd86447a1)
2019-07-22 19:22:19.607 1842 RALLYDEBUG rally_openstack.cleanup.manager [-] Deleting cinder.volumes object s_rally_8560fcb9_gASgLf14 (6560a1f4-7a11-4fc6-8491-0ea810edb7e6)
2019-07-22 19:22:19.608 1842 RALLYDEBUG rally_openstack.cleanup.manager [-] Deleting cinder.volumes object s_rally_8560fcb9_nSHv3FKr (c3b3beba-1eca-48ce-b3a9-250a6d9f7817)
2019-07-22 19:22:19.610 1842 RALLYDEBUG rally_openstack.cleanup.manager [-] Deleting cinder.volumes object s_rally_8560fcb9_pTd3oU0t (76cac935-c708-4d88-9305-d9ab6d47687b)
2019-07-22 19:22:19.612 1842 RALLYDEBUG rally_openstack.cleanup.manager [-] Deleting cinder.volumes object s_rally_8560fcb9_R19BnMJN (e909b1eb-12e3-4fdb-9ce3-62903cfed8e7)
2019-07-22 19:22:19.615 1842 RALLYDEBUG rally_openstack.cleanup.manager [-] Deleting cinder.volumes object s_rally_8560fcb9_D1sHzZHL (69728d45-ae2e-41cc-902d-499c144d7ba7)
2019-07-22 19:22:19.622 1842 RALLYDEBUG rally_openstack.cleanup.manager [-] Deleting cinder.volumes object s_rally_8560fcb9_FeQ9KHYL (6b50df06-8ce0-412d-9039-b86a43fd0118)
2019-07-22 19:22:23.563 1842 INFO rally.task.context [-] Task 2e2e8045-f729-4a11-a8bf-f2cc3fef7199 | Context cleanup@openstack cleanup() finished in 12.61 sec
2019-07-22 19:22:23.564 1842 INFO rally.task.context [-] Task 2e2e8045-f729-4a11-a8bf-f2cc3fef7199 | Context quotas@openstack cleanup() started
2019-07-22 19:22:24.290 1842 INFO rally.task.context [-] Task 2e2e8045-f729-4a11-a8bf-f2cc3fef7199 | Context quotas@openstack cleanup() finished in 0.73 sec
2019-07-22 19:22:24.291 1842 INFO rally.task.context [-] Task 2e2e8045-f729-4a11-a8bf-f2cc3fef7199 | Context api_versions@openstack cleanup() started
2019-07-22 19:22:24.291 1842 INFO rally.task.context [-] Task 2e2e8045-f729-4a11-a8bf-f2cc3fef7199 | Context api_versions@openstack cleanup() finished in 0.31 msec
2019-07-22 19:22:24.292 1842 INFO rally.task.context [-] Task 2e2e8045-f729-4a11-a8bf-f2cc3fef7199 | Context users@openstack cleanup() started
2019-07-22 19:22:32.466 1842 INFO rally.task.context [-] Task 2e2e8045-f729-4a11-a8bf-f2cc3fef7199 | Context users@openstack cleanup() finished in 8.17 sec
2019-07-22 19:22:33.111 1842 INFO rally.task.engine [-] Load duration is: 11.127817
2019-07-22 19:22:33.111 1842 INFO rally.task.engine [-] Full runner duration is: 11.179753
2019-07-22 19:22:33.111 1842 INFO rally.task.engine [-] Full duration is: 39.534068
2019-07-22 19:22:33.305 1842 INFO rally.task.engine [-] Running workload: position = 0 config = { "version": 2, "title": "A cropped version of a bigger task.", "description": "Auto-generated task from a single workload (uuid=9af35326-2086-44a7-9093-c98c10bb0387)", "subtasks": [ { "title": "CinderVolumes.list_volumes", "description": "List all volumes.", "scenario": { "CinderVolumes.list_volumes": { "detailed": true } }, "contexts": { "users": { "tenants": 3, "users_per_tenant": 2 }, "quotas": { "cinder": { "gigabytes": -1, "snapshots": -1, "volumes": -1 } }, "api_versions": { "cinder": { "version": 3, "service_type": "volumev3" } }, "volumes": { "size": 1, "volumes_per_tenant": 4 } }, "runner": { "constant": { "concurrency": 4, "times": 10 } }, "hooks": [], "sla": { "failure_rate": { "max": 0 } } } ] }
2019-07-22 19:22:33.328 1842 RALLYDEBUG rally_openstack.contexts.keystone.users [-] Creating 3 tenants using 20 threads
2019-07-22 19:22:35.233 1842 RALLYDEBUG rally_openstack.contexts.keystone.users [-] Creating 6 users using 20 threads
2019-07-22 19:22:38.079 1842 INFO rally.task.context [-] Task 2e2e8045-f729-4a11-a8bf-f2cc3fef7199 | Context users@openstack setup() finished in 4.75 sec
2019-07-22 19:22:38.505 1842 INFO rally.task.context [-] Task 2e2e8045-f729-4a11-a8bf-f2cc3fef7199 | Context api_versions@openstack setup() finished in 0.43 sec
2019-07-22 19:22:40.170 1842 INFO rally.task.context [-] Task 2e2e8045-f729-4a11-a8bf-f2cc3fef7199 | Context quotas@openstack setup() finished in 1.66 sec
2019-07-22 19:23:18.136 1842 INFO rally.task.context [-] Task 2e2e8045-f729-4a11-a8bf-f2cc3fef7199 | Context volumes@openstack setup() finished in 37.97 sec
2019-07-22 19:23:18.144 1842 RALLYDEBUG rally.task.runner [-] Starting the constant runner (task UUID: 2e2e8045-f729-4a11-a8bf-f2cc3fef7199). timeout: 0 concurrency: 4 concurrency_per_worker: 1 times: 10 concurrency_overhead: 0 processes_to_start: 4 max_cpu_used: 16
2019-07-22 19:23:18.156 3842 RALLYDEBUG rally.task.runner [-] Starting a worker. concurrency: 1 args: {"detailed": true} times: 10 method_name: run timeout: 0 duration: None cls:
2019-07-22 19:23:18.160 3843 RALLYDEBUG rally.task.runner [-] Starting a worker. concurrency: 1 args: {"detailed": true} times: 10 method_name: run timeout: 0 duration: None cls:
2019-07-22 19:23:18.163 3844 RALLYDEBUG rally.task.runner [-] Starting a worker. concurrency: 1 args: {"detailed": true} times: 10 method_name: run timeout: 0 duration: None cls:
2019-07-22 19:23:18.164 3845 RALLYDEBUG rally.task.runner [-] Starting a worker. concurrency: 1 args: {"detailed": true} times: 10 method_name: run timeout: 0 duration: None cls:
2019-07-22 19:23:18.167 3842 INFO rally.task.runner [-] Task 2e2e8045-f729-4a11-a8bf-f2cc3fef7199 | ITER: 1 START
2019-07-22 19:23:18.171 3843 INFO rally.task.runner [-] Task 2e2e8045-f729-4a11-a8bf-f2cc3fef7199 | ITER: 2 START
2019-07-22 19:23:18.173 3845 INFO rally.task.runner [-] Task 2e2e8045-f729-4a11-a8bf-f2cc3fef7199 | ITER: 4 START
2019-07-22 19:23:18.174 3844 INFO rally.task.runner [-] Task 2e2e8045-f729-4a11-a8bf-f2cc3fef7199 | ITER: 3 START
2019-07-22 19:23:18.898 3842 INFO rally.task.runner [-] Task 2e2e8045-f729-4a11-a8bf-f2cc3fef7199 | ITER: 1 END: OK
2019-07-22 19:23:18.904 3842 INFO rally.task.runner [-] Task 2e2e8045-f729-4a11-a8bf-f2cc3fef7199 | ITER: 5 START
2019-07-22 19:23:18.955 3843 INFO rally.task.runner [-] Task 2e2e8045-f729-4a11-a8bf-f2cc3fef7199 | ITER: 2 END: OK
2019-07-22 19:23:18.961 3843 INFO rally.task.runner [-] Task 2e2e8045-f729-4a11-a8bf-f2cc3fef7199 | ITER: 6 START
2019-07-22 19:23:18.981 3845 INFO rally.task.runner [-] Task 2e2e8045-f729-4a11-a8bf-f2cc3fef7199 | ITER: 4 END: OK
2019-07-22 19:23:18.985 3845 INFO rally.task.runner [-] Task 2e2e8045-f729-4a11-a8bf-f2cc3fef7199 | ITER: 7 START
2019-07-22 19:23:19.003 3844 INFO rally.task.runner [-] Task 2e2e8045-f729-4a11-a8bf-f2cc3fef7199 | ITER: 3 END: OK
2019-07-22 19:23:19.009 3844 INFO rally.task.runner [-] Task 2e2e8045-f729-4a11-a8bf-f2cc3fef7199 | ITER: 8 START
2019-07-22 19:23:19.762 3843 INFO rally.task.runner [-] Task 2e2e8045-f729-4a11-a8bf-f2cc3fef7199 | ITER: 6 END: OK
2019-07-22 19:23:19.767 3843 INFO rally.task.runner [-] Task 2e2e8045-f729-4a11-a8bf-f2cc3fef7199 | ITER: 9 START
2019-07-22 19:23:19.784 3844 INFO rally.task.runner [-] Task 2e2e8045-f729-4a11-a8bf-f2cc3fef7199 | ITER: 8 END: OK
2019-07-22 19:23:19.789 3845 INFO rally.task.runner [-] Task 2e2e8045-f729-4a11-a8bf-f2cc3fef7199 | ITER: 7 END: OK
2019-07-22 19:23:19.790 3844 INFO rally.task.runner [-] Task 2e2e8045-f729-4a11-a8bf-f2cc3fef7199 | ITER: 10 START
2019-07-22 19:23:19.801 3842 INFO rally.task.runner [-] Task 2e2e8045-f729-4a11-a8bf-f2cc3fef7199 | ITER: 5 END: OK
2019-07-22 19:23:20.487 3843 INFO rally.task.runner [-] Task 2e2e8045-f729-4a11-a8bf-f2cc3fef7199 | ITER: 9 END: OK
2019-07-22 19:23:20.666 3844 INFO rally.task.runner [-] Task 2e2e8045-f729-4a11-a8bf-f2cc3fef7199 | ITER: 10 END: OK
2019-07-22 19:23:20.689 1842 INFO rally.task.context [-] Task 2e2e8045-f729-4a11-a8bf-f2cc3fef7199 | Context volumes@openstack cleanup() started
2019-07-22 19:23:20.690 1842 RALLYDEBUG rally_openstack.cleanup.manager [-] Cleaning up cinder volumes objects
2019-07-22 19:23:22.966 1842 RALLYDEBUG rally_openstack.cleanup.manager [-] Deleting cinder.volumes object c_rally_9af35326_TUwgSQQt (79639cc8-ff5e-414c-9fd9-d9427d4c025e)
2019-07-22 19:23:22.968 1842 RALLYDEBUG rally_openstack.cleanup.manager [-] Deleting cinder.volumes object c_rally_9af35326_1KFw5zY8 (98330b10-709e-4c0b-a0ee-6563d11060ee)
2019-07-22 19:23:22.968 1842 RALLYDEBUG rally_openstack.cleanup.manager [-] Deleting cinder.volumes object c_rally_9af35326_QXUa2hok (7ccc62fb-fc5e-43f1-bb25-b9be8331fdfe)
2019-07-22 19:23:22.972 1842 RALLYDEBUG rally_openstack.cleanup.manager [-] Deleting cinder.volumes object c_rally_9af35326_7zJAdMch (0fac2637-9129-4374-b27a-605d76af2dec)
2019-07-22 19:23:22.974 1842 RALLYDEBUG rally_openstack.cleanup.manager [-] Deleting cinder.volumes object c_rally_9af35326_yS46TGSz (bba00f2e-3d02-448a-9ce6-d08a3aad3e27)
2019-07-22 19:23:22.978 1842 RALLYDEBUG rally_openstack.cleanup.manager [-] Deleting cinder.volumes object c_rally_9af35326_Wh4mlutJ (b8b2ebe2-daba-4848-9dcc-ad3fdacc960e)
2019-07-22 19:23:22.986 1842 RALLYDEBUG rally_openstack.cleanup.manager [-] Deleting cinder.volumes object c_rally_9af35326_EPIeLalw (74b26799-9b63-480c-95d8-748552827119)
2019-07-22 19:23:22.986 1842 RALLYDEBUG rally_openstack.cleanup.manager [-] Deleting cinder.volumes object c_rally_9af35326_LkYxTxye (c46dfb61-a2e9-4b2c-84d6-a870099d9763)
2019-07-22 19:23:22.990 1842 RALLYDEBUG rally_openstack.cleanup.manager [-] Deleting cinder.volumes object c_rally_9af35326_wkBOqYzR (9a1e6391-df13-4c97-b0cd-f071134207a5)
2019-07-22 19:23:22.992 1842 RALLYDEBUG rally_openstack.cleanup.manager [-] Deleting cinder.volumes object c_rally_9af35326_ghucSQBB (3be62136-b20d-49f3-b67b-00a8e1ba02ed)
2019-07-22 19:23:22.995 1842 RALLYDEBUG rally_openstack.cleanup.manager [-] Deleting cinder.volumes object c_rally_9af35326_jgfcqRsK (f834924c-3f3d-4abb-8693-fb7443ed301d)
2019-07-22 19:23:23.010 1842 RALLYDEBUG rally_openstack.cleanup.manager [-] Deleting cinder.volumes object c_rally_9af35326_8sXRq64U (73e12ca1-0b16-40bd-913b-0ff8c9f72c42)
2019-07-22 19:23:28.295 1842 INFO rally.task.context [-] Task 2e2e8045-f729-4a11-a8bf-f2cc3fef7199 | Context volumes@openstack cleanup() finished in 7.61 sec
2019-07-22 19:23:28.296 1842 INFO rally.task.context [-] Task 2e2e8045-f729-4a11-a8bf-f2cc3fef7199 | Context quotas@openstack cleanup() started
2019-07-22 19:23:29.261 1842 INFO rally.task.context [-] Task 2e2e8045-f729-4a11-a8bf-f2cc3fef7199 | Context quotas@openstack cleanup() finished in 0.96 sec
2019-07-22 19:23:29.261 1842 INFO rally.task.context [-] Task 2e2e8045-f729-4a11-a8bf-f2cc3fef7199 | Context api_versions@openstack cleanup() started
2019-07-22 19:23:29.261 1842 INFO rally.task.context [-] Task 2e2e8045-f729-4a11-a8bf-f2cc3fef7199 | Context api_versions@openstack cleanup() finished in 0.33 msec
2019-07-22 19:23:29.262 1842 INFO rally.task.context [-] Task 2e2e8045-f729-4a11-a8bf-f2cc3fef7199 | Context users@openstack cleanup() started
2019-07-22 19:23:37.263 1842 INFO rally.task.context [-] Task 2e2e8045-f729-4a11-a8bf-f2cc3fef7199 | Context users@openstack cleanup() finished in 8.00 sec
2019-07-22 19:23:37.779 1842 INFO rally.task.engine [-] Load duration is: 2.495117
2019-07-22 19:23:37.780 1842 INFO rally.task.engine [-] Full runner duration is: 2.545935
2019-07-22 19:23:37.780 1842 INFO rally.task.engine [-] Full duration is: 63.937731
2019-07-22 19:23:38.009 1842 INFO rally.task.engine [-] Running workload: position = 0 config = { "version": 2, "title": "A cropped version of a bigger task.", "description": "Auto-generated task from a single workload (uuid=d56f1ecc-9590-4cc3-a0b2-ee860ff92f05)", "subtasks": [ { "title": "CinderVolumes.create_and_delete_snapshot", "description": "Create and then delete a volume-snapshot.", "scenario": { "CinderVolumes.create_and_delete_snapshot": { "force": false } }, "contexts": { "users": { "tenants": 3, "users_per_tenant": 2 }, "quotas": { "cinder": { "gigabytes": -1, "snapshots": -1, "volumes": -1 } }, "api_versions": { "cinder": { "version": 3, "service_type": "volumev3" } }, "volumes": { "size": 1, "volumes_per_tenant": 1 } }, "runner": { "constant": { "concurrency": 4, "times": 10 } }, "hooks": [], "sla": { "failure_rate": { "max": 0 } } } ] }
2019-07-22 19:23:38.033 1842 RALLYDEBUG rally_openstack.contexts.keystone.users [-] Creating 3 tenants using 20 threads
2019-07-22 19:23:39.927 1842 RALLYDEBUG rally_openstack.contexts.keystone.users [-] Creating 6 users using 20 threads
2019-07-22 19:23:42.764 1842 INFO rally.task.context [-] Task 2e2e8045-f729-4a11-a8bf-f2cc3fef7199 | Context users@openstack setup() finished in 4.73 sec
2019-07-22 19:23:43.198 1842 INFO rally.task.context [-] Task 2e2e8045-f729-4a11-a8bf-f2cc3fef7199 | Context api_versions@openstack setup() finished in 0.43 sec
2019-07-22 19:23:44.949 1842 INFO rally.task.context [-] Task 2e2e8045-f729-4a11-a8bf-f2cc3fef7199 | Context quotas@openstack setup() finished in 1.75 sec
2019-07-22 19:23:55.900 1842 INFO rally.task.context [-] Task 2e2e8045-f729-4a11-a8bf-f2cc3fef7199 | Context volumes@openstack setup() finished in 10.95 sec
2019-07-22 19:23:55.900 1842 INFO rally.task.context [-] Task 2e2e8045-f729-4a11-a8bf-f2cc3fef7199 | Context cleanup@openstack setup() finished in 0.01 msec
2019-07-22 19:23:55.909 1842 RALLYDEBUG rally.task.runner [-] Starting the constant runner (task UUID: 2e2e8045-f729-4a11-a8bf-f2cc3fef7199). timeout: 0 concurrency: 4 concurrency_per_worker: 1 times: 10 concurrency_overhead: 0 processes_to_start: 4 max_cpu_used: 16
2019-07-22 19:23:55.922 3966 RALLYDEBUG rally.task.runner [-] Starting a worker. concurrency: 1 args: {"force": false} times: 10 method_name: run timeout: 0 duration: None cls:
2019-07-22 19:23:55.925 3967 RALLYDEBUG rally.task.runner [-] Starting a worker. concurrency: 1 args: {"force": false} times: 10 method_name: run timeout: 0 duration: None cls:
2019-07-22 19:23:55.928 3968 RALLYDEBUG rally.task.runner [-] Starting a worker. concurrency: 1 args: {"force": false} times: 10 method_name: run timeout: 0 duration: None cls:
2019-07-22 19:23:55.931 3966 INFO rally.task.runner [-] Task 2e2e8045-f729-4a11-a8bf-f2cc3fef7199 | ITER: 1 START
2019-07-22 19:23:55.932 3969 RALLYDEBUG rally.task.runner [-] Starting a worker. concurrency: 1 args: {"force": false} times: 10 method_name: run timeout: 0 duration: None cls:
2019-07-22 19:23:55.933 3967 INFO rally.task.runner [-] Task 2e2e8045-f729-4a11-a8bf-f2cc3fef7199 | ITER: 2 START
2019-07-22 19:23:55.936 3968 INFO rally.task.runner [-] Task 2e2e8045-f729-4a11-a8bf-f2cc3fef7199 | ITER: 3 START
2019-07-22 19:23:55.940 3969 INFO rally.task.runner [-] Task 2e2e8045-f729-4a11-a8bf-f2cc3fef7199 | ITER: 4 START
2019-07-22 19:24:00.038 3968 RALLYDEBUG rally.task.utils [-] Waiting for resource s_rally_d56f1ecc_lmCZC49N. Status changed: AVAILABLE => DELETING in 0.222572803497
2019-07-22 19:24:00.158 3967 RALLYDEBUG rally.task.utils [-] Waiting for resource s_rally_d56f1ecc_HVW09RD9. Status changed: AVAILABLE => DELETING in 0.324900150299
2019-07-22 19:24:00.234 3969 RALLYDEBUG rally.task.utils [-] Waiting for resource s_rally_d56f1ecc_2vt0mDUp. Status changed: AVAILABLE => DELETING in 0.323115110397
2019-07-22 19:24:00.337 3966 RALLYDEBUG rally.task.utils [-] Waiting for resource s_rally_d56f1ecc_ItTVqzx2. Status changed: AVAILABLE => DELETING in 0.303612947464
2019-07-22 19:24:02.366 3968 INFO rally.task.runner [-] Task 2e2e8045-f729-4a11-a8bf-f2cc3fef7199 | ITER: 3 END: OK
2019-07-22 19:24:02.371 3968 INFO rally.task.runner [-] Task 2e2e8045-f729-4a11-a8bf-f2cc3fef7199 | ITER: 5 START
2019-07-22 19:24:02.466 3969 INFO rally.task.runner [-] Task 2e2e8045-f729-4a11-a8bf-f2cc3fef7199 | ITER: 4 END: OK
2019-07-22 19:24:02.467 3967 INFO rally.task.runner [-] Task 2e2e8045-f729-4a11-a8bf-f2cc3fef7199 | ITER: 2 END: OK
2019-07-22 19:24:02.471 3969 INFO rally.task.runner [-] Task 2e2e8045-f729-4a11-a8bf-f2cc3fef7199 | ITER: 6 START
2019-07-22 19:24:02.472 3967 INFO rally.task.runner [-] Task 2e2e8045-f729-4a11-a8bf-f2cc3fef7199 | ITER: 7 START
2019-07-22 19:24:02.567 3966 INFO rally.task.runner [-] Task 2e2e8045-f729-4a11-a8bf-f2cc3fef7199 | ITER: 1 END: OK
2019-07-22 19:24:02.572 3966 INFO rally.task.runner [-] Task 2e2e8045-f729-4a11-a8bf-f2cc3fef7199 | ITER: 8 START
2019-07-22 19:24:06.556 3968 RALLYDEBUG rally.task.utils [-] Waiting for resource s_rally_d56f1ecc_tpguupJ2. Status changed: AVAILABLE => DELETING in 0.250096797943
2019-07-22 19:24:06.581 3969 RALLYDEBUG rally.task.utils [-] Waiting for resource s_rally_d56f1ecc_pHKmkGYu. Status changed: AVAILABLE => DELETING in 0.208703994751
2019-07-22 19:24:06.818 3966 RALLYDEBUG rally.task.utils [-] Waiting for resource s_rally_d56f1ecc_OhWgEnP8. Status changed: AVAILABLE => DELETING in 0.307965040207
2019-07-22 19:24:06.849 3967 RALLYDEBUG rally.task.utils [-] Waiting for resource s_rally_d56f1ecc_eIEMSf66. Status changed: AVAILABLE => DELETING in 0.387166976929
2019-07-22 19:24:08.780 3968 INFO rally.task.runner [-] Task 2e2e8045-f729-4a11-a8bf-f2cc3fef7199 | ITER: 5 END: OK
2019-07-22 19:24:08.784 3968 INFO rally.task.runner [-] Task 2e2e8045-f729-4a11-a8bf-f2cc3fef7199 | ITER: 9 START
2019-07-22 19:24:08.879 3969 INFO rally.task.runner [-] Task 2e2e8045-f729-4a11-a8bf-f2cc3fef7199 | ITER: 6 END: OK
2019-07-22 19:24:08.883 3969 INFO rally.task.runner [-] Task 2e2e8045-f729-4a11-a8bf-f2cc3fef7199 | ITER: 10 START
2019-07-22 19:24:09.123 3966 INFO rally.task.runner [-] Task 2e2e8045-f729-4a11-a8bf-f2cc3fef7199 | ITER: 8 END: OK
2019-07-22 19:24:09.169 3967 INFO rally.task.runner [-] Task 2e2e8045-f729-4a11-a8bf-f2cc3fef7199 | ITER: 7 END: OK
2019-07-22 19:24:12.756 3968 RALLYDEBUG rally.task.utils [-] Waiting for resource s_rally_d56f1ecc_vkGB1JMp. Status changed: AVAILABLE => DELETING in 0.329617023468
2019-07-22 19:24:13.029 3969 RALLYDEBUG rally.task.utils [-] Waiting for resource s_rally_d56f1ecc_WpvNakAb. Status changed: AVAILABLE => DELETING in 0.297322034836
2019-07-22 19:24:14.783 3968 INFO rally.task.runner [-] Task 2e2e8045-f729-4a11-a8bf-f2cc3fef7199 | ITER: 9 END: OK
2019-07-22 19:24:15.257 3969 INFO rally.task.runner [-] Task 2e2e8045-f729-4a11-a8bf-f2cc3fef7199 | ITER: 10 END: OK
2019-07-22 19:24:15.286 1842 INFO rally.task.context [-] Task 2e2e8045-f729-4a11-a8bf-f2cc3fef7199 | Context cleanup@openstack cleanup() started
2019-07-22 19:24:15.289 1842 RALLYDEBUG rally_openstack.cleanup.manager [-] Cleaning up cinder backups objects
2019-07-22 19:24:17.363 1842 RALLYDEBUG rally_openstack.cleanup.manager [-] Cleaning up cinder volume_snapshots objects
2019-07-22 19:24:19.474 1842 RALLYDEBUG rally_openstack.cleanup.manager [-] Cleaning up cinder transfers objects
2019-07-22 19:24:21.666 1842 RALLYDEBUG rally_openstack.cleanup.manager [-] Cleaning up cinder volumes objects
2019-07-22 19:24:23.919 1842 INFO rally.task.context [-] Task 2e2e8045-f729-4a11-a8bf-f2cc3fef7199 | Context cleanup@openstack cleanup() finished in 8.63 sec
2019-07-22 19:24:23.920 1842 INFO rally.task.context [-] Task 2e2e8045-f729-4a11-a8bf-f2cc3fef7199 | Context volumes@openstack cleanup() started
2019-07-22 19:24:23.920 1842 RALLYDEBUG rally_openstack.cleanup.manager [-] Cleaning up cinder volumes objects
2019-07-22 19:24:26.411 1842 RALLYDEBUG rally_openstack.cleanup.manager [-] Deleting cinder.volumes object c_rally_d56f1ecc_66TWwz77 (14097c02-fe1d-4898-a4ea-575a3162b43a)
2019-07-22 19:24:26.412 1842 RALLYDEBUG rally_openstack.cleanup.manager [-] Deleting cinder.volumes object c_rally_d56f1ecc_oi8KOFPx (b08eb96f-00aa-49e5-870a-a8ebda303bad)
2019-07-22 19:24:26.416 1842 RALLYDEBUG rally_openstack.cleanup.manager [-] Deleting cinder.volumes object c_rally_d56f1ecc_eA367raD (2321503d-b0ba-446f-8e3d-fa6ffe1a0151)
2019-07-22 19:24:29.948 1842 INFO rally.task.context [-] Task 2e2e8045-f729-4a11-a8bf-f2cc3fef7199 | Context volumes@openstack cleanup() finished in 6.03 sec
2019-07-22 19:24:29.949 1842 INFO rally.task.context [-] Task 2e2e8045-f729-4a11-a8bf-f2cc3fef7199 | Context quotas@openstack cleanup() started
2019-07-22 19:24:30.811 1842 INFO rally.task.context [-] Task 2e2e8045-f729-4a11-a8bf-f2cc3fef7199 | Context quotas@openstack cleanup() finished in 0.86 sec
2019-07-22 19:24:30.812 1842 INFO rally.task.context [-] Task 2e2e8045-f729-4a11-a8bf-f2cc3fef7199 | Context api_versions@openstack cleanup() started
2019-07-22 19:24:30.812 1842 INFO rally.task.context [-] Task 2e2e8045-f729-4a11-a8bf-f2cc3fef7199 | Context api_versions@openstack cleanup() finished in 0.31 msec
2019-07-22 19:24:30.812 1842 INFO rally.task.context [-] Task 2e2e8045-f729-4a11-a8bf-f2cc3fef7199 | Context users@openstack cleanup() started
2019-07-22 19:24:38.772 1842 INFO rally.task.context [-] Task 2e2e8045-f729-4a11-a8bf-f2cc3fef7199 | Context users@openstack cleanup() finished in 7.96 sec
2019-07-22 19:24:40.269 1842 INFO rally.task.engine [-] Load duration is: 19.322609
2019-07-22 19:24:40.269 1842 INFO rally.task.engine [-] Full runner duration is: 19.378949
2019-07-22 19:24:40.270 1842 INFO rally.task.engine [-] Full duration is: 60.743026
2019-07-22 19:24:40.506 1842 INFO rally.task.engine [-] Running workload: position = 0 config = { "version": 2, "title": "A cropped version of a bigger task.", "description": "Auto-generated task from a single workload (uuid=cfe56bf7-55bc-4da0-a6f5-92a3b463ec00)", "subtasks": [ { "title": "CinderVolumes.create_and_delete_volume", "description": "Create and then delete a volume.", "scenario": { "CinderVolumes.create_and_delete_volume": { "size": { "max": 1, "min": 1 } } }, "contexts": { "users": { "tenants": 3, "users_per_tenant": 2 }, "quotas": { "cinder": { "gigabytes": -1, "snapshots": -1, "volumes": -1 } }, "api_versions": { "cinder": { "version": 3, "service_type": "volumev3" } } }, "runner": { "constant": { "concurrency": 4, "times": 10 } }, "hooks": [], "sla": { "failure_rate": { "max": 0 } } } ] }
2019-07-22 19:24:40.531 1842 RALLYDEBUG rally_openstack.contexts.keystone.users [-] Creating 3 tenants using 20 threads
2019-07-22 19:24:42.448 1842 RALLYDEBUG rally_openstack.contexts.keystone.users [-] Creating 6 users using 20 threads
2019-07-22 19:24:45.316 1842 INFO rally.task.context [-] Task 2e2e8045-f729-4a11-a8bf-f2cc3fef7199 | Context users@openstack setup() finished in 4.79 sec
2019-07-22 19:24:45.825 1842 INFO rally.task.context [-] Task 2e2e8045-f729-4a11-a8bf-f2cc3fef7199 | Context api_versions@openstack setup() finished in 0.51 sec
2019-07-22 19:24:47.460 1842 INFO rally.task.context [-] Task 2e2e8045-f729-4a11-a8bf-f2cc3fef7199 | Context quotas@openstack setup() finished in 1.63 sec
2019-07-22 19:24:47.461 1842 INFO rally.task.context [-] Task 2e2e8045-f729-4a11-a8bf-f2cc3fef7199 | Context cleanup@openstack setup() finished in 0.01 msec
2019-07-22 19:24:47.468 1842 RALLYDEBUG rally.task.runner [-] Starting the constant runner (task UUID: 2e2e8045-f729-4a11-a8bf-f2cc3fef7199). timeout: 0 concurrency: 4 concurrency_per_worker: 1 times: 10 concurrency_overhead: 0 processes_to_start: 4 max_cpu_used: 16
2019-07-22 19:24:47.482 4170 RALLYDEBUG rally.task.runner [-] Starting a worker. concurrency: 1 args: {"size": {"max": 1, "min": 1}} times: 10 method_name: run timeout: 0 duration: None cls:
2019-07-22 19:24:47.485 4171 RALLYDEBUG rally.task.runner [-] Starting a worker. concurrency: 1 args: {"size": {"max": 1, "min": 1}} times: 10 method_name: run timeout: 0 duration: None cls:
2019-07-22 19:24:47.488 4172 RALLYDEBUG rally.task.runner [-] Starting a worker. concurrency: 1 args: {"size": {"max": 1, "min": 1}} times: 10 method_name: run timeout: 0 duration: None cls:
2019-07-22 19:24:47.492 4170 INFO rally.task.runner [-] Task 2e2e8045-f729-4a11-a8bf-f2cc3fef7199 | ITER: 1 START
2019-07-22 19:24:47.491 4173 RALLYDEBUG rally.task.runner [-] Starting a worker. concurrency: 1 args: {"size": {"max": 1, "min": 1}} times: 10 method_name: run timeout: 0 duration: None cls:
2019-07-22 19:24:47.493 4171 INFO rally.task.runner [-] Task 2e2e8045-f729-4a11-a8bf-f2cc3fef7199 | ITER: 2 START
2019-07-22 19:24:47.497 4172 INFO rally.task.runner [-] Task 2e2e8045-f729-4a11-a8bf-f2cc3fef7199 | ITER: 3 START
2019-07-22 19:24:47.499 4173 INFO rally.task.runner [-] Task 2e2e8045-f729-4a11-a8bf-f2cc3fef7199 | ITER: 4 START
2019-07-22 19:24:51.861 4173 RALLYDEBUG rally.task.utils [-] Waiting for resource s_rally_cfe56bf7_kS6vmTWM. Status changed: AVAILABLE => DELETING in 0.362158060074
2019-07-22 19:24:51.941 4170 RALLYDEBUG rally.task.utils [-] Waiting for resource s_rally_cfe56bf7_Q4Y1pthC. Status changed: AVAILABLE => DELETING in 0.376861810684
2019-07-22 19:24:51.949 4171 RALLYDEBUG rally.task.utils [-] Waiting for resource s_rally_cfe56bf7_XLjFM2pQ. Status changed: AVAILABLE => DELETING in 0.331359148026
2019-07-22 19:24:52.052 4172 RALLYDEBUG rally.task.utils [-] Waiting for resource s_rally_cfe56bf7_Sb7DxM2M. Status changed: AVAILABLE => DELETING in 0.296293973923
2019-07-22 19:24:54.181 4173 INFO rally.task.runner [-] Task 2e2e8045-f729-4a11-a8bf-f2cc3fef7199 | ITER: 4 END: OK
2019-07-22 19:24:54.187 4173 INFO rally.task.runner [-] Task 2e2e8045-f729-4a11-a8bf-f2cc3fef7199 | ITER: 5 START
2019-07-22 19:24:54.199 4171 INFO rally.task.runner [-] Task 2e2e8045-f729-4a11-a8bf-f2cc3fef7199 | ITER: 2 END: OK
2019-07-22 19:24:54.205 4171 INFO rally.task.runner [-] Task 2e2e8045-f729-4a11-a8bf-f2cc3fef7199 | ITER: 6 START
2019-07-22 19:24:54.279 4170 INFO rally.task.runner [-] Task 2e2e8045-f729-4a11-a8bf-f2cc3fef7199 | ITER: 1 END: OK
2019-07-22 19:24:54.282 4172 INFO rally.task.runner [-] Task 2e2e8045-f729-4a11-a8bf-f2cc3fef7199 | ITER: 3 END: OK
2019-07-22 19:24:54.285 4170 INFO rally.task.runner [-] Task 2e2e8045-f729-4a11-a8bf-f2cc3fef7199 | ITER: 7 START
2019-07-22 19:24:54.288 4172 INFO rally.task.runner [-] Task 2e2e8045-f729-4a11-a8bf-f2cc3fef7199 | ITER: 8 START
2019-07-22 19:24:58.261 4170 INFO rally.task.runner [-] Task 2e2e8045-f729-4a11-a8bf-f2cc3fef7199 | ITER: 7 END: OK
2019-07-22 19:24:58.267 4170 INFO rally.task.runner [-] Task 2e2e8045-f729-4a11-a8bf-f2cc3fef7199 | ITER: 9 START
2019-07-22 19:24:58.402 4173 RALLYDEBUG rally.task.utils [-] Waiting for resource s_rally_cfe56bf7_8i3GQnky. Status changed: AVAILABLE => DELETING in 0.287391901016
2019-07-22 19:24:58.409 4171 RALLYDEBUG rally.task.utils [-] Waiting for resource s_rally_cfe56bf7_oPXgULD9. Status changed: AVAILABLE => DELETING in 0.246547937393
2019-07-22 19:24:58.444 4172 RALLYDEBUG rally.task.utils [-] Waiting for resource s_rally_cfe56bf7_hvNsGsUU. Status changed: AVAILABLE => DELETING in 0.256819009781
2019-07-22 19:25:00.642 4171 INFO rally.task.runner [-] Task 2e2e8045-f729-4a11-a8bf-f2cc3fef7199 | ITER: 6 END: OK
2019-07-22 19:25:00.646 4171 INFO rally.task.runner [-] Task 2e2e8045-f729-4a11-a8bf-f2cc3fef7199 | ITER: 10 START
2019-07-22 19:25:00.683 4172 INFO rally.task.runner [-] Task 2e2e8045-f729-4a11-a8bf-f2cc3fef7199 | ITER: 8 END: OK
2019-07-22 19:25:00.711 4173 INFO rally.task.runner [-] Task 2e2e8045-f729-4a11-a8bf-f2cc3fef7199 | ITER: 5 END: OK
2019-07-22 19:25:02.736 4170 RALLYDEBUG rally.task.utils [-] Waiting for resource s_rally_cfe56bf7_rGUqWw2c. Status changed: AVAILABLE => DELETING in 0.328791856766
2019-07-22 19:25:04.984 4171 INFO rally.task.runner [-] Task 2e2e8045-f729-4a11-a8bf-f2cc3fef7199 | ITER: 10 END: OK
2019-07-22 19:25:05.074 4170 INFO rally.task.runner [-] Task 2e2e8045-f729-4a11-a8bf-f2cc3fef7199 | ITER: 9 END: OK
2019-07-22 19:25:05.098 1842 INFO rally.task.context [-] Task 2e2e8045-f729-4a11-a8bf-f2cc3fef7199 | Context cleanup@openstack cleanup() started
2019-07-22 19:25:05.100 1842 RALLYDEBUG rally_openstack.cleanup.manager [-] Cleaning up cinder backups objects
2019-07-22 19:25:07.398 1842 RALLYDEBUG rally_openstack.cleanup.manager [-] Cleaning up cinder volume_snapshots objects
2019-07-22 19:25:09.536 1842 RALLYDEBUG rally_openstack.cleanup.manager [-] Cleaning up cinder transfers objects
2019-07-22 19:25:11.724 1842 RALLYDEBUG rally_openstack.cleanup.manager [-] Cleaning up cinder volumes objects
2019-07-22 19:25:14.062 1842 INFO rally.task.context [-] Task 2e2e8045-f729-4a11-a8bf-f2cc3fef7199 | Context cleanup@openstack cleanup() finished in 8.96 sec
2019-07-22 19:25:14.062 1842 INFO rally.task.context [-] Task 2e2e8045-f729-4a11-a8bf-f2cc3fef7199 | Context quotas@openstack cleanup() started
2019-07-22 19:25:15.117 1842 INFO rally.task.context [-] Task 2e2e8045-f729-4a11-a8bf-f2cc3fef7199 | Context quotas@openstack cleanup() finished in 1.05 sec
2019-07-22 19:25:15.118 1842 INFO rally.task.context [-] Task 2e2e8045-f729-4a11-a8bf-f2cc3fef7199 | Context api_versions@openstack cleanup() started
2019-07-22 19:25:15.118 1842 INFO rally.task.context [-] Task 2e2e8045-f729-4a11-a8bf-f2cc3fef7199 | Context api_versions@openstack cleanup() finished in 0.32 msec
2019-07-22 19:25:15.118 1842 INFO rally.task.context [-] Task 2e2e8045-f729-4a11-a8bf-f2cc3fef7199 | Context users@openstack cleanup() started
2019-07-22 19:25:23.120 1842 INFO rally.task.context [-] Task 2e2e8045-f729-4a11-a8bf-f2cc3fef7199 | Context users@openstack cleanup() finished in 8.00 sec
2019-07-22 19:25:24.710 1842 INFO rally.task.engine [-] Load duration is: 17.578727
2019-07-22 19:25:24.711 1842 INFO rally.task.engine [-] Full runner duration is: 17.63006
2019-07-22 19:25:24.711 1842 INFO rally.task.engine [-] Full duration is: 42.591181
2019-07-22 19:25:24.871 1842 INFO rally.task.engine [-] Running workload: position = 1 config = { "version": 2, "title": "A cropped version of a bigger task.", "description": "Auto-generated task from a single workload (uuid=ff114c20-adbc-49c7-8fff-2b4b3d19eafc)", "subtasks": [ { "title": "CinderVolumes.create_and_delete_volume", "description": "Create and then delete a volume.", "scenario": { "CinderVolumes.create_and_delete_volume": { "image": { "name": "rally_full-img_4c94690f-c8b1-4a5c-ac77-70643659e122" }, "size": 1 } }, "contexts": { "users": { "tenants": 3, "users_per_tenant": 2 }, "quotas": { "cinder": { "gigabytes": -1, "snapshots": -1, "volumes": -1 } }, "api_versions": { "cinder": { "version": 3, "service_type": "volumev3" } } }, "runner": { "constant": { "concurrency": 4, "times": 10 } }, "hooks": [], "sla": { "failure_rate": { "max": 0 } } } ] }
2019-07-22 19:25:24.895 1842 RALLYDEBUG rally_openstack.contexts.keystone.users [-] Creating 3 tenants using 20 threads
2019-07-22 19:25:26.742 1842 RALLYDEBUG rally_openstack.contexts.keystone.users [-] Creating 6 users using 20 threads
2019-07-22 19:25:29.509 1842 INFO rally.task.context [-] Task 2e2e8045-f729-4a11-a8bf-f2cc3fef7199 | Context users@openstack setup() finished in 4.61 sec
2019-07-22 19:25:29.939 1842 INFO rally.task.context [-] Task 2e2e8045-f729-4a11-a8bf-f2cc3fef7199 | Context api_versions@openstack setup() finished in 0.43 sec
