2019-07-22 19:25:31.634 1842 INFO rally.task.context [-] Task 2e2e8045-f729-4a11-a8bf-f2cc3fef7199 | Context quotas@openstack setup() finished in 1.69 sec
2019-07-22 19:25:31.634 1842 INFO rally.task.context [-] Task 2e2e8045-f729-4a11-a8bf-f2cc3fef7199 | Context cleanup@openstack setup() finished in 0.01 msec
2019-07-22 19:25:32.650 1842 RALLYDEBUG rally.task.runner [-] Starting the constant runner (task UUID: 2e2e8045-f729-4a11-a8bf-f2cc3fef7199). timeout: 0 concurrency: 4 concurrency_per_worker: 1 times: 10 concurrency_overhead: 0 processes_to_start: 4 max_cpu_used: 16
2019-07-22 19:25:32.663 4354 RALLYDEBUG rally.task.runner [-] Starting a worker. concurrency: 1 args: {"image": "aca1c459-d298-4a01-baf2-60a826b9f620", "size": 1} times: 10 method_name: run timeout: 0 duration: None cls:
2019-07-22 19:25:32.666 4355 RALLYDEBUG rally.task.runner [-] Starting a worker. concurrency: 1 args: {"image": "aca1c459-d298-4a01-baf2-60a826b9f620", "size": 1} times: 10 method_name: run timeout: 0 duration: None cls:
2019-07-22 19:25:32.668 4356 RALLYDEBUG rally.task.runner [-] Starting a worker. concurrency: 1 args: {"image": "aca1c459-d298-4a01-baf2-60a826b9f620", "size": 1} times: 10 method_name: run timeout: 0 duration: None cls:
2019-07-22 19:25:32.671 4354 INFO rally.task.runner [-] Task 2e2e8045-f729-4a11-a8bf-f2cc3fef7199 | ITER: 1 START
2019-07-22 19:25:32.672 4357 RALLYDEBUG rally.task.runner [-] Starting a worker. concurrency: 1 args: {"image": "aca1c459-d298-4a01-baf2-60a826b9f620", "size": 1} times: 10 method_name: run timeout: 0 duration: None cls:
2019-07-22 19:25:32.675 4355 INFO rally.task.runner [-] Task 2e2e8045-f729-4a11-a8bf-f2cc3fef7199 | ITER: 2 START
2019-07-22 19:25:32.677 4356 INFO rally.task.runner [-] Task 2e2e8045-f729-4a11-a8bf-f2cc3fef7199 | ITER: 3 START
2019-07-22 19:25:32.680 4357 INFO rally.task.runner [-] Task 2e2e8045-f729-4a11-a8bf-f2cc3fef7199 | ITER: 4 START
2019-07-22 19:25:42.744 4354 RALLYDEBUG rally.task.utils [-] Waiting for resource s_rally_ff114c20_5UbNz25b. Status changed: CREATING => DOWNLOADING in 5.32204699516
2019-07-22 19:25:45.174 4355 RALLYDEBUG rally.task.utils [-] Waiting for resource s_rally_ff114c20_bNPoerrK. Status changed: CREATING => DOWNLOADING in 7.62632703781
2019-07-22 19:25:45.216 4356 RALLYDEBUG rally.task.utils [-] Waiting for resource s_rally_ff114c20_F493A89J. Status changed: CREATING => DOWNLOADING in 7.59224796295
2019-07-22 19:25:45.571 4357 RALLYDEBUG rally.task.utils [-] Waiting for resource s_rally_ff114c20_ie9P8QCH. Status changed: CREATING => DOWNLOADING in 7.58613801003
2019-07-22 19:25:54.271 4354 RALLYDEBUG rally.task.utils [-] Waiting for resource s_rally_ff114c20_5UbNz25b. Status changed: DOWNLOADING => AVAILABLE in 11.5275890827
2019-07-22 19:25:54.307 4356 RALLYDEBUG rally.task.utils [-] Waiting for resource s_rally_ff114c20_F493A89J. Status changed: DOWNLOADING => AVAILABLE in 9.091837883
2019-07-22 19:25:54.538 4355 RALLYDEBUG rally.task.utils [-] Waiting for resource s_rally_ff114c20_bNPoerrK. Status changed: DOWNLOADING => AVAILABLE in 9.36365580559
2019-07-22 19:25:54.734 4356 INFO rally.task.runner [-] Task 2e2e8045-f729-4a11-a8bf-f2cc3fef7199 | ITER: 3 END: OK
2019-07-22 19:25:54.739 4356 INFO rally.task.runner [-] Task 2e2e8045-f729-4a11-a8bf-f2cc3fef7199 | ITER: 5 START
2019-07-22 19:25:54.920 4357 RALLYDEBUG rally.task.utils [-] Waiting for resource s_rally_ff114c20_ie9P8QCH. Status changed: DOWNLOADING => AVAILABLE in 9.34891009331
2019-07-22 19:25:54.990 4354 RALLYDEBUG rally.task.utils [-] Waiting for resource s_rally_ff114c20_5UbNz25b. Status changed: AVAILABLE => DELETING in 0.348685026169
2019-07-22 19:25:55.281 4355 RALLYDEBUG rally.task.utils [-] Waiting for resource s_rally_ff114c20_bNPoerrK. Status changed: AVAILABLE => DELETING in 0.364165067673
2019-07-22 19:25:55.360 4357 RALLYDEBUG rally.task.utils [-] Waiting for resource s_rally_ff114c20_ie9P8QCH. Status changed: AVAILABLE => DELETING in 0.060446023941
2019-07-22 19:25:57.219 4354 INFO rally.task.runner [-] Task 2e2e8045-f729-4a11-a8bf-f2cc3fef7199 | ITER: 1 END: OK
2019-07-22 19:25:57.224 4354 INFO rally.task.runner [-] Task 2e2e8045-f729-4a11-a8bf-f2cc3fef7199 | ITER: 6 START
2019-07-22 19:25:57.322 4355 INFO rally.task.runner [-] Task 2e2e8045-f729-4a11-a8bf-f2cc3fef7199 | ITER: 2 END: OK
2019-07-22 19:25:57.327 4355 INFO rally.task.runner [-] Task 2e2e8045-f729-4a11-a8bf-f2cc3fef7199 | ITER: 7 START
2019-07-22 19:25:57.405 4357 INFO rally.task.runner [-] Task 2e2e8045-f729-4a11-a8bf-f2cc3fef7199 | ITER: 4 END: OK
2019-07-22 19:25:57.411 4357 INFO rally.task.runner [-] Task 2e2e8045-f729-4a11-a8bf-f2cc3fef7199 | ITER: 8 START
2019-07-22 19:26:02.432 4356 RALLYDEBUG rally.task.utils [-] Waiting for resource s_rally_ff114c20_wZXZoISQ. Status changed: CREATING => DOWNLOADING in 2.98634505272
2019-07-22 19:26:04.751 4356 RALLYDEBUG rally.task.utils [-] Waiting for resource s_rally_ff114c20_wZXZoISQ. Status changed: DOWNLOADING => AVAILABLE in 2.31921100616
2019-07-22 19:26:05.489 4356 RALLYDEBUG rally.task.utils [-] Waiting for resource s_rally_ff114c20_wZXZoISQ. Status changed: AVAILABLE => DELETING in 0.355879068375
2019-07-22 19:26:07.173 4355 RALLYDEBUG rally.task.utils [-] Waiting for resource s_rally_ff114c20_CiXdp4LO. Status changed: CREATING => DOWNLOADING in 5.1604449749
2019-07-22 19:26:07.791 4356 INFO rally.task.runner [-] Task 2e2e8045-f729-4a11-a8bf-f2cc3fef7199 | ITER: 5 END: OK
2019-07-22 19:26:07.797 4356 INFO rally.task.runner [-] Task 2e2e8045-f729-4a11-a8bf-f2cc3fef7199 | ITER: 9 START
2019-07-22 19:26:11.073 4357 RALLYDEBUG rally.task.utils [-] Waiting for resource s_rally_ff114c20_ijNfvVBe. Status changed: CREATING => DOWNLOADING in 9.23813199997
2019-07-22 19:26:11.628 4354 RALLYDEBUG rally.task.utils [-] Waiting for resource s_rally_ff114c20_EOTUj0jg. Status changed: CREATING => DOWNLOADING in 9.75440001488
2019-07-22 19:26:11.852 4355 RALLYDEBUG rally.task.utils [-] Waiting for resource s_rally_ff114c20_CiXdp4LO. Status changed: DOWNLOADING => AVAILABLE in 4.67958903313
2019-07-22 19:26:12.369 4355 RALLYDEBUG rally.task.utils [-] Waiting for resource s_rally_ff114c20_CiXdp4LO. Status changed: AVAILABLE => DELETING in 0.0552940368652
2019-07-22 19:26:15.722 4357 RALLYDEBUG rally.task.utils [-] Waiting for resource s_rally_ff114c20_ijNfvVBe. Status changed: DOWNLOADING => AVAILABLE in 4.64837384224
2019-07-22 19:26:16.281 4354 RALLYDEBUG rally.task.utils [-] Waiting for resource s_rally_ff114c20_EOTUj0jg. Status changed: DOWNLOADING => AVAILABLE in 4.65330696106
2019-07-22 19:26:16.503 4357 INFO rally.task.runner [-] Task 2e2e8045-f729-4a11-a8bf-f2cc3fef7199 | ITER: 8 END: OK
2019-07-22 19:26:16.510 4357 INFO rally.task.runner [-] Task 2e2e8045-f729-4a11-a8bf-f2cc3fef7199 | ITER: 10 START
2019-07-22 19:26:16.600 4354 RALLYDEBUG rally.task.utils [-] Waiting for resource s_rally_ff114c20_EOTUj0jg. Status changed: AVAILABLE => DELETING in 0.0550558567047
2019-07-22 19:26:16.670 4355 INFO rally.task.runner [-] Task 2e2e8045-f729-4a11-a8bf-f2cc3fef7199 | ITER: 7 END: OK
2019-07-22 19:26:18.943 4354 INFO rally.task.runner [-] Task 2e2e8045-f729-4a11-a8bf-f2cc3fef7199 | ITER: 6 END: OK
2019-07-22 19:26:19.972 4356 RALLYDEBUG rally.task.utils [-] Waiting for resource s_rally_ff114c20_HYvyxI0L. Status changed: CREATING => DOWNLOADING in 7.4201529026
2019-07-22 19:26:22.328 4356 RALLYDEBUG rally.task.utils [-] Waiting for resource s_rally_ff114c20_HYvyxI0L. Status changed: DOWNLOADING => AVAILABLE in 2.35638713837
2019-07-22 19:26:23.025 4356 RALLYDEBUG rally.task.utils [-] Waiting for resource s_rally_ff114c20_HYvyxI0L. Status changed: AVAILABLE => DELETING in 0.323515892029
2019-07-22 19:26:24.154 4357 RALLYDEBUG rally.task.utils [-] Waiting for resource s_rally_ff114c20_bLuTMihw. Status changed: CREATING => DOWNLOADING in 2.83712792397
2019-07-22 19:26:25.064 4356 INFO rally.task.runner [-] Task 2e2e8045-f729-4a11-a8bf-f2cc3fef7199 | ITER: 9 END: OK
2019-07-22 19:26:28.774 4357 RALLYDEBUG rally.task.utils [-] Waiting for resource s_rally_ff114c20_bLuTMihw. Status changed: DOWNLOADING => AVAILABLE in 4.6194870472
2019-07-22 19:26:29.359 4357 RALLYDEBUG rally.task.utils [-] Waiting for resource s_rally_ff114c20_bLuTMihw. Status changed: AVAILABLE => DELETING in 0.256510019302
2019-07-22 19:26:31.670 4357 INFO rally.task.runner [-] Task 2e2e8045-f729-4a11-a8bf-f2cc3fef7199 | ITER: 10 END: OK
2019-07-22 19:26:31.694 1842 INFO rally.task.context [-] Task 2e2e8045-f729-4a11-a8bf-f2cc3fef7199 | Context cleanup@openstack cleanup() started
2019-07-22 19:26:31.696 1842 RALLYDEBUG rally_openstack.cleanup.manager [-] Cleaning up cinder backups objects
2019-07-22 19:26:33.992 1842 RALLYDEBUG rally_openstack.cleanup.manager [-] Cleaning up cinder volume_snapshots objects
2019-07-22 19:26:36.203 1842 RALLYDEBUG rally_openstack.cleanup.manager [-] Cleaning up cinder transfers objects
2019-07-22 19:26:38.386 1842 RALLYDEBUG rally_openstack.cleanup.manager [-] Cleaning up cinder volumes objects
2019-07-22 19:26:40.550 1842 INFO rally.task.context [-] Task 2e2e8045-f729-4a11-a8bf-f2cc3fef7199 | Context cleanup@openstack cleanup() finished in 8.86 sec
2019-07-22 19:26:40.551 1842 INFO rally.task.context [-] Task 2e2e8045-f729-4a11-a8bf-f2cc3fef7199 | Context quotas@openstack cleanup() started
2019-07-22 19:26:41.351 1842 INFO rally.task.context [-] Task 2e2e8045-f729-4a11-a8bf-f2cc3fef7199 | Context quotas@openstack cleanup() finished in 0.80 sec
2019-07-22 19:26:41.351 1842 INFO rally.task.context [-] Task 2e2e8045-f729-4a11-a8bf-f2cc3fef7199 | Context api_versions@openstack cleanup() started
2019-07-22 19:26:41.351 1842 INFO rally.task.context [-] Task 2e2e8045-f729-4a11-a8bf-f2cc3fef7199 | Context api_versions@openstack cleanup() finished in 0.31 msec
2019-07-22 19:26:41.352 1842 INFO rally.task.context [-] Task 2e2e8045-f729-4a11-a8bf-f2cc3fef7199 | Context users@openstack cleanup() started
2019-07-22 19:26:49.233 1842 INFO rally.task.context [-] Task 2e2e8045-f729-4a11-a8bf-f2cc3fef7199 | Context users@openstack cleanup() finished in 7.88 sec
2019-07-22 19:26:51.214 1842 INFO rally.task.engine [-] Load duration is: 58.995615
2019-07-22 19:26:51.214 1842 INFO rally.task.engine [-] Full runner duration is: 59.044053
2019-07-22 19:26:51.215 1842 INFO rally.task.engine [-] Full duration is: 84.341424
2019-07-22 19:26:51.342 1842 INFO rally.task.engine [-] Running workload: position = 2 config = { "version": 2, "title": "A cropped version of a bigger task.", "description": "Auto-generated task from a single workload (uuid=fb77e7ba-cc5f-4cac-bd84-834b758cd451)", "subtasks": [ { "title": "CinderVolumes.create_and_delete_volume", "description": "Create and then delete a volume.", "scenario": { "CinderVolumes.create_and_delete_volume": { "size": 1 } }, "contexts": { "users": { "tenants": 3, "users_per_tenant": 2 }, "quotas": { "cinder": { "gigabytes": -1, "snapshots": -1, "volumes": -1 } }, "api_versions": { "cinder": { "version": 3, "service_type": "volumev3" } } }, "runner": { "constant": { "concurrency": 4, "times": 10 } }, "hooks": [], "sla": { "failure_rate": { "max": 0 } } } ] }
2019-07-22 19:26:51.366 1842 RALLYDEBUG rally_openstack.contexts.keystone.users [-] Creating 3 tenants using 20 threads
2019-07-22 19:26:53.431 1842 RALLYDEBUG rally_openstack.contexts.keystone.users [-] Creating 6 users using 20 threads
2019-07-22 19:26:56.104 1842 INFO rally.task.context [-] Task 2e2e8045-f729-4a11-a8bf-f2cc3fef7199 | Context users@openstack setup() finished in 4.74 sec
2019-07-22 19:26:56.542 1842 INFO rally.task.context [-] Task 2e2e8045-f729-4a11-a8bf-f2cc3fef7199 | Context api_versions@openstack setup() finished in 0.44 sec
2019-07-22 19:26:58.213 1842 INFO rally.task.context [-] Task 2e2e8045-f729-4a11-a8bf-f2cc3fef7199 | Context quotas@openstack setup() finished in 1.67 sec
2019-07-22 19:26:58.213 1842 INFO rally.task.context [-] Task 2e2e8045-f729-4a11-a8bf-f2cc3fef7199 | Context cleanup@openstack setup() finished in 0.00 msec
2019-07-22 19:26:58.221 1842 RALLYDEBUG rally.task.runner [-] Starting the constant runner (task UUID: 2e2e8045-f729-4a11-a8bf-f2cc3fef7199). timeout: 0 concurrency: 4 concurrency_per_worker: 1 times: 10 concurrency_overhead: 0 processes_to_start: 4 max_cpu_used: 16
2019-07-22 19:26:58.234 4538 RALLYDEBUG rally.task.runner [-] Starting a worker. concurrency: 1 args: {"size": 1} times: 10 method_name: run timeout: 0 duration: None cls:
2019-07-22 19:26:58.238 4539 RALLYDEBUG rally.task.runner [-] Starting a worker. concurrency: 1 args: {"size": 1} times: 10 method_name: run timeout: 0 duration: None cls:
2019-07-22 19:26:58.240 4540 RALLYDEBUG rally.task.runner [-] Starting a worker. concurrency: 1 args: {"size": 1} times: 10 method_name: run timeout: 0 duration: None cls:
2019-07-22 19:26:58.242 4538 INFO rally.task.runner [-] Task 2e2e8045-f729-4a11-a8bf-f2cc3fef7199 | ITER: 1 START
2019-07-22 19:26:58.244 4541 RALLYDEBUG rally.task.runner [-] Starting a worker. concurrency: 1 args: {"size": 1} times: 10 method_name: run timeout: 0 duration: None cls:
2019-07-22 19:26:58.248 4539 INFO rally.task.runner [-] Task 2e2e8045-f729-4a11-a8bf-f2cc3fef7199 | ITER: 2 START
2019-07-22 19:26:58.248 4540 INFO rally.task.runner [-] Task 2e2e8045-f729-4a11-a8bf-f2cc3fef7199 | ITER: 3 START
2019-07-22 19:26:58.252 4541 INFO rally.task.runner [-] Task 2e2e8045-f729-4a11-a8bf-f2cc3fef7199 | ITER: 4 START
2019-07-22 19:27:02.415 4541 INFO rally.task.runner [-] Task 2e2e8045-f729-4a11-a8bf-f2cc3fef7199 | ITER: 4 END: OK
2019-07-22 19:27:02.420 4541 INFO rally.task.runner [-] Task 2e2e8045-f729-4a11-a8bf-f2cc3fef7199 | ITER: 5 START
2019-07-22 19:27:02.677 4538 RALLYDEBUG rally.task.utils [-] Waiting for resource s_rally_fb77e7ba_DdTiDU6B. Status changed: AVAILABLE => DELETING in 0.452351093292
2019-07-22 19:27:02.866 4539 RALLYDEBUG rally.task.utils [-] Waiting for resource s_rally_fb77e7ba_b4GBmSuG. Status changed: AVAILABLE => DELETING in 0.354734897614
2019-07-22 19:27:02.900 4540 RALLYDEBUG rally.task.utils [-] Waiting for resource s_rally_fb77e7ba_RZIG7EQb. Status changed: AVAILABLE => DELETING in 0.377022981644
2019-07-22 19:27:04.717 4538 INFO rally.task.runner [-] Task 2e2e8045-f729-4a11-a8bf-f2cc3fef7199 | ITER: 1 END: OK
2019-07-22 19:27:04.722 4538 INFO rally.task.runner [-] Task 2e2e8045-f729-4a11-a8bf-f2cc3fef7199 | ITER: 6 START
2019-07-22 19:27:05.162 4539 INFO rally.task.runner [-] Task 2e2e8045-f729-4a11-a8bf-f2cc3fef7199 | ITER: 2 END: OK
2019-07-22 19:27:05.169 4539 INFO rally.task.runner [-] Task 2e2e8045-f729-4a11-a8bf-f2cc3fef7199 | ITER: 7 START
2019-07-22 19:27:05.233 4540 INFO rally.task.runner [-] Task 2e2e8045-f729-4a11-a8bf-f2cc3fef7199 | ITER: 3 END: OK
2019-07-22 19:27:05.238 4540 INFO rally.task.runner [-] Task 2e2e8045-f729-4a11-a8bf-f2cc3fef7199 | ITER: 8 START
2019-07-22 19:27:06.893 4541 INFO rally.task.runner [-] Task 2e2e8045-f729-4a11-a8bf-f2cc3fef7199 | ITER: 5 END: OK
2019-07-22 19:27:06.898 4541 INFO rally.task.runner [-] Task 2e2e8045-f729-4a11-a8bf-f2cc3fef7199 | ITER: 9 START
2019-07-22 19:27:09.082 4538 INFO rally.task.runner [-] Task 2e2e8045-f729-4a11-a8bf-f2cc3fef7199 | ITER: 6 END: OK
2019-07-22 19:27:09.086 4538 INFO rally.task.runner [-] Task 2e2e8045-f729-4a11-a8bf-f2cc3fef7199 | ITER: 10 START
2019-07-22 19:27:09.411 4539 RALLYDEBUG rally.task.utils [-] Waiting for resource s_rally_fb77e7ba_wQQjsTQY. Status changed: AVAILABLE => DELETING in 0.260505199432
2019-07-22 19:27:09.423 4540 RALLYDEBUG rally.task.utils [-] Waiting for resource s_rally_fb77e7ba_P9cRjxIE. Status changed: AVAILABLE => DELETING in 0.242923974991
2019-07-22 19:27:11.167 4541 RALLYDEBUG rally.task.utils [-] Waiting for resource s_rally_fb77e7ba_Sxp4WVGQ. Status changed: AVAILABLE => DELETING in 0.238972902298
2019-07-22 19:27:11.641 4539 INFO rally.task.runner [-] Task 2e2e8045-f729-4a11-a8bf-f2cc3fef7199 | ITER: 7 END: OK
2019-07-22 19:27:11.731 4540 INFO rally.task.runner [-] Task 2e2e8045-f729-4a11-a8bf-f2cc3fef7199 | ITER: 8 END: OK
2019-07-22 19:27:13.326 4538 RALLYDEBUG rally.task.utils [-] Waiting for resource s_rally_fb77e7ba_6JzDkcgO. Status changed: AVAILABLE => DELETING in 0.241503000259
2019-07-22 19:27:13.492 4541 INFO rally.task.runner [-] Task 2e2e8045-f729-4a11-a8bf-f2cc3fef7199 | ITER: 9 END: OK
2019-07-22 19:27:15.661 4538 INFO rally.task.runner [-] Task 2e2e8045-f729-4a11-a8bf-f2cc3fef7199 | ITER: 10 END: OK
2019-07-22 19:27:15.686 1842 INFO rally.task.context [-] Task 2e2e8045-f729-4a11-a8bf-f2cc3fef7199 | Context cleanup@openstack cleanup() started
2019-07-22 19:27:15.688 1842 RALLYDEBUG rally_openstack.cleanup.manager [-] Cleaning up cinder backups objects
2019-07-22 19:27:17.798 1842 RALLYDEBUG rally_openstack.cleanup.manager [-] Cleaning up cinder volume_snapshots objects
2019-07-22 19:27:20.021 1842 RALLYDEBUG rally_openstack.cleanup.manager [-] Cleaning up cinder transfers objects
2019-07-22 19:27:22.224 1842 RALLYDEBUG rally_openstack.cleanup.manager [-] Cleaning up cinder volumes objects
2019-07-22 19:27:24.573 1842 INFO rally.task.context [-] Task 2e2e8045-f729-4a11-a8bf-f2cc3fef7199 | Context cleanup@openstack cleanup() finished in 8.89 sec
2019-07-22 19:27:24.574 1842 INFO rally.task.context [-] Task 2e2e8045-f729-4a11-a8bf-f2cc3fef7199 | Context quotas@openstack cleanup() started
2019-07-22 19:27:25.411 1842 INFO rally.task.context [-] Task 2e2e8045-f729-4a11-a8bf-f2cc3fef7199 | Context quotas@openstack cleanup() finished in 0.84 sec
2019-07-22 19:27:25.411 1842 INFO rally.task.context [-] Task 2e2e8045-f729-4a11-a8bf-f2cc3fef7199 | Context api_versions@openstack cleanup() started
2019-07-22 19:27:25.412 1842 INFO rally.task.context [-] Task 2e2e8045-f729-4a11-a8bf-f2cc3fef7199 | Context api_versions@openstack cleanup() finished in 0.32 msec
2019-07-22 19:27:25.412 1842 INFO rally.task.context [-] Task 2e2e8045-f729-4a11-a8bf-f2cc3fef7199 | Context users@openstack cleanup() started
2019-07-22 19:27:33.257 1842 INFO rally.task.context [-] Task 2e2e8045-f729-4a11-a8bf-f2cc3fef7199 | Context users@openstack cleanup() finished in 7.85 sec
2019-07-22 19:27:33.543 1842 INFO rally.task.engine [-] Load duration is: 17.414699
2019-07-22 19:27:33.544 1842 INFO rally.task.engine [-] Full runner duration is: 17.465303
2019-07-22 19:27:33.544 1842 INFO rally.task.engine [-] Full duration is: 41.895439
2019-07-22 19:27:33.758 1842 INFO rally.task.engine [-] Running workload: position = 0 config = { "version": 2, "title": "A cropped version of a bigger task.", "description": "Auto-generated task from a single workload (uuid=064d7710-469b-4fe5-a9e1-7c3ab8cd2cd2)", "subtasks": [ { "title": "CinderVolumes.create_and_extend_volume", "description": "Create and extend a volume and then delete it.", "scenario": { "CinderVolumes.create_and_extend_volume": { "new_size": 2, "size": 1 } }, "contexts": { "users": { "tenants": 3, "users_per_tenant": 2 }, "quotas": { "cinder": { "gigabytes": -1, "snapshots": -1, "volumes": -1 } }, "api_versions": { "cinder": { "version": 3, "service_type": "volumev3" } } }, "runner": { "constant": { "concurrency": 4, "times": 10 } }, "hooks": [], "sla": { "failure_rate": { "max": 0 } } } ] }
2019-07-22 19:27:33.778 1842 RALLYDEBUG rally_openstack.contexts.keystone.users [-] Creating 3 tenants using 20 threads
2019-07-22 19:27:35.779 1842 RALLYDEBUG rally_openstack.contexts.keystone.users [-] Creating 6 users using 20 threads
2019-07-22 19:27:38.529 1842 INFO rally.task.context [-] Task 2e2e8045-f729-4a11-a8bf-f2cc3fef7199 | Context users@openstack setup() finished in 4.75 sec
2019-07-22 19:27:39.107 1842 INFO rally.task.context [-] Task 2e2e8045-f729-4a11-a8bf-f2cc3fef7199 | Context api_versions@openstack setup() finished in 0.58 sec
2019-07-22 19:27:40.875 1842 INFO rally.task.context [-] Task 2e2e8045-f729-4a11-a8bf-f2cc3fef7199 | Context quotas@openstack setup() finished in 1.77 sec
2019-07-22 19:27:40.875 1842 INFO rally.task.context [-] Task 2e2e8045-f729-4a11-a8bf-f2cc3fef7199 | Context cleanup@openstack setup() finished in 0.01 msec
2019-07-22 19:27:40.883 1842 RALLYDEBUG rally.task.runner [-] Starting the constant runner (task UUID: 2e2e8045-f729-4a11-a8bf-f2cc3fef7199). timeout: 0 concurrency: 4 concurrency_per_worker: 1 times: 10 concurrency_overhead: 0 processes_to_start: 4 max_cpu_used: 16
2019-07-22 19:27:40.897 4722 RALLYDEBUG rally.task.runner [-] Starting a worker. concurrency: 1 args: {"new_size": 2, "size": 1} times: 10 method_name: run timeout: 0 duration: None cls:
2019-07-22 19:27:40.900 4723 RALLYDEBUG rally.task.runner [-] Starting a worker. concurrency: 1 args: {"new_size": 2, "size": 1} times: 10 method_name: run timeout: 0 duration: None cls:
2019-07-22 19:27:40.902 4724 RALLYDEBUG rally.task.runner [-] Starting a worker. concurrency: 1 args: {"new_size": 2, "size": 1} times: 10 method_name: run timeout: 0 duration: None cls:
2019-07-22 19:27:40.906 4722 INFO rally.task.runner [-] Task 2e2e8045-f729-4a11-a8bf-f2cc3fef7199 | ITER: 1 START
2019-07-22 19:27:40.906 4725 RALLYDEBUG rally.task.runner [-] Starting a worker. concurrency: 1 args: {"new_size": 2, "size": 1} times: 10 method_name: run timeout: 0 duration: None cls:
2019-07-22 19:27:40.908 4723 INFO rally.task.runner [-] Task 2e2e8045-f729-4a11-a8bf-f2cc3fef7199 | ITER: 2 START
2019-07-22 19:27:40.910 4724 INFO rally.task.runner [-] Task 2e2e8045-f729-4a11-a8bf-f2cc3fef7199 | ITER: 3 START
2019-07-22 19:27:40.913 4725 INFO rally.task.runner [-] Task 2e2e8045-f729-4a11-a8bf-f2cc3fef7199 | ITER: 4 START
2019-07-22 19:27:45.740 4723 INFO rally.task.runner [-] Task 2e2e8045-f729-4a11-a8bf-f2cc3fef7199 | ITER: 2 END: OK
2019-07-22 19:27:45.746 4723 INFO rally.task.runner [-] Task 2e2e8045-f729-4a11-a8bf-f2cc3fef7199 | ITER: 5 START
2019-07-22 19:27:46.305 4722 RALLYDEBUG rally.task.utils [-] Waiting for resource s_rally_064d7710_6onUr6UL. Status changed: AVAILABLE => DELETING in 0.36971616745
2019-07-22 19:27:46.317 4724 RALLYDEBUG rally.task.utils [-] Waiting for resource s_rally_064d7710_aIcs0TKR. Status changed: AVAILABLE => DELETING in 0.339408874512
2019-07-22 19:27:46.483 4725 RALLYDEBUG rally.task.utils [-] Waiting for resource s_rally_064d7710_nW8xy5Ca. Status changed: AVAILABLE => DELETING in 0.327060937881
2019-07-22 19:27:48.620 4724 INFO rally.task.runner [-] Task 2e2e8045-f729-4a11-a8bf-f2cc3fef7199 | ITER: 3 END: OK
2019-07-22 19:27:48.625 4724 INFO rally.task.runner [-] Task 2e2e8045-f729-4a11-a8bf-f2cc3fef7199 | ITER: 6 START
2019-07-22 19:27:48.629 4722 INFO rally.task.runner [-] Task 2e2e8045-f729-4a11-a8bf-f2cc3fef7199 | ITER: 1 END: OK
2019-07-22 19:27:48.634 4722 INFO rally.task.runner [-] Task 2e2e8045-f729-4a11-a8bf-f2cc3fef7199 | ITER: 7 START
2019-07-22 19:27:48.717 4725 INFO rally.task.runner [-] Task 2e2e8045-f729-4a11-a8bf-f2cc3fef7199 | ITER: 4 END: OK
2019-07-22 19:27:48.721 4725 INFO rally.task.runner [-] Task 2e2e8045-f729-4a11-a8bf-f2cc3fef7199 | ITER: 8 START
2019-07-22 19:27:51.037 4723 INFO rally.task.runner [-] Task 2e2e8045-f729-4a11-a8bf-f2cc3fef7199 | ITER: 5 END: OK
2019-07-22 19:27:51.043 4723 INFO rally.task.runner [-] Task 2e2e8045-f729-4a11-a8bf-f2cc3fef7199 | ITER: 9 START
2019-07-22 19:27:52.676 4724 RALLYDEBUG rally.task.utils [-] Waiting for resource s_rally_064d7710_tnTWroKP. Status changed: AVAILABLE => EXTENDING in 0.0568931102753
2019-07-22 19:27:53.454 4725 RALLYDEBUG rally.task.utils [-] Waiting for resource s_rally_064d7710_T1xD6GdK. Status changed: AVAILABLE => DELETING in 0.0513710975647
2019-07-22 19:27:53.708 4722 INFO rally.task.runner [-] Task 2e2e8045-f729-4a11-a8bf-f2cc3fef7199 | ITER: 7 END: OK
2019-07-22 19:27:53.714 4722 INFO rally.task.runner [-] Task 2e2e8045-f729-4a11-a8bf-f2cc3fef7199 | ITER: 10 START
2019-07-22 19:27:54.925 4724 RALLYDEBUG rally.task.utils [-] Waiting for resource s_rally_064d7710_tnTWroKP. Status changed: EXTENDING => AVAILABLE in 2.24877381325
2019-07-22 19:27:55.340 4724 INFO rally.task.runner [-] Task 2e2e8045-f729-4a11-a8bf-f2cc3fef7199 | ITER: 6 END: OK
2019-07-22 19:27:55.753 4725 INFO rally.task.runner [-] Task 2e2e8045-f729-4a11-a8bf-f2cc3fef7199 | ITER: 8 END: OK
2019-07-22 19:27:55.979 4723 INFO rally.task.runner [-] Task 2e2e8045-f729-4a11-a8bf-f2cc3fef7199 | ITER: 9 END: OK
2019-07-22 19:27:58.462 4722 INFO rally.task.runner [-] Task 2e2e8045-f729-4a11-a8bf-f2cc3fef7199 | ITER: 10 END: OK
2019-07-22 19:27:58.490 1842 INFO rally.task.context [-] Task 2e2e8045-f729-4a11-a8bf-f2cc3fef7199 | Context cleanup@openstack cleanup() started
2019-07-22 19:27:58.492 1842 RALLYDEBUG rally_openstack.cleanup.manager [-] Cleaning up cinder backups objects
2019-07-22 19:28:00.633 1842 RALLYDEBUG rally_openstack.cleanup.manager [-] Cleaning up cinder volume_snapshots objects
2019-07-22 19:28:02.822 1842 RALLYDEBUG rally_openstack.cleanup.manager [-] Cleaning up cinder transfers objects
2019-07-22 19:28:05.023 1842 RALLYDEBUG rally_openstack.cleanup.manager [-] Cleaning up cinder volumes objects
2019-07-22 19:28:07.333 1842 INFO rally.task.context [-] Task 2e2e8045-f729-4a11-a8bf-f2cc3fef7199 | Context cleanup@openstack cleanup() finished in 8.84 sec
2019-07-22 19:28:07.333 1842 INFO rally.task.context [-] Task 2e2e8045-f729-4a11-a8bf-f2cc3fef7199 | Context quotas@openstack cleanup() started
2019-07-22 19:28:08.232 1842 INFO rally.task.context [-] Task 2e2e8045-f729-4a11-a8bf-f2cc3fef7199 | Context quotas@openstack cleanup() finished in 0.90 sec
2019-07-22 19:28:08.232 1842 INFO rally.task.context [-] Task 2e2e8045-f729-4a11-a8bf-f2cc3fef7199 | Context api_versions@openstack cleanup() started
2019-07-22 19:28:08.233 1842 INFO rally.task.context [-] Task 2e2e8045-f729-4a11-a8bf-f2cc3fef7199 | Context api_versions@openstack cleanup() finished in 0.32 msec
2019-07-22 19:28:08.233 1842 INFO rally.task.context [-] Task 2e2e8045-f729-4a11-a8bf-f2cc3fef7199 | Context users@openstack cleanup() started
2019-07-22 19:28:15.935 1842 INFO rally.task.context [-] Task 2e2e8045-f729-4a11-a8bf-f2cc3fef7199 | Context users@openstack cleanup() finished in 7.70 sec
2019-07-22 19:28:16.039 1842 INFO rally.task.engine [-] Load duration is: 17.552133
2019-07-22 19:28:16.040 1842 INFO rally.task.engine [-] Full runner duration is: 17.60788
2019-07-22 19:28:16.040 1842 INFO rally.task.engine [-] Full duration is: 42.16078
2019-07-22 19:28:16.281 1842 INFO rally.task.engine [-] Running workload: position = 0 config = { "version": 2, "title": "A cropped version of a bigger task.", "description": "Auto-generated task from a single workload (uuid=524d6d20-a6f1-4e42-95a1-aa30f1d5304b)", "subtasks": [ { "title": "CinderVolumes.create_from_volume_and_delete_volume", "description": "Create volume from volume and then delete it.", "scenario": { "CinderVolumes.create_from_volume_and_delete_volume": { "size": 1 } }, "contexts": { "users": { "tenants": 3, "users_per_tenant": 2 }, "quotas": { "cinder": { "gigabytes": -1, "snapshots": -1, "volumes": -1 } }, "api_versions": { "cinder": { "version": 3, "service_type": "volumev3" } }, "volumes": { "size": 1, "volumes_per_tenant": 1 } }, "runner": { "constant": { "concurrency": 4, "times": 10 } }, "hooks": [], "sla": { "failure_rate": { "max": 0 } } } ] }
2019-07-22 19:28:16.306 1842 RALLYDEBUG rally_openstack.contexts.keystone.users [-] Creating 3 tenants using 20 threads
2019-07-22 19:28:18.228 1842 RALLYDEBUG rally_openstack.contexts.keystone.users [-] Creating 6 users using 20 threads
2019-07-22 19:28:20.956 1842 INFO rally.task.context [-] Task 2e2e8045-f729-4a11-a8bf-f2cc3fef7199 | Context users@openstack setup() finished in 4.65 sec
2019-07-22 19:28:21.384 1842 INFO rally.task.context [-] Task 2e2e8045-f729-4a11-a8bf-f2cc3fef7199 | Context api_versions@openstack setup() finished in 0.43 sec
2019-07-22 19:28:23.068 1842 INFO rally.task.context [-] Task 2e2e8045-f729-4a11-a8bf-f2cc3fef7199 | Context quotas@openstack setup() finished in 1.68 sec
2019-07-22 19:28:34.340 1842 INFO rally.task.context [-] Task 2e2e8045-f729-4a11-a8bf-f2cc3fef7199 | Context volumes@openstack setup() finished in 11.27 sec
2019-07-22 19:28:34.341 1842 INFO rally.task.context [-] Task 2e2e8045-f729-4a11-a8bf-f2cc3fef7199 | Context cleanup@openstack setup() finished in 0.00 msec
2019-07-22 19:28:34.348 1842 RALLYDEBUG rally.task.runner [-] Starting the constant runner (task UUID: 2e2e8045-f729-4a11-a8bf-f2cc3fef7199). timeout: 0 concurrency: 4 concurrency_per_worker: 1 times: 10 concurrency_overhead: 0 processes_to_start: 4 max_cpu_used: 16
2019-07-22 19:28:34.362 4906 RALLYDEBUG rally.task.runner [-] Starting a worker. concurrency: 1 args: {"size": 1} times: 10 method_name: run timeout: 0 duration: None cls:
2019-07-22 19:28:34.364 4907 RALLYDEBUG rally.task.runner [-] Starting a worker. concurrency: 1 args: {"size": 1} times: 10 method_name: run timeout: 0 duration: None cls:
2019-07-22 19:28:34.372 4908 RALLYDEBUG rally.task.runner [-] Starting a worker. concurrency: 1 args: {"size": 1} times: 10 method_name: run timeout: 0 duration: None cls:
2019-07-22 19:28:34.376 4907 INFO rally.task.runner [-] Task 2e2e8045-f729-4a11-a8bf-f2cc3fef7199 | ITER: 2 START
2019-07-22 19:28:34.377 4906 INFO rally.task.runner [-] Task 2e2e8045-f729-4a11-a8bf-f2cc3fef7199 | ITER: 1 START
2019-07-22 19:28:34.376 4909 RALLYDEBUG rally.task.runner [-] Starting a worker. concurrency: 1 args: {"size": 1} times: 10 method_name: run timeout: 0 duration: None cls:
2019-07-22 19:28:34.378 4908 INFO rally.task.runner [-] Task 2e2e8045-f729-4a11-a8bf-f2cc3fef7199 | ITER: 3 START
2019-07-22 19:28:34.385 4909 INFO rally.task.runner [-] Task 2e2e8045-f729-4a11-a8bf-f2cc3fef7199 | ITER: 4 START
2019-07-22 19:28:37.976 4907 RALLYDEBUG rally.task.utils [-] Waiting for resource s_rally_524d6d20_qhArNe8O. Status changed: CREATING => AVAILABLE in 0.509802818298
2019-07-22 19:28:38.689 4907 RALLYDEBUG rally.task.utils [-] Waiting for resource s_rally_524d6d20_qhArNe8O. Status changed: AVAILABLE => DELETING in 0.321900844574
2019-07-22 19:28:40.264 4909 RALLYDEBUG rally.task.utils [-] Waiting for resource s_rally_524d6d20_ZJIm0CwS. Status changed: CREATING => AVAILABLE in 2.73616099358
2019-07-22 19:28:40.536 4906 RALLYDEBUG rally.task.utils [-] Waiting for resource s_rally_524d6d20_Y89VB7sO. Status changed: CREATING => AVAILABLE in 2.99341988564
2019-07-22 19:28:40.800 4909 RALLYDEBUG rally.task.utils [-] Waiting for resource s_rally_524d6d20_ZJIm0CwS. Status changed: AVAILABLE => DELETING in 0.246713876724
2019-07-22 19:28:41.224 4906 RALLYDEBUG rally.task.utils [-] Waiting for resource s_rally_524d6d20_Y89VB7sO. Status changed: AVAILABLE => DELETING in 0.329411029816
2019-07-22 19:28:42.906 4908 RALLYDEBUG rally.task.utils [-] Waiting for resource s_rally_524d6d20_5CJGh43r. Status changed: CREATING => AVAILABLE in 5.29904294014
2019-07-22 19:28:43.266 4908 RALLYDEBUG rally.task.utils [-] Waiting for resource s_rally_524d6d20_5CJGh43r. Status changed: AVAILABLE => DELETING in 0.0673410892487
2019-07-22 19:28:43.359 4907 INFO rally.task.runner [-] Task 2e2e8045-f729-4a11-a8bf-f2cc3fef7199 | ITER: 2 END: OK
2019-07-22 19:28:43.365 4907 INFO rally.task.runner [-] Task 2e2e8045-f729-4a11-a8bf-f2cc3fef7199 | ITER: 5 START
2019-07-22 19:28:45.094 4909 INFO rally.task.runner [-] Task 2e2e8045-f729-4a11-a8bf-f2cc3fef7199 | ITER: 4 END: OK
2019-07-22 19:28:45.100 4909 INFO rally.task.runner [-] Task 2e2e8045-f729-4a11-a8bf-f2cc3fef7199 | ITER: 6 START
2019-07-22 19:28:45.620 4906 INFO rally.task.runner [-] Task 2e2e8045-f729-4a11-a8bf-f2cc3fef7199 | ITER: 1 END: OK
2019-07-22 19:28:45.625 4906 INFO rally.task.runner [-] Task 2e2e8045-f729-4a11-a8bf-f2cc3fef7199 | ITER: 7 START
2019-07-22 19:28:47.751 4907 RALLYDEBUG rally.task.utils [-] Waiting for resource s_rally_524d6d20_oi0PU66k. Status changed: AVAILABLE => DELETING in 0.251763105392
2019-07-22 19:28:47.840 4908 INFO rally.task.runner [-] Task 2e2e8045-f729-4a11-a8bf-f2cc3fef7199 | ITER: 3 END: OK
2019-07-22 19:28:47.846 4908 INFO rally.task.runner [-] Task 2e2e8045-f729-4a11-a8bf-f2cc3fef7199 | ITER: 8 START
2019-07-22 19:28:49.619 4909 RALLYDEBUG rally.task.utils [-] Waiting for resource s_rally_524d6d20_tTM7Ta7v. Status changed: AVAILABLE => DELETING in 0.329118013382
2019-07-22 19:28:49.993 4906 RALLYDEBUG rally.task.utils [-] Waiting for resource s_rally_524d6d20_n62guirx. Status changed: AVAILABLE => DELETING in 0.326598882675
2019-07-22 19:28:50.080 4907 INFO rally.task.runner [-] Task 2e2e8045-f729-4a11-a8bf-f2cc3fef7199 | ITER: 5 END: OK
2019-07-22 19:28:50.086 4907 INFO rally.task.runner [-] Task 2e2e8045-f729-4a11-a8bf-f2cc3fef7199 | ITER: 9 START
2019-07-22 19:28:52.160 4908 RALLYDEBUG rally.task.utils [-] Waiting for resource s_rally_524d6d20_7FrlBYf8. Status changed: AVAILABLE => DELETING in 0.260234832764
2019-07-22 19:28:54.201 4909 INFO rally.task.runner [-] Task 2e2e8045-f729-4a11-a8bf-f2cc3fef7199 | ITER: 6 END: OK
2019-07-22 19:28:54.207 4909 INFO rally.task.runner [-] Task 2e2e8045-f729-4a11-a8bf-f2cc3fef7199 | ITER: 10 START
2019-07-22 19:28:54.278 4906 INFO rally.task.runner [-] Task 2e2e8045-f729-4a11-a8bf-f2cc3fef7199 | ITER: 7 END: OK
2019-07-22 19:28:55.921 4907 RALLYDEBUG rally.task.utils [-] Waiting for resource s_rally_524d6d20_UMvEsnwe. Status changed: CREATING => AVAILABLE in 2.85070514679
2019-07-22 19:28:56.567 4907 RALLYDEBUG rally.task.utils [-] Waiting for resource s_rally_524d6d20_UMvEsnwe. Status changed: AVAILABLE => DELETING in 0.359488964081
2019-07-22 19:28:56.752 4908 INFO rally.task.runner [-] Task 2e2e8045-f729-4a11-a8bf-f2cc3fef7199 | ITER: 8 END: OK
2019-07-22 19:28:58.621 4909 RALLYDEBUG rally.task.utils [-] Waiting for resource s_rally_524d6d20_JY2bD6Mt. Status changed: AVAILABLE => DELETING in 0.342613220215
2019-07-22 19:28:58.806 4907 INFO rally.task.runner [-] Task 2e2e8045-f729-4a11-a8bf-f2cc3fef7199 | ITER: 9 END: OK
2019-07-22 19:29:01.036 4909 INFO rally.task.runner [-] Task 2e2e8045-f729-4a11-a8bf-f2cc3fef7199 | ITER: 10 END: OK
2019-07-22 19:29:01.067 1842 INFO rally.task.context [-] Task 2e2e8045-f729-4a11-a8bf-f2cc3fef7199 | Context cleanup@openstack cleanup() started
2019-07-22 19:29:01.069 1842 RALLYDEBUG rally_openstack.cleanup.manager [-] Cleaning up cinder backups objects
2019-07-22 19:29:03.151 1842 RALLYDEBUG rally_openstack.cleanup.manager [-] Cleaning up cinder volume_snapshots objects
2019-07-22 19:29:05.363 1842 RALLYDEBUG rally_openstack.cleanup.manager [-] Cleaning up cinder transfers objects
2019-07-22 19:29:07.528 1842 RALLYDEBUG rally_openstack.cleanup.manager [-] Cleaning up cinder volumes objects
2019-07-22 19:29:09.648 1842 INFO rally.task.context [-] Task 2e2e8045-f729-4a11-a8bf-f2cc3fef7199 | Context cleanup@openstack cleanup() finished in 8.58 sec
2019-07-22 19:29:09.648 1842 INFO rally.task.context [-] Task 2e2e8045-f729-4a11-a8bf-f2cc3fef7199 | Context volumes@openstack cleanup() started
2019-07-22 19:29:09.649 1842 RALLYDEBUG rally_openstack.cleanup.manager [-] Cleaning up cinder volumes objects
2019-07-22 19:29:11.890 1842 RALLYDEBUG rally_openstack.cleanup.manager [-] Deleting cinder.volumes object c_rally_524d6d20_vdos9tBI (7392a305-6380-4b63-9547-2c388116ec37)
2019-07-22 19:29:11.895 1842 RALLYDEBUG rally_openstack.cleanup.manager [-] Deleting cinder.volumes object c_rally_524d6d20_REqcJa0t (f08f1d74-88db-499b-94a6-cde7b9757428)
2019-07-22 19:29:11.900 1842 RALLYDEBUG rally_openstack.cleanup.manager [-] Deleting cinder.volumes object c_rally_524d6d20_u9XIBopE (b61bc4bf-dcd4-4e04-92bb-4ed2d7dc351d)
2019-07-22 19:29:15.392 1842 INFO rally.task.context [-] Task 2e2e8045-f729-4a11-a8bf-f2cc3fef7199 | Context volumes@openstack cleanup() finished in 5.74 sec
2019-07-22 19:29:15.392 1842 INFO rally.task.context [-] Task 2e2e8045-f729-4a11-a8bf-f2cc3fef7199 | Context quotas@openstack cleanup() started
2019-07-22 19:29:16.369 1842 INFO rally.task.context [-] Task 2e2e8045-f729-4a11-a8bf-f2cc3fef7199 | Context quotas@openstack cleanup() finished in 0.98 sec
2019-07-22 19:29:16.370 1842 INFO rally.task.context [-] Task 2e2e8045-f729-4a11-a8bf-f2cc3fef7199 | Context api_versions@openstack cleanup() started
2019-07-22 19:29:16.370 1842 INFO rally.task.context [-] Task 2e2e8045-f729-4a11-a8bf-f2cc3fef7199 | Context api_versions@openstack cleanup() finished in 0.31 msec
2019-07-22 19:29:16.370 1842 INFO rally.task.context [-] Task 2e2e8045-f729-4a11-a8bf-f2cc3fef7199 | Context users@openstack cleanup() started
2019-07-22 19:29:24.282 1842 INFO rally.task.context [-] Task 2e2e8045-f729-4a11-a8bf-f2cc3fef7199 | Context users@openstack cleanup() finished in 7.91 sec
2019-07-22 19:29:24.574 1842 INFO rally.task.engine [-] Load duration is: 26.656062
2019-07-22 19:29:24.574 1842 INFO rally.task.engine [-] Full runner duration is: 26.718822
2019-07-22 19:29:24.575 1842 INFO rally.task.engine [-] Full duration is: 67.981032
2019-07-22 19:29:24.812 1842 INFO rally.task.engine [-] Running workload: position = 0 config = { "version": 2, "title": "A cropped version of a bigger task.", "description": "Auto-generated task from a single workload (uuid=a3865928-2ce5-4de9-9837-5f5f6b75d60b)", "subtasks": [ { "title": "CinderQos.create_and_get_qos", "description": "Create a qos, then get details of the qos.", "scenario": { "CinderQos.create_and_get_qos": { "consumer": "both", "write_iops_sec": "10", "read_iops_sec": "1000" } }, "contexts": { "users": { "tenants": 3, "users_per_tenant": 2 }, "api_versions": { "cinder": { "version": 3, "service_type": "volumev3" } } }, "runner": { "constant": { "concurrency": 4, "times": 10 } }, "hooks": [], "sla": { "failure_rate": { "max": 0 } } } ] }
2019-07-22 19:29:24.835 1842 RALLYDEBUG rally_openstack.contexts.keystone.users [-] Creating 3 tenants using 20 threads
2019-07-22 19:29:26.725 1842 RALLYDEBUG rally_openstack.contexts.keystone.users [-] Creating 6 users using 20 threads
2019-07-22 19:29:29.486 1842 INFO rally.task.context [-] Task 2e2e8045-f729-4a11-a8bf-f2cc3fef7199 | Context users@openstack setup() finished in 4.65 sec
2019-07-22 19:29:29.907 1842 INFO rally.task.context [-] Task 2e2e8045-f729-4a11-a8bf-f2cc3fef7199 | Context api_versions@openstack setup() finished in 0.42 sec
2019-07-22 19:29:29.907 1842 INFO rally.task.context [-] Task 2e2e8045-f729-4a11-a8bf-f2cc3fef7199 | Context admin_cleanup@openstack setup() finished in 0.01 msec
2019-07-22 19:29:29.915 1842 RALLYDEBUG rally.task.runner [-] Starting the constant runner (task UUID: 2e2e8045-f729-4a11-a8bf-f2cc3fef7199). timeout: 0 concurrency: 4 concurrency_per_worker: 1 times: 10 concurrency_overhead: 0 processes_to_start: 4 max_cpu_used: 16
2019-07-22 19:29:29.928 5110 RALLYDEBUG rally.task.runner [-] Starting a worker. concurrency: 1 args: {"consumer": "both", "write_iops_sec": "10", "read_iops_sec": "1000"} times: 10 method_name: run timeout: 0 duration: None cls:
2019-07-22 19:29:29.930 5111 RALLYDEBUG rally.task.runner [-] Starting a worker. concurrency: 1 args: {"consumer": "both", "write_iops_sec": "10", "read_iops_sec": "1000"} times: 10 method_name: run timeout: 0 duration: None cls:
2019-07-22 19:29:29.934 5112 RALLYDEBUG rally.task.runner [-] Starting a worker. concurrency: 1 args: {"consumer": "both", "write_iops_sec": "10", "read_iops_sec": "1000"} times: 10 method_name: run timeout: 0 duration: None cls:
2019-07-22 19:29:29.936 5110 INFO rally.task.runner [-] Task 2e2e8045-f729-4a11-a8bf-f2cc3fef7199 | ITER: 1 START
2019-07-22 19:29:29.937 5113 RALLYDEBUG rally.task.runner [-] Starting a worker. concurrency: 1 args: {"consumer": "both", "write_iops_sec": "10", "read_iops_sec": "1000"} times: 10 method_name: run timeout: 0 duration: None cls:
2019-07-22 19:29:29.938 5111 INFO rally.task.runner [-] Task 2e2e8045-f729-4a11-a8bf-f2cc3fef7199 | ITER: 2 START
2019-07-22 19:29:29.941 5112 INFO rally.task.runner [-] Task 2e2e8045-f729-4a11-a8bf-f2cc3fef7199 | ITER: 3 START
2019-07-22 19:29:29.944 5113 INFO rally.task.runner [-] Task 2e2e8045-f729-4a11-a8bf-f2cc3fef7199 | ITER: 4 START
2019-07-22 19:29:30.983 5110 INFO rally.task.runner [-] Task 2e2e8045-f729-4a11-a8bf-f2cc3fef7199 | ITER: 1 END: OK
2019-07-22 19:29:30.987 5110 INFO rally.task.runner [-] Task 2e2e8045-f729-4a11-a8bf-f2cc3fef7199 | ITER: 5 START
2019-07-22 19:29:31.006 5113 INFO rally.task.runner [-] Task 2e2e8045-f729-4a11-a8bf-f2cc3fef7199 | ITER: 4 END: OK
2019-07-22 19:29:31.012 5113 INFO rally.task.runner [-] Task 2e2e8045-f729-4a11-a8bf-f2cc3fef7199 | ITER: 6 START
2019-07-22 19:29:31.018 5111 INFO rally.task.runner [-] Task 2e2e8045-f729-4a11-a8bf-f2cc3fef7199 | ITER: 2 END: OK
2019-07-22 19:29:31.024 5111 INFO rally.task.runner [-] Task 2e2e8045-f729-4a11-a8bf-f2cc3fef7199 | ITER: 7 START
2019-07-22 19:29:31.026 5112 INFO rally.task.runner [-] Task 2e2e8045-f729-4a11-a8bf-f2cc3fef7199 | ITER: 3 END: OK
2019-07-22 19:29:31.031 5112 INFO rally.task.runner [-] Task 2e2e8045-f729-4a11-a8bf-f2cc3fef7199 | ITER: 8 START
2019-07-22 19:29:32.064 5113 INFO rally.task.runner [-] Task 2e2e8045-f729-4a11-a8bf-f2cc3fef7199 | ITER: 6 END: OK
2019-07-22 19:29:32.068 5113 INFO rally.task.runner [-] Task 2e2e8045-f729-4a11-a8bf-f2cc3fef7199 | ITER: 9 START
2019-07-22 19:29:32.087 5111 INFO rally.task.runner [-] Task 2e2e8045-f729-4a11-a8bf-f2cc3fef7199 | ITER: 7 END: OK
2019-07-22 19:29:32.090 5111 INFO rally.task.runner [-] Task 2e2e8045-f729-4a11-a8bf-f2cc3fef7199 | ITER: 10 START
2019-07-22 19:29:32.143 5112 INFO rally.task.runner [-] Task 2e2e8045-f729-4a11-a8bf-f2cc3fef7199 | ITER: 8 END: OK
2019-07-22 19:29:32.158 5110 INFO rally.task.runner [-] Task 2e2e8045-f729-4a11-a8bf-f2cc3fef7199 | ITER: 5 END: OK
2019-07-22 19:29:33.102 5111 INFO rally.task.runner [-] Task 2e2e8045-f729-4a11-a8bf-f2cc3fef7199 | ITER: 10 END: OK
2019-07-22 19:29:33.135 5113 INFO rally.task.runner [-] Task 2e2e8045-f729-4a11-a8bf-f2cc3fef7199 | ITER: 9 END: OK
2019-07-22 19:29:33.163 1842 INFO rally.task.context [-] Task 2e2e8045-f729-4a11-a8bf-f2cc3fef7199 | Context admin_cleanup@openstack cleanup() started
2019-07-22 19:29:33.165 1842 RALLYDEBUG rally_openstack.cleanup.manager [-] Cleaning up cinder volume_types objects
2019-07-22 19:29:33.841 1842 RALLYDEBUG rally_openstack.cleanup.manager [-] Cleaning up cinder image_volumes_cache objects
2019-07-22 19:29:35.223 1842 RALLYDEBUG rally_openstack.cleanup.manager [-] Cleaning up cinder quotas objects
2019-07-22 19:29:37.032 1842 RALLYDEBUG rally_openstack.cleanup.manager [-] Cleaning up cinder qos_specs objects
2019-07-22 19:29:37.777 1842 RALLYDEBUG rally_openstack.cleanup.manager [-] Deleting cinder.qos_specs object s_rally_a3865928_aX4V4eNF (a447e7c8-be14-4c6d-80ef-5a88d5f3a037)
2019-07-22 19:29:37.781 1842 RALLYDEBUG rally_openstack.cleanup.manager [-] Deleting cinder.qos_specs object s_rally_a3865928_pQgqCBP2 (90cc73f3-98f6-494a-aa4f-3830d44b9d5d)
2019-07-22 19:29:37.791 1842 RALLYDEBUG rally_openstack.cleanup.manager [-] Deleting cinder.qos_specs object s_rally_a3865928_SFTxt5N0 (eb8ec001-4c64-4b67-9a5f-475dd43e2a1c)
2019-07-22 19:29:37.800 1842 RALLYDEBUG rally_openstack.cleanup.manager [-] Deleting cinder.qos_specs object s_rally_a3865928_h6CnkSaN (d870d4e6-24cc-4d09-9ccf-08035e5cba83)
2019-07-22 19:29:37.804 1842 RALLYDEBUG rally_openstack.cleanup.manager [-] Deleting cinder.qos_specs object s_rally_a3865928_ZttUNvy0 (d170c0a4-c0a5-4120-b52e-ecbf81f0f046)
2019-07-22 19:29:37.815 1842 RALLYDEBUG rally_openstack.cleanup.manager [-] Deleting cinder.qos_specs object s_rally_a3865928_IYex1IVc (20df9647-24d7-4f3e-8273-c60e514da6e9)
2019-07-22 19:29:37.825 1842 RALLYDEBUG rally_openstack.cleanup.manager [-] Deleting cinder.qos_specs object s_rally_a3865928_tbj9089M (c2587d6a-cce0-4f44-bc91-b7742891a5ab)
2019-07-22 19:29:37.831 1842 RALLYDEBUG rally_openstack.cleanup.manager [-] Deleting cinder.qos_specs object s_rally_a3865928_xwpWdFoa (372bcbda-0115-412e-982a-50d5eda7ff77)
2019-07-22 19:29:37.847 1842 RALLYDEBUG rally_openstack.cleanup.manager [-] Deleting cinder.qos_specs object s_rally_a3865928_Ki5IQp4g (13c1c473-cc25-499d-84f7-e5c16dc5c650)
2019-07-22 19:29:37.848 1842 RALLYDEBUG rally_openstack.cleanup.manager [-] Deleting cinder.qos_specs object s_rally_a3865928_bEC6skG2 (0c11a8f5-2359-4a76-a08b-ca33b6d17665)
2019-07-22 19:29:40.289 1842 INFO rally.task.context [-] Task 2e2e8045-f729-4a11-a8bf-f2cc3fef7199 | Context admin_cleanup@openstack cleanup() finished in 7.13 sec
2019-07-22 19:29:40.289 1842 INFO rally.task.context [-] Task 2e2e8045-f729-4a11-a8bf-f2cc3fef7199 | Context api_versions@openstack cleanup() started
2019-07-22 19:29:40.290 1842 INFO rally.task.context [-] Task 2e2e8045-f729-4a11-a8bf-f2cc3fef7199 | Context api_versions@openstack cleanup() finished in 0.34 msec
2019-07-22 19:29:40.290 1842 INFO rally.task.context [-] Task 2e2e8045-f729-4a11-a8bf-f2cc3fef7199 | Context users@openstack cleanup() started
2019-07-22 19:29:48.533 1842 INFO rally.task.context [-] Task 2e2e8045-f729-4a11-a8bf-f2cc3fef7199 | Context users@openstack cleanup() finished in 8.24 sec
2019-07-22 19:29:48.945 1842 INFO rally.task.engine [-] Load duration is: 3.193851
2019-07-22 19:29:48.945 1842 INFO rally.task.engine [-] Full runner duration is: 3.248789
2019-07-22 19:29:48.946 1842 INFO rally.task.engine [-] Full duration is: 23.700485
2019-07-22 19:29:49.154 1842 INFO rally.task.engine [-] Running workload: position = 0 config = { "version": 2, "title": "A cropped version of a bigger task.", "description": "Auto-generated task from a single workload (uuid=6694f763-876a-4e19-ac9e-9a52e5760794)", "subtasks": [ { "title": "CinderQos.create_and_list_qos", "description": "Create a qos, then list all qos.", "scenario": { "CinderQos.create_and_list_qos": { "consumer": "both", "write_iops_sec": "10", "read_iops_sec": "1000" } }, "contexts": { "users": { "tenants": 3, "users_per_tenant": 2 }, "api_versions": { "cinder": { "version": 3, "service_type": "volumev3" } } }, "runner": { "constant": { "concurrency": 4, "times": 10 } }, "hooks": [], "sla": { "failure_rate": { "max": 0 } } } ] }
2019-07-22 19:29:49.173 1842 RALLYDEBUG rally_openstack.contexts.keystone.users [-] Creating 3 tenants using 20 threads
2019-07-22 19:29:51.096 1842 RALLYDEBUG rally_openstack.contexts.keystone.users [-] Creating 6 users using 20 threads
2019-07-22 19:29:53.956 1842 INFO rally.task.context [-] Task 2e2e8045-f729-4a11-a8bf-f2cc3fef7199 | Context users@openstack setup() finished in 4.78 sec
2019-07-22 19:29:54.396 1842 INFO rally.task.context [-] Task 2e2e8045-f729-4a11-a8bf-f2cc3fef7199 | Context api_versions@openstack setup() finished in 0.44 sec
2019-07-22 19:29:54.397 1842 INFO rally.task.context [-] Task 2e2e8045-f729-4a11-a8bf-f2cc3fef7199 | Context admin_cleanup@openstack setup() finished in 0.01 msec
2019-07-22 19:29:54.404 1842 RALLYDEBUG rally.task.runner [-] Starting the constant runner (task UUID: 2e2e8045-f729-4a11-a8bf-f2cc3fef7199). timeout: 0 concurrency: 4 concurrency_per_worker: 1 times: 10 concurrency_overhead: 0 processes_to_start: 4 max_cpu_used: 16
2019-07-22 19:29:54.416 5294 RALLYDEBUG rally.task.runner [-] Starting a worker. concurrency: 1 args: {"consumer": "both", "write_iops_sec": "10", "read_iops_sec": "1000"} times: 10 method_name: run timeout: 0 duration: None cls:
2019-07-22 19:29:54.421 5295 RALLYDEBUG rally.task.runner [-] Starting a worker. concurrency: 1 args: {"consumer": "both", "write_iops_sec": "10", "read_iops_sec": "1000"} times: 10 method_name: run timeout: 0 duration: None cls:
2019-07-22 19:29:54.422 5296 RALLYDEBUG rally.task.runner [-] Starting a worker. concurrency: 1 args: {"consumer": "both", "write_iops_sec": "10", "read_iops_sec": "1000"} times: 10 method_name: run timeout: 0 duration: None cls:
2019-07-22 19:29:54.424 5294 INFO rally.task.runner [-] Task 2e2e8045-f729-4a11-a8bf-f2cc3fef7199 | ITER: 1 START
2019-07-22 19:29:54.426 5297 RALLYDEBUG rally.task.runner [-] Starting a worker. concurrency: 1 args: {"consumer": "both", "write_iops_sec": "10", "read_iops_sec": "1000"} times: 10 method_name: run timeout: 0 duration: None cls:
2019-07-22 19:29:54.428 5295 INFO rally.task.runner [-] Task 2e2e8045-f729-4a11-a8bf-f2cc3fef7199 | ITER: 2 START
2019-07-22 19:29:54.430 5296 INFO rally.task.runner [-] Task 2e2e8045-f729-4a11-a8bf-f2cc3fef7199 | ITER: 3 START
2019-07-22 19:29:54.433 5297 INFO rally.task.runner [-] Task 2e2e8045-f729-4a11-a8bf-f2cc3fef7199 | ITER: 4 START
2019-07-22 19:29:55.487 5295 INFO rally.task.runner [-] Task 2e2e8045-f729-4a11-a8bf-f2cc3fef7199 | ITER: 2 END: OK
2019-07-22 19:29:55.492 5295 INFO rally.task.runner [-] Task 2e2e8045-f729-4a11-a8bf-f2cc3fef7199 | ITER: 5 START
2019-07-22 19:29:55.503 5294 INFO rally.task.runner [-] Task 2e2e8045-f729-4a11-a8bf-f2cc3fef7199 | ITER: 1 END: OK
2019-07-22 19:29:55.509 5294 INFO rally.task.runner [-] Task 2e2e8045-f729-4a11-a8bf-f2cc3fef7199 | ITER: 6 START
2019-07-22 19:29:55.526 5296 INFO rally.task.runner [-] Task 2e2e8045-f729-4a11-a8bf-f2cc3fef7199 | ITER: 3 END: OK
2019-07-22 19:29:55.531 5296 INFO rally.task.runner [-] Task 2e2e8045-f729-4a11-a8bf-f2cc3fef7199 | ITER: 7 START
2019-07-22 19:29:55.539 5297 INFO rally.task.runner [-] Task 2e2e8045-f729-4a11-a8bf-f2cc3fef7199 | ITER: 4 END: OK
2019-07-22 19:29:55.543 5297 INFO rally.task.runner [-] Task 2e2e8045-f729-4a11-a8bf-f2cc3fef7199 | ITER: 8 START
2019-07-22 19:29:56.488 5296 INFO rally.task.runner [-] Task 2e2e8045-f729-4a11-a8bf-f2cc3fef7199 | ITER: 7 END: OK
2019-07-22 19:29:56.493 5296 INFO rally.task.runner [-] Task 2e2e8045-f729-4a11-a8bf-f2cc3fef7199 | ITER: 9 START
2019-07-22 19:29:56.530 5297 INFO rally.task.runner [-] Task 2e2e8045-f729-4a11-a8bf-f2cc3fef7199 | ITER: 8 END: OK
2019-07-22 19:29:56.535 5297 INFO rally.task.runner [-] Task 2e2e8045-f729-4a11-a8bf-f2cc3fef7199 | ITER: 10 START
2019-07-22 19:29:56.545 5295 INFO rally.task.runner [-] Task 2e2e8045-f729-4a11-a8bf-f2cc3fef7199 | ITER: 5 END: OK
2019-07-22 19:29:56.593 5294 INFO rally.task.runner [-] Task 2e2e8045-f729-4a11-a8bf-f2cc3fef7199 | ITER: 6 END: OK
2019-07-22 19:29:57.599 5296 INFO rally.task.runner [-] Task 2e2e8045-f729-4a11-a8bf-f2cc3fef7199 | ITER: 9 END: OK
