2019-07-22 09:24:50.895 22697 RALLYDEBUG rally.api [-] INFO logs from urllib3 and requests module are hide.
2019-07-22 09:24:50.895 22697 RALLYDEBUG rally.api [-] urllib3 insecure warnings are hidden.
2019-07-22 09:24:50.895 22697 RALLYDEBUG rally.api [-] ERROR log from boto module is hide.
2019-07-22 09:24:53.031 22699 RALLYDEBUG rally.api [-] INFO logs from urllib3 and requests module are hide.
2019-07-22 09:24:53.031 22699 RALLYDEBUG rally.api [-] urllib3 insecure warnings are hidden.
2019-07-22 09:24:53.031 22699 RALLYDEBUG rally.api [-] ERROR log from boto module is hide.
2019-07-22 09:24:54.178 22699 WARNING rally_openstack.platforms.existing [-] endpoint is deprecated and not used.
2019-07-22 09:24:55.074 22701 RALLYDEBUG rally.api [-] INFO logs from urllib3 and requests module are hide.
2019-07-22 09:24:55.075 22701 RALLYDEBUG rally.api [-] urllib3 insecure warnings are hidden.
2019-07-22 09:24:55.075 22701 RALLYDEBUG rally.api [-] ERROR log from boto module is hide.
2019-07-22 09:24:58.306 22704 RALLYDEBUG rally.api [-] INFO logs from urllib3 and requests module are hide.
2019-07-22 09:24:58.306 22704 RALLYDEBUG rally.api [-] urllib3 insecure warnings are hidden.
2019-07-22 09:24:58.306 22704 RALLYDEBUG rally.api [-] ERROR log from boto module is hide.
2019-07-22 09:25:00.231 22706 RALLYDEBUG rally.api [-] INFO logs from urllib3 and requests module are hide.
2019-07-22 09:25:00.231 22706 RALLYDEBUG rally.api [-] urllib3 insecure warnings are hidden.
2019-07-22 09:25:00.231 22706 RALLYDEBUG rally.api [-] ERROR log from boto module is hide.
2019-07-22 09:25:01.421 22706 INFO rally.common.plugin.discover [-] Loading plugins from directories /root/.rally/plugins/*
2019-07-22 09:25:01.422 22706 INFO rally.common.plugin.discover [-] Loaded module with plugins: /root/.rally/plugins/__init__.py
2019-07-22 09:25:01.424 22706 INFO rally.common.plugin.discover [-] Loaded module with plugins: /root/.rally/plugins/trunk_scenario.py
2019-07-22 09:25:01.634 22706 INFO rally.task.engine [-] Task 10cefb84-bd4c-4561-9442-fef18db74fae | Starting: Task validation.
2019-07-22 09:25:01.686 22706 INFO rally.task.engine [-] Task 10cefb84-bd4c-4561-9442-fef18db74fae | Starting: Task validation of syntax.
2019-07-22 09:25:01.894 22706 INFO rally.task.engine [-] Task 10cefb84-bd4c-4561-9442-fef18db74fae | Completed: Task validation of syntax.
2019-07-22 09:25:01.894 22706 INFO rally.task.engine [-] Task 10cefb84-bd4c-4561-9442-fef18db74fae | Starting: Task validation of required platforms.
2019-07-22 09:25:01.952 22706 INFO rally.task.engine [-] Task 10cefb84-bd4c-4561-9442-fef18db74fae | Completed: Task validation of required platforms.
2019-07-22 09:25:01.952 22706 INFO rally.task.engine [-] Task 10cefb84-bd4c-4561-9442-fef18db74fae | Starting: Task validation of semantic.
2019-07-22 09:25:01.952 22706 INFO rally.task.engine [-] Check health of the environment 'ba6589c6-9872-4b36-9dd3-d541098d9566'.
2019-07-22 09:25:02.775 22706 INFO rally.task.engine [-] Platform existing@openstack (available: True): OK!
2019-07-22 09:25:02.792 22706 RALLYDEBUG rally_openstack.contexts.keystone.users [-] Creating 1 tenants using 20 threads
2019-07-22 09:25:04.492 22706 RALLYDEBUG rally_openstack.contexts.keystone.users [-] Creating 1 users using 20 threads
2019-07-22 09:25:07.110 22706 INFO rally.task.context [-] Task 10cefb84-bd4c-4561-9442-fef18db74fae | Context users@openstack setup() finished in 4.32 sec
2019-07-22 09:25:13.248 22706 INFO rally.task.context [-] Task 10cefb84-bd4c-4561-9442-fef18db74fae | Context users@openstack cleanup() started
2019-07-22 09:25:17.706 22706 INFO rally.task.context [-] Task 10cefb84-bd4c-4561-9442-fef18db74fae | Context users@openstack cleanup() finished in 4.46 sec
2019-07-22 09:25:17.707 22706 INFO rally.task.engine [-] Task 10cefb84-bd4c-4561-9442-fef18db74fae | Completed: Task validation of semantic.
2019-07-22 09:25:17.709 22706 INFO rally.task.engine [-] Task 10cefb84-bd4c-4561-9442-fef18db74fae | Completed: Task validation.
2019-07-22 09:25:17.710 22706 INFO rally.api [-] Task 10cefb84-bd4c-4561-9442-fef18db74fae input file is valid.
2019-07-22 09:25:17.710 22706 INFO rally.api [-] Run Task 10cefb84-bd4c-4561-9442-fef18db74fae against Deployment ba6589c6-9872-4b36-9dd3-d541098d9566
2019-07-22 09:25:17.711 22706 INFO rally.task.engine [-] Task 10cefb84-bd4c-4561-9442-fef18db74fae | Starting: Running task.
2019-07-22 09:25:17.881 22706 INFO rally.task.engine [-] Running workload: position = 0 config = { "version": 2, "title": "A cropped version of a bigger task.", "description": "Auto-generated task from a single workload (uuid=aea5df6b-9259-48e6-87bc-b2052288c4b9)", "subtasks": [ { "title": "NeutronNetworks.create_and_list_networks", "description": "Check performance of list_networks action and ensure > network quotas are not exceeded", "scenario": { "NeutronNetworks.create_and_list_networks": {} }, "contexts": { "users": { "tenants": 1, "users_per_tenant": 1 }, "quotas": { "neutron": { "network": 119 } } }, "runner": { "constant": { "times": 100, "concurrency": 20 } }, "hooks": [], "sla": { "max_avg_duration_per_atomic": { "neutron.list_networks": 15 }, "failure_rate": { "max": 0 } } } ] }
2019-07-22 09:25:17.904 22706 RALLYDEBUG rally_openstack.contexts.keystone.users [-] Creating 1 tenants using 20 threads
2019-07-22 09:25:19.571 22706 RALLYDEBUG rally_openstack.contexts.keystone.users [-] Creating 1 users using 20 threads
2019-07-22 09:25:21.995 22706 INFO rally.task.context [-] Task 10cefb84-bd4c-4561-9442-fef18db74fae | Context users@openstack setup() finished in 4.09 sec
2019-07-22 09:25:22.718 22706 INFO rally.task.context [-] Task 10cefb84-bd4c-4561-9442-fef18db74fae | Context quotas@openstack setup() finished in 0.72 sec
2019-07-22 09:25:22.718 22706 INFO rally.task.context [-] Task 10cefb84-bd4c-4561-9442-fef18db74fae | Context cleanup@openstack setup() finished in 0.03 msec
2019-07-22 09:25:22.725 22706 RALLYDEBUG rally.task.runner [-] Starting the constant runner (task UUID: 10cefb84-bd4c-4561-9442-fef18db74fae). timeout: 0 concurrency: 20 concurrency_per_worker: 1 times: 100 concurrency_overhead: 4 processes_to_start: 16 max_cpu_used: 16
2019-07-22 09:25:22.740 22830 RALLYDEBUG rally.task.runner [-] Starting a worker. concurrency: 2 args: {} times: 100 method_name: run timeout: 0 duration: None cls:
2019-07-22 09:25:22.743 22831 RALLYDEBUG rally.task.runner [-] Starting a worker. concurrency: 2 args: {} times: 100 method_name: run timeout: 0 duration: None cls:
2019-07-22 09:25:22.745 22832 RALLYDEBUG rally.task.runner [-] Starting a worker. concurrency: 2 args: {} times: 100 method_name: run timeout: 0 duration: None cls:
2019-07-22 09:25:22.748 22833 RALLYDEBUG rally.task.runner [-] Starting a worker. concurrency: 2 args: {} times: 100 method_name: run timeout: 0 duration: None cls:
2019-07-22 09:25:22.750 22830 INFO rally.task.runner [-] Task 10cefb84-bd4c-4561-9442-fef18db74fae | ITER: 1 START
2019-07-22 09:25:22.750 22836 RALLYDEBUG rally.task.runner [-] Starting a worker. concurrency: 1 args: {} times: 100 method_name: run timeout: 0 duration: None cls:
2019-07-22 09:25:22.750 22831 INFO rally.task.runner [-] Task 10cefb84-bd4c-4561-9442-fef18db74fae | ITER: 2 START
2019-07-22 09:25:22.754 22838 RALLYDEBUG rally.task.runner [-] Starting a worker. concurrency: 1 args: {} times: 100 method_name: run timeout: 0 duration: None cls:
2019-07-22 09:25:22.755 22832 INFO rally.task.runner [-] Task 10cefb84-bd4c-4561-9442-fef18db74fae | ITER: 4 START
2019-07-22 09:25:22.754 22836 INFO rally.task.runner [-] Task 10cefb84-bd4c-4561-9442-fef18db74fae | ITER: 8 START
2019-07-22 09:25:22.757 22833 INFO rally.task.runner [-] Task 10cefb84-bd4c-4561-9442-fef18db74fae | ITER: 6 START
2019-07-22 09:25:22.759 22842 RALLYDEBUG rally.task.runner [-] Starting a worker. concurrency: 1 args: {} times: 100 method_name: run timeout: 0 duration: None cls:
2019-07-22 09:25:22.761 22832 INFO rally.task.runner [-] Task 10cefb84-bd4c-4561-9442-fef18db74fae | ITER: 7 START
2019-07-22 09:25:22.761 22848 RALLYDEBUG rally.task.runner [-] Starting a worker. concurrency: 1 args: {} times: 100 method_name: run timeout: 0 duration: None cls:
2019-07-22 09:25:22.763 22830 INFO rally.task.runner [-] Task 10cefb84-bd4c-4561-9442-fef18db74fae | ITER: 3 START
2019-07-22 09:25:22.763 22849 RALLYDEBUG rally.task.runner [-] Starting a worker. concurrency: 1 args: {} times: 100 method_name: run timeout: 0 duration: None cls:
2019-07-22 09:25:22.768 22831 INFO rally.task.runner [-] Task 10cefb84-bd4c-4561-9442-fef18db74fae | ITER: 5 START
2019-07-22 09:25:22.768 22842 INFO rally.task.runner [-] Task 10cefb84-bd4c-4561-9442-fef18db74fae | ITER: 11 START
2019-07-22 09:25:22.769 22833 INFO rally.task.runner [-] Task 10cefb84-bd4c-4561-9442-fef18db74fae | ITER: 9 START
2019-07-22 09:25:22.769 22852 RALLYDEBUG rally.task.runner [-] Starting a worker. concurrency: 1 args: {} times: 100 method_name: run timeout: 0 duration: None cls:
2019-07-22 09:25:22.771 22838 INFO rally.task.runner [-] Task 10cefb84-bd4c-4561-9442-fef18db74fae | ITER: 10 START
2019-07-22 09:25:22.772 22848 INFO rally.task.runner [-] Task 10cefb84-bd4c-4561-9442-fef18db74fae | ITER: 12 START
2019-07-22 09:25:22.772 22854 RALLYDEBUG rally.task.runner [-] Starting a worker. concurrency: 1 args: {} times: 100 method_name: run timeout: 0 duration: None cls:
2019-07-22 09:25:22.772 22858 RALLYDEBUG rally.task.runner [-] Starting a worker. concurrency: 1 args: {} times: 100 method_name: run timeout: 0 duration: None cls:
2019-07-22 09:25:22.775 22849 INFO rally.task.runner [-] Task 10cefb84-bd4c-4561-9442-fef18db74fae | ITER: 13 START
2019-07-22 09:25:22.775 22863 RALLYDEBUG rally.task.runner [-] Starting a worker. concurrency: 1 args: {} times: 100 method_name: run timeout: 0 duration: None cls:
2019-07-22 09:25:22.779 22852 INFO rally.task.runner [-] Task 10cefb84-bd4c-4561-9442-fef18db74fae | ITER: 14 START
2019-07-22 09:25:22.779 22854 INFO rally.task.runner [-] Task 10cefb84-bd4c-4561-9442-fef18db74fae | ITER: 15 START
2019-07-22 09:25:22.782 22863 INFO rally.task.runner [-] Task 10cefb84-bd4c-4561-9442-fef18db74fae | ITER: 17 START
2019-07-22 09:25:22.782 22858 INFO rally.task.runner [-] Task 10cefb84-bd4c-4561-9442-fef18db74fae | ITER: 16 START
2019-07-22 09:25:22.788 22868 RALLYDEBUG rally.task.runner [-] Starting a worker. concurrency: 1 args: {} times: 100 method_name: run timeout: 0 duration: None cls:
2019-07-22 09:25:22.792 22874 RALLYDEBUG rally.task.runner [-] Starting a worker. concurrency: 1 args: {} times: 100 method_name: run timeout: 0 duration: None cls:
2019-07-22 09:25:22.795 22868 INFO rally.task.runner [-] Task 10cefb84-bd4c-4561-9442-fef18db74fae | ITER: 18 START
2019-07-22 09:25:22.799 22875 RALLYDEBUG rally.task.runner [-] Starting a worker. concurrency: 1 args: {} times: 100 method_name: run timeout: 0 duration: None cls:
2019-07-22 09:25:22.800 22874 INFO rally.task.runner [-] Task 10cefb84-bd4c-4561-9442-fef18db74fae | ITER: 19 START
2019-07-22 09:25:22.805 22875 INFO rally.task.runner [-] Task 10cefb84-bd4c-4561-9442-fef18db74fae | ITER: 20 START
2019-07-22 09:25:24.068 22830 INFO rally.task.runner [-] Task 10cefb84-bd4c-4561-9442-fef18db74fae | ITER: 3 END: OK
2019-07-22 09:25:24.071 22830 INFO rally.task.runner [-] Task 10cefb84-bd4c-4561-9442-fef18db74fae | ITER: 21 START
2019-07-22 09:25:24.119 22836 INFO rally.task.runner [-] Task 10cefb84-bd4c-4561-9442-fef18db74fae | ITER: 8 END: OK
2019-07-22 09:25:24.124 22836 INFO rally.task.runner [-] Task 10cefb84-bd4c-4561-9442-fef18db74fae | ITER: 22 START
2019-07-22 09:25:24.187 22838 INFO rally.task.runner [-] Task 10cefb84-bd4c-4561-9442-fef18db74fae | ITER: 10 END: OK
2019-07-22 09:25:24.190 22838 INFO rally.task.runner [-] Task 10cefb84-bd4c-4561-9442-fef18db74fae | ITER: 23 START
2019-07-22 09:25:25.092 22842 INFO rally.task.runner [-] Task 10cefb84-bd4c-4561-9442-fef18db74fae | ITER: 11 END: OK
2019-07-22 09:25:25.092 22832 INFO rally.task.runner [-] Task 10cefb84-bd4c-4561-9442-fef18db74fae | ITER: 4 END: OK
2019-07-22 09:25:25.096 22832 INFO rally.task.runner [-] Task 10cefb84-bd4c-4561-9442-fef18db74fae | ITER: 25 START
2019-07-22 09:25:25.096 22842 INFO rally.task.runner [-] Task 10cefb84-bd4c-4561-9442-fef18db74fae | ITER: 24 START
2019-07-22 09:25:25.299 22833 INFO rally.task.runner [-] Task 10cefb84-bd4c-4561-9442-fef18db74fae | ITER: 6 END: OK
2019-07-22 09:25:25.303 22833 INFO rally.task.runner [-] Task 10cefb84-bd4c-4561-9442-fef18db74fae | ITER: 26 START
2019-07-22 09:25:25.316 22830 INFO rally.task.runner [-] Task 10cefb84-bd4c-4561-9442-fef18db74fae | ITER: 1 END: OK
2019-07-22 09:25:25.319 22830 INFO rally.task.runner [-] Task 10cefb84-bd4c-4561-9442-fef18db74fae | ITER: 27 START
2019-07-22 09:25:25.633 22831 INFO rally.task.runner [-] Task 10cefb84-bd4c-4561-9442-fef18db74fae | ITER: 5 END: OK
2019-07-22 09:25:25.638 22831 INFO rally.task.runner [-] Task 10cefb84-bd4c-4561-9442-fef18db74fae | ITER: 28 START
2019-07-22 09:25:25.773 22832 INFO rally.task.runner [-] Task 10cefb84-bd4c-4561-9442-fef18db74fae | ITER: 7 END: OK
2019-07-22 09:25:25.777 22832 INFO rally.task.runner [-] Task 10cefb84-bd4c-4561-9442-fef18db74fae | ITER: 29 START
2019-07-22 09:25:25.908 22854 INFO rally.task.runner [-] Task 10cefb84-bd4c-4561-9442-fef18db74fae | ITER: 15 END: OK
2019-07-22 09:25:25.912 22854 INFO rally.task.runner [-] Task 10cefb84-bd4c-4561-9442-fef18db74fae | ITER: 30 START
2019-07-22 09:25:26.114 22863 INFO rally.task.runner [-] Task 10cefb84-bd4c-4561-9442-fef18db74fae | ITER: 17 END: OK
2019-07-22 09:25:26.118 22863 INFO rally.task.runner [-] Task 10cefb84-bd4c-4561-9442-fef18db74fae | ITER: 31 START
2019-07-22 09:25:26.298 22852 INFO rally.task.runner [-] Task 10cefb84-bd4c-4561-9442-fef18db74fae | ITER: 14 END: OK
2019-07-22 09:25:26.302 22852 INFO rally.task.runner [-] Task 10cefb84-bd4c-4561-9442-fef18db74fae | ITER: 32 START
2019-07-22 09:25:26.419 22849 INFO rally.task.runner [-] Task 10cefb84-bd4c-4561-9442-fef18db74fae | ITER: 13 END: OK
2019-07-22 09:25:26.422 22831 INFO rally.task.runner [-] Task 10cefb84-bd4c-4561-9442-fef18db74fae | ITER: 2 END: OK
2019-07-22 09:25:26.422 22849 INFO rally.task.runner [-] Task 10cefb84-bd4c-4561-9442-fef18db74fae | ITER: 33 START
2019-07-22 09:25:26.425 22831 INFO rally.task.runner [-] Task 10cefb84-bd4c-4561-9442-fef18db74fae | ITER: 34 START
2019-07-22 09:25:26.521 22848 INFO rally.task.runner [-] Task 10cefb84-bd4c-4561-9442-fef18db74fae | ITER: 12 END: OK
2019-07-22 09:25:26.525 22848 INFO rally.task.runner [-] Task 10cefb84-bd4c-4561-9442-fef18db74fae | ITER: 35 START
2019-07-22 09:25:26.612 22833 INFO rally.task.runner [-] Task 10cefb84-bd4c-4561-9442-fef18db74fae | ITER: 9 END: OK
2019-07-22 09:25:26.615 22833 INFO rally.task.runner [-] Task 10cefb84-bd4c-4561-9442-fef18db74fae | ITER: 36 START
2019-07-22 09:25:26.760 22868 INFO rally.task.runner [-] Task 10cefb84-bd4c-4561-9442-fef18db74fae | ITER: 18 END: OK
2019-07-22 09:25:26.763 22868 INFO rally.task.runner [-] Task 10cefb84-bd4c-4561-9442-fef18db74fae | ITER: 37 START
2019-07-22 09:25:27.125 22874 INFO rally.task.runner [-] Task 10cefb84-bd4c-4561-9442-fef18db74fae | ITER: 19 END: OK
2019-07-22 09:25:27.129 22874 INFO rally.task.runner [-] Task 10cefb84-bd4c-4561-9442-fef18db74fae | ITER: 38 START
2019-07-22 09:25:27.212 22875 INFO rally.task.runner [-] Task 10cefb84-bd4c-4561-9442-fef18db74fae | ITER: 20 END: OK
2019-07-22 09:25:27.215 22875 INFO rally.task.runner [-] Task 10cefb84-bd4c-4561-9442-fef18db74fae | ITER: 39 START
2019-07-22 09:25:27.234 22858 INFO rally.task.runner [-] Task 10cefb84-bd4c-4561-9442-fef18db74fae | ITER: 16 END: OK
2019-07-22 09:25:27.238 22858 INFO rally.task.runner [-] Task 10cefb84-bd4c-4561-9442-fef18db74fae | ITER: 40 START
2019-07-22 09:25:27.766 22842 INFO rally.task.runner [-] Task 10cefb84-bd4c-4561-9442-fef18db74fae | ITER: 24 END: OK
2019-07-22 09:25:27.769 22842 INFO rally.task.runner [-] Task 10cefb84-bd4c-4561-9442-fef18db74fae | ITER: 41 START
2019-07-22 09:25:28.058 22854 INFO rally.task.runner [-] Task 10cefb84-bd4c-4561-9442-fef18db74fae | ITER: 30 END: OK
2019-07-22 09:25:28.061 22854 INFO rally.task.runner [-] Task 10cefb84-bd4c-4561-9442-fef18db74fae | ITER: 42 START
2019-07-22 09:25:28.503 22830 INFO rally.task.runner [-] Task 10cefb84-bd4c-4561-9442-fef18db74fae | ITER: 21 END: OK
2019-07-22 09:25:28.506 22830 INFO rally.task.runner [-] Task 10cefb84-bd4c-4561-9442-fef18db74fae | ITER: 43 START
2019-07-22 09:25:28.950 22832 INFO rally.task.runner [-] Task 10cefb84-bd4c-4561-9442-fef18db74fae | ITER: 29 END: OK
2019-07-22 09:25:28.954 22832 INFO rally.task.runner [-] Task 10cefb84-bd4c-4561-9442-fef18db74fae | ITER: 44 START
2019-07-22 09:25:29.000 22836 INFO rally.task.runner [-] Task 10cefb84-bd4c-4561-9442-fef18db74fae | ITER: 22 END: OK
2019-07-22 09:25:29.002 22832 INFO rally.task.runner [-] Task 10cefb84-bd4c-4561-9442-fef18db74fae | ITER: 25 END: OK
2019-07-22 09:25:29.003 22836 INFO rally.task.runner [-] Task 10cefb84-bd4c-4561-9442-fef18db74fae | ITER: 45 START
2019-07-22 09:25:29.005 22832 INFO rally.task.runner [-] Task 10cefb84-bd4c-4561-9442-fef18db74fae | ITER: 46 START
2019-07-22 09:25:29.007 22863 INFO rally.task.runner [-] Task 10cefb84-bd4c-4561-9442-fef18db74fae | ITER: 31 END: OK
2019-07-22 09:25:29.011 22863 INFO rally.task.runner [-] Task 10cefb84-bd4c-4561-9442-fef18db74fae | ITER: 47 START
2019-07-22 09:25:29.174 22838 INFO rally.task.runner [-] Task 10cefb84-bd4c-4561-9442-fef18db74fae | ITER: 23 END: OK
2019-07-22 09:25:29.177 22838 INFO rally.task.runner [-] Task 10cefb84-bd4c-4561-9442-fef18db74fae | ITER: 48 START
2019-07-22 09:25:29.193 22830 INFO rally.task.runner [-] Task 10cefb84-bd4c-4561-9442-fef18db74fae | ITER: 27 END: OK
2019-07-22 09:25:29.196 22830 INFO rally.task.runner [-] Task 10cefb84-bd4c-4561-9442-fef18db74fae | ITER: 49 START
2019-07-22 09:25:29.240 22852 INFO rally.task.runner [-] Task 10cefb84-bd4c-4561-9442-fef18db74fae | ITER: 32 END: OK
2019-07-22 09:25:29.244 22852 INFO rally.task.runner [-] Task 10cefb84-bd4c-4561-9442-fef18db74fae | ITER: 50 START
2019-07-22 09:25:29.244 22831 INFO rally.task.runner [-] Task 10cefb84-bd4c-4561-9442-fef18db74fae | ITER: 28 END: OK
2019-07-22 09:25:29.247 22831 INFO rally.task.runner [-] Task 10cefb84-bd4c-4561-9442-fef18db74fae | ITER: 51 START
2019-07-22 09:25:29.304 22849 INFO rally.task.runner [-] Task 10cefb84-bd4c-4561-9442-fef18db74fae | ITER: 33 END: OK
2019-07-22 09:25:29.308 22849 INFO rally.task.runner [-] Task 10cefb84-bd4c-4561-9442-fef18db74fae | ITER: 52 START
2019-07-22 09:25:29.332 22833 INFO rally.task.runner [-] Task 10cefb84-bd4c-4561-9442-fef18db74fae | ITER: 36 END: OK
2019-07-22 09:25:29.335 22833 INFO rally.task.runner [-] Task 10cefb84-bd4c-4561-9442-fef18db74fae | ITER: 53 START
2019-07-22 09:25:29.345 22833 INFO rally.task.runner [-] Task 10cefb84-bd4c-4561-9442-fef18db74fae | ITER: 26 END: OK
2019-07-22 09:25:29.348 22833 INFO rally.task.runner [-] Task 10cefb84-bd4c-4561-9442-fef18db74fae | ITER: 54 START
2019-07-22 09:25:29.497 22831 INFO rally.task.runner [-] Task 10cefb84-bd4c-4561-9442-fef18db74fae | ITER: 34 END: OK
2019-07-22 09:25:29.500 22831 INFO rally.task.runner [-] Task 10cefb84-bd4c-4561-9442-fef18db74fae | ITER: 55 START
2019-07-22 09:25:29.663 22848 INFO rally.task.runner [-] Task 10cefb84-bd4c-4561-9442-fef18db74fae | ITER: 35 END: OK
2019-07-22 09:25:29.666 22848 INFO rally.task.runner [-] Task 10cefb84-bd4c-4561-9442-fef18db74fae | ITER: 56 START
2019-07-22 09:25:29.686 22842 INFO rally.task.runner [-] Task 10cefb84-bd4c-4561-9442-fef18db74fae | ITER: 41 END: OK
2019-07-22 09:25:29.689 22842 INFO rally.task.runner [-] Task 10cefb84-bd4c-4561-9442-fef18db74fae | ITER: 57 START
2019-07-22 09:25:29.694 22874 INFO rally.task.runner [-] Task 10cefb84-bd4c-4561-9442-fef18db74fae | ITER: 38 END: OK
2019-07-22 09:25:29.698 22874 INFO rally.task.runner [-] Task 10cefb84-bd4c-4561-9442-fef18db74fae | ITER: 58 START
2019-07-22 09:25:29.716 22858 INFO rally.task.runner [-] Task 10cefb84-bd4c-4561-9442-fef18db74fae | ITER: 40 END: OK
2019-07-22 09:25:29.720 22858 INFO rally.task.runner [-] Task 10cefb84-bd4c-4561-9442-fef18db74fae | ITER: 59 START
2019-07-22 09:25:30.280 22854 INFO rally.task.runner [-] Task 10cefb84-bd4c-4561-9442-fef18db74fae | ITER: 42 END: OK
2019-07-22 09:25:30.284 22854 INFO rally.task.runner [-] Task 10cefb84-bd4c-4561-9442-fef18db74fae | ITER: 60 START
2019-07-22 09:25:30.351 22868 INFO rally.task.runner [-] Task 10cefb84-bd4c-4561-9442-fef18db74fae | ITER: 37 END: OK
2019-07-22 09:25:30.354 22868 INFO rally.task.runner [-] Task 10cefb84-bd4c-4561-9442-fef18db74fae | ITER: 61 START
2019-07-22 09:25:30.380 22875 INFO rally.task.runner [-] Task 10cefb84-bd4c-4561-9442-fef18db74fae | ITER: 39 END: OK
2019-07-22 09:25:30.383 22875 INFO rally.task.runner [-] Task 10cefb84-bd4c-4561-9442-fef18db74fae | ITER: 62 START
2019-07-22 09:25:30.700 22830 INFO rally.task.runner [-] Task 10cefb84-bd4c-4561-9442-fef18db74fae | ITER: 43 END: OK
2019-07-22 09:25:30.704 22830 INFO rally.task.runner [-] Task 10cefb84-bd4c-4561-9442-fef18db74fae | ITER: 63 START
2019-07-22 09:25:30.977 22836 INFO rally.task.runner [-] Task 10cefb84-bd4c-4561-9442-fef18db74fae | ITER: 45 END: OK
2019-07-22 09:25:30.981 22836 INFO rally.task.runner [-] Task 10cefb84-bd4c-4561-9442-fef18db74fae | ITER: 64 START
2019-07-22 09:25:31.285 22830 INFO rally.task.runner [-] Task 10cefb84-bd4c-4561-9442-fef18db74fae | ITER: 49 END: OK
2019-07-22 09:25:31.289 22830 INFO rally.task.runner [-] Task 10cefb84-bd4c-4561-9442-fef18db74fae | ITER: 65 START
2019-07-22 09:25:31.353 22832 INFO rally.task.runner [-] Task 10cefb84-bd4c-4561-9442-fef18db74fae | ITER: 46 END: OK
2019-07-22 09:25:31.357 22838 INFO rally.task.runner [-] Task 10cefb84-bd4c-4561-9442-fef18db74fae | ITER: 48 END: OK
2019-07-22 09:25:31.358 22832 INFO rally.task.runner [-] Task 10cefb84-bd4c-4561-9442-fef18db74fae | ITER: 44 END: OK
2019-07-22 09:25:31.361 22838 INFO rally.task.runner [-] Task 10cefb84-bd4c-4561-9442-fef18db74fae | ITER: 66 START
2019-07-22 09:25:31.361 22832 INFO rally.task.runner [-] Task 10cefb84-bd4c-4561-9442-fef18db74fae | ITER: 67 START
2019-07-22 09:25:31.367 22832 INFO rally.task.runner [-] Task 10cefb84-bd4c-4561-9442-fef18db74fae | ITER: 68 START
2019-07-22 09:25:31.833 22863 INFO rally.task.runner [-] Task 10cefb84-bd4c-4561-9442-fef18db74fae | ITER: 47 END: OK
2019-07-22 09:25:31.836 22863 INFO rally.task.runner [-] Task 10cefb84-bd4c-4561-9442-fef18db74fae | ITER: 69 START
2019-07-22 09:25:31.927 22849 INFO rally.task.runner [-] Task 10cefb84-bd4c-4561-9442-fef18db74fae | ITER: 52 END: OK
2019-07-22 09:25:31.931 22849 INFO rally.task.runner [-] Task 10cefb84-bd4c-4561-9442-fef18db74fae | ITER: 70 START
2019-07-22 09:25:32.169 22833 INFO rally.task.runner [-] Task 10cefb84-bd4c-4561-9442-fef18db74fae | ITER: 53 END: OK
2019-07-22 09:25:32.172 22833 INFO rally.task.runner [-] Task 10cefb84-bd4c-4561-9442-fef18db74fae | ITER: 71 START
2019-07-22 09:25:32.262 22874 INFO rally.task.runner [-] Task 10cefb84-bd4c-4561-9442-fef18db74fae | ITER: 58 END: OK
2019-07-22 09:25:32.265 22874 INFO rally.task.runner [-] Task 10cefb84-bd4c-4561-9442-fef18db74fae | ITER: 72 START
2019-07-22 09:25:32.337 22833 INFO rally.task.runner [-] Task 10cefb84-bd4c-4561-9442-fef18db74fae | ITER: 54 END: OK
2019-07-22 09:25:32.340 22833 INFO rally.task.runner [-] Task 10cefb84-bd4c-4561-9442-fef18db74fae | ITER: 73 START
2019-07-22 09:25:32.374 22831 INFO rally.task.runner [-] Task 10cefb84-bd4c-4561-9442-fef18db74fae | ITER: 51 END: OK
2019-07-22 09:25:32.377 22831 INFO rally.task.runner [-] Task 10cefb84-bd4c-4561-9442-fef18db74fae | ITER: 74 START
2019-07-22 09:25:32.379 22852 INFO rally.task.runner [-] Task 10cefb84-bd4c-4561-9442-fef18db74fae | ITER: 50 END: OK
2019-07-22 09:25:32.382 22852 INFO rally.task.runner [-] Task 10cefb84-bd4c-4561-9442-fef18db74fae | ITER: 75 START
2019-07-22 09:25:32.432 22831 INFO rally.task.runner [-] Task 10cefb84-bd4c-4561-9442-fef18db74fae | ITER: 55 END: OK
2019-07-22 09:25:32.435 22848 INFO rally.task.runner [-] Task 10cefb84-bd4c-4561-9442-fef18db74fae | ITER: 56 END: OK
2019-07-22 09:25:32.435 22831 INFO rally.task.runner [-] Task 10cefb84-bd4c-4561-9442-fef18db74fae | ITER: 76 START
2019-07-22 09:25:32.438 22848 INFO rally.task.runner [-] Task 10cefb84-bd4c-4561-9442-fef18db74fae | ITER: 77 START
2019-07-22 09:25:32.442 22875 INFO rally.task.runner [-] Task 10cefb84-bd4c-4561-9442-fef18db74fae | ITER: 62 END: OK
2019-07-22 09:25:32.445 22875 INFO rally.task.runner [-] Task 10cefb84-bd4c-4561-9442-fef18db74fae | ITER: 78 START
2019-07-22 09:25:32.797 22836 INFO rally.task.runner [-] Task 10cefb84-bd4c-4561-9442-fef18db74fae | ITER: 64 END: OK
2019-07-22 09:25:32.800 22836 INFO rally.task.runner [-] Task 10cefb84-bd4c-4561-9442-fef18db74fae | ITER: 79 START
2019-07-22 09:25:32.967 22830 INFO rally.task.runner [-] Task 10cefb84-bd4c-4561-9442-fef18db74fae | ITER: 63 END: OK
2019-07-22 09:25:32.970 22830 INFO rally.task.runner [-] Task 10cefb84-bd4c-4561-9442-fef18db74fae | ITER: 80 START
2019-07-22 09:25:32.979 22854 INFO rally.task.runner [-] Task 10cefb84-bd4c-4561-9442-fef18db74fae | ITER: 60 END: OK
2019-07-22 09:25:32.982 22854 INFO rally.task.runner [-] Task 10cefb84-bd4c-4561-9442-fef18db74fae | ITER: 81 START
2019-07-22 09:25:33.057 22858 INFO rally.task.runner [-] Task 10cefb84-bd4c-4561-9442-fef18db74fae | ITER: 59 END: OK
2019-07-22 09:25:33.060 22858 INFO rally.task.runner [-] Task 10cefb84-bd4c-4561-9442-fef18db74fae | ITER: 82 START
2019-07-22 09:25:33.071 22842 INFO rally.task.runner [-] Task 10cefb84-bd4c-4561-9442-fef18db74fae | ITER: 57 END: OK
2019-07-22 09:25:33.074 22842 INFO rally.task.runner [-] Task 10cefb84-bd4c-4561-9442-fef18db74fae | ITER: 83 START
2019-07-22 09:25:33.078 22838 INFO rally.task.runner [-] Task 10cefb84-bd4c-4561-9442-fef18db74fae | ITER: 66 END: OK
2019-07-22 09:25:33.081 22838 INFO rally.task.runner [-] Task 10cefb84-bd4c-4561-9442-fef18db74fae | ITER: 84 START
2019-07-22 09:25:33.492 22830 INFO rally.task.runner [-] Task 10cefb84-bd4c-4561-9442-fef18db74fae | ITER: 65 END: OK
2019-07-22 09:25:33.495 22830 INFO rally.task.runner [-] Task 10cefb84-bd4c-4561-9442-fef18db74fae | ITER: 85 START
2019-07-22 09:25:33.562 22868 INFO rally.task.runner [-] Task 10cefb84-bd4c-4561-9442-fef18db74fae | ITER: 61 END: OK
2019-07-22 09:25:33.565 22868 INFO rally.task.runner [-] Task 10cefb84-bd4c-4561-9442-fef18db74fae | ITER: 86 START
2019-07-22 09:25:34.101 22832 INFO rally.task.runner [-] Task 10cefb84-bd4c-4561-9442-fef18db74fae | ITER: 68 END: OK
2019-07-22 09:25:34.104 22832 INFO rally.task.runner [-] Task 10cefb84-bd4c-4561-9442-fef18db74fae | ITER: 87 START
2019-07-22 09:25:34.153 22832 INFO rally.task.runner [-] Task 10cefb84-bd4c-4561-9442-fef18db74fae | ITER: 67 END: OK
2019-07-22 09:25:34.156 22832 INFO rally.task.runner [-] Task 10cefb84-bd4c-4561-9442-fef18db74fae | ITER: 88 START
2019-07-22 09:25:34.259 22833 INFO rally.task.runner [-] Task 10cefb84-bd4c-4561-9442-fef18db74fae | ITER: 71 END: OK
2019-07-22 09:25:34.264 22849 INFO rally.task.runner [-] Task 10cefb84-bd4c-4561-9442-fef18db74fae | ITER: 70 END: OK
2019-07-22 09:25:34.266 22833 INFO rally.task.runner [-] Task 10cefb84-bd4c-4561-9442-fef18db74fae | ITER: 89 START
2019-07-22 09:25:34.268 22849 INFO rally.task.runner [-] Task 10cefb84-bd4c-4561-9442-fef18db74fae | ITER: 90 START
2019-07-22 09:25:34.352 22863 INFO rally.task.runner [-] Task 10cefb84-bd4c-4561-9442-fef18db74fae | ITER: 69 END: OK
2019-07-22 09:25:34.355 22863 INFO rally.task.runner [-] Task 10cefb84-bd4c-4561-9442-fef18db74fae | ITER: 91 START
2019-07-22 09:25:34.833 22831 INFO rally.task.runner [-] Task 10cefb84-bd4c-4561-9442-fef18db74fae | ITER: 76 END: OK
2019-07-22 09:25:34.837 22831 INFO rally.task.runner [-] Task 10cefb84-bd4c-4561-9442-fef18db74fae | ITER: 92 START
2019-07-22 09:25:34.884 22848 INFO rally.task.runner [-] Task 10cefb84-bd4c-4561-9442-fef18db74fae | ITER: 77 END: OK
2019-07-22 09:25:34.886 22848 INFO rally.task.runner [-] Task 10cefb84-bd4c-4561-9442-fef18db74fae | ITER: 93 START
2019-07-22 09:25:34.954 22842 INFO rally.task.runner [-] Task 10cefb84-bd4c-4561-9442-fef18db74fae | ITER: 83 END: OK
2019-07-22 09:25:34.957 22842 INFO rally.task.runner [-] Task 10cefb84-bd4c-4561-9442-fef18db74fae | ITER: 94 START
2019-07-22 09:25:35.003 22874 INFO rally.task.runner [-] Task 10cefb84-bd4c-4561-9442-fef18db74fae | ITER: 72 END: OK
2019-07-22 09:25:35.006 22874 INFO rally.task.runner [-] Task 10cefb84-bd4c-4561-9442-fef18db74fae | ITER: 95 START
2019-07-22 09:25:35.036 22831 INFO rally.task.runner [-] Task 10cefb84-bd4c-4561-9442-fef18db74fae | ITER: 74 END: OK
2019-07-22 09:25:35.039 22831 INFO rally.task.runner [-] Task 10cefb84-bd4c-4561-9442-fef18db74fae | ITER: 96 START
2019-07-22 09:25:35.166 22833 INFO rally.task.runner [-] Task 10cefb84-bd4c-4561-9442-fef18db74fae | ITER: 73 END: OK
2019-07-22 09:25:35.169 22852 INFO rally.task.runner [-] Task 10cefb84-bd4c-4561-9442-fef18db74fae | ITER: 75 END: OK
2019-07-22 09:25:35.170 22833 INFO rally.task.runner [-] Task 10cefb84-bd4c-4561-9442-fef18db74fae | ITER: 97 START
2019-07-22 09:25:35.172 22852 INFO rally.task.runner [-] Task 10cefb84-bd4c-4561-9442-fef18db74fae | ITER: 98 START
2019-07-22 09:25:35.288 22838 INFO rally.task.runner [-] Task 10cefb84-bd4c-4561-9442-fef18db74fae | ITER: 84 END: OK
2019-07-22 09:25:35.291 22838 INFO rally.task.runner [-] Task 10cefb84-bd4c-4561-9442-fef18db74fae | ITER: 99 START
2019-07-22 09:25:35.345 22875 INFO rally.task.runner [-] Task 10cefb84-bd4c-4561-9442-fef18db74fae | ITER: 78 END: OK
2019-07-22 09:25:35.349 22875 INFO rally.task.runner [-] Task 10cefb84-bd4c-4561-9442-fef18db74fae | ITER: 100 START
2019-07-22 09:25:35.515 22836 INFO rally.task.runner [-] Task 10cefb84-bd4c-4561-9442-fef18db74fae | ITER: 79 END: OK
2019-07-22 09:25:36.121 22854 INFO rally.task.runner [-] Task 10cefb84-bd4c-4561-9442-fef18db74fae | ITER: 81 END: OK
2019-07-22 09:25:36.125 22830 INFO rally.task.runner [-] Task 10cefb84-bd4c-4561-9442-fef18db74fae | ITER: 80 END: OK
2019-07-22 09:25:36.175 22849 INFO rally.task.runner [-] Task 10cefb84-bd4c-4561-9442-fef18db74fae | ITER: 90 END: OK
2019-07-22 09:25:36.213 22833 INFO rally.task.runner [-] Task 10cefb84-bd4c-4561-9442-fef18db74fae | ITER: 89 END: OK
2019-07-22 09:25:36.276 22832 INFO rally.task.runner [-] Task 10cefb84-bd4c-4561-9442-fef18db74fae | ITER: 88 END: OK
2019-07-22 09:25:36.400 22858 INFO rally.task.runner [-] Task 10cefb84-bd4c-4561-9442-fef18db74fae | ITER: 82 END: OK
2019-07-22 09:25:36.433 22830 INFO rally.task.runner [-] Task 10cefb84-bd4c-4561-9442-fef18db74fae | ITER: 85 END: OK
2019-07-22 09:25:36.642 22868 INFO rally.task.runner [-] Task 10cefb84-bd4c-4561-9442-fef18db74fae | ITER: 86 END: OK
2019-07-22 09:25:36.817 22832 INFO rally.task.runner [-] Task 10cefb84-bd4c-4561-9442-fef18db74fae | ITER: 87 END: OK
2019-07-22 09:25:36.863 22831 INFO rally.task.runner [-] Task 10cefb84-bd4c-4561-9442-fef18db74fae | ITER: 92 END: OK
2019-07-22 09:25:36.888 22838 INFO rally.task.runner [-] Task 10cefb84-bd4c-4561-9442-fef18db74fae | ITER: 99 END: OK
2019-07-22 09:25:36.978 22833 INFO rally.task.runner [-] Task 10cefb84-bd4c-4561-9442-fef18db74fae | ITER: 97 END: OK
2019-07-22 09:25:37.178 22874 INFO rally.task.runner [-] Task 10cefb84-bd4c-4561-9442-fef18db74fae | ITER: 95 END: OK
2019-07-22 09:25:37.282 22863 INFO rally.task.runner [-] Task 10cefb84-bd4c-4561-9442-fef18db74fae | ITER: 91 END: OK
2019-07-22 09:25:37.297 22842 INFO rally.task.runner [-] Task 10cefb84-bd4c-4561-9442-fef18db74fae | ITER: 94 END: OK
2019-07-22 09:25:37.338 22875 INFO rally.task.runner [-] Task 10cefb84-bd4c-4561-9442-fef18db74fae | ITER: 100 END: OK
2019-07-22 09:25:37.338 22852 INFO rally.task.runner [-] Task 10cefb84-bd4c-4561-9442-fef18db74fae | ITER: 98 END: OK
2019-07-22 09:25:37.401 22848 INFO rally.task.runner [-] Task 10cefb84-bd4c-4561-9442-fef18db74fae | ITER: 93 END: OK
2019-07-22 09:25:37.503 22831 INFO rally.task.runner [-] Task 10cefb84-bd4c-4561-9442-fef18db74fae | ITER: 96 END: OK
2019-07-22 09:25:37.527 22706 INFO rally.task.context [-] Task 10cefb84-bd4c-4561-9442-fef18db74fae | Context cleanup@openstack cleanup() started
2019-07-22 09:25:37.529 22706 RALLYDEBUG rally_openstack.cleanup.manager [-] Cleaning up neutron vip objects
2019-07-22 09:25:38.156 22706 RALLYDEBUG rally_openstack.cleanup.manager [-] Cleaning up neutron health_monitor objects
2019-07-22 09:25:38.861 22706 RALLYDEBUG rally_openstack.cleanup.manager [-] Cleaning up neutron pool objects
2019-07-22 09:25:39.491 22706 RALLYDEBUG rally_openstack.cleanup.manager [-] Cleaning up neutron loadbalancer objects
2019-07-22 09:25:40.112 22706 RALLYDEBUG rally_openstack.cleanup.manager [-] Cleaning up neutron floatingip objects
2019-07-22 09:25:41.124 22706 RALLYDEBUG rally_openstack.cleanup.manager [-] Cleaning up neutron port objects
2019-07-22 09:25:41.759 22706 RALLYDEBUG rally_openstack.cleanup.manager [-] Cleaning up neutron subnet objects
2019-07-22 09:25:42.513 22706 RALLYDEBUG rally_openstack.cleanup.manager [-] Cleaning up neutron network objects
2019-07-22 09:25:43.516 22706 RALLYDEBUG rally_openstack.cleanup.manager [-] Deleting neutron.network object s_rally_aea5df6b_KdVw5LX1 (1add79fa-1e64-4a54-a184-8f083414c209)
2019-07-22 09:25:43.524 22706 RALLYDEBUG rally_openstack.cleanup.manager [-] Deleting neutron.network object s_rally_aea5df6b_h6zIYwzC (1dc3685b-d823-4eb3-8ae4-b2c87a3ae3b7)
2019-07-22 09:25:43.524 22706 RALLYDEBUG rally_openstack.cleanup.manager [-] Deleting neutron.network object s_rally_aea5df6b_ZCVFyEPf (231a071b-ccde-4901-af04-c930e5f4bb22)
2019-07-22 09:25:43.528 22706 RALLYDEBUG rally_openstack.cleanup.manager [-] Deleting neutron.network object s_rally_aea5df6b_z92DXZUr (141bdf2e-c7cc-490c-bea8-b94af4719a6c)
2019-07-22 09:25:43.531 22706 RALLYDEBUG rally_openstack.cleanup.manager [-] Deleting neutron.network object s_rally_aea5df6b_wvZvAOnJ (16286409-43b5-444e-a146-22b0f131dc35)
2019-07-22 09:25:43.534 22706 RALLYDEBUG rally_openstack.cleanup.manager [-] Deleting neutron.network object s_rally_aea5df6b_wXHO1bkP (1b61c144-649b-4791-9aeb-57bc118bf27a)
2019-07-22 09:25:43.537 22706 RALLYDEBUG rally_openstack.cleanup.manager [-] Deleting neutron.network object s_rally_aea5df6b_XmWFTsOZ (184dceaa-b868-4b41-b249-d4da83ece53e)
2019-07-22 09:25:43.541 22706 RALLYDEBUG rally_openstack.cleanup.manager [-] Deleting neutron.network object s_rally_aea5df6b_E1DbKDTi (04eaaa81-904b-4084-a9bb-fd058e0fb52c)
2019-07-22 09:25:43.541 22706 RALLYDEBUG rally_openstack.cleanup.manager [-] Deleting neutron.network object s_rally_aea5df6b_y7xBXYFg (02770802-c452-41f3-a78d-f1d305db5842)
2019-07-22 09:25:43.546 22706 RALLYDEBUG rally_openstack.cleanup.manager [-] Deleting neutron.network object s_rally_aea5df6b_lbmDGvny (238b2723-9d92-4420-8de4-784ae3e33f23)
2019-07-22 09:25:43.547 22706 RALLYDEBUG rally_openstack.cleanup.manager [-] Deleting neutron.network object s_rally_aea5df6b_KeaLQGMA (2409ec4a-2593-4a74-a622-e472f090c1e9)
2019-07-22 09:25:43.567 22706 RALLYDEBUG rally_openstack.cleanup.manager [-] Deleting neutron.network object s_rally_aea5df6b_mrSIanEX (07beab94-5135-48e7-b092-346f6f051dde)
2019-07-22 09:25:43.570 22706 RALLYDEBUG rally_openstack.cleanup.manager [-] Deleting neutron.network object s_rally_aea5df6b_lKk0CHDI (2a1e179c-4263-4423-a7cb-412782cf9a63)
2019-07-22 09:25:43.571 22706 RALLYDEBUG rally_openstack.cleanup.manager [-] Deleting neutron.network object s_rally_aea5df6b_6rvlDOjI (252f4657-7f36-4bc4-99c0-a210c107ca43)
2019-07-22 09:25:43.582 22706 RALLYDEBUG rally_openstack.cleanup.manager [-] Deleting neutron.network object s_rally_aea5df6b_vnuzFcdp (2a230100-f42d-44a5-8e4d-d6b029b70683)
2019-07-22 09:25:43.593 22706 RALLYDEBUG rally_openstack.cleanup.manager [-] Deleting neutron.network object s_rally_aea5df6b_6RYCNM1c (2c962662-1bb4-4b07-af70-3b5fc4facf9f)
2019-07-22 09:25:43.599 22706 RALLYDEBUG rally_openstack.cleanup.manager [-] Deleting neutron.network object s_rally_aea5df6b_U84A1gtu (2cd60a98-fef5-4043-adbc-75039f8a204b)
2019-07-22 09:25:43.617 22706 RALLYDEBUG rally_openstack.cleanup.manager [-] Deleting neutron.network object s_rally_aea5df6b_A3BE62jq (2f7e5941-5b06-443a-9dff-4983ba1c15c7)
2019-07-22 09:25:43.623 22706 RALLYDEBUG rally_openstack.cleanup.manager [-] Deleting neutron.network object s_rally_aea5df6b_5ITpbg31 (3625fe77-e65a-4a30-8467-d67d4d1589df)
2019-07-22 09:25:43.651 22706 RALLYDEBUG rally_openstack.cleanup.manager [-] Deleting neutron.network object s_rally_aea5df6b_eZxAHbig (381a382a-1fd5-4cfa-bc7e-106bde57b9af)
2019-07-22 09:25:46.770 22706 RALLYDEBUG rally_openstack.cleanup.manager [-] Deleting neutron.network object s_rally_aea5df6b_NTDlp2X6 (3d12c01d-c17c-4f85-8830-eb2efcfc92ba)
2019-07-22 09:25:47.750 22706 RALLYDEBUG rally_openstack.cleanup.manager [-] Deleting neutron.network object s_rally_aea5df6b_5rwGjJGZ (42227e5d-84ba-491e-bb22-428dd0289dc1)
2019-07-22 09:25:47.797 22706 RALLYDEBUG rally_openstack.cleanup.manager [-] Deleting neutron.network object s_rally_aea5df6b_2SYTSGGE (42ac9ec0-82ff-405b-b5f6-4debf800cd2e)
2019-07-22 09:25:48.104 22706 RALLYDEBUG rally_openstack.cleanup.manager [-] Deleting neutron.network object s_rally_aea5df6b_zrOWA7zU (4d9d43e6-8e6e-4a00-8d60-f64b864ffce4)
2019-07-22 09:25:48.105 22706 RALLYDEBUG rally_openstack.cleanup.manager [-] Deleting neutron.network object s_rally_aea5df6b_KZtJSr4m (49f5d076-0b5f-4875-bdd4-f531ad762cc6)
2019-07-22 09:25:48.147 22706 RALLYDEBUG rally_openstack.cleanup.manager [-] Deleting neutron.network object s_rally_aea5df6b_2XsEtMWC (4ea16c8c-4595-448e-bf70-cd672f60ba58)
2019-07-22 09:25:48.222 22706 RALLYDEBUG rally_openstack.cleanup.manager [-] Deleting neutron.network object s_rally_aea5df6b_m9e5wz0f (50c2ada1-b2f1-4ab2-8577-6ccca89d4122)
2019-07-22 09:25:48.255 22706 RALLYDEBUG rally_openstack.cleanup.manager [-] Deleting neutron.network object s_rally_aea5df6b_vydgRmk0 (54a5f054-1579-4f46-9b67-3dbf83c42fde)
2019-07-22 09:25:48.365 22706 RALLYDEBUG rally_openstack.cleanup.manager [-] Deleting neutron.network object s_rally_aea5df6b_JRSxkhR8 (5585f208-b50e-4bbf-be2f-73a2bdd49a96)
2019-07-22 09:25:48.369 22706 RALLYDEBUG rally_openstack.cleanup.manager [-] Deleting neutron.network object s_rally_aea5df6b_2TYfSjKW (5876a7c9-0c19-4c27-8408-84e335db1711)
2019-07-22 09:25:48.379 22706 RALLYDEBUG rally_openstack.cleanup.manager [-] Deleting neutron.network object s_rally_aea5df6b_D806oxNu (58cfbdb0-dd84-4814-8294-0d75fd9a9084)
2019-07-22 09:25:48.379 22706 RALLYDEBUG rally_openstack.cleanup.manager [-] Deleting neutron.network object s_rally_aea5df6b_U7XgZKTN (590b9e02-fec3-4321-b0c6-e0927cfc9070)
2019-07-22 09:25:48.635 22706 RALLYDEBUG rally_openstack.cleanup.manager [-] Deleting neutron.network object s_rally_aea5df6b_NFWXrZ2D (59e784b3-48f5-4a83-a606-c3550a52f740)
2019-07-22 09:25:48.636 22706 RALLYDEBUG rally_openstack.cleanup.manager [-] Deleting neutron.network object s_rally_aea5df6b_WogGohdH (5f4a878f-8fc6-4cdf-8d15-63021d986abb)
2019-07-22 09:25:48.769 22706 RALLYDEBUG rally_openstack.cleanup.manager [-] Deleting neutron.network object s_rally_aea5df6b_VCUoEFde (607be303-86d4-4db2-8066-a1bdc4c692a7)
2019-07-22 09:25:48.831 22706 RALLYDEBUG rally_openstack.cleanup.manager [-] Deleting neutron.network object s_rally_aea5df6b_YPi3bXIh (623bb1c8-3374-49fa-ad81-d99aeb13180c)
2019-07-22 09:25:48.838 22706 RALLYDEBUG rally_openstack.cleanup.manager [-] Deleting neutron.network object s_rally_aea5df6b_3Acq0iad (65728c2d-0bb1-4de3-8924-18db8ecce621)
2019-07-22 09:25:48.845 22706 RALLYDEBUG rally_openstack.cleanup.manager [-] Deleting neutron.network object s_rally_aea5df6b_dXZ9MtjD (66324bc8-166f-41ca-8d81-9b6457ba0c2a)
2019-07-22 09:25:48.909 22706 RALLYDEBUG rally_openstack.cleanup.manager [-] Deleting neutron.network object s_rally_aea5df6b_fS3CTA1J (6aa04e8f-0d6c-4abe-9289-2ed8177f2536)
2019-07-22 09:25:48.915 22706 RALLYDEBUG rally_openstack.cleanup.manager [-] Deleting neutron.network object s_rally_aea5df6b_zvA9bLyD (70e7bde4-412e-4d35-b569-2379c9a826e8)
2019-07-22 09:25:49.115 22706 RALLYDEBUG rally_openstack.cleanup.manager [-] Deleting neutron.network object s_rally_aea5df6b_dadiBTH1 (71de1f18-e982-406b-9b62-a2311d409b86)
2019-07-22 09:25:50.886 22706 RALLYDEBUG rally_openstack.cleanup.manager [-] Deleting neutron.network object s_rally_aea5df6b_IYoAFxz3 (73916526-6bbb-4b3a-8bd6-6ae76e697683)
2019-07-22 09:25:51.077 22706 RALLYDEBUG rally_openstack.cleanup.manager [-] Deleting neutron.network object s_rally_aea5df6b_6y8f4AVt (764b779b-a99c-414d-afb6-4f2a0b9b3308)
2019-07-22 09:25:51.573 22706 RALLYDEBUG rally_openstack.cleanup.manager [-] Deleting neutron.network object s_rally_aea5df6b_SPZ8vgQt (77144af3-96ef-4ca4-889b-ab806de75141)
2019-07-22 09:25:51.791 22706 RALLYDEBUG rally_openstack.cleanup.manager [-] Deleting neutron.network object s_rally_aea5df6b_HlDlJt54 (7763314d-83d7-4c97-b72a-17f92931f243)
2019-07-22 09:25:52.137 22706 RALLYDEBUG rally_openstack.cleanup.manager [-] Deleting neutron.network object s_rally_aea5df6b_Ts87jjLP (78cc7e82-980e-4318-a9dd-be153ccecfee)
2019-07-22 09:25:52.555 22706 RALLYDEBUG rally_openstack.cleanup.manager [-] Deleting neutron.network object s_rally_aea5df6b_y8xQAOst (7b385683-6b72-462d-949e-e09109b6f67b)
2019-07-22 09:25:52.569 22706 RALLYDEBUG rally_openstack.cleanup.manager [-] Deleting neutron.network object s_rally_aea5df6b_lpVj05jE (7bf14d8f-5c4e-434a-8215-15901babebb6)
2019-07-22 09:25:52.820 22706 RALLYDEBUG rally_openstack.cleanup.manager [-] Deleting neutron.network object s_rally_aea5df6b_lPiGIOnf (80e784c0-efa9-45c2-a781-1a5e21dc29fb)
2019-07-22 09:25:52.860 22706 RALLYDEBUG rally_openstack.cleanup.manager [-] Deleting neutron.network object s_rally_aea5df6b_4nYVzNvi (82d4858f-f9ee-414e-9607-514e82566dd2)
2019-07-22 09:25:52.867 22706 RALLYDEBUG rally_openstack.cleanup.manager [-] Deleting neutron.network object s_rally_aea5df6b_SD2zyoTw (83e4d4f7-15f7-443d-b00d-1c340d1c8010)
2019-07-22 09:25:52.935 22706 RALLYDEBUG rally_openstack.cleanup.manager [-] Deleting neutron.network object s_rally_aea5df6b_CPHkodaq (881d7261-9222-46bc-9b50-768eeaf0d26d)
2019-07-22 09:25:53.032 22706 RALLYDEBUG rally_openstack.cleanup.manager [-] Deleting neutron.network object s_rally_aea5df6b_pPs9O5iT (8982473e-d884-4d7d-af0d-2fab9e223bff)
2019-07-22 09:25:53.075 22706 RALLYDEBUG rally_openstack.cleanup.manager [-] Deleting neutron.network object s_rally_aea5df6b_KwuHGoBw (8bf8fc5a-f2a3-484a-8844-01cd57838d16)
2019-07-22 09:25:53.459 22706 RALLYDEBUG rally_openstack.cleanup.manager [-] Deleting neutron.network object s_rally_aea5df6b_4j8nB6gE (8c076f02-c0ae-4fcb-9fff-fd224f0bd967)
2019-07-22 09:25:53.514 22706 RALLYDEBUG rally_openstack.cleanup.manager [-] Deleting neutron.network object s_rally_aea5df6b_1WnCmwam (8f90f40d-c10c-427c-8020-b9f1e92e5e62)
2019-07-22 09:25:53.542 22706 RALLYDEBUG rally_openstack.cleanup.manager [-] Deleting neutron.network object s_rally_aea5df6b_qRyYOj2p (9022a423-50cd-4b70-819b-531e1ba03fbe)
2019-07-22 09:25:53.578 22706 RALLYDEBUG rally_openstack.cleanup.manager [-] Deleting neutron.network object s_rally_aea5df6b_jwBabtE5 (9482e08d-b59e-499b-be14-8688f988353d)
2019-07-22 09:25:53.604 22706 RALLYDEBUG rally_openstack.cleanup.manager [-] Deleting neutron.network object s_rally_aea5df6b_0NFtKFog (9626b1d2-3225-46e7-95d7-ffea7bf31efd)
2019-07-22 09:25:53.635 22706 RALLYDEBUG rally_openstack.cleanup.manager [-] Deleting neutron.network object s_rally_aea5df6b_hnjKR6qi (96b33e0c-086a-4e8d-b92b-cea30a64a41e)
2019-07-22 09:25:53.913 22706 RALLYDEBUG rally_openstack.cleanup.manager [-] Deleting neutron.network object s_rally_aea5df6b_W10c0ibq (97c99d4f-f3bf-427f-85c2-2e0c0007e238)
2019-07-22 09:25:54.200 22706 RALLYDEBUG rally_openstack.cleanup.manager [-] Deleting neutron.network object s_rally_aea5df6b_sztaUEv3 (994f3851-9bbf-4ad7-9b38-be8161aa2830)
2019-07-22 09:25:54.207 22706 RALLYDEBUG rally_openstack.cleanup.manager [-] Deleting neutron.network object s_rally_aea5df6b_GpGzWPbU (9ac2f42f-d8ed-4782-99f3-28fee489acfc)
2019-07-22 09:25:54.328 22706 RALLYDEBUG rally_openstack.cleanup.manager [-] Deleting neutron.network object s_rally_aea5df6b_jRD4UWYk (9ba93d0a-2f61-40dc-a6a4-473f751d2ca7)
2019-07-22 09:25:54.657 22706 RALLYDEBUG rally_openstack.cleanup.manager [-] Deleting neutron.network object s_rally_aea5df6b_fVxabaTI (9dba48c9-85cf-43e3-8e7a-5a4d34efd04b)
2019-07-22 09:25:54.906 22706 RALLYDEBUG rally_openstack.cleanup.manager [-] Deleting neutron.network object s_rally_aea5df6b_oXjYoShD (9eb5c90b-26da-48bb-9290-f0e98149d0a8)
2019-07-22 09:25:55.628 22706 RALLYDEBUG rally_openstack.cleanup.manager [-] Deleting neutron.network object s_rally_aea5df6b_wnpszGKA (9ed54153-0867-4fb5-8ff1-6f41a03a5f4c)
2019-07-22 09:25:55.983 22706 RALLYDEBUG rally_openstack.cleanup.manager [-] Deleting neutron.network object s_rally_aea5df6b_uoAF3qRg (a1de8ebd-9c9c-47ab-91b1-c2a87bb04a0f)
2019-07-22 09:25:56.417 22706 RALLYDEBUG rally_openstack.cleanup.manager [-] Deleting neutron.network object s_rally_aea5df6b_B6ScGq3D (a214b39a-5c23-4ac8-906d-507629443230)
2019-07-22 09:25:56.459 22706 RALLYDEBUG rally_openstack.cleanup.manager [-] Deleting neutron.network object s_rally_aea5df6b_xBkQVoAU (a297792c-957d-4dd7-9584-6c167dbd7fec)
2019-07-22 09:25:56.687 22706 RALLYDEBUG rally_openstack.cleanup.manager [-] Deleting neutron.network object s_rally_aea5df6b_GMSuvI7D (a5c2c3a0-54f2-419a-a6bb-9d4ebe5d77b0)
2019-07-22 09:25:56.720 22706 RALLYDEBUG rally_openstack.cleanup.manager [-] Deleting neutron.network object s_rally_aea5df6b_gubLemwW (a7b8bdc3-2b99-49fe-b775-e1c6624060b3)
2019-07-22 09:25:56.830 22706 RALLYDEBUG rally_openstack.cleanup.manager [-] Deleting neutron.network object s_rally_aea5df6b_nxajI9b6 (af74bba1-f88d-4a8f-aa39-458b563beba8)
2019-07-22 09:25:57.108 22706 RALLYDEBUG rally_openstack.cleanup.manager [-] Deleting neutron.network object s_rally_aea5df6b_Iwm86IJc (b08c501f-c9d4-4c8a-8a26-2899f657d46e)
2019-07-22 09:25:57.155 22706 RALLYDEBUG rally_openstack.cleanup.manager [-] Deleting neutron.network object s_rally_aea5df6b_R30LSDPq (b0e957b9-b891-462c-a961-e8acd7fdf32e)
2019-07-22 09:25:57.167 22706 RALLYDEBUG rally_openstack.cleanup.manager [-] Deleting neutron.network object s_rally_aea5df6b_yRwkdBSI (b494b5e7-cc03-4dbe-991b-cef78a41ca7d)
2019-07-22 09:25:57.215 22706 RALLYDEBUG rally_openstack.cleanup.manager [-] Deleting neutron.network object s_rally_aea5df6b_8XyTDFuz (b773bfdb-7d39-477c-8a45-2d01a8c54fda)
2019-07-22 09:25:57.316 22706 RALLYDEBUG rally_openstack.cleanup.manager [-] Deleting neutron.network object s_rally_aea5df6b_ggiFEBWF (b7d0b4fa-f718-43c1-ae0b-951e902dd9d5)
2019-07-22 09:25:57.322 22706 RALLYDEBUG rally_openstack.cleanup.manager [-] Deleting neutron.network object s_rally_aea5df6b_F5thVeoT (b842ef2c-7fe1-4e5a-a0c8-9c970db566a0)
2019-07-22 09:25:57.449 22706 RALLYDEBUG rally_openstack.cleanup.manager [-] Deleting neutron.network object s_rally_aea5df6b_lirSV7mf (bb3b3475-f327-42ab-bec9-ff25e74c2da2)
2019-07-22 09:25:57.469 22706 RALLYDEBUG rally_openstack.cleanup.manager [-] Deleting neutron.network object s_rally_aea5df6b_4YmTeAa9 (bba9674f-c823-458f-af5b-1ed0059e6a3f)
2019-07-22 09:25:57.541 22706 RALLYDEBUG rally_openstack.cleanup.manager [-] Deleting neutron.network object s_rally_aea5df6b_VBad7AM0 (bc0d9ece-ee24-4d65-baba-8fd584a92eb0)
2019-07-22 09:25:57.631 22706 RALLYDEBUG rally_openstack.cleanup.manager [-] Deleting neutron.network object s_rally_aea5df6b_bFy5EWvT (bfcb0f73-1ce8-43fa-b2c0-a604da8a1370)
2019-07-22 09:25:57.638 22706 RALLYDEBUG rally_openstack.cleanup.manager [-] Deleting neutron.network object s_rally_aea5df6b_K13PGhBW (c4b111aa-da5f-4254-b6a8-2d64430bf597)
2019-07-22 09:25:57.664 22706 RALLYDEBUG rally_openstack.cleanup.manager [-] Deleting neutron.network object s_rally_aea5df6b_HW0qMqp2 (c9660bd0-b852-41d1-9d14-8b681030fadf)
2019-07-22 09:25:57.664 22706 RALLYDEBUG rally_openstack.cleanup.manager [-] Deleting neutron.network object s_rally_aea5df6b_UOH8pKel (ca2f4002-7640-4351-9624-cb2c72db34a3)
2019-07-22 09:25:58.321 22706 RALLYDEBUG rally_openstack.cleanup.manager [-] Deleting neutron.network object s_rally_aea5df6b_2xNf2H2p (cbcaf047-78c1-4fef-ab2a-04e78b5d3792)
2019-07-22 09:25:58.679 22706 RALLYDEBUG rally_openstack.cleanup.manager [-] Deleting neutron.network object s_rally_aea5df6b_OSWFDMM1 (cf0dc075-32d9-414c-8b73-310dd77be784)
2019-07-22 09:25:59.717 22706 RALLYDEBUG rally_openstack.cleanup.manager [-] Deleting neutron.network object s_rally_aea5df6b_9J2CkWQe (cfcade3d-e50f-4577-9376-393d5ed332b6)
2019-07-22 09:25:59.939 22706 RALLYDEBUG rally_openstack.cleanup.manager [-] Deleting neutron.network object s_rally_aea5df6b_I3pUdYjk (d21332a4-e1a2-4b29-a09c-5579790ac072)
2019-07-22 09:26:00.158 22706 RALLYDEBUG rally_openstack.cleanup.manager [-] Deleting neutron.network object s_rally_aea5df6b_TwJOHEhJ (d5c864c3-5ed8-413e-8766-c53a8ed8d237)
2019-07-22 09:26:00.164 22706 RALLYDEBUG rally_openstack.cleanup.manager [-] Deleting neutron.network object s_rally_aea5df6b_xm2UmFVM (d989e324-77cd-49ce-956a-f064fe8b8223)
2019-07-22 09:26:00.251 22706 RALLYDEBUG rally_openstack.cleanup.manager [-] Deleting neutron.network object s_rally_aea5df6b_g43IZtTs (dd0e70dd-a56a-4e77-b817-ead0a8e1acfc)
2019-07-22 09:26:00.835 22706 RALLYDEBUG rally_openstack.cleanup.manager [-] Deleting neutron.network object s_rally_aea5df6b_nscJxQpi (dea3d96f-8f2c-4710-98e3-3ab0c9de42f6)
2019-07-22 09:26:01.058 22706 RALLYDEBUG rally_openstack.cleanup.manager [-] Deleting neutron.network object s_rally_aea5df6b_w5ccKjhG (e0b6c0d5-e0c9-4672-8b2b-7cbdd4cdccd1)
2019-07-22 09:26:01.108 22706 RALLYDEBUG rally_openstack.cleanup.manager [-] Deleting neutron.network object s_rally_aea5df6b_vfHBZ36F (e5db2626-251f-496d-ace0-89c574de73b1)
