2019-07-22 09:45:28.458 22706 RALLYDEBUG rally_openstack.cleanup.manager [-] Deleting neutron.port object s_rally_e26d3589_sMwwBT20 (66065ab7-9518-4ad6-bcca-b70e6d5655b3)
2019-07-22 09:45:28.789 22706 RALLYDEBUG rally_openstack.cleanup.manager [-] Deleting neutron.port object s_rally_e26d3589_4C6KSgyY (670f1f15-cff3-4e0b-bb3e-bbed18a1375d)
2019-07-22 09:45:28.833 22706 RALLYDEBUG rally_openstack.cleanup.manager [-] Deleting neutron.port object s_rally_e26d3589_K98yxwRt (67abe025-27dc-4470-a071-bf9b7c0a6cd2)
2019-07-22 09:45:28.878 22706 RALLYDEBUG rally_openstack.cleanup.manager [-] Deleting neutron.port object s_rally_e26d3589_PbC1yahg (68a7be65-46d5-4682-853e-2baff9d0123d)
2019-07-22 09:45:29.181 22706 RALLYDEBUG rally_openstack.cleanup.manager [-] Deleting neutron.port object s_rally_e26d3589_m8fYlrJv (69f38ea0-8c22-4b2c-aed9-e570037a8600)
2019-07-22 09:45:29.279 22706 RALLYDEBUG rally_openstack.cleanup.manager [-] Deleting neutron.port object s_rally_e26d3589_VZcR9goC (6a98b337-807c-4aa4-9557-a0290ae0d413)
2019-07-22 09:45:29.316 22706 RALLYDEBUG rally_openstack.cleanup.manager [-] Deleting neutron.port object s_rally_e26d3589_iviCSRED (6b01b238-cbed-4487-b062-4be2414e36e3)
2019-07-22 09:45:29.455 22706 RALLYDEBUG rally_openstack.cleanup.manager [-] Deleting neutron.port object s_rally_e26d3589_X148BG5i (6c43bb34-32ef-4020-9f21-c4dcca424ed9)
2019-07-22 09:45:29.522 22706 RALLYDEBUG rally_openstack.cleanup.manager [-] Deleting neutron.port object s_rally_e26d3589_Mc1lXU2U (6d6a0a20-9d56-4473-920a-153a45352fe4)
2019-07-22 09:45:29.522 22706 RALLYDEBUG rally_openstack.cleanup.manager [-] Deleting neutron.port object s_rally_e26d3589_5FVjESR0 (6e0a61cc-1ce1-40c4-8dad-7ffce73e220c)
2019-07-22 09:45:29.545 22706 RALLYDEBUG rally_openstack.cleanup.manager [-] Deleting neutron.port object s_rally_e26d3589_cDUMO854 (6ed54c97-6170-421b-8bc9-675c268b290e)
2019-07-22 09:45:29.562 22706 RALLYDEBUG rally_openstack.cleanup.manager [-] Deleting neutron.port object s_rally_e26d3589_k1xUCXO1 (70652dae-850d-480c-9bb6-0dba34a26b22)
2019-07-22 09:45:29.730 22706 RALLYDEBUG rally_openstack.cleanup.manager [-] Deleting neutron.port object s_rally_e26d3589_LIiiTVPU (710b7fe4-daf2-4543-9f25-43ac82df3ae3)
2019-07-22 09:45:29.758 22706 RALLYDEBUG rally_openstack.cleanup.manager [-] Deleting neutron.port object s_rally_e26d3589_Sg85Qvvr (7135cc6b-96e3-4382-ac70-5e3d5d559350)
2019-07-22 09:45:29.788 22706 RALLYDEBUG rally_openstack.cleanup.manager [-] Deleting neutron.port object s_rally_e26d3589_N0O0HucH (7249b505-6bab-432f-82fd-5227d4d027c3)
2019-07-22 09:45:29.968 22706 RALLYDEBUG rally_openstack.cleanup.manager [-] Deleting neutron.port object s_rally_e26d3589_jkynp3tC (728e8fcc-a347-4322-8ec8-983c46c3e8d2)
2019-07-22 09:45:30.148 22706 RALLYDEBUG rally_openstack.cleanup.manager [-] Deleting neutron.port object s_rally_e26d3589_oLkUr1ZA (73bb7818-e8d4-4ca2-809d-f29bd24341aa)
2019-07-22 09:45:30.749 22706 RALLYDEBUG rally_openstack.cleanup.manager [-] Deleting neutron.port object s_rally_e26d3589_DvxHzCqs (73c65275-c7f5-4cf8-83d5-d815a394aea2)
2019-07-22 09:45:30.816 22706 RALLYDEBUG rally_openstack.cleanup.manager [-] Deleting neutron.port object s_rally_e26d3589_O475wJ3z (746a2ba3-e3d8-4812-939f-5445433a11c8)
2019-07-22 09:45:30.823 22706 RALLYDEBUG rally_openstack.cleanup.manager [-] Deleting neutron.port object s_rally_e26d3589_subEZjB2 (758faa69-6414-4bf0-a5ca-ba13b7faa484)
2019-07-22 09:45:31.254 22706 RALLYDEBUG rally_openstack.cleanup.manager [-] Deleting neutron.port object s_rally_e26d3589_OxuyKGtB (760c2d89-9932-434c-8cf0-75049589f272)
2019-07-22 09:45:31.510 22706 RALLYDEBUG rally_openstack.cleanup.manager [-] Deleting neutron.port object s_rally_e26d3589_69mkpUQn (7897956c-f469-4557-b8b7-dec5e99aa1b5)
2019-07-22 09:45:31.716 22706 RALLYDEBUG rally_openstack.cleanup.manager [-] Deleting neutron.port object s_rally_e26d3589_xyj3veWD (7af0717e-5d96-4174-8cab-2a0928ed9241)
2019-07-22 09:45:31.716 22706 RALLYDEBUG rally_openstack.cleanup.manager [-] Deleting neutron.port object s_rally_e26d3589_wCqddUVp (79da3f8a-634d-4548-ada2-b29d82e22209)
2019-07-22 09:45:32.199 22706 RALLYDEBUG rally_openstack.cleanup.manager [-] Deleting neutron.port object s_rally_e26d3589_XwtuUMaD (7c799df8-564b-4fab-9093-c709c73fa1d1)
2019-07-22 09:45:32.322 22706 RALLYDEBUG rally_openstack.cleanup.manager [-] Deleting neutron.port object s_rally_e26d3589_qK6wNNoT (7f5cc2e7-3780-42e0-bb10-be2967df7e65)
2019-07-22 09:45:32.376 22706 RALLYDEBUG rally_openstack.cleanup.manager [-] Deleting neutron.port object s_rally_e26d3589_2lKWczE9 (80ed3e11-4a0b-420e-a480-a7f83ed6211b)
2019-07-22 09:45:32.577 22706 RALLYDEBUG rally_openstack.cleanup.manager [-] Deleting neutron.port object s_rally_e26d3589_KayPmgp4 (82440808-e74a-4d83-b29a-140a55108d45)
2019-07-22 09:45:32.829 22706 RALLYDEBUG rally_openstack.cleanup.manager [-] Deleting neutron.port object s_rally_e26d3589_fQT0ZSnT (826d3981-107c-43f9-be11-f5bf18da6195)
2019-07-22 09:45:32.976 22706 RALLYDEBUG rally_openstack.cleanup.manager [-] Deleting neutron.port object s_rally_e26d3589_RPZZ1KUI (8321e4eb-22fd-4b2e-8a63-c688d625fdf1)
2019-07-22 09:45:33.003 22706 RALLYDEBUG rally_openstack.cleanup.manager [-] Deleting neutron.port object s_rally_e26d3589_wRbH5Y7O (853c158f-de7f-4b40-8107-2339f4fd0777)
2019-07-22 09:45:33.010 22706 RALLYDEBUG rally_openstack.cleanup.manager [-] Deleting neutron.port object s_rally_e26d3589_GL8259vl (857e51db-9635-4fd1-99fc-79e92c1773e2)
2019-07-22 09:45:33.095 22706 RALLYDEBUG rally_openstack.cleanup.manager [-] Deleting neutron.port object s_rally_e26d3589_JvTDoga7 (85a032ee-2a6f-46e9-8ea5-f56b1e49ee11)
2019-07-22 09:45:33.190 22706 RALLYDEBUG rally_openstack.cleanup.manager [-] Deleting neutron.port object s_rally_e26d3589_AWejFKo6 (8638490c-c2a3-413a-99e0-006b1406418f)
2019-07-22 09:45:33.214 22706 RALLYDEBUG rally_openstack.cleanup.manager [-] Deleting neutron.port object s_rally_e26d3589_E71cvf9u (86a62584-0f2e-4892-b23c-ac99447da4d6)
2019-07-22 09:45:33.230 22706 RALLYDEBUG rally_openstack.cleanup.manager [-] Deleting neutron.port object s_rally_e26d3589_ICq475VV (8a576b40-a073-460a-9a21-721a569748c4)
2019-07-22 09:45:33.239 22706 RALLYDEBUG rally_openstack.cleanup.manager [-] Deleting neutron.port object s_rally_e26d3589_qj0aEDCp (8c22dcc4-9147-4915-9098-e564e1018b31)
2019-07-22 09:45:33.312 22706 RALLYDEBUG rally_openstack.cleanup.manager [-] Deleting neutron.port object s_rally_e26d3589_RcYPOfO1 (8c49c9a7-1881-498a-a54f-4dd190e1fac2)
2019-07-22 09:45:33.337 22706 RALLYDEBUG rally_openstack.cleanup.manager [-] Deleting neutron.port object s_rally_e26d3589_K2cCLz6G (8c9e6e4f-84c2-4635-8610-ef08ac794b47)
2019-07-22 09:45:33.402 22706 RALLYDEBUG rally_openstack.cleanup.manager [-] Deleting neutron.port object s_rally_e26d3589_yaKiyf3H (92089ee9-9c57-46f1-829c-6838b50997d2)
2019-07-22 09:45:33.738 22706 RALLYDEBUG rally_openstack.cleanup.manager [-] Deleting neutron.port object s_rally_e26d3589_CjVpzwyJ (939cd356-c730-46b6-88f5-58c821514fb7)
2019-07-22 09:45:33.889 22706 RALLYDEBUG rally_openstack.cleanup.manager [-] Deleting neutron.port object s_rally_e26d3589_ThBAtATE (9503a7dd-fb74-40f3-b15a-f6e1163becb2)
2019-07-22 09:45:33.935 22706 RALLYDEBUG rally_openstack.cleanup.manager [-] Deleting neutron.port object s_rally_e26d3589_oLCiVQ6P (95129e52-237f-41ce-8aa3-b7967ff40c5c)
2019-07-22 09:45:33.944 22706 RALLYDEBUG rally_openstack.cleanup.manager [-] Deleting neutron.port object s_rally_e26d3589_zvkSzosu (9522de57-a2a0-48cd-a5ca-9b53b4d8b25e)
2019-07-22 09:45:34.624 22706 RALLYDEBUG rally_openstack.cleanup.manager [-] Deleting neutron.port object s_rally_e26d3589_14CeZJyh (95e8ead8-d842-4508-9a30-d49b59766ace)
2019-07-22 09:45:34.900 22706 RALLYDEBUG rally_openstack.cleanup.manager [-] Deleting neutron.port object s_rally_e26d3589_AYohUIZg (98bde932-da2b-4466-9f91-9ffb2b51ec69)
2019-07-22 09:45:35.127 22706 RALLYDEBUG rally_openstack.cleanup.manager [-] Deleting neutron.port object s_rally_e26d3589_vXunnTRt (9aa89776-0ad7-4d0f-8dff-e54bd9169471)
2019-07-22 09:45:35.434 22706 RALLYDEBUG rally_openstack.cleanup.manager [-] Deleting neutron.port object s_rally_e26d3589_5Q7SZkuH (9ac8fe86-08f8-435b-8e8f-dc4b954cb865)
2019-07-22 09:45:35.682 22706 RALLYDEBUG rally_openstack.cleanup.manager [-] Deleting neutron.port object s_rally_e26d3589_9P3Xw79S (9c042a2c-6609-400b-ae33-40fc30caf930)
2019-07-22 09:45:35.941 22706 RALLYDEBUG rally_openstack.cleanup.manager [-] Deleting neutron.port object s_rally_e26d3589_BDcChtWh (9d965a5a-acf0-47ca-bf3d-f295b04483fd)
2019-07-22 09:45:36.273 22706 RALLYDEBUG rally_openstack.cleanup.manager [-] Deleting neutron.port object s_rally_e26d3589_PouHNhxe (9dc162af-6344-492f-a922-b574ae50d5a1)
2019-07-22 09:45:36.561 22706 RALLYDEBUG rally_openstack.cleanup.manager [-] Deleting neutron.port object s_rally_e26d3589_uhQS5tPV (9e00e9af-9385-4fac-a079-d7845335769f)
2019-07-22 09:45:37.012 22706 RALLYDEBUG rally_openstack.cleanup.manager [-] Deleting neutron.port object s_rally_e26d3589_W64JOV1e (9e6f630b-f562-44d5-8ec2-7f2fe582b660)
2019-07-22 09:45:37.033 22706 RALLYDEBUG rally_openstack.cleanup.manager [-] Deleting neutron.port object s_rally_e26d3589_jebyfH1k (a100d637-1703-49c2-8587-fd1ce801fcea)
2019-07-22 09:45:37.155 22706 RALLYDEBUG rally_openstack.cleanup.manager [-] Deleting neutron.port object s_rally_e26d3589_sek434tX (a1b68568-816e-461c-8380-ac40501f62e0)
2019-07-22 09:45:37.233 22706 RALLYDEBUG rally_openstack.cleanup.manager [-] Deleting neutron.port object s_rally_e26d3589_KJvTqztP (a3a1c8db-146d-4968-83d5-2d39cbf5ed68)
2019-07-22 09:45:37.268 22706 RALLYDEBUG rally_openstack.cleanup.manager [-] Deleting neutron.port object s_rally_e26d3589_d6Z4dbNm (a40d00ea-2131-414d-bd00-32e8fb14734b)
2019-07-22 09:45:37.300 22706 RALLYDEBUG rally_openstack.cleanup.manager [-] Deleting neutron.port object s_rally_e26d3589_l8YBa8Xd (a496e343-c9e3-4c71-a02a-8b7d6af9ed01)
2019-07-22 09:45:37.340 22706 RALLYDEBUG rally_openstack.cleanup.manager [-] Deleting neutron.port object s_rally_e26d3589_2E1ZTYuk (a4c82587-0718-42bb-91fb-f0327d97e18e)
2019-07-22 09:45:37.522 22706 RALLYDEBUG rally_openstack.cleanup.manager [-] Deleting neutron.port object s_rally_e26d3589_XI1avhE5 (a5a39469-3f67-40c0-b03b-7a526cb27d56)
2019-07-22 09:45:37.575 22706 RALLYDEBUG rally_openstack.cleanup.manager [-] Deleting neutron.port object s_rally_e26d3589_XCpuQshI (a6587d40-ecfe-431c-bb72-0c75a19d2245)
2019-07-22 09:45:37.748 22706 RALLYDEBUG rally_openstack.cleanup.manager [-] Deleting neutron.port object s_rally_e26d3589_Rrr0ggxk (a7fb0eed-f60b-4584-b65f-2bd5df099ee2)
2019-07-22 09:45:37.777 22706 RALLYDEBUG rally_openstack.cleanup.manager [-] Deleting neutron.port object s_rally_e26d3589_RMjJusLQ (a88e3893-ed1b-4433-b95e-2b4a2212c66d)
2019-07-22 09:45:37.820 22706 RALLYDEBUG rally_openstack.cleanup.manager [-] Deleting neutron.port object s_rally_e26d3589_7GH3PyBz (a8f6ff6a-9d43-4f09-aff5-5a0139ec82f5)
2019-07-22 09:45:37.901 22706 RALLYDEBUG rally_openstack.cleanup.manager [-] Deleting neutron.port object s_rally_e26d3589_dHoIGmKx (a98e6855-6163-4a31-aade-23a63668ecc0)
2019-07-22 09:45:37.939 22706 RALLYDEBUG rally_openstack.cleanup.manager [-] Deleting neutron.port object s_rally_e26d3589_v7AYAJ5h (aadb2571-7d21-4fb8-a8ed-f4e753f12dd0)
2019-07-22 09:45:37.982 22706 RALLYDEBUG rally_openstack.cleanup.manager [-] Deleting neutron.port object s_rally_e26d3589_Qy316xBF (abb9fc64-ef16-43fe-b83e-b7ad86e12119)
2019-07-22 09:45:38.112 22706 RALLYDEBUG rally_openstack.cleanup.manager [-] Deleting neutron.port object s_rally_e26d3589_dzxWxHwR (adea6127-f66f-497c-bf59-cd933df02bd8)
2019-07-22 09:45:38.136 22706 RALLYDEBUG rally_openstack.cleanup.manager [-] Deleting neutron.port object s_rally_e26d3589_5XmLPRiO (b758e35e-1163-440c-b3ac-dda4847e1f0e)
2019-07-22 09:45:38.140 22706 RALLYDEBUG rally_openstack.cleanup.manager [-] Deleting neutron.port object s_rally_e26d3589_DaophjOd (afe298c3-4593-4f09-97f8-8cfe3846feef)
2019-07-22 09:45:38.394 22706 RALLYDEBUG rally_openstack.cleanup.manager [-] Deleting neutron.port object s_rally_e26d3589_rCvoAqBQ (b7712cae-2267-4ba4-bf2f-ebb78966c055)
2019-07-22 09:45:38.757 22706 RALLYDEBUG rally_openstack.cleanup.manager [-] Deleting neutron.port object s_rally_e26d3589_5YqSodyL (ba5f6e95-b6a4-4876-9d60-b9b00e7fcabd)
2019-07-22 09:45:39.555 22706 RALLYDEBUG rally_openstack.cleanup.manager [-] Deleting neutron.port object s_rally_e26d3589_oIn0kG8M (bbf5df03-f553-4a21-92a9-f9817f19aa74)
2019-07-22 09:45:39.830 22706 RALLYDEBUG rally_openstack.cleanup.manager [-] Deleting neutron.port object s_rally_e26d3589_XN6814KQ (bc4cb402-6886-4859-9acc-c48a98ecf4ef)
2019-07-22 09:45:40.174 22706 RALLYDEBUG rally_openstack.cleanup.manager [-] Deleting neutron.port object s_rally_e26d3589_9fqtRDR1 (bcee947c-4a1d-49a7-ac83-593adfdc2e31)
2019-07-22 09:45:40.186 22706 RALLYDEBUG rally_openstack.cleanup.manager [-] Deleting neutron.port object s_rally_e26d3589_amWmO2iq (be8bc829-c495-4a37-806b-2530f929d4fe)
2019-07-22 09:45:40.344 22706 RALLYDEBUG rally_openstack.cleanup.manager [-] Deleting neutron.port object s_rally_e26d3589_T0y8RWOq (c1a0872c-4b7d-4bd8-9ce7-5699a296dff2)
2019-07-22 09:45:40.740 22706 RALLYDEBUG rally_openstack.cleanup.manager [-] Deleting neutron.port object s_rally_e26d3589_1SFA6UGk (c4041a52-13c5-4c23-8df8-c2bdff26fc91)
2019-07-22 09:45:40.779 22706 RALLYDEBUG rally_openstack.cleanup.manager [-] Deleting neutron.port object s_rally_e26d3589_8w192PW6 (c614e7bb-e72b-4219-be61-810c079e6ff5)
2019-07-22 09:45:41.079 22706 RALLYDEBUG rally_openstack.cleanup.manager [-] Deleting neutron.port object s_rally_e26d3589_nbynokWj (c8852a40-04cf-4f63-ae9f-6dd2fc9cb4d4)
2019-07-22 09:45:41.101 22706 RALLYDEBUG rally_openstack.cleanup.manager [-] Deleting neutron.port object s_rally_e26d3589_VVqWOvaw (c90f3055-77f9-4b47-bdb5-9bfbe4d35b50)
2019-07-22 09:45:41.225 22706 RALLYDEBUG rally_openstack.cleanup.manager [-] Deleting neutron.port object s_rally_e26d3589_upvnzzKo (ca03cf15-2d55-41ff-b98d-992b9d0aa686)
2019-07-22 09:45:41.295 22706 RALLYDEBUG rally_openstack.cleanup.manager [-] Deleting neutron.port object s_rally_e26d3589_ZCVMGl9H (cabf1dd3-c200-4bff-8eef-45c91e4885ee)
2019-07-22 09:45:41.485 22706 RALLYDEBUG rally_openstack.cleanup.manager [-] Deleting neutron.port object s_rally_e26d3589_eZkaKLAN (cb845c4c-7b03-4bda-b36f-97edd97aa408)
2019-07-22 09:45:41.531 22706 RALLYDEBUG rally_openstack.cleanup.manager [-] Deleting neutron.port object s_rally_e26d3589_ZuvG3Taw (cc4bf1e3-a8f9-4b72-87a5-d211b3b592d4)
2019-07-22 09:45:41.684 22706 RALLYDEBUG rally_openstack.cleanup.manager [-] Deleting neutron.port object s_rally_e26d3589_TXCOgx8O (cd0cf848-59c1-4178-93de-76567c6076eb)
2019-07-22 09:45:41.825 22706 RALLYDEBUG rally_openstack.cleanup.manager [-] Deleting neutron.port object s_rally_e26d3589_OPNRuq3v (ce4ab4ee-9937-46a4-9eff-666dabe0f970)
2019-07-22 09:45:41.858 22706 RALLYDEBUG rally_openstack.cleanup.manager [-] Deleting neutron.port object s_rally_e26d3589_JBWAR9IB (d01fc32d-204d-4e16-9c87-9876d2a76fda)
2019-07-22 09:45:42.293 22706 RALLYDEBUG rally_openstack.cleanup.manager [-] Deleting neutron.port object s_rally_e26d3589_SzmZbWWv (d2263f68-531f-4ef0-8e4a-c8503ee5c173)
2019-07-22 09:45:42.586 22706 RALLYDEBUG rally_openstack.cleanup.manager [-] Deleting neutron.port object s_rally_e26d3589_LJkephMJ (d4e05476-a049-4d45-9ad4-8a2b2cf50cc5)
2019-07-22 09:45:42.883 22706 RALLYDEBUG rally_openstack.cleanup.manager [-] Deleting neutron.port object s_rally_e26d3589_D4BUWlob (d51e6ace-aa74-4213-a4d2-ddfc54c02680)
2019-07-22 09:45:43.003 22706 RALLYDEBUG rally_openstack.cleanup.manager [-] Deleting neutron.port object s_rally_e26d3589_kXTSjQVD (d661e56a-0855-4ff4-88f9-87d01df92cb4)
2019-07-22 09:45:43.103 22706 RALLYDEBUG rally_openstack.cleanup.manager [-] Deleting neutron.port object s_rally_e26d3589_ct0rzfco (d9a9e356-59d9-479a-aa6a-041f33f06787)
2019-07-22 09:45:43.209 22706 RALLYDEBUG rally_openstack.cleanup.manager [-] Deleting neutron.port object s_rally_e26d3589_KDKWq0TY (dd9fc152-8fce-4248-b819-48aea19daa69)
2019-07-22 09:45:43.282 22706 RALLYDEBUG rally_openstack.cleanup.manager [-] Deleting neutron.port object s_rally_e26d3589_1uSM9wEM (e016c48e-5e45-49ad-ba4f-1aa9e1fd0c9c)
2019-07-22 09:45:43.564 22706 RALLYDEBUG rally_openstack.cleanup.manager [-] Deleting neutron.port object s_rally_e26d3589_xLpHVKwl (e035ab2e-da34-41d0-b089-7d60039eee98)
2019-07-22 09:45:43.570 22706 RALLYDEBUG rally_openstack.cleanup.manager [-] Deleting neutron.port object s_rally_e26d3589_mnPEy6oL (e0e8ba5e-8f9b-4013-8cd8-471720c78249)
2019-07-22 09:45:43.582 22706 RALLYDEBUG rally_openstack.cleanup.manager [-] Deleting neutron.port object s_rally_e26d3589_7Ywd4nwE (e2f8969b-f12a-4b4a-9756-a89439c4c54d)
2019-07-22 09:45:43.618 22706 RALLYDEBUG rally_openstack.cleanup.manager [-] Deleting neutron.port object s_rally_e26d3589_K6MJZ10u (e3026355-1876-4036-aa51-b1d5d2907ab2)
2019-07-22 09:45:43.888 22706 RALLYDEBUG rally_openstack.cleanup.manager [-] Deleting neutron.port object s_rally_e26d3589_3NgKOrYn (e33c1fc5-03c7-4564-bcd7-62af5d72fbc6)
2019-07-22 09:45:44.524 22706 RALLYDEBUG rally_openstack.cleanup.manager [-] Deleting neutron.port object s_rally_e26d3589_MO3KwEg2 (e3c8b9b1-9c79-45e0-8581-620080e04980)
2019-07-22 09:45:44.553 22706 RALLYDEBUG rally_openstack.cleanup.manager [-] Deleting neutron.port object s_rally_e26d3589_1LW33mXb (e434d14c-843b-4c4e-ae6a-c95dfd41587b)
2019-07-22 09:45:44.596 22706 RALLYDEBUG rally_openstack.cleanup.manager [-] Deleting neutron.port object s_rally_e26d3589_Xknp9mAH (e4dddf46-99cd-423b-a794-954ce5162663)
2019-07-22 09:45:44.702 22706 RALLYDEBUG rally_openstack.cleanup.manager [-] Deleting neutron.port object s_rally_e26d3589_3tzoKwsS (e52db2e1-21fb-4c5e-9943-2277afa032c3)
2019-07-22 09:45:44.942 22706 RALLYDEBUG rally_openstack.cleanup.manager [-] Deleting neutron.port object s_rally_e26d3589_zAtJYy60 (e7ca71f1-b274-4f99-9781-a9b57ae8eedf)
2019-07-22 09:45:44.942 22706 RALLYDEBUG rally_openstack.cleanup.manager [-] Deleting neutron.port object s_rally_e26d3589_NEJmuSPE (e82ed6c8-f4f8-4e11-bb99-59f59127ead3)
2019-07-22 09:45:44.993 22706 RALLYDEBUG rally_openstack.cleanup.manager [-] Deleting neutron.port object s_rally_e26d3589_IxmcpFq5 (e888a2e6-14e2-4df8-9651-42f720420ba4)
2019-07-22 09:45:45.123 22706 RALLYDEBUG rally_openstack.cleanup.manager [-] Deleting neutron.port object s_rally_e26d3589_GFdInkcw (eb2a5068-4446-4bcb-b8b6-500944df1390)
2019-07-22 09:45:45.176 22706 RALLYDEBUG rally_openstack.cleanup.manager [-] Deleting neutron.port object s_rally_e26d3589_eWGC7UlR (ec038cc1-c1e7-4c3e-a614-dfc254437b98)
2019-07-22 09:45:45.254 22706 RALLYDEBUG rally_openstack.cleanup.manager [-] Deleting neutron.port object s_rally_e26d3589_tV3B5mZw (ec3702da-a25b-4633-a3f4-f74e0f5a94c8)
2019-07-22 09:45:45.597 22706 RALLYDEBUG rally_openstack.cleanup.manager [-] Deleting neutron.port object s_rally_e26d3589_L7aOCN4z (ed4b8149-557f-4cc6-bdf5-fe709e7bd4f4)
2019-07-22 09:45:45.733 22706 RALLYDEBUG rally_openstack.cleanup.manager [-] Deleting neutron.port object s_rally_e26d3589_M9mNvZmf (ee7f91ad-422d-4875-a6d4-41bc75891a47)
2019-07-22 09:45:46.066 22706 RALLYDEBUG rally_openstack.cleanup.manager [-] Deleting neutron.port object s_rally_e26d3589_yEj95GhU (eebb1fdd-e535-43d3-ad19-ce636630ef43)
2019-07-22 09:45:46.286 22706 RALLYDEBUG rally_openstack.cleanup.manager [-] Deleting neutron.port object s_rally_e26d3589_DMPwyurp (f0c68470-efc9-4815-9b72-143f70cd1cfb)
2019-07-22 09:45:46.303 22706 RALLYDEBUG rally_openstack.cleanup.manager [-] Deleting neutron.port object s_rally_e26d3589_E6BFbAms (f102c735-bd74-40f9-bf08-aea78b840884)
2019-07-22 09:45:46.510 22706 RALLYDEBUG rally_openstack.cleanup.manager [-] Deleting neutron.port object s_rally_e26d3589_9Xbjc1Rb (f10b8b7b-36b2-40c2-914a-0532c287888f)
2019-07-22 09:45:46.718 22706 RALLYDEBUG rally_openstack.cleanup.manager [-] Deleting neutron.port object s_rally_e26d3589_lBTZtzQV (f24228da-7ded-43f1-960a-21c942433d92)
2019-07-22 09:45:46.855 22706 RALLYDEBUG rally_openstack.cleanup.manager [-] Deleting neutron.port object s_rally_e26d3589_mNsRjDCF (f24ec33e-b1ab-48e2-bc88-7e07996e0b17)
2019-07-22 09:45:47.042 22706 RALLYDEBUG rally_openstack.cleanup.manager [-] Deleting neutron.port object s_rally_e26d3589_eFqibu2u (f32f0b35-3954-4b38-9d2b-8f09c80d4c7d)
2019-07-22 09:45:47.404 22706 RALLYDEBUG rally_openstack.cleanup.manager [-] Deleting neutron.port object s_rally_e26d3589_4DN5YgAK (f38f7501-652e-4daf-8526-632280f24b57)
2019-07-22 09:45:47.438 22706 RALLYDEBUG rally_openstack.cleanup.manager [-] Deleting neutron.port object s_rally_e26d3589_lvEfqosL (f43f4bfe-2929-4240-ae60-2d52ff4d4335)
2019-07-22 09:45:47.456 22706 RALLYDEBUG rally_openstack.cleanup.manager [-] Deleting neutron.port object s_rally_e26d3589_KTvU2DSd (f6091f23-5095-4164-b6f2-fc357dacb097)
2019-07-22 09:45:47.652 22706 RALLYDEBUG rally_openstack.cleanup.manager [-] Deleting neutron.port object s_rally_e26d3589_kngAj4HV (f7ecff73-bbba-4de3-b7b3-1c77d2e1bb06)
2019-07-22 09:45:47.764 22706 RALLYDEBUG rally_openstack.cleanup.manager [-] Deleting neutron.port object s_rally_e26d3589_D93KWnU3 (f9503717-b4f9-4cec-9aec-65eef5b3a8c2)
2019-07-22 09:45:47.798 22706 RALLYDEBUG rally_openstack.cleanup.manager [-] Deleting neutron.port object s_rally_e26d3589_Jh3Ph0Sy (fa20a8b6-3213-4893-939c-8efa3c9ef353)
2019-07-22 09:45:47.955 22706 RALLYDEBUG rally_openstack.cleanup.manager [-] Deleting neutron.port object s_rally_e26d3589_0w4pS12F (fc7e1dff-cec2-40e2-9ec6-c98d7e0fb6b8)
2019-07-22 09:45:48.049 22706 RALLYDEBUG rally_openstack.cleanup.manager [-] Deleting neutron.port object s_rally_e26d3589_EHINnzoa (fcf5910f-c9eb-4275-babd-908a9fa51a64)
2019-07-22 09:45:48.184 22706 RALLYDEBUG rally_openstack.cleanup.manager [-] Deleting neutron.port object s_rally_e26d3589_lJUG07KS (fd3fdc09-9f73-428a-a8a7-e4b4a41b3483)
2019-07-22 09:45:48.204 22706 RALLYDEBUG rally_openstack.cleanup.manager [-] Deleting neutron.port object s_rally_e26d3589_ZvQFmHVO (fe7347e4-638c-400b-838b-40fafcb3dc4b)
2019-07-22 09:45:48.209 22706 RALLYDEBUG rally_openstack.cleanup.manager [-] Deleting neutron.port object s_rally_e26d3589_ISrGS3vK (ff499b85-5a5c-460e-8152-cfd7540c8cb0)
2019-07-22 09:45:48.229 22706 RALLYDEBUG rally_openstack.cleanup.manager [-] Deleting neutron.port object s_rally_e26d3589_fcRJejZB (ff9a48a0-3b80-4a52-85f7-475c74be66d0)
2019-07-22 09:45:51.154 22706 RALLYDEBUG rally_openstack.cleanup.manager [-] Cleaning up neutron subnet objects
2019-07-22 09:45:51.800 22706 RALLYDEBUG rally_openstack.cleanup.manager [-] Cleaning up neutron network objects
2019-07-22 09:45:52.649 22706 RALLYDEBUG rally_openstack.cleanup.manager [-] Deleting neutron.network object s_rally_e26d3589_F2iTLrzH (001d203e-56af-48ac-9d56-14c14e219634)
2019-07-22 09:45:52.654 22706 RALLYDEBUG rally_openstack.cleanup.manager [-] Deleting neutron.network object s_rally_e26d3589_JYIvYXTR (1b65a0d6-6171-47ad-9ceb-8a26f9309e72)
2019-07-22 09:45:52.663 22706 RALLYDEBUG rally_openstack.cleanup.manager [-] Deleting neutron.network object s_rally_e26d3589_QKzHS6Sf (21e492d8-8ffc-4777-b9d6-5eb479165e39)
2019-07-22 09:45:52.667 22706 RALLYDEBUG rally_openstack.cleanup.manager [-] Deleting neutron.network object s_rally_e26d3589_MQynGLrX (239b92be-1f83-4d01-ac1d-235587d12a67)
2019-07-22 09:45:52.675 22706 RALLYDEBUG rally_openstack.cleanup.manager [-] Deleting neutron.network object s_rally_e26d3589_Yvet4kyr (25ad21e2-aafc-4c81-b321-c6417b285cd2)
2019-07-22 09:45:52.689 22706 RALLYDEBUG rally_openstack.cleanup.manager [-] Deleting neutron.network object s_rally_e26d3589_slxR3Sav (26e0c200-75ae-4525-9408-63e7b9684689)
2019-07-22 09:45:52.698 22706 RALLYDEBUG rally_openstack.cleanup.manager [-] Deleting neutron.network object s_rally_e26d3589_qDkeIdzV (2c9d04eb-d9e6-46d9-9cd0-18a856d9ddb2)
2019-07-22 09:45:52.701 22706 RALLYDEBUG rally_openstack.cleanup.manager [-] Deleting neutron.network object s_rally_e26d3589_Q891lvyP (279a3cd4-d8bb-4cac-82b4-025c891a49c2)
2019-07-22 09:45:52.725 22706 RALLYDEBUG rally_openstack.cleanup.manager [-] Deleting neutron.network object s_rally_e26d3589_yWHscPFT (40b33392-c797-4587-ba97-5a3a614be1df)
2019-07-22 09:45:52.726 22706 RALLYDEBUG rally_openstack.cleanup.manager [-] Deleting neutron.network object s_rally_e26d3589_UR7hETjK (3f7d9af3-9310-42bd-a9aa-ad4ad156c556)
2019-07-22 09:45:52.753 22706 RALLYDEBUG rally_openstack.cleanup.manager [-] Deleting neutron.network object s_rally_e26d3589_ucLnu5NA (55d72400-25e9-4cb2-8bd8-193db426e39d)
2019-07-22 09:45:52.760 22706 RALLYDEBUG rally_openstack.cleanup.manager [-] Deleting neutron.network object s_rally_e26d3589_t2TEaN5F (4c0d8781-3349-4007-bf85-7fd43ed1f5ac)
2019-07-22 09:45:52.766 22706 RALLYDEBUG rally_openstack.cleanup.manager [-] Deleting neutron.network object s_rally_e26d3589_P3xKIhC7 (5d93e8c8-b4bc-4617-9296-abf6b4d6a8a4)
2019-07-22 09:45:52.773 22706 RALLYDEBUG rally_openstack.cleanup.manager [-] Deleting neutron.network object s_rally_e26d3589_4iNEGnRK (61856598-655e-4863-be0c-a590f96f9362)
2019-07-22 09:45:52.796 22706 RALLYDEBUG rally_openstack.cleanup.manager [-] Deleting neutron.network object s_rally_e26d3589_FvHIpQ3t (5826bfda-71d6-4747-af00-61d03fce7a1a)
2019-07-22 09:45:52.803 22706 RALLYDEBUG rally_openstack.cleanup.manager [-] Deleting neutron.network object s_rally_e26d3589_lBs5S0X6 (70480987-7e6c-43dc-a7a8-ab0ef166f488)
2019-07-22 09:45:52.805 22706 RALLYDEBUG rally_openstack.cleanup.manager [-] Deleting neutron.network object s_rally_e26d3589_TKmJWfPP (710f9259-a792-4766-a4ea-3eff4d6b5932)
2019-07-22 09:45:52.807 22706 RALLYDEBUG rally_openstack.cleanup.manager [-] Deleting neutron.network object s_rally_e26d3589_sqLUHV0h (65741636-fe07-4baa-aad3-fc34398071ff)
2019-07-22 09:45:52.837 22706 RALLYDEBUG rally_openstack.cleanup.manager [-] Deleting neutron.network object s_rally_e26d3589_l3oj4atC (7639d6d8-a109-4436-b1db-b8b740348826)
2019-07-22 09:45:52.855 22706 RALLYDEBUG rally_openstack.cleanup.manager [-] Deleting neutron.network object s_rally_e26d3589_xCGSqyf1 (766431e9-305b-4239-a61e-f01f5a43c5b6)
2019-07-22 09:45:56.545 22706 RALLYDEBUG rally_openstack.cleanup.manager [-] Deleting neutron.network object s_rally_e26d3589_YoH7C5zZ (766ff685-198d-434d-b61d-83371cf29382)
2019-07-22 09:45:56.657 22706 RALLYDEBUG rally_openstack.cleanup.manager [-] Deleting neutron.network object s_rally_e26d3589_2PgQFk17 (79654f5e-f2dc-472b-89f4-93184c324003)
2019-07-22 09:45:56.901 22706 RALLYDEBUG rally_openstack.cleanup.manager [-] Deleting neutron.network object s_rally_e26d3589_TADMhVlM (79aa27eb-d0b8-4abd-9adc-6836f2f1a79f)
2019-07-22 09:45:57.270 22706 RALLYDEBUG rally_openstack.cleanup.manager [-] Deleting neutron.network object s_rally_e26d3589_m63vd2BI (818f89fc-019c-4bcc-a551-3b4b46dce16a)
2019-07-22 09:45:57.273 22706 RALLYDEBUG rally_openstack.cleanup.manager [-] Deleting neutron.network object s_rally_e26d3589_NO9aegB0 (7c57da5d-0e35-4c7f-b18b-0bb49c98b1f2)
2019-07-22 09:45:57.308 22706 RALLYDEBUG rally_openstack.cleanup.manager [-] Deleting neutron.network object s_rally_e26d3589_ODlXOFt8 (a56bf1b8-d2ee-4d36-a2bc-6ddab3abdeb0)
2019-07-22 09:45:57.344 22706 RALLYDEBUG rally_openstack.cleanup.manager [-] Deleting neutron.network object s_rally_e26d3589_FnTisCS8 (b02457c4-aaf0-4497-a234-8b22218f5c6a)
2019-07-22 09:45:57.355 22706 RALLYDEBUG rally_openstack.cleanup.manager [-] Deleting neutron.network object s_rally_e26d3589_Ms8wksV6 (b5590276-46c1-494c-bd6e-24e175c716c7)
2019-07-22 09:45:57.360 22706 RALLYDEBUG rally_openstack.cleanup.manager [-] Deleting neutron.network object s_rally_e26d3589_FDp0aAjT (b8eb8c50-ef0a-4e49-a7d5-dfb019361630)
2019-07-22 09:45:57.441 22706 RALLYDEBUG rally_openstack.cleanup.manager [-] Deleting neutron.network object s_rally_e26d3589_f9hCMeF6 (c786a874-cf8c-4cca-be12-bec2370ce176)
2019-07-22 09:45:57.496 22706 RALLYDEBUG rally_openstack.cleanup.manager [-] Deleting neutron.network object s_rally_e26d3589_cAkKb9Sz (c9bdb605-16ee-4fda-945b-814d898128b8)
2019-07-22 09:45:57.496 22706 RALLYDEBUG rally_openstack.cleanup.manager [-] Deleting neutron.network object s_rally_e26d3589_baoboGL6 (cb60b0ce-0760-470e-b7ca-18dcebb11e2d)
2019-07-22 09:45:58.536 22706 RALLYDEBUG rally_openstack.cleanup.manager [-] Deleting neutron.network object s_rally_e26d3589_d4McN67r (ce96ffab-928a-43d7-b6fd-c2c8e99c9306)
2019-07-22 09:45:58.694 22706 RALLYDEBUG rally_openstack.cleanup.manager [-] Deleting neutron.network object s_rally_e26d3589_xx5093cB (d52fa393-c238-43c9-8f85-77244105c3fc)
2019-07-22 09:45:58.703 22706 RALLYDEBUG rally_openstack.cleanup.manager [-] Deleting neutron.network object s_rally_e26d3589_djy2VSsP (d61728a0-1d04-4239-a259-46f8f9b459e5)
2019-07-22 09:45:58.716 22706 RALLYDEBUG rally_openstack.cleanup.manager [-] Deleting neutron.network object s_rally_e26d3589_3y9KL7jl (d9d9a7b7-d472-4aed-abcd-272c07919a36)
2019-07-22 09:45:58.752 22706 RALLYDEBUG rally_openstack.cleanup.manager [-] Deleting neutron.network object s_rally_e26d3589_zKmZ3qaW (e731f4f1-a3f0-4611-a25c-138a79c34805)
2019-07-22 09:45:58.781 22706 RALLYDEBUG rally_openstack.cleanup.manager [-] Deleting neutron.network object s_rally_e26d3589_FTbVCYSo (e7cb1cef-eb65-4e57-8477-f6dfbe5cb46b)
2019-07-22 09:45:58.806 22706 RALLYDEBUG rally_openstack.cleanup.manager [-] Deleting neutron.network object s_rally_e26d3589_JVwX4pGz (ff00679b-b752-4402-a5f6-205caa2b2a59)
2019-07-22 09:45:58.807 22706 RALLYDEBUG rally_openstack.cleanup.manager [-] Deleting neutron.network object s_rally_e26d3589_aviZYmNr (f3100f32-c677-49ce-8348-0d7aa8f9619d)
2019-07-22 09:46:03.928 22706 RALLYDEBUG rally_openstack.cleanup.manager [-] Cleaning up neutron router objects
2019-07-22 09:46:04.590 22706 RALLYDEBUG rally_openstack.cleanup.manager [-] Cleaning up neutron security_group objects
2019-07-22 09:46:05.271 22706 INFO rally.task.context [-] Task 10cefb84-bd4c-4561-9442-fef18db74fae | Context cleanup@openstack cleanup() finished in 52.40 sec
2019-07-22 09:46:05.271 22706 INFO rally.task.context [-] Task 10cefb84-bd4c-4561-9442-fef18db74fae | Context quotas@openstack cleanup() started
2019-07-22 09:46:05.502 22706 INFO rally.task.context [-] Task 10cefb84-bd4c-4561-9442-fef18db74fae | Context quotas@openstack cleanup() finished in 0.23 sec
2019-07-22 09:46:05.503 22706 INFO rally.task.context [-] Task 10cefb84-bd4c-4561-9442-fef18db74fae | Context users@openstack cleanup() started
2019-07-22 09:46:09.945 22706 INFO rally.task.context [-] Task 10cefb84-bd4c-4561-9442-fef18db74fae | Context users@openstack cleanup() finished in 4.44 sec
2019-07-22 09:46:11.592 22706 INFO rally.task.engine [-] Load duration is: 40.512474
2019-07-22 09:46:11.592 22706 INFO rally.task.engine [-] Full runner duration is: 40.562779
2019-07-22 09:46:11.593 22706 INFO rally.task.engine [-] Full duration is: 102.743076
2019-07-22 09:46:11.803 22706 INFO rally.task.engine [-] Running workload: position = 2 config = { "version": 2, "title": "A cropped version of a bigger task.", "description": "Auto-generated task from a single workload (uuid=3d0bc5be-4beb-4c6b-ac22-c975748b3649)", "subtasks": [ { "title": "NeutronNetworks.create_and_delete_ports", "description": "Create and delete a port.", "scenario": { "NeutronNetworks.create_and_delete_ports": { "network_create_args": {}, "port_create_args": {}, "ports_per_network": 5 } }, "contexts": { "users": { "tenants": 1, "users_per_tenant": 1 }, "quotas": { "neutron": { "network": -1, "port": -1 } } }, "runner": { "constant": { "times": 40, "concurrency": 20 } }, "hooks": [], "sla": { "failure_rate": { "max": 0 } } } ] }
2019-07-22 09:46:11.826 22706 RALLYDEBUG rally_openstack.contexts.keystone.users [-] Creating 1 tenants using 20 threads
2019-07-22 09:46:13.524 22706 RALLYDEBUG rally_openstack.contexts.keystone.users [-] Creating 1 users using 20 threads
2019-07-22 09:46:15.897 22706 INFO rally.task.context [-] Task 10cefb84-bd4c-4561-9442-fef18db74fae | Context users@openstack setup() finished in 4.07 sec
2019-07-22 09:46:16.643 22706 INFO rally.task.context [-] Task 10cefb84-bd4c-4561-9442-fef18db74fae | Context quotas@openstack setup() finished in 0.75 sec
2019-07-22 09:46:16.643 22706 INFO rally.task.context [-] Task 10cefb84-bd4c-4561-9442-fef18db74fae | Context cleanup@openstack setup() finished in 0.01 msec
2019-07-22 09:46:16.651 22706 RALLYDEBUG rally.task.runner [-] Starting the constant runner (task UUID: 10cefb84-bd4c-4561-9442-fef18db74fae). timeout: 0 concurrency: 20 concurrency_per_worker: 1 times: 40 concurrency_overhead: 4 processes_to_start: 16 max_cpu_used: 16
2019-07-22 09:46:16.664 26952 RALLYDEBUG rally.task.runner [-] Starting a worker. concurrency: 2 args: {"network_create_args": {}, "port_create_args": {}, "ports_per_network": 5} times: 40 method_name: run timeout: 0 duration: None cls:
2019-07-22 09:46:16.667 26953 RALLYDEBUG rally.task.runner [-] Starting a worker. concurrency: 2 args: {"network_create_args": {}, "port_create_args": {}, "ports_per_network": 5} times: 40 method_name: run timeout: 0 duration: None cls:
2019-07-22 09:46:16.670 26954 RALLYDEBUG rally.task.runner [-] Starting a worker. concurrency: 2 args: {"network_create_args": {}, "port_create_args": {}, "ports_per_network": 5} times: 40 method_name: run timeout: 0 duration: None cls:
2019-07-22 09:46:16.672 26952 INFO rally.task.runner [-] Task 10cefb84-bd4c-4561-9442-fef18db74fae | ITER: 1 START
2019-07-22 09:46:16.673 26955 RALLYDEBUG rally.task.runner [-] Starting a worker. concurrency: 2 args: {"network_create_args": {}, "port_create_args": {}, "ports_per_network": 5} times: 40 method_name: run timeout: 0 duration: None cls:
2019-07-22 09:46:16.675 26952 INFO rally.task.runner [-] Task 10cefb84-bd4c-4561-9442-fef18db74fae | ITER: 3 START
2019-07-22 09:46:16.676 26953 INFO rally.task.runner [-] Task 10cefb84-bd4c-4561-9442-fef18db74fae | ITER: 2 START
2019-07-22 09:46:16.677 26952 WARNING rally_openstack.scenarios.neutron.utils [-] Running this scenario without either the 'network' or 'existing_network' context is deprecated
2019-07-22 09:46:16.677 26957 RALLYDEBUG rally.task.runner [-] Starting a worker. concurrency: 1 args: {"network_create_args": {}, "port_create_args": {}, "ports_per_network": 5} times: 40 method_name: run timeout: 0 duration: None cls:
2019-07-22 09:46:16.679 26953 WARNING rally_openstack.scenarios.neutron.utils [-] Running this scenario without either the 'network' or 'existing_network' context is deprecated
2019-07-22 09:46:16.679 26960 RALLYDEBUG rally.task.runner [-] Starting a worker. concurrency: 1 args: {"network_create_args": {}, "port_create_args": {}, "ports_per_network": 5} times: 40 method_name: run timeout: 0 duration: None cls:
2019-07-22 09:46:16.680 26954 INFO rally.task.runner [-] Task 10cefb84-bd4c-4561-9442-fef18db74fae | ITER: 4 START
2019-07-22 09:46:16.682 26955 INFO rally.task.runner [-] Task 10cefb84-bd4c-4561-9442-fef18db74fae | ITER: 6 START
2019-07-22 09:46:16.683 26965 RALLYDEBUG rally.task.runner [-] Starting a worker. concurrency: 1 args: {"network_create_args": {}, "port_create_args": {}, "ports_per_network": 5} times: 40 method_name: run timeout: 0 duration: None cls:
2019-07-22 09:46:16.684 26957 INFO rally.task.runner [-] Task 10cefb84-bd4c-4561-9442-fef18db74fae | ITER: 8 START
2019-07-22 09:46:16.683 26954 WARNING rally_openstack.scenarios.neutron.utils [-] Running this scenario without either the 'network' or 'existing_network' context is deprecated
2019-07-22 09:46:16.686 26957 WARNING rally_openstack.scenarios.neutron.utils [-] Running this scenario without either the 'network' or 'existing_network' context is deprecated
2019-07-22 09:46:16.684 26955 INFO rally.task.runner [-] Task 10cefb84-bd4c-4561-9442-fef18db74fae | ITER: 9 START
2019-07-22 09:46:16.677 26952 WARNING rally_openstack.scenarios.neutron.utils [-] Running this scenario without either the 'network' or 'existing_network' context is deprecated
2019-07-22 09:46:16.686 26955 WARNING rally_openstack.scenarios.neutron.utils [-] Running this scenario without either the 'network' or 'existing_network' context is deprecated
2019-07-22 09:46:16.686 26968 RALLYDEBUG rally.task.runner [-] Starting a worker. concurrency: 1 args: {"network_create_args": {}, "port_create_args": {}, "ports_per_network": 5} times: 40 method_name: run timeout: 0 duration: None cls:
2019-07-22 09:46:16.687 26960 INFO rally.task.runner [-] Task 10cefb84-bd4c-4561-9442-fef18db74fae | ITER: 10 START
2019-07-22 09:46:16.687 26955 WARNING rally_openstack.scenarios.neutron.utils [-] Running this scenario without either the 'network' or 'existing_network' context is deprecated
2019-07-22 09:46:16.689 26960 WARNING rally_openstack.scenarios.neutron.utils [-] Running this scenario without either the 'network' or 'existing_network' context is deprecated
2019-07-22 09:46:16.677 26953 INFO rally.task.runner [-] Task 10cefb84-bd4c-4561-9442-fef18db74fae | ITER: 5 START
2019-07-22 09:46:16.689 26971 RALLYDEBUG rally.task.runner [-] Starting a worker. concurrency: 1 args: {"network_create_args": {}, "port_create_args": {}, "ports_per_network": 5} times: 40 method_name: run timeout: 0 duration: None cls:
2019-07-22 09:46:16.690 26953 WARNING rally_openstack.scenarios.neutron.utils [-] Running this scenario without either the 'network' or 'existing_network' context is deprecated
2019-07-22 09:46:16.685 26954 INFO rally.task.runner [-] Task 10cefb84-bd4c-4561-9442-fef18db74fae | ITER: 7 START
2019-07-22 09:46:16.692 26954 WARNING rally_openstack.scenarios.neutron.utils [-] Running this scenario without either the 'network' or 'existing_network' context is deprecated
2019-07-22 09:46:16.694 26968 INFO rally.task.runner [-] Task 10cefb84-bd4c-4561-9442-fef18db74fae | ITER: 12 START
2019-07-22 09:46:16.695 26971 INFO rally.task.runner [-] Task 10cefb84-bd4c-4561-9442-fef18db74fae | ITER: 13 START
2019-07-22 09:46:16.696 26968 WARNING rally_openstack.scenarios.neutron.utils [-] Running this scenario without either the 'network' or 'existing_network' context is deprecated
2019-07-22 09:46:16.695 26976 RALLYDEBUG rally.task.runner [-] Starting a worker. concurrency: 1 args: {"network_create_args": {}, "port_create_args": {}, "ports_per_network": 5} times: 40 method_name: run timeout: 0 duration: None cls:
2019-07-22 09:46:16.696 26971 WARNING rally_openstack.scenarios.neutron.utils [-] Running this scenario without either the 'network' or 'existing_network' context is deprecated
2019-07-22 09:46:16.698 26979 RALLYDEBUG rally.task.runner [-] Starting a worker. concurrency: 1 args: {"network_create_args": {}, "port_create_args": {}, "ports_per_network": 5} times: 40 method_name: run timeout: 0 duration: None cls:
2019-07-22 09:46:16.702 26965 INFO rally.task.runner [-] Task 10cefb84-bd4c-4561-9442-fef18db74fae | ITER: 11 START
2019-07-22 09:46:16.703 26976 INFO rally.task.runner [-] Task 10cefb84-bd4c-4561-9442-fef18db74fae | ITER: 14 START
2019-07-22 09:46:16.704 26979 INFO rally.task.runner [-] Task 10cefb84-bd4c-4561-9442-fef18db74fae | ITER: 15 START
2019-07-22 09:46:16.704 26965 WARNING rally_openstack.scenarios.neutron.utils [-] Running this scenario without either the 'network' or 'existing_network' context is deprecated
2019-07-22 09:46:16.705 26976 WARNING rally_openstack.scenarios.neutron.utils [-] Running this scenario without either the 'network' or 'existing_network' context is deprecated
2019-07-22 09:46:16.705 26984 RALLYDEBUG rally.task.runner [-] Starting a worker. concurrency: 1 args: {"network_create_args": {}, "port_create_args": {}, "ports_per_network": 5} times: 40 method_name: run timeout: 0 duration: None cls:
2019-07-22 09:46:16.706 26979 WARNING rally_openstack.scenarios.neutron.utils [-] Running this scenario without either the 'network' or 'existing_network' context is deprecated
2019-07-22 09:46:16.708 26988 RALLYDEBUG rally.task.runner [-] Starting a worker. concurrency: 1 args: {"network_create_args": {}, "port_create_args": {}, "ports_per_network": 5} times: 40 method_name: run timeout: 0 duration: None cls:
2019-07-22 09:46:16.713 26988 INFO rally.task.runner [-] Task 10cefb84-bd4c-4561-9442-fef18db74fae | ITER: 17 START
2019-07-22 09:46:16.714 26988 WARNING rally_openstack.scenarios.neutron.utils [-] Running this scenario without either the 'network' or 'existing_network' context is deprecated
2019-07-22 09:46:16.717 26984 INFO rally.task.runner [-] Task 10cefb84-bd4c-4561-9442-fef18db74fae | ITER: 16 START
2019-07-22 09:46:16.718 26984 WARNING rally_openstack.scenarios.neutron.utils [-] Running this scenario without either the 'network' or 'existing_network' context is deprecated
2019-07-22 09:46:16.729 26995 RALLYDEBUG rally.task.runner [-] Starting a worker. concurrency: 1 args: {"network_create_args": {}, "port_create_args": {}, "ports_per_network": 5} times: 40 method_name: run timeout: 0 duration: None cls:
2019-07-22 09:46:16.735 26995 INFO rally.task.runner [-] Task 10cefb84-bd4c-4561-9442-fef18db74fae | ITER: 18 START
2019-07-22 09:46:16.736 26996 RALLYDEBUG rally.task.runner [-] Starting a worker. concurrency: 1 args: {"network_create_args": {}, "port_create_args": {}, "ports_per_network": 5} times: 40 method_name: run timeout: 0 duration: None cls:
2019-07-22 09:46:16.737 26995 WARNING rally_openstack.scenarios.neutron.utils [-] Running this scenario without either the 'network' or 'existing_network' context is deprecated
2019-07-22 09:46:16.738 26997 RALLYDEBUG rally.task.runner [-] Starting a worker. concurrency: 1 args: {"network_create_args": {}, "port_create_args": {}, "ports_per_network": 5} times: 40 method_name: run timeout: 0 duration: None cls:
2019-07-22 09:46:16.740 26996 INFO rally.task.runner [-] Task 10cefb84-bd4c-4561-9442-fef18db74fae | ITER: 19 START
2019-07-22 09:46:16.741 26996 WARNING rally_openstack.scenarios.neutron.utils [-] Running this scenario without either the 'network' or 'existing_network' context is deprecated
2019-07-22 09:46:16.743 26997 INFO rally.task.runner [-] Task 10cefb84-bd4c-4561-9442-fef18db74fae | ITER: 20 START
2019-07-22 09:46:16.745 26997 WARNING rally_openstack.scenarios.neutron.utils [-] Running this scenario without either the 'network' or 'existing_network' context is deprecated
2019-07-22 09:46:27.017 26971 INFO rally.task.runner [-] Task 10cefb84-bd4c-4561-9442-fef18db74fae | ITER: 13 END: OK
2019-07-22 09:46:27.021 26971 INFO rally.task.runner [-] Task 10cefb84-bd4c-4561-9442-fef18db74fae | ITER: 21 START
2019-07-22 09:46:27.022 26971 WARNING rally_openstack.scenarios.neutron.utils [-] Running this scenario without either the 'network' or 'existing_network' context is deprecated
2019-07-22 09:46:27.415 26988 INFO rally.task.runner [-] Task 10cefb84-bd4c-4561-9442-fef18db74fae | ITER: 17 END: OK
2019-07-22 09:46:27.420 26988 INFO rally.task.runner [-] Task 10cefb84-bd4c-4561-9442-fef18db74fae | ITER: 22 START
2019-07-22 09:46:27.420 26988 WARNING rally_openstack.scenarios.neutron.utils [-] Running this scenario without either the 'network' or 'existing_network' context is deprecated
2019-07-22 09:46:27.447 26955 INFO rally.task.runner [-] Task 10cefb84-bd4c-4561-9442-fef18db74fae | ITER: 9 END: OK
2019-07-22 09:46:27.451 26955 INFO rally.task.runner [-] Task 10cefb84-bd4c-4561-9442-fef18db74fae | ITER: 23 START
2019-07-22 09:46:27.451 26955 WARNING rally_openstack.scenarios.neutron.utils [-] Running this scenario without either the 'network' or 'existing_network' context is deprecated
2019-07-22 09:46:34.541 26952 INFO rally.task.runner [-] Task 10cefb84-bd4c-4561-9442-fef18db74fae | ITER: 1 END: OK
2019-07-22 09:46:34.546 26952 INFO rally.task.runner [-] Task 10cefb84-bd4c-4561-9442-fef18db74fae | ITER: 24 START
2019-07-22 09:46:34.547 26952 WARNING rally_openstack.scenarios.neutron.utils [-] Running this scenario without either the 'network' or 'existing_network' context is deprecated
2019-07-22 09:46:34.795 26954 INFO rally.task.runner [-] Task 10cefb84-bd4c-4561-9442-fef18db74fae | ITER: 7 END: OK
2019-07-22 09:46:34.799 26954 INFO rally.task.runner [-] Task 10cefb84-bd4c-4561-9442-fef18db74fae | ITER: 25 START
2019-07-22 09:46:34.799 26954 WARNING rally_openstack.scenarios.neutron.utils [-] Running this scenario without either the 'network' or 'existing_network' context is deprecated
2019-07-22 09:46:35.396 26955 INFO rally.task.runner [-] Task 10cefb84-bd4c-4561-9442-fef18db74fae | ITER: 6 END: OK
2019-07-22 09:46:35.401 26957 INFO rally.task.runner [-] Task 10cefb84-bd4c-4561-9442-fef18db74fae | ITER: 8 END: OK
2019-07-22 09:46:35.401 26955 INFO rally.task.runner [-] Task 10cefb84-bd4c-4561-9442-fef18db74fae | ITER: 26 START
2019-07-22 09:46:35.402 26955 WARNING rally_openstack.scenarios.neutron.utils [-] Running this scenario without either the 'network' or 'existing_network' context is deprecated
2019-07-22 09:46:35.404 26957 INFO rally.task.runner [-] Task 10cefb84-bd4c-4561-9442-fef18db74fae | ITER: 27 START
2019-07-22 09:46:35.405 26957 WARNING rally_openstack.scenarios.neutron.utils [-] Running this scenario without either the 'network' or 'existing_network' context is deprecated
2019-07-22 09:46:35.985 26954 INFO rally.task.runner [-] Task 10cefb84-bd4c-4561-9442-fef18db74fae | ITER: 4 END: OK
2019-07-22 09:46:35.990 26954 INFO rally.task.runner [-] Task 10cefb84-bd4c-4561-9442-fef18db74fae | ITER: 28 START
2019-07-22 09:46:35.991 26954 WARNING rally_openstack.scenarios.neutron.utils [-] Running this scenario without either the 'network' or 'existing_network' context is deprecated
2019-07-22 09:46:36.073 26984 INFO rally.task.runner [-] Task 10cefb84-bd4c-4561-9442-fef18db74fae | ITER: 16 END: OK
2019-07-22 09:46:36.078 26984 INFO rally.task.runner [-] Task 10cefb84-bd4c-4561-9442-fef18db74fae | ITER: 29 START
2019-07-22 09:46:36.078 26984 WARNING rally_openstack.scenarios.neutron.utils [-] Running this scenario without either the 'network' or 'existing_network' context is deprecated
2019-07-22 09:46:37.315 26988 INFO rally.task.runner [-] Task 10cefb84-bd4c-4561-9442-fef18db74fae | ITER: 22 END: OK
2019-07-22 09:46:37.319 26988 INFO rally.task.runner [-] Task 10cefb84-bd4c-4561-9442-fef18db74fae | ITER: 30 START
2019-07-22 09:46:37.320 26988 WARNING rally_openstack.scenarios.neutron.utils [-] Running this scenario without either the 'network' or 'existing_network' context is deprecated
2019-07-22 09:46:37.592 26955 INFO rally.task.runner [-] Task 10cefb84-bd4c-4561-9442-fef18db74fae | ITER: 23 END: OK
2019-07-22 09:46:37.596 26955 INFO rally.task.runner [-] Task 10cefb84-bd4c-4561-9442-fef18db74fae | ITER: 31 START
2019-07-22 09:46:37.597 26955 WARNING rally_openstack.scenarios.neutron.utils [-] Running this scenario without either the 'network' or 'existing_network' context is deprecated
2019-07-22 09:46:38.143 26971 INFO rally.task.runner [-] Task 10cefb84-bd4c-4561-9442-fef18db74fae | ITER: 21 END: OK
2019-07-22 09:46:38.147 26971 INFO rally.task.runner [-] Task 10cefb84-bd4c-4561-9442-fef18db74fae | ITER: 32 START
2019-07-22 09:46:38.148 26971 WARNING rally_openstack.scenarios.neutron.utils [-] Running this scenario without either the 'network' or 'existing_network' context is deprecated
2019-07-22 09:46:43.096 26968 INFO rally.task.runner [-] Task 10cefb84-bd4c-4561-9442-fef18db74fae | ITER: 12 END: OK
2019-07-22 09:46:43.100 26968 INFO rally.task.runner [-] Task 10cefb84-bd4c-4561-9442-fef18db74fae | ITER: 33 START
2019-07-22 09:46:43.101 26968 WARNING rally_openstack.scenarios.neutron.utils [-] Running this scenario without either the 'network' or 'existing_network' context is deprecated
2019-07-22 09:46:43.356 26976 INFO rally.task.runner [-] Task 10cefb84-bd4c-4561-9442-fef18db74fae | ITER: 14 END: OK
2019-07-22 09:46:43.361 26976 INFO rally.task.runner [-] Task 10cefb84-bd4c-4561-9442-fef18db74fae | ITER: 34 START
2019-07-22 09:46:43.361 26976 WARNING rally_openstack.scenarios.neutron.utils [-] Running this scenario without either the 'network' or 'existing_network' context is deprecated
2019-07-22 09:46:43.452 26965 INFO rally.task.runner [-] Task 10cefb84-bd4c-4561-9442-fef18db74fae | ITER: 11 END: OK
2019-07-22 09:46:43.456 26965 INFO rally.task.runner [-] Task 10cefb84-bd4c-4561-9442-fef18db74fae | ITER: 35 START
2019-07-22 09:46:43.457 26965 WARNING rally_openstack.scenarios.neutron.utils [-] Running this scenario without either the 'network' or 'existing_network' context is deprecated
2019-07-22 09:46:45.166 26954 INFO rally.task.runner [-] Task 10cefb84-bd4c-4561-9442-fef18db74fae | ITER: 25 END: OK
2019-07-22 09:46:45.168 26954 INFO rally.task.runner [-] Task 10cefb84-bd4c-4561-9442-fef18db74fae | ITER: 36 START
2019-07-22 09:46:45.169 26954 WARNING rally_openstack.scenarios.neutron.utils [-] Running this scenario without either the 'network' or 'existing_network' context is deprecated
2019-07-22 09:46:46.110 26957 INFO rally.task.runner [-] Task 10cefb84-bd4c-4561-9442-fef18db74fae | ITER: 27 END: OK
2019-07-22 09:46:46.114 26957 INFO rally.task.runner [-] Task 10cefb84-bd4c-4561-9442-fef18db74fae | ITER: 37 START
2019-07-22 09:46:46.114 26957 WARNING rally_openstack.scenarios.neutron.utils [-] Running this scenario without either the 'network' or 'existing_network' context is deprecated
2019-07-22 09:46:46.781 26984 INFO rally.task.runner [-] Task 10cefb84-bd4c-4561-9442-fef18db74fae | ITER: 29 END: OK
2019-07-22 09:46:46.786 26984 INFO rally.task.runner [-] Task 10cefb84-bd4c-4561-9442-fef18db74fae | ITER: 38 START
2019-07-22 09:46:46.787 26984 WARNING rally_openstack.scenarios.neutron.utils [-] Running this scenario without either the 'network' or 'existing_network' context is deprecated
2019-07-22 09:46:47.810 26953 INFO rally.task.runner [-] Task 10cefb84-bd4c-4561-9442-fef18db74fae | ITER: 2 END: OK
2019-07-22 09:46:47.818 26953 INFO rally.task.runner [-] Task 10cefb84-bd4c-4561-9442-fef18db74fae | ITER: 39 START
