2019-07-22 09:46:47.819 26953 WARNING rally_openstack.scenarios.neutron.utils [-] Running this scenario without either the 'network' or 'existing_network' context is deprecated
2019-07-22 09:46:47.819 26979 INFO rally.task.runner [-] Task 10cefb84-bd4c-4561-9442-fef18db74fae | ITER: 15 END: OK
2019-07-22 09:46:47.829 26979 INFO rally.task.runner [-] Task 10cefb84-bd4c-4561-9442-fef18db74fae | ITER: 40 START
2019-07-22 09:46:47.830 26979 WARNING rally_openstack.scenarios.neutron.utils [-] Running this scenario without either the 'network' or 'existing_network' context is deprecated
2019-07-22 09:46:48.067 26995 INFO rally.task.runner [-] Task 10cefb84-bd4c-4561-9442-fef18db74fae | ITER: 18 END: OK
2019-07-22 09:46:48.166 26960 INFO rally.task.runner [-] Task 10cefb84-bd4c-4561-9442-fef18db74fae | ITER: 10 END: OK
2019-07-22 09:46:48.330 26952 INFO rally.task.runner [-] Task 10cefb84-bd4c-4561-9442-fef18db74fae | ITER: 3 END: OK
2019-07-22 09:46:48.376 26953 INFO rally.task.runner [-] Task 10cefb84-bd4c-4561-9442-fef18db74fae | ITER: 5 END: OK
2019-07-22 09:46:48.384 26996 INFO rally.task.runner [-] Task 10cefb84-bd4c-4561-9442-fef18db74fae | ITER: 19 END: OK
2019-07-22 09:46:48.397 26954 INFO rally.task.runner [-] Task 10cefb84-bd4c-4561-9442-fef18db74fae | ITER: 28 END: OK
2019-07-22 09:46:48.414 26997 INFO rally.task.runner [-] Task 10cefb84-bd4c-4561-9442-fef18db74fae | ITER: 20 END: OK
2019-07-22 09:46:50.988 26971 INFO rally.task.runner [-] Task 10cefb84-bd4c-4561-9442-fef18db74fae | ITER: 32 END: OK
2019-07-22 09:46:53.006 26952 INFO rally.task.runner [-] Task 10cefb84-bd4c-4561-9442-fef18db74fae | ITER: 24 END: OK
2019-07-22 09:46:53.449 26955 INFO rally.task.runner [-] Task 10cefb84-bd4c-4561-9442-fef18db74fae | ITER: 26 END: OK
2019-07-22 09:46:55.077 26988 INFO rally.task.runner [-] Task 10cefb84-bd4c-4561-9442-fef18db74fae | ITER: 30 END: OK
2019-07-22 09:46:55.200 26954 INFO rally.task.runner [-] Task 10cefb84-bd4c-4561-9442-fef18db74fae | ITER: 36 END: OK
2019-07-22 09:46:55.248 26955 INFO rally.task.runner [-] Task 10cefb84-bd4c-4561-9442-fef18db74fae | ITER: 31 END: OK
2019-07-22 09:46:55.765 26984 INFO rally.task.runner [-] Task 10cefb84-bd4c-4561-9442-fef18db74fae | ITER: 38 END: OK
2019-07-22 09:46:56.220 26968 INFO rally.task.runner [-] Task 10cefb84-bd4c-4561-9442-fef18db74fae | ITER: 33 END: OK
2019-07-22 09:46:56.584 26979 INFO rally.task.runner [-] Task 10cefb84-bd4c-4561-9442-fef18db74fae | ITER: 40 END: OK
2019-07-22 09:46:58.914 26976 INFO rally.task.runner [-] Task 10cefb84-bd4c-4561-9442-fef18db74fae | ITER: 34 END: OK
2019-07-22 09:46:59.032 26965 INFO rally.task.runner [-] Task 10cefb84-bd4c-4561-9442-fef18db74fae | ITER: 35 END: OK
2019-07-22 09:47:00.667 26957 INFO rally.task.runner [-] Task 10cefb84-bd4c-4561-9442-fef18db74fae | ITER: 37 END: OK
2019-07-22 09:47:01.688 26953 INFO rally.task.runner [-] Task 10cefb84-bd4c-4561-9442-fef18db74fae | ITER: 39 END: OK
2019-07-22 09:47:01.714 22706 INFO rally.task.context [-] Task 10cefb84-bd4c-4561-9442-fef18db74fae | Context cleanup@openstack cleanup() started
2019-07-22 09:47:01.717 22706 RALLYDEBUG rally_openstack.cleanup.manager [-] Cleaning up neutron vip objects
2019-07-22 09:47:02.438 22706 RALLYDEBUG rally_openstack.cleanup.manager [-] Cleaning up neutron health_monitor objects
2019-07-22 09:47:03.150 22706 RALLYDEBUG rally_openstack.cleanup.manager [-] Cleaning up neutron pool objects
2019-07-22 09:47:03.876 22706 RALLYDEBUG rally_openstack.cleanup.manager [-] Cleaning up neutron loadbalancer objects
2019-07-22 09:47:04.572 22706 RALLYDEBUG rally_openstack.cleanup.manager [-] Cleaning up neutron floatingip objects
2019-07-22 09:47:05.339 22706 RALLYDEBUG rally_openstack.cleanup.manager [-] Cleaning up neutron port objects
2019-07-22 09:47:06.119 22706 RALLYDEBUG rally_openstack.cleanup.manager [-] Cleaning up neutron subnet objects
2019-07-22 09:47:06.764 22706 RALLYDEBUG rally_openstack.cleanup.manager [-] Cleaning up neutron network objects
2019-07-22 09:47:07.603 22706 RALLYDEBUG rally_openstack.cleanup.manager [-] Deleting neutron.network object s_rally_3d0bc5be_GEF4aoyZ (0142b982-b802-4e5d-a668-109b82e2c927)
2019-07-22 09:47:07.604 22706 RALLYDEBUG rally_openstack.cleanup.manager [-] Deleting neutron.network object s_rally_3d0bc5be_kcqhnVfO (0ed440ac-44cc-4a7d-a69d-d9fb55fe886e)
2019-07-22 09:47:07.608 22706 RALLYDEBUG rally_openstack.cleanup.manager [-] Deleting neutron.network object s_rally_3d0bc5be_5loP7eFj (0c909338-6a2c-405b-b159-e34a2aec1f69)
2019-07-22 09:47:07.617 22706 RALLYDEBUG rally_openstack.cleanup.manager [-] Deleting neutron.network object s_rally_3d0bc5be_WsMWq7jt (247d7cfa-4c51-4358-bf8a-0300e352863c)
2019-07-22 09:47:07.623 22706 RALLYDEBUG rally_openstack.cleanup.manager [-] Deleting neutron.network object s_rally_3d0bc5be_JcJheWx1 (159993d1-ce5c-4479-a465-78ba1d999f8a)
2019-07-22 09:47:07.629 22706 RALLYDEBUG rally_openstack.cleanup.manager [-] Deleting neutron.network object s_rally_3d0bc5be_Fv24iRso (26ecb2c8-7133-452a-a037-e283b0238564)
2019-07-22 09:47:07.634 22706 RALLYDEBUG rally_openstack.cleanup.manager [-] Deleting neutron.network object s_rally_3d0bc5be_NbXN4s0v (26dcf268-d235-4221-96a9-1ada842afb19)
2019-07-22 09:47:07.642 22706 RALLYDEBUG rally_openstack.cleanup.manager [-] Deleting neutron.network object s_rally_3d0bc5be_WUQAef79 (2cd65c4f-2b53-449f-bf43-dc22c607d8f1)
2019-07-22 09:47:07.643 22706 RALLYDEBUG rally_openstack.cleanup.manager [-] Deleting neutron.network object s_rally_3d0bc5be_xNxuniQ3 (06baa360-7be6-4c27-947d-25fc76033329)
2019-07-22 09:47:07.649 22706 RALLYDEBUG rally_openstack.cleanup.manager [-] Deleting neutron.network object s_rally_3d0bc5be_FIejhZuH (4400e043-8b54-425c-9676-c5665941cb0e)
2019-07-22 09:47:07.773 22706 RALLYDEBUG rally_openstack.cleanup.manager [-] Deleting neutron.network object s_rally_3d0bc5be_R0TkhukX (063c3e71-9584-4dc5-8d18-dfda1d20472a)
2019-07-22 09:47:07.775 22706 RALLYDEBUG rally_openstack.cleanup.manager [-] Deleting neutron.network object s_rally_3d0bc5be_sH9Z1EYw (3d0c1522-c741-47e8-a968-dc32ca4b169e)
2019-07-22 09:47:07.797 22706 RALLYDEBUG rally_openstack.cleanup.manager [-] Deleting neutron.network object s_rally_3d0bc5be_5rj0tDFR (4f0b26b7-6e36-4df6-a27f-83659f45b1d8)
2019-07-22 09:47:07.806 22706 RALLYDEBUG rally_openstack.cleanup.manager [-] Deleting neutron.network object s_rally_3d0bc5be_7tPScDm2 (517a2d69-4ced-4dc1-9998-56a01f1e0fc6)
2019-07-22 09:47:07.846 22706 RALLYDEBUG rally_openstack.cleanup.manager [-] Deleting neutron.network object s_rally_3d0bc5be_AQzPnTs9 (52e6ce64-42d5-48eb-ba32-44d48fceec24)
2019-07-22 09:47:07.853 22706 RALLYDEBUG rally_openstack.cleanup.manager [-] Deleting neutron.network object s_rally_3d0bc5be_Yg2mSONH (558a751f-8a10-4add-9a47-a4d5cdd8d9bb)
2019-07-22 09:47:07.857 22706 RALLYDEBUG rally_openstack.cleanup.manager [-] Deleting neutron.network object s_rally_3d0bc5be_6m0LVYAr (5e978c4b-ad12-4403-af78-8e8febb6c84b)
2019-07-22 09:47:07.858 22706 RALLYDEBUG rally_openstack.cleanup.manager [-] Deleting neutron.network object s_rally_3d0bc5be_QzwicBV5 (61623253-02da-459d-9646-85b7e58767d5)
2019-07-22 09:47:07.861 22706 RALLYDEBUG rally_openstack.cleanup.manager [-] Deleting neutron.network object s_rally_3d0bc5be_LwCmibAH (69e1dd10-6db2-423f-ba1a-cc9cdd434b2a)
2019-07-22 09:47:07.864 22706 RALLYDEBUG rally_openstack.cleanup.manager [-] Deleting neutron.network object s_rally_3d0bc5be_2hNkVNqY (64f94976-8f37-44a9-815f-51c67ab0f4f0)
2019-07-22 09:47:10.956 22706 RALLYDEBUG rally_openstack.cleanup.manager [-] Deleting neutron.network object s_rally_3d0bc5be_CghnoYke (6bd04720-bd84-4198-a615-0e5c1edfc131)
2019-07-22 09:47:11.038 22706 RALLYDEBUG rally_openstack.cleanup.manager [-] Deleting neutron.network object s_rally_3d0bc5be_6qMrQbMa (6dd88747-b231-4b80-9253-2655dd6d1efb)
2019-07-22 09:47:11.149 22706 RALLYDEBUG rally_openstack.cleanup.manager [-] Deleting neutron.network object s_rally_3d0bc5be_dpf009GJ (6fb10908-9980-40aa-93ce-b3c85df4aab4)
2019-07-22 09:47:11.631 22706 RALLYDEBUG rally_openstack.cleanup.manager [-] Deleting neutron.network object s_rally_3d0bc5be_HvoOz84t (7c9dada5-4d5a-40cd-a3ae-18d137c0c42d)
2019-07-22 09:47:11.768 22706 RALLYDEBUG rally_openstack.cleanup.manager [-] Deleting neutron.network object s_rally_3d0bc5be_IlFPx0jO (86369ca4-7a01-466c-9204-bd47e9efaa3a)
2019-07-22 09:47:11.796 22706 RALLYDEBUG rally_openstack.cleanup.manager [-] Deleting neutron.network object s_rally_3d0bc5be_eqEdmrd9 (8ab6a057-55aa-4074-bf66-1674f98d799b)
2019-07-22 09:47:12.511 22706 RALLYDEBUG rally_openstack.cleanup.manager [-] Deleting neutron.network object s_rally_3d0bc5be_6MnzaCYj (a29d7813-85e6-428d-a16b-e9d8ebafb1ab)
2019-07-22 09:47:12.771 22706 RALLYDEBUG rally_openstack.cleanup.manager [-] Deleting neutron.network object s_rally_3d0bc5be_4jmGyt4K (b149f5fa-3a27-45da-97fc-c4e117a72155)
2019-07-22 09:47:13.151 22706 RALLYDEBUG rally_openstack.cleanup.manager [-] Deleting neutron.network object s_rally_3d0bc5be_szaZ6LK3 (bf630184-4ccb-4e66-b100-28dd65f7459a)
2019-07-22 09:47:13.292 22706 RALLYDEBUG rally_openstack.cleanup.manager [-] Deleting neutron.network object s_rally_3d0bc5be_XLAMai5v (bfc37b0a-16bc-4ce1-ba80-efca8526f6a1)
2019-07-22 09:47:13.662 22706 RALLYDEBUG rally_openstack.cleanup.manager [-] Deleting neutron.network object s_rally_3d0bc5be_XRJ9trI0 (c428232e-aeb4-4793-9f39-149e359c2c28)
2019-07-22 09:47:13.669 22706 RALLYDEBUG rally_openstack.cleanup.manager [-] Deleting neutron.network object s_rally_3d0bc5be_rJchc4nO (cdea7f9f-131a-4669-83a0-dc02f1474ec7)
2019-07-22 09:47:13.713 22706 RALLYDEBUG rally_openstack.cleanup.manager [-] Deleting neutron.network object s_rally_3d0bc5be_l33hNHDf (ce846780-8e68-42ce-a658-47b4e5752f48)
2019-07-22 09:47:13.765 22706 RALLYDEBUG rally_openstack.cleanup.manager [-] Deleting neutron.network object s_rally_3d0bc5be_arpewff0 (e1cfc7f5-3edf-4aa3-88d5-ac2190fcdd02)
2019-07-22 09:47:13.856 22706 RALLYDEBUG rally_openstack.cleanup.manager [-] Deleting neutron.network object s_rally_3d0bc5be_QFWx0j6n (e6640d64-a253-4787-874e-f824ac3c0664)
2019-07-22 09:47:14.046 22706 RALLYDEBUG rally_openstack.cleanup.manager [-] Deleting neutron.network object s_rally_3d0bc5be_B7BXnD5x (e9019bf7-99d5-490f-adb5-6c297d747126)
2019-07-22 09:47:14.251 22706 RALLYDEBUG rally_openstack.cleanup.manager [-] Deleting neutron.network object s_rally_3d0bc5be_zXbFcLir (eb559dc8-5090-4a8d-a907-5c0e35cb7002)
2019-07-22 09:47:14.808 22706 RALLYDEBUG rally_openstack.cleanup.manager [-] Deleting neutron.network object s_rally_3d0bc5be_1dBicfWf (f14df386-ce03-4ed3-b224-2b2640abc2f9)
2019-07-22 09:47:15.400 22706 RALLYDEBUG rally_openstack.cleanup.manager [-] Deleting neutron.network object s_rally_3d0bc5be_Su2mos3M (fc72896d-0f5e-480b-8f80-a56a2c48fde4)
2019-07-22 09:47:15.734 22706 RALLYDEBUG rally_openstack.cleanup.manager [-] Deleting neutron.network object s_rally_3d0bc5be_kemZ34OL (ff7f29df-d068-47d3-b2fe-a962acbb07f9)
2019-07-22 09:47:18.261 22706 RALLYDEBUG rally_openstack.cleanup.manager [-] Cleaning up neutron router objects
2019-07-22 09:47:18.917 22706 RALLYDEBUG rally_openstack.cleanup.manager [-] Cleaning up neutron security_group objects
2019-07-22 09:47:19.678 22706 INFO rally.task.context [-] Task 10cefb84-bd4c-4561-9442-fef18db74fae | Context cleanup@openstack cleanup() finished in 17.96 sec
2019-07-22 09:47:19.678 22706 INFO rally.task.context [-] Task 10cefb84-bd4c-4561-9442-fef18db74fae | Context quotas@openstack cleanup() started
2019-07-22 09:47:19.976 22706 INFO rally.task.context [-] Task 10cefb84-bd4c-4561-9442-fef18db74fae | Context quotas@openstack cleanup() finished in 0.30 sec
2019-07-22 09:47:19.977 22706 INFO rally.task.context [-] Task 10cefb84-bd4c-4561-9442-fef18db74fae | Context users@openstack cleanup() started
2019-07-22 09:47:24.297 22706 INFO rally.task.context [-] Task 10cefb84-bd4c-4561-9442-fef18db74fae | Context users@openstack cleanup() finished in 4.32 sec
2019-07-22 09:47:26.104 22706 INFO rally.task.engine [-] Load duration is: 45.010989
2019-07-22 09:47:26.104 22706 INFO rally.task.engine [-] Full runner duration is: 45.063772
2019-07-22 09:47:26.104 22706 INFO rally.task.engine [-] Full duration is: 72.475597
2019-07-22 09:47:26.403 22706 INFO rally.task.engine [-] Running workload: position = 0 config = { "version": 2, "title": "A cropped version of a bigger task.", "description": "Auto-generated task from a single workload (uuid=cf6f9de4-c8b0-4c6d-8426-150adbeb9d04)", "subtasks": [ { "title": "Quotas.neutron_update", "description": "Update quotas for neutron.", "scenario": { "Quotas.neutron_update": { "max_quota": 1024 } }, "contexts": { "users": { "tenants": 20, "users_per_tenant": 1 } }, "runner": { "constant": { "times": 40, "concurrency": 20 } }, "hooks": [], "sla": { "failure_rate": { "max": 0 } } } ] }
2019-07-22 09:47:26.423 22706 RALLYDEBUG rally_openstack.contexts.keystone.users [-] Creating 20 tenants using 20 threads
2019-07-22 09:47:30.272 22706 RALLYDEBUG rally_openstack.contexts.keystone.users [-] Creating 20 users using 20 threads
2019-07-22 09:47:35.637 22706 INFO rally.task.context [-] Task 10cefb84-bd4c-4561-9442-fef18db74fae | Context users@openstack setup() finished in 9.21 sec
2019-07-22 09:47:35.637 22706 INFO rally.task.context [-] Task 10cefb84-bd4c-4561-9442-fef18db74fae | Context admin_cleanup@openstack setup() finished in 0.01 msec
2019-07-22 09:47:35.644 22706 RALLYDEBUG rally.task.runner [-] Starting the constant runner (task UUID: 10cefb84-bd4c-4561-9442-fef18db74fae). timeout: 0 concurrency: 20 concurrency_per_worker: 1 times: 40 concurrency_overhead: 4 processes_to_start: 16 max_cpu_used: 16
2019-07-22 09:47:35.657 27322 RALLYDEBUG rally.task.runner [-] Starting a worker. concurrency: 2 args: {"max_quota": 1024} times: 40 method_name: run timeout: 0 duration: None cls:
2019-07-22 09:47:35.659 27323 RALLYDEBUG rally.task.runner [-] Starting a worker. concurrency: 2 args: {"max_quota": 1024} times: 40 method_name: run timeout: 0 duration: None cls:
2019-07-22 09:47:35.662 27324 RALLYDEBUG rally.task.runner [-] Starting a worker. concurrency: 2 args: {"max_quota": 1024} times: 40 method_name: run timeout: 0 duration: None cls:
2019-07-22 09:47:35.665 27325 RALLYDEBUG rally.task.runner [-] Starting a worker. concurrency: 2 args: {"max_quota": 1024} times: 40 method_name: run timeout: 0 duration: None cls:
2019-07-22 09:47:35.668 27326 RALLYDEBUG rally.task.runner [-] Starting a worker. concurrency: 1 args: {"max_quota": 1024} times: 40 method_name: run timeout: 0 duration: None cls:
2019-07-22 09:47:35.672 27322 INFO rally.task.runner [-] Task 10cefb84-bd4c-4561-9442-fef18db74fae | ITER: 1 START
2019-07-22 09:47:35.672 27327 RALLYDEBUG rally.task.runner [-] Starting a worker. concurrency: 1 args: {"max_quota": 1024} times: 40 method_name: run timeout: 0 duration: None cls:
2019-07-22 09:47:35.676 27324 INFO rally.task.runner [-] Task 10cefb84-bd4c-4561-9442-fef18db74fae | ITER: 3 START
2019-07-22 09:47:35.674 27323 INFO rally.task.runner [-] Task 10cefb84-bd4c-4561-9442-fef18db74fae | ITER: 2 START
2019-07-22 09:47:35.677 27322 INFO rally.task.runner [-] Task 10cefb84-bd4c-4561-9442-fef18db74fae | ITER: 4 START
2019-07-22 09:47:35.677 27331 RALLYDEBUG rally.task.runner [-] Starting a worker. concurrency: 1 args: {"max_quota": 1024} times: 40 method_name: run timeout: 0 duration: None cls:
2019-07-22 09:47:35.678 27326 INFO rally.task.runner [-] Task 10cefb84-bd4c-4561-9442-fef18db74fae | ITER: 7 START
2019-07-22 09:47:35.678 27325 INFO rally.task.runner [-] Task 10cefb84-bd4c-4561-9442-fef18db74fae | ITER: 5 START
2019-07-22 09:47:35.680 27333 RALLYDEBUG rally.task.runner [-] Starting a worker. concurrency: 1 args: {"max_quota": 1024} times: 40 method_name: run timeout: 0 duration: None cls:
2019-07-22 09:47:35.681 27338 RALLYDEBUG rally.task.runner [-] Starting a worker. concurrency: 1 args: {"max_quota": 1024} times: 40 method_name: run timeout: 0 duration: None cls:
2019-07-22 09:47:35.683 27327 INFO rally.task.runner [-] Task 10cefb84-bd4c-4561-9442-fef18db74fae | ITER: 9 START
2019-07-22 09:47:35.687 27323 INFO rally.task.runner [-] Task 10cefb84-bd4c-4561-9442-fef18db74fae | ITER: 6 START
2019-07-22 09:47:35.689 27342 RALLYDEBUG rally.task.runner [-] Starting a worker. concurrency: 1 args: {"max_quota": 1024} times: 40 method_name: run timeout: 0 duration: None cls:
2019-07-22 09:47:35.691 27338 INFO rally.task.runner [-] Task 10cefb84-bd4c-4561-9442-fef18db74fae | ITER: 13 START
2019-07-22 09:47:35.692 27324 INFO rally.task.runner [-] Task 10cefb84-bd4c-4561-9442-fef18db74fae | ITER: 8 START
2019-07-22 09:47:35.692 27325 INFO rally.task.runner [-] Task 10cefb84-bd4c-4561-9442-fef18db74fae | ITER: 10 START
2019-07-22 09:47:35.693 27331 INFO rally.task.runner [-] Task 10cefb84-bd4c-4561-9442-fef18db74fae | ITER: 11 START
2019-07-22 09:47:35.698 27333 INFO rally.task.runner [-] Task 10cefb84-bd4c-4561-9442-fef18db74fae | ITER: 12 START
2019-07-22 09:47:35.698 27349 RALLYDEBUG rally.task.runner [-] Starting a worker. concurrency: 1 args: {"max_quota": 1024} times: 40 method_name: run timeout: 0 duration: None cls:
2019-07-22 09:47:35.702 27342 INFO rally.task.runner [-] Task 10cefb84-bd4c-4561-9442-fef18db74fae | ITER: 14 START
2019-07-22 09:47:35.703 27355 RALLYDEBUG rally.task.runner [-] Starting a worker. concurrency: 1 args: {"max_quota": 1024} times: 40 method_name: run timeout: 0 duration: None cls:
2019-07-22 09:47:35.709 27356 RALLYDEBUG rally.task.runner [-] Starting a worker. concurrency: 1 args: {"max_quota": 1024} times: 40 method_name: run timeout: 0 duration: None cls:
2019-07-22 09:47:35.711 27359 RALLYDEBUG rally.task.runner [-] Starting a worker. concurrency: 1 args: {"max_quota": 1024} times: 40 method_name: run timeout: 0 duration: None cls:
2019-07-22 09:47:35.712 27349 INFO rally.task.runner [-] Task 10cefb84-bd4c-4561-9442-fef18db74fae | ITER: 15 START
2019-07-22 09:47:35.717 27361 RALLYDEBUG rally.task.runner [-] Starting a worker. concurrency: 1 args: {"max_quota": 1024} times: 40 method_name: run timeout: 0 duration: None cls:
2019-07-22 09:47:35.720 27355 INFO rally.task.runner [-] Task 10cefb84-bd4c-4561-9442-fef18db74fae | ITER: 16 START
2019-07-22 09:47:35.720 27359 INFO rally.task.runner [-] Task 10cefb84-bd4c-4561-9442-fef18db74fae | ITER: 18 START
2019-07-22 09:47:35.720 27356 INFO rally.task.runner [-] Task 10cefb84-bd4c-4561-9442-fef18db74fae | ITER: 17 START
2019-07-22 09:47:35.725 27364 RALLYDEBUG rally.task.runner [-] Starting a worker. concurrency: 1 args: {"max_quota": 1024} times: 40 method_name: run timeout: 0 duration: None cls:
2019-07-22 09:47:35.728 27361 INFO rally.task.runner [-] Task 10cefb84-bd4c-4561-9442-fef18db74fae | ITER: 19 START
2019-07-22 09:47:35.732 27364 INFO rally.task.runner [-] Task 10cefb84-bd4c-4561-9442-fef18db74fae | ITER: 20 START
2019-07-22 09:47:37.160 27323 INFO rally.task.runner [-] Task 10cefb84-bd4c-4561-9442-fef18db74fae | ITER: 2 END: OK
2019-07-22 09:47:37.167 27323 INFO rally.task.runner [-] Task 10cefb84-bd4c-4561-9442-fef18db74fae | ITER: 21 START
2019-07-22 09:47:37.175 27322 INFO rally.task.runner [-] Task 10cefb84-bd4c-4561-9442-fef18db74fae | ITER: 1 END: OK
2019-07-22 09:47:37.177 27326 INFO rally.task.runner [-] Task 10cefb84-bd4c-4561-9442-fef18db74fae | ITER: 7 END: OK
2019-07-22 09:47:37.181 27322 INFO rally.task.runner [-] Task 10cefb84-bd4c-4561-9442-fef18db74fae | ITER: 22 START
2019-07-22 09:47:37.184 27326 INFO rally.task.runner [-] Task 10cefb84-bd4c-4561-9442-fef18db74fae | ITER: 23 START
2019-07-22 09:47:37.194 27327 INFO rally.task.runner [-] Task 10cefb84-bd4c-4561-9442-fef18db74fae | ITER: 9 END: OK
2019-07-22 09:47:37.200 27327 INFO rally.task.runner [-] Task 10cefb84-bd4c-4561-9442-fef18db74fae | ITER: 24 START
2019-07-22 09:47:37.201 27331 INFO rally.task.runner [-] Task 10cefb84-bd4c-4561-9442-fef18db74fae | ITER: 11 END: OK
2019-07-22 09:47:37.207 27331 INFO rally.task.runner [-] Task 10cefb84-bd4c-4561-9442-fef18db74fae | ITER: 25 START
2019-07-22 09:47:37.216 27333 INFO rally.task.runner [-] Task 10cefb84-bd4c-4561-9442-fef18db74fae | ITER: 12 END: OK
2019-07-22 09:47:37.224 27333 INFO rally.task.runner [-] Task 10cefb84-bd4c-4561-9442-fef18db74fae | ITER: 26 START
2019-07-22 09:47:37.238 27325 INFO rally.task.runner [-] Task 10cefb84-bd4c-4561-9442-fef18db74fae | ITER: 10 END: OK
2019-07-22 09:47:37.240 27338 INFO rally.task.runner [-] Task 10cefb84-bd4c-4561-9442-fef18db74fae | ITER: 13 END: OK
2019-07-22 09:47:37.241 27325 INFO rally.task.runner [-] Task 10cefb84-bd4c-4561-9442-fef18db74fae | ITER: 5 END: OK
2019-07-22 09:47:37.246 27325 INFO rally.task.runner [-] Task 10cefb84-bd4c-4561-9442-fef18db74fae | ITER: 28 START
2019-07-22 09:47:37.247 27338 INFO rally.task.runner [-] Task 10cefb84-bd4c-4561-9442-fef18db74fae | ITER: 27 START
2019-07-22 09:47:37.251 27342 INFO rally.task.runner [-] Task 10cefb84-bd4c-4561-9442-fef18db74fae | ITER: 14 END: OK
2019-07-22 09:47:37.258 27325 INFO rally.task.runner [-] Task 10cefb84-bd4c-4561-9442-fef18db74fae | ITER: 29 START
2019-07-22 09:47:37.259 27342 INFO rally.task.runner [-] Task 10cefb84-bd4c-4561-9442-fef18db74fae | ITER: 30 START
2019-07-22 09:47:37.264 27324 INFO rally.task.runner [-] Task 10cefb84-bd4c-4561-9442-fef18db74fae | ITER: 3 END: OK
2019-07-22 09:47:37.270 27324 INFO rally.task.runner [-] Task 10cefb84-bd4c-4561-9442-fef18db74fae | ITER: 31 START
2019-07-22 09:47:37.301 27322 INFO rally.task.runner [-] Task 10cefb84-bd4c-4561-9442-fef18db74fae | ITER: 4 END: OK
2019-07-22 09:47:37.306 27322 INFO rally.task.runner [-] Task 10cefb84-bd4c-4561-9442-fef18db74fae | ITER: 32 START
2019-07-22 09:47:37.525 27323 INFO rally.task.runner [-] Task 10cefb84-bd4c-4561-9442-fef18db74fae | ITER: 6 END: OK
2019-07-22 09:47:37.529 27323 INFO rally.task.runner [-] Task 10cefb84-bd4c-4561-9442-fef18db74fae | ITER: 33 START
2019-07-22 09:47:37.574 27349 INFO rally.task.runner [-] Task 10cefb84-bd4c-4561-9442-fef18db74fae | ITER: 15 END: OK
2019-07-22 09:47:37.581 27349 INFO rally.task.runner [-] Task 10cefb84-bd4c-4561-9442-fef18db74fae | ITER: 34 START
2019-07-22 09:47:37.632 27364 INFO rally.task.runner [-] Task 10cefb84-bd4c-4561-9442-fef18db74fae | ITER: 20 END: OK
2019-07-22 09:47:37.638 27364 INFO rally.task.runner [-] Task 10cefb84-bd4c-4561-9442-fef18db74fae | ITER: 35 START
2019-07-22 09:47:37.639 27324 INFO rally.task.runner [-] Task 10cefb84-bd4c-4561-9442-fef18db74fae | ITER: 8 END: OK
2019-07-22 09:47:37.645 27324 INFO rally.task.runner [-] Task 10cefb84-bd4c-4561-9442-fef18db74fae | ITER: 36 START
2019-07-22 09:47:37.658 27361 INFO rally.task.runner [-] Task 10cefb84-bd4c-4561-9442-fef18db74fae | ITER: 19 END: OK
2019-07-22 09:47:37.665 27361 INFO rally.task.runner [-] Task 10cefb84-bd4c-4561-9442-fef18db74fae | ITER: 37 START
2019-07-22 09:47:37.970 27356 INFO rally.task.runner [-] Task 10cefb84-bd4c-4561-9442-fef18db74fae | ITER: 17 END: OK
2019-07-22 09:47:37.976 27356 INFO rally.task.runner [-] Task 10cefb84-bd4c-4561-9442-fef18db74fae | ITER: 38 START
2019-07-22 09:47:38.013 27355 INFO rally.task.runner [-] Task 10cefb84-bd4c-4561-9442-fef18db74fae | ITER: 16 END: OK
2019-07-22 09:47:38.020 27355 INFO rally.task.runner [-] Task 10cefb84-bd4c-4561-9442-fef18db74fae | ITER: 39 START
2019-07-22 09:47:38.052 27359 INFO rally.task.runner [-] Task 10cefb84-bd4c-4561-9442-fef18db74fae | ITER: 18 END: OK
2019-07-22 09:47:38.059 27359 INFO rally.task.runner [-] Task 10cefb84-bd4c-4561-9442-fef18db74fae | ITER: 40 START
2019-07-22 09:47:38.447 27323 INFO rally.task.runner [-] Task 10cefb84-bd4c-4561-9442-fef18db74fae | ITER: 21 END: OK
2019-07-22 09:47:38.587 27322 INFO rally.task.runner [-] Task 10cefb84-bd4c-4561-9442-fef18db74fae | ITER: 22 END: OK
2019-07-22 09:47:38.628 27331 INFO rally.task.runner [-] Task 10cefb84-bd4c-4561-9442-fef18db74fae | ITER: 25 END: OK
2019-07-22 09:47:38.650 27342 INFO rally.task.runner [-] Task 10cefb84-bd4c-4561-9442-fef18db74fae | ITER: 30 END: OK
2019-07-22 09:47:38.685 27322 INFO rally.task.runner [-] Task 10cefb84-bd4c-4561-9442-fef18db74fae | ITER: 32 END: OK
2019-07-22 09:47:38.704 27326 INFO rally.task.runner [-] Task 10cefb84-bd4c-4561-9442-fef18db74fae | ITER: 23 END: OK
2019-07-22 09:47:38.708 27338 INFO rally.task.runner [-] Task 10cefb84-bd4c-4561-9442-fef18db74fae | ITER: 27 END: OK
2019-07-22 09:47:38.731 27327 INFO rally.task.runner [-] Task 10cefb84-bd4c-4561-9442-fef18db74fae | ITER: 24 END: OK
2019-07-22 09:47:38.735 27325 INFO rally.task.runner [-] Task 10cefb84-bd4c-4561-9442-fef18db74fae | ITER: 29 END: OK
2019-07-22 09:47:38.737 27324 INFO rally.task.runner [-] Task 10cefb84-bd4c-4561-9442-fef18db74fae | ITER: 31 END: OK
2019-07-22 09:47:38.746 27325 INFO rally.task.runner [-] Task 10cefb84-bd4c-4561-9442-fef18db74fae | ITER: 28 END: OK
2019-07-22 09:47:38.748 27333 INFO rally.task.runner [-] Task 10cefb84-bd4c-4561-9442-fef18db74fae | ITER: 26 END: OK
2019-07-22 09:47:38.853 27323 INFO rally.task.runner [-] Task 10cefb84-bd4c-4561-9442-fef18db74fae | ITER: 33 END: OK
2019-07-22 09:47:39.062 27324 INFO rally.task.runner [-] Task 10cefb84-bd4c-4561-9442-fef18db74fae | ITER: 36 END: OK
2019-07-22 09:47:39.093 27361 INFO rally.task.runner [-] Task 10cefb84-bd4c-4561-9442-fef18db74fae | ITER: 37 END: OK
2019-07-22 09:47:39.141 27356 INFO rally.task.runner [-] Task 10cefb84-bd4c-4561-9442-fef18db74fae | ITER: 38 END: OK
2019-07-22 09:47:39.163 27349 INFO rally.task.runner [-] Task 10cefb84-bd4c-4561-9442-fef18db74fae | ITER: 34 END: OK
2019-07-22 09:47:39.204 27359 INFO rally.task.runner [-] Task 10cefb84-bd4c-4561-9442-fef18db74fae | ITER: 40 END: OK
2019-07-22 09:47:39.207 27355 INFO rally.task.runner [-] Task 10cefb84-bd4c-4561-9442-fef18db74fae | ITER: 39 END: OK
2019-07-22 09:47:39.211 27364 INFO rally.task.runner [-] Task 10cefb84-bd4c-4561-9442-fef18db74fae | ITER: 35 END: OK
2019-07-22 09:47:39.240 22706 INFO rally.task.context [-] Task 10cefb84-bd4c-4561-9442-fef18db74fae | Context admin_cleanup@openstack cleanup() started
2019-07-22 09:47:39.242 22706 RALLYDEBUG rally_openstack.cleanup.manager [-] Cleaning up neutron quota objects
2019-07-22 09:47:42.860 22706 INFO rally.task.context [-] Task 10cefb84-bd4c-4561-9442-fef18db74fae | Context admin_cleanup@openstack cleanup() finished in 3.62 sec
2019-07-22 09:47:42.860 22706 INFO rally.task.context [-] Task 10cefb84-bd4c-4561-9442-fef18db74fae | Context users@openstack cleanup() started
2019-07-22 09:48:11.222 22706 INFO rally.task.context [-] Task 10cefb84-bd4c-4561-9442-fef18db74fae | Context users@openstack cleanup() finished in 28.36 sec
2019-07-22 09:48:12.823 22706 INFO rally.task.engine [-] Load duration is: 3.537657
2019-07-22 09:48:12.824 22706 INFO rally.task.engine [-] Full runner duration is: 3.596325
2019-07-22 09:48:12.824 22706 INFO rally.task.engine [-] Full duration is: 44.80295
2019-07-22 09:48:13.098 22706 INFO rally.task.engine [-] Running workload: position = 0 config = { "version": 2, "title": "A cropped version of a bigger task.", "description": "Auto-generated task from a single workload (uuid=a19e3bff-48af-4490-8e9f-a7ce9896cf15)", "subtasks": [ { "title": "NeutronTrunks.create_and_list_trunk_subports", "description": "", "scenario": { "NeutronTrunks.create_and_list_trunk_subports": { "subport_count": 125 } }, "contexts": { "users": { "tenants": 1, "users_per_tenant": 1 }, "quotas": { "neutron": { "network": -1, "port": 1000 } } }, "runner": { "constant": { "times": 4, "concurrency": 4 } }, "hooks": [], "sla": { "failure_rate": { "max": 0 } } } ] }
2019-07-22 09:48:13.120 22706 RALLYDEBUG rally_openstack.contexts.keystone.users [-] Creating 1 tenants using 20 threads
2019-07-22 09:48:14.735 22706 RALLYDEBUG rally_openstack.contexts.keystone.users [-] Creating 1 users using 20 threads
2019-07-22 09:48:17.197 22706 INFO rally.task.context [-] Task 10cefb84-bd4c-4561-9442-fef18db74fae | Context users@openstack setup() finished in 4.08 sec
2019-07-22 09:48:17.937 22706 INFO rally.task.context [-] Task 10cefb84-bd4c-4561-9442-fef18db74fae | Context quotas@openstack setup() finished in 0.74 sec
2019-07-22 09:48:17.937 22706 INFO rally.task.context [-] Task 10cefb84-bd4c-4561-9442-fef18db74fae | Context cleanup@openstack setup() finished in 0.01 msec
2019-07-22 09:48:17.944 22706 RALLYDEBUG rally.task.runner [-] Starting the constant runner (task UUID: 10cefb84-bd4c-4561-9442-fef18db74fae). timeout: 0 concurrency: 4 concurrency_per_worker: 1 times: 4 concurrency_overhead: 0 processes_to_start: 4 max_cpu_used: 16
2019-07-22 09:48:17.957 27512 RALLYDEBUG rally.task.runner [-] Starting a worker. concurrency: 1 args: {"subport_count": 125} times: 4 method_name: run timeout: 0 duration: None cls:
2019-07-22 09:48:17.959 27513 RALLYDEBUG rally.task.runner [-] Starting a worker. concurrency: 1 args: {"subport_count": 125} times: 4 method_name: run timeout: 0 duration: None cls:
2019-07-22 09:48:17.963 27512 INFO rally.task.runner [-] Task 10cefb84-bd4c-4561-9442-fef18db74fae | ITER: 1 START
2019-07-22 09:48:17.963 27514 RALLYDEBUG rally.task.runner [-] Starting a worker. concurrency: 1 args: {"subport_count": 125} times: 4 method_name: run timeout: 0 duration: None cls:
2019-07-22 09:48:17.964 27513 INFO rally.task.runner [-] Task 10cefb84-bd4c-4561-9442-fef18db74fae | ITER: 2 START
2019-07-22 09:48:17.965 27515 RALLYDEBUG rally.task.runner [-] Starting a worker. concurrency: 1 args: {"subport_count": 125} times: 4 method_name: run timeout: 0 duration: None cls:
2019-07-22 09:48:17.968 27514 INFO rally.task.runner [-] Task 10cefb84-bd4c-4561-9442-fef18db74fae | ITER: 3 START
2019-07-22 09:48:17.970 27515 INFO rally.task.runner [-] Task 10cefb84-bd4c-4561-9442-fef18db74fae | ITER: 4 START
2019-07-22 09:50:30.369 27512 WARNING rally.task.atomic [-] 'optional_action_timer' is deprecated since rally v0.10.0.Please use action_timer instead, we have improved atomic actions, now do not need to explicitly close original action.
2019-07-22 09:50:30.406 27512 WARNING rally.task.atomic [-] 'optional_action_timer' is deprecated since rally v0.10.0.Please use action_timer instead, we have improved atomic actions, now do not need to explicitly close original action.
2019-07-22 09:50:30.950 27512 INFO rally.task.runner [-] Task 10cefb84-bd4c-4561-9442-fef18db74fae | ITER: 1 END: OK
2019-07-22 09:50:31.365 27513 WARNING rally.task.atomic [-] 'optional_action_timer' is deprecated since rally v0.10.0.Please use action_timer instead, we have improved atomic actions, now do not need to explicitly close original action.
2019-07-22 09:50:31.611 27513 WARNING rally.task.atomic [-] 'optional_action_timer' is deprecated since rally v0.10.0.Please use action_timer instead, we have improved atomic actions, now do not need to explicitly close original action.
2019-07-22 09:50:32.225 27513 INFO rally.task.runner [-] Task 10cefb84-bd4c-4561-9442-fef18db74fae | ITER: 2 END: OK
2019-07-22 09:52:27.984 27514 WARNING rally.task.atomic [-] 'optional_action_timer' is deprecated since rally v0.10.0.Please use action_timer instead, we have improved atomic actions, now do not need to explicitly close original action.
2019-07-22 09:52:28.039 27514 WARNING rally.task.atomic [-] 'optional_action_timer' is deprecated since rally v0.10.0.Please use action_timer instead, we have improved atomic actions, now do not need to explicitly close original action.
2019-07-22 09:52:28.324 27515 WARNING rally.task.atomic [-] 'optional_action_timer' is deprecated since rally v0.10.0.Please use action_timer instead, we have improved atomic actions, now do not need to explicitly close original action.
2019-07-22 09:52:28.447 27515 WARNING rally.task.atomic [-] 'optional_action_timer' is deprecated since rally v0.10.0.Please use action_timer instead, we have improved atomic actions, now do not need to explicitly close original action.
2019-07-22 09:52:29.536 27514 INFO rally.task.runner [-] Task 10cefb84-bd4c-4561-9442-fef18db74fae | ITER: 3 END: OK
2019-07-22 09:52:29.576 27515 INFO rally.task.runner [-] Task 10cefb84-bd4c-4561-9442-fef18db74fae | ITER: 4 END: OK
2019-07-22 09:52:29.601 22706 INFO rally.task.context [-] Task 10cefb84-bd4c-4561-9442-fef18db74fae | Context cleanup@openstack cleanup() started
2019-07-22 09:52:29.603 22706 RALLYDEBUG rally_openstack.cleanup.manager [-] Cleaning up neutron vip objects
2019-07-22 09:52:30.720 22706 RALLYDEBUG rally_openstack.cleanup.manager [-] Cleaning up neutron health_monitor objects
2019-07-22 09:52:31.846 22706 RALLYDEBUG rally_openstack.cleanup.manager [-] Cleaning up neutron pool objects
2019-07-22 09:52:32.558 22706 RALLYDEBUG rally_openstack.cleanup.manager [-] Cleaning up neutron loadbalancer objects
2019-07-22 09:52:33.269 22706 RALLYDEBUG rally_openstack.cleanup.manager [-] Cleaning up neutron floatingip objects
2019-07-22 09:52:33.938 22706 RALLYDEBUG rally_openstack.cleanup.manager [-] Cleaning up neutron port objects
2019-07-22 09:52:35.776 22706 RALLYDEBUG rally_openstack.cleanup.manager [-] Deleting neutron.port object s_rally_a19e3bff_Erg77vWx (00da3b98-a08a-406e-a9bc-bb2995f99381)
2019-07-22 09:52:35.780 22706 RALLYDEBUG rally_openstack.cleanup.manager [-] Deleting neutron.port object s_rally_a19e3bff_mSP5xVQG (02113a74-50ff-4470-926a-1bf258a4737a)
2019-07-22 09:52:35.791 22706 RALLYDEBUG rally_openstack.cleanup.manager [-] Deleting neutron.port object s_rally_a19e3bff_raLjxfB9 (0233ed67-874b-48f0-9163-2a9238d2cbee)
2019-07-22 09:52:35.792 22706 RALLYDEBUG rally_openstack.cleanup.manager [-] Deleting neutron.port object s_rally_a19e3bff_c67GQrQv (01435d1c-57d6-414a-8e03-06487d65ddcd)
2019-07-22 09:52:35.794 22706 RALLYDEBUG rally_openstack.cleanup.manager [-] Deleting neutron.port object s_rally_a19e3bff_GXHyxB74 (00d527d4-1cad-4f1c-83a8-df55ff070fd6)
2019-07-22 09:52:35.804 22706 RALLYDEBUG rally_openstack.cleanup.manager [-] Deleting neutron.port object s_rally_a19e3bff_9jHGKbAK (00fba75a-2627-49c6-928d-0b549623ddd5)
2019-07-22 09:52:35.809 22706 RALLYDEBUG rally_openstack.cleanup.manager [-] Deleting neutron.port object s_rally_a19e3bff_X8yxOKqg (00b22288-38e1-477e-b962-a61148fcdec4)
2019-07-22 09:52:35.810 22706 RALLYDEBUG rally_openstack.cleanup.manager [-] Deleting neutron.port object s_rally_a19e3bff_JpJ7UZFx (023e8894-75ff-435a-a974-8899e7dc96e5)
2019-07-22 09:52:35.815 22706 RALLYDEBUG rally_openstack.cleanup.manager [-] Deleting neutron.port object s_rally_a19e3bff_YpN31VpK (015556b2-9312-4576-b8fc-2fbc4dd81fd6)
2019-07-22 09:52:35.816 22706 RALLYDEBUG rally_openstack.cleanup.manager [-] Deleting neutron.port object s_rally_a19e3bff_6uWutJb0 (00d3d4c5-bdfc-44f4-84c9-86f867024eb5)
2019-07-22 09:52:35.830 22706 RALLYDEBUG rally_openstack.cleanup.manager [-] Deleting neutron.port object s_rally_a19e3bff_Am69Sety (03838142-c158-4929-9a34-6edf1bec3b67)
2019-07-22 09:52:35.857 22706 RALLYDEBUG rally_openstack.cleanup.manager [-] Deleting neutron.port object s_rally_a19e3bff_zJO4YWJT (04c4d86f-9b60-4ea1-9352-1f6f34388d6e)
2019-07-22 09:52:35.859 22706 RALLYDEBUG rally_openstack.cleanup.manager [-] Deleting neutron.port object s_rally_a19e3bff_w8hcqCQ0 (04e5e0f0-f25d-47dc-91d2-fc0d6b7dcade)
2019-07-22 09:52:35.871 22706 RALLYDEBUG rally_openstack.cleanup.manager [-] Deleting neutron.port object s_rally_a19e3bff_GX31RX7m (061d6edb-9c06-458b-967c-a1b7b0d4b2dc)
2019-07-22 09:52:35.889 22706 RALLYDEBUG rally_openstack.cleanup.manager [-] Deleting neutron.port object s_rally_a19e3bff_M1AvUvZi (04f61102-7616-473b-9a33-79414e0974e1)
2019-07-22 09:52:35.889 22706 RALLYDEBUG rally_openstack.cleanup.manager [-] Deleting neutron.port object s_rally_a19e3bff_WfpOh3CK (062537c5-cb32-4356-98ac-93baa3e7a989)
2019-07-22 09:52:35.908 22706 RALLYDEBUG rally_openstack.cleanup.manager [-] Deleting neutron.port object s_rally_a19e3bff_YCvcwaLk (07909ca8-a6ef-4663-851a-ee18bf95cedb)
2019-07-22 09:52:35.909 22706 RALLYDEBUG rally_openstack.cleanup.manager [-] Deleting neutron.port object s_rally_a19e3bff_gbYZ8zNY (07d039cd-d80b-4a22-8369-55571b8b865b)
2019-07-22 09:52:35.932 22706 RALLYDEBUG rally_openstack.cleanup.manager [-] Deleting neutron.port object s_rally_a19e3bff_vC4oteHH (07f7a85c-8584-4494-a56c-e981956ec1e1)
2019-07-22 09:52:35.939 22706 RALLYDEBUG rally_openstack.cleanup.manager [-] Deleting neutron.port object s_rally_a19e3bff_s4DbN4eH (07d69841-0e65-4abf-ae06-6658949e6685)
2019-07-22 09:52:38.750 22706 RALLYDEBUG rally_openstack.cleanup.manager [-] Deleting neutron.port object s_rally_a19e3bff_p6N81ddl (0800d473-6dfc-4dbc-b6fa-18203b0f8ef1)
2019-07-22 09:52:38.750 22706 RALLYDEBUG rally_openstack.cleanup.manager [-] Deleting neutron.port object s_rally_a19e3bff_QbwLVJoQ (08e29294-1788-4076-8eda-547a8ff52368)
2019-07-22 09:52:40.149 22706 RALLYDEBUG rally_openstack.cleanup.manager [-] Deleting neutron.port object s_rally_a19e3bff_GHjBttp3 (094133a7-10fa-49de-8d6a-7be975ab84c4)
2019-07-22 09:52:42.011 22706 RALLYDEBUG rally_openstack.cleanup.manager [-] Deleting neutron.port object s_rally_a19e3bff_deKfrxI9 (0a043132-d133-4fb8-9eca-f88a4e654033)
2019-07-22 09:52:42.056 22706 RALLYDEBUG rally_openstack.cleanup.manager [-] Deleting neutron.port object s_rally_a19e3bff_nVzQsxSl (0a2ac842-3b81-49f7-ae07-c66ddcf3421e)
2019-07-22 09:52:42.218 22706 RALLYDEBUG rally_openstack.cleanup.manager [-] Deleting neutron.port object s_rally_a19e3bff_wULbURuT (0c082a2f-1efe-4460-b670-c40931208f47)
2019-07-22 09:52:42.244 22706 RALLYDEBUG rally_openstack.cleanup.manager [-] Deleting neutron.port object s_rally_a19e3bff_90Oiyjmn (0c2c8e21-f39e-4579-a621-7b6232b7cee8)
2019-07-22 09:52:42.768 22706 RALLYDEBUG rally_openstack.cleanup.manager [-] Deleting neutron.port object s_rally_a19e3bff_J5ChNDT3 (0c7332d2-9499-495d-97e0-baafe39ace1f)
2019-07-22 09:52:42.789 22706 RALLYDEBUG rally_openstack.cleanup.manager [-] Deleting neutron.port object s_rally_a19e3bff_O3r4sLlC (0ca64621-72d2-4896-bb2c-9d8db01b6031)
2019-07-22 09:52:42.800 22706 RALLYDEBUG rally_openstack.cleanup.manager [-] Deleting neutron.port object s_rally_a19e3bff_mbNPR96G (0d7c9383-7ad5-4c5a-bbdd-cc648dac3c80)
2019-07-22 09:52:42.960 22706 RALLYDEBUG rally_openstack.cleanup.manager [-] Deleting neutron.port object s_rally_a19e3bff_InXtXRtv (0daf7be5-fac2-4c91-89dd-da27dd50c487)
2019-07-22 09:52:43.037 22706 RALLYDEBUG rally_openstack.cleanup.manager [-] Deleting neutron.port object s_rally_a19e3bff_7SHuWNZR (0e27b386-1f96-40c5-b30e-3d5e1352ba73)
2019-07-22 09:52:43.193 22706 RALLYDEBUG rally_openstack.cleanup.manager [-] Deleting neutron.port object s_rally_a19e3bff_zwQ3YjyM (0e45900e-acb9-47df-ace4-1d051e6f9ba7)
2019-07-22 09:52:43.196 22706 RALLYDEBUG rally_openstack.cleanup.manager [-] Deleting neutron.port object s_rally_a19e3bff_mtBNRNPg (0ee3e543-c13c-46e6-92e6-4d09388d8ff5)
2019-07-22 09:52:43.235 22706 RALLYDEBUG rally_openstack.cleanup.manager [-] Deleting neutron.port object s_rally_a19e3bff_TyA8jZDY (0f3f2763-2a80-43cf-8d76-530bffcf30e3)
2019-07-22 09:52:43.568 22706 RALLYDEBUG rally_openstack.cleanup.manager [-] Deleting neutron.port object s_rally_a19e3bff_lKwrOOum (0f904ecf-ab03-4cee-b661-b24b4836d17c)
2019-07-22 09:52:43.921 22706 RALLYDEBUG rally_openstack.cleanup.manager [-] Deleting neutron.port object s_rally_a19e3bff_qbzlC0dd (10749014-ca87-4f4a-980b-f24b7bd07768)
2019-07-22 09:52:44.051 22706 RALLYDEBUG rally_openstack.cleanup.manager [-] Deleting neutron.port object s_rally_a19e3bff_nAAbQErK (10f23ffc-2631-4495-9599-64aba854a00a)
2019-07-22 09:52:44.142 22706 RALLYDEBUG rally_openstack.cleanup.manager [-] Deleting neutron.port object s_rally_a19e3bff_SwjySb6c (116c1ed6-3cf9-4f5b-b3cf-f570d149f480)
2019-07-22 09:52:44.298 22706 RALLYDEBUG rally_openstack.cleanup.manager [-] Deleting neutron.port object s_rally_a19e3bff_4MOHLLDP (1248c5f7-c1a9-40e9-8ffe-45d89e1ee34d)
2019-07-22 09:52:44.488 22706 RALLYDEBUG rally_openstack.cleanup.manager [-] Deleting neutron.port object s_rally_a19e3bff_gZsH5EgJ (138c0309-d617-4c0f-8fbb-a52e97399c28)
2019-07-22 09:52:44.548 22706 RALLYDEBUG rally_openstack.cleanup.manager [-] Deleting neutron.port object s_rally_a19e3bff_TG7gWYW3 (13f1a8bc-779d-4ed7-b636-47f62b898b83)
2019-07-22 09:52:44.556 22706 RALLYDEBUG rally_openstack.cleanup.manager [-] Deleting neutron.port object s_rally_a19e3bff_8KpPkVVX (14cbc78e-d99c-4dbf-b8a9-3669e104cfbc)
2019-07-22 09:52:44.631 22706 RALLYDEBUG rally_openstack.cleanup.manager [-] Deleting neutron.port object s_rally_a19e3bff_XedsguLe (14df5a33-1317-4ddd-b510-8c842d5e42be)
2019-07-22 09:52:45.210 22706 RALLYDEBUG rally_openstack.cleanup.manager [-] Deleting neutron.port object s_rally_a19e3bff_h5VKMCZp (152264d0-e929-4d14-9e68-5da9faac2732)
2019-07-22 09:52:45.659 22706 RALLYDEBUG rally_openstack.cleanup.manager [-] Deleting neutron.port object s_rally_a19e3bff_14ZzB8TO (15b7e339-f4d2-4c98-a95e-09eb53dad5f5)
2019-07-22 09:52:45.845 22706 RALLYDEBUG rally_openstack.cleanup.manager [-] Deleting neutron.port object s_rally_a19e3bff_hgMqpujz (15ec4a7d-6f8a-47ed-b374-0bc376560b7c)
2019-07-22 09:52:45.974 22706 RALLYDEBUG rally_openstack.cleanup.manager [-] Deleting neutron.port object s_rally_a19e3bff_wi4LrV87 (176cbd8e-bbd0-4dfc-a6db-6d7deec51f61)
2019-07-22 09:52:46.017 22706 RALLYDEBUG rally_openstack.cleanup.manager [-] Deleting neutron.port object s_rally_a19e3bff_AOWoCLav (18094508-6eb6-451e-a6fc-66346a11143a)
2019-07-22 09:52:46.103 22706 RALLYDEBUG rally_openstack.cleanup.manager [-] Deleting neutron.port object s_rally_a19e3bff_01PYSBDv (187e6fb6-3b78-4961-b70b-e1348de64d4d)
2019-07-22 09:52:46.392 22706 RALLYDEBUG rally_openstack.cleanup.manager [-] Deleting neutron.port object s_rally_a19e3bff_e6rZYdTy (18b83b46-84d7-478f-bdcc-416e54d8812b)
2019-07-22 09:52:46.496 22706 RALLYDEBUG rally_openstack.cleanup.manager [-] Deleting neutron.port object s_rally_a19e3bff_dQeUpHc4 (18d4f110-e86f-4000-b7d3-a1027abd14b6)
2019-07-22 09:52:46.613 22706 RALLYDEBUG rally_openstack.cleanup.manager [-] Deleting neutron.port object s_rally_a19e3bff_y0iiZJs1 (1a4628a6-b3ba-40cf-ac13-b8a0fa6fba01)
2019-07-22 09:52:46.988 22706 RALLYDEBUG rally_openstack.cleanup.manager [-] Deleting neutron.port object s_rally_a19e3bff_7FU4JlAb (1aa8d069-e3cb-4310-a5f8-ad863092b310)
2019-07-22 09:52:47.000 22706 RALLYDEBUG rally_openstack.cleanup.manager [-] Deleting neutron.port object s_rally_a19e3bff_VA8FBfk0 (1b0eaa59-b88f-4fe7-b5ae-921c5fb25a66)
2019-07-22 09:52:47.060 22706 RALLYDEBUG rally_openstack.cleanup.manager [-] Deleting neutron.port object s_rally_a19e3bff_X6SifSfN (1c31e358-0a2a-44a0-9c19-bb053e001eea)
2019-07-22 09:52:47.159 22706 RALLYDEBUG rally_openstack.cleanup.manager [-] Deleting neutron.port object s_rally_a19e3bff_OGOyFIN1 (1d1bcb85-3af7-4769-8bb4-b6de069f0fdb)
2019-07-22 09:52:47.391 22706 RALLYDEBUG rally_openstack.cleanup.manager [-] Deleting neutron.port object s_rally_a19e3bff_uNixAaCc (1da6a510-a63c-4e26-852a-a481e2c12ee3)
2019-07-22 09:52:47.787 22706 RALLYDEBUG rally_openstack.cleanup.manager [-] Deleting neutron.port object s_rally_a19e3bff_M4RZOqIM (1eea9a58-d6c8-44d2-94dd-5621d2437fbd)
2019-07-22 09:52:47.846 22706 RALLYDEBUG rally_openstack.cleanup.manager [-] Deleting neutron.port object s_rally_a19e3bff_reLr8LEQ (1f410e1e-c73a-4f26-9603-671c953a600d)
2019-07-22 09:52:47.920 22706 RALLYDEBUG rally_openstack.cleanup.manager [-] Deleting neutron.port object s_rally_a19e3bff_IG6kyT9N (1f86f0b6-abe5-4429-bd8a-f46cb97234c2)
2019-07-22 09:52:48.030 22706 RALLYDEBUG rally_openstack.cleanup.manager [-] Deleting neutron.port object s_rally_a19e3bff_S8pYCXsC (1fe3a9ab-8000-4c28-a71b-a07b18ff463c)
2019-07-22 09:52:48.079 22706 RALLYDEBUG rally_openstack.cleanup.manager [-] Deleting neutron.port object s_rally_a19e3bff_00XxgumY (1ffe9b5d-c169-40de-9b1a-2496d209642a)
2019-07-22 09:52:48.224 22706 RALLYDEBUG rally_openstack.cleanup.manager [-] Deleting neutron.port object s_rally_a19e3bff_Ae4ih7Uv (202a8458-a135-40df-85ce-db839df89dcc)
2019-07-22 09:52:48.401 22706 RALLYDEBUG rally_openstack.cleanup.manager [-] Deleting neutron.port object s_rally_a19e3bff_WUYdIWwR (203a822f-5110-4654-9d29-017c9386b326)
2019-07-22 09:52:48.753 22706 RALLYDEBUG rally_openstack.cleanup.manager [-] Deleting neutron.port object s_rally_a19e3bff_iWfRYqsV (20607bd8-ee35-4893-899e-5edc5ce41882)
2019-07-22 09:52:49.768 22706 RALLYDEBUG rally_openstack.cleanup.manager [-] Deleting neutron.port object s_rally_a19e3bff_a48szHAH (20cf347f-f0f1-43bd-84d9-6581f47a25c3)
2019-07-22 09:52:50.036 22706 RALLYDEBUG rally_openstack.cleanup.manager [-] Deleting neutron.port object s_rally_a19e3bff_asg2jOdY (216a195e-827d-4054-994e-4e33fcc540c9)
2019-07-22 09:52:50.105 22706 RALLYDEBUG rally_openstack.cleanup.manager [-] Deleting neutron.port object s_rally_a19e3bff_pAEg7Dtf (220a2545-fc68-4275-965f-82efadda8cea)
2019-07-22 09:52:50.106 22706 RALLYDEBUG rally_openstack.cleanup.manager [-] Deleting neutron.port object s_rally_a19e3bff_oqbuZdme (21a819b0-0f0f-4a68-b77f-224a8652a147)
2019-07-22 09:52:50.126 22706 RALLYDEBUG rally_openstack.cleanup.manager [-] Deleting neutron.port object s_rally_a19e3bff_ojBkwHdd (22e4bf22-8cb0-4b74-bb96-dda2090256fa)
2019-07-22 09:52:50.217 22706 RALLYDEBUG rally_openstack.cleanup.manager [-] Deleting neutron.port object s_rally_a19e3bff_LVW4uEcF (233c4252-beea-4090-b256-6dffbc17c4da)
2019-07-22 09:52:50.369 22706 RALLYDEBUG rally_openstack.cleanup.manager [-] Deleting neutron.port object s_rally_a19e3bff_psmuLm6E (2414c470-a727-4cd0-88a8-611cbb3c933a)
2019-07-22 09:52:50.438 22706 RALLYDEBUG rally_openstack.cleanup.manager [-] Deleting neutron.port object s_rally_a19e3bff_xNSbTmDC (2523bc0f-57e7-4b5c-a38f-7b2c6a1d63ca)
2019-07-22 09:52:50.516 22706 RALLYDEBUG rally_openstack.cleanup.manager [-] Deleting neutron.port object s_rally_a19e3bff_ngfZgKli (25f4dc38-e761-44b2-a72b-654f827bd628)
2019-07-22 09:52:50.602 22706 RALLYDEBUG rally_openstack.cleanup.manager [-] Deleting neutron.port object s_rally_a19e3bff_y1HRN28L (26b9e6f2-a48e-4d1c-a5cb-7b63ba3bad2b)
2019-07-22 09:52:50.849 22706 RALLYDEBUG rally_openstack.cleanup.manager [-] Deleting neutron.port object s_rally_a19e3bff_rXQqp6mf (26f0400b-de2e-413d-bfc4-ef7e7c092761)
2019-07-22 09:52:50.876 22706 RALLYDEBUG rally_openstack.cleanup.manager [-] Deleting neutron.port object s_rally_a19e3bff_gV4M85KR (2742357f-e7eb-445d-b830-2e661dac998a)
2019-07-22 09:52:50.878 22706 RALLYDEBUG rally_openstack.cleanup.manager [-] Deleting neutron.port object s_rally_a19e3bff_9zhV9VvK (277224c0-ee02-494c-83f2-5fecf9fd622e)
2019-07-22 09:52:50.978 22706 RALLYDEBUG rally_openstack.cleanup.manager [-] Deleting neutron.port object s_rally_a19e3bff_XTU3xkQG (287d1a73-6b95-4725-81e6-c44fe90d85c9)
2019-07-22 09:52:51.548 22706 RALLYDEBUG rally_openstack.cleanup.manager [-] Deleting neutron.port object s_rally_a19e3bff_Y6l47bGh (294c7111-a872-454d-b49c-8fc04082258b)
2019-07-22 09:52:51.764 22706 RALLYDEBUG rally_openstack.cleanup.manager [-] Deleting neutron.port object s_rally_a19e3bff_oFujKHzR (298914ee-28fd-488b-a6e5-463c47583e9a)
2019-07-22 09:52:51.827 22706 RALLYDEBUG rally_openstack.cleanup.manager [-] Deleting neutron.port object s_rally_a19e3bff_rvwa4EGX (2995c9ac-548b-4c0d-91f5-29ac6dd4b126)
2019-07-22 09:52:51.917 22706 RALLYDEBUG rally_openstack.cleanup.manager [-] Deleting neutron.port object s_rally_a19e3bff_wzY7tRCz (2a96a214-0f5f-402c-a555-36e2674ac5d2)
2019-07-22 09:52:52.076 22706 RALLYDEBUG rally_openstack.cleanup.manager [-] Deleting neutron.port object s_rally_a19e3bff_cDUujyFV (2aa9cdf5-7a19-446b-8786-c8d2eea03dec)
2019-07-22 09:52:52.112 22706 RALLYDEBUG rally_openstack.cleanup.manager [-] Deleting neutron.port object s_rally_a19e3bff_SRzUx2u6 (2c499e55-08f0-4d31-9717-ca7f6a7fa65c)
2019-07-22 09:52:52.969 22706 RALLYDEBUG rally_openstack.cleanup.manager [-] Deleting neutron.port object s_rally_a19e3bff_XIw3okJo (2e171914-5936-492b-b9fd-8b07a4a396f3)
2019-07-22 09:52:53.218 22706 RALLYDEBUG rally_openstack.cleanup.manager [-] Deleting neutron.port object s_rally_a19e3bff_9z01clc3 (2f0373e8-e0a7-4706-974f-c57a3b24f627)
2019-07-22 09:52:53.288 22706 RALLYDEBUG rally_openstack.cleanup.manager [-] Deleting neutron.port object s_rally_a19e3bff_7emLD7mF (2f58cf83-92de-45e2-9c4e-3b74fc98b9b6)
2019-07-22 09:52:53.323 22706 RALLYDEBUG rally_openstack.cleanup.manager [-] Deleting neutron.port object s_rally_a19e3bff_oKqCMRO1 (2fe9ada4-9f00-4251-9df4-46863697e175)
2019-07-22 09:52:53.835 22706 RALLYDEBUG rally_openstack.cleanup.manager [-] Deleting neutron.port object s_rally_a19e3bff_RHRHm1VM (30bddba6-b94d-476d-8fb3-e27308a3f888)
2019-07-22 09:52:53.835 22706 RALLYDEBUG rally_openstack.cleanup.manager [-] Deleting neutron.port object s_rally_a19e3bff_d0fM997r (309a978b-9155-4fa1-9b73-53e963dcf991)
2019-07-22 09:52:53.873 22706 RALLYDEBUG rally_openstack.cleanup.manager [-] Deleting neutron.port object s_rally_a19e3bff_ACVBVC2B (32f4c036-8d6b-4a0c-be71-8fb2545aaafe)
2019-07-22 09:52:54.067 22706 RALLYDEBUG rally_openstack.cleanup.manager [-] Deleting neutron.port object s_rally_a19e3bff_flGHaOiD (33f8609d-38d5-40fa-81c5-65fa285af2d6)
2019-07-22 09:52:54.072 22706 RALLYDEBUG rally_openstack.cleanup.manager [-] Deleting neutron.port object s_rally_a19e3bff_szYLTJEB (33fc3aa6-b818-418d-a5bf-17b70e1bccd9)
2019-07-22 09:52:54.082 22706 RALLYDEBUG rally_openstack.cleanup.manager [-] Deleting neutron.port object s_rally_a19e3bff_tS08gKd0 (3453e7d1-0e77-4fe6-8e42-785a41d5e04d)
2019-07-22 09:52:54.128 22706 RALLYDEBUG rally_openstack.cleanup.manager [-] Deleting neutron.port object s_rally_a19e3bff_A1cNSJZR (34966827-8851-4012-98ae-028d8310f52d)
2019-07-22 09:52:54.167 22706 RALLYDEBUG rally_openstack.cleanup.manager [-] Deleting neutron.port object s_rally_a19e3bff_arcrE3Vw (35062f41-dd87-4845-b2e4-2cc3a8a964cb)
2019-07-22 09:52:54.343 22706 RALLYDEBUG rally_openstack.cleanup.manager [-] Deleting neutron.port object s_rally_a19e3bff_PNGMdH5X (350d707e-d1ef-4744-a571-bf968eca2541)
