2019-07-22 09:44:00.856 22706 RALLYDEBUG rally_openstack.cleanup.manager [-] Deleting neutron.port object s_rally_0a179139_3RNLmama (df9bedca-9192-4bbe-b253-8b575335bcbd)
2019-07-22 09:44:01.005 22706 RALLYDEBUG rally_openstack.cleanup.manager [-] Deleting neutron.port object s_rally_0a179139_uMdvrZLu (e04a934f-c4a1-466a-8120-03083ec382ee)
2019-07-22 09:44:01.571 22706 RALLYDEBUG rally_openstack.cleanup.manager [-] Deleting neutron.port object s_rally_0a179139_hzDrxCO2 (e0b3f560-e563-4937-b537-665cde949d69)
2019-07-22 09:44:01.746 22706 RALLYDEBUG rally_openstack.cleanup.manager [-] Deleting neutron.port object s_rally_0a179139_GNxwMp3c (e1265ca9-cd41-42bd-8451-d58fa96ea08c)
2019-07-22 09:44:02.022 22706 RALLYDEBUG rally_openstack.cleanup.manager [-] Deleting neutron.port object s_rally_0a179139_A6EGpO6U (e1a9b126-4332-442e-bdb9-01f69b4ba052)
2019-07-22 09:44:03.163 22706 RALLYDEBUG rally_openstack.cleanup.manager [-] Deleting neutron.port object s_rally_0a179139_xOFtI9SR (e1c3f6a5-c486-457e-9c06-44c38744bb9f)
2019-07-22 09:44:03.534 22706 RALLYDEBUG rally_openstack.cleanup.manager [-] Deleting neutron.port object s_rally_0a179139_9To12Kbe (e2614f8c-5caa-4612-a56b-b06104b3bc48)
2019-07-22 09:44:03.627 22706 RALLYDEBUG rally_openstack.cleanup.manager [-] Deleting neutron.port object s_rally_0a179139_KHF6IQKp (e284307f-c099-4e32-8f40-51d778134bbb)
2019-07-22 09:44:03.661 22706 RALLYDEBUG rally_openstack.cleanup.manager [-] Deleting neutron.port object s_rally_0a179139_Y7Afv9cT (e33a27d4-b505-4d0b-af20-492b8b4ddc87)
2019-07-22 09:44:03.746 22706 RALLYDEBUG rally_openstack.cleanup.manager [-] Deleting neutron.port object s_rally_0a179139_litEuPAH (e4eccd88-5d47-40c1-bbed-939846cb8621)
2019-07-22 09:44:03.947 22706 RALLYDEBUG rally_openstack.cleanup.manager [-] Deleting neutron.port object s_rally_0a179139_sMGHQ7rf (e5df64af-455a-4bfb-81a8-045f1734a7dc)
2019-07-22 09:44:04.040 22706 RALLYDEBUG rally_openstack.cleanup.manager [-] Deleting neutron.port object s_rally_0a179139_eCkdPosI (e7efe11a-560c-42bf-8b77-0cc8fc8ee308)
2019-07-22 09:44:04.147 22706 RALLYDEBUG rally_openstack.cleanup.manager [-] Deleting neutron.port object s_rally_0a179139_I4zhlrvE (e82d13b1-cdc7-49c1-bfd9-e86bbaf96418)
2019-07-22 09:44:04.181 22706 RALLYDEBUG rally_openstack.cleanup.manager [-] Deleting neutron.port object s_rally_0a179139_WW1LPOsG (e83f393e-71bc-45de-a2ab-38d2b0cd1843)
2019-07-22 09:44:04.213 22706 RALLYDEBUG rally_openstack.cleanup.manager [-] Deleting neutron.port object s_rally_0a179139_puPIo0nY (e8f63546-8e37-459b-9226-0fa5bd89d09d)
2019-07-22 09:44:04.232 22706 RALLYDEBUG rally_openstack.cleanup.manager [-] Deleting neutron.port object s_rally_0a179139_mlifbhCd (e8fb6562-838c-4f49-9b66-01c06605efb9)
2019-07-22 09:44:04.254 22706 RALLYDEBUG rally_openstack.cleanup.manager [-] Deleting neutron.port object s_rally_0a179139_MNZ82EbM (e94d9ee0-3ac1-4bb1-bd44-d76bf92a744f)
2019-07-22 09:44:04.277 22706 RALLYDEBUG rally_openstack.cleanup.manager [-] Deleting neutron.port object s_rally_0a179139_Ckz8unzy (ea440f8c-d677-41f7-8a9c-7f87a39f40ff)
2019-07-22 09:44:04.279 22706 RALLYDEBUG rally_openstack.cleanup.manager [-] Deleting neutron.port object s_rally_0a179139_CCbBElUL (eaef9c77-554e-4884-92ac-bf0c4cb4ae87)
2019-07-22 09:44:04.594 22706 RALLYDEBUG rally_openstack.cleanup.manager [-] Deleting neutron.port object s_rally_0a179139_vIp6eZ7p (ecc0bef2-8eb6-4881-822c-0f6bf061d2bc)
2019-07-22 09:44:04.594 22706 RALLYDEBUG rally_openstack.cleanup.manager [-] Deleting neutron.port object s_rally_0a179139_WnOor7YT (eb44c03e-7d8f-4b86-8573-fc28929bdc75)
2019-07-22 09:44:04.886 22706 RALLYDEBUG rally_openstack.cleanup.manager [-] Deleting neutron.port object s_rally_0a179139_IfIEIUpm (edd3db24-6adc-4067-9759-a176a6245945)
2019-07-22 09:44:04.890 22706 RALLYDEBUG rally_openstack.cleanup.manager [-] Deleting neutron.port object s_rally_0a179139_r0gScwgr (edee71ff-7ea5-456f-b215-13040a8b6723)
2019-07-22 09:44:05.006 22706 RALLYDEBUG rally_openstack.cleanup.manager [-] Deleting neutron.port object s_rally_0a179139_AoCIOGF1 (ee5a68e5-1850-45e8-85d8-f7bf207cc48b)
2019-07-22 09:44:05.054 22706 RALLYDEBUG rally_openstack.cleanup.manager [-] Deleting neutron.port object s_rally_0a179139_kq5ivwXz (ee63e886-e0bd-4efb-9443-b27de8325b04)
2019-07-22 09:44:05.295 22706 RALLYDEBUG rally_openstack.cleanup.manager [-] Deleting neutron.port object s_rally_0a179139_tVcJ79Sw (f01ef7c5-297c-4310-b3e6-13a6f8d5f03f)
2019-07-22 09:44:05.739 22706 RALLYDEBUG rally_openstack.cleanup.manager [-] Deleting neutron.port object s_rally_0a179139_NCRSHRLy (f0407e88-5c73-4c33-8c46-d98ce348af69)
2019-07-22 09:44:06.173 22706 RALLYDEBUG rally_openstack.cleanup.manager [-] Deleting neutron.port object s_rally_0a179139_sg8Zz14Q (f05e3908-78d3-40a8-b8c6-cf961117cbd7)
2019-07-22 09:44:06.555 22706 RALLYDEBUG rally_openstack.cleanup.manager [-] Deleting neutron.port object s_rally_0a179139_ipAtJaeR (f1edb17d-be53-415a-ac3a-0ae217d20357)
2019-07-22 09:44:06.924 22706 RALLYDEBUG rally_openstack.cleanup.manager [-] Deleting neutron.port object s_rally_0a179139_ke2B4kpo (f20d8d5d-39e2-4031-bf94-2461c51e089d)
2019-07-22 09:44:06.978 22706 RALLYDEBUG rally_openstack.cleanup.manager [-] Deleting neutron.port object s_rally_0a179139_lmUGGkqj (f219f04e-cbb6-472c-8443-6bf476ff3ae0)
2019-07-22 09:44:07.152 22706 RALLYDEBUG rally_openstack.cleanup.manager [-] Deleting neutron.port object s_rally_0a179139_wEEPKoNO (f28f1d12-1a82-4b5f-944f-0e12b949eceb)
2019-07-22 09:44:07.334 22706 RALLYDEBUG rally_openstack.cleanup.manager [-] Deleting neutron.port object s_rally_0a179139_1TDsUpgl (f3cb46c5-ce5f-4cdc-9365-447cf24f11e6)
2019-07-22 09:44:07.450 22706 RALLYDEBUG rally_openstack.cleanup.manager [-] Deleting neutron.port object s_rally_0a179139_9OcyeMnc (f43fd317-5589-4084-9687-4b253c7b38df)
2019-07-22 09:44:07.544 22706 RALLYDEBUG rally_openstack.cleanup.manager [-] Deleting neutron.port object s_rally_0a179139_fTTLHMhh (f48ac213-5f9c-4593-b6f6-cd10efdea830)
2019-07-22 09:44:07.799 22706 RALLYDEBUG rally_openstack.cleanup.manager [-] Deleting neutron.port object s_rally_0a179139_VaxIVes3 (f48e0856-623f-43ab-b30d-6ff2fa0b801e)
2019-07-22 09:44:07.904 22706 RALLYDEBUG rally_openstack.cleanup.manager [-] Deleting neutron.port object s_rally_0a179139_y8q0zMaE (f4996875-e842-47e7-9184-d7b0219024ff)
2019-07-22 09:44:08.054 22706 RALLYDEBUG rally_openstack.cleanup.manager [-] Deleting neutron.port object s_rally_0a179139_babLePoy (f4d2f081-b901-4104-8768-589983d395b2)
2019-07-22 09:44:08.234 22706 RALLYDEBUG rally_openstack.cleanup.manager [-] Deleting neutron.port object s_rally_0a179139_LXt6IWOE (f5bea241-7ea8-4483-a240-ff192199139d)
2019-07-22 09:44:08.264 22706 RALLYDEBUG rally_openstack.cleanup.manager [-] Deleting neutron.port object s_rally_0a179139_EwHA6Y0I (f687e45c-2a0c-4d07-91d8-59409ccca37a)
2019-07-22 09:44:08.317 22706 RALLYDEBUG rally_openstack.cleanup.manager [-] Deleting neutron.port object s_rally_0a179139_oWHIMY1U (f7bdb4d0-079a-468d-bdf3-f9f12ebd5e24)
2019-07-22 09:44:08.327 22706 RALLYDEBUG rally_openstack.cleanup.manager [-] Deleting neutron.port object s_rally_0a179139_zTG1eLwT (f8134ab0-bc7c-4cf5-91c8-596bc816b932)
2019-07-22 09:44:08.386 22706 RALLYDEBUG rally_openstack.cleanup.manager [-] Deleting neutron.port object s_rally_0a179139_0kwqbUfI (f8c4b13d-dff3-42a8-87c7-6bf66b78d5b9)
2019-07-22 09:44:08.485 22706 RALLYDEBUG rally_openstack.cleanup.manager [-] Deleting neutron.port object s_rally_0a179139_Fga90jRi (f8ed8def-5389-487c-9f5a-f52037ed151d)
2019-07-22 09:44:08.636 22706 RALLYDEBUG rally_openstack.cleanup.manager [-] Deleting neutron.port object s_rally_0a179139_nbBfKJOu (f96873bc-8605-4202-aaf4-52b7fe36d623)
2019-07-22 09:44:08.688 22706 RALLYDEBUG rally_openstack.cleanup.manager [-] Deleting neutron.port object s_rally_0a179139_l4kQR0VP (f98ade5e-784e-42b6-a7ef-55fec5ff6a1a)
2019-07-22 09:44:08.795 22706 RALLYDEBUG rally_openstack.cleanup.manager [-] Deleting neutron.port object s_rally_0a179139_YcDppfYX (f9bb2887-6fe1-48ba-8d90-f2a1584d0fe6)
2019-07-22 09:44:08.797 22706 RALLYDEBUG rally_openstack.cleanup.manager [-] Deleting neutron.port object s_rally_0a179139_RnAdVGEV (f9bdcbf7-1fb0-4b42-94d3-891c3e94aa23)
2019-07-22 09:44:09.194 22706 RALLYDEBUG rally_openstack.cleanup.manager [-] Deleting neutron.port object s_rally_0a179139_wb8ry7mo (f9df870b-2ca3-400f-b2df-853da4706916)
2019-07-22 09:44:09.436 22706 RALLYDEBUG rally_openstack.cleanup.manager [-] Deleting neutron.port object s_rally_0a179139_707i7jOs (fa313226-4b13-460f-8f31-bbefabad0106)
2019-07-22 09:44:09.454 22706 RALLYDEBUG rally_openstack.cleanup.manager [-] Deleting neutron.port object s_rally_0a179139_4poJO9xS (fa4ad4f5-4317-4459-9a95-708997fc2d93)
2019-07-22 09:44:09.835 22706 RALLYDEBUG rally_openstack.cleanup.manager [-] Deleting neutron.port object s_rally_0a179139_RWljvkNf (fb54149c-40fc-4dfe-aca2-521e2875965b)
2019-07-22 09:44:09.959 22706 RALLYDEBUG rally_openstack.cleanup.manager [-] Deleting neutron.port object s_rally_0a179139_zI5jdZnE (fbe0c522-8187-4d9f-aa3c-e4a8dd290321)
2019-07-22 09:44:10.107 22706 RALLYDEBUG rally_openstack.cleanup.manager [-] Deleting neutron.port object s_rally_0a179139_5jF7QCfc (fc49e446-7ba8-42ff-aafa-53698b42c66e)
2019-07-22 09:44:10.182 22706 RALLYDEBUG rally_openstack.cleanup.manager [-] Deleting neutron.port object s_rally_0a179139_90M35cel (fc50213f-5f96-442f-96f2-37c3885b38f9)
2019-07-22 09:44:10.299 22706 RALLYDEBUG rally_openstack.cleanup.manager [-] Deleting neutron.port object s_rally_0a179139_0SlFxb6V (fdd6cfa1-c32f-4520-91b5-19a3fa99e0be)
2019-07-22 09:44:10.552 22706 RALLYDEBUG rally_openstack.cleanup.manager [-] Deleting neutron.port object s_rally_0a179139_JQtGVk59 (fdfb95d0-5b02-4e57-a5b1-0367572873a3)
2019-07-22 09:44:10.894 22706 RALLYDEBUG rally_openstack.cleanup.manager [-] Deleting neutron.port object s_rally_0a179139_pDdRjOIs (fe2a031b-65b2-4941-b76a-dafcc15a8849)
2019-07-22 09:44:11.036 22706 RALLYDEBUG rally_openstack.cleanup.manager [-] Deleting neutron.port object s_rally_0a179139_A6Tr7P28 (ff2e55a1-4a8f-4661-97f5-94c146d9dc5a)
2019-07-22 09:44:11.122 22706 RALLYDEBUG rally_openstack.cleanup.manager [-] Deleting neutron.port object s_rally_0a179139_ReLgx0Tn (ff60c248-2b06-47f0-90c2-8a77772e330f)
2019-07-22 09:44:13.769 22706 RALLYDEBUG rally_openstack.cleanup.manager [-] Cleaning up neutron subnet objects
2019-07-22 09:44:14.441 22706 RALLYDEBUG rally_openstack.cleanup.manager [-] Cleaning up neutron network objects
2019-07-22 09:44:15.166 22706 RALLYDEBUG rally_openstack.cleanup.manager [-] Deleting neutron.network object s_rally_0a179139_eNum2CUm (0c859532-ac05-4a68-ab39-d4addd7d5d39)
2019-07-22 09:44:15.177 22706 RALLYDEBUG rally_openstack.cleanup.manager [-] Deleting neutron.network object s_rally_0a179139_7IReyRFO (2ccde928-8e28-4c4f-8e7d-547268f43e4a)
2019-07-22 09:44:15.177 22706 RALLYDEBUG rally_openstack.cleanup.manager [-] Deleting neutron.network object s_rally_0a179139_PnRROG2b (38be5f9b-c682-4133-b98c-e5220f485a92)
2019-07-22 09:44:15.184 22706 RALLYDEBUG rally_openstack.cleanup.manager [-] Deleting neutron.network object s_rally_0a179139_IwqREJRx (60e74fd2-2015-473a-afce-20de541395ff)
2019-07-22 09:44:15.197 22706 RALLYDEBUG rally_openstack.cleanup.manager [-] Deleting neutron.network object s_rally_0a179139_XuW6cUqC (8c4f3563-5ec0-44e0-83ec-276f4974a61c)
2019-07-22 09:44:15.197 22706 RALLYDEBUG rally_openstack.cleanup.manager [-] Deleting neutron.network object s_rally_0a179139_aDQ6euB3 (b38d150f-7604-4358-aa75-b8f2c6aeaa3a)
2019-07-22 09:44:15.207 22706 RALLYDEBUG rally_openstack.cleanup.manager [-] Deleting neutron.network object s_rally_0a179139_v8vRxUvh (c3a54e52-2b5a-4748-9f56-d5b65225100a)
2019-07-22 09:44:15.220 22706 RALLYDEBUG rally_openstack.cleanup.manager [-] Deleting neutron.network object s_rally_0a179139_DLD9LYyf (c9656345-2c73-4c98-95b6-d1db3ee85bd9)
2019-07-22 09:44:19.240 22706 RALLYDEBUG rally_openstack.cleanup.manager [-] Cleaning up neutron router objects
2019-07-22 09:44:19.987 22706 RALLYDEBUG rally_openstack.cleanup.manager [-] Cleaning up neutron security_group objects
2019-07-22 09:44:20.631 22706 INFO rally.task.context [-] Task 10cefb84-bd4c-4561-9442-fef18db74fae | Context cleanup@openstack cleanup() finished in 1.30 min
2019-07-22 09:44:20.631 22706 INFO rally.task.context [-] Task 10cefb84-bd4c-4561-9442-fef18db74fae | Context quotas@openstack cleanup() started
2019-07-22 09:44:20.654 22706 INFO rally.task.context [-] Task 10cefb84-bd4c-4561-9442-fef18db74fae | Context quotas@openstack cleanup() finished in 23.04 msec
2019-07-22 09:44:20.655 22706 INFO rally.task.context [-] Task 10cefb84-bd4c-4561-9442-fef18db74fae | Context users@openstack cleanup() started
2019-07-22 09:44:25.214 22706 INFO rally.task.context [-] Task 10cefb84-bd4c-4561-9442-fef18db74fae | Context users@openstack cleanup() finished in 4.56 sec
2019-07-22 09:44:26.956 22706 INFO rally.task.engine [-] Load duration is: 101.17231
2019-07-22 09:44:26.956 22706 INFO rally.task.engine [-] Full runner duration is: 101.23082
2019-07-22 09:44:26.956 22706 INFO rally.task.engine [-] Full duration is: 189.125533
2019-07-22 09:44:27.182 22706 INFO rally.task.engine [-] Running workload: position = 1 config = { "version": 2, "title": "A cropped version of a bigger task.", "description": "Auto-generated task from a single workload (uuid=e26d3589-f186-469c-9b0a-261fcfdf6943)", "subtasks": [ { "title": "NeutronNetworks.create_and_update_ports", "description": "Create and update a given number of ports.", "scenario": { "NeutronNetworks.create_and_update_ports": { "network_create_args": {}, "port_create_args": {}, "ports_per_network": 5, "port_update_args": { "admin_state_up": false, "device_id": "dummy_id", "device_owner": "dummy_owner", "name": "_port_updated" } } }, "contexts": { "users": { "tenants": 1, "users_per_tenant": 1 }, "quotas": { "neutron": { "network": -1, "port": -1 } } }, "runner": { "constant": { "times": 40, "concurrency": 20 } }, "hooks": [], "sla": { "failure_rate": { "max": 0 } } } ] }
2019-07-22 09:44:27.204 22706 RALLYDEBUG rally_openstack.contexts.keystone.users [-] Creating 1 tenants using 20 threads
2019-07-22 09:44:29.011 22706 RALLYDEBUG rally_openstack.contexts.keystone.users [-] Creating 1 users using 20 threads
2019-07-22 09:44:31.553 22706 INFO rally.task.context [-] Task 10cefb84-bd4c-4561-9442-fef18db74fae | Context users@openstack setup() finished in 4.35 sec
2019-07-22 09:44:32.299 22706 INFO rally.task.context [-] Task 10cefb84-bd4c-4561-9442-fef18db74fae | Context quotas@openstack setup() finished in 0.75 sec
2019-07-22 09:44:32.299 22706 INFO rally.task.context [-] Task 10cefb84-bd4c-4561-9442-fef18db74fae | Context cleanup@openstack setup() finished in 0.01 msec
2019-07-22 09:44:32.307 22706 RALLYDEBUG rally.task.runner [-] Starting the constant runner (task UUID: 10cefb84-bd4c-4561-9442-fef18db74fae). timeout: 0 concurrency: 20 concurrency_per_worker: 1 times: 40 concurrency_overhead: 4 processes_to_start: 16 max_cpu_used: 16
2019-07-22 09:44:32.320 26582 RALLYDEBUG rally.task.runner [-] Starting a worker. concurrency: 2 args: {"network_create_args": {}, "port_create_args": {}, "ports_per_network": 5, "port_update_args": {"admin_state_up": false, "device_id": "dummy_id", "device_owner": "dummy_owner", "name": "_port_updated"}} times: 40 method_name: run timeout: 0 duration: None cls:
2019-07-22 09:44:32.323 26583 RALLYDEBUG rally.task.runner [-] Starting a worker. concurrency: 2 args: {"network_create_args": {}, "port_create_args": {}, "ports_per_network": 5, "port_update_args": {"admin_state_up": false, "device_id": "dummy_id", "device_owner": "dummy_owner", "name": "_port_updated"}} times: 40 method_name: run timeout: 0 duration: None cls:
2019-07-22 09:44:32.326 26584 RALLYDEBUG rally.task.runner [-] Starting a worker. concurrency: 2 args: {"network_create_args": {}, "port_create_args": {}, "ports_per_network": 5, "port_update_args": {"admin_state_up": false, "device_id": "dummy_id", "device_owner": "dummy_owner", "name": "_port_updated"}} times: 40 method_name: run timeout: 0 duration: None cls:
2019-07-22 09:44:32.329 26585 RALLYDEBUG rally.task.runner [-] Starting a worker. concurrency: 2 args: {"network_create_args": {}, "port_create_args": {}, "ports_per_network": 5, "port_update_args": {"admin_state_up": false, "device_id": "dummy_id", "device_owner": "dummy_owner", "name": "_port_updated"}} times: 40 method_name: run timeout: 0 duration: None cls:
2019-07-22 09:44:32.330 26582 INFO rally.task.runner [-] Task 10cefb84-bd4c-4561-9442-fef18db74fae | ITER: 1 START
2019-07-22 09:44:32.332 26582 WARNING rally_openstack.scenarios.neutron.utils [-] Running this scenario without either the 'network' or 'existing_network' context is deprecated
2019-07-22 09:44:32.332 26586 RALLYDEBUG rally.task.runner [-] Starting a worker. concurrency: 1 args: {"network_create_args": {}, "port_create_args": {}, "ports_per_network": 5, "port_update_args": {"admin_state_up": false, "device_id": "dummy_id", "device_owner": "dummy_owner", "name": "_port_updated"}} times: 40 method_name: run timeout: 0 duration: None cls:
2019-07-22 09:44:32.334 26583 INFO rally.task.runner [-] Task 10cefb84-bd4c-4561-9442-fef18db74fae | ITER: 4 START
2019-07-22 09:44:32.334 26584 INFO rally.task.runner [-] Task 10cefb84-bd4c-4561-9442-fef18db74fae | ITER: 5 START
2019-07-22 09:44:32.333 26583 INFO rally.task.runner [-] Task 10cefb84-bd4c-4561-9442-fef18db74fae | ITER: 2 START
2019-07-22 09:44:32.336 26584 WARNING rally_openstack.scenarios.neutron.utils [-] Running this scenario without either the 'network' or 'existing_network' context is deprecated
2019-07-22 09:44:32.336 26591 RALLYDEBUG rally.task.runner [-] Starting a worker. concurrency: 1 args: {"network_create_args": {}, "port_create_args": {}, "ports_per_network": 5, "port_update_args": {"admin_state_up": false, "device_id": "dummy_id", "device_owner": "dummy_owner", "name": "_port_updated"}} times: 40 method_name: run timeout: 0 duration: None cls:
2019-07-22 09:44:32.337 26585 INFO rally.task.runner [-] Task 10cefb84-bd4c-4561-9442-fef18db74fae | ITER: 6 START
2019-07-22 09:44:32.334 26582 INFO rally.task.runner [-] Task 10cefb84-bd4c-4561-9442-fef18db74fae | ITER: 3 START
2019-07-22 09:44:32.336 26583 WARNING rally_openstack.scenarios.neutron.utils [-] Running this scenario without either the 'network' or 'existing_network' context is deprecated
2019-07-22 09:44:32.339 26586 INFO rally.task.runner [-] Task 10cefb84-bd4c-4561-9442-fef18db74fae | ITER: 8 START
2019-07-22 09:44:32.339 26595 RALLYDEBUG rally.task.runner [-] Starting a worker. concurrency: 1 args: {"network_create_args": {}, "port_create_args": {}, "ports_per_network": 5, "port_update_args": {"admin_state_up": false, "device_id": "dummy_id", "device_owner": "dummy_owner", "name": "_port_updated"}} times: 40 method_name: run timeout: 0 duration: None cls:
2019-07-22 09:44:32.340 26586 WARNING rally_openstack.scenarios.neutron.utils [-] Running this scenario without either the 'network' or 'existing_network' context is deprecated
2019-07-22 09:44:32.340 26582 WARNING rally_openstack.scenarios.neutron.utils [-] Running this scenario without either the 'network' or 'existing_network' context is deprecated
2019-07-22 09:44:32.338 26585 INFO rally.task.runner [-] Task 10cefb84-bd4c-4561-9442-fef18db74fae | ITER: 9 START
2019-07-22 09:44:32.341 26585 WARNING rally_openstack.scenarios.neutron.utils [-] Running this scenario without either the 'network' or 'existing_network' context is deprecated
2019-07-22 09:44:32.339 26584 INFO rally.task.runner [-] Task 10cefb84-bd4c-4561-9442-fef18db74fae | ITER: 7 START
2019-07-22 09:44:32.338 26583 WARNING rally_openstack.scenarios.neutron.utils [-] Running this scenario without either the 'network' or 'existing_network' context is deprecated
2019-07-22 09:44:32.344 26602 RALLYDEBUG rally.task.runner [-] Starting a worker. concurrency: 1 args: {"network_create_args": {}, "port_create_args": {}, "ports_per_network": 5, "port_update_args": {"admin_state_up": false, "device_id": "dummy_id", "device_owner": "dummy_owner", "name": "_port_updated"}} times: 40 method_name: run timeout: 0 duration: None cls:
2019-07-22 09:44:32.345 26591 INFO rally.task.runner [-] Task 10cefb84-bd4c-4561-9442-fef18db74fae | ITER: 10 START
2019-07-22 09:44:32.343 26584 WARNING rally_openstack.scenarios.neutron.utils [-] Running this scenario without either the 'network' or 'existing_network' context is deprecated
2019-07-22 09:44:32.342 26585 WARNING rally_openstack.scenarios.neutron.utils [-] Running this scenario without either the 'network' or 'existing_network' context is deprecated
2019-07-22 09:44:32.348 26591 WARNING rally_openstack.scenarios.neutron.utils [-] Running this scenario without either the 'network' or 'existing_network' context is deprecated
2019-07-22 09:44:32.348 26595 INFO rally.task.runner [-] Task 10cefb84-bd4c-4561-9442-fef18db74fae | ITER: 11 START
2019-07-22 09:44:32.350 26595 WARNING rally_openstack.scenarios.neutron.utils [-] Running this scenario without either the 'network' or 'existing_network' context is deprecated
2019-07-22 09:44:32.353 26602 INFO rally.task.runner [-] Task 10cefb84-bd4c-4561-9442-fef18db74fae | ITER: 12 START
2019-07-22 09:44:32.355 26602 WARNING rally_openstack.scenarios.neutron.utils [-] Running this scenario without either the 'network' or 'existing_network' context is deprecated
2019-07-22 09:44:32.356 26608 RALLYDEBUG rally.task.runner [-] Starting a worker. concurrency: 1 args: {"network_create_args": {}, "port_create_args": {}, "ports_per_network": 5, "port_update_args": {"admin_state_up": false, "device_id": "dummy_id", "device_owner": "dummy_owner", "name": "_port_updated"}} times: 40 method_name: run timeout: 0 duration: None cls:
2019-07-22 09:44:32.357 26609 RALLYDEBUG rally.task.runner [-] Starting a worker. concurrency: 1 args: {"network_create_args": {}, "port_create_args": {}, "ports_per_network": 5, "port_update_args": {"admin_state_up": false, "device_id": "dummy_id", "device_owner": "dummy_owner", "name": "_port_updated"}} times: 40 method_name: run timeout: 0 duration: None cls:
2019-07-22 09:44:32.362 26608 INFO rally.task.runner [-] Task 10cefb84-bd4c-4561-9442-fef18db74fae | ITER: 13 START
2019-07-22 09:44:32.363 26608 WARNING rally_openstack.scenarios.neutron.utils [-] Running this scenario without either the 'network' or 'existing_network' context is deprecated
2019-07-22 09:44:32.365 26609 INFO rally.task.runner [-] Task 10cefb84-bd4c-4561-9442-fef18db74fae | ITER: 14 START
2019-07-22 09:44:32.367 26609 WARNING rally_openstack.scenarios.neutron.utils [-] Running this scenario without either the 'network' or 'existing_network' context is deprecated
2019-07-22 09:44:32.367 26612 RALLYDEBUG rally.task.runner [-] Starting a worker. concurrency: 1 args: {"network_create_args": {}, "port_create_args": {}, "ports_per_network": 5, "port_update_args": {"admin_state_up": false, "device_id": "dummy_id", "device_owner": "dummy_owner", "name": "_port_updated"}} times: 40 method_name: run timeout: 0 duration: None cls:
2019-07-22 09:44:32.375 26612 INFO rally.task.runner [-] Task 10cefb84-bd4c-4561-9442-fef18db74fae | ITER: 15 START
2019-07-22 09:44:32.377 26612 WARNING rally_openstack.scenarios.neutron.utils [-] Running this scenario without either the 'network' or 'existing_network' context is deprecated
2019-07-22 09:44:32.377 26618 RALLYDEBUG rally.task.runner [-] Starting a worker. concurrency: 1 args: {"network_create_args": {}, "port_create_args": {}, "ports_per_network": 5, "port_update_args": {"admin_state_up": false, "device_id": "dummy_id", "device_owner": "dummy_owner", "name": "_port_updated"}} times: 40 method_name: run timeout: 0 duration: None cls:
2019-07-22 09:44:32.378 26617 RALLYDEBUG rally.task.runner [-] Starting a worker. concurrency: 1 args: {"network_create_args": {}, "port_create_args": {}, "ports_per_network": 5, "port_update_args": {"admin_state_up": false, "device_id": "dummy_id", "device_owner": "dummy_owner", "name": "_port_updated"}} times: 40 method_name: run timeout: 0 duration: None cls:
2019-07-22 09:44:32.381 26621 RALLYDEBUG rally.task.runner [-] Starting a worker. concurrency: 1 args: {"network_create_args": {}, "port_create_args": {}, "ports_per_network": 5, "port_update_args": {"admin_state_up": false, "device_id": "dummy_id", "device_owner": "dummy_owner", "name": "_port_updated"}} times: 40 method_name: run timeout: 0 duration: None cls:
2019-07-22 09:44:32.384 26617 INFO rally.task.runner [-] Task 10cefb84-bd4c-4561-9442-fef18db74fae | ITER: 17 START
2019-07-22 09:44:32.385 26618 INFO rally.task.runner [-] Task 10cefb84-bd4c-4561-9442-fef18db74fae | ITER: 16 START
2019-07-22 09:44:32.386 26617 WARNING rally_openstack.scenarios.neutron.utils [-] Running this scenario without either the 'network' or 'existing_network' context is deprecated
2019-07-22 09:44:32.385 26622 RALLYDEBUG rally.task.runner [-] Starting a worker. concurrency: 1 args: {"network_create_args": {}, "port_create_args": {}, "ports_per_network": 5, "port_update_args": {"admin_state_up": false, "device_id": "dummy_id", "device_owner": "dummy_owner", "name": "_port_updated"}} times: 40 method_name: run timeout: 0 duration: None cls:
2019-07-22 09:44:32.386 26618 WARNING rally_openstack.scenarios.neutron.utils [-] Running this scenario without either the 'network' or 'existing_network' context is deprecated
2019-07-22 09:44:32.388 26621 INFO rally.task.runner [-] Task 10cefb84-bd4c-4561-9442-fef18db74fae | ITER: 18 START
2019-07-22 09:44:32.389 26621 WARNING rally_openstack.scenarios.neutron.utils [-] Running this scenario without either the 'network' or 'existing_network' context is deprecated
2019-07-22 09:44:32.390 26622 INFO rally.task.runner [-] Task 10cefb84-bd4c-4561-9442-fef18db74fae | ITER: 19 START
2019-07-22 09:44:32.391 26627 RALLYDEBUG rally.task.runner [-] Starting a worker. concurrency: 1 args: {"network_create_args": {}, "port_create_args": {}, "ports_per_network": 5, "port_update_args": {"admin_state_up": false, "device_id": "dummy_id", "device_owner": "dummy_owner", "name": "_port_updated"}} times: 40 method_name: run timeout: 0 duration: None cls:
2019-07-22 09:44:32.396 26622 WARNING rally_openstack.scenarios.neutron.utils [-] Running this scenario without either the 'network' or 'existing_network' context is deprecated
2019-07-22 09:44:32.397 26627 INFO rally.task.runner [-] Task 10cefb84-bd4c-4561-9442-fef18db74fae | ITER: 20 START
2019-07-22 09:44:32.398 26627 WARNING rally_openstack.scenarios.neutron.utils [-] Running this scenario without either the 'network' or 'existing_network' context is deprecated
2019-07-22 09:44:42.390 26618 INFO rally.task.runner [-] Task 10cefb84-bd4c-4561-9442-fef18db74fae | ITER: 16 END: OK
2019-07-22 09:44:42.394 26618 INFO rally.task.runner [-] Task 10cefb84-bd4c-4561-9442-fef18db74fae | ITER: 21 START
2019-07-22 09:44:42.395 26618 WARNING rally_openstack.scenarios.neutron.utils [-] Running this scenario without either the 'network' or 'existing_network' context is deprecated
2019-07-22 09:44:45.566 26585 INFO rally.task.runner [-] Task 10cefb84-bd4c-4561-9442-fef18db74fae | ITER: 9 END: OK
2019-07-22 09:44:45.571 26585 INFO rally.task.runner [-] Task 10cefb84-bd4c-4561-9442-fef18db74fae | ITER: 22 START
2019-07-22 09:44:45.571 26585 WARNING rally_openstack.scenarios.neutron.utils [-] Running this scenario without either the 'network' or 'existing_network' context is deprecated
2019-07-22 09:44:45.740 26591 INFO rally.task.runner [-] Task 10cefb84-bd4c-4561-9442-fef18db74fae | ITER: 10 END: OK
2019-07-22 09:44:45.745 26591 INFO rally.task.runner [-] Task 10cefb84-bd4c-4561-9442-fef18db74fae | ITER: 23 START
2019-07-22 09:44:45.746 26591 WARNING rally_openstack.scenarios.neutron.utils [-] Running this scenario without either the 'network' or 'existing_network' context is deprecated
2019-07-22 09:44:46.049 26622 INFO rally.task.runner [-] Task 10cefb84-bd4c-4561-9442-fef18db74fae | ITER: 19 END: OK
2019-07-22 09:44:46.055 26622 INFO rally.task.runner [-] Task 10cefb84-bd4c-4561-9442-fef18db74fae | ITER: 24 START
2019-07-22 09:44:46.055 26622 WARNING rally_openstack.scenarios.neutron.utils [-] Running this scenario without either the 'network' or 'existing_network' context is deprecated
2019-07-22 09:44:46.685 26617 INFO rally.task.runner [-] Task 10cefb84-bd4c-4561-9442-fef18db74fae | ITER: 17 END: OK
2019-07-22 09:44:46.689 26617 INFO rally.task.runner [-] Task 10cefb84-bd4c-4561-9442-fef18db74fae | ITER: 25 START
2019-07-22 09:44:46.690 26617 WARNING rally_openstack.scenarios.neutron.utils [-] Running this scenario without either the 'network' or 'existing_network' context is deprecated
2019-07-22 09:44:46.741 26584 INFO rally.task.runner [-] Task 10cefb84-bd4c-4561-9442-fef18db74fae | ITER: 5 END: OK
2019-07-22 09:44:46.745 26584 INFO rally.task.runner [-] Task 10cefb84-bd4c-4561-9442-fef18db74fae | ITER: 26 START
2019-07-22 09:44:46.746 26584 WARNING rally_openstack.scenarios.neutron.utils [-] Running this scenario without either the 'network' or 'existing_network' context is deprecated
2019-07-22 09:44:48.696 26608 INFO rally.task.runner [-] Task 10cefb84-bd4c-4561-9442-fef18db74fae | ITER: 13 END: OK
2019-07-22 09:44:48.701 26608 INFO rally.task.runner [-] Task 10cefb84-bd4c-4561-9442-fef18db74fae | ITER: 27 START
2019-07-22 09:44:48.701 26608 WARNING rally_openstack.scenarios.neutron.utils [-] Running this scenario without either the 'network' or 'existing_network' context is deprecated
2019-07-22 09:44:50.380 26618 INFO rally.task.runner [-] Task 10cefb84-bd4c-4561-9442-fef18db74fae | ITER: 21 END: OK
2019-07-22 09:44:50.384 26618 INFO rally.task.runner [-] Task 10cefb84-bd4c-4561-9442-fef18db74fae | ITER: 28 START
2019-07-22 09:44:50.385 26618 WARNING rally_openstack.scenarios.neutron.utils [-] Running this scenario without either the 'network' or 'existing_network' context is deprecated
2019-07-22 09:44:53.812 26585 INFO rally.task.runner [-] Task 10cefb84-bd4c-4561-9442-fef18db74fae | ITER: 22 END: OK
2019-07-22 09:44:53.816 26585 INFO rally.task.runner [-] Task 10cefb84-bd4c-4561-9442-fef18db74fae | ITER: 29 START
2019-07-22 09:44:53.817 26585 WARNING rally_openstack.scenarios.neutron.utils [-] Running this scenario without either the 'network' or 'existing_network' context is deprecated
2019-07-22 09:44:55.074 26591 INFO rally.task.runner [-] Task 10cefb84-bd4c-4561-9442-fef18db74fae | ITER: 23 END: OK
2019-07-22 09:44:55.078 26591 INFO rally.task.runner [-] Task 10cefb84-bd4c-4561-9442-fef18db74fae | ITER: 30 START
2019-07-22 09:44:55.079 26591 WARNING rally_openstack.scenarios.neutron.utils [-] Running this scenario without either the 'network' or 'existing_network' context is deprecated
2019-07-22 09:44:55.674 26585 INFO rally.task.runner [-] Task 10cefb84-bd4c-4561-9442-fef18db74fae | ITER: 6 END: OK
2019-07-22 09:44:55.678 26585 INFO rally.task.runner [-] Task 10cefb84-bd4c-4561-9442-fef18db74fae | ITER: 31 START
2019-07-22 09:44:55.679 26585 WARNING rally_openstack.scenarios.neutron.utils [-] Running this scenario without either the 'network' or 'existing_network' context is deprecated
2019-07-22 09:44:55.912 26582 INFO rally.task.runner [-] Task 10cefb84-bd4c-4561-9442-fef18db74fae | ITER: 3 END: OK
2019-07-22 09:44:55.916 26582 INFO rally.task.runner [-] Task 10cefb84-bd4c-4561-9442-fef18db74fae | ITER: 32 START
2019-07-22 09:44:55.917 26582 WARNING rally_openstack.scenarios.neutron.utils [-] Running this scenario without either the 'network' or 'existing_network' context is deprecated
2019-07-22 09:44:55.993 26622 INFO rally.task.runner [-] Task 10cefb84-bd4c-4561-9442-fef18db74fae | ITER: 24 END: OK
2019-07-22 09:44:55.997 26622 INFO rally.task.runner [-] Task 10cefb84-bd4c-4561-9442-fef18db74fae | ITER: 33 START
2019-07-22 09:44:55.998 26622 WARNING rally_openstack.scenarios.neutron.utils [-] Running this scenario without either the 'network' or 'existing_network' context is deprecated
2019-07-22 09:44:56.157 26627 INFO rally.task.runner [-] Task 10cefb84-bd4c-4561-9442-fef18db74fae | ITER: 20 END: OK
2019-07-22 09:44:56.161 26627 INFO rally.task.runner [-] Task 10cefb84-bd4c-4561-9442-fef18db74fae | ITER: 34 START
2019-07-22 09:44:56.162 26627 WARNING rally_openstack.scenarios.neutron.utils [-] Running this scenario without either the 'network' or 'existing_network' context is deprecated
2019-07-22 09:44:56.242 26617 INFO rally.task.runner [-] Task 10cefb84-bd4c-4561-9442-fef18db74fae | ITER: 25 END: OK
2019-07-22 09:44:56.246 26617 INFO rally.task.runner [-] Task 10cefb84-bd4c-4561-9442-fef18db74fae | ITER: 35 START
2019-07-22 09:44:56.247 26617 WARNING rally_openstack.scenarios.neutron.utils [-] Running this scenario without either the 'network' or 'existing_network' context is deprecated
2019-07-22 09:44:56.722 26584 INFO rally.task.runner [-] Task 10cefb84-bd4c-4561-9442-fef18db74fae | ITER: 26 END: OK
2019-07-22 09:44:56.727 26584 INFO rally.task.runner [-] Task 10cefb84-bd4c-4561-9442-fef18db74fae | ITER: 36 START
2019-07-22 09:44:56.727 26584 WARNING rally_openstack.scenarios.neutron.utils [-] Running this scenario without either the 'network' or 'existing_network' context is deprecated
2019-07-22 09:44:57.156 26608 INFO rally.task.runner [-] Task 10cefb84-bd4c-4561-9442-fef18db74fae | ITER: 27 END: OK
2019-07-22 09:44:57.161 26608 INFO rally.task.runner [-] Task 10cefb84-bd4c-4561-9442-fef18db74fae | ITER: 37 START
2019-07-22 09:44:57.161 26608 WARNING rally_openstack.scenarios.neutron.utils [-] Running this scenario without either the 'network' or 'existing_network' context is deprecated
2019-07-22 09:45:00.453 26618 INFO rally.task.runner [-] Task 10cefb84-bd4c-4561-9442-fef18db74fae | ITER: 28 END: OK
2019-07-22 09:45:00.457 26618 INFO rally.task.runner [-] Task 10cefb84-bd4c-4561-9442-fef18db74fae | ITER: 38 START
2019-07-22 09:45:00.458 26618 WARNING rally_openstack.scenarios.neutron.utils [-] Running this scenario without either the 'network' or 'existing_network' context is deprecated
2019-07-22 09:45:04.230 26591 INFO rally.task.runner [-] Task 10cefb84-bd4c-4561-9442-fef18db74fae | ITER: 30 END: OK
2019-07-22 09:45:04.236 26591 INFO rally.task.runner [-] Task 10cefb84-bd4c-4561-9442-fef18db74fae | ITER: 39 START
2019-07-22 09:45:04.237 26591 WARNING rally_openstack.scenarios.neutron.utils [-] Running this scenario without either the 'network' or 'existing_network' context is deprecated
2019-07-22 09:45:05.450 26582 INFO rally.task.runner [-] Task 10cefb84-bd4c-4561-9442-fef18db74fae | ITER: 32 END: OK
2019-07-22 09:45:05.457 26582 INFO rally.task.runner [-] Task 10cefb84-bd4c-4561-9442-fef18db74fae | ITER: 40 START
2019-07-22 09:45:05.457 26582 WARNING rally_openstack.scenarios.neutron.utils [-] Running this scenario without either the 'network' or 'existing_network' context is deprecated
2019-07-22 09:45:05.686 26622 INFO rally.task.runner [-] Task 10cefb84-bd4c-4561-9442-fef18db74fae | ITER: 33 END: OK
2019-07-22 09:45:06.102 26617 INFO rally.task.runner [-] Task 10cefb84-bd4c-4561-9442-fef18db74fae | ITER: 35 END: OK
2019-07-22 09:45:06.386 26608 INFO rally.task.runner [-] Task 10cefb84-bd4c-4561-9442-fef18db74fae | ITER: 37 END: OK
2019-07-22 09:45:06.702 26585 INFO rally.task.runner [-] Task 10cefb84-bd4c-4561-9442-fef18db74fae | ITER: 29 END: OK
2019-07-22 09:45:08.322 26618 INFO rally.task.runner [-] Task 10cefb84-bd4c-4561-9442-fef18db74fae | ITER: 38 END: OK
2019-07-22 09:45:09.210 26627 INFO rally.task.runner [-] Task 10cefb84-bd4c-4561-9442-fef18db74fae | ITER: 34 END: OK
2019-07-22 09:45:11.111 26582 INFO rally.task.runner [-] Task 10cefb84-bd4c-4561-9442-fef18db74fae | ITER: 1 END: OK
2019-07-22 09:45:11.163 26585 INFO rally.task.runner [-] Task 10cefb84-bd4c-4561-9442-fef18db74fae | ITER: 31 END: OK
2019-07-22 09:45:11.164 26586 INFO rally.task.runner [-] Task 10cefb84-bd4c-4561-9442-fef18db74fae | ITER: 8 END: OK
2019-07-22 09:45:11.386 26591 INFO rally.task.runner [-] Task 10cefb84-bd4c-4561-9442-fef18db74fae | ITER: 39 END: OK
2019-07-22 09:45:11.752 26584 INFO rally.task.runner [-] Task 10cefb84-bd4c-4561-9442-fef18db74fae | ITER: 36 END: OK
2019-07-22 09:45:11.818 26583 INFO rally.task.runner [-] Task 10cefb84-bd4c-4561-9442-fef18db74fae | ITER: 2 END: OK
2019-07-22 09:45:12.004 26609 INFO rally.task.runner [-] Task 10cefb84-bd4c-4561-9442-fef18db74fae | ITER: 14 END: OK
2019-07-22 09:45:12.016 26621 INFO rally.task.runner [-] Task 10cefb84-bd4c-4561-9442-fef18db74fae | ITER: 18 END: OK
2019-07-22 09:45:12.249 26584 INFO rally.task.runner [-] Task 10cefb84-bd4c-4561-9442-fef18db74fae | ITER: 7 END: OK
2019-07-22 09:45:12.274 26595 INFO rally.task.runner [-] Task 10cefb84-bd4c-4561-9442-fef18db74fae | ITER: 11 END: OK
2019-07-22 09:45:12.339 26612 INFO rally.task.runner [-] Task 10cefb84-bd4c-4561-9442-fef18db74fae | ITER: 15 END: OK
2019-07-22 09:45:12.764 26583 INFO rally.task.runner [-] Task 10cefb84-bd4c-4561-9442-fef18db74fae | ITER: 4 END: OK
2019-07-22 09:45:12.771 26602 INFO rally.task.runner [-] Task 10cefb84-bd4c-4561-9442-fef18db74fae | ITER: 12 END: OK
2019-07-22 09:45:12.844 26582 INFO rally.task.runner [-] Task 10cefb84-bd4c-4561-9442-fef18db74fae | ITER: 40 END: OK
2019-07-22 09:45:12.869 22706 INFO rally.task.context [-] Task 10cefb84-bd4c-4561-9442-fef18db74fae | Context cleanup@openstack cleanup() started
2019-07-22 09:45:12.872 22706 RALLYDEBUG rally_openstack.cleanup.manager [-] Cleaning up neutron vip objects
2019-07-22 09:45:13.494 22706 RALLYDEBUG rally_openstack.cleanup.manager [-] Cleaning up neutron health_monitor objects
2019-07-22 09:45:14.110 22706 RALLYDEBUG rally_openstack.cleanup.manager [-] Cleaning up neutron pool objects
2019-07-22 09:45:14.851 22706 RALLYDEBUG rally_openstack.cleanup.manager [-] Cleaning up neutron loadbalancer objects
2019-07-22 09:45:15.671 22706 RALLYDEBUG rally_openstack.cleanup.manager [-] Cleaning up neutron floatingip objects
2019-07-22 09:45:16.339 22706 RALLYDEBUG rally_openstack.cleanup.manager [-] Cleaning up neutron port objects
2019-07-22 09:45:17.456 22706 RALLYDEBUG rally_openstack.cleanup.manager [-] Deleting neutron.port object s_rally_e26d3589_NCRMDQTK (05a0b6b7-5b97-4350-977c-92e8ed729410)
2019-07-22 09:45:17.457 22706 RALLYDEBUG rally_openstack.cleanup.manager [-] Deleting neutron.port object s_rally_e26d3589_tNbUwPCr (043fa61f-84eb-495e-b64b-c9d4d8286bad)
2019-07-22 09:45:17.459 22706 RALLYDEBUG rally_openstack.cleanup.manager [-] Deleting neutron.port object s_rally_e26d3589_Z8N61Xd1 (0311a673-b5b8-4a6d-bb50-f05ed7852586)
2019-07-22 09:45:17.464 22706 RALLYDEBUG rally_openstack.cleanup.manager [-] Deleting neutron.port object s_rally_e26d3589_5vKZa12F (0dad26b9-40c2-4975-bd1d-0a349b732588)
2019-07-22 09:45:17.465 22706 RALLYDEBUG rally_openstack.cleanup.manager [-] Deleting neutron.port object s_rally_e26d3589_WlwIo3Z4 (0456dd5b-6683-4092-ac69-50b3fc3316b2)
2019-07-22 09:45:17.467 22706 RALLYDEBUG rally_openstack.cleanup.manager [-] Deleting neutron.port object s_rally_e26d3589_qcM8wQxf (0b78e243-4a8d-48c3-9f08-6622e9b4a7b6)
2019-07-22 09:45:17.471 22706 RALLYDEBUG rally_openstack.cleanup.manager [-] Deleting neutron.port object s_rally_e26d3589_AgI3SPij (0a475ceb-2726-4539-b79b-0d3df38384ca)
2019-07-22 09:45:17.474 22706 RALLYDEBUG rally_openstack.cleanup.manager [-] Deleting neutron.port object s_rally_e26d3589_UysGR4HZ (0ab5ca89-a9f9-4149-88e8-ce77d3fd77bb)
2019-07-22 09:45:17.476 22706 RALLYDEBUG rally_openstack.cleanup.manager [-] Deleting neutron.port object s_rally_e26d3589_pRvVZ20U (086542d6-f0ad-4d52-986e-a1bb12e55d4b)
2019-07-22 09:45:17.483 22706 RALLYDEBUG rally_openstack.cleanup.manager [-] Deleting neutron.port object s_rally_e26d3589_QfzqNBHi (00a20bda-17f9-4895-abc9-6112856561ba)
2019-07-22 09:45:17.488 22706 RALLYDEBUG rally_openstack.cleanup.manager [-] Deleting neutron.port object s_rally_e26d3589_YICTIDUY (0d41a137-eb50-4343-b75a-86b17780088d)
2019-07-22 09:45:17.491 22706 RALLYDEBUG rally_openstack.cleanup.manager [-] Deleting neutron.port object s_rally_e26d3589_E99rcDxg (0deda9f7-7ca3-4bd1-8f30-9a6cb580d81d)
2019-07-22 09:45:17.496 22706 RALLYDEBUG rally_openstack.cleanup.manager [-] Deleting neutron.port object s_rally_e26d3589_k2mCSToP (0777dfa1-49ff-4b3c-a19f-a1cfadf2c0c0)
2019-07-22 09:45:17.515 22706 RALLYDEBUG rally_openstack.cleanup.manager [-] Deleting neutron.port object s_rally_e26d3589_UzyJsKaS (13db31fc-a10e-4245-b3f8-27d49012db52)
2019-07-22 09:45:17.534 22706 RALLYDEBUG rally_openstack.cleanup.manager [-] Deleting neutron.port object s_rally_e26d3589_Qz6g6YBl (0ea694a6-fc84-4d00-b0e3-91bb99896b9f)
2019-07-22 09:45:17.546 22706 RALLYDEBUG rally_openstack.cleanup.manager [-] Deleting neutron.port object s_rally_e26d3589_ANnOJLjN (1fe05bca-aad9-455c-a224-017779eb3855)
2019-07-22 09:45:17.549 22706 RALLYDEBUG rally_openstack.cleanup.manager [-] Deleting neutron.port object s_rally_e26d3589_SSLzWN9d (1f541854-2a98-4d2a-b189-75c9055bbf66)
2019-07-22 09:45:17.553 22706 RALLYDEBUG rally_openstack.cleanup.manager [-] Deleting neutron.port object s_rally_e26d3589_uVSIKTZ3 (15abd6f3-6f15-4f92-b8f1-3f3abab28855)
2019-07-22 09:45:17.573 22706 RALLYDEBUG rally_openstack.cleanup.manager [-] Deleting neutron.port object s_rally_e26d3589_balK4BSi (1ab5eede-1483-43df-b933-95309f1124d5)
2019-07-22 09:45:17.576 22706 RALLYDEBUG rally_openstack.cleanup.manager [-] Deleting neutron.port object s_rally_e26d3589_ugr1EpBF (1c65e80b-f3e4-447b-a9f9-7d05570fcff6)
2019-07-22 09:45:20.147 22706 RALLYDEBUG rally_openstack.cleanup.manager [-] Deleting neutron.port object s_rally_e26d3589_5tXZlzcA (20003311-97fb-4ce1-a2fd-cc1bcee790f0)
2019-07-22 09:45:20.169 22706 RALLYDEBUG rally_openstack.cleanup.manager [-] Deleting neutron.port object s_rally_e26d3589_jXLQWO1p (2261387e-80ae-4e0f-89af-de8ef9e42b63)
2019-07-22 09:45:20.252 22706 RALLYDEBUG rally_openstack.cleanup.manager [-] Deleting neutron.port object s_rally_e26d3589_8jN8faRm (24cdf678-e678-4d31-8152-4e8186d3aff2)
2019-07-22 09:45:20.623 22706 RALLYDEBUG rally_openstack.cleanup.manager [-] Deleting neutron.port object s_rally_e26d3589_DnKZYlLt (25192cc3-ce4e-4916-8687-7195d89cdb26)
2019-07-22 09:45:20.633 22706 RALLYDEBUG rally_openstack.cleanup.manager [-] Deleting neutron.port object s_rally_e26d3589_FDDtkFx9 (26542b7b-7874-4ccf-9f77-664a6e29a742)
2019-07-22 09:45:20.768 22706 RALLYDEBUG rally_openstack.cleanup.manager [-] Deleting neutron.port object s_rally_e26d3589_jNVAEHYU (287e05ed-df6c-4da8-8503-c1cb8140ce3d)
2019-07-22 09:45:20.959 22706 RALLYDEBUG rally_openstack.cleanup.manager [-] Deleting neutron.port object s_rally_e26d3589_AQGXFtPn (2c4ab154-d346-444f-874b-fadb5caada5f)
2019-07-22 09:45:21.057 22706 RALLYDEBUG rally_openstack.cleanup.manager [-] Deleting neutron.port object s_rally_e26d3589_XjU2i4qZ (30edf020-8597-4caa-9b1f-bc2f431906e1)
2019-07-22 09:45:21.174 22706 RALLYDEBUG rally_openstack.cleanup.manager [-] Deleting neutron.port object s_rally_e26d3589_MvpOipMH (3191789f-0879-471a-9317-d6858bee3863)
2019-07-22 09:45:21.460 22706 RALLYDEBUG rally_openstack.cleanup.manager [-] Deleting neutron.port object s_rally_e26d3589_Zu6xw9kj (31bcfb60-6004-48d8-977c-90869af09cec)
2019-07-22 09:45:22.053 22706 RALLYDEBUG rally_openstack.cleanup.manager [-] Deleting neutron.port object s_rally_e26d3589_JF3cFmOR (32a5bcef-5506-4b44-8207-a5968d35d9d7)
2019-07-22 09:45:22.147 22706 RALLYDEBUG rally_openstack.cleanup.manager [-] Deleting neutron.port object s_rally_e26d3589_vYbzhLAF (39e8c804-ebf0-4e76-ad4b-20b4a97439f1)
2019-07-22 09:45:22.451 22706 RALLYDEBUG rally_openstack.cleanup.manager [-] Deleting neutron.port object s_rally_e26d3589_fF5Hd8Rt (3a01e2f5-16d7-4bee-8cb5-91a8db11d837)
2019-07-22 09:45:22.655 22706 RALLYDEBUG rally_openstack.cleanup.manager [-] Deleting neutron.port object s_rally_e26d3589_gVbXiilJ (3a9432db-ee83-462e-9824-2227eddb59b1)
2019-07-22 09:45:22.655 22706 RALLYDEBUG rally_openstack.cleanup.manager [-] Deleting neutron.port object s_rally_e26d3589_MEEtDKJt (3a978e8f-9928-41b6-9e37-38f87216d424)
2019-07-22 09:45:22.974 22706 RALLYDEBUG rally_openstack.cleanup.manager [-] Deleting neutron.port object s_rally_e26d3589_ZojGgwmY (3b45f87b-f6bd-4c36-b676-c6047fc915bc)
2019-07-22 09:45:23.094 22706 RALLYDEBUG rally_openstack.cleanup.manager [-] Deleting neutron.port object s_rally_e26d3589_wwVNL0zL (3e7f2f20-ba1b-4668-b3d0-c9962b44f958)
2019-07-22 09:45:23.140 22706 RALLYDEBUG rally_openstack.cleanup.manager [-] Deleting neutron.port object s_rally_e26d3589_X0shOUEd (3e865b75-7e6e-430d-9ab5-6db23f45a5d4)
2019-07-22 09:45:23.229 22706 RALLYDEBUG rally_openstack.cleanup.manager [-] Deleting neutron.port object s_rally_e26d3589_otzrZ58u (4182a614-3104-4863-84dd-ef287dbd8295)
2019-07-22 09:45:23.343 22706 RALLYDEBUG rally_openstack.cleanup.manager [-] Deleting neutron.port object s_rally_e26d3589_DlKife03 (4355adc2-8053-49ff-9354-39e70d9bdb3a)
2019-07-22 09:45:23.671 22706 RALLYDEBUG rally_openstack.cleanup.manager [-] Deleting neutron.port object s_rally_e26d3589_Wmsx84u6 (4367ec4d-7e94-4496-93f8-3493ca01f648)
2019-07-22 09:45:23.926 22706 RALLYDEBUG rally_openstack.cleanup.manager [-] Deleting neutron.port object s_rally_e26d3589_TFOFI4Od (43807d73-78a0-42b3-9169-f24749dc1627)
2019-07-22 09:45:23.983 22706 RALLYDEBUG rally_openstack.cleanup.manager [-] Deleting neutron.port object s_rally_e26d3589_4vjhb2Rs (439501cf-61cf-49e3-993a-2f1ceac05bb8)
2019-07-22 09:45:24.516 22706 RALLYDEBUG rally_openstack.cleanup.manager [-] Deleting neutron.port object s_rally_e26d3589_pJXdu8tL (448a048d-e29c-408f-8e51-863561a21a22)
2019-07-22 09:45:24.893 22706 RALLYDEBUG rally_openstack.cleanup.manager [-] Deleting neutron.port object s_rally_e26d3589_9IWarea5 (44edd9e1-7e23-4898-bad7-165bebe61bee)
2019-07-22 09:45:25.062 22706 RALLYDEBUG rally_openstack.cleanup.manager [-] Deleting neutron.port object s_rally_e26d3589_oggs5f2C (45c926c8-50e9-4773-96fb-5a1635f0a772)
2019-07-22 09:45:25.116 22706 RALLYDEBUG rally_openstack.cleanup.manager [-] Deleting neutron.port object s_rally_e26d3589_TngLFTfU (46dfda92-c9ac-4656-bde5-ab0cb9fa357c)
2019-07-22 09:45:25.639 22706 RALLYDEBUG rally_openstack.cleanup.manager [-] Deleting neutron.port object s_rally_e26d3589_iFPWPiFr (475aeb9e-18cd-4fa5-b2e8-6f3ffb034cb6)
2019-07-22 09:45:25.652 22706 RALLYDEBUG rally_openstack.cleanup.manager [-] Deleting neutron.port object s_rally_e26d3589_995fwkko (48eb5b12-4616-4b70-90a8-1083ba47bac4)
2019-07-22 09:45:25.669 22706 RALLYDEBUG rally_openstack.cleanup.manager [-] Deleting neutron.port object s_rally_e26d3589_guddfLZE (49300b14-9c5e-4015-905f-ab6f1d99ae2c)
2019-07-22 09:45:25.676 22706 RALLYDEBUG rally_openstack.cleanup.manager [-] Deleting neutron.port object s_rally_e26d3589_CQzFVdgf (49335f0b-bfbb-40da-a3bb-4d7ef39b6d13)
2019-07-22 09:45:25.713 22706 RALLYDEBUG rally_openstack.cleanup.manager [-] Deleting neutron.port object s_rally_e26d3589_6Gb89LNb (4af8c8df-2d06-43b9-8551-4656e3d0d306)
2019-07-22 09:45:25.737 22706 RALLYDEBUG rally_openstack.cleanup.manager [-] Deleting neutron.port object s_rally_e26d3589_bYxcxx1K (4e55ee17-4917-49f1-bd61-08703dcf511a)
2019-07-22 09:45:25.793 22706 RALLYDEBUG rally_openstack.cleanup.manager [-] Deleting neutron.port object s_rally_e26d3589_iexMbbPR (4fa2e106-80c5-489d-99cc-e3f13e201437)
2019-07-22 09:45:25.798 22706 RALLYDEBUG rally_openstack.cleanup.manager [-] Deleting neutron.port object s_rally_e26d3589_aedLVtKq (50006213-0b94-48fc-91e3-0c6bea27da4e)
2019-07-22 09:45:25.806 22706 RALLYDEBUG rally_openstack.cleanup.manager [-] Deleting neutron.port object s_rally_e26d3589_UfmN3akD (512bfc2e-6477-4060-8edc-d89edce77801)
2019-07-22 09:45:25.911 22706 RALLYDEBUG rally_openstack.cleanup.manager [-] Deleting neutron.port object s_rally_e26d3589_Z8nVa9rR (5137c71c-c044-470d-982b-d0b7f3595e57)
2019-07-22 09:45:26.008 22706 RALLYDEBUG rally_openstack.cleanup.manager [-] Deleting neutron.port object s_rally_e26d3589_A9G7UchI (559586db-94e6-4efb-b0a9-c7f09fe35473)
2019-07-22 09:45:26.055 22706 RALLYDEBUG rally_openstack.cleanup.manager [-] Deleting neutron.port object s_rally_e26d3589_6M5RAgSX (567e39ff-2773-44b8-a70b-809c93fcc0a9)
2019-07-22 09:45:26.187 22706 RALLYDEBUG rally_openstack.cleanup.manager [-] Deleting neutron.port object s_rally_e26d3589_wptA97GB (56a4450f-39b8-492c-8c47-6b92a9c327ad)
2019-07-22 09:45:26.208 22706 RALLYDEBUG rally_openstack.cleanup.manager [-] Deleting neutron.port object s_rally_e26d3589_X85C9zZ8 (56cfc323-aec6-44bf-9859-a2ade1773db0)
2019-07-22 09:45:26.622 22706 RALLYDEBUG rally_openstack.cleanup.manager [-] Deleting neutron.port object s_rally_e26d3589_8PbBwC95 (5982a3c2-5205-4346-a874-3a229cc0b1f4)
2019-07-22 09:45:26.817 22706 RALLYDEBUG rally_openstack.cleanup.manager [-] Deleting neutron.port object s_rally_e26d3589_b5UbCW2B (5a4ddc38-e0ad-4687-866b-9214302b1dc2)
2019-07-22 09:45:26.822 22706 RALLYDEBUG rally_openstack.cleanup.manager [-] Deleting neutron.port object s_rally_e26d3589_baYoxBxv (5bfb7190-e550-4d2f-bf6a-35df3c8174d0)
2019-07-22 09:45:27.247 22706 RALLYDEBUG rally_openstack.cleanup.manager [-] Deleting neutron.port object s_rally_e26d3589_fB9K0xla (5ca5b9b6-ddb3-4d91-a1bc-62e9480c7653)
2019-07-22 09:45:27.433 22706 RALLYDEBUG rally_openstack.cleanup.manager [-] Deleting neutron.port object s_rally_e26d3589_yjcFheHd (5f6ccb56-5708-42bf-9e4e-bbe5e2dbada2)
2019-07-22 09:45:27.722 22706 RALLYDEBUG rally_openstack.cleanup.manager [-] Deleting neutron.port object s_rally_e26d3589_cCR0SOqp (6223261d-3994-45ae-a56f-e1548aa5248b)
2019-07-22 09:45:28.340 22706 RALLYDEBUG rally_openstack.cleanup.manager [-] Deleting neutron.port object s_rally_e26d3589_32mCxgfT (64af640c-1e76-4a34-8f11-8da1ac7d903a)
2019-07-22 09:45:28.397 22706 RALLYDEBUG rally_openstack.cleanup.manager [-] Deleting neutron.port object s_rally_e26d3589_xPkqYxQq (65d30d26-a9a6-4221-96b9-56bb0d603a5d)
