2019-07-22 09:31:15.807 24803 WARNING rally_openstack.scenarios.neutron.utils [-] Running this scenario without either the 'network' or 'existing_network' context is deprecated
2019-07-22 09:31:15.807 24804 WARNING rally_openstack.scenarios.neutron.utils [-] Running this scenario without either the 'network' or 'existing_network' context is deprecated
2019-07-22 09:31:15.808 24812 INFO rally.task.runner [-] Task 10cefb84-bd4c-4561-9442-fef18db74fae | ITER: 11 START
2019-07-22 09:31:15.807 24816 RALLYDEBUG rally.task.runner [-] Starting a worker. concurrency: 1 args: {"network_create_args": {}, "subnet_create_args": {}, "subnet_cidr_start": "1.1.0.0/30", "subnets_per_network": 2} times: 40 method_name: run timeout: 0 duration: None cls:
2019-07-22 09:31:15.809 24812 WARNING rally_openstack.scenarios.neutron.utils [-] Running this scenario without either the 'network' or 'existing_network' context is deprecated
2019-07-22 09:31:15.809 24809 INFO rally.task.runner [-] Task 10cefb84-bd4c-4561-9442-fef18db74fae | ITER: 9 START
2019-07-22 09:31:15.810 24800 WARNING rally_openstack.scenarios.neutron.utils [-] Running this scenario without either the 'network' or 'existing_network' context is deprecated
2019-07-22 09:31:15.810 24818 RALLYDEBUG rally.task.runner [-] Starting a worker. concurrency: 1 args: {"network_create_args": {}, "subnet_create_args": {}, "subnet_cidr_start": "1.1.0.0/30", "subnets_per_network": 2} times: 40 method_name: run timeout: 0 duration: None cls:
2019-07-22 09:31:15.811 24809 WARNING rally_openstack.scenarios.neutron.utils [-] Running this scenario without either the 'network' or 'existing_network' context is deprecated
2019-07-22 09:31:15.814 24802 INFO rally.task.runner [-] Task 10cefb84-bd4c-4561-9442-fef18db74fae | ITER: 7 START
2019-07-22 09:31:15.816 24826 RALLYDEBUG rally.task.runner [-] Starting a worker. concurrency: 1 args: {"network_create_args": {}, "subnet_create_args": {}, "subnet_cidr_start": "1.1.0.0/30", "subnets_per_network": 2} times: 40 method_name: run timeout: 0 duration: None cls:
2019-07-22 09:31:15.814 24802 WARNING rally_openstack.scenarios.neutron.utils [-] Running this scenario without either the 'network' or 'existing_network' context is deprecated
2019-07-22 09:31:15.817 24818 INFO rally.task.runner [-] Task 10cefb84-bd4c-4561-9442-fef18db74fae | ITER: 13 START
2019-07-22 09:31:15.816 24816 INFO rally.task.runner [-] Task 10cefb84-bd4c-4561-9442-fef18db74fae | ITER: 12 START
2019-07-22 09:31:15.818 24818 WARNING rally_openstack.scenarios.neutron.utils [-] Running this scenario without either the 'network' or 'existing_network' context is deprecated
2019-07-22 09:31:15.818 24816 WARNING rally_openstack.scenarios.neutron.utils [-] Running this scenario without either the 'network' or 'existing_network' context is deprecated
2019-07-22 09:31:15.821 24826 INFO rally.task.runner [-] Task 10cefb84-bd4c-4561-9442-fef18db74fae | ITER: 14 START
2019-07-22 09:31:15.823 24826 WARNING rally_openstack.scenarios.neutron.utils [-] Running this scenario without either the 'network' or 'existing_network' context is deprecated
2019-07-22 09:31:15.824 24803 INFO rally.task.runner [-] Task 10cefb84-bd4c-4561-9442-fef18db74fae | ITER: 10 START
2019-07-22 09:31:15.825 24803 WARNING rally_openstack.scenarios.neutron.utils [-] Running this scenario without either the 'network' or 'existing_network' context is deprecated
2019-07-22 09:31:15.832 24834 RALLYDEBUG rally.task.runner [-] Starting a worker. concurrency: 1 args: {"network_create_args": {}, "subnet_create_args": {}, "subnet_cidr_start": "1.1.0.0/30", "subnets_per_network": 2} times: 40 method_name: run timeout: 0 duration: None cls:
2019-07-22 09:31:15.838 24834 INFO rally.task.runner [-] Task 10cefb84-bd4c-4561-9442-fef18db74fae | ITER: 15 START
2019-07-22 09:31:15.840 24834 WARNING rally_openstack.scenarios.neutron.utils [-] Running this scenario without either the 'network' or 'existing_network' context is deprecated
2019-07-22 09:31:15.840 24835 RALLYDEBUG rally.task.runner [-] Starting a worker. concurrency: 1 args: {"network_create_args": {}, "subnet_create_args": {}, "subnet_cidr_start": "1.1.0.0/30", "subnets_per_network": 2} times: 40 method_name: run timeout: 0 duration: None cls:
2019-07-22 09:31:15.844 24836 RALLYDEBUG rally.task.runner [-] Starting a worker. concurrency: 1 args: {"network_create_args": {}, "subnet_create_args": {}, "subnet_cidr_start": "1.1.0.0/30", "subnets_per_network": 2} times: 40 method_name: run timeout: 0 duration: None cls:
2019-07-22 09:31:15.847 24835 INFO rally.task.runner [-] Task 10cefb84-bd4c-4561-9442-fef18db74fae | ITER: 16 START
2019-07-22 09:31:15.847 24839 RALLYDEBUG rally.task.runner [-] Starting a worker. concurrency: 1 args: {"network_create_args": {}, "subnet_create_args": {}, "subnet_cidr_start": "1.1.0.0/30", "subnets_per_network": 2} times: 40 method_name: run timeout: 0 duration: None cls:
2019-07-22 09:31:15.849 24836 INFO rally.task.runner [-] Task 10cefb84-bd4c-4561-9442-fef18db74fae | ITER: 17 START
2019-07-22 09:31:15.849 24835 WARNING rally_openstack.scenarios.neutron.utils [-] Running this scenario without either the 'network' or 'existing_network' context is deprecated
2019-07-22 09:31:15.850 24836 WARNING rally_openstack.scenarios.neutron.utils [-] Running this scenario without either the 'network' or 'existing_network' context is deprecated
2019-07-22 09:31:15.852 24840 RALLYDEBUG rally.task.runner [-] Starting a worker. concurrency: 1 args: {"network_create_args": {}, "subnet_create_args": {}, "subnet_cidr_start": "1.1.0.0/30", "subnets_per_network": 2} times: 40 method_name: run timeout: 0 duration: None cls:
2019-07-22 09:31:15.853 24839 INFO rally.task.runner [-] Task 10cefb84-bd4c-4561-9442-fef18db74fae | ITER: 18 START
2019-07-22 09:31:15.852 24845 RALLYDEBUG rally.task.runner [-] Starting a worker. concurrency: 1 args: {"network_create_args": {}, "subnet_create_args": {}, "subnet_cidr_start": "1.1.0.0/30", "subnets_per_network": 2} times: 40 method_name: run timeout: 0 duration: None cls:
2019-07-22 09:31:15.854 24839 WARNING rally_openstack.scenarios.neutron.utils [-] Running this scenario without either the 'network' or 'existing_network' context is deprecated
2019-07-22 09:31:15.856 24845 INFO rally.task.runner [-] Task 10cefb84-bd4c-4561-9442-fef18db74fae | ITER: 20 START
2019-07-22 09:31:15.857 24840 INFO rally.task.runner [-] Task 10cefb84-bd4c-4561-9442-fef18db74fae | ITER: 19 START
2019-07-22 09:31:15.858 24845 WARNING rally_openstack.scenarios.neutron.utils [-] Running this scenario without either the 'network' or 'existing_network' context is deprecated
2019-07-22 09:31:15.859 24840 WARNING rally_openstack.scenarios.neutron.utils [-] Running this scenario without either the 'network' or 'existing_network' context is deprecated
2019-07-22 09:31:17.711 24803 RALLYDEBUG rally_openstack.wrappers.network [-] CIDR generated: 1.1.4.96/30
2019-07-22 09:31:17.792 24804 RALLYDEBUG rally_openstack.wrappers.network [-] CIDR generated: 1.1.4.100/30
2019-07-22 09:31:17.813 24816 RALLYDEBUG rally_openstack.wrappers.network [-] CIDR generated: 1.1.4.104/30
2019-07-22 09:31:17.834 24800 RALLYDEBUG rally_openstack.wrappers.network [-] CIDR generated: 1.1.4.108/30
2019-07-22 09:31:17.852 24800 RALLYDEBUG rally_openstack.wrappers.network [-] CIDR generated: 1.1.4.112/30
2019-07-22 09:31:17.852 24812 RALLYDEBUG rally_openstack.wrappers.network [-] CIDR generated: 1.1.4.116/30
2019-07-22 09:31:17.878 24826 RALLYDEBUG rally_openstack.wrappers.network [-] CIDR generated: 1.1.4.124/30
2019-07-22 09:31:17.878 24802 RALLYDEBUG rally_openstack.wrappers.network [-] CIDR generated: 1.1.4.120/30
2019-07-22 09:31:17.895 24803 RALLYDEBUG rally_openstack.wrappers.network [-] CIDR generated: 1.1.4.128/30
2019-07-22 09:31:17.952 24809 RALLYDEBUG rally_openstack.wrappers.network [-] CIDR generated: 1.1.4.132/30
2019-07-22 09:31:18.107 24818 RALLYDEBUG rally_openstack.wrappers.network [-] CIDR generated: 1.1.4.136/30
2019-07-22 09:31:18.116 24802 RALLYDEBUG rally_openstack.wrappers.network [-] CIDR generated: 1.1.4.140/30
2019-07-22 09:31:18.191 24801 RALLYDEBUG rally_openstack.wrappers.network [-] CIDR generated: 1.1.4.144/30
2019-07-22 09:31:18.219 24839 RALLYDEBUG rally_openstack.wrappers.network [-] CIDR generated: 1.1.4.148/30
2019-07-22 09:31:18.311 24840 RALLYDEBUG rally_openstack.wrappers.network [-] CIDR generated: 1.1.4.152/30
2019-07-22 09:31:18.412 24801 RALLYDEBUG rally_openstack.wrappers.network [-] CIDR generated: 1.1.4.156/30
2019-07-22 09:31:18.481 24835 RALLYDEBUG rally_openstack.wrappers.network [-] CIDR generated: 1.1.4.160/30
2019-07-22 09:31:18.512 24836 RALLYDEBUG rally_openstack.wrappers.network [-] CIDR generated: 1.1.4.164/30
2019-07-22 09:31:18.556 24834 RALLYDEBUG rally_openstack.wrappers.network [-] CIDR generated: 1.1.4.168/30
2019-07-22 09:31:18.744 24845 RALLYDEBUG rally_openstack.wrappers.network [-] CIDR generated: 1.1.4.172/30
2019-07-22 09:31:19.091 24804 RALLYDEBUG rally_openstack.wrappers.network [-] CIDR generated: 1.1.4.176/30
2019-07-22 09:31:19.306 24809 RALLYDEBUG rally_openstack.wrappers.network [-] CIDR generated: 1.1.4.180/30
2019-07-22 09:31:19.698 24803 RALLYDEBUG rally_openstack.wrappers.network [-] CIDR generated: 1.1.4.184/30
2019-07-22 09:31:20.091 24836 RALLYDEBUG rally_openstack.wrappers.network [-] CIDR generated: 1.1.4.188/30
2019-07-22 09:31:20.351 24835 RALLYDEBUG rally_openstack.wrappers.network [-] CIDR generated: 1.1.4.192/30
2019-07-22 09:31:20.448 24826 RALLYDEBUG rally_openstack.wrappers.network [-] CIDR generated: 1.1.4.196/30
2019-07-22 09:31:20.491 24816 RALLYDEBUG rally_openstack.wrappers.network [-] CIDR generated: 1.1.4.200/30
2019-07-22 09:31:20.738 24801 RALLYDEBUG rally_openstack.wrappers.network [-] CIDR generated: 1.1.4.204/30
2019-07-22 09:31:20.908 24812 RALLYDEBUG rally_openstack.wrappers.network [-] CIDR generated: 1.1.4.208/30
2019-07-22 09:31:20.938 24800 RALLYDEBUG rally_openstack.wrappers.network [-] CIDR generated: 1.1.4.212/30
2019-07-22 09:31:21.116 24839 RALLYDEBUG rally_openstack.wrappers.network [-] CIDR generated: 1.1.4.216/30
2019-07-22 09:31:22.317 24803 RALLYDEBUG rally_openstack.wrappers.network [-] CIDR generated: 1.1.4.220/30
2019-07-22 09:31:22.337 24802 RALLYDEBUG rally_openstack.wrappers.network [-] CIDR generated: 1.1.4.224/30
2019-07-22 09:31:22.508 24800 RALLYDEBUG rally_openstack.wrappers.network [-] CIDR generated: 1.1.4.228/30
2019-07-22 09:31:22.569 24834 RALLYDEBUG rally_openstack.wrappers.network [-] CIDR generated: 1.1.4.232/30
2019-07-22 09:31:22.591 24818 RALLYDEBUG rally_openstack.wrappers.network [-] CIDR generated: 1.1.4.236/30
2019-07-22 09:31:22.593 24840 RALLYDEBUG rally_openstack.wrappers.network [-] CIDR generated: 1.1.4.240/30
2019-07-22 09:31:22.631 24802 RALLYDEBUG rally_openstack.wrappers.network [-] CIDR generated: 1.1.4.244/30
2019-07-22 09:31:22.794 24845 RALLYDEBUG rally_openstack.wrappers.network [-] CIDR generated: 1.1.4.248/30
2019-07-22 09:31:23.010 24801 RALLYDEBUG rally_openstack.wrappers.network [-] CIDR generated: 1.1.4.252/30
2019-07-22 09:31:25.228 24809 INFO rally.task.runner [-] Task 10cefb84-bd4c-4561-9442-fef18db74fae | ITER: 9 END: OK
2019-07-22 09:31:25.232 24809 INFO rally.task.runner [-] Task 10cefb84-bd4c-4561-9442-fef18db74fae | ITER: 21 START
2019-07-22 09:31:25.233 24809 WARNING rally_openstack.scenarios.neutron.utils [-] Running this scenario without either the 'network' or 'existing_network' context is deprecated
2019-07-22 09:31:25.266 24804 INFO rally.task.runner [-] Task 10cefb84-bd4c-4561-9442-fef18db74fae | ITER: 8 END: OK
2019-07-22 09:31:25.269 24804 INFO rally.task.runner [-] Task 10cefb84-bd4c-4561-9442-fef18db74fae | ITER: 22 START
2019-07-22 09:31:25.270 24804 WARNING rally_openstack.scenarios.neutron.utils [-] Running this scenario without either the 'network' or 'existing_network' context is deprecated
2019-07-22 09:31:25.369 24803 INFO rally.task.runner [-] Task 10cefb84-bd4c-4561-9442-fef18db74fae | ITER: 6 END: OK
2019-07-22 09:31:25.373 24803 INFO rally.task.runner [-] Task 10cefb84-bd4c-4561-9442-fef18db74fae | ITER: 23 START
2019-07-22 09:31:25.374 24803 WARNING rally_openstack.scenarios.neutron.utils [-] Running this scenario without either the 'network' or 'existing_network' context is deprecated
2019-07-22 09:31:25.525 24835 INFO rally.task.runner [-] Task 10cefb84-bd4c-4561-9442-fef18db74fae | ITER: 16 END: OK
2019-07-22 09:31:25.529 24835 INFO rally.task.runner [-] Task 10cefb84-bd4c-4561-9442-fef18db74fae | ITER: 24 START
2019-07-22 09:31:25.530 24835 WARNING rally_openstack.scenarios.neutron.utils [-] Running this scenario without either the 'network' or 'existing_network' context is deprecated
2019-07-22 09:31:25.779 24836 INFO rally.task.runner [-] Task 10cefb84-bd4c-4561-9442-fef18db74fae | ITER: 17 END: OK
2019-07-22 09:31:25.783 24836 INFO rally.task.runner [-] Task 10cefb84-bd4c-4561-9442-fef18db74fae | ITER: 25 START
2019-07-22 09:31:25.783 24836 WARNING rally_openstack.scenarios.neutron.utils [-] Running this scenario without either the 'network' or 'existing_network' context is deprecated
2019-07-22 09:31:26.712 24804 RALLYDEBUG rally_openstack.wrappers.network [-] CIDR generated: 1.1.5.0/30
2019-07-22 09:31:26.791 24835 RALLYDEBUG rally_openstack.wrappers.network [-] CIDR generated: 1.1.5.4/30
2019-07-22 09:31:27.251 24812 INFO rally.task.runner [-] Task 10cefb84-bd4c-4561-9442-fef18db74fae | ITER: 11 END: OK
2019-07-22 09:31:27.252 24800 INFO rally.task.runner [-] Task 10cefb84-bd4c-4561-9442-fef18db74fae | ITER: 1 END: OK
2019-07-22 09:31:27.254 24812 INFO rally.task.runner [-] Task 10cefb84-bd4c-4561-9442-fef18db74fae | ITER: 26 START
2019-07-22 09:31:27.255 24812 WARNING rally_openstack.scenarios.neutron.utils [-] Running this scenario without either the 'network' or 'existing_network' context is deprecated
2019-07-22 09:31:27.256 24800 INFO rally.task.runner [-] Task 10cefb84-bd4c-4561-9442-fef18db74fae | ITER: 27 START
2019-07-22 09:31:27.257 24800 WARNING rally_openstack.scenarios.neutron.utils [-] Running this scenario without either the 'network' or 'existing_network' context is deprecated
2019-07-22 09:31:27.541 24809 RALLYDEBUG rally_openstack.wrappers.network [-] CIDR generated: 1.1.5.8/30
2019-07-22 09:31:27.651 24839 INFO rally.task.runner [-] Task 10cefb84-bd4c-4561-9442-fef18db74fae | ITER: 18 END: OK
2019-07-22 09:31:27.655 24839 INFO rally.task.runner [-] Task 10cefb84-bd4c-4561-9442-fef18db74fae | ITER: 28 START
2019-07-22 09:31:27.656 24839 WARNING rally_openstack.scenarios.neutron.utils [-] Running this scenario without either the 'network' or 'existing_network' context is deprecated
2019-07-22 09:31:27.743 24803 RALLYDEBUG rally_openstack.wrappers.network [-] CIDR generated: 1.1.5.12/30
2019-07-22 09:31:27.748 24836 RALLYDEBUG rally_openstack.wrappers.network [-] CIDR generated: 1.1.5.16/30
2019-07-22 09:31:28.106 24816 INFO rally.task.runner [-] Task 10cefb84-bd4c-4561-9442-fef18db74fae | ITER: 12 END: OK
2019-07-22 09:31:28.110 24816 INFO rally.task.runner [-] Task 10cefb84-bd4c-4561-9442-fef18db74fae | ITER: 29 START
2019-07-22 09:31:28.110 24816 WARNING rally_openstack.scenarios.neutron.utils [-] Running this scenario without either the 'network' or 'existing_network' context is deprecated
2019-07-22 09:31:28.160 24826 INFO rally.task.runner [-] Task 10cefb84-bd4c-4561-9442-fef18db74fae | ITER: 14 END: OK
2019-07-22 09:31:28.165 24826 INFO rally.task.runner [-] Task 10cefb84-bd4c-4561-9442-fef18db74fae | ITER: 30 START
2019-07-22 09:31:28.165 24826 WARNING rally_openstack.scenarios.neutron.utils [-] Running this scenario without either the 'network' or 'existing_network' context is deprecated
2019-07-22 09:31:28.316 24801 INFO rally.task.runner [-] Task 10cefb84-bd4c-4561-9442-fef18db74fae | ITER: 2 END: OK
2019-07-22 09:31:28.320 24801 INFO rally.task.runner [-] Task 10cefb84-bd4c-4561-9442-fef18db74fae | ITER: 31 START
2019-07-22 09:31:28.320 24801 WARNING rally_openstack.scenarios.neutron.utils [-] Running this scenario without either the 'network' or 'existing_network' context is deprecated
2019-07-22 09:31:28.364 24812 RALLYDEBUG rally_openstack.wrappers.network [-] CIDR generated: 1.1.5.20/30
2019-07-22 09:31:29.899 24804 RALLYDEBUG rally_openstack.wrappers.network [-] CIDR generated: 1.1.5.24/30
2019-07-22 09:31:29.900 24809 RALLYDEBUG rally_openstack.wrappers.network [-] CIDR generated: 1.1.5.28/30
2019-07-22 09:31:29.964 24800 RALLYDEBUG rally_openstack.wrappers.network [-] CIDR generated: 1.1.5.32/30
2019-07-22 09:31:30.067 24839 RALLYDEBUG rally_openstack.wrappers.network [-] CIDR generated: 1.1.5.36/30
2019-07-22 09:31:30.120 24816 RALLYDEBUG rally_openstack.wrappers.network [-] CIDR generated: 1.1.5.40/30
2019-07-22 09:31:30.166 24801 RALLYDEBUG rally_openstack.wrappers.network [-] CIDR generated: 1.1.5.44/30
2019-07-22 09:31:30.666 24826 RALLYDEBUG rally_openstack.wrappers.network [-] CIDR generated: 1.1.5.48/30
2019-07-22 09:31:30.903 24835 RALLYDEBUG rally_openstack.wrappers.network [-] CIDR generated: 1.1.5.52/30
2019-07-22 09:31:30.959 24803 INFO rally.task.runner [-] Task 10cefb84-bd4c-4561-9442-fef18db74fae | ITER: 10 END: OK
2019-07-22 09:31:30.963 24803 INFO rally.task.runner [-] Task 10cefb84-bd4c-4561-9442-fef18db74fae | ITER: 32 START
2019-07-22 09:31:30.964 24803 WARNING rally_openstack.scenarios.neutron.utils [-] Running this scenario without either the 'network' or 'existing_network' context is deprecated
2019-07-22 09:31:31.242 24800 INFO rally.task.runner [-] Task 10cefb84-bd4c-4561-9442-fef18db74fae | ITER: 3 END: OK
2019-07-22 09:31:31.247 24800 INFO rally.task.runner [-] Task 10cefb84-bd4c-4561-9442-fef18db74fae | ITER: 33 START
2019-07-22 09:31:31.247 24800 WARNING rally_openstack.scenarios.neutron.utils [-] Running this scenario without either the 'network' or 'existing_network' context is deprecated
2019-07-22 09:31:31.295 24802 INFO rally.task.runner [-] Task 10cefb84-bd4c-4561-9442-fef18db74fae | ITER: 7 END: OK
2019-07-22 09:31:31.299 24802 INFO rally.task.runner [-] Task 10cefb84-bd4c-4561-9442-fef18db74fae | ITER: 34 START
2019-07-22 09:31:31.299 24802 WARNING rally_openstack.scenarios.neutron.utils [-] Running this scenario without either the 'network' or 'existing_network' context is deprecated
2019-07-22 09:31:31.345 24840 INFO rally.task.runner [-] Task 10cefb84-bd4c-4561-9442-fef18db74fae | ITER: 19 END: OK
2019-07-22 09:31:31.349 24840 INFO rally.task.runner [-] Task 10cefb84-bd4c-4561-9442-fef18db74fae | ITER: 35 START
2019-07-22 09:31:31.350 24840 WARNING rally_openstack.scenarios.neutron.utils [-] Running this scenario without either the 'network' or 'existing_network' context is deprecated
2019-07-22 09:31:31.424 24802 INFO rally.task.runner [-] Task 10cefb84-bd4c-4561-9442-fef18db74fae | ITER: 4 END: OK
2019-07-22 09:31:31.428 24802 INFO rally.task.runner [-] Task 10cefb84-bd4c-4561-9442-fef18db74fae | ITER: 36 START
2019-07-22 09:31:31.428 24802 WARNING rally_openstack.scenarios.neutron.utils [-] Running this scenario without either the 'network' or 'existing_network' context is deprecated
2019-07-22 09:31:31.449 24812 RALLYDEBUG rally_openstack.wrappers.network [-] CIDR generated: 1.1.5.56/30
2019-07-22 09:31:31.515 24818 INFO rally.task.runner [-] Task 10cefb84-bd4c-4561-9442-fef18db74fae | ITER: 13 END: OK
2019-07-22 09:31:31.520 24818 INFO rally.task.runner [-] Task 10cefb84-bd4c-4561-9442-fef18db74fae | ITER: 37 START
2019-07-22 09:31:31.521 24818 WARNING rally_openstack.scenarios.neutron.utils [-] Running this scenario without either the 'network' or 'existing_network' context is deprecated
2019-07-22 09:31:31.775 24845 INFO rally.task.runner [-] Task 10cefb84-bd4c-4561-9442-fef18db74fae | ITER: 20 END: OK
2019-07-22 09:31:31.780 24845 INFO rally.task.runner [-] Task 10cefb84-bd4c-4561-9442-fef18db74fae | ITER: 38 START
2019-07-22 09:31:31.781 24845 WARNING rally_openstack.scenarios.neutron.utils [-] Running this scenario without either the 'network' or 'existing_network' context is deprecated
2019-07-22 09:31:31.811 24834 INFO rally.task.runner [-] Task 10cefb84-bd4c-4561-9442-fef18db74fae | ITER: 15 END: OK
2019-07-22 09:31:31.815 24834 INFO rally.task.runner [-] Task 10cefb84-bd4c-4561-9442-fef18db74fae | ITER: 39 START
2019-07-22 09:31:31.816 24834 WARNING rally_openstack.scenarios.neutron.utils [-] Running this scenario without either the 'network' or 'existing_network' context is deprecated
2019-07-22 09:31:31.924 24803 RALLYDEBUG rally_openstack.wrappers.network [-] CIDR generated: 1.1.5.60/30
2019-07-22 09:31:31.989 24836 RALLYDEBUG rally_openstack.wrappers.network [-] CIDR generated: 1.1.5.64/30
2019-07-22 09:31:32.077 24801 INFO rally.task.runner [-] Task 10cefb84-bd4c-4561-9442-fef18db74fae | ITER: 5 END: OK
2019-07-22 09:31:32.080 24801 INFO rally.task.runner [-] Task 10cefb84-bd4c-4561-9442-fef18db74fae | ITER: 40 START
2019-07-22 09:31:32.081 24801 WARNING rally_openstack.scenarios.neutron.utils [-] Running this scenario without either the 'network' or 'existing_network' context is deprecated
2019-07-22 09:31:32.537 24800 RALLYDEBUG rally_openstack.wrappers.network [-] CIDR generated: 1.1.5.68/30
2019-07-22 09:31:32.876 24803 RALLYDEBUG rally_openstack.wrappers.network [-] CIDR generated: 1.1.5.72/30
2019-07-22 09:31:33.163 24801 RALLYDEBUG rally_openstack.wrappers.network [-] CIDR generated: 1.1.5.76/30
2019-07-22 09:31:33.163 24816 RALLYDEBUG rally_openstack.wrappers.network [-] CIDR generated: 1.1.5.80/30
2019-07-22 09:31:33.449 24802 RALLYDEBUG rally_openstack.wrappers.network [-] CIDR generated: 1.1.5.84/30
2019-07-22 09:31:33.472 24840 RALLYDEBUG rally_openstack.wrappers.network [-] CIDR generated: 1.1.5.88/30
2019-07-22 09:31:33.658 24818 RALLYDEBUG rally_openstack.wrappers.network [-] CIDR generated: 1.1.5.92/30
2019-07-22 09:31:33.755 24800 RALLYDEBUG rally_openstack.wrappers.network [-] CIDR generated: 1.1.5.96/30
2019-07-22 09:31:33.815 24802 RALLYDEBUG rally_openstack.wrappers.network [-] CIDR generated: 1.1.5.100/30
2019-07-22 09:31:33.859 24839 RALLYDEBUG rally_openstack.wrappers.network [-] CIDR generated: 1.1.5.104/30
2019-07-22 09:31:33.922 24834 RALLYDEBUG rally_openstack.wrappers.network [-] CIDR generated: 1.1.5.108/30
2019-07-22 09:31:33.977 24826 RALLYDEBUG rally_openstack.wrappers.network [-] CIDR generated: 1.1.5.112/30
2019-07-22 09:31:34.029 24801 RALLYDEBUG rally_openstack.wrappers.network [-] CIDR generated: 1.1.5.116/30
2019-07-22 09:31:34.269 24845 RALLYDEBUG rally_openstack.wrappers.network [-] CIDR generated: 1.1.5.120/30
2019-07-22 09:31:35.389 24840 RALLYDEBUG rally_openstack.wrappers.network [-] CIDR generated: 1.1.5.124/30
2019-07-22 09:31:35.927 24818 RALLYDEBUG rally_openstack.wrappers.network [-] CIDR generated: 1.1.5.128/30
2019-07-22 09:31:35.949 24834 RALLYDEBUG rally_openstack.wrappers.network [-] CIDR generated: 1.1.5.132/30
2019-07-22 09:31:36.156 24801 RALLYDEBUG rally_openstack.wrappers.network [-] CIDR generated: 1.1.5.136/30
2019-07-22 09:31:37.047 24802 RALLYDEBUG rally_openstack.wrappers.network [-] CIDR generated: 1.1.5.140/30
2019-07-22 09:31:37.905 24803 RALLYDEBUG rally_openstack.wrappers.network [-] CIDR generated: 1.1.5.144/30
2019-07-22 09:31:37.950 24845 RALLYDEBUG rally_openstack.wrappers.network [-] CIDR generated: 1.1.5.148/30
2019-07-22 09:31:38.366 24812 INFO rally.task.runner [-] Task 10cefb84-bd4c-4561-9442-fef18db74fae | ITER: 26 END: OK
2019-07-22 09:31:38.618 24800 RALLYDEBUG rally_openstack.wrappers.network [-] CIDR generated: 1.1.5.152/30
2019-07-22 09:31:38.831 24802 RALLYDEBUG rally_openstack.wrappers.network [-] CIDR generated: 1.1.5.156/30
2019-07-22 09:31:39.210 24800 INFO rally.task.runner [-] Task 10cefb84-bd4c-4561-9442-fef18db74fae | ITER: 27 END: OK
2019-07-22 09:31:40.051 24804 INFO rally.task.runner [-] Task 10cefb84-bd4c-4561-9442-fef18db74fae | ITER: 22 END: OK
2019-07-22 09:31:40.067 24809 INFO rally.task.runner [-] Task 10cefb84-bd4c-4561-9442-fef18db74fae | ITER: 21 END: OK
2019-07-22 09:31:40.477 24840 INFO rally.task.runner [-] Task 10cefb84-bd4c-4561-9442-fef18db74fae | ITER: 35 END: OK
2019-07-22 09:31:40.820 24818 INFO rally.task.runner [-] Task 10cefb84-bd4c-4561-9442-fef18db74fae | ITER: 37 END: OK
2019-07-22 09:31:40.849 24834 INFO rally.task.runner [-] Task 10cefb84-bd4c-4561-9442-fef18db74fae | ITER: 39 END: OK
2019-07-22 09:31:41.648 24801 INFO rally.task.runner [-] Task 10cefb84-bd4c-4561-9442-fef18db74fae | ITER: 40 END: OK
2019-07-22 09:31:42.488 24816 INFO rally.task.runner [-] Task 10cefb84-bd4c-4561-9442-fef18db74fae | ITER: 29 END: OK
2019-07-22 09:31:42.504 24801 INFO rally.task.runner [-] Task 10cefb84-bd4c-4561-9442-fef18db74fae | ITER: 31 END: OK
2019-07-22 09:31:42.897 24835 INFO rally.task.runner [-] Task 10cefb84-bd4c-4561-9442-fef18db74fae | ITER: 24 END: OK
2019-07-22 09:31:42.989 24826 INFO rally.task.runner [-] Task 10cefb84-bd4c-4561-9442-fef18db74fae | ITER: 30 END: OK
2019-07-22 09:31:43.711 24839 INFO rally.task.runner [-] Task 10cefb84-bd4c-4561-9442-fef18db74fae | ITER: 28 END: OK
2019-07-22 09:31:43.950 24803 INFO rally.task.runner [-] Task 10cefb84-bd4c-4561-9442-fef18db74fae | ITER: 23 END: OK
2019-07-22 09:31:43.996 24836 INFO rally.task.runner [-] Task 10cefb84-bd4c-4561-9442-fef18db74fae | ITER: 25 END: OK
2019-07-22 09:31:45.147 24845 INFO rally.task.runner [-] Task 10cefb84-bd4c-4561-9442-fef18db74fae | ITER: 38 END: OK
2019-07-22 09:31:45.151 24802 INFO rally.task.runner [-] Task 10cefb84-bd4c-4561-9442-fef18db74fae | ITER: 36 END: OK
2019-07-22 09:31:49.530 24803 INFO rally.task.runner [-] Task 10cefb84-bd4c-4561-9442-fef18db74fae | ITER: 32 END: OK
2019-07-22 09:31:49.558 24800 INFO rally.task.runner [-] Task 10cefb84-bd4c-4561-9442-fef18db74fae | ITER: 33 END: OK
2019-07-22 09:31:49.712 24802 INFO rally.task.runner [-] Task 10cefb84-bd4c-4561-9442-fef18db74fae | ITER: 34 END: OK
2019-07-22 09:31:49.740 22706 INFO rally.task.context [-] Task 10cefb84-bd4c-4561-9442-fef18db74fae | Context cleanup@openstack cleanup() started
2019-07-22 09:31:49.745 22706 RALLYDEBUG rally_openstack.cleanup.manager [-] Cleaning up neutron vip objects
2019-07-22 09:31:50.504 22706 RALLYDEBUG rally_openstack.cleanup.manager [-] Cleaning up neutron health_monitor objects
2019-07-22 09:31:51.206 22706 RALLYDEBUG rally_openstack.cleanup.manager [-] Cleaning up neutron pool objects
2019-07-22 09:31:51.897 22706 RALLYDEBUG rally_openstack.cleanup.manager [-] Cleaning up neutron loadbalancer objects
2019-07-22 09:31:52.623 22706 RALLYDEBUG rally_openstack.cleanup.manager [-] Cleaning up neutron floatingip objects
2019-07-22 09:31:53.369 22706 RALLYDEBUG rally_openstack.cleanup.manager [-] Cleaning up neutron port objects
2019-07-22 09:31:54.131 22706 RALLYDEBUG rally_openstack.cleanup.manager [-] Cleaning up neutron subnet objects
2019-07-22 09:31:54.873 22706 RALLYDEBUG rally_openstack.cleanup.manager [-] Cleaning up neutron network objects
2019-07-22 09:31:55.855 22706 RALLYDEBUG rally_openstack.cleanup.manager [-] Deleting neutron.network object s_rally_36391cec_Eo1Bgary (05bc8175-d7ab-43fc-befe-e97a070911cf)
2019-07-22 09:31:55.858 22706 RALLYDEBUG rally_openstack.cleanup.manager [-] Deleting neutron.network object s_rally_36391cec_Zv7A0PFi (09b9b1f9-3db2-400c-b9dc-0237c9c23bf4)
2019-07-22 09:31:55.867 22706 RALLYDEBUG rally_openstack.cleanup.manager [-] Deleting neutron.network object s_rally_36391cec_yjH9PYxs (16b8c64d-9ee4-4dd3-978e-6f8e082c33c2)
2019-07-22 09:31:55.871 22706 RALLYDEBUG rally_openstack.cleanup.manager [-] Deleting neutron.network object s_rally_36391cec_9A1CZH4O (0bbd8622-b502-43a4-8e19-45fe8708960e)
2019-07-22 09:31:55.884 22706 RALLYDEBUG rally_openstack.cleanup.manager [-] Deleting neutron.network object s_rally_36391cec_P1K9ZfRt (18e1958b-6b4e-4b9d-80ca-9529841dda7b)
2019-07-22 09:31:55.885 22706 RALLYDEBUG rally_openstack.cleanup.manager [-] Deleting neutron.network object s_rally_36391cec_zjekRyll (1d249a04-a386-4c43-8d48-6426b0764ed1)
2019-07-22 09:31:55.902 22706 RALLYDEBUG rally_openstack.cleanup.manager [-] Deleting neutron.network object s_rally_36391cec_tUs6Rmrn (20dc2618-70e1-44e9-8b25-3a47c64ea21f)
2019-07-22 09:31:55.917 22706 RALLYDEBUG rally_openstack.cleanup.manager [-] Deleting neutron.network object s_rally_36391cec_8Hux7JW0 (214f66c1-7e5f-4805-a783-0a00c3588b61)
2019-07-22 09:31:55.943 22706 RALLYDEBUG rally_openstack.cleanup.manager [-] Deleting neutron.network object s_rally_36391cec_BnmXPnBq (25619d01-2f5b-40b3-80f5-ce9516d6e0b0)
2019-07-22 09:31:55.945 22706 RALLYDEBUG rally_openstack.cleanup.manager [-] Deleting neutron.network object s_rally_36391cec_xFTqeh0b (27512c3f-4c8e-47b6-80cd-525613a2fe08)
2019-07-22 09:31:55.958 22706 RALLYDEBUG rally_openstack.cleanup.manager [-] Deleting neutron.network object s_rally_36391cec_SOmjb8gU (2ec75a17-8a9b-4778-8f6d-b582d7d6d8b5)
2019-07-22 09:31:55.975 22706 RALLYDEBUG rally_openstack.cleanup.manager [-] Deleting neutron.network object s_rally_36391cec_IrCMA9lR (2ff69c0e-cc3f-49b0-96dd-9b1a5226d6ae)
2019-07-22 09:31:55.994 22706 RALLYDEBUG rally_openstack.cleanup.manager [-] Deleting neutron.network object s_rally_36391cec_QAqG8kvs (31a1c691-bb4e-41a8-9817-41d45b18b2f1)
2019-07-22 09:31:55.996 22706 RALLYDEBUG rally_openstack.cleanup.manager [-] Deleting neutron.network object s_rally_36391cec_s4zgQ8ns (380aae27-8b2f-4c77-bb55-ed6e3fdc88e5)
2019-07-22 09:31:56.014 22706 RALLYDEBUG rally_openstack.cleanup.manager [-] Deleting neutron.network object s_rally_36391cec_1AsNqV3j (47ca9d33-4a5b-46df-beb3-52959fc24e93)
2019-07-22 09:31:56.020 22706 RALLYDEBUG rally_openstack.cleanup.manager [-] Deleting neutron.network object s_rally_36391cec_PE4UEvjI (48272d84-4807-4fc2-9f4f-2b7ea3aee20c)
2019-07-22 09:31:56.180 22706 RALLYDEBUG rally_openstack.cleanup.manager [-] Deleting neutron.network object s_rally_36391cec_YpIRfLjq (60d9ba94-ddd6-41a0-b506-af773c8f0971)
2019-07-22 09:31:56.189 22706 RALLYDEBUG rally_openstack.cleanup.manager [-] Deleting neutron.network object s_rally_36391cec_0cmu65Ti (637a164e-7d01-49e0-9560-70db5ee23083)
2019-07-22 09:31:56.216 22706 RALLYDEBUG rally_openstack.cleanup.manager [-] Deleting neutron.network object s_rally_36391cec_vzydnKiB (6b878a46-4f48-4f2f-8b40-5c950c14e149)
2019-07-22 09:31:56.218 22706 RALLYDEBUG rally_openstack.cleanup.manager [-] Deleting neutron.network object s_rally_36391cec_KSwlOqZk (6e1cb790-e3a7-45e4-8084-e50a6e2e685d)
2019-07-22 09:31:59.381 22706 RALLYDEBUG rally_openstack.cleanup.manager [-] Deleting neutron.network object s_rally_36391cec_BJJBoccz (71f5c23f-c3ad-4418-91d1-197ca73b1505)
2019-07-22 09:31:59.685 22706 RALLYDEBUG rally_openstack.cleanup.manager [-] Deleting neutron.network object s_rally_36391cec_cp3HWHbH (78c552c6-e2fc-4977-93c6-77471e14abed)
2019-07-22 09:32:00.824 22706 RALLYDEBUG rally_openstack.cleanup.manager [-] Deleting neutron.network object s_rally_36391cec_sOjqfTUa (8744dd60-0368-44ce-9e55-9e69fee2734a)
2019-07-22 09:32:00.837 22706 RALLYDEBUG rally_openstack.cleanup.manager [-] Deleting neutron.network object s_rally_36391cec_Sd8bywJW (8a7449e7-ed89-4a52-a0f6-74fd45ddcf6d)
2019-07-22 09:32:00.851 22706 RALLYDEBUG rally_openstack.cleanup.manager [-] Deleting neutron.network object s_rally_36391cec_k39tfYoc (8e46f4cc-b5b4-4984-935d-2e9ac768435f)
2019-07-22 09:32:00.872 22706 RALLYDEBUG rally_openstack.cleanup.manager [-] Deleting neutron.network object s_rally_36391cec_FQ0zPXdn (90811dce-ee1f-40d4-acf8-f02bd5f28f9f)
2019-07-22 09:32:00.926 22706 RALLYDEBUG rally_openstack.cleanup.manager [-] Deleting neutron.network object s_rally_36391cec_APqj0RQ0 (b0537141-098f-4ecd-83e7-ec21d7873094)
2019-07-22 09:32:01.798 22706 RALLYDEBUG rally_openstack.cleanup.manager [-] Deleting neutron.network object s_rally_36391cec_cv8roFHI (b09a5f53-5626-44ad-bf74-271abf58905a)
2019-07-22 09:32:01.862 22706 RALLYDEBUG rally_openstack.cleanup.manager [-] Deleting neutron.network object s_rally_36391cec_B9KmMmh4 (b1ee3326-13ed-40e3-b7c5-16bc8ea2b98b)
2019-07-22 09:32:01.879 22706 RALLYDEBUG rally_openstack.cleanup.manager [-] Deleting neutron.network object s_rally_36391cec_wTZMqfjn (c1b75c6e-8d09-4a94-9c43-b3f7f21b84a2)
2019-07-22 09:32:01.991 22706 RALLYDEBUG rally_openstack.cleanup.manager [-] Deleting neutron.network object s_rally_36391cec_keugHG8T (c4d53488-2917-49e2-a44b-0c9f062e7dca)
2019-07-22 09:32:02.108 22706 RALLYDEBUG rally_openstack.cleanup.manager [-] Deleting neutron.network object s_rally_36391cec_5Uc9dzYg (cec3d6c4-22c4-4c2b-b921-0d91944c57cb)
2019-07-22 09:32:02.194 22706 RALLYDEBUG rally_openstack.cleanup.manager [-] Deleting neutron.network object s_rally_36391cec_kFruSrNA (d88855e0-45f2-4aa2-9f62-c55a40b19b8e)
2019-07-22 09:32:02.513 22706 RALLYDEBUG rally_openstack.cleanup.manager [-] Deleting neutron.network object s_rally_36391cec_bNqfxiR6 (e63f7395-435a-4e89-b16e-77b361a7e776)
2019-07-22 09:32:02.956 22706 RALLYDEBUG rally_openstack.cleanup.manager [-] Deleting neutron.network object s_rally_36391cec_xrFmKh4f (e7da5f50-6acc-40f0-897d-b0308b82355c)
2019-07-22 09:32:03.142 22706 RALLYDEBUG rally_openstack.cleanup.manager [-] Deleting neutron.network object s_rally_36391cec_lRBW5j69 (ec1fd2d6-56bd-4cb8-8318-643650b97e7f)
2019-07-22 09:32:03.232 22706 RALLYDEBUG rally_openstack.cleanup.manager [-] Deleting neutron.network object s_rally_36391cec_I7yHOIrj (fbf5de9a-e539-4b79-bef8-801730238701)
2019-07-22 09:32:03.235 22706 RALLYDEBUG rally_openstack.cleanup.manager [-] Deleting neutron.network object s_rally_36391cec_bNoNIphQ (f945bffa-2c97-43b2-ae37-6db68c981d07)
2019-07-22 09:32:03.303 22706 RALLYDEBUG rally_openstack.cleanup.manager [-] Deleting neutron.network object s_rally_36391cec_KUByIZgN (fc373b58-4f68-4e80-a39e-805c5d4c72bb)
2019-07-22 09:32:03.726 22706 RALLYDEBUG rally_openstack.cleanup.manager [-] Deleting neutron.network object s_rally_36391cec_G0iuZcx8 (fde048ef-466a-4d9e-b2ef-4b409eef3c34)
2019-07-22 09:32:07.601 22706 RALLYDEBUG rally_openstack.cleanup.manager [-] Cleaning up neutron router objects
2019-07-22 09:32:08.274 22706 RALLYDEBUG rally_openstack.cleanup.manager [-] Cleaning up neutron security_group objects
2019-07-22 09:32:08.936 22706 INFO rally.task.context [-] Task 10cefb84-bd4c-4561-9442-fef18db74fae | Context cleanup@openstack cleanup() finished in 19.20 sec
2019-07-22 09:32:08.936 22706 INFO rally.task.context [-] Task 10cefb84-bd4c-4561-9442-fef18db74fae | Context quotas@openstack cleanup() started
2019-07-22 09:32:08.958 22706 INFO rally.task.context [-] Task 10cefb84-bd4c-4561-9442-fef18db74fae | Context quotas@openstack cleanup() finished in 22.32 msec
2019-07-22 09:32:08.959 22706 INFO rally.task.context [-] Task 10cefb84-bd4c-4561-9442-fef18db74fae | Context users@openstack cleanup() started
2019-07-22 09:32:13.189 22706 INFO rally.task.context [-] Task 10cefb84-bd4c-4561-9442-fef18db74fae | Context users@openstack cleanup() finished in 4.23 sec
2019-07-22 09:32:15.054 22706 INFO rally.task.engine [-] Load duration is: 33.912793
2019-07-22 09:32:15.054 22706 INFO rally.task.engine [-] Full runner duration is: 33.968176
2019-07-22 09:32:15.054 22706 INFO rally.task.engine [-] Full duration is: 62.392902
2019-07-22 09:32:15.341 22706 INFO rally.task.engine [-] Running workload: position = 0 config = { "version": 2, "title": "A cropped version of a bigger task.", "description": "Auto-generated task from a single workload (uuid=a90d80d5-3a37-47fd-8cbc-7769b9b1da25)", "subtasks": [ { "title": "NeutronNetworks.create_and_list_routers", "description": "Create and a given number of routers and list all routers.", "scenario": { "NeutronNetworks.create_and_list_routers": { "network_create_args": null, "subnet_create_args": null, "subnet_cidr_start": "1.1.0.0/30", "subnets_per_network": 2, "router_create_args": null } }, "contexts": { "users": { "tenants": 1, "users_per_tenant": 1 }, "quotas": { "neutron": { "network": -1, "subnet": -1, "router": -1 } } }, "runner": { "constant": { "times": 40, "concurrency": 20 } }, "hooks": [], "sla": { "failure_rate": { "max": 0 } } } ] }
2019-07-22 09:32:15.365 22706 RALLYDEBUG rally_openstack.contexts.keystone.users [-] Creating 1 tenants using 20 threads
2019-07-22 09:32:17.422 22706 RALLYDEBUG rally_openstack.contexts.keystone.users [-] Creating 1 users using 20 threads
2019-07-22 09:32:19.751 22706 INFO rally.task.context [-] Task 10cefb84-bd4c-4561-9442-fef18db74fae | Context users@openstack setup() finished in 4.39 sec
2019-07-22 09:32:20.506 22706 INFO rally.task.context [-] Task 10cefb84-bd4c-4561-9442-fef18db74fae | Context quotas@openstack setup() finished in 0.75 sec
2019-07-22 09:32:20.506 22706 INFO rally.task.context [-] Task 10cefb84-bd4c-4561-9442-fef18db74fae | Context cleanup@openstack setup() finished in 0.00 msec
2019-07-22 09:32:20.514 22706 RALLYDEBUG rally.task.runner [-] Starting the constant runner (task UUID: 10cefb84-bd4c-4561-9442-fef18db74fae). timeout: 0 concurrency: 20 concurrency_per_worker: 1 times: 40 concurrency_overhead: 4 processes_to_start: 16 max_cpu_used: 16
2019-07-22 09:32:20.527 25170 RALLYDEBUG rally.task.runner [-] Starting a worker. concurrency: 2 args: {"network_create_args": null, "subnet_create_args": null, "subnet_cidr_start": "1.1.0.0/30", "subnets_per_network": 2, "router_create_args": null} times: 40 method_name: run timeout: 0 duration: None cls:
2019-07-22 09:32:20.530 25171 RALLYDEBUG rally.task.runner [-] Starting a worker. concurrency: 2 args: {"network_create_args": null, "subnet_create_args": null, "subnet_cidr_start": "1.1.0.0/30", "subnets_per_network": 2, "router_create_args": null} times: 40 method_name: run timeout: 0 duration: None cls:
2019-07-22 09:32:20.533 25172 RALLYDEBUG rally.task.runner [-] Starting a worker. concurrency: 2 args: {"network_create_args": null, "subnet_create_args": null, "subnet_cidr_start": "1.1.0.0/30", "subnets_per_network": 2, "router_create_args": null} times: 40 method_name: run timeout: 0 duration: None cls:
2019-07-22 09:32:20.535 25173 RALLYDEBUG rally.task.runner [-] Starting a worker. concurrency: 2 args: {"network_create_args": null, "subnet_create_args": null, "subnet_cidr_start": "1.1.0.0/30", "subnets_per_network": 2, "router_create_args": null} times: 40 method_name: run timeout: 0 duration: None cls:
2019-07-22 09:32:20.537 25170 INFO rally.task.runner [-] Task 10cefb84-bd4c-4561-9442-fef18db74fae | ITER: 1 START
2019-07-22 09:32:20.538 25171 INFO rally.task.runner [-] Task 10cefb84-bd4c-4561-9442-fef18db74fae | ITER: 2 START
2019-07-22 09:32:20.540 25175 RALLYDEBUG rally.task.runner [-] Starting a worker. concurrency: 1 args: {"network_create_args": null, "subnet_create_args": null, "subnet_cidr_start": "1.1.0.0/30", "subnets_per_network": 2, "router_create_args": null} times: 40 method_name: run timeout: 0 duration: None cls:
2019-07-22 09:32:20.544 25172 INFO rally.task.runner [-] Task 10cefb84-bd4c-4561-9442-fef18db74fae | ITER: 5 START
2019-07-22 09:32:20.543 25179 RALLYDEBUG rally.task.runner [-] Starting a worker. concurrency: 1 args: {"network_create_args": null, "subnet_create_args": null, "subnet_cidr_start": "1.1.0.0/30", "subnets_per_network": 2, "router_create_args": null} times: 40 method_name: run timeout: 0 duration: None cls:
2019-07-22 09:32:20.538 25170 INFO rally.task.runner [-] Task 10cefb84-bd4c-4561-9442-fef18db74fae | ITER: 3 START
2019-07-22 09:32:20.544 25173 INFO rally.task.runner [-] Task 10cefb84-bd4c-4561-9442-fef18db74fae | ITER: 6 START
2019-07-22 09:32:20.547 25175 INFO rally.task.runner [-] Task 10cefb84-bd4c-4561-9442-fef18db74fae | ITER: 9 START
2019-07-22 09:32:20.547 25181 RALLYDEBUG rally.task.runner [-] Starting a worker. concurrency: 1 args: {"network_create_args": null, "subnet_create_args": null, "subnet_cidr_start": "1.1.0.0/30", "subnets_per_network": 2, "router_create_args": null} times: 40 method_name: run timeout: 0 duration: None cls:
2019-07-22 09:32:20.547 25173 INFO rally.task.runner [-] Task 10cefb84-bd4c-4561-9442-fef18db74fae | ITER: 8 START
2019-07-22 09:32:20.548 25186 RALLYDEBUG rally.task.runner [-] Starting a worker. concurrency: 1 args: {"network_create_args": null, "subnet_create_args": null, "subnet_cidr_start": "1.1.0.0/30", "subnets_per_network": 2, "router_create_args": null} times: 40 method_name: run timeout: 0 duration: None cls:
2019-07-22 09:32:20.550 25179 INFO rally.task.runner [-] Task 10cefb84-bd4c-4561-9442-fef18db74fae | ITER: 10 START
2019-07-22 09:32:20.553 25190 RALLYDEBUG rally.task.runner [-] Starting a worker. concurrency: 1 args: {"network_create_args": null, "subnet_create_args": null, "subnet_cidr_start": "1.1.0.0/30", "subnets_per_network": 2, "router_create_args": null} times: 40 method_name: run timeout: 0 duration: None cls:
2019-07-22 09:32:20.554 25181 INFO rally.task.runner [-] Task 10cefb84-bd4c-4561-9442-fef18db74fae | ITER: 11 START
2019-07-22 09:32:20.554 25171 INFO rally.task.runner [-] Task 10cefb84-bd4c-4561-9442-fef18db74fae | ITER: 4 START
2019-07-22 09:32:20.555 25186 INFO rally.task.runner [-] Task 10cefb84-bd4c-4561-9442-fef18db74fae | ITER: 12 START
2019-07-22 09:32:20.555 25172 INFO rally.task.runner [-] Task 10cefb84-bd4c-4561-9442-fef18db74fae | ITER: 7 START
2019-07-22 09:32:20.562 25190 INFO rally.task.runner [-] Task 10cefb84-bd4c-4561-9442-fef18db74fae | ITER: 13 START
2019-07-22 09:32:20.562 25197 RALLYDEBUG rally.task.runner [-] Starting a worker. concurrency: 1 args: {"network_create_args": null, "subnet_create_args": null, "subnet_cidr_start": "1.1.0.0/30", "subnets_per_network": 2, "router_create_args": null} times: 40 method_name: run timeout: 0 duration: None cls:
2019-07-22 09:32:20.565 25200 RALLYDEBUG rally.task.runner [-] Starting a worker. concurrency: 1 args: {"network_create_args": null, "subnet_create_args": null, "subnet_cidr_start": "1.1.0.0/30", "subnets_per_network": 2, "router_create_args": null} times: 40 method_name: run timeout: 0 duration: None cls:
2019-07-22 09:32:20.567 25197 INFO rally.task.runner [-] Task 10cefb84-bd4c-4561-9442-fef18db74fae | ITER: 14 START
2019-07-22 09:32:20.571 25200 INFO rally.task.runner [-] Task 10cefb84-bd4c-4561-9442-fef18db74fae | ITER: 15 START
2019-07-22 09:32:20.581 25207 RALLYDEBUG rally.task.runner [-] Starting a worker. concurrency: 1 args: {"network_create_args": null, "subnet_create_args": null, "subnet_cidr_start": "1.1.0.0/30", "subnets_per_network": 2, "router_create_args": null} times: 40 method_name: run timeout: 0 duration: None cls:
2019-07-22 09:32:20.586 25207 INFO rally.task.runner [-] Task 10cefb84-bd4c-4561-9442-fef18db74fae | ITER: 16 START
2019-07-22 09:32:20.589 25208 RALLYDEBUG rally.task.runner [-] Starting a worker. concurrency: 1 args: {"network_create_args": null, "subnet_create_args": null, "subnet_cidr_start": "1.1.0.0/30", "subnets_per_network": 2, "router_create_args": null} times: 40 method_name: run timeout: 0 duration: None cls:
2019-07-22 09:32:20.594 25208 INFO rally.task.runner [-] Task 10cefb84-bd4c-4561-9442-fef18db74fae | ITER: 17 START
2019-07-22 09:32:20.595 25211 RALLYDEBUG rally.task.runner [-] Starting a worker. concurrency: 1 args: {"network_create_args": null, "subnet_create_args": null, "subnet_cidr_start": "1.1.0.0/30", "subnets_per_network": 2, "router_create_args": null} times: 40 method_name: run timeout: 0 duration: None cls:
2019-07-22 09:32:20.599 25211 INFO rally.task.runner [-] Task 10cefb84-bd4c-4561-9442-fef18db74fae | ITER: 18 START
2019-07-22 09:32:20.601 25214 RALLYDEBUG rally.task.runner [-] Starting a worker. concurrency: 1 args: {"network_create_args": null, "subnet_create_args": null, "subnet_cidr_start": "1.1.0.0/30", "subnets_per_network": 2, "router_create_args": null} times: 40 method_name: run timeout: 0 duration: None cls:
2019-07-22 09:32:20.605 25214 INFO rally.task.runner [-] Task 10cefb84-bd4c-4561-9442-fef18db74fae | ITER: 19 START
2019-07-22 09:32:20.605 25216 RALLYDEBUG rally.task.runner [-] Starting a worker. concurrency: 1 args: {"network_create_args": null, "subnet_create_args": null, "subnet_cidr_start": "1.1.0.0/30", "subnets_per_network": 2, "router_create_args": null} times: 40 method_name: run timeout: 0 duration: None cls:
2019-07-22 09:32:20.611 25216 INFO rally.task.runner [-] Task 10cefb84-bd4c-4561-9442-fef18db74fae | ITER: 20 START
2019-07-22 09:32:22.418 25186 RALLYDEBUG rally_openstack.wrappers.network [-] CIDR generated: 1.1.5.160/30
2019-07-22 09:32:22.495 25208 RALLYDEBUG rally_openstack.wrappers.network [-] CIDR generated: 1.1.5.164/30
2019-07-22 09:32:22.558 25170 RALLYDEBUG rally_openstack.wrappers.network [-] CIDR generated: 1.1.5.168/30
2019-07-22 09:32:22.594 25173 RALLYDEBUG rally_openstack.wrappers.network [-] CIDR generated: 1.1.5.172/30
2019-07-22 09:32:22.628 25171 RALLYDEBUG rally_openstack.wrappers.network [-] CIDR generated: 1.1.5.176/30
2019-07-22 09:32:22.655 25171 RALLYDEBUG rally_openstack.wrappers.network [-] CIDR generated: 1.1.5.180/30
2019-07-22 09:32:22.657 25197 RALLYDEBUG rally_openstack.wrappers.network [-] CIDR generated: 1.1.5.184/30
2019-07-22 09:32:22.733 25170 RALLYDEBUG rally_openstack.wrappers.network [-] CIDR generated: 1.1.5.188/30
2019-07-22 09:32:22.756 25172 RALLYDEBUG rally_openstack.wrappers.network [-] CIDR generated: 1.1.5.192/30
2019-07-22 09:32:22.846 25214 RALLYDEBUG rally_openstack.wrappers.network [-] CIDR generated: 1.1.5.196/30
2019-07-22 09:32:22.847 25207 RALLYDEBUG rally_openstack.wrappers.network [-] CIDR generated: 1.1.5.200/30
2019-07-22 09:32:22.884 25173 RALLYDEBUG rally_openstack.wrappers.network [-] CIDR generated: 1.1.5.204/30
2019-07-22 09:32:22.906 25179 RALLYDEBUG rally_openstack.wrappers.network [-] CIDR generated: 1.1.5.208/30
2019-07-22 09:32:23.001 25216 RALLYDEBUG rally_openstack.wrappers.network [-] CIDR generated: 1.1.5.212/30
2019-07-22 09:32:23.040 25190 RALLYDEBUG rally_openstack.wrappers.network [-] CIDR generated: 1.1.5.216/30
2019-07-22 09:32:23.558 25186 RALLYDEBUG rally_openstack.wrappers.network [-] CIDR generated: 1.1.5.220/30
2019-07-22 09:32:24.030 25200 RALLYDEBUG rally_openstack.wrappers.network [-] CIDR generated: 1.1.5.224/30
2019-07-22 09:32:24.082 25170 RALLYDEBUG rally_openstack.wrappers.network [-] CIDR generated: 1.1.5.228/30
2019-07-22 09:32:24.096 25211 RALLYDEBUG rally_openstack.wrappers.network [-] CIDR generated: 1.1.5.232/30
2019-07-22 09:32:24.140 25179 RALLYDEBUG rally_openstack.wrappers.network [-] CIDR generated: 1.1.5.236/30
2019-07-22 09:32:24.227 25208 RALLYDEBUG rally_openstack.wrappers.network [-] CIDR generated: 1.1.5.240/30
2019-07-22 09:32:24.400 25181 RALLYDEBUG rally_openstack.wrappers.network [-] CIDR generated: 1.1.5.244/30
2019-07-22 09:32:24.671 25175 RALLYDEBUG rally_openstack.wrappers.network [-] CIDR generated: 1.1.5.248/30
2019-07-22 09:32:24.672 25172 RALLYDEBUG rally_openstack.wrappers.network [-] CIDR generated: 1.1.5.252/30
2019-07-22 09:32:24.708 25173 RALLYDEBUG rally_openstack.wrappers.network [-] CIDR generated: 1.1.6.0/30
2019-07-22 09:32:24.715 25171 RALLYDEBUG rally_openstack.wrappers.network [-] CIDR generated: 1.1.6.4/30
2019-07-22 09:32:25.190 25197 RALLYDEBUG rally_openstack.wrappers.network [-] CIDR generated: 1.1.6.8/30
2019-07-22 09:32:25.272 25171 RALLYDEBUG rally_openstack.wrappers.network [-] CIDR generated: 1.1.6.12/30
2019-07-22 09:32:25.360 25170 RALLYDEBUG rally_openstack.wrappers.network [-] CIDR generated: 1.1.6.16/30
2019-07-22 09:32:25.392 25172 RALLYDEBUG rally_openstack.wrappers.network [-] CIDR generated: 1.1.6.20/30
2019-07-22 09:32:26.576 25214 RALLYDEBUG rally_openstack.wrappers.network [-] CIDR generated: 1.1.6.24/30
2019-07-22 09:32:26.576 25207 RALLYDEBUG rally_openstack.wrappers.network [-] CIDR generated: 1.1.6.28/30
2019-07-22 09:32:26.633 25216 RALLYDEBUG rally_openstack.wrappers.network [-] CIDR generated: 1.1.6.32/30
2019-07-22 09:32:32.659 25173 RALLYDEBUG rally_openstack.wrappers.network [-] CIDR generated: 1.1.6.36/30
2019-07-22 09:32:32.873 25190 RALLYDEBUG rally_openstack.wrappers.network [-] CIDR generated: 1.1.6.40/30
2019-07-22 09:32:33.732 25200 RALLYDEBUG rally_openstack.wrappers.network [-] CIDR generated: 1.1.6.44/30
2019-07-22 09:32:34.071 25211 RALLYDEBUG rally_openstack.wrappers.network [-] CIDR generated: 1.1.6.48/30
2019-07-22 09:32:34.237 25175 RALLYDEBUG rally_openstack.wrappers.network [-] CIDR generated: 1.1.6.52/30
2019-07-22 09:32:34.280 25181 RALLYDEBUG rally_openstack.wrappers.network [-] CIDR generated: 1.1.6.56/30
2019-07-22 09:32:34.569 25172 RALLYDEBUG rally_openstack.wrappers.network [-] CIDR generated: 1.1.6.60/30
2019-07-22 09:32:34.901 25186 INFO rally.task.runner [-] Task 10cefb84-bd4c-4561-9442-fef18db74fae | ITER: 12 END: OK
2019-07-22 09:32:34.906 25186 INFO rally.task.runner [-] Task 10cefb84-bd4c-4561-9442-fef18db74fae | ITER: 21 START
2019-07-22 09:32:35.565 25170 INFO rally.task.runner [-] Task 10cefb84-bd4c-4561-9442-fef18db74fae | ITER: 3 END: OK
2019-07-22 09:32:35.569 25170 INFO rally.task.runner [-] Task 10cefb84-bd4c-4561-9442-fef18db74fae | ITER: 22 START
2019-07-22 09:32:35.587 25179 INFO rally.task.runner [-] Task 10cefb84-bd4c-4561-9442-fef18db74fae | ITER: 10 END: OK
2019-07-22 09:32:35.591 25179 INFO rally.task.runner [-] Task 10cefb84-bd4c-4561-9442-fef18db74fae | ITER: 23 START
2019-07-22 09:32:36.030 25208 INFO rally.task.runner [-] Task 10cefb84-bd4c-4561-9442-fef18db74fae | ITER: 17 END: OK
2019-07-22 09:32:36.035 25208 INFO rally.task.runner [-] Task 10cefb84-bd4c-4561-9442-fef18db74fae | ITER: 24 START
2019-07-22 09:32:37.024 25186 RALLYDEBUG rally_openstack.wrappers.network [-] CIDR generated: 1.1.6.64/30
2019-07-22 09:32:37.555 25170 RALLYDEBUG rally_openstack.wrappers.network [-] CIDR generated: 1.1.6.68/30
2019-07-22 09:32:37.699 25179 RALLYDEBUG rally_openstack.wrappers.network [-] CIDR generated: 1.1.6.72/30
2019-07-22 09:32:38.802 25208 RALLYDEBUG rally_openstack.wrappers.network [-] CIDR generated: 1.1.6.76/30
