2019-07-22 08:00:20.562 1842 RALLYDEBUG rally_openstack.cleanup.manager [-] Deleting cinder.volumes object c_rally_67503e7a_NlsInoqF (88551028-5fe9-40e1-abfa-600a24cf9e2d)
2019-07-22 08:00:20.563 1842 RALLYDEBUG rally_openstack.cleanup.manager [-] Deleting cinder.volumes object c_rally_67503e7a_qO0RBQmM (e4e00d51-aeb3-4a39-b96b-d93438d0f926)
2019-07-22 08:00:20.563 1842 RALLYDEBUG rally_openstack.cleanup.manager [-] Deleting cinder.volumes object c_rally_67503e7a_WbzZsR5m (d21a1dd7-ac46-4cba-9025-c8a930f9f3a3)
2019-07-22 08:00:20.576 1842 RALLYDEBUG rally_openstack.cleanup.manager [-] Deleting cinder.volumes object c_rally_67503e7a_YFFv269v (2102d842-bea9-42b5-8781-c92efbb3aa8b)
2019-07-22 08:00:20.578 1842 RALLYDEBUG rally_openstack.cleanup.manager [-] Deleting cinder.volumes object c_rally_67503e7a_KBI1izZ8 (e304669b-0d58-42d1-aada-455451d2f085)
2019-07-22 08:00:20.584 1842 RALLYDEBUG rally_openstack.cleanup.manager [-] Deleting cinder.volumes object c_rally_67503e7a_zlrgqpre (0787b7cd-986b-4e50-a053-b40ed1a8f03d)
2019-07-22 08:00:20.593 1842 RALLYDEBUG rally_openstack.cleanup.manager [-] Deleting cinder.volumes object c_rally_67503e7a_aYf3o156 (4cb0710a-9e9d-4c29-8fa7-edb6af418f7b)
2019-07-22 08:00:20.603 1842 RALLYDEBUG rally_openstack.cleanup.manager [-] Deleting cinder.volumes object c_rally_67503e7a_EU1P7d6S (041e536a-088b-4592-bca1-cf67a660554d)
2019-07-22 08:00:20.605 1842 RALLYDEBUG rally_openstack.cleanup.manager [-] Deleting cinder.volumes object c_rally_67503e7a_25upKW9z (09c1fdc5-e59a-453f-a956-aaa4536f905d)
2019-07-22 08:00:20.618 1842 RALLYDEBUG rally_openstack.cleanup.manager [-] Deleting cinder.volumes object c_rally_67503e7a_M6Qwstar (71a2da36-3b24-4aa6-927d-fd9133fa8689)
2019-07-22 08:00:20.632 1842 RALLYDEBUG rally_openstack.cleanup.manager [-] Deleting cinder.volumes object c_rally_67503e7a_slRoEo2h (4ec6a0e3-0fc0-4c14-9374-0a36b03eb464)
2019-07-22 08:00:20.646 1842 RALLYDEBUG rally_openstack.cleanup.manager [-] Deleting cinder.volumes object c_rally_67503e7a_6kdO4wnA (5afd1c9e-c208-46ec-89e2-9f21de97df95)
2019-07-22 08:00:26.823 1842 INFO rally.task.context [-] Task 178be2ae-261a-4f55-b96d-78bd0d35caaf | Context volumes@openstack cleanup() finished in 8.41 sec
2019-07-22 08:00:26.823 1842 INFO rally.task.context [-] Task 178be2ae-261a-4f55-b96d-78bd0d35caaf | Context quotas@openstack cleanup() started
2019-07-22 08:00:27.553 1842 INFO rally.task.context [-] Task 178be2ae-261a-4f55-b96d-78bd0d35caaf | Context quotas@openstack cleanup() finished in 0.73 sec
2019-07-22 08:00:27.553 1842 INFO rally.task.context [-] Task 178be2ae-261a-4f55-b96d-78bd0d35caaf | Context api_versions@openstack cleanup() started
2019-07-22 08:00:27.554 1842 INFO rally.task.context [-] Task 178be2ae-261a-4f55-b96d-78bd0d35caaf | Context api_versions@openstack cleanup() finished in 0.29 msec
2019-07-22 08:00:27.554 1842 INFO rally.task.context [-] Task 178be2ae-261a-4f55-b96d-78bd0d35caaf | Context users@openstack cleanup() started
2019-07-22 08:00:34.826 1842 INFO rally.task.context [-] Task 178be2ae-261a-4f55-b96d-78bd0d35caaf | Context users@openstack cleanup() finished in 7.27 sec
2019-07-22 08:00:35.340 1842 INFO rally.task.engine [-] Load duration is: 2.777519
2019-07-22 08:00:35.340 1842 INFO rally.task.engine [-] Full runner duration is: 2.821576
2019-07-22 08:00:35.340 1842 INFO rally.task.engine [-] Full duration is: 61.741188
2019-07-22 08:00:35.596 1842 INFO rally.task.engine [-] Running workload: position = 0 config = { "version": 2, "title": "A cropped version of a bigger task.", "description": "Auto-generated task from a single workload (uuid=ca2ba88f-888b-4257-a4b8-022e55fce5c6)", "subtasks": [ { "title": "CinderVolumes.create_and_delete_snapshot", "description": "Create and then delete a volume-snapshot.", "scenario": { "CinderVolumes.create_and_delete_snapshot": { "force": false } }, "contexts": { "users": { "tenants": 3, "users_per_tenant": 2 }, "quotas": { "cinder": { "gigabytes": -1, "snapshots": -1, "volumes": -1 } }, "api_versions": { "cinder": { "version": 3, "service_type": "volumev3" } }, "volumes": { "size": 1, "volumes_per_tenant": 1 } }, "runner": { "constant": { "concurrency": 4, "times": 10 } }, "hooks": [], "sla": { "failure_rate": { "max": 0 } } } ] }
2019-07-22 08:00:35.615 1842 RALLYDEBUG rally_openstack.contexts.keystone.users [-] Creating 3 tenants using 20 threads
2019-07-22 08:00:37.371 1842 RALLYDEBUG rally_openstack.contexts.keystone.users [-] Creating 6 users using 20 threads
2019-07-22 08:00:39.984 1842 INFO rally.task.context [-] Task 178be2ae-261a-4f55-b96d-78bd0d35caaf | Context users@openstack setup() finished in 4.37 sec
2019-07-22 08:00:40.399 1842 INFO rally.task.context [-] Task 178be2ae-261a-4f55-b96d-78bd0d35caaf | Context api_versions@openstack setup() finished in 0.41 sec
2019-07-22 08:00:41.919 1842 INFO rally.task.context [-] Task 178be2ae-261a-4f55-b96d-78bd0d35caaf | Context quotas@openstack setup() finished in 1.52 sec
2019-07-22 08:00:52.345 1842 INFO rally.task.context [-] Task 178be2ae-261a-4f55-b96d-78bd0d35caaf | Context volumes@openstack setup() finished in 10.43 sec
2019-07-22 08:00:52.345 1842 INFO rally.task.context [-] Task 178be2ae-261a-4f55-b96d-78bd0d35caaf | Context cleanup@openstack setup() finished in 0.01 msec
2019-07-22 08:00:52.353 1842 RALLYDEBUG rally.task.runner [-] Starting the constant runner (task UUID: 178be2ae-261a-4f55-b96d-78bd0d35caaf). timeout: 0 concurrency: 4 concurrency_per_worker: 1 times: 10 concurrency_overhead: 0 processes_to_start: 4 max_cpu_used: 16
2019-07-22 08:00:52.365 3966 RALLYDEBUG rally.task.runner [-] Starting a worker. concurrency: 1 args: {"force": false} times: 10 method_name: run timeout: 0 duration: None cls:
2019-07-22 08:00:52.366 3967 RALLYDEBUG rally.task.runner [-] Starting a worker. concurrency: 1 args: {"force": false} times: 10 method_name: run timeout: 0 duration: None cls:
2019-07-22 08:00:52.369 3968 RALLYDEBUG rally.task.runner [-] Starting a worker. concurrency: 1 args: {"force": false} times: 10 method_name: run timeout: 0 duration: None cls:
2019-07-22 08:00:52.372 3969 RALLYDEBUG rally.task.runner [-] Starting a worker. concurrency: 1 args: {"force": false} times: 10 method_name: run timeout: 0 duration: None cls:
2019-07-22 08:00:52.376 3967 INFO rally.task.runner [-] Task 178be2ae-261a-4f55-b96d-78bd0d35caaf | ITER: 2 START
2019-07-22 08:00:52.377 3966 INFO rally.task.runner [-] Task 178be2ae-261a-4f55-b96d-78bd0d35caaf | ITER: 1 START
2019-07-22 08:00:52.381 3968 INFO rally.task.runner [-] Task 178be2ae-261a-4f55-b96d-78bd0d35caaf | ITER: 3 START
2019-07-22 08:00:52.382 3969 INFO rally.task.runner [-] Task 178be2ae-261a-4f55-b96d-78bd0d35caaf | ITER: 4 START
2019-07-22 08:00:56.006 3969 RALLYDEBUG rally.task.utils [-] Waiting for resource s_rally_ca2ba88f_23CutknU. Status changed: AVAILABLE => DELETING in 0.304464817047
2019-07-22 08:00:56.323 3966 RALLYDEBUG rally.task.utils [-] Waiting for resource s_rally_ca2ba88f_53tsY1Nn. Status changed: AVAILABLE => DELETING in 0.237026929855
2019-07-22 08:00:56.447 3968 RALLYDEBUG rally.task.utils [-] Waiting for resource s_rally_ca2ba88f_k9vA68jf. Status changed: AVAILABLE => DELETING in 0.241875171661
2019-07-22 08:00:56.519 3967 RALLYDEBUG rally.task.utils [-] Waiting for resource s_rally_ca2ba88f_PIC6CzsS. Status changed: AVAILABLE => DELETING in 0.239732980728
2019-07-22 08:00:58.228 3969 INFO rally.task.runner [-] Task 178be2ae-261a-4f55-b96d-78bd0d35caaf | ITER: 4 END: OK
2019-07-22 08:00:58.234 3969 INFO rally.task.runner [-] Task 178be2ae-261a-4f55-b96d-78bd0d35caaf | ITER: 5 START
2019-07-22 08:00:58.480 3968 INFO rally.task.runner [-] Task 178be2ae-261a-4f55-b96d-78bd0d35caaf | ITER: 3 END: OK
2019-07-22 08:00:58.485 3968 INFO rally.task.runner [-] Task 178be2ae-261a-4f55-b96d-78bd0d35caaf | ITER: 6 START
2019-07-22 08:00:58.536 3966 INFO rally.task.runner [-] Task 178be2ae-261a-4f55-b96d-78bd0d35caaf | ITER: 1 END: OK
2019-07-22 08:00:58.542 3967 INFO rally.task.runner [-] Task 178be2ae-261a-4f55-b96d-78bd0d35caaf | ITER: 2 END: OK
2019-07-22 08:00:58.542 3966 INFO rally.task.runner [-] Task 178be2ae-261a-4f55-b96d-78bd0d35caaf | ITER: 7 START
2019-07-22 08:00:58.550 3967 INFO rally.task.runner [-] Task 178be2ae-261a-4f55-b96d-78bd0d35caaf | ITER: 8 START
2019-07-22 08:01:02.254 3969 RALLYDEBUG rally.task.utils [-] Waiting for resource s_rally_ca2ba88f_DrvbZeCM. Status changed: AVAILABLE => DELETING in 0.261424064636
2019-07-22 08:01:02.282 3966 RALLYDEBUG rally.task.utils [-] Waiting for resource s_rally_ca2ba88f_2z5MoiiJ. Status changed: AVAILABLE => DELETING in 0.240251064301
2019-07-22 08:01:02.318 3967 RALLYDEBUG rally.task.utils [-] Waiting for resource s_rally_ca2ba88f_vDkyywyX. Status changed: AVAILABLE => DELETING in 0.0244607925415
2019-07-22 08:01:02.475 3968 RALLYDEBUG rally.task.utils [-] Waiting for resource s_rally_ca2ba88f_DeVDRTpk. Status changed: AVAILABLE => DELETING in 0.229594945908
2019-07-22 08:01:04.280 3969 INFO rally.task.runner [-] Task 178be2ae-261a-4f55-b96d-78bd0d35caaf | ITER: 5 END: OK
2019-07-22 08:01:04.284 3969 INFO rally.task.runner [-] Task 178be2ae-261a-4f55-b96d-78bd0d35caaf | ITER: 9 START
2019-07-22 08:01:04.307 3966 INFO rally.task.runner [-] Task 178be2ae-261a-4f55-b96d-78bd0d35caaf | ITER: 7 END: OK
2019-07-22 08:01:04.312 3966 INFO rally.task.runner [-] Task 178be2ae-261a-4f55-b96d-78bd0d35caaf | ITER: 10 START
2019-07-22 08:01:04.345 3967 INFO rally.task.runner [-] Task 178be2ae-261a-4f55-b96d-78bd0d35caaf | ITER: 8 END: OK
2019-07-22 08:01:04.683 3968 INFO rally.task.runner [-] Task 178be2ae-261a-4f55-b96d-78bd0d35caaf | ITER: 6 END: OK
2019-07-22 08:01:08.175 3969 RALLYDEBUG rally.task.utils [-] Waiting for resource s_rally_ca2ba88f_o7pfeGTA. Status changed: AVAILABLE => DELETING in 0.025083065033
2019-07-22 08:01:08.229 3966 RALLYDEBUG rally.task.utils [-] Waiting for resource s_rally_ca2ba88f_IS5sZxIC. Status changed: AVAILABLE => DELETING in 0.323714017868
2019-07-22 08:01:10.203 3969 INFO rally.task.runner [-] Task 178be2ae-261a-4f55-b96d-78bd0d35caaf | ITER: 9 END: OK
2019-07-22 08:01:10.471 3966 INFO rally.task.runner [-] Task 178be2ae-261a-4f55-b96d-78bd0d35caaf | ITER: 10 END: OK
2019-07-22 08:01:10.495 1842 INFO rally.task.context [-] Task 178be2ae-261a-4f55-b96d-78bd0d35caaf | Context cleanup@openstack cleanup() started
2019-07-22 08:01:10.497 1842 RALLYDEBUG rally_openstack.cleanup.manager [-] Cleaning up cinder backups objects
2019-07-22 08:01:12.616 1842 RALLYDEBUG rally_openstack.cleanup.manager [-] Cleaning up cinder volume_snapshots objects
2019-07-22 08:01:14.528 1842 RALLYDEBUG rally_openstack.cleanup.manager [-] Cleaning up cinder transfers objects
2019-07-22 08:01:16.562 1842 RALLYDEBUG rally_openstack.cleanup.manager [-] Cleaning up cinder volumes objects
2019-07-22 08:01:18.639 1842 INFO rally.task.context [-] Task 178be2ae-261a-4f55-b96d-78bd0d35caaf | Context cleanup@openstack cleanup() finished in 8.14 sec
2019-07-22 08:01:18.640 1842 INFO rally.task.context [-] Task 178be2ae-261a-4f55-b96d-78bd0d35caaf | Context volumes@openstack cleanup() started
2019-07-22 08:01:18.640 1842 RALLYDEBUG rally_openstack.cleanup.manager [-] Cleaning up cinder volumes objects
2019-07-22 08:01:20.718 1842 RALLYDEBUG rally_openstack.cleanup.manager [-] Deleting cinder.volumes object c_rally_ca2ba88f_zB4TZnIk (abba18ac-ce58-4ec6-81ac-8b0a474c5fd2)
2019-07-22 08:01:20.723 1842 RALLYDEBUG rally_openstack.cleanup.manager [-] Deleting cinder.volumes object c_rally_ca2ba88f_FjiElouP (20a162d9-fb84-4763-81ef-6db890c29be8)
2019-07-22 08:01:20.724 1842 RALLYDEBUG rally_openstack.cleanup.manager [-] Deleting cinder.volumes object c_rally_ca2ba88f_wPbGkSJH (555d8d05-8ebf-414b-86b7-c6e37daf6d25)
2019-07-22 08:01:24.068 1842 INFO rally.task.context [-] Task 178be2ae-261a-4f55-b96d-78bd0d35caaf | Context volumes@openstack cleanup() finished in 5.43 sec
2019-07-22 08:01:24.068 1842 INFO rally.task.context [-] Task 178be2ae-261a-4f55-b96d-78bd0d35caaf | Context quotas@openstack cleanup() started
2019-07-22 08:01:24.717 1842 INFO rally.task.context [-] Task 178be2ae-261a-4f55-b96d-78bd0d35caaf | Context quotas@openstack cleanup() finished in 0.65 sec
2019-07-22 08:01:24.718 1842 INFO rally.task.context [-] Task 178be2ae-261a-4f55-b96d-78bd0d35caaf | Context api_versions@openstack cleanup() started
2019-07-22 08:01:24.718 1842 INFO rally.task.context [-] Task 178be2ae-261a-4f55-b96d-78bd0d35caaf | Context api_versions@openstack cleanup() finished in 0.29 msec
2019-07-22 08:01:24.718 1842 INFO rally.task.context [-] Task 178be2ae-261a-4f55-b96d-78bd0d35caaf | Context users@openstack cleanup() started
2019-07-22 08:01:31.577 1842 INFO rally.task.context [-] Task 178be2ae-261a-4f55-b96d-78bd0d35caaf | Context users@openstack cleanup() finished in 6.86 sec
2019-07-22 08:01:31.835 1842 INFO rally.task.engine [-] Load duration is: 18.091714
2019-07-22 08:01:31.835 1842 INFO rally.task.engine [-] Full runner duration is: 18.143104
2019-07-22 08:01:31.835 1842 INFO rally.task.engine [-] Full duration is: 55.966229
2019-07-22 08:01:32.112 1842 INFO rally.task.engine [-] Running workload: position = 0 config = { "version": 2, "title": "A cropped version of a bigger task.", "description": "Auto-generated task from a single workload (uuid=974a4696-0672-4dd7-99be-52d06d2d28f3)", "subtasks": [ { "title": "CinderVolumes.create_and_delete_volume", "description": "Create and then delete a volume.", "scenario": { "CinderVolumes.create_and_delete_volume": { "size": { "max": 1, "min": 1 } } }, "contexts": { "users": { "tenants": 3, "users_per_tenant": 2 }, "quotas": { "cinder": { "gigabytes": -1, "snapshots": -1, "volumes": -1 } }, "api_versions": { "cinder": { "version": 3, "service_type": "volumev3" } } }, "runner": { "constant": { "concurrency": 4, "times": 10 } }, "hooks": [], "sla": { "failure_rate": { "max": 0 } } } ] }
2019-07-22 08:01:32.130 1842 RALLYDEBUG rally_openstack.contexts.keystone.users [-] Creating 3 tenants using 20 threads
2019-07-22 08:01:33.913 1842 RALLYDEBUG rally_openstack.contexts.keystone.users [-] Creating 6 users using 20 threads
2019-07-22 08:01:36.659 1842 INFO rally.task.context [-] Task 178be2ae-261a-4f55-b96d-78bd0d35caaf | Context users@openstack setup() finished in 4.53 sec
2019-07-22 08:01:37.098 1842 INFO rally.task.context [-] Task 178be2ae-261a-4f55-b96d-78bd0d35caaf | Context api_versions@openstack setup() finished in 0.44 sec
2019-07-22 08:01:38.742 1842 INFO rally.task.context [-] Task 178be2ae-261a-4f55-b96d-78bd0d35caaf | Context quotas@openstack setup() finished in 1.64 sec
2019-07-22 08:01:38.743 1842 INFO rally.task.context [-] Task 178be2ae-261a-4f55-b96d-78bd0d35caaf | Context cleanup@openstack setup() finished in 0.00 msec
2019-07-22 08:01:38.750 1842 RALLYDEBUG rally.task.runner [-] Starting the constant runner (task UUID: 178be2ae-261a-4f55-b96d-78bd0d35caaf). timeout: 0 concurrency: 4 concurrency_per_worker: 1 times: 10 concurrency_overhead: 0 processes_to_start: 4 max_cpu_used: 16
2019-07-22 08:01:38.762 4170 RALLYDEBUG rally.task.runner [-] Starting a worker. concurrency: 1 args: {"size": {"max": 1, "min": 1}} times: 10 method_name: run timeout: 0 duration: None cls:
2019-07-22 08:01:38.764 4171 RALLYDEBUG rally.task.runner [-] Starting a worker. concurrency: 1 args: {"size": {"max": 1, "min": 1}} times: 10 method_name: run timeout: 0 duration: None cls:
2019-07-22 08:01:38.768 4172 RALLYDEBUG rally.task.runner [-] Starting a worker. concurrency: 1 args: {"size": {"max": 1, "min": 1}} times: 10 method_name: run timeout: 0 duration: None cls:
2019-07-22 08:01:38.770 4170 INFO rally.task.runner [-] Task 178be2ae-261a-4f55-b96d-78bd0d35caaf | ITER: 1 START
2019-07-22 08:01:38.770 4173 RALLYDEBUG rally.task.runner [-] Starting a worker. concurrency: 1 args: {"size": {"max": 1, "min": 1}} times: 10 method_name: run timeout: 0 duration: None cls:
2019-07-22 08:01:38.772 4171 INFO rally.task.runner [-] Task 178be2ae-261a-4f55-b96d-78bd0d35caaf | ITER: 2 START
2019-07-22 08:01:38.776 4172 INFO rally.task.runner [-] Task 178be2ae-261a-4f55-b96d-78bd0d35caaf | ITER: 3 START
2019-07-22 08:01:38.777 4173 INFO rally.task.runner [-] Task 178be2ae-261a-4f55-b96d-78bd0d35caaf | ITER: 4 START
2019-07-22 08:01:42.883 4171 RALLYDEBUG rally.task.utils [-] Waiting for resource s_rally_974a4696_pbolxswR. Status changed: AVAILABLE => DELETING in 0.310296058655
2019-07-22 08:01:42.883 4173 RALLYDEBUG rally.task.utils [-] Waiting for resource s_rally_974a4696_09JCI40F. Status changed: AVAILABLE => DELETING in 0.195300102234
2019-07-22 08:01:42.932 4170 RALLYDEBUG rally.task.utils [-] Waiting for resource s_rally_974a4696_2mQ3z5le. Status changed: AVAILABLE => DELETING in 0.329800844193
2019-07-22 08:01:42.948 4172 RALLYDEBUG rally.task.utils [-] Waiting for resource s_rally_974a4696_cOV6mhdq. Status changed: AVAILABLE => DELETING in 0.295481920242
2019-07-22 08:01:44.991 4172 INFO rally.task.runner [-] Task 178be2ae-261a-4f55-b96d-78bd0d35caaf | ITER: 3 END: OK
2019-07-22 08:01:44.996 4172 INFO rally.task.runner [-] Task 178be2ae-261a-4f55-b96d-78bd0d35caaf | ITER: 5 START
2019-07-22 08:01:45.157 4173 INFO rally.task.runner [-] Task 178be2ae-261a-4f55-b96d-78bd0d35caaf | ITER: 4 END: OK
2019-07-22 08:01:45.163 4173 INFO rally.task.runner [-] Task 178be2ae-261a-4f55-b96d-78bd0d35caaf | ITER: 6 START
2019-07-22 08:01:45.167 4170 INFO rally.task.runner [-] Task 178be2ae-261a-4f55-b96d-78bd0d35caaf | ITER: 1 END: OK
2019-07-22 08:01:45.173 4170 INFO rally.task.runner [-] Task 178be2ae-261a-4f55-b96d-78bd0d35caaf | ITER: 7 START
2019-07-22 08:01:45.257 4171 INFO rally.task.runner [-] Task 178be2ae-261a-4f55-b96d-78bd0d35caaf | ITER: 2 END: OK
2019-07-22 08:01:45.263 4171 INFO rally.task.runner [-] Task 178be2ae-261a-4f55-b96d-78bd0d35caaf | ITER: 8 START
2019-07-22 08:01:48.859 4171 RALLYDEBUG rally.task.utils [-] Waiting for resource s_rally_974a4696_wJPBn58q. Status changed: AVAILABLE => DELETING in 0.0679929256439
2019-07-22 08:01:49.021 4172 RALLYDEBUG rally.task.utils [-] Waiting for resource s_rally_974a4696_sLSsN3rN. Status changed: AVAILABLE => DELETING in 0.338695049286
2019-07-22 08:01:49.052 4173 RALLYDEBUG rally.task.utils [-] Waiting for resource s_rally_974a4696_qGz5PN9T. Status changed: AVAILABLE => DELETING in 0.255778074265
2019-07-22 08:01:49.111 4170 RALLYDEBUG rally.task.utils [-] Waiting for resource s_rally_974a4696_pmWIHvKI. Status changed: AVAILABLE => DELETING in 0.265662908554
2019-07-22 08:01:51.098 4171 INFO rally.task.runner [-] Task 178be2ae-261a-4f55-b96d-78bd0d35caaf | ITER: 8 END: OK
2019-07-22 08:01:51.104 4171 INFO rally.task.runner [-] Task 178be2ae-261a-4f55-b96d-78bd0d35caaf | ITER: 9 START
2019-07-22 08:01:51.153 4170 INFO rally.task.runner [-] Task 178be2ae-261a-4f55-b96d-78bd0d35caaf | ITER: 7 END: OK
2019-07-22 08:01:51.157 4170 INFO rally.task.runner [-] Task 178be2ae-261a-4f55-b96d-78bd0d35caaf | ITER: 10 START
2019-07-22 08:01:51.261 4172 INFO rally.task.runner [-] Task 178be2ae-261a-4f55-b96d-78bd0d35caaf | ITER: 5 END: OK
2019-07-22 08:01:51.278 4173 INFO rally.task.runner [-] Task 178be2ae-261a-4f55-b96d-78bd0d35caaf | ITER: 6 END: OK
2019-07-22 08:01:54.995 4170 INFO rally.task.runner [-] Task 178be2ae-261a-4f55-b96d-78bd0d35caaf | ITER: 10 END: OK
2019-07-22 08:01:55.050 4171 RALLYDEBUG rally.task.utils [-] Waiting for resource s_rally_974a4696_vgGdM6rm. Status changed: AVAILABLE => DELETING in 0.236881017685
2019-07-22 08:01:57.276 4171 INFO rally.task.runner [-] Task 178be2ae-261a-4f55-b96d-78bd0d35caaf | ITER: 9 END: OK
2019-07-22 08:01:57.302 1842 INFO rally.task.context [-] Task 178be2ae-261a-4f55-b96d-78bd0d35caaf | Context cleanup@openstack cleanup() started
2019-07-22 08:01:57.304 1842 RALLYDEBUG rally_openstack.cleanup.manager [-] Cleaning up cinder backups objects
2019-07-22 08:01:59.274 1842 RALLYDEBUG rally_openstack.cleanup.manager [-] Cleaning up cinder volume_snapshots objects
2019-07-22 08:02:01.254 1842 RALLYDEBUG rally_openstack.cleanup.manager [-] Cleaning up cinder transfers objects
2019-07-22 08:02:03.310 1842 RALLYDEBUG rally_openstack.cleanup.manager [-] Cleaning up cinder volumes objects
2019-07-22 08:02:05.376 1842 INFO rally.task.context [-] Task 178be2ae-261a-4f55-b96d-78bd0d35caaf | Context cleanup@openstack cleanup() finished in 8.07 sec
2019-07-22 08:02:05.377 1842 INFO rally.task.context [-] Task 178be2ae-261a-4f55-b96d-78bd0d35caaf | Context quotas@openstack cleanup() started
2019-07-22 08:02:05.826 1842 INFO rally.task.context [-] Task 178be2ae-261a-4f55-b96d-78bd0d35caaf | Context quotas@openstack cleanup() finished in 0.45 sec
2019-07-22 08:02:05.827 1842 INFO rally.task.context [-] Task 178be2ae-261a-4f55-b96d-78bd0d35caaf | Context api_versions@openstack cleanup() started
2019-07-22 08:02:05.827 1842 INFO rally.task.context [-] Task 178be2ae-261a-4f55-b96d-78bd0d35caaf | Context api_versions@openstack cleanup() finished in 0.33 msec
2019-07-22 08:02:05.828 1842 INFO rally.task.context [-] Task 178be2ae-261a-4f55-b96d-78bd0d35caaf | Context users@openstack cleanup() started
2019-07-22 08:02:12.697 1842 INFO rally.task.context [-] Task 178be2ae-261a-4f55-b96d-78bd0d35caaf | Context users@openstack cleanup() finished in 6.87 sec
2019-07-22 08:02:14.312 1842 INFO rally.task.engine [-] Load duration is: 18.502104
2019-07-22 08:02:14.313 1842 INFO rally.task.engine [-] Full runner duration is: 18.552243
2019-07-22 08:02:14.313 1842 INFO rally.task.engine [-] Full duration is: 40.570524
2019-07-22 08:02:14.502 1842 INFO rally.task.engine [-] Running workload: position = 1 config = { "version": 2, "title": "A cropped version of a bigger task.", "description": "Auto-generated task from a single workload (uuid=ac37eeda-fbb3-488e-ac1a-258b50d1c14f)", "subtasks": [ { "title": "CinderVolumes.create_and_delete_volume", "description": "Create and then delete a volume.", "scenario": { "CinderVolumes.create_and_delete_volume": { "image": { "name": "rally_full-img_91790e59-340c-4b6d-8ad7-757319ebe83e" }, "size": 1 } }, "contexts": { "users": { "tenants": 3, "users_per_tenant": 2 }, "quotas": { "cinder": { "gigabytes": -1, "snapshots": -1, "volumes": -1 } }, "api_versions": { "cinder": { "version": 3, "service_type": "volumev3" } } }, "runner": { "constant": { "concurrency": 4, "times": 10 } }, "hooks": [], "sla": { "failure_rate": { "max": 0 } } } ] }
2019-07-22 08:02:14.519 1842 RALLYDEBUG rally_openstack.contexts.keystone.users [-] Creating 3 tenants using 20 threads
2019-07-22 08:02:16.321 1842 RALLYDEBUG rally_openstack.contexts.keystone.users [-] Creating 6 users using 20 threads
2019-07-22 08:02:19.089 1842 INFO rally.task.context [-] Task 178be2ae-261a-4f55-b96d-78bd0d35caaf | Context users@openstack setup() finished in 4.57 sec
2019-07-22 08:02:19.499 1842 INFO rally.task.context [-] Task 178be2ae-261a-4f55-b96d-78bd0d35caaf | Context api_versions@openstack setup() finished in 0.41 sec
2019-07-22 08:02:21.049 1842 INFO rally.task.context [-] Task 178be2ae-261a-4f55-b96d-78bd0d35caaf | Context quotas@openstack setup() finished in 1.55 sec
2019-07-22 08:02:21.049 1842 INFO rally.task.context [-] Task 178be2ae-261a-4f55-b96d-78bd0d35caaf | Context cleanup@openstack setup() finished in 0.01 msec
2019-07-22 08:02:21.788 1842 RALLYDEBUG rally.task.runner [-] Starting the constant runner (task UUID: 178be2ae-261a-4f55-b96d-78bd0d35caaf). timeout: 0 concurrency: 4 concurrency_per_worker: 1 times: 10 concurrency_overhead: 0 processes_to_start: 4 max_cpu_used: 16
2019-07-22 08:02:21.801 4354 RALLYDEBUG rally.task.runner [-] Starting a worker. concurrency: 1 args: {"image": "28be126b-241e-44dd-ad60-9bff8f74fc01", "size": 1} times: 10 method_name: run timeout: 0 duration: None cls:
2019-07-22 08:02:21.804 4355 RALLYDEBUG rally.task.runner [-] Starting a worker. concurrency: 1 args: {"image": "28be126b-241e-44dd-ad60-9bff8f74fc01", "size": 1} times: 10 method_name: run timeout: 0 duration: None cls:
2019-07-22 08:02:21.807 4357 RALLYDEBUG rally.task.runner [-] Starting a worker. concurrency: 1 args: {"image": "28be126b-241e-44dd-ad60-9bff8f74fc01", "size": 1} times: 10 method_name: run timeout: 0 duration: None cls:
2019-07-22 08:02:21.807 4356 RALLYDEBUG rally.task.runner [-] Starting a worker. concurrency: 1 args: {"image": "28be126b-241e-44dd-ad60-9bff8f74fc01", "size": 1} times: 10 method_name: run timeout: 0 duration: None cls:
2019-07-22 08:02:21.811 4355 INFO rally.task.runner [-] Task 178be2ae-261a-4f55-b96d-78bd0d35caaf | ITER: 2 START
2019-07-22 08:02:21.810 4354 INFO rally.task.runner [-] Task 178be2ae-261a-4f55-b96d-78bd0d35caaf | ITER: 1 START
2019-07-22 08:02:21.811 4357 INFO rally.task.runner [-] Task 178be2ae-261a-4f55-b96d-78bd0d35caaf | ITER: 3 START
2019-07-22 08:02:21.815 4356 INFO rally.task.runner [-] Task 178be2ae-261a-4f55-b96d-78bd0d35caaf | ITER: 4 START
2019-07-22 08:02:25.878 4354 RALLYDEBUG rally.task.utils [-] Waiting for resource s_rally_ac37eeda_27D2ppVq. Status changed: CREATING => DOWNLOADING in 0.754814147949
2019-07-22 08:02:25.947 4355 RALLYDEBUG rally.task.utils [-] Waiting for resource s_rally_ac37eeda_2SySyLRy. Status changed: CREATING => DOWNLOADING in 0.740453958511
2019-07-22 08:02:27.947 4357 RALLYDEBUG rally.task.utils [-] Waiting for resource s_rally_ac37eeda_OlDmohJd. Status changed: DOWNLOADING => AVAILABLE in 2.7446000576
2019-07-22 08:02:28.201 4355 RALLYDEBUG rally.task.utils [-] Waiting for resource s_rally_ac37eeda_2SySyLRy. Status changed: DOWNLOADING => AVAILABLE in 2.25414705276
2019-07-22 08:02:28.227 4354 RALLYDEBUG rally.task.utils [-] Waiting for resource s_rally_ac37eeda_27D2ppVq. Status changed: DOWNLOADING => AVAILABLE in 2.34877300262
2019-07-22 08:02:28.243 4356 RALLYDEBUG rally.task.utils [-] Waiting for resource s_rally_ac37eeda_CYDR2pBl. Status changed: CREATING => DOWNLOADING in 3.11574101448
2019-07-22 08:02:28.281 4357 RALLYDEBUG rally.task.utils [-] Waiting for resource s_rally_ac37eeda_OlDmohJd. Status changed: AVAILABLE => DELETING in 0.057569026947
2019-07-22 08:02:28.796 4354 RALLYDEBUG rally.task.utils [-] Waiting for resource s_rally_ac37eeda_27D2ppVq. Status changed: AVAILABLE => DELETING in 0.277848005295
2019-07-22 08:02:28.861 4355 RALLYDEBUG rally.task.utils [-] Waiting for resource s_rally_ac37eeda_2SySyLRy. Status changed: AVAILABLE => DELETING in 0.294698953629
2019-07-22 08:02:30.321 4357 INFO rally.task.runner [-] Task 178be2ae-261a-4f55-b96d-78bd0d35caaf | ITER: 3 END: OK
2019-07-22 08:02:30.327 4357 INFO rally.task.runner [-] Task 178be2ae-261a-4f55-b96d-78bd0d35caaf | ITER: 5 START
2019-07-22 08:02:30.573 4356 RALLYDEBUG rally.task.utils [-] Waiting for resource s_rally_ac37eeda_CYDR2pBl. Status changed: DOWNLOADING => AVAILABLE in 2.33077096939
2019-07-22 08:02:30.836 4354 INFO rally.task.runner [-] Task 178be2ae-261a-4f55-b96d-78bd0d35caaf | ITER: 1 END: OK
2019-07-22 08:02:30.843 4354 INFO rally.task.runner [-] Task 178be2ae-261a-4f55-b96d-78bd0d35caaf | ITER: 6 START
2019-07-22 08:02:31.108 4356 INFO rally.task.runner [-] Task 178be2ae-261a-4f55-b96d-78bd0d35caaf | ITER: 4 END: OK
2019-07-22 08:02:31.114 4356 INFO rally.task.runner [-] Task 178be2ae-261a-4f55-b96d-78bd0d35caaf | ITER: 7 START
2019-07-22 08:02:31.340 4355 INFO rally.task.runner [-] Task 178be2ae-261a-4f55-b96d-78bd0d35caaf | ITER: 2 END: OK
2019-07-22 08:02:31.345 4355 INFO rally.task.runner [-] Task 178be2ae-261a-4f55-b96d-78bd0d35caaf | ITER: 8 START
2019-07-22 08:02:36.596 4357 RALLYDEBUG rally.task.utils [-] Waiting for resource s_rally_ac37eeda_ADX6yaAL. Status changed: DOWNLOADING => AVAILABLE in 2.99849081039
2019-07-22 08:02:36.898 4357 RALLYDEBUG rally.task.utils [-] Waiting for resource s_rally_ac37eeda_ADX6yaAL. Status changed: AVAILABLE => DELETING in 0.235102891922
2019-07-22 08:02:36.941 4354 RALLYDEBUG rally.task.utils [-] Waiting for resource s_rally_ac37eeda_BE4HQjVB. Status changed: DOWNLOADING => AVAILABLE in 2.68373203278
2019-07-22 08:02:37.455 4356 RALLYDEBUG rally.task.utils [-] Waiting for resource s_rally_ac37eeda_DxYoMTib. Status changed: DOWNLOADING => AVAILABLE in 3.01719713211
2019-07-22 08:02:37.461 4354 RALLYDEBUG rally.task.utils [-] Waiting for resource s_rally_ac37eeda_BE4HQjVB. Status changed: AVAILABLE => DELETING in 0.267277002335
2019-07-22 08:02:37.708 4355 RALLYDEBUG rally.task.utils [-] Waiting for resource s_rally_ac37eeda_EWxUYK0c. Status changed: CREATING => DOWNLOADING in 3.07169103622
2019-07-22 08:02:37.780 4356 RALLYDEBUG rally.task.utils [-] Waiting for resource s_rally_ac37eeda_DxYoMTib. Status changed: AVAILABLE => DELETING in 0.0554230213165
2019-07-22 08:02:39.121 4357 INFO rally.task.runner [-] Task 178be2ae-261a-4f55-b96d-78bd0d35caaf | ITER: 5 END: OK
2019-07-22 08:02:39.126 4357 INFO rally.task.runner [-] Task 178be2ae-261a-4f55-b96d-78bd0d35caaf | ITER: 9 START
2019-07-22 08:02:39.763 4354 INFO rally.task.runner [-] Task 178be2ae-261a-4f55-b96d-78bd0d35caaf | ITER: 6 END: OK
2019-07-22 08:02:39.768 4354 INFO rally.task.runner [-] Task 178be2ae-261a-4f55-b96d-78bd0d35caaf | ITER: 10 START
2019-07-22 08:02:40.080 4355 RALLYDEBUG rally.task.utils [-] Waiting for resource s_rally_ac37eeda_EWxUYK0c. Status changed: DOWNLOADING => AVAILABLE in 2.37135696411
2019-07-22 08:02:40.091 4356 INFO rally.task.runner [-] Task 178be2ae-261a-4f55-b96d-78bd0d35caaf | ITER: 7 END: OK
2019-07-22 08:02:40.517 4355 INFO rally.task.runner [-] Task 178be2ae-261a-4f55-b96d-78bd0d35caaf | ITER: 8 END: OK
2019-07-22 08:02:45.306 4357 RALLYDEBUG rally.task.utils [-] Waiting for resource s_rally_ac37eeda_LdmxG9fV. Status changed: DOWNLOADING => AVAILABLE in 2.89665007591
2019-07-22 08:02:45.433 4357 RALLYDEBUG rally.task.utils [-] Waiting for resource s_rally_ac37eeda_LdmxG9fV. Status changed: AVAILABLE => DELETING in 0.0549829006195
2019-07-22 08:02:45.658 4354 RALLYDEBUG rally.task.utils [-] Waiting for resource s_rally_ac37eeda_Duq3MckP. Status changed: DOWNLOADING => AVAILABLE in 2.66247320175
2019-07-22 08:02:46.294 4354 INFO rally.task.runner [-] Task 178be2ae-261a-4f55-b96d-78bd0d35caaf | ITER: 10 END: OK
2019-07-22 08:02:47.664 4357 INFO rally.task.runner [-] Task 178be2ae-261a-4f55-b96d-78bd0d35caaf | ITER: 9 END: OK
2019-07-22 08:02:47.688 1842 INFO rally.task.context [-] Task 178be2ae-261a-4f55-b96d-78bd0d35caaf | Context cleanup@openstack cleanup() started
2019-07-22 08:02:47.690 1842 RALLYDEBUG rally_openstack.cleanup.manager [-] Cleaning up cinder backups objects
2019-07-22 08:02:49.712 1842 RALLYDEBUG rally_openstack.cleanup.manager [-] Cleaning up cinder volume_snapshots objects
2019-07-22 08:02:51.638 1842 RALLYDEBUG rally_openstack.cleanup.manager [-] Cleaning up cinder transfers objects
2019-07-22 08:02:53.658 1842 RALLYDEBUG rally_openstack.cleanup.manager [-] Cleaning up cinder volumes objects
2019-07-22 08:02:55.754 1842 INFO rally.task.context [-] Task 178be2ae-261a-4f55-b96d-78bd0d35caaf | Context cleanup@openstack cleanup() finished in 8.07 sec
2019-07-22 08:02:55.755 1842 INFO rally.task.context [-] Task 178be2ae-261a-4f55-b96d-78bd0d35caaf | Context quotas@openstack cleanup() started
2019-07-22 08:02:56.400 1842 INFO rally.task.context [-] Task 178be2ae-261a-4f55-b96d-78bd0d35caaf | Context quotas@openstack cleanup() finished in 0.65 sec
2019-07-22 08:02:56.401 1842 INFO rally.task.context [-] Task 178be2ae-261a-4f55-b96d-78bd0d35caaf | Context api_versions@openstack cleanup() started
2019-07-22 08:02:56.401 1842 INFO rally.task.context [-] Task 178be2ae-261a-4f55-b96d-78bd0d35caaf | Context api_versions@openstack cleanup() finished in 0.33 msec
2019-07-22 08:02:56.401 1842 INFO rally.task.context [-] Task 178be2ae-261a-4f55-b96d-78bd0d35caaf | Context users@openstack cleanup() started
2019-07-22 08:03:03.618 1842 INFO rally.task.context [-] Task 178be2ae-261a-4f55-b96d-78bd0d35caaf | Context users@openstack cleanup() finished in 7.22 sec
2019-07-22 08:03:04.713 1842 INFO rally.task.engine [-] Load duration is: 25.850505
2019-07-22 08:03:04.714 1842 INFO rally.task.engine [-] Full runner duration is: 25.899601
2019-07-22 08:03:04.714 1842 INFO rally.task.engine [-] Full duration is: 49.102795
2019-07-22 08:03:04.898 1842 INFO rally.task.engine [-] Running workload: position = 2 config = { "version": 2, "title": "A cropped version of a bigger task.", "description": "Auto-generated task from a single workload (uuid=a7686637-6b1e-4ea5-a7e9-a424bfe908bd)", "subtasks": [ { "title": "CinderVolumes.create_and_delete_volume", "description": "Create and then delete a volume.", "scenario": { "CinderVolumes.create_and_delete_volume": { "size": 1 } }, "contexts": { "users": { "tenants": 3, "users_per_tenant": 2 }, "quotas": { "cinder": { "gigabytes": -1, "snapshots": -1, "volumes": -1 } }, "api_versions": { "cinder": { "version": 3, "service_type": "volumev3" } } }, "runner": { "constant": { "concurrency": 4, "times": 10 } }, "hooks": [], "sla": { "failure_rate": { "max": 0 } } } ] }
2019-07-22 08:03:04.920 1842 RALLYDEBUG rally_openstack.contexts.keystone.users [-] Creating 3 tenants using 20 threads
2019-07-22 08:03:06.743 1842 RALLYDEBUG rally_openstack.contexts.keystone.users [-] Creating 6 users using 20 threads
2019-07-22 08:03:09.295 1842 INFO rally.task.context [-] Task 178be2ae-261a-4f55-b96d-78bd0d35caaf | Context users@openstack setup() finished in 4.38 sec
2019-07-22 08:03:09.711 1842 INFO rally.task.context [-] Task 178be2ae-261a-4f55-b96d-78bd0d35caaf | Context api_versions@openstack setup() finished in 0.41 sec
2019-07-22 08:03:11.242 1842 INFO rally.task.context [-] Task 178be2ae-261a-4f55-b96d-78bd0d35caaf | Context quotas@openstack setup() finished in 1.53 sec
2019-07-22 08:03:11.242 1842 INFO rally.task.context [-] Task 178be2ae-261a-4f55-b96d-78bd0d35caaf | Context cleanup@openstack setup() finished in 0.01 msec
2019-07-22 08:03:11.250 1842 RALLYDEBUG rally.task.runner [-] Starting the constant runner (task UUID: 178be2ae-261a-4f55-b96d-78bd0d35caaf). timeout: 0 concurrency: 4 concurrency_per_worker: 1 times: 10 concurrency_overhead: 0 processes_to_start: 4 max_cpu_used: 16
2019-07-22 08:03:11.264 4538 RALLYDEBUG rally.task.runner [-] Starting a worker. concurrency: 1 args: {"size": 1} times: 10 method_name: run timeout: 0 duration: None cls:
2019-07-22 08:03:11.266 4539 RALLYDEBUG rally.task.runner [-] Starting a worker. concurrency: 1 args: {"size": 1} times: 10 method_name: run timeout: 0 duration: None cls:
2019-07-22 08:03:11.270 4540 RALLYDEBUG rally.task.runner [-] Starting a worker. concurrency: 1 args: {"size": 1} times: 10 method_name: run timeout: 0 duration: None cls:
2019-07-22 08:03:11.272 4538 INFO rally.task.runner [-] Task 178be2ae-261a-4f55-b96d-78bd0d35caaf | ITER: 1 START
2019-07-22 08:03:11.272 4541 RALLYDEBUG rally.task.runner [-] Starting a worker. concurrency: 1 args: {"size": 1} times: 10 method_name: run timeout: 0 duration: None cls:
2019-07-22 08:03:11.274 4539 INFO rally.task.runner [-] Task 178be2ae-261a-4f55-b96d-78bd0d35caaf | ITER: 2 START
2019-07-22 08:03:11.278 4540 INFO rally.task.runner [-] Task 178be2ae-261a-4f55-b96d-78bd0d35caaf | ITER: 3 START
2019-07-22 08:03:11.280 4541 INFO rally.task.runner [-] Task 178be2ae-261a-4f55-b96d-78bd0d35caaf | ITER: 4 START
2019-07-22 08:03:15.229 4539 RALLYDEBUG rally.task.utils [-] Waiting for resource s_rally_a7686637_1LVY5Pn4. Status changed: AVAILABLE => DELETING in 0.0627019405365
2019-07-22 08:03:15.267 4540 RALLYDEBUG rally.task.utils [-] Waiting for resource s_rally_a7686637_oH5hvLFy. Status changed: AVAILABLE => DELETING in 0.0646359920502
2019-07-22 08:03:15.408 4541 RALLYDEBUG rally.task.utils [-] Waiting for resource s_rally_a7686637_J46OSN6b. Status changed: AVAILABLE => DELETING in 0.272717952728
2019-07-22 08:03:15.641 4538 RALLYDEBUG rally.task.utils [-] Waiting for resource s_rally_a7686637_N5pNEczA. Status changed: AVAILABLE => DELETING in 0.268164157867
2019-07-22 08:03:17.446 4541 INFO rally.task.runner [-] Task 178be2ae-261a-4f55-b96d-78bd0d35caaf | ITER: 4 END: OK
2019-07-22 08:03:17.452 4541 INFO rally.task.runner [-] Task 178be2ae-261a-4f55-b96d-78bd0d35caaf | ITER: 5 START
2019-07-22 08:03:17.474 4539 INFO rally.task.runner [-] Task 178be2ae-261a-4f55-b96d-78bd0d35caaf | ITER: 2 END: OK
2019-07-22 08:03:17.479 4539 INFO rally.task.runner [-] Task 178be2ae-261a-4f55-b96d-78bd0d35caaf | ITER: 6 START
2019-07-22 08:03:17.523 4540 INFO rally.task.runner [-] Task 178be2ae-261a-4f55-b96d-78bd0d35caaf | ITER: 3 END: OK
2019-07-22 08:03:17.528 4540 INFO rally.task.runner [-] Task 178be2ae-261a-4f55-b96d-78bd0d35caaf | ITER: 7 START
2019-07-22 08:03:17.688 4538 INFO rally.task.runner [-] Task 178be2ae-261a-4f55-b96d-78bd0d35caaf | ITER: 1 END: OK
2019-07-22 08:03:17.693 4538 INFO rally.task.runner [-] Task 178be2ae-261a-4f55-b96d-78bd0d35caaf | ITER: 8 START
2019-07-22 08:03:21.193 4541 INFO rally.task.runner [-] Task 178be2ae-261a-4f55-b96d-78bd0d35caaf | ITER: 5 END: OK
2019-07-22 08:03:21.199 4541 INFO rally.task.runner [-] Task 178be2ae-261a-4f55-b96d-78bd0d35caaf | ITER: 9 START
2019-07-22 08:03:21.372 4540 RALLYDEBUG rally.task.utils [-] Waiting for resource s_rally_a7686637_fDAC4ZZJ. Status changed: AVAILABLE => DELETING in 0.274829149246
2019-07-22 08:03:21.557 4538 RALLYDEBUG rally.task.utils [-] Waiting for resource s_rally_a7686637_VG65BIyQ. Status changed: AVAILABLE => DELETING in 0.279522895813
2019-07-22 08:03:21.845 4539 RALLYDEBUG rally.task.utils [-] Waiting for resource s_rally_a7686637_TM4fgNeR. Status changed: AVAILABLE => DELETING in 0.263192892075
2019-07-22 08:03:23.414 4540 INFO rally.task.runner [-] Task 178be2ae-261a-4f55-b96d-78bd0d35caaf | ITER: 7 END: OK
2019-07-22 08:03:23.419 4540 INFO rally.task.runner [-] Task 178be2ae-261a-4f55-b96d-78bd0d35caaf | ITER: 10 START
2019-07-22 08:03:23.780 4538 INFO rally.task.runner [-] Task 178be2ae-261a-4f55-b96d-78bd0d35caaf | ITER: 8 END: OK
2019-07-22 08:03:24.203 4539 INFO rally.task.runner [-] Task 178be2ae-261a-4f55-b96d-78bd0d35caaf | ITER: 6 END: OK
2019-07-22 08:03:25.153 4541 INFO rally.task.runner [-] Task 178be2ae-261a-4f55-b96d-78bd0d35caaf | ITER: 9 END: OK
2019-07-22 08:03:27.444 4540 INFO rally.task.runner [-] Task 178be2ae-261a-4f55-b96d-78bd0d35caaf | ITER: 10 END: OK
2019-07-22 08:03:27.472 1842 INFO rally.task.context [-] Task 178be2ae-261a-4f55-b96d-78bd0d35caaf | Context cleanup@openstack cleanup() started
2019-07-22 08:03:27.475 1842 RALLYDEBUG rally_openstack.cleanup.manager [-] Cleaning up cinder backups objects
2019-07-22 08:03:29.448 1842 RALLYDEBUG rally_openstack.cleanup.manager [-] Cleaning up cinder volume_snapshots objects
2019-07-22 08:03:31.303 1842 RALLYDEBUG rally_openstack.cleanup.manager [-] Cleaning up cinder transfers objects
2019-07-22 08:03:33.244 1842 RALLYDEBUG rally_openstack.cleanup.manager [-] Cleaning up cinder volumes objects
2019-07-22 08:03:35.305 1842 INFO rally.task.context [-] Task 178be2ae-261a-4f55-b96d-78bd0d35caaf | Context cleanup@openstack cleanup() finished in 7.83 sec
2019-07-22 08:03:35.306 1842 INFO rally.task.context [-] Task 178be2ae-261a-4f55-b96d-78bd0d35caaf | Context quotas@openstack cleanup() started
2019-07-22 08:03:35.754 1842 INFO rally.task.context [-] Task 178be2ae-261a-4f55-b96d-78bd0d35caaf | Context quotas@openstack cleanup() finished in 0.45 sec
2019-07-22 08:03:35.755 1842 INFO rally.task.context [-] Task 178be2ae-261a-4f55-b96d-78bd0d35caaf | Context api_versions@openstack cleanup() started
2019-07-22 08:03:35.755 1842 INFO rally.task.context [-] Task 178be2ae-261a-4f55-b96d-78bd0d35caaf | Context api_versions@openstack cleanup() finished in 0.30 msec
2019-07-22 08:03:35.755 1842 INFO rally.task.context [-] Task 178be2ae-261a-4f55-b96d-78bd0d35caaf | Context users@openstack cleanup() started
2019-07-22 08:03:42.626 1842 INFO rally.task.context [-] Task 178be2ae-261a-4f55-b96d-78bd0d35caaf | Context users@openstack cleanup() finished in 6.87 sec
2019-07-22 08:03:43.093 1842 INFO rally.task.engine [-] Load duration is: 16.166743
2019-07-22 08:03:43.093 1842 INFO rally.task.engine [-] Full runner duration is: 16.222427
2019-07-22 08:03:43.093 1842 INFO rally.task.engine [-] Full duration is: 37.708752
2019-07-22 08:03:43.388 1842 INFO rally.task.engine [-] Running workload: position = 0 config = { "version": 2, "title": "A cropped version of a bigger task.", "description": "Auto-generated task from a single workload (uuid=da0fc64c-65a4-4311-9cae-1cd07fcbcc3b)", "subtasks": [ { "title": "CinderVolumes.create_and_extend_volume", "description": "Create and extend a volume and then delete it.", "scenario": { "CinderVolumes.create_and_extend_volume": { "new_size": 2, "size": 1 } }, "contexts": { "users": { "tenants": 3, "users_per_tenant": 2 }, "quotas": { "cinder": { "gigabytes": -1, "snapshots": -1, "volumes": -1 } }, "api_versions": { "cinder": { "version": 3, "service_type": "volumev3" } } }, "runner": { "constant": { "concurrency": 4, "times": 10 } }, "hooks": [], "sla": { "failure_rate": { "max": 0 } } } ] }
2019-07-22 08:03:43.414 1842 RALLYDEBUG rally_openstack.contexts.keystone.users [-] Creating 3 tenants using 20 threads
2019-07-22 08:03:45.296 1842 RALLYDEBUG rally_openstack.contexts.keystone.users [-] Creating 6 users using 20 threads
2019-07-22 08:03:48.158 1842 INFO rally.task.context [-] Task 178be2ae-261a-4f55-b96d-78bd0d35caaf | Context users@openstack setup() finished in 4.74 sec
2019-07-22 08:03:48.574 1842 INFO rally.task.context [-] Task 178be2ae-261a-4f55-b96d-78bd0d35caaf | Context api_versions@openstack setup() finished in 0.42 sec
2019-07-22 08:03:50.101 1842 INFO rally.task.context [-] Task 178be2ae-261a-4f55-b96d-78bd0d35caaf | Context quotas@openstack setup() finished in 1.53 sec
2019-07-22 08:03:50.101 1842 INFO rally.task.context [-] Task 178be2ae-261a-4f55-b96d-78bd0d35caaf | Context cleanup@openstack setup() finished in 0.01 msec
2019-07-22 08:03:50.109 1842 RALLYDEBUG rally.task.runner [-] Starting the constant runner (task UUID: 178be2ae-261a-4f55-b96d-78bd0d35caaf). timeout: 0 concurrency: 4 concurrency_per_worker: 1 times: 10 concurrency_overhead: 0 processes_to_start: 4 max_cpu_used: 16
2019-07-22 08:03:50.122 4722 RALLYDEBUG rally.task.runner [-] Starting a worker. concurrency: 1 args: {"new_size": 2, "size": 1} times: 10 method_name: run timeout: 0 duration: None cls:
2019-07-22 08:03:50.125 4723 RALLYDEBUG rally.task.runner [-] Starting a worker. concurrency: 1 args: {"new_size": 2, "size": 1} times: 10 method_name: run timeout: 0 duration: None cls:
2019-07-22 08:03:50.128 4724 RALLYDEBUG rally.task.runner [-] Starting a worker. concurrency: 1 args: {"new_size": 2, "size": 1} times: 10 method_name: run timeout: 0 duration: None cls:
2019-07-22 08:03:50.130 4722 INFO rally.task.runner [-] Task 178be2ae-261a-4f55-b96d-78bd0d35caaf | ITER: 1 START
2019-07-22 08:03:50.131 4725 RALLYDEBUG rally.task.runner [-] Starting a worker. concurrency: 1 args: {"new_size": 2, "size": 1} times: 10 method_name: run timeout: 0 duration: None cls:
2019-07-22 08:03:50.133 4723 INFO rally.task.runner [-] Task 178be2ae-261a-4f55-b96d-78bd0d35caaf | ITER: 2 START
2019-07-22 08:03:50.135 4724 INFO rally.task.runner [-] Task 178be2ae-261a-4f55-b96d-78bd0d35caaf | ITER: 3 START
2019-07-22 08:03:50.138 4725 INFO rally.task.runner [-] Task 178be2ae-261a-4f55-b96d-78bd0d35caaf | ITER: 4 START
2019-07-22 08:03:54.771 4722 RALLYDEBUG rally.task.utils [-] Waiting for resource s_rally_da0fc64c_Ka8nAR6t. Status changed: AVAILABLE => DELETING in 0.0643858909607
2019-07-22 08:03:54.783 4725 RALLYDEBUG rally.task.utils [-] Waiting for resource s_rally_da0fc64c_ax2JRWKS. Status changed: AVAILABLE => DELETING in 0.246017932892
2019-07-22 08:03:54.807 4724 RALLYDEBUG rally.task.utils [-] Waiting for resource s_rally_da0fc64c_sienqFyC. Status changed: AVAILABLE => DELETING in 0.275350093842
2019-07-22 08:03:55.095 4723 RALLYDEBUG rally.task.utils [-] Waiting for resource s_rally_da0fc64c_yjn0dehN. Status changed: AVAILABLE => DELETING in 0.244108915329
2019-07-22 08:03:56.847 4724 INFO rally.task.runner [-] Task 178be2ae-261a-4f55-b96d-78bd0d35caaf | ITER: 3 END: OK
2019-07-22 08:03:56.852 4724 INFO rally.task.runner [-] Task 178be2ae-261a-4f55-b96d-78bd0d35caaf | ITER: 5 START
2019-07-22 08:03:57.030 4725 INFO rally.task.runner [-] Task 178be2ae-261a-4f55-b96d-78bd0d35caaf | ITER: 4 END: OK
2019-07-22 08:03:57.030 4722 INFO rally.task.runner [-] Task 178be2ae-261a-4f55-b96d-78bd0d35caaf | ITER: 1 END: OK
2019-07-22 08:03:57.035 4725 INFO rally.task.runner [-] Task 178be2ae-261a-4f55-b96d-78bd0d35caaf | ITER: 7 START
2019-07-22 08:03:57.035 4722 INFO rally.task.runner [-] Task 178be2ae-261a-4f55-b96d-78bd0d35caaf | ITER: 6 START
2019-07-22 08:03:57.133 4723 INFO rally.task.runner [-] Task 178be2ae-261a-4f55-b96d-78bd0d35caaf | ITER: 2 END: OK
2019-07-22 08:03:57.138 4723 INFO rally.task.runner [-] Task 178be2ae-261a-4f55-b96d-78bd0d35caaf | ITER: 8 START
2019-07-22 08:04:01.311 4724 RALLYDEBUG rally.task.utils [-] Waiting for resource s_rally_da0fc64c_uiFVoApg. Status changed: AVAILABLE => DELETING in 0.314352989197
2019-07-22 08:04:01.351 4723 RALLYDEBUG rally.task.utils [-] Waiting for resource s_rally_da0fc64c_XhnRop6J. Status changed: AVAILABLE => EXTENDING in 0.282758951187
2019-07-22 08:04:01.410 4722 RALLYDEBUG rally.task.utils [-] Waiting for resource s_rally_da0fc64c_almj1zqJ. Status changed: AVAILABLE => DELETING in 0.294848918915
2019-07-22 08:04:01.482 4725 RALLYDEBUG rally.task.utils [-] Waiting for resource s_rally_da0fc64c_sF55ekSe. Status changed: AVAILABLE => DELETING in 0.267163038254
2019-07-22 08:04:03.446 4722 INFO rally.task.runner [-] Task 178be2ae-261a-4f55-b96d-78bd0d35caaf | ITER: 6 END: OK
2019-07-22 08:04:03.451 4722 INFO rally.task.runner [-] Task 178be2ae-261a-4f55-b96d-78bd0d35caaf | ITER: 9 START
2019-07-22 08:04:03.528 4724 INFO rally.task.runner [-] Task 178be2ae-261a-4f55-b96d-78bd0d35caaf | ITER: 5 END: OK
2019-07-22 08:04:03.534 4724 INFO rally.task.runner [-] Task 178be2ae-261a-4f55-b96d-78bd0d35caaf | ITER: 10 START
2019-07-22 08:04:03.596 4723 RALLYDEBUG rally.task.utils [-] Waiting for resource s_rally_da0fc64c_XhnRop6J. Status changed: EXTENDING => AVAILABLE in 2.24463009834
2019-07-22 08:04:03.712 4725 INFO rally.task.runner [-] Task 178be2ae-261a-4f55-b96d-78bd0d35caaf | ITER: 7 END: OK
2019-07-22 08:04:03.895 4723 INFO rally.task.runner [-] Task 178be2ae-261a-4f55-b96d-78bd0d35caaf | ITER: 8 END: OK
2019-07-22 08:04:07.737 4722 RALLYDEBUG rally.task.utils [-] Waiting for resource s_rally_da0fc64c_aJbIG3Nq. Status changed: AVAILABLE => DELETING in 0.0596740245819
2019-07-22 08:04:07.987 4724 RALLYDEBUG rally.task.utils [-] Waiting for resource s_rally_da0fc64c_mjPQefsE. Status changed: AVAILABLE => DELETING in 0.23787689209
2019-07-22 08:04:10.023 4724 INFO rally.task.runner [-] Task 178be2ae-261a-4f55-b96d-78bd0d35caaf | ITER: 10 END: OK
2019-07-22 08:04:10.074 4722 INFO rally.task.runner [-] Task 178be2ae-261a-4f55-b96d-78bd0d35caaf | ITER: 9 END: OK
2019-07-22 08:04:10.099 1842 INFO rally.task.context [-] Task 178be2ae-261a-4f55-b96d-78bd0d35caaf | Context cleanup@openstack cleanup() started
2019-07-22 08:04:10.102 1842 RALLYDEBUG rally_openstack.cleanup.manager [-] Cleaning up cinder backups objects
2019-07-22 08:04:12.028 1842 RALLYDEBUG rally_openstack.cleanup.manager [-] Cleaning up cinder volume_snapshots objects
2019-07-22 08:04:13.999 1842 RALLYDEBUG rally_openstack.cleanup.manager [-] Cleaning up cinder transfers objects
2019-07-22 08:04:15.963 1842 RALLYDEBUG rally_openstack.cleanup.manager [-] Cleaning up cinder volumes objects
2019-07-22 08:04:17.969 1842 INFO rally.task.context [-] Task 178be2ae-261a-4f55-b96d-78bd0d35caaf | Context cleanup@openstack cleanup() finished in 7.87 sec
2019-07-22 08:04:17.969 1842 INFO rally.task.context [-] Task 178be2ae-261a-4f55-b96d-78bd0d35caaf | Context quotas@openstack cleanup() started
2019-07-22 08:04:18.792 1842 INFO rally.task.context [-] Task 178be2ae-261a-4f55-b96d-78bd0d35caaf | Context quotas@openstack cleanup() finished in 0.82 sec
2019-07-22 08:04:18.793 1842 INFO rally.task.context [-] Task 178be2ae-261a-4f55-b96d-78bd0d35caaf | Context api_versions@openstack cleanup() started
2019-07-22 08:04:18.793 1842 INFO rally.task.context [-] Task 178be2ae-261a-4f55-b96d-78bd0d35caaf | Context api_versions@openstack cleanup() finished in 0.28 msec
2019-07-22 08:04:18.793 1842 INFO rally.task.context [-] Task 178be2ae-261a-4f55-b96d-78bd0d35caaf | Context users@openstack cleanup() started
2019-07-22 08:04:26.058 1842 INFO rally.task.context [-] Task 178be2ae-261a-4f55-b96d-78bd0d35caaf | Context users@openstack cleanup() finished in 7.27 sec
2019-07-22 08:04:27.609 1842 INFO rally.task.engine [-] Load duration is: 19.939537
2019-07-22 08:04:27.609 1842 INFO rally.task.engine [-] Full runner duration is: 19.99105
2019-07-22 08:04:27.609 1842 INFO rally.task.engine [-] Full duration is: 42.64921
2019-07-22 08:04:27.905 1842 INFO rally.task.engine [-] Running workload: position = 0 config = { "version": 2, "title": "A cropped version of a bigger task.", "description": "Auto-generated task from a single workload (uuid=b61bfa1b-912c-4da2-8687-9c0029e395f4)", "subtasks": [ { "title": "CinderVolumes.create_from_volume_and_delete_volume", "description": "Create volume from volume and then delete it.", "scenario": { "CinderVolumes.create_from_volume_and_delete_volume": { "size": 1 } }, "contexts": { "users": { "tenants": 3, "users_per_tenant": 2 }, "quotas": { "cinder": { "gigabytes": -1, "snapshots": -1, "volumes": -1 } }, "api_versions": { "cinder": { "version": 3, "service_type": "volumev3" } }, "volumes": { "size": 1, "volumes_per_tenant": 1 } }, "runner": { "constant": { "concurrency": 4, "times": 10 } }, "hooks": [], "sla": { "failure_rate": { "max": 0 } } } ] }
2019-07-22 08:04:27.930 1842 RALLYDEBUG rally_openstack.contexts.keystone.users [-] Creating 3 tenants using 20 threads
2019-07-22 08:04:29.739 1842 RALLYDEBUG rally_openstack.contexts.keystone.users [-] Creating 6 users using 20 threads
