2019-07-22 07:37:49.657 7 RALLYDEBUG rally.api [-] INFO logs from urllib3 and requests module are hide.
2019-07-22 07:37:49.657 7 RALLYDEBUG rally.api [-] urllib3 insecure warnings are hidden.
2019-07-22 07:37:49.657 7 RALLYDEBUG rally.api [-] ERROR log from boto module is hide.
2019-07-22 07:37:50.862 7 ERROR rally.cli.cliutils [-] Unexpected exception in CLI: DBRecordNotFound: Record for uuid or name is opnfv-rally not found in table envs
2019-07-22 07:37:50.862 7 ERROR rally.cli.cliutils
Traceback (most recent call last):
2019-07-22 07:37:50.862 7 ERROR rally.cli.cliutils
File "/usr/lib/python2.7/site-packages/rally/cli/cliutils.py", line 674, in run
2019-07-22 07:37:50.862 7 ERROR rally.cli.cliutils ret = fn(*fn_args, **fn_kwargs)
2019-07-22 07:37:50.862 7 ERROR rally.cli.cliutils File "", line 2, in destroy
2019-07-22 07:37:50.862 7 ERROR rally.cli.cliutils
File "/usr/lib/python2.7/site-packages/rally/cli/envutils.py", line 69, in default_from_global
2019-07-22 07:37:50.862 7 ERROR rally.cli.cliutils return f(*args, **kwargs)
2019-07-22 07:37:50.862 7 ERROR rally.cli.cliutils File "", line 2, in destroy
2019-07-22 07:37:50.862 7 ERROR rally.cli.cliutils
File "/usr/lib/python2.7/site-packages/rally/plugins/__init__.py", line 51, in ensure_plugins_are_loaded
2019-07-22 07:37:50.862 7 ERROR rally.cli.cliutils return f(*args, **kwargs)
2019-07-22 07:37:50.862 7 ERROR rally.cli.cliutils
File "/usr/lib/python2.7/site-packages/rally/cli/commands/deployment.py", line 140, in destroy
2019-07-22 07:37:50.862 7 ERROR rally.cli.cliutils api.deployment.destroy(deployment=deployment)
2019-07-22 07:37:50.862 7 ERROR rally.cli.cliutils
File "/usr/lib/python2.7/site-packages/rally/api.py", line 115, in destroy
2019-07-22 07:37:50.862 7 ERROR rally.cli.cliutils deploy = objects.Deployment.get(deployment)
2019-07-22 07:37:50.862 7 ERROR rally.cli.cliutils
File "/usr/lib/python2.7/site-packages/rally/common/objects/deploy.py", line 124, in get
2019-07-22 07:37:50.862 7 ERROR rally.cli.cliutils return Deployment(env_mgr.EnvManager.get(deploy))
2019-07-22 07:37:50.862 7 ERROR rally.cli.cliutils
File "/usr/lib/python2.7/site-packages/rally/env/env_mgr.py", line 212, in get
2019-07-22 07:37:50.862 7 ERROR rally.cli.cliutils return cls(db.env_get(uuid_or_name))
2019-07-22 07:37:50.862 7 ERROR rally.cli.cliutils
File "/usr/lib/python2.7/site-packages/rally/common/db/api.py", line 135, in wrapper
2019-07-22 07:37:50.862 7 ERROR rally.cli.cliutils result = f(session, *args, **kwargs)
2019-07-22 07:37:50.862 7 ERROR rally.cli.cliutils
File "/usr/lib/python2.7/site-packages/rally/common/db/api.py", line 521, in env_get
2019-07-22 07:37:50.862 7 ERROR rally.cli.cliutils criteria="uuid or name is %s" % uuid_or_name, table="envs")
2019-07-22 07:37:50.862 7 ERROR rally.cli.cliutils DBRecordNotFound: Record for uuid or name is opnfv-rally not found in table envs
2019-07-22 07:37:50.862 7 ERROR rally.cli.cliutils
2019-07-22 07:37:51.656 9 RALLYDEBUG rally.api [-] INFO logs from urllib3 and requests module are hide.
2019-07-22 07:37:51.656 9 RALLYDEBUG rally.api [-] urllib3 insecure warnings are hidden.
2019-07-22 07:37:51.656 9 RALLYDEBUG rally.api [-] ERROR log from boto module is hide.
2019-07-22 07:37:52.970 9 WARNING rally_openstack.platforms.existing [-] endpoint is deprecated and not used.
2019-07-22 07:37:53.996 11 RALLYDEBUG rally.api [-] INFO logs from urllib3 and requests module are hide.
2019-07-22 07:37:53.996 11 RALLYDEBUG rally.api [-] urllib3 insecure warnings are hidden.
2019-07-22 07:37:53.997 11 RALLYDEBUG rally.api [-] ERROR log from boto module is hide.
2019-07-22 07:37:57.215 14 RALLYDEBUG rally.api [-] INFO logs from urllib3 and requests module are hide.
2019-07-22 07:37:57.215 14 RALLYDEBUG rally.api [-] urllib3 insecure warnings are hidden.
2019-07-22 07:37:57.215 14 RALLYDEBUG rally.api [-] ERROR log from boto module is hide.
2019-07-22 07:37:58.492 16 RALLYDEBUG rally.api [-] INFO logs from urllib3 and requests module are hide.
2019-07-22 07:37:58.492 16 RALLYDEBUG rally.api [-] urllib3 insecure warnings are hidden.
2019-07-22 07:37:58.492 16 RALLYDEBUG rally.api [-] ERROR log from boto module is hide.
2019-07-22 07:37:59.970 16 INFO rally.task.engine [-] Task 53df0da2-8a6c-41a7-b662-0e72aec4764d | Starting: Task validation.
2019-07-22 07:38:00.006 16 INFO rally.task.engine [-] Task 53df0da2-8a6c-41a7-b662-0e72aec4764d | Starting: Task validation of syntax.
2019-07-22 07:38:00.092 16 INFO rally.task.engine [-] Task 53df0da2-8a6c-41a7-b662-0e72aec4764d | Completed: Task validation of syntax.
2019-07-22 07:38:00.093 16 INFO rally.task.engine [-] Task 53df0da2-8a6c-41a7-b662-0e72aec4764d | Starting: Task validation of required platforms.
2019-07-22 07:38:00.137 16 INFO rally.task.engine [-] Task 53df0da2-8a6c-41a7-b662-0e72aec4764d | Completed: Task validation of required platforms.
2019-07-22 07:38:00.137 16 INFO rally.task.engine [-] Task 53df0da2-8a6c-41a7-b662-0e72aec4764d | Starting: Task validation of semantic.
2019-07-22 07:38:00.137 16 INFO rally.task.engine [-] Check health of the environment 'fbdf5de9-1ccc-486b-97b6-50a1f1e11490'.
2019-07-22 07:38:00.956 16 INFO rally.task.engine [-] Platform existing@openstack (available: True): OK!
2019-07-22 07:38:00.974 16 RALLYDEBUG rally_openstack.contexts.keystone.users [-] Creating 1 tenants using 20 threads
2019-07-22 07:38:02.754 16 RALLYDEBUG rally_openstack.contexts.keystone.users [-] Creating 1 users using 20 threads
2019-07-22 07:38:05.215 16 INFO rally.task.context [-] Task 53df0da2-8a6c-41a7-b662-0e72aec4764d | Context users@openstack setup() finished in 4.24 sec
2019-07-22 07:38:05.260 16 INFO rally.task.context [-] Task 53df0da2-8a6c-41a7-b662-0e72aec4764d | Context users@openstack cleanup() started
2019-07-22 07:38:09.472 16 INFO rally.task.context [-] Task 53df0da2-8a6c-41a7-b662-0e72aec4764d | Context users@openstack cleanup() finished in 4.21 sec
2019-07-22 07:38:09.473 16 INFO rally.task.engine [-] Task 53df0da2-8a6c-41a7-b662-0e72aec4764d | Completed: Task validation of semantic.
2019-07-22 07:38:09.473 16 INFO rally.task.engine [-] Task 53df0da2-8a6c-41a7-b662-0e72aec4764d | Completed: Task validation.
2019-07-22 07:38:09.474 16 INFO rally.api [-] Task 53df0da2-8a6c-41a7-b662-0e72aec4764d input file is valid.
2019-07-22 07:38:09.474 16 INFO rally.api [-] Run Task 53df0da2-8a6c-41a7-b662-0e72aec4764d against Deployment fbdf5de9-1ccc-486b-97b6-50a1f1e11490
2019-07-22 07:38:09.474 16 INFO rally.task.engine [-] Task 53df0da2-8a6c-41a7-b662-0e72aec4764d | Starting: Running task.
2019-07-22 07:38:09.632 16 INFO rally.task.engine [-] Running workload: position = 0 config = { "version": 2, "title": "A cropped version of a bigger task.", "description": "Auto-generated task from a single workload (uuid=40f43e3a-df45-470a-bd89-a5e9e37b3ca6)", "subtasks": [ { "title": "Authenticate.keystone", "description": "Check Keystone Client.", "scenario": { "Authenticate.keystone": {} }, "contexts": { "users": { "tenants": 3, "users_per_tenant": 2 } }, "runner": { "constant": { "concurrency": 4, "times": 10 } }, "hooks": [], "sla": { "failure_rate": { "max": 0 } } } ] }
2019-07-22 07:38:09.653 16 RALLYDEBUG rally_openstack.contexts.keystone.users [-] Creating 3 tenants using 20 threads
2019-07-22 07:38:11.479 16 RALLYDEBUG rally_openstack.contexts.keystone.users [-] Creating 6 users using 20 threads
2019-07-22 07:38:14.159 16 INFO rally.task.context [-] Task 53df0da2-8a6c-41a7-b662-0e72aec4764d | Context users@openstack setup() finished in 4.51 sec
2019-07-22 07:38:14.168 16 RALLYDEBUG rally.task.runner [-] Starting the constant runner (task UUID: 53df0da2-8a6c-41a7-b662-0e72aec4764d). timeout: 0 concurrency: 4 concurrency_per_worker: 1 times: 10 concurrency_overhead: 0 processes_to_start: 4 max_cpu_used: 16
2019-07-22 07:38:14.182 140 RALLYDEBUG rally.task.runner [-] Starting a worker. concurrency: 1 args: {} times: 10 method_name: run timeout: 0 duration: None cls:
2019-07-22 07:38:14.184 141 RALLYDEBUG rally.task.runner [-] Starting a worker. concurrency: 1 args: {} times: 10 method_name: run timeout: 0 duration: None cls:
2019-07-22 07:38:14.186 142 RALLYDEBUG rally.task.runner [-] Starting a worker. concurrency: 1 args: {} times: 10 method_name: run timeout: 0 duration: None cls:
2019-07-22 07:38:14.188 140 INFO rally.task.runner [-] Task 53df0da2-8a6c-41a7-b662-0e72aec4764d | ITER: 1 START
2019-07-22 07:38:14.190 142 INFO rally.task.runner [-] Task 53df0da2-8a6c-41a7-b662-0e72aec4764d | ITER: 3 START
2019-07-22 07:38:14.190 141 INFO rally.task.runner [-] Task 53df0da2-8a6c-41a7-b662-0e72aec4764d | ITER: 2 START
2019-07-22 07:38:14.190 143 RALLYDEBUG rally.task.runner [-] Starting a worker. concurrency: 1 args: {} times: 10 method_name: run timeout: 0 duration: None cls:
2019-07-22 07:38:14.196 143 INFO rally.task.runner [-] Task 53df0da2-8a6c-41a7-b662-0e72aec4764d | ITER: 4 START
2019-07-22 07:38:14.840 140 INFO rally.task.runner [-] Task 53df0da2-8a6c-41a7-b662-0e72aec4764d | ITER: 1 END: OK
2019-07-22 07:38:14.844 140 INFO rally.task.runner [-] Task 53df0da2-8a6c-41a7-b662-0e72aec4764d | ITER: 5 START
2019-07-22 07:38:14.848 141 INFO rally.task.runner [-] Task 53df0da2-8a6c-41a7-b662-0e72aec4764d | ITER: 2 END: OK
2019-07-22 07:38:14.853 141 INFO rally.task.runner [-] Task 53df0da2-8a6c-41a7-b662-0e72aec4764d | ITER: 6 START
2019-07-22 07:38:14.857 142 INFO rally.task.runner [-] Task 53df0da2-8a6c-41a7-b662-0e72aec4764d | ITER: 3 END: OK
2019-07-22 07:38:14.861 142 INFO rally.task.runner [-] Task 53df0da2-8a6c-41a7-b662-0e72aec4764d | ITER: 7 START
2019-07-22 07:38:14.998 143 INFO rally.task.runner [-] Task 53df0da2-8a6c-41a7-b662-0e72aec4764d | ITER: 4 END: OK
2019-07-22 07:38:15.003 143 INFO rally.task.runner [-] Task 53df0da2-8a6c-41a7-b662-0e72aec4764d | ITER: 8 START
2019-07-22 07:38:15.470 140 INFO rally.task.runner [-] Task 53df0da2-8a6c-41a7-b662-0e72aec4764d | ITER: 5 END: OK
2019-07-22 07:38:15.474 140 INFO rally.task.runner [-] Task 53df0da2-8a6c-41a7-b662-0e72aec4764d | ITER: 9 START
2019-07-22 07:38:15.476 141 INFO rally.task.runner [-] Task 53df0da2-8a6c-41a7-b662-0e72aec4764d | ITER: 6 END: OK
2019-07-22 07:38:15.479 141 INFO rally.task.runner [-] Task 53df0da2-8a6c-41a7-b662-0e72aec4764d | ITER: 10 START
2019-07-22 07:38:15.482 142 INFO rally.task.runner [-] Task 53df0da2-8a6c-41a7-b662-0e72aec4764d | ITER: 7 END: OK
2019-07-22 07:38:15.615 143 INFO rally.task.runner [-] Task 53df0da2-8a6c-41a7-b662-0e72aec4764d | ITER: 8 END: OK
2019-07-22 07:38:16.056 140 INFO rally.task.runner [-] Task 53df0da2-8a6c-41a7-b662-0e72aec4764d | ITER: 9 END: OK
2019-07-22 07:38:16.067 141 INFO rally.task.runner [-] Task 53df0da2-8a6c-41a7-b662-0e72aec4764d | ITER: 10 END: OK
2019-07-22 07:38:16.093 16 INFO rally.task.context [-] Task 53df0da2-8a6c-41a7-b662-0e72aec4764d | Context users@openstack cleanup() started
2019-07-22 07:38:22.851 16 INFO rally.task.context [-] Task 53df0da2-8a6c-41a7-b662-0e72aec4764d | Context users@openstack cleanup() finished in 6.76 sec
2019-07-22 07:38:23.724 16 INFO rally.task.engine [-] Load duration is: 1.877928
2019-07-22 07:38:23.725 16 INFO rally.task.engine [-] Full runner duration is: 1.92523
2019-07-22 07:38:23.725 16 INFO rally.task.engine [-] Full duration is: 13.200863
2019-07-22 07:38:23.955 16 INFO rally.task.engine [-] Running workload: position = 0 config = { "version": 2, "title": "A cropped version of a bigger task.", "description": "Auto-generated task from a single workload (uuid=0fe7616f-dbcd-4213-a6b3-47feb31064bc)", "subtasks": [ { "title": "Authenticate.validate_cinder", "description": "Check Cinder Client to ensure validation of token.", "scenario": { "Authenticate.validate_cinder": { "repetitions": 2 } }, "contexts": { "users": { "tenants": 3, "users_per_tenant": 2 } }, "runner": { "constant": { "concurrency": 4, "times": 10 } }, "hooks": [], "sla": { "failure_rate": { "max": 0 } } } ] }
2019-07-22 07:38:23.975 16 RALLYDEBUG rally_openstack.contexts.keystone.users [-] Creating 3 tenants using 20 threads
2019-07-22 07:38:25.714 16 RALLYDEBUG rally_openstack.contexts.keystone.users [-] Creating 6 users using 20 threads
2019-07-22 07:38:28.332 16 INFO rally.task.context [-] Task 53df0da2-8a6c-41a7-b662-0e72aec4764d | Context users@openstack setup() finished in 4.36 sec
2019-07-22 07:38:28.339 16 RALLYDEBUG rally.task.runner [-] Starting the constant runner (task UUID: 53df0da2-8a6c-41a7-b662-0e72aec4764d). timeout: 0 concurrency: 4 concurrency_per_worker: 1 times: 10 concurrency_overhead: 0 processes_to_start: 4 max_cpu_used: 16
2019-07-22 07:38:28.352 244 RALLYDEBUG rally.task.runner [-] Starting a worker. concurrency: 1 args: {"repetitions": 2} times: 10 method_name: run timeout: 0 duration: None cls:
2019-07-22 07:38:28.354 245 RALLYDEBUG rally.task.runner [-] Starting a worker. concurrency: 1 args: {"repetitions": 2} times: 10 method_name: run timeout: 0 duration: None cls:
2019-07-22 07:38:28.358 244 INFO rally.task.runner [-] Task 53df0da2-8a6c-41a7-b662-0e72aec4764d | ITER: 1 START
2019-07-22 07:38:28.357 246 RALLYDEBUG rally.task.runner [-] Starting a worker. concurrency: 1 args: {"repetitions": 2} times: 10 method_name: run timeout: 0 duration: None cls:
2019-07-22 07:38:28.361 245 INFO rally.task.runner [-] Task 53df0da2-8a6c-41a7-b662-0e72aec4764d | ITER: 2 START
2019-07-22 07:38:28.360 247 RALLYDEBUG rally.task.runner [-] Starting a worker. concurrency: 1 args: {"repetitions": 2} times: 10 method_name: run timeout: 0 duration: None cls:
2019-07-22 07:38:28.363 246 INFO rally.task.runner [-] Task 53df0da2-8a6c-41a7-b662-0e72aec4764d | ITER: 3 START
2019-07-22 07:38:28.366 247 INFO rally.task.runner [-] Task 53df0da2-8a6c-41a7-b662-0e72aec4764d | ITER: 4 START
2019-07-22 07:38:30.261 246 INFO rally.task.runner [-] Task 53df0da2-8a6c-41a7-b662-0e72aec4764d | ITER: 3 END: OK
2019-07-22 07:38:30.263 247 INFO rally.task.runner [-] Task 53df0da2-8a6c-41a7-b662-0e72aec4764d | ITER: 4 END: OK
2019-07-22 07:38:30.265 246 INFO rally.task.runner [-] Task 53df0da2-8a6c-41a7-b662-0e72aec4764d | ITER: 5 START
2019-07-22 07:38:30.267 247 INFO rally.task.runner [-] Task 53df0da2-8a6c-41a7-b662-0e72aec4764d | ITER: 6 START
2019-07-22 07:38:30.283 244 INFO rally.task.runner [-] Task 53df0da2-8a6c-41a7-b662-0e72aec4764d | ITER: 1 END: OK
2019-07-22 07:38:30.287 244 INFO rally.task.runner [-] Task 53df0da2-8a6c-41a7-b662-0e72aec4764d | ITER: 7 START
2019-07-22 07:38:30.307 245 INFO rally.task.runner [-] Task 53df0da2-8a6c-41a7-b662-0e72aec4764d | ITER: 2 END: OK
2019-07-22 07:38:30.311 245 INFO rally.task.runner [-] Task 53df0da2-8a6c-41a7-b662-0e72aec4764d | ITER: 8 START
2019-07-22 07:38:32.592 244 INFO rally.task.runner [-] Task 53df0da2-8a6c-41a7-b662-0e72aec4764d | ITER: 7 END: OK
2019-07-22 07:38:32.596 244 INFO rally.task.runner [-] Task 53df0da2-8a6c-41a7-b662-0e72aec4764d | ITER: 9 START
2019-07-22 07:38:33.268 246 INFO rally.task.runner [-] Task 53df0da2-8a6c-41a7-b662-0e72aec4764d | ITER: 5 END: OK
2019-07-22 07:38:33.271 246 INFO rally.task.runner [-] Task 53df0da2-8a6c-41a7-b662-0e72aec4764d | ITER: 10 START
2019-07-22 07:38:33.745 244 INFO rally.task.runner [-] Task 53df0da2-8a6c-41a7-b662-0e72aec4764d | ITER: 9 END: OK
2019-07-22 07:38:33.978 245 INFO rally.task.runner [-] Task 53df0da2-8a6c-41a7-b662-0e72aec4764d | ITER: 8 END: OK
2019-07-22 07:38:34.057 247 INFO rally.task.runner [-] Task 53df0da2-8a6c-41a7-b662-0e72aec4764d | ITER: 6 END: OK
2019-07-22 07:38:35.014 246 INFO rally.task.runner [-] Task 53df0da2-8a6c-41a7-b662-0e72aec4764d | ITER: 10 END: OK
2019-07-22 07:38:35.044 16 INFO rally.task.context [-] Task 53df0da2-8a6c-41a7-b662-0e72aec4764d | Context users@openstack cleanup() started
2019-07-22 07:38:41.777 16 INFO rally.task.context [-] Task 53df0da2-8a6c-41a7-b662-0e72aec4764d | Context users@openstack cleanup() finished in 6.73 sec
2019-07-22 07:38:42.062 16 INFO rally.task.engine [-] Load duration is: 6.65441
2019-07-22 07:38:42.062 16 INFO rally.task.engine [-] Full runner duration is: 6.704397
2019-07-22 07:38:42.063 16 INFO rally.task.engine [-] Full duration is: 17.804172
2019-07-22 07:38:42.327 16 INFO rally.task.engine [-] Running workload: position = 0 config = { "version": 2, "title": "A cropped version of a bigger task.", "description": "Auto-generated task from a single workload (uuid=0602d9e8-2107-4937-bf69-ef1a93b598cc)", "subtasks": [ { "title": "Authenticate.validate_glance", "description": "Check Glance Client to ensure validation of token.", "scenario": { "Authenticate.validate_glance": { "repetitions": 2 } }, "contexts": { "users": { "tenants": 3, "users_per_tenant": 2 } }, "runner": { "constant": { "concurrency": 4, "times": 10 } }, "hooks": [], "sla": { "failure_rate": { "max": 0 } } } ] }
2019-07-22 07:38:42.356 16 RALLYDEBUG rally_openstack.contexts.keystone.users [-] Creating 3 tenants using 20 threads
2019-07-22 07:38:44.160 16 RALLYDEBUG rally_openstack.contexts.keystone.users [-] Creating 6 users using 20 threads
2019-07-22 07:38:47.080 16 INFO rally.task.context [-] Task 53df0da2-8a6c-41a7-b662-0e72aec4764d | Context users@openstack setup() finished in 4.72 sec
2019-07-22 07:38:47.087 16 RALLYDEBUG rally.task.runner [-] Starting the constant runner (task UUID: 53df0da2-8a6c-41a7-b662-0e72aec4764d). timeout: 0 concurrency: 4 concurrency_per_worker: 1 times: 10 concurrency_overhead: 0 processes_to_start: 4 max_cpu_used: 16
2019-07-22 07:38:47.099 348 RALLYDEBUG rally.task.runner [-] Starting a worker. concurrency: 1 args: {"repetitions": 2} times: 10 method_name: run timeout: 0 duration: None cls:
2019-07-22 07:38:47.101 349 RALLYDEBUG rally.task.runner [-] Starting a worker. concurrency: 1 args: {"repetitions": 2} times: 10 method_name: run timeout: 0 duration: None cls:
2019-07-22 07:38:47.104 348 INFO rally.task.runner [-] Task 53df0da2-8a6c-41a7-b662-0e72aec4764d | ITER: 1 START
2019-07-22 07:38:47.105 350 RALLYDEBUG rally.task.runner [-] Starting a worker. concurrency: 1 args: {"repetitions": 2} times: 10 method_name: run timeout: 0 duration: None cls:
2019-07-22 07:38:47.107 349 INFO rally.task.runner [-] Task 53df0da2-8a6c-41a7-b662-0e72aec4764d | ITER: 2 START
2019-07-22 07:38:47.108 351 RALLYDEBUG rally.task.runner [-] Starting a worker. concurrency: 1 args: {"repetitions": 2} times: 10 method_name: run timeout: 0 duration: None cls:
2019-07-22 07:38:47.111 350 INFO rally.task.runner [-] Task 53df0da2-8a6c-41a7-b662-0e72aec4764d | ITER: 3 START
2019-07-22 07:38:47.114 351 INFO rally.task.runner [-] Task 53df0da2-8a6c-41a7-b662-0e72aec4764d | ITER: 4 START
2019-07-22 07:38:47.911 349 INFO rally.task.runner [-] Task 53df0da2-8a6c-41a7-b662-0e72aec4764d | ITER: 2 END: OK
2019-07-22 07:38:47.915 349 INFO rally.task.runner [-] Task 53df0da2-8a6c-41a7-b662-0e72aec4764d | ITER: 5 START
2019-07-22 07:38:47.963 351 INFO rally.task.runner [-] Task 53df0da2-8a6c-41a7-b662-0e72aec4764d | ITER: 4 END: OK
2019-07-22 07:38:47.967 351 INFO rally.task.runner [-] Task 53df0da2-8a6c-41a7-b662-0e72aec4764d | ITER: 6 START
2019-07-22 07:38:48.037 350 INFO rally.task.runner [-] Task 53df0da2-8a6c-41a7-b662-0e72aec4764d | ITER: 3 END: OK
2019-07-22 07:38:48.041 350 INFO rally.task.runner [-] Task 53df0da2-8a6c-41a7-b662-0e72aec4764d | ITER: 7 START
2019-07-22 07:38:48.053 348 INFO rally.task.runner [-] Task 53df0da2-8a6c-41a7-b662-0e72aec4764d | ITER: 1 END: OK
2019-07-22 07:38:48.057 348 INFO rally.task.runner [-] Task 53df0da2-8a6c-41a7-b662-0e72aec4764d | ITER: 8 START
2019-07-22 07:38:48.768 349 INFO rally.task.runner [-] Task 53df0da2-8a6c-41a7-b662-0e72aec4764d | ITER: 5 END: OK
2019-07-22 07:38:48.770 351 INFO rally.task.runner [-] Task 53df0da2-8a6c-41a7-b662-0e72aec4764d | ITER: 6 END: OK
2019-07-22 07:38:48.772 349 INFO rally.task.runner [-] Task 53df0da2-8a6c-41a7-b662-0e72aec4764d | ITER: 9 START
2019-07-22 07:38:48.773 351 INFO rally.task.runner [-] Task 53df0da2-8a6c-41a7-b662-0e72aec4764d | ITER: 10 START
2019-07-22 07:38:48.842 350 INFO rally.task.runner [-] Task 53df0da2-8a6c-41a7-b662-0e72aec4764d | ITER: 7 END: OK
2019-07-22 07:38:48.871 348 INFO rally.task.runner [-] Task 53df0da2-8a6c-41a7-b662-0e72aec4764d | ITER: 8 END: OK
2019-07-22 07:38:49.519 351 INFO rally.task.runner [-] Task 53df0da2-8a6c-41a7-b662-0e72aec4764d | ITER: 10 END: OK
2019-07-22 07:38:49.541 349 INFO rally.task.runner [-] Task 53df0da2-8a6c-41a7-b662-0e72aec4764d | ITER: 9 END: OK
2019-07-22 07:38:49.565 16 INFO rally.task.context [-] Task 53df0da2-8a6c-41a7-b662-0e72aec4764d | Context users@openstack cleanup() started
2019-07-22 07:38:56.533 16 INFO rally.task.context [-] Task 53df0da2-8a6c-41a7-b662-0e72aec4764d | Context users@openstack cleanup() finished in 6.97 sec
2019-07-22 07:38:58.439 16 INFO rally.task.engine [-] Load duration is: 2.434787
2019-07-22 07:38:58.440 16 INFO rally.task.engine [-] Full runner duration is: 2.478504
2019-07-22 07:38:58.440 16 INFO rally.task.engine [-] Full duration is: 14.179701
2019-07-22 07:38:58.702 16 INFO rally.task.engine [-] Running workload: position = 0 config = { "version": 2, "title": "A cropped version of a bigger task.", "description": "Auto-generated task from a single workload (uuid=78e3d9ac-2be9-4144-936f-d2e9f322f02b)", "subtasks": [ { "title": "Authenticate.validate_heat", "description": "Check Heat Client to ensure validation of token.", "scenario": { "Authenticate.validate_heat": { "repetitions": 2 } }, "contexts": { "users": { "tenants": 3, "users_per_tenant": 2 } }, "runner": { "constant": { "concurrency": 4, "times": 10 } }, "hooks": [], "sla": { "failure_rate": { "max": 0 } } } ] }
2019-07-22 07:38:58.723 16 RALLYDEBUG rally_openstack.contexts.keystone.users [-] Creating 3 tenants using 20 threads
2019-07-22 07:39:00.588 16 RALLYDEBUG rally_openstack.contexts.keystone.users [-] Creating 6 users using 20 threads
2019-07-22 07:39:03.298 16 INFO rally.task.context [-] Task 53df0da2-8a6c-41a7-b662-0e72aec4764d | Context users@openstack setup() finished in 4.57 sec
2019-07-22 07:39:03.305 16 RALLYDEBUG rally.task.runner [-] Starting the constant runner (task UUID: 53df0da2-8a6c-41a7-b662-0e72aec4764d). timeout: 0 concurrency: 4 concurrency_per_worker: 1 times: 10 concurrency_overhead: 0 processes_to_start: 4 max_cpu_used: 16
2019-07-22 07:39:03.317 452 RALLYDEBUG rally.task.runner [-] Starting a worker. concurrency: 1 args: {"repetitions": 2} times: 10 method_name: run timeout: 0 duration: None cls:
2019-07-22 07:39:03.320 453 RALLYDEBUG rally.task.runner [-] Starting a worker. concurrency: 1 args: {"repetitions": 2} times: 10 method_name: run timeout: 0 duration: None cls:
2019-07-22 07:39:03.323 455 RALLYDEBUG rally.task.runner [-] Starting a worker. concurrency: 1 args: {"repetitions": 2} times: 10 method_name: run timeout: 0 duration: None cls:
2019-07-22 07:39:03.324 452 INFO rally.task.runner [-] Task 53df0da2-8a6c-41a7-b662-0e72aec4764d | ITER: 1 START
2019-07-22 07:39:03.324 454 RALLYDEBUG rally.task.runner [-] Starting a worker. concurrency: 1 args: {"repetitions": 2} times: 10 method_name: run timeout: 0 duration: None cls:
2019-07-22 07:39:03.325 453 INFO rally.task.runner [-] Task 53df0da2-8a6c-41a7-b662-0e72aec4764d | ITER: 2 START
2019-07-22 07:39:03.326 455 INFO rally.task.runner [-] Task 53df0da2-8a6c-41a7-b662-0e72aec4764d | ITER: 3 START
2019-07-22 07:39:03.331 454 INFO rally.task.runner [-] Task 53df0da2-8a6c-41a7-b662-0e72aec4764d | ITER: 4 START
2019-07-22 07:39:05.255 455 INFO rally.task.runner [-] Task 53df0da2-8a6c-41a7-b662-0e72aec4764d | ITER: 3 END: OK
2019-07-22 07:39:05.259 455 INFO rally.task.runner [-] Task 53df0da2-8a6c-41a7-b662-0e72aec4764d | ITER: 5 START
2019-07-22 07:39:05.269 453 INFO rally.task.runner [-] Task 53df0da2-8a6c-41a7-b662-0e72aec4764d | ITER: 2 END: OK
2019-07-22 07:39:05.273 453 INFO rally.task.runner [-] Task 53df0da2-8a6c-41a7-b662-0e72aec4764d | ITER: 6 START
2019-07-22 07:39:05.308 454 INFO rally.task.runner [-] Task 53df0da2-8a6c-41a7-b662-0e72aec4764d | ITER: 4 END: OK
2019-07-22 07:39:05.313 454 INFO rally.task.runner [-] Task 53df0da2-8a6c-41a7-b662-0e72aec4764d | ITER: 7 START
2019-07-22 07:39:05.367 452 INFO rally.task.runner [-] Task 53df0da2-8a6c-41a7-b662-0e72aec4764d | ITER: 1 END: OK
2019-07-22 07:39:05.371 452 INFO rally.task.runner [-] Task 53df0da2-8a6c-41a7-b662-0e72aec4764d | ITER: 8 START
2019-07-22 07:39:06.208 454 INFO rally.task.runner [-] Task 53df0da2-8a6c-41a7-b662-0e72aec4764d | ITER: 7 END: OK
2019-07-22 07:39:06.211 454 INFO rally.task.runner [-] Task 53df0da2-8a6c-41a7-b662-0e72aec4764d | ITER: 9 START
2019-07-22 07:39:06.598 453 INFO rally.task.runner [-] Task 53df0da2-8a6c-41a7-b662-0e72aec4764d | ITER: 6 END: OK
2019-07-22 07:39:06.601 453 INFO rally.task.runner [-] Task 53df0da2-8a6c-41a7-b662-0e72aec4764d | ITER: 10 START
2019-07-22 07:39:06.629 452 INFO rally.task.runner [-] Task 53df0da2-8a6c-41a7-b662-0e72aec4764d | ITER: 8 END: OK
2019-07-22 07:39:06.822 455 INFO rally.task.runner [-] Task 53df0da2-8a6c-41a7-b662-0e72aec4764d | ITER: 5 END: OK
2019-07-22 07:39:07.236 454 INFO rally.task.runner [-] Task 53df0da2-8a6c-41a7-b662-0e72aec4764d | ITER: 9 END: OK
2019-07-22 07:39:07.534 453 INFO rally.task.runner [-] Task 53df0da2-8a6c-41a7-b662-0e72aec4764d | ITER: 10 END: OK
2019-07-22 07:39:07.561 16 INFO rally.task.context [-] Task 53df0da2-8a6c-41a7-b662-0e72aec4764d | Context users@openstack cleanup() started
2019-07-22 07:39:16.237 16 INFO rally.task.context [-] Task 53df0da2-8a6c-41a7-b662-0e72aec4764d | Context users@openstack cleanup() finished in 8.68 sec
2019-07-22 07:39:16.818 16 INFO rally.task.engine [-] Load duration is: 4.208626
2019-07-22 07:39:16.818 16 INFO rally.task.engine [-] Full runner duration is: 4.255902
2019-07-22 07:39:16.818 16 INFO rally.task.engine [-] Full duration is: 17.515924
2019-07-22 07:39:17.068 16 INFO rally.task.engine [-] Running workload: position = 0 config = { "version": 2, "title": "A cropped version of a bigger task.", "description": "Auto-generated task from a single workload (uuid=1d9b2ea6-fea0-4645-ae03-774a37853ce4)", "subtasks": [ { "title": "Authenticate.validate_neutron", "description": "Check Neutron Client to ensure validation of token.", "scenario": { "Authenticate.validate_neutron": { "repetitions": 2 } }, "contexts": { "users": { "tenants": 3, "users_per_tenant": 2 } }, "runner": { "constant": { "concurrency": 4, "times": 10 } }, "hooks": [], "sla": { "failure_rate": { "max": 0 } } } ] }
2019-07-22 07:39:17.091 16 RALLYDEBUG rally_openstack.contexts.keystone.users [-] Creating 3 tenants using 20 threads
2019-07-22 07:39:18.775 16 RALLYDEBUG rally_openstack.contexts.keystone.users [-] Creating 6 users using 20 threads
2019-07-22 07:39:21.433 16 INFO rally.task.context [-] Task 53df0da2-8a6c-41a7-b662-0e72aec4764d | Context users@openstack setup() finished in 4.34 sec
2019-07-22 07:39:21.441 16 RALLYDEBUG rally.task.runner [-] Starting the constant runner (task UUID: 53df0da2-8a6c-41a7-b662-0e72aec4764d). timeout: 0 concurrency: 4 concurrency_per_worker: 1 times: 10 concurrency_overhead: 0 processes_to_start: 4 max_cpu_used: 16
2019-07-22 07:39:21.454 556 RALLYDEBUG rally.task.runner [-] Starting a worker. concurrency: 1 args: {"repetitions": 2} times: 10 method_name: run timeout: 0 duration: None cls:
2019-07-22 07:39:21.456 557 RALLYDEBUG rally.task.runner [-] Starting a worker. concurrency: 1 args: {"repetitions": 2} times: 10 method_name: run timeout: 0 duration: None cls:
2019-07-22 07:39:21.459 558 RALLYDEBUG rally.task.runner [-] Starting a worker. concurrency: 1 args: {"repetitions": 2} times: 10 method_name: run timeout: 0 duration: None cls:
2019-07-22 07:39:21.460 556 INFO rally.task.runner [-] Task 53df0da2-8a6c-41a7-b662-0e72aec4764d | ITER: 1 START
2019-07-22 07:39:21.462 557 INFO rally.task.runner [-] Task 53df0da2-8a6c-41a7-b662-0e72aec4764d | ITER: 2 START
2019-07-22 07:39:21.462 559 RALLYDEBUG rally.task.runner [-] Starting a worker. concurrency: 1 args: {"repetitions": 2} times: 10 method_name: run timeout: 0 duration: None cls:
2019-07-22 07:39:21.465 558 INFO rally.task.runner [-] Task 53df0da2-8a6c-41a7-b662-0e72aec4764d | ITER: 3 START
2019-07-22 07:39:21.468 559 INFO rally.task.runner [-] Task 53df0da2-8a6c-41a7-b662-0e72aec4764d | ITER: 4 START
2019-07-22 07:39:22.386 557 INFO rally.task.runner [-] Task 53df0da2-8a6c-41a7-b662-0e72aec4764d | ITER: 2 END: OK
2019-07-22 07:39:22.389 557 INFO rally.task.runner [-] Task 53df0da2-8a6c-41a7-b662-0e72aec4764d | ITER: 5 START
2019-07-22 07:39:22.916 559 INFO rally.task.runner [-] Task 53df0da2-8a6c-41a7-b662-0e72aec4764d | ITER: 4 END: OK
2019-07-22 07:39:22.919 559 INFO rally.task.runner [-] Task 53df0da2-8a6c-41a7-b662-0e72aec4764d | ITER: 6 START
2019-07-22 07:39:22.935 558 INFO rally.task.runner [-] Task 53df0da2-8a6c-41a7-b662-0e72aec4764d | ITER: 3 END: OK
2019-07-22 07:39:22.939 556 INFO rally.task.runner [-] Task 53df0da2-8a6c-41a7-b662-0e72aec4764d | ITER: 1 END: OK
2019-07-22 07:39:22.939 558 INFO rally.task.runner [-] Task 53df0da2-8a6c-41a7-b662-0e72aec4764d | ITER: 7 START
2019-07-22 07:39:22.943 556 INFO rally.task.runner [-] Task 53df0da2-8a6c-41a7-b662-0e72aec4764d | ITER: 8 START
2019-07-22 07:39:23.508 557 INFO rally.task.runner [-] Task 53df0da2-8a6c-41a7-b662-0e72aec4764d | ITER: 5 END: OK
2019-07-22 07:39:23.514 557 INFO rally.task.runner [-] Task 53df0da2-8a6c-41a7-b662-0e72aec4764d | ITER: 9 START
2019-07-22 07:39:23.829 559 INFO rally.task.runner [-] Task 53df0da2-8a6c-41a7-b662-0e72aec4764d | ITER: 6 END: OK
2019-07-22 07:39:23.834 559 INFO rally.task.runner [-] Task 53df0da2-8a6c-41a7-b662-0e72aec4764d | ITER: 10 START
2019-07-22 07:39:23.930 556 INFO rally.task.runner [-] Task 53df0da2-8a6c-41a7-b662-0e72aec4764d | ITER: 8 END: OK
2019-07-22 07:39:23.955 558 INFO rally.task.runner [-] Task 53df0da2-8a6c-41a7-b662-0e72aec4764d | ITER: 7 END: OK
2019-07-22 07:39:24.618 559 INFO rally.task.runner [-] Task 53df0da2-8a6c-41a7-b662-0e72aec4764d | ITER: 10 END: OK
2019-07-22 07:39:24.691 557 INFO rally.task.runner [-] Task 53df0da2-8a6c-41a7-b662-0e72aec4764d | ITER: 9 END: OK
2019-07-22 07:39:24.715 16 INFO rally.task.context [-] Task 53df0da2-8a6c-41a7-b662-0e72aec4764d | Context users@openstack cleanup() started
2019-07-22 07:39:31.192 16 INFO rally.task.context [-] Task 53df0da2-8a6c-41a7-b662-0e72aec4764d | Context users@openstack cleanup() finished in 6.48 sec
2019-07-22 07:39:33.183 16 INFO rally.task.engine [-] Load duration is: 3.229272
2019-07-22 07:39:33.184 16 INFO rally.task.engine [-] Full runner duration is: 3.274322
2019-07-22 07:39:33.184 16 INFO rally.task.engine [-] Full duration is: 14.103479
2019-07-22 07:39:33.427 16 INFO rally.task.engine [-] Running workload: position = 0 config = { "version": 2, "title": "A cropped version of a bigger task.", "description": "Auto-generated task from a single workload (uuid=79ce3466-b691-4a95-91eb-6f85882aae75)", "subtasks": [ { "title": "Authenticate.validate_nova", "description": "Check Nova Client to ensure validation of token.", "scenario": { "Authenticate.validate_nova": { "repetitions": 2 } }, "contexts": { "users": { "tenants": 3, "users_per_tenant": 2 } }, "runner": { "constant": { "concurrency": 4, "times": 10 } }, "hooks": [], "sla": { "failure_rate": { "max": 0 } } } ] }
2019-07-22 07:39:33.448 16 RALLYDEBUG rally_openstack.contexts.keystone.users [-] Creating 3 tenants using 20 threads
2019-07-22 07:39:35.250 16 RALLYDEBUG rally_openstack.contexts.keystone.users [-] Creating 6 users using 20 threads
2019-07-22 07:39:37.768 16 INFO rally.task.context [-] Task 53df0da2-8a6c-41a7-b662-0e72aec4764d | Context users@openstack setup() finished in 4.32 sec
2019-07-22 07:39:37.775 16 RALLYDEBUG rally.task.runner [-] Starting the constant runner (task UUID: 53df0da2-8a6c-41a7-b662-0e72aec4764d). timeout: 0 concurrency: 4 concurrency_per_worker: 1 times: 10 concurrency_overhead: 0 processes_to_start: 4 max_cpu_used: 16
2019-07-22 07:39:37.788 660 RALLYDEBUG rally.task.runner [-] Starting a worker. concurrency: 1 args: {"repetitions": 2} times: 10 method_name: run timeout: 0 duration: None cls:
2019-07-22 07:39:37.791 661 RALLYDEBUG rally.task.runner [-] Starting a worker. concurrency: 1 args: {"repetitions": 2} times: 10 method_name: run timeout: 0 duration: None cls:
2019-07-22 07:39:37.794 662 RALLYDEBUG rally.task.runner [-] Starting a worker. concurrency: 1 args: {"repetitions": 2} times: 10 method_name: run timeout: 0 duration: None cls:
2019-07-22 07:39:37.795 660 INFO rally.task.runner [-] Task 53df0da2-8a6c-41a7-b662-0e72aec4764d | ITER: 1 START
2019-07-22 07:39:37.797 663 RALLYDEBUG rally.task.runner [-] Starting a worker. concurrency: 1 args: {"repetitions": 2} times: 10 method_name: run timeout: 0 duration: None cls:
2019-07-22 07:39:37.798 661 INFO rally.task.runner [-] Task 53df0da2-8a6c-41a7-b662-0e72aec4764d | ITER: 2 START
2019-07-22 07:39:37.800 662 INFO rally.task.runner [-] Task 53df0da2-8a6c-41a7-b662-0e72aec4764d | ITER: 3 START
2019-07-22 07:39:37.803 663 INFO rally.task.runner [-] Task 53df0da2-8a6c-41a7-b662-0e72aec4764d | ITER: 4 START
2019-07-22 07:39:38.304 660 DEBUG novaclient.v2.client [-] REQ: curl -g -i -X GET http://172.30.9.26:8774/v2.1/flavors/detail -H "Accept: application/json" -H "User-Agent: python-novaclient" -H "X-Auth-Token: {SHA1}6588380eaaed67442be49a70e0eebd904952f280" _http_log_request /usr/lib/python2.7/site-packages/keystoneauth1/session.py:448
2019-07-22 07:39:38.306 662 DEBUG novaclient.v2.client [-] REQ: curl -g -i -X GET http://172.30.9.26:8774/v2.1/flavors/detail -H "Accept: application/json" -H "User-Agent: python-novaclient" -H "X-Auth-Token: {SHA1}e26bb1d497d95bc0da99e12ad4c5a81eb4eadd3f" _http_log_request /usr/lib/python2.7/site-packages/keystoneauth1/session.py:448
2019-07-22 07:39:38.311 663 DEBUG novaclient.v2.client [-] REQ: curl -g -i -X GET http://172.30.9.26:8774/v2.1/flavors/detail -H "Accept: application/json" -H "User-Agent: python-novaclient" -H "X-Auth-Token: {SHA1}c483c95dfc2cfe0fd68fdada32f7be7bfec0dd1d" _http_log_request /usr/lib/python2.7/site-packages/keystoneauth1/session.py:448
2019-07-22 07:39:38.313 661 DEBUG novaclient.v2.client [-] REQ: curl -g -i -X GET http://172.30.9.26:8774/v2.1/flavors/detail -H "Accept: application/json" -H "User-Agent: python-novaclient" -H "X-Auth-Token: {SHA1}6b7bed56b8914da119dcda713a8e1b65ef4cafb6" _http_log_request /usr/lib/python2.7/site-packages/keystoneauth1/session.py:448
2019-07-22 07:39:38.577 660 DEBUG novaclient.v2.client [-] RESP: [200] Content-Encoding: gzip Content-Length: 361 Content-Type: application/json Date: Mon, 22 Jul 2019 07:39:38 GMT OpenStack-API-Version: compute 2.1 Server: Apache Vary: OpenStack-API-Version,X-OpenStack-Nova-API-Version,Accept-Encoding X-OpenStack-Nova-API-Version: 2.1 x-compute-request-id: req-3f09256d-d67c-47d9-bac3-211113b71e6f x-openstack-request-id: req-3f09256d-d67c-47d9-bac3-211113b71e6f _http_log_response /usr/lib/python2.7/site-packages/keystoneauth1/session.py:479
2019-07-22 07:39:38.578 660 DEBUG novaclient.v2.client [-] RESP BODY: {"flavors": [{"name": "rally_full-flavor_91790e59-340c-4b6d-8ad7-757319ebe83e", "links": [{"href": "http://172.30.9.26:8774/v2.1/flavors/4f1639c0-6cbc-4b01-a829-b7745e36acb4", "rel": "self"}, {"href": "http://172.30.9.26:8774/flavors/4f1639c0-6cbc-4b01-a829-b7745e36acb4", "rel": "bookmark"}], "ram": 512, "OS-FLV-DISABLED:disabled": false, "vcpus": 1, "swap": "", "os-flavor-access:is_public": true, "rxtx_factor": 1.0, "OS-FLV-EXT-DATA:ephemeral": 0, "disk": 1, "id": "4f1639c0-6cbc-4b01-a829-b7745e36acb4"}, {"name": "rally_full-flavor_alt_91790e59-340c-4b6d-8ad7-757319ebe83e", "links": [{"href": "http://172.30.9.26:8774/v2.1/flavors/c22605aa-a0a0-4e85-9bdc-de3e645a1ce4", "rel": "self"}, {"href": "http://172.30.9.26:8774/flavors/c22605aa-a0a0-4e85-9bdc-de3e645a1ce4", "rel": "bookmark"}], "ram": 1024, "OS-FLV-DISABLED:disabled": false, "vcpus": 1, "swap": "", "os-flavor-access:is_public": true, "rxtx_factor": 1.0, "OS-FLV-EXT-DATA:ephemeral": 0, "disk": 1, "id": "c22605aa-a0a0-4e85-9bdc-de3e645a1ce4"}]} _http_log_response /usr/lib/python2.7/site-packages/keystoneauth1/session.py:511
2019-07-22 07:39:38.579 660 DEBUG novaclient.v2.client [-] GET call to compute for http://172.30.9.26:8774/v2.1/flavors/detail used request id req-3f09256d-d67c-47d9-bac3-211113b71e6f request /usr/lib/python2.7/site-packages/keystoneauth1/session.py:844
2019-07-22 07:39:38.580 660 DEBUG novaclient.v2.client [-] REQ: curl -g -i -X GET http://172.30.9.26:8774/v2.1/flavors/detail -H "Accept: application/json" -H "User-Agent: python-novaclient" -H "X-Auth-Token: {SHA1}6588380eaaed67442be49a70e0eebd904952f280" _http_log_request /usr/lib/python2.7/site-packages/keystoneauth1/session.py:448
2019-07-22 07:39:38.587 663 DEBUG novaclient.v2.client [-] RESP: [200] Content-Encoding: gzip Content-Length: 361 Content-Type: application/json Date: Mon, 22 Jul 2019 07:39:38 GMT OpenStack-API-Version: compute 2.1 Server: Apache Vary: OpenStack-API-Version,X-OpenStack-Nova-API-Version,Accept-Encoding X-OpenStack-Nova-API-Version: 2.1 x-compute-request-id: req-a74d24b9-229d-49c8-a893-e69a607d165a x-openstack-request-id: req-a74d24b9-229d-49c8-a893-e69a607d165a _http_log_response /usr/lib/python2.7/site-packages/keystoneauth1/session.py:479
2019-07-22 07:39:38.588 663 DEBUG novaclient.v2.client [-] RESP BODY: {"flavors": [{"name": "rally_full-flavor_91790e59-340c-4b6d-8ad7-757319ebe83e", "links": [{"href": "http://172.30.9.26:8774/v2.1/flavors/4f1639c0-6cbc-4b01-a829-b7745e36acb4", "rel": "self"}, {"href": "http://172.30.9.26:8774/flavors/4f1639c0-6cbc-4b01-a829-b7745e36acb4", "rel": "bookmark"}], "ram": 512, "OS-FLV-DISABLED:disabled": false, "vcpus": 1, "swap": "", "os-flavor-access:is_public": true, "rxtx_factor": 1.0, "OS-FLV-EXT-DATA:ephemeral": 0, "disk": 1, "id": "4f1639c0-6cbc-4b01-a829-b7745e36acb4"}, {"name": "rally_full-flavor_alt_91790e59-340c-4b6d-8ad7-757319ebe83e", "links": [{"href": "http://172.30.9.26:8774/v2.1/flavors/c22605aa-a0a0-4e85-9bdc-de3e645a1ce4", "rel": "self"}, {"href": "http://172.30.9.26:8774/flavors/c22605aa-a0a0-4e85-9bdc-de3e645a1ce4", "rel": "bookmark"}], "ram": 1024, "OS-FLV-DISABLED:disabled": false, "vcpus": 1, "swap": "", "os-flavor-access:is_public": true, "rxtx_factor": 1.0, "OS-FLV-EXT-DATA:ephemeral": 0, "disk": 1, "id": "c22605aa-a0a0-4e85-9bdc-de3e645a1ce4"}]} _http_log_response /usr/lib/python2.7/site-packages/keystoneauth1/session.py:511
2019-07-22 07:39:38.588 663 DEBUG novaclient.v2.client [-] GET call to compute for http://172.30.9.26:8774/v2.1/flavors/detail used request id req-a74d24b9-229d-49c8-a893-e69a607d165a request /usr/lib/python2.7/site-packages/keystoneauth1/session.py:844
2019-07-22 07:39:38.590 663 DEBUG novaclient.v2.client [-] REQ: curl -g -i -X GET http://172.30.9.26:8774/v2.1/flavors/detail -H "Accept: application/json" -H "User-Agent: python-novaclient" -H "X-Auth-Token: {SHA1}c483c95dfc2cfe0fd68fdada32f7be7bfec0dd1d" _http_log_request /usr/lib/python2.7/site-packages/keystoneauth1/session.py:448
2019-07-22 07:39:38.602 660 DEBUG novaclient.v2.client [-] RESP: [200] Content-Encoding: gzip Content-Length: 361 Content-Type: application/json Date: Mon, 22 Jul 2019 07:39:38 GMT OpenStack-API-Version: compute 2.1 Server: Apache Vary: OpenStack-API-Version,X-OpenStack-Nova-API-Version,Accept-Encoding X-OpenStack-Nova-API-Version: 2.1 x-compute-request-id: req-0533d0e2-3701-4092-8cb9-190513f87530 x-openstack-request-id: req-0533d0e2-3701-4092-8cb9-190513f87530 _http_log_response /usr/lib/python2.7/site-packages/keystoneauth1/session.py:479
2019-07-22 07:39:38.603 660 DEBUG novaclient.v2.client [-] RESP BODY: {"flavors": [{"name": "rally_full-flavor_91790e59-340c-4b6d-8ad7-757319ebe83e", "links": [{"href": "http://172.30.9.26:8774/v2.1/flavors/4f1639c0-6cbc-4b01-a829-b7745e36acb4", "rel": "self"}, {"href": "http://172.30.9.26:8774/flavors/4f1639c0-6cbc-4b01-a829-b7745e36acb4", "rel": "bookmark"}], "ram": 512, "OS-FLV-DISABLED:disabled": false, "vcpus": 1, "swap": "", "os-flavor-access:is_public": true, "rxtx_factor": 1.0, "OS-FLV-EXT-DATA:ephemeral": 0, "disk": 1, "id": "4f1639c0-6cbc-4b01-a829-b7745e36acb4"}, {"name": "rally_full-flavor_alt_91790e59-340c-4b6d-8ad7-757319ebe83e", "links": [{"href": "http://172.30.9.26:8774/v2.1/flavors/c22605aa-a0a0-4e85-9bdc-de3e645a1ce4", "rel": "self"}, {"href": "http://172.30.9.26:8774/flavors/c22605aa-a0a0-4e85-9bdc-de3e645a1ce4", "rel": "bookmark"}], "ram": 1024, "OS-FLV-DISABLED:disabled": false, "vcpus": 1, "swap": "", "os-flavor-access:is_public": true, "rxtx_factor": 1.0, "OS-FLV-EXT-DATA:ephemeral": 0, "disk": 1, "id": "c22605aa-a0a0-4e85-9bdc-de3e645a1ce4"}]} _http_log_response /usr/lib/python2.7/site-packages/keystoneauth1/session.py:511
2019-07-22 07:39:38.603 660 DEBUG novaclient.v2.client [-] GET call to compute for http://172.30.9.26:8774/v2.1/flavors/detail used request id req-0533d0e2-3701-4092-8cb9-190513f87530 request /usr/lib/python2.7/site-packages/keystoneauth1/session.py:844
2019-07-22 07:39:38.604 660 INFO rally.task.runner [-] Task 53df0da2-8a6c-41a7-b662-0e72aec4764d | ITER: 1 END: OK
2019-07-22 07:39:38.606 662 DEBUG novaclient.v2.client [-] RESP: [200] Content-Encoding: gzip Content-Length: 361 Content-Type: application/json Date: Mon, 22 Jul 2019 07:39:38 GMT OpenStack-API-Version: compute 2.1 Server: Apache Vary: OpenStack-API-Version,X-OpenStack-Nova-API-Version,Accept-Encoding X-OpenStack-Nova-API-Version: 2.1 x-compute-request-id: req-3d01dd8c-50bb-4dcb-a306-c27abc7659af x-openstack-request-id: req-3d01dd8c-50bb-4dcb-a306-c27abc7659af _http_log_response /usr/lib/python2.7/site-packages/keystoneauth1/session.py:479
2019-07-22 07:39:38.607 662 DEBUG novaclient.v2.client [-] RESP BODY: {"flavors": [{"name": "rally_full-flavor_91790e59-340c-4b6d-8ad7-757319ebe83e", "links": [{"href": "http://172.30.9.26:8774/v2.1/flavors/4f1639c0-6cbc-4b01-a829-b7745e36acb4", "rel": "self"}, {"href": "http://172.30.9.26:8774/flavors/4f1639c0-6cbc-4b01-a829-b7745e36acb4", "rel": "bookmark"}], "ram": 512, "OS-FLV-DISABLED:disabled": false, "vcpus": 1, "swap": "", "os-flavor-access:is_public": true, "rxtx_factor": 1.0, "OS-FLV-EXT-DATA:ephemeral": 0, "disk": 1, "id": "4f1639c0-6cbc-4b01-a829-b7745e36acb4"}, {"name": "rally_full-flavor_alt_91790e59-340c-4b6d-8ad7-757319ebe83e", "links": [{"href": "http://172.30.9.26:8774/v2.1/flavors/c22605aa-a0a0-4e85-9bdc-de3e645a1ce4", "rel": "self"}, {"href": "http://172.30.9.26:8774/flavors/c22605aa-a0a0-4e85-9bdc-de3e645a1ce4", "rel": "bookmark"}], "ram": 1024, "OS-FLV-DISABLED:disabled": false, "vcpus": 1, "swap": "", "os-flavor-access:is_public": true, "rxtx_factor": 1.0, "OS-FLV-EXT-DATA:ephemeral": 0, "disk": 1, "id": "c22605aa-a0a0-4e85-9bdc-de3e645a1ce4"}]} _http_log_response /usr/lib/python2.7/site-packages/keystoneauth1/session.py:511
2019-07-22 07:39:38.607 662 DEBUG novaclient.v2.client [-] GET call to compute for http://172.30.9.26:8774/v2.1/flavors/detail used request id req-3d01dd8c-50bb-4dcb-a306-c27abc7659af request /usr/lib/python2.7/site-packages/keystoneauth1/session.py:844
2019-07-22 07:39:38.608 662 DEBUG novaclient.v2.client [-] REQ: curl -g -i -X GET http://172.30.9.26:8774/v2.1/flavors/detail -H "Accept: application/json" -H "User-Agent: python-novaclient" -H "X-Auth-Token: {SHA1}e26bb1d497d95bc0da99e12ad4c5a81eb4eadd3f" _http_log_request /usr/lib/python2.7/site-packages/keystoneauth1/session.py:448
2019-07-22 07:39:38.608 660 INFO rally.task.runner [-] Task 53df0da2-8a6c-41a7-b662-0e72aec4764d | ITER: 5 START
2019-07-22 07:39:38.609 661 DEBUG novaclient.v2.client [-] RESP: [200] Content-Encoding: gzip Content-Length: 361 Content-Type: application/json Date: Mon, 22 Jul 2019 07:39:38 GMT OpenStack-API-Version: compute 2.1 Server: Apache Vary: OpenStack-API-Version,X-OpenStack-Nova-API-Version,Accept-Encoding X-OpenStack-Nova-API-Version: 2.1 x-compute-request-id: req-322965c9-a232-445a-a4b0-c22c70a5d9f6 x-openstack-request-id: req-322965c9-a232-445a-a4b0-c22c70a5d9f6 _http_log_response /usr/lib/python2.7/site-packages/keystoneauth1/session.py:479
2019-07-22 07:39:38.609 661 DEBUG novaclient.v2.client [-] RESP BODY: {"flavors": [{"name": "rally_full-flavor_91790e59-340c-4b6d-8ad7-757319ebe83e", "links": [{"href": "http://172.30.9.26:8774/v2.1/flavors/4f1639c0-6cbc-4b01-a829-b7745e36acb4", "rel": "self"}, {"href": "http://172.30.9.26:8774/flavors/4f1639c0-6cbc-4b01-a829-b7745e36acb4", "rel": "bookmark"}], "ram": 512, "OS-FLV-DISABLED:disabled": false, "vcpus": 1, "swap": "", "os-flavor-access:is_public": true, "rxtx_factor": 1.0, "OS-FLV-EXT-DATA:ephemeral": 0, "disk": 1, "id": "4f1639c0-6cbc-4b01-a829-b7745e36acb4"}, {"name": "rally_full-flavor_alt_91790e59-340c-4b6d-8ad7-757319ebe83e", "links": [{"href": "http://172.30.9.26:8774/v2.1/flavors/c22605aa-a0a0-4e85-9bdc-de3e645a1ce4", "rel": "self"}, {"href": "http://172.30.9.26:8774/flavors/c22605aa-a0a0-4e85-9bdc-de3e645a1ce4", "rel": "bookmark"}], "ram": 1024, "OS-FLV-DISABLED:disabled": false, "vcpus": 1, "swap": "", "os-flavor-access:is_public": true, "rxtx_factor": 1.0, "OS-FLV-EXT-DATA:ephemeral": 0, "disk": 1, "id": "c22605aa-a0a0-4e85-9bdc-de3e645a1ce4"}]} _http_log_response /usr/lib/python2.7/site-packages/keystoneauth1/session.py:511
2019-07-22 07:39:38.610 661 DEBUG novaclient.v2.client [-] GET call to compute for http://172.30.9.26:8774/v2.1/flavors/detail used request id req-322965c9-a232-445a-a4b0-c22c70a5d9f6 request /usr/lib/python2.7/site-packages/keystoneauth1/session.py:844
2019-07-22 07:39:38.611 661 DEBUG novaclient.v2.client [-] REQ: curl -g -i -X GET http://172.30.9.26:8774/v2.1/flavors/detail -H "Accept: application/json" -H "User-Agent: python-novaclient" -H "X-Auth-Token: {SHA1}6b7bed56b8914da119dcda713a8e1b65ef4cafb6" _http_log_request /usr/lib/python2.7/site-packages/keystoneauth1/session.py:448
2019-07-22 07:39:38.615 663 DEBUG novaclient.v2.client [-] RESP: [200] Content-Encoding: gzip Content-Length: 361 Content-Type: application/json Date: Mon, 22 Jul 2019 07:39:38 GMT OpenStack-API-Version: compute 2.1 Server: Apache Vary: OpenStack-API-Version,X-OpenStack-Nova-API-Version,Accept-Encoding X-OpenStack-Nova-API-Version: 2.1 x-compute-request-id: req-11946172-c33b-4210-be47-20736842a3a0 x-openstack-request-id: req-11946172-c33b-4210-be47-20736842a3a0 _http_log_response /usr/lib/python2.7/site-packages/keystoneauth1/session.py:479
2019-07-22 07:39:38.616 663 DEBUG novaclient.v2.client [-] RESP BODY: {"flavors": [{"name": "rally_full-flavor_91790e59-340c-4b6d-8ad7-757319ebe83e", "links": [{"href": "http://172.30.9.26:8774/v2.1/flavors/4f1639c0-6cbc-4b01-a829-b7745e36acb4", "rel": "self"}, {"href": "http://172.30.9.26:8774/flavors/4f1639c0-6cbc-4b01-a829-b7745e36acb4", "rel": "bookmark"}], "ram": 512, "OS-FLV-DISABLED:disabled": false, "vcpus": 1, "swap": "", "os-flavor-access:is_public": true, "rxtx_factor": 1.0, "OS-FLV-EXT-DATA:ephemeral": 0, "disk": 1, "id": "4f1639c0-6cbc-4b01-a829-b7745e36acb4"}, {"name": "rally_full-flavor_alt_91790e59-340c-4b6d-8ad7-757319ebe83e", "links": [{"href": "http://172.30.9.26:8774/v2.1/flavors/c22605aa-a0a0-4e85-9bdc-de3e645a1ce4", "rel": "self"}, {"href": "http://172.30.9.26:8774/flavors/c22605aa-a0a0-4e85-9bdc-de3e645a1ce4", "rel": "bookmark"}], "ram": 1024, "OS-FLV-DISABLED:disabled": false, "vcpus": 1, "swap": "", "os-flavor-access:is_public": true, "rxtx_factor": 1.0, "OS-FLV-EXT-DATA:ephemeral": 0, "disk": 1, "id": "c22605aa-a0a0-4e85-9bdc-de3e645a1ce4"}]} _http_log_response /usr/lib/python2.7/site-packages/keystoneauth1/session.py:511
2019-07-22 07:39:38.616 663 DEBUG novaclient.v2.client [-] GET call to compute for http://172.30.9.26:8774/v2.1/flavors/detail used request id req-11946172-c33b-4210-be47-20736842a3a0 request /usr/lib/python2.7/site-packages/keystoneauth1/session.py:844
2019-07-22 07:39:38.617 663 INFO rally.task.runner [-] Task 53df0da2-8a6c-41a7-b662-0e72aec4764d | ITER: 4 END: OK
2019-07-22 07:39:38.621 663 INFO rally.task.runner [-] Task 53df0da2-8a6c-41a7-b662-0e72aec4764d | ITER: 6 START
2019-07-22 07:39:38.629 662 DEBUG novaclient.v2.client [-] RESP: [200] Content-Encoding: gzip Content-Length: 361 Content-Type: application/json Date: Mon, 22 Jul 2019 07:39:38 GMT OpenStack-API-Version: compute 2.1 Server: Apache Vary: OpenStack-API-Version,X-OpenStack-Nova-API-Version,Accept-Encoding X-OpenStack-Nova-API-Version: 2.1 x-compute-request-id: req-a782f7ee-7b86-4d7c-9ee3-597f761181ef x-openstack-request-id: req-a782f7ee-7b86-4d7c-9ee3-597f761181ef _http_log_response /usr/lib/python2.7/site-packages/keystoneauth1/session.py:479
2019-07-22 07:39:38.629 662 DEBUG novaclient.v2.client [-] RESP BODY: {"flavors": [{"name": "rally_full-flavor_91790e59-340c-4b6d-8ad7-757319ebe83e", "links": [{"href": "http://172.30.9.26:8774/v2.1/flavors/4f1639c0-6cbc-4b01-a829-b7745e36acb4", "rel": "self"}, {"href": "http://172.30.9.26:8774/flavors/4f1639c0-6cbc-4b01-a829-b7745e36acb4", "rel": "bookmark"}], "ram": 512, "OS-FLV-DISABLED:disabled": false, "vcpus": 1, "swap": "", "os-flavor-access:is_public": true, "rxtx_factor": 1.0, "OS-FLV-EXT-DATA:ephemeral": 0, "disk": 1, "id": "4f1639c0-6cbc-4b01-a829-b7745e36acb4"}, {"name": "rally_full-flavor_alt_91790e59-340c-4b6d-8ad7-757319ebe83e", "links": [{"href": "http://172.30.9.26:8774/v2.1/flavors/c22605aa-a0a0-4e85-9bdc-de3e645a1ce4", "rel": "self"}, {"href": "http://172.30.9.26:8774/flavors/c22605aa-a0a0-4e85-9bdc-de3e645a1ce4", "rel": "bookmark"}], "ram": 1024, "OS-FLV-DISABLED:disabled": false, "vcpus": 1, "swap": "", "os-flavor-access:is_public": true, "rxtx_factor": 1.0, "OS-FLV-EXT-DATA:ephemeral": 0, "disk": 1, "id": "c22605aa-a0a0-4e85-9bdc-de3e645a1ce4"}]} _http_log_response /usr/lib/python2.7/site-packages/keystoneauth1/session.py:511
2019-07-22 07:39:38.630 662 DEBUG novaclient.v2.client [-] GET call to compute for http://172.30.9.26:8774/v2.1/flavors/detail used request id req-a782f7ee-7b86-4d7c-9ee3-597f761181ef request /usr/lib/python2.7/site-packages/keystoneauth1/session.py:844
