2019-07-22 07:43:30.379 725 DEBUG glanceclient.common.http [-] Request returned failure status 404. _handle_response /usr/lib/python2.7/site-packages/glanceclient/common/http.py:125
2019-07-22 07:43:30.402 725 DEBUG glanceclient.common.http [-] Request returned failure status 404. _handle_response /usr/lib/python2.7/site-packages/glanceclient/common/http.py:125
2019-07-22 07:43:30.425 725 DEBUG glanceclient.common.http [-] Request returned failure status 404. _handle_response /usr/lib/python2.7/site-packages/glanceclient/common/http.py:125
2019-07-22 07:43:30.436 725 DEBUG glanceclient.common.http [-] Request returned failure status 404. _handle_response /usr/lib/python2.7/site-packages/glanceclient/common/http.py:125
2019-07-22 07:43:30.450 725 DEBUG glanceclient.common.http [-] Request returned failure status 404. _handle_response /usr/lib/python2.7/site-packages/glanceclient/common/http.py:125
2019-07-22 07:43:30.452 725 DEBUG glanceclient.common.http [-] Request returned failure status 404. _handle_response /usr/lib/python2.7/site-packages/glanceclient/common/http.py:125
2019-07-22 07:43:30.456 725 DEBUG glanceclient.common.http [-] Request returned failure status 404. _handle_response /usr/lib/python2.7/site-packages/glanceclient/common/http.py:125
2019-07-22 07:43:30.464 725 DEBUG glanceclient.common.http [-] Request returned failure status 404. _handle_response /usr/lib/python2.7/site-packages/glanceclient/common/http.py:125
2019-07-22 07:43:31.467 725 INFO rally.task.context [-] Task 19fbcd70-610b-4e56-b895-4e3eb13cd584 | Context cleanup@openstack cleanup() finished in 33.57 sec
2019-07-22 07:43:31.468 725 INFO rally.task.context [-] Task 19fbcd70-610b-4e56-b895-4e3eb13cd584 | Context quotas@openstack cleanup() started
2019-07-22 07:43:31.469 725 DEBUG novaclient.v2.client [-] REQ: curl -g -i -X DELETE http://172.30.9.26:8774/v2.1/os-quota-sets/b1f6a7ec4f764c3d98165ea8ab9c41dc -H "Accept: application/json" -H "User-Agent: python-novaclient" -H "X-Auth-Token: {SHA1}508dda0f520cd90fee737a55f1b5b1d497a901e1" _http_log_request /usr/lib/python2.7/site-packages/keystoneauth1/session.py:448
2019-07-22 07:43:31.499 725 DEBUG novaclient.v2.client [-] RESP: [202] Content-Length: 0 Content-Type: application/json Date: Mon, 22 Jul 2019 07:43:31 GMT OpenStack-API-Version: compute 2.1 Server: Apache Vary: OpenStack-API-Version,X-OpenStack-Nova-API-Version X-OpenStack-Nova-API-Version: 2.1 x-compute-request-id: req-37e57df3-a8d7-4ca0-8100-1d3b3ec44db0 x-openstack-request-id: req-37e57df3-a8d7-4ca0-8100-1d3b3ec44db0 _http_log_response /usr/lib/python2.7/site-packages/keystoneauth1/session.py:479
2019-07-22 07:43:31.499 725 DEBUG novaclient.v2.client [-] DELETE call to compute for http://172.30.9.26:8774/v2.1/os-quota-sets/b1f6a7ec4f764c3d98165ea8ab9c41dc used request id req-37e57df3-a8d7-4ca0-8100-1d3b3ec44db0 request /usr/lib/python2.7/site-packages/keystoneauth1/session.py:844
2019-07-22 07:43:31.500 725 DEBUG novaclient.v2.client [-] REQ: curl -g -i -X DELETE http://172.30.9.26:8774/v2.1/os-quota-sets/eec97a334c5d4dc8b207d58d3666b0b8 -H "Accept: application/json" -H "User-Agent: python-novaclient" -H "X-Auth-Token: {SHA1}508dda0f520cd90fee737a55f1b5b1d497a901e1" _http_log_request /usr/lib/python2.7/site-packages/keystoneauth1/session.py:448
2019-07-22 07:43:31.522 725 DEBUG novaclient.v2.client [-] RESP: [202] Content-Length: 0 Content-Type: application/json Date: Mon, 22 Jul 2019 07:43:31 GMT OpenStack-API-Version: compute 2.1 Server: Apache Vary: OpenStack-API-Version,X-OpenStack-Nova-API-Version X-OpenStack-Nova-API-Version: 2.1 x-compute-request-id: req-99d26309-eaab-45a2-8ce7-eceb6f3b1c52 x-openstack-request-id: req-99d26309-eaab-45a2-8ce7-eceb6f3b1c52 _http_log_response /usr/lib/python2.7/site-packages/keystoneauth1/session.py:479
2019-07-22 07:43:31.523 725 DEBUG novaclient.v2.client [-] DELETE call to compute for http://172.30.9.26:8774/v2.1/os-quota-sets/eec97a334c5d4dc8b207d58d3666b0b8 used request id req-99d26309-eaab-45a2-8ce7-eceb6f3b1c52 request /usr/lib/python2.7/site-packages/keystoneauth1/session.py:844
2019-07-22 07:43:31.524 725 DEBUG novaclient.v2.client [-] REQ: curl -g -i -X DELETE http://172.30.9.26:8774/v2.1/os-quota-sets/092d001f3d5d4fdc9ad552acd192da3a -H "Accept: application/json" -H "User-Agent: python-novaclient" -H "X-Auth-Token: {SHA1}508dda0f520cd90fee737a55f1b5b1d497a901e1" _http_log_request /usr/lib/python2.7/site-packages/keystoneauth1/session.py:448
2019-07-22 07:43:31.546 725 DEBUG novaclient.v2.client [-] RESP: [202] Content-Length: 0 Content-Type: application/json Date: Mon, 22 Jul 2019 07:43:31 GMT OpenStack-API-Version: compute 2.1 Server: Apache Vary: OpenStack-API-Version,X-OpenStack-Nova-API-Version X-OpenStack-Nova-API-Version: 2.1 x-compute-request-id: req-676ec99d-656b-484c-96de-a939a37560c6 x-openstack-request-id: req-676ec99d-656b-484c-96de-a939a37560c6 _http_log_response /usr/lib/python2.7/site-packages/keystoneauth1/session.py:479
2019-07-22 07:43:31.547 725 DEBUG novaclient.v2.client [-] DELETE call to compute for http://172.30.9.26:8774/v2.1/os-quota-sets/092d001f3d5d4fdc9ad552acd192da3a used request id req-676ec99d-656b-484c-96de-a939a37560c6 request /usr/lib/python2.7/site-packages/keystoneauth1/session.py:844
2019-07-22 07:43:31.547 725 INFO rally.task.context [-] Task 19fbcd70-610b-4e56-b895-4e3eb13cd584 | Context quotas@openstack cleanup() finished in 79.58 msec
2019-07-22 07:43:31.548 725 INFO rally.task.context [-] Task 19fbcd70-610b-4e56-b895-4e3eb13cd584 | Context users@openstack cleanup() started
2019-07-22 07:43:38.277 725 INFO rally.task.context [-] Task 19fbcd70-610b-4e56-b895-4e3eb13cd584 | Context users@openstack cleanup() finished in 6.73 sec
2019-07-22 07:43:38.698 725 INFO rally.task.engine [-] Load duration is: 74.665645
2019-07-22 07:43:38.699 725 INFO rally.task.engine [-] Full runner duration is: 76.567052
2019-07-22 07:43:38.699 725 INFO rally.task.engine [-] Full duration is: 124.040412
2019-07-22 07:43:38.950 725 INFO rally.task.engine [-] Running workload: position = 0 config = { "version": 2, "title": "A cropped version of a bigger task.", "description": "Auto-generated task from a single workload (uuid=102b00ca-6378-41b6-906c-850927731fe5)", "subtasks": [ { "title": "GlanceImages.create_and_deactivate_image", "description": "Create an image, then deactivate it.", "scenario": { "GlanceImages.create_and_deactivate_image": { "container_format": "bare", "disk_format": "qcow2", "image_location": "/home/opnfv/functest/images/cirros-0.4.0-x86_64-disk.img" } }, "contexts": { "users": { "tenants": 3, "users_per_tenant": 2 } }, "runner": { "constant": { "concurrency": 4, "times": 10 } }, "hooks": [], "sla": { "failure_rate": { "max": 0 } } } ] }
2019-07-22 07:43:38.971 725 RALLYDEBUG rally_openstack.contexts.keystone.users [-] Creating 3 tenants using 20 threads
2019-07-22 07:43:40.783 725 RALLYDEBUG rally_openstack.contexts.keystone.users [-] Creating 6 users using 20 threads
2019-07-22 07:43:43.367 725 INFO rally.task.context [-] Task 19fbcd70-610b-4e56-b895-4e3eb13cd584 | Context users@openstack setup() finished in 4.40 sec
2019-07-22 07:43:43.367 725 INFO rally.task.context [-] Task 19fbcd70-610b-4e56-b895-4e3eb13cd584 | Context cleanup@openstack setup() finished in 0.00 msec
2019-07-22 07:43:43.374 725 RALLYDEBUG rally.task.runner [-] Starting the constant runner (task UUID: 19fbcd70-610b-4e56-b895-4e3eb13cd584). timeout: 0 concurrency: 4 concurrency_per_worker: 1 times: 10 concurrency_overhead: 0 processes_to_start: 4 max_cpu_used: 16
2019-07-22 07:43:43.387 1385 RALLYDEBUG rally.task.runner [-] Starting a worker. concurrency: 1 args: {"container_format": "bare", "disk_format": "qcow2", "image_location": "/home/opnfv/functest/images/cirros-0.4.0-x86_64-disk.img"} times: 10 method_name: run timeout: 0 duration: None cls:
2019-07-22 07:43:43.389 1386 RALLYDEBUG rally.task.runner [-] Starting a worker. concurrency: 1 args: {"container_format": "bare", "disk_format": "qcow2", "image_location": "/home/opnfv/functest/images/cirros-0.4.0-x86_64-disk.img"} times: 10 method_name: run timeout: 0 duration: None cls:
2019-07-22 07:43:43.392 1387 RALLYDEBUG rally.task.runner [-] Starting a worker. concurrency: 1 args: {"container_format": "bare", "disk_format": "qcow2", "image_location": "/home/opnfv/functest/images/cirros-0.4.0-x86_64-disk.img"} times: 10 method_name: run timeout: 0 duration: None cls:
2019-07-22 07:43:43.394 1385 INFO rally.task.runner [-] Task 19fbcd70-610b-4e56-b895-4e3eb13cd584 | ITER: 1 START
2019-07-22 07:43:43.395 1386 INFO rally.task.runner [-] Task 19fbcd70-610b-4e56-b895-4e3eb13cd584 | ITER: 2 START
2019-07-22 07:43:43.395 1388 RALLYDEBUG rally.task.runner [-] Starting a worker. concurrency: 1 args: {"container_format": "bare", "disk_format": "qcow2", "image_location": "/home/opnfv/functest/images/cirros-0.4.0-x86_64-disk.img"} times: 10 method_name: run timeout: 0 duration: None cls:
2019-07-22 07:43:43.398 1387 INFO rally.task.runner [-] Task 19fbcd70-610b-4e56-b895-4e3eb13cd584 | ITER: 3 START
2019-07-22 07:43:43.402 1388 INFO rally.task.runner [-] Task 19fbcd70-610b-4e56-b895-4e3eb13cd584 | ITER: 4 START
2019-07-22 07:43:46.666 1385 RALLYDEBUG rally.task.utils [-] Waiting for resource u'71e90490-edce-4e10-93fc-622fec6ffb87'. Status changed: NONE => QUEUED in 0.0307619571686
2019-07-22 07:43:46.708 1388 RALLYDEBUG rally.task.utils [-] Waiting for resource u'0cf97419-2ded-4633-8ce5-2b2943f1b1c1'. Status changed: NONE => QUEUED in 0.0397272109985
2019-07-22 07:43:46.709 1386 RALLYDEBUG rally.task.utils [-] Waiting for resource u'f0c9bc9f-4e3e-4fcc-902d-5e3a8f975342'. Status changed: NONE => QUEUED in 0.0267407894135
2019-07-22 07:43:46.711 1387 RALLYDEBUG rally.task.utils [-] Waiting for resource u'4fab95f7-20ca-401f-a47f-96f6c4a297f2'. Status changed: NONE => QUEUED in 0.0342609882355
2019-07-22 07:43:48.204 1385 RALLYDEBUG rally.task.utils [-] Waiting for resource s_rally_102b00ca_vq66dFr2. Status changed: QUEUED => ACTIVE in 0.021782875061
2019-07-22 07:43:48.240 1386 RALLYDEBUG rally.task.utils [-] Waiting for resource s_rally_102b00ca_zQA5VcCn. Status changed: QUEUED => ACTIVE in 0.0523319244385
2019-07-22 07:43:48.299 1385 INFO rally.task.runner [-] Task 19fbcd70-610b-4e56-b895-4e3eb13cd584 | ITER: 1 END: OK
2019-07-22 07:43:48.303 1385 INFO rally.task.runner [-] Task 19fbcd70-610b-4e56-b895-4e3eb13cd584 | ITER: 5 START
2019-07-22 07:43:48.386 1386 INFO rally.task.runner [-] Task 19fbcd70-610b-4e56-b895-4e3eb13cd584 | ITER: 2 END: OK
2019-07-22 07:43:48.390 1386 INFO rally.task.runner [-] Task 19fbcd70-610b-4e56-b895-4e3eb13cd584 | ITER: 6 START
2019-07-22 07:43:48.922 1388 RALLYDEBUG rally.task.utils [-] Waiting for resource s_rally_102b00ca_ZQ7vsbxd. Status changed: QUEUED => ACTIVE in 0.023176908493
2019-07-22 07:43:48.961 1387 RALLYDEBUG rally.task.utils [-] Waiting for resource s_rally_102b00ca_uCpQtMe7. Status changed: QUEUED => ACTIVE in 0.0290031433105
2019-07-22 07:43:49.051 1388 INFO rally.task.runner [-] Task 19fbcd70-610b-4e56-b895-4e3eb13cd584 | ITER: 4 END: OK
2019-07-22 07:43:49.053 1387 INFO rally.task.runner [-] Task 19fbcd70-610b-4e56-b895-4e3eb13cd584 | ITER: 3 END: OK
2019-07-22 07:43:49.056 1388 INFO rally.task.runner [-] Task 19fbcd70-610b-4e56-b895-4e3eb13cd584 | ITER: 7 START
2019-07-22 07:43:49.058 1387 INFO rally.task.runner [-] Task 19fbcd70-610b-4e56-b895-4e3eb13cd584 | ITER: 8 START
2019-07-22 07:43:51.634 1385 RALLYDEBUG rally.task.utils [-] Waiting for resource u'9112e7b6-ad41-43e3-91e9-e0ef76707060'. Status changed: NONE => QUEUED in 0.0314199924469
2019-07-22 07:43:51.759 1386 RALLYDEBUG rally.task.utils [-] Waiting for resource u'c4979d9f-7f21-4501-811a-e6ce33544a50'. Status changed: NONE => QUEUED in 0.0297229290009
2019-07-22 07:43:52.017 1385 RALLYDEBUG rally.task.utils [-] Waiting for resource s_rally_102b00ca_yS0981NG. Status changed: QUEUED => ACTIVE in 0.0169479846954
2019-07-22 07:43:52.070 1385 INFO rally.task.runner [-] Task 19fbcd70-610b-4e56-b895-4e3eb13cd584 | ITER: 5 END: OK
2019-07-22 07:43:52.074 1385 INFO rally.task.runner [-] Task 19fbcd70-610b-4e56-b895-4e3eb13cd584 | ITER: 9 START
2019-07-22 07:43:52.244 1387 RALLYDEBUG rally.task.utils [-] Waiting for resource u'e5bff927-a14c-443c-870f-8b72af50988e'. Status changed: NONE => QUEUED in 0.0328459739685
2019-07-22 07:43:52.329 1388 RALLYDEBUG rally.task.utils [-] Waiting for resource u'5d5135de-c5d2-4893-bc9e-c90ce2ed61e1'. Status changed: NONE => QUEUED in 0.0280950069427
2019-07-22 07:43:53.107 1386 RALLYDEBUG rally.task.utils [-] Waiting for resource s_rally_102b00ca_y2F5OBJ6. Status changed: QUEUED => ACTIVE in 0.0188310146332
2019-07-22 07:43:53.180 1386 INFO rally.task.runner [-] Task 19fbcd70-610b-4e56-b895-4e3eb13cd584 | ITER: 6 END: OK
2019-07-22 07:43:53.183 1386 INFO rally.task.runner [-] Task 19fbcd70-610b-4e56-b895-4e3eb13cd584 | ITER: 10 START
2019-07-22 07:43:54.050 1388 RALLYDEBUG rally.task.utils [-] Waiting for resource s_rally_102b00ca_9b6RU6Fg. Status changed: QUEUED => ACTIVE in 0.0193781852722
2019-07-22 07:43:54.059 1387 RALLYDEBUG rally.task.utils [-] Waiting for resource s_rally_102b00ca_P3tWRgDi. Status changed: QUEUED => ACTIVE in 0.0229249000549
2019-07-22 07:43:54.124 1387 INFO rally.task.runner [-] Task 19fbcd70-610b-4e56-b895-4e3eb13cd584 | ITER: 8 END: OK
2019-07-22 07:43:54.129 1388 INFO rally.task.runner [-] Task 19fbcd70-610b-4e56-b895-4e3eb13cd584 | ITER: 7 END: OK
2019-07-22 07:43:55.336 1385 RALLYDEBUG rally.task.utils [-] Waiting for resource u'8fe7826e-bba4-40b5-8955-65cd293dd10d'. Status changed: NONE => QUEUED in 0.0266690254211
2019-07-22 07:43:56.156 1385 RALLYDEBUG rally.task.utils [-] Waiting for resource s_rally_102b00ca_m2lxYd6X. Status changed: QUEUED => ACTIVE in 0.020259141922
2019-07-22 07:43:56.218 1385 INFO rally.task.runner [-] Task 19fbcd70-610b-4e56-b895-4e3eb13cd584 | ITER: 9 END: OK
2019-07-22 07:43:56.413 1386 RALLYDEBUG rally.task.utils [-] Waiting for resource u'74a5c717-bc42-4d84-bd80-c5682e7d4b89'. Status changed: NONE => QUEUED in 0.0304501056671
2019-07-22 07:43:57.215 1386 RALLYDEBUG rally.task.utils [-] Waiting for resource s_rally_102b00ca_WT7Ly1f2. Status changed: QUEUED => ACTIVE in 0.017333984375
2019-07-22 07:43:57.270 1386 INFO rally.task.runner [-] Task 19fbcd70-610b-4e56-b895-4e3eb13cd584 | ITER: 10 END: OK
2019-07-22 07:43:57.294 725 INFO rally.task.context [-] Task 19fbcd70-610b-4e56-b895-4e3eb13cd584 | Context cleanup@openstack cleanup() started
2019-07-22 07:43:57.297 725 RALLYDEBUG rally_openstack.cleanup.manager [-] Cleaning up glance images objects
2019-07-22 07:43:59.567 725 RALLYDEBUG rally_openstack.cleanup.manager [-] Deleting glance.images object s_rally_102b00ca_vq66dFr2 (71e90490-edce-4e10-93fc-622fec6ffb87)
2019-07-22 07:43:59.567 725 RALLYDEBUG rally_openstack.cleanup.manager [-] Deleting glance.images object s_rally_102b00ca_9b6RU6Fg (5d5135de-c5d2-4893-bc9e-c90ce2ed61e1)
2019-07-22 07:43:59.572 725 RALLYDEBUG rally_openstack.cleanup.manager [-] Deleting glance.images object s_rally_102b00ca_ZQ7vsbxd (0cf97419-2ded-4633-8ce5-2b2943f1b1c1)
2019-07-22 07:43:59.585 725 RALLYDEBUG rally_openstack.cleanup.manager [-] Deleting glance.images object s_rally_102b00ca_m2lxYd6X (8fe7826e-bba4-40b5-8955-65cd293dd10d)
2019-07-22 07:43:59.589 725 RALLYDEBUG rally_openstack.cleanup.manager [-] Deleting glance.images object s_rally_102b00ca_yS0981NG (9112e7b6-ad41-43e3-91e9-e0ef76707060)
2019-07-22 07:43:59.591 725 RALLYDEBUG rally_openstack.cleanup.manager [-] Deleting glance.images object s_rally_102b00ca_WT7Ly1f2 (74a5c717-bc42-4d84-bd80-c5682e7d4b89)
2019-07-22 07:43:59.592 725 RALLYDEBUG rally_openstack.cleanup.manager [-] Deleting glance.images object s_rally_102b00ca_P3tWRgDi (e5bff927-a14c-443c-870f-8b72af50988e)
2019-07-22 07:43:59.593 725 RALLYDEBUG rally_openstack.cleanup.manager [-] Deleting glance.images object s_rally_102b00ca_uCpQtMe7 (4fab95f7-20ca-401f-a47f-96f6c4a297f2)
2019-07-22 07:43:59.597 725 RALLYDEBUG rally_openstack.cleanup.manager [-] Deleting glance.images object s_rally_102b00ca_zQA5VcCn (f0c9bc9f-4e3e-4fcc-902d-5e3a8f975342)
2019-07-22 07:43:59.599 725 RALLYDEBUG rally_openstack.cleanup.manager [-] Deleting glance.images object s_rally_102b00ca_y2F5OBJ6 (c4979d9f-7f21-4501-811a-e6ce33544a50)
2019-07-22 07:44:00.917 725 DEBUG glanceclient.common.http [-] Request returned failure status 404. _handle_response /usr/lib/python2.7/site-packages/glanceclient/common/http.py:125
2019-07-22 07:44:00.941 725 DEBUG glanceclient.common.http [-] Request returned failure status 404. _handle_response /usr/lib/python2.7/site-packages/glanceclient/common/http.py:125
2019-07-22 07:44:00.947 725 DEBUG glanceclient.common.http [-] Request returned failure status 404. _handle_response /usr/lib/python2.7/site-packages/glanceclient/common/http.py:125
2019-07-22 07:44:00.951 725 DEBUG glanceclient.common.http [-] Request returned failure status 404. _handle_response /usr/lib/python2.7/site-packages/glanceclient/common/http.py:125
2019-07-22 07:44:00.952 725 DEBUG glanceclient.common.http [-] Request returned failure status 404. _handle_response /usr/lib/python2.7/site-packages/glanceclient/common/http.py:125
2019-07-22 07:44:00.955 725 DEBUG glanceclient.common.http [-] Request returned failure status 404. _handle_response /usr/lib/python2.7/site-packages/glanceclient/common/http.py:125
2019-07-22 07:44:00.960 725 DEBUG glanceclient.common.http [-] Request returned failure status 404. _handle_response /usr/lib/python2.7/site-packages/glanceclient/common/http.py:125
2019-07-22 07:44:00.963 725 DEBUG glanceclient.common.http [-] Request returned failure status 404. _handle_response /usr/lib/python2.7/site-packages/glanceclient/common/http.py:125
2019-07-22 07:44:00.971 725 DEBUG glanceclient.common.http [-] Request returned failure status 404. _handle_response /usr/lib/python2.7/site-packages/glanceclient/common/http.py:125
2019-07-22 07:44:01.004 725 DEBUG glanceclient.common.http [-] Request returned failure status 404. _handle_response /usr/lib/python2.7/site-packages/glanceclient/common/http.py:125
2019-07-22 07:44:01.900 725 DEBUG glanceclient.common.http [-] Request returned failure status 404. _handle_response /usr/lib/python2.7/site-packages/glanceclient/common/http.py:125
2019-07-22 07:44:01.913 725 DEBUG glanceclient.common.http [-] Request returned failure status 404. _handle_response /usr/lib/python2.7/site-packages/glanceclient/common/http.py:125
2019-07-22 07:44:01.995 725 DEBUG glanceclient.common.http [-] Request returned failure status 404. _handle_response /usr/lib/python2.7/site-packages/glanceclient/common/http.py:125
2019-07-22 07:44:02.007 725 DEBUG glanceclient.common.http [-] Request returned failure status 404. _handle_response /usr/lib/python2.7/site-packages/glanceclient/common/http.py:125
2019-07-22 07:44:02.022 725 DEBUG glanceclient.common.http [-] Request returned failure status 404. _handle_response /usr/lib/python2.7/site-packages/glanceclient/common/http.py:125
2019-07-22 07:44:02.023 725 DEBUG glanceclient.common.http [-] Request returned failure status 404. _handle_response /usr/lib/python2.7/site-packages/glanceclient/common/http.py:125
2019-07-22 07:44:02.025 725 DEBUG glanceclient.common.http [-] Request returned failure status 404. _handle_response /usr/lib/python2.7/site-packages/glanceclient/common/http.py:125
2019-07-22 07:44:02.029 725 DEBUG glanceclient.common.http [-] Request returned failure status 404. _handle_response /usr/lib/python2.7/site-packages/glanceclient/common/http.py:125
2019-07-22 07:44:02.040 725 DEBUG glanceclient.common.http [-] Request returned failure status 404. _handle_response /usr/lib/python2.7/site-packages/glanceclient/common/http.py:125
2019-07-22 07:44:02.047 725 DEBUG glanceclient.common.http [-] Request returned failure status 404. _handle_response /usr/lib/python2.7/site-packages/glanceclient/common/http.py:125
2019-07-22 07:44:03.050 725 INFO rally.task.context [-] Task 19fbcd70-610b-4e56-b895-4e3eb13cd584 | Context cleanup@openstack cleanup() finished in 5.76 sec
2019-07-22 07:44:03.050 725 INFO rally.task.context [-] Task 19fbcd70-610b-4e56-b895-4e3eb13cd584 | Context users@openstack cleanup() started
2019-07-22 07:44:09.738 725 INFO rally.task.context [-] Task 19fbcd70-610b-4e56-b895-4e3eb13cd584 | Context users@openstack cleanup() finished in 6.69 sec
2019-07-22 07:44:11.126 725 INFO rally.task.engine [-] Load duration is: 13.001041
2019-07-22 07:44:11.126 725 INFO rally.task.engine [-] Full runner duration is: 13.921413
2019-07-22 07:44:11.126 725 INFO rally.task.engine [-] Full duration is: 30.768607
2019-07-22 07:44:11.354 725 INFO rally.task.engine [-] Running workload: position = 0 config = { "version": 2, "title": "A cropped version of a bigger task.", "description": "Auto-generated task from a single workload (uuid=805ea250-583d-4901-b7bf-1153256ec94b)", "subtasks": [ { "title": "GlanceImages.create_and_download_image", "description": "Create an image, then download data of the image.", "scenario": { "GlanceImages.create_and_download_image": { "container_format": "bare", "disk_format": "qcow2", "image_location": "/home/opnfv/functest/images/cirros-0.4.0-x86_64-disk.img" } }, "contexts": { "users": { "tenants": 3, "users_per_tenant": 2 } }, "runner": { "constant": { "concurrency": 4, "times": 10 } }, "hooks": [], "sla": { "failure_rate": { "max": 0 } } } ] }
2019-07-22 07:44:11.391 725 RALLYDEBUG rally_openstack.contexts.keystone.users [-] Creating 3 tenants using 20 threads
2019-07-22 07:44:13.086 725 RALLYDEBUG rally_openstack.contexts.keystone.users [-] Creating 6 users using 20 threads
2019-07-22 07:44:15.743 725 INFO rally.task.context [-] Task 19fbcd70-610b-4e56-b895-4e3eb13cd584 | Context users@openstack setup() finished in 4.35 sec
2019-07-22 07:44:15.744 725 INFO rally.task.context [-] Task 19fbcd70-610b-4e56-b895-4e3eb13cd584 | Context cleanup@openstack setup() finished in 0.01 msec
2019-07-22 07:44:15.755 725 RALLYDEBUG rally.task.runner [-] Starting the constant runner (task UUID: 19fbcd70-610b-4e56-b895-4e3eb13cd584). timeout: 0 concurrency: 4 concurrency_per_worker: 1 times: 10 concurrency_overhead: 0 processes_to_start: 4 max_cpu_used: 16
2019-07-22 07:44:15.768 1509 RALLYDEBUG rally.task.runner [-] Starting a worker. concurrency: 1 args: {"container_format": "bare", "disk_format": "qcow2", "image_location": "/home/opnfv/functest/images/cirros-0.4.0-x86_64-disk.img"} times: 10 method_name: run timeout: 0 duration: None cls:
2019-07-22 07:44:15.771 1510 RALLYDEBUG rally.task.runner [-] Starting a worker. concurrency: 1 args: {"container_format": "bare", "disk_format": "qcow2", "image_location": "/home/opnfv/functest/images/cirros-0.4.0-x86_64-disk.img"} times: 10 method_name: run timeout: 0 duration: None cls:
2019-07-22 07:44:15.773 1511 RALLYDEBUG rally.task.runner [-] Starting a worker. concurrency: 1 args: {"container_format": "bare", "disk_format": "qcow2", "image_location": "/home/opnfv/functest/images/cirros-0.4.0-x86_64-disk.img"} times: 10 method_name: run timeout: 0 duration: None cls:
2019-07-22 07:44:15.774 1509 INFO rally.task.runner [-] Task 19fbcd70-610b-4e56-b895-4e3eb13cd584 | ITER: 1 START
2019-07-22 07:44:15.777 1510 INFO rally.task.runner [-] Task 19fbcd70-610b-4e56-b895-4e3eb13cd584 | ITER: 2 START
2019-07-22 07:44:15.777 1512 RALLYDEBUG rally.task.runner [-] Starting a worker. concurrency: 1 args: {"container_format": "bare", "disk_format": "qcow2", "image_location": "/home/opnfv/functest/images/cirros-0.4.0-x86_64-disk.img"} times: 10 method_name: run timeout: 0 duration: None cls:
2019-07-22 07:44:15.779 1511 INFO rally.task.runner [-] Task 19fbcd70-610b-4e56-b895-4e3eb13cd584 | ITER: 3 START
2019-07-22 07:44:15.783 1512 INFO rally.task.runner [-] Task 19fbcd70-610b-4e56-b895-4e3eb13cd584 | ITER: 4 START
2019-07-22 07:44:19.050 1512 RALLYDEBUG rally.task.utils [-] Waiting for resource u'b239ad50-f90e-4d37-afee-6fe33a0f4e83'. Status changed: NONE => QUEUED in 0.0328259468079
2019-07-22 07:44:19.051 1509 RALLYDEBUG rally.task.utils [-] Waiting for resource u'aaf6d631-1c8b-46d7-b557-621290381736'. Status changed: NONE => QUEUED in 0.035875082016
2019-07-22 07:44:19.054 1510 RALLYDEBUG rally.task.utils [-] Waiting for resource u'e1eb5b2e-1c68-432b-a6fe-ab391193d1e3'. Status changed: NONE => QUEUED in 0.0298931598663
2019-07-22 07:44:19.073 1511 RALLYDEBUG rally.task.utils [-] Waiting for resource u'a004ee3c-8fb9-4699-b086-03fd4732d697'. Status changed: NONE => QUEUED in 0.0387570858002
2019-07-22 07:44:19.914 1512 RALLYDEBUG rally.task.utils [-] Waiting for resource s_rally_805ea250_7w2nvPrQ. Status changed: QUEUED => ACTIVE in 0.0211050510406
2019-07-22 07:44:19.921 1510 RALLYDEBUG rally.task.utils [-] Waiting for resource s_rally_805ea250_JsbbAiBg. Status changed: QUEUED => ACTIVE in 0.0203008651733
2019-07-22 07:44:20.309 1510 INFO rally.task.runner [-] Task 19fbcd70-610b-4e56-b895-4e3eb13cd584 | ITER: 2 END: OK
2019-07-22 07:44:20.309 1512 INFO rally.task.runner [-] Task 19fbcd70-610b-4e56-b895-4e3eb13cd584 | ITER: 4 END: OK
2019-07-22 07:44:20.313 1510 INFO rally.task.runner [-] Task 19fbcd70-610b-4e56-b895-4e3eb13cd584 | ITER: 5 START
2019-07-22 07:44:20.313 1512 INFO rally.task.runner [-] Task 19fbcd70-610b-4e56-b895-4e3eb13cd584 | ITER: 6 START
2019-07-22 07:44:20.939 1509 RALLYDEBUG rally.task.utils [-] Waiting for resource s_rally_805ea250_3UHLLEt6. Status changed: QUEUED => ACTIVE in 0.0205199718475
2019-07-22 07:44:21.098 1509 INFO rally.task.runner [-] Task 19fbcd70-610b-4e56-b895-4e3eb13cd584 | ITER: 1 END: OK
2019-07-22 07:44:21.102 1509 INFO rally.task.runner [-] Task 19fbcd70-610b-4e56-b895-4e3eb13cd584 | ITER: 7 START
2019-07-22 07:44:21.109 1511 RALLYDEBUG rally.task.utils [-] Waiting for resource s_rally_805ea250_FGlM2lS8. Status changed: QUEUED => ACTIVE in 0.155071020126
2019-07-22 07:44:21.258 1511 INFO rally.task.runner [-] Task 19fbcd70-610b-4e56-b895-4e3eb13cd584 | ITER: 3 END: OK
2019-07-22 07:44:21.262 1511 INFO rally.task.runner [-] Task 19fbcd70-610b-4e56-b895-4e3eb13cd584 | ITER: 8 START
2019-07-22 07:44:23.613 1512 RALLYDEBUG rally.task.utils [-] Waiting for resource u'5614b72a-9f10-45bd-990c-ea9abfcdb4f4'. Status changed: NONE => QUEUED in 0.0405459403992
2019-07-22 07:44:23.615 1510 RALLYDEBUG rally.task.utils [-] Waiting for resource u'cbd0ad4f-c0c4-4dda-9aee-3d3e66c83bdc'. Status changed: NONE => QUEUED in 0.0377531051636
2019-07-22 07:44:24.446 1509 RALLYDEBUG rally.task.utils [-] Waiting for resource u'8d7b9bcc-f201-4b7a-bf92-089a2a015003'. Status changed: NONE => QUEUED in 0.030063867569
2019-07-22 07:44:25.486 1511 RALLYDEBUG rally.task.utils [-] Waiting for resource u'0c5dd764-49dc-48e0-a97b-1765e50e9990'. Status changed: NONE => QUEUED in 0.958019018173
2019-07-22 07:44:25.513 1512 RALLYDEBUG rally.task.utils [-] Waiting for resource s_rally_805ea250_ZkeCkIty. Status changed: QUEUED => ACTIVE in 0.017566204071
2019-07-22 07:44:25.563 1510 RALLYDEBUG rally.task.utils [-] Waiting for resource s_rally_805ea250_sZzZl0R6. Status changed: QUEUED => ACTIVE in 0.0269739627838
2019-07-22 07:44:25.692 1512 INFO rally.task.runner [-] Task 19fbcd70-610b-4e56-b895-4e3eb13cd584 | ITER: 6 END: OK
2019-07-22 07:44:25.696 1512 INFO rally.task.runner [-] Task 19fbcd70-610b-4e56-b895-4e3eb13cd584 | ITER: 9 START
2019-07-22 07:44:26.049 1510 INFO rally.task.runner [-] Task 19fbcd70-610b-4e56-b895-4e3eb13cd584 | ITER: 5 END: OK
2019-07-22 07:44:26.053 1510 INFO rally.task.runner [-] Task 19fbcd70-610b-4e56-b895-4e3eb13cd584 | ITER: 10 START
2019-07-22 07:44:26.547 1509 RALLYDEBUG rally.task.utils [-] Waiting for resource s_rally_805ea250_5dBOj1kD. Status changed: QUEUED => ACTIVE in 0.994440078735
2019-07-22 07:44:26.712 1509 INFO rally.task.runner [-] Task 19fbcd70-610b-4e56-b895-4e3eb13cd584 | ITER: 7 END: OK
2019-07-22 07:44:26.747 1511 RALLYDEBUG rally.task.utils [-] Waiting for resource s_rally_805ea250_k2IqMoao. Status changed: QUEUED => ACTIVE in 0.0201900005341
2019-07-22 07:44:26.890 1511 INFO rally.task.runner [-] Task 19fbcd70-610b-4e56-b895-4e3eb13cd584 | ITER: 8 END: OK
2019-07-22 07:44:28.879 1512 RALLYDEBUG rally.task.utils [-] Waiting for resource u'079dfa36-ed35-4ba5-8370-768b842c0f55'. Status changed: NONE => QUEUED in 0.0306239128113
2019-07-22 07:44:29.344 1510 RALLYDEBUG rally.task.utils [-] Waiting for resource u'9176200c-49e4-493b-a95c-1f5f7fcd36f3'. Status changed: NONE => QUEUED in 0.0283088684082
2019-07-22 07:44:30.003 1512 RALLYDEBUG rally.task.utils [-] Waiting for resource s_rally_805ea250_nzA9lwml. Status changed: QUEUED => ACTIVE in 0.0177059173584
2019-07-22 07:44:30.139 1512 INFO rally.task.runner [-] Task 19fbcd70-610b-4e56-b895-4e3eb13cd584 | ITER: 9 END: OK
2019-07-22 07:44:30.965 1510 RALLYDEBUG rally.task.utils [-] Waiting for resource s_rally_805ea250_bzE5MGpK. Status changed: QUEUED => ACTIVE in 0.0235180854797
2019-07-22 07:44:31.106 1510 INFO rally.task.runner [-] Task 19fbcd70-610b-4e56-b895-4e3eb13cd584 | ITER: 10 END: OK
2019-07-22 07:44:31.134 725 INFO rally.task.context [-] Task 19fbcd70-610b-4e56-b895-4e3eb13cd584 | Context cleanup@openstack cleanup() started
2019-07-22 07:44:31.136 725 RALLYDEBUG rally_openstack.cleanup.manager [-] Cleaning up glance images objects
2019-07-22 07:44:33.345 725 RALLYDEBUG rally_openstack.cleanup.manager [-] Deleting glance.images object s_rally_805ea250_bzE5MGpK (9176200c-49e4-493b-a95c-1f5f7fcd36f3)
2019-07-22 07:44:33.347 725 RALLYDEBUG rally_openstack.cleanup.manager [-] Deleting glance.images object s_rally_805ea250_5dBOj1kD (8d7b9bcc-f201-4b7a-bf92-089a2a015003)
2019-07-22 07:44:33.349 725 RALLYDEBUG rally_openstack.cleanup.manager [-] Deleting glance.images object s_rally_805ea250_sZzZl0R6 (cbd0ad4f-c0c4-4dda-9aee-3d3e66c83bdc)
2019-07-22 07:44:33.350 725 RALLYDEBUG rally_openstack.cleanup.manager [-] Deleting glance.images object s_rally_805ea250_k2IqMoao (0c5dd764-49dc-48e0-a97b-1765e50e9990)
2019-07-22 07:44:33.352 725 RALLYDEBUG rally_openstack.cleanup.manager [-] Deleting glance.images object s_rally_805ea250_nzA9lwml (079dfa36-ed35-4ba5-8370-768b842c0f55)
2019-07-22 07:44:33.353 725 RALLYDEBUG rally_openstack.cleanup.manager [-] Deleting glance.images object s_rally_805ea250_FGlM2lS8 (a004ee3c-8fb9-4699-b086-03fd4732d697)
2019-07-22 07:44:33.355 725 RALLYDEBUG rally_openstack.cleanup.manager [-] Deleting glance.images object s_rally_805ea250_JsbbAiBg (e1eb5b2e-1c68-432b-a6fe-ab391193d1e3)
2019-07-22 07:44:33.358 725 RALLYDEBUG rally_openstack.cleanup.manager [-] Deleting glance.images object s_rally_805ea250_3UHLLEt6 (aaf6d631-1c8b-46d7-b557-621290381736)
2019-07-22 07:44:33.375 725 RALLYDEBUG rally_openstack.cleanup.manager [-] Deleting glance.images object s_rally_805ea250_ZkeCkIty (5614b72a-9f10-45bd-990c-ea9abfcdb4f4)
2019-07-22 07:44:33.386 725 RALLYDEBUG rally_openstack.cleanup.manager [-] Deleting glance.images object s_rally_805ea250_7w2nvPrQ (b239ad50-f90e-4d37-afee-6fe33a0f4e83)
2019-07-22 07:44:34.695 725 DEBUG glanceclient.common.http [-] Request returned failure status 404. _handle_response /usr/lib/python2.7/site-packages/glanceclient/common/http.py:125
2019-07-22 07:44:34.710 725 DEBUG glanceclient.common.http [-] Request returned failure status 404. _handle_response /usr/lib/python2.7/site-packages/glanceclient/common/http.py:125
2019-07-22 07:44:34.717 725 DEBUG glanceclient.common.http [-] Request returned failure status 404. _handle_response /usr/lib/python2.7/site-packages/glanceclient/common/http.py:125
2019-07-22 07:44:34.719 725 DEBUG glanceclient.common.http [-] Request returned failure status 404. _handle_response /usr/lib/python2.7/site-packages/glanceclient/common/http.py:125
2019-07-22 07:44:34.719 725 DEBUG glanceclient.common.http [-] Request returned failure status 404. _handle_response /usr/lib/python2.7/site-packages/glanceclient/common/http.py:125
2019-07-22 07:44:34.724 725 DEBUG glanceclient.common.http [-] Request returned failure status 404. _handle_response /usr/lib/python2.7/site-packages/glanceclient/common/http.py:125
2019-07-22 07:44:34.728 725 DEBUG glanceclient.common.http [-] Request returned failure status 404. _handle_response /usr/lib/python2.7/site-packages/glanceclient/common/http.py:125
2019-07-22 07:44:34.740 725 DEBUG glanceclient.common.http [-] Request returned failure status 404. _handle_response /usr/lib/python2.7/site-packages/glanceclient/common/http.py:125
2019-07-22 07:44:34.742 725 DEBUG glanceclient.common.http [-] Request returned failure status 404. _handle_response /usr/lib/python2.7/site-packages/glanceclient/common/http.py:125
2019-07-22 07:44:34.747 725 DEBUG glanceclient.common.http [-] Request returned failure status 404. _handle_response /usr/lib/python2.7/site-packages/glanceclient/common/http.py:125
2019-07-22 07:44:35.742 725 DEBUG glanceclient.common.http [-] Request returned failure status 404. _handle_response /usr/lib/python2.7/site-packages/glanceclient/common/http.py:125
2019-07-22 07:44:35.749 725 DEBUG glanceclient.common.http [-] Request returned failure status 404. _handle_response /usr/lib/python2.7/site-packages/glanceclient/common/http.py:125
2019-07-22 07:44:35.756 725 DEBUG glanceclient.common.http [-] Request returned failure status 404. _handle_response /usr/lib/python2.7/site-packages/glanceclient/common/http.py:125
2019-07-22 07:44:35.760 725 DEBUG glanceclient.common.http [-] Request returned failure status 404. _handle_response /usr/lib/python2.7/site-packages/glanceclient/common/http.py:125
2019-07-22 07:44:35.770 725 DEBUG glanceclient.common.http [-] Request returned failure status 404. _handle_response /usr/lib/python2.7/site-packages/glanceclient/common/http.py:125
2019-07-22 07:44:35.772 725 DEBUG glanceclient.common.http [-] Request returned failure status 404. _handle_response /usr/lib/python2.7/site-packages/glanceclient/common/http.py:125
2019-07-22 07:44:35.775 725 DEBUG glanceclient.common.http [-] Request returned failure status 404. _handle_response /usr/lib/python2.7/site-packages/glanceclient/common/http.py:125
2019-07-22 07:44:35.777 725 DEBUG glanceclient.common.http [-] Request returned failure status 404. _handle_response /usr/lib/python2.7/site-packages/glanceclient/common/http.py:125
2019-07-22 07:44:35.780 725 DEBUG glanceclient.common.http [-] Request returned failure status 404. _handle_response /usr/lib/python2.7/site-packages/glanceclient/common/http.py:125
2019-07-22 07:44:35.788 725 DEBUG glanceclient.common.http [-] Request returned failure status 404. _handle_response /usr/lib/python2.7/site-packages/glanceclient/common/http.py:125
2019-07-22 07:44:36.790 725 INFO rally.task.context [-] Task 19fbcd70-610b-4e56-b895-4e3eb13cd584 | Context cleanup@openstack cleanup() finished in 5.66 sec
2019-07-22 07:44:36.790 725 INFO rally.task.context [-] Task 19fbcd70-610b-4e56-b895-4e3eb13cd584 | Context users@openstack cleanup() started
2019-07-22 07:44:44.582 725 INFO rally.task.context [-] Task 19fbcd70-610b-4e56-b895-4e3eb13cd584 | Context users@openstack cleanup() finished in 7.79 sec
2019-07-22 07:44:45.566 725 INFO rally.task.engine [-] Load duration is: 14.479121
2019-07-22 07:44:45.567 725 INFO rally.task.engine [-] Full runner duration is: 15.379675
2019-07-22 07:44:45.567 725 INFO rally.task.engine [-] Full duration is: 33.202268
2019-07-22 07:44:45.908 725 INFO rally.task.engine [-] Running workload: position = 0 config = { "version": 2, "title": "A cropped version of a bigger task.", "description": "Auto-generated task from a single workload (uuid=85d264f5-7d17-4d8d-9a42-bade80771e7d)", "subtasks": [ { "title": "GlanceImages.create_and_get_image", "description": "Create and get detailed information of an image.", "scenario": { "GlanceImages.create_and_get_image": { "container_format": "bare", "disk_format": "qcow2", "image_location": "/home/opnfv/functest/images/cirros-0.4.0-x86_64-disk.img" } }, "contexts": { "users": { "tenants": 3, "users_per_tenant": 2 } }, "runner": { "constant": { "concurrency": 4, "times": 10 } }, "hooks": [], "sla": { "failure_rate": { "max": 0 } } } ] }
2019-07-22 07:44:45.931 725 RALLYDEBUG rally_openstack.contexts.keystone.users [-] Creating 3 tenants using 20 threads
2019-07-22 07:44:47.859 725 RALLYDEBUG rally_openstack.contexts.keystone.users [-] Creating 6 users using 20 threads
2019-07-22 07:44:50.705 725 INFO rally.task.context [-] Task 19fbcd70-610b-4e56-b895-4e3eb13cd584 | Context users@openstack setup() finished in 4.77 sec
2019-07-22 07:44:50.705 725 INFO rally.task.context [-] Task 19fbcd70-610b-4e56-b895-4e3eb13cd584 | Context cleanup@openstack setup() finished in 0.01 msec
2019-07-22 07:44:50.714 725 RALLYDEBUG rally.task.runner [-] Starting the constant runner (task UUID: 19fbcd70-610b-4e56-b895-4e3eb13cd584). timeout: 0 concurrency: 4 concurrency_per_worker: 1 times: 10 concurrency_overhead: 0 processes_to_start: 4 max_cpu_used: 16
2019-07-22 07:44:50.727 1633 RALLYDEBUG rally.task.runner [-] Starting a worker. concurrency: 1 args: {"container_format": "bare", "disk_format": "qcow2", "image_location": "/home/opnfv/functest/images/cirros-0.4.0-x86_64-disk.img"} times: 10 method_name: run timeout: 0 duration: None cls:
2019-07-22 07:44:50.731 1634 RALLYDEBUG rally.task.runner [-] Starting a worker. concurrency: 1 args: {"container_format": "bare", "disk_format": "qcow2", "image_location": "/home/opnfv/functest/images/cirros-0.4.0-x86_64-disk.img"} times: 10 method_name: run timeout: 0 duration: None cls:
2019-07-22 07:44:50.733 1633 INFO rally.task.runner [-] Task 19fbcd70-610b-4e56-b895-4e3eb13cd584 | ITER: 1 START
2019-07-22 07:44:50.734 1635 RALLYDEBUG rally.task.runner [-] Starting a worker. concurrency: 1 args: {"container_format": "bare", "disk_format": "qcow2", "image_location": "/home/opnfv/functest/images/cirros-0.4.0-x86_64-disk.img"} times: 10 method_name: run timeout: 0 duration: None cls:
2019-07-22 07:44:50.737 1634 INFO rally.task.runner [-] Task 19fbcd70-610b-4e56-b895-4e3eb13cd584 | ITER: 2 START
2019-07-22 07:44:50.737 1636 RALLYDEBUG rally.task.runner [-] Starting a worker. concurrency: 1 args: {"container_format": "bare", "disk_format": "qcow2", "image_location": "/home/opnfv/functest/images/cirros-0.4.0-x86_64-disk.img"} times: 10 method_name: run timeout: 0 duration: None cls:
2019-07-22 07:44:50.740 1635 INFO rally.task.runner [-] Task 19fbcd70-610b-4e56-b895-4e3eb13cd584 | ITER: 3 START
2019-07-22 07:44:50.743 1636 INFO rally.task.runner [-] Task 19fbcd70-610b-4e56-b895-4e3eb13cd584 | ITER: 4 START
2019-07-22 07:44:54.019 1635 RALLYDEBUG rally.task.utils [-] Waiting for resource u'f4e7b252-598a-4cc0-a736-67487efce16e'. Status changed: NONE => QUEUED in 0.0317628383636
2019-07-22 07:44:54.041 1634 RALLYDEBUG rally.task.utils [-] Waiting for resource u'5b792111-0625-4bfd-a029-45b76432fcf7'. Status changed: NONE => QUEUED in 0.0319519042969
2019-07-22 07:44:54.097 1633 RALLYDEBUG rally.task.utils [-] Waiting for resource u'a2f62d9d-ac1e-4061-9834-6213a25cf6b0'. Status changed: NONE => QUEUED in 0.0286231040955
2019-07-22 07:44:54.132 1636 RALLYDEBUG rally.task.utils [-] Waiting for resource u'9a0c4988-53ec-41cd-b1c3-74bf350fd497'. Status changed: NONE => QUEUED in 0.0292658805847
2019-07-22 07:44:54.996 1634 RALLYDEBUG rally.task.utils [-] Waiting for resource s_rally_85d264f5_y6nzjpsK. Status changed: QUEUED => ACTIVE in 0.0176150798798
2019-07-22 07:44:54.998 1635 RALLYDEBUG rally.task.utils [-] Waiting for resource s_rally_85d264f5_lzRThIGi. Status changed: QUEUED => ACTIVE in 0.0180270671844
2019-07-22 07:44:55.016 1634 INFO rally.task.runner [-] Task 19fbcd70-610b-4e56-b895-4e3eb13cd584 | ITER: 2 END: OK
2019-07-22 07:44:55.016 1635 INFO rally.task.runner [-] Task 19fbcd70-610b-4e56-b895-4e3eb13cd584 | ITER: 3 END: OK
2019-07-22 07:44:55.019 1634 INFO rally.task.runner [-] Task 19fbcd70-610b-4e56-b895-4e3eb13cd584 | ITER: 5 START
2019-07-22 07:44:55.020 1635 INFO rally.task.runner [-] Task 19fbcd70-610b-4e56-b895-4e3eb13cd584 | ITER: 6 START
2019-07-22 07:44:55.580 1633 RALLYDEBUG rally.task.utils [-] Waiting for resource s_rally_85d264f5_jGd3sh7I. Status changed: QUEUED => ACTIVE in 0.0195989608765
2019-07-22 07:44:55.581 1636 RALLYDEBUG rally.task.utils [-] Waiting for resource s_rally_85d264f5_PyTDnClg. Status changed: QUEUED => ACTIVE in 0.0201539993286
2019-07-22 07:44:55.599 1633 INFO rally.task.runner [-] Task 19fbcd70-610b-4e56-b895-4e3eb13cd584 | ITER: 1 END: OK
2019-07-22 07:44:55.603 1633 INFO rally.task.runner [-] Task 19fbcd70-610b-4e56-b895-4e3eb13cd584 | ITER: 7 START
2019-07-22 07:44:55.604 1636 INFO rally.task.runner [-] Task 19fbcd70-610b-4e56-b895-4e3eb13cd584 | ITER: 4 END: OK
2019-07-22 07:44:55.608 1636 INFO rally.task.runner [-] Task 19fbcd70-610b-4e56-b895-4e3eb13cd584 | ITER: 8 START
2019-07-22 07:44:58.283 1634 RALLYDEBUG rally.task.utils [-] Waiting for resource u'a5da1662-f566-4ab0-930a-402148bb16b1'. Status changed: NONE => QUEUED in 0.0283718109131
2019-07-22 07:44:58.297 1635 RALLYDEBUG rally.task.utils [-] Waiting for resource u'2d5fdae9-c996-4ed0-908a-065aa87a86fc'. Status changed: NONE => QUEUED in 0.0281829833984
2019-07-22 07:44:58.807 1633 RALLYDEBUG rally.task.utils [-] Waiting for resource u'11816a40-4a05-4b08-8bd2-c5dddaa581c5'. Status changed: NONE => QUEUED in 0.0275640487671
2019-07-22 07:44:58.840 1636 RALLYDEBUG rally.task.utils [-] Waiting for resource u'11f34c1f-7e92-48bc-98e5-ca64c00b9c34'. Status changed: NONE => QUEUED in 0.0251519680023
2019-07-22 07:44:59.695 1636 RALLYDEBUG rally.task.utils [-] Waiting for resource s_rally_85d264f5_hbtjE15E. Status changed: QUEUED => ACTIVE in 0.0184719562531
2019-07-22 07:44:59.695 1634 RALLYDEBUG rally.task.utils [-] Waiting for resource s_rally_85d264f5_g53yDtcz. Status changed: QUEUED => ACTIVE in 0.024377822876
2019-07-22 07:44:59.700 1633 RALLYDEBUG rally.task.utils [-] Waiting for resource s_rally_85d264f5_tGNbDhqm. Status changed: QUEUED => ACTIVE in 0.0172898769379
2019-07-22 07:44:59.717 1636 INFO rally.task.runner [-] Task 19fbcd70-610b-4e56-b895-4e3eb13cd584 | ITER: 8 END: OK
2019-07-22 07:44:59.718 1633 INFO rally.task.runner [-] Task 19fbcd70-610b-4e56-b895-4e3eb13cd584 | ITER: 7 END: OK
2019-07-22 07:44:59.720 1636 INFO rally.task.runner [-] Task 19fbcd70-610b-4e56-b895-4e3eb13cd584 | ITER: 9 START
2019-07-22 07:44:59.721 1634 INFO rally.task.runner [-] Task 19fbcd70-610b-4e56-b895-4e3eb13cd584 | ITER: 5 END: OK
2019-07-22 07:44:59.722 1633 INFO rally.task.runner [-] Task 19fbcd70-610b-4e56-b895-4e3eb13cd584 | ITER: 10 START
2019-07-22 07:44:59.725 1635 RALLYDEBUG rally.task.utils [-] Waiting for resource s_rally_85d264f5_DDXSJEUH. Status changed: QUEUED => ACTIVE in 0.02543592453
2019-07-22 07:44:59.753 1635 INFO rally.task.runner [-] Task 19fbcd70-610b-4e56-b895-4e3eb13cd584 | ITER: 6 END: OK
2019-07-22 07:45:02.931 1633 RALLYDEBUG rally.task.utils [-] Waiting for resource u'40c5c416-1ece-45b6-803a-939e24feedde'. Status changed: NONE => QUEUED in 0.0324668884277
2019-07-22 07:45:03.012 1636 RALLYDEBUG rally.task.utils [-] Waiting for resource u'3847a081-e159-46dc-b08c-005dfa3778d1'. Status changed: NONE => QUEUED in 0.0292778015137
2019-07-22 07:45:04.021 1633 RALLYDEBUG rally.task.utils [-] Waiting for resource s_rally_85d264f5_mZrjpKFG. Status changed: QUEUED => ACTIVE in 0.0225069522858
2019-07-22 07:45:04.028 1636 RALLYDEBUG rally.task.utils [-] Waiting for resource s_rally_85d264f5_kv0KePZB. Status changed: QUEUED => ACTIVE in 0.0235378742218
2019-07-22 07:45:04.042 1633 INFO rally.task.runner [-] Task 19fbcd70-610b-4e56-b895-4e3eb13cd584 | ITER: 10 END: OK
2019-07-22 07:45:04.048 1636 INFO rally.task.runner [-] Task 19fbcd70-610b-4e56-b895-4e3eb13cd584 | ITER: 9 END: OK
2019-07-22 07:45:04.068 725 INFO rally.task.context [-] Task 19fbcd70-610b-4e56-b895-4e3eb13cd584 | Context cleanup@openstack cleanup() started
2019-07-22 07:45:04.070 725 RALLYDEBUG rally_openstack.cleanup.manager [-] Cleaning up glance images objects
2019-07-22 07:45:06.304 725 RALLYDEBUG rally_openstack.cleanup.manager [-] Deleting glance.images object s_rally_85d264f5_lzRThIGi (f4e7b252-598a-4cc0-a736-67487efce16e)
2019-07-22 07:45:06.304 725 RALLYDEBUG rally_openstack.cleanup.manager [-] Deleting glance.images object s_rally_85d264f5_tGNbDhqm (11816a40-4a05-4b08-8bd2-c5dddaa581c5)
2019-07-22 07:45:06.309 725 RALLYDEBUG rally_openstack.cleanup.manager [-] Deleting glance.images object s_rally_85d264f5_PyTDnClg (9a0c4988-53ec-41cd-b1c3-74bf350fd497)
2019-07-22 07:45:06.314 725 RALLYDEBUG rally_openstack.cleanup.manager [-] Deleting glance.images object s_rally_85d264f5_DDXSJEUH (2d5fdae9-c996-4ed0-908a-065aa87a86fc)
2019-07-22 07:45:06.318 725 RALLYDEBUG rally_openstack.cleanup.manager [-] Deleting glance.images object s_rally_85d264f5_y6nzjpsK (5b792111-0625-4bfd-a029-45b76432fcf7)
2019-07-22 07:45:06.327 725 RALLYDEBUG rally_openstack.cleanup.manager [-] Deleting glance.images object s_rally_85d264f5_kv0KePZB (3847a081-e159-46dc-b08c-005dfa3778d1)
2019-07-22 07:45:06.328 725 RALLYDEBUG rally_openstack.cleanup.manager [-] Deleting glance.images object s_rally_85d264f5_g53yDtcz (a5da1662-f566-4ab0-930a-402148bb16b1)
2019-07-22 07:45:06.331 725 RALLYDEBUG rally_openstack.cleanup.manager [-] Deleting glance.images object s_rally_85d264f5_hbtjE15E (11f34c1f-7e92-48bc-98e5-ca64c00b9c34)
2019-07-22 07:45:06.331 725 RALLYDEBUG rally_openstack.cleanup.manager [-] Deleting glance.images object s_rally_85d264f5_mZrjpKFG (40c5c416-1ece-45b6-803a-939e24feedde)
2019-07-22 07:45:06.336 725 RALLYDEBUG rally_openstack.cleanup.manager [-] Deleting glance.images object s_rally_85d264f5_jGd3sh7I (a2f62d9d-ac1e-4061-9834-6213a25cf6b0)
2019-07-22 07:45:08.049 725 DEBUG glanceclient.common.http [-] Request returned failure status 404. _handle_response /usr/lib/python2.7/site-packages/glanceclient/common/http.py:125
2019-07-22 07:45:08.060 725 DEBUG glanceclient.common.http [-] Request returned failure status 404. _handle_response /usr/lib/python2.7/site-packages/glanceclient/common/http.py:125
2019-07-22 07:45:08.071 725 DEBUG glanceclient.common.http [-] Request returned failure status 404. _handle_response /usr/lib/python2.7/site-packages/glanceclient/common/http.py:125
2019-07-22 07:45:08.072 725 DEBUG glanceclient.common.http [-] Request returned failure status 404. _handle_response /usr/lib/python2.7/site-packages/glanceclient/common/http.py:125
2019-07-22 07:45:08.079 725 DEBUG glanceclient.common.http [-] Request returned failure status 404. _handle_response /usr/lib/python2.7/site-packages/glanceclient/common/http.py:125
2019-07-22 07:45:08.083 725 DEBUG glanceclient.common.http [-] Request returned failure status 404. _handle_response /usr/lib/python2.7/site-packages/glanceclient/common/http.py:125
2019-07-22 07:45:08.084 725 DEBUG glanceclient.common.http [-] Request returned failure status 404. _handle_response /usr/lib/python2.7/site-packages/glanceclient/common/http.py:125
2019-07-22 07:45:08.089 725 DEBUG glanceclient.common.http [-] Request returned failure status 404. _handle_response /usr/lib/python2.7/site-packages/glanceclient/common/http.py:125
2019-07-22 07:45:08.092 725 DEBUG glanceclient.common.http [-] Request returned failure status 404. _handle_response /usr/lib/python2.7/site-packages/glanceclient/common/http.py:125
2019-07-22 07:45:08.092 725 DEBUG glanceclient.common.http [-] Request returned failure status 404. _handle_response /usr/lib/python2.7/site-packages/glanceclient/common/http.py:125
2019-07-22 07:45:08.097 725 DEBUG glanceclient.common.http [-] Request returned failure status 404. _handle_response /usr/lib/python2.7/site-packages/glanceclient/common/http.py:125
2019-07-22 07:45:08.103 725 DEBUG glanceclient.common.http [-] Request returned failure status 404. _handle_response /usr/lib/python2.7/site-packages/glanceclient/common/http.py:125
2019-07-22 07:45:09.009 725 DEBUG glanceclient.common.http [-] Request returned failure status 404. _handle_response /usr/lib/python2.7/site-packages/glanceclient/common/http.py:125
2019-07-22 07:45:09.025 725 DEBUG glanceclient.common.http [-] Request returned failure status 404. _handle_response /usr/lib/python2.7/site-packages/glanceclient/common/http.py:125
2019-07-22 07:45:09.033 725 DEBUG glanceclient.common.http [-] Request returned failure status 404. _handle_response /usr/lib/python2.7/site-packages/glanceclient/common/http.py:125
2019-07-22 07:45:09.041 725 DEBUG glanceclient.common.http [-] Request returned failure status 404. _handle_response /usr/lib/python2.7/site-packages/glanceclient/common/http.py:125
2019-07-22 07:45:09.046 725 DEBUG glanceclient.common.http [-] Request returned failure status 404. _handle_response /usr/lib/python2.7/site-packages/glanceclient/common/http.py:125
2019-07-22 07:45:09.056 725 DEBUG glanceclient.common.http [-] Request returned failure status 404. _handle_response /usr/lib/python2.7/site-packages/glanceclient/common/http.py:125
2019-07-22 07:45:09.067 725 DEBUG glanceclient.common.http [-] Request returned failure status 404. _handle_response /usr/lib/python2.7/site-packages/glanceclient/common/http.py:125
2019-07-22 07:45:09.081 725 DEBUG glanceclient.common.http [-] Request returned failure status 404. _handle_response /usr/lib/python2.7/site-packages/glanceclient/common/http.py:125
2019-07-22 07:45:10.084 725 INFO rally.task.context [-] Task 19fbcd70-610b-4e56-b895-4e3eb13cd584 | Context cleanup@openstack cleanup() finished in 6.02 sec
2019-07-22 07:45:10.084 725 INFO rally.task.context [-] Task 19fbcd70-610b-4e56-b895-4e3eb13cd584 | Context users@openstack cleanup() started
2019-07-22 07:45:17.543 725 INFO rally.task.context [-] Task 19fbcd70-610b-4e56-b895-4e3eb13cd584 | Context users@openstack cleanup() finished in 7.46 sec
2019-07-22 07:45:18.067 725 INFO rally.task.engine [-] Load duration is: 12.45542
2019-07-22 07:45:18.067 725 INFO rally.task.engine [-] Full runner duration is: 13.354027
