2019-07-22 07:47:58.513 1842 DEBUG novaclient.v2.client [-] RESP BODY: {"servers": []} _http_log_response /usr/lib/python2.7/site-packages/keystoneauth1/session.py:511
2019-07-22 07:47:58.513 1842 DEBUG novaclient.v2.client [-] GET call to compute for http://172.30.9.26:8774/v2.1/servers/detail used request id req-c6def281-27a0-40b1-ae51-1adde5f06c13 request /usr/lib/python2.7/site-packages/keystoneauth1/session.py:844
2019-07-22 07:47:59.011 1842 DEBUG novaclient.v2.client [-] REQ: curl -g -i -X GET http://172.30.9.26:8774/v2.1/servers/detail -H "Accept: application/json" -H "User-Agent: python-novaclient" -H "X-Auth-Token: {SHA1}9579f1b37b78b5a4161117b3911ae9a921d86580" _http_log_request /usr/lib/python2.7/site-packages/keystoneauth1/session.py:448
2019-07-22 07:47:59.745 1842 DEBUG novaclient.v2.client [-] RESP: [200] Content-Length: 15 Content-Type: application/json Date: Mon, 22 Jul 2019 07:47:59 GMT OpenStack-API-Version: compute 2.1 Server: Apache Vary: OpenStack-API-Version,X-OpenStack-Nova-API-Version X-OpenStack-Nova-API-Version: 2.1 x-compute-request-id: req-a6faf724-5a66-4f7a-bee3-3d74c9b88c93 x-openstack-request-id: req-a6faf724-5a66-4f7a-bee3-3d74c9b88c93 _http_log_response /usr/lib/python2.7/site-packages/keystoneauth1/session.py:479
2019-07-22 07:47:59.746 1842 DEBUG novaclient.v2.client [-] RESP BODY: {"servers": []} _http_log_response /usr/lib/python2.7/site-packages/keystoneauth1/session.py:511
2019-07-22 07:47:59.746 1842 DEBUG novaclient.v2.client [-] GET call to compute for http://172.30.9.26:8774/v2.1/servers/detail used request id req-a6faf724-5a66-4f7a-bee3-3d74c9b88c93 request /usr/lib/python2.7/site-packages/keystoneauth1/session.py:844
2019-07-22 07:47:59.753 1842 RALLYDEBUG rally_openstack.cleanup.manager [-] Cleaning up nova server_groups objects
2019-07-22 07:48:00.181 1842 DEBUG novaclient.v2.client [-] REQ: curl -g -i -X GET http://172.30.9.26:8774/v2.1/os-server-groups -H "Accept: application/json" -H "User-Agent: python-novaclient" -H "X-Auth-Token: {SHA1}419b5e60ebf15978146616da0f80095f50d006df" _http_log_request /usr/lib/python2.7/site-packages/keystoneauth1/session.py:448
2019-07-22 07:48:00.389 1842 DEBUG novaclient.v2.client [-] RESP: [200] Content-Length: 21 Content-Type: application/json Date: Mon, 22 Jul 2019 07:48:00 GMT OpenStack-API-Version: compute 2.1 Server: Apache Vary: OpenStack-API-Version,X-OpenStack-Nova-API-Version X-OpenStack-Nova-API-Version: 2.1 x-compute-request-id: req-0898ff21-e6d9-43d9-96fd-fed301aa9ff2 x-openstack-request-id: req-0898ff21-e6d9-43d9-96fd-fed301aa9ff2 _http_log_response /usr/lib/python2.7/site-packages/keystoneauth1/session.py:479
2019-07-22 07:48:00.390 1842 DEBUG novaclient.v2.client [-] RESP BODY: {"server_groups": []} _http_log_response /usr/lib/python2.7/site-packages/keystoneauth1/session.py:511
2019-07-22 07:48:00.390 1842 DEBUG novaclient.v2.client [-] GET call to compute for http://172.30.9.26:8774/v2.1/os-server-groups used request id req-0898ff21-e6d9-43d9-96fd-fed301aa9ff2 request /usr/lib/python2.7/site-packages/keystoneauth1/session.py:844
2019-07-22 07:48:00.893 1842 DEBUG novaclient.v2.client [-] REQ: curl -g -i -X GET http://172.30.9.26:8774/v2.1/os-server-groups -H "Accept: application/json" -H "User-Agent: python-novaclient" -H "X-Auth-Token: {SHA1}305d4a33c3800bf9bf055d03df040533ade0a27f" _http_log_request /usr/lib/python2.7/site-packages/keystoneauth1/session.py:448
2019-07-22 07:48:01.183 1842 DEBUG novaclient.v2.client [-] RESP: [200] Content-Length: 21 Content-Type: application/json Date: Mon, 22 Jul 2019 07:48:00 GMT OpenStack-API-Version: compute 2.1 Server: Apache Vary: OpenStack-API-Version,X-OpenStack-Nova-API-Version X-OpenStack-Nova-API-Version: 2.1 x-compute-request-id: req-bd375a7d-35fb-416d-b9fd-cbabbca4fc4e x-openstack-request-id: req-bd375a7d-35fb-416d-b9fd-cbabbca4fc4e _http_log_response /usr/lib/python2.7/site-packages/keystoneauth1/session.py:479
2019-07-22 07:48:01.184 1842 DEBUG novaclient.v2.client [-] RESP BODY: {"server_groups": []} _http_log_response /usr/lib/python2.7/site-packages/keystoneauth1/session.py:511
2019-07-22 07:48:01.184 1842 DEBUG novaclient.v2.client [-] GET call to compute for http://172.30.9.26:8774/v2.1/os-server-groups used request id req-bd375a7d-35fb-416d-b9fd-cbabbca4fc4e request /usr/lib/python2.7/site-packages/keystoneauth1/session.py:844
2019-07-22 07:48:01.606 1842 DEBUG novaclient.v2.client [-] REQ: curl -g -i -X GET http://172.30.9.26:8774/v2.1/os-server-groups -H "Accept: application/json" -H "User-Agent: python-novaclient" -H "X-Auth-Token: {SHA1}873e09b6a1cc9e24e83abfb6adceaa91ab9906f5" _http_log_request /usr/lib/python2.7/site-packages/keystoneauth1/session.py:448
2019-07-22 07:48:01.871 1842 DEBUG novaclient.v2.client [-] RESP: [200] Content-Length: 21 Content-Type: application/json Date: Mon, 22 Jul 2019 07:48:01 GMT OpenStack-API-Version: compute 2.1 Server: Apache Vary: OpenStack-API-Version,X-OpenStack-Nova-API-Version X-OpenStack-Nova-API-Version: 2.1 x-compute-request-id: req-3256de6d-1105-44ab-8f1b-ebf3f57de03e x-openstack-request-id: req-3256de6d-1105-44ab-8f1b-ebf3f57de03e _http_log_response /usr/lib/python2.7/site-packages/keystoneauth1/session.py:479
2019-07-22 07:48:01.872 1842 DEBUG novaclient.v2.client [-] RESP BODY: {"server_groups": []} _http_log_response /usr/lib/python2.7/site-packages/keystoneauth1/session.py:511
2019-07-22 07:48:01.872 1842 DEBUG novaclient.v2.client [-] GET call to compute for http://172.30.9.26:8774/v2.1/os-server-groups used request id req-3256de6d-1105-44ab-8f1b-ebf3f57de03e request /usr/lib/python2.7/site-packages/keystoneauth1/session.py:844
2019-07-22 07:48:01.879 1842 RALLYDEBUG rally_openstack.cleanup.manager [-] Cleaning up nova keypairs objects
2019-07-22 07:48:02.294 1842 DEBUG novaclient.v2.client [-] REQ: curl -g -i -X GET http://172.30.9.26:8774/v2.1/os-keypairs -H "Accept: application/json" -H "User-Agent: python-novaclient" -H "X-Auth-Token: {SHA1}1642f61682e3b97e125f366a5b353fadd2405eef" _http_log_request /usr/lib/python2.7/site-packages/keystoneauth1/session.py:448
2019-07-22 07:48:02.572 1842 DEBUG novaclient.v2.client [-] RESP: [200] Content-Length: 16 Content-Type: application/json Date: Mon, 22 Jul 2019 07:48:02 GMT OpenStack-API-Version: compute 2.1 Server: Apache Vary: OpenStack-API-Version,X-OpenStack-Nova-API-Version X-OpenStack-Nova-API-Version: 2.1 x-compute-request-id: req-9129af0c-8401-4b20-b7ce-9191a2f08b27 x-openstack-request-id: req-9129af0c-8401-4b20-b7ce-9191a2f08b27 _http_log_response /usr/lib/python2.7/site-packages/keystoneauth1/session.py:479
2019-07-22 07:48:02.573 1842 DEBUG novaclient.v2.client [-] RESP BODY: {"keypairs": []} _http_log_response /usr/lib/python2.7/site-packages/keystoneauth1/session.py:511
2019-07-22 07:48:02.573 1842 DEBUG novaclient.v2.client [-] GET call to compute for http://172.30.9.26:8774/v2.1/os-keypairs used request id req-9129af0c-8401-4b20-b7ce-9191a2f08b27 request /usr/lib/python2.7/site-packages/keystoneauth1/session.py:844
2019-07-22 07:48:02.992 1842 DEBUG novaclient.v2.client [-] REQ: curl -g -i -X GET http://172.30.9.26:8774/v2.1/os-keypairs -H "Accept: application/json" -H "User-Agent: python-novaclient" -H "X-Auth-Token: {SHA1}8df45685de53d1fac9df0a268bf8ccf370f2da37" _http_log_request /usr/lib/python2.7/site-packages/keystoneauth1/session.py:448
2019-07-22 07:48:03.197 1842 DEBUG novaclient.v2.client [-] RESP: [200] Content-Length: 16 Content-Type: application/json Date: Mon, 22 Jul 2019 07:48:02 GMT OpenStack-API-Version: compute 2.1 Server: Apache Vary: OpenStack-API-Version,X-OpenStack-Nova-API-Version X-OpenStack-Nova-API-Version: 2.1 x-compute-request-id: req-6ec64f75-8325-46b1-9cb5-e28f7423522b x-openstack-request-id: req-6ec64f75-8325-46b1-9cb5-e28f7423522b _http_log_response /usr/lib/python2.7/site-packages/keystoneauth1/session.py:479
2019-07-22 07:48:03.197 1842 DEBUG novaclient.v2.client [-] RESP BODY: {"keypairs": []} _http_log_response /usr/lib/python2.7/site-packages/keystoneauth1/session.py:511
2019-07-22 07:48:03.197 1842 DEBUG novaclient.v2.client [-] GET call to compute for http://172.30.9.26:8774/v2.1/os-keypairs used request id req-6ec64f75-8325-46b1-9cb5-e28f7423522b request /usr/lib/python2.7/site-packages/keystoneauth1/session.py:844
2019-07-22 07:48:03.626 1842 DEBUG novaclient.v2.client [-] REQ: curl -g -i -X GET http://172.30.9.26:8774/v2.1/os-keypairs -H "Accept: application/json" -H "User-Agent: python-novaclient" -H "X-Auth-Token: {SHA1}ce4e2db55e7731847116a050ebf708cb77ccc970" _http_log_request /usr/lib/python2.7/site-packages/keystoneauth1/session.py:448
2019-07-22 07:48:03.825 1842 DEBUG novaclient.v2.client [-] RESP: [200] Content-Length: 16 Content-Type: application/json Date: Mon, 22 Jul 2019 07:48:03 GMT OpenStack-API-Version: compute 2.1 Server: Apache Vary: OpenStack-API-Version,X-OpenStack-Nova-API-Version X-OpenStack-Nova-API-Version: 2.1 x-compute-request-id: req-bea59279-93b9-4655-abe9-5aab7aef9238 x-openstack-request-id: req-bea59279-93b9-4655-abe9-5aab7aef9238 _http_log_response /usr/lib/python2.7/site-packages/keystoneauth1/session.py:479
2019-07-22 07:48:03.825 1842 DEBUG novaclient.v2.client [-] RESP BODY: {"keypairs": []} _http_log_response /usr/lib/python2.7/site-packages/keystoneauth1/session.py:511
2019-07-22 07:48:03.825 1842 DEBUG novaclient.v2.client [-] GET call to compute for http://172.30.9.26:8774/v2.1/os-keypairs used request id req-bea59279-93b9-4655-abe9-5aab7aef9238 request /usr/lib/python2.7/site-packages/keystoneauth1/session.py:844
2019-07-22 07:48:04.242 1842 DEBUG novaclient.v2.client [-] REQ: curl -g -i -X GET http://172.30.9.26:8774/v2.1/os-keypairs -H "Accept: application/json" -H "User-Agent: python-novaclient" -H "X-Auth-Token: {SHA1}03d7a57c2f50ee8f72221d2b637d2b905a063164" _http_log_request /usr/lib/python2.7/site-packages/keystoneauth1/session.py:448
2019-07-22 07:48:04.529 1842 DEBUG novaclient.v2.client [-] RESP: [200] Content-Length: 16 Content-Type: application/json Date: Mon, 22 Jul 2019 07:48:04 GMT OpenStack-API-Version: compute 2.1 Server: Apache Vary: OpenStack-API-Version,X-OpenStack-Nova-API-Version X-OpenStack-Nova-API-Version: 2.1 x-compute-request-id: req-62502366-736f-4b38-ad22-f2911953b7dd x-openstack-request-id: req-62502366-736f-4b38-ad22-f2911953b7dd _http_log_response /usr/lib/python2.7/site-packages/keystoneauth1/session.py:479
2019-07-22 07:48:04.529 1842 DEBUG novaclient.v2.client [-] RESP BODY: {"keypairs": []} _http_log_response /usr/lib/python2.7/site-packages/keystoneauth1/session.py:511
2019-07-22 07:48:04.530 1842 DEBUG novaclient.v2.client [-] GET call to compute for http://172.30.9.26:8774/v2.1/os-keypairs used request id req-62502366-736f-4b38-ad22-f2911953b7dd request /usr/lib/python2.7/site-packages/keystoneauth1/session.py:844
2019-07-22 07:48:04.951 1842 DEBUG novaclient.v2.client [-] REQ: curl -g -i -X GET http://172.30.9.26:8774/v2.1/os-keypairs -H "Accept: application/json" -H "User-Agent: python-novaclient" -H "X-Auth-Token: {SHA1}76bebe88b2b38245efe3c1c489008523a91fb80f" _http_log_request /usr/lib/python2.7/site-packages/keystoneauth1/session.py:448
2019-07-22 07:48:05.158 1842 DEBUG novaclient.v2.client [-] RESP: [200] Content-Length: 16 Content-Type: application/json Date: Mon, 22 Jul 2019 07:48:04 GMT OpenStack-API-Version: compute 2.1 Server: Apache Vary: OpenStack-API-Version,X-OpenStack-Nova-API-Version X-OpenStack-Nova-API-Version: 2.1 x-compute-request-id: req-c1b3d502-8173-4396-b1cf-8df6c421484e x-openstack-request-id: req-c1b3d502-8173-4396-b1cf-8df6c421484e _http_log_response /usr/lib/python2.7/site-packages/keystoneauth1/session.py:479
2019-07-22 07:48:05.159 1842 DEBUG novaclient.v2.client [-] RESP BODY: {"keypairs": []} _http_log_response /usr/lib/python2.7/site-packages/keystoneauth1/session.py:511
2019-07-22 07:48:05.159 1842 DEBUG novaclient.v2.client [-] GET call to compute for http://172.30.9.26:8774/v2.1/os-keypairs used request id req-c1b3d502-8173-4396-b1cf-8df6c421484e request /usr/lib/python2.7/site-packages/keystoneauth1/session.py:844
2019-07-22 07:48:05.577 1842 DEBUG novaclient.v2.client [-] REQ: curl -g -i -X GET http://172.30.9.26:8774/v2.1/os-keypairs -H "Accept: application/json" -H "User-Agent: python-novaclient" -H "X-Auth-Token: {SHA1}d7ec8974d8f35f90ada172e00e39e7afd589d266" _http_log_request /usr/lib/python2.7/site-packages/keystoneauth1/session.py:448
2019-07-22 07:48:05.842 1842 DEBUG novaclient.v2.client [-] RESP: [200] Content-Length: 16 Content-Type: application/json Date: Mon, 22 Jul 2019 07:48:05 GMT OpenStack-API-Version: compute 2.1 Server: Apache Vary: OpenStack-API-Version,X-OpenStack-Nova-API-Version X-OpenStack-Nova-API-Version: 2.1 x-compute-request-id: req-11e01593-ed97-4180-b755-2ed1df5c0e68 x-openstack-request-id: req-11e01593-ed97-4180-b755-2ed1df5c0e68 _http_log_response /usr/lib/python2.7/site-packages/keystoneauth1/session.py:479
2019-07-22 07:48:05.842 1842 DEBUG novaclient.v2.client [-] RESP BODY: {"keypairs": []} _http_log_response /usr/lib/python2.7/site-packages/keystoneauth1/session.py:511
2019-07-22 07:48:05.843 1842 DEBUG novaclient.v2.client [-] GET call to compute for http://172.30.9.26:8774/v2.1/os-keypairs used request id req-11e01593-ed97-4180-b755-2ed1df5c0e68 request /usr/lib/python2.7/site-packages/keystoneauth1/session.py:844
2019-07-22 07:48:05.850 1842 RALLYDEBUG rally_openstack.cleanup.manager [-] Cleaning up cinder backups objects
2019-07-22 07:48:08.221 1842 RALLYDEBUG rally_openstack.cleanup.manager [-] Cleaning up cinder volume_snapshots objects
2019-07-22 07:48:10.246 1842 RALLYDEBUG rally_openstack.cleanup.manager [-] Cleaning up cinder transfers objects
2019-07-22 07:48:12.382 1842 RALLYDEBUG rally_openstack.cleanup.manager [-] Cleaning up cinder volumes objects
2019-07-22 07:48:14.406 1842 INFO rally.task.context [-] Task 178be2ae-261a-4f55-b96d-78bd0d35caaf | Context cleanup@openstack cleanup() finished in 17.37 sec
2019-07-22 07:48:14.407 1842 INFO rally.task.context [-] Task 178be2ae-261a-4f55-b96d-78bd0d35caaf | Context quotas@openstack cleanup() started
2019-07-22 07:48:14.942 1842 INFO rally.task.context [-] Task 178be2ae-261a-4f55-b96d-78bd0d35caaf | Context quotas@openstack cleanup() finished in 0.54 sec
2019-07-22 07:48:14.943 1842 INFO rally.task.context [-] Task 178be2ae-261a-4f55-b96d-78bd0d35caaf | Context api_versions@openstack cleanup() started
2019-07-22 07:48:14.943 1842 INFO rally.task.context [-] Task 178be2ae-261a-4f55-b96d-78bd0d35caaf | Context api_versions@openstack cleanup() finished in 0.32 msec
2019-07-22 07:48:14.944 1842 INFO rally.task.context [-] Task 178be2ae-261a-4f55-b96d-78bd0d35caaf | Context users@openstack cleanup() started
2019-07-22 07:48:21.713 1842 INFO rally.task.context [-] Task 178be2ae-261a-4f55-b96d-78bd0d35caaf | Context users@openstack cleanup() finished in 6.77 sec
2019-07-22 07:48:21.806 1842 INFO rally.task.engine [-] Load duration is: 80.534991
2019-07-22 07:48:21.806 1842 INFO rally.task.engine [-] Full runner duration is: 81.587357
2019-07-22 07:48:21.806 1842 INFO rally.task.engine [-] Full duration is: 114.350271
2019-07-22 07:48:22.087 1842 INFO rally.task.engine [-] Running workload: position = 0 config = { "version": 2, "title": "A cropped version of a bigger task.", "description": "Auto-generated task from a single workload (uuid=d318ce4e-5304-4ccb-bd12-18ae8572bed6)", "subtasks": [ { "title": "CinderVolumes.create_and_list_snapshots", "description": "Create and then list a volume-snapshot.", "scenario": { "CinderVolumes.create_and_list_snapshots": { "detailed": true, "force": false } }, "contexts": { "users": { "tenants": 3, "users_per_tenant": 2 }, "quotas": { "cinder": { "gigabytes": -1, "snapshots": -1, "volumes": -1 } }, "api_versions": { "cinder": { "version": 3, "service_type": "volumev3" } }, "volumes": { "size": 1, "volumes_per_tenant": 1 } }, "runner": { "constant": { "concurrency": 4, "times": 10 } }, "hooks": [], "sla": { "failure_rate": { "max": 0 } } } ] }
2019-07-22 07:48:22.118 1842 RALLYDEBUG rally_openstack.contexts.keystone.users [-] Creating 3 tenants using 20 threads
2019-07-22 07:48:24.036 1842 RALLYDEBUG rally_openstack.contexts.keystone.users [-] Creating 6 users using 20 threads
2019-07-22 07:48:26.619 1842 INFO rally.task.context [-] Task 178be2ae-261a-4f55-b96d-78bd0d35caaf | Context users@openstack setup() finished in 4.50 sec
2019-07-22 07:48:27.045 1842 INFO rally.task.context [-] Task 178be2ae-261a-4f55-b96d-78bd0d35caaf | Context api_versions@openstack setup() finished in 0.43 sec
2019-07-22 07:48:28.729 1842 INFO rally.task.context [-] Task 178be2ae-261a-4f55-b96d-78bd0d35caaf | Context quotas@openstack setup() finished in 1.68 sec
2019-07-22 07:48:39.445 1842 INFO rally.task.context [-] Task 178be2ae-261a-4f55-b96d-78bd0d35caaf | Context volumes@openstack setup() finished in 10.72 sec
2019-07-22 07:48:39.446 1842 INFO rally.task.context [-] Task 178be2ae-261a-4f55-b96d-78bd0d35caaf | Context cleanup@openstack setup() finished in 0.01 msec
2019-07-22 07:48:39.454 1842 RALLYDEBUG rally.task.runner [-] Starting the constant runner (task UUID: 178be2ae-261a-4f55-b96d-78bd0d35caaf). timeout: 0 concurrency: 4 concurrency_per_worker: 1 times: 10 concurrency_overhead: 0 processes_to_start: 4 max_cpu_used: 16
2019-07-22 07:48:39.466 2210 RALLYDEBUG rally.task.runner [-] Starting a worker. concurrency: 1 args: {"detailed": true, "force": false} times: 10 method_name: run timeout: 0 duration: None cls:
2019-07-22 07:48:39.469 2211 RALLYDEBUG rally.task.runner [-] Starting a worker. concurrency: 1 args: {"detailed": true, "force": false} times: 10 method_name: run timeout: 0 duration: None cls:
2019-07-22 07:48:39.472 2212 RALLYDEBUG rally.task.runner [-] Starting a worker. concurrency: 1 args: {"detailed": true, "force": false} times: 10 method_name: run timeout: 0 duration: None cls:
2019-07-22 07:48:39.475 2213 RALLYDEBUG rally.task.runner [-] Starting a worker. concurrency: 1 args: {"detailed": true, "force": false} times: 10 method_name: run timeout: 0 duration: None cls:
2019-07-22 07:48:39.478 2210 INFO rally.task.runner [-] Task 178be2ae-261a-4f55-b96d-78bd0d35caaf | ITER: 1 START
2019-07-22 07:48:39.482 2211 INFO rally.task.runner [-] Task 178be2ae-261a-4f55-b96d-78bd0d35caaf | ITER: 2 START
2019-07-22 07:48:39.482 2212 INFO rally.task.runner [-] Task 178be2ae-261a-4f55-b96d-78bd0d35caaf | ITER: 3 START
2019-07-22 07:48:39.486 2213 INFO rally.task.runner [-] Task 178be2ae-261a-4f55-b96d-78bd0d35caaf | ITER: 4 START
2019-07-22 07:48:43.080 2212 INFO rally.task.runner [-] Task 178be2ae-261a-4f55-b96d-78bd0d35caaf | ITER: 3 END: OK
2019-07-22 07:48:43.086 2212 INFO rally.task.runner [-] Task 178be2ae-261a-4f55-b96d-78bd0d35caaf | ITER: 5 START
2019-07-22 07:48:43.155 2213 INFO rally.task.runner [-] Task 178be2ae-261a-4f55-b96d-78bd0d35caaf | ITER: 4 END: OK
2019-07-22 07:48:43.160 2213 INFO rally.task.runner [-] Task 178be2ae-261a-4f55-b96d-78bd0d35caaf | ITER: 6 START
2019-07-22 07:48:43.216 2211 INFO rally.task.runner [-] Task 178be2ae-261a-4f55-b96d-78bd0d35caaf | ITER: 2 END: OK
2019-07-22 07:48:43.221 2211 INFO rally.task.runner [-] Task 178be2ae-261a-4f55-b96d-78bd0d35caaf | ITER: 7 START
2019-07-22 07:48:43.287 2210 INFO rally.task.runner [-] Task 178be2ae-261a-4f55-b96d-78bd0d35caaf | ITER: 1 END: OK
2019-07-22 07:48:43.293 2210 INFO rally.task.runner [-] Task 178be2ae-261a-4f55-b96d-78bd0d35caaf | ITER: 8 START
2019-07-22 07:48:46.400 2212 INFO rally.task.runner [-] Task 178be2ae-261a-4f55-b96d-78bd0d35caaf | ITER: 5 END: OK
2019-07-22 07:48:46.406 2212 INFO rally.task.runner [-] Task 178be2ae-261a-4f55-b96d-78bd0d35caaf | ITER: 9 START
2019-07-22 07:48:46.635 2213 INFO rally.task.runner [-] Task 178be2ae-261a-4f55-b96d-78bd0d35caaf | ITER: 6 END: OK
2019-07-22 07:48:46.641 2213 INFO rally.task.runner [-] Task 178be2ae-261a-4f55-b96d-78bd0d35caaf | ITER: 10 START
2019-07-22 07:48:46.733 2211 INFO rally.task.runner [-] Task 178be2ae-261a-4f55-b96d-78bd0d35caaf | ITER: 7 END: OK
2019-07-22 07:48:46.828 2210 INFO rally.task.runner [-] Task 178be2ae-261a-4f55-b96d-78bd0d35caaf | ITER: 8 END: OK
2019-07-22 07:48:49.827 2212 INFO rally.task.runner [-] Task 178be2ae-261a-4f55-b96d-78bd0d35caaf | ITER: 9 END: OK
2019-07-22 07:48:50.093 2213 INFO rally.task.runner [-] Task 178be2ae-261a-4f55-b96d-78bd0d35caaf | ITER: 10 END: OK
2019-07-22 07:48:50.122 1842 INFO rally.task.context [-] Task 178be2ae-261a-4f55-b96d-78bd0d35caaf | Context cleanup@openstack cleanup() started
2019-07-22 07:48:50.124 1842 RALLYDEBUG rally_openstack.cleanup.manager [-] Cleaning up cinder backups objects
2019-07-22 07:48:51.998 1842 RALLYDEBUG rally_openstack.cleanup.manager [-] Cleaning up cinder volume_snapshots objects
2019-07-22 07:48:53.894 1842 RALLYDEBUG rally_openstack.cleanup.manager [-] Deleting cinder.volume_snapshots object s_rally_d318ce4e_8j8wruyp (a80f5f13-fa10-4c21-81e7-ff11e0e79f5d)
2019-07-22 07:48:53.896 1842 RALLYDEBUG rally_openstack.cleanup.manager [-] Deleting cinder.volume_snapshots object s_rally_d318ce4e_AaA7i1ou (003db588-de8d-43d0-b529-424ae8a09baf)
2019-07-22 07:48:53.906 1842 RALLYDEBUG rally_openstack.cleanup.manager [-] Deleting cinder.volume_snapshots object s_rally_d318ce4e_I9Y6kVCR (fbc4574b-ef21-49ba-86c3-7ab6ab1df228)
2019-07-22 07:48:53.907 1842 RALLYDEBUG rally_openstack.cleanup.manager [-] Deleting cinder.volume_snapshots object s_rally_d318ce4e_AVX7Ub58 (35f51042-1cd6-4548-ba0b-67d9b20f7fd6)
2019-07-22 07:48:53.909 1842 RALLYDEBUG rally_openstack.cleanup.manager [-] Deleting cinder.volume_snapshots object s_rally_d318ce4e_7AIZ39u4 (aafbf0dd-3713-4efb-94a9-fe1cef372e39)
2019-07-22 07:48:53.917 1842 RALLYDEBUG rally_openstack.cleanup.manager [-] Deleting cinder.volume_snapshots object s_rally_d318ce4e_Opbd7yNS (5403f8ce-494a-4c11-977d-68695809f6c4)
2019-07-22 07:48:53.923 1842 RALLYDEBUG rally_openstack.cleanup.manager [-] Deleting cinder.volume_snapshots object s_rally_d318ce4e_AZ8EMoaQ (220cbe81-b003-4a04-b54c-f596f1884334)
2019-07-22 07:48:53.924 1842 RALLYDEBUG rally_openstack.cleanup.manager [-] Deleting cinder.volume_snapshots object s_rally_d318ce4e_1Z0DcJwt (32487606-40c1-46bb-869f-56db7e08bf5b)
2019-07-22 07:48:53.937 1842 RALLYDEBUG rally_openstack.cleanup.manager [-] Deleting cinder.volume_snapshots object s_rally_d318ce4e_hwhotyDU (03edbeb2-32d2-407d-9592-d109b9d5526e)
2019-07-22 07:48:53.938 1842 RALLYDEBUG rally_openstack.cleanup.manager [-] Deleting cinder.volume_snapshots object s_rally_d318ce4e_lbHdbB09 (f3fa93f8-5fe6-403d-b258-3e71f3192ed0)
2019-07-22 07:48:58.791 1842 RALLYDEBUG rally_openstack.cleanup.manager [-] Cleaning up cinder transfers objects
2019-07-22 07:49:00.665 1842 RALLYDEBUG rally_openstack.cleanup.manager [-] Cleaning up cinder volumes objects
2019-07-22 07:49:02.740 1842 INFO rally.task.context [-] Task 178be2ae-261a-4f55-b96d-78bd0d35caaf | Context cleanup@openstack cleanup() finished in 12.62 sec
2019-07-22 07:49:02.741 1842 INFO rally.task.context [-] Task 178be2ae-261a-4f55-b96d-78bd0d35caaf | Context volumes@openstack cleanup() started
2019-07-22 07:49:02.741 1842 RALLYDEBUG rally_openstack.cleanup.manager [-] Cleaning up cinder volumes objects
2019-07-22 07:49:04.707 1842 RALLYDEBUG rally_openstack.cleanup.manager [-] Deleting cinder.volumes object c_rally_d318ce4e_jyI82EUj (f3ec3464-30eb-4af1-a268-1d587e829b25)
2019-07-22 07:49:04.711 1842 RALLYDEBUG rally_openstack.cleanup.manager [-] Deleting cinder.volumes object c_rally_d318ce4e_QhZMiNLy (c2c20691-373b-43ea-a952-3dbfce5adddc)
2019-07-22 07:49:04.720 1842 RALLYDEBUG rally_openstack.cleanup.manager [-] Deleting cinder.volumes object c_rally_d318ce4e_jXWZbrnO (ab67b666-4c4b-4bdb-9534-ce5f5679e365)
2019-07-22 07:49:08.169 1842 INFO rally.task.context [-] Task 178be2ae-261a-4f55-b96d-78bd0d35caaf | Context volumes@openstack cleanup() finished in 5.43 sec
2019-07-22 07:49:08.170 1842 INFO rally.task.context [-] Task 178be2ae-261a-4f55-b96d-78bd0d35caaf | Context quotas@openstack cleanup() started
2019-07-22 07:49:08.827 1842 INFO rally.task.context [-] Task 178be2ae-261a-4f55-b96d-78bd0d35caaf | Context quotas@openstack cleanup() finished in 0.66 sec
2019-07-22 07:49:08.827 1842 INFO rally.task.context [-] Task 178be2ae-261a-4f55-b96d-78bd0d35caaf | Context api_versions@openstack cleanup() started
2019-07-22 07:49:08.828 1842 INFO rally.task.context [-] Task 178be2ae-261a-4f55-b96d-78bd0d35caaf | Context api_versions@openstack cleanup() finished in 0.32 msec
2019-07-22 07:49:08.828 1842 INFO rally.task.context [-] Task 178be2ae-261a-4f55-b96d-78bd0d35caaf | Context users@openstack cleanup() started
2019-07-22 07:49:16.195 1842 INFO rally.task.context [-] Task 178be2ae-261a-4f55-b96d-78bd0d35caaf | Context users@openstack cleanup() finished in 7.37 sec
2019-07-22 07:49:16.348 1842 INFO rally.task.engine [-] Load duration is: 10.611098
2019-07-22 07:49:16.349 1842 INFO rally.task.engine [-] Full runner duration is: 10.668358
2019-07-22 07:49:16.349 1842 INFO rally.task.engine [-] Full duration is: 54.081766
2019-07-22 07:49:16.770 1842 INFO rally.task.engine [-] Running workload: position = 0 config = { "version": 2, "title": "A cropped version of a bigger task.", "description": "Auto-generated task from a single workload (uuid=d6a228fe-4397-435b-a1ac-3f14136a0725)", "subtasks": [ { "title": "CinderVolumes.create_and_list_volume", "description": "Create a volume and list all volumes.", "scenario": { "CinderVolumes.create_and_list_volume": { "detailed": true, "image": { "name": "rally_full-img_91790e59-340c-4b6d-8ad7-757319ebe83e" }, "size": 1 } }, "contexts": { "users": { "tenants": 3, "users_per_tenant": 2 }, "quotas": { "cinder": { "gigabytes": -1, "snapshots": -1, "volumes": -1 } }, "api_versions": { "cinder": { "version": 3, "service_type": "volumev3" } } }, "runner": { "constant": { "concurrency": 4, "times": 10 } }, "hooks": [], "sla": { "failure_rate": { "max": 0 } } } ] }
2019-07-22 07:49:16.794 1842 RALLYDEBUG rally_openstack.contexts.keystone.users [-] Creating 3 tenants using 20 threads
2019-07-22 07:49:18.614 1842 RALLYDEBUG rally_openstack.contexts.keystone.users [-] Creating 6 users using 20 threads
2019-07-22 07:49:21.213 1842 INFO rally.task.context [-] Task 178be2ae-261a-4f55-b96d-78bd0d35caaf | Context users@openstack setup() finished in 4.42 sec
2019-07-22 07:49:21.629 1842 INFO rally.task.context [-] Task 178be2ae-261a-4f55-b96d-78bd0d35caaf | Context api_versions@openstack setup() finished in 0.42 sec
2019-07-22 07:49:23.240 1842 INFO rally.task.context [-] Task 178be2ae-261a-4f55-b96d-78bd0d35caaf | Context quotas@openstack setup() finished in 1.61 sec
2019-07-22 07:49:23.240 1842 INFO rally.task.context [-] Task 178be2ae-261a-4f55-b96d-78bd0d35caaf | Context cleanup@openstack setup() finished in 0.01 msec
2019-07-22 07:49:23.973 1842 RALLYDEBUG rally.task.runner [-] Starting the constant runner (task UUID: 178be2ae-261a-4f55-b96d-78bd0d35caaf). timeout: 0 concurrency: 4 concurrency_per_worker: 1 times: 10 concurrency_overhead: 0 processes_to_start: 4 max_cpu_used: 16
2019-07-22 07:49:23.985 2414 RALLYDEBUG rally.task.runner [-] Starting a worker. concurrency: 1 args: {"detailed": true, "image": "28be126b-241e-44dd-ad60-9bff8f74fc01", "size": 1} times: 10 method_name: run timeout: 0 duration: None cls:
2019-07-22 07:49:23.985 2415 RALLYDEBUG rally.task.runner [-] Starting a worker. concurrency: 1 args: {"detailed": true, "image": "28be126b-241e-44dd-ad60-9bff8f74fc01", "size": 1} times: 10 method_name: run timeout: 0 duration: None cls:
2019-07-22 07:49:23.989 2416 RALLYDEBUG rally.task.runner [-] Starting a worker. concurrency: 1 args: {"detailed": true, "image": "28be126b-241e-44dd-ad60-9bff8f74fc01", "size": 1} times: 10 method_name: run timeout: 0 duration: None cls:
2019-07-22 07:49:23.990 2417 RALLYDEBUG rally.task.runner [-] Starting a worker. concurrency: 1 args: {"detailed": true, "image": "28be126b-241e-44dd-ad60-9bff8f74fc01", "size": 1} times: 10 method_name: run timeout: 0 duration: None cls:
2019-07-22 07:49:23.992 2415 INFO rally.task.runner [-] Task 178be2ae-261a-4f55-b96d-78bd0d35caaf | ITER: 2 START
2019-07-22 07:49:23.992 2414 INFO rally.task.runner [-] Task 178be2ae-261a-4f55-b96d-78bd0d35caaf | ITER: 1 START
2019-07-22 07:49:23.995 2416 INFO rally.task.runner [-] Task 178be2ae-261a-4f55-b96d-78bd0d35caaf | ITER: 3 START
2019-07-22 07:49:23.996 2417 INFO rally.task.runner [-] Task 178be2ae-261a-4f55-b96d-78bd0d35caaf | ITER: 4 START
2019-07-22 07:49:28.147 2415 RALLYDEBUG rally.task.utils [-] Waiting for resource s_rally_d6a228fe_ultNwPCN. Status changed: CREATING => DOWNLOADING in 0.730407953262
2019-07-22 07:49:30.202 2415 RALLYDEBUG rally.task.utils [-] Waiting for resource s_rally_d6a228fe_ultNwPCN. Status changed: DOWNLOADING => AVAILABLE in 2.05507087708
2019-07-22 07:49:30.222 2414 RALLYDEBUG rally.task.utils [-] Waiting for resource s_rally_d6a228fe_eXbNMoCH. Status changed: DOWNLOADING => AVAILABLE in 2.84521603584
2019-07-22 07:49:30.264 2415 INFO rally.task.runner [-] Task 178be2ae-261a-4f55-b96d-78bd0d35caaf | ITER: 2 END: OK
2019-07-22 07:49:30.269 2415 INFO rally.task.runner [-] Task 178be2ae-261a-4f55-b96d-78bd0d35caaf | ITER: 5 START
2019-07-22 07:49:30.396 2416 RALLYDEBUG rally.task.utils [-] Waiting for resource s_rally_d6a228fe_ztI9fFLf. Status changed: DOWNLOADING => AVAILABLE in 3.13390183449
2019-07-22 07:49:30.478 2414 INFO rally.task.runner [-] Task 178be2ae-261a-4f55-b96d-78bd0d35caaf | ITER: 1 END: OK
2019-07-22 07:49:30.483 2414 INFO rally.task.runner [-] Task 178be2ae-261a-4f55-b96d-78bd0d35caaf | ITER: 6 START
2019-07-22 07:49:30.543 2417 RALLYDEBUG rally.task.utils [-] Waiting for resource s_rally_d6a228fe_aw7Ghhg8. Status changed: CREATING => DOWNLOADING in 3.16499400139
2019-07-22 07:49:30.747 2416 INFO rally.task.runner [-] Task 178be2ae-261a-4f55-b96d-78bd0d35caaf | ITER: 3 END: OK
2019-07-22 07:49:30.752 2416 INFO rally.task.runner [-] Task 178be2ae-261a-4f55-b96d-78bd0d35caaf | ITER: 7 START
2019-07-22 07:49:32.876 2417 RALLYDEBUG rally.task.utils [-] Waiting for resource s_rally_d6a228fe_aw7Ghhg8. Status changed: DOWNLOADING => AVAILABLE in 2.33263707161
2019-07-22 07:49:33.199 2417 INFO rally.task.runner [-] Task 178be2ae-261a-4f55-b96d-78bd0d35caaf | ITER: 4 END: OK
2019-07-22 07:49:33.203 2417 INFO rally.task.runner [-] Task 178be2ae-261a-4f55-b96d-78bd0d35caaf | ITER: 8 START
2019-07-22 07:49:36.249 2415 RALLYDEBUG rally.task.utils [-] Waiting for resource s_rally_d6a228fe_mj9wYTbL. Status changed: DOWNLOADING => AVAILABLE in 2.77274107933
2019-07-22 07:49:36.508 2415 INFO rally.task.runner [-] Task 178be2ae-261a-4f55-b96d-78bd0d35caaf | ITER: 5 END: OK
2019-07-22 07:49:36.513 2415 INFO rally.task.runner [-] Task 178be2ae-261a-4f55-b96d-78bd0d35caaf | ITER: 9 START
2019-07-22 07:49:36.683 2414 RALLYDEBUG rally.task.utils [-] Waiting for resource s_rally_d6a228fe_e9TPhYm2. Status changed: DOWNLOADING => AVAILABLE in 2.94854784012
2019-07-22 07:49:37.010 2414 INFO rally.task.runner [-] Task 178be2ae-261a-4f55-b96d-78bd0d35caaf | ITER: 6 END: OK
2019-07-22 07:49:37.015 2414 INFO rally.task.runner [-] Task 178be2ae-261a-4f55-b96d-78bd0d35caaf | ITER: 10 START
2019-07-22 07:49:37.032 2416 RALLYDEBUG rally.task.utils [-] Waiting for resource s_rally_d6a228fe_vhgeCVIa. Status changed: DOWNLOADING => AVAILABLE in 2.87848091125
2019-07-22 07:49:37.306 2416 INFO rally.task.runner [-] Task 178be2ae-261a-4f55-b96d-78bd0d35caaf | ITER: 7 END: OK
2019-07-22 07:49:39.318 2417 RALLYDEBUG rally.task.utils [-] Waiting for resource s_rally_d6a228fe_4Y5zP1RR. Status changed: DOWNLOADING => AVAILABLE in 2.76947498322
2019-07-22 07:49:39.410 2417 INFO rally.task.runner [-] Task 178be2ae-261a-4f55-b96d-78bd0d35caaf | ITER: 8 END: OK
2019-07-22 07:49:42.692 2415 RALLYDEBUG rally.task.utils [-] Waiting for resource s_rally_d6a228fe_i1dHC3RC. Status changed: DOWNLOADING => AVAILABLE in 2.91955590248
2019-07-22 07:49:43.061 2415 INFO rally.task.runner [-] Task 178be2ae-261a-4f55-b96d-78bd0d35caaf | ITER: 9 END: OK
2019-07-22 07:49:43.082 2414 RALLYDEBUG rally.task.utils [-] Waiting for resource s_rally_d6a228fe_2XfJIL0M. Status changed: DOWNLOADING => AVAILABLE in 2.8687210083
2019-07-22 07:49:43.358 2414 INFO rally.task.runner [-] Task 178be2ae-261a-4f55-b96d-78bd0d35caaf | ITER: 10 END: OK
2019-07-22 07:49:43.382 1842 INFO rally.task.context [-] Task 178be2ae-261a-4f55-b96d-78bd0d35caaf | Context cleanup@openstack cleanup() started
2019-07-22 07:49:43.385 1842 RALLYDEBUG rally_openstack.cleanup.manager [-] Cleaning up cinder backups objects
2019-07-22 07:49:45.277 1842 RALLYDEBUG rally_openstack.cleanup.manager [-] Cleaning up cinder volume_snapshots objects
2019-07-22 07:49:47.234 1842 RALLYDEBUG rally_openstack.cleanup.manager [-] Cleaning up cinder transfers objects
2019-07-22 07:49:49.254 1842 RALLYDEBUG rally_openstack.cleanup.manager [-] Cleaning up cinder volumes objects
2019-07-22 07:49:51.413 1842 RALLYDEBUG rally_openstack.cleanup.manager [-] Deleting cinder.volumes object s_rally_d6a228fe_4Y5zP1RR (f75d33ed-a7f2-4831-a9cf-81111418d05f)
2019-07-22 07:49:51.420 1842 RALLYDEBUG rally_openstack.cleanup.manager [-] Deleting cinder.volumes object s_rally_d6a228fe_vhgeCVIa (f9e3c5e5-ce5b-4441-92eb-35048a14cdbf)
2019-07-22 07:49:51.424 1842 RALLYDEBUG rally_openstack.cleanup.manager [-] Deleting cinder.volumes object s_rally_d6a228fe_aw7Ghhg8 (b20ef142-01d5-40da-9f27-c4aaeb428a56)
2019-07-22 07:49:51.425 1842 RALLYDEBUG rally_openstack.cleanup.manager [-] Deleting cinder.volumes object s_rally_d6a228fe_eXbNMoCH (b569093a-c11f-43c5-bc83-c486988d9925)
2019-07-22 07:49:51.432 1842 RALLYDEBUG rally_openstack.cleanup.manager [-] Deleting cinder.volumes object s_rally_d6a228fe_ztI9fFLf (a612687c-d552-43c1-be70-aff460d05006)
2019-07-22 07:49:51.433 1842 RALLYDEBUG rally_openstack.cleanup.manager [-] Deleting cinder.volumes object s_rally_d6a228fe_e9TPhYm2 (38c64a5a-cca4-4a99-8e98-e9e396155f68)
2019-07-22 07:49:51.438 1842 RALLYDEBUG rally_openstack.cleanup.manager [-] Deleting cinder.volumes object s_rally_d6a228fe_ultNwPCN (6709c82a-97ab-4398-a55c-3234be4adca2)
2019-07-22 07:49:51.453 1842 RALLYDEBUG rally_openstack.cleanup.manager [-] Deleting cinder.volumes object s_rally_d6a228fe_i1dHC3RC (ba88ab5b-9016-4237-bf9b-2ce52508830b)
2019-07-22 07:49:51.456 1842 RALLYDEBUG rally_openstack.cleanup.manager [-] Deleting cinder.volumes object s_rally_d6a228fe_mj9wYTbL (89410159-5895-48c6-9f81-85139ac1b302)
2019-07-22 07:49:51.466 1842 RALLYDEBUG rally_openstack.cleanup.manager [-] Deleting cinder.volumes object s_rally_d6a228fe_2XfJIL0M (46d4d387-5757-4faa-9b05-35d2a856ca2c)
2019-07-22 07:49:56.117 1842 INFO rally.task.context [-] Task 178be2ae-261a-4f55-b96d-78bd0d35caaf | Context cleanup@openstack cleanup() finished in 12.73 sec
2019-07-22 07:49:56.117 1842 INFO rally.task.context [-] Task 178be2ae-261a-4f55-b96d-78bd0d35caaf | Context quotas@openstack cleanup() started
2019-07-22 07:49:56.411 1842 INFO rally.task.context [-] Task 178be2ae-261a-4f55-b96d-78bd0d35caaf | Context quotas@openstack cleanup() finished in 0.29 sec
2019-07-22 07:49:56.411 1842 INFO rally.task.context [-] Task 178be2ae-261a-4f55-b96d-78bd0d35caaf | Context api_versions@openstack cleanup() started
2019-07-22 07:49:56.411 1842 INFO rally.task.context [-] Task 178be2ae-261a-4f55-b96d-78bd0d35caaf | Context api_versions@openstack cleanup() finished in 0.30 msec
2019-07-22 07:49:56.412 1842 INFO rally.task.context [-] Task 178be2ae-261a-4f55-b96d-78bd0d35caaf | Context users@openstack cleanup() started
2019-07-22 07:50:04.221 1842 INFO rally.task.context [-] Task 178be2ae-261a-4f55-b96d-78bd0d35caaf | Context users@openstack cleanup() finished in 7.81 sec
2019-07-22 07:50:04.988 1842 INFO rally.task.engine [-] Load duration is: 19.361337
2019-07-22 07:50:04.989 1842 INFO rally.task.engine [-] Full runner duration is: 19.410193
2019-07-22 07:50:04.989 1842 INFO rally.task.engine [-] Full duration is: 47.430636
2019-07-22 07:50:05.168 1842 INFO rally.task.engine [-] Running workload: position = 1 config = { "version": 2, "title": "A cropped version of a bigger task.", "description": "Auto-generated task from a single workload (uuid=dbb52b35-7622-493d-ab8c-f7ffc07310b8)", "subtasks": [ { "title": "CinderVolumes.create_and_list_volume", "description": "Create a volume and list all volumes.", "scenario": { "CinderVolumes.create_and_list_volume": { "detailed": true, "size": 1 } }, "contexts": { "users": { "tenants": 3, "users_per_tenant": 2 }, "quotas": { "cinder": { "gigabytes": -1, "snapshots": -1, "volumes": -1 } }, "api_versions": { "cinder": { "version": 3, "service_type": "volumev3" } } }, "runner": { "constant": { "concurrency": 4, "times": 10 } }, "hooks": [], "sla": { "failure_rate": { "max": 0 } } } ] }
2019-07-22 07:50:05.190 1842 RALLYDEBUG rally_openstack.contexts.keystone.users [-] Creating 3 tenants using 20 threads
2019-07-22 07:50:07.061 1842 RALLYDEBUG rally_openstack.contexts.keystone.users [-] Creating 6 users using 20 threads
2019-07-22 07:50:09.796 1842 INFO rally.task.context [-] Task 178be2ae-261a-4f55-b96d-78bd0d35caaf | Context users@openstack setup() finished in 4.61 sec
2019-07-22 07:50:10.217 1842 INFO rally.task.context [-] Task 178be2ae-261a-4f55-b96d-78bd0d35caaf | Context api_versions@openstack setup() finished in 0.42 sec
2019-07-22 07:50:11.749 1842 INFO rally.task.context [-] Task 178be2ae-261a-4f55-b96d-78bd0d35caaf | Context quotas@openstack setup() finished in 1.53 sec
2019-07-22 07:50:11.749 1842 INFO rally.task.context [-] Task 178be2ae-261a-4f55-b96d-78bd0d35caaf | Context cleanup@openstack setup() finished in 0.00 msec
2019-07-22 07:50:11.757 1842 RALLYDEBUG rally.task.runner [-] Starting the constant runner (task UUID: 178be2ae-261a-4f55-b96d-78bd0d35caaf). timeout: 0 concurrency: 4 concurrency_per_worker: 1 times: 10 concurrency_overhead: 0 processes_to_start: 4 max_cpu_used: 16
2019-07-22 07:50:11.769 2598 RALLYDEBUG rally.task.runner [-] Starting a worker. concurrency: 1 args: {"detailed": true, "size": 1} times: 10 method_name: run timeout: 0 duration: None cls:
2019-07-22 07:50:11.771 2599 RALLYDEBUG rally.task.runner [-] Starting a worker. concurrency: 1 args: {"detailed": true, "size": 1} times: 10 method_name: run timeout: 0 duration: None cls:
2019-07-22 07:50:11.775 2600 RALLYDEBUG rally.task.runner [-] Starting a worker. concurrency: 1 args: {"detailed": true, "size": 1} times: 10 method_name: run timeout: 0 duration: None cls:
2019-07-22 07:50:11.778 2599 INFO rally.task.runner [-] Task 178be2ae-261a-4f55-b96d-78bd0d35caaf | ITER: 2 START
2019-07-22 07:50:11.778 2598 INFO rally.task.runner [-] Task 178be2ae-261a-4f55-b96d-78bd0d35caaf | ITER: 1 START
2019-07-22 07:50:11.779 2601 RALLYDEBUG rally.task.runner [-] Starting a worker. concurrency: 1 args: {"detailed": true, "size": 1} times: 10 method_name: run timeout: 0 duration: None cls:
2019-07-22 07:50:11.782 2600 INFO rally.task.runner [-] Task 178be2ae-261a-4f55-b96d-78bd0d35caaf | ITER: 3 START
2019-07-22 07:50:11.786 2601 INFO rally.task.runner [-] Task 178be2ae-261a-4f55-b96d-78bd0d35caaf | ITER: 4 START
2019-07-22 07:50:15.590 2599 INFO rally.task.runner [-] Task 178be2ae-261a-4f55-b96d-78bd0d35caaf | ITER: 2 END: OK
2019-07-22 07:50:15.596 2599 INFO rally.task.runner [-] Task 178be2ae-261a-4f55-b96d-78bd0d35caaf | ITER: 5 START
2019-07-22 07:50:15.762 2600 INFO rally.task.runner [-] Task 178be2ae-261a-4f55-b96d-78bd0d35caaf | ITER: 3 END: OK
2019-07-22 07:50:15.767 2600 INFO rally.task.runner [-] Task 178be2ae-261a-4f55-b96d-78bd0d35caaf | ITER: 6 START
2019-07-22 07:50:15.775 2601 INFO rally.task.runner [-] Task 178be2ae-261a-4f55-b96d-78bd0d35caaf | ITER: 4 END: OK
2019-07-22 07:50:15.780 2601 INFO rally.task.runner [-] Task 178be2ae-261a-4f55-b96d-78bd0d35caaf | ITER: 7 START
2019-07-22 07:50:15.822 2598 INFO rally.task.runner [-] Task 178be2ae-261a-4f55-b96d-78bd0d35caaf | ITER: 1 END: OK
2019-07-22 07:50:15.827 2598 INFO rally.task.runner [-] Task 178be2ae-261a-4f55-b96d-78bd0d35caaf | ITER: 8 START
2019-07-22 07:50:19.086 2599 INFO rally.task.runner [-] Task 178be2ae-261a-4f55-b96d-78bd0d35caaf | ITER: 5 END: OK
2019-07-22 07:50:19.091 2599 INFO rally.task.runner [-] Task 178be2ae-261a-4f55-b96d-78bd0d35caaf | ITER: 9 START
2019-07-22 07:50:19.393 2600 INFO rally.task.runner [-] Task 178be2ae-261a-4f55-b96d-78bd0d35caaf | ITER: 6 END: OK
2019-07-22 07:50:19.398 2600 INFO rally.task.runner [-] Task 178be2ae-261a-4f55-b96d-78bd0d35caaf | ITER: 10 START
2019-07-22 07:50:20.307 2601 INFO rally.task.runner [-] Task 178be2ae-261a-4f55-b96d-78bd0d35caaf | ITER: 7 END: OK
2019-07-22 07:50:20.461 2598 INFO rally.task.runner [-] Task 178be2ae-261a-4f55-b96d-78bd0d35caaf | ITER: 8 END: OK
2019-07-22 07:50:22.718 2599 INFO rally.task.runner [-] Task 178be2ae-261a-4f55-b96d-78bd0d35caaf | ITER: 9 END: OK
2019-07-22 07:50:22.825 2600 INFO rally.task.runner [-] Task 178be2ae-261a-4f55-b96d-78bd0d35caaf | ITER: 10 END: OK
2019-07-22 07:50:22.851 1842 INFO rally.task.context [-] Task 178be2ae-261a-4f55-b96d-78bd0d35caaf | Context cleanup@openstack cleanup() started
2019-07-22 07:50:22.853 1842 RALLYDEBUG rally_openstack.cleanup.manager [-] Cleaning up cinder backups objects
2019-07-22 07:50:24.725 1842 RALLYDEBUG rally_openstack.cleanup.manager [-] Cleaning up cinder volume_snapshots objects
2019-07-22 07:50:26.696 1842 RALLYDEBUG rally_openstack.cleanup.manager [-] Cleaning up cinder transfers objects
2019-07-22 07:50:28.725 1842 RALLYDEBUG rally_openstack.cleanup.manager [-] Cleaning up cinder volumes objects
2019-07-22 07:50:30.800 1842 RALLYDEBUG rally_openstack.cleanup.manager [-] Deleting cinder.volumes object s_rally_dbb52b35_PsTdQFJD (411b00c3-c0a8-44fe-bb45-c98c1f40de07)
2019-07-22 07:50:30.802 1842 RALLYDEBUG rally_openstack.cleanup.manager [-] Deleting cinder.volumes object s_rally_dbb52b35_u1skmxvc (bd8e20dc-8556-477c-af09-0bea3ef3072a)
2019-07-22 07:50:30.804 1842 RALLYDEBUG rally_openstack.cleanup.manager [-] Deleting cinder.volumes object s_rally_dbb52b35_8BYQUYuy (8952feb0-6768-4499-9f74-054b2759b325)
2019-07-22 07:50:30.813 1842 RALLYDEBUG rally_openstack.cleanup.manager [-] Deleting cinder.volumes object s_rally_dbb52b35_24wyi0fN (9c9e95de-d07b-4cac-affa-d2fa684976e4)
2019-07-22 07:50:30.814 1842 RALLYDEBUG rally_openstack.cleanup.manager [-] Deleting cinder.volumes object s_rally_dbb52b35_4hG12G6m (1f64b362-a84d-4bca-bb81-efc794034798)
2019-07-22 07:50:30.813 1842 RALLYDEBUG rally_openstack.cleanup.manager [-] Deleting cinder.volumes object s_rally_dbb52b35_I1oycnYb (f77e5cbf-6a8b-4308-bfb6-2dfbed5874c1)
2019-07-22 07:50:30.816 1842 RALLYDEBUG rally_openstack.cleanup.manager [-] Deleting cinder.volumes object s_rally_dbb52b35_GduCyEql (2124e745-c49c-4627-a7d5-701e9ca11597)
2019-07-22 07:50:30.818 1842 RALLYDEBUG rally_openstack.cleanup.manager [-] Deleting cinder.volumes object s_rally_dbb52b35_9nFYVndO (ae189ac9-3aea-4b51-807a-d6d5ec9a2689)
2019-07-22 07:50:30.819 1842 RALLYDEBUG rally_openstack.cleanup.manager [-] Deleting cinder.volumes object s_rally_dbb52b35_rlrNR2Lc (b8a60aaa-f734-4ce9-8222-b0aa19caae2c)
2019-07-22 07:50:30.848 1842 RALLYDEBUG rally_openstack.cleanup.manager [-] Deleting cinder.volumes object s_rally_dbb52b35_qfKGWrp5 (c73b6b5d-4d87-4b72-bff1-36854d83f1c8)
2019-07-22 07:50:34.924 1842 INFO rally.task.context [-] Task 178be2ae-261a-4f55-b96d-78bd0d35caaf | Context cleanup@openstack cleanup() finished in 12.07 sec
2019-07-22 07:50:34.925 1842 INFO rally.task.context [-] Task 178be2ae-261a-4f55-b96d-78bd0d35caaf | Context quotas@openstack cleanup() started
2019-07-22 07:50:35.633 1842 INFO rally.task.context [-] Task 178be2ae-261a-4f55-b96d-78bd0d35caaf | Context quotas@openstack cleanup() finished in 0.71 sec
2019-07-22 07:50:35.633 1842 INFO rally.task.context [-] Task 178be2ae-261a-4f55-b96d-78bd0d35caaf | Context api_versions@openstack cleanup() started
2019-07-22 07:50:35.634 1842 INFO rally.task.context [-] Task 178be2ae-261a-4f55-b96d-78bd0d35caaf | Context api_versions@openstack cleanup() finished in 0.22 msec
2019-07-22 07:50:35.634 1842 INFO rally.task.context [-] Task 178be2ae-261a-4f55-b96d-78bd0d35caaf | Context users@openstack cleanup() started
2019-07-22 07:50:42.809 1842 INFO rally.task.context [-] Task 178be2ae-261a-4f55-b96d-78bd0d35caaf | Context users@openstack cleanup() finished in 7.18 sec
2019-07-22 07:50:43.354 1842 INFO rally.task.engine [-] Load duration is: 11.042976
2019-07-22 07:50:43.354 1842 INFO rally.task.engine [-] Full runner duration is: 11.093859
2019-07-22 07:50:43.354 1842 INFO rally.task.engine [-] Full duration is: 37.62201
2019-07-22 07:50:43.633 1842 INFO rally.task.engine [-] Running workload: position = 0 config = { "version": 2, "title": "A cropped version of a bigger task.", "description": "Auto-generated task from a single workload (uuid=13b96424-1d3b-4e7e-9093-8c23a3aa0783)", "subtasks": [ { "title": "CinderVolumes.create_and_upload_volume_to_image", "description": "Create and upload a volume to image.", "scenario": { "CinderVolumes.create_and_upload_volume_to_image": { "container_format": "bare", "disk_format": "raw", "do_delete": true, "force": false, "size": 1 } }, "contexts": { "users": { "tenants": 3, "users_per_tenant": 2 }, "quotas": { "cinder": { "gigabytes": -1, "snapshots": -1, "volumes": -1 } }, "api_versions": { "cinder": { "version": 3, "service_type": "volumev3" } } }, "runner": { "constant": { "concurrency": 4, "times": 10 } }, "hooks": [], "sla": { "failure_rate": { "max": 0 } } } ] }
2019-07-22 07:50:43.658 1842 RALLYDEBUG rally_openstack.contexts.keystone.users [-] Creating 3 tenants using 20 threads
2019-07-22 07:50:45.385 1842 RALLYDEBUG rally_openstack.contexts.keystone.users [-] Creating 6 users using 20 threads
2019-07-22 07:50:48.035 1842 INFO rally.task.context [-] Task 178be2ae-261a-4f55-b96d-78bd0d35caaf | Context users@openstack setup() finished in 4.38 sec
2019-07-22 07:50:48.454 1842 INFO rally.task.context [-] Task 178be2ae-261a-4f55-b96d-78bd0d35caaf | Context api_versions@openstack setup() finished in 0.42 sec
2019-07-22 07:50:49.994 1842 INFO rally.task.context [-] Task 178be2ae-261a-4f55-b96d-78bd0d35caaf | Context quotas@openstack setup() finished in 1.54 sec
2019-07-22 07:50:49.994 1842 INFO rally.task.context [-] Task 178be2ae-261a-4f55-b96d-78bd0d35caaf | Context cleanup@openstack setup() finished in 0.00 msec
2019-07-22 07:50:50.002 1842 RALLYDEBUG rally.task.runner [-] Starting the constant runner (task UUID: 178be2ae-261a-4f55-b96d-78bd0d35caaf). timeout: 0 concurrency: 4 concurrency_per_worker: 1 times: 10 concurrency_overhead: 0 processes_to_start: 4 max_cpu_used: 16
2019-07-22 07:50:50.015 2782 RALLYDEBUG rally.task.runner [-] Starting a worker. concurrency: 1 args: {"container_format": "bare", "disk_format": "raw", "do_delete": true, "force": false, "size": 1} times: 10 method_name: run timeout: 0 duration: None cls:
2019-07-22 07:50:50.018 2783 RALLYDEBUG rally.task.runner [-] Starting a worker. concurrency: 1 args: {"container_format": "bare", "disk_format": "raw", "do_delete": true, "force": false, "size": 1} times: 10 method_name: run timeout: 0 duration: None cls:
2019-07-22 07:50:50.020 2784 RALLYDEBUG rally.task.runner [-] Starting a worker. concurrency: 1 args: {"container_format": "bare", "disk_format": "raw", "do_delete": true, "force": false, "size": 1} times: 10 method_name: run timeout: 0 duration: None cls:
2019-07-22 07:50:50.023 2782 INFO rally.task.runner [-] Task 178be2ae-261a-4f55-b96d-78bd0d35caaf | ITER: 1 START
2019-07-22 07:50:50.024 2785 RALLYDEBUG rally.task.runner [-] Starting a worker. concurrency: 1 args: {"container_format": "bare", "disk_format": "raw", "do_delete": true, "force": false, "size": 1} times: 10 method_name: run timeout: 0 duration: None cls:
2019-07-22 07:50:50.027 2783 INFO rally.task.runner [-] Task 178be2ae-261a-4f55-b96d-78bd0d35caaf | ITER: 2 START
2019-07-22 07:50:50.028 2784 INFO rally.task.runner [-] Task 178be2ae-261a-4f55-b96d-78bd0d35caaf | ITER: 3 START
2019-07-22 07:50:50.032 2785 INFO rally.task.runner [-] Task 178be2ae-261a-4f55-b96d-78bd0d35caaf | ITER: 4 START
2019-07-22 07:50:54.861 2784 RALLYDEBUG rally.task.utils [-] Waiting for resource s_rally_13b96424_MA9sWV4N. Status changed: AVAILABLE => UPLOADING in 0.345896959305
2019-07-22 07:50:54.864 2782 RALLYDEBUG rally.task.utils [-] Waiting for resource s_rally_13b96424_WGiWcO4e. Status changed: AVAILABLE => UPLOADING in 0.05593085289
2019-07-22 07:50:54.939 2783 RALLYDEBUG rally.task.utils [-] Waiting for resource s_rally_13b96424_xgLV3obs. Status changed: AVAILABLE => UPLOADING in 0.312937021255
2019-07-22 07:50:55.043 2785 RALLYDEBUG rally.task.utils [-] Waiting for resource s_rally_13b96424_tBMbMl9F. Status changed: AVAILABLE => UPLOADING in 0.245033979416
2019-07-22 07:51:25.243 2784 RALLYDEBUG rally.task.utils [-] Waiting for resource s_rally_13b96424_MA9sWV4N. Status changed: UPLOADING => AVAILABLE in 30.3820290565
2019-07-22 07:51:26.131 2784 RALLYDEBUG rally.task.utils [-] Waiting for resource s_rally_13b96424_MA9sWV4N. Status changed: AVAILABLE => DELETING in 0.0537190437317
2019-07-22 07:51:29.263 2784 INFO rally.task.runner [-] Task 178be2ae-261a-4f55-b96d-78bd0d35caaf | ITER: 3 END: OK
2019-07-22 07:51:29.269 2784 INFO rally.task.runner [-] Task 178be2ae-261a-4f55-b96d-78bd0d35caaf | ITER: 5 START
2019-07-22 07:51:34.032 2784 RALLYDEBUG rally.task.utils [-] Waiting for resource s_rally_13b96424_nfw0JQV4. Status changed: AVAILABLE => UPLOADING in 0.0557971000671
2019-07-22 07:52:04.715 2784 RALLYDEBUG rally.task.utils [-] Waiting for resource s_rally_13b96424_nfw0JQV4. Status changed: UPLOADING => AVAILABLE in 30.6832900047
2019-07-22 07:52:05.804 2784 RALLYDEBUG rally.task.utils [-] Waiting for resource s_rally_13b96424_nfw0JQV4. Status changed: AVAILABLE => DELETING in 0.174914121628
2019-07-22 07:52:08.663 2784 INFO rally.task.runner [-] Task 178be2ae-261a-4f55-b96d-78bd0d35caaf | ITER: 5 END: OK
