2019-07-22 07:45:18.067 725 INFO rally.task.engine [-] Full duration is: 31.61563
2019-07-22 07:45:18.325 725 INFO rally.task.engine [-] Running workload: position = 0 config = { "version": 2, "title": "A cropped version of a bigger task.", "description": "Auto-generated task from a single workload (uuid=58a021c0-6cf2-44f8-bed2-f9d7203da4ba)", "subtasks": [ { "title": "GlanceImages.create_and_update_image", "description": "Create an image then update it.", "scenario": { "GlanceImages.create_and_update_image": { "container_format": "bare", "disk_format": "qcow2", "image_location": "/home/opnfv/functest/images/cirros-0.4.0-x86_64-disk.img" } }, "contexts": { "users": { "tenants": 3, "users_per_tenant": 2 } }, "runner": { "constant": { "concurrency": 4, "times": 10 } }, "hooks": [], "sla": { "failure_rate": { "max": 0 } } } ] }
2019-07-22 07:45:18.347 725 RALLYDEBUG rally_openstack.contexts.keystone.users [-] Creating 3 tenants using 20 threads
2019-07-22 07:45:20.210 725 RALLYDEBUG rally_openstack.contexts.keystone.users [-] Creating 6 users using 20 threads
2019-07-22 07:45:22.866 725 INFO rally.task.context [-] Task 19fbcd70-610b-4e56-b895-4e3eb13cd584 | Context users@openstack setup() finished in 4.52 sec
2019-07-22 07:45:22.866 725 INFO rally.task.context [-] Task 19fbcd70-610b-4e56-b895-4e3eb13cd584 | Context cleanup@openstack setup() finished in 0.01 msec
2019-07-22 07:45:22.874 725 RALLYDEBUG rally.task.runner [-] Starting the constant runner (task UUID: 19fbcd70-610b-4e56-b895-4e3eb13cd584). timeout: 0 concurrency: 4 concurrency_per_worker: 1 times: 10 concurrency_overhead: 0 processes_to_start: 4 max_cpu_used: 16
2019-07-22 07:45:22.888 1757 RALLYDEBUG rally.task.runner [-] Starting a worker. concurrency: 1 args: {"container_format": "bare", "disk_format": "qcow2", "image_location": "/home/opnfv/functest/images/cirros-0.4.0-x86_64-disk.img"} times: 10 method_name: run timeout: 0 duration: None cls:
2019-07-22 07:45:22.890 1758 RALLYDEBUG rally.task.runner [-] Starting a worker. concurrency: 1 args: {"container_format": "bare", "disk_format": "qcow2", "image_location": "/home/opnfv/functest/images/cirros-0.4.0-x86_64-disk.img"} times: 10 method_name: run timeout: 0 duration: None cls:
2019-07-22 07:45:22.893 1759 RALLYDEBUG rally.task.runner [-] Starting a worker. concurrency: 1 args: {"container_format": "bare", "disk_format": "qcow2", "image_location": "/home/opnfv/functest/images/cirros-0.4.0-x86_64-disk.img"} times: 10 method_name: run timeout: 0 duration: None cls:
2019-07-22 07:45:22.894 1757 INFO rally.task.runner [-] Task 19fbcd70-610b-4e56-b895-4e3eb13cd584 | ITER: 1 START
2019-07-22 07:45:22.896 1758 INFO rally.task.runner [-] Task 19fbcd70-610b-4e56-b895-4e3eb13cd584 | ITER: 2 START
2019-07-22 07:45:22.897 1760 RALLYDEBUG rally.task.runner [-] Starting a worker. concurrency: 1 args: {"container_format": "bare", "disk_format": "qcow2", "image_location": "/home/opnfv/functest/images/cirros-0.4.0-x86_64-disk.img"} times: 10 method_name: run timeout: 0 duration: None cls:
2019-07-22 07:45:22.898 1759 INFO rally.task.runner [-] Task 19fbcd70-610b-4e56-b895-4e3eb13cd584 | ITER: 3 START
2019-07-22 07:45:22.903 1760 INFO rally.task.runner [-] Task 19fbcd70-610b-4e56-b895-4e3eb13cd584 | ITER: 4 START
2019-07-22 07:45:26.152 1760 RALLYDEBUG rally.task.utils [-] Waiting for resource u'ac8d8f42-aaa4-4e99-9a57-07aed4243387'. Status changed: NONE => QUEUED in 0.0282771587372
2019-07-22 07:45:26.177 1757 RALLYDEBUG rally.task.utils [-] Waiting for resource u'16e0a6ef-c66f-4f18-8c6c-ed9f8b80ead1'. Status changed: NONE => QUEUED in 0.0291709899902
2019-07-22 07:45:26.179 1759 RALLYDEBUG rally.task.utils [-] Waiting for resource u'd143d747-7ab4-4659-8ae5-9e097641e2e6'. Status changed: NONE => QUEUED in 0.0338940620422
2019-07-22 07:45:26.243 1758 RALLYDEBUG rally.task.utils [-] Waiting for resource u'd5ad1ea3-9ba9-4b2b-986c-52583fea8788'. Status changed: NONE => QUEUED in 0.028932094574
2019-07-22 07:45:26.546 1760 RALLYDEBUG rally.task.utils [-] Waiting for resource s_rally_58a021c0_qtynF014. Status changed: QUEUED => ACTIVE in 0.0178689956665
2019-07-22 07:45:26.683 1760 INFO rally.task.runner [-] Task 19fbcd70-610b-4e56-b895-4e3eb13cd584 | ITER: 4 END: OK
2019-07-22 07:45:26.687 1760 INFO rally.task.runner [-] Task 19fbcd70-610b-4e56-b895-4e3eb13cd584 | ITER: 5 START
2019-07-22 07:45:27.608 1757 RALLYDEBUG rally.task.utils [-] Waiting for resource s_rally_58a021c0_S9zSqL53. Status changed: QUEUED => ACTIVE in 0.0178949832916
2019-07-22 07:45:27.742 1757 INFO rally.task.runner [-] Task 19fbcd70-610b-4e56-b895-4e3eb13cd584 | ITER: 1 END: OK
2019-07-22 07:45:27.746 1757 INFO rally.task.runner [-] Task 19fbcd70-610b-4e56-b895-4e3eb13cd584 | ITER: 6 START
2019-07-22 07:45:28.637 1759 RALLYDEBUG rally.task.utils [-] Waiting for resource s_rally_58a021c0_eW1GgGkA. Status changed: QUEUED => ACTIVE in 0.0267000198364
2019-07-22 07:45:28.680 1758 RALLYDEBUG rally.task.utils [-] Waiting for resource s_rally_58a021c0_GkkMJpmF. Status changed: QUEUED => ACTIVE in 0.0302829742432
2019-07-22 07:45:28.848 1759 INFO rally.task.runner [-] Task 19fbcd70-610b-4e56-b895-4e3eb13cd584 | ITER: 3 END: OK
2019-07-22 07:45:28.850 1758 INFO rally.task.runner [-] Task 19fbcd70-610b-4e56-b895-4e3eb13cd584 | ITER: 2 END: OK
2019-07-22 07:45:28.852 1759 INFO rally.task.runner [-] Task 19fbcd70-610b-4e56-b895-4e3eb13cd584 | ITER: 7 START
2019-07-22 07:45:28.854 1758 INFO rally.task.runner [-] Task 19fbcd70-610b-4e56-b895-4e3eb13cd584 | ITER: 8 START
2019-07-22 07:45:30.066 1760 RALLYDEBUG rally.task.utils [-] Waiting for resource u'7febc8eb-1564-484c-a4e3-6ac2a52de374'. Status changed: NONE => QUEUED in 0.027724981308
2019-07-22 07:45:30.703 1760 RALLYDEBUG rally.task.utils [-] Waiting for resource s_rally_58a021c0_vsYlfdJp. Status changed: QUEUED => ACTIVE in 0.0175361633301
2019-07-22 07:45:30.834 1760 INFO rally.task.runner [-] Task 19fbcd70-610b-4e56-b895-4e3eb13cd584 | ITER: 5 END: OK
2019-07-22 07:45:30.838 1760 INFO rally.task.runner [-] Task 19fbcd70-610b-4e56-b895-4e3eb13cd584 | ITER: 9 START
2019-07-22 07:45:31.061 1757 RALLYDEBUG rally.task.utils [-] Waiting for resource u'5d1cab90-ce04-4c16-b17e-da7ff56e9ac4'. Status changed: NONE => QUEUED in 0.0299320220947
2019-07-22 07:45:31.772 1757 RALLYDEBUG rally.task.utils [-] Waiting for resource s_rally_58a021c0_CllIK70T. Status changed: QUEUED => ACTIVE in 0.0193099975586
2019-07-22 07:45:31.895 1757 INFO rally.task.runner [-] Task 19fbcd70-610b-4e56-b895-4e3eb13cd584 | ITER: 6 END: OK
2019-07-22 07:45:31.899 1757 INFO rally.task.runner [-] Task 19fbcd70-610b-4e56-b895-4e3eb13cd584 | ITER: 10 START
2019-07-22 07:45:32.073 1758 RALLYDEBUG rally.task.utils [-] Waiting for resource u'f8d58388-0eb4-4361-8a67-879ae8776e23'. Status changed: NONE => QUEUED in 0.0296261310577
2019-07-22 07:45:32.760 1759 RALLYDEBUG rally.task.utils [-] Waiting for resource u'165ca67b-903d-41af-af6b-a17480b0c515'. Status changed: NONE => QUEUED in 0.589685916901
2019-07-22 07:45:32.828 1758 RALLYDEBUG rally.task.utils [-] Waiting for resource s_rally_58a021c0_uDuv4226. Status changed: QUEUED => ACTIVE in 0.0248339176178
2019-07-22 07:45:34.010 1759 RALLYDEBUG rally.task.utils [-] Waiting for resource s_rally_58a021c0_2K0XkZrG. Status changed: QUEUED => ACTIVE in 0.0261340141296
2019-07-22 07:45:34.023 1760 RALLYDEBUG rally.task.utils [-] Waiting for resource u'cf78c0af-594e-4e55-8b0e-8fb81e97c7d0'. Status changed: NONE => QUEUED in 0.0283219814301
2019-07-22 07:45:34.084 1758 INFO rally.task.runner [-] Task 19fbcd70-610b-4e56-b895-4e3eb13cd584 | ITER: 8 END: OK
2019-07-22 07:45:34.152 1759 INFO rally.task.runner [-] Task 19fbcd70-610b-4e56-b895-4e3eb13cd584 | ITER: 7 END: OK
2019-07-22 07:45:34.907 1760 RALLYDEBUG rally.task.utils [-] Waiting for resource s_rally_58a021c0_Tv4U2dhl. Status changed: QUEUED => ACTIVE in 0.0206470489502
2019-07-22 07:45:35.113 1757 RALLYDEBUG rally.task.utils [-] Waiting for resource u'5f12f039-d227-4f6d-810e-3d05e0f12635'. Status changed: NONE => QUEUED in 0.0303630828857
2019-07-22 07:45:35.130 1760 INFO rally.task.runner [-] Task 19fbcd70-610b-4e56-b895-4e3eb13cd584 | ITER: 9 END: OK
2019-07-22 07:45:35.996 1757 RALLYDEBUG rally.task.utils [-] Waiting for resource s_rally_58a021c0_FidUXmik. Status changed: QUEUED => ACTIVE in 0.0185670852661
2019-07-22 07:45:36.123 1757 INFO rally.task.runner [-] Task 19fbcd70-610b-4e56-b895-4e3eb13cd584 | ITER: 10 END: OK
2019-07-22 07:45:36.145 725 INFO rally.task.context [-] Task 19fbcd70-610b-4e56-b895-4e3eb13cd584 | Context cleanup@openstack cleanup() started
2019-07-22 07:45:36.147 725 RALLYDEBUG rally_openstack.cleanup.manager [-] Cleaning up glance images objects
2019-07-22 07:45:38.320 725 RALLYDEBUG rally_openstack.cleanup.manager [-] Deleting glance.images object s_rally_58a021c0_62taI9o0 (d143d747-7ab4-4659-8ae5-9e097641e2e6)
2019-07-22 07:45:38.321 725 RALLYDEBUG rally_openstack.cleanup.manager [-] Deleting glance.images object s_rally_58a021c0_VhTkcWJZ (ac8d8f42-aaa4-4e99-9a57-07aed4243387)
2019-07-22 07:45:38.325 725 RALLYDEBUG rally_openstack.cleanup.manager [-] Deleting glance.images object s_rally_58a021c0_JFf1dLSx (165ca67b-903d-41af-af6b-a17480b0c515)
2019-07-22 07:45:38.335 725 RALLYDEBUG rally_openstack.cleanup.manager [-] Deleting glance.images object s_rally_58a021c0_JLkhOQ6d (d5ad1ea3-9ba9-4b2b-986c-52583fea8788)
2019-07-22 07:45:38.338 725 RALLYDEBUG rally_openstack.cleanup.manager [-] Deleting glance.images object s_rally_58a021c0_gpCdyx90 (5f12f039-d227-4f6d-810e-3d05e0f12635)
2019-07-22 07:45:38.343 725 RALLYDEBUG rally_openstack.cleanup.manager [-] Deleting glance.images object s_rally_58a021c0_9hpgoPT5 (cf78c0af-594e-4e55-8b0e-8fb81e97c7d0)
2019-07-22 07:45:38.357 725 RALLYDEBUG rally_openstack.cleanup.manager [-] Deleting glance.images object s_rally_58a021c0_1Cgz3Xh3 (5d1cab90-ce04-4c16-b17e-da7ff56e9ac4)
2019-07-22 07:45:38.363 725 RALLYDEBUG rally_openstack.cleanup.manager [-] Deleting glance.images object s_rally_58a021c0_oDWqHllU (7febc8eb-1564-484c-a4e3-6ac2a52de374)
2019-07-22 07:45:38.369 725 RALLYDEBUG rally_openstack.cleanup.manager [-] Deleting glance.images object s_rally_58a021c0_4cvbsivl (f8d58388-0eb4-4361-8a67-879ae8776e23)
2019-07-22 07:45:38.369 725 RALLYDEBUG rally_openstack.cleanup.manager [-] Deleting glance.images object s_rally_58a021c0_ABpV8ISt (16e0a6ef-c66f-4f18-8c6c-ed9f8b80ead1)
2019-07-22 07:45:40.026 725 DEBUG glanceclient.common.http [-] Request returned failure status 404. _handle_response /usr/lib/python2.7/site-packages/glanceclient/common/http.py:125
2019-07-22 07:45:40.039 725 DEBUG glanceclient.common.http [-] Request returned failure status 404. _handle_response /usr/lib/python2.7/site-packages/glanceclient/common/http.py:125
2019-07-22 07:45:40.051 725 DEBUG glanceclient.common.http [-] Request returned failure status 404. _handle_response /usr/lib/python2.7/site-packages/glanceclient/common/http.py:125
2019-07-22 07:45:40.063 725 DEBUG glanceclient.common.http [-] Request returned failure status 404. _handle_response /usr/lib/python2.7/site-packages/glanceclient/common/http.py:125
2019-07-22 07:45:41.032 725 DEBUG glanceclient.common.http [-] Request returned failure status 404. _handle_response /usr/lib/python2.7/site-packages/glanceclient/common/http.py:125
2019-07-22 07:45:41.057 725 DEBUG glanceclient.common.http [-] Request returned failure status 404. _handle_response /usr/lib/python2.7/site-packages/glanceclient/common/http.py:125
2019-07-22 07:45:41.058 725 DEBUG glanceclient.common.http [-] Request returned failure status 404. _handle_response /usr/lib/python2.7/site-packages/glanceclient/common/http.py:125
2019-07-22 07:45:41.071 725 DEBUG glanceclient.common.http [-] Request returned failure status 404. _handle_response /usr/lib/python2.7/site-packages/glanceclient/common/http.py:125
2019-07-22 07:45:42.139 725 DEBUG glanceclient.common.http [-] Request returned failure status 404. _handle_response /usr/lib/python2.7/site-packages/glanceclient/common/http.py:125
2019-07-22 07:45:42.147 725 DEBUG glanceclient.common.http [-] Request returned failure status 404. _handle_response /usr/lib/python2.7/site-packages/glanceclient/common/http.py:125
2019-07-22 07:45:42.165 725 DEBUG glanceclient.common.http [-] Request returned failure status 404. _handle_response /usr/lib/python2.7/site-packages/glanceclient/common/http.py:125
2019-07-22 07:45:42.168 725 DEBUG glanceclient.common.http [-] Request returned failure status 404. _handle_response /usr/lib/python2.7/site-packages/glanceclient/common/http.py:125
2019-07-22 07:45:42.169 725 DEBUG glanceclient.common.http [-] Request returned failure status 404. _handle_response /usr/lib/python2.7/site-packages/glanceclient/common/http.py:125
2019-07-22 07:45:42.180 725 DEBUG glanceclient.common.http [-] Request returned failure status 404. _handle_response /usr/lib/python2.7/site-packages/glanceclient/common/http.py:125
2019-07-22 07:45:42.182 725 DEBUG glanceclient.common.http [-] Request returned failure status 404. _handle_response /usr/lib/python2.7/site-packages/glanceclient/common/http.py:125
2019-07-22 07:45:42.197 725 DEBUG glanceclient.common.http [-] Request returned failure status 404. _handle_response /usr/lib/python2.7/site-packages/glanceclient/common/http.py:125
2019-07-22 07:45:42.199 725 DEBUG glanceclient.common.http [-] Request returned failure status 404. _handle_response /usr/lib/python2.7/site-packages/glanceclient/common/http.py:125
2019-07-22 07:45:42.203 725 DEBUG glanceclient.common.http [-] Request returned failure status 404. _handle_response /usr/lib/python2.7/site-packages/glanceclient/common/http.py:125
2019-07-22 07:45:42.204 725 DEBUG glanceclient.common.http [-] Request returned failure status 404. _handle_response /usr/lib/python2.7/site-packages/glanceclient/common/http.py:125
2019-07-22 07:45:42.215 725 DEBUG glanceclient.common.http [-] Request returned failure status 404. _handle_response /usr/lib/python2.7/site-packages/glanceclient/common/http.py:125
2019-07-22 07:45:43.218 725 INFO rally.task.context [-] Task 19fbcd70-610b-4e56-b895-4e3eb13cd584 | Context cleanup@openstack cleanup() finished in 7.07 sec
2019-07-22 07:45:43.218 725 INFO rally.task.context [-] Task 19fbcd70-610b-4e56-b895-4e3eb13cd584 | Context users@openstack cleanup() started
2019-07-22 07:45:50.015 725 INFO rally.task.context [-] Task 19fbcd70-610b-4e56-b895-4e3eb13cd584 | Context users@openstack cleanup() finished in 6.80 sec
2019-07-22 07:45:50.503 725 INFO rally.task.engine [-] Load duration is: 12.374156
2019-07-22 07:45:50.503 725 INFO rally.task.engine [-] Full runner duration is: 13.270728
2019-07-22 07:45:50.504 725 INFO rally.task.engine [-] Full duration is: 31.670261
2019-07-22 07:45:50.734 725 INFO rally.task.engine [-] Task 19fbcd70-610b-4e56-b895-4e3eb13cd584 | Completed: Running task.
2019-07-22 07:45:51.674 1839 RALLYDEBUG rally.api [-] INFO logs from urllib3 and requests module are hide.
2019-07-22 07:45:51.674 1839 RALLYDEBUG rally.api [-] urllib3 insecure warnings are hidden.
2019-07-22 07:45:51.674 1839 RALLYDEBUG rally.api [-] ERROR log from boto module is hide.
2019-07-22 07:45:52.427 1840 RALLYDEBUG rally.api [-] INFO logs from urllib3 and requests module are hide.
2019-07-22 07:45:52.427 1840 RALLYDEBUG rally.api [-] urllib3 insecure warnings are hidden.
2019-07-22 07:45:52.427 1840 RALLYDEBUG rally.api [-] ERROR log from boto module is hide.
2019-07-22 07:45:53.679 1840 INFO rally.api [-] Building 'json' report for the following task(s): '19fbcd70-610b-4e56-b895-4e3eb13cd584'.
2019-07-22 07:45:53.697 1840 INFO rally.api [-] The report has been successfully built.
2019-07-22 07:45:54.496 1842 RALLYDEBUG rally.api [-] INFO logs from urllib3 and requests module are hide.
2019-07-22 07:45:54.496 1842 RALLYDEBUG rally.api [-] urllib3 insecure warnings are hidden.
2019-07-22 07:45:54.496 1842 RALLYDEBUG rally.api [-] ERROR log from boto module is hide.
2019-07-22 07:45:56.037 1842 INFO rally.task.engine [-] Task 178be2ae-261a-4f55-b96d-78bd0d35caaf | Starting: Task validation.
2019-07-22 07:45:56.075 1842 INFO rally.task.engine [-] Task 178be2ae-261a-4f55-b96d-78bd0d35caaf | Starting: Task validation of syntax.
2019-07-22 07:45:56.407 1842 INFO rally.task.engine [-] Task 178be2ae-261a-4f55-b96d-78bd0d35caaf | Completed: Task validation of syntax.
2019-07-22 07:45:56.407 1842 INFO rally.task.engine [-] Task 178be2ae-261a-4f55-b96d-78bd0d35caaf | Starting: Task validation of required platforms.
2019-07-22 07:45:56.505 1842 INFO rally.task.engine [-] Task 178be2ae-261a-4f55-b96d-78bd0d35caaf | Completed: Task validation of required platforms.
2019-07-22 07:45:56.505 1842 INFO rally.task.engine [-] Task 178be2ae-261a-4f55-b96d-78bd0d35caaf | Starting: Task validation of semantic.
2019-07-22 07:45:56.505 1842 INFO rally.task.engine [-] Check health of the environment 'fbdf5de9-1ccc-486b-97b6-50a1f1e11490'.
2019-07-22 07:45:57.219 1842 INFO rally.task.engine [-] Platform existing@openstack (available: True): OK!
2019-07-22 07:45:57.236 1842 RALLYDEBUG rally_openstack.contexts.keystone.users [-] Creating 1 tenants using 20 threads
2019-07-22 07:45:59.020 1842 RALLYDEBUG rally_openstack.contexts.keystone.users [-] Creating 1 users using 20 threads
2019-07-22 07:46:01.513 1842 INFO rally.task.context [-] Task 178be2ae-261a-4f55-b96d-78bd0d35caaf | Context users@openstack setup() finished in 4.28 sec
2019-07-22 07:46:02.409 1842 DEBUG novaclient.v2.client [-] REQ: curl -g -i -X GET http://172.30.9.26:8774/v2.1/flavors/detail -H "Accept: application/json" -H "User-Agent: python-novaclient" -H "X-Auth-Token: {SHA1}b0a306bceb6ca59ae769e59771b0cdb83515b343" _http_log_request /usr/lib/python2.7/site-packages/keystoneauth1/session.py:448
2019-07-22 07:46:02.706 1842 DEBUG novaclient.v2.client [-] RESP: [200] Content-Encoding: gzip Content-Length: 361 Content-Type: application/json Date: Mon, 22 Jul 2019 07:46:02 GMT OpenStack-API-Version: compute 2.1 Server: Apache Vary: OpenStack-API-Version,X-OpenStack-Nova-API-Version,Accept-Encoding X-OpenStack-Nova-API-Version: 2.1 x-compute-request-id: req-d09f250c-db47-400a-8095-da01ed1979fc x-openstack-request-id: req-d09f250c-db47-400a-8095-da01ed1979fc _http_log_response /usr/lib/python2.7/site-packages/keystoneauth1/session.py:479
2019-07-22 07:46:02.707 1842 DEBUG novaclient.v2.client [-] RESP BODY: {"flavors": [{"name": "rally_full-flavor_91790e59-340c-4b6d-8ad7-757319ebe83e", "links": [{"href": "http://172.30.9.26:8774/v2.1/flavors/4f1639c0-6cbc-4b01-a829-b7745e36acb4", "rel": "self"}, {"href": "http://172.30.9.26:8774/flavors/4f1639c0-6cbc-4b01-a829-b7745e36acb4", "rel": "bookmark"}], "ram": 512, "OS-FLV-DISABLED:disabled": false, "vcpus": 1, "swap": "", "os-flavor-access:is_public": true, "rxtx_factor": 1.0, "OS-FLV-EXT-DATA:ephemeral": 0, "disk": 1, "id": "4f1639c0-6cbc-4b01-a829-b7745e36acb4"}, {"name": "rally_full-flavor_alt_91790e59-340c-4b6d-8ad7-757319ebe83e", "links": [{"href": "http://172.30.9.26:8774/v2.1/flavors/c22605aa-a0a0-4e85-9bdc-de3e645a1ce4", "rel": "self"}, {"href": "http://172.30.9.26:8774/flavors/c22605aa-a0a0-4e85-9bdc-de3e645a1ce4", "rel": "bookmark"}], "ram": 1024, "OS-FLV-DISABLED:disabled": false, "vcpus": 1, "swap": "", "os-flavor-access:is_public": true, "rxtx_factor": 1.0, "OS-FLV-EXT-DATA:ephemeral": 0, "disk": 1, "id": "c22605aa-a0a0-4e85-9bdc-de3e645a1ce4"}]} _http_log_response /usr/lib/python2.7/site-packages/keystoneauth1/session.py:511
2019-07-22 07:46:02.707 1842 DEBUG novaclient.v2.client [-] GET call to compute for http://172.30.9.26:8774/v2.1/flavors/detail used request id req-d09f250c-db47-400a-8095-da01ed1979fc request /usr/lib/python2.7/site-packages/keystoneauth1/session.py:844
2019-07-22 07:46:03.120 1842 DEBUG novaclient.v2.client [-] REQ: curl -g -i -X GET http://172.30.9.26:8774/v2.1/flavors/4f1639c0-6cbc-4b01-a829-b7745e36acb4 -H "Accept: application/json" -H "User-Agent: python-novaclient" -H "X-Auth-Token: {SHA1}7e957099df3f460e2693c79d2a80cf75feecdab2" _http_log_request /usr/lib/python2.7/site-packages/keystoneauth1/session.py:448
2019-07-22 07:46:03.384 1842 DEBUG novaclient.v2.client [-] RESP: [200] Content-Encoding: gzip Content-Length: 310 Content-Type: application/json Date: Mon, 22 Jul 2019 07:46:03 GMT OpenStack-API-Version: compute 2.1 Server: Apache Vary: OpenStack-API-Version,X-OpenStack-Nova-API-Version,Accept-Encoding X-OpenStack-Nova-API-Version: 2.1 x-compute-request-id: req-fa5390ea-994f-45d1-b7a0-5cb39e9dc2f9 x-openstack-request-id: req-fa5390ea-994f-45d1-b7a0-5cb39e9dc2f9 _http_log_response /usr/lib/python2.7/site-packages/keystoneauth1/session.py:479
2019-07-22 07:46:03.385 1842 DEBUG novaclient.v2.client [-] RESP BODY: {"flavor": {"name": "rally_full-flavor_91790e59-340c-4b6d-8ad7-757319ebe83e", "links": [{"href": "http://172.30.9.26:8774/v2.1/flavors/4f1639c0-6cbc-4b01-a829-b7745e36acb4", "rel": "self"}, {"href": "http://172.30.9.26:8774/flavors/4f1639c0-6cbc-4b01-a829-b7745e36acb4", "rel": "bookmark"}], "ram": 512, "OS-FLV-DISABLED:disabled": false, "vcpus": 1, "swap": "", "os-flavor-access:is_public": true, "rxtx_factor": 1.0, "OS-FLV-EXT-DATA:ephemeral": 0, "disk": 1, "id": "4f1639c0-6cbc-4b01-a829-b7745e36acb4"}} _http_log_response /usr/lib/python2.7/site-packages/keystoneauth1/session.py:511
2019-07-22 07:46:03.385 1842 DEBUG novaclient.v2.client [-] GET call to compute for http://172.30.9.26:8774/v2.1/flavors/4f1639c0-6cbc-4b01-a829-b7745e36acb4 used request id req-fa5390ea-994f-45d1-b7a0-5cb39e9dc2f9 request /usr/lib/python2.7/site-packages/keystoneauth1/session.py:844
2019-07-22 07:46:08.450 1842 DEBUG novaclient.v2.client [-] REQ: curl -g -i -X GET http://172.30.9.26:8774/v2.1/flavors/detail -H "Accept: application/json" -H "User-Agent: python-novaclient" -H "X-Auth-Token: {SHA1}26af6ff680506ec3f53e591bd7d3b45977a77aad" _http_log_request /usr/lib/python2.7/site-packages/keystoneauth1/session.py:448
2019-07-22 07:46:08.726 1842 DEBUG novaclient.v2.client [-] RESP: [200] Content-Encoding: gzip Content-Length: 361 Content-Type: application/json Date: Mon, 22 Jul 2019 07:46:08 GMT OpenStack-API-Version: compute 2.1 Server: Apache Vary: OpenStack-API-Version,X-OpenStack-Nova-API-Version,Accept-Encoding X-OpenStack-Nova-API-Version: 2.1 x-compute-request-id: req-f5876219-05cb-4f7b-9f55-f0047ca3a97c x-openstack-request-id: req-f5876219-05cb-4f7b-9f55-f0047ca3a97c _http_log_response /usr/lib/python2.7/site-packages/keystoneauth1/session.py:479
2019-07-22 07:46:08.726 1842 DEBUG novaclient.v2.client [-] RESP BODY: {"flavors": [{"name": "rally_full-flavor_91790e59-340c-4b6d-8ad7-757319ebe83e", "links": [{"href": "http://172.30.9.26:8774/v2.1/flavors/4f1639c0-6cbc-4b01-a829-b7745e36acb4", "rel": "self"}, {"href": "http://172.30.9.26:8774/flavors/4f1639c0-6cbc-4b01-a829-b7745e36acb4", "rel": "bookmark"}], "ram": 512, "OS-FLV-DISABLED:disabled": false, "vcpus": 1, "swap": "", "os-flavor-access:is_public": true, "rxtx_factor": 1.0, "OS-FLV-EXT-DATA:ephemeral": 0, "disk": 1, "id": "4f1639c0-6cbc-4b01-a829-b7745e36acb4"}, {"name": "rally_full-flavor_alt_91790e59-340c-4b6d-8ad7-757319ebe83e", "links": [{"href": "http://172.30.9.26:8774/v2.1/flavors/c22605aa-a0a0-4e85-9bdc-de3e645a1ce4", "rel": "self"}, {"href": "http://172.30.9.26:8774/flavors/c22605aa-a0a0-4e85-9bdc-de3e645a1ce4", "rel": "bookmark"}], "ram": 1024, "OS-FLV-DISABLED:disabled": false, "vcpus": 1, "swap": "", "os-flavor-access:is_public": true, "rxtx_factor": 1.0, "OS-FLV-EXT-DATA:ephemeral": 0, "disk": 1, "id": "c22605aa-a0a0-4e85-9bdc-de3e645a1ce4"}]} _http_log_response /usr/lib/python2.7/site-packages/keystoneauth1/session.py:511
2019-07-22 07:46:08.727 1842 DEBUG novaclient.v2.client [-] GET call to compute for http://172.30.9.26:8774/v2.1/flavors/detail used request id req-f5876219-05cb-4f7b-9f55-f0047ca3a97c request /usr/lib/python2.7/site-packages/keystoneauth1/session.py:844
2019-07-22 07:46:09.146 1842 DEBUG novaclient.v2.client [-] REQ: curl -g -i -X GET http://172.30.9.26:8774/v2.1/flavors/4f1639c0-6cbc-4b01-a829-b7745e36acb4 -H "Accept: application/json" -H "User-Agent: python-novaclient" -H "X-Auth-Token: {SHA1}18a3960dbe772105ad758fc97c585d71634bd133" _http_log_request /usr/lib/python2.7/site-packages/keystoneauth1/session.py:448
2019-07-22 07:46:09.443 1842 DEBUG novaclient.v2.client [-] RESP: [200] Content-Encoding: gzip Content-Length: 310 Content-Type: application/json Date: Mon, 22 Jul 2019 07:46:09 GMT OpenStack-API-Version: compute 2.1 Server: Apache Vary: OpenStack-API-Version,X-OpenStack-Nova-API-Version,Accept-Encoding X-OpenStack-Nova-API-Version: 2.1 x-compute-request-id: req-904232a0-7921-47ed-a478-266e192baccf x-openstack-request-id: req-904232a0-7921-47ed-a478-266e192baccf _http_log_response /usr/lib/python2.7/site-packages/keystoneauth1/session.py:479
2019-07-22 07:46:09.444 1842 DEBUG novaclient.v2.client [-] RESP BODY: {"flavor": {"name": "rally_full-flavor_91790e59-340c-4b6d-8ad7-757319ebe83e", "links": [{"href": "http://172.30.9.26:8774/v2.1/flavors/4f1639c0-6cbc-4b01-a829-b7745e36acb4", "rel": "self"}, {"href": "http://172.30.9.26:8774/flavors/4f1639c0-6cbc-4b01-a829-b7745e36acb4", "rel": "bookmark"}], "ram": 512, "OS-FLV-DISABLED:disabled": false, "vcpus": 1, "swap": "", "os-flavor-access:is_public": true, "rxtx_factor": 1.0, "OS-FLV-EXT-DATA:ephemeral": 0, "disk": 1, "id": "4f1639c0-6cbc-4b01-a829-b7745e36acb4"}} _http_log_response /usr/lib/python2.7/site-packages/keystoneauth1/session.py:511
2019-07-22 07:46:09.444 1842 DEBUG novaclient.v2.client [-] GET call to compute for http://172.30.9.26:8774/v2.1/flavors/4f1639c0-6cbc-4b01-a829-b7745e36acb4 used request id req-904232a0-7921-47ed-a478-266e192baccf request /usr/lib/python2.7/site-packages/keystoneauth1/session.py:844
2019-07-22 07:46:11.350 1842 DEBUG novaclient.v2.client [-] REQ: curl -g -i -X GET http://172.30.9.26:8774/v2.1/flavors/detail -H "Accept: application/json" -H "User-Agent: python-novaclient" -H "X-Auth-Token: {SHA1}5832e90814968b9d23803df28efab2e7674ad433" _http_log_request /usr/lib/python2.7/site-packages/keystoneauth1/session.py:448
2019-07-22 07:46:12.024 1842 DEBUG novaclient.v2.client [-] RESP: [200] Content-Encoding: gzip Content-Length: 361 Content-Type: application/json Date: Mon, 22 Jul 2019 07:46:11 GMT OpenStack-API-Version: compute 2.1 Server: Apache Vary: OpenStack-API-Version,X-OpenStack-Nova-API-Version,Accept-Encoding X-OpenStack-Nova-API-Version: 2.1 x-compute-request-id: req-9a70a699-73a7-479d-a9ac-fff623039ec5 x-openstack-request-id: req-9a70a699-73a7-479d-a9ac-fff623039ec5 _http_log_response /usr/lib/python2.7/site-packages/keystoneauth1/session.py:479
2019-07-22 07:46:12.025 1842 DEBUG novaclient.v2.client [-] RESP BODY: {"flavors": [{"name": "rally_full-flavor_91790e59-340c-4b6d-8ad7-757319ebe83e", "links": [{"href": "http://172.30.9.26:8774/v2.1/flavors/4f1639c0-6cbc-4b01-a829-b7745e36acb4", "rel": "self"}, {"href": "http://172.30.9.26:8774/flavors/4f1639c0-6cbc-4b01-a829-b7745e36acb4", "rel": "bookmark"}], "ram": 512, "OS-FLV-DISABLED:disabled": false, "vcpus": 1, "swap": "", "os-flavor-access:is_public": true, "rxtx_factor": 1.0, "OS-FLV-EXT-DATA:ephemeral": 0, "disk": 1, "id": "4f1639c0-6cbc-4b01-a829-b7745e36acb4"}, {"name": "rally_full-flavor_alt_91790e59-340c-4b6d-8ad7-757319ebe83e", "links": [{"href": "http://172.30.9.26:8774/v2.1/flavors/c22605aa-a0a0-4e85-9bdc-de3e645a1ce4", "rel": "self"}, {"href": "http://172.30.9.26:8774/flavors/c22605aa-a0a0-4e85-9bdc-de3e645a1ce4", "rel": "bookmark"}], "ram": 1024, "OS-FLV-DISABLED:disabled": false, "vcpus": 1, "swap": "", "os-flavor-access:is_public": true, "rxtx_factor": 1.0, "OS-FLV-EXT-DATA:ephemeral": 0, "disk": 1, "id": "c22605aa-a0a0-4e85-9bdc-de3e645a1ce4"}]} _http_log_response /usr/lib/python2.7/site-packages/keystoneauth1/session.py:511
2019-07-22 07:46:12.025 1842 DEBUG novaclient.v2.client [-] GET call to compute for http://172.30.9.26:8774/v2.1/flavors/detail used request id req-9a70a699-73a7-479d-a9ac-fff623039ec5 request /usr/lib/python2.7/site-packages/keystoneauth1/session.py:844
2019-07-22 07:46:12.442 1842 DEBUG novaclient.v2.client [-] REQ: curl -g -i -X GET http://172.30.9.26:8774/v2.1/flavors/4f1639c0-6cbc-4b01-a829-b7745e36acb4 -H "Accept: application/json" -H "User-Agent: python-novaclient" -H "X-Auth-Token: {SHA1}932b0462429ee4e5c210358452a18758991c74fa" _http_log_request /usr/lib/python2.7/site-packages/keystoneauth1/session.py:448
2019-07-22 07:46:12.734 1842 DEBUG novaclient.v2.client [-] RESP: [200] Content-Encoding: gzip Content-Length: 310 Content-Type: application/json Date: Mon, 22 Jul 2019 07:46:12 GMT OpenStack-API-Version: compute 2.1 Server: Apache Vary: OpenStack-API-Version,X-OpenStack-Nova-API-Version,Accept-Encoding X-OpenStack-Nova-API-Version: 2.1 x-compute-request-id: req-dcbf9443-f9af-48a3-8143-b9ad4f7cda8f x-openstack-request-id: req-dcbf9443-f9af-48a3-8143-b9ad4f7cda8f _http_log_response /usr/lib/python2.7/site-packages/keystoneauth1/session.py:479
2019-07-22 07:46:12.735 1842 DEBUG novaclient.v2.client [-] RESP BODY: {"flavor": {"name": "rally_full-flavor_91790e59-340c-4b6d-8ad7-757319ebe83e", "links": [{"href": "http://172.30.9.26:8774/v2.1/flavors/4f1639c0-6cbc-4b01-a829-b7745e36acb4", "rel": "self"}, {"href": "http://172.30.9.26:8774/flavors/4f1639c0-6cbc-4b01-a829-b7745e36acb4", "rel": "bookmark"}], "ram": 512, "OS-FLV-DISABLED:disabled": false, "vcpus": 1, "swap": "", "os-flavor-access:is_public": true, "rxtx_factor": 1.0, "OS-FLV-EXT-DATA:ephemeral": 0, "disk": 1, "id": "4f1639c0-6cbc-4b01-a829-b7745e36acb4"}} _http_log_response /usr/lib/python2.7/site-packages/keystoneauth1/session.py:511
2019-07-22 07:46:12.735 1842 DEBUG novaclient.v2.client [-] GET call to compute for http://172.30.9.26:8774/v2.1/flavors/4f1639c0-6cbc-4b01-a829-b7745e36acb4 used request id req-dcbf9443-f9af-48a3-8143-b9ad4f7cda8f request /usr/lib/python2.7/site-packages/keystoneauth1/session.py:844
2019-07-22 07:46:22.517 1842 INFO rally.task.context [-] Task 178be2ae-261a-4f55-b96d-78bd0d35caaf | Context users@openstack cleanup() started
2019-07-22 07:46:27.202 1842 INFO rally.task.context [-] Task 178be2ae-261a-4f55-b96d-78bd0d35caaf | Context users@openstack cleanup() finished in 4.69 sec
2019-07-22 07:46:27.202 1842 INFO rally.task.engine [-] Task 178be2ae-261a-4f55-b96d-78bd0d35caaf | Completed: Task validation of semantic.
2019-07-22 07:46:27.203 1842 INFO rally.task.engine [-] Task 178be2ae-261a-4f55-b96d-78bd0d35caaf | Completed: Task validation.
2019-07-22 07:46:27.203 1842 INFO rally.api [-] Task 178be2ae-261a-4f55-b96d-78bd0d35caaf input file is valid.
2019-07-22 07:46:27.203 1842 INFO rally.api [-] Run Task 178be2ae-261a-4f55-b96d-78bd0d35caaf against Deployment fbdf5de9-1ccc-486b-97b6-50a1f1e11490
2019-07-22 07:46:27.203 1842 INFO rally.task.engine [-] Task 178be2ae-261a-4f55-b96d-78bd0d35caaf | Starting: Running task.
2019-07-22 07:46:27.343 1842 INFO rally.task.engine [-] Running workload: position = 0 config = { "version": 2, "title": "A cropped version of a bigger task.", "description": "Auto-generated task from a single workload (uuid=23cc9d45-c364-4294-863d-b4bc6f45d7c2)", "subtasks": [ { "title": "CinderVolumes.create_and_attach_volume", "description": "Create a VM and attach a volume to it.", "scenario": { "CinderVolumes.create_and_attach_volume": { "flavor": { "name": "rally_full-flavor_91790e59-340c-4b6d-8ad7-757319ebe83e" }, "image": { "name": "rally_full-img_91790e59-340c-4b6d-8ad7-757319ebe83e" }, "size": 1, "nics": [ { "net-id": "2d1eb19d-32a9-4e5a-b570-8991459165f3" } ] } }, "contexts": { "users": { "tenants": 3, "users_per_tenant": 2 }, "quotas": { "cinder": { "gigabytes": -1, "snapshots": -1, "volumes": -1 } }, "api_versions": { "cinder": { "version": 3, "service_type": "volumev3" } } }, "runner": { "constant": { "concurrency": 4, "times": 10 } }, "hooks": [], "sla": { "failure_rate": { "max": 0 } } } ] }
2019-07-22 07:46:27.365 1842 RALLYDEBUG rally_openstack.contexts.keystone.users [-] Creating 3 tenants using 20 threads
2019-07-22 07:46:29.197 1842 RALLYDEBUG rally_openstack.contexts.keystone.users [-] Creating 6 users using 20 threads
2019-07-22 07:46:31.877 1842 INFO rally.task.context [-] Task 178be2ae-261a-4f55-b96d-78bd0d35caaf | Context users@openstack setup() finished in 4.51 sec
2019-07-22 07:46:32.292 1842 INFO rally.task.context [-] Task 178be2ae-261a-4f55-b96d-78bd0d35caaf | Context api_versions@openstack setup() finished in 0.41 sec
2019-07-22 07:46:33.982 1842 INFO rally.task.context [-] Task 178be2ae-261a-4f55-b96d-78bd0d35caaf | Context quotas@openstack setup() finished in 1.69 sec
2019-07-22 07:46:33.983 1842 INFO rally.task.context [-] Task 178be2ae-261a-4f55-b96d-78bd0d35caaf | Context cleanup@openstack setup() finished in 0.01 msec
2019-07-22 07:46:35.167 1842 DEBUG novaclient.v2.client [-] REQ: curl -g -i -X GET http://172.30.9.26:8774/v2.1/flavors/detail -H "Accept: application/json" -H "User-Agent: python-novaclient" -H "X-Auth-Token: {SHA1}0a36c5767210e3a8b08efcb53a04894220684951" _http_log_request /usr/lib/python2.7/site-packages/keystoneauth1/session.py:448
2019-07-22 07:46:35.446 1842 DEBUG novaclient.v2.client [-] RESP: [200] Content-Encoding: gzip Content-Length: 361 Content-Type: application/json Date: Mon, 22 Jul 2019 07:46:35 GMT OpenStack-API-Version: compute 2.1 Server: Apache Vary: OpenStack-API-Version,X-OpenStack-Nova-API-Version,Accept-Encoding X-OpenStack-Nova-API-Version: 2.1 x-compute-request-id: req-08d4e639-d1fb-429e-81b4-826d56de0677 x-openstack-request-id: req-08d4e639-d1fb-429e-81b4-826d56de0677 _http_log_response /usr/lib/python2.7/site-packages/keystoneauth1/session.py:479
2019-07-22 07:46:35.446 1842 DEBUG novaclient.v2.client [-] RESP BODY: {"flavors": [{"name": "rally_full-flavor_91790e59-340c-4b6d-8ad7-757319ebe83e", "links": [{"href": "http://172.30.9.26:8774/v2.1/flavors/4f1639c0-6cbc-4b01-a829-b7745e36acb4", "rel": "self"}, {"href": "http://172.30.9.26:8774/flavors/4f1639c0-6cbc-4b01-a829-b7745e36acb4", "rel": "bookmark"}], "ram": 512, "OS-FLV-DISABLED:disabled": false, "vcpus": 1, "swap": "", "os-flavor-access:is_public": true, "rxtx_factor": 1.0, "OS-FLV-EXT-DATA:ephemeral": 0, "disk": 1, "id": "4f1639c0-6cbc-4b01-a829-b7745e36acb4"}, {"name": "rally_full-flavor_alt_91790e59-340c-4b6d-8ad7-757319ebe83e", "links": [{"href": "http://172.30.9.26:8774/v2.1/flavors/c22605aa-a0a0-4e85-9bdc-de3e645a1ce4", "rel": "self"}, {"href": "http://172.30.9.26:8774/flavors/c22605aa-a0a0-4e85-9bdc-de3e645a1ce4", "rel": "bookmark"}], "ram": 1024, "OS-FLV-DISABLED:disabled": false, "vcpus": 1, "swap": "", "os-flavor-access:is_public": true, "rxtx_factor": 1.0, "OS-FLV-EXT-DATA:ephemeral": 0, "disk": 1, "id": "c22605aa-a0a0-4e85-9bdc-de3e645a1ce4"}]} _http_log_response /usr/lib/python2.7/site-packages/keystoneauth1/session.py:511
2019-07-22 07:46:35.447 1842 DEBUG novaclient.v2.client [-] GET call to compute for http://172.30.9.26:8774/v2.1/flavors/detail used request id req-08d4e639-d1fb-429e-81b4-826d56de0677 request /usr/lib/python2.7/site-packages/keystoneauth1/session.py:844
2019-07-22 07:46:35.450 1842 RALLYDEBUG rally.task.runner [-] Starting the constant runner (task UUID: 178be2ae-261a-4f55-b96d-78bd0d35caaf). timeout: 0 concurrency: 4 concurrency_per_worker: 1 times: 10 concurrency_overhead: 0 processes_to_start: 4 max_cpu_used: 16
2019-07-22 07:46:35.463 1966 RALLYDEBUG rally.task.runner [-] Starting a worker. concurrency: 1 args: {"flavor": "4f1639c0-6cbc-4b01-a829-b7745e36acb4", "image": "28be126b-241e-44dd-ad60-9bff8f74fc01", "size": 1, "nics": [{"net-id": "2d1eb19d-32a9-4e5a-b570-8991459165f3"}]} times: 10 method_name: run timeout: 0 duration: None cls:
2019-07-22 07:46:35.466 1967 RALLYDEBUG rally.task.runner [-] Starting a worker. concurrency: 1 args: {"flavor": "4f1639c0-6cbc-4b01-a829-b7745e36acb4", "image": "28be126b-241e-44dd-ad60-9bff8f74fc01", "size": 1, "nics": [{"net-id": "2d1eb19d-32a9-4e5a-b570-8991459165f3"}]} times: 10 method_name: run timeout: 0 duration: None cls:
2019-07-22 07:46:35.470 1966 INFO rally.task.runner [-] Task 178be2ae-261a-4f55-b96d-78bd0d35caaf | ITER: 1 START
2019-07-22 07:46:35.469 1968 RALLYDEBUG rally.task.runner [-] Starting a worker. concurrency: 1 args: {"flavor": "4f1639c0-6cbc-4b01-a829-b7745e36acb4", "image": "28be126b-241e-44dd-ad60-9bff8f74fc01", "size": 1, "nics": [{"net-id": "2d1eb19d-32a9-4e5a-b570-8991459165f3"}]} times: 10 method_name: run timeout: 0 duration: None cls:
2019-07-22 07:46:35.472 1969 RALLYDEBUG rally.task.runner [-] Starting a worker. concurrency: 1 args: {"flavor": "4f1639c0-6cbc-4b01-a829-b7745e36acb4", "image": "28be126b-241e-44dd-ad60-9bff8f74fc01", "size": 1, "nics": [{"net-id": "2d1eb19d-32a9-4e5a-b570-8991459165f3"}]} times: 10 method_name: run timeout: 0 duration: None cls:
2019-07-22 07:46:35.475 1967 INFO rally.task.runner [-] Task 178be2ae-261a-4f55-b96d-78bd0d35caaf | ITER: 2 START
2019-07-22 07:46:35.477 1968 INFO rally.task.runner [-] Task 178be2ae-261a-4f55-b96d-78bd0d35caaf | ITER: 3 START
2019-07-22 07:46:35.479 1969 INFO rally.task.runner [-] Task 178be2ae-261a-4f55-b96d-78bd0d35caaf | ITER: 4 START
2019-07-22 07:46:35.937 1966 DEBUG novaclient.v2.client [-] REQ: curl -g -i -X POST http://172.30.9.26:8774/v2.1/servers -H "Accept: application/json" -H "Content-Type: application/json" -H "User-Agent: python-novaclient" -H "X-Auth-Token: {SHA1}a06eed50090804e9e406d318cfe3c9daff3094b3" -d '{"server": {"name": "s_rally_23cc9d45_eQlHOXy8", "imageRef": "28be126b-241e-44dd-ad60-9bff8f74fc01", "flavorRef": "4f1639c0-6cbc-4b01-a829-b7745e36acb4", "max_count": 1, "min_count": 1, "networks": [{"uuid": "2d1eb19d-32a9-4e5a-b570-8991459165f3"}]}}' _http_log_request /usr/lib/python2.7/site-packages/keystoneauth1/session.py:448
2019-07-22 07:46:35.959 1969 DEBUG novaclient.v2.client [-] REQ: curl -g -i -X POST http://172.30.9.26:8774/v2.1/servers -H "Accept: application/json" -H "Content-Type: application/json" -H "User-Agent: python-novaclient" -H "X-Auth-Token: {SHA1}84d37e1d558fc4a4faf2c50d288e255ec7c7b224" -d '{"server": {"name": "s_rally_23cc9d45_E70qc1em", "imageRef": "28be126b-241e-44dd-ad60-9bff8f74fc01", "flavorRef": "4f1639c0-6cbc-4b01-a829-b7745e36acb4", "max_count": 1, "min_count": 1, "networks": [{"uuid": "2d1eb19d-32a9-4e5a-b570-8991459165f3"}]}}' _http_log_request /usr/lib/python2.7/site-packages/keystoneauth1/session.py:448
2019-07-22 07:46:35.988 1967 DEBUG novaclient.v2.client [-] REQ: curl -g -i -X POST http://172.30.9.26:8774/v2.1/servers -H "Accept: application/json" -H "Content-Type: application/json" -H "User-Agent: python-novaclient" -H "X-Auth-Token: {SHA1}3e0a939c1ae3ff6488cd742d6837381bc207e702" -d '{"server": {"name": "s_rally_23cc9d45_Yn27jFXn", "imageRef": "28be126b-241e-44dd-ad60-9bff8f74fc01", "flavorRef": "4f1639c0-6cbc-4b01-a829-b7745e36acb4", "max_count": 1, "min_count": 1, "networks": [{"uuid": "2d1eb19d-32a9-4e5a-b570-8991459165f3"}]}}' _http_log_request /usr/lib/python2.7/site-packages/keystoneauth1/session.py:448
2019-07-22 07:46:36.001 1968 DEBUG novaclient.v2.client [-] REQ: curl -g -i -X POST http://172.30.9.26:8774/v2.1/servers -H "Accept: application/json" -H "Content-Type: application/json" -H "User-Agent: python-novaclient" -H "X-Auth-Token: {SHA1}c368938160389f94375f0c55d117ff0b087986ae" -d '{"server": {"name": "s_rally_23cc9d45_s2VQoEZN", "imageRef": "28be126b-241e-44dd-ad60-9bff8f74fc01", "flavorRef": "4f1639c0-6cbc-4b01-a829-b7745e36acb4", "max_count": 1, "min_count": 1, "networks": [{"uuid": "2d1eb19d-32a9-4e5a-b570-8991459165f3"}]}}' _http_log_request /usr/lib/python2.7/site-packages/keystoneauth1/session.py:448
2019-07-22 07:46:37.523 1966 DEBUG novaclient.v2.client [-] RESP: [202] Content-Length: 374 Content-Type: application/json Date: Mon, 22 Jul 2019 07:46:35 GMT OpenStack-API-Version: compute 2.1 Server: Apache Vary: OpenStack-API-Version,X-OpenStack-Nova-API-Version X-OpenStack-Nova-API-Version: 2.1 location: http://172.30.9.26:8774/v2.1/servers/f1d540d9-34c0-45c0-8bdd-81d051be9550 x-compute-request-id: req-d9d717f0-e269-4a5a-b472-53979b72a7f3 x-openstack-request-id: req-d9d717f0-e269-4a5a-b472-53979b72a7f3 _http_log_response /usr/lib/python2.7/site-packages/keystoneauth1/session.py:479
2019-07-22 07:46:37.524 1966 DEBUG novaclient.v2.client [-] RESP BODY: {"server": {"security_groups": [{"name": "default"}], "OS-DCF:diskConfig": "MANUAL", "id": "f1d540d9-34c0-45c0-8bdd-81d051be9550", "links": [{"href": "http://172.30.9.26:8774/v2.1/servers/f1d540d9-34c0-45c0-8bdd-81d051be9550", "rel": "self"}, {"href": "http://172.30.9.26:8774/servers/f1d540d9-34c0-45c0-8bdd-81d051be9550", "rel": "bookmark"}], "adminPass": "cgPB8NTPxab3"}} _http_log_response /usr/lib/python2.7/site-packages/keystoneauth1/session.py:511
2019-07-22 07:46:37.524 1966 DEBUG novaclient.v2.client [-] POST call to compute for http://172.30.9.26:8774/v2.1/servers used request id req-d9d717f0-e269-4a5a-b472-53979b72a7f3 request /usr/lib/python2.7/site-packages/keystoneauth1/session.py:844
2019-07-22 07:46:37.767 1968 DEBUG novaclient.v2.client [-] RESP: [202] Content-Length: 374 Content-Type: application/json Date: Mon, 22 Jul 2019 07:46:36 GMT OpenStack-API-Version: compute 2.1 Server: Apache Vary: OpenStack-API-Version,X-OpenStack-Nova-API-Version X-OpenStack-Nova-API-Version: 2.1 location: http://172.30.9.26:8774/v2.1/servers/5b0e52a7-19b6-4ded-bf04-ced6fe59d2b8 x-compute-request-id: req-165cab3b-5fdb-4ee4-b752-f242e891594e x-openstack-request-id: req-165cab3b-5fdb-4ee4-b752-f242e891594e _http_log_response /usr/lib/python2.7/site-packages/keystoneauth1/session.py:479
2019-07-22 07:46:37.768 1968 DEBUG novaclient.v2.client [-] RESP BODY: {"server": {"security_groups": [{"name": "default"}], "OS-DCF:diskConfig": "MANUAL", "id": "5b0e52a7-19b6-4ded-bf04-ced6fe59d2b8", "links": [{"href": "http://172.30.9.26:8774/v2.1/servers/5b0e52a7-19b6-4ded-bf04-ced6fe59d2b8", "rel": "self"}, {"href": "http://172.30.9.26:8774/servers/5b0e52a7-19b6-4ded-bf04-ced6fe59d2b8", "rel": "bookmark"}], "adminPass": "w7v7JvmGZ7vs"}} _http_log_response /usr/lib/python2.7/site-packages/keystoneauth1/session.py:511
2019-07-22 07:46:37.768 1968 DEBUG novaclient.v2.client [-] POST call to compute for http://172.30.9.26:8774/v2.1/servers used request id req-165cab3b-5fdb-4ee4-b752-f242e891594e request /usr/lib/python2.7/site-packages/keystoneauth1/session.py:844
2019-07-22 07:46:37.996 1967 DEBUG novaclient.v2.client [-] RESP: [202] Content-Length: 374 Content-Type: application/json Date: Mon, 22 Jul 2019 07:46:35 GMT OpenStack-API-Version: compute 2.1 Server: Apache Vary: OpenStack-API-Version,X-OpenStack-Nova-API-Version X-OpenStack-Nova-API-Version: 2.1 location: http://172.30.9.26:8774/v2.1/servers/00774d6a-d231-4431-b1da-9734bb090499 x-compute-request-id: req-411adaac-d368-428e-b4a7-cb8aa4d47044 x-openstack-request-id: req-411adaac-d368-428e-b4a7-cb8aa4d47044 _http_log_response /usr/lib/python2.7/site-packages/keystoneauth1/session.py:479
2019-07-22 07:46:37.997 1967 DEBUG novaclient.v2.client [-] RESP BODY: {"server": {"security_groups": [{"name": "default"}], "OS-DCF:diskConfig": "MANUAL", "id": "00774d6a-d231-4431-b1da-9734bb090499", "links": [{"href": "http://172.30.9.26:8774/v2.1/servers/00774d6a-d231-4431-b1da-9734bb090499", "rel": "self"}, {"href": "http://172.30.9.26:8774/servers/00774d6a-d231-4431-b1da-9734bb090499", "rel": "bookmark"}], "adminPass": "Wd6eFgjxZi8B"}} _http_log_response /usr/lib/python2.7/site-packages/keystoneauth1/session.py:511
2019-07-22 07:46:37.998 1967 DEBUG novaclient.v2.client [-] POST call to compute for http://172.30.9.26:8774/v2.1/servers used request id req-411adaac-d368-428e-b4a7-cb8aa4d47044 request /usr/lib/python2.7/site-packages/keystoneauth1/session.py:844
2019-07-22 07:46:38.386 1969 DEBUG novaclient.v2.client [-] RESP: [202] Content-Length: 374 Content-Type: application/json Date: Mon, 22 Jul 2019 07:46:35 GMT OpenStack-API-Version: compute 2.1 Server: Apache Vary: OpenStack-API-Version,X-OpenStack-Nova-API-Version X-OpenStack-Nova-API-Version: 2.1 location: http://172.30.9.26:8774/v2.1/servers/750cc45c-5aea-4f86-999f-4173f64a06ae x-compute-request-id: req-b09f62ce-f445-4491-96f2-1cca8c0fa827 x-openstack-request-id: req-b09f62ce-f445-4491-96f2-1cca8c0fa827 _http_log_response /usr/lib/python2.7/site-packages/keystoneauth1/session.py:479
2019-07-22 07:46:38.387 1969 DEBUG novaclient.v2.client [-] RESP BODY: {"server": {"security_groups": [{"name": "default"}], "OS-DCF:diskConfig": "MANUAL", "id": "750cc45c-5aea-4f86-999f-4173f64a06ae", "links": [{"href": "http://172.30.9.26:8774/v2.1/servers/750cc45c-5aea-4f86-999f-4173f64a06ae", "rel": "self"}, {"href": "http://172.30.9.26:8774/servers/750cc45c-5aea-4f86-999f-4173f64a06ae", "rel": "bookmark"}], "adminPass": "nHCi6JHpbxD8"}} _http_log_response /usr/lib/python2.7/site-packages/keystoneauth1/session.py:511
2019-07-22 07:46:38.387 1969 DEBUG novaclient.v2.client [-] POST call to compute for http://172.30.9.26:8774/v2.1/servers used request id req-b09f62ce-f445-4491-96f2-1cca8c0fa827 request /usr/lib/python2.7/site-packages/keystoneauth1/session.py:844
2019-07-22 07:46:38.528 1966 DEBUG novaclient.v2.client [-] REQ: curl -g -i -X GET http://172.30.9.26:8774/v2.1/servers/f1d540d9-34c0-45c0-8bdd-81d051be9550 -H "Accept: application/json" -H "User-Agent: python-novaclient" -H "X-Auth-Token: {SHA1}a06eed50090804e9e406d318cfe3c9daff3094b3" _http_log_request /usr/lib/python2.7/site-packages/keystoneauth1/session.py:448
2019-07-22 07:46:38.772 1968 DEBUG novaclient.v2.client [-] REQ: curl -g -i -X GET http://172.30.9.26:8774/v2.1/servers/5b0e52a7-19b6-4ded-bf04-ced6fe59d2b8 -H "Accept: application/json" -H "User-Agent: python-novaclient" -H "X-Auth-Token: {SHA1}c368938160389f94375f0c55d117ff0b087986ae" _http_log_request /usr/lib/python2.7/site-packages/keystoneauth1/session.py:448
2019-07-22 07:46:38.881 1966 DEBUG novaclient.v2.client [-] RESP: [200] Content-Encoding: gzip Content-Length: 639 Content-Type: application/json Date: Mon, 22 Jul 2019 07:46:38 GMT OpenStack-API-Version: compute 2.1 Server: Apache Vary: OpenStack-API-Version,X-OpenStack-Nova-API-Version,Accept-Encoding X-OpenStack-Nova-API-Version: 2.1 x-compute-request-id: req-d11ea663-390f-42fc-9ff4-89c61f2a5ca0 x-openstack-request-id: req-d11ea663-390f-42fc-9ff4-89c61f2a5ca0 _http_log_response /usr/lib/python2.7/site-packages/keystoneauth1/session.py:479
2019-07-22 07:46:38.882 1966 DEBUG novaclient.v2.client [-] RESP BODY: {"server": {"OS-EXT-STS:task_state": "block_device_mapping", "addresses": {}, "links": [{"href": "http://172.30.9.26:8774/v2.1/servers/f1d540d9-34c0-45c0-8bdd-81d051be9550", "rel": "self"}, {"href": "http://172.30.9.26:8774/servers/f1d540d9-34c0-45c0-8bdd-81d051be9550", "rel": "bookmark"}], "image": {"id": "28be126b-241e-44dd-ad60-9bff8f74fc01", "links": [{"href": "http://172.30.9.26:8774/images/28be126b-241e-44dd-ad60-9bff8f74fc01", "rel": "bookmark"}]}, "OS-EXT-STS:vm_state": "building", "OS-SRV-USG:launched_at": null, "flavor": {"id": "4f1639c0-6cbc-4b01-a829-b7745e36acb4", "links": [{"href": "http://172.30.9.26:8774/flavors/4f1639c0-6cbc-4b01-a829-b7745e36acb4", "rel": "bookmark"}]}, "id": "f1d540d9-34c0-45c0-8bdd-81d051be9550", "user_id": "cc5b51b147864d27b15c140b3c916e0b", "OS-DCF:diskConfig": "MANUAL", "accessIPv4": "", "accessIPv6": "", "progress": 0, "OS-EXT-STS:power_state": 0, "OS-EXT-AZ:availability_zone": "nova", "config_drive": "", "status": "BUILD", "updated": "2019-07-22T07:46:38Z", "hostId": "fbfb438a03e4d05bd5757441ec17363942bca9a5d134edb28987c105", "OS-SRV-USG:terminated_at": null, "key_name": null, "name": "s_rally_23cc9d45_eQlHOXy8", "created": "2019-07-22T07:46:37Z", "tenant_id": "462e3c2040364e8f9544acc251b92159", "os-extended-volumes:volumes_attached": [], "metadata": {}}} _http_log_response /usr/lib/python2.7/site-packages/keystoneauth1/session.py:511
2019-07-22 07:46:38.882 1966 DEBUG novaclient.v2.client [-] GET call to compute for http://172.30.9.26:8774/v2.1/servers/f1d540d9-34c0-45c0-8bdd-81d051be9550 used request id req-d11ea663-390f-42fc-9ff4-89c61f2a5ca0 request /usr/lib/python2.7/site-packages/keystoneauth1/session.py:844
2019-07-22 07:46:38.884 1966 DEBUG novaclient.v2.client [-] REQ: curl -g -i -X GET http://172.30.9.26:8774/v2.1/servers/f1d540d9-34c0-45c0-8bdd-81d051be9550 -H "Accept: application/json" -H "User-Agent: python-novaclient" -H "X-Auth-Token: {SHA1}a06eed50090804e9e406d318cfe3c9daff3094b3" _http_log_request /usr/lib/python2.7/site-packages/keystoneauth1/session.py:448
2019-07-22 07:46:39.001 1967 DEBUG novaclient.v2.client [-] REQ: curl -g -i -X GET http://172.30.9.26:8774/v2.1/servers/00774d6a-d231-4431-b1da-9734bb090499 -H "Accept: application/json" -H "User-Agent: python-novaclient" -H "X-Auth-Token: {SHA1}3e0a939c1ae3ff6488cd742d6837381bc207e702" _http_log_request /usr/lib/python2.7/site-packages/keystoneauth1/session.py:448
2019-07-22 07:46:39.371 1966 DEBUG novaclient.v2.client [-] RESP: [200] Content-Encoding: gzip Content-Length: 631 Content-Type: application/json Date: Mon, 22 Jul 2019 07:46:38 GMT OpenStack-API-Version: compute 2.1 Server: Apache Vary: OpenStack-API-Version,X-OpenStack-Nova-API-Version,Accept-Encoding X-OpenStack-Nova-API-Version: 2.1 x-compute-request-id: req-8115154c-89fa-489b-ab7d-aa2fe6671a25 x-openstack-request-id: req-8115154c-89fa-489b-ab7d-aa2fe6671a25 _http_log_response /usr/lib/python2.7/site-packages/keystoneauth1/session.py:479
