2019-07-22 08:08:21.771 6398 DEBUG cinderclient.v2.client [-] RESP BODY: {"volume_type": {"name": "s_rally_dfd00d3e_v7Gy8zHn", "extra_specs": {}, "os-volume-type-access:is_public": false, "is_public": false, "id": "1357c47c-30d0-4c18-ac31-1996cb7456d0", "description": "rally tests creating types"}} _http_log_response /usr/lib/python2.7/site-packages/keystoneauth1/session.py:511
2019-07-22 08:08:21.772 6398 DEBUG cinderclient.v2.client [-] POST call to volumev2 for http://172.30.9.26:8776/v3/2cb3acce6c1747c49cd0af7874926db6/types used request id req-7d553d62-43fb-4151-b915-56313ed26a74 request /usr/lib/python2.7/site-packages/keystoneauth1/session.py:844
2019-07-22 08:08:21.773 6398 DEBUG cinderclient.v2.client [-] REQ: curl -g -i -X POST http://172.30.9.26:8776/v3/2cb3acce6c1747c49cd0af7874926db6/types/1357c47c-30d0-4c18-ac31-1996cb7456d0/action -H "Accept: application/json" -H "Content-Type: application/json" -H "User-Agent: python-cinderclient" -H "X-Auth-Token: {SHA1}8624ed94c1c3f51cd376f94a6af1d99a745c277f" -H "X-OpenStack-Request-ID: req-7d553d62-43fb-4151-b915-56313ed26a74" -d '{"addProjectAccess": {"project": "f97895af47d94964a26a33bcb082734c"}}' _http_log_request /usr/lib/python2.7/site-packages/keystoneauth1/session.py:448
2019-07-22 08:08:21.965 6400 DEBUG cinderclient.v2.client [-] RESP: [202] Content-Length: 0 Content-Type: text/html; charset=UTF-8 Date: Mon, 22 Jul 2019 08:08:21 GMT OpenStack-API-Version: volume 3.0 Server: Apache Vary: OpenStack-API-Version x-openstack-request-id: req-fff773d2-78cb-4f75-b8cb-c420d373548b _http_log_response /usr/lib/python2.7/site-packages/keystoneauth1/session.py:479
2019-07-22 08:08:21.966 6400 DEBUG cinderclient.v2.client [-] RESP BODY: Omitted, Content-Type is set to text/html; charset=UTF-8. Only application/json responses have their bodies logged. _http_log_response /usr/lib/python2.7/site-packages/keystoneauth1/session.py:511
2019-07-22 08:08:21.966 6400 DEBUG cinderclient.v2.client [-] POST call to volumev2 for http://172.30.9.26:8776/v3/2cb3acce6c1747c49cd0af7874926db6/types/d372beeb-6f4c-496c-ada2-f4bdcfa6b8e1/action used request id req-fff773d2-78cb-4f75-b8cb-c420d373548b request /usr/lib/python2.7/site-packages/keystoneauth1/session.py:844
2019-07-22 08:08:21.967 6400 DEBUG cinderclient.v2.client [-] REQ: curl -g -i -X GET http://172.30.9.26:8776/v3/2cb3acce6c1747c49cd0af7874926db6/types/d372beeb-6f4c-496c-ada2-f4bdcfa6b8e1/os-volume-type-access -H "Accept: application/json" -H "User-Agent: python-cinderclient" -H "X-Auth-Token: {SHA1}0fe583308eada696fc211f6a4bc2d43cee79b3f5" -H "X-OpenStack-Request-ID: req-bfeb4e07-f841-4626-b529-8492ba5717d9" _http_log_request /usr/lib/python2.7/site-packages/keystoneauth1/session.py:448
2019-07-22 08:08:21.995 6398 DEBUG cinderclient.v2.client [-] RESP: [202] Content-Length: 0 Content-Type: text/html; charset=UTF-8 Date: Mon, 22 Jul 2019 08:08:21 GMT OpenStack-API-Version: volume 3.0 Server: Apache Vary: OpenStack-API-Version x-openstack-request-id: req-718e2a4a-430d-41ce-8aa9-6aa3e1d445eb _http_log_response /usr/lib/python2.7/site-packages/keystoneauth1/session.py:479
2019-07-22 08:08:21.996 6398 DEBUG cinderclient.v2.client [-] RESP BODY: Omitted, Content-Type is set to text/html; charset=UTF-8. Only application/json responses have their bodies logged. _http_log_response /usr/lib/python2.7/site-packages/keystoneauth1/session.py:511
2019-07-22 08:08:21.996 6398 DEBUG cinderclient.v2.client [-] POST call to volumev2 for http://172.30.9.26:8776/v3/2cb3acce6c1747c49cd0af7874926db6/types/1357c47c-30d0-4c18-ac31-1996cb7456d0/action used request id req-718e2a4a-430d-41ce-8aa9-6aa3e1d445eb request /usr/lib/python2.7/site-packages/keystoneauth1/session.py:844
2019-07-22 08:08:21.997 6398 DEBUG cinderclient.v2.client [-] REQ: curl -g -i -X GET http://172.30.9.26:8776/v3/2cb3acce6c1747c49cd0af7874926db6/types/1357c47c-30d0-4c18-ac31-1996cb7456d0/os-volume-type-access -H "Accept: application/json" -H "User-Agent: python-cinderclient" -H "X-Auth-Token: {SHA1}8624ed94c1c3f51cd376f94a6af1d99a745c277f" -H "X-OpenStack-Request-ID: req-7d553d62-43fb-4151-b915-56313ed26a74" _http_log_request /usr/lib/python2.7/site-packages/keystoneauth1/session.py:448
2019-07-22 08:08:22.275 6400 DEBUG cinderclient.v2.client [-] RESP: [200] Content-Encoding: gzip Content-Length: 127 Content-Type: application/json Date: Mon, 22 Jul 2019 08:08:21 GMT OpenStack-API-Version: volume 3.0 Server: Apache Vary: OpenStack-API-Version,Accept-Encoding x-compute-request-id: req-975c45e9-3db2-4e7d-8abc-12ce4f045585 x-openstack-request-id: req-975c45e9-3db2-4e7d-8abc-12ce4f045585 _http_log_response /usr/lib/python2.7/site-packages/keystoneauth1/session.py:479
2019-07-22 08:08:22.276 6400 DEBUG cinderclient.v2.client [-] RESP BODY: {"volume_type_access": [{"volume_type_id": "d372beeb-6f4c-496c-ada2-f4bdcfa6b8e1", "project_id": "f97895af47d94964a26a33bcb082734c"}]} _http_log_response /usr/lib/python2.7/site-packages/keystoneauth1/session.py:511
2019-07-22 08:08:22.276 6400 DEBUG cinderclient.v2.client [-] GET call to volumev2 for http://172.30.9.26:8776/v3/2cb3acce6c1747c49cd0af7874926db6/types/d372beeb-6f4c-496c-ada2-f4bdcfa6b8e1/os-volume-type-access used request id req-975c45e9-3db2-4e7d-8abc-12ce4f045585 request /usr/lib/python2.7/site-packages/keystoneauth1/session.py:844
2019-07-22 08:08:22.277 6400 INFO rally.task.runner [-] Task 178be2ae-261a-4f55-b96d-78bd0d35caaf | ITER: 9 END: OK
2019-07-22 08:08:22.319 6398 DEBUG cinderclient.v2.client [-] RESP: [200] Content-Encoding: gzip Content-Length: 129 Content-Type: application/json Date: Mon, 22 Jul 2019 08:08:22 GMT OpenStack-API-Version: volume 3.0 Server: Apache Vary: OpenStack-API-Version,Accept-Encoding x-compute-request-id: req-7535cfab-f821-4c5b-918b-e1a0e636449f x-openstack-request-id: req-7535cfab-f821-4c5b-918b-e1a0e636449f _http_log_response /usr/lib/python2.7/site-packages/keystoneauth1/session.py:479
2019-07-22 08:08:22.320 6398 DEBUG cinderclient.v2.client [-] RESP BODY: {"volume_type_access": [{"volume_type_id": "1357c47c-30d0-4c18-ac31-1996cb7456d0", "project_id": "f97895af47d94964a26a33bcb082734c"}]} _http_log_response /usr/lib/python2.7/site-packages/keystoneauth1/session.py:511
2019-07-22 08:08:22.320 6398 DEBUG cinderclient.v2.client [-] GET call to volumev2 for http://172.30.9.26:8776/v3/2cb3acce6c1747c49cd0af7874926db6/types/1357c47c-30d0-4c18-ac31-1996cb7456d0/os-volume-type-access used request id req-7535cfab-f821-4c5b-918b-e1a0e636449f request /usr/lib/python2.7/site-packages/keystoneauth1/session.py:844
2019-07-22 08:08:22.321 6398 INFO rally.task.runner [-] Task 178be2ae-261a-4f55-b96d-78bd0d35caaf | ITER: 10 END: OK
2019-07-22 08:08:22.351 1842 INFO rally.task.context [-] Task 178be2ae-261a-4f55-b96d-78bd0d35caaf | Context admin_cleanup@openstack cleanup() started
2019-07-22 08:08:22.353 1842 RALLYDEBUG rally_openstack.cleanup.manager [-] Cleaning up cinder volume_types objects
2019-07-22 08:08:23.137 1842 RALLYDEBUG rally_openstack.cleanup.manager [-] Deleting cinder.volume_types object s_rally_dfd00d3e_OUltFJuU (9be52101-4603-4cce-8fad-b0c5aa6283b0)
2019-07-22 08:08:23.139 1842 RALLYDEBUG rally_openstack.cleanup.manager [-] Deleting cinder.volume_types object s_rally_dfd00d3e_ns7CAsYy (20004b78-d643-4ffa-8922-1547d5115a7c)
2019-07-22 08:08:23.140 1842 RALLYDEBUG rally_openstack.cleanup.manager [-] Deleting cinder.volume_types object s_rally_dfd00d3e_fzNMLq8j (038c205c-a3b9-4003-998f-379e943ec867)
2019-07-22 08:08:23.143 1842 RALLYDEBUG rally_openstack.cleanup.manager [-] Deleting cinder.volume_types object s_rally_dfd00d3e_frW7AzyD (37674839-332b-4aeb-8693-0510fbd35cc7)
2019-07-22 08:08:23.153 1842 RALLYDEBUG rally_openstack.cleanup.manager [-] Deleting cinder.volume_types object s_rally_dfd00d3e_LlhVBbJj (d372beeb-6f4c-496c-ada2-f4bdcfa6b8e1)
2019-07-22 08:08:23.155 1842 RALLYDEBUG rally_openstack.cleanup.manager [-] Deleting cinder.volume_types object s_rally_dfd00d3e_6PvoYrT1 (04275d84-d5a5-49cf-908a-e4169e014b5e)
2019-07-22 08:08:23.155 1842 RALLYDEBUG rally_openstack.cleanup.manager [-] Deleting cinder.volume_types object s_rally_dfd00d3e_5deo6Klr (189c4ffc-198c-4b95-a230-50a709bffbed)
2019-07-22 08:08:23.156 1842 RALLYDEBUG rally_openstack.cleanup.manager [-] Deleting cinder.volume_types object s_rally_dfd00d3e_v7Gy8zHn (1357c47c-30d0-4c18-ac31-1996cb7456d0)
2019-07-22 08:08:23.158 1842 RALLYDEBUG rally_openstack.cleanup.manager [-] Deleting cinder.volume_types object s_rally_dfd00d3e_Aj3zLhLM (26f82f0b-c762-4d47-a9b7-7d2ffabae4f5)
2019-07-22 08:08:23.163 1842 RALLYDEBUG rally_openstack.cleanup.manager [-] Deleting cinder.volume_types object s_rally_dfd00d3e_CW1RYE4y (f1cf9444-29e1-4ca7-96be-f529b071bed6)
2019-07-22 08:08:25.533 1842 RALLYDEBUG rally_openstack.cleanup.manager [-] Cleaning up cinder image_volumes_cache objects
2019-07-22 08:08:26.654 1842 RALLYDEBUG rally_openstack.cleanup.manager [-] Cleaning up cinder quotas objects
2019-07-22 08:08:28.121 1842 RALLYDEBUG rally_openstack.cleanup.manager [-] Cleaning up cinder qos_specs objects
2019-07-22 08:08:28.747 1842 INFO rally.task.context [-] Task 178be2ae-261a-4f55-b96d-78bd0d35caaf | Context admin_cleanup@openstack cleanup() finished in 6.40 sec
2019-07-22 08:08:28.747 1842 INFO rally.task.context [-] Task 178be2ae-261a-4f55-b96d-78bd0d35caaf | Context api_versions@openstack cleanup() started
2019-07-22 08:08:28.748 1842 INFO rally.task.context [-] Task 178be2ae-261a-4f55-b96d-78bd0d35caaf | Context api_versions@openstack cleanup() finished in 0.32 msec
2019-07-22 08:08:28.748 1842 INFO rally.task.context [-] Task 178be2ae-261a-4f55-b96d-78bd0d35caaf | Context users@openstack cleanup() started
2019-07-22 08:08:35.469 1842 INFO rally.task.context [-] Task 178be2ae-261a-4f55-b96d-78bd0d35caaf | Context users@openstack cleanup() finished in 6.72 sec
2019-07-22 08:08:37.468 1842 INFO rally.task.engine [-] Load duration is: 3.741577
2019-07-22 08:08:37.469 1842 INFO rally.task.engine [-] Full runner duration is: 3.794563
2019-07-22 08:08:37.469 1842 INFO rally.task.engine [-] Full duration is: 22.117114
2019-07-22 08:08:37.690 1842 INFO rally.task.engine [-] Task 178be2ae-261a-4f55-b96d-78bd0d35caaf | Completed: Running task.
2019-07-22 08:08:38.664 6540 RALLYDEBUG rally.api [-] INFO logs from urllib3 and requests module are hide.
2019-07-22 08:08:38.664 6540 RALLYDEBUG rally.api [-] urllib3 insecure warnings are hidden.
2019-07-22 08:08:38.664 6540 RALLYDEBUG rally.api [-] ERROR log from boto module is hide.
2019-07-22 08:08:39.511 6541 RALLYDEBUG rally.api [-] INFO logs from urllib3 and requests module are hide.
2019-07-22 08:08:39.511 6541 RALLYDEBUG rally.api [-] urllib3 insecure warnings are hidden.
2019-07-22 08:08:39.511 6541 RALLYDEBUG rally.api [-] ERROR log from boto module is hide.
2019-07-22 08:08:40.812 6541 INFO rally.api [-] Building 'json' report for the following task(s): '178be2ae-261a-4f55-b96d-78bd0d35caaf'.
2019-07-22 08:08:40.853 6541 INFO rally.api [-] The report has been successfully built.
2019-07-22 08:08:41.758 6543 RALLYDEBUG rally.api [-] INFO logs from urllib3 and requests module are hide.
2019-07-22 08:08:41.758 6543 RALLYDEBUG rally.api [-] urllib3 insecure warnings are hidden.
2019-07-22 08:08:41.758 6543 RALLYDEBUG rally.api [-] ERROR log from boto module is hide.
2019-07-22 08:08:43.093 6543 INFO rally.task.engine [-] Task efd58ce1-484f-48ac-875a-d57ca784e709 | Starting: Task validation.
2019-07-22 08:08:43.133 6543 INFO rally.task.engine [-] Task efd58ce1-484f-48ac-875a-d57ca784e709 | Starting: Task validation of syntax.
2019-07-22 08:08:43.290 6543 INFO rally.task.engine [-] Task efd58ce1-484f-48ac-875a-d57ca784e709 | Completed: Task validation of syntax.
2019-07-22 08:08:43.290 6543 INFO rally.task.engine [-] Task efd58ce1-484f-48ac-875a-d57ca784e709 | Starting: Task validation of required platforms.
2019-07-22 08:08:43.350 6543 INFO rally.task.engine [-] Task efd58ce1-484f-48ac-875a-d57ca784e709 | Completed: Task validation of required platforms.
2019-07-22 08:08:43.350 6543 INFO rally.task.engine [-] Task efd58ce1-484f-48ac-875a-d57ca784e709 | Starting: Task validation of semantic.
2019-07-22 08:08:43.351 6543 INFO rally.task.engine [-] Check health of the environment 'fbdf5de9-1ccc-486b-97b6-50a1f1e11490'.
2019-07-22 08:08:44.148 6543 INFO rally.task.engine [-] Platform existing@openstack (available: True): OK!
2019-07-22 08:08:44.165 6543 RALLYDEBUG rally_openstack.contexts.keystone.users [-] Creating 1 tenants using 20 threads
2019-07-22 08:08:45.961 6543 RALLYDEBUG rally_openstack.contexts.keystone.users [-] Creating 1 users using 20 threads
2019-07-22 08:08:48.242 6543 INFO rally.task.context [-] Task efd58ce1-484f-48ac-875a-d57ca784e709 | Context users@openstack setup() finished in 4.08 sec
2019-07-22 08:08:55.327 6543 INFO rally.task.context [-] Task efd58ce1-484f-48ac-875a-d57ca784e709 | Context users@openstack cleanup() started
2019-07-22 08:09:00.161 6543 INFO rally.task.context [-] Task efd58ce1-484f-48ac-875a-d57ca784e709 | Context users@openstack cleanup() finished in 4.83 sec
2019-07-22 08:09:00.161 6543 INFO rally.task.engine [-] Task efd58ce1-484f-48ac-875a-d57ca784e709 | Completed: Task validation of semantic.
2019-07-22 08:09:00.161 6543 INFO rally.task.engine [-] Task efd58ce1-484f-48ac-875a-d57ca784e709 | Completed: Task validation.
2019-07-22 08:09:00.162 6543 INFO rally.api [-] Task efd58ce1-484f-48ac-875a-d57ca784e709 input file is valid.
2019-07-22 08:09:00.162 6543 INFO rally.api [-] Run Task efd58ce1-484f-48ac-875a-d57ca784e709 against Deployment fbdf5de9-1ccc-486b-97b6-50a1f1e11490
2019-07-22 08:09:00.162 6543 INFO rally.task.engine [-] Task efd58ce1-484f-48ac-875a-d57ca784e709 | Starting: Running task.
2019-07-22 08:09:00.325 6543 INFO rally.task.engine [-] Running workload: position = 0 config = { "version": 2, "title": "A cropped version of a bigger task.", "description": "Auto-generated task from a single workload (uuid=b4ba288e-f39c-46b6-83f9-05cd01bbcb0d)", "subtasks": [ { "title": "Gnocchi.list_capabilities", "description": "List supported aggregation methods.", "scenario": { "Gnocchi.list_capabilities": {} }, "contexts": { "users": { "tenants": 3, "users_per_tenant": 2 } }, "runner": { "constant": { "concurrency": 4, "times": 10 } }, "hooks": [], "sla": { "failure_rate": { "max": 0 } } } ] }
2019-07-22 08:09:00.343 6543 RALLYDEBUG rally_openstack.contexts.keystone.users [-] Creating 3 tenants using 20 threads
2019-07-22 08:09:02.185 6543 RALLYDEBUG rally_openstack.contexts.keystone.users [-] Creating 6 users using 20 threads
2019-07-22 08:09:04.941 6543 INFO rally.task.context [-] Task efd58ce1-484f-48ac-875a-d57ca784e709 | Context users@openstack setup() finished in 4.60 sec
2019-07-22 08:09:04.948 6543 RALLYDEBUG rally.task.runner [-] Starting the constant runner (task UUID: efd58ce1-484f-48ac-875a-d57ca784e709). timeout: 0 concurrency: 4 concurrency_per_worker: 1 times: 10 concurrency_overhead: 0 processes_to_start: 4 max_cpu_used: 16
2019-07-22 08:09:04.960 6667 RALLYDEBUG rally.task.runner [-] Starting a worker. concurrency: 1 args: {} times: 10 method_name: run timeout: 0 duration: None cls:
2019-07-22 08:09:04.963 6668 RALLYDEBUG rally.task.runner [-] Starting a worker. concurrency: 1 args: {} times: 10 method_name: run timeout: 0 duration: None cls:
2019-07-22 08:09:04.964 6667 INFO rally.task.runner [-] Task efd58ce1-484f-48ac-875a-d57ca784e709 | ITER: 1 START
2019-07-22 08:09:04.966 6669 RALLYDEBUG rally.task.runner [-] Starting a worker. concurrency: 1 args: {} times: 10 method_name: run timeout: 0 duration: None cls:
2019-07-22 08:09:04.968 6668 INFO rally.task.runner [-] Task efd58ce1-484f-48ac-875a-d57ca784e709 | ITER: 2 START
2019-07-22 08:09:04.970 6671 RALLYDEBUG rally.task.runner [-] Starting a worker. concurrency: 1 args: {} times: 10 method_name: run timeout: 0 duration: None cls:
2019-07-22 08:09:04.971 6669 INFO rally.task.runner [-] Task efd58ce1-484f-48ac-875a-d57ca784e709 | ITER: 3 START
2019-07-22 08:09:04.976 6671 INFO rally.task.runner [-] Task efd58ce1-484f-48ac-875a-d57ca784e709 | ITER: 4 START
2019-07-22 08:09:05.717 6671 INFO rally.task.runner [-] Task efd58ce1-484f-48ac-875a-d57ca784e709 | ITER: 4 END: OK
2019-07-22 08:09:05.721 6671 INFO rally.task.runner [-] Task efd58ce1-484f-48ac-875a-d57ca784e709 | ITER: 5 START
2019-07-22 08:09:05.726 6669 INFO rally.task.runner [-] Task efd58ce1-484f-48ac-875a-d57ca784e709 | ITER: 3 END: OK
2019-07-22 08:09:05.729 6669 INFO rally.task.runner [-] Task efd58ce1-484f-48ac-875a-d57ca784e709 | ITER: 6 START
2019-07-22 08:09:05.793 6668 INFO rally.task.runner [-] Task efd58ce1-484f-48ac-875a-d57ca784e709 | ITER: 2 END: OK
2019-07-22 08:09:05.797 6668 INFO rally.task.runner [-] Task efd58ce1-484f-48ac-875a-d57ca784e709 | ITER: 7 START
2019-07-22 08:09:05.832 6667 INFO rally.task.runner [-] Task efd58ce1-484f-48ac-875a-d57ca784e709 | ITER: 1 END: OK
2019-07-22 08:09:05.835 6667 INFO rally.task.runner [-] Task efd58ce1-484f-48ac-875a-d57ca784e709 | ITER: 8 START
2019-07-22 08:09:06.425 6669 INFO rally.task.runner [-] Task efd58ce1-484f-48ac-875a-d57ca784e709 | ITER: 6 END: OK
2019-07-22 08:09:06.427 6669 INFO rally.task.runner [-] Task efd58ce1-484f-48ac-875a-d57ca784e709 | ITER: 9 START
2019-07-22 08:09:06.442 6671 INFO rally.task.runner [-] Task efd58ce1-484f-48ac-875a-d57ca784e709 | ITER: 5 END: OK
2019-07-22 08:09:06.446 6671 INFO rally.task.runner [-] Task efd58ce1-484f-48ac-875a-d57ca784e709 | ITER: 10 START
2019-07-22 08:09:06.530 6667 INFO rally.task.runner [-] Task efd58ce1-484f-48ac-875a-d57ca784e709 | ITER: 8 END: OK
2019-07-22 08:09:06.536 6668 INFO rally.task.runner [-] Task efd58ce1-484f-48ac-875a-d57ca784e709 | ITER: 7 END: OK
2019-07-22 08:09:07.062 6669 INFO rally.task.runner [-] Task efd58ce1-484f-48ac-875a-d57ca784e709 | ITER: 9 END: OK
2019-07-22 08:09:07.127 6671 INFO rally.task.runner [-] Task efd58ce1-484f-48ac-875a-d57ca784e709 | ITER: 10 END: OK
2019-07-22 08:09:07.155 6543 INFO rally.task.context [-] Task efd58ce1-484f-48ac-875a-d57ca784e709 | Context users@openstack cleanup() started
2019-07-22 08:09:15.019 6543 INFO rally.task.context [-] Task efd58ce1-484f-48ac-875a-d57ca784e709 | Context users@openstack cleanup() finished in 7.86 sec
2019-07-22 08:09:16.424 6543 INFO rally.task.engine [-] Load duration is: 2.161004
2019-07-22 08:09:16.425 6543 INFO rally.task.engine [-] Full runner duration is: 2.207474
2019-07-22 08:09:16.425 6543 INFO rally.task.engine [-] Full duration is: 14.677288
2019-07-22 08:09:16.732 6543 INFO rally.task.engine [-] Running workload: position = 0 config = { "version": 2, "title": "A cropped version of a bigger task.", "description": "Auto-generated task from a single workload (uuid=aa314bb3-374d-4e7c-847d-1a66c568d331)", "subtasks": [ { "title": "Gnocchi.get_status", "description": "Get the status of measurements processing.", "scenario": { "Gnocchi.get_status": { "detailed": false } }, "contexts": { "users": { "tenants": 3, "users_per_tenant": 2 } }, "runner": { "constant": { "concurrency": 4, "times": 10 } }, "hooks": [], "sla": { "failure_rate": { "max": 0 } } } ] }
2019-07-22 08:09:16.755 6543 RALLYDEBUG rally_openstack.contexts.keystone.users [-] Creating 3 tenants using 20 threads
2019-07-22 08:09:18.582 6543 RALLYDEBUG rally_openstack.contexts.keystone.users [-] Creating 6 users using 20 threads
2019-07-22 08:09:21.216 6543 INFO rally.task.context [-] Task efd58ce1-484f-48ac-875a-d57ca784e709 | Context users@openstack setup() finished in 4.46 sec
2019-07-22 08:09:21.224 6543 RALLYDEBUG rally.task.runner [-] Starting the constant runner (task UUID: efd58ce1-484f-48ac-875a-d57ca784e709). timeout: 0 concurrency: 4 concurrency_per_worker: 1 times: 10 concurrency_overhead: 0 processes_to_start: 4 max_cpu_used: 16
2019-07-22 08:09:21.236 6771 RALLYDEBUG rally.task.runner [-] Starting a worker. concurrency: 1 args: {"detailed": false} times: 10 method_name: run timeout: 0 duration: None cls:
2019-07-22 08:09:21.239 6772 RALLYDEBUG rally.task.runner [-] Starting a worker. concurrency: 1 args: {"detailed": false} times: 10 method_name: run timeout: 0 duration: None cls:
2019-07-22 08:09:21.242 6771 INFO rally.task.runner [-] Task efd58ce1-484f-48ac-875a-d57ca784e709 | ITER: 1 START
2019-07-22 08:09:21.242 6773 RALLYDEBUG rally.task.runner [-] Starting a worker. concurrency: 1 args: {"detailed": false} times: 10 method_name: run timeout: 0 duration: None cls:
2019-07-22 08:09:21.245 6772 INFO rally.task.runner [-] Task efd58ce1-484f-48ac-875a-d57ca784e709 | ITER: 2 START
2019-07-22 08:09:21.245 6774 RALLYDEBUG rally.task.runner [-] Starting a worker. concurrency: 1 args: {"detailed": false} times: 10 method_name: run timeout: 0 duration: None cls:
2019-07-22 08:09:21.248 6773 INFO rally.task.runner [-] Task efd58ce1-484f-48ac-875a-d57ca784e709 | ITER: 3 START
2019-07-22 08:09:21.252 6774 INFO rally.task.runner [-] Task efd58ce1-484f-48ac-875a-d57ca784e709 | ITER: 4 START
2019-07-22 08:09:21.997 6771 INFO rally.task.runner [-] Task efd58ce1-484f-48ac-875a-d57ca784e709 | ITER: 1 END: OK
2019-07-22 08:09:22.001 6771 INFO rally.task.runner [-] Task efd58ce1-484f-48ac-875a-d57ca784e709 | ITER: 5 START
2019-07-22 08:09:22.006 6772 INFO rally.task.runner [-] Task efd58ce1-484f-48ac-875a-d57ca784e709 | ITER: 2 END: OK
2019-07-22 08:09:22.007 6773 INFO rally.task.runner [-] Task efd58ce1-484f-48ac-875a-d57ca784e709 | ITER: 3 END: OK
2019-07-22 08:09:22.010 6772 INFO rally.task.runner [-] Task efd58ce1-484f-48ac-875a-d57ca784e709 | ITER: 6 START
2019-07-22 08:09:22.010 6773 INFO rally.task.runner [-] Task efd58ce1-484f-48ac-875a-d57ca784e709 | ITER: 7 START
2019-07-22 08:09:22.012 6774 INFO rally.task.runner [-] Task efd58ce1-484f-48ac-875a-d57ca784e709 | ITER: 4 END: OK
2019-07-22 08:09:22.015 6774 INFO rally.task.runner [-] Task efd58ce1-484f-48ac-875a-d57ca784e709 | ITER: 8 START
2019-07-22 08:09:22.712 6771 INFO rally.task.runner [-] Task efd58ce1-484f-48ac-875a-d57ca784e709 | ITER: 5 END: OK
2019-07-22 08:09:22.716 6771 INFO rally.task.runner [-] Task efd58ce1-484f-48ac-875a-d57ca784e709 | ITER: 9 START
2019-07-22 08:09:22.798 6773 INFO rally.task.runner [-] Task efd58ce1-484f-48ac-875a-d57ca784e709 | ITER: 7 END: OK
2019-07-22 08:09:22.802 6773 INFO rally.task.runner [-] Task efd58ce1-484f-48ac-875a-d57ca784e709 | ITER: 10 START
2019-07-22 08:09:22.809 6774 INFO rally.task.runner [-] Task efd58ce1-484f-48ac-875a-d57ca784e709 | ITER: 8 END: OK
2019-07-22 08:09:22.870 6772 INFO rally.task.runner [-] Task efd58ce1-484f-48ac-875a-d57ca784e709 | ITER: 6 END: OK
2019-07-22 08:09:23.451 6771 INFO rally.task.runner [-] Task efd58ce1-484f-48ac-875a-d57ca784e709 | ITER: 9 END: OK
2019-07-22 08:09:23.527 6773 INFO rally.task.runner [-] Task efd58ce1-484f-48ac-875a-d57ca784e709 | ITER: 10 END: OK
2019-07-22 08:09:23.553 6543 INFO rally.task.context [-] Task efd58ce1-484f-48ac-875a-d57ca784e709 | Context users@openstack cleanup() started
2019-07-22 08:09:30.639 6543 INFO rally.task.context [-] Task efd58ce1-484f-48ac-875a-d57ca784e709 | Context users@openstack cleanup() finished in 7.09 sec
2019-07-22 08:09:30.823 6543 INFO rally.task.engine [-] Load duration is: 2.283734
2019-07-22 08:09:30.824 6543 INFO rally.task.engine [-] Full runner duration is: 2.328674
2019-07-22 08:09:30.824 6543 INFO rally.task.engine [-] Full duration is: 13.886157
2019-07-22 08:09:31.098 6543 INFO rally.task.engine [-] Running workload: position = 0 config = { "version": 2, "title": "A cropped version of a bigger task.", "description": "Auto-generated task from a single workload (uuid=d5c81b79-1d23-403b-ad8f-18cdd7a03b17)", "subtasks": [ { "title": "GnocchiArchivePolicyRule.list_archive_policy_rule", "description": "List archive policy rules.", "scenario": { "GnocchiArchivePolicyRule.list_archive_policy_rule": {} }, "contexts": { "users": { "tenants": 3, "users_per_tenant": 2 } }, "runner": { "constant": { "concurrency": 4, "times": 10 } }, "hooks": [], "sla": { "failure_rate": { "max": 0 } } } ] }
2019-07-22 08:09:31.117 6543 RALLYDEBUG rally_openstack.contexts.keystone.users [-] Creating 3 tenants using 20 threads
2019-07-22 08:09:32.927 6543 RALLYDEBUG rally_openstack.contexts.keystone.users [-] Creating 6 users using 20 threads
2019-07-22 08:09:35.579 6543 INFO rally.task.context [-] Task efd58ce1-484f-48ac-875a-d57ca784e709 | Context users@openstack setup() finished in 4.46 sec
2019-07-22 08:09:35.586 6543 RALLYDEBUG rally.task.runner [-] Starting the constant runner (task UUID: efd58ce1-484f-48ac-875a-d57ca784e709). timeout: 0 concurrency: 4 concurrency_per_worker: 1 times: 10 concurrency_overhead: 0 processes_to_start: 4 max_cpu_used: 16
2019-07-22 08:09:35.599 6875 RALLYDEBUG rally.task.runner [-] Starting a worker. concurrency: 1 args: {} times: 10 method_name: run timeout: 0 duration: None cls:
2019-07-22 08:09:35.601 6876 RALLYDEBUG rally.task.runner [-] Starting a worker. concurrency: 1 args: {} times: 10 method_name: run timeout: 0 duration: None cls:
2019-07-22 08:09:35.604 6877 RALLYDEBUG rally.task.runner [-] Starting a worker. concurrency: 1 args: {} times: 10 method_name: run timeout: 0 duration: None cls:
2019-07-22 08:09:35.605 6875 INFO rally.task.runner [-] Task efd58ce1-484f-48ac-875a-d57ca784e709 | ITER: 1 START
2019-07-22 08:09:35.607 6876 INFO rally.task.runner [-] Task efd58ce1-484f-48ac-875a-d57ca784e709 | ITER: 2 START
2019-07-22 08:09:35.607 6878 RALLYDEBUG rally.task.runner [-] Starting a worker. concurrency: 1 args: {} times: 10 method_name: run timeout: 0 duration: None cls:
2019-07-22 08:09:35.610 6877 INFO rally.task.runner [-] Task efd58ce1-484f-48ac-875a-d57ca784e709 | ITER: 3 START
2019-07-22 08:09:35.613 6878 INFO rally.task.runner [-] Task efd58ce1-484f-48ac-875a-d57ca784e709 | ITER: 4 START
2019-07-22 08:09:36.466 6875 INFO rally.task.runner [-] Task efd58ce1-484f-48ac-875a-d57ca784e709 | ITER: 1 END: OK
2019-07-22 08:09:36.469 6875 INFO rally.task.runner [-] Task efd58ce1-484f-48ac-875a-d57ca784e709 | ITER: 5 START
2019-07-22 08:09:36.486 6878 INFO rally.task.runner [-] Task efd58ce1-484f-48ac-875a-d57ca784e709 | ITER: 4 END: OK
2019-07-22 08:09:36.487 6876 INFO rally.task.runner [-] Task efd58ce1-484f-48ac-875a-d57ca784e709 | ITER: 2 END: OK
2019-07-22 08:09:36.490 6878 INFO rally.task.runner [-] Task efd58ce1-484f-48ac-875a-d57ca784e709 | ITER: 6 START
2019-07-22 08:09:36.491 6876 INFO rally.task.runner [-] Task efd58ce1-484f-48ac-875a-d57ca784e709 | ITER: 7 START
2019-07-22 08:09:36.559 6877 INFO rally.task.runner [-] Task efd58ce1-484f-48ac-875a-d57ca784e709 | ITER: 3 END: OK
2019-07-22 08:09:36.563 6877 INFO rally.task.runner [-] Task efd58ce1-484f-48ac-875a-d57ca784e709 | ITER: 8 START
2019-07-22 08:09:37.184 6875 INFO rally.task.runner [-] Task efd58ce1-484f-48ac-875a-d57ca784e709 | ITER: 5 END: OK
2019-07-22 08:09:37.187 6875 INFO rally.task.runner [-] Task efd58ce1-484f-48ac-875a-d57ca784e709 | ITER: 9 START
2019-07-22 08:09:37.198 6876 INFO rally.task.runner [-] Task efd58ce1-484f-48ac-875a-d57ca784e709 | ITER: 7 END: OK
2019-07-22 08:09:37.201 6876 INFO rally.task.runner [-] Task efd58ce1-484f-48ac-875a-d57ca784e709 | ITER: 10 START
2019-07-22 08:09:37.227 6878 INFO rally.task.runner [-] Task efd58ce1-484f-48ac-875a-d57ca784e709 | ITER: 6 END: OK
2019-07-22 08:09:37.264 6877 INFO rally.task.runner [-] Task efd58ce1-484f-48ac-875a-d57ca784e709 | ITER: 8 END: OK
2019-07-22 08:09:37.819 6876 INFO rally.task.runner [-] Task efd58ce1-484f-48ac-875a-d57ca784e709 | ITER: 10 END: OK
2019-07-22 08:09:37.938 6875 INFO rally.task.runner [-] Task efd58ce1-484f-48ac-875a-d57ca784e709 | ITER: 9 END: OK
2019-07-22 08:09:37.966 6543 INFO rally.task.context [-] Task efd58ce1-484f-48ac-875a-d57ca784e709 | Context users@openstack cleanup() started
2019-07-22 08:09:45.124 6543 INFO rally.task.context [-] Task efd58ce1-484f-48ac-875a-d57ca784e709 | Context users@openstack cleanup() finished in 7.16 sec
2019-07-22 08:09:45.186 6543 INFO rally.task.engine [-] Load duration is: 2.331457
2019-07-22 08:09:45.187 6543 INFO rally.task.engine [-] Full runner duration is: 2.379624
2019-07-22 08:09:45.187 6543 INFO rally.task.engine [-] Full duration is: 14.010375
2019-07-22 08:09:45.445 6543 INFO rally.task.engine [-] Running workload: position = 0 config = { "version": 2, "title": "A cropped version of a bigger task.", "description": "Auto-generated task from a single workload (uuid=de9dafd1-8591-40fd-a1a2-c863d726118f)", "subtasks": [ { "title": "GnocchiArchivePolicyRule.create_archive_policy_rule", "description": "Create archive policy rule.", "scenario": { "GnocchiArchivePolicyRule.create_archive_policy_rule": { "metric_pattern": "cpu_*", "archive_policy_name": "low" } }, "contexts": { "users": { "tenants": 3, "users_per_tenant": 2 } }, "runner": { "constant": { "concurrency": 4, "times": 10 } }, "hooks": [], "sla": { "failure_rate": { "max": 0 } } } ] }
2019-07-22 08:09:45.469 6543 RALLYDEBUG rally_openstack.contexts.keystone.users [-] Creating 3 tenants using 20 threads
2019-07-22 08:09:47.318 6543 RALLYDEBUG rally_openstack.contexts.keystone.users [-] Creating 6 users using 20 threads
2019-07-22 08:09:49.934 6543 INFO rally.task.context [-] Task efd58ce1-484f-48ac-875a-d57ca784e709 | Context users@openstack setup() finished in 4.46 sec
2019-07-22 08:09:49.934 6543 INFO rally.task.context [-] Task efd58ce1-484f-48ac-875a-d57ca784e709 | Context admin_cleanup@openstack setup() finished in 0.01 msec
2019-07-22 08:09:49.940 6543 RALLYDEBUG rally.task.runner [-] Starting the constant runner (task UUID: efd58ce1-484f-48ac-875a-d57ca784e709). timeout: 0 concurrency: 4 concurrency_per_worker: 1 times: 10 concurrency_overhead: 0 processes_to_start: 4 max_cpu_used: 16
2019-07-22 08:09:49.950 6979 RALLYDEBUG rally.task.runner [-] Starting a worker. concurrency: 1 args: {"metric_pattern": "cpu_*", "archive_policy_name": "low"} times: 10 method_name: run timeout: 0 duration: None cls:
2019-07-22 08:09:49.954 6979 INFO rally.task.runner [-] Task efd58ce1-484f-48ac-875a-d57ca784e709 | ITER: 1 START
2019-07-22 08:09:49.953 6980 RALLYDEBUG rally.task.runner [-] Starting a worker. concurrency: 1 args: {"metric_pattern": "cpu_*", "archive_policy_name": "low"} times: 10 method_name: run timeout: 0 duration: None cls:
2019-07-22 08:09:49.956 6981 RALLYDEBUG rally.task.runner [-] Starting a worker. concurrency: 1 args: {"metric_pattern": "cpu_*", "archive_policy_name": "low"} times: 10 method_name: run timeout: 0 duration: None cls:
2019-07-22 08:09:49.958 6983 RALLYDEBUG rally.task.runner [-] Starting a worker. concurrency: 1 args: {"metric_pattern": "cpu_*", "archive_policy_name": "low"} times: 10 method_name: run timeout: 0 duration: None cls:
2019-07-22 08:09:49.959 6980 INFO rally.task.runner [-] Task efd58ce1-484f-48ac-875a-d57ca784e709 | ITER: 2 START
2019-07-22 08:09:49.961 6981 INFO rally.task.runner [-] Task efd58ce1-484f-48ac-875a-d57ca784e709 | ITER: 3 START
2019-07-22 08:09:49.962 6983 INFO rally.task.runner [-] Task efd58ce1-484f-48ac-875a-d57ca784e709 | ITER: 4 START
2019-07-22 08:09:50.668 6979 INFO rally.task.runner [-] Task efd58ce1-484f-48ac-875a-d57ca784e709 | ITER: 1 END: OK
2019-07-22 08:09:50.672 6979 INFO rally.task.runner [-] Task efd58ce1-484f-48ac-875a-d57ca784e709 | ITER: 5 START
2019-07-22 08:09:50.674 6980 INFO rally.task.runner [-] Task efd58ce1-484f-48ac-875a-d57ca784e709 | ITER: 2 END: OK
2019-07-22 08:09:50.677 6980 INFO rally.task.runner [-] Task efd58ce1-484f-48ac-875a-d57ca784e709 | ITER: 6 START
2019-07-22 08:09:50.692 6983 INFO rally.task.runner [-] Task efd58ce1-484f-48ac-875a-d57ca784e709 | ITER: 4 END: OK
2019-07-22 08:09:50.695 6983 INFO rally.task.runner [-] Task efd58ce1-484f-48ac-875a-d57ca784e709 | ITER: 7 START
2019-07-22 08:09:50.704 6981 INFO rally.task.runner [-] Task efd58ce1-484f-48ac-875a-d57ca784e709 | ITER: 3 END: OK
2019-07-22 08:09:50.709 6981 INFO rally.task.runner [-] Task efd58ce1-484f-48ac-875a-d57ca784e709 | ITER: 8 START
2019-07-22 08:09:51.394 6979 INFO rally.task.runner [-] Task efd58ce1-484f-48ac-875a-d57ca784e709 | ITER: 5 END: OK
2019-07-22 08:09:51.397 6979 INFO rally.task.runner [-] Task efd58ce1-484f-48ac-875a-d57ca784e709 | ITER: 9 START
2019-07-22 08:09:51.409 6980 INFO rally.task.runner [-] Task efd58ce1-484f-48ac-875a-d57ca784e709 | ITER: 6 END: OK
2019-07-22 08:09:51.413 6980 INFO rally.task.runner [-] Task efd58ce1-484f-48ac-875a-d57ca784e709 | ITER: 10 START
2019-07-22 08:09:51.418 6983 INFO rally.task.runner [-] Task efd58ce1-484f-48ac-875a-d57ca784e709 | ITER: 7 END: OK
2019-07-22 08:09:51.418 6981 INFO rally.task.runner [-] Task efd58ce1-484f-48ac-875a-d57ca784e709 | ITER: 8 END: OK
2019-07-22 08:09:52.112 6979 INFO rally.task.runner [-] Task efd58ce1-484f-48ac-875a-d57ca784e709 | ITER: 9 END: OK
2019-07-22 08:09:52.118 6980 INFO rally.task.runner [-] Task efd58ce1-484f-48ac-875a-d57ca784e709 | ITER: 10 END: OK
2019-07-22 08:09:52.142 6543 INFO rally.task.context [-] Task efd58ce1-484f-48ac-875a-d57ca784e709 | Context admin_cleanup@openstack cleanup() started
2019-07-22 08:09:52.144 6543 RALLYDEBUG rally_openstack.cleanup.manager [-] Cleaning up gnocchi archive_policy_rule objects
2019-07-22 08:09:52.784 6543 RALLYDEBUG rally_openstack.cleanup.manager [-] Deleting gnocchi.archive_policy_rule object s_rally_de9dafd1_2Bu6UoM7 (s_rally_de9dafd1_2Bu6UoM7)
2019-07-22 08:09:52.785 6543 RALLYDEBUG rally_openstack.cleanup.manager [-] Deleting gnocchi.archive_policy_rule object s_rally_de9dafd1_5yofbO2c (s_rally_de9dafd1_5yofbO2c)
2019-07-22 08:09:52.787 6543 RALLYDEBUG rally_openstack.cleanup.manager [-] Deleting gnocchi.archive_policy_rule object s_rally_de9dafd1_AOfg22TR (s_rally_de9dafd1_AOfg22TR)
2019-07-22 08:09:52.791 6543 RALLYDEBUG rally_openstack.cleanup.manager [-] Deleting gnocchi.archive_policy_rule object s_rally_de9dafd1_mFKlAvJN (s_rally_de9dafd1_mFKlAvJN)
2019-07-22 08:09:52.793 6543 RALLYDEBUG rally_openstack.cleanup.manager [-] Deleting gnocchi.archive_policy_rule object s_rally_de9dafd1_MOO5S4gF (s_rally_de9dafd1_MOO5S4gF)
2019-07-22 08:09:52.803 6543 RALLYDEBUG rally_openstack.cleanup.manager [-] Deleting gnocchi.archive_policy_rule object s_rally_de9dafd1_no2zX78T (s_rally_de9dafd1_no2zX78T)
2019-07-22 08:09:52.810 6543 RALLYDEBUG rally_openstack.cleanup.manager [-] Deleting gnocchi.archive_policy_rule object s_rally_de9dafd1_vmKR14j2 (s_rally_de9dafd1_vmKR14j2)
2019-07-22 08:09:52.811 6543 RALLYDEBUG rally_openstack.cleanup.manager [-] Deleting gnocchi.archive_policy_rule object s_rally_de9dafd1_CwzzRNw1 (s_rally_de9dafd1_CwzzRNw1)
2019-07-22 08:09:52.818 6543 RALLYDEBUG rally_openstack.cleanup.manager [-] Deleting gnocchi.archive_policy_rule object s_rally_de9dafd1_Az5WMbiE (s_rally_de9dafd1_Az5WMbiE)
2019-07-22 08:09:52.839 6543 RALLYDEBUG rally