2019-07-22 08:04:32.295 1842 INFO rally.task.context [-] Task 178be2ae-261a-4f55-b96d-78bd0d35caaf | Context users@openstack setup() finished in 4.36 sec
2019-07-22 08:04:32.720 1842 INFO rally.task.context [-] Task 178be2ae-261a-4f55-b96d-78bd0d35caaf | Context api_versions@openstack setup() finished in 0.42 sec
2019-07-22 08:04:34.332 1842 INFO rally.task.context [-] Task 178be2ae-261a-4f55-b96d-78bd0d35caaf | Context quotas@openstack setup() finished in 1.61 sec
2019-07-22 08:04:44.738 1842 INFO rally.task.context [-] Task 178be2ae-261a-4f55-b96d-78bd0d35caaf | Context volumes@openstack setup() finished in 10.41 sec
2019-07-22 08:04:44.738 1842 INFO rally.task.context [-] Task 178be2ae-261a-4f55-b96d-78bd0d35caaf | Context cleanup@openstack setup() finished in 0.01 msec
2019-07-22 08:04:44.746 1842 RALLYDEBUG rally.task.runner [-] Starting the constant runner (task UUID: 178be2ae-261a-4f55-b96d-78bd0d35caaf). timeout: 0 concurrency: 4 concurrency_per_worker: 1 times: 10 concurrency_overhead: 0 processes_to_start: 4 max_cpu_used: 16
2019-07-22 08:04:44.760 4906 RALLYDEBUG rally.task.runner [-] Starting a worker. concurrency: 1 args: {"size": 1} times: 10 method_name: run timeout: 0 duration: None cls:
2019-07-22 08:04:44.762 4907 RALLYDEBUG rally.task.runner [-] Starting a worker. concurrency: 1 args: {"size": 1} times: 10 method_name: run timeout: 0 duration: None cls:
2019-07-22 08:04:44.766 4908 RALLYDEBUG rally.task.runner [-] Starting a worker. concurrency: 1 args: {"size": 1} times: 10 method_name: run timeout: 0 duration: None cls:
2019-07-22 08:04:44.769 4909 RALLYDEBUG rally.task.runner [-] Starting a worker. concurrency: 1 args: {"size": 1} times: 10 method_name: run timeout: 0 duration: None cls:
2019-07-22 08:04:44.772 4906 INFO rally.task.runner [-] Task 178be2ae-261a-4f55-b96d-78bd0d35caaf | ITER: 1 START
2019-07-22 08:04:44.774 4907 INFO rally.task.runner [-] Task 178be2ae-261a-4f55-b96d-78bd0d35caaf | ITER: 2 START
2019-07-22 08:04:44.777 4908 INFO rally.task.runner [-] Task 178be2ae-261a-4f55-b96d-78bd0d35caaf | ITER: 3 START
2019-07-22 08:04:44.781 4909 INFO rally.task.runner [-] Task 178be2ae-261a-4f55-b96d-78bd0d35caaf | ITER: 4 START
2019-07-22 08:04:48.878 4909 RALLYDEBUG rally.task.utils [-] Waiting for resource s_rally_b61bfa1b_rGncAon6. Status changed: AVAILABLE => DELETING in 0.250422000885
2019-07-22 08:04:49.090 4908 RALLYDEBUG rally.task.utils [-] Waiting for resource s_rally_b61bfa1b_yhySXWZ8. Status changed: AVAILABLE => DELETING in 0.303785800934
2019-07-22 08:04:50.593 4907 RALLYDEBUG rally.task.utils [-] Waiting for resource s_rally_b61bfa1b_ativXsV8. Status changed: CREATING => AVAILABLE in 2.7848739624
2019-07-22 08:04:50.671 4906 RALLYDEBUG rally.task.utils [-] Waiting for resource s_rally_b61bfa1b_44EDMnwC. Status changed: CREATING => AVAILABLE in 2.7617650032
2019-07-22 08:04:50.992 4907 RALLYDEBUG rally.task.utils [-] Waiting for resource s_rally_b61bfa1b_ativXsV8. Status changed: AVAILABLE => DELETING in 0.0553531646729
2019-07-22 08:04:51.003 4906 RALLYDEBUG rally.task.utils [-] Waiting for resource s_rally_b61bfa1b_44EDMnwC. Status changed: AVAILABLE => DELETING in 0.0558960437775
2019-07-22 08:04:55.297 4907 INFO rally.task.runner [-] Task 178be2ae-261a-4f55-b96d-78bd0d35caaf | ITER: 2 END: OK
2019-07-22 08:04:55.302 4907 INFO rally.task.runner [-] Task 178be2ae-261a-4f55-b96d-78bd0d35caaf | ITER: 5 START
2019-07-22 08:04:55.409 4906 INFO rally.task.runner [-] Task 178be2ae-261a-4f55-b96d-78bd0d35caaf | ITER: 1 END: OK
2019-07-22 08:04:55.415 4906 INFO rally.task.runner [-] Task 178be2ae-261a-4f55-b96d-78bd0d35caaf | ITER: 6 START
2019-07-22 08:04:55.443 4908 INFO rally.task.runner [-] Task 178be2ae-261a-4f55-b96d-78bd0d35caaf | ITER: 3 END: OK
2019-07-22 08:04:55.448 4908 INFO rally.task.runner [-] Task 178be2ae-261a-4f55-b96d-78bd0d35caaf | ITER: 7 START
2019-07-22 08:04:55.512 4909 INFO rally.task.runner [-] Task 178be2ae-261a-4f55-b96d-78bd0d35caaf | ITER: 4 END: OK
2019-07-22 08:04:55.516 4909 INFO rally.task.runner [-] Task 178be2ae-261a-4f55-b96d-78bd0d35caaf | ITER: 8 START
2019-07-22 08:04:59.200 4908 RALLYDEBUG rally.task.utils [-] Waiting for resource s_rally_b61bfa1b_PPDhXaHJ. Status changed: CREATING => AVAILABLE in 0.660146951675
2019-07-22 08:04:59.443 4907 RALLYDEBUG rally.task.utils [-] Waiting for resource s_rally_b61bfa1b_5gknrM1q. Status changed: AVAILABLE => DELETING in 0.241013050079
2019-07-22 08:04:59.545 4908 RALLYDEBUG rally.task.utils [-] Waiting for resource s_rally_b61bfa1b_PPDhXaHJ. Status changed: AVAILABLE => DELETING in 0.266645908356
2019-07-22 08:05:01.167 4906 RALLYDEBUG rally.task.utils [-] Waiting for resource s_rally_b61bfa1b_dUEdXBLo. Status changed: CREATING => AVAILABLE in 2.76050400734
2019-07-22 08:05:01.458 4909 RALLYDEBUG rally.task.utils [-] Waiting for resource s_rally_b61bfa1b_bORUz4Oh. Status changed: CREATING => AVAILABLE in 2.90572500229
2019-07-22 08:05:01.558 4906 RALLYDEBUG rally.task.utils [-] Waiting for resource s_rally_b61bfa1b_dUEdXBLo. Status changed: AVAILABLE => DELETING in 0.327210187912
2019-07-22 08:05:01.957 4909 RALLYDEBUG rally.task.utils [-] Waiting for resource s_rally_b61bfa1b_bORUz4Oh. Status changed: AVAILABLE => DELETING in 0.234871864319
2019-07-22 08:05:03.850 4908 INFO rally.task.runner [-] Task 178be2ae-261a-4f55-b96d-78bd0d35caaf | ITER: 7 END: OK
2019-07-22 08:05:03.854 4908 INFO rally.task.runner [-] Task 178be2ae-261a-4f55-b96d-78bd0d35caaf | ITER: 9 START
2019-07-22 08:05:05.602 4907 INFO rally.task.runner [-] Task 178be2ae-261a-4f55-b96d-78bd0d35caaf | ITER: 5 END: OK
2019-07-22 08:05:05.607 4907 INFO rally.task.runner [-] Task 178be2ae-261a-4f55-b96d-78bd0d35caaf | ITER: 10 START
2019-07-22 08:05:05.935 4906 INFO rally.task.runner [-] Task 178be2ae-261a-4f55-b96d-78bd0d35caaf | ITER: 6 END: OK
2019-07-22 08:05:06.249 4909 INFO rally.task.runner [-] Task 178be2ae-261a-4f55-b96d-78bd0d35caaf | ITER: 8 END: OK
2019-07-22 08:05:08.056 4908 RALLYDEBUG rally.task.utils [-] Waiting for resource s_rally_b61bfa1b_rsUJAeuI. Status changed: AVAILABLE => DELETING in 0.316943883896
2019-07-22 08:05:09.825 4907 RALLYDEBUG rally.task.utils [-] Waiting for resource s_rally_b61bfa1b_KcwtiSfn. Status changed: AVAILABLE => DELETING in 0.336763143539
2019-07-22 08:05:10.277 4908 INFO rally.task.runner [-] Task 178be2ae-261a-4f55-b96d-78bd0d35caaf | ITER: 9 END: OK
2019-07-22 08:05:12.057 4907 INFO rally.task.runner [-] Task 178be2ae-261a-4f55-b96d-78bd0d35caaf | ITER: 10 END: OK
2019-07-22 08:05:12.079 1842 INFO rally.task.context [-] Task 178be2ae-261a-4f55-b96d-78bd0d35caaf | Context cleanup@openstack cleanup() started
2019-07-22 08:05:12.081 1842 RALLYDEBUG rally_openstack.cleanup.manager [-] Cleaning up cinder backups objects
2019-07-22 08:05:14.112 1842 RALLYDEBUG rally_openstack.cleanup.manager [-] Cleaning up cinder volume_snapshots objects
2019-07-22 08:05:16.149 1842 RALLYDEBUG rally_openstack.cleanup.manager [-] Cleaning up cinder transfers objects
2019-07-22 08:05:18.007 1842 RALLYDEBUG rally_openstack.cleanup.manager [-] Cleaning up cinder volumes objects
2019-07-22 08:05:20.062 1842 INFO rally.task.context [-] Task 178be2ae-261a-4f55-b96d-78bd0d35caaf | Context cleanup@openstack cleanup() finished in 7.98 sec
2019-07-22 08:05:20.063 1842 INFO rally.task.context [-] Task 178be2ae-261a-4f55-b96d-78bd0d35caaf | Context volumes@openstack cleanup() started
2019-07-22 08:05:20.064 1842 RALLYDEBUG rally_openstack.cleanup.manager [-] Cleaning up cinder volumes objects
2019-07-22 08:05:22.230 1842 RALLYDEBUG rally_openstack.cleanup.manager [-] Deleting cinder.volumes object c_rally_b61bfa1b_eMK9muG3 (6550c5e5-ac97-41f3-b2e1-78fe6fa30ea7)
2019-07-22 08:05:22.234 1842 RALLYDEBUG rally_openstack.cleanup.manager [-] Deleting cinder.volumes object c_rally_b61bfa1b_pwIt03EE (e2f1c999-0d0f-4e26-bf65-717a3c706831)
2019-07-22 08:05:22.239 1842 RALLYDEBUG rally_openstack.cleanup.manager [-] Deleting cinder.volumes object c_rally_b61bfa1b_gFvZEScP (c986bbfb-921a-4f6a-b0a7-9dc8230c1118)
2019-07-22 08:05:25.623 1842 INFO rally.task.context [-] Task 178be2ae-261a-4f55-b96d-78bd0d35caaf | Context volumes@openstack cleanup() finished in 5.56 sec
2019-07-22 08:05:25.623 1842 INFO rally.task.context [-] Task 178be2ae-261a-4f55-b96d-78bd0d35caaf | Context quotas@openstack cleanup() started
2019-07-22 08:05:26.453 1842 INFO rally.task.context [-] Task 178be2ae-261a-4f55-b96d-78bd0d35caaf | Context quotas@openstack cleanup() finished in 0.83 sec
2019-07-22 08:05:26.453 1842 INFO rally.task.context [-] Task 178be2ae-261a-4f55-b96d-78bd0d35caaf | Context api_versions@openstack cleanup() started
2019-07-22 08:05:26.454 1842 INFO rally.task.context [-] Task 178be2ae-261a-4f55-b96d-78bd0d35caaf | Context api_versions@openstack cleanup() finished in 0.31 msec
2019-07-22 08:05:26.454 1842 INFO rally.task.context [-] Task 178be2ae-261a-4f55-b96d-78bd0d35caaf | Context users@openstack cleanup() started
2019-07-22 08:05:33.799 1842 INFO rally.task.context [-] Task 178be2ae-261a-4f55-b96d-78bd0d35caaf | Context users@openstack cleanup() finished in 7.35 sec
2019-07-22 08:05:34.194 1842 INFO rally.task.engine [-] Load duration is: 27.281414
2019-07-22 08:05:34.194 1842 INFO rally.task.engine [-] Full runner duration is: 27.332965
2019-07-22 08:05:34.194 1842 INFO rally.task.engine [-] Full duration is: 65.872402
2019-07-22 08:05:34.466 1842 INFO rally.task.engine [-] Running workload: position = 0 config = { "version": 2, "title": "A cropped version of a bigger task.", "description": "Auto-generated task from a single workload (uuid=1c54e0b4-b548-4e86-b8ea-e7ea23da998e)", "subtasks": [ { "title": "CinderQos.create_and_get_qos", "description": "Create a qos, then get details of the qos.", "scenario": { "CinderQos.create_and_get_qos": { "consumer": "both", "write_iops_sec": "10", "read_iops_sec": "1000" } }, "contexts": { "users": { "tenants": 3, "users_per_tenant": 2 }, "api_versions": { "cinder": { "version": 3, "service_type": "volumev3" } } }, "runner": { "constant": { "concurrency": 4, "times": 10 } }, "hooks": [], "sla": { "failure_rate": { "max": 0 } } } ] }
2019-07-22 08:05:34.487 1842 RALLYDEBUG rally_openstack.contexts.keystone.users [-] Creating 3 tenants using 20 threads
2019-07-22 08:05:36.330 1842 RALLYDEBUG rally_openstack.contexts.keystone.users [-] Creating 6 users using 20 threads
2019-07-22 08:05:39.011 1842 INFO rally.task.context [-] Task 178be2ae-261a-4f55-b96d-78bd0d35caaf | Context users@openstack setup() finished in 4.52 sec
2019-07-22 08:05:39.461 1842 INFO rally.task.context [-] Task 178be2ae-261a-4f55-b96d-78bd0d35caaf | Context api_versions@openstack setup() finished in 0.45 sec
2019-07-22 08:05:39.462 1842 INFO rally.task.context [-] Task 178be2ae-261a-4f55-b96d-78bd0d35caaf | Context admin_cleanup@openstack setup() finished in 0.01 msec
2019-07-22 08:05:39.469 1842 RALLYDEBUG rally.task.runner [-] Starting the constant runner (task UUID: 178be2ae-261a-4f55-b96d-78bd0d35caaf). timeout: 0 concurrency: 4 concurrency_per_worker: 1 times: 10 concurrency_overhead: 0 processes_to_start: 4 max_cpu_used: 16
2019-07-22 08:05:39.478 5110 RALLYDEBUG rally.task.runner [-] Starting a worker. concurrency: 1 args: {"consumer": "both", "write_iops_sec": "10", "read_iops_sec": "1000"} times: 10 method_name: run timeout: 0 duration: None cls:
2019-07-22 08:05:39.482 5110 INFO rally.task.runner [-] Task 178be2ae-261a-4f55-b96d-78bd0d35caaf | ITER: 1 START
2019-07-22 08:05:39.482 5111 RALLYDEBUG rally.task.runner [-] Starting a worker. concurrency: 1 args: {"consumer": "both", "write_iops_sec": "10", "read_iops_sec": "1000"} times: 10 method_name: run timeout: 0 duration: None cls:
2019-07-22 08:05:39.487 5115 RALLYDEBUG rally.task.runner [-] Starting a worker. concurrency: 1 args: {"consumer": "both", "write_iops_sec": "10", "read_iops_sec": "1000"} times: 10 method_name: run timeout: 0 duration: None cls:
2019-07-22 08:05:39.488 5111 INFO rally.task.runner [-] Task 178be2ae-261a-4f55-b96d-78bd0d35caaf | ITER: 2 START
2019-07-22 08:05:39.487 5112 RALLYDEBUG rally.task.runner [-] Starting a worker. concurrency: 1 args: {"consumer": "both", "write_iops_sec": "10", "read_iops_sec": "1000"} times: 10 method_name: run timeout: 0 duration: None cls:
2019-07-22 08:05:39.491 5115 INFO rally.task.runner [-] Task 178be2ae-261a-4f55-b96d-78bd0d35caaf | ITER: 3 START
2019-07-22 08:05:39.494 5112 INFO rally.task.runner [-] Task 178be2ae-261a-4f55-b96d-78bd0d35caaf | ITER: 4 START
2019-07-22 08:05:40.575 5112 INFO rally.task.runner [-] Task 178be2ae-261a-4f55-b96d-78bd0d35caaf | ITER: 4 END: OK
2019-07-22 08:05:40.576 5115 INFO rally.task.runner [-] Task 178be2ae-261a-4f55-b96d-78bd0d35caaf | ITER: 3 END: OK
2019-07-22 08:05:40.580 5112 INFO rally.task.runner [-] Task 178be2ae-261a-4f55-b96d-78bd0d35caaf | ITER: 5 START
2019-07-22 08:05:40.582 5115 INFO rally.task.runner [-] Task 178be2ae-261a-4f55-b96d-78bd0d35caaf | ITER: 6 START
2019-07-22 08:05:40.600 5111 INFO rally.task.runner [-] Task 178be2ae-261a-4f55-b96d-78bd0d35caaf | ITER: 2 END: OK
2019-07-22 08:05:40.606 5111 INFO rally.task.runner [-] Task 178be2ae-261a-4f55-b96d-78bd0d35caaf | ITER: 7 START
2019-07-22 08:05:40.717 5110 INFO rally.task.runner [-] Task 178be2ae-261a-4f55-b96d-78bd0d35caaf | ITER: 1 END: OK
2019-07-22 08:05:40.722 5110 INFO rally.task.runner [-] Task 178be2ae-261a-4f55-b96d-78bd0d35caaf | ITER: 8 START
2019-07-22 08:05:41.491 5111 INFO rally.task.runner [-] Task 178be2ae-261a-4f55-b96d-78bd0d35caaf | ITER: 7 END: OK
2019-07-22 08:05:41.497 5111 INFO rally.task.runner [-] Task 178be2ae-261a-4f55-b96d-78bd0d35caaf | ITER: 9 START
2019-07-22 08:05:41.599 5112 INFO rally.task.runner [-] Task 178be2ae-261a-4f55-b96d-78bd0d35caaf | ITER: 5 END: OK
2019-07-22 08:05:41.602 5112 INFO rally.task.runner [-] Task 178be2ae-261a-4f55-b96d-78bd0d35caaf | ITER: 10 START
2019-07-22 08:05:41.631 5115 INFO rally.task.runner [-] Task 178be2ae-261a-4f55-b96d-78bd0d35caaf | ITER: 6 END: OK
2019-07-22 08:05:41.691 5110 INFO rally.task.runner [-] Task 178be2ae-261a-4f55-b96d-78bd0d35caaf | ITER: 8 END: OK
2019-07-22 08:05:42.442 5111 INFO rally.task.runner [-] Task 178be2ae-261a-4f55-b96d-78bd0d35caaf | ITER: 9 END: OK
2019-07-22 08:05:42.484 5112 INFO rally.task.runner [-] Task 178be2ae-261a-4f55-b96d-78bd0d35caaf | ITER: 10 END: OK
2019-07-22 08:05:42.509 1842 INFO rally.task.context [-] Task 178be2ae-261a-4f55-b96d-78bd0d35caaf | Context admin_cleanup@openstack cleanup() started
2019-07-22 08:05:42.512 1842 RALLYDEBUG rally_openstack.cleanup.manager [-] Cleaning up cinder volume_types objects
2019-07-22 08:05:43.166 1842 RALLYDEBUG rally_openstack.cleanup.manager [-] Cleaning up cinder image_volumes_cache objects
2019-07-22 08:05:44.126 1842 RALLYDEBUG rally_openstack.cleanup.manager [-] Cleaning up cinder quotas objects
2019-07-22 08:05:45.619 1842 RALLYDEBUG rally_openstack.cleanup.manager [-] Cleaning up cinder qos_specs objects
2019-07-22 08:05:46.248 1842 RALLYDEBUG rally_openstack.cleanup.manager [-] Deleting cinder.qos_specs object s_rally_1c54e0b4_zTjMBj8q (674b33be-f728-481e-a6da-c41675a2ebd6)
2019-07-22 08:05:46.257 1842 RALLYDEBUG rally_openstack.cleanup.manager [-] Deleting cinder.qos_specs object s_rally_1c54e0b4_KDuhOQ18 (5c8bc6d7-c592-4b63-a9d5-a49b49f11d46)
2019-07-22 08:05:46.264 1842 RALLYDEBUG rally_openstack.cleanup.manager [-] Deleting cinder.qos_specs object s_rally_1c54e0b4_MEUto1ZE (e9307dfb-af1b-4398-a053-1f6a7b59d098)
2019-07-22 08:05:46.271 1842 RALLYDEBUG rally_openstack.cleanup.manager [-] Deleting cinder.qos_specs object s_rally_1c54e0b4_AFTwJoF1 (fcd52ca1-0d6d-4f64-8725-494ffa59eb63)
2019-07-22 08:05:46.281 1842 RALLYDEBUG rally_openstack.cleanup.manager [-] Deleting cinder.qos_specs object s_rally_1c54e0b4_kXWm8uN4 (0a5cbd29-4fb4-4d06-8c14-992e39cebdab)
2019-07-22 08:05:46.285 1842 RALLYDEBUG rally_openstack.cleanup.manager [-] Deleting cinder.qos_specs object s_rally_1c54e0b4_yXFpSBwI (b645f4cd-f278-478d-8b7c-eeb920e07103)
2019-07-22 08:05:46.302 1842 RALLYDEBUG rally_openstack.cleanup.manager [-] Deleting cinder.qos_specs object s_rally_1c54e0b4_EQujWblQ (2a0d3797-3279-4b43-94c6-696b977d6146)
2019-07-22 08:05:46.306 1842 RALLYDEBUG rally_openstack.cleanup.manager [-] Deleting cinder.qos_specs object s_rally_1c54e0b4_n9PIziDr (a9339d8a-c4f8-404a-bdb2-099f980523f9)
2019-07-22 08:05:46.337 1842 RALLYDEBUG rally_openstack.cleanup.manager [-] Deleting cinder.qos_specs object s_rally_1c54e0b4_jHSStVwg (278185e1-d2bd-4f8c-84bb-e3294284e4e5)
2019-07-22 08:05:46.338 1842 RALLYDEBUG rally_openstack.cleanup.manager [-] Deleting cinder.qos_specs object s_rally_1c54e0b4_tzBMeif9 (13468bbf-30e7-4373-9c57-a58012f092e5)
2019-07-22 08:05:48.650 1842 INFO rally.task.context [-] Task 178be2ae-261a-4f55-b96d-78bd0d35caaf | Context admin_cleanup@openstack cleanup() finished in 6.14 sec
2019-07-22 08:05:48.651 1842 INFO rally.task.context [-] Task 178be2ae-261a-4f55-b96d-78bd0d35caaf | Context api_versions@openstack cleanup() started
2019-07-22 08:05:48.651 1842 INFO rally.task.context [-] Task 178be2ae-261a-4f55-b96d-78bd0d35caaf | Context api_versions@openstack cleanup() finished in 0.32 msec
2019-07-22 08:05:48.651 1842 INFO rally.task.context [-] Task 178be2ae-261a-4f55-b96d-78bd0d35caaf | Context users@openstack cleanup() started
2019-07-22 08:05:55.619 1842 INFO rally.task.context [-] Task 178be2ae-261a-4f55-b96d-78bd0d35caaf | Context users@openstack cleanup() finished in 6.97 sec
2019-07-22 08:05:56.597 1842 INFO rally.task.engine [-] Load duration is: 2.996179
2019-07-22 08:05:56.598 1842 INFO rally.task.engine [-] Full runner duration is: 3.040694
2019-07-22 08:05:56.598 1842 INFO rally.task.engine [-] Full duration is: 21.136328
2019-07-22 08:05:56.856 1842 INFO rally.task.engine [-] Running workload: position = 0 config = { "version": 2, "title": "A cropped version of a bigger task.", "description": "Auto-generated task from a single workload (uuid=db363e11-5128-47a9-a6b3-796520503f23)", "subtasks": [ { "title": "CinderQos.create_and_list_qos", "description": "Create a qos, then list all qos.", "scenario": { "CinderQos.create_and_list_qos": { "consumer": "both", "write_iops_sec": "10", "read_iops_sec": "1000" } }, "contexts": { "users": { "tenants": 3, "users_per_tenant": 2 }, "api_versions": { "cinder": { "version": 3, "service_type": "volumev3" } } }, "runner": { "constant": { "concurrency": 4, "times": 10 } }, "hooks": [], "sla": { "failure_rate": { "max": 0 } } } ] }
2019-07-22 08:05:56.879 1842 RALLYDEBUG rally_openstack.contexts.keystone.users [-] Creating 3 tenants using 20 threads
2019-07-22 08:05:58.955 1842 RALLYDEBUG rally_openstack.contexts.keystone.users [-] Creating 6 users using 20 threads
2019-07-22 08:06:01.632 1842 INFO rally.task.context [-] Task 178be2ae-261a-4f55-b96d-78bd0d35caaf | Context users@openstack setup() finished in 4.75 sec
2019-07-22 08:06:02.042 1842 INFO rally.task.context [-] Task 178be2ae-261a-4f55-b96d-78bd0d35caaf | Context api_versions@openstack setup() finished in 0.41 sec
2019-07-22 08:06:02.043 1842 INFO rally.task.context [-] Task 178be2ae-261a-4f55-b96d-78bd0d35caaf | Context admin_cleanup@openstack setup() finished in 0.01 msec
2019-07-22 08:06:02.050 1842 RALLYDEBUG rally.task.runner [-] Starting the constant runner (task UUID: 178be2ae-261a-4f55-b96d-78bd0d35caaf). timeout: 0 concurrency: 4 concurrency_per_worker: 1 times: 10 concurrency_overhead: 0 processes_to_start: 4 max_cpu_used: 16
2019-07-22 08:06:02.062 5294 RALLYDEBUG rally.task.runner [-] Starting a worker. concurrency: 1 args: {"consumer": "both", "write_iops_sec": "10", "read_iops_sec": "1000"} times: 10 method_name: run timeout: 0 duration: None cls:
2019-07-22 08:06:02.065 5295 RALLYDEBUG rally.task.runner [-] Starting a worker. concurrency: 1 args: {"consumer": "both", "write_iops_sec": "10", "read_iops_sec": "1000"} times: 10 method_name: run timeout: 0 duration: None cls:
2019-07-22 08:06:02.068 5296 RALLYDEBUG rally.task.runner [-] Starting a worker. concurrency: 1 args: {"consumer": "both", "write_iops_sec": "10", "read_iops_sec": "1000"} times: 10 method_name: run timeout: 0 duration: None cls:
2019-07-22 08:06:02.070 5294 INFO rally.task.runner [-] Task 178be2ae-261a-4f55-b96d-78bd0d35caaf | ITER: 1 START
2019-07-22 08:06:02.071 5297 RALLYDEBUG rally.task.runner [-] Starting a worker. concurrency: 1 args: {"consumer": "both", "write_iops_sec": "10", "read_iops_sec": "1000"} times: 10 method_name: run timeout: 0 duration: None cls:
2019-07-22 08:06:02.073 5295 INFO rally.task.runner [-] Task 178be2ae-261a-4f55-b96d-78bd0d35caaf | ITER: 2 START
2019-07-22 08:06:02.075 5296 INFO rally.task.runner [-] Task 178be2ae-261a-4f55-b96d-78bd0d35caaf | ITER: 3 START
2019-07-22 08:06:02.079 5297 INFO rally.task.runner [-] Task 178be2ae-261a-4f55-b96d-78bd0d35caaf | ITER: 4 START
2019-07-22 08:06:03.133 5294 INFO rally.task.runner [-] Task 178be2ae-261a-4f55-b96d-78bd0d35caaf | ITER: 1 END: OK
2019-07-22 08:06:03.138 5294 INFO rally.task.runner [-] Task 178be2ae-261a-4f55-b96d-78bd0d35caaf | ITER: 5 START
2019-07-22 08:06:03.140 5295 INFO rally.task.runner [-] Task 178be2ae-261a-4f55-b96d-78bd0d35caaf | ITER: 2 END: OK
2019-07-22 08:06:03.145 5295 INFO rally.task.runner [-] Task 178be2ae-261a-4f55-b96d-78bd0d35caaf | ITER: 6 START
2019-07-22 08:06:03.168 5296 INFO rally.task.runner [-] Task 178be2ae-261a-4f55-b96d-78bd0d35caaf | ITER: 3 END: OK
2019-07-22 08:06:03.173 5296 INFO rally.task.runner [-] Task 178be2ae-261a-4f55-b96d-78bd0d35caaf | ITER: 7 START
2019-07-22 08:06:03.207 5297 INFO rally.task.runner [-] Task 178be2ae-261a-4f55-b96d-78bd0d35caaf | ITER: 4 END: OK
2019-07-22 08:06:03.212 5297 INFO rally.task.runner [-] Task 178be2ae-261a-4f55-b96d-78bd0d35caaf | ITER: 8 START
2019-07-22 08:06:04.040 5295 INFO rally.task.runner [-] Task 178be2ae-261a-4f55-b96d-78bd0d35caaf | ITER: 6 END: OK
2019-07-22 08:06:04.044 5295 INFO rally.task.runner [-] Task 178be2ae-261a-4f55-b96d-78bd0d35caaf | ITER: 9 START
2019-07-22 08:06:04.101 5294 INFO rally.task.runner [-] Task 178be2ae-261a-4f55-b96d-78bd0d35caaf | ITER: 5 END: OK
2019-07-22 08:06:04.106 5294 INFO rally.task.runner [-] Task 178be2ae-261a-4f55-b96d-78bd0d35caaf | ITER: 10 START
2019-07-22 08:06:04.123 5296 INFO rally.task.runner [-] Task 178be2ae-261a-4f55-b96d-78bd0d35caaf | ITER: 7 END: OK
2019-07-22 08:06:04.209 5297 INFO rally.task.runner [-] Task 178be2ae-261a-4f55-b96d-78bd0d35caaf | ITER: 8 END: OK
2019-07-22 08:06:04.936 5295 INFO rally.task.runner [-] Task 178be2ae-261a-4f55-b96d-78bd0d35caaf | ITER: 9 END: OK
2019-07-22 08:06:04.972 5294 INFO rally.task.runner [-] Task 178be2ae-261a-4f55-b96d-78bd0d35caaf | ITER: 10 END: OK
2019-07-22 08:06:04.991 1842 INFO rally.task.context [-] Task 178be2ae-261a-4f55-b96d-78bd0d35caaf | Context admin_cleanup@openstack cleanup() started
2019-07-22 08:06:04.993 1842 RALLYDEBUG rally_openstack.cleanup.manager [-] Cleaning up cinder volume_types objects
2019-07-22 08:06:05.745 1842 RALLYDEBUG rally_openstack.cleanup.manager [-] Cleaning up cinder image_volumes_cache objects
2019-07-22 08:06:06.717 1842 RALLYDEBUG rally_openstack.cleanup.manager [-] Cleaning up cinder quotas objects
2019-07-22 08:06:08.286 1842 RALLYDEBUG rally_openstack.cleanup.manager [-] Cleaning up cinder qos_specs objects
2019-07-22 08:06:09.036 1842 RALLYDEBUG rally_openstack.cleanup.manager [-] Deleting cinder.qos_specs object s_rally_db363e11_Bl7JHzAH (93bcf3e4-dedc-4ee7-a7d3-9f30acd2a8b4)
2019-07-22 08:06:09.039 1842 RALLYDEBUG rally_openstack.cleanup.manager [-] Deleting cinder.qos_specs object s_rally_db363e11_uwGG8tUD (4e9a1879-a402-4424-8d6b-8ffe8d5462be)
2019-07-22 08:06:09.047 1842 RALLYDEBUG rally_openstack.cleanup.manager [-] Deleting cinder.qos_specs object s_rally_db363e11_yLrwZsd6 (ce8f5f23-d5d1-4bdb-ba15-9030c9827a86)
2019-07-22 08:06:09.054 1842 RALLYDEBUG rally_openstack.cleanup.manager [-] Deleting cinder.qos_specs object s_rally_db363e11_IbPiuzO4 (9a45da03-78be-49b9-8718-7f9bf38b451a)
2019-07-22 08:06:09.065 1842 RALLYDEBUG rally_openstack.cleanup.manager [-] Deleting cinder.qos_specs object s_rally_db363e11_3Ipcl0UL (4ce9b976-6f57-4f34-b03c-860110269884)
2019-07-22 08:06:09.075 1842 RALLYDEBUG rally_openstack.cleanup.manager [-] Deleting cinder.qos_specs object s_rally_db363e11_z3DPAcyE (0991ac1d-8653-457d-bc96-665c66459759)
2019-07-22 08:06:09.079 1842 RALLYDEBUG rally_openstack.cleanup.manager [-] Deleting cinder.qos_specs object s_rally_db363e11_PanMjweL (d86b601d-563f-4b1f-9f5a-67b9a7fa78b7)
2019-07-22 08:06:09.103 1842 RALLYDEBUG rally_openstack.cleanup.manager [-] Deleting cinder.qos_specs object s_rally_db363e11_wIG9jWIv (8acf7bdc-8e87-4a23-a030-f5f682fc998e)
2019-07-22 08:06:09.106 1842 RALLYDEBUG rally_openstack.cleanup.manager [-] Deleting cinder.qos_specs object s_rally_db363e11_koz4DwyF (3e7b5fd5-b551-48be-ba6e-3316d941da45)
2019-07-22 08:06:09.116 1842 RALLYDEBUG rally_openstack.cleanup.manager [-] Deleting cinder.qos_specs object s_rally_db363e11_153Qxxlr (02fccff0-44ed-4d9e-a23e-71891a1fe8e6)
2019-07-22 08:06:11.522 1842 INFO rally.task.context [-] Task 178be2ae-261a-4f55-b96d-78bd0d35caaf | Context admin_cleanup@openstack cleanup() finished in 6.53 sec
2019-07-22 08:06:11.522 1842 INFO rally.task.context [-] Task 178be2ae-261a-4f55-b96d-78bd0d35caaf | Context api_versions@openstack cleanup() started
2019-07-22 08:06:11.523 1842 INFO rally.task.context [-] Task 178be2ae-261a-4f55-b96d-78bd0d35caaf | Context api_versions@openstack cleanup() finished in 0.32 msec
2019-07-22 08:06:11.523 1842 INFO rally.task.context [-] Task 178be2ae-261a-4f55-b96d-78bd0d35caaf | Context users@openstack cleanup() started
2019-07-22 08:06:19.250 1842 INFO rally.task.context [-] Task 178be2ae-261a-4f55-b96d-78bd0d35caaf | Context users@openstack cleanup() finished in 7.73 sec
2019-07-22 08:06:20.987 1842 INFO rally.task.engine [-] Load duration is: 2.898178
2019-07-22 08:06:20.987 1842 INFO rally.task.engine [-] Full runner duration is: 2.941678
2019-07-22 08:06:20.987 1842 INFO rally.task.engine [-] Full duration is: 22.374612
2019-07-22 08:06:21.263 1842 INFO rally.task.engine [-] Running workload: position = 0 config = { "version": 2, "title": "A cropped version of a bigger task.", "description": "Auto-generated task from a single workload (uuid=bf950a29-d030-4955-8063-9885b7918466)", "subtasks": [ { "title": "CinderQos.create_and_set_qos", "description": "Create a qos, then Add/Update keys in qos specs.", "scenario": { "CinderQos.create_and_set_qos": { "consumer": "back-end", "write_iops_sec": "10", "read_iops_sec": "1000", "set_consumer": "both", "set_write_iops_sec": "11", "set_read_iops_sec": "1001" } }, "contexts": { "users": { "tenants": 3, "users_per_tenant": 2 }, "api_versions": { "cinder": { "version": 3, "service_type": "volumev3" } } }, "runner": { "constant": { "concurrency": 4, "times": 10 } }, "hooks": [], "sla": { "failure_rate": { "max": 0 } } } ] }
2019-07-22 08:06:21.285 1842 RALLYDEBUG rally_openstack.contexts.keystone.users [-] Creating 3 tenants using 20 threads
2019-07-22 08:06:23.120 1842 RALLYDEBUG rally_openstack.contexts.keystone.users [-] Creating 6 users using 20 threads
2019-07-22 08:06:26.023 1842 INFO rally.task.context [-] Task 178be2ae-261a-4f55-b96d-78bd0d35caaf | Context users@openstack setup() finished in 4.74 sec
2019-07-22 08:06:26.518 1842 INFO rally.task.context [-] Task 178be2ae-261a-4f55-b96d-78bd0d35caaf | Context api_versions@openstack setup() finished in 0.49 sec
2019-07-22 08:06:26.518 1842 INFO rally.task.context [-] Task 178be2ae-261a-4f55-b96d-78bd0d35caaf | Context admin_cleanup@openstack setup() finished in 0.01 msec
2019-07-22 08:06:26.525 1842 RALLYDEBUG rally.task.runner [-] Starting the constant runner (task UUID: 178be2ae-261a-4f55-b96d-78bd0d35caaf). timeout: 0 concurrency: 4 concurrency_per_worker: 1 times: 10 concurrency_overhead: 0 processes_to_start: 4 max_cpu_used: 16
2019-07-22 08:06:26.538 5478 RALLYDEBUG rally.task.runner [-] Starting a worker. concurrency: 1 args: {"consumer": "back-end", "write_iops_sec": "10", "read_iops_sec": "1000", "set_consumer": "both", "set_write_iops_sec": "11", "set_read_iops_sec": "1001"} times: 10 method_name: run timeout: 0 duration: None cls:
2019-07-22 08:06:26.540 5479 RALLYDEBUG rally.task.runner [-] Starting a worker. concurrency: 1 args: {"consumer": "back-end", "write_iops_sec": "10", "read_iops_sec": "1000", "set_consumer": "both", "set_write_iops_sec": "11", "set_read_iops_sec": "1001"} times: 10 method_name: run timeout: 0 duration: None cls:
2019-07-22 08:06:26.544 5480 RALLYDEBUG rally.task.runner [-] Starting a worker. concurrency: 1 args: {"consumer": "back-end", "write_iops_sec": "10", "read_iops_sec": "1000", "set_consumer": "both", "set_write_iops_sec": "11", "set_read_iops_sec": "1001"} times: 10 method_name: run timeout: 0 duration: None cls:
2019-07-22 08:06:26.546 5478 INFO rally.task.runner [-] Task 178be2ae-261a-4f55-b96d-78bd0d35caaf | ITER: 1 START
2019-07-22 08:06:26.546 5481 RALLYDEBUG rally.task.runner [-] Starting a worker. concurrency: 1 args: {"consumer": "back-end", "write_iops_sec": "10", "read_iops_sec": "1000", "set_consumer": "both", "set_write_iops_sec": "11", "set_read_iops_sec": "1001"} times: 10 method_name: run timeout: 0 duration: None cls:
2019-07-22 08:06:26.548 5479 INFO rally.task.runner [-] Task 178be2ae-261a-4f55-b96d-78bd0d35caaf | ITER: 2 START
2019-07-22 08:06:26.552 5480 INFO rally.task.runner [-] Task 178be2ae-261a-4f55-b96d-78bd0d35caaf | ITER: 3 START
2019-07-22 08:06:26.553 5481 INFO rally.task.runner [-] Task 178be2ae-261a-4f55-b96d-78bd0d35caaf | ITER: 4 START
2019-07-22 08:06:27.617 5481 INFO rally.task.runner [-] Task 178be2ae-261a-4f55-b96d-78bd0d35caaf | ITER: 4 END: OK
2019-07-22 08:06:27.622 5481 INFO rally.task.runner [-] Task 178be2ae-261a-4f55-b96d-78bd0d35caaf | ITER: 5 START
2019-07-22 08:06:27.625 5479 INFO rally.task.runner [-] Task 178be2ae-261a-4f55-b96d-78bd0d35caaf | ITER: 2 END: OK
2019-07-22 08:06:27.630 5479 INFO rally.task.runner [-] Task 178be2ae-261a-4f55-b96d-78bd0d35caaf | ITER: 6 START
2019-07-22 08:06:27.654 5480 INFO rally.task.runner [-] Task 178be2ae-261a-4f55-b96d-78bd0d35caaf | ITER: 3 END: OK
2019-07-22 08:06:27.659 5480 INFO rally.task.runner [-] Task 178be2ae-261a-4f55-b96d-78bd0d35caaf | ITER: 7 START
2019-07-22 08:06:27.690 5478 INFO rally.task.runner [-] Task 178be2ae-261a-4f55-b96d-78bd0d35caaf | ITER: 1 END: OK
2019-07-22 08:06:27.694 5478 INFO rally.task.runner [-] Task 178be2ae-261a-4f55-b96d-78bd0d35caaf | ITER: 8 START
2019-07-22 08:06:28.584 5481 INFO rally.task.runner [-] Task 178be2ae-261a-4f55-b96d-78bd0d35caaf | ITER: 5 END: OK
2019-07-22 08:06:28.588 5481 INFO rally.task.runner [-] Task 178be2ae-261a-4f55-b96d-78bd0d35caaf | ITER: 9 START
2019-07-22 08:06:28.668 5480 INFO rally.task.runner [-] Task 178be2ae-261a-4f55-b96d-78bd0d35caaf | ITER: 7 END: OK
2019-07-22 08:06:28.672 5480 INFO rally.task.runner [-] Task 178be2ae-261a-4f55-b96d-78bd0d35caaf | ITER: 10 START
2019-07-22 08:06:28.673 5478 INFO rally.task.runner [-] Task 178be2ae-261a-4f55-b96d-78bd0d35caaf | ITER: 8 END: OK
2019-07-22 08:06:28.740 5479 INFO rally.task.runner [-] Task 178be2ae-261a-4f55-b96d-78bd0d35caaf | ITER: 6 END: OK
2019-07-22 08:06:29.552 5481 INFO rally.task.runner [-] Task 178be2ae-261a-4f55-b96d-78bd0d35caaf | ITER: 9 END: OK
2019-07-22 08:06:29.624 5480 INFO rally.task.runner [-] Task 178be2ae-261a-4f55-b96d-78bd0d35caaf | ITER: 10 END: OK
2019-07-22 08:06:29.645 1842 INFO rally.task.context [-] Task 178be2ae-261a-4f55-b96d-78bd0d35caaf | Context admin_cleanup@openstack cleanup() started
2019-07-22 08:06:29.647 1842 RALLYDEBUG rally_openstack.cleanup.manager [-] Cleaning up cinder volume_types objects
2019-07-22 08:06:30.381 1842 RALLYDEBUG rally_openstack.cleanup.manager [-] Cleaning up cinder image_volumes_cache objects
2019-07-22 08:06:31.315 1842 RALLYDEBUG rally_openstack.cleanup.manager [-] Cleaning up cinder quotas objects
2019-07-22 08:06:32.654 1842 RALLYDEBUG rally_openstack.cleanup.manager [-] Cleaning up cinder qos_specs objects
2019-07-22 08:06:33.430 1842 RALLYDEBUG rally_openstack.cleanup.manager [-] Deleting cinder.qos_specs object s_rally_bf950a29_fkHM2iMf (efcd22e9-07ee-4c60-8fef-ff584d697423)
2019-07-22 08:06:33.437 1842 RALLYDEBUG rally_openstack.cleanup.manager [-] Deleting cinder.qos_specs object s_rally_bf950a29_cQJy1l4b (d2024ddb-4b17-4ab6-a76d-31bb60ca2a09)
2019-07-22 08:06:33.440 1842 RALLYDEBUG rally_openstack.cleanup.manager [-] Deleting cinder.qos_specs object s_rally_bf950a29_wRs4M8qL (c8f54ad2-2a09-4ea1-ade2-3806ab5d7af8)
2019-07-22 08:06:33.453 1842 RALLYDEBUG rally_openstack.cleanup.manager [-] Deleting cinder.qos_specs object s_rally_bf950a29_WskCrEG6 (8d920661-a8b8-47b2-9804-7011631ed0ea)
2019-07-22 08:06:33.464 1842 RALLYDEBUG rally_openstack.cleanup.manager [-] Deleting cinder.qos_specs object s_rally_bf950a29_x0c4qWka (3d2a44a8-ec4d-46a9-9bff-abc27a12c57a)
2019-07-22 08:06:33.465 1842 RALLYDEBUG rally_openstack.cleanup.manager [-] Deleting cinder.qos_specs object s_rally_bf950a29_BKXZcMLv (47c9be14-5a94-4f51-9eb6-994ec787dcc5)
2019-07-22 08:06:33.481 1842 RALLYDEBUG rally_openstack.cleanup.manager [-] Deleting cinder.qos_specs object s_rally_bf950a29_lirVCGib (fea1d1c0-fae6-4813-933a-8bf165719bad)
2019-07-22 08:06:33.498 1842 RALLYDEBUG rally_openstack.cleanup.manager [-] Deleting cinder.qos_specs object s_rally_bf950a29_j90fKkhp (8fceabfc-85dd-4da5-88e5-a4b565633807)
2019-07-22 08:06:33.514 1842 RALLYDEBUG rally_openstack.cleanup.manager [-] Deleting cinder.qos_specs object s_rally_bf950a29_rw7BJuU6 (8ee219c7-d94b-4443-b29a-490bd6c755cf)
2019-07-22 08:06:33.531 1842 RALLYDEBUG rally_openstack.cleanup.manager [-] Deleting cinder.qos_specs object s_rally_bf950a29_r1BgE9vd (822a61ad-8f7a-49e6-8d8b-668b89ac7396)
2019-07-22 08:06:35.879 1842 INFO rally.task.context [-] Task 178be2ae-261a-4f55-b96d-78bd0d35caaf | Context admin_cleanup@openstack cleanup() finished in 6.23 sec
2019-07-22 08:06:35.880 1842 INFO rally.task.context [-] Task 178be2ae-261a-4f55-b96d-78bd0d35caaf | Context api_versions@openstack cleanup() started
2019-07-22 08:06:35.880 1842 INFO rally.task.context [-] Task 178be2ae-261a-4f55-b96d-78bd0d35caaf | Context api_versions@openstack cleanup() finished in 0.32 msec
2019-07-22 08:06:35.880 1842 INFO rally.task.context [-] Task 178be2ae-261a-4f55-b96d-78bd0d35caaf | Context users@openstack cleanup() started
2019-07-22 08:06:43.146 1842 INFO rally.task.context [-] Task 178be2ae-261a-4f55-b96d-78bd0d35caaf | Context users@openstack cleanup() finished in 7.27 sec
2019-07-22 08:06:43.385 1842 INFO rally.task.engine [-] Load duration is: 3.073406
2019-07-22 08:06:43.386 1842 INFO rally.task.engine [-] Full runner duration is: 3.1195
2019-07-22 08:06:43.386 1842 INFO rally.task.engine [-] Full duration is: 21.865726
2019-07-22 08:06:43.670 1842 INFO rally.task.engine [-] Running workload: position = 0 config = { "version": 2, "title": "A cropped version of a bigger task.", "description": "Auto-generated task from a single workload (uuid=1f57e62d-f30b-4fc3-9c6a-579af9732661)", "subtasks": [ { "title": "CinderVolumeTypes.create_and_get_volume_type", "description": "Create a volume Type, then get the details of the type.", "scenario": { "CinderVolumeTypes.create_and_get_volume_type": { "description": "rally tests creating types" } }, "contexts": { "users": { "tenants": 3, "users_per_tenant": 2 }, "api_versions": { "cinder": { "version": 3, "service_type": "volumev3" } } }, "runner": { "constant": { "concurrency": 4, "times": 10 } }, "hooks": [], "sla": { "failure_rate": { "max": 0 } } } ] }
2019-07-22 08:06:43.692 1842 RALLYDEBUG rally_openstack.contexts.keystone.users [-] Creating 3 tenants using 20 threads
2019-07-22 08:06:45.491 1842 RALLYDEBUG rally_openstack.contexts.keystone.users [-] Creating 6 users using 20 threads
2019-07-22 08:06:48.129 1842 INFO rally.task.context [-] Task 178be2ae-261a-4f55-b96d-78bd0d35caaf | Context users@openstack setup() finished in 4.44 sec
2019-07-22 08:06:48.582 1842 INFO rally.task.context [-] Task 178be2ae-261a-4f55-b96d-78bd0d35caaf | Context api_versions@openstack setup() finished in 0.45 sec
2019-07-22 08:06:48.583 1842 INFO rally.task.context [-] Task 178be2ae-261a-4f55-b96d-78bd0d35caaf | Context admin_cleanup@openstack setup() finished in 0.01 msec
2019-07-22 08:06:48.589 1842 RALLYDEBUG rally.task.runner [-] Starting the constant runner (task UUID: 178be2ae-261a-4f55-b96d-78bd0d35caaf). timeout: 0 concurrency: 4 concurrency_per_worker: 1 times: 10 concurrency_overhead: 0 processes_to_start: 4 max_cpu_used: 16
2019-07-22 08:06:48.602 5662 RALLYDEBUG rally.task.runner [-] Starting a worker. concurrency: 1 args: {"description": "rally tests creating types"} times: 10 method_name: run timeout: 0 duration: None cls:
2019-07-22 08:06:48.604 5663 RALLYDEBUG rally.task.runner [-] Starting a worker. concurrency: 1 args: {"description": "rally tests creating types"} times: 10 method_name: run timeout: 0 duration: None cls:
2019-07-22 08:06:48.607 5664 RALLYDEBUG rally.task.runner [-] Starting a worker. concurrency: 1 args: {"description": "rally tests creating types"} times: 10 method_name: run timeout: 0 duration: None cls:
2019-07-22 08:06:48.609 5662 INFO rally.task.runner [-] Task 178be2ae-261a-4f55-b96d-78bd0d35caaf | ITER: 1 START
2019-07-22 08:06:48.609 5665 RALLYDEBUG rally.task.runner [-] Starting a worker. concurrency: 1 args: {"description": "rally tests creating types"} times: 10 method_name: run timeout: 0 duration: None cls:
2019-07-22 08:06:48.611 5663 INFO rally.task.runner [-] Task 178be2ae-261a-4f55-b96d-78bd0d35caaf | ITER: 2 START
2019-07-22 08:06:48.614 5664 INFO rally.task.runner [-] Task 178be2ae-261a-4f55-b96d-78bd0d35caaf | ITER: 3 START
2019-07-22 08:06:48.616 5665 INFO rally.task.runner [-] Task 178be2ae-261a-4f55-b96d-78bd0d35caaf | ITER: 4 START
2019-07-22 08:06:49.710 5665 INFO rally.task.runner [-] Task 178be2ae-261a-4f55-b96d-78bd0d35caaf | ITER: 4 END: OK
2019-07-22 08:06:49.714 5663 INFO rally.task.runner [-] Task 178be2ae-261a-4f55-b96d-78bd0d35caaf | ITER: 2 END: OK
2019-07-22 08:06:49.715 5665 INFO rally.task.runner [-] Task 178be2ae-261a-4f55-b96d-78bd0d35caaf | ITER: 5 START
2019-07-22 08:06:49.717 5662 INFO rally.task.runner [-] Task 178be2ae-261a-4f55-b96d-78bd0d35caaf | ITER: 1 END: OK
2019-07-22 08:06:49.721 5663 INFO rally.task.runner [-] Task 178be2ae-261a-4f55-b96d-78bd0d35caaf | ITER: 6 START
2019-07-22 08:06:49.722 5662 INFO rally.task.runner [-] Task 178be2ae-261a-4f55-b96d-78bd0d35caaf | ITER: 7 START
2019-07-22 08:06:49.831 5664 INFO rally.task.runner [-] Task 178be2ae-261a-4f55-b96d-78bd0d35caaf | ITER: 3 END: OK
2019-07-22 08:06:49.837 5664 INFO rally.task.runner [-] Task 178be2ae-261a-4f55-b96d-78bd0d35caaf | ITER: 8 START
2019-07-22 08:06:50.654 5665 INFO rally.task.runner [-] Task 178be2ae-261a-4f55-b96d-78bd0d35caaf | ITER: 5 END: OK
2019-07-22 08:06:50.658 5665 INFO rally.task.runner [-] Task 178be2ae-261a-4f55-b96d-78bd0d35caaf | ITER: 9 START
2019-07-22 08:06:50.703 5662 INFO rally.task.runner [-] Task 178be2ae-261a-4f55-b96d-78bd0d35caaf | ITER: 7 END: OK
2019-07-22 08:06:50.708 5662 INFO rally.task.runner [-] Task 178be2ae-261a-4f55-b96d-78bd0d35caaf | ITER: 10 START
2019-07-22 08:06:50.750 5663 INFO rally.task.runner [-] Task 178be2ae-261a-4f55-b96d-78bd0d35caaf | ITER: 6 END: OK
2019-07-22 08:06:51.031 5664 INFO rally.task.runner [-] Task 178be2ae-261a-4f55-b96d-78bd0d35caaf | ITER: 8 END: OK
2019-07-22 08:06:51.539 5665 INFO rally.task.runner [-] Task 178be2ae-261a-4f55-b96d-78bd0d35caaf | ITER: 9 END: OK
2019-07-22 08:06:51.559 5662 INFO rally.task.runner [-] Task 178be2ae-261a-4f55-b96d-78bd0d35caaf | ITER: 10 END: OK
2019-07-22 08:06:51.586 1842 INFO rally.task.context [-] Task 178be2ae-261a-4f55-b96d-78bd0d35caaf | Context admin_cleanup@openstack cleanup() started
2019-07-22 08:06:51.588 1842 RALLYDEBUG rally_openstack.cleanup.manager [-] Cleaning up cinder volume_types objects
2019-07-22 08:06:52.285 1842 RALLYDEBUG rally_openstack.cleanup.manager [-] Deleting cinder.volume_types object s_rally_1f57e62d_RSnegj7g (472235c0-2835-485a-8346-d875d044d4cb)
2019-07-22 08:06:52.288 1842 RALLYDEBUG rally_openstack.cleanup.manager [-] Deleting cinder.volume_types object s_rally_1f57e62d_wGxCf0Jw (51d6a1bc-2307-4c00-bb63-6e8fc3feface)
2019-07-22 08:06:52.289 1842 RALLYDEBUG rally_openstack.cleanup.manager [-] Deleting cinder.volume_types object s_rally_1f57e62d_ZphHnOdB (f4491742-9de9-446f-b492-a3374c57a22b)
2019-07-22 08:06:52.294 1842 RALLYDEBUG rally_openstack.cleanup.manager [-] Deleting cinder.volume_types object s_rally_1f57e62d_CGLDefnQ (28f9e963-6bd6-4667-93a4-0d48afad0692)
2019-07-22 08:06:52.299 1842 RALLYDEBUG rally_openstack.cleanup.manager [-] Deleting cinder.volume_types object s_rally_1f57e62d_5M6eq89C (069dff56-65bf-4a14-a6d5-235f96d18e0b)
2019-07-22 08:06:52.301 1842 RALLYDEBUG rally_openstack.cleanup.manager [-] Deleting cinder.volume_types object s_rally_1f57e62d_o1YtGHGP (3169c409-8e48-49da-8255-14e9ef75aa41)
2019-07-22 08:06:52.313 1842 RALLYDEBUG rally_openstack.cleanup.manager [-] Deleting cinder.volume_types object s_rally_1f57e62d_bDsuPPFm (1c305708-ef5a-4a8c-ad7b-7c9fb2e31214)
2019-07-22 08:06:52.315 1842 RALLYDEBUG rally_openstack.cleanup.manager [-] Deleting cinder.volume_types object s_rally_1f57e62d_ZxXlzGDq (cefb7d57-9ce3-4b9e-b4df-31f651cddbc9)
2019-07-22 08:06:52.318 1842 RALLYDEBUG rally_openstack.cleanup.manager [-] Deleting cinder.volume_types object s_rally_1f57e62d_H7n08nIF (ff8670cc-52dd-446e-ad1f-8f3a98c65592)
2019-07-22 08:06:52.341 1842 RALLYDEBUG rally_openstack.cleanup.manager [-] Deleting cinder.volume_types object s_rally_1f57e62d_zpzpWboL (3f8cb45f-46d5-4826-bef6-09d5e242a1bc)
2019-07-22 08:06:54.650 1842 RALLYDEBUG rally_openstack.cleanup.manager [-] Cleaning up cinder image_volumes_cache objects
2019-07-22 08:06:55.613 1842 RALLYDEBUG rally_openstack.cleanup.manager [-] Cleaning up cinder quotas objects
2019-07-22 08:06:57.173 1842 RALLYDEBUG rally_openstack.cleanup.manager [-] Cleaning up cinder qos_specs objects
2019-07-22 08:06:57.824 1842 INFO rally.task.context [-] Task 178be2ae-261a-4f55-b96d-78bd0d35caaf | Context admin_cleanup@openstack cleanup() finished in 6.24 sec
2019-07-22 08:06:57.825 1842 INFO rally.task.context [-] Task 178be2ae-261a-4f55-b96d-78bd0d35caaf | Context api_versions@openstack cleanup() started
2019-07-22 08:06:57.825 1842 INFO rally.task.context [-] Task 178be2ae-261a-4f55-b96d-78bd0d35caaf | Context api_versions@openstack cleanup() finished in 0.30 msec
2019-07-22 08:06:57.825 1842 INFO rally.task.context [-] Task 178be2ae-261a-4f55-b96d-78bd0d35caaf | Context users@openstack cleanup() started
2019-07-22 08:07:04.355 1842 INFO rally.task.context [-] Task 178be2ae-261a-4f55-b96d-78bd0d35caaf | Context users@openstack cleanup() finished in 6.53 sec
2019-07-22 08:07:05.801 1842 INFO rally.task.engine [-] Load duration is: 2.944042
2019-07-22 08:07:05.802 1842 INFO rally.task.engine [-] Full runner duration is: 2.996521
2019-07-22 08:07:05.802 1842 INFO rally.task.engine [-] Full duration is: 20.668402
2019-07-22 08:07:06.078 1842 INFO rally.task.engine [-] Running workload: position = 0 config = { "version": 2, "title": "A cropped version of a bigger task.", "description": "Auto-generated task from a single workload (uuid=9f5fb627-a2a4-447d-ad6b-8c104f200fcd)", "subtasks": [ { "title": "CinderVolumeTypes.create_and_list_volume_types", "description": "Create a volume Type, then list all types.", "scenario": { "CinderVolumeTypes.create_and_list_volume_types": { "description": "rally tests creating types" } }, "contexts": { "users": { "tenants": 3, "users_per_tenant": 2 }, "api_versions": { "cinder": { "version": 3, "service_type": "volumev3" } } }, "runner": { "constant": { "concurrency": 4, "times": 10 } }, "hooks": [], "sla": { "failure_rate": { "max": 0 } } } ] }
2019-07-22 08:07:06.101 1842 RALLYDEBUG rally_openstack.contexts.keystone.users [-] Creating 3 tenants using 20 threads
2019-07-22 08:07:07.910 1842 RALLYDEBUG rally_openstack.contexts.keystone.users [-] Creating 6 users using 20 threads
2019-07-22 08:07:10.469 1842 INFO rally.task.context [-] Task 178be2ae-261a-4f55-b96d-78bd0d35caaf | Context users@openstack setup() finished in 4.37 sec
2019-07-22 08:07:10.887 1842 INFO rally.task.context [-] Task 178be2ae-261a-4f55-b96d-78bd0d35caaf | Context api_versions@openstack setup() finished in 0.42 sec
2019-07-22 08:07:10.887 1842 INFO rally.task.context [-] Task 178be2ae-261a-4f55-b96d-78bd0d35caaf | Context admin_cleanup@openstack setup() finished in 0.01 msec
2019-07-22 08:07:10.894 1842 RALLYDEBUG rally.task.runner [-] Starting the constant runner (task UUID: 178be2ae-261a-4f55-b96d-78bd0d35caaf). timeout: 0 concurrency: 4 concurrency_per_worker: 1 times: 10 concurrency_overhead: 0 processes_to_start: 4 max_cpu_used: 16
2019-07-22 08:07:10.907 5846 RALLYDEBUG rally.task.runner [-] Starting a worker. concurrency: 1 args: {"description": "rally tests creating types"} times: 10 method_name: run timeout: 0 duration: None cls:
2019-07-22 08:07:10.909 5847 RALLYDEBUG rally.task.runner [-] Starting a worker. concurrency: 1 args: {"description": "rally tests creating types"} times: 10 method_name: run timeout: 0 duration: None cls:
2019-07-22 08:07:10.912 5848 RALLYDEBUG rally.task.runner [-] Starting a worker. concurrency: 1 args: {"description": "rally tests creating types"} times: 10 method_name: run timeout: 0 duration: None cls:
2019-07-22 08:07:10.914 5846 INFO rally.task.runner [-] Task 178be2ae-261a-4f55-b96d-78bd0d35caaf | ITER: 1 START
2019-07-22 08:07:10.915 5849 RALLYDEBUG rally.task.runner [-] Starting a worker. concurrency: 1 args: {"description": "rally tests creating types"} times: 10 method_name: run timeout: 0 duration: None cls:
2019-07-22 08:07:10.916 5847 INFO rally.task.runner [-] Task 178be2ae-261a-4f55-b96d-78bd0d35caaf | ITER: 2 START
2019-07-22 08:07:10.920 5848 INFO rally.task.runner [-] Task 178be2ae-261a-4f55-b96d-78bd0d35caaf | ITER: 3 START
2019-07-22 08:07:10.922 5849 INFO rally.task.runner [-] Task 178be2ae-261a-4f55-b96d-78bd0d35caaf | ITER: 4 START
2019-07-22 08:07:11.985 5849 INFO rally.task.runner [-] Task 178be2ae-261a-4f55-b96d-78bd0d35caaf | ITER: 4 END: OK
2019-07-22 08:07:11.990 5849 INFO rally.task.runner [-] Task 178be2ae-261a-4f55-b96d-78bd0d35caaf | ITER: 5 START
2019-07-22 08:07:12.026 5846 INFO rally.task.runner [-] Task 178be2ae-261a-4f55-b96d-78bd0d35caaf | ITER: 1 END: OK
2019-07-22 08:07:12.031 5846 INFO rally.task.runner [-] Task 178be2ae-261a-4f55-b96d-78bd0d35caaf | ITER: 6 START
2019-07-22 08:07:12.077 5848 INFO rally.task.runner [-] Task 178be2ae-261a-4f55-b96d-78bd0d35caaf | ITER: 3 END: OK
2019-07-22 08:07:12.082 5848 INFO rally.task.runner [-] Task 178be2ae-261a-4f55-b96d-78bd0d35caaf | ITER: 7 START
2019-07-22 08:07:12.106 5847 INFO rally.task.runner [-] Task 178be2ae-261a-4f55-b96d-78bd0d35caaf | ITER: 2 END: OK
2019-07-22 08:07:12.113 5847 INFO rally.task.runner [-] Task 178be2ae-261a-4f55-b96d-78bd0d35caaf | ITER: 8 START
2019-07-22 08:07:12.939 5849 INFO rally.task.runner [-] Task 178be2ae-261a-4f55-b96d-78bd0d35caaf | ITER: 5 END: OK
2019-07-22 08:07:12.942 5849 INFO rally.task.runner [-] Task 178be2ae-261a-4f55-b96d-78bd0d35caaf | ITER: 9 START
2019-07-22 08:07:12.943 5846 INFO rally.task.runner [-] Task 178be2ae-261a-4f55-b96d-78bd0d35caaf | ITER: 6 END: OK
2019-07-22 08:07:12.948 5846 INFO rally.task.runner [-] Task 178be2ae-261a-4f55-b96d-78bd0d35caaf | ITER: 10 START
2019-07-22 08:07:13.059 5848 INFO rally.task.runner [-] Task 178be2ae-261a-4f55-b96d-78bd0d35caaf | ITER: 7 END: OK
2019-07-22 08:07:13.120 5847 INFO rally.task.runner [-] Task 178be2ae-261a-4f55-b96d-78bd0d35caaf | ITER: 8 END: OK
2019-07-22 08:07:13.837 5849 INFO rally.task.runner [-] Task 178be2ae-261a-4f55-b96d-78bd0d35caaf | ITER: 9 END: OK
2019-07-22 08:07:13.933 5846 INFO rally.task.runner [-] Task 178be2ae-261a-4f55-b96d-78bd0d35caaf | ITER: 10 END: OK
2019-07-22 08:07:13.958 1842 INFO rally.task.context [-] Task 178be2ae-261a-4f55-b96d-78bd0d35caaf | Context admin_cleanup@openstack cleanup() started
2019-07-22 08:07:13.960 1842 RALLYDEBUG rally_openstack.cleanup.manager [-] Cleaning up cinder volume_types objects
2019-07-22 08:07:14.656 1842 RALLYDEBUG rally_openstack.cleanup.manager [-] Deleting cinder.volume_types object s_rally_9f5fb627_5QNSTHbj (5ec2c45c-547a-4d20-ad96-363d0563a15d)
2019-07-22 08:07:14.659 1842 RALLYDEBUG rally_openstack.cleanup.manager [-] Deleting cinder.volume_types object s_rally_9f5fb627_OqaVxAhg (63a39d38-416f-4666-9225-2fd302c8fad2)
2019-07-22 08:07:14.665 1842 RALLYDEBUG rally_openstack.cleanup.manager [-] Deleting cinder.volume_types object s_rally_9f5fb627_2ToVvfGV (ab77bc35-6d05-4c30-a48d-418d878d71b9)
2019-07-22 08:07:14.665 1842 RALLYDEBUG rally_openstack.cleanup.manager [-] Deleting cinder.volume_types object s_rally_9f5fb627_R1npTanN (c60e744f-8b6f-445b-b60b-13f058688767)
2019-07-22 08:07:14.667 1842 RALLYDEBUG rally_openstack.cleanup.manager [-] Deleting cinder.volume_types object s_rally_9f5fb627_2n0BD9Tz (147fc197-fb8b-4061-9ac9-b66148755beb)
2019-07-22 08:07:14.667 1842 RALLYDEBUG rally_openstack.cleanup.manager [-] Deleting cinder.volume_types object s_rally_9f5fb627_ahcEquFO (7db1afab-9373-4b09-8261-ac8ddfb2bd14)
2019-07-22 08:07:14.674 1842 RALLYDEBUG rally_openstack.cleanup.manager [-] Deleting cinder.volume_types object s_rally_9f5fb627_e9iUlCZt (1b410003-cd5b-40f1-9e5b-7051594fb15e)
2019-07-22 08:07:14.676 1842 RALLYDEBUG rally_openstack.cleanup.manager [-] Deleting cinder.volume_types object s_rally_9f5fb627_GOYtJ0OM (5165440a-6a65-4583-98ad-dbfcd0ef125b)
2019-07-22 08:07:14.682 1842 RALLYDEBUG rally_openstack.cleanup.manager [-] Deleting cinder.volume_types object s_rally_9f5fb627_70Ae9jCW (1bab511f-16ea-430f-88bb-4b9f231f38d0)
