2019-07-20 22:54:32.127 24813 WARNING rally_openstack.scenarios.neutron.utils [-] Running this scenario without either the 'network' or 'existing_network' context is deprecated
2019-07-20 22:54:32.127 24801 WARNING rally_openstack.scenarios.neutron.utils [-] Running this scenario without either the 'network' or 'existing_network' context is deprecated
2019-07-20 22:54:32.127 24815 RALLYDEBUG rally.task.runner [-] Starting a worker. concurrency: 1 args: {"network_create_args": {}, "subnet_create_args": {}, "subnet_cidr_start": "1.1.0.0/30", "subnets_per_network": 2} times: 40 method_name: run timeout: 0 duration: None cls:
2019-07-20 22:54:32.127 24802 INFO rally.task.runner [-] Task fcda03be-4eeb-4add-b742-165137bac60e | ITER: 6 START
2019-07-20 22:54:32.128 24807 WARNING rally_openstack.scenarios.neutron.utils [-] Running this scenario without either the 'network' or 'existing_network' context is deprecated
2019-07-20 22:54:32.129 24802 WARNING rally_openstack.scenarios.neutron.utils [-] Running this scenario without either the 'network' or 'existing_network' context is deprecated
2019-07-20 22:54:32.129 24804 INFO rally.task.runner [-] Task fcda03be-4eeb-4add-b742-165137bac60e | ITER: 7 START
2019-07-20 22:54:32.131 24804 WARNING rally_openstack.scenarios.neutron.utils [-] Running this scenario without either the 'network' or 'existing_network' context is deprecated
2019-07-20 22:54:32.131 24819 RALLYDEBUG rally.task.runner [-] Starting a worker. concurrency: 1 args: {"network_create_args": {}, "subnet_create_args": {}, "subnet_cidr_start": "1.1.0.0/30", "subnets_per_network": 2} times: 40 method_name: run timeout: 0 duration: None cls:
2019-07-20 22:54:32.137 24815 INFO rally.task.runner [-] Task fcda03be-4eeb-4add-b742-165137bac60e | ITER: 12 START
2019-07-20 22:54:32.138 24819 INFO rally.task.runner [-] Task fcda03be-4eeb-4add-b742-165137bac60e | ITER: 13 START
2019-07-20 22:54:32.139 24827 RALLYDEBUG rally.task.runner [-] Starting a worker. concurrency: 1 args: {"network_create_args": {}, "subnet_create_args": {}, "subnet_cidr_start": "1.1.0.0/30", "subnets_per_network": 2} times: 40 method_name: run timeout: 0 duration: None cls:
2019-07-20 22:54:32.140 24819 WARNING rally_openstack.scenarios.neutron.utils [-] Running this scenario without either the 'network' or 'existing_network' context is deprecated
2019-07-20 22:54:32.140 24808 INFO rally.task.runner [-] Task fcda03be-4eeb-4add-b742-165137bac60e | ITER: 11 START
2019-07-20 22:54:32.141 24804 INFO rally.task.runner [-] Task fcda03be-4eeb-4add-b742-165137bac60e | ITER: 9 START
2019-07-20 22:54:32.142 24804 WARNING rally_openstack.scenarios.neutron.utils [-] Running this scenario without either the 'network' or 'existing_network' context is deprecated
2019-07-20 22:54:32.142 24808 WARNING rally_openstack.scenarios.neutron.utils [-] Running this scenario without either the 'network' or 'existing_network' context is deprecated
2019-07-20 22:54:32.148 24815 WARNING rally_openstack.scenarios.neutron.utils [-] Running this scenario without either the 'network' or 'existing_network' context is deprecated
2019-07-20 22:54:32.149 24827 INFO rally.task.runner [-] Task fcda03be-4eeb-4add-b742-165137bac60e | ITER: 14 START
2019-07-20 22:54:32.153 24830 RALLYDEBUG rally.task.runner [-] Starting a worker. concurrency: 1 args: {"network_create_args": {}, "subnet_create_args": {}, "subnet_cidr_start": "1.1.0.0/30", "subnets_per_network": 2} times: 40 method_name: run timeout: 0 duration: None cls:
2019-07-20 22:54:32.157 24833 RALLYDEBUG rally.task.runner [-] Starting a worker. concurrency: 1 args: {"network_create_args": {}, "subnet_create_args": {}, "subnet_cidr_start": "1.1.0.0/30", "subnets_per_network": 2} times: 40 method_name: run timeout: 0 duration: None cls:
2019-07-20 22:54:32.151 24827 WARNING rally_openstack.scenarios.neutron.utils [-] Running this scenario without either the 'network' or 'existing_network' context is deprecated
2019-07-20 22:54:32.159 24830 INFO rally.task.runner [-] Task fcda03be-4eeb-4add-b742-165137bac60e | ITER: 15 START
2019-07-20 22:54:32.161 24830 WARNING rally_openstack.scenarios.neutron.utils [-] Running this scenario without either the 'network' or 'existing_network' context is deprecated
2019-07-20 22:54:32.161 24836 RALLYDEBUG rally.task.runner [-] Starting a worker. concurrency: 1 args: {"network_create_args": {}, "subnet_create_args": {}, "subnet_cidr_start": "1.1.0.0/30", "subnets_per_network": 2} times: 40 method_name: run timeout: 0 duration: None cls:
2019-07-20 22:54:32.167 24836 INFO rally.task.runner [-] Task fcda03be-4eeb-4add-b742-165137bac60e | ITER: 17 START
2019-07-20 22:54:32.167 24838 RALLYDEBUG rally.task.runner [-] Starting a worker. concurrency: 1 args: {"network_create_args": {}, "subnet_create_args": {}, "subnet_cidr_start": "1.1.0.0/30", "subnets_per_network": 2} times: 40 method_name: run timeout: 0 duration: None cls:
2019-07-20 22:54:32.168 24836 WARNING rally_openstack.scenarios.neutron.utils [-] Running this scenario without either the 'network' or 'existing_network' context is deprecated
2019-07-20 22:54:32.172 24833 INFO rally.task.runner [-] Task fcda03be-4eeb-4add-b742-165137bac60e | ITER: 16 START
2019-07-20 22:54:32.173 24838 INFO rally.task.runner [-] Task fcda03be-4eeb-4add-b742-165137bac60e | ITER: 18 START
2019-07-20 22:54:32.173 24844 RALLYDEBUG rally.task.runner [-] Starting a worker. concurrency: 1 args: {"network_create_args": {}, "subnet_create_args": {}, "subnet_cidr_start": "1.1.0.0/30", "subnets_per_network": 2} times: 40 method_name: run timeout: 0 duration: None cls:
2019-07-20 22:54:32.174 24833 WARNING rally_openstack.scenarios.neutron.utils [-] Running this scenario without either the 'network' or 'existing_network' context is deprecated
2019-07-20 22:54:32.175 24838 WARNING rally_openstack.scenarios.neutron.utils [-] Running this scenario without either the 'network' or 'existing_network' context is deprecated
2019-07-20 22:54:32.177 24844 INFO rally.task.runner [-] Task fcda03be-4eeb-4add-b742-165137bac60e | ITER: 19 START
2019-07-20 22:54:32.178 24844 WARNING rally_openstack.scenarios.neutron.utils [-] Running this scenario without either the 'network' or 'existing_network' context is deprecated
2019-07-20 22:54:32.178 24847 RALLYDEBUG rally.task.runner [-] Starting a worker. concurrency: 1 args: {"network_create_args": {}, "subnet_create_args": {}, "subnet_cidr_start": "1.1.0.0/30", "subnets_per_network": 2} times: 40 method_name: run timeout: 0 duration: None cls:
2019-07-20 22:54:32.183 24847 INFO rally.task.runner [-] Task fcda03be-4eeb-4add-b742-165137bac60e | ITER: 20 START
2019-07-20 22:54:32.184 24847 WARNING rally_openstack.scenarios.neutron.utils [-] Running this scenario without either the 'network' or 'existing_network' context is deprecated
2019-07-20 22:54:34.953 24804 RALLYDEBUG rally_openstack.wrappers.network [-] CIDR generated: 1.1.4.96/30
2019-07-20 22:54:35.030 24815 RALLYDEBUG rally_openstack.wrappers.network [-] CIDR generated: 1.1.4.100/30
2019-07-20 22:54:35.264 24813 RALLYDEBUG rally_openstack.wrappers.network [-] CIDR generated: 1.1.4.104/30
2019-07-20 22:54:35.290 24833 RALLYDEBUG rally_openstack.wrappers.network [-] CIDR generated: 1.1.4.108/30
2019-07-20 22:54:35.349 24844 RALLYDEBUG rally_openstack.wrappers.network [-] CIDR generated: 1.1.4.112/30
2019-07-20 22:54:35.359 24801 RALLYDEBUG rally_openstack.wrappers.network [-] CIDR generated: 1.1.4.116/30
2019-07-20 22:54:35.396 24800 RALLYDEBUG rally_openstack.wrappers.network [-] CIDR generated: 1.1.4.120/30
2019-07-20 22:54:35.947 24847 RALLYDEBUG rally_openstack.wrappers.network [-] CIDR generated: 1.1.4.124/30
2019-07-20 22:54:35.971 24836 RALLYDEBUG rally_openstack.wrappers.network [-] CIDR generated: 1.1.4.128/30
2019-07-20 22:54:36.296 24838 RALLYDEBUG rally_openstack.wrappers.network [-] CIDR generated: 1.1.4.132/30
2019-07-20 22:54:36.317 24801 RALLYDEBUG rally_openstack.wrappers.network [-] CIDR generated: 1.1.4.136/30
2019-07-20 22:54:37.175 24819 RALLYDEBUG rally_openstack.wrappers.network [-] CIDR generated: 1.1.4.140/30
2019-07-20 22:54:37.185 24827 RALLYDEBUG rally_openstack.wrappers.network [-] CIDR generated: 1.1.4.144/30
2019-07-20 22:54:37.229 24800 RALLYDEBUG rally_openstack.wrappers.network [-] CIDR generated: 1.1.4.148/30
2019-07-20 22:54:37.245 24804 RALLYDEBUG rally_openstack.wrappers.network [-] CIDR generated: 1.1.4.152/30
2019-07-20 22:54:37.408 24813 RALLYDEBUG rally_openstack.wrappers.network [-] CIDR generated: 1.1.4.156/30
2019-07-20 22:54:37.455 24801 RALLYDEBUG rally_openstack.wrappers.network [-] CIDR generated: 1.1.4.160/30
2019-07-20 22:54:37.683 24844 RALLYDEBUG rally_openstack.wrappers.network [-] CIDR generated: 1.1.4.164/30
2019-07-20 22:54:37.737 24815 RALLYDEBUG rally_openstack.wrappers.network [-] CIDR generated: 1.1.4.168/30
2019-07-20 22:54:38.252 24847 RALLYDEBUG rally_openstack.wrappers.network [-] CIDR generated: 1.1.4.172/30
2019-07-20 22:54:38.449 24801 RALLYDEBUG rally_openstack.wrappers.network [-] CIDR generated: 1.1.4.176/30
2019-07-20 22:54:38.557 24836 RALLYDEBUG rally_openstack.wrappers.network [-] CIDR generated: 1.1.4.180/30
2019-07-20 22:54:38.892 24838 RALLYDEBUG rally_openstack.wrappers.network [-] CIDR generated: 1.1.4.184/30
2019-07-20 22:54:39.037 24833 RALLYDEBUG rally_openstack.wrappers.network [-] CIDR generated: 1.1.4.188/30
2019-07-20 22:54:39.090 24827 RALLYDEBUG rally_openstack.wrappers.network [-] CIDR generated: 1.1.4.192/30
2019-07-20 22:54:39.131 24800 RALLYDEBUG rally_openstack.wrappers.network [-] CIDR generated: 1.1.4.196/30
2019-07-20 22:54:39.155 24819 RALLYDEBUG rally_openstack.wrappers.network [-] CIDR generated: 1.1.4.200/30
2019-07-20 22:54:39.640 24800 RALLYDEBUG rally_openstack.wrappers.network [-] CIDR generated: 1.1.4.204/30
2019-07-20 22:54:40.037 24802 RALLYDEBUG rally_openstack.wrappers.network [-] CIDR generated: 1.1.4.208/30
2019-07-20 22:54:40.054 24804 RALLYDEBUG rally_openstack.wrappers.network [-] CIDR generated: 1.1.4.212/30
2019-07-20 22:54:40.126 24802 RALLYDEBUG rally_openstack.wrappers.network [-] CIDR generated: 1.1.4.216/30
2019-07-20 22:54:40.373 24830 RALLYDEBUG rally_openstack.wrappers.network [-] CIDR generated: 1.1.4.220/30
2019-07-20 22:54:40.449 24807 RALLYDEBUG rally_openstack.wrappers.network [-] CIDR generated: 1.1.4.224/30
2019-07-20 22:54:40.579 24808 RALLYDEBUG rally_openstack.wrappers.network [-] CIDR generated: 1.1.4.228/30
2019-07-20 22:54:42.234 24802 RALLYDEBUG rally_openstack.wrappers.network [-] CIDR generated: 1.1.4.232/30
2019-07-20 22:54:42.545 24802 RALLYDEBUG rally_openstack.wrappers.network [-] CIDR generated: 1.1.4.236/30
2019-07-20 22:54:42.845 24804 RALLYDEBUG rally_openstack.wrappers.network [-] CIDR generated: 1.1.4.240/30
2019-07-20 22:54:43.055 24808 RALLYDEBUG rally_openstack.wrappers.network [-] CIDR generated: 1.1.4.244/30
2019-07-20 22:54:43.383 24830 RALLYDEBUG rally_openstack.wrappers.network [-] CIDR generated: 1.1.4.248/30
2019-07-20 22:54:43.479 24807 RALLYDEBUG rally_openstack.wrappers.network [-] CIDR generated: 1.1.4.252/30
2019-07-20 22:54:43.755 24801 INFO rally.task.runner [-] Task fcda03be-4eeb-4add-b742-165137bac60e | ITER: 5 END: OK
2019-07-20 22:54:43.759 24801 INFO rally.task.runner [-] Task fcda03be-4eeb-4add-b742-165137bac60e | ITER: 21 START
2019-07-20 22:54:43.760 24801 WARNING rally_openstack.scenarios.neutron.utils [-] Running this scenario without either the 'network' or 'existing_network' context is deprecated
2019-07-20 22:54:44.283 24844 INFO rally.task.runner [-] Task fcda03be-4eeb-4add-b742-165137bac60e | ITER: 19 END: OK
2019-07-20 22:54:44.288 24844 INFO rally.task.runner [-] Task fcda03be-4eeb-4add-b742-165137bac60e | ITER: 22 START
2019-07-20 22:54:44.289 24844 WARNING rally_openstack.scenarios.neutron.utils [-] Running this scenario without either the 'network' or 'existing_network' context is deprecated
2019-07-20 22:54:44.842 24847 INFO rally.task.runner [-] Task fcda03be-4eeb-4add-b742-165137bac60e | ITER: 20 END: OK
2019-07-20 22:54:44.846 24847 INFO rally.task.runner [-] Task fcda03be-4eeb-4add-b742-165137bac60e | ITER: 23 START
2019-07-20 22:54:44.846 24847 WARNING rally_openstack.scenarios.neutron.utils [-] Running this scenario without either the 'network' or 'existing_network' context is deprecated
2019-07-20 22:54:45.557 24833 INFO rally.task.runner [-] Task fcda03be-4eeb-4add-b742-165137bac60e | ITER: 16 END: OK
2019-07-20 22:54:45.562 24833 INFO rally.task.runner [-] Task fcda03be-4eeb-4add-b742-165137bac60e | ITER: 24 START
2019-07-20 22:54:45.562 24833 WARNING rally_openstack.scenarios.neutron.utils [-] Running this scenario without either the 'network' or 'existing_network' context is deprecated
2019-07-20 22:54:45.823 24819 INFO rally.task.runner [-] Task fcda03be-4eeb-4add-b742-165137bac60e | ITER: 13 END: OK
2019-07-20 22:54:45.826 24819 INFO rally.task.runner [-] Task fcda03be-4eeb-4add-b742-165137bac60e | ITER: 25 START
2019-07-20 22:54:45.827 24819 WARNING rally_openstack.scenarios.neutron.utils [-] Running this scenario without either the 'network' or 'existing_network' context is deprecated
2019-07-20 22:54:45.908 24815 INFO rally.task.runner [-] Task fcda03be-4eeb-4add-b742-165137bac60e | ITER: 12 END: OK
2019-07-20 22:54:45.911 24815 INFO rally.task.runner [-] Task fcda03be-4eeb-4add-b742-165137bac60e | ITER: 26 START
2019-07-20 22:54:45.911 24815 WARNING rally_openstack.scenarios.neutron.utils [-] Running this scenario without either the 'network' or 'existing_network' context is deprecated
2019-07-20 22:54:45.977 24813 INFO rally.task.runner [-] Task fcda03be-4eeb-4add-b742-165137bac60e | ITER: 10 END: OK
2019-07-20 22:54:45.979 24813 INFO rally.task.runner [-] Task fcda03be-4eeb-4add-b742-165137bac60e | ITER: 27 START
2019-07-20 22:54:45.980 24813 WARNING rally_openstack.scenarios.neutron.utils [-] Running this scenario without either the 'network' or 'existing_network' context is deprecated
2019-07-20 22:54:46.035 24801 RALLYDEBUG rally_openstack.wrappers.network [-] CIDR generated: 1.1.5.0/30
2019-07-20 22:54:46.269 24827 INFO rally.task.runner [-] Task fcda03be-4eeb-4add-b742-165137bac60e | ITER: 14 END: OK
2019-07-20 22:54:46.273 24827 INFO rally.task.runner [-] Task fcda03be-4eeb-4add-b742-165137bac60e | ITER: 28 START
2019-07-20 22:54:46.273 24827 WARNING rally_openstack.scenarios.neutron.utils [-] Running this scenario without either the 'network' or 'existing_network' context is deprecated
2019-07-20 22:54:46.278 24804 INFO rally.task.runner [-] Task fcda03be-4eeb-4add-b742-165137bac60e | ITER: 7 END: OK
2019-07-20 22:54:46.282 24804 INFO rally.task.runner [-] Task fcda03be-4eeb-4add-b742-165137bac60e | ITER: 29 START
2019-07-20 22:54:46.282 24804 WARNING rally_openstack.scenarios.neutron.utils [-] Running this scenario without either the 'network' or 'existing_network' context is deprecated
2019-07-20 22:54:46.356 24836 INFO rally.task.runner [-] Task fcda03be-4eeb-4add-b742-165137bac60e | ITER: 17 END: OK
2019-07-20 22:54:46.359 24836 INFO rally.task.runner [-] Task fcda03be-4eeb-4add-b742-165137bac60e | ITER: 30 START
2019-07-20 22:54:46.359 24836 WARNING rally_openstack.scenarios.neutron.utils [-] Running this scenario without either the 'network' or 'existing_network' context is deprecated
2019-07-20 22:54:46.483 24801 INFO rally.task.runner [-] Task fcda03be-4eeb-4add-b742-165137bac60e | ITER: 3 END: OK
2019-07-20 22:54:46.486 24801 INFO rally.task.runner [-] Task fcda03be-4eeb-4add-b742-165137bac60e | ITER: 31 START
2019-07-20 22:54:46.487 24801 WARNING rally_openstack.scenarios.neutron.utils [-] Running this scenario without either the 'network' or 'existing_network' context is deprecated
2019-07-20 22:54:46.540 24800 INFO rally.task.runner [-] Task fcda03be-4eeb-4add-b742-165137bac60e | ITER: 2 END: OK
2019-07-20 22:54:46.543 24800 INFO rally.task.runner [-] Task fcda03be-4eeb-4add-b742-165137bac60e | ITER: 32 START
2019-07-20 22:54:46.544 24800 WARNING rally_openstack.scenarios.neutron.utils [-] Running this scenario without either the 'network' or 'existing_network' context is deprecated
2019-07-20 22:54:46.766 24844 RALLYDEBUG rally_openstack.wrappers.network [-] CIDR generated: 1.1.5.4/30
2019-07-20 22:54:47.391 24800 INFO rally.task.runner [-] Task fcda03be-4eeb-4add-b742-165137bac60e | ITER: 1 END: OK
2019-07-20 22:54:47.395 24800 INFO rally.task.runner [-] Task fcda03be-4eeb-4add-b742-165137bac60e | ITER: 33 START
2019-07-20 22:54:47.396 24800 WARNING rally_openstack.scenarios.neutron.utils [-] Running this scenario without either the 'network' or 'existing_network' context is deprecated
2019-07-20 22:54:47.623 24819 RALLYDEBUG rally_openstack.wrappers.network [-] CIDR generated: 1.1.5.8/30
2019-07-20 22:54:47.627 24838 INFO rally.task.runner [-] Task fcda03be-4eeb-4add-b742-165137bac60e | ITER: 18 END: OK
2019-07-20 22:54:47.631 24838 INFO rally.task.runner [-] Task fcda03be-4eeb-4add-b742-165137bac60e | ITER: 34 START
2019-07-20 22:54:47.632 24838 WARNING rally_openstack.scenarios.neutron.utils [-] Running this scenario without either the 'network' or 'existing_network' context is deprecated
2019-07-20 22:54:48.025 24815 RALLYDEBUG rally_openstack.wrappers.network [-] CIDR generated: 1.1.5.12/30
2019-07-20 22:54:48.251 24827 RALLYDEBUG rally_openstack.wrappers.network [-] CIDR generated: 1.1.5.16/30
2019-07-20 22:54:48.317 24801 RALLYDEBUG rally_openstack.wrappers.network [-] CIDR generated: 1.1.5.20/30
2019-07-20 22:54:48.637 24836 RALLYDEBUG rally_openstack.wrappers.network [-] CIDR generated: 1.1.5.24/30
2019-07-20 22:54:48.737 24804 RALLYDEBUG rally_openstack.wrappers.network [-] CIDR generated: 1.1.5.28/30
2019-07-20 22:54:48.816 24800 RALLYDEBUG rally_openstack.wrappers.network [-] CIDR generated: 1.1.5.32/30
2019-07-20 22:54:48.868 24801 RALLYDEBUG rally_openstack.wrappers.network [-] CIDR generated: 1.1.5.36/30
2019-07-20 22:54:48.973 24847 RALLYDEBUG rally_openstack.wrappers.network [-] CIDR generated: 1.1.5.40/30
2019-07-20 22:54:49.135 24813 RALLYDEBUG rally_openstack.wrappers.network [-] CIDR generated: 1.1.5.44/30
2019-07-20 22:54:49.402 24844 RALLYDEBUG rally_openstack.wrappers.network [-] CIDR generated: 1.1.5.48/30
2019-07-20 22:54:49.520 24833 RALLYDEBUG rally_openstack.wrappers.network [-] CIDR generated: 1.1.5.52/30
2019-07-20 22:54:49.641 24819 RALLYDEBUG rally_openstack.wrappers.network [-] CIDR generated: 1.1.5.56/30
2019-07-20 22:54:50.089 24802 INFO rally.task.runner [-] Task fcda03be-4eeb-4add-b742-165137bac60e | ITER: 4 END: OK
2019-07-20 22:54:50.093 24802 INFO rally.task.runner [-] Task fcda03be-4eeb-4add-b742-165137bac60e | ITER: 35 START
2019-07-20 22:54:50.094 24802 WARNING rally_openstack.scenarios.neutron.utils [-] Running this scenario without either the 'network' or 'existing_network' context is deprecated
2019-07-20 22:54:50.156 24838 RALLYDEBUG rally_openstack.wrappers.network [-] CIDR generated: 1.1.5.60/30
2019-07-20 22:54:50.413 24804 INFO rally.task.runner [-] Task fcda03be-4eeb-4add-b742-165137bac60e | ITER: 9 END: OK
2019-07-20 22:54:50.416 24804 INFO rally.task.runner [-] Task fcda03be-4eeb-4add-b742-165137bac60e | ITER: 36 START
2019-07-20 22:54:50.417 24804 WARNING rally_openstack.scenarios.neutron.utils [-] Running this scenario without either the 'network' or 'existing_network' context is deprecated
2019-07-20 22:54:50.498 24802 INFO rally.task.runner [-] Task fcda03be-4eeb-4add-b742-165137bac60e | ITER: 6 END: OK
2019-07-20 22:54:50.502 24802 INFO rally.task.runner [-] Task fcda03be-4eeb-4add-b742-165137bac60e | ITER: 37 START
2019-07-20 22:54:50.502 24802 WARNING rally_openstack.scenarios.neutron.utils [-] Running this scenario without either the 'network' or 'existing_network' context is deprecated
2019-07-20 22:54:50.585 24815 RALLYDEBUG rally_openstack.wrappers.network [-] CIDR generated: 1.1.5.64/30
2019-07-20 22:54:50.720 24827 RALLYDEBUG rally_openstack.wrappers.network [-] CIDR generated: 1.1.5.68/30
2019-07-20 22:54:50.798 24801 RALLYDEBUG rally_openstack.wrappers.network [-] CIDR generated: 1.1.5.72/30
2019-07-20 22:54:50.866 24800 RALLYDEBUG rally_openstack.wrappers.network [-] CIDR generated: 1.1.5.76/30
2019-07-20 22:54:51.072 24800 RALLYDEBUG rally_openstack.wrappers.network [-] CIDR generated: 1.1.5.80/30
2019-07-20 22:54:51.103 24830 INFO rally.task.runner [-] Task fcda03be-4eeb-4add-b742-165137bac60e | ITER: 15 END: OK
2019-07-20 22:54:51.107 24830 INFO rally.task.runner [-] Task fcda03be-4eeb-4add-b742-165137bac60e | ITER: 38 START
2019-07-20 22:54:51.108 24830 WARNING rally_openstack.scenarios.neutron.utils [-] Running this scenario without either the 'network' or 'existing_network' context is deprecated
2019-07-20 22:54:51.181 24847 RALLYDEBUG rally_openstack.wrappers.network [-] CIDR generated: 1.1.5.84/30
2019-07-20 22:54:51.474 24836 RALLYDEBUG rally_openstack.wrappers.network [-] CIDR generated: 1.1.5.88/30
2019-07-20 22:54:51.539 24804 RALLYDEBUG rally_openstack.wrappers.network [-] CIDR generated: 1.1.5.92/30
2019-07-20 22:54:51.893 24813 RALLYDEBUG rally_openstack.wrappers.network [-] CIDR generated: 1.1.5.96/30
2019-07-20 22:54:52.144 24833 RALLYDEBUG rally_openstack.wrappers.network [-] CIDR generated: 1.1.5.100/30
2019-07-20 22:54:52.163 24808 INFO rally.task.runner [-] Task fcda03be-4eeb-4add-b742-165137bac60e | ITER: 11 END: OK
2019-07-20 22:54:52.168 24808 INFO rally.task.runner [-] Task fcda03be-4eeb-4add-b742-165137bac60e | ITER: 39 START
2019-07-20 22:54:52.169 24808 WARNING rally_openstack.scenarios.neutron.utils [-] Running this scenario without either the 'network' or 'existing_network' context is deprecated
2019-07-20 22:54:52.467 24802 RALLYDEBUG rally_openstack.wrappers.network [-] CIDR generated: 1.1.5.104/30
2019-07-20 22:54:52.523 24838 RALLYDEBUG rally_openstack.wrappers.network [-] CIDR generated: 1.1.5.108/30
2019-07-20 22:54:52.611 24802 RALLYDEBUG rally_openstack.wrappers.network [-] CIDR generated: 1.1.5.112/30
2019-07-20 22:54:53.238 24807 INFO rally.task.runner [-] Task fcda03be-4eeb-4add-b742-165137bac60e | ITER: 8 END: OK
2019-07-20 22:54:53.242 24807 INFO rally.task.runner [-] Task fcda03be-4eeb-4add-b742-165137bac60e | ITER: 40 START
2019-07-20 22:54:53.243 24807 WARNING rally_openstack.scenarios.neutron.utils [-] Running this scenario without either the 'network' or 'existing_network' context is deprecated
2019-07-20 22:54:53.302 24830 RALLYDEBUG rally_openstack.wrappers.network [-] CIDR generated: 1.1.5.116/30
2019-07-20 22:54:53.432 24800 RALLYDEBUG rally_openstack.wrappers.network [-] CIDR generated: 1.1.5.120/30
2019-07-20 22:54:54.017 24804 RALLYDEBUG rally_openstack.wrappers.network [-] CIDR generated: 1.1.5.124/30
2019-07-20 22:54:54.275 24802 RALLYDEBUG rally_openstack.wrappers.network [-] CIDR generated: 1.1.5.128/30
2019-07-20 22:54:54.569 24801 INFO rally.task.runner [-] Task fcda03be-4eeb-4add-b742-165137bac60e | ITER: 21 END: OK
2019-07-20 22:54:54.850 24808 RALLYDEBUG rally_openstack.wrappers.network [-] CIDR generated: 1.1.5.132/30
2019-07-20 22:54:54.953 24830 RALLYDEBUG rally_openstack.wrappers.network [-] CIDR generated: 1.1.5.136/30
2019-07-20 22:54:55.317 24802 RALLYDEBUG rally_openstack.wrappers.network [-] CIDR generated: 1.1.5.140/30
2019-07-20 22:54:55.599 24807 RALLYDEBUG rally_openstack.wrappers.network [-] CIDR generated: 1.1.5.144/30
2019-07-20 22:54:56.267 24819 INFO rally.task.runner [-] Task fcda03be-4eeb-4add-b742-165137bac60e | ITER: 25 END: OK
2019-07-20 22:54:56.535 24844 INFO rally.task.runner [-] Task fcda03be-4eeb-4add-b742-165137bac60e | ITER: 22 END: OK
2019-07-20 22:54:56.706 24804 RALLYDEBUG rally_openstack.wrappers.network [-] CIDR generated: 1.1.5.148/30
2019-07-20 22:54:56.809 24808 RALLYDEBUG rally_openstack.wrappers.network [-] CIDR generated: 1.1.5.152/30
2019-07-20 22:54:57.645 24804 INFO rally.task.runner [-] Task fcda03be-4eeb-4add-b742-165137bac60e | ITER: 29 END: OK
2019-07-20 22:54:57.763 24847 INFO rally.task.runner [-] Task fcda03be-4eeb-4add-b742-165137bac60e | ITER: 23 END: OK
2019-07-20 22:54:57.785 24827 INFO rally.task.runner [-] Task fcda03be-4eeb-4add-b742-165137bac60e | ITER: 28 END: OK
2019-07-20 22:54:57.853 24813 INFO rally.task.runner [-] Task fcda03be-4eeb-4add-b742-165137bac60e | ITER: 27 END: OK
2019-07-20 22:54:58.360 24833 INFO rally.task.runner [-] Task fcda03be-4eeb-4add-b742-165137bac60e | ITER: 24 END: OK
2019-07-20 22:54:58.373 24801 INFO rally.task.runner [-] Task fcda03be-4eeb-4add-b742-165137bac60e | ITER: 31 END: OK
2019-07-20 22:54:58.802 24807 RALLYDEBUG rally_openstack.wrappers.network [-] CIDR generated: 1.1.5.156/30
2019-07-20 22:54:59.356 24838 INFO rally.task.runner [-] Task fcda03be-4eeb-4add-b742-165137bac60e | ITER: 34 END: OK
2019-07-20 22:54:59.359 24802 INFO rally.task.runner [-] Task fcda03be-4eeb-4add-b742-165137bac60e | ITER: 37 END: OK
2019-07-20 22:54:59.585 24800 INFO rally.task.runner [-] Task fcda03be-4eeb-4add-b742-165137bac60e | ITER: 33 END: OK
2019-07-20 22:54:59.632 24815 INFO rally.task.runner [-] Task fcda03be-4eeb-4add-b742-165137bac60e | ITER: 26 END: OK
2019-07-20 22:54:59.777 24800 INFO rally.task.runner [-] Task fcda03be-4eeb-4add-b742-165137bac60e | ITER: 32 END: OK
2019-07-20 22:55:00.078 24836 INFO rally.task.runner [-] Task fcda03be-4eeb-4add-b742-165137bac60e | ITER: 30 END: OK
2019-07-20 22:55:01.259 24830 INFO rally.task.runner [-] Task fcda03be-4eeb-4add-b742-165137bac60e | ITER: 38 END: OK
2019-07-20 22:55:01.342 24802 INFO rally.task.runner [-] Task fcda03be-4eeb-4add-b742-165137bac60e | ITER: 35 END: OK
2019-07-20 22:55:02.334 24808 INFO rally.task.runner [-] Task fcda03be-4eeb-4add-b742-165137bac60e | ITER: 39 END: OK
2019-07-20 22:55:02.520 24804 INFO rally.task.runner [-] Task fcda03be-4eeb-4add-b742-165137bac60e | ITER: 36 END: OK
2019-07-20 22:55:04.340 24807 INFO rally.task.runner [-] Task fcda03be-4eeb-4add-b742-165137bac60e | ITER: 40 END: OK
2019-07-20 22:55:04.363 22706 INFO rally.task.context [-] Task fcda03be-4eeb-4add-b742-165137bac60e | Context cleanup@openstack cleanup() started
2019-07-20 22:55:04.366 22706 RALLYDEBUG rally_openstack.cleanup.manager [-] Cleaning up neutron vip objects
2019-07-20 22:55:05.129 22706 RALLYDEBUG rally_openstack.cleanup.manager [-] Cleaning up neutron health_monitor objects
2019-07-20 22:55:05.865 22706 RALLYDEBUG rally_openstack.cleanup.manager [-] Cleaning up neutron pool objects
2019-07-20 22:55:06.593 22706 RALLYDEBUG rally_openstack.cleanup.manager [-] Cleaning up neutron loadbalancer objects
2019-07-20 22:55:07.240 22706 RALLYDEBUG rally_openstack.cleanup.manager [-] Cleaning up neutron floatingip objects
2019-07-20 22:55:07.945 22706 RALLYDEBUG rally_openstack.cleanup.manager [-] Cleaning up neutron port objects
2019-07-20 22:55:08.942 22706 RALLYDEBUG rally_openstack.cleanup.manager [-] Cleaning up neutron subnet objects
2019-07-20 22:55:09.724 22706 RALLYDEBUG rally_openstack.cleanup.manager [-] Cleaning up neutron network objects
2019-07-20 22:55:10.553 22706 RALLYDEBUG rally_openstack.cleanup.manager [-] Deleting neutron.network object s_rally_9d5b75f1_BjVlvOQF (01df1f5d-f3c1-4429-99f2-5e1891c90c98)
2019-07-20 22:55:10.560 22706 RALLYDEBUG rally_openstack.cleanup.manager [-] Deleting neutron.network object s_rally_9d5b75f1_4UFKNScY (0e0288c0-6397-4519-a393-3f2542218c8d)
2019-07-20 22:55:10.565 22706 RALLYDEBUG rally_openstack.cleanup.manager [-] Deleting neutron.network object s_rally_9d5b75f1_IIByCAKf (12a938b0-f7ca-4465-aed0-282c7ea31038)
2019-07-20 22:55:10.575 22706 RALLYDEBUG rally_openstack.cleanup.manager [-] Deleting neutron.network object s_rally_9d5b75f1_BWv38TP0 (147151f6-7261-4117-a46a-f7c60e1b89c5)
2019-07-20 22:55:10.585 22706 RALLYDEBUG rally_openstack.cleanup.manager [-] Deleting neutron.network object s_rally_9d5b75f1_jVbAxaVq (1d9d59d6-6551-4ef4-9a84-3742e95a4f2e)
2019-07-20 22:55:10.602 22706 RALLYDEBUG rally_openstack.cleanup.manager [-] Deleting neutron.network object s_rally_9d5b75f1_UOwxAjTt (1e3e0db5-4196-4d81-87f1-64cdbe698e5d)
2019-07-20 22:55:10.612 22706 RALLYDEBUG rally_openstack.cleanup.manager [-] Deleting neutron.network object s_rally_9d5b75f1_UavrzDZ9 (210ef39e-f206-41a5-bb50-4a69731b1955)
2019-07-20 22:55:10.613 22706 RALLYDEBUG rally_openstack.cleanup.manager [-] Deleting neutron.network object s_rally_9d5b75f1_Q0lf83ss (1ee4c59e-ceac-4885-8b2d-c3418680c224)
2019-07-20 22:55:10.631 22706 RALLYDEBUG rally_openstack.cleanup.manager [-] Deleting neutron.network object s_rally_9d5b75f1_emcfwPIO (25968109-74b7-404e-8e79-cccf700b8192)
2019-07-20 22:55:10.648 22706 RALLYDEBUG rally_openstack.cleanup.manager [-] Deleting neutron.network object s_rally_9d5b75f1_3aNqA9SO (35b6621a-b4ea-466a-b24b-d2b29cfcac70)
2019-07-20 22:55:10.665 22706 RALLYDEBUG rally_openstack.cleanup.manager [-] Deleting neutron.network object s_rally_9d5b75f1_KtN9V8R1 (366217b4-3961-42cb-ac8b-c826c3519887)
2019-07-20 22:55:10.673 22706 RALLYDEBUG rally_openstack.cleanup.manager [-] Deleting neutron.network object s_rally_9d5b75f1_J4Q6Wfio (40041f52-5673-40b4-9b85-ecba0b1bf0e0)
2019-07-20 22:55:10.695 22706 RALLYDEBUG rally_openstack.cleanup.manager [-] Deleting neutron.network object s_rally_9d5b75f1_G7TpYCuB (40899430-2194-4271-b892-ea2622fa70e1)
2019-07-20 22:55:10.714 22706 RALLYDEBUG rally_openstack.cleanup.manager [-] Deleting neutron.network object s_rally_9d5b75f1_nIhTaj7M (75f238ca-68f2-48d3-9a07-f7f9ecfe15af)
2019-07-20 22:55:10.716 22706 RALLYDEBUG rally_openstack.cleanup.manager [-] Deleting neutron.network object s_rally_9d5b75f1_kn7q39dk (6ee3de70-9691-4dae-810e-ef373021e01a)
2019-07-20 22:55:10.720 22706 RALLYDEBUG rally_openstack.cleanup.manager [-] Deleting neutron.network object s_rally_9d5b75f1_DS7cBhl2 (78bffd07-1a6c-4dbe-975b-bfc91ceb9907)
2019-07-20 22:55:10.746 22706 RALLYDEBUG rally_openstack.cleanup.manager [-] Deleting neutron.network object s_rally_9d5b75f1_y4AW2AEz (8992d71e-887b-49db-beb1-ae058225d07d)
2019-07-20 22:55:10.759 22706 RALLYDEBUG rally_openstack.cleanup.manager [-] Deleting neutron.network object s_rally_9d5b75f1_3ga1pUSP (8a24e400-965e-486b-b739-8037ffdd431a)
2019-07-20 22:55:10.775 22706 RALLYDEBUG rally_openstack.cleanup.manager [-] Deleting neutron.network object s_rally_9d5b75f1_UOZjDtmV (84293f16-c527-459f-9baa-7e57e643f126)
2019-07-20 22:55:10.776 22706 RALLYDEBUG rally_openstack.cleanup.manager [-] Deleting neutron.network object s_rally_9d5b75f1_SzW2YkHQ (8af5319c-5cdc-47b1-8a4b-ed925a94f3bb)
2019-07-20 22:55:13.956 22706 RALLYDEBUG rally_openstack.cleanup.manager [-] Deleting neutron.network object s_rally_9d5b75f1_GETGfhuX (8cc556b2-8f8a-49f6-847e-546a41b18b82)
2019-07-20 22:55:14.161 22706 RALLYDEBUG rally_openstack.cleanup.manager [-] Deleting neutron.network object s_rally_9d5b75f1_qL6kaFcQ (93ce8815-fa83-4e90-8221-fe19b68979fc)
2019-07-20 22:55:14.249 22706 RALLYDEBUG rally_openstack.cleanup.manager [-] Deleting neutron.network object s_rally_9d5b75f1_JnQpmX4p (9692aca8-3542-43cc-a455-2beca97e2482)
2019-07-20 22:55:14.840 22706 RALLYDEBUG rally_openstack.cleanup.manager [-] Deleting neutron.network object s_rally_9d5b75f1_3crXNZKh (98a66259-bbda-45d2-b58a-9b5154b48cf1)
2019-07-20 22:55:15.008 22706 RALLYDEBUG rally_openstack.cleanup.manager [-] Deleting neutron.network object s_rally_9d5b75f1_wRF48Omm (9a31b820-fbe7-481f-8abf-7eca493c2d3e)
2019-07-20 22:55:15.068 22706 RALLYDEBUG rally_openstack.cleanup.manager [-] Deleting neutron.network object s_rally_9d5b75f1_vWUhDWQL (9bb5381c-34b4-4ae4-a55e-d656c77f78ae)
2019-07-20 22:55:15.129 22706 RALLYDEBUG rally_openstack.cleanup.manager [-] Deleting neutron.network object s_rally_9d5b75f1_mhC9eK8g (9c676365-b9a2-4c6b-9380-a54f3c517ff9)
2019-07-20 22:55:15.198 22706 RALLYDEBUG rally_openstack.cleanup.manager [-] Deleting neutron.network object s_rally_9d5b75f1_KRfl7eRO (9d415716-b51d-48af-a492-73248a20140c)
2019-07-20 22:55:15.812 22706 RALLYDEBUG rally_openstack.cleanup.manager [-] Deleting neutron.network object s_rally_9d5b75f1_E2z7fV76 (ac0f4a03-554a-4140-89fc-24aa52a4ef8c)
2019-07-20 22:55:15.856 22706 RALLYDEBUG rally_openstack.cleanup.manager [-] Deleting neutron.network object s_rally_9d5b75f1_9okvK3RT (b1af754e-8c03-4466-9cbe-85845fe32e65)
2019-07-20 22:55:15.943 22706 RALLYDEBUG rally_openstack.cleanup.manager [-] Deleting neutron.network object s_rally_9d5b75f1_PuArkWnp (b8077aab-0a4f-4130-bb56-2f27e6c30fd5)
2019-07-20 22:55:16.018 22706 RALLYDEBUG rally_openstack.cleanup.manager [-] Deleting neutron.network object s_rally_9d5b75f1_zu9pXdqP (bbef0d14-8865-4696-9e6a-2bec0b459bef)
2019-07-20 22:55:16.095 22706 RALLYDEBUG rally_openstack.cleanup.manager [-] Deleting neutron.network object s_rally_9d5b75f1_EiNk2bvQ (c9a5ed1a-2807-4e3d-81c3-a85ab4ec751c)
2019-07-20 22:55:16.214 22706 RALLYDEBUG rally_openstack.cleanup.manager [-] Deleting neutron.network object s_rally_9d5b75f1_esJ2s1B2 (d5adebd3-0178-40db-94a7-bf2320819069)
2019-07-20 22:55:16.217 22706 RALLYDEBUG rally_openstack.cleanup.manager [-] Deleting neutron.network object s_rally_9d5b75f1_FuSH1Far (dfb3b575-553e-46a9-857e-1aaeb494f250)
2019-07-20 22:55:16.331 22706 RALLYDEBUG rally_openstack.cleanup.manager [-] Deleting neutron.network object s_rally_9d5b75f1_w4qF6CMw (e2b13ea2-71ef-4778-8ae8-4e8721d84c65)
2019-07-20 22:55:16.360 22706 RALLYDEBUG rally_openstack.cleanup.manager [-] Deleting neutron.network object s_rally_9d5b75f1_j5uJOx61 (e501db4f-524d-499b-92da-3fa2274a984c)
2019-07-20 22:55:16.529 22706 RALLYDEBUG rally_openstack.cleanup.manager [-] Deleting neutron.network object s_rally_9d5b75f1_jUafpUEB (ebe3b5e3-9b77-4e9f-ba54-d59ebf6ed038)
2019-07-20 22:55:16.547 22706 RALLYDEBUG rally_openstack.cleanup.manager [-] Deleting neutron.network object s_rally_9d5b75f1_7nYIxsA6 (f7b52dc3-c0ba-4ce7-b304-6c6cd45fd72a)
2019-07-20 22:55:16.549 22706 RALLYDEBUG rally_openstack.cleanup.manager [-] Deleting neutron.network object s_rally_9d5b75f1_OBNUaYr8 (f97dc986-b820-41ca-98d3-8d4ccb68f569)
2019-07-20 22:55:20.989 22706 RALLYDEBUG rally_openstack.cleanup.manager [-] Cleaning up neutron router objects
2019-07-20 22:55:21.779 22706 RALLYDEBUG rally_openstack.cleanup.manager [-] Cleaning up neutron security_group objects
2019-07-20 22:55:22.593 22706 INFO rally.task.context [-] Task fcda03be-4eeb-4add-b742-165137bac60e | Context cleanup@openstack cleanup() finished in 18.23 sec
2019-07-20 22:55:22.593 22706 INFO rally.task.context [-] Task fcda03be-4eeb-4add-b742-165137bac60e | Context quotas@openstack cleanup() started
2019-07-20 22:55:22.927 22706 INFO rally.task.context [-] Task fcda03be-4eeb-4add-b742-165137bac60e | Context quotas@openstack cleanup() finished in 0.33 sec
2019-07-20 22:55:22.927 22706 INFO rally.task.context [-] Task fcda03be-4eeb-4add-b742-165137bac60e | Context users@openstack cleanup() started
2019-07-20 22:55:28.427 22706 INFO rally.task.context [-] Task fcda03be-4eeb-4add-b742-165137bac60e | Context users@openstack cleanup() finished in 5.50 sec
2019-07-20 22:55:29.011 22706 INFO rally.task.engine [-] Load duration is: 32.229583
2019-07-20 22:55:29.012 22706 INFO rally.task.engine [-] Full runner duration is: 32.273047
2019-07-20 22:55:29.012 22706 INFO rally.task.engine [-] Full duration is: 61.880491
2019-07-20 22:55:29.277 22706 INFO rally.task.engine [-] Running workload: position = 0 config = { "version": 2, "title": "A cropped version of a bigger task.", "description": "Auto-generated task from a single workload (uuid=33498628-603c-480e-bc91-d37239ac3c25)", "subtasks": [ { "title": "NeutronNetworks.create_and_list_routers", "description": "Create and a given number of routers and list all routers.", "scenario": { "NeutronNetworks.create_and_list_routers": { "network_create_args": null, "subnet_create_args": null, "subnet_cidr_start": "1.1.0.0/30", "subnets_per_network": 2, "router_create_args": null } }, "contexts": { "users": { "tenants": 1, "users_per_tenant": 1 }, "quotas": { "neutron": { "network": -1, "subnet": -1, "router": -1 } } }, "runner": { "constant": { "times": 40, "concurrency": 20 } }, "hooks": [], "sla": { "failure_rate": { "max": 0 } } } ] }
2019-07-20 22:55:29.300 22706 RALLYDEBUG rally_openstack.contexts.keystone.users [-] Creating 1 tenants using 20 threads
2019-07-20 22:55:31.212 22706 RALLYDEBUG rally_openstack.contexts.keystone.users [-] Creating 1 users using 20 threads
2019-07-20 22:55:34.181 22706 INFO rally.task.context [-] Task fcda03be-4eeb-4add-b742-165137bac60e | Context users@openstack setup() finished in 4.88 sec
2019-07-20 22:55:35.010 22706 INFO rally.task.context [-] Task fcda03be-4eeb-4add-b742-165137bac60e | Context quotas@openstack setup() finished in 0.83 sec
2019-07-20 22:55:35.011 22706 INFO rally.task.context [-] Task fcda03be-4eeb-4add-b742-165137bac60e | Context cleanup@openstack setup() finished in 0.00 msec
2019-07-20 22:55:35.016 22706 RALLYDEBUG rally.task.runner [-] Starting the constant runner (task UUID: fcda03be-4eeb-4add-b742-165137bac60e). timeout: 0 concurrency: 20 concurrency_per_worker: 1 times: 40 concurrency_overhead: 4 processes_to_start: 16 max_cpu_used: 16
2019-07-20 22:55:35.028 25170 RALLYDEBUG rally.task.runner [-] Starting a worker. concurrency: 2 args: {"network_create_args": null, "subnet_create_args": null, "subnet_cidr_start": "1.1.0.0/30", "subnets_per_network": 2, "router_create_args": null} times: 40 method_name: run timeout: 0 duration: None cls:
2019-07-20 22:55:35.031 25171 RALLYDEBUG rally.task.runner [-] Starting a worker. concurrency: 2 args: {"network_create_args": null, "subnet_create_args": null, "subnet_cidr_start": "1.1.0.0/30", "subnets_per_network": 2, "router_create_args": null} times: 40 method_name: run timeout: 0 duration: None cls:
2019-07-20 22:55:35.034 25172 RALLYDEBUG rally.task.runner [-] Starting a worker. concurrency: 2 args: {"network_create_args": null, "subnet_create_args": null, "subnet_cidr_start": "1.1.0.0/30", "subnets_per_network": 2, "router_create_args": null} times: 40 method_name: run timeout: 0 duration: None cls:
2019-07-20 22:55:35.034 25173 RALLYDEBUG rally.task.runner [-] Starting a worker. concurrency: 2 args: {"network_create_args": null, "subnet_create_args": null, "subnet_cidr_start": "1.1.0.0/30", "subnets_per_network": 2, "router_create_args": null} times: 40 method_name: run timeout: 0 duration: None cls:
2019-07-20 22:55:35.035 25170 INFO rally.task.runner [-] Task fcda03be-4eeb-4add-b742-165137bac60e | ITER: 1 START
2019-07-20 22:55:35.038 25171 INFO rally.task.runner [-] Task fcda03be-4eeb-4add-b742-165137bac60e | ITER: 2 START
2019-07-20 22:55:35.040 25174 RALLYDEBUG rally.task.runner [-] Starting a worker. concurrency: 1 args: {"network_create_args": null, "subnet_create_args": null, "subnet_cidr_start": "1.1.0.0/30", "subnets_per_network": 2, "router_create_args": null} times: 40 method_name: run timeout: 0 duration: None cls:
2019-07-20 22:55:35.040 25175 RALLYDEBUG rally.task.runner [-] Starting a worker. concurrency: 1 args: {"network_create_args": null, "subnet_create_args": null, "subnet_cidr_start": "1.1.0.0/30", "subnets_per_network": 2, "router_create_args": null} times: 40 method_name: run timeout: 0 duration: None cls:
2019-07-20 22:55:35.043 25173 INFO rally.task.runner [-] Task fcda03be-4eeb-4add-b742-165137bac60e | ITER: 7 START
2019-07-20 22:55:35.043 25170 INFO rally.task.runner [-] Task fcda03be-4eeb-4add-b742-165137bac60e | ITER: 3 START
2019-07-20 22:55:35.043 25178 RALLYDEBUG rally.task.runner [-] Starting a worker. concurrency: 1 args: {"network_create_args": null, "subnet_create_args": null, "subnet_cidr_start": "1.1.0.0/30", "subnets_per_network": 2, "router_create_args": null} times: 40 method_name: run timeout: 0 duration: None cls:
2019-07-20 22:55:35.045 25172 INFO rally.task.runner [-] Task fcda03be-4eeb-4add-b742-165137bac60e | ITER: 4 START
2019-07-20 22:55:35.045 25180 RALLYDEBUG rally.task.runner [-] Starting a worker. concurrency: 1 args: {"network_create_args": null, "subnet_create_args": null, "subnet_cidr_start": "1.1.0.0/30", "subnets_per_network": 2, "router_create_args": null} times: 40 method_name: run timeout: 0 duration: None cls:
2019-07-20 22:55:35.047 25174 INFO rally.task.runner [-] Task fcda03be-4eeb-4add-b742-165137bac60e | ITER: 9 START
2019-07-20 22:55:35.049 25178 INFO rally.task.runner [-] Task fcda03be-4eeb-4add-b742-165137bac60e | ITER: 11 START
2019-07-20 22:55:35.049 25183 RALLYDEBUG rally.task.runner [-] Starting a worker. concurrency: 1 args: {"network_create_args": null, "subnet_create_args": null, "subnet_cidr_start": "1.1.0.0/30", "subnets_per_network": 2, "router_create_args": null} times: 40 method_name: run timeout: 0 duration: None cls:
2019-07-20 22:55:35.043 25173 INFO rally.task.runner [-] Task fcda03be-4eeb-4add-b742-165137bac60e | ITER: 5 START
2019-07-20 22:55:35.051 25171 INFO rally.task.runner [-] Task fcda03be-4eeb-4add-b742-165137bac60e | ITER: 6 START
2019-07-20 22:55:35.054 25180 INFO rally.task.runner [-] Task fcda03be-4eeb-4add-b742-165137bac60e | ITER: 12 START
2019-07-20 22:55:35.055 25175 INFO rally.task.runner [-] Task fcda03be-4eeb-4add-b742-165137bac60e | ITER: 10 START
2019-07-20 22:55:35.054 25192 RALLYDEBUG rally.task.runner [-] Starting a worker. concurrency: 1 args: {"network_create_args": null, "subnet_create_args": null, "subnet_cidr_start": "1.1.0.0/30", "subnets_per_network": 2, "router_create_args": null} times: 40 method_name: run timeout: 0 duration: None cls:
2019-07-20 22:55:35.054 25190 RALLYDEBUG rally.task.runner [-] Starting a worker. concurrency: 1 args: {"network_create_args": null, "subnet_create_args": null, "subnet_cidr_start": "1.1.0.0/30", "subnets_per_network": 2, "router_create_args": null} times: 40 method_name: run timeout: 0 duration: None cls:
2019-07-20 22:55:35.055 25172 INFO rally.task.runner [-] Task fcda03be-4eeb-4add-b742-165137bac60e | ITER: 8 START
2019-07-20 22:55:35.056 25183 INFO rally.task.runner [-] Task fcda03be-4eeb-4add-b742-165137bac60e | ITER: 13 START
2019-07-20 22:55:35.058 25200 RALLYDEBUG rally.task.runner [-] Starting a worker. concurrency: 1 args: {"network_create_args": null, "subnet_create_args": null, "subnet_cidr_start": "1.1.0.0/30", "subnets_per_network": 2, "router_create_args": null} times: 40 method_name: run timeout: 0 duration: None cls:
2019-07-20 22:55:35.061 25202 RALLYDEBUG rally.task.runner [-] Starting a worker. concurrency: 1 args: {"network_create_args": null, "subnet_create_args": null, "subnet_cidr_start": "1.1.0.0/30", "subnets_per_network": 2, "router_create_args": null} times: 40 method_name: run timeout: 0 duration: None cls:
2019-07-20 22:55:35.063 25190 INFO rally.task.runner [-] Task fcda03be-4eeb-4add-b742-165137bac60e | ITER: 15 START
2019-07-20 22:55:35.064 25200 INFO rally.task.runner [-] Task fcda03be-4eeb-4add-b742-165137bac60e | ITER: 16 START
2019-07-20 22:55:35.063 25197 RALLYDEBUG rally.task.runner [-] Starting a worker. concurrency: 1 args: {"network_create_args": null, "subnet_create_args": null, "subnet_cidr_start": "1.1.0.0/30", "subnets_per_network": 2, "router_create_args": null} times: 40 method_name: run timeout: 0 duration: None cls:
2019-07-20 22:55:35.064 25192 INFO rally.task.runner [-] Task fcda03be-4eeb-4add-b742-165137bac60e | ITER: 14 START
2019-07-20 22:55:35.065 25206 RALLYDEBUG rally.task.runner [-] Starting a worker. concurrency: 1 args: {"network_create_args": null, "subnet_create_args": null, "subnet_cidr_start": "1.1.0.0/30", "subnets_per_network": 2, "router_create_args": null} times: 40 method_name: run timeout: 0 duration: None cls:
2019-07-20 22:55:35.068 25202 INFO rally.task.runner [-] Task fcda03be-4eeb-4add-b742-165137bac60e | ITER: 17 START
2019-07-20 22:55:35.074 25213 RALLYDEBUG rally.task.runner [-] Starting a worker. concurrency: 1 args: {"network_create_args": null, "subnet_create_args": null, "subnet_cidr_start": "1.1.0.0/30", "subnets_per_network": 2, "router_create_args": null} times: 40 method_name: run timeout: 0 duration: None cls:
2019-07-20 22:55:35.076 25206 INFO rally.task.runner [-] Task fcda03be-4eeb-4add-b742-165137bac60e | ITER: 19 START
2019-07-20 22:55:35.077 25197 INFO rally.task.runner [-] Task fcda03be-4eeb-4add-b742-165137bac60e | ITER: 18 START
2019-07-20 22:55:35.080 25213 INFO rally.task.runner [-] Task fcda03be-4eeb-4add-b742-165137bac60e | ITER: 20 START
2019-07-20 22:55:37.708 25202 RALLYDEBUG rally_openstack.wrappers.network [-] CIDR generated: 1.1.5.160/30
2019-07-20 22:55:37.749 25183 RALLYDEBUG rally_openstack.wrappers.network [-] CIDR generated: 1.1.5.164/30
2019-07-20 22:55:37.756 25174 RALLYDEBUG rally_openstack.wrappers.network [-] CIDR generated: 1.1.5.168/30
2019-07-20 22:55:37.779 25200 RALLYDEBUG rally_openstack.wrappers.network [-] CIDR generated: 1.1.5.172/30
2019-07-20 22:55:37.839 25172 RALLYDEBUG rally_openstack.wrappers.network [-] CIDR generated: 1.1.5.176/30
2019-07-20 22:55:37.977 25206 RALLYDEBUG rally_openstack.wrappers.network [-] CIDR generated: 1.1.5.180/30
2019-07-20 22:55:38.376 25171 RALLYDEBUG rally_openstack.wrappers.network [-] CIDR generated: 1.1.5.184/30
2019-07-20 22:55:38.450 25170 RALLYDEBUG rally_openstack.wrappers.network [-] CIDR generated: 1.1.5.188/30
2019-07-20 22:55:38.509 25171 RALLYDEBUG rally_openstack.wrappers.network [-] CIDR generated: 1.1.5.192/30
2019-07-20 22:55:38.575 25170 RALLYDEBUG rally_openstack.wrappers.network [-] CIDR generated: 1.1.5.196/30
2019-07-20 22:55:38.832 25197 RALLYDEBUG rally_openstack.wrappers.network [-] CIDR generated: 1.1.5.200/30
2019-07-20 22:55:38.870 25175 RALLYDEBUG rally_openstack.wrappers.network [-] CIDR generated: 1.1.5.204/30
2019-07-20 22:55:38.968 25173 RALLYDEBUG rally_openstack.wrappers.network [-] CIDR generated: 1.1.5.208/30
2019-07-20 22:55:39.177 25172 RALLYDEBUG rally_openstack.wrappers.network [-] CIDR generated: 1.1.5.212/30
2019-07-20 22:55:39.479 25173 RALLYDEBUG rally_openstack.wrappers.network [-] CIDR generated: 1.1.5.216/30
2019-07-20 22:55:39.563 25213 RALLYDEBUG rally_openstack.wrappers.network [-] CIDR generated: 1.1.5.220/30
2019-07-20 22:55:39.577 25192 RALLYDEBUG rally_openstack.wrappers.network [-] CIDR generated: 1.1.5.224/30
2019-07-20 22:55:39.815 25183 RALLYDEBUG rally_openstack.wrappers.network [-] CIDR generated: 1.1.5.228/30
2019-07-20 22:55:39.893 25190 RALLYDEBUG rally_openstack.wrappers.network [-] CIDR generated: 1.1.5.232/30
2019-07-20 22:55:39.900 25178 RALLYDEBUG rally_openstack.wrappers.network [-] CIDR generated: 1.1.5.236/30
2019-07-20 22:55:40.232 25180 RALLYDEBUG rally_openstack.wrappers.network [-] CIDR generated: 1.1.5.240/30
2019-07-20 22:55:40.270 25174 RALLYDEBUG rally_openstack.wrappers.network [-] CIDR generated: 1.1.5.244/30
2019-07-20 22:55:40.354 25172 RALLYDEBUG rally_openstack.wrappers.network [-] CIDR generated: 1.1.5.248/30
2019-07-20 22:55:40.451 25206 RALLYDEBUG rally_openstack.wrappers.network [-] CIDR generated: 1.1.5.252/30
2019-07-20 22:55:40.629 25200 RALLYDEBUG rally_openstack.wrappers.network [-] CIDR generated: 1.1.6.0/30
2019-07-20 22:55:40.684 25202 RALLYDEBUG rally_openstack.wrappers.network [-] CIDR generated: 1.1.6.4/30
2019-07-20 22:55:40.778 25171 RALLYDEBUG rally_openstack.wrappers.network [-] CIDR generated: 1.1.6.8/30
2019-07-20 22:55:40.989 25170 RALLYDEBUG rally_openstack.wrappers.network [-] CIDR generated: 1.1.6.12/30
2019-07-20 22:55:41.211 25171 RALLYDEBUG rally_openstack.wrappers.network [-] CIDR generated: 1.1.6.16/30
2019-07-20 22:55:41.614 25175 RALLYDEBUG rally_openstack.wrappers.network [-] CIDR generated: 1.1.6.20/30
2019-07-20 22:55:41.683 25170 RALLYDEBUG rally_openstack.wrappers.network [-] CIDR generated: 1.1.6.24/30
2019-07-20 22:55:41.833 25173 RALLYDEBUG rally_openstack.wrappers.network [-] CIDR generated: 1.1.6.28/30
2019-07-20 22:55:41.870 25197 RALLYDEBUG rally_openstack.wrappers.network [-] CIDR generated: 1.1.6.32/30
2019-07-20 22:55:42.036 25173 RALLYDEBUG rally_openstack.wrappers.network [-] CIDR generated: 1.1.6.36/30
2019-07-20 22:55:42.122 25172 RALLYDEBUG rally_openstack.wrappers.network [-] CIDR generated: 1.1.6.40/30
2019-07-20 22:55:42.612 25213 RALLYDEBUG rally_openstack.wrappers.network [-] CIDR generated: 1.1.6.44/30
2019-07-20 22:55:42.658 25190 RALLYDEBUG rally_openstack.wrappers.network [-] CIDR generated: 1.1.6.48/30
2019-07-20 22:55:42.701 25178 RALLYDEBUG rally_openstack.wrappers.network [-] CIDR generated: 1.1.6.52/30
2019-07-20 22:55:42.982 25192 RALLYDEBUG rally_openstack.wrappers.network [-] CIDR generated: 1.1.6.56/30
2019-07-20 22:55:44.148 25180 RALLYDEBUG rally_openstack.wrappers.network [-] CIDR generated: 1.1.6.60/30
2019-07-20 22:55:53.247 25174 INFO rally.task.runner [-] Task fcda03be-4eeb-4add-b742-165137bac60e | ITER: 9 END: OK
2019-07-20 22:55:53.251 25174 INFO rally.task.runner [-] Task fcda03be-4eeb-4add-b742-165137bac60e | ITER: 21 START
2019-07-20 22:55:53.584 25175 INFO rally.task.runner [-] Task fcda03be-4eeb-4add-b742-165137bac60e | ITER: 10 END: OK
2019-07-20 22:55:53.588 25175 INFO rally.task.runner [-] Task fcda03be-4eeb-4add-b742-165137bac60e | ITER: 22 START
2019-07-20 22:55:53.614 25171 INFO rally.task.runner [-] Task fcda03be-4eeb-4add-b742-165137bac60e | ITER: 2 END: OK
2019-07-20 22:55:53.618 25171 INFO rally.task.runner [-] Task fcda03be-4eeb-4add-b742-165137bac60e | ITER: 23 START
2019-07-20 22:55:54.361 25190 INFO rally.task.runner [-] Task fcda03be-4eeb-4add-b742-165137bac60e | ITER: 15 END: OK
2019-07-20 22:55:54.365 25190 INFO rally.task.runner [-] Task fcda03be-4eeb-4add-b742-165137bac60e | ITER: 24 START
2019-07-20 22:55:54.823 25170 INFO rally.task.runner [-] Task fcda03be-4eeb-4add-b742-165137bac60e | ITER: 3 END: OK
2019-07-20 22:55:54.826 25170 INFO rally.task.runner [-] Task fcda03be-4eeb-4add-b742-165137bac60e | ITER: 25 START
2019-07-20 22:55:55.053 25170 INFO rally.task.runner [-] Task fcda03be-4eeb-4add-b742-165137bac60e | ITER: 1 END: OK
2019-07-20 22:55:55.056 25170 INFO rally.task.runner [-] Task fcda03be-4eeb-4add-b742-165137bac60e | ITER: 26 START
