2019-07-20 23:04:25.237 22706 RALLYDEBUG rally_openstack.cleanup.manager [-] Deleting neutron.port object s_rally_8f19a346_Pj5tDrt7 (e3c97edf-9890-4a20-8884-eb3b3bdd1367)
2019-07-20 23:04:25.453 22706 RALLYDEBUG rally_openstack.cleanup.manager [-] Deleting neutron.port object s_rally_8f19a346_OzjBLvHC (e47295fe-deb1-42b3-8133-9b30e11fa59f)
2019-07-20 23:04:25.711 22706 RALLYDEBUG rally_openstack.cleanup.manager [-] Deleting neutron.port object s_rally_8f19a346_zj7KMbMf (e4e670e1-231a-4866-9bc5-bcbcb2adfc0f)
2019-07-20 23:04:25.743 22706 RALLYDEBUG rally_openstack.cleanup.manager [-] Deleting neutron.port object s_rally_8f19a346_1G2IFxSE (e5dd8dea-bb4b-4722-b7b8-5489b67f0d55)
2019-07-20 23:04:26.052 22706 RALLYDEBUG rally_openstack.cleanup.manager [-] Deleting neutron.port object s_rally_8f19a346_K3l0OeQl (e5f0882e-5ffb-4af5-b247-d4c8199405d6)
2019-07-20 23:04:26.238 22706 RALLYDEBUG rally_openstack.cleanup.manager [-] Deleting neutron.port object s_rally_8f19a346_W4Bli0vy (e6561e78-0a54-4794-8fd2-d9d53830356a)
2019-07-20 23:04:26.266 22706 RALLYDEBUG rally_openstack.cleanup.manager [-] Deleting neutron.port object s_rally_8f19a346_h1ZCigWf (e69ce0ae-6ebe-4003-93a3-759fcb5a4b63)
2019-07-20 23:04:26.329 22706 RALLYDEBUG rally_openstack.cleanup.manager [-] Deleting neutron.port object s_rally_8f19a346_z4QAUtAa (e7a0a522-099d-4d7c-a3d6-f99427a2cdb2)
2019-07-20 23:04:26.446 22706 RALLYDEBUG rally_openstack.cleanup.manager [-] Deleting neutron.port object s_rally_8f19a346_E651HsfC (e7a42e9b-c49c-4814-8477-427767e5bcfa)
2019-07-20 23:04:26.620 22706 RALLYDEBUG rally_openstack.cleanup.manager [-] Deleting neutron.port object s_rally_8f19a346_GghofRdL (e80f8774-f37e-4792-9fac-8460c6331c28)
2019-07-20 23:04:26.658 22706 RALLYDEBUG rally_openstack.cleanup.manager [-] Deleting neutron.port object s_rally_8f19a346_AfcyIRiu (e836b16c-9ec4-4879-93b9-e2795731adc5)
2019-07-20 23:04:26.850 22706 RALLYDEBUG rally_openstack.cleanup.manager [-] Deleting neutron.port object s_rally_8f19a346_vKha4hYr (e83d206a-1ed9-4b49-aa29-4550804871b2)
2019-07-20 23:04:27.141 22706 RALLYDEBUG rally_openstack.cleanup.manager [-] Deleting neutron.port object s_rally_8f19a346_BBkLE0HJ (e873e36b-9104-43d0-882d-02c784b63b52)
2019-07-20 23:04:27.220 22706 RALLYDEBUG rally_openstack.cleanup.manager [-] Deleting neutron.port object s_rally_8f19a346_iVyOcEas (e875fe5e-e42a-44aa-a4d5-e7be56436d44)
2019-07-20 23:04:27.403 22706 RALLYDEBUG rally_openstack.cleanup.manager [-] Deleting neutron.port object s_rally_8f19a346_gZUwtniA (e8882fe2-0df4-4b60-aad4-a196faaa897c)
2019-07-20 23:04:27.519 22706 RALLYDEBUG rally_openstack.cleanup.manager [-] Deleting neutron.port object s_rally_8f19a346_bvzB1OKQ (e9b83fb8-d7f3-41f5-b38e-7bbb2b54bafc)
2019-07-20 23:04:27.693 22706 RALLYDEBUG rally_openstack.cleanup.manager [-] Deleting neutron.port object s_rally_8f19a346_s0GL8O7O (ea61c2f2-ecf9-44d0-99e5-9e42be31646f)
2019-07-20 23:04:27.776 22706 RALLYDEBUG rally_openstack.cleanup.manager [-] Deleting neutron.port object s_rally_8f19a346_pppoaZ4l (ea766a9a-b707-46c6-af26-187b92dd5b5b)
2019-07-20 23:04:27.865 22706 RALLYDEBUG rally_openstack.cleanup.manager [-] Deleting neutron.port object s_rally_8f19a346_3rqsCqcQ (ea7759e8-a7e6-4f36-bdf8-3f4fb179c1c9)
2019-07-20 23:04:27.915 22706 RALLYDEBUG rally_openstack.cleanup.manager [-] Deleting neutron.port object s_rally_8f19a346_mdMCIn00 (eaa8cfc1-1915-4729-955a-ebf0c8f212b7)
2019-07-20 23:04:27.987 22706 RALLYDEBUG rally_openstack.cleanup.manager [-] Deleting neutron.port object s_rally_8f19a346_l52VATjY (ec3db809-0255-412a-8170-11c686f71bbd)
2019-07-20 23:04:28.104 22706 RALLYDEBUG rally_openstack.cleanup.manager [-] Deleting neutron.port object s_rally_8f19a346_TQy2J7OH (ecaf313e-d0e6-4b3d-8293-65fb5f451032)
2019-07-20 23:04:28.255 22706 RALLYDEBUG rally_openstack.cleanup.manager [-] Deleting neutron.port object s_rally_8f19a346_ZfsiGGJW (ed7692d5-aa5b-4c76-b938-3a7e7e1cd8e7)
2019-07-20 23:04:28.346 22706 RALLYDEBUG rally_openstack.cleanup.manager [-] Deleting neutron.port object s_rally_8f19a346_z31oOIud (edcc5a29-81c3-40a8-9f12-0317d708b3ca)
2019-07-20 23:04:28.560 22706 RALLYDEBUG rally_openstack.cleanup.manager [-] Deleting neutron.port object s_rally_8f19a346_sT6wdGPS (ee1055f6-f8fd-4685-bc10-961191ccfbcb)
2019-07-20 23:04:28.666 22706 RALLYDEBUG rally_openstack.cleanup.manager [-] Deleting neutron.port object s_rally_8f19a346_I9jxetAL (ef0535ad-70c7-4613-83f5-80b40feb32bf)
2019-07-20 23:04:28.765 22706 RALLYDEBUG rally_openstack.cleanup.manager [-] Deleting neutron.port object s_rally_8f19a346_awPTJDrO (ef6bb02e-d04a-4b5d-ade9-1f9f9f1c9e37)
2019-07-20 23:04:28.795 22706 RALLYDEBUG rally_openstack.cleanup.manager [-] Deleting neutron.port object s_rally_8f19a346_AZ8AkHZU (ef718336-c786-4372-8496-ea3db5667c36)
2019-07-20 23:04:28.961 22706 RALLYDEBUG rally_openstack.cleanup.manager [-] Deleting neutron.port object s_rally_8f19a346_8V8lOtec (ef8a288e-8390-40a3-9f84-b99e30cf3e08)
2019-07-20 23:04:29.143 22706 RALLYDEBUG rally_openstack.cleanup.manager [-] Deleting neutron.port object s_rally_8f19a346_uzFopvcO (efe3baa8-ca78-47e6-bb19-34f7f5118a61)
2019-07-20 23:04:29.301 22706 RALLYDEBUG rally_openstack.cleanup.manager [-] Deleting neutron.port object s_rally_8f19a346_Tk2XAfQp (f0072d79-45b5-4b82-b949-88da3094a7b2)
2019-07-20 23:04:29.392 22706 RALLYDEBUG rally_openstack.cleanup.manager [-] Deleting neutron.port object s_rally_8f19a346_a6DT3raG (f06b54db-a27a-4827-8fd4-829ca096ed3b)
2019-07-20 23:04:29.905 22706 RALLYDEBUG rally_openstack.cleanup.manager [-] Deleting neutron.port object s_rally_8f19a346_SVItfSND (f0b8daf3-9920-4800-bfc0-6c210761bcdf)
2019-07-20 23:04:30.011 22706 RALLYDEBUG rally_openstack.cleanup.manager [-] Deleting neutron.port object s_rally_8f19a346_EYdwJp1P (f40def4e-4746-4c5f-9d2e-9b0ab0261d6c)
2019-07-20 23:04:30.122 22706 RALLYDEBUG rally_openstack.cleanup.manager [-] Deleting neutron.port object s_rally_8f19a346_6QES4Oja (f459d55b-ec07-456e-b2cd-d045b4c5708c)
2019-07-20 23:04:30.326 22706 RALLYDEBUG rally_openstack.cleanup.manager [-] Deleting neutron.port object s_rally_8f19a346_pvSGzWpT (f48ac700-a927-4283-936f-4112cb7a427d)
2019-07-20 23:04:30.834 22706 RALLYDEBUG rally_openstack.cleanup.manager [-] Deleting neutron.port object s_rally_8f19a346_Qo94kBl5 (f4afdb1e-86c2-4abd-b728-87f2397efbcd)
2019-07-20 23:04:30.968 22706 RALLYDEBUG rally_openstack.cleanup.manager [-] Deleting neutron.port object s_rally_8f19a346_ruVJ6yso (f4cba376-f9a0-4535-92cc-3e18136891e5)
2019-07-20 23:04:31.150 22706 RALLYDEBUG rally_openstack.cleanup.manager [-] Deleting neutron.port object s_rally_8f19a346_vi0NL0jA (f4cdcce5-b0e7-4bcd-9a49-8149283b8937)
2019-07-20 23:04:31.168 22706 RALLYDEBUG rally_openstack.cleanup.manager [-] Deleting neutron.port object s_rally_8f19a346_ejs6mm9X (f535b206-c96a-41ba-85b8-0a7d218df037)
2019-07-20 23:04:31.212 22706 RALLYDEBUG rally_openstack.cleanup.manager [-] Deleting neutron.port object s_rally_8f19a346_gLfdFusA (f5474054-6cc4-45b8-974b-3a9a742ff833)
2019-07-20 23:04:31.264 22706 RALLYDEBUG rally_openstack.cleanup.manager [-] Deleting neutron.port object s_rally_8f19a346_1QiNRd7H (f5cfcb30-b2ce-417d-8a33-57c15d4ec727)
2019-07-20 23:04:31.362 22706 RALLYDEBUG rally_openstack.cleanup.manager [-] Deleting neutron.port object s_rally_8f19a346_MpPyARpt (f5dbd408-8d98-435b-9af3-2e578e897701)
2019-07-20 23:04:31.411 22706 RALLYDEBUG rally_openstack.cleanup.manager [-] Deleting neutron.port object s_rally_8f19a346_kSjcXFV1 (f7163ac3-3ad5-46fe-a5ff-31c944f3bf36)
2019-07-20 23:04:31.432 22706 RALLYDEBUG rally_openstack.cleanup.manager [-] Deleting neutron.port object s_rally_8f19a346_TUoje1Nv (f79102ac-e7b4-49a2-bfcf-73d4419c9a3a)
2019-07-20 23:04:31.495 22706 RALLYDEBUG rally_openstack.cleanup.manager [-] Deleting neutron.port object s_rally_8f19a346_qNB0ZNvB (f81944e0-4314-4184-bc37-88371faedc0f)
2019-07-20 23:04:31.647 22706 RALLYDEBUG rally_openstack.cleanup.manager [-] Deleting neutron.port object s_rally_8f19a346_IS8tnM7D (f8a85ba8-24fe-4838-b862-21663fd29e22)
2019-07-20 23:04:31.722 22706 RALLYDEBUG rally_openstack.cleanup.manager [-] Deleting neutron.port object s_rally_8f19a346_1iSRtAy1 (f8e865dd-2684-45ff-a943-4a35bf9752b5)
2019-07-20 23:04:31.732 22706 RALLYDEBUG rally_openstack.cleanup.manager [-] Deleting neutron.port object s_rally_8f19a346_eURV6U6j (fa0e1308-930a-4a41-a2c3-2088b69e0be2)
2019-07-20 23:04:31.785 22706 RALLYDEBUG rally_openstack.cleanup.manager [-] Deleting neutron.port object s_rally_8f19a346_lmy8TNLt (fa539844-3598-487f-81ca-bde0864a260a)
2019-07-20 23:04:32.093 22706 RALLYDEBUG rally_openstack.cleanup.manager [-] Deleting neutron.port object s_rally_8f19a346_RS3LeSG9 (fb0de6c1-94e2-4e9d-806e-82f077f71915)
2019-07-20 23:04:32.186 22706 RALLYDEBUG rally_openstack.cleanup.manager [-] Deleting neutron.port object s_rally_8f19a346_7hHxijer (fc0a8a82-f750-4720-b6dd-1650e2b95926)
2019-07-20 23:04:32.400 22706 RALLYDEBUG rally_openstack.cleanup.manager [-] Deleting neutron.port object s_rally_8f19a346_xj6epMwp (fc546256-0f5a-4a8b-987d-ad8a21674686)
2019-07-20 23:04:32.502 22706 RALLYDEBUG rally_openstack.cleanup.manager [-] Deleting neutron.port object s_rally_8f19a346_hSJcfsGU (fcaa9d2b-f878-46c8-8cef-46024e3d2869)
2019-07-20 23:04:32.739 22706 RALLYDEBUG rally_openstack.cleanup.manager [-] Deleting neutron.port object s_rally_8f19a346_wmJM2Qpx (fd40c56b-b229-415e-a555-8c585448e0b8)
2019-07-20 23:04:33.193 22706 RALLYDEBUG rally_openstack.cleanup.manager [-] Deleting neutron.port object s_rally_8f19a346_Kv8LgfOd (fd5f36e4-5337-4ede-8363-55496f50c706)
2019-07-20 23:04:33.471 22706 RALLYDEBUG rally_openstack.cleanup.manager [-] Deleting neutron.port object s_rally_8f19a346_5IeCnjaz (fda7f265-e662-4579-9284-c8d54c18eee6)
2019-07-20 23:04:33.563 22706 RALLYDEBUG rally_openstack.cleanup.manager [-] Deleting neutron.port object s_rally_8f19a346_tqO01I0v (fe37a93a-1009-4df8-bbe6-19fd8d2a4fd6)
2019-07-20 23:04:33.740 22706 RALLYDEBUG rally_openstack.cleanup.manager [-] Deleting neutron.port object s_rally_8f19a346_9KyjKwsM (ff79439c-a316-4cdb-8ca8-7042e03ace1b)
2019-07-20 23:04:33.830 22706 RALLYDEBUG rally_openstack.cleanup.manager [-] Deleting neutron.port object s_rally_8f19a346_6bC4ehQu (ffb96f1f-a508-4c62-b4ab-55a1b6712297)
2019-07-20 23:04:36.195 22706 RALLYDEBUG rally_openstack.cleanup.manager [-] Cleaning up neutron subnet objects
2019-07-20 23:04:36.874 22706 RALLYDEBUG rally_openstack.cleanup.manager [-] Cleaning up neutron network objects
2019-07-20 23:04:37.641 22706 RALLYDEBUG rally_openstack.cleanup.manager [-] Deleting neutron.network object s_rally_8f19a346_lata1uNE (010b6f9e-346c-4cb7-99e9-5af82755d6d5)
2019-07-20 23:04:37.647 22706 RALLYDEBUG rally_openstack.cleanup.manager [-] Deleting neutron.network object s_rally_8f19a346_Y89jcLUe (337c7c13-abf4-4522-a69f-41d5a81e582b)
2019-07-20 23:04:37.655 22706 RALLYDEBUG rally_openstack.cleanup.manager [-] Deleting neutron.network object s_rally_8f19a346_UcSzdXRs (5c3bf027-63be-404a-979b-805fd07950b7)
2019-07-20 23:04:37.660 22706 RALLYDEBUG rally_openstack.cleanup.manager [-] Deleting neutron.network object s_rally_8f19a346_9eXoVFsi (6d81df62-cbe7-443c-baa3-2b480a3a0329)
2019-07-20 23:04:37.671 22706 RALLYDEBUG rally_openstack.cleanup.manager [-] Deleting neutron.network object s_rally_8f19a346_3YYLLYPP (70692f8a-dca1-4b60-ac3a-016cb908bfb0)
2019-07-20 23:04:37.680 22706 RALLYDEBUG rally_openstack.cleanup.manager [-] Deleting neutron.network object s_rally_8f19a346_jEBanFQK (b59877d4-189f-4d6a-ae84-4dfc19238bfd)
2019-07-20 23:04:37.691 22706 RALLYDEBUG rally_openstack.cleanup.manager [-] Deleting neutron.network object s_rally_8f19a346_8L60rYcC (d95a4e9f-4fc8-429d-82ed-4467ffe07d3c)
2019-07-20 23:04:37.711 22706 RALLYDEBUG rally_openstack.cleanup.manager [-] Deleting neutron.network object s_rally_8f19a346_Z1pDt8hN (fac8264e-0755-4e66-8bd2-32f1b5a59d35)
2019-07-20 23:04:41.918 22706 RALLYDEBUG rally_openstack.cleanup.manager [-] Cleaning up neutron router objects
2019-07-20 23:04:42.591 22706 RALLYDEBUG rally_openstack.cleanup.manager [-] Cleaning up neutron security_group objects
2019-07-20 23:04:43.289 22706 INFO rally.task.context [-] Task fcda03be-4eeb-4add-b742-165137bac60e | Context cleanup@openstack cleanup() finished in 1.11 min
2019-07-20 23:04:43.290 22706 INFO rally.task.context [-] Task fcda03be-4eeb-4add-b742-165137bac60e | Context quotas@openstack cleanup() started
2019-07-20 23:04:43.558 22706 INFO rally.task.context [-] Task fcda03be-4eeb-4add-b742-165137bac60e | Context quotas@openstack cleanup() finished in 0.27 sec
2019-07-20 23:04:43.558 22706 INFO rally.task.context [-] Task fcda03be-4eeb-4add-b742-165137bac60e | Context users@openstack cleanup() started
2019-07-20 23:04:48.866 22706 INFO rally.task.context [-] Task fcda03be-4eeb-4add-b742-165137bac60e | Context users@openstack cleanup() finished in 5.31 sec
2019-07-20 23:04:50.524 22706 INFO rally.task.engine [-] Load duration is: 113.453273
2019-07-20 23:04:50.525 22706 INFO rally.task.engine [-] Full runner duration is: 113.504695
2019-07-20 23:04:50.525 22706 INFO rally.task.engine [-] Full duration is: 191.22399
2019-07-20 23:04:50.733 22706 INFO rally.task.engine [-] Running workload: position = 1 config = { "version": 2, "title": "A cropped version of a bigger task.", "description": "Auto-generated task from a single workload (uuid=710d268a-f802-441b-be3b-fa8b87249739)", "subtasks": [ { "title": "NeutronNetworks.create_and_update_ports", "description": "Create and update a given number of ports.", "scenario": { "NeutronNetworks.create_and_update_ports": { "network_create_args": {}, "port_create_args": {}, "ports_per_network": 5, "port_update_args": { "admin_state_up": false, "device_id": "dummy_id", "device_owner": "dummy_owner", "name": "_port_updated" } } }, "contexts": { "users": { "tenants": 1, "users_per_tenant": 1 }, "quotas": { "neutron": { "network": -1, "port": -1 } } }, "runner": { "constant": { "times": 40, "concurrency": 20 } }, "hooks": [], "sla": { "failure_rate": { "max": 0 } } } ] }
2019-07-20 23:04:50.756 22706 RALLYDEBUG rally_openstack.contexts.keystone.users [-] Creating 1 tenants using 20 threads
2019-07-20 23:04:52.681 22706 RALLYDEBUG rally_openstack.contexts.keystone.users [-] Creating 1 users using 20 threads
2019-07-20 23:04:55.632 22706 INFO rally.task.context [-] Task fcda03be-4eeb-4add-b742-165137bac60e | Context users@openstack setup() finished in 4.88 sec
2019-07-20 23:04:56.443 22706 INFO rally.task.context [-] Task fcda03be-4eeb-4add-b742-165137bac60e | Context quotas@openstack setup() finished in 0.81 sec
2019-07-20 23:04:56.443 22706 INFO rally.task.context [-] Task fcda03be-4eeb-4add-b742-165137bac60e | Context cleanup@openstack setup() finished in 0.01 msec
2019-07-20 23:04:56.451 22706 RALLYDEBUG rally.task.runner [-] Starting the constant runner (task UUID: fcda03be-4eeb-4add-b742-165137bac60e). timeout: 0 concurrency: 20 concurrency_per_worker: 1 times: 40 concurrency_overhead: 4 processes_to_start: 16 max_cpu_used: 16
2019-07-20 23:04:56.462 26582 RALLYDEBUG rally.task.runner [-] Starting a worker. concurrency: 2 args: {"network_create_args": {}, "port_create_args": {}, "ports_per_network": 5, "port_update_args": {"admin_state_up": false, "device_id": "dummy_id", "device_owner": "dummy_owner", "name": "_port_updated"}} times: 40 method_name: run timeout: 0 duration: None cls:
2019-07-20 23:04:56.464 26583 RALLYDEBUG rally.task.runner [-] Starting a worker. concurrency: 2 args: {"network_create_args": {}, "port_create_args": {}, "ports_per_network": 5, "port_update_args": {"admin_state_up": false, "device_id": "dummy_id", "device_owner": "dummy_owner", "name": "_port_updated"}} times: 40 method_name: run timeout: 0 duration: None cls:
2019-07-20 23:04:56.467 26584 RALLYDEBUG rally.task.runner [-] Starting a worker. concurrency: 2 args: {"network_create_args": {}, "port_create_args": {}, "ports_per_network": 5, "port_update_args": {"admin_state_up": false, "device_id": "dummy_id", "device_owner": "dummy_owner", "name": "_port_updated"}} times: 40 method_name: run timeout: 0 duration: None cls:
2019-07-20 23:04:56.470 26585 RALLYDEBUG rally.task.runner [-] Starting a worker. concurrency: 2 args: {"network_create_args": {}, "port_create_args": {}, "ports_per_network": 5, "port_update_args": {"admin_state_up": false, "device_id": "dummy_id", "device_owner": "dummy_owner", "name": "_port_updated"}} times: 40 method_name: run timeout: 0 duration: None cls:
2019-07-20 23:04:56.471 26582 INFO rally.task.runner [-] Task fcda03be-4eeb-4add-b742-165137bac60e | ITER: 1 START
2019-07-20 23:04:56.472 26586 RALLYDEBUG rally.task.runner [-] Starting a worker. concurrency: 1 args: {"network_create_args": {}, "port_create_args": {}, "ports_per_network": 5, "port_update_args": {"admin_state_up": false, "device_id": "dummy_id", "device_owner": "dummy_owner", "name": "_port_updated"}} times: 40 method_name: run timeout: 0 duration: None cls:
2019-07-20 23:04:56.474 26583 INFO rally.task.runner [-] Task fcda03be-4eeb-4add-b742-165137bac60e | ITER: 2 START
2019-07-20 23:04:56.473 26582 INFO rally.task.runner [-] Task fcda03be-4eeb-4add-b742-165137bac60e | ITER: 3 START
2019-07-20 23:04:56.477 26584 INFO rally.task.runner [-] Task fcda03be-4eeb-4add-b742-165137bac60e | ITER: 4 START
2019-07-20 23:04:56.479 26584 WARNING rally_openstack.scenarios.neutron.utils [-] Running this scenario without either the 'network' or 'existing_network' context is deprecated
2019-07-20 23:04:56.478 26590 RALLYDEBUG rally.task.runner [-] Starting a worker. concurrency: 1 args: {"network_create_args": {}, "port_create_args": {}, "ports_per_network": 5, "port_update_args": {"admin_state_up": false, "device_id": "dummy_id", "device_owner": "dummy_owner", "name": "_port_updated"}} times: 40 method_name: run timeout: 0 duration: None cls:
2019-07-20 23:04:56.479 26586 INFO rally.task.runner [-] Task fcda03be-4eeb-4add-b742-165137bac60e | ITER: 8 START
2019-07-20 23:04:56.477 26583 INFO rally.task.runner [-] Task fcda03be-4eeb-4add-b742-165137bac60e | ITER: 5 START
2019-07-20 23:04:56.480 26582 WARNING rally_openstack.scenarios.neutron.utils [-] Running this scenario without either the 'network' or 'existing_network' context is deprecated
2019-07-20 23:04:56.480 26583 WARNING rally_openstack.scenarios.neutron.utils [-] Running this scenario without either the 'network' or 'existing_network' context is deprecated
2019-07-20 23:04:56.480 26595 RALLYDEBUG rally.task.runner [-] Starting a worker. concurrency: 1 args: {"network_create_args": {}, "port_create_args": {}, "ports_per_network": 5, "port_update_args": {"admin_state_up": false, "device_id": "dummy_id", "device_owner": "dummy_owner", "name": "_port_updated"}} times: 40 method_name: run timeout: 0 duration: None cls:
2019-07-20 23:04:56.481 26582 WARNING rally_openstack.scenarios.neutron.utils [-] Running this scenario without either the 'network' or 'existing_network' context is deprecated
2019-07-20 23:04:56.481 26586 WARNING rally_openstack.scenarios.neutron.utils [-] Running this scenario without either the 'network' or 'existing_network' context is deprecated
2019-07-20 23:04:56.483 26601 RALLYDEBUG rally.task.runner [-] Starting a worker. concurrency: 1 args: {"network_create_args": {}, "port_create_args": {}, "ports_per_network": 5, "port_update_args": {"admin_state_up": false, "device_id": "dummy_id", "device_owner": "dummy_owner", "name": "_port_updated"}} times: 40 method_name: run timeout: 0 duration: None cls:
2019-07-20 23:04:56.485 26584 INFO rally.task.runner [-] Task fcda03be-4eeb-4add-b742-165137bac60e | ITER: 7 START
2019-07-20 23:04:56.486 26584 WARNING rally_openstack.scenarios.neutron.utils [-] Running this scenario without either the 'network' or 'existing_network' context is deprecated
2019-07-20 23:04:56.485 26590 INFO rally.task.runner [-] Task fcda03be-4eeb-4add-b742-165137bac60e | ITER: 10 START
2019-07-20 23:04:56.487 26590 WARNING rally_openstack.scenarios.neutron.utils [-] Running this scenario without either the 'network' or 'existing_network' context is deprecated
2019-07-20 23:04:56.488 26595 INFO rally.task.runner [-] Task fcda03be-4eeb-4add-b742-165137bac60e | ITER: 11 START
2019-07-20 23:04:56.488 26601 INFO rally.task.runner [-] Task fcda03be-4eeb-4add-b742-165137bac60e | ITER: 12 START
2019-07-20 23:04:56.488 26597 RALLYDEBUG rally.task.runner [-] Starting a worker. concurrency: 1 args: {"network_create_args": {}, "port_create_args": {}, "ports_per_network": 5, "port_update_args": {"admin_state_up": false, "device_id": "dummy_id", "device_owner": "dummy_owner", "name": "_port_updated"}} times: 40 method_name: run timeout: 0 duration: None cls:
2019-07-20 23:04:56.490 26601 WARNING rally_openstack.scenarios.neutron.utils [-] Running this scenario without either the 'network' or 'existing_network' context is deprecated
2019-07-20 23:04:56.490 26595 WARNING rally_openstack.scenarios.neutron.utils [-] Running this scenario without either the 'network' or 'existing_network' context is deprecated
2019-07-20 23:04:56.477 26583 WARNING rally_openstack.scenarios.neutron.utils [-] Running this scenario without either the 'network' or 'existing_network' context is deprecated
2019-07-20 23:04:56.494 26606 RALLYDEBUG rally.task.runner [-] Starting a worker. concurrency: 1 args: {"network_create_args": {}, "port_create_args": {}, "ports_per_network": 5, "port_update_args": {"admin_state_up": false, "device_id": "dummy_id", "device_owner": "dummy_owner", "name": "_port_updated"}} times: 40 method_name: run timeout: 0 duration: None cls:
2019-07-20 23:04:56.495 26614 RALLYDEBUG rally.task.runner [-] Starting a worker. concurrency: 1 args: {"network_create_args": {}, "port_create_args": {}, "ports_per_network": 5, "port_update_args": {"admin_state_up": false, "device_id": "dummy_id", "device_owner": "dummy_owner", "name": "_port_updated"}} times: 40 method_name: run timeout: 0 duration: None cls:
2019-07-20 23:04:56.495 26603 RALLYDEBUG rally.task.runner [-] Starting a worker. concurrency: 1 args: {"network_create_args": {}, "port_create_args": {}, "ports_per_network": 5, "port_update_args": {"admin_state_up": false, "device_id": "dummy_id", "device_owner": "dummy_owner", "name": "_port_updated"}} times: 40 method_name: run timeout: 0 duration: None cls:
2019-07-20 23:04:56.498 26611 RALLYDEBUG rally.task.runner [-] Starting a worker. concurrency: 1 args: {"network_create_args": {}, "port_create_args": {}, "ports_per_network": 5, "port_update_args": {"admin_state_up": false, "device_id": "dummy_id", "device_owner": "dummy_owner", "name": "_port_updated"}} times: 40 method_name: run timeout: 0 duration: None cls:
2019-07-20 23:04:56.501 26606 INFO rally.task.runner [-] Task fcda03be-4eeb-4add-b742-165137bac60e | ITER: 14 START
2019-07-20 23:04:56.501 26614 INFO rally.task.runner [-] Task fcda03be-4eeb-4add-b742-165137bac60e | ITER: 15 START
2019-07-20 23:04:56.502 26585 INFO rally.task.runner [-] Task fcda03be-4eeb-4add-b742-165137bac60e | ITER: 6 START
2019-07-20 23:04:56.501 26615 RALLYDEBUG rally.task.runner [-] Starting a worker. concurrency: 1 args: {"network_create_args": {}, "port_create_args": {}, "ports_per_network": 5, "port_update_args": {"admin_state_up": false, "device_id": "dummy_id", "device_owner": "dummy_owner", "name": "_port_updated"}} times: 40 method_name: run timeout: 0 duration: None cls:
2019-07-20 23:04:56.502 26606 WARNING rally_openstack.scenarios.neutron.utils [-] Running this scenario without either the 'network' or 'existing_network' context is deprecated
2019-07-20 23:04:56.503 26597 INFO rally.task.runner [-] Task fcda03be-4eeb-4add-b742-165137bac60e | ITER: 13 START
2019-07-20 23:04:56.503 26585 WARNING rally_openstack.scenarios.neutron.utils [-] Running this scenario without either the 'network' or 'existing_network' context is deprecated
2019-07-20 23:04:56.503 26603 INFO rally.task.runner [-] Task fcda03be-4eeb-4add-b742-165137bac60e | ITER: 16 START
2019-07-20 23:04:56.504 26597 WARNING rally_openstack.scenarios.neutron.utils [-] Running this scenario without either the 'network' or 'existing_network' context is deprecated
2019-07-20 23:04:56.505 26603 WARNING rally_openstack.scenarios.neutron.utils [-] Running this scenario without either the 'network' or 'existing_network' context is deprecated
2019-07-20 23:04:56.505 26611 INFO rally.task.runner [-] Task fcda03be-4eeb-4add-b742-165137bac60e | ITER: 17 START
2019-07-20 23:04:56.505 26614 WARNING rally_openstack.scenarios.neutron.utils [-] Running this scenario without either the 'network' or 'existing_network' context is deprecated
2019-07-20 23:04:56.507 26611 WARNING rally_openstack.scenarios.neutron.utils [-] Running this scenario without either the 'network' or 'existing_network' context is deprecated
2019-07-20 23:04:56.508 26585 INFO rally.task.runner [-] Task fcda03be-4eeb-4add-b742-165137bac60e | ITER: 9 START
2019-07-20 23:04:56.509 26585 WARNING rally_openstack.scenarios.neutron.utils [-] Running this scenario without either the 'network' or 'existing_network' context is deprecated
2019-07-20 23:04:56.511 26627 RALLYDEBUG rally.task.runner [-] Starting a worker. concurrency: 1 args: {"network_create_args": {}, "port_create_args": {}, "ports_per_network": 5, "port_update_args": {"admin_state_up": false, "device_id": "dummy_id", "device_owner": "dummy_owner", "name": "_port_updated"}} times: 40 method_name: run timeout: 0 duration: None cls:
2019-07-20 23:04:56.516 26615 INFO rally.task.runner [-] Task fcda03be-4eeb-4add-b742-165137bac60e | ITER: 18 START
2019-07-20 23:04:56.517 26627 INFO rally.task.runner [-] Task fcda03be-4eeb-4add-b742-165137bac60e | ITER: 19 START
2019-07-20 23:04:56.518 26615 WARNING rally_openstack.scenarios.neutron.utils [-] Running this scenario without either the 'network' or 'existing_network' context is deprecated
2019-07-20 23:04:56.518 26627 WARNING rally_openstack.scenarios.neutron.utils [-] Running this scenario without either the 'network' or 'existing_network' context is deprecated
2019-07-20 23:04:56.521 26621 RALLYDEBUG rally.task.runner [-] Starting a worker. concurrency: 1 args: {"network_create_args": {}, "port_create_args": {}, "ports_per_network": 5, "port_update_args": {"admin_state_up": false, "device_id": "dummy_id", "device_owner": "dummy_owner", "name": "_port_updated"}} times: 40 method_name: run timeout: 0 duration: None cls:
2019-07-20 23:04:56.526 26621 INFO rally.task.runner [-] Task fcda03be-4eeb-4add-b742-165137bac60e | ITER: 20 START
2019-07-20 23:04:56.527 26621 WARNING rally_openstack.scenarios.neutron.utils [-] Running this scenario without either the 'network' or 'existing_network' context is deprecated
2019-07-20 23:05:12.179 26603 INFO rally.task.runner [-] Task fcda03be-4eeb-4add-b742-165137bac60e | ITER: 16 END: OK
2019-07-20 23:05:12.182 26603 INFO rally.task.runner [-] Task fcda03be-4eeb-4add-b742-165137bac60e | ITER: 21 START
2019-07-20 23:05:12.183 26603 WARNING rally_openstack.scenarios.neutron.utils [-] Running this scenario without either the 'network' or 'existing_network' context is deprecated
2019-07-20 23:05:12.767 26627 INFO rally.task.runner [-] Task fcda03be-4eeb-4add-b742-165137bac60e | ITER: 19 END: OK
2019-07-20 23:05:12.770 26627 INFO rally.task.runner [-] Task fcda03be-4eeb-4add-b742-165137bac60e | ITER: 22 START
2019-07-20 23:05:12.771 26627 WARNING rally_openstack.scenarios.neutron.utils [-] Running this scenario without either the 'network' or 'existing_network' context is deprecated
2019-07-20 23:05:14.057 26584 INFO rally.task.runner [-] Task fcda03be-4eeb-4add-b742-165137bac60e | ITER: 4 END: OK
2019-07-20 23:05:14.060 26584 INFO rally.task.runner [-] Task fcda03be-4eeb-4add-b742-165137bac60e | ITER: 23 START
2019-07-20 23:05:14.061 26584 WARNING rally_openstack.scenarios.neutron.utils [-] Running this scenario without either the 'network' or 'existing_network' context is deprecated
2019-07-20 23:05:14.328 26615 INFO rally.task.runner [-] Task fcda03be-4eeb-4add-b742-165137bac60e | ITER: 18 END: OK
2019-07-20 23:05:14.331 26615 INFO rally.task.runner [-] Task fcda03be-4eeb-4add-b742-165137bac60e | ITER: 24 START
2019-07-20 23:05:14.332 26615 WARNING rally_openstack.scenarios.neutron.utils [-] Running this scenario without either the 'network' or 'existing_network' context is deprecated
2019-07-20 23:05:14.440 26585 INFO rally.task.runner [-] Task fcda03be-4eeb-4add-b742-165137bac60e | ITER: 9 END: OK
2019-07-20 23:05:14.443 26585 INFO rally.task.runner [-] Task fcda03be-4eeb-4add-b742-165137bac60e | ITER: 25 START
2019-07-20 23:05:14.444 26585 WARNING rally_openstack.scenarios.neutron.utils [-] Running this scenario without either the 'network' or 'existing_network' context is deprecated
2019-07-20 23:05:14.607 26601 INFO rally.task.runner [-] Task fcda03be-4eeb-4add-b742-165137bac60e | ITER: 12 END: OK
2019-07-20 23:05:14.611 26601 INFO rally.task.runner [-] Task fcda03be-4eeb-4add-b742-165137bac60e | ITER: 26 START
2019-07-20 23:05:14.612 26601 WARNING rally_openstack.scenarios.neutron.utils [-] Running this scenario without either the 'network' or 'existing_network' context is deprecated
2019-07-20 23:05:14.649 26583 INFO rally.task.runner [-] Task fcda03be-4eeb-4add-b742-165137bac60e | ITER: 5 END: OK
2019-07-20 23:05:14.653 26583 INFO rally.task.runner [-] Task fcda03be-4eeb-4add-b742-165137bac60e | ITER: 27 START
2019-07-20 23:05:14.653 26583 WARNING rally_openstack.scenarios.neutron.utils [-] Running this scenario without either the 'network' or 'existing_network' context is deprecated
2019-07-20 23:05:14.725 26582 INFO rally.task.runner [-] Task fcda03be-4eeb-4add-b742-165137bac60e | ITER: 3 END: OK
2019-07-20 23:05:14.729 26582 INFO rally.task.runner [-] Task fcda03be-4eeb-4add-b742-165137bac60e | ITER: 28 START
2019-07-20 23:05:14.729 26582 WARNING rally_openstack.scenarios.neutron.utils [-] Running this scenario without either the 'network' or 'existing_network' context is deprecated
2019-07-20 23:05:14.946 26614 INFO rally.task.runner [-] Task fcda03be-4eeb-4add-b742-165137bac60e | ITER: 15 END: OK
2019-07-20 23:05:14.949 26614 INFO rally.task.runner [-] Task fcda03be-4eeb-4add-b742-165137bac60e | ITER: 29 START
2019-07-20 23:05:14.950 26614 WARNING rally_openstack.scenarios.neutron.utils [-] Running this scenario without either the 'network' or 'existing_network' context is deprecated
2019-07-20 23:05:15.284 26611 INFO rally.task.runner [-] Task fcda03be-4eeb-4add-b742-165137bac60e | ITER: 17 END: OK
2019-07-20 23:05:15.288 26611 INFO rally.task.runner [-] Task fcda03be-4eeb-4add-b742-165137bac60e | ITER: 30 START
2019-07-20 23:05:15.288 26611 WARNING rally_openstack.scenarios.neutron.utils [-] Running this scenario without either the 'network' or 'existing_network' context is deprecated
2019-07-20 23:05:15.380 26583 INFO rally.task.runner [-] Task fcda03be-4eeb-4add-b742-165137bac60e | ITER: 2 END: OK
2019-07-20 23:05:15.383 26583 INFO rally.task.runner [-] Task fcda03be-4eeb-4add-b742-165137bac60e | ITER: 31 START
2019-07-20 23:05:15.384 26583 WARNING rally_openstack.scenarios.neutron.utils [-] Running this scenario without either the 'network' or 'existing_network' context is deprecated
2019-07-20 23:05:15.773 26590 INFO rally.task.runner [-] Task fcda03be-4eeb-4add-b742-165137bac60e | ITER: 10 END: OK
2019-07-20 23:05:15.776 26590 INFO rally.task.runner [-] Task fcda03be-4eeb-4add-b742-165137bac60e | ITER: 32 START
2019-07-20 23:05:15.776 26590 WARNING rally_openstack.scenarios.neutron.utils [-] Running this scenario without either the 'network' or 'existing_network' context is deprecated
2019-07-20 23:05:15.786 26597 INFO rally.task.runner [-] Task fcda03be-4eeb-4add-b742-165137bac60e | ITER: 13 END: OK
2019-07-20 23:05:15.789 26597 INFO rally.task.runner [-] Task fcda03be-4eeb-4add-b742-165137bac60e | ITER: 33 START
2019-07-20 23:05:15.789 26597 WARNING rally_openstack.scenarios.neutron.utils [-] Running this scenario without either the 'network' or 'existing_network' context is deprecated
2019-07-20 23:05:16.062 26595 INFO rally.task.runner [-] Task fcda03be-4eeb-4add-b742-165137bac60e | ITER: 11 END: OK
2019-07-20 23:05:16.065 26595 INFO rally.task.runner [-] Task fcda03be-4eeb-4add-b742-165137bac60e | ITER: 34 START
2019-07-20 23:05:16.066 26595 WARNING rally_openstack.scenarios.neutron.utils [-] Running this scenario without either the 'network' or 'existing_network' context is deprecated
2019-07-20 23:05:16.365 26584 INFO rally.task.runner [-] Task fcda03be-4eeb-4add-b742-165137bac60e | ITER: 7 END: OK
2019-07-20 23:05:16.367 26584 INFO rally.task.runner [-] Task fcda03be-4eeb-4add-b742-165137bac60e | ITER: 35 START
2019-07-20 23:05:16.368 26584 WARNING rally_openstack.scenarios.neutron.utils [-] Running this scenario without either the 'network' or 'existing_network' context is deprecated
2019-07-20 23:05:16.421 26621 INFO rally.task.runner [-] Task fcda03be-4eeb-4add-b742-165137bac60e | ITER: 20 END: OK
2019-07-20 23:05:16.425 26621 INFO rally.task.runner [-] Task fcda03be-4eeb-4add-b742-165137bac60e | ITER: 36 START
2019-07-20 23:05:16.425 26621 WARNING rally_openstack.scenarios.neutron.utils [-] Running this scenario without either the 'network' or 'existing_network' context is deprecated
2019-07-20 23:05:16.923 26585 INFO rally.task.runner [-] Task fcda03be-4eeb-4add-b742-165137bac60e | ITER: 6 END: OK
2019-07-20 23:05:16.927 26585 INFO rally.task.runner [-] Task fcda03be-4eeb-4add-b742-165137bac60e | ITER: 37 START
2019-07-20 23:05:16.927 26585 WARNING rally_openstack.scenarios.neutron.utils [-] Running this scenario without either the 'network' or 'existing_network' context is deprecated
2019-07-20 23:05:16.972 26582 INFO rally.task.runner [-] Task fcda03be-4eeb-4add-b742-165137bac60e | ITER: 1 END: OK
2019-07-20 23:05:16.976 26582 INFO rally.task.runner [-] Task fcda03be-4eeb-4add-b742-165137bac60e | ITER: 38 START
2019-07-20 23:05:16.976 26582 WARNING rally_openstack.scenarios.neutron.utils [-] Running this scenario without either the 'network' or 'existing_network' context is deprecated
2019-07-20 23:05:17.687 26586 INFO rally.task.runner [-] Task fcda03be-4eeb-4add-b742-165137bac60e | ITER: 8 END: OK
2019-07-20 23:05:17.690 26586 INFO rally.task.runner [-] Task fcda03be-4eeb-4add-b742-165137bac60e | ITER: 39 START
2019-07-20 23:05:17.691 26586 WARNING rally_openstack.scenarios.neutron.utils [-] Running this scenario without either the 'network' or 'existing_network' context is deprecated
2019-07-20 23:05:17.790 26606 INFO rally.task.runner [-] Task fcda03be-4eeb-4add-b742-165137bac60e | ITER: 14 END: OK
2019-07-20 23:05:17.793 26606 INFO rally.task.runner [-] Task fcda03be-4eeb-4add-b742-165137bac60e | ITER: 40 START
2019-07-20 23:05:17.794 26606 WARNING rally_openstack.scenarios.neutron.utils [-] Running this scenario without either the 'network' or 'existing_network' context is deprecated
2019-07-20 23:05:29.970 26615 INFO rally.task.runner [-] Task fcda03be-4eeb-4add-b742-165137bac60e | ITER: 24 END: OK
2019-07-20 23:05:30.862 26627 INFO rally.task.runner [-] Task fcda03be-4eeb-4add-b742-165137bac60e | ITER: 22 END: OK
2019-07-20 23:05:31.017 26603 INFO rally.task.runner [-] Task fcda03be-4eeb-4add-b742-165137bac60e | ITER: 21 END: OK
2019-07-20 23:05:31.454 26585 INFO rally.task.runner [-] Task fcda03be-4eeb-4add-b742-165137bac60e | ITER: 25 END: OK
2019-07-20 23:05:31.689 26582 INFO rally.task.runner [-] Task fcda03be-4eeb-4add-b742-165137bac60e | ITER: 28 END: OK
2019-07-20 23:05:31.846 26611 INFO rally.task.runner [-] Task fcda03be-4eeb-4add-b742-165137bac60e | ITER: 30 END: OK
2019-07-20 23:05:31.852 26601 INFO rally.task.runner [-] Task fcda03be-4eeb-4add-b742-165137bac60e | ITER: 26 END: OK
2019-07-20 23:05:31.865 26590 INFO rally.task.runner [-] Task fcda03be-4eeb-4add-b742-165137bac60e | ITER: 32 END: OK
2019-07-20 23:05:32.418 26595 INFO rally.task.runner [-] Task fcda03be-4eeb-4add-b742-165137bac60e | ITER: 34 END: OK
2019-07-20 23:05:32.606 26584 INFO rally.task.runner [-] Task fcda03be-4eeb-4add-b742-165137bac60e | ITER: 23 END: OK
2019-07-20 23:05:33.185 26597 INFO rally.task.runner [-] Task fcda03be-4eeb-4add-b742-165137bac60e | ITER: 33 END: OK
2019-07-20 23:05:33.283 26583 INFO rally.task.runner [-] Task fcda03be-4eeb-4add-b742-165137bac60e | ITER: 31 END: OK
2019-07-20 23:05:33.366 26583 INFO rally.task.runner [-] Task fcda03be-4eeb-4add-b742-165137bac60e | ITER: 27 END: OK
2019-07-20 23:05:33.487 26621 INFO rally.task.runner [-] Task fcda03be-4eeb-4add-b742-165137bac60e | ITER: 36 END: OK
2019-07-20 23:05:33.533 26614 INFO rally.task.runner [-] Task fcda03be-4eeb-4add-b742-165137bac60e | ITER: 29 END: OK
2019-07-20 23:05:33.712 26584 INFO rally.task.runner [-] Task fcda03be-4eeb-4add-b742-165137bac60e | ITER: 35 END: OK
2019-07-20 23:05:34.154 26585 INFO rally.task.runner [-] Task fcda03be-4eeb-4add-b742-165137bac60e | ITER: 37 END: OK
2019-07-20 23:05:35.133 26582 INFO rally.task.runner [-] Task fcda03be-4eeb-4add-b742-165137bac60e | ITER: 38 END: OK
2019-07-20 23:05:35.163 26606 INFO rally.task.runner [-] Task fcda03be-4eeb-4add-b742-165137bac60e | ITER: 40 END: OK
2019-07-20 23:05:35.174 26586 INFO rally.task.runner [-] Task fcda03be-4eeb-4add-b742-165137bac60e | ITER: 39 END: OK
2019-07-20 23:05:35.193 22706 INFO rally.task.context [-] Task fcda03be-4eeb-4add-b742-165137bac60e | Context cleanup@openstack cleanup() started
2019-07-20 23:05:35.195 22706 RALLYDEBUG rally_openstack.cleanup.manager [-] Cleaning up neutron vip objects
2019-07-20 23:05:35.942 22706 RALLYDEBUG rally_openstack.cleanup.manager [-] Cleaning up neutron health_monitor objects
2019-07-20 23:05:36.674 22706 RALLYDEBUG rally_openstack.cleanup.manager [-] Cleaning up neutron pool objects
2019-07-20 23:05:37.404 22706 RALLYDEBUG rally_openstack.cleanup.manager [-] Cleaning up neutron loadbalancer objects
2019-07-20 23:05:38.067 22706 RALLYDEBUG rally_openstack.cleanup.manager [-] Cleaning up neutron floatingip objects
2019-07-20 23:05:38.938 22706 RALLYDEBUG rally_openstack.cleanup.manager [-] Cleaning up neutron port objects
2019-07-20 23:05:40.215 22706 RALLYDEBUG rally_openstack.cleanup.manager [-] Deleting neutron.port object s_rally_710d268a_e1yaM6Gz (04893ddc-4b48-4097-ad37-eff52ffa4896)
2019-07-20 23:05:40.218 22706 RALLYDEBUG rally_openstack.cleanup.manager [-] Deleting neutron.port object s_rally_710d268a_xc4AG5Hc (052c2bfb-0375-4312-8a34-4ef6a00bb897)
2019-07-20 23:05:40.229 22706 RALLYDEBUG rally_openstack.cleanup.manager [-] Deleting neutron.port object s_rally_710d268a_X0o31y3x (0aadd988-198a-43d0-ac7f-84c37709e81b)
2019-07-20 23:05:40.231 22706 RALLYDEBUG rally_openstack.cleanup.manager [-] Deleting neutron.port object s_rally_710d268a_zM9k00f5 (0af4f5d4-81b6-4aa2-84ab-a48f0f2d9586)
2019-07-20 23:05:40.233 22706 RALLYDEBUG rally_openstack.cleanup.manager [-] Deleting neutron.port object s_rally_710d268a_mLgVpP1t (02fba3d7-d4b7-4773-9832-87722c1f7368)
2019-07-20 23:05:40.237 22706 RALLYDEBUG rally_openstack.cleanup.manager [-] Deleting neutron.port object s_rally_710d268a_E6qvQhZx (021ed9fb-efea-4bee-95f8-e48b99119ec2)
2019-07-20 23:05:40.243 22706 RALLYDEBUG rally_openstack.cleanup.manager [-] Deleting neutron.port object s_rally_710d268a_nK1sjCSy (073ab602-2ecb-4d10-8ffe-309b5f5a43bb)
2019-07-20 23:05:40.246 22706 RALLYDEBUG rally_openstack.cleanup.manager [-] Deleting neutron.port object s_rally_710d268a_4FLhOirP (058c5d3d-1627-4871-952c-c6b404fabb8c)
2019-07-20 23:05:40.247 22706 RALLYDEBUG rally_openstack.cleanup.manager [-] Deleting neutron.port object s_rally_710d268a_4UN786a9 (0b20ff98-5933-4c3d-8566-605cdbbfbf20)
2019-07-20 23:05:40.259 22706 RALLYDEBUG rally_openstack.cleanup.manager [-] Deleting neutron.port object s_rally_710d268a_gyZ8f298 (0cc127d6-092c-4959-a9dd-f7ae19af59d3)
2019-07-20 23:05:40.280 22706 RALLYDEBUG rally_openstack.cleanup.manager [-] Deleting neutron.port object s_rally_710d268a_l5CISNfR (047914bb-5215-4b58-88e5-928b465b0e54)
2019-07-20 23:05:40.281 22706 RALLYDEBUG rally_openstack.cleanup.manager [-] Deleting neutron.port object s_rally_710d268a_KtmHVmgy (11fed835-2e53-49d7-8cf4-6131994cd878)
2019-07-20 23:05:40.302 22706 RALLYDEBUG rally_openstack.cleanup.manager [-] Deleting neutron.port object s_rally_710d268a_Ih6dKTtd (13245f84-2e5c-4b82-afac-0a2a2f32db5f)
2019-07-20 23:05:40.325 22706 RALLYDEBUG rally_openstack.cleanup.manager [-] Deleting neutron.port object s_rally_710d268a_xyBCouPf (15f0ddf8-1b9f-40d4-ad58-7f57d147dfb0)
2019-07-20 23:05:40.334 22706 RALLYDEBUG rally_openstack.cleanup.manager [-] Deleting neutron.port object s_rally_710d268a_dwcefuEG (1582812e-a761-4ec6-af1b-b3bf7d6169b2)
2019-07-20 23:05:40.337 22706 RALLYDEBUG rally_openstack.cleanup.manager [-] Deleting neutron.port object s_rally_710d268a_Fq5lav0o (124c57aa-4a4e-4e21-8f17-28d019de29eb)
2019-07-20 23:05:40.354 22706 RALLYDEBUG rally_openstack.cleanup.manager [-] Deleting neutron.port object s_rally_710d268a_RjYchq5i (167c53ef-cc77-4e6d-8151-769ffe27773f)
2019-07-20 23:05:40.360 22706 RALLYDEBUG rally_openstack.cleanup.manager [-] Deleting neutron.port object s_rally_710d268a_PjmL7pH7 (173ea48f-926e-4ccb-90c4-4e0189506200)
2019-07-20 23:05:40.360 22706 RALLYDEBUG rally_openstack.cleanup.manager [-] Deleting neutron.port object s_rally_710d268a_rO9BpeHK (16eecdea-4d1d-496f-b8e1-89dfc60f14a9)
2019-07-20 23:05:40.366 22706 RALLYDEBUG rally_openstack.cleanup.manager [-] Deleting neutron.port object s_rally_710d268a_H9nHX7TX (1798a315-efb4-482c-be85-efc6f174acfe)
2019-07-20 23:05:43.057 22706 RALLYDEBUG rally_openstack.cleanup.manager [-] Deleting neutron.port object s_rally_710d268a_cc9YgfSn (18b7fa1f-d233-454c-9725-cd0004dfde09)
2019-07-20 23:05:43.060 22706 RALLYDEBUG rally_openstack.cleanup.manager [-] Deleting neutron.port object s_rally_710d268a_sPkgK6e7 (19d33669-457f-4787-8bb0-03209c3fb7bc)
2019-07-20 23:05:43.101 22706 RALLYDEBUG rally_openstack.cleanup.manager [-] Deleting neutron.port object s_rally_710d268a_3IIbtbzl (19f69f0c-2e48-41fb-9de1-11ba2c48eb29)
2019-07-20 23:05:43.111 22706 RALLYDEBUG rally_openstack.cleanup.manager [-] Deleting neutron.port object s_rally_710d268a_5O1fGWvn (1aec39d6-981c-4556-a791-81ee8137e61b)
2019-07-20 23:05:43.148 22706 RALLYDEBUG rally_openstack.cleanup.manager [-] Deleting neutron.port object s_rally_710d268a_0alYrdIi (1b6f15d4-97af-4a53-b205-f9a2cdca6a27)
2019-07-20 23:05:43.182 22706 RALLYDEBUG rally_openstack.cleanup.manager [-] Deleting neutron.port object s_rally_710d268a_6g4twRQK (1c937611-c3b9-4eaf-8953-8dd1b88da641)
2019-07-20 23:05:43.209 22706 RALLYDEBUG rally_openstack.cleanup.manager [-] Deleting neutron.port object s_rally_710d268a_yQqIjMI4 (1e956bc6-c4ff-4da1-98e9-dddacc8d901d)
2019-07-20 23:05:43.230 22706 RALLYDEBUG rally_openstack.cleanup.manager [-] Deleting neutron.port object s_rally_710d268a_S0zLkPZu (1ee221e6-a641-43cf-ba15-a3466856cdde)
2019-07-20 23:05:43.287 22706 RALLYDEBUG rally_openstack.cleanup.manager [-] Deleting neutron.port object s_rally_710d268a_2VzPK1Ii (1f43fa01-d693-463e-8423-e1137da58498)
2019-07-20 23:05:43.394 22706 RALLYDEBUG rally_openstack.cleanup.manager [-] Deleting neutron.port object s_rally_710d268a_SyQXiJt6 (2090a99a-4e24-4d0d-9dff-7adecf592e0c)
2019-07-20 23:05:43.567 22706 RALLYDEBUG rally_openstack.cleanup.manager [-] Deleting neutron.port object s_rally_710d268a_umTD3hhN (217e0061-f757-4655-85a3-cd66dfe3db09)
2019-07-20 23:05:43.767 22706 RALLYDEBUG rally_openstack.cleanup.manager [-] Deleting neutron.port object s_rally_710d268a_dTh7PKed (246df233-db83-46a6-b9f7-108e53633ea6)
2019-07-20 23:05:43.767 22706 RALLYDEBUG rally_openstack.cleanup.manager [-] Deleting neutron.port object s_rally_710d268a_Q3GlB4sw (228953fc-ec48-47d9-9993-768d8949e64d)
2019-07-20 23:05:43.771 22706 RALLYDEBUG rally_openstack.cleanup.manager [-] Deleting neutron.port object s_rally_710d268a_PJeBW0fb (21a686fe-f5f7-4cbd-96de-836b64367836)
2019-07-20 23:05:43.781 22706 RALLYDEBUG rally_openstack.cleanup.manager [-] Deleting neutron.port object s_rally_710d268a_DHpn6neV (24db734f-99fc-423b-a8bf-58eab4d93603)
2019-07-20 23:05:43.806 22706 RALLYDEBUG rally_openstack.cleanup.manager [-] Deleting neutron.port object s_rally_710d268a_7x9kLxQp (263a08e0-a4cf-4795-9452-1b769db7bd84)
2019-07-20 23:05:43.866 22706 RALLYDEBUG rally_openstack.cleanup.manager [-] Deleting neutron.port object s_rally_710d268a_irIf1iv1 (269cebc9-f1bb-4f10-b26f-ce63ded029e3)
2019-07-20 23:05:43.932 22706 RALLYDEBUG rally_openstack.cleanup.manager [-] Deleting neutron.port object s_rally_710d268a_uTl3Qq2H (27699c53-4e7c-4a46-a418-68549e3ea75b)
2019-07-20 23:05:44.046 22706 RALLYDEBUG rally_openstack.cleanup.manager [-] Deleting neutron.port object s_rally_710d268a_y2NQnglP (28dca420-dfb4-44bc-a60e-c3790eeabedb)
2019-07-20 23:05:44.092 22706 RALLYDEBUG rally_openstack.cleanup.manager [-] Deleting neutron.port object s_rally_710d268a_EcV8phVG (29ca7729-0095-41c3-99f6-694f53df152c)
2019-07-20 23:05:45.371 22706 RALLYDEBUG rally_openstack.cleanup.manager [-] Deleting neutron.port object s_rally_710d268a_6XyEGy5e (2d396e28-89a4-4145-8da7-3422b2064ceb)
2019-07-20 23:05:45.547 22706 RALLYDEBUG rally_openstack.cleanup.manager [-] Deleting neutron.port object s_rally_710d268a_dlYiDJYQ (3293f5b3-d0e7-4eb4-8737-936a7b9b84cc)
2019-07-20 23:05:45.619 22706 RALLYDEBUG rally_openstack.cleanup.manager [-] Deleting neutron.port object s_rally_710d268a_lLbMAGS9 (34579e0f-d381-4ed2-84ba-5b094f6113a1)
2019-07-20 23:05:45.657 22706 RALLYDEBUG rally_openstack.cleanup.manager [-] Deleting neutron.port object s_rally_710d268a_VnhHzVDp (3632b9dc-eb86-461d-a811-21b8f770a3d4)
2019-07-20 23:05:45.696 22706 RALLYDEBUG rally_openstack.cleanup.manager [-] Deleting neutron.port object s_rally_710d268a_wC6zcAae (36adc362-c6cf-4d8d-8d59-41ffe8e03a8f)
2019-07-20 23:05:45.749 22706 RALLYDEBUG rally_openstack.cleanup.manager [-] Deleting neutron.port object s_rally_710d268a_UHwK8yGE (36f6cf33-953a-445f-8e71-1e123b7bdc37)
2019-07-20 23:05:46.024 22706 RALLYDEBUG rally_openstack.cleanup.manager [-] Deleting neutron.port object s_rally_710d268a_MolJkLCS (3728ec0a-d7aa-4847-b0d5-d52234a74b74)
2019-07-20 23:05:46.075 22706 RALLYDEBUG rally_openstack.cleanup.manager [-] Deleting neutron.port object s_rally_710d268a_nNwoZ9dp (38742abd-647c-48a9-bb61-5698aac3316c)
2019-07-20 23:05:46.173 22706 RALLYDEBUG rally_openstack.cleanup.manager [-] Deleting neutron.port object s_rally_710d268a_H8y4SX96 (38fc4e1d-3acb-4b51-8c3f-112e92ef241d)
2019-07-20 23:05:46.180 22706 RALLYDEBUG rally_openstack.cleanup.manager [-] Deleting neutron.port object s_rally_710d268a_X3I9F8Ny (3a91b420-0d68-4576-9caf-5fa4aa43baf3)
2019-07-20 23:05:46.186 22706 RALLYDEBUG rally_openstack.cleanup.manager [-] Deleting neutron.port object s_rally_710d268a_Gh1PR5xN (3c5c0b4d-0890-448d-8315-20ad8d227547)
2019-07-20 23:05:46.203 22706 RALLYDEBUG rally_openstack.cleanup.manager [-] Deleting neutron.port object s_rally_710d268a_tu5vQ8eR (3c8efb69-10d7-4f56-b409-3d23c18537f8)
2019-07-20 23:05:46.231 22706 RALLYDEBUG rally_openstack.cleanup.manager [-] Deleting neutron.port object s_rally_710d268a_QEnj2erB (3dddc3d2-18ba-4bcf-aaba-79d673ac3788)
2019-07-20 23:05:46.393 22706 RALLYDEBUG rally_openstack.cleanup.manager [-] Deleting neutron.port object s_rally_710d268a_PPGjL7u4 (3f1c8cca-73a7-4f2b-89d5-e4d1be69871c)
2019-07-20 23:05:46.507 22706 RALLYDEBUG rally_openstack.cleanup.manager [-] Deleting neutron.port object s_rally_710d268a_M7OW96tU (4315ef80-0d42-46fb-a226-cda3369237fd)
2019-07-20 23:05:46.540 22706 RALLYDEBUG rally_openstack.cleanup.manager [-] Deleting neutron.port object s_rally_710d268a_b3J0Md8P (475e80be-d488-4d72-b5b7-e83d5810c836)
2019-07-20 23:05:46.601 22706 RALLYDEBUG rally_openstack.cleanup.manager [-] Deleting neutron.port object s_rally_710d268a_2q4Fblzh (4a49858f-3cb9-4c8b-a71d-7bb3f0a3a37d)
2019-07-20 23:05:46.617 22706 RALLYDEBUG rally_openstack.cleanup.manager [-] Deleting neutron.port object s_rally_710d268a_GJG92wQY (4b56d10d-b8c3-4735-b69a-897fbae15b6d)
2019-07-20 23:05:47.062 22706 RALLYDEBUG rally_openstack.cleanup.manager [-] Deleting neutron.port object s_rally_710d268a_3XNkVStc (4d47eab8-63a2-40da-9643-8fdbccd618aa)
2019-07-20 23:05:47.124 22706 RALLYDEBUG rally_openstack.cleanup.manager [-] Deleting neutron.port object s_rally_710d268a_fqMMIKQ2 (4e3ea56f-152e-41c8-b205-59aca7403148)
2019-07-20 23:05:47.770 22706 RALLYDEBUG rally_openstack.cleanup.manager [-] Deleting neutron.port object s_rally_710d268a_XNs3xbg4 (51407ac9-0f42-49d6-8164-f249ae599d20)
2019-07-20 23:05:47.943 22706 RALLYDEBUG rally_openstack.cleanup.manager [-] Deleting neutron.port object s_rally_710d268a_CEzXs4ro (52a34bbf-5fd3-4da4-a20c-36388ae868e8)
2019-07-20 23:05:47.993 22706 RALLYDEBUG rally_openstack.cleanup.manager [-] Deleting neutron.port object s_rally_710d268a_0wspmDhk (533b6074-52db-4a5e-ae0c-20afd6ec7240)
2019-07-20 23:05:48.129 22706 RALLYDEBUG rally_openstack.cleanup.manager [-] Deleting neutron.port object s_rally_710d268a_itYynudU (541792b6-31fb-4f54-a5ef-18e2a32c422a)
2019-07-20 23:05:48.161 22706 RALLYDEBUG rally_openstack.cleanup.manager [-] Deleting neutron.port object s_rally_710d268a_81nYrbZD (55311f81-a035-41be-aa50-4237f96b3a6a)
2019-07-20 23:05:48.358 22706 RALLYDEBUG rally_openstack.cleanup.manager [-] Deleting neutron.port object s_rally_710d268a_I5Mbr2uU (55dad1e1-6432-40d3-b372-5fc88fff34be)
2019-07-20 23:05:48.474 22706 RALLYDEBUG rally_openstack.cleanup.manager [-] Deleting neutron.port object s_rally_710d268a_xX7OLpqK (5678e108-e859-43b0-bade-9d6171608a21)
2019-07-20 23:05:48.608 22706 RALLYDEBUG rally_openstack.cleanup.manager [-] Deleting neutron.port object s_rally_710d268a_Dxn0fjYB (5844afa9-0b3e-4d9a-bc68-6e5930cb2368)
2019-07-20 23:05:48.807 22706 RALLYDEBUG rally_openstack.cleanup.manager [-] Deleting neutron.port object s_rally_710d268a_jRORupLK (5a11cb28-28e5-4f05-93d5-bad59d9658c6)
