2019-07-20 23:05:48.861 22706 RALLYDEBUG rally_openstack.cleanup.manager [-] Deleting neutron.port object s_rally_710d268a_YTbnvyRe (5eccf3e3-99f4-4dbc-b8fb-d08160dba5c5)
2019-07-20 23:05:48.885 22706 RALLYDEBUG rally_openstack.cleanup.manager [-] Deleting neutron.port object s_rally_710d268a_T1LRfGOF (60d2ad8b-3550-4c96-9e4c-25765115e3e3)
2019-07-20 23:05:49.009 22706 RALLYDEBUG rally_openstack.cleanup.manager [-] Deleting neutron.port object s_rally_710d268a_0ZBHsChW (60de8734-0320-4860-b99b-914864c51326)
2019-07-20 23:05:49.055 22706 RALLYDEBUG rally_openstack.cleanup.manager [-] Deleting neutron.port object s_rally_710d268a_0hNIkzWa (6184b776-4da8-459b-9fe7-6fdcdc6d0f04)
2019-07-20 23:05:49.100 22706 RALLYDEBUG rally_openstack.cleanup.manager [-] Deleting neutron.port object s_rally_710d268a_CtFI8YtM (61a2587b-b996-436e-8857-a9817ca24850)
2019-07-20 23:05:49.132 22706 RALLYDEBUG rally_openstack.cleanup.manager [-] Deleting neutron.port object s_rally_710d268a_XYLwsqD8 (6428eed7-0009-489f-93c6-d990953f72b5)
2019-07-20 23:05:49.133 22706 RALLYDEBUG rally_openstack.cleanup.manager [-] Deleting neutron.port object s_rally_710d268a_qZo3QFp7 (64761c83-d182-4d0e-a39c-8605627d22a4)
2019-07-20 23:05:49.172 22706 RALLYDEBUG rally_openstack.cleanup.manager [-] Deleting neutron.port object s_rally_710d268a_S8cEekq8 (64c47610-78a6-4501-9b0a-2606df867a30)
2019-07-20 23:05:49.323 22706 RALLYDEBUG rally_openstack.cleanup.manager [-] Deleting neutron.port object s_rally_710d268a_6qT8umzk (66e18ff9-ff5e-43a6-8a24-324208613881)
2019-07-20 23:05:49.459 22706 RALLYDEBUG rally_openstack.cleanup.manager [-] Deleting neutron.port object s_rally_710d268a_bWVZqJEG (67098456-d11f-4f27-9c99-91bd6da2e719)
2019-07-20 23:05:49.579 22706 RALLYDEBUG rally_openstack.cleanup.manager [-] Deleting neutron.port object s_rally_710d268a_jwnbIaBd (68e67607-7a38-40f2-85ef-85e0467217c2)
2019-07-20 23:05:50.036 22706 RALLYDEBUG rally_openstack.cleanup.manager [-] Deleting neutron.port object s_rally_710d268a_esZjr5RR (68e6b584-7fb0-4f11-bc7d-3621a6846987)
2019-07-20 23:05:50.376 22706 RALLYDEBUG rally_openstack.cleanup.manager [-] Deleting neutron.port object s_rally_710d268a_pV16Yu7V (6a269eea-63ae-477b-8d6f-50204ff5b8b2)
2019-07-20 23:05:50.529 22706 RALLYDEBUG rally_openstack.cleanup.manager [-] Deleting neutron.port object s_rally_710d268a_2RhUd6Fz (6c22546d-c28b-4dd6-b92d-bbc476a94c84)
2019-07-20 23:05:50.538 22706 RALLYDEBUG rally_openstack.cleanup.manager [-] Deleting neutron.port object s_rally_710d268a_jqya2tuQ (6d6ad04c-5e80-45e3-8f18-9c4dbb43dfcf)
2019-07-20 23:05:50.812 22706 RALLYDEBUG rally_openstack.cleanup.manager [-] Deleting neutron.port object s_rally_710d268a_mRa5A8xn (6edd6991-7542-4070-ab27-26e1dc425ac3)
2019-07-20 23:05:51.063 22706 RALLYDEBUG rally_openstack.cleanup.manager [-] Deleting neutron.port object s_rally_710d268a_G62G7Noq (6fe0127f-5af4-4b9f-a75a-211f97155d5a)
2019-07-20 23:05:51.103 22706 RALLYDEBUG rally_openstack.cleanup.manager [-] Deleting neutron.port object s_rally_710d268a_FVbguzge (702a1318-8887-497e-a6e9-578959fcc120)
2019-07-20 23:05:51.172 22706 RALLYDEBUG rally_openstack.cleanup.manager [-] Deleting neutron.port object s_rally_710d268a_LO9oxq3R (70e62fcb-af6f-4a7e-b79a-fe71570c6faf)
2019-07-20 23:05:51.181 22706 RALLYDEBUG rally_openstack.cleanup.manager [-] Deleting neutron.port object s_rally_710d268a_jvDV1CjD (729324f2-cdde-491c-9b16-500ded2b2101)
2019-07-20 23:05:51.218 22706 RALLYDEBUG rally_openstack.cleanup.manager [-] Deleting neutron.port object s_rally_710d268a_nXkFxBTx (72a4c834-c46e-48a5-9c2c-74912959791a)
2019-07-20 23:05:51.361 22706 RALLYDEBUG rally_openstack.cleanup.manager [-] Deleting neutron.port object s_rally_710d268a_D8xsYmVU (768a33a1-7e43-4636-a9b7-116a0e7e4def)
2019-07-20 23:05:51.384 22706 RALLYDEBUG rally_openstack.cleanup.manager [-] Deleting neutron.port object s_rally_710d268a_hsrclNE3 (77171e88-6ce4-40b3-af97-b6ebe1f49897)
2019-07-20 23:05:51.549 22706 RALLYDEBUG rally_openstack.cleanup.manager [-] Deleting neutron.port object s_rally_710d268a_xqXQ5Af7 (77952fae-098e-4dd4-b5a5-9e2c7e926fd9)
2019-07-20 23:05:51.608 22706 RALLYDEBUG rally_openstack.cleanup.manager [-] Deleting neutron.port object s_rally_710d268a_tBCs7cxC (7ba1c615-c862-4ce0-8c0d-03dccd615af0)
2019-07-20 23:05:51.822 22706 RALLYDEBUG rally_openstack.cleanup.manager [-] Deleting neutron.port object s_rally_710d268a_UoVfx0Wn (7d87eb62-dd97-4817-84bc-da51f71a12bd)
2019-07-20 23:05:51.839 22706 RALLYDEBUG rally_openstack.cleanup.manager [-] Deleting neutron.port object s_rally_710d268a_hEdnTUun (7dc07ac3-ac57-4954-9b53-dd8a055560ab)
2019-07-20 23:05:51.963 22706 RALLYDEBUG rally_openstack.cleanup.manager [-] Deleting neutron.port object s_rally_710d268a_SoDvmYPw (7eacabd8-a924-4a81-bc3d-3aabbf349725)
2019-07-20 23:05:52.031 22706 RALLYDEBUG rally_openstack.cleanup.manager [-] Deleting neutron.port object s_rally_710d268a_qa6KQmII (7f4ca1bd-d072-4683-9014-600e9159a806)
2019-07-20 23:05:52.035 22706 RALLYDEBUG rally_openstack.cleanup.manager [-] Deleting neutron.port object s_rally_710d268a_V6hU7sTP (7f864c58-b9dd-4328-abf0-a0a5de1944b0)
2019-07-20 23:05:52.112 22706 RALLYDEBUG rally_openstack.cleanup.manager [-] Deleting neutron.port object s_rally_710d268a_vH4F0c4n (7fa44aaf-852b-4fcc-8792-ad9cf67145ce)
2019-07-20 23:05:52.555 22706 RALLYDEBUG rally_openstack.cleanup.manager [-] Deleting neutron.port object s_rally_710d268a_K0zH8qiR (82bc4dc5-6c63-4d7b-9c83-7d914f9e128d)
2019-07-20 23:05:52.564 22706 RALLYDEBUG rally_openstack.cleanup.manager [-] Deleting neutron.port object s_rally_710d268a_pAiVEaTF (83578e28-64f6-42ac-87c2-bf9eb82379b8)
2019-07-20 23:05:52.776 22706 RALLYDEBUG rally_openstack.cleanup.manager [-] Deleting neutron.port object s_rally_710d268a_PKbv5wlk (84139e00-00f9-44af-9b44-84a7b43f7973)
2019-07-20 23:05:52.938 22706 RALLYDEBUG rally_openstack.cleanup.manager [-] Deleting neutron.port object s_rally_710d268a_onpgH7Fj (84e89171-c7eb-42f4-8a48-bb4e3c8fec19)
2019-07-20 23:05:53.099 22706 RALLYDEBUG rally_openstack.cleanup.manager [-] Deleting neutron.port object s_rally_710d268a_OcKxF11E (8537af7e-5ec2-4a53-bcb4-f011b70a7523)
2019-07-20 23:05:53.508 22706 RALLYDEBUG rally_openstack.cleanup.manager [-] Deleting neutron.port object s_rally_710d268a_HTFwWuxw (855a843f-982e-4538-b303-06d648b62aef)
2019-07-20 23:05:53.575 22706 RALLYDEBUG rally_openstack.cleanup.manager [-] Deleting neutron.port object s_rally_710d268a_vRS8R7Pz (85e1b920-5b78-4a59-b894-13e6423650b5)
2019-07-20 23:05:53.670 22706 RALLYDEBUG rally_openstack.cleanup.manager [-] Deleting neutron.port object s_rally_710d268a_k2jzRFTE (86bf7bbf-2fc8-4b16-9039-cebceddd3653)
2019-07-20 23:05:53.695 22706 RALLYDEBUG rally_openstack.cleanup.manager [-] Deleting neutron.port object s_rally_710d268a_6wb7Eev5 (8ee65685-7b6f-4062-9ddf-6b97cbba81eb)
2019-07-20 23:05:53.701 22706 RALLYDEBUG rally_openstack.cleanup.manager [-] Deleting neutron.port object s_rally_710d268a_Oo8w15l3 (922419e2-78ae-4364-ae1c-749c80182680)
2019-07-20 23:05:54.049 22706 RALLYDEBUG rally_openstack.cleanup.manager [-] Deleting neutron.port object s_rally_710d268a_Rp6AV2q1 (94077187-9db7-4dc1-b3cf-61e1bdafe6c6)
2019-07-20 23:05:54.261 22706 RALLYDEBUG rally_openstack.cleanup.manager [-] Deleting neutron.port object s_rally_710d268a_umJRo0dj (96ebb89f-6045-414e-945b-761852a5beac)
2019-07-20 23:05:54.298 22706 RALLYDEBUG rally_openstack.cleanup.manager [-] Deleting neutron.port object s_rally_710d268a_fQZDNFjD (979c4e0f-2ca2-4910-8214-a128ef05f2c6)
2019-07-20 23:05:54.307 22706 RALLYDEBUG rally_openstack.cleanup.manager [-] Deleting neutron.port object s_rally_710d268a_zV6rIHxF (97cd61de-c244-431f-b411-5795b83b0f16)
2019-07-20 23:05:54.365 22706 RALLYDEBUG rally_openstack.cleanup.manager [-] Deleting neutron.port object s_rally_710d268a_mi2wxC5b (9832a2bd-ae76-455d-a0b8-7e1eeb71ff31)
2019-07-20 23:05:54.500 22706 RALLYDEBUG rally_openstack.cleanup.manager [-] Deleting neutron.port object s_rally_710d268a_5LytPkQJ (9840653b-4a66-46aa-b8d6-cd69e48e295d)
2019-07-20 23:05:54.567 22706 RALLYDEBUG rally_openstack.cleanup.manager [-] Deleting neutron.port object s_rally_710d268a_bGgwMWCl (9a379c91-c4d8-47fa-a7de-388666c87e29)
2019-07-20 23:05:54.608 22706 RALLYDEBUG rally_openstack.cleanup.manager [-] Deleting neutron.port object s_rally_710d268a_LTUVdPCD (9d294019-2e08-4aa8-b912-14941bc32931)
2019-07-20 23:05:54.717 22706 RALLYDEBUG rally_openstack.cleanup.manager [-] Deleting neutron.port object s_rally_710d268a_srmGWQqN (9f4a2d5a-2fa2-443e-8f43-d011100df3b6)
2019-07-20 23:05:54.868 22706 RALLYDEBUG rally_openstack.cleanup.manager [-] Deleting neutron.port object s_rally_710d268a_mPdHsa7O (a034d30a-3209-45ab-8c58-1d6a02c20244)
2019-07-20 23:05:54.920 22706 RALLYDEBUG rally_openstack.cleanup.manager [-] Deleting neutron.port object s_rally_710d268a_8bRT3rOz (a2cf35e7-6851-4a9b-9235-8b3cb7276a27)
2019-07-20 23:05:55.135 22706 RALLYDEBUG rally_openstack.cleanup.manager [-] Deleting neutron.port object s_rally_710d268a_h2l8H9My (a3dd77b6-779b-48d8-969e-637dfda38db9)
2019-07-20 23:05:55.348 22706 RALLYDEBUG rally_openstack.cleanup.manager [-] Deleting neutron.port object s_rally_710d268a_IVaiPmGa (a464d82e-a3af-4096-8ebe-3c09f4aeae13)
2019-07-20 23:05:55.580 22706 RALLYDEBUG rally_openstack.cleanup.manager [-] Deleting neutron.port object s_rally_710d268a_mIO0GMpZ (a63bb3c9-b953-468b-992f-d15597d22b4f)
2019-07-20 23:05:55.767 22706 RALLYDEBUG rally_openstack.cleanup.manager [-] Deleting neutron.port object s_rally_710d268a_HmXgmntB (a676de97-7677-4cb4-acbe-c3af770ecd04)
2019-07-20 23:05:55.788 22706 RALLYDEBUG rally_openstack.cleanup.manager [-] Deleting neutron.port object s_rally_710d268a_oWcSVFbY (a76b04dc-0e27-482d-84b2-d8794c281b94)
2019-07-20 23:05:55.967 22706 RALLYDEBUG rally_openstack.cleanup.manager [-] Deleting neutron.port object s_rally_710d268a_Wk3rXyBo (a7e21c78-00b2-4a24-9870-397e6a1160ae)
2019-07-20 23:05:55.984 22706 RALLYDEBUG rally_openstack.cleanup.manager [-] Deleting neutron.port object s_rally_710d268a_t9V84pUY (a851eb3a-05a0-4364-96af-4ed2ef14737d)
2019-07-20 23:05:56.069 22706 RALLYDEBUG rally_openstack.cleanup.manager [-] Deleting neutron.port object s_rally_710d268a_NmTSaY6p (a8c4647e-e593-44ac-ba74-2bbc34a3634f)
2019-07-20 23:05:56.092 22706 RALLYDEBUG rally_openstack.cleanup.manager [-] Deleting neutron.port object s_rally_710d268a_D8JEAc9L (ab356916-a2cf-4a7f-913f-2f1f28931495)
2019-07-20 23:05:56.510 22706 RALLYDEBUG rally_openstack.cleanup.manager [-] Deleting neutron.port object s_rally_710d268a_tI0uKVZo (ab70fdde-0048-4176-ba7b-aaef0b1ca52e)
2019-07-20 23:05:56.621 22706 RALLYDEBUG rally_openstack.cleanup.manager [-] Deleting neutron.port object s_rally_710d268a_zL2XfT0E (adf82285-8a79-4e72-8dc2-3168585ebb54)
2019-07-20 23:05:56.834 22706 RALLYDEBUG rally_openstack.cleanup.manager [-] Deleting neutron.port object s_rally_710d268a_0ffZBZrG (ae6478d0-1d7a-487d-bdd9-f1a2fda3334e)
2019-07-20 23:05:56.882 22706 RALLYDEBUG rally_openstack.cleanup.manager [-] Deleting neutron.port object s_rally_710d268a_eGbKLqYY (aea3384a-7c3f-45f5-bc58-46d2e9236e30)
2019-07-20 23:05:56.941 22706 RALLYDEBUG rally_openstack.cleanup.manager [-] Deleting neutron.port object s_rally_710d268a_yq6IHbd2 (af92feec-2c25-4801-8d5d-f146b83d7163)
2019-07-20 23:05:56.976 22706 RALLYDEBUG rally_openstack.cleanup.manager [-] Deleting neutron.port object s_rally_710d268a_OF0qImAz (aff3feb2-65cd-46ec-9773-3b2d9f6b96c8)
2019-07-20 23:05:57.093 22706 RALLYDEBUG rally_openstack.cleanup.manager [-] Deleting neutron.port object s_rally_710d268a_KzlZX8rR (b0d67b85-0987-4421-86c3-b13acba88c73)
2019-07-20 23:05:57.101 22706 RALLYDEBUG rally_openstack.cleanup.manager [-] Deleting neutron.port object s_rally_710d268a_GO6k7N46 (b20ed1e3-2912-4203-9c8c-b503e917d432)
2019-07-20 23:05:57.107 22706 RALLYDEBUG rally_openstack.cleanup.manager [-] Deleting neutron.port object s_rally_710d268a_VKmsAYE6 (b25bac7e-e696-45d1-86c5-a35a292f1166)
2019-07-20 23:05:57.282 22706 RALLYDEBUG rally_openstack.cleanup.manager [-] Deleting neutron.port object s_rally_710d268a_GB0mDMZU (b324b2ec-f221-4cf4-8579-3ed8364fd588)
2019-07-20 23:05:57.292 22706 RALLYDEBUG rally_openstack.cleanup.manager [-] Deleting neutron.port object s_rally_710d268a_U51Uwhzv (b34755e2-8824-4226-9cf8-47e284ddc03a)
2019-07-20 23:05:57.352 22706 RALLYDEBUG rally_openstack.cleanup.manager [-] Deleting neutron.port object s_rally_710d268a_xEtKnMvE (b592714a-5f94-4fc2-b657-9a8e40f038b5)
2019-07-20 23:05:57.900 22706 RALLYDEBUG rally_openstack.cleanup.manager [-] Deleting neutron.port object s_rally_710d268a_3Rf5Wb36 (b65ecc65-ee74-4f8d-9231-317c60aeb442)
2019-07-20 23:05:57.981 22706 RALLYDEBUG rally_openstack.cleanup.manager [-] Deleting neutron.port object s_rally_710d268a_AtupgVoi (b6e28fcc-fbe9-4112-8e49-57b05a2b5ccd)
2019-07-20 23:05:58.179 22706 RALLYDEBUG rally_openstack.cleanup.manager [-] Deleting neutron.port object s_rally_710d268a_eP3myPlv (b6f1d779-4934-4508-9b20-a6fcff0161c1)
2019-07-20 23:05:58.198 22706 RALLYDEBUG rally_openstack.cleanup.manager [-] Deleting neutron.port object s_rally_710d268a_eF2GKufI (b9ca61ef-bf16-4f91-9b59-185c6a6a7ac4)
2019-07-20 23:05:58.285 22706 RALLYDEBUG rally_openstack.cleanup.manager [-] Deleting neutron.port object s_rally_710d268a_ViIbZp0E (baed183e-fa45-4127-b4da-3a381d4a9396)
2019-07-20 23:05:58.448 22706 RALLYDEBUG rally_openstack.cleanup.manager [-] Deleting neutron.port object s_rally_710d268a_w1lcic4s (bce72564-d0f5-48c5-af8e-37313d64275e)
2019-07-20 23:05:58.533 22706 RALLYDEBUG rally_openstack.cleanup.manager [-] Deleting neutron.port object s_rally_710d268a_2RO903Es (bd606274-a873-4471-877d-90b70ff91b1a)
2019-07-20 23:05:58.546 22706 RALLYDEBUG rally_openstack.cleanup.manager [-] Deleting neutron.port object s_rally_710d268a_wi1etK0u (be351f41-3d2e-417b-ad70-edd5646bb885)
2019-07-20 23:05:58.690 22706 RALLYDEBUG rally_openstack.cleanup.manager [-] Deleting neutron.port object s_rally_710d268a_GJtbaKat (bfe451c9-b880-4d61-8d85-b59919ea9b24)
2019-07-20 23:05:58.931 22706 RALLYDEBUG rally_openstack.cleanup.manager [-] Deleting neutron.port object s_rally_710d268a_PxQxwNUu (c1fb8b1d-748e-453e-a178-8c91b3f14751)
2019-07-20 23:05:59.267 22706 RALLYDEBUG rally_openstack.cleanup.manager [-] Deleting neutron.port object s_rally_710d268a_iRktCAHT (c3f47e2c-35d1-4c0f-b963-fc6c8ba0b88c)
2019-07-20 23:05:59.274 22706 RALLYDEBUG rally_openstack.cleanup.manager [-] Deleting neutron.port object s_rally_710d268a_OxSqpBpd (c52b5568-981c-46c2-aa88-5d6adc637795)
2019-07-20 23:05:59.544 22706 RALLYDEBUG rally_openstack.cleanup.manager [-] Deleting neutron.port object s_rally_710d268a_kKfEAS5c (c7462a4e-fdfd-4d10-a525-ea89d86240f4)
2019-07-20 23:05:59.597 22706 RALLYDEBUG rally_openstack.cleanup.manager [-] Deleting neutron.port object s_rally_710d268a_zgyaEcK0 (c8688113-5873-4bea-b693-758c6d6e55b4)
2019-07-20 23:05:59.878 22706 RALLYDEBUG rally_openstack.cleanup.manager [-] Deleting neutron.port object s_rally_710d268a_EUvLeG5h (c89141e8-b7be-4e5f-ac0a-9206e1186051)
2019-07-20 23:05:59.906 22706 RALLYDEBUG rally_openstack.cleanup.manager [-] Deleting neutron.port object s_rally_710d268a_V5gdxr4s (c91635d8-e085-4301-8657-50573a8cd132)
2019-07-20 23:05:59.929 22706 RALLYDEBUG rally_openstack.cleanup.manager [-] Deleting neutron.port object s_rally_710d268a_iNce2sj0 (cd943236-221b-4bc0-9bb3-5bf5dafdd095)
2019-07-20 23:05:59.985 22706 RALLYDEBUG rally_openstack.cleanup.manager [-] Deleting neutron.port object s_rally_710d268a_dKwP3Qn6 (d3188133-e28d-4667-a70b-0c2ba634075d)
2019-07-20 23:06:00.078 22706 RALLYDEBUG rally_openstack.cleanup.manager [-] Deleting neutron.port object s_rally_710d268a_zfyt1P0t (d4c8827f-0bd4-4b99-9df9-cac3a094ae08)
2019-07-20 23:06:00.097 22706 RALLYDEBUG rally_openstack.cleanup.manager [-] Deleting neutron.port object s_rally_710d268a_lS3h5AO3 (d853e8f6-78d4-4dde-b600-cc5cc707e404)
2019-07-20 23:06:00.185 22706 RALLYDEBUG rally_openstack.cleanup.manager [-] Deleting neutron.port object s_rally_710d268a_Yo7g40am (d8d753e8-5387-4a19-b587-55f6748f61ae)
2019-07-20 23:06:00.302 22706 RALLYDEBUG rally_openstack.cleanup.manager [-] Deleting neutron.port object s_rally_710d268a_WBONTOAM (d901b633-3867-486b-9b47-752711e78c32)
2019-07-20 23:06:00.461 22706 RALLYDEBUG rally_openstack.cleanup.manager [-] Deleting neutron.port object s_rally_710d268a_VVWHyMOe (d922f07e-d924-49bc-a022-3d55055e6860)
2019-07-20 23:06:00.515 22706 RALLYDEBUG rally_openstack.cleanup.manager [-] Deleting neutron.port object s_rally_710d268a_JpUFUfeV (da7fb2d6-a847-4023-89bd-7e28ce015c8a)
2019-07-20 23:06:00.621 22706 RALLYDEBUG rally_openstack.cleanup.manager [-] Deleting neutron.port object s_rally_710d268a_pvSjyDsB (db161bba-ea8d-4b58-8ba5-f1591aca3157)
2019-07-20 23:06:00.842 22706 RALLYDEBUG rally_openstack.cleanup.manager [-] Deleting neutron.port object s_rally_710d268a_VbfblgWQ (dc15683a-da1a-43c1-889c-2450b8d1e9ad)
2019-07-20 23:06:00.958 22706 RALLYDEBUG rally_openstack.cleanup.manager [-] Deleting neutron.port object s_rally_710d268a_TQPRH0gV (dc6a8d38-0310-41f4-86f2-30746f468c14)
2019-07-20 23:06:00.973 22706 RALLYDEBUG rally_openstack.cleanup.manager [-] Deleting neutron.port object s_rally_710d268a_1hlxCG0e (de982ce9-50d2-4a3e-a6d4-9e8a3bb82eef)
2019-07-20 23:06:01.088 22706 RALLYDEBUG rally_openstack.cleanup.manager [-] Deleting neutron.port object s_rally_710d268a_jRmqsiSG (df0f5f90-c7e3-4910-b761-4434624bdb9a)
2019-07-20 23:06:01.480 22706 RALLYDEBUG rally_openstack.cleanup.manager [-] Deleting neutron.port object s_rally_710d268a_4iImWfhQ (df68a49a-c417-4332-9174-3bcc14ce3c8c)
2019-07-20 23:06:01.957 22706 RALLYDEBUG rally_openstack.cleanup.manager [-] Deleting neutron.port object s_rally_710d268a_Gjm3UVmu (dff8d1b1-a5a5-4b2a-809e-645f04f9d294)
2019-07-20 23:06:01.992 22706 RALLYDEBUG rally_openstack.cleanup.manager [-] Deleting neutron.port object s_rally_710d268a_cmInmNKB (e16d3d60-7511-4915-8072-9e15ac4961bc)
2019-07-20 23:06:02.107 22706 RALLYDEBUG rally_openstack.cleanup.manager [-] Deleting neutron.port object s_rally_710d268a_kb3PRkMY (e1fa3064-8b3b-4676-aa2b-deca74769061)
2019-07-20 23:06:02.321 22706 RALLYDEBUG rally_openstack.cleanup.manager [-] Deleting neutron.port object s_rally_710d268a_4fPcA98E (e4f1bdf3-aeef-4631-ba10-e29c4ab91b9d)
2019-07-20 23:06:02.580 22706 RALLYDEBUG rally_openstack.cleanup.manager [-] Deleting neutron.port object s_rally_710d268a_1GMvhhf1 (e80cbaee-2c42-4dc1-ba3c-c8ce526aacaf)
2019-07-20 23:06:02.665 22706 RALLYDEBUG rally_openstack.cleanup.manager [-] Deleting neutron.port object s_rally_710d268a_kmWGfcdl (e98ef8c5-7b6e-4078-8fc7-83f0e652ee15)
2019-07-20 23:06:02.675 22706 RALLYDEBUG rally_openstack.cleanup.manager [-] Deleting neutron.port object s_rally_710d268a_8J8EHH1I (e9fbfff8-c55f-43a2-98ef-53f4432c3ee2)
2019-07-20 23:06:02.813 22706 RALLYDEBUG rally_openstack.cleanup.manager [-] Deleting neutron.port object s_rally_710d268a_as5ga41A (ea3c5dc4-1e96-44dd-a151-3f1efff67d33)
2019-07-20 23:06:02.855 22706 RALLYDEBUG rally_openstack.cleanup.manager [-] Deleting neutron.port object s_rally_710d268a_nVH8belS (ea4750d7-c227-4536-be39-ba922a676aa4)
2019-07-20 23:06:02.893 22706 RALLYDEBUG rally_openstack.cleanup.manager [-] Deleting neutron.port object s_rally_710d268a_tO0YybWI (ebac9bef-4aee-4c6b-8e6b-b1bf5240b183)
2019-07-20 23:06:02.950 22706 RALLYDEBUG rally_openstack.cleanup.manager [-] Deleting neutron.port object s_rally_710d268a_Lxa9Ng0H (ebc2ef5b-dc08-4113-826c-93a09eb21604)
2019-07-20 23:06:02.985 22706 RALLYDEBUG rally_openstack.cleanup.manager [-] Deleting neutron.port object s_rally_710d268a_eBBJfwVV (ed4955ff-5947-43f7-9b9f-f050bc402a0e)
2019-07-20 23:06:03.072 22706 RALLYDEBUG rally_openstack.cleanup.manager [-] Deleting neutron.port object s_rally_710d268a_Q6SFTWoK (ed6b7d5c-a4c4-4d01-92c0-6d769509e6a2)
2019-07-20 23:06:03.100 22706 RALLYDEBUG rally_openstack.cleanup.manager [-] Deleting neutron.port object s_rally_710d268a_SjUb9KFR (ee1be079-f5a7-435d-afa6-a6b375b4d0fe)
2019-07-20 23:06:03.161 22706 RALLYDEBUG rally_openstack.cleanup.manager [-] Deleting neutron.port object s_rally_710d268a_8Ptd0UPo (eef4d0fa-31c9-43f9-97da-e1f1645e9556)
2019-07-20 23:06:03.471 22706 RALLYDEBUG rally_openstack.cleanup.manager [-] Deleting neutron.port object s_rally_710d268a_1jD36nP8 (ef8d4e64-e295-45ba-83c0-ad6cd1c61699)
2019-07-20 23:06:03.685 22706 RALLYDEBUG rally_openstack.cleanup.manager [-] Deleting neutron.port object s_rally_710d268a_QnRh75ZQ (f199074f-83c4-4dc0-ab72-64de8dcee96a)
2019-07-20 23:06:03.904 22706 RALLYDEBUG rally_openstack.cleanup.manager [-] Deleting neutron.port object s_rally_710d268a_5lTK9Nte (f904695d-95e3-4994-90eb-73f87764256b)
2019-07-20 23:06:04.078 22706 RALLYDEBUG rally_openstack.cleanup.manager [-] Deleting neutron.port object s_rally_710d268a_TSasBwrS (f9a13087-2c99-4009-bd64-7b4b15e6ab18)
2019-07-20 23:06:04.170 22706 RALLYDEBUG rally_openstack.cleanup.manager [-] Deleting neutron.port object s_rally_710d268a_sTBN8Rqp (fa437795-aa1b-4d03-81fe-7e7e94db3daa)
2019-07-20 23:06:04.276 22706 RALLYDEBUG rally_openstack.cleanup.manager [-] Deleting neutron.port object s_rally_710d268a_uSP87PzL (fb52f278-158a-4951-99a0-dae201faac06)
2019-07-20 23:06:04.345 22706 RALLYDEBUG rally_openstack.cleanup.manager [-] Deleting neutron.port object s_rally_710d268a_5s4wnQWb (fb893ccc-f7b9-48fe-bdce-b0947971e6d4)
2019-07-20 23:06:04.370 22706 RALLYDEBUG rally_openstack.cleanup.manager [-] Deleting neutron.port object s_rally_710d268a_348HtsDs (fcc6757d-85ca-4ed3-929d-b554a13ff2ce)
2019-07-20 23:06:04.555 22706 RALLYDEBUG rally_openstack.cleanup.manager [-] Deleting neutron.port object s_rally_710d268a_Y6dLQO4r (fd3ccb0a-e501-42fb-8bbc-3befaafcbe78)
2019-07-20 23:06:05.118 22706 RALLYDEBUG rally_openstack.cleanup.manager [-] Deleting neutron.port object s_rally_710d268a_OqDEtbFF (fd865397-a671-4b2c-a6d9-bd474e4c339d)
2019-07-20 23:06:05.206 22706 RALLYDEBUG rally_openstack.cleanup.manager [-] Deleting neutron.port object s_rally_710d268a_twXDeiAb (ff328a29-8261-4712-912f-af6d7e3b3e8e)
2019-07-20 23:06:05.395 22706 RALLYDEBUG rally_openstack.cleanup.manager [-] Deleting neutron.port object s_rally_710d268a_GRuCAEZg (ff407466-05c8-47f5-aa08-0b87154860a5)
2019-07-20 23:06:05.523 22706 RALLYDEBUG rally_openstack.cleanup.manager [-] Deleting neutron.port object s_rally_710d268a_8Et9pRpp (ffdc2f8d-fe24-4f9a-b5c1-403cfda3b050)
2019-07-20 23:06:08.133 22706 RALLYDEBUG rally_openstack.cleanup.manager [-] Cleaning up neutron subnet objects
2019-07-20 23:06:08.892 22706 RALLYDEBUG rally_openstack.cleanup.manager [-] Cleaning up neutron network objects
2019-07-20 23:06:09.861 22706 RALLYDEBUG rally_openstack.cleanup.manager [-] Deleting neutron.network object s_rally_710d268a_ovkqDelm (08632a24-4f0f-4316-b058-81d470e5a12c)
2019-07-20 23:06:09.869 22706 RALLYDEBUG rally_openstack.cleanup.manager [-] Deleting neutron.network object s_rally_710d268a_H9u6QngL (0ce8160a-5fbe-4476-a390-edb1c82665c3)
2019-07-20 23:06:09.875 22706 RALLYDEBUG rally_openstack.cleanup.manager [-] Deleting neutron.network object s_rally_710d268a_7AtgARLq (0eb9167e-78f7-42b4-9c36-5407c533059d)
2019-07-20 23:06:09.884 22706 RALLYDEBUG rally_openstack.cleanup.manager [-] Deleting neutron.network object s_rally_710d268a_CIlOtxwG (1a7907c7-e035-4755-b48e-42d590fe97e8)
2019-07-20 23:06:09.892 22706 RALLYDEBUG rally_openstack.cleanup.manager [-] Deleting neutron.network object s_rally_710d268a_eRRUbYXi (28235a40-27c9-4936-8d2a-e74c1fa6c85d)
2019-07-20 23:06:09.912 22706 RALLYDEBUG rally_openstack.cleanup.manager [-] Deleting neutron.network object s_rally_710d268a_1wrPeSNM (3f0dff89-f0f6-47b3-82ce-dbfcc684bdc2)
2019-07-20 23:06:09.917 22706 RALLYDEBUG rally_openstack.cleanup.manager [-] Deleting neutron.network object s_rally_710d268a_fBnICONe (314caf78-6b1b-4342-b988-5ae3ecfa0364)
2019-07-20 23:06:09.919 22706 RALLYDEBUG rally_openstack.cleanup.manager [-] Deleting neutron.network object s_rally_710d268a_2cB2Nig6 (4438c229-6072-4352-bd2f-78fd87505b82)
2019-07-20 23:06:09.947 22706 RALLYDEBUG rally_openstack.cleanup.manager [-] Deleting neutron.network object s_rally_710d268a_CSVYAD97 (4904325f-6e8c-4bcc-b51f-9d2bc8a6f778)
2019-07-20 23:06:09.952 22706 RALLYDEBUG rally_openstack.cleanup.manager [-] Deleting neutron.network object s_rally_710d268a_GZxMe74K (54eb8645-a1e6-4d28-a586-2757982bed40)
2019-07-20 23:06:09.955 22706 RALLYDEBUG rally_openstack.cleanup.manager [-] Deleting neutron.network object s_rally_710d268a_NK0HTOtb (576ddc6a-d153-4898-a0ce-7b8a5d9d3c32)
2019-07-20 23:06:09.970 22706 RALLYDEBUG rally_openstack.cleanup.manager [-] Deleting neutron.network object s_rally_710d268a_rBSQmftF (62d077b7-6e8a-47ce-94ac-443d4406b6bd)
2019-07-20 23:06:09.986 22706 RALLYDEBUG rally_openstack.cleanup.manager [-] Deleting neutron.network object s_rally_710d268a_ySy9YCv0 (721b15e4-802a-444d-9e6f-d6ba21fe9b51)
2019-07-20 23:06:10.002 22706 RALLYDEBUG rally_openstack.cleanup.manager [-] Deleting neutron.network object s_rally_710d268a_p6oqwzsz (757ea786-081c-4bd8-b3a7-138dce22b4e5)
2019-07-20 23:06:10.004 22706 RALLYDEBUG rally_openstack.cleanup.manager [-] Deleting neutron.network object s_rally_710d268a_OjXdOEpV (79455860-f67f-4147-a708-a6f5ac7d15b0)
2019-07-20 23:06:10.019 22706 RALLYDEBUG rally_openstack.cleanup.manager [-] Deleting neutron.network object s_rally_710d268a_qHlIqr6t (81ae3c4d-e1dc-4b87-b577-ad05a59347b8)
2019-07-20 23:06:10.035 22706 RALLYDEBUG rally_openstack.cleanup.manager [-] Deleting neutron.network object s_rally_710d268a_6U2BetdV (91a6d7dc-8e9d-4ee2-b1eb-62be2477c93f)
2019-07-20 23:06:10.055 22706 RALLYDEBUG rally_openstack.cleanup.manager [-] Deleting neutron.network object s_rally_710d268a_Xj9uajBz (92f8fad9-3985-4e7c-a6eb-4eb7dd7e6762)
2019-07-20 23:06:10.075 22706 RALLYDEBUG rally_openstack.cleanup.manager [-] Deleting neutron.network object s_rally_710d268a_tV3TvvSF (9792ec29-f38b-4583-85cd-9b5a3043cd41)
2019-07-20 23:06:10.080 22706 RALLYDEBUG rally_openstack.cleanup.manager [-] Deleting neutron.network object s_rally_710d268a_5m1wNBIp (a2dcc0af-2ec2-4334-a828-1758bb0929d4)
2019-07-20 23:06:13.323 22706 RALLYDEBUG rally_openstack.cleanup.manager [-] Deleting neutron.network object s_rally_710d268a_oT9CgRWj (a3e0697f-3e8e-4786-84a5-dd1a543d43a4)
2019-07-20 23:06:13.432 22706 RALLYDEBUG rally_openstack.cleanup.manager [-] Deleting neutron.network object s_rally_710d268a_UTN12woB (a8ab1ea8-8dce-4936-96d5-d20a035f696c)
2019-07-20 23:06:13.451 22706 RALLYDEBUG rally_openstack.cleanup.manager [-] Deleting neutron.network object s_rally_710d268a_GmhpJn0W (ac63e0db-bb48-4a61-9bc3-ae863adec64a)
2019-07-20 23:06:13.554 22706 RALLYDEBUG rally_openstack.cleanup.manager [-] Deleting neutron.network object s_rally_710d268a_5MqQTBXG (ad02327b-53c7-4b9c-9518-04c817d90200)
2019-07-20 23:06:13.684 22706 RALLYDEBUG rally_openstack.cleanup.manager [-] Deleting neutron.network object s_rally_710d268a_qvNzhNeT (b2559868-55ff-420f-9a69-75fee7386db9)
2019-07-20 23:06:13.706 22706 RALLYDEBUG rally_openstack.cleanup.manager [-] Deleting neutron.network object s_rally_710d268a_uhWlsCiH (b475588f-6a92-40fd-b9b7-e20a83635067)
2019-07-20 23:06:13.767 22706 RALLYDEBUG rally_openstack.cleanup.manager [-] Deleting neutron.network object s_rally_710d268a_628Wm2kr (b81f1132-fc84-4b2f-ac1d-5a5009d31016)
2019-07-20 23:06:13.842 22706 RALLYDEBUG rally_openstack.cleanup.manager [-] Deleting neutron.network object s_rally_710d268a_jekjgYOW (bf82a958-4273-42cf-a44f-0808fadd8362)
2019-07-20 23:06:14.308 22706 RALLYDEBUG rally_openstack.cleanup.manager [-] Deleting neutron.network object s_rally_710d268a_vFV2YU5w (c16477d5-3d25-4ef9-a99c-d72502dcf714)
2019-07-20 23:06:14.417 22706 RALLYDEBUG rally_openstack.cleanup.manager [-] Deleting neutron.network object s_rally_710d268a_ozjQlH9B (cadd10a7-8752-4b06-97e8-2b3ba5517f91)
2019-07-20 23:06:14.572 22706 RALLYDEBUG rally_openstack.cleanup.manager [-] Deleting neutron.network object s_rally_710d268a_xe25ZSzp (d39774a7-5353-4368-b01b-303260558f44)
2019-07-20 23:06:14.734 22706 RALLYDEBUG rally_openstack.cleanup.manager [-] Deleting neutron.network object s_rally_710d268a_dyxP5shX (da9f6c87-99ea-4a9d-85c0-1f1ac2f82ca5)
2019-07-20 23:06:14.751 22706 RALLYDEBUG rally_openstack.cleanup.manager [-] Deleting neutron.network object s_rally_710d268a_F1mGxEBw (df39aaf5-641d-4545-a10b-4af6a0d407ee)
2019-07-20 23:06:14.756 22706 RALLYDEBUG rally_openstack.cleanup.manager [-] Deleting neutron.network object s_rally_710d268a_OxxWcMiz (e04e0224-81e8-471f-9114-9278cf22c1f9)
2019-07-20 23:06:15.060 22706 RALLYDEBUG rally_openstack.cleanup.manager [-] Deleting neutron.network object s_rally_710d268a_sHhcGFLV (e7287b6b-dd04-427c-b357-15f1fffa729f)
2019-07-20 23:06:15.097 22706 RALLYDEBUG rally_openstack.cleanup.manager [-] Deleting neutron.network object s_rally_710d268a_J8bfIMjD (e7dbe938-e4e6-4a85-b50e-6e948624d340)
2019-07-20 23:06:16.515 22706 RALLYDEBUG rally_openstack.cleanup.manager [-] Deleting neutron.network object s_rally_710d268a_IXp1qtQD (ea4ff96a-e743-469f-abdf-240074cadc69)
2019-07-20 23:06:16.592 22706 RALLYDEBUG rally_openstack.cleanup.manager [-] Deleting neutron.network object s_rally_710d268a_Ki5v6L6s (f2730092-5c07-468d-95e2-5bad729b34af)
2019-07-20 23:06:16.650 22706 RALLYDEBUG rally_openstack.cleanup.manager [-] Deleting neutron.network object s_rally_710d268a_65P1D4TY (f49ce16a-ce94-454d-9dd6-8537ede8c979)
2019-07-20 23:06:16.997 22706 RALLYDEBUG rally_openstack.cleanup.manager [-] Deleting neutron.network object s_rally_710d268a_3tbHwVfF (fae72f49-d350-4b4c-8574-f38905af3984)
2019-07-20 23:06:19.969 22706 RALLYDEBUG rally_openstack.cleanup.manager [-] Cleaning up neutron router objects
2019-07-20 23:06:20.746 22706 RALLYDEBUG rally_openstack.cleanup.manager [-] Cleaning up neutron security_group objects
2019-07-20 23:06:21.923 22706 INFO rally.task.context [-] Task fcda03be-4eeb-4add-b742-165137bac60e | Context cleanup@openstack cleanup() finished in 46.73 sec
2019-07-20 23:06:21.924 22706 INFO rally.task.context [-] Task fcda03be-4eeb-4add-b742-165137bac60e | Context quotas@openstack cleanup() started
2019-07-20 23:06:22.145 22706 INFO rally.task.context [-] Task fcda03be-4eeb-4add-b742-165137bac60e | Context quotas@openstack cleanup() finished in 0.22 sec
2019-07-20 23:06:22.145 22706 INFO rally.task.context [-] Task fcda03be-4eeb-4add-b742-165137bac60e | Context users@openstack cleanup() started
2019-07-20 23:06:27.262 22706 INFO rally.task.context [-] Task fcda03be-4eeb-4add-b742-165137bac60e | Context users@openstack cleanup() finished in 5.12 sec
2019-07-20 23:06:29.081 22706 INFO rally.task.engine [-] Load duration is: 38.698959
2019-07-20 23:06:29.082 22706 INFO rally.task.engine [-] Full runner duration is: 38.742448
2019-07-20 23:06:29.082 22706 INFO rally.task.engine [-] Full duration is: 96.509076
2019-07-20 23:06:29.326 22706 INFO rally.task.engine [-] Running workload: position = 2 config = { "version": 2, "title": "A cropped version of a bigger task.", "description": "Auto-generated task from a single workload (uuid=76465c10-92d2-4440-bdd3-eec6cf387855)", "subtasks": [ { "title": "NeutronNetworks.create_and_delete_ports", "description": "Create and delete a port.", "scenario": { "NeutronNetworks.create_and_delete_ports": { "network_create_args": {}, "port_create_args": {}, "ports_per_network": 5 } }, "contexts": { "users": { "tenants": 1, "users_per_tenant": 1 }, "quotas": { "neutron": { "network": -1, "port": -1 } } }, "runner": { "constant": { "times": 40, "concurrency": 20 } }, "hooks": [], "sla": { "failure_rate": { "max": 0 } } } ] }
2019-07-20 23:06:29.350 22706 RALLYDEBUG rally_openstack.contexts.keystone.users [-] Creating 1 tenants using 20 threads
2019-07-20 23:06:31.274 22706 RALLYDEBUG rally_openstack.contexts.keystone.users [-] Creating 1 users using 20 threads
2019-07-20 23:06:34.195 22706 INFO rally.task.context [-] Task fcda03be-4eeb-4add-b742-165137bac60e | Context users@openstack setup() finished in 4.85 sec
2019-07-20 23:06:35.102 22706 INFO rally.task.context [-] Task fcda03be-4eeb-4add-b742-165137bac60e | Context quotas@openstack setup() finished in 0.91 sec
2019-07-20 23:06:35.103 22706 INFO rally.task.context [-] Task fcda03be-4eeb-4add-b742-165137bac60e | Context cleanup@openstack setup() finished in 0.01 msec
2019-07-20 23:06:35.111 22706 RALLYDEBUG rally.task.runner [-] Starting the constant runner (task UUID: fcda03be-4eeb-4add-b742-165137bac60e). timeout: 0 concurrency: 20 concurrency_per_worker: 1 times: 40 concurrency_overhead: 4 processes_to_start: 16 max_cpu_used: 16
2019-07-20 23:06:35.125 26952 RALLYDEBUG rally.task.runner [-] Starting a worker. concurrency: 2 args: {"network_create_args": {}, "port_create_args": {}, "ports_per_network": 5} times: 40 method_name: run timeout: 0 duration: None cls:
2019-07-20 23:06:35.127 26953 RALLYDEBUG rally.task.runner [-] Starting a worker. concurrency: 2 args: {"network_create_args": {}, "port_create_args": {}, "ports_per_network": 5} times: 40 method_name: run timeout: 0 duration: None cls:
2019-07-20 23:06:35.130 26954 RALLYDEBUG rally.task.runner [-] Starting a worker. concurrency: 2 args: {"network_create_args": {}, "port_create_args": {}, "ports_per_network": 5} times: 40 method_name: run timeout: 0 duration: None cls:
2019-07-20 23:06:35.132 26952 INFO rally.task.runner [-] Task fcda03be-4eeb-4add-b742-165137bac60e | ITER: 1 START
2019-07-20 23:06:35.134 26952 WARNING rally_openstack.scenarios.neutron.utils [-] Running this scenario without either the 'network' or 'existing_network' context is deprecated
2019-07-20 23:06:35.134 26955 RALLYDEBUG rally.task.runner [-] Starting a worker. concurrency: 2 args: {"network_create_args": {}, "port_create_args": {}, "ports_per_network": 5} times: 40 method_name: run timeout: 0 duration: None cls:
2019-07-20 23:06:35.134 26953 INFO rally.task.runner [-] Task fcda03be-4eeb-4add-b742-165137bac60e | ITER: 2 START
2019-07-20 23:06:35.137 26953 INFO rally.task.runner [-] Task fcda03be-4eeb-4add-b742-165137bac60e | ITER: 5 START
2019-07-20 23:06:35.139 26954 INFO rally.task.runner [-] Task fcda03be-4eeb-4add-b742-165137bac60e | ITER: 4 START
2019-07-20 23:06:35.139 26953 WARNING rally_openstack.scenarios.neutron.utils [-] Running this scenario without either the 'network' or 'existing_network' context is deprecated
2019-07-20 23:06:35.140 26958 RALLYDEBUG rally.task.runner [-] Starting a worker. concurrency: 1 args: {"network_create_args": {}, "port_create_args": {}, "ports_per_network": 5} times: 40 method_name: run timeout: 0 duration: None cls:
2019-07-20 23:06:35.142 26954 INFO rally.task.runner [-] Task fcda03be-4eeb-4add-b742-165137bac60e | ITER: 6 START
2019-07-20 23:06:35.143 26954 WARNING rally_openstack.scenarios.neutron.utils [-] Running this scenario without either the 'network' or 'existing_network' context is deprecated
2019-07-20 23:06:35.144 26954 WARNING rally_openstack.scenarios.neutron.utils [-] Running this scenario without either the 'network' or 'existing_network' context is deprecated
2019-07-20 23:06:35.147 26965 RALLYDEBUG rally.task.runner [-] Starting a worker. concurrency: 1 args: {"network_create_args": {}, "port_create_args": {}, "ports_per_network": 5} times: 40 method_name: run timeout: 0 duration: None cls:
2019-07-20 23:06:35.146 26955 INFO rally.task.runner [-] Task fcda03be-4eeb-4add-b742-165137bac60e | ITER: 7 START
2019-07-20 23:06:35.140 26953 WARNING rally_openstack.scenarios.neutron.utils [-] Running this scenario without either the 'network' or 'existing_network' context is deprecated
2019-07-20 23:06:35.148 26952 INFO rally.task.runner [-] Task fcda03be-4eeb-4add-b742-165137bac60e | ITER: 3 START
2019-07-20 23:06:35.149 26958 INFO rally.task.runner [-] Task fcda03be-4eeb-4add-b742-165137bac60e | ITER: 9 START
2019-07-20 23:06:35.149 26952 WARNING rally_openstack.scenarios.neutron.utils [-] Running this scenario without either the 'network' or 'existing_network' context is deprecated
2019-07-20 23:06:35.147 26955 INFO rally.task.runner [-] Task fcda03be-4eeb-4add-b742-165137bac60e | ITER: 8 START
2019-07-20 23:06:35.150 26955 WARNING rally_openstack.scenarios.neutron.utils [-] Running this scenario without either the 'network' or 'existing_network' context is deprecated
2019-07-20 23:06:35.150 26958 WARNING rally_openstack.scenarios.neutron.utils [-] Running this scenario without either the 'network' or 'existing_network' context is deprecated
2019-07-20 23:06:35.152 26968 RALLYDEBUG rally.task.runner [-] Starting a worker. concurrency: 1 args: {"network_create_args": {}, "port_create_args": {}, "ports_per_network": 5} times: 40 method_name: run timeout: 0 duration: None cls:
2019-07-20 23:06:35.153 26965 INFO rally.task.runner [-] Task fcda03be-4eeb-4add-b742-165137bac60e | ITER: 10 START
2019-07-20 23:06:35.154 26965 WARNING rally_openstack.scenarios.neutron.utils [-] Running this scenario without either the 'network' or 'existing_network' context is deprecated
2019-07-20 23:06:35.150 26955 WARNING rally_openstack.scenarios.neutron.utils [-] Running this scenario without either the 'network' or 'existing_network' context is deprecated
2019-07-20 23:06:35.158 26968 INFO rally.task.runner [-] Task fcda03be-4eeb-4add-b742-165137bac60e | ITER: 11 START
2019-07-20 23:06:35.160 26968 WARNING rally_openstack.scenarios.neutron.utils [-] Running this scenario without either the 'network' or 'existing_network' context is deprecated
2019-07-20 23:06:35.160 26975 RALLYDEBUG rally.task.runner [-] Starting a worker. concurrency: 1 args: {"network_create_args": {}, "port_create_args": {}, "ports_per_network": 5} times: 40 method_name: run timeout: 0 duration: None cls:
2019-07-20 23:06:35.166 26975 INFO rally.task.runner [-] Task fcda03be-4eeb-4add-b742-165137bac60e | ITER: 12 START
2019-07-20 23:06:35.168 26975 WARNING rally_openstack.scenarios.neutron.utils [-] Running this scenario without either the 'network' or 'existing_network' context is deprecated
2019-07-20 23:06:35.168 26978 RALLYDEBUG rally.task.runner [-] Starting a worker. concurrency: 1 args: {"network_create_args": {}, "port_create_args": {}, "ports_per_network": 5} times: 40 method_name: run timeout: 0 duration: None cls:
2019-07-20 23:06:35.176 26978 INFO rally.task.runner [-] Task fcda03be-4eeb-4add-b742-165137bac60e | ITER: 13 START
2019-07-20 23:06:35.176 26981 RALLYDEBUG rally.task.runner [-] Starting a worker. concurrency: 1 args: {"network_create_args": {}, "port_create_args": {}, "ports_per_network": 5} times: 40 method_name: run timeout: 0 duration: None cls:
2019-07-20 23:06:35.177 26978 WARNING rally_openstack.scenarios.neutron.utils [-] Running this scenario without either the 'network' or 'existing_network' context is deprecated
2019-07-20 23:06:35.181 26981 INFO rally.task.runner [-] Task fcda03be-4eeb-4add-b742-165137bac60e | ITER: 14 START
2019-07-20 23:06:35.182 26984 RALLYDEBUG rally.task.runner [-] Starting a worker. concurrency: 1 args: {"network_create_args": {}, "port_create_args": {}, "ports_per_network": 5} times: 40 method_name: run timeout: 0 duration: None cls:
2019-07-20 23:06:35.183 26981 WARNING rally_openstack.scenarios.neutron.utils [-] Running this scenario without either the 'network' or 'existing_network' context is deprecated
2019-07-20 23:06:35.188 26984 INFO rally.task.runner [-] Task fcda03be-4eeb-4add-b742-165137bac60e | ITER: 15 START
2019-07-20 23:06:35.190 26984 WARNING rally_openstack.scenarios.neutron.utils [-] Running this scenario without either the 'network' or 'existing_network' context is deprecated
2019-07-20 23:06:35.190 26987 RALLYDEBUG rally.task.runner [-] Starting a worker. concurrency: 1 args: {"network_create_args": {}, "port_create_args": {}, "ports_per_network": 5} times: 40 method_name: run timeout: 0 duration: None cls:
2019-07-20 23:06:35.194 26989 RALLYDEBUG rally.task.runner [-] Starting a worker. concurrency: 1 args: {"network_create_args": {}, "port_create_args": {}, "ports_per_network": 5} times: 40 method_name: run timeout: 0 duration: None cls:
2019-07-20 23:06:35.195 26987 INFO rally.task.runner [-] Task fcda03be-4eeb-4add-b742-165137bac60e | ITER: 16 START
2019-07-20 23:06:35.197 26987 WARNING rally_openstack.scenarios.neutron.utils [-] Running this scenario without either the 'network' or 'existing_network' context is deprecated
2019-07-20 23:06:35.198 26989 INFO rally.task.runner [-] Task fcda03be-4eeb-4add-b742-165137bac60e | ITER: 17 START
2019-07-20 23:06:35.199 26989 WARNING rally_openstack.scenarios.neutron.utils [-] Running this scenario without either the 'network' or 'existing_network' context is deprecated
2019-07-20 23:06:35.201 26993 RALLYDEBUG rally.task.runner [-] Starting a worker. concurrency: 1 args: {"network_create_args": {}, "port_create_args": {}, "ports_per_network": 5} times: 40 method_name: run timeout: 0 duration: None cls:
2019-07-20 23:06:35.206 26995 RALLYDEBUG rally.task.runner [-] Starting a worker. concurrency: 1 args: {"network_create_args": {}, "port_create_args": {}, "ports_per_network": 5} times: 40 method_name: run timeout: 0 duration: None cls:
2019-07-20 23:06:35.209 26997 RALLYDEBUG rally.task.runner [-] Starting a worker. concurrency: 1 args: {"network_create_args": {}, "port_create_args": {}, "ports_per_network": 5} times: 40 method_name: run timeout: 0 duration: None cls:
2019-07-20 23:06:35.209 26993 INFO rally.task.runner [-] Task fcda03be-4eeb-4add-b742-165137bac60e | ITER: 18 START
2019-07-20 23:06:35.211 26995 INFO rally.task.runner [-] Task fcda03be-4eeb-4add-b742-165137bac60e | ITER: 19 START
2019-07-20 23:06:35.214 26993 WARNING rally_openstack.scenarios.neutron.utils [-] Running this scenario without either the 'network' or 'existing_network' context is deprecated
2019-07-20 23:06:35.214 26995 WARNING rally_openstack.scenarios.neutron.utils [-] Running this scenario without either the 'network' or 'existing_network' context is deprecated
2019-07-20 23:06:35.214 26997 INFO rally.task.runner [-] Task fcda03be-4eeb-4add-b742-165137bac60e | ITER: 20 START
2019-07-20 23:06:35.215 26997 WARNING rally_openstack.scenarios.neutron.utils [-] Running this scenario without either the 'network' or 'existing_network' context is deprecated
2019-07-20 23:06:51.083 26958 INFO rally.task.runner [-] Task fcda03be-4eeb-4add-b742-165137bac60e | ITER: 9 END: OK
2019-07-20 23:06:51.087 26958 INFO rally.task.runner [-] Task fcda03be-4eeb-4add-b742-165137bac60e | ITER: 21 START
2019-07-20 23:06:51.088 26958 WARNING rally_openstack.scenarios.neutron.utils [-] Running this scenario without either the 'network' or 'existing_network' context is deprecated
2019-07-20 23:06:51.365 26978 INFO rally.task.runner [-] Task fcda03be-4eeb-4add-b742-165137bac60e | ITER: 13 END: OK
2019-07-20 23:06:51.369 26978 INFO rally.task.runner [-] Task fcda03be-4eeb-4add-b742-165137bac60e | ITER: 22 START
2019-07-20 23:06:51.370 26978 WARNING rally_openstack.scenarios.neutron.utils [-] Running this scenario without either the 'network' or 'existing_network' context is deprecated
2019-07-20 23:06:51.545 26952 INFO rally.task.runner [-] Task fcda03be-4eeb-4add-b742-165137bac60e | ITER: 3 END: OK
2019-07-20 23:06:51.549 26952 INFO rally.task.runner [-] Task fcda03be-4eeb-4add-b742-165137bac60e | ITER: 23 START
2019-07-20 23:06:51.549 26952 WARNING rally_openstack.scenarios.neutron.utils [-] Running this scenario without either the 'network' or 'existing_network' context is deprecated
2019-07-20 23:06:51.655 26954 INFO rally.task.runner [-] Task fcda03be-4eeb-4add-b742-165137bac60e | ITER: 4 END: OK
2019-07-20 23:06:51.658 26954 INFO rally.task.runner [-] Task fcda03be-4eeb-4add-b742-165137bac60e | ITER: 24 START
2019-07-20 23:06:51.658 26954 WARNING rally_openstack.scenarios.neutron.utils [-] Running this scenario without either the 'network' or 'existing_network' context is deprecated
2019-07-20 23:06:51.976 26968 INFO rally.task.runner [-] Task fcda03be-4eeb-4add-b742-165137bac60e | ITER: 11 END: OK
2019-07-20 23:06:51.979 26968 INFO rally.task.runner [-] Task fcda03be-4eeb-4add-b742-165137bac60e | ITER: 25 START
2019-07-20 23:06:51.980 26968 WARNING rally_openstack.scenarios.neutron.utils [-] Running this scenario without either the 'network' or 'existing_network' context is deprecated
2019-07-20 23:06:52.132 26955 INFO rally.task.runner [-] Task fcda03be-4eeb-4add-b742-165137bac60e | ITER: 7 END: OK
2019-07-20 23:06:52.135 26955 INFO rally.task.runner [-] Task fcda03be-4eeb-4add-b742-165137bac60e | ITER: 26 START
2019-07-20 23:06:52.136 26955 WARNING rally_openstack.scenarios.neutron.utils [-] Running this scenario without either the 'network' or 'existing_network' context is deprecated
2019-07-20 23:06:52.725 26989 INFO rally.task.runner [-] Task fcda03be-4eeb-4add-b742-165137bac60e | ITER: 17 END: OK
2019-07-20 23:06:52.729 26989 INFO rally.task.runner [-] Task fcda03be-4eeb-4add-b742-165137bac60e | ITER: 27 START
2019-07-20 23:06:52.729 26989 WARNING rally_openstack.scenarios.neutron.utils [-] Running this scenario without either the 'network' or 'existing_network' context is deprecated
2019-07-20 23:06:53.597 26953 INFO rally.task.runner [-] Task fcda03be-4eeb-4add-b742-165137bac60e | ITER: 5 END: OK
2019-07-20 23:06:53.600 26953 INFO rally.task.runner [-] Task fcda03be-4eeb-4add-b742-165137bac60e | ITER: 28 START
2019-07-20 23:06:53.601 26953 WARNING rally_openstack.scenarios.neutron.utils [-] Running this scenario without either the 'network' or 'existing_network' context is deprecated
2019-07-20 23:06:53.684 26955 INFO rally.task.runner [-] Task fcda03be-4eeb-4add-b742-165137bac60e | ITER: 8 END: OK
2019-07-20 23:06:53.688 26955 INFO rally.task.runner [-] Task fcda03be-4eeb-4add-b742-165137bac60e | ITER: 29 START
2019-07-20 23:06:53.689 26955 WARNING rally_openstack.scenarios.neutron.utils [-] Running this scenario without either the 'network' or 'existing_network' context is deprecated
2019-07-20 23:06:53.769 26993 INFO rally.task.runner [-] Task fcda03be-4eeb-4add-b742-165137bac60e | ITER: 18 END: OK
2019-07-20 23:06:53.772 26993 INFO rally.task.runner [-] Task fcda03be-4eeb-4add-b742-165137bac60e | ITER: 30 START
2019-07-20 23:06:53.773 26993 WARNING rally_openstack.scenarios.neutron.utils [-] Running this scenario without either the 'network' or 'existing_network' context is deprecated
2019-07-20 23:06:53.887 26954 INFO rally.task.runner [-] Task fcda03be-4eeb-4add-b742-165137bac60e | ITER: 6 END: OK
2019-07-20 23:06:53.891 26954 INFO rally.task.runner [-] Task fcda03be-4eeb-4add-b742-165137bac60e | ITER: 31 START
2019-07-20 23:06:53.891 26954 WARNING rally_openstack.scenarios.neutron.utils [-] Running this scenario without either the 'network' or 'existing_network' context is deprecated
2019-07-20 23:06:54.088 26952 INFO rally.task.runner [-] Task fcda03be-4eeb-4add-b742-165137bac60e | ITER: 1 END: OK
2019-07-20 23:06:54.092 26952 INFO rally.task.runner [-] Task fcda03be-4eeb-4add-b742-165137bac60e | ITER: 32 START
2019-07-20 23:06:54.093 26952 WARNING rally_openstack.scenarios.neutron.utils [-] Running this scenario without either the 'network' or 'existing_network' context is deprecated
2019-07-20 23:06:54.210 26965 INFO rally.task.runner [-] Task fcda03be-4eeb-4add-b742-165137bac60e | ITER: 10 END: OK
2019-07-20 23:06:54.214 26965 INFO rally.task.runner [-] Task fcda03be-4eeb-4add-b742-165137bac60e | ITER: 33 START
2019-07-20 23:06:54.215 26965 WARNING rally_openstack.scenarios.neutron.utils [-] Running this scenario without either the 'network' or 'existing_network' context is deprecated
2019-07-20 23:06:54.309 26987 INFO rally.task.runner [-] Task fcda03be-4eeb-4add-b742-165137bac60e | ITER: 16 END: OK
2019-07-20 23:06:54.314 26987 INFO rally.task.runner [-] Task fcda03be-4eeb-4add-b742-165137bac60e | ITER: 34 START
2019-07-20 23:06:54.314 26987 WARNING rally_openstack.scenarios.neutron.utils [-] Running this scenario without either the 'network' or 'existing_network' context is deprecated
2019-07-20 23:06:54.537 26995 INFO rally.task.runner [-] Task fcda03be-4eeb-4add-b742-165137bac60e | ITER: 19 END: OK
2019-07-20 23:06:54.541 26995 INFO rally.task.runner [-] Task fcda03be-4eeb-4add-b742-165137bac60e | ITER: 35 START
2019-07-20 23:06:54.542 26995 WARNING rally_openstack.scenarios.neutron.utils [-] Running this scenario without either the 'network' or 'existing_network' context is deprecated
2019-07-20 23:06:54.573 26997 INFO rally.task.runner [-] Task fcda03be-4eeb-4add-b742-165137bac60e | ITER: 20 END: OK
2019-07-20 23:06:54.576 26997 INFO rally.task.runner [-] Task fcda03be-4eeb-4add-b742-165137bac60e | ITER: 36 START
2019-07-20 23:06:54.577 26997 WARNING rally_openstack.scenarios.neutron.utils [-] Running this scenario without either the 'network' or 'existing_network' context is deprecated
2019-07-20 23:06:55.071 26984 INFO rally.task.runner [-] Task fcda03be-4eeb-4add-b742-165137bac60e | ITER: 15 END: OK
2019-07-20 23:06:55.075 26984 INFO rally.task.runner [-] Task fcda03be-4eeb-4add-b742-165137bac60e | ITER: 37 START
2019-07-20 23:06:55.076 26984 WARNING rally_openstack.scenarios.neutron.utils [-] Running this scenario without either the 'network' or 'existing_network' context is deprecated
2019-07-20 23:06:55.817 26975 INFO rally.task.runner [-] Task fcda03be-4eeb-4add-b742-165137bac60e | ITER: 12 END: OK
2019-07-20 23:06:55.822 26975 INFO rally.task.runner [-] Task fcda03be-4eeb-4add-b742-165137bac60e | ITER: 38 START
2019-07-20 23:06:55.823 26975 WARNING rally_openstack.scenarios.neutron.utils [-] Running this scenario without either the 'network' or 'existing_network' context is deprecated
2019-07-20 23:06:55.854 26953 INFO rally.task.runner [-] Task fcda03be-4eeb-4add-b742-165137bac60e | ITER: 2 END: OK
2019-07-20 23:06:55.857 26953 INFO rally.task.runner [-] Task fcda03be-4eeb-4add-b742-165137bac60e | ITER: 39 START
