2019-07-20 23:06:55.858 26953 WARNING rally_openstack.scenarios.neutron.utils [-] Running this scenario without either the 'network' or 'existing_network' context is deprecated
2019-07-20 23:06:56.410 26981 INFO rally.task.runner [-] Task fcda03be-4eeb-4add-b742-165137bac60e | ITER: 14 END: OK
2019-07-20 23:06:56.413 26981 INFO rally.task.runner [-] Task fcda03be-4eeb-4add-b742-165137bac60e | ITER: 40 START
2019-07-20 23:06:56.414 26981 WARNING rally_openstack.scenarios.neutron.utils [-] Running this scenario without either the 'network' or 'existing_network' context is deprecated
2019-07-20 23:07:08.647 26954 INFO rally.task.runner [-] Task fcda03be-4eeb-4add-b742-165137bac60e | ITER: 24 END: OK
2019-07-20 23:07:09.585 26952 INFO rally.task.runner [-] Task fcda03be-4eeb-4add-b742-165137bac60e | ITER: 23 END: OK
2019-07-20 23:07:09.784 26953 INFO rally.task.runner [-] Task fcda03be-4eeb-4add-b742-165137bac60e | ITER: 28 END: OK
2019-07-20 23:07:10.715 26958 INFO rally.task.runner [-] Task fcda03be-4eeb-4add-b742-165137bac60e | ITER: 21 END: OK
2019-07-20 23:07:10.764 26978 INFO rally.task.runner [-] Task fcda03be-4eeb-4add-b742-165137bac60e | ITER: 22 END: OK
2019-07-20 23:07:10.850 26955 INFO rally.task.runner [-] Task fcda03be-4eeb-4add-b742-165137bac60e | ITER: 26 END: OK
2019-07-20 23:07:10.946 26997 INFO rally.task.runner [-] Task fcda03be-4eeb-4add-b742-165137bac60e | ITER: 36 END: OK
2019-07-20 23:07:10.978 26955 INFO rally.task.runner [-] Task fcda03be-4eeb-4add-b742-165137bac60e | ITER: 29 END: OK
2019-07-20 23:07:11.297 26995 INFO rally.task.runner [-] Task fcda03be-4eeb-4add-b742-165137bac60e | ITER: 35 END: OK
2019-07-20 23:07:11.352 26993 INFO rally.task.runner [-] Task fcda03be-4eeb-4add-b742-165137bac60e | ITER: 30 END: OK
2019-07-20 23:07:11.362 26989 INFO rally.task.runner [-] Task fcda03be-4eeb-4add-b742-165137bac60e | ITER: 27 END: OK
2019-07-20 23:07:11.984 26954 INFO rally.task.runner [-] Task fcda03be-4eeb-4add-b742-165137bac60e | ITER: 31 END: OK
2019-07-20 23:07:12.087 26987 INFO rally.task.runner [-] Task fcda03be-4eeb-4add-b742-165137bac60e | ITER: 34 END: OK
2019-07-20 23:07:12.310 26984 INFO rally.task.runner [-] Task fcda03be-4eeb-4add-b742-165137bac60e | ITER: 37 END: OK
2019-07-20 23:07:12.687 26952 INFO rally.task.runner [-] Task fcda03be-4eeb-4add-b742-165137bac60e | ITER: 32 END: OK
2019-07-20 23:07:13.266 26981 INFO rally.task.runner [-] Task fcda03be-4eeb-4add-b742-165137bac60e | ITER: 40 END: OK
2019-07-20 23:07:13.472 26953 INFO rally.task.runner [-] Task fcda03be-4eeb-4add-b742-165137bac60e | ITER: 39 END: OK
2019-07-20 23:07:13.502 26965 INFO rally.task.runner [-] Task fcda03be-4eeb-4add-b742-165137bac60e | ITER: 33 END: OK
2019-07-20 23:07:13.610 26968 INFO rally.task.runner [-] Task fcda03be-4eeb-4add-b742-165137bac60e | ITER: 25 END: OK
2019-07-20 23:07:13.837 26975 INFO rally.task.runner [-] Task fcda03be-4eeb-4add-b742-165137bac60e | ITER: 38 END: OK
2019-07-20 23:07:13.865 22706 INFO rally.task.context [-] Task fcda03be-4eeb-4add-b742-165137bac60e | Context cleanup@openstack cleanup() started
2019-07-20 23:07:13.868 22706 RALLYDEBUG rally_openstack.cleanup.manager [-] Cleaning up neutron vip objects
2019-07-20 23:07:14.534 22706 RALLYDEBUG rally_openstack.cleanup.manager [-] Cleaning up neutron health_monitor objects
2019-07-20 23:07:15.189 22706 RALLYDEBUG rally_openstack.cleanup.manager [-] Cleaning up neutron pool objects
2019-07-20 23:07:15.853 22706 RALLYDEBUG rally_openstack.cleanup.manager [-] Cleaning up neutron loadbalancer objects
2019-07-20 23:07:16.498 22706 RALLYDEBUG rally_openstack.cleanup.manager [-] Cleaning up neutron floatingip objects
2019-07-20 23:07:17.391 22706 RALLYDEBUG rally_openstack.cleanup.manager [-] Cleaning up neutron port objects
2019-07-20 23:07:18.298 22706 RALLYDEBUG rally_openstack.cleanup.manager [-] Cleaning up neutron subnet objects
2019-07-20 23:07:19.065 22706 RALLYDEBUG rally_openstack.cleanup.manager [-] Cleaning up neutron network objects
2019-07-20 23:07:20.244 22706 RALLYDEBUG rally_openstack.cleanup.manager [-] Deleting neutron.network object s_rally_76465c10_MT56do1W (009f8fa0-ed1b-42f3-848c-fecd1d025c63)
2019-07-20 23:07:20.250 22706 RALLYDEBUG rally_openstack.cleanup.manager [-] Deleting neutron.network object s_rally_76465c10_QWU3xby6 (04c9c5de-5160-4381-9258-6c847046f29a)
2019-07-20 23:07:20.257 22706 RALLYDEBUG rally_openstack.cleanup.manager [-] Deleting neutron.network object s_rally_76465c10_05YHYjhM (148c792c-3820-4c86-9f76-d41528f7dbe8)
2019-07-20 23:07:20.267 22706 RALLYDEBUG rally_openstack.cleanup.manager [-] Deleting neutron.network object s_rally_76465c10_KR3EiOIq (191997f5-bb14-4771-ae8a-6fcb39bcd93f)
2019-07-20 23:07:20.271 22706 RALLYDEBUG rally_openstack.cleanup.manager [-] Deleting neutron.network object s_rally_76465c10_iOveUoVC (1b3a37d8-28f2-4e36-832c-18b028d5d49d)
2019-07-20 23:07:20.283 22706 RALLYDEBUG rally_openstack.cleanup.manager [-] Deleting neutron.network object s_rally_76465c10_Doixc6Pw (1c7a577d-8896-4240-98d9-06409f09f804)
2019-07-20 23:07:20.295 22706 RALLYDEBUG rally_openstack.cleanup.manager [-] Deleting neutron.network object s_rally_76465c10_Ndx1kMcH (21637b5c-a013-4195-bd12-c33e65e81fe5)
2019-07-20 23:07:20.313 22706 RALLYDEBUG rally_openstack.cleanup.manager [-] Deleting neutron.network object s_rally_76465c10_e4MQRIPH (307cccac-6b8c-4c91-a3e4-f9b29e9dda63)
2019-07-20 23:07:20.322 22706 RALLYDEBUG rally_openstack.cleanup.manager [-] Deleting neutron.network object s_rally_76465c10_l919BnR6 (3c87faf0-fa07-4d85-9dbc-7b156ae857c7)
2019-07-20 23:07:20.380 22706 RALLYDEBUG rally_openstack.cleanup.manager [-] Deleting neutron.network object s_rally_76465c10_FqJtniQI (4eb98611-cab5-41c0-9a2b-ab9ac66581c9)
2019-07-20 23:07:20.381 22706 RALLYDEBUG rally_openstack.cleanup.manager [-] Deleting neutron.network object s_rally_76465c10_9ezGR0Hy (49f625e7-1e25-4534-b0c8-24a37bda82ab)
2019-07-20 23:07:20.391 22706 RALLYDEBUG rally_openstack.cleanup.manager [-] Deleting neutron.network object s_rally_76465c10_0KdzrezF (647d6283-67ae-423b-920f-5bdee88b8ffb)
2019-07-20 23:07:20.598 22706 RALLYDEBUG rally_openstack.cleanup.manager [-] Deleting neutron.network object s_rally_76465c10_TPs87UsE (60e606ea-3425-49c2-94f6-75799c5c85d6)
2019-07-20 23:07:20.600 22706 RALLYDEBUG rally_openstack.cleanup.manager [-] Deleting neutron.network object s_rally_76465c10_GKzLSZWC (639f23a7-9293-4bef-9782-5b1b30a497c9)
2019-07-20 23:07:20.625 22706 RALLYDEBUG rally_openstack.cleanup.manager [-] Deleting neutron.network object s_rally_76465c10_qzQ74geb (6701e6f0-8dc3-4418-b0f0-ac094f5cd2ff)
2019-07-20 23:07:20.626 22706 RALLYDEBUG rally_openstack.cleanup.manager [-] Deleting neutron.network object s_rally_76465c10_qNz9mX5W (714cdd3b-1136-40f3-812e-8559673a5f67)
2019-07-20 23:07:20.635 22706 RALLYDEBUG rally_openstack.cleanup.manager [-] Deleting neutron.network object s_rally_76465c10_DgLa1bJM (5b48e2c4-65f4-47a2-90bc-893fe6bc4aaa)
2019-07-20 23:07:20.655 22706 RALLYDEBUG rally_openstack.cleanup.manager [-] Deleting neutron.network object s_rally_76465c10_p2dFNhiX (7bc77d6b-5472-45bd-8b6a-85239d825db4)
2019-07-20 23:07:20.660 22706 RALLYDEBUG rally_openstack.cleanup.manager [-] Deleting neutron.network object s_rally_76465c10_ospQEZt5 (727a811e-1611-4e3f-afae-b5ce2ad0fbc6)
2019-07-20 23:07:20.673 22706 RALLYDEBUG rally_openstack.cleanup.manager [-] Deleting neutron.network object s_rally_76465c10_NxwiQrkd (7ce93584-0705-4273-a9cd-26314f05cc28)
2019-07-20 23:07:23.684 22706 RALLYDEBUG rally_openstack.cleanup.manager [-] Deleting neutron.network object s_rally_76465c10_CZX4GwfZ (91c66afd-1271-4e49-91d2-78cf44e95fe5)
2019-07-20 23:07:23.920 22706 RALLYDEBUG rally_openstack.cleanup.manager [-] Deleting neutron.network object s_rally_76465c10_4WLgk9Nn (9db009a5-38c1-40e1-b5de-d6f6cfd54f09)
2019-07-20 23:07:23.979 22706 RALLYDEBUG rally_openstack.cleanup.manager [-] Deleting neutron.network object s_rally_76465c10_Cr6q1U8k (a1511394-3c2d-403b-a000-e7f9d684cdbf)
2019-07-20 23:07:24.009 22706 RALLYDEBUG rally_openstack.cleanup.manager [-] Deleting neutron.network object s_rally_76465c10_r6Uh0EMH (a1ecc3f6-4e36-4b29-a255-3987652d6c52)
2019-07-20 23:07:24.194 22706 RALLYDEBUG rally_openstack.cleanup.manager [-] Deleting neutron.network object s_rally_76465c10_hbBJ9Eg7 (a2553a7d-6233-4c54-ac1b-1720ed901ba3)
2019-07-20 23:07:24.200 22706 RALLYDEBUG rally_openstack.cleanup.manager [-] Deleting neutron.network object s_rally_76465c10_sa1wsvzW (a93c470e-7679-4a6e-b86f-efc223f60c0e)
2019-07-20 23:07:24.276 22706 RALLYDEBUG rally_openstack.cleanup.manager [-] Deleting neutron.network object s_rally_76465c10_ISHRXaxW (a9fcec8e-b63d-4add-af48-b3109233019e)
2019-07-20 23:07:24.318 22706 RALLYDEBUG rally_openstack.cleanup.manager [-] Deleting neutron.network object s_rally_76465c10_L3ReQ8kS (b8480b27-e0fa-44d0-8061-e044bc7414d8)
2019-07-20 23:07:24.339 22706 RALLYDEBUG rally_openstack.cleanup.manager [-] Deleting neutron.network object s_rally_76465c10_2GpDrfdK (b92b1464-bf2d-4006-a05b-e64eb7fb57d7)
2019-07-20 23:07:24.435 22706 RALLYDEBUG rally_openstack.cleanup.manager [-] Deleting neutron.network object s_rally_76465c10_Mc7RbHV3 (bbb0dc37-ea49-49d8-9210-4ce4eaa70b4e)
2019-07-20 23:07:24.442 22706 RALLYDEBUG rally_openstack.cleanup.manager [-] Deleting neutron.network object s_rally_76465c10_xu92VVWQ (bfb9bc5c-dcd2-4bdb-857f-e6672158637d)
2019-07-20 23:07:24.606 22706 RALLYDEBUG rally_openstack.cleanup.manager [-] Deleting neutron.network object s_rally_76465c10_VS56HuH8 (c1253efe-1db7-4071-955d-9a7678f6b535)
2019-07-20 23:07:24.989 22706 RALLYDEBUG rally_openstack.cleanup.manager [-] Deleting neutron.network object s_rally_76465c10_yIOnHt7N (c6853e39-5a00-4ee5-9b23-865dac6be2f0)
2019-07-20 23:07:25.081 22706 RALLYDEBUG rally_openstack.cleanup.manager [-] Deleting neutron.network object s_rally_76465c10_zLJdblmB (e7acc772-b65f-4725-b0ff-de99668fd5a8)
2019-07-20 23:07:25.250 22706 RALLYDEBUG rally_openstack.cleanup.manager [-] Deleting neutron.network object s_rally_76465c10_XQ19aezT (e83bf841-bab4-4f2e-9b69-59a96f15bf6f)
2019-07-20 23:07:25.813 22706 RALLYDEBUG rally_openstack.cleanup.manager [-] Deleting neutron.network object s_rally_76465c10_vrOJKwP9 (eed62fa4-256d-40c0-81ed-1d87980e3aaf)
2019-07-20 23:07:25.814 22706 RALLYDEBUG rally_openstack.cleanup.manager [-] Deleting neutron.network object s_rally_76465c10_UG3kkl0K (e9dca048-1305-47c4-8989-b0ccd094d8de)
2019-07-20 23:07:26.534 22706 RALLYDEBUG rally_openstack.cleanup.manager [-] Deleting neutron.network object s_rally_76465c10_bHCxhhh1 (f4059826-619c-4289-b656-97d76de28152)
2019-07-20 23:07:26.536 22706 RALLYDEBUG rally_openstack.cleanup.manager [-] Deleting neutron.network object s_rally_76465c10_Hf33gh99 (efaee523-aa8e-4c0f-800b-01f7b529e331)
2019-07-20 23:07:26.660 22706 RALLYDEBUG rally_openstack.cleanup.manager [-] Deleting neutron.network object s_rally_76465c10_ouiOwcLZ (f9352f5e-2289-4911-8b99-d7ef79d73f4f)
2019-07-20 23:07:29.825 22706 RALLYDEBUG rally_openstack.cleanup.manager [-] Cleaning up neutron router objects
2019-07-20 23:07:30.542 22706 RALLYDEBUG rally_openstack.cleanup.manager [-] Cleaning up neutron security_group objects
2019-07-20 23:07:31.203 22706 INFO rally.task.context [-] Task fcda03be-4eeb-4add-b742-165137bac60e | Context cleanup@openstack cleanup() finished in 17.34 sec
2019-07-20 23:07:31.203 22706 INFO rally.task.context [-] Task fcda03be-4eeb-4add-b742-165137bac60e | Context quotas@openstack cleanup() started
2019-07-20 23:07:31.556 22706 INFO rally.task.context [-] Task fcda03be-4eeb-4add-b742-165137bac60e | Context quotas@openstack cleanup() finished in 0.35 sec
2019-07-20 23:07:31.556 22706 INFO rally.task.context [-] Task fcda03be-4eeb-4add-b742-165137bac60e | Context users@openstack cleanup() started
2019-07-20 23:07:36.855 22706 INFO rally.task.context [-] Task fcda03be-4eeb-4add-b742-165137bac60e | Context users@openstack cleanup() finished in 5.30 sec
2019-07-20 23:07:37.599 22706 INFO rally.task.engine [-] Load duration is: 38.703163
2019-07-20 23:07:37.599 22706 INFO rally.task.engine [-] Full runner duration is: 38.754944
2019-07-20 23:07:37.599 22706 INFO rally.task.engine [-] Full duration is: 67.508874
2019-07-20 23:07:37.901 22706 INFO rally.task.engine [-] Running workload: position = 0 config = { "version": 2, "title": "A cropped version of a bigger task.", "description": "Auto-generated task from a single workload (uuid=c7e0a7cd-bff6-45c7-a681-c7dd63d39b00)", "subtasks": [ { "title": "Quotas.neutron_update", "description": "Update quotas for neutron.", "scenario": { "Quotas.neutron_update": { "max_quota": 1024 } }, "contexts": { "users": { "tenants": 20, "users_per_tenant": 1 } }, "runner": { "constant": { "times": 40, "concurrency": 20 } }, "hooks": [], "sla": { "failure_rate": { "max": 0 } } } ] }
2019-07-20 23:07:37.923 22706 RALLYDEBUG rally_openstack.contexts.keystone.users [-] Creating 20 tenants using 20 threads
2019-07-20 23:07:40.640 22706 RALLYDEBUG rally_openstack.contexts.keystone.users [-] Creating 20 users using 20 threads
2019-07-20 23:07:44.111 22706 INFO rally.task.context [-] Task fcda03be-4eeb-4add-b742-165137bac60e | Context users@openstack setup() finished in 6.19 sec
2019-07-20 23:07:44.112 22706 INFO rally.task.context [-] Task fcda03be-4eeb-4add-b742-165137bac60e | Context admin_cleanup@openstack setup() finished in 0.01 msec
2019-07-20 23:07:44.119 22706 RALLYDEBUG rally.task.runner [-] Starting the constant runner (task UUID: fcda03be-4eeb-4add-b742-165137bac60e). timeout: 0 concurrency: 20 concurrency_per_worker: 1 times: 40 concurrency_overhead: 4 processes_to_start: 16 max_cpu_used: 16
2019-07-20 23:07:44.134 27322 RALLYDEBUG rally.task.runner [-] Starting a worker. concurrency: 2 args: {"max_quota": 1024} times: 40 method_name: run timeout: 0 duration: None cls:
2019-07-20 23:07:44.136 27323 RALLYDEBUG rally.task.runner [-] Starting a worker. concurrency: 2 args: {"max_quota": 1024} times: 40 method_name: run timeout: 0 duration: None cls:
2019-07-20 23:07:44.139 27324 RALLYDEBUG rally.task.runner [-] Starting a worker. concurrency: 2 args: {"max_quota": 1024} times: 40 method_name: run timeout: 0 duration: None cls:
2019-07-20 23:07:44.142 27326 RALLYDEBUG rally.task.runner [-] Starting a worker. concurrency: 1 args: {"max_quota": 1024} times: 40 method_name: run timeout: 0 duration: None cls:
2019-07-20 23:07:44.143 27325 RALLYDEBUG rally.task.runner [-] Starting a worker. concurrency: 2 args: {"max_quota": 1024} times: 40 method_name: run timeout: 0 duration: None cls:
2019-07-20 23:07:44.148 27326 INFO rally.task.runner [-] Task fcda03be-4eeb-4add-b742-165137bac60e | ITER: 5 START
2019-07-20 23:07:44.150 27322 INFO rally.task.runner [-] Task fcda03be-4eeb-4add-b742-165137bac60e | ITER: 1 START
2019-07-20 23:07:44.149 27323 INFO rally.task.runner [-] Task fcda03be-4eeb-4add-b742-165137bac60e | ITER: 2 START
2019-07-20 23:07:44.151 27328 RALLYDEBUG rally.task.runner [-] Starting a worker. concurrency: 1 args: {"max_quota": 1024} times: 40 method_name: run timeout: 0 duration: None cls:
2019-07-20 23:07:44.155 27322 INFO rally.task.runner [-] Task fcda03be-4eeb-4add-b742-165137bac60e | ITER: 4 START
2019-07-20 23:07:44.156 27323 INFO rally.task.runner [-] Task fcda03be-4eeb-4add-b742-165137bac60e | ITER: 6 START
2019-07-20 23:07:44.157 27324 INFO rally.task.runner [-] Task fcda03be-4eeb-4add-b742-165137bac60e | ITER: 3 START
2019-07-20 23:07:44.159 27337 RALLYDEBUG rally.task.runner [-] Starting a worker. concurrency: 1 args: {"max_quota": 1024} times: 40 method_name: run timeout: 0 duration: None cls:
2019-07-20 23:07:44.161 27325 INFO rally.task.runner [-] Task fcda03be-4eeb-4add-b742-165137bac60e | ITER: 10 START
2019-07-20 23:07:44.160 27333 RALLYDEBUG rally.task.runner [-] Starting a worker. concurrency: 1 args: {"max_quota": 1024} times: 40 method_name: run timeout: 0 duration: None cls:
2019-07-20 23:07:44.162 27328 INFO rally.task.runner [-] Task fcda03be-4eeb-4add-b742-165137bac60e | ITER: 9 START
2019-07-20 23:07:44.161 27341 RALLYDEBUG rally.task.runner [-] Starting a worker. concurrency: 1 args: {"max_quota": 1024} times: 40 method_name: run timeout: 0 duration: None cls:
2019-07-20 23:07:44.165 27342 RALLYDEBUG rally.task.runner [-] Starting a worker. concurrency: 1 args: {"max_quota": 1024} times: 40 method_name: run timeout: 0 duration: None cls:
2019-07-20 23:07:44.160 27324 INFO rally.task.runner [-] Task fcda03be-4eeb-4add-b742-165137bac60e | ITER: 8 START
2019-07-20 23:07:44.160 27325 INFO rally.task.runner [-] Task fcda03be-4eeb-4add-b742-165137bac60e | ITER: 7 START
2019-07-20 23:07:44.169 27337 INFO rally.task.runner [-] Task fcda03be-4eeb-4add-b742-165137bac60e | ITER: 11 START
2019-07-20 23:07:44.172 27348 RALLYDEBUG rally.task.runner [-] Starting a worker. concurrency: 1 args: {"max_quota": 1024} times: 40 method_name: run timeout: 0 duration: None cls:
2019-07-20 23:07:44.173 27341 INFO rally.task.runner [-] Task fcda03be-4eeb-4add-b742-165137bac60e | ITER: 13 START
2019-07-20 23:07:44.175 27333 INFO rally.task.runner [-] Task fcda03be-4eeb-4add-b742-165137bac60e | ITER: 12 START
2019-07-20 23:07:44.175 27342 INFO rally.task.runner [-] Task fcda03be-4eeb-4add-b742-165137bac60e | ITER: 14 START
2019-07-20 23:07:44.180 27353 RALLYDEBUG rally.task.runner [-] Starting a worker. concurrency: 1 args: {"max_quota": 1024} times: 40 method_name: run timeout: 0 duration: None cls:
2019-07-20 23:07:44.185 27348 INFO rally.task.runner [-] Task fcda03be-4eeb-4add-b742-165137bac60e | ITER: 15 START
2019-07-20 23:07:44.187 27358 RALLYDEBUG rally.task.runner [-] Starting a worker. concurrency: 1 args: {"max_quota": 1024} times: 40 method_name: run timeout: 0 duration: None cls:
2019-07-20 23:07:44.193 27353 INFO rally.task.runner [-] Task fcda03be-4eeb-4add-b742-165137bac60e | ITER: 16 START
2019-07-20 23:07:44.193 27361 RALLYDEBUG rally.task.runner [-] Starting a worker. concurrency: 1 args: {"max_quota": 1024} times: 40 method_name: run timeout: 0 duration: None cls:
2019-07-20 23:07:44.196 27358 INFO rally.task.runner [-] Task fcda03be-4eeb-4add-b742-165137bac60e | ITER: 17 START
2019-07-20 23:07:44.197 27364 RALLYDEBUG rally.task.runner [-] Starting a worker. concurrency: 1 args: {"max_quota": 1024} times: 40 method_name: run timeout: 0 duration: None cls:
2019-07-20 23:07:44.203 27367 RALLYDEBUG rally.task.runner [-] Starting a worker. concurrency: 1 args: {"max_quota": 1024} times: 40 method_name: run timeout: 0 duration: None cls:
2019-07-20 23:07:44.204 27361 INFO rally.task.runner [-] Task fcda03be-4eeb-4add-b742-165137bac60e | ITER: 18 START
2019-07-20 23:07:44.206 27364 INFO rally.task.runner [-] Task fcda03be-4eeb-4add-b742-165137bac60e | ITER: 19 START
2019-07-20 23:07:44.207 27367 INFO rally.task.runner [-] Task fcda03be-4eeb-4add-b742-165137bac60e | ITER: 20 START
2019-07-20 23:07:45.708 27325 INFO rally.task.runner [-] Task fcda03be-4eeb-4add-b742-165137bac60e | ITER: 7 END: OK
2019-07-20 23:07:45.715 27325 INFO rally.task.runner [-] Task fcda03be-4eeb-4add-b742-165137bac60e | ITER: 21 START
2019-07-20 23:07:46.033 27328 INFO rally.task.runner [-] Task fcda03be-4eeb-4add-b742-165137bac60e | ITER: 9 END: OK
2019-07-20 23:07:46.039 27328 INFO rally.task.runner [-] Task fcda03be-4eeb-4add-b742-165137bac60e | ITER: 22 START
2019-07-20 23:07:46.249 27367 INFO rally.task.runner [-] Task fcda03be-4eeb-4add-b742-165137bac60e | ITER: 20 END: OK
2019-07-20 23:07:46.259 27367 INFO rally.task.runner [-] Task fcda03be-4eeb-4add-b742-165137bac60e | ITER: 23 START
2019-07-20 23:07:46.432 27337 INFO rally.task.runner [-] Task fcda03be-4eeb-4add-b742-165137bac60e | ITER: 11 END: OK
2019-07-20 23:07:46.439 27337 INFO rally.task.runner [-] Task fcda03be-4eeb-4add-b742-165137bac60e | ITER: 24 START
2019-07-20 23:07:46.440 27324 INFO rally.task.runner [-] Task fcda03be-4eeb-4add-b742-165137bac60e | ITER: 3 END: OK
2019-07-20 23:07:46.448 27324 INFO rally.task.runner [-] Task fcda03be-4eeb-4add-b742-165137bac60e | ITER: 25 START
2019-07-20 23:07:46.465 27323 INFO rally.task.runner [-] Task fcda03be-4eeb-4add-b742-165137bac60e | ITER: 6 END: OK
2019-07-20 23:07:46.472 27323 INFO rally.task.runner [-] Task fcda03be-4eeb-4add-b742-165137bac60e | ITER: 26 START
2019-07-20 23:07:46.516 27326 INFO rally.task.runner [-] Task fcda03be-4eeb-4add-b742-165137bac60e | ITER: 5 END: OK
2019-07-20 23:07:46.522 27326 INFO rally.task.runner [-] Task fcda03be-4eeb-4add-b742-165137bac60e | ITER: 27 START
2019-07-20 23:07:46.558 27353 INFO rally.task.runner [-] Task fcda03be-4eeb-4add-b742-165137bac60e | ITER: 16 END: OK
2019-07-20 23:07:46.563 27353 INFO rally.task.runner [-] Task fcda03be-4eeb-4add-b742-165137bac60e | ITER: 28 START
2019-07-20 23:07:46.565 27322 INFO rally.task.runner [-] Task fcda03be-4eeb-4add-b742-165137bac60e | ITER: 1 END: OK
2019-07-20 23:07:46.573 27322 INFO rally.task.runner [-] Task fcda03be-4eeb-4add-b742-165137bac60e | ITER: 29 START
2019-07-20 23:07:46.604 27325 INFO rally.task.runner [-] Task fcda03be-4eeb-4add-b742-165137bac60e | ITER: 10 END: OK
2019-07-20 23:07:46.611 27325 INFO rally.task.runner [-] Task fcda03be-4eeb-4add-b742-165137bac60e | ITER: 30 START
2019-07-20 23:07:46.614 27322 INFO rally.task.runner [-] Task fcda03be-4eeb-4add-b742-165137bac60e | ITER: 4 END: OK
2019-07-20 23:07:46.619 27322 INFO rally.task.runner [-] Task fcda03be-4eeb-4add-b742-165137bac60e | ITER: 31 START
2019-07-20 23:07:46.624 27364 INFO rally.task.runner [-] Task fcda03be-4eeb-4add-b742-165137bac60e | ITER: 19 END: OK
2019-07-20 23:07:46.630 27364 INFO rally.task.runner [-] Task fcda03be-4eeb-4add-b742-165137bac60e | ITER: 32 START
2019-07-20 23:07:46.664 27341 INFO rally.task.runner [-] Task fcda03be-4eeb-4add-b742-165137bac60e | ITER: 13 END: OK
2019-07-20 23:07:46.670 27341 INFO rally.task.runner [-] Task fcda03be-4eeb-4add-b742-165137bac60e | ITER: 33 START
2019-07-20 23:07:46.687 27333 INFO rally.task.runner [-] Task fcda03be-4eeb-4add-b742-165137bac60e | ITER: 12 END: OK
2019-07-20 23:07:46.694 27333 INFO rally.task.runner [-] Task fcda03be-4eeb-4add-b742-165137bac60e | ITER: 34 START
2019-07-20 23:07:46.714 27342 INFO rally.task.runner [-] Task fcda03be-4eeb-4add-b742-165137bac60e | ITER: 14 END: OK
2019-07-20 23:07:46.719 27342 INFO rally.task.runner [-] Task fcda03be-4eeb-4add-b742-165137bac60e | ITER: 35 START
2019-07-20 23:07:46.732 27358 INFO rally.task.runner [-] Task fcda03be-4eeb-4add-b742-165137bac60e | ITER: 17 END: OK
2019-07-20 23:07:46.737 27358 INFO rally.task.runner [-] Task fcda03be-4eeb-4add-b742-165137bac60e | ITER: 36 START
2019-07-20 23:07:46.763 27348 INFO rally.task.runner [-] Task fcda03be-4eeb-4add-b742-165137bac60e | ITER: 15 END: OK
2019-07-20 23:07:46.769 27348 INFO rally.task.runner [-] Task fcda03be-4eeb-4add-b742-165137bac60e | ITER: 37 START
2019-07-20 23:07:46.793 27324 INFO rally.task.runner [-] Task fcda03be-4eeb-4add-b742-165137bac60e | ITER: 8 END: OK
2019-07-20 23:07:46.799 27324 INFO rally.task.runner [-] Task fcda03be-4eeb-4add-b742-165137bac60e | ITER: 38 START
2019-07-20 23:07:46.805 27361 INFO rally.task.runner [-] Task fcda03be-4eeb-4add-b742-165137bac60e | ITER: 18 END: OK
2019-07-20 23:07:46.811 27361 INFO rally.task.runner [-] Task fcda03be-4eeb-4add-b742-165137bac60e | ITER: 39 START
2019-07-20 23:07:46.834 27323 INFO rally.task.runner [-] Task fcda03be-4eeb-4add-b742-165137bac60e | ITER: 2 END: OK
2019-07-20 23:07:46.839 27323 INFO rally.task.runner [-] Task fcda03be-4eeb-4add-b742-165137bac60e | ITER: 40 START
2019-07-20 23:07:46.961 27325 INFO rally.task.runner [-] Task fcda03be-4eeb-4add-b742-165137bac60e | ITER: 21 END: OK
2019-07-20 23:07:46.997 27328 INFO rally.task.runner [-] Task fcda03be-4eeb-4add-b742-165137bac60e | ITER: 22 END: OK
2019-07-20 23:07:47.142 27367 INFO rally.task.runner [-] Task fcda03be-4eeb-4add-b742-165137bac60e | ITER: 23 END: OK
2019-07-20 23:07:47.594 27323 INFO rally.task.runner [-] Task fcda03be-4eeb-4add-b742-165137bac60e | ITER: 26 END: OK
2019-07-20 23:07:47.643 27324 INFO rally.task.runner [-] Task fcda03be-4eeb-4add-b742-165137bac60e | ITER: 25 END: OK
2019-07-20 23:07:47.747 27337 INFO rally.task.runner [-] Task fcda03be-4eeb-4add-b742-165137bac60e | ITER: 24 END: OK
2019-07-20 23:07:48.134 27326 INFO rally.task.runner [-] Task fcda03be-4eeb-4add-b742-165137bac60e | ITER: 27 END: OK
2019-07-20 23:07:48.302 27322 INFO rally.task.runner [-] Task fcda03be-4eeb-4add-b742-165137bac60e | ITER: 31 END: OK
2019-07-20 23:07:48.337 27322 INFO rally.task.runner [-] Task fcda03be-4eeb-4add-b742-165137bac60e | ITER: 29 END: OK
2019-07-20 23:07:48.470 27353 INFO rally.task.runner [-] Task fcda03be-4eeb-4add-b742-165137bac60e | ITER: 28 END: OK
2019-07-20 23:07:48.488 27341 INFO rally.task.runner [-] Task fcda03be-4eeb-4add-b742-165137bac60e | ITER: 33 END: OK
2019-07-20 23:07:48.538 27342 INFO rally.task.runner [-] Task fcda03be-4eeb-4add-b742-165137bac60e | ITER: 35 END: OK
2019-07-20 23:07:48.541 27325 INFO rally.task.runner [-] Task fcda03be-4eeb-4add-b742-165137bac60e | ITER: 30 END: OK
2019-07-20 23:07:48.548 27364 INFO rally.task.runner [-] Task fcda03be-4eeb-4add-b742-165137bac60e | ITER: 32 END: OK
2019-07-20 23:07:48.577 27324 INFO rally.task.runner [-] Task fcda03be-4eeb-4add-b742-165137bac60e | ITER: 38 END: OK
2019-07-20 23:07:48.588 27348 INFO rally.task.runner [-] Task fcda03be-4eeb-4add-b742-165137bac60e | ITER: 37 END: OK
2019-07-20 23:07:48.601 27361 INFO rally.task.runner [-] Task fcda03be-4eeb-4add-b742-165137bac60e | ITER: 39 END: OK
2019-07-20 23:07:48.613 27358 INFO rally.task.runner [-] Task fcda03be-4eeb-4add-b742-165137bac60e | ITER: 36 END: OK
2019-07-20 23:07:48.624 27323 INFO rally.task.runner [-] Task fcda03be-4eeb-4add-b742-165137bac60e | ITER: 40 END: OK
2019-07-20 23:07:48.636 27333 INFO rally.task.runner [-] Task fcda03be-4eeb-4add-b742-165137bac60e | ITER: 34 END: OK
2019-07-20 23:07:48.663 22706 INFO rally.task.context [-] Task fcda03be-4eeb-4add-b742-165137bac60e | Context admin_cleanup@openstack cleanup() started
2019-07-20 23:07:48.665 22706 RALLYDEBUG rally_openstack.cleanup.manager [-] Cleaning up neutron quota objects
2019-07-20 23:07:53.683 22706 INFO rally.task.context [-] Task fcda03be-4eeb-4add-b742-165137bac60e | Context admin_cleanup@openstack cleanup() finished in 5.02 sec
2019-07-20 23:07:53.684 22706 INFO rally.task.context [-] Task fcda03be-4eeb-4add-b742-165137bac60e | Context users@openstack cleanup() started
2019-07-20 23:08:25.544 22706 INFO rally.task.context [-] Task fcda03be-4eeb-4add-b742-165137bac60e | Context users@openstack cleanup() finished in 31.86 sec
2019-07-20 23:08:26.125 22706 INFO rally.task.engine [-] Load duration is: 4.485334
2019-07-20 23:08:26.126 22706 INFO rally.task.engine [-] Full runner duration is: 4.543945
2019-07-20 23:08:26.126 22706 INFO rally.task.engine [-] Full duration is: 47.623826
2019-07-20 23:08:26.408 22706 INFO rally.task.engine [-] Running workload: position = 0 config = { "version": 2, "title": "A cropped version of a bigger task.", "description": "Auto-generated task from a single workload (uuid=2c5bf5f4-fb6b-4198-9658-43cc2c80407f)", "subtasks": [ { "title": "NeutronTrunks.create_and_list_trunk_subports", "description": "", "scenario": { "NeutronTrunks.create_and_list_trunk_subports": { "subport_count": 125 } }, "contexts": { "users": { "tenants": 1, "users_per_tenant": 1 }, "quotas": { "neutron": { "network": -1, "port": 1000 } } }, "runner": { "constant": { "times": 4, "concurrency": 4 } }, "hooks": [], "sla": { "failure_rate": { "max": 0 } } } ] }
2019-07-20 23:08:26.429 22706 RALLYDEBUG rally_openstack.contexts.keystone.users [-] Creating 1 tenants using 20 threads
2019-07-20 23:08:28.150 22706 RALLYDEBUG rally_openstack.contexts.keystone.users [-] Creating 1 users using 20 threads
2019-07-20 23:08:30.883 22706 INFO rally.task.context [-] Task fcda03be-4eeb-4add-b742-165137bac60e | Context users@openstack setup() finished in 4.45 sec
2019-07-20 23:08:31.689 22706 INFO rally.task.context [-] Task fcda03be-4eeb-4add-b742-165137bac60e | Context quotas@openstack setup() finished in 0.81 sec
2019-07-20 23:08:31.690 22706 INFO rally.task.context [-] Task fcda03be-4eeb-4add-b742-165137bac60e | Context cleanup@openstack setup() finished in 0.01 msec
2019-07-20 23:08:31.697 22706 RALLYDEBUG rally.task.runner [-] Starting the constant runner (task UUID: fcda03be-4eeb-4add-b742-165137bac60e). timeout: 0 concurrency: 4 concurrency_per_worker: 1 times: 4 concurrency_overhead: 0 processes_to_start: 4 max_cpu_used: 16
2019-07-20 23:08:31.711 27512 RALLYDEBUG rally.task.runner [-] Starting a worker. concurrency: 1 args: {"subport_count": 125} times: 4 method_name: run timeout: 0 duration: None cls:
2019-07-20 23:08:31.713 27513 RALLYDEBUG rally.task.runner [-] Starting a worker. concurrency: 1 args: {"subport_count": 125} times: 4 method_name: run timeout: 0 duration: None cls:
2019-07-20 23:08:31.716 27512 INFO rally.task.runner [-] Task fcda03be-4eeb-4add-b742-165137bac60e | ITER: 1 START
2019-07-20 23:08:31.716 27514 RALLYDEBUG rally.task.runner [-] Starting a worker. concurrency: 1 args: {"subport_count": 125} times: 4 method_name: run timeout: 0 duration: None cls:
2019-07-20 23:08:31.719 27513 INFO rally.task.runner [-] Task fcda03be-4eeb-4add-b742-165137bac60e | ITER: 2 START
2019-07-20 23:08:31.720 27515 RALLYDEBUG rally.task.runner [-] Starting a worker. concurrency: 1 args: {"subport_count": 125} times: 4 method_name: run timeout: 0 duration: None cls:
2019-07-20 23:08:31.722 27514 INFO rally.task.runner [-] Task fcda03be-4eeb-4add-b742-165137bac60e | ITER: 3 START
2019-07-20 23:08:31.725 27515 INFO rally.task.runner [-] Task fcda03be-4eeb-4add-b742-165137bac60e | ITER: 4 START
2019-07-20 23:13:14.863 27515 DEBUG neutronclient.v2_0.client [-] Error message:

504 Gateway Time-out

The server didn't respond in time. _handle_fault_response /usr/lib/python2.7/site-packages/neutronclient/v2_0/client.py:259
2019-07-20 23:13:14.872 27515 ERROR rally.task.runner [-] Iteration 4 raised Exception: NeutronClientException:

504 Gateway Time-out

The server didn't respond in time.
2019-07-20 23:13:14.872 27515 ERROR rally.task.runner
Traceback (most recent call last):
2019-07-20 23:13:14.872 27515 ERROR rally.task.runner
File "/usr/lib/python2.7/site-packages/rally/task/runner.py", line 71, in _run_scenario_once
2019-07-20 23:13:14.872 27515 ERROR rally.task.runner getattr(scenario_inst, method_name)(**scenario_kwargs)
2019-07-20 23:13:14.872 27515 ERROR rally.task.runner
File "/root/.rally/plugins/trunk_scenario.py", line 41, in run
2019-07-20 23:13:14.872 27515 ERROR rally.task.runner trunk = self._create_trunk(trunk_payload)
2019-07-20 23:13:14.872 27515 ERROR rally.task.runner
File "/usr/lib/python2.7/site-packages/rally/task/atomic.py", line 91, in func_atomic_actions
2019-07-20 23:13:14.872 27515 ERROR rally.task.runner f = func(self, *args, **kwargs)
2019-07-20 23:13:14.872 27515 ERROR rally.task.runner
File "/root/.rally/plugins/trunk_scenario.py", line 53, in _create_trunk
2019-07-20 23:13:14.872 27515 ERROR rally.task.runner return self.clients("neutron").create_trunk({'trunk': trunk_payload})
2019-07-20 23:13:14.872 27515 ERROR rally.task.runner
File "/usr/lib/python2.7/site-packages/neutronclient/v2_0/client.py", line 2091, in create_trunk
2019-07-20 23:13:14.872 27515 ERROR rally.task.runner return self.post(self.trunks_path, body=body)
2019-07-20 23:13:14.872 27515 ERROR rally.task.runner
File "/usr/lib/python2.7/site-packages/neutronclient/v2_0/client.py", line 359, in post
2019-07-20 23:13:14.872 27515 ERROR rally.task.runner headers=headers, params=params)
2019-07-20 23:13:14.872 27515 ERROR rally.task.runner
File "/usr/lib/python2.7/site-packages/neutronclient/v2_0/client.py", line 294, in do_request
2019-07-20 23:13:14.872 27515 ERROR rally.task.runner self._handle_fault_response(status_code, replybody, resp)
2019-07-20 23:13:14.872 27515 ERROR rally.task.runner
File "/usr/lib/python2.7/site-packages/neutronclient/v2_0/client.py", line 269, in _handle_fault_response
2019-07-20 23:13:14.872 27515 ERROR rally.task.runner exception_handler_v20(status_code, error_body)
2019-07-20 23:13:14.872 27515 ERROR rally.task.runner
File "/usr/lib/python2.7/site-packages/neutronclient/v2_0/client.py", line 93, in exception_handler_v20
2019-07-20 23:13:14.872 27515 ERROR rally.task.runner request_ids=request_ids)
2019-07-20 23:13:14.872 27515 ERROR rally.task.runner NeutronClientException:

504 Gateway Time-out

2019-07-20 23:13:14.872 27515 ERROR rally.task.runner The server didn't respond in time.
2019-07-20 23:13:14.872 27515 ERROR rally.task.runner
2019-07-20 23:13:14.872 27515 ERROR rally.task.runner
2019-07-20 23:13:14.872 27515 ERROR rally.task.runner
2019-07-20 23:13:14.873 27515 INFO rally.task.runner [-] Task fcda03be-4eeb-4add-b742-165137bac60e | ITER: 4 END: Error NeutronClientException:

504 Gateway Time-out

The server didn't respond in time.
2019-07-20 23:13:16.210 27512 DEBUG neutronclient.v2_0.client [-] Error message:

504 Gateway Time-out

The server didn't respond in time. _handle_fault_response /usr/lib/python2.7/site-packages/neutronclient/v2_0/client.py:259
2019-07-20 23:13:16.217 27512 ERROR rally.task.runner [-] Iteration 1 raised Exception: NeutronClientException:

504 Gateway Time-out

The server didn't respond in time.
2019-07-20 23:13:16.217 27512 ERROR rally.task.runner
Traceback (most recent call last):
2019-07-20 23:13:16.217 27512 ERROR rally.task.runner
File "/usr/lib/python2.7/site-packages/rally/task/runner.py", line 71, in _run_scenario_once
2019-07-20 23:13:16.217 27512 ERROR rally.task.runner getattr(scenario_inst, method_name)(**scenario_kwargs)
2019-07-20 23:13:16.217 27512 ERROR rally.task.runner
File "/root/.rally/plugins/trunk_scenario.py", line 41, in run
2019-07-20 23:13:16.217 27512 ERROR rally.task.runner trunk = self._create_trunk(trunk_payload)
2019-07-20 23:13:16.217 27512 ERROR rally.task.runner
File "/usr/lib/python2.7/site-packages/rally/task/atomic.py", line 91, in func_atomic_actions
2019-07-20 23:13:16.217 27512 ERROR rally.task.runner f = func(self, *args, **kwargs)
2019-07-20 23:13:16.217 27512 ERROR rally.task.runner
File "/root/.rally/plugins/trunk_scenario.py", line 53, in _create_trunk
2019-07-20 23:13:16.217 27512 ERROR rally.task.runner return self.clients("neutron").create_trunk({'trunk': trunk_payload})
2019-07-20 23:13:16.217 27512 ERROR rally.task.runner
File "/usr/lib/python2.7/site-packages/neutronclient/v2_0/client.py", line 2091, in create_trunk
2019-07-20 23:13:16.217 27512 ERROR rally.task.runner return self.post(self.trunks_path, body=body)
2019-07-20 23:13:16.217 27512 ERROR rally.task.runner
File "/usr/lib/python2.7/site-packages/neutronclient/v2_0/client.py", line 359, in post
2019-07-20 23:13:16.217 27512 ERROR rally.task.runner headers=headers, params=params)
2019-07-20 23:13:16.217 27512 ERROR rally.task.runner
File "/usr/lib/python2.7/site-packages/neutronclient/v2_0/client.py", line 294, in do_request
2019-07-20 23:13:16.217 27512 ERROR rally.task.runner self._handle_fault_response(status_code, replybody, resp)
2019-07-20 23:13:16.217 27512 ERROR rally.task.runner
File "/usr/lib/python2.7/site-packages/neutronclient/v2_0/client.py", line 269, in _handle_fault_response
2019-07-20 23:13:16.217 27512 ERROR rally.task.runner exception_handler_v20(status_code, error_body)
2019-07-20 23:13:16.217 27512 ERROR rally.task.runner
File "/usr/lib/python2.7/site-packages/neutronclient/v2_0/client.py", line 93, in exception_handler_v20
2019-07-20 23:13:16.217 27512 ERROR rally.task.runner request_ids=request_ids)
2019-07-20 23:13:16.217 27512 ERROR rally.task.runner NeutronClientException:

504 Gateway Time-out

2019-07-20 23:13:16.217 27512 ERROR rally.task.runner The server didn't respond in time.
2019-07-20 23:13:16.217 27512 ERROR rally.task.runner
2019-07-20 23:13:16.217 27512 ERROR rally.task.runner
2019-07-20 23:13:16.217 27512 ERROR rally.task.runner
2019-07-20 23:13:16.219 27512 INFO rally.task.runner [-] Task fcda03be-4eeb-4add-b742-165137bac60e | ITER: 1 END: Error NeutronClientException:

504 Gateway Time-out

The server didn't respond in time.
2019-07-20 23:13:31.797 27514 DEBUG neutronclient.v2_0.client [-] Error message:

504 Gateway Time-out

The server didn't respond in time. _handle_fault_response /usr/lib/python2.7/site-packages/neutronclient/v2_0/client.py:259
2019-07-20 23:13:31.805 27514 ERROR rally.task.runner [-] Iteration 3 raised Exception: NeutronClientException:

504 Gateway Time-out

The server didn't respond in time.
2019-07-20 23:13:31.805 27514 ERROR rally.task.runner
Traceback (most recent call last):
2019-07-20 23:13:31.805 27514 ERROR rally.task.runner
File "/usr/lib/python2.7/site-packages/rally/task/runner.py", line 71, in _run_scenario_once
2019-07-20 23:13:31.805 27514 ERROR rally.task.runner getattr(scenario_inst, method_name)(**scenario_kwargs)
2019-07-20 23:13:31.805 27514 ERROR rally.task.runner
File "/root/.rally/plugins/trunk_scenario.py", line 41, in run
2019-07-20 23:13:31.805 27514 ERROR rally.task.runner trunk = self._create_trunk(trunk_payload)
2019-07-20 23:13:31.805 27514 ERROR rally.task.runner
File "/usr/lib/python2.7/site-packages/rally/task/atomic.py", line 91, in func_atomic_actions
2019-07-20 23:13:31.805 27514 ERROR rally.task.runner f = func(self, *args, **kwargs)
2019-07-20 23:13:31.805 27514 ERROR rally.task.runner
File "/root/.rally/plugins/trunk_scenario.py", line 53, in _create_trunk
2019-07-20 23:13:31.805 27514 ERROR rally.task.runner return self.clients("neutron").create_trunk({'trunk': trunk_payload})
2019-07-20 23:13:31.805 27514 ERROR rally.task.runner
File "/usr/lib/python2.7/site-packages/neutronclient/v2_0/client.py", line 2091, in create_trunk
2019-07-20 23:13:31.805 27514 ERROR rally.task.runner return self.post(self.trunks_path, body=body)
2019-07-20 23:13:31.805 27514 ERROR rally.task.runner
File "/usr/lib/python2.7/site-packages/neutronclient/v2_0/client.py", line 359, in post
2019-07-20 23:13:31.805 27514 ERROR rally.task.runner headers=headers, params=params)
2019-07-20 23:13:31.805 27514 ERROR rally.task.runner
File "/usr/lib/python2.7/site-packages/neutronclient/v2_0/client.py", line 294, in do_request
2019-07-20 23:13:31.805 27514 ERROR rally.task.runner self._handle_fault_response(status_code, replybody, resp)
2019-07-20 23:13:31.805 27514 ERROR rally.task.runner
File "/usr/lib/python2.7/site-packages/neutronclient/v2_0/client.py", line 269, in _handle_fault_response
2019-07-20 23:13:31.805 27514 ERROR rally.task.runner exception_handler_v20(status_code, error_body)
2019-07-20 23:13:31.805 27514 ERROR rally.task.runner
File "/usr/lib/python2.7/site-packages/neutronclient/v2_0/client.py", line 93, in exception_handler_v20
2019-07-20 23:13:31.805 27514 ERROR rally.task.runner request_ids=request_ids)
2019-07-20 23:13:31.805 27514 ERROR rally.task.runner NeutronClientException:

504 Gateway Time-out

2019-07-20 23:13:31.805 27514 ERROR rally.task.runner The server didn't respond in time.
2019-07-20 23:13:31.805 27514 ERROR rally.task.runner
2019-07-20 23:13:31.805 27514 ERROR rally.task.runner
2019-07-20 23:13:31.805 27514 ERROR rally.task.runner
2019-07-20 23:13:31.807 27514 INFO rally.task.runner [-] Task fcda03be-4eeb-4add-b742-165137bac60e | ITER: 3 END: Error NeutronClientException:

504 Gateway Time-out

The server didn't respond in time.
2019-07-20 23:13:33.138 27513 DEBUG neutronclient.v2_0.client [-] Error message:

504 Gateway Time-out

The server didn't respond in time. _handle_fault_response /usr/lib/python2.7/site-packages/neutronclient/v2_0/client.py:259
2019-07-20 23:13:33.145 27513 ERROR rally.task.runner [-] Iteration 2 raised Exception: NeutronClientException:

504 Gateway Time-out

The server didn't respond in time.
2019-07-20 23:13:33.145 27513 ERROR rally.task.runner
Traceback (most recent call last):
2019-07-20 23:13:33.145 27513 ERROR rally.task.runner
File "/usr/lib/python2.7/site-packages/rally/task/runner.py", line 71, in _run_scenario_once
2019-07-20 23:13:33.145 27513 ERROR rally.task.runner getattr(scenario_inst, method_name)(**scenario_kwargs)
2019-07-20 23:13:33.145 27513 ERROR rally.task.runner
File "/root/.rally/plugins/trunk_scenario.py", line 41, in run
2019-07-20 23:13:33.145 27513 ERROR rally.task.runner trunk = self._create_trunk(trunk_payload)
2019-07-20 23:13:33.145 27513 ERROR rally.task.runner
File "/usr/lib/python2.7/site-packages/rally/task/atomic.py", line 91, in func_atomic_actions
2019-07-20 23:13:33.145 27513 ERROR rally.task.runner f = func(self, *args, **kwargs)
2019-07-20 23:13:33.145 27513 ERROR rally.task.runner
File "/root/.rally/plugins/trunk_scenario.py", line 53, in _create_trunk
2019-07-20 23:13:33.145 27513 ERROR rally.task.runner return self.clients("neutron").create_trunk({'trunk': trunk_payload})
2019-07-20 23:13:33.145 27513 ERROR rally.task.runner
File "/usr/lib/python2.7/site-packages/neutronclient/v2_0/client.py", line 2091, in create_trunk
2019-07-20 23:13:33.145 27513 ERROR rally.task.runner return self.post(self.trunks_path, body=body)
2019-07-20 23:13:33.145 27513 ERROR rally.task.runner
File "/usr/lib/python2.7/site-packages/neutronclient/v2_0/client.py", line 359, in post
2019-07-20 23:13:33.145 27513 ERROR rally.task.runner headers=headers, params=params)
2019-07-20 23:13:33.145 27513 ERROR rally.task.runner
File "/usr/lib/python2.7/site-packages/neutronclient/v2_0/client.py", line 294, in do_request
2019-07-20 23:13:33.145 27513 ERROR rally.task.runner self._handle_fault_response(status_code, replybody, resp)
2019-07-20 23:13:33.145 27513 ERROR rally.task.runner
File "/usr/lib/python2.7/site-packages/neutronclient/v2_0/client.py", line 269, in _handle_fault_response
2019-07-20 23:13:33.145 27513 ERROR rally.task.runner exception_handler_v20(status_code, error_body)
2019-07-20 23:13:33.145 27513 ERROR rally.task.runner
File "/usr/lib/python2.7/site-packages/neutronclient/v2_0/client.py", line 93, in exception_handler_v20
2019-07-20 23:13:33.145 27513 ERROR rally.task.runner request_ids=request_ids)
2019-07-20 23:13:33.145 27513 ERROR rally.task.runner NeutronClientException:

504 Gateway Time-out

2019-07-20 23:13:33.145 27513 ERROR rally.task.runner The server didn't respond in time.
2019-07-20 23:13:33.145 27513 ERROR rally.task.runner
2019-07-20 23:13:33.145 27513 ERROR rally.task.runner
2019-07-20 23:13:33.145 27513 ERROR rally.task.runner
2019-07-20 23:13:33.147 27513 INFO rally.task.runner [-] Task fcda03be-4eeb-4add-b742-165137bac60e | ITER: 2 END: Error NeutronClientException:

504 Gateway Time-out

The server didn't respond in time.
2019-07-20 23:13:33.175 22706 INFO rally.task.context [-] Task fcda03be-4eeb-4add-b742-165137bac60e | Context cleanup@openstack cleanup() started
2019-07-20 23:13:33.179 22706 RALLYDEBUG rally_openstack.cleanup.manager [-] Cleaning up neutron vip objects
2019-07-20 23:13:34.013 22706 RALLYDEBUG rally_openstack.cleanup.manager [-] Cleaning up neutron health_monitor objects
2019-07-20 23:13:34.749 22706 RALLYDEBUG rally_openstack.cleanup.manager [-] Cleaning up neutron pool objects
2019-07-20 23:13:35.536 22706 RALLYDEBUG rally_openstack.cleanup.manager [-] Cleaning up neutron loadbalancer objects
2019-07-20 23:13:36.395 22706 RALLYDEBUG rally_openstack.cleanup.manager [-] Cleaning up neutron floatingip objects
2019-07-20 23:13:37.273 22706 RALLYDEBUG rally_openstack.cleanup.manager [-] Cleaning up neutron port objects
2019-07-20 23:13:40.251 22706 RALLYDEBUG rally_openstack.cleanup.manager [-] Deleting neutron.port object s_rally_2c5bf5f4_0KWDZdMk (01c1fd92-4355-4355-905b-caddd9d30dff)
2019-07-20 23:13:40.258 22706 RALLYDEBUG rally_openstack.cleanup.manager [-] Deleting neutron.port object s_rally_2c5bf5f4_t3mZ40jt (0427e51f-67c7-4ec4-8388-79fe55b1e702)
2019-07-20 23:13:40.258 22706 RALLYDEBUG rally_openstack.cleanup.manager [-] Deleting neutron.port object s_rally_2c5bf5f4_Rcc4QNeZ (00ba84e9-c613-4661-8331-fd865db0f55b)
2019-07-20 23:13:40.259 22706 RALLYDEBUG rally_openstack.cleanup.manager [-] Deleting neutron.port object s_rally_2c5bf5f4_uD0aGsqx (0143b475-94df-48d6-b88f-480fcc2c3ec3)
2019-07-20 23:13:40.262 22706 RALLYDEBUG rally_openstack.cleanup.manager [-] Deleting neutron.port object s_rally_2c5bf5f4_TjUAFo9G (04dbc9a0-5df1-496d-a084-5c12d9709384)
2019-07-20 23:13:40.269 22706 RALLYDEBUG rally_openstack.cleanup.manager [-] Deleting neutron.port object s_rally_2c5bf5f4_7Q1lkFGM (0582c4db-cd98-4a9a-a18b-d59d13e14a29)
2019-07-20 23:13:40.272 22706 RALLYDEBUG rally_openstack.cleanup.manager [-] Deleting neutron.port object s_rally_2c5bf5f4_03pHYEfT (036f5515-d104-4d22-b0a4-1f9114afbd26)
2019-07-20 23:13:40.286 22706 RALLYDEBUG rally_openstack.cleanup.manager [-] Deleting neutron.port object s_rally_2c5bf5f4_sINB16pZ (00cbd789-533d-4026-9710-cf37e1bd5fa3)
2019-07-20 23:13:40.286 22706 RALLYDEBUG rally_openstack.cleanup.manager [-] Deleting neutron.port object s_rally_2c5bf5f4_tkS531Rb (00d54dec-40e3-42f2-baf9-4b7c421822b9)
2019-07-20 23:13:40.287 22706 RALLYDEBUG rally_openstack.cleanup.manager [-] Deleting neutron.port object s_rally_2c5bf5f4_2388KJRZ (024db304-d049-4307-b0aa-0e4d9816f195)
2019-07-20 23:13:40.292 22706 RALLYDEBUG rally_openstack.cleanup.manager [-] Deleting neutron.port object s_rally_2c5bf5f4_nRoPZXqP (07145a82-6c54-4259-8cc2-d07201f5a7c9)
2019-07-20 23:13:40.298 22706 RALLYDEBUG rally_openstack.cleanup.manager [-] Deleting neutron.port object s_rally_2c5bf5f4_0cnpNDrB (068abf58-eda5-442b-acf3-626b4c76de5e)
2019-07-20 23:13:40.313 22706 RALLYDEBUG rally_openstack.cleanup.manager [-] Deleting neutron.port object s_rally_2c5bf5f4_EaVJPAai (08ca41ea-8158-4b08-a76d-b76fbe2edefa)
2019-07-20 23:13:40.337 22706 RALLYDEBUG rally_openstack.cleanup.manager [-] Deleting neutron.port object s_rally_2c5bf5f4_W5yblggF (09a81b7d-e78a-41ac-88b6-ed2a23323de2)
2019-07-20 23:13:40.340 22706 RALLYDEBUG rally_openstack.cleanup.manager [-] Deleting neutron.port object s_rally_2c5bf5f4_6BdiBjG8 (08ec3f5c-4c88-41b1-a2c2-4a0531841d8c)
2019-07-20 23:13:40.363 22706 RALLYDEBUG rally_openstack.cleanup.manager [-] Deleting neutron.port object s_rally_2c5bf5f4_c28oO6jD (0ad31e38-0d9e-4f87-9e0d-02f29a48a6d5)
2019-07-20 23:13:40.374 22706 RALLYDEBUG rally_openstack.cleanup.manager [-] Deleting neutron.port object s_rally_2c5bf5f4_D9xk6mB1 (0aefb036-cc57-49f0-8ab7-f812e301c774)
2019-07-20 23:13:40.386 22706 RALLYDEBUG rally_openstack.cleanup.manager [-] Deleting neutron.port object s_rally_2c5bf5f4_DFBfuawP (0c678890-fef7-406f-9926-3418c853bd12)
2019-07-20 23:13:40.390 22706 RALLYDEBUG rally_openstack.cleanup.manager [-] Deleting neutron.port object s_rally_2c5bf5f4_6fU3PuGx (0c71cbba-b806-4ba5-979d-1a54ec1ee843)
2019-07-20 23:13:40.403 22706 RALLYDEBUG rally_openstack.cleanup.manager [-] Deleting neutron.port object s_rally_2c5bf5f4_vH2VoyPG (0cd23413-de98-4b92-af32-87d6e85f755f)
2019-07-20 23:13:41.374 22706 DEBUG neutronclient.v2_0.client [-] Error message: {"NeutronError": {"message": "Port 0427e51f-67c7-4ec4-8388-79fe55b1e702 is currently a subport for trunk 57e655d6-7668-48a2-875d-ee179e55437f.", "type": "PortInUseAsSubPort", "detail": ""}} _handle_fault_response /usr/lib/python2.7/site-packages/neutronclient/v2_0/client.py:259
2019-07-20 23:13:41.419 22706 DEBUG neutronclient.v2_0.client [-] Error message: {"NeutronError": {"message": "Port 0582c4db-cd98-4a9a-a18b-d59d13e14a29 is currently a subport for trunk 178cfc4b-550c-4281-b911-e12572b82f1a.", "type": "PortInUseAsSubPort", "detail": ""}} _handle_fault_response /usr/lib/python2.7/site-packages/neutronclient/v2_0/client.py:259
2019-07-20 23:13:41.507 22706 DEBUG neutronclient.v2_0.client [-] Error message: {"NeutronError": {"message": "Port 01c1fd92-4355-4355-905b-caddd9d30dff is currently a subport for trunk 5241ecfc-ee81-4941-82e7-bdc092c80d73.", "type": "PortInUseAsSubPort", "detail": ""}} _handle_fault_response /usr/lib/python2.7/site-packages/neutronclient/v2_0/client.py:259
2019-07-20 23:13:41.515 22706 DEBUG neutronclient.v2_0.client [-] Error message: {"NeutronError": {"message": "Port 09a81b7d-e78a-41ac-88b6-ed2a23323de2 is currently a subport for trunk 57e655d6-7668-48a2-875d-ee179e55437f.", "type": "PortInUseAsSubPort", "detail": ""}} _handle_fault_response /usr/lib/python2.7/site-packages/neutronclient/v2_0/client.py:259
2019-07-20 23:13:41.539 22706 DEBUG neutronclient.v2_0.client [-] Error message: {"NeutronError": {"message": "Port 0582c4db-cd98-4a9a-a18b-d59d13e14a29 is currently a subport for trunk 178cfc4b-550c-4281-b911-e12572b82f1a.", "type": "PortInUseAsSubPort", "detail": ""}} _handle_fault_response /usr/lib/python2.7/site-packages/neutronclient/v2_0/client.py:259
2019-07-20 23:13:41.623 22706 DEBUG neutronclient.v2_0.client [-] Error message: {"NeutronError": {"message": "Port 08ec3f5c-4c88-41b1-a2c2-4a0531841d8c is currently a subport for trunk 48ef5003-494e-4c0d-8195-31df06acb170.", "type": "PortInUseAsSubPort", "detail": ""}} _handle_fault_response /usr/lib/python2.7/site-packages/neutronclient/v2_0/client.py:259
2019-07-20 23:13:41.628 22706 DEBUG neutronclient.v2_0.client [-] Error message: {"NeutronError": {"message": "Port 036f5515-d104-4d22-b0a4-1f9114afbd26 is currently a subport for trunk 178cfc4b-550c-4281-b911-e12572b82f1a.", "type": "PortInUseAsSubPort", "detail": ""}} _handle_fault_response /usr/lib/python2.7/site-packages/neutronclient/v2_0/client.py:259
2019-07-20 23:13:41.644 22706 DEBUG neutronclient.v2_0.client [-] Error message: {"NeutronError": {"message": "Port 0aefb036-cc57-49f0-8ab7-f812e301c774 is currently a subport for trunk 5241ecfc-ee81-4941-82e7-bdc092c80d73.", "type": "PortInUseAsSubPort", "detail": ""}} _handle_fault_response /usr/lib/python2.7/site-packages/neutronclient/v2_0/client.py:259
