2019-07-20 22:48:10.923 22697 RALLYDEBUG rally.api [-] INFO logs from urllib3 and requests module are hide.
2019-07-20 22:48:10.923 22697 RALLYDEBUG rally.api [-] urllib3 insecure warnings are hidden.
2019-07-20 22:48:10.923 22697 RALLYDEBUG rally.api [-] ERROR log from boto module is hide.
2019-07-20 22:48:13.142 22699 RALLYDEBUG rally.api [-] INFO logs from urllib3 and requests module are hide.
2019-07-20 22:48:13.142 22699 RALLYDEBUG rally.api [-] urllib3 insecure warnings are hidden.
2019-07-20 22:48:13.142 22699 RALLYDEBUG rally.api [-] ERROR log from boto module is hide.
2019-07-20 22:48:14.441 22699 WARNING rally_openstack.platforms.existing [-] endpoint is deprecated and not used.
2019-07-20 22:48:15.441 22701 RALLYDEBUG rally.api [-] INFO logs from urllib3 and requests module are hide.
2019-07-20 22:48:15.442 22701 RALLYDEBUG rally.api [-] urllib3 insecure warnings are hidden.
2019-07-20 22:48:15.442 22701 RALLYDEBUG rally.api [-] ERROR log from boto module is hide.
2019-07-20 22:48:18.750 22704 RALLYDEBUG rally.api [-] INFO logs from urllib3 and requests module are hide.
2019-07-20 22:48:18.750 22704 RALLYDEBUG rally.api [-] urllib3 insecure warnings are hidden.
2019-07-20 22:48:18.750 22704 RALLYDEBUG rally.api [-] ERROR log from boto module is hide.
2019-07-20 22:48:20.745 22706 RALLYDEBUG rally.api [-] INFO logs from urllib3 and requests module are hide.
2019-07-20 22:48:20.746 22706 RALLYDEBUG rally.api [-] urllib3 insecure warnings are hidden.
2019-07-20 22:48:20.746 22706 RALLYDEBUG rally.api [-] ERROR log from boto module is hide.
2019-07-20 22:48:21.902 22706 INFO rally.common.plugin.discover [-] Loading plugins from directories /root/.rally/plugins/*
2019-07-20 22:48:21.903 22706 INFO rally.common.plugin.discover [-] Loaded module with plugins: /root/.rally/plugins/__init__.py
2019-07-20 22:48:21.905 22706 INFO rally.common.plugin.discover [-] Loaded module with plugins: /root/.rally/plugins/trunk_scenario.py
2019-07-20 22:48:22.102 22706 INFO rally.task.engine [-] Task fcda03be-4eeb-4add-b742-165137bac60e | Starting: Task validation.
2019-07-20 22:48:22.141 22706 INFO rally.task.engine [-] Task fcda03be-4eeb-4add-b742-165137bac60e | Starting: Task validation of syntax.
2019-07-20 22:48:22.353 22706 INFO rally.task.engine [-] Task fcda03be-4eeb-4add-b742-165137bac60e | Completed: Task validation of syntax.
2019-07-20 22:48:22.353 22706 INFO rally.task.engine [-] Task fcda03be-4eeb-4add-b742-165137bac60e | Starting: Task validation of required platforms.
2019-07-20 22:48:22.411 22706 INFO rally.task.engine [-] Task fcda03be-4eeb-4add-b742-165137bac60e | Completed: Task validation of required platforms.
2019-07-20 22:48:22.412 22706 INFO rally.task.engine [-] Task fcda03be-4eeb-4add-b742-165137bac60e | Starting: Task validation of semantic.
2019-07-20 22:48:22.412 22706 INFO rally.task.engine [-] Check health of the environment '5d4e22a8-7241-4fc5-b179-aa91dc67c8c1'.
2019-07-20 22:48:23.257 22706 INFO rally.task.engine [-] Platform existing@openstack (available: True): OK!
2019-07-20 22:48:23.275 22706 RALLYDEBUG rally_openstack.contexts.keystone.users [-] Creating 1 tenants using 20 threads
2019-07-20 22:48:25.192 22706 RALLYDEBUG rally_openstack.contexts.keystone.users [-] Creating 1 users using 20 threads
2019-07-20 22:48:27.838 22706 INFO rally.task.context [-] Task fcda03be-4eeb-4add-b742-165137bac60e | Context users@openstack setup() finished in 4.56 sec
2019-07-20 22:48:34.127 22706 INFO rally.task.context [-] Task fcda03be-4eeb-4add-b742-165137bac60e | Context users@openstack cleanup() started
2019-07-20 22:48:39.844 22706 INFO rally.task.context [-] Task fcda03be-4eeb-4add-b742-165137bac60e | Context users@openstack cleanup() finished in 5.72 sec
2019-07-20 22:48:39.844 22706 INFO rally.task.engine [-] Task fcda03be-4eeb-4add-b742-165137bac60e | Completed: Task validation of semantic.
2019-07-20 22:48:39.845 22706 INFO rally.task.engine [-] Task fcda03be-4eeb-4add-b742-165137bac60e | Completed: Task validation.
2019-07-20 22:48:39.845 22706 INFO rally.api [-] Task fcda03be-4eeb-4add-b742-165137bac60e input file is valid.
2019-07-20 22:48:39.845 22706 INFO rally.api [-] Run Task fcda03be-4eeb-4add-b742-165137bac60e against Deployment 5d4e22a8-7241-4fc5-b179-aa91dc67c8c1
2019-07-20 22:48:39.846 22706 INFO rally.task.engine [-] Task fcda03be-4eeb-4add-b742-165137bac60e | Starting: Running task.
2019-07-20 22:48:39.981 22706 INFO rally.task.engine [-] Running workload: position = 0 config = { "version": 2, "title": "A cropped version of a bigger task.", "description": "Auto-generated task from a single workload (uuid=293e3f8e-8d27-42ad-af5f-16673ff97c30)", "subtasks": [ { "title": "NeutronNetworks.create_and_list_networks", "description": "Check performance of list_networks action and ensure > network quotas are not exceeded", "scenario": { "NeutronNetworks.create_and_list_networks": {} }, "contexts": { "users": { "tenants": 1, "users_per_tenant": 1 }, "quotas": { "neutron": { "network": 119 } } }, "runner": { "constant": { "times": 100, "concurrency": 20 } }, "hooks": [], "sla": { "max_avg_duration_per_atomic": { "neutron.list_networks": 15 }, "failure_rate": { "max": 0 } } } ] }
2019-07-20 22:48:40.003 22706 RALLYDEBUG rally_openstack.contexts.keystone.users [-] Creating 1 tenants using 20 threads
2019-07-20 22:48:41.952 22706 RALLYDEBUG rally_openstack.contexts.keystone.users [-] Creating 1 users using 20 threads
2019-07-20 22:48:44.862 22706 INFO rally.task.context [-] Task fcda03be-4eeb-4add-b742-165137bac60e | Context users@openstack setup() finished in 4.86 sec
2019-07-20 22:48:45.639 22706 INFO rally.task.context [-] Task fcda03be-4eeb-4add-b742-165137bac60e | Context quotas@openstack setup() finished in 0.78 sec
2019-07-20 22:48:45.640 22706 INFO rally.task.context [-] Task fcda03be-4eeb-4add-b742-165137bac60e | Context cleanup@openstack setup() finished in 0.01 msec
2019-07-20 22:48:45.647 22706 RALLYDEBUG rally.task.runner [-] Starting the constant runner (task UUID: fcda03be-4eeb-4add-b742-165137bac60e). timeout: 0 concurrency: 20 concurrency_per_worker: 1 times: 100 concurrency_overhead: 4 processes_to_start: 16 max_cpu_used: 16
2019-07-20 22:48:45.659 22830 RALLYDEBUG rally.task.runner [-] Starting a worker. concurrency: 2 args: {} times: 100 method_name: run timeout: 0 duration: None cls:
2019-07-20 22:48:45.662 22831 RALLYDEBUG rally.task.runner [-] Starting a worker. concurrency: 2 args: {} times: 100 method_name: run timeout: 0 duration: None cls:
2019-07-20 22:48:45.666 22832 RALLYDEBUG rally.task.runner [-] Starting a worker. concurrency: 2 args: {} times: 100 method_name: run timeout: 0 duration: None cls:
2019-07-20 22:48:45.668 22833 RALLYDEBUG rally.task.runner [-] Starting a worker. concurrency: 2 args: {} times: 100 method_name: run timeout: 0 duration: None cls:
2019-07-20 22:48:45.669 22830 INFO rally.task.runner [-] Task fcda03be-4eeb-4add-b742-165137bac60e | ITER: 1 START
2019-07-20 22:48:45.668 22831 INFO rally.task.runner [-] Task fcda03be-4eeb-4add-b742-165137bac60e | ITER: 2 START
2019-07-20 22:48:45.671 22835 RALLYDEBUG rally.task.runner [-] Starting a worker. concurrency: 1 args: {} times: 100 method_name: run timeout: 0 duration: None cls:
2019-07-20 22:48:45.674 22840 RALLYDEBUG rally.task.runner [-] Starting a worker. concurrency: 1 args: {} times: 100 method_name: run timeout: 0 duration: None cls:
2019-07-20 22:48:45.675 22835 INFO rally.task.runner [-] Task fcda03be-4eeb-4add-b742-165137bac60e | ITER: 8 START
2019-07-20 22:48:45.676 22832 INFO rally.task.runner [-] Task fcda03be-4eeb-4add-b742-165137bac60e | ITER: 5 START
2019-07-20 22:48:45.678 22833 INFO rally.task.runner [-] Task fcda03be-4eeb-4add-b742-165137bac60e | ITER: 6 START
2019-07-20 22:48:45.678 22842 RALLYDEBUG rally.task.runner [-] Starting a worker. concurrency: 1 args: {} times: 100 method_name: run timeout: 0 duration: None cls:
2019-07-20 22:48:45.678 22832 INFO rally.task.runner [-] Task fcda03be-4eeb-4add-b742-165137bac60e | ITER: 7 START
2019-07-20 22:48:45.669 22830 INFO rally.task.runner [-] Task fcda03be-4eeb-4add-b742-165137bac60e | ITER: 3 START
2019-07-20 22:48:45.682 22849 RALLYDEBUG rally.task.runner [-] Starting a worker. concurrency: 1 args: {} times: 100 method_name: run timeout: 0 duration: None cls:
2019-07-20 22:48:45.685 22831 INFO rally.task.runner [-] Task fcda03be-4eeb-4add-b742-165137bac60e | ITER: 4 START
2019-07-20 22:48:45.684 22845 RALLYDEBUG rally.task.runner [-] Starting a worker. concurrency: 1 args: {} times: 100 method_name: run timeout: 0 duration: None cls:
2019-07-20 22:48:45.685 22842 INFO rally.task.runner [-] Task fcda03be-4eeb-4add-b742-165137bac60e | ITER: 11 START
2019-07-20 22:48:45.685 22853 RALLYDEBUG rally.task.runner [-] Starting a worker. concurrency: 1 args: {} times: 100 method_name: run timeout: 0 duration: None cls:
2019-07-20 22:48:45.690 22833 INFO rally.task.runner [-] Task fcda03be-4eeb-4add-b742-165137bac60e | ITER: 9 START
2019-07-20 22:48:45.689 22840 INFO rally.task.runner [-] Task fcda03be-4eeb-4add-b742-165137bac60e | ITER: 10 START
2019-07-20 22:48:45.692 22849 INFO rally.task.runner [-] Task fcda03be-4eeb-4add-b742-165137bac60e | ITER: 12 START
2019-07-20 22:48:45.693 22845 INFO rally.task.runner [-] Task fcda03be-4eeb-4add-b742-165137bac60e | ITER: 13 START
2019-07-20 22:48:45.692 22857 RALLYDEBUG rally.task.runner [-] Starting a worker. concurrency: 1 args: {} times: 100 method_name: run timeout: 0 duration: None cls:
2019-07-20 22:48:45.695 22864 RALLYDEBUG rally.task.runner [-] Starting a worker. concurrency: 1 args: {} times: 100 method_name: run timeout: 0 duration: None cls:
2019-07-20 22:48:45.700 22853 INFO rally.task.runner [-] Task fcda03be-4eeb-4add-b742-165137bac60e | ITER: 14 START
2019-07-20 22:48:45.701 22857 INFO rally.task.runner [-] Task fcda03be-4eeb-4add-b742-165137bac60e | ITER: 15 START
2019-07-20 22:48:45.702 22864 INFO rally.task.runner [-] Task fcda03be-4eeb-4add-b742-165137bac60e | ITER: 16 START
2019-07-20 22:48:45.703 22865 RALLYDEBUG rally.task.runner [-] Starting a worker. concurrency: 1 args: {} times: 100 method_name: run timeout: 0 duration: None cls:
2019-07-20 22:48:45.707 22869 RALLYDEBUG rally.task.runner [-] Starting a worker. concurrency: 1 args: {} times: 100 method_name: run timeout: 0 duration: None cls:
2019-07-20 22:48:45.714 22869 INFO rally.task.runner [-] Task fcda03be-4eeb-4add-b742-165137bac60e | ITER: 18 START
2019-07-20 22:48:45.713 22872 RALLYDEBUG rally.task.runner [-] Starting a worker. concurrency: 1 args: {} times: 100 method_name: run timeout: 0 duration: None cls:
2019-07-20 22:48:45.721 22872 INFO rally.task.runner [-] Task fcda03be-4eeb-4add-b742-165137bac60e | ITER: 19 START
2019-07-20 22:48:45.721 22865 INFO rally.task.runner [-] Task fcda03be-4eeb-4add-b742-165137bac60e | ITER: 17 START
2019-07-20 22:48:45.723 22875 RALLYDEBUG rally.task.runner [-] Starting a worker. concurrency: 1 args: {} times: 100 method_name: run timeout: 0 duration: None cls:
2019-07-20 22:48:45.729 22875 INFO rally.task.runner [-] Task fcda03be-4eeb-4add-b742-165137bac60e | ITER: 20 START
2019-07-20 22:48:48.669 22840 INFO rally.task.runner [-] Task fcda03be-4eeb-4add-b742-165137bac60e | ITER: 10 END: OK
2019-07-20 22:48:48.673 22840 INFO rally.task.runner [-] Task fcda03be-4eeb-4add-b742-165137bac60e | ITER: 21 START
2019-07-20 22:48:48.781 22872 INFO rally.task.runner [-] Task fcda03be-4eeb-4add-b742-165137bac60e | ITER: 19 END: OK
2019-07-20 22:48:48.784 22872 INFO rally.task.runner [-] Task fcda03be-4eeb-4add-b742-165137bac60e | ITER: 22 START
2019-07-20 22:48:48.850 22831 INFO rally.task.runner [-] Task fcda03be-4eeb-4add-b742-165137bac60e | ITER: 2 END: OK
2019-07-20 22:48:48.854 22831 INFO rally.task.runner [-] Task fcda03be-4eeb-4add-b742-165137bac60e | ITER: 23 START
2019-07-20 22:48:48.981 22853 INFO rally.task.runner [-] Task fcda03be-4eeb-4add-b742-165137bac60e | ITER: 14 END: OK
2019-07-20 22:48:48.985 22853 INFO rally.task.runner [-] Task fcda03be-4eeb-4add-b742-165137bac60e | ITER: 24 START
2019-07-20 22:48:49.090 22830 INFO rally.task.runner [-] Task fcda03be-4eeb-4add-b742-165137bac60e | ITER: 1 END: OK
2019-07-20 22:48:49.093 22830 INFO rally.task.runner [-] Task fcda03be-4eeb-4add-b742-165137bac60e | ITER: 25 START
2019-07-20 22:48:49.188 22832 INFO rally.task.runner [-] Task fcda03be-4eeb-4add-b742-165137bac60e | ITER: 5 END: OK
2019-07-20 22:48:49.190 22832 INFO rally.task.runner [-] Task fcda03be-4eeb-4add-b742-165137bac60e | ITER: 26 START
2019-07-20 22:48:49.644 22833 INFO rally.task.runner [-] Task fcda03be-4eeb-4add-b742-165137bac60e | ITER: 9 END: OK
2019-07-20 22:48:49.648 22833 INFO rally.task.runner [-] Task fcda03be-4eeb-4add-b742-165137bac60e | ITER: 27 START
2019-07-20 22:48:49.709 22833 INFO rally.task.runner [-] Task fcda03be-4eeb-4add-b742-165137bac60e | ITER: 6 END: OK
2019-07-20 22:48:49.713 22833 INFO rally.task.runner [-] Task fcda03be-4eeb-4add-b742-165137bac60e | ITER: 28 START
2019-07-20 22:48:49.759 22857 INFO rally.task.runner [-] Task fcda03be-4eeb-4add-b742-165137bac60e | ITER: 15 END: OK
2019-07-20 22:48:49.763 22857 INFO rally.task.runner [-] Task fcda03be-4eeb-4add-b742-165137bac60e | ITER: 29 START
2019-07-20 22:48:49.951 22864 INFO rally.task.runner [-] Task fcda03be-4eeb-4add-b742-165137bac60e | ITER: 16 END: OK
2019-07-20 22:48:49.954 22864 INFO rally.task.runner [-] Task fcda03be-4eeb-4add-b742-165137bac60e | ITER: 30 START
2019-07-20 22:48:50.494 22849 INFO rally.task.runner [-] Task fcda03be-4eeb-4add-b742-165137bac60e | ITER: 12 END: OK
2019-07-20 22:48:50.498 22849 INFO rally.task.runner [-] Task fcda03be-4eeb-4add-b742-165137bac60e | ITER: 31 START
2019-07-20 22:48:50.545 22875 INFO rally.task.runner [-] Task fcda03be-4eeb-4add-b742-165137bac60e | ITER: 20 END: OK
2019-07-20 22:48:50.549 22875 INFO rally.task.runner [-] Task fcda03be-4eeb-4add-b742-165137bac60e | ITER: 32 START
2019-07-20 22:48:50.618 22830 INFO rally.task.runner [-] Task fcda03be-4eeb-4add-b742-165137bac60e | ITER: 3 END: OK
2019-07-20 22:48:50.621 22830 INFO rally.task.runner [-] Task fcda03be-4eeb-4add-b742-165137bac60e | ITER: 33 START
2019-07-20 22:48:50.770 22835 INFO rally.task.runner [-] Task fcda03be-4eeb-4add-b742-165137bac60e | ITER: 8 END: OK
2019-07-20 22:48:50.775 22835 INFO rally.task.runner [-] Task fcda03be-4eeb-4add-b742-165137bac60e | ITER: 34 START
2019-07-20 22:48:50.861 22845 INFO rally.task.runner [-] Task fcda03be-4eeb-4add-b742-165137bac60e | ITER: 13 END: OK
2019-07-20 22:48:50.864 22845 INFO rally.task.runner [-] Task fcda03be-4eeb-4add-b742-165137bac60e | ITER: 35 START
2019-07-20 22:48:50.992 22869 INFO rally.task.runner [-] Task fcda03be-4eeb-4add-b742-165137bac60e | ITER: 18 END: OK
2019-07-20 22:48:50.996 22869 INFO rally.task.runner [-] Task fcda03be-4eeb-4add-b742-165137bac60e | ITER: 36 START
2019-07-20 22:48:51.319 22830 INFO rally.task.runner [-] Task fcda03be-4eeb-4add-b742-165137bac60e | ITER: 25 END: OK
2019-07-20 22:48:51.323 22830 INFO rally.task.runner [-] Task fcda03be-4eeb-4add-b742-165137bac60e | ITER: 37 START
2019-07-20 22:48:51.878 22831 INFO rally.task.runner [-] Task fcda03be-4eeb-4add-b742-165137bac60e | ITER: 4 END: OK
2019-07-20 22:48:51.882 22831 INFO rally.task.runner [-] Task fcda03be-4eeb-4add-b742-165137bac60e | ITER: 38 START
2019-07-20 22:48:51.915 22842 INFO rally.task.runner [-] Task fcda03be-4eeb-4add-b742-165137bac60e | ITER: 11 END: OK
2019-07-20 22:48:51.918 22842 INFO rally.task.runner [-] Task fcda03be-4eeb-4add-b742-165137bac60e | ITER: 39 START
2019-07-20 22:48:51.992 22832 INFO rally.task.runner [-] Task fcda03be-4eeb-4add-b742-165137bac60e | ITER: 26 END: OK
2019-07-20 22:48:51.992 22840 INFO rally.task.runner [-] Task fcda03be-4eeb-4add-b742-165137bac60e | ITER: 21 END: OK
2019-07-20 22:48:51.994 22832 INFO rally.task.runner [-] Task fcda03be-4eeb-4add-b742-165137bac60e | ITER: 40 START
2019-07-20 22:48:51.996 22840 INFO rally.task.runner [-] Task fcda03be-4eeb-4add-b742-165137bac60e | ITER: 41 START
2019-07-20 22:48:52.036 22831 INFO rally.task.runner [-] Task fcda03be-4eeb-4add-b742-165137bac60e | ITER: 23 END: OK
2019-07-20 22:48:52.039 22831 INFO rally.task.runner [-] Task fcda03be-4eeb-4add-b742-165137bac60e | ITER: 42 START
2019-07-20 22:48:52.132 22872 INFO rally.task.runner [-] Task fcda03be-4eeb-4add-b742-165137bac60e | ITER: 22 END: OK
2019-07-20 22:48:52.133 22832 INFO rally.task.runner [-] Task fcda03be-4eeb-4add-b742-165137bac60e | ITER: 7 END: OK
2019-07-20 22:48:52.136 22872 INFO rally.task.runner [-] Task fcda03be-4eeb-4add-b742-165137bac60e | ITER: 43 START
2019-07-20 22:48:52.136 22832 INFO rally.task.runner [-] Task fcda03be-4eeb-4add-b742-165137bac60e | ITER: 44 START
2019-07-20 22:48:52.477 22865 INFO rally.task.runner [-] Task fcda03be-4eeb-4add-b742-165137bac60e | ITER: 17 END: OK
2019-07-20 22:48:52.481 22865 INFO rally.task.runner [-] Task fcda03be-4eeb-4add-b742-165137bac60e | ITER: 45 START
2019-07-20 22:48:52.651 22833 INFO rally.task.runner [-] Task fcda03be-4eeb-4add-b742-165137bac60e | ITER: 27 END: OK
2019-07-20 22:48:52.655 22833 INFO rally.task.runner [-] Task fcda03be-4eeb-4add-b742-165137bac60e | ITER: 46 START
2019-07-20 22:48:52.684 22853 INFO rally.task.runner [-] Task fcda03be-4eeb-4add-b742-165137bac60e | ITER: 24 END: OK
2019-07-20 22:48:52.687 22853 INFO rally.task.runner [-] Task fcda03be-4eeb-4add-b742-165137bac60e | ITER: 47 START
2019-07-20 22:48:52.791 22833 INFO rally.task.runner [-] Task fcda03be-4eeb-4add-b742-165137bac60e | ITER: 28 END: OK
2019-07-20 22:48:52.794 22833 INFO rally.task.runner [-] Task fcda03be-4eeb-4add-b742-165137bac60e | ITER: 48 START
2019-07-20 22:48:53.228 22857 INFO rally.task.runner [-] Task fcda03be-4eeb-4add-b742-165137bac60e | ITER: 29 END: OK
2019-07-20 22:48:53.232 22857 INFO rally.task.runner [-] Task fcda03be-4eeb-4add-b742-165137bac60e | ITER: 49 START
2019-07-20 22:48:53.751 22849 INFO rally.task.runner [-] Task fcda03be-4eeb-4add-b742-165137bac60e | ITER: 31 END: OK
2019-07-20 22:48:53.754 22849 INFO rally.task.runner [-] Task fcda03be-4eeb-4add-b742-165137bac60e | ITER: 50 START
2019-07-20 22:48:53.795 22864 INFO rally.task.runner [-] Task fcda03be-4eeb-4add-b742-165137bac60e | ITER: 30 END: OK
2019-07-20 22:48:53.798 22864 INFO rally.task.runner [-] Task fcda03be-4eeb-4add-b742-165137bac60e | ITER: 51 START
2019-07-20 22:48:53.809 22875 INFO rally.task.runner [-] Task fcda03be-4eeb-4add-b742-165137bac60e | ITER: 32 END: OK
2019-07-20 22:48:53.812 22875 INFO rally.task.runner [-] Task fcda03be-4eeb-4add-b742-165137bac60e | ITER: 52 START
2019-07-20 22:48:53.924 22830 INFO rally.task.runner [-] Task fcda03be-4eeb-4add-b742-165137bac60e | ITER: 33 END: OK
2019-07-20 22:48:53.926 22830 INFO rally.task.runner [-] Task fcda03be-4eeb-4add-b742-165137bac60e | ITER: 53 START
2019-07-20 22:48:54.332 22840 INFO rally.task.runner [-] Task fcda03be-4eeb-4add-b742-165137bac60e | ITER: 41 END: OK
2019-07-20 22:48:54.335 22840 INFO rally.task.runner [-] Task fcda03be-4eeb-4add-b742-165137bac60e | ITER: 54 START
2019-07-20 22:48:54.394 22845 INFO rally.task.runner [-] Task fcda03be-4eeb-4add-b742-165137bac60e | ITER: 35 END: OK
2019-07-20 22:48:54.397 22845 INFO rally.task.runner [-] Task fcda03be-4eeb-4add-b742-165137bac60e | ITER: 55 START
2019-07-20 22:48:54.847 22869 INFO rally.task.runner [-] Task fcda03be-4eeb-4add-b742-165137bac60e | ITER: 36 END: OK
2019-07-20 22:48:54.850 22869 INFO rally.task.runner [-] Task fcda03be-4eeb-4add-b742-165137bac60e | ITER: 56 START
2019-07-20 22:48:54.979 22842 INFO rally.task.runner [-] Task fcda03be-4eeb-4add-b742-165137bac60e | ITER: 39 END: OK
2019-07-20 22:48:54.982 22842 INFO rally.task.runner [-] Task fcda03be-4eeb-4add-b742-165137bac60e | ITER: 57 START
2019-07-20 22:48:55.017 22831 INFO rally.task.runner [-] Task fcda03be-4eeb-4add-b742-165137bac60e | ITER: 42 END: OK
2019-07-20 22:48:55.019 22831 INFO rally.task.runner [-] Task fcda03be-4eeb-4add-b742-165137bac60e | ITER: 58 START
2019-07-20 22:48:55.198 22872 INFO rally.task.runner [-] Task fcda03be-4eeb-4add-b742-165137bac60e | ITER: 43 END: OK
2019-07-20 22:48:55.201 22872 INFO rally.task.runner [-] Task fcda03be-4eeb-4add-b742-165137bac60e | ITER: 59 START
2019-07-20 22:48:55.544 22830 INFO rally.task.runner [-] Task fcda03be-4eeb-4add-b742-165137bac60e | ITER: 37 END: OK
2019-07-20 22:48:55.548 22830 INFO rally.task.runner [-] Task fcda03be-4eeb-4add-b742-165137bac60e | ITER: 60 START
2019-07-20 22:48:55.553 22832 INFO rally.task.runner [-] Task fcda03be-4eeb-4add-b742-165137bac60e | ITER: 40 END: OK
2019-07-20 22:48:55.556 22832 INFO rally.task.runner [-] Task fcda03be-4eeb-4add-b742-165137bac60e | ITER: 61 START
2019-07-20 22:48:55.567 22853 INFO rally.task.runner [-] Task fcda03be-4eeb-4add-b742-165137bac60e | ITER: 47 END: OK
2019-07-20 22:48:55.570 22853 INFO rally.task.runner [-] Task fcda03be-4eeb-4add-b742-165137bac60e | ITER: 62 START
2019-07-20 22:48:55.575 22857 INFO rally.task.runner [-] Task fcda03be-4eeb-4add-b742-165137bac60e | ITER: 49 END: OK
2019-07-20 22:48:55.578 22857 INFO rally.task.runner [-] Task fcda03be-4eeb-4add-b742-165137bac60e | ITER: 63 START
2019-07-20 22:48:55.669 22865 INFO rally.task.runner [-] Task fcda03be-4eeb-4add-b742-165137bac60e | ITER: 45 END: OK
2019-07-20 22:48:55.673 22865 INFO rally.task.runner [-] Task fcda03be-4eeb-4add-b742-165137bac60e | ITER: 64 START
2019-07-20 22:48:55.743 22831 INFO rally.task.runner [-] Task fcda03be-4eeb-4add-b742-165137bac60e | ITER: 38 END: OK
2019-07-20 22:48:55.746 22831 INFO rally.task.runner [-] Task fcda03be-4eeb-4add-b742-165137bac60e | ITER: 65 START
2019-07-20 22:48:55.751 22833 INFO rally.task.runner [-] Task fcda03be-4eeb-4add-b742-165137bac60e | ITER: 48 END: OK
2019-07-20 22:48:55.754 22833 INFO rally.task.runner [-] Task fcda03be-4eeb-4add-b742-165137bac60e | ITER: 66 START
2019-07-20 22:48:56.021 22832 INFO rally.task.runner [-] Task fcda03be-4eeb-4add-b742-165137bac60e | ITER: 44 END: OK
2019-07-20 22:48:56.024 22832 INFO rally.task.runner [-] Task fcda03be-4eeb-4add-b742-165137bac60e | ITER: 67 START
2019-07-20 22:48:56.181 22835 INFO rally.task.runner [-] Task fcda03be-4eeb-4add-b742-165137bac60e | ITER: 34 END: OK
2019-07-20 22:48:56.184 22835 INFO rally.task.runner [-] Task fcda03be-4eeb-4add-b742-165137bac60e | ITER: 68 START
2019-07-20 22:48:56.207 22833 INFO rally.task.runner [-] Task fcda03be-4eeb-4add-b742-165137bac60e | ITER: 46 END: OK
2019-07-20 22:48:56.210 22833 INFO rally.task.runner [-] Task fcda03be-4eeb-4add-b742-165137bac60e | ITER: 69 START
2019-07-20 22:48:56.968 22864 INFO rally.task.runner [-] Task fcda03be-4eeb-4add-b742-165137bac60e | ITER: 51 END: OK
2019-07-20 22:48:56.971 22864 INFO rally.task.runner [-] Task fcda03be-4eeb-4add-b742-165137bac60e | ITER: 70 START
2019-07-20 22:48:57.221 22849 INFO rally.task.runner [-] Task fcda03be-4eeb-4add-b742-165137bac60e | ITER: 50 END: OK
2019-07-20 22:48:57.224 22849 INFO rally.task.runner [-] Task fcda03be-4eeb-4add-b742-165137bac60e | ITER: 71 START
2019-07-20 22:48:57.242 22875 INFO rally.task.runner [-] Task fcda03be-4eeb-4add-b742-165137bac60e | ITER: 52 END: OK
2019-07-20 22:48:57.245 22875 INFO rally.task.runner [-] Task fcda03be-4eeb-4add-b742-165137bac60e | ITER: 72 START
2019-07-20 22:48:57.324 22830 INFO rally.task.runner [-] Task fcda03be-4eeb-4add-b742-165137bac60e | ITER: 53 END: OK
2019-07-20 22:48:57.328 22830 INFO rally.task.runner [-] Task fcda03be-4eeb-4add-b742-165137bac60e | ITER: 73 START
2019-07-20 22:48:57.399 22840 INFO rally.task.runner [-] Task fcda03be-4eeb-4add-b742-165137bac60e | ITER: 54 END: OK
2019-07-20 22:48:57.402 22840 INFO rally.task.runner [-] Task fcda03be-4eeb-4add-b742-165137bac60e | ITER: 74 START
2019-07-20 22:48:58.050 22845 INFO rally.task.runner [-] Task fcda03be-4eeb-4add-b742-165137bac60e | ITER: 55 END: OK
2019-07-20 22:48:58.053 22845 INFO rally.task.runner [-] Task fcda03be-4eeb-4add-b742-165137bac60e | ITER: 75 START
2019-07-20 22:48:58.184 22842 INFO rally.task.runner [-] Task fcda03be-4eeb-4add-b742-165137bac60e | ITER: 57 END: OK
2019-07-20 22:48:58.187 22842 INFO rally.task.runner [-] Task fcda03be-4eeb-4add-b742-165137bac60e | ITER: 76 START
2019-07-20 22:48:58.519 22869 INFO rally.task.runner [-] Task fcda03be-4eeb-4add-b742-165137bac60e | ITER: 56 END: OK
2019-07-20 22:48:58.522 22869 INFO rally.task.runner [-] Task fcda03be-4eeb-4add-b742-165137bac60e | ITER: 77 START
2019-07-20 22:48:58.627 22872 INFO rally.task.runner [-] Task fcda03be-4eeb-4add-b742-165137bac60e | ITER: 59 END: OK
2019-07-20 22:48:58.628 22865 INFO rally.task.runner [-] Task fcda03be-4eeb-4add-b742-165137bac60e | ITER: 64 END: OK
2019-07-20 22:48:58.631 22865 INFO rally.task.runner [-] Task fcda03be-4eeb-4add-b742-165137bac60e | ITER: 79 START
2019-07-20 22:48:58.630 22872 INFO rally.task.runner [-] Task fcda03be-4eeb-4add-b742-165137bac60e | ITER: 78 START
2019-07-20 22:48:58.647 22853 INFO rally.task.runner [-] Task fcda03be-4eeb-4add-b742-165137bac60e | ITER: 62 END: OK
2019-07-20 22:48:58.651 22853 INFO rally.task.runner [-] Task fcda03be-4eeb-4add-b742-165137bac60e | ITER: 80 START
2019-07-20 22:48:58.878 22830 INFO rally.task.runner [-] Task fcda03be-4eeb-4add-b742-165137bac60e | ITER: 60 END: OK
2019-07-20 22:48:58.881 22830 INFO rally.task.runner [-] Task fcda03be-4eeb-4add-b742-165137bac60e | ITER: 81 START
2019-07-20 22:48:59.307 22835 INFO rally.task.runner [-] Task fcda03be-4eeb-4add-b742-165137bac60e | ITER: 68 END: OK
2019-07-20 22:48:59.310 22835 INFO rally.task.runner [-] Task fcda03be-4eeb-4add-b742-165137bac60e | ITER: 82 START
2019-07-20 22:48:59.331 22832 INFO rally.task.runner [-] Task fcda03be-4eeb-4add-b742-165137bac60e | ITER: 61 END: OK
2019-07-20 22:48:59.334 22832 INFO rally.task.runner [-] Task fcda03be-4eeb-4add-b742-165137bac60e | ITER: 83 START
2019-07-20 22:48:59.413 22875 INFO rally.task.runner [-] Task fcda03be-4eeb-4add-b742-165137bac60e | ITER: 72 END: OK
2019-07-20 22:48:59.415 22875 INFO rally.task.runner [-] Task fcda03be-4eeb-4add-b742-165137bac60e | ITER: 84 START
2019-07-20 22:48:59.424 22833 INFO rally.task.runner [-] Task fcda03be-4eeb-4add-b742-165137bac60e | ITER: 66 END: OK
2019-07-20 22:48:59.427 22833 INFO rally.task.runner [-] Task fcda03be-4eeb-4add-b742-165137bac60e | ITER: 85 START
2019-07-20 22:48:59.612 22831 INFO rally.task.runner [-] Task fcda03be-4eeb-4add-b742-165137bac60e | ITER: 65 END: OK
2019-07-20 22:48:59.615 22831 INFO rally.task.runner [-] Task fcda03be-4eeb-4add-b742-165137bac60e | ITER: 86 START
2019-07-20 22:48:59.629 22830 INFO rally.task.runner [-] Task fcda03be-4eeb-4add-b742-165137bac60e | ITER: 73 END: OK
2019-07-20 22:48:59.632 22830 INFO rally.task.runner [-] Task fcda03be-4eeb-4add-b742-165137bac60e | ITER: 87 START
2019-07-20 22:48:59.848 22831 INFO rally.task.runner [-] Task fcda03be-4eeb-4add-b742-165137bac60e | ITER: 58 END: OK
2019-07-20 22:48:59.851 22831 INFO rally.task.runner [-] Task fcda03be-4eeb-4add-b742-165137bac60e | ITER: 88 START
2019-07-20 22:48:59.947 22849 INFO rally.task.runner [-] Task fcda03be-4eeb-4add-b742-165137bac60e | ITER: 71 END: OK
2019-07-20 22:48:59.950 22849 INFO rally.task.runner [-] Task fcda03be-4eeb-4add-b742-165137bac60e | ITER: 89 START
2019-07-20 22:49:00.127 22857 INFO rally.task.runner [-] Task fcda03be-4eeb-4add-b742-165137bac60e | ITER: 63 END: OK
2019-07-20 22:49:00.128 22864 INFO rally.task.runner [-] Task fcda03be-4eeb-4add-b742-165137bac60e | ITER: 70 END: OK
2019-07-20 22:49:00.130 22857 INFO rally.task.runner [-] Task fcda03be-4eeb-4add-b742-165137bac60e | ITER: 90 START
2019-07-20 22:49:00.131 22864 INFO rally.task.runner [-] Task fcda03be-4eeb-4add-b742-165137bac60e | ITER: 91 START
2019-07-20 22:49:00.492 22833 INFO rally.task.runner [-] Task fcda03be-4eeb-4add-b742-165137bac60e | ITER: 69 END: OK
2019-07-20 22:49:00.495 22833 INFO rally.task.runner [-] Task fcda03be-4eeb-4add-b742-165137bac60e | ITER: 92 START
2019-07-20 22:49:00.561 22832 INFO rally.task.runner [-] Task fcda03be-4eeb-4add-b742-165137bac60e | ITER: 67 END: OK
2019-07-20 22:49:00.564 22832 INFO rally.task.runner [-] Task fcda03be-4eeb-4add-b742-165137bac60e | ITER: 93 START
2019-07-20 22:49:00.584 22840 INFO rally.task.runner [-] Task fcda03be-4eeb-4add-b742-165137bac60e | ITER: 74 END: OK
2019-07-20 22:49:00.587 22840 INFO rally.task.runner [-] Task fcda03be-4eeb-4add-b742-165137bac60e | ITER: 94 START
2019-07-20 22:49:00.848 22845 INFO rally.task.runner [-] Task fcda03be-4eeb-4add-b742-165137bac60e | ITER: 75 END: OK
2019-07-20 22:49:00.851 22845 INFO rally.task.runner [-] Task fcda03be-4eeb-4add-b742-165137bac60e | ITER: 95 START
2019-07-20 22:49:01.092 22842 INFO rally.task.runner [-] Task fcda03be-4eeb-4add-b742-165137bac60e | ITER: 76 END: OK
2019-07-20 22:49:01.095 22842 INFO rally.task.runner [-] Task fcda03be-4eeb-4add-b742-165137bac60e | ITER: 96 START
2019-07-20 22:49:01.490 22869 INFO rally.task.runner [-] Task fcda03be-4eeb-4add-b742-165137bac60e | ITER: 77 END: OK
2019-07-20 22:49:01.494 22869 INFO rally.task.runner [-] Task fcda03be-4eeb-4add-b742-165137bac60e | ITER: 97 START
2019-07-20 22:49:01.562 22872 INFO rally.task.runner [-] Task fcda03be-4eeb-4add-b742-165137bac60e | ITER: 78 END: OK
2019-07-20 22:49:01.565 22872 INFO rally.task.runner [-] Task fcda03be-4eeb-4add-b742-165137bac60e | ITER: 98 START
2019-07-20 22:49:01.633 22865 INFO rally.task.runner [-] Task fcda03be-4eeb-4add-b742-165137bac60e | ITER: 79 END: OK
2019-07-20 22:49:01.636 22865 INFO rally.task.runner [-] Task fcda03be-4eeb-4add-b742-165137bac60e | ITER: 99 START
2019-07-20 22:49:01.751 22853 INFO rally.task.runner [-] Task fcda03be-4eeb-4add-b742-165137bac60e | ITER: 80 END: OK
2019-07-20 22:49:01.754 22853 INFO rally.task.runner [-] Task fcda03be-4eeb-4add-b742-165137bac60e | ITER: 100 START
2019-07-20 22:49:02.074 22875 INFO rally.task.runner [-] Task fcda03be-4eeb-4add-b742-165137bac60e | ITER: 84 END: OK
2019-07-20 22:49:02.147 22830 INFO rally.task.runner [-] Task fcda03be-4eeb-4add-b742-165137bac60e | ITER: 87 END: OK
2019-07-20 22:49:02.209 22831 INFO rally.task.runner [-] Task fcda03be-4eeb-4add-b742-165137bac60e | ITER: 86 END: OK
2019-07-20 22:49:02.319 22833 INFO rally.task.runner [-] Task fcda03be-4eeb-4add-b742-165137bac60e | ITER: 85 END: OK
2019-07-20 22:49:02.431 22835 INFO rally.task.runner [-] Task fcda03be-4eeb-4add-b742-165137bac60e | ITER: 82 END: OK
2019-07-20 22:49:02.437 22830 INFO rally.task.runner [-] Task fcda03be-4eeb-4add-b742-165137bac60e | ITER: 81 END: OK
2019-07-20 22:49:02.897 22864 INFO rally.task.runner [-] Task fcda03be-4eeb-4add-b742-165137bac60e | ITER: 91 END: OK
2019-07-20 22:49:03.256 22849 INFO rally.task.runner [-] Task fcda03be-4eeb-4add-b742-165137bac60e | ITER: 89 END: OK
2019-07-20 22:49:03.306 22832 INFO rally.task.runner [-] Task fcda03be-4eeb-4add-b742-165137bac60e | ITER: 83 END: OK
2019-07-20 22:49:03.525 22845 INFO rally.task.runner [-] Task fcda03be-4eeb-4add-b742-165137bac60e | ITER: 95 END: OK
2019-07-20 22:49:03.577 22832 INFO rally.task.runner [-] Task fcda03be-4eeb-4add-b742-165137bac60e | ITER: 93 END: OK
2019-07-20 22:49:03.581 22857 INFO rally.task.runner [-] Task fcda03be-4eeb-4add-b742-165137bac60e | ITER: 90 END: OK
2019-07-20 22:49:03.825 22842 INFO rally.task.runner [-] Task fcda03be-4eeb-4add-b742-165137bac60e | ITER: 96 END: OK
2019-07-20 22:49:03.934 22831 INFO rally.task.runner [-] Task fcda03be-4eeb-4add-b742-165137bac60e | ITER: 88 END: OK
2019-07-20 22:49:04.096 22869 INFO rally.task.runner [-] Task fcda03be-4eeb-4add-b742-165137bac60e | ITER: 97 END: OK
2019-07-20 22:49:04.228 22872 INFO rally.task.runner [-] Task fcda03be-4eeb-4add-b742-165137bac60e | ITER: 98 END: OK
2019-07-20 22:49:04.235 22840 INFO rally.task.runner [-] Task fcda03be-4eeb-4add-b742-165137bac60e | ITER: 94 END: OK
2019-07-20 22:49:04.237 22833 INFO rally.task.runner [-] Task fcda03be-4eeb-4add-b742-165137bac60e | ITER: 92 END: OK
2019-07-20 22:49:04.264 22865 INFO rally.task.runner [-] Task fcda03be-4eeb-4add-b742-165137bac60e | ITER: 99 END: OK
2019-07-20 22:49:04.456 22853 INFO rally.task.runner [-] Task fcda03be-4eeb-4add-b742-165137bac60e | ITER: 100 END: OK
2019-07-20 22:49:04.482 22706 INFO rally.task.context [-] Task fcda03be-4eeb-4add-b742-165137bac60e | Context cleanup@openstack cleanup() started
2019-07-20 22:49:04.485 22706 RALLYDEBUG rally_openstack.cleanup.manager [-] Cleaning up neutron vip objects
2019-07-20 22:49:05.112 22706 RALLYDEBUG rally_openstack.cleanup.manager [-] Cleaning up neutron health_monitor objects
2019-07-20 22:49:05.755 22706 RALLYDEBUG rally_openstack.cleanup.manager [-] Cleaning up neutron pool objects
2019-07-20 22:49:06.400 22706 RALLYDEBUG rally_openstack.cleanup.manager [-] Cleaning up neutron loadbalancer objects
2019-07-20 22:49:07.045 22706 RALLYDEBUG rally_openstack.cleanup.manager [-] Cleaning up neutron floatingip objects
2019-07-20 22:49:07.738 22706 RALLYDEBUG rally_openstack.cleanup.manager [-] Cleaning up neutron port objects
2019-07-20 22:49:08.964 22706 RALLYDEBUG rally_openstack.cleanup.manager [-] Cleaning up neutron subnet objects
2019-07-20 22:49:09.705 22706 RALLYDEBUG rally_openstack.cleanup.manager [-] Cleaning up neutron network objects
2019-07-20 22:49:10.673 22706 RALLYDEBUG rally_openstack.cleanup.manager [-] Deleting neutron.network object s_rally_293e3f8e_DtAbT0aY (02354cf0-a3fe-4a07-9359-2e6051f76803)
2019-07-20 22:49:10.677 22706 RALLYDEBUG rally_openstack.cleanup.manager [-] Deleting neutron.network object s_rally_293e3f8e_WzGdvbeY (03a420ba-df9c-4f92-a769-0e9d9ea2dfe7)
2019-07-20 22:49:10.683 22706 RALLYDEBUG rally_openstack.cleanup.manager [-] Deleting neutron.network object s_rally_293e3f8e_tPHnP7WL (06e88189-10fc-48d9-97d6-db3a2c377873)
2019-07-20 22:49:10.688 22706 RALLYDEBUG rally_openstack.cleanup.manager [-] Deleting neutron.network object s_rally_293e3f8e_Fj5nEEdV (07a12141-93cf-4f72-822d-4c886cd99fbb)
2019-07-20 22:49:10.691 22706 RALLYDEBUG rally_openstack.cleanup.manager [-] Deleting neutron.network object s_rally_293e3f8e_af58orJS (0cb7e8a2-8645-47d2-9cb3-c7a304b7680b)
2019-07-20 22:49:10.696 22706 RALLYDEBUG rally_openstack.cleanup.manager [-] Deleting neutron.network object s_rally_293e3f8e_UkR1hzJP (0cea349d-2194-47d5-b3c1-2a1540059a39)
2019-07-20 22:49:10.714 22706 RALLYDEBUG rally_openstack.cleanup.manager [-] Deleting neutron.network object s_rally_293e3f8e_bLO7tY1h (0f545d60-2a18-4299-951a-b5bc528a8794)
2019-07-20 22:49:10.718 22706 RALLYDEBUG rally_openstack.cleanup.manager [-] Deleting neutron.network object s_rally_293e3f8e_MSJx9SQC (1042b8b6-d6b6-49ce-ad12-bbdf3f4be951)
2019-07-20 22:49:10.738 22706 RALLYDEBUG rally_openstack.cleanup.manager [-] Deleting neutron.network object s_rally_293e3f8e_Xij9Jn5w (12888590-8e70-4abb-83b1-dc0b2ee63695)
2019-07-20 22:49:10.750 22706 RALLYDEBUG rally_openstack.cleanup.manager [-] Deleting neutron.network object s_rally_293e3f8e_kYtxmHJt (12cbe4fe-7ccf-4552-ab65-4049f3191696)
2019-07-20 22:49:10.770 22706 RALLYDEBUG rally_openstack.cleanup.manager [-] Deleting neutron.network object s_rally_293e3f8e_KYXceuaa (147b24f5-f0b4-492f-bc0d-0428cdd15a2b)
2019-07-20 22:49:10.789 22706 RALLYDEBUG rally_openstack.cleanup.manager [-] Deleting neutron.network object s_rally_293e3f8e_LM4E9rMb (1573a5d2-b221-4183-a779-bb72f84c3c02)
2019-07-20 22:49:10.790 22706 RALLYDEBUG rally_openstack.cleanup.manager [-] Deleting neutron.network object s_rally_293e3f8e_0G4jD4KK (15b9b4bd-7bd9-48fe-9b26-40912c67e0fb)
2019-07-20 22:49:10.811 22706 RALLYDEBUG rally_openstack.cleanup.manager [-] Deleting neutron.network object s_rally_293e3f8e_p9kHZaZ5 (15d2894f-004a-4fd5-ac28-87b4a581079e)
2019-07-20 22:49:10.812 22706 RALLYDEBUG rally_openstack.cleanup.manager [-] Deleting neutron.network object s_rally_293e3f8e_g9NtcWs5 (16af7882-2cb3-4b63-8af7-2185a346c638)
2019-07-20 22:49:10.821 22706 RALLYDEBUG rally_openstack.cleanup.manager [-] Deleting neutron.network object s_rally_293e3f8e_veMB4KNh (16ec569f-b60d-4b28-8339-449b98f35f26)
2019-07-20 22:49:10.849 22706 RALLYDEBUG rally_openstack.cleanup.manager [-] Deleting neutron.network object s_rally_293e3f8e_FGFuYZPo (21c4cfca-2427-47e0-a110-4e763dc18a99)
2019-07-20 22:49:10.851 22706 RALLYDEBUG rally_openstack.cleanup.manager [-] Deleting neutron.network object s_rally_293e3f8e_piNV7UtR (22620c4d-720a-4242-afc7-23f14fcae1a5)
2019-07-20 22:49:10.861 22706 RALLYDEBUG rally_openstack.cleanup.manager [-] Deleting neutron.network object s_rally_293e3f8e_7bA7faAE (1ad1ae89-4f86-4883-9232-d62e0f9a6923)
2019-07-20 22:49:10.861 22706 RALLYDEBUG rally_openstack.cleanup.manager [-] Deleting neutron.network object s_rally_293e3f8e_rT8CGfco (249d8295-096c-48e3-9254-5ec5c57c2b8b)
2019-07-20 22:49:14.171 22706 RALLYDEBUG rally_openstack.cleanup.manager [-] Deleting neutron.network object s_rally_293e3f8e_Fg8voXKp (2db2eb39-0cb8-47ec-9688-f0dd9982fe2d)
2019-07-20 22:49:14.278 22706 RALLYDEBUG rally_openstack.cleanup.manager [-] Deleting neutron.network object s_rally_293e3f8e_QmKjQ4z1 (323fb1ab-fc3e-4742-a7fa-a182f04f984f)
2019-07-20 22:49:14.317 22706 RALLYDEBUG rally_openstack.cleanup.manager [-] Deleting neutron.network object s_rally_293e3f8e_U3sZZbdB (3357dae9-aad1-4d5b-a605-7874b0e4b92b)
2019-07-20 22:49:14.474 22706 RALLYDEBUG rally_openstack.cleanup.manager [-] Deleting neutron.network object s_rally_293e3f8e_WHgXeuTX (3455f9d3-3596-4202-a5b5-46333921e0ff)
2019-07-20 22:49:14.520 22706 RALLYDEBUG rally_openstack.cleanup.manager [-] Deleting neutron.network object s_rally_293e3f8e_fhT6g8Nq (3753771d-7e58-497d-a562-49fb421de08c)
2019-07-20 22:49:14.537 22706 RALLYDEBUG rally_openstack.cleanup.manager [-] Deleting neutron.network object s_rally_293e3f8e_5rVYLCRj (3b369ba6-1c69-45c1-8df2-a0c39cafd9e8)
2019-07-20 22:49:14.690 22706 RALLYDEBUG rally_openstack.cleanup.manager [-] Deleting neutron.network object s_rally_293e3f8e_1NnDAsmt (40cc0c1d-7d29-4cc5-81a0-4ae0de3cb4b3)
2019-07-20 22:49:14.755 22706 RALLYDEBUG rally_openstack.cleanup.manager [-] Deleting neutron.network object s_rally_293e3f8e_XSFfNguO (48dd0734-1da4-4d79-925c-37999237b0ec)
2019-07-20 22:49:14.854 22706 RALLYDEBUG rally_openstack.cleanup.manager [-] Deleting neutron.network object s_rally_293e3f8e_N9Ogdie4 (4b4abe96-7190-4d59-8f94-04fa736d7a60)
2019-07-20 22:49:14.914 22706 RALLYDEBUG rally_openstack.cleanup.manager [-] Deleting neutron.network object s_rally_293e3f8e_eNHZWghW (4e0260d0-f31a-4655-828f-c5c9f7e1ed3b)
2019-07-20 22:49:14.921 22706 RALLYDEBUG rally_openstack.cleanup.manager [-] Deleting neutron.network object s_rally_293e3f8e_dI6mtB2p (4f2d25b6-a996-453f-baa0-0e730a135728)
2019-07-20 22:49:14.962 22706 RALLYDEBUG rally_openstack.cleanup.manager [-] Deleting neutron.network object s_rally_293e3f8e_iYHj5F5D (5346bfb3-c1eb-4eeb-89ef-311714802559)
2019-07-20 22:49:15.055 22706 RALLYDEBUG rally_openstack.cleanup.manager [-] Deleting neutron.network object s_rally_293e3f8e_BDnvpRQS (55dedc03-cc90-4324-b9c4-84152678d610)
2019-07-20 22:49:15.142 22706 RALLYDEBUG rally_openstack.cleanup.manager [-] Deleting neutron.network object s_rally_293e3f8e_304D4NLc (59856617-79a3-4996-8390-48513410ac1a)
2019-07-20 22:49:15.162 22706 RALLYDEBUG rally_openstack.cleanup.manager [-] Deleting neutron.network object s_rally_293e3f8e_CN26OM7z (5d8c78b8-7cdd-437c-98cc-cac8ff050c5d)
2019-07-20 22:49:15.607 22706 RALLYDEBUG rally_openstack.cleanup.manager [-] Deleting neutron.network object s_rally_293e3f8e_vAeCNJHS (5f796cc8-7fdf-42d1-ad91-d276f08c1350)
2019-07-20 22:49:15.621 22706 RALLYDEBUG rally_openstack.cleanup.manager [-] Deleting neutron.network object s_rally_293e3f8e_UHjuKHFE (619c360d-5aae-473e-a559-99a31d7529ac)
2019-07-20 22:49:16.407 22706 RALLYDEBUG rally_openstack.cleanup.manager [-] Deleting neutron.network object s_rally_293e3f8e_db55onh0 (623c043b-f437-46c4-95a2-4e1ea5da8ae2)
2019-07-20 22:49:16.590 22706 RALLYDEBUG rally_openstack.cleanup.manager [-] Deleting neutron.network object s_rally_293e3f8e_jueLeHz5 (6339444b-1ee1-4e43-9ed8-614637b430e1)
2019-07-20 22:49:16.612 22706 RALLYDEBUG rally_openstack.cleanup.manager [-] Deleting neutron.network object s_rally_293e3f8e_k0IyuWZX (66e010c6-a89a-4300-a261-afa22e92fb05)
2019-07-20 22:49:17.412 22706 RALLYDEBUG rally_openstack.cleanup.manager [-] Deleting neutron.network object s_rally_293e3f8e_iay5gmcU (6863097a-4aa1-40ec-8441-22ed8b3faf25)
2019-07-20 22:49:17.637 22706 RALLYDEBUG rally_openstack.cleanup.manager [-] Deleting neutron.network object s_rally_293e3f8e_EE53fIHq (68ecf619-fcb6-4598-8301-d2b8de167093)
2019-07-20 22:49:17.697 22706 RALLYDEBUG rally_openstack.cleanup.manager [-] Deleting neutron.network object s_rally_293e3f8e_P32bG9H9 (6f09a321-00da-46cd-b746-9f4db8fac6b2)
2019-07-20 22:49:17.894 22706 RALLYDEBUG rally_openstack.cleanup.manager [-] Deleting neutron.network object s_rally_293e3f8e_JITxHQaG (72cc9e1c-8788-41b9-b239-6c4613040b20)
2019-07-20 22:49:18.036 22706 RALLYDEBUG rally_openstack.cleanup.manager [-] Deleting neutron.network object s_rally_293e3f8e_nE4AH9GG (73774c96-8d08-423d-a512-b13b7b561bf2)
2019-07-20 22:49:18.119 22706 RALLYDEBUG rally_openstack.cleanup.manager [-] Deleting neutron.network object s_rally_293e3f8e_skxHKZGu (7409fb7d-0516-4b27-b4a3-8e6e0a5aa812)
2019-07-20 22:49:18.128 22706 RALLYDEBUG rally_openstack.cleanup.manager [-] Deleting neutron.network object s_rally_293e3f8e_5nPcPEoR (7604b443-8231-4eaf-8aba-65cd136fa2fe)
2019-07-20 22:49:18.163 22706 RALLYDEBUG rally_openstack.cleanup.manager [-] Deleting neutron.network object s_rally_293e3f8e_Qnf0kj6V (77e4b879-bc34-443e-b672-808775b366b3)
2019-07-20 22:49:18.316 22706 RALLYDEBUG rally_openstack.cleanup.manager [-] Deleting neutron.network object s_rally_293e3f8e_cx90CHbH (7d9f186a-b889-4ebf-9682-986f8e476370)
2019-07-20 22:49:18.471 22706 RALLYDEBUG rally_openstack.cleanup.manager [-] Deleting neutron.network object s_rally_293e3f8e_adO2iODF (7ea87576-3ff6-4f8d-978f-f79a4b9de650)
2019-07-20 22:49:18.515 22706 RALLYDEBUG rally_openstack.cleanup.manager [-] Deleting neutron.network object s_rally_293e3f8e_kswDBZ0t (7f920e13-8465-42a7-8f9f-271c3ec5c451)
2019-07-20 22:49:18.864 22706 RALLYDEBUG rally_openstack.cleanup.manager [-] Deleting neutron.network object s_rally_293e3f8e_OXcQYOHw (7fd73f71-aeef-4d69-bb71-f1d80d2a9582)
2019-07-20 22:49:18.985 22706 RALLYDEBUG rally_openstack.cleanup.manager [-] Deleting neutron.network object s_rally_293e3f8e_GZktM3Di (817fd083-a1b7-4491-9c20-f4198cea9f0e)
2019-07-20 22:49:19.113 22706 RALLYDEBUG rally_openstack.cleanup.manager [-] Deleting neutron.network object s_rally_293e3f8e_1N4EcDmJ (82a77ec0-6bbe-4a76-ba85-26c686cd3472)
2019-07-20 22:49:19.223 22706 RALLYDEBUG rally_openstack.cleanup.manager [-] Deleting neutron.network object s_rally_293e3f8e_KDyPac8t (85d9b0be-c590-427a-947a-3bc7617ccb77)
2019-07-20 22:49:19.472 22706 RALLYDEBUG rally_openstack.cleanup.manager [-] Deleting neutron.network object s_rally_293e3f8e_9mRYI4wN (86c3cfe6-0125-4d57-9da5-20e5c21aafcd)
2019-07-20 22:49:19.505 22706 RALLYDEBUG rally_openstack.cleanup.manager [-] Deleting neutron.network object s_rally_293e3f8e_TOzJM6qe (86e05a96-b30d-405b-adfc-e455e170ba6f)
2019-07-20 22:49:19.586 22706 RALLYDEBUG rally_openstack.cleanup.manager [-] Deleting neutron.network object s_rally_293e3f8e_aMePTVIS (88a2905d-2755-41be-8605-0c62d66587a6)
2019-07-20 22:49:19.727 22706 RALLYDEBUG rally_openstack.cleanup.manager [-] Deleting neutron.network object s_rally_293e3f8e_mpIbk6kf (8ccdb9c0-a2b0-48eb-bdc5-5eb17c2218a5)
2019-07-20 22:49:20.004 22706 RALLYDEBUG rally_openstack.cleanup.manager [-] Deleting neutron.network object s_rally_293e3f8e_SEARi0qw (8ee2aba4-5815-4fd3-bcfe-efe53ea7a384)
2019-07-20 22:49:20.807 22706 RALLYDEBUG rally_openstack.cleanup.manager [-] Deleting neutron.network object s_rally_293e3f8e_QplEzTwk (8f5cb710-feda-4cab-8ef5-3cbae9caecd4)
2019-07-20 22:49:20.947 22706 RALLYDEBUG rally_openstack.cleanup.manager [-] Deleting neutron.network object s_rally_293e3f8e_6WGvOvok (9089119f-84e4-4399-b37a-ea380b8d0930)
2019-07-20 22:49:21.083 22706 RALLYDEBUG rally_openstack.cleanup.manager [-] Deleting neutron.network object s_rally_293e3f8e_CWuelMeu (940669ab-9402-4e90-971f-c6fdb79d9c56)
2019-07-20 22:49:21.107 22706 RALLYDEBUG rally_openstack.cleanup.manager [-] Deleting neutron.network object s_rally_293e3f8e_WfAjEG03 (9a588c3f-d632-4830-ac19-130bc5be54fe)
2019-07-20 22:49:21.307 22706 RALLYDEBUG rally_openstack.cleanup.manager [-] Deleting neutron.network object s_rally_293e3f8e_W91rhGFi (9b60b16e-042e-4ce2-8597-d830f2aafb07)
2019-07-20 22:49:21.635 22706 RALLYDEBUG rally_openstack.cleanup.manager [-] Deleting neutron.network object s_rally_293e3f8e_l1ucIGZw (9e99e379-b33a-4eb3-8e96-79182d8bd45d)
2019-07-20 22:49:21.652 22706 RALLYDEBUG rally_openstack.cleanup.manager [-] Deleting neutron.network object s_rally_293e3f8e_1W8RyKz9 (a01adadb-e687-4d0b-9d4c-dfccf4b841fe)
2019-07-20 22:49:21.660 22706 RALLYDEBUG rally_openstack.cleanup.manager [-] Deleting neutron.network object s_rally_293e3f8e_EtrqeZl1 (a0269029-744b-4072-a90d-16b35300b569)
2019-07-20 22:49:21.840 22706 RALLYDEBUG rally_openstack.cleanup.manager [-] Deleting neutron.network object s_rally_293e3f8e_QDSZhgZu (a39e0598-19ae-400c-9bc4-ee7a5b62b582)
2019-07-20 22:49:21.963 22706 RALLYDEBUG rally_openstack.cleanup.manager [-] Deleting neutron.network object s_rally_293e3f8e_xq7hcYoE (a68c6828-0c69-4bc7-b72a-8ccc0956c1dc)
2019-07-20 22:49:22.045 22706 RALLYDEBUG rally_openstack.cleanup.manager [-] Deleting neutron.network object s_rally_293e3f8e_sLYp2edd (af232670-4915-43c7-86b2-6899519e304d)
2019-07-20 22:49:22.145 22706 RALLYDEBUG rally_openstack.cleanup.manager [-] Deleting neutron.network object s_rally_293e3f8e_BmHp5DiE (af79e61d-e853-4c83-ad01-ece1ae6a344a)
2019-07-20 22:49:22.414 22706 RALLYDEBUG rally_openstack.cleanup.manager [-] Deleting neutron.network object s_rally_293e3f8e_vaKn71sk (af80921c-6bbe-4ed8-a5be-8470f3d31db9)
2019-07-20 22:49:22.499 22706 RALLYDEBUG rally_openstack.cleanup.manager [-] Deleting neutron.network object s_rally_293e3f8e_HN3FysJA (afc57f9d-cd53-4fd0-8d6c-7f2e51a7f1ea)
2019-07-20 22:49:22.719 22706 RALLYDEBUG rally_openstack.cleanup.manager [-] Deleting neutron.network object s_rally_293e3f8e_oqHV93jM (b1bd986e-bbdc-43d2-ab59-6655b92a1ab5)
2019-07-20 22:49:22.735 22706 RALLYDEBUG rally_openstack.cleanup.manager [-] Deleting neutron.network object s_rally_293e3f8e_SAKQlLKF (b276f16d-7ebf-48ba-a3d8-a1ed401526af)
2019-07-20 22:49:22.882 22706 RALLYDEBUG rally_openstack.cleanup.manager [-] Deleting neutron.network object s_rally_293e3f8e_SIfuHYyy (b6cd9bf7-c1cc-4693-a944-4b89547bd056)
2019-07-20 22:49:23.152 22706 RALLYDEBUG rally_openstack.cleanup.manager [-] Deleting neutron.network object s_rally_293e3f8e_oQcfwXiF (b868cb60-92d9-4c80-add0-d01c4735e1fe)
2019-07-20 22:49:23.276 22706 RALLYDEBUG rally_openstack.cleanup.manager [-] Deleting neutron.network object s_rally_293e3f8e_zl0O62Ks (ba181e72-b771-42dc-8750-4cea2dbe09d6)
2019-07-20 22:49:23.457 22706 RALLYDEBUG rally_openstack.cleanup.manager [-] Deleting neutron.network object s_rally_293e3f8e_7ZXKhDNe (bfe2d7f0-05f3-4fae-ae8d-cc20c1343fcc)
2019-07-20 22:49:23.998 22706 RALLYDEBUG rally_openstack.cleanup.manager [-] Deleting neutron.network object s_rally_293e3f8e_VUfpxGK0 (c51753ea-0caa-4840-adfb-7cda5c914e4f)
2019-07-20 22:49:24.485 22706 RALLYDEBUG rally_openstack.cleanup.manager [-] Deleting neutron.network object s_rally_293e3f8e_EptHEzEC (c5af67ad-a564-401e-b401-90a65a49cdd1)
2019-07-20 22:49:24.739 22706 RALLYDEBUG rally_openstack.cleanup.manager [-] Deleting neutron.network object s_rally_293e3f8e_apJOq41g (c600eda5-bc80-41f0-8a7a-c76d00bf5fda)
2019-07-20 22:49:24.852 22706 RALLYDEBUG rally_openstack.cleanup.manager [-] Deleting neutron.network object s_rally_293e3f8e_vQSsmhDO (ca06a97c-d55d-4142-a345-e972582a7c68)
2019-07-20 22:49:25.077 22706 RALLYDEBUG rally_openstack.cleanup.manager [-] Deleting neutron.network object s_rally_293e3f8e_ogMOAejl (cb71bb0b-45ad-4ca0-926c-97b19270fc74)
2019-07-20 22:49:25.224 22706 RALLYDEBUG rally_openstack.cleanup.manager [-] Deleting neutron.network object s_rally_293e3f8e_94zpcSzT (d3cbd35d-d4fb-4bed-99c0-fdeb241ce0ea)
2019-07-20 22:49:25.311 22706 RALLYDEBUG rally_openstack.cleanup.manager [-] Deleting neutron.network object s_rally_293e3f8e_1sIGJfVy (d4077bc9-81a0-4bd3-99f2-a1fa19c02021)
2019-07-20 22:49:25.429 22706 RALLYDEBUG rally_openstack.cleanup.manager [-] Deleting neutron.network object s_rally_293e3f8e_xS8XR21e (d5d02665-2f3b-4d41-8d08-7a64225a112b)
2019-07-20 22:49:25.464 22706 RALLYDEBUG rally_openstack.cleanup.manager [-] Deleting neutron.network object s_rally_293e3f8e_B8SK11YF (d61f2e69-a1a5-4ffa-be8d-0d7d7ff85128)
2019-07-20 22:49:25.527 22706 RALLYDEBUG rally_openstack.cleanup.manager [-] Deleting neutron.network object s_rally_293e3f8e_I05hDyvO (d6d17433-1d98-46bf-a831-b48151899155)
2019-07-20 22:49:25.549 22706 RALLYDEBUG rally_openstack.cleanup.manager [-] Deleting neutron.network object s_rally_293e3f8e_TlMadmkz (d8b55cf4-5337-4c3b-9f5e-81a657582c50)
2019-07-20 22:49:26.049 22706 RALLYDEBUG rally_openstack.cleanup.manager [-] Deleting neutron.network object s_rally_293e3f8e_nMVGPmWi (e00c26e1-e899-41f0-b227-8d89ef5b743f)
2019-07-20 22:49:26.089 22706 RALLYDEBUG rally_openstack.cleanup.manager [-] Deleting neutron.network object s_rally_293e3f8e_dpeIRYEW (e5c200d9-90c0-4762-86b8-1cb57a0b7890)
2019-07-20 22:49:26.141 22706 RALLYDEBUG rally_openstack.cleanup.manager [-] Deleting neutron.network object s_rally_293e3f8e_xS8rqwQM (f37fe91b-5d75-40fa-ab3f-386eb8f11fb5)
2019-07-20 22:49:26.186 22706 RALLYDEBUG rally_openstack.cleanup.manager [-] Deleting neutron.network object s_rally_293e3f8e_C5QDYcuF (f5b1c67e-79fa-45bb-b0b0-a2ce9b65c1cb)
2019-07-20 22:49:26.221 22706 RALLYDEBUG rally_openstack.cleanup.manager [-] Deleting neutron.network object s_rally_293e3f8e_MD7IaL2g (f69654ae-7c2c-476b-bcf2-ac79f4a08da4)
