2019-07-20 20:49:09.103 7 RALLYDEBUG rally.api [-] INFO logs from urllib3 and requests module are hide.
2019-07-20 20:49:09.103 7 RALLYDEBUG rally.api [-] urllib3 insecure warnings are hidden.
2019-07-20 20:49:09.103 7 RALLYDEBUG rally.api [-] ERROR log from boto module is hide.
2019-07-20 20:49:10.265 7 ERROR rally.cli.cliutils [-] Unexpected exception in CLI: DBRecordNotFound: Record for uuid or name is opnfv-rally not found in table envs
2019-07-20 20:49:10.265 7 ERROR rally.cli.cliutils
Traceback (most recent call last):
2019-07-20 20:49:10.265 7 ERROR rally.cli.cliutils
File "/usr/lib/python2.7/site-packages/rally/cli/cliutils.py", line 674, in run
2019-07-20 20:49:10.265 7 ERROR rally.cli.cliutils ret = fn(*fn_args, **fn_kwargs)
2019-07-20 20:49:10.265 7 ERROR rally.cli.cliutils File "", line 2, in destroy
2019-07-20 20:49:10.265 7 ERROR rally.cli.cliutils
File "/usr/lib/python2.7/site-packages/rally/cli/envutils.py", line 69, in default_from_global
2019-07-20 20:49:10.265 7 ERROR rally.cli.cliutils return f(*args, **kwargs)
2019-07-20 20:49:10.265 7 ERROR rally.cli.cliutils File "", line 2, in destroy
2019-07-20 20:49:10.265 7 ERROR rally.cli.cliutils
File "/usr/lib/python2.7/site-packages/rally/plugins/__init__.py", line 51, in ensure_plugins_are_loaded
2019-07-20 20:49:10.265 7 ERROR rally.cli.cliutils return f(*args, **kwargs)
2019-07-20 20:49:10.265 7 ERROR rally.cli.cliutils
File "/usr/lib/python2.7/site-packages/rally/cli/commands/deployment.py", line 140, in destroy
2019-07-20 20:49:10.265 7 ERROR rally.cli.cliutils api.deployment.destroy(deployment=deployment)
2019-07-20 20:49:10.265 7 ERROR rally.cli.cliutils
File "/usr/lib/python2.7/site-packages/rally/api.py", line 115, in destroy
2019-07-20 20:49:10.265 7 ERROR rally.cli.cliutils deploy = objects.Deployment.get(deployment)
2019-07-20 20:49:10.265 7 ERROR rally.cli.cliutils
File "/usr/lib/python2.7/site-packages/rally/common/objects/deploy.py", line 124, in get
2019-07-20 20:49:10.265 7 ERROR rally.cli.cliutils return Deployment(env_mgr.EnvManager.get(deploy))
2019-07-20 20:49:10.265 7 ERROR rally.cli.cliutils
File "/usr/lib/python2.7/site-packages/rally/env/env_mgr.py", line 212, in get
2019-07-20 20:49:10.265 7 ERROR rally.cli.cliutils return cls(db.env_get(uuid_or_name))
2019-07-20 20:49:10.265 7 ERROR rally.cli.cliutils
File "/usr/lib/python2.7/site-packages/rally/common/db/api.py", line 135, in wrapper
2019-07-20 20:49:10.265 7 ERROR rally.cli.cliutils result = f(session, *args, **kwargs)
2019-07-20 20:49:10.265 7 ERROR rally.cli.cliutils
File "/usr/lib/python2.7/site-packages/rally/common/db/api.py", line 521, in env_get
2019-07-20 20:49:10.265 7 ERROR rally.cli.cliutils criteria="uuid or name is %s" % uuid_or_name, table="envs")
2019-07-20 20:49:10.265 7 ERROR rally.cli.cliutils DBRecordNotFound: Record for uuid or name is opnfv-rally not found in table envs
2019-07-20 20:49:10.265 7 ERROR rally.cli.cliutils
2019-07-20 20:49:11.016 9 RALLYDEBUG rally.api [-] INFO logs from urllib3 and requests module are hide.
2019-07-20 20:49:11.017 9 RALLYDEBUG rally.api [-] urllib3 insecure warnings are hidden.
2019-07-20 20:49:11.017 9 RALLYDEBUG rally.api [-] ERROR log from boto module is hide.
2019-07-20 20:49:12.307 9 WARNING rally_openstack.platforms.existing [-] endpoint is deprecated and not used.
2019-07-20 20:49:13.170 11 RALLYDEBUG rally.api [-] INFO logs from urllib3 and requests module are hide.
2019-07-20 20:49:13.171 11 RALLYDEBUG rally.api [-] urllib3 insecure warnings are hidden.
2019-07-20 20:49:13.171 11 RALLYDEBUG rally.api [-] ERROR log from boto module is hide.
2019-07-20 20:49:16.531 14 RALLYDEBUG rally.api [-] INFO logs from urllib3 and requests module are hide.
2019-07-20 20:49:16.531 14 RALLYDEBUG rally.api [-] urllib3 insecure warnings are hidden.
2019-07-20 20:49:16.531 14 RALLYDEBUG rally.api [-] ERROR log from boto module is hide.
2019-07-20 20:49:18.325 16 RALLYDEBUG rally.api [-] INFO logs from urllib3 and requests module are hide.
2019-07-20 20:49:18.325 16 RALLYDEBUG rally.api [-] urllib3 insecure warnings are hidden.
2019-07-20 20:49:18.325 16 RALLYDEBUG rally.api [-] ERROR log from boto module is hide.
2019-07-20 20:49:19.640 16 INFO rally.task.engine [-] Task 926dbcee-3462-4ed6-b111-2eb7e84a5d2e | Starting: Task validation.
2019-07-20 20:49:19.681 16 INFO rally.task.engine [-] Task 926dbcee-3462-4ed6-b111-2eb7e84a5d2e | Starting: Task validation of syntax.
2019-07-20 20:49:19.762 16 INFO rally.task.engine [-] Task 926dbcee-3462-4ed6-b111-2eb7e84a5d2e | Completed: Task validation of syntax.
2019-07-20 20:49:19.763 16 INFO rally.task.engine [-] Task 926dbcee-3462-4ed6-b111-2eb7e84a5d2e | Starting: Task validation of required platforms.
2019-07-20 20:49:19.799 16 INFO rally.task.engine [-] Task 926dbcee-3462-4ed6-b111-2eb7e84a5d2e | Completed: Task validation of required platforms.
2019-07-20 20:49:19.799 16 INFO rally.task.engine [-] Task 926dbcee-3462-4ed6-b111-2eb7e84a5d2e | Starting: Task validation of semantic.
2019-07-20 20:49:19.800 16 INFO rally.task.engine [-] Check health of the environment 'b6a72c04-2940-4a01-953a-78713bc04371'.
2019-07-20 20:49:20.585 16 INFO rally.task.engine [-] Platform existing@openstack (available: True): OK!
2019-07-20 20:49:20.599 16 RALLYDEBUG rally_openstack.contexts.keystone.users [-] Creating 1 tenants using 20 threads
2019-07-20 20:49:22.517 16 RALLYDEBUG rally_openstack.contexts.keystone.users [-] Creating 1 users using 20 threads
2019-07-20 20:49:25.271 16 INFO rally.task.context [-] Task 926dbcee-3462-4ed6-b111-2eb7e84a5d2e | Context users@openstack setup() finished in 4.67 sec
2019-07-20 20:49:25.318 16 INFO rally.task.context [-] Task 926dbcee-3462-4ed6-b111-2eb7e84a5d2e | Context users@openstack cleanup() started
2019-07-20 20:49:31.493 16 INFO rally.task.context [-] Task 926dbcee-3462-4ed6-b111-2eb7e84a5d2e | Context users@openstack cleanup() finished in 6.17 sec
2019-07-20 20:49:31.493 16 INFO rally.task.engine [-] Task 926dbcee-3462-4ed6-b111-2eb7e84a5d2e | Completed: Task validation of semantic.
2019-07-20 20:49:31.494 16 INFO rally.task.engine [-] Task 926dbcee-3462-4ed6-b111-2eb7e84a5d2e | Completed: Task validation.
2019-07-20 20:49:31.494 16 INFO rally.api [-] Task 926dbcee-3462-4ed6-b111-2eb7e84a5d2e input file is valid.
2019-07-20 20:49:31.494 16 INFO rally.api [-] Run Task 926dbcee-3462-4ed6-b111-2eb7e84a5d2e against Deployment b6a72c04-2940-4a01-953a-78713bc04371
2019-07-20 20:49:31.494 16 INFO rally.task.engine [-] Task 926dbcee-3462-4ed6-b111-2eb7e84a5d2e | Starting: Running task.
2019-07-20 20:49:31.640 16 INFO rally.task.engine [-] Running workload: position = 0 config = { "version": 2, "title": "A cropped version of a bigger task.", "description": "Auto-generated task from a single workload (uuid=12eef67f-303d-4380-bd93-ae4490342826)", "subtasks": [ { "title": "Authenticate.keystone", "description": "Check Keystone Client.", "scenario": { "Authenticate.keystone": {} }, "contexts": { "users": { "tenants": 3, "users_per_tenant": 2 } }, "runner": { "constant": { "concurrency": 4, "times": 10 } }, "hooks": [], "sla": { "failure_rate": { "max": 0 } } } ] }
2019-07-20 20:49:31.660 16 RALLYDEBUG rally_openstack.contexts.keystone.users [-] Creating 3 tenants using 20 threads
2019-07-20 20:49:33.619 16 RALLYDEBUG rally_openstack.contexts.keystone.users [-] Creating 6 users using 20 threads
2019-07-20 20:49:36.670 16 INFO rally.task.context [-] Task 926dbcee-3462-4ed6-b111-2eb7e84a5d2e | Context users@openstack setup() finished in 5.01 sec
2019-07-20 20:49:36.676 16 RALLYDEBUG rally.task.runner [-] Starting the constant runner (task UUID: 926dbcee-3462-4ed6-b111-2eb7e84a5d2e). timeout: 0 concurrency: 4 concurrency_per_worker: 1 times: 10 concurrency_overhead: 0 processes_to_start: 4 max_cpu_used: 16
2019-07-20 20:49:36.689 140 RALLYDEBUG rally.task.runner [-] Starting a worker. concurrency: 1 args: {} times: 10 method_name: run timeout: 0 duration: None cls:
2019-07-20 20:49:36.691 141 RALLYDEBUG rally.task.runner [-] Starting a worker. concurrency: 1 args: {} times: 10 method_name: run timeout: 0 duration: None cls:
2019-07-20 20:49:36.693 142 RALLYDEBUG rally.task.runner [-] Starting a worker. concurrency: 1 args: {} times: 10 method_name: run timeout: 0 duration: None cls:
2019-07-20 20:49:36.695 140 INFO rally.task.runner [-] Task 926dbcee-3462-4ed6-b111-2eb7e84a5d2e | ITER: 1 START
2019-07-20 20:49:36.696 141 INFO rally.task.runner [-] Task 926dbcee-3462-4ed6-b111-2eb7e84a5d2e | ITER: 2 START
2019-07-20 20:49:36.697 143 RALLYDEBUG rally.task.runner [-] Starting a worker. concurrency: 1 args: {} times: 10 method_name: run timeout: 0 duration: None cls:
2019-07-20 20:49:36.699 142 INFO rally.task.runner [-] Task 926dbcee-3462-4ed6-b111-2eb7e84a5d2e | ITER: 3 START
2019-07-20 20:49:36.704 143 INFO rally.task.runner [-] Task 926dbcee-3462-4ed6-b111-2eb7e84a5d2e | ITER: 4 START
2019-07-20 20:49:37.233 143 INFO rally.task.runner [-] Task 926dbcee-3462-4ed6-b111-2eb7e84a5d2e | ITER: 4 END: OK
2019-07-20 20:49:37.237 143 INFO rally.task.runner [-] Task 926dbcee-3462-4ed6-b111-2eb7e84a5d2e | ITER: 5 START
2019-07-20 20:49:37.291 141 INFO rally.task.runner [-] Task 926dbcee-3462-4ed6-b111-2eb7e84a5d2e | ITER: 2 END: OK
2019-07-20 20:49:37.295 141 INFO rally.task.runner [-] Task 926dbcee-3462-4ed6-b111-2eb7e84a5d2e | ITER: 6 START
2019-07-20 20:49:37.301 142 INFO rally.task.runner [-] Task 926dbcee-3462-4ed6-b111-2eb7e84a5d2e | ITER: 3 END: OK
2019-07-20 20:49:37.305 142 INFO rally.task.runner [-] Task 926dbcee-3462-4ed6-b111-2eb7e84a5d2e | ITER: 7 START
2019-07-20 20:49:37.310 140 INFO rally.task.runner [-] Task 926dbcee-3462-4ed6-b111-2eb7e84a5d2e | ITER: 1 END: OK
2019-07-20 20:49:37.313 140 INFO rally.task.runner [-] Task 926dbcee-3462-4ed6-b111-2eb7e84a5d2e | ITER: 8 START
2019-07-20 20:49:37.828 141 INFO rally.task.runner [-] Task 926dbcee-3462-4ed6-b111-2eb7e84a5d2e | ITER: 6 END: OK
2019-07-20 20:49:37.831 141 INFO rally.task.runner [-] Task 926dbcee-3462-4ed6-b111-2eb7e84a5d2e | ITER: 9 START
2019-07-20 20:49:37.851 143 INFO rally.task.runner [-] Task 926dbcee-3462-4ed6-b111-2eb7e84a5d2e | ITER: 5 END: OK
2019-07-20 20:49:37.854 143 INFO rally.task.runner [-] Task 926dbcee-3462-4ed6-b111-2eb7e84a5d2e | ITER: 10 START
2019-07-20 20:49:37.890 140 INFO rally.task.runner [-] Task 926dbcee-3462-4ed6-b111-2eb7e84a5d2e | ITER: 8 END: OK
2019-07-20 20:49:37.919 142 INFO rally.task.runner [-] Task 926dbcee-3462-4ed6-b111-2eb7e84a5d2e | ITER: 7 END: OK
2019-07-20 20:49:38.460 141 INFO rally.task.runner [-] Task 926dbcee-3462-4ed6-b111-2eb7e84a5d2e | ITER: 9 END: OK
2019-07-20 20:49:38.462 143 INFO rally.task.runner [-] Task 926dbcee-3462-4ed6-b111-2eb7e84a5d2e | ITER: 10 END: OK
2019-07-20 20:49:38.484 16 INFO rally.task.context [-] Task 926dbcee-3462-4ed6-b111-2eb7e84a5d2e | Context users@openstack cleanup() started
2019-07-20 20:49:47.294 16 INFO rally.task.context [-] Task 926dbcee-3462-4ed6-b111-2eb7e84a5d2e | Context users@openstack cleanup() finished in 8.81 sec
2019-07-20 20:49:47.742 16 INFO rally.task.engine [-] Load duration is: 1.765193
2019-07-20 20:49:47.743 16 INFO rally.task.engine [-] Full runner duration is: 1.809004
2019-07-20 20:49:47.743 16 INFO rally.task.engine [-] Full duration is: 15.63593
2019-07-20 20:49:48.048 16 INFO rally.task.engine [-] Running workload: position = 0 config = { "version": 2, "title": "A cropped version of a bigger task.", "description": "Auto-generated task from a single workload (uuid=718fd392-d17c-4c37-9739-8deb92db3440)", "subtasks": [ { "title": "Authenticate.validate_cinder", "description": "Check Cinder Client to ensure validation of token.", "scenario": { "Authenticate.validate_cinder": { "repetitions": 2 } }, "contexts": { "users": { "tenants": 3, "users_per_tenant": 2 } }, "runner": { "constant": { "concurrency": 4, "times": 10 } }, "hooks": [], "sla": { "failure_rate": { "max": 0 } } } ] }
2019-07-20 20:49:48.070 16 RALLYDEBUG rally_openstack.contexts.keystone.users [-] Creating 3 tenants using 20 threads
2019-07-20 20:49:49.942 16 RALLYDEBUG rally_openstack.contexts.keystone.users [-] Creating 6 users using 20 threads
2019-07-20 20:49:52.787 16 INFO rally.task.context [-] Task 926dbcee-3462-4ed6-b111-2eb7e84a5d2e | Context users@openstack setup() finished in 4.72 sec
2019-07-20 20:49:52.794 16 RALLYDEBUG rally.task.runner [-] Starting the constant runner (task UUID: 926dbcee-3462-4ed6-b111-2eb7e84a5d2e). timeout: 0 concurrency: 4 concurrency_per_worker: 1 times: 10 concurrency_overhead: 0 processes_to_start: 4 max_cpu_used: 16
2019-07-20 20:49:52.806 244 RALLYDEBUG rally.task.runner [-] Starting a worker. concurrency: 1 args: {"repetitions": 2} times: 10 method_name: run timeout: 0 duration: None cls:
2019-07-20 20:49:52.809 245 RALLYDEBUG rally.task.runner [-] Starting a worker. concurrency: 1 args: {"repetitions": 2} times: 10 method_name: run timeout: 0 duration: None cls:
2019-07-20 20:49:52.812 246 RALLYDEBUG rally.task.runner [-] Starting a worker. concurrency: 1 args: {"repetitions": 2} times: 10 method_name: run timeout: 0 duration: None cls:
2019-07-20 20:49:52.812 244 INFO rally.task.runner [-] Task 926dbcee-3462-4ed6-b111-2eb7e84a5d2e | ITER: 1 START
2019-07-20 20:49:52.815 245 INFO rally.task.runner [-] Task 926dbcee-3462-4ed6-b111-2eb7e84a5d2e | ITER: 2 START
2019-07-20 20:49:52.816 247 RALLYDEBUG rally.task.runner [-] Starting a worker. concurrency: 1 args: {"repetitions": 2} times: 10 method_name: run timeout: 0 duration: None cls:
2019-07-20 20:49:52.819 246 INFO rally.task.runner [-] Task 926dbcee-3462-4ed6-b111-2eb7e84a5d2e | ITER: 3 START
2019-07-20 20:49:52.822 247 INFO rally.task.runner [-] Task 926dbcee-3462-4ed6-b111-2eb7e84a5d2e | ITER: 4 START
2019-07-20 20:49:54.721 245 INFO rally.task.runner [-] Task 926dbcee-3462-4ed6-b111-2eb7e84a5d2e | ITER: 2 END: OK
2019-07-20 20:49:54.724 245 INFO rally.task.runner [-] Task 926dbcee-3462-4ed6-b111-2eb7e84a5d2e | ITER: 5 START
2019-07-20 20:49:54.730 246 INFO rally.task.runner [-] Task 926dbcee-3462-4ed6-b111-2eb7e84a5d2e | ITER: 3 END: OK
2019-07-20 20:49:54.735 246 INFO rally.task.runner [-] Task 926dbcee-3462-4ed6-b111-2eb7e84a5d2e | ITER: 6 START
2019-07-20 20:49:54.746 247 INFO rally.task.runner [-] Task 926dbcee-3462-4ed6-b111-2eb7e84a5d2e | ITER: 4 END: OK
2019-07-20 20:49:54.750 247 INFO rally.task.runner [-] Task 926dbcee-3462-4ed6-b111-2eb7e84a5d2e | ITER: 7 START
2019-07-20 20:49:54.834 244 INFO rally.task.runner [-] Task 926dbcee-3462-4ed6-b111-2eb7e84a5d2e | ITER: 1 END: OK
2019-07-20 20:49:54.838 244 INFO rally.task.runner [-] Task 926dbcee-3462-4ed6-b111-2eb7e84a5d2e | ITER: 8 START
2019-07-20 20:49:55.671 246 INFO rally.task.runner [-] Task 926dbcee-3462-4ed6-b111-2eb7e84a5d2e | ITER: 6 END: OK
2019-07-20 20:49:55.675 246 INFO rally.task.runner [-] Task 926dbcee-3462-4ed6-b111-2eb7e84a5d2e | ITER: 9 START
2019-07-20 20:49:56.280 244 INFO rally.task.runner [-] Task 926dbcee-3462-4ed6-b111-2eb7e84a5d2e | ITER: 8 END: OK
2019-07-20 20:49:56.284 247 INFO rally.task.runner [-] Task 926dbcee-3462-4ed6-b111-2eb7e84a5d2e | ITER: 7 END: OK
2019-07-20 20:49:56.284 244 INFO rally.task.runner [-] Task 926dbcee-3462-4ed6-b111-2eb7e84a5d2e | ITER: 10 START
2019-07-20 20:49:56.530 245 INFO rally.task.runner [-] Task 926dbcee-3462-4ed6-b111-2eb7e84a5d2e | ITER: 5 END: OK
2019-07-20 20:49:56.773 246 INFO rally.task.runner [-] Task 926dbcee-3462-4ed6-b111-2eb7e84a5d2e | ITER: 9 END: OK
2019-07-20 20:49:57.673 244 INFO rally.task.runner [-] Task 926dbcee-3462-4ed6-b111-2eb7e84a5d2e | ITER: 10 END: OK
2019-07-20 20:49:57.704 16 INFO rally.task.context [-] Task 926dbcee-3462-4ed6-b111-2eb7e84a5d2e | Context users@openstack cleanup() started
2019-07-20 20:50:07.223 16 INFO rally.task.context [-] Task 926dbcee-3462-4ed6-b111-2eb7e84a5d2e | Context users@openstack cleanup() finished in 9.52 sec
2019-07-20 20:50:08.165 16 INFO rally.task.engine [-] Load duration is: 4.859422
2019-07-20 20:50:08.165 16 INFO rally.task.engine [-] Full runner duration is: 4.909987
2019-07-20 20:50:08.166 16 INFO rally.task.engine [-] Full duration is: 19.154665
2019-07-20 20:50:08.412 16 INFO rally.task.engine [-] Running workload: position = 0 config = { "version": 2, "title": "A cropped version of a bigger task.", "description": "Auto-generated task from a single workload (uuid=0359c7c3-ae7a-4a33-a893-273ba18b28c6)", "subtasks": [ { "title": "Authenticate.validate_glance", "description": "Check Glance Client to ensure validation of token.", "scenario": { "Authenticate.validate_glance": { "repetitions": 2 } }, "contexts": { "users": { "tenants": 3, "users_per_tenant": 2 } }, "runner": { "constant": { "concurrency": 4, "times": 10 } }, "hooks": [], "sla": { "failure_rate": { "max": 0 } } } ] }
2019-07-20 20:50:08.434 16 RALLYDEBUG rally_openstack.contexts.keystone.users [-] Creating 3 tenants using 20 threads
2019-07-20 20:50:10.283 16 RALLYDEBUG rally_openstack.contexts.keystone.users [-] Creating 6 users using 20 threads
2019-07-20 20:50:13.587 16 INFO rally.task.context [-] Task 926dbcee-3462-4ed6-b111-2eb7e84a5d2e | Context users@openstack setup() finished in 5.15 sec
2019-07-20 20:50:13.594 16 RALLYDEBUG rally.task.runner [-] Starting the constant runner (task UUID: 926dbcee-3462-4ed6-b111-2eb7e84a5d2e). timeout: 0 concurrency: 4 concurrency_per_worker: 1 times: 10 concurrency_overhead: 0 processes_to_start: 4 max_cpu_used: 16
2019-07-20 20:50:13.607 348 RALLYDEBUG rally.task.runner [-] Starting a worker. concurrency: 1 args: {"repetitions": 2} times: 10 method_name: run timeout: 0 duration: None cls:
2019-07-20 20:50:13.609 349 RALLYDEBUG rally.task.runner [-] Starting a worker. concurrency: 1 args: {"repetitions": 2} times: 10 method_name: run timeout: 0 duration: None cls:
2019-07-20 20:50:13.612 350 RALLYDEBUG rally.task.runner [-] Starting a worker. concurrency: 1 args: {"repetitions": 2} times: 10 method_name: run timeout: 0 duration: None cls:
2019-07-20 20:50:13.613 348 INFO rally.task.runner [-] Task 926dbcee-3462-4ed6-b111-2eb7e84a5d2e | ITER: 1 START
2019-07-20 20:50:13.615 349 INFO rally.task.runner [-] Task 926dbcee-3462-4ed6-b111-2eb7e84a5d2e | ITER: 2 START
2019-07-20 20:50:13.615 351 RALLYDEBUG rally.task.runner [-] Starting a worker. concurrency: 1 args: {"repetitions": 2} times: 10 method_name: run timeout: 0 duration: None cls:
2019-07-20 20:50:13.617 350 INFO rally.task.runner [-] Task 926dbcee-3462-4ed6-b111-2eb7e84a5d2e | ITER: 3 START
2019-07-20 20:50:13.620 351 INFO rally.task.runner [-] Task 926dbcee-3462-4ed6-b111-2eb7e84a5d2e | ITER: 4 START
2019-07-20 20:50:14.755 348 INFO rally.task.runner [-] Task 926dbcee-3462-4ed6-b111-2eb7e84a5d2e | ITER: 1 END: OK
2019-07-20 20:50:14.759 348 INFO rally.task.runner [-] Task 926dbcee-3462-4ed6-b111-2eb7e84a5d2e | ITER: 5 START
2019-07-20 20:50:15.050 350 INFO rally.task.runner [-] Task 926dbcee-3462-4ed6-b111-2eb7e84a5d2e | ITER: 3 END: OK
2019-07-20 20:50:15.053 350 INFO rally.task.runner [-] Task 926dbcee-3462-4ed6-b111-2eb7e84a5d2e | ITER: 6 START
2019-07-20 20:50:15.401 351 INFO rally.task.runner [-] Task 926dbcee-3462-4ed6-b111-2eb7e84a5d2e | ITER: 4 END: OK
2019-07-20 20:50:15.404 351 INFO rally.task.runner [-] Task 926dbcee-3462-4ed6-b111-2eb7e84a5d2e | ITER: 7 START
2019-07-20 20:50:15.407 349 INFO rally.task.runner [-] Task 926dbcee-3462-4ed6-b111-2eb7e84a5d2e | ITER: 2 END: OK
2019-07-20 20:50:15.411 349 INFO rally.task.runner [-] Task 926dbcee-3462-4ed6-b111-2eb7e84a5d2e | ITER: 8 START
2019-07-20 20:50:16.148 348 INFO rally.task.runner [-] Task 926dbcee-3462-4ed6-b111-2eb7e84a5d2e | ITER: 5 END: OK
2019-07-20 20:50:16.152 348 INFO rally.task.runner [-] Task 926dbcee-3462-4ed6-b111-2eb7e84a5d2e | ITER: 9 START
2019-07-20 20:50:16.363 350 INFO rally.task.runner [-] Task 926dbcee-3462-4ed6-b111-2eb7e84a5d2e | ITER: 6 END: OK
2019-07-20 20:50:16.367 350 INFO rally.task.runner [-] Task 926dbcee-3462-4ed6-b111-2eb7e84a5d2e | ITER: 10 START
2019-07-20 20:50:16.600 349 INFO rally.task.runner [-] Task 926dbcee-3462-4ed6-b111-2eb7e84a5d2e | ITER: 8 END: OK
2019-07-20 20:50:17.274 351 INFO rally.task.runner [-] Task 926dbcee-3462-4ed6-b111-2eb7e84a5d2e | ITER: 7 END: OK
2019-07-20 20:50:17.654 348 INFO rally.task.runner [-] Task 926dbcee-3462-4ed6-b111-2eb7e84a5d2e | ITER: 9 END: OK
2019-07-20 20:50:18.083 350 INFO rally.task.runner [-] Task 926dbcee-3462-4ed6-b111-2eb7e84a5d2e | ITER: 10 END: OK
2019-07-20 20:50:18.108 16 INFO rally.task.context [-] Task 926dbcee-3462-4ed6-b111-2eb7e84a5d2e | Context users@openstack cleanup() started
2019-07-20 20:50:26.773 16 INFO rally.task.context [-] Task 926dbcee-3462-4ed6-b111-2eb7e84a5d2e | Context users@openstack cleanup() finished in 8.67 sec
2019-07-20 20:50:28.569 16 INFO rally.task.engine [-] Load duration is: 4.469112
2019-07-20 20:50:28.570 16 INFO rally.task.engine [-] Full runner duration is: 4.51458
2019-07-20 20:50:28.570 16 INFO rally.task.engine [-] Full duration is: 18.342407
2019-07-20 20:50:28.826 16 INFO rally.task.engine [-] Running workload: position = 0 config = { "version": 2, "title": "A cropped version of a bigger task.", "description": "Auto-generated task from a single workload (uuid=0ef07e6b-3211-4ebe-a106-5427b7ffc438)", "subtasks": [ { "title": "Authenticate.validate_heat", "description": "Check Heat Client to ensure validation of token.", "scenario": { "Authenticate.validate_heat": { "repetitions": 2 } }, "contexts": { "users": { "tenants": 3, "users_per_tenant": 2 } }, "runner": { "constant": { "concurrency": 4, "times": 10 } }, "hooks": [], "sla": { "failure_rate": { "max": 0 } } } ] }
2019-07-20 20:50:28.850 16 RALLYDEBUG rally_openstack.contexts.keystone.users [-] Creating 3 tenants using 20 threads
2019-07-20 20:50:30.774 16 RALLYDEBUG rally_openstack.contexts.keystone.users [-] Creating 6 users using 20 threads
2019-07-20 20:50:33.586 16 INFO rally.task.context [-] Task 926dbcee-3462-4ed6-b111-2eb7e84a5d2e | Context users@openstack setup() finished in 4.74 sec
2019-07-20 20:50:33.593 16 RALLYDEBUG rally.task.runner [-] Starting the constant runner (task UUID: 926dbcee-3462-4ed6-b111-2eb7e84a5d2e). timeout: 0 concurrency: 4 concurrency_per_worker: 1 times: 10 concurrency_overhead: 0 processes_to_start: 4 max_cpu_used: 16
2019-07-20 20:50:33.605 452 RALLYDEBUG rally.task.runner [-] Starting a worker. concurrency: 1 args: {"repetitions": 2} times: 10 method_name: run timeout: 0 duration: None cls:
2019-07-20 20:50:33.608 453 RALLYDEBUG rally.task.runner [-] Starting a worker. concurrency: 1 args: {"repetitions": 2} times: 10 method_name: run timeout: 0 duration: None cls:
2019-07-20 20:50:33.610 454 RALLYDEBUG rally.task.runner [-] Starting a worker. concurrency: 1 args: {"repetitions": 2} times: 10 method_name: run timeout: 0 duration: None cls:
2019-07-20 20:50:33.611 452 INFO rally.task.runner [-] Task 926dbcee-3462-4ed6-b111-2eb7e84a5d2e | ITER: 1 START
2019-07-20 20:50:33.614 453 INFO rally.task.runner [-] Task 926dbcee-3462-4ed6-b111-2eb7e84a5d2e | ITER: 2 START
2019-07-20 20:50:33.614 455 RALLYDEBUG rally.task.runner [-] Starting a worker. concurrency: 1 args: {"repetitions": 2} times: 10 method_name: run timeout: 0 duration: None cls:
2019-07-20 20:50:33.615 454 INFO rally.task.runner [-] Task 926dbcee-3462-4ed6-b111-2eb7e84a5d2e | ITER: 3 START
2019-07-20 20:50:33.620 455 INFO rally.task.runner [-] Task 926dbcee-3462-4ed6-b111-2eb7e84a5d2e | ITER: 4 START
2019-07-20 20:50:35.565 453 INFO rally.task.runner [-] Task 926dbcee-3462-4ed6-b111-2eb7e84a5d2e | ITER: 2 END: OK
2019-07-20 20:50:35.569 453 INFO rally.task.runner [-] Task 926dbcee-3462-4ed6-b111-2eb7e84a5d2e | ITER: 5 START
2019-07-20 20:50:35.689 454 INFO rally.task.runner [-] Task 926dbcee-3462-4ed6-b111-2eb7e84a5d2e | ITER: 3 END: OK
2019-07-20 20:50:35.693 454 INFO rally.task.runner [-] Task 926dbcee-3462-4ed6-b111-2eb7e84a5d2e | ITER: 6 START
2019-07-20 20:50:35.711 455 INFO rally.task.runner [-] Task 926dbcee-3462-4ed6-b111-2eb7e84a5d2e | ITER: 4 END: OK
2019-07-20 20:50:35.715 455 INFO rally.task.runner [-] Task 926dbcee-3462-4ed6-b111-2eb7e84a5d2e | ITER: 7 START
2019-07-20 20:50:35.832 452 INFO rally.task.runner [-] Task 926dbcee-3462-4ed6-b111-2eb7e84a5d2e | ITER: 1 END: OK
2019-07-20 20:50:35.836 452 INFO rally.task.runner [-] Task 926dbcee-3462-4ed6-b111-2eb7e84a5d2e | ITER: 8 START
2019-07-20 20:50:37.236 454 INFO rally.task.runner [-] Task 926dbcee-3462-4ed6-b111-2eb7e84a5d2e | ITER: 6 END: OK
2019-07-20 20:50:37.240 454 INFO rally.task.runner [-] Task 926dbcee-3462-4ed6-b111-2eb7e84a5d2e | ITER: 9 START
2019-07-20 20:50:37.505 452 INFO rally.task.runner [-] Task 926dbcee-3462-4ed6-b111-2eb7e84a5d2e | ITER: 8 END: OK
2019-07-20 20:50:37.509 452 INFO rally.task.runner [-] Task 926dbcee-3462-4ed6-b111-2eb7e84a5d2e | ITER: 10 START
2019-07-20 20:50:37.540 453 INFO rally.task.runner [-] Task 926dbcee-3462-4ed6-b111-2eb7e84a5d2e | ITER: 5 END: OK
2019-07-20 20:50:37.642 455 INFO rally.task.runner [-] Task 926dbcee-3462-4ed6-b111-2eb7e84a5d2e | ITER: 7 END: OK
2019-07-20 20:50:38.772 454 INFO rally.task.runner [-] Task 926dbcee-3462-4ed6-b111-2eb7e84a5d2e | ITER: 9 END: OK
2019-07-20 20:50:38.803 452 INFO rally.task.runner [-] Task 926dbcee-3462-4ed6-b111-2eb7e84a5d2e | ITER: 10 END: OK
2019-07-20 20:50:38.825 16 INFO rally.task.context [-] Task 926dbcee-3462-4ed6-b111-2eb7e84a5d2e | Context users@openstack cleanup() started
2019-07-20 20:50:49.049 16 INFO rally.task.context [-] Task 926dbcee-3462-4ed6-b111-2eb7e84a5d2e | Context users@openstack cleanup() finished in 10.22 sec
2019-07-20 20:50:50.969 16 INFO rally.task.engine [-] Load duration is: 5.190663
2019-07-20 20:50:50.969 16 INFO rally.task.engine [-] Full runner duration is: 5.232824
2019-07-20 20:50:50.970 16 INFO rally.task.engine [-] Full duration is: 20.201916
2019-07-20 20:50:51.227 16 INFO rally.task.engine [-] Running workload: position = 0 config = { "version": 2, "title": "A cropped version of a bigger task.", "description": "Auto-generated task from a single workload (uuid=04bb396e-162b-4b93-924c-883dc08007b7)", "subtasks": [ { "title": "Authenticate.validate_neutron", "description": "Check Neutron Client to ensure validation of token.", "scenario": { "Authenticate.validate_neutron": { "repetitions": 2 } }, "contexts": { "users": { "tenants": 3, "users_per_tenant": 2 } }, "runner": { "constant": { "concurrency": 4, "times": 10 } }, "hooks": [], "sla": { "failure_rate": { "max": 0 } } } ] }
2019-07-20 20:50:51.245 16 RALLYDEBUG rally_openstack.contexts.keystone.users [-] Creating 3 tenants using 20 threads
2019-07-20 20:50:53.157 16 RALLYDEBUG rally_openstack.contexts.keystone.users [-] Creating 6 users using 20 threads
2019-07-20 20:50:56.030 16 INFO rally.task.context [-] Task 926dbcee-3462-4ed6-b111-2eb7e84a5d2e | Context users@openstack setup() finished in 4.78 sec
2019-07-20 20:50:56.038 16 RALLYDEBUG rally.task.runner [-] Starting the constant runner (task UUID: 926dbcee-3462-4ed6-b111-2eb7e84a5d2e). timeout: 0 concurrency: 4 concurrency_per_worker: 1 times: 10 concurrency_overhead: 0 processes_to_start: 4 max_cpu_used: 16
2019-07-20 20:50:56.050 556 RALLYDEBUG rally.task.runner [-] Starting a worker. concurrency: 1 args: {"repetitions": 2} times: 10 method_name: run timeout: 0 duration: None cls:
2019-07-20 20:50:56.053 557 RALLYDEBUG rally.task.runner [-] Starting a worker. concurrency: 1 args: {"repetitions": 2} times: 10 method_name: run timeout: 0 duration: None cls:
2019-07-20 20:50:56.055 558 RALLYDEBUG rally.task.runner [-] Starting a worker. concurrency: 1 args: {"repetitions": 2} times: 10 method_name: run timeout: 0 duration: None cls:
2019-07-20 20:50:56.057 556 INFO rally.task.runner [-] Task 926dbcee-3462-4ed6-b111-2eb7e84a5d2e | ITER: 1 START
2019-07-20 20:50:56.059 557 INFO rally.task.runner [-] Task 926dbcee-3462-4ed6-b111-2eb7e84a5d2e | ITER: 2 START
2019-07-20 20:50:56.059 559 RALLYDEBUG rally.task.runner [-] Starting a worker. concurrency: 1 args: {"repetitions": 2} times: 10 method_name: run timeout: 0 duration: None cls:
2019-07-20 20:50:56.060 558 INFO rally.task.runner [-] Task 926dbcee-3462-4ed6-b111-2eb7e84a5d2e | ITER: 3 START
2019-07-20 20:50:56.065 559 INFO rally.task.runner [-] Task 926dbcee-3462-4ed6-b111-2eb7e84a5d2e | ITER: 4 START
2019-07-20 20:50:57.123 557 INFO rally.task.runner [-] Task 926dbcee-3462-4ed6-b111-2eb7e84a5d2e | ITER: 2 END: OK
2019-07-20 20:50:57.128 557 INFO rally.task.runner [-] Task 926dbcee-3462-4ed6-b111-2eb7e84a5d2e | ITER: 5 START
2019-07-20 20:50:57.305 558 INFO rally.task.runner [-] Task 926dbcee-3462-4ed6-b111-2eb7e84a5d2e | ITER: 3 END: OK
2019-07-20 20:50:57.311 558 INFO rally.task.runner [-] Task 926dbcee-3462-4ed6-b111-2eb7e84a5d2e | ITER: 6 START
2019-07-20 20:50:57.334 556 INFO rally.task.runner [-] Task 926dbcee-3462-4ed6-b111-2eb7e84a5d2e | ITER: 1 END: OK
2019-07-20 20:50:57.339 556 INFO rally.task.runner [-] Task 926dbcee-3462-4ed6-b111-2eb7e84a5d2e | ITER: 7 START
2019-07-20 20:50:57.715 559 INFO rally.task.runner [-] Task 926dbcee-3462-4ed6-b111-2eb7e84a5d2e | ITER: 4 END: OK
2019-07-20 20:50:57.720 559 INFO rally.task.runner [-] Task 926dbcee-3462-4ed6-b111-2eb7e84a5d2e | ITER: 8 START
2019-07-20 20:50:58.177 557 INFO rally.task.runner [-] Task 926dbcee-3462-4ed6-b111-2eb7e84a5d2e | ITER: 5 END: OK
2019-07-20 20:50:58.180 557 INFO rally.task.runner [-] Task 926dbcee-3462-4ed6-b111-2eb7e84a5d2e | ITER: 9 START
2019-07-20 20:50:58.625 556 INFO rally.task.runner [-] Task 926dbcee-3462-4ed6-b111-2eb7e84a5d2e | ITER: 7 END: OK
2019-07-20 20:50:58.628 556 INFO rally.task.runner [-] Task 926dbcee-3462-4ed6-b111-2eb7e84a5d2e | ITER: 10 START
2019-07-20 20:50:58.677 559 INFO rally.task.runner [-] Task 926dbcee-3462-4ed6-b111-2eb7e84a5d2e | ITER: 8 END: OK
2019-07-20 20:50:59.093 558 INFO rally.task.runner [-] Task 926dbcee-3462-4ed6-b111-2eb7e84a5d2e | ITER: 6 END: OK
2019-07-20 20:50:59.347 557 INFO rally.task.runner [-] Task 926dbcee-3462-4ed6-b111-2eb7e84a5d2e | ITER: 9 END: OK
2019-07-20 20:51:00.540 556 INFO rally.task.runner [-] Task 926dbcee-3462-4ed6-b111-2eb7e84a5d2e | ITER: 10 END: OK
2019-07-20 20:51:00.563 16 INFO rally.task.context [-] Task 926dbcee-3462-4ed6-b111-2eb7e84a5d2e | Context users@openstack cleanup() started
2019-07-20 20:51:09.086 16 INFO rally.task.context [-] Task 926dbcee-3462-4ed6-b111-2eb7e84a5d2e | Context users@openstack cleanup() finished in 8.52 sec
2019-07-20 20:51:09.331 16 INFO rally.task.engine [-] Load duration is: 4.482004
2019-07-20 20:51:09.331 16 INFO rally.task.engine [-] Full runner duration is: 4.525672
2019-07-20 20:51:09.331 16 INFO rally.task.engine [-] Full duration is: 17.843816
2019-07-20 20:51:09.563 16 INFO rally.task.engine [-] Running workload: position = 0 config = { "version": 2, "title": "A cropped version of a bigger task.", "description": "Auto-generated task from a single workload (uuid=ad669210-189c-497b-9f64-f29924490d44)", "subtasks": [ { "title": "Authenticate.validate_nova", "description": "Check Nova Client to ensure validation of token.", "scenario": { "Authenticate.validate_nova": { "repetitions": 2 } }, "contexts": { "users": { "tenants": 3, "users_per_tenant": 2 } }, "runner": { "constant": { "concurrency": 4, "times": 10 } }, "hooks": [], "sla": { "failure_rate": { "max": 0 } } } ] }
2019-07-20 20:51:09.583 16 RALLYDEBUG rally_openstack.contexts.keystone.users [-] Creating 3 tenants using 20 threads
2019-07-20 20:51:11.476 16 RALLYDEBUG rally_openstack.contexts.keystone.users [-] Creating 6 users using 20 threads
2019-07-20 20:51:14.279 16 INFO rally.task.context [-] Task 926dbcee-3462-4ed6-b111-2eb7e84a5d2e | Context users@openstack setup() finished in 4.70 sec
2019-07-20 20:51:14.287 16 RALLYDEBUG rally.task.runner [-] Starting the constant runner (task UUID: 926dbcee-3462-4ed6-b111-2eb7e84a5d2e). timeout: 0 concurrency: 4 concurrency_per_worker: 1 times: 10 concurrency_overhead: 0 processes_to_start: 4 max_cpu_used: 16
2019-07-20 20:51:14.300 660 RALLYDEBUG rally.task.runner [-] Starting a worker. concurrency: 1 args: {"repetitions": 2} times: 10 method_name: run timeout: 0 duration: None cls:
2019-07-20 20:51:14.303 661 RALLYDEBUG rally.task.runner [-] Starting a worker. concurrency: 1 args: {"repetitions": 2} times: 10 method_name: run timeout: 0 duration: None cls:
2019-07-20 20:51:14.306 660 INFO rally.task.runner [-] Task 926dbcee-3462-4ed6-b111-2eb7e84a5d2e | ITER: 1 START
2019-07-20 20:51:14.306 662 RALLYDEBUG rally.task.runner [-] Starting a worker. concurrency: 1 args: {"repetitions": 2} times: 10 method_name: run timeout: 0 duration: None cls:
2019-07-20 20:51:14.309 661 INFO rally.task.runner [-] Task 926dbcee-3462-4ed6-b111-2eb7e84a5d2e | ITER: 2 START
2019-07-20 20:51:14.308 663 RALLYDEBUG rally.task.runner [-] Starting a worker. concurrency: 1 args: {"repetitions": 2} times: 10 method_name: run timeout: 0 duration: None cls:
2019-07-20 20:51:14.312 662 INFO rally.task.runner [-] Task 926dbcee-3462-4ed6-b111-2eb7e84a5d2e | ITER: 3 START
2019-07-20 20:51:14.315 663 INFO rally.task.runner [-] Task 926dbcee-3462-4ed6-b111-2eb7e84a5d2e | ITER: 4 START
2019-07-20 20:51:14.805 662 DEBUG novaclient.v2.client [-] REQ: curl -g -i -X GET http://172.30.9.47:8774/v2.1/flavors/detail -H "Accept: application/json" -H "User-Agent: python-novaclient" -H "X-Auth-Token: {SHA1}e9b2af75cc1ce80ef2b1e401821fdfe4001af280" _http_log_request /usr/lib/python2.7/site-packages/keystoneauth1/session.py:448
2019-07-20 20:51:14.807 661 DEBUG novaclient.v2.client [-] REQ: curl -g -i -X GET http://172.30.9.47:8774/v2.1/flavors/detail -H "Accept: application/json" -H "User-Agent: python-novaclient" -H "X-Auth-Token: {SHA1}ceeb3271277c75a301f6b93ad91892b2193ce055" _http_log_request /usr/lib/python2.7/site-packages/keystoneauth1/session.py:448
2019-07-20 20:51:14.813 660 DEBUG novaclient.v2.client [-] REQ: curl -g -i -X GET http://172.30.9.47:8774/v2.1/flavors/detail -H "Accept: application/json" -H "User-Agent: python-novaclient" -H "X-Auth-Token: {SHA1}83d3b85407838959d9158c1ae29f7e9c4d214d10" _http_log_request /usr/lib/python2.7/site-packages/keystoneauth1/session.py:448
2019-07-20 20:51:14.819 663 DEBUG novaclient.v2.client [-] REQ: curl -g -i -X GET http://172.30.9.47:8774/v2.1/flavors/detail -H "Accept: application/json" -H "User-Agent: python-novaclient" -H "X-Auth-Token: {SHA1}eba68d22c86fab78ffeabe9d1cc545ae0a9a6ee6" _http_log_request /usr/lib/python2.7/site-packages/keystoneauth1/session.py:448
2019-07-20 20:51:15.113 660 DEBUG novaclient.v2.client [-] RESP: [200] Content-Encoding: gzip Content-Length: 366 Content-Type: application/json Date: Sat, 20 Jul 2019 20:51:14 GMT OpenStack-API-Version: compute 2.1 Server: Apache Vary: OpenStack-API-Version,X-OpenStack-Nova-API-Version,Accept-Encoding X-OpenStack-Nova-API-Version: 2.1 x-compute-request-id: req-ab7c2384-f92a-4b2c-a219-6c7ba7c984e1 x-openstack-request-id: req-ab7c2384-f92a-4b2c-a219-6c7ba7c984e1 _http_log_response /usr/lib/python2.7/site-packages/keystoneauth1/session.py:479
2019-07-20 20:51:15.114 660 DEBUG novaclient.v2.client [-] RESP BODY: {"flavors": [{"name": "rally_full-flavor_alt_a1089e91-d8c5-49c9-bff0-0cdba4eb3e3d", "links": [{"href": "http://172.30.9.47:8774/v2.1/flavors/50467cb4-066c-4b77-8996-7a70183135f4", "rel": "self"}, {"href": "http://172.30.9.47:8774/flavors/50467cb4-066c-4b77-8996-7a70183135f4", "rel": "bookmark"}], "ram": 1024, "OS-FLV-DISABLED:disabled": false, "vcpus": 1, "swap": "", "os-flavor-access:is_public": true, "rxtx_factor": 1.0, "OS-FLV-EXT-DATA:ephemeral": 0, "disk": 1, "id": "50467cb4-066c-4b77-8996-7a70183135f4"}, {"name": "rally_full-flavor_a1089e91-d8c5-49c9-bff0-0cdba4eb3e3d", "links": [{"href": "http://172.30.9.47:8774/v2.1/flavors/766fd521-029e-4d7b-9ab6-2c1439b6cf09", "rel": "self"}, {"href": "http://172.30.9.47:8774/flavors/766fd521-029e-4d7b-9ab6-2c1439b6cf09", "rel": "bookmark"}], "ram": 512, "OS-FLV-DISABLED:disabled": false, "vcpus": 1, "swap": "", "os-flavor-access:is_public": true, "rxtx_factor": 1.0, "OS-FLV-EXT-DATA:ephemeral": 0, "disk": 1, "id": "766fd521-029e-4d7b-9ab6-2c1439b6cf09"}]} _http_log_response /usr/lib/python2.7/site-packages/keystoneauth1/session.py:511
2019-07-20 20:51:15.114 660 DEBUG novaclient.v2.client [-] GET call to compute for http://172.30.9.47:8774/v2.1/flavors/detail used request id req-ab7c2384-f92a-4b2c-a219-6c7ba7c984e1 request /usr/lib/python2.7/site-packages/keystoneauth1/session.py:844
2019-07-20 20:51:15.116 660 DEBUG novaclient.v2.client [-] REQ: curl -g -i -X GET http://172.30.9.47:8774/v2.1/flavors/detail -H "Accept: application/json" -H "User-Agent: python-novaclient" -H "X-Auth-Token: {SHA1}83d3b85407838959d9158c1ae29f7e9c4d214d10" _http_log_request /usr/lib/python2.7/site-packages/keystoneauth1/session.py:448
2019-07-20 20:51:15.136 660 DEBUG novaclient.v2.client [-] RESP: [200] Content-Encoding: gzip Content-Length: 366 Content-Type: application/json Date: Sat, 20 Jul 2019 20:51:15 GMT OpenStack-API-Version: compute 2.1 Server: Apache Vary: OpenStack-API-Version,X-OpenStack-Nova-API-Version,Accept-Encoding X-OpenStack-Nova-API-Version: 2.1 x-compute-request-id: req-b5cbe3a8-3092-4021-9fc8-d6a92c5b6ad9 x-openstack-request-id: req-b5cbe3a8-3092-4021-9fc8-d6a92c5b6ad9 _http_log_response /usr/lib/python2.7/site-packages/keystoneauth1/session.py:479
2019-07-20 20:51:15.136 660 DEBUG novaclient.v2.client [-] RESP BODY: {"flavors": [{"name": "rally_full-flavor_alt_a1089e91-d8c5-49c9-bff0-0cdba4eb3e3d", "links": [{"href": "http://172.30.9.47:8774/v2.1/flavors/50467cb4-066c-4b77-8996-7a70183135f4", "rel": "self"}, {"href": "http://172.30.9.47:8774/flavors/50467cb4-066c-4b77-8996-7a70183135f4", "rel": "bookmark"}], "ram": 1024, "OS-FLV-DISABLED:disabled": false, "vcpus": 1, "swap": "", "os-flavor-access:is_public": true, "rxtx_factor": 1.0, "OS-FLV-EXT-DATA:ephemeral": 0, "disk": 1, "id": "50467cb4-066c-4b77-8996-7a70183135f4"}, {"name": "rally_full-flavor_a1089e91-d8c5-49c9-bff0-0cdba4eb3e3d", "links": [{"href": "http://172.30.9.47:8774/v2.1/flavors/766fd521-029e-4d7b-9ab6-2c1439b6cf09", "rel": "self"}, {"href": "http://172.30.9.47:8774/flavors/766fd521-029e-4d7b-9ab6-2c1439b6cf09", "rel": "bookmark"}], "ram": 512, "OS-FLV-DISABLED:disabled": false, "vcpus": 1, "swap": "", "os-flavor-access:is_public": true, "rxtx_factor": 1.0, "OS-FLV-EXT-DATA:ephemeral": 0, "disk": 1, "id": "766fd521-029e-4d7b-9ab6-2c1439b6cf09"}]} _http_log_response /usr/lib/python2.7/site-packages/keystoneauth1/session.py:511
2019-07-20 20:51:15.137 660 DEBUG novaclient.v2.client [-] GET call to compute for http://172.30.9.47:8774/v2.1/flavors/detail used request id req-b5cbe3a8-3092-4021-9fc8-d6a92c5b6ad9 request /usr/lib/python2.7/site-packages/keystoneauth1/session.py:844
2019-07-20 20:51:15.137 660 INFO rally.task.runner [-] Task 926dbcee-3462-4ed6-b111-2eb7e84a5d2e | ITER: 1 END: OK
2019-07-20 20:51:15.142 660 INFO rally.task.runner [-] Task 926dbcee-3462-4ed6-b111-2eb7e84a5d2e | ITER: 5 START
2019-07-20 20:51:15.505 661 DEBUG novaclient.v2.client [-] RESP: [200] Content-Encoding: gzip Content-Length: 366 Content-Type: application/json Date: Sat, 20 Jul 2019 20:51:14 GMT OpenStack-API-Version: compute 2.1 Server: Apache Vary: OpenStack-API-Version,X-OpenStack-Nova-API-Version,Accept-Encoding X-OpenStack-Nova-API-Version: 2.1 x-compute-request-id: req-6f72f182-e565-4617-83c8-57362d9182f4 x-openstack-request-id: req-6f72f182-e565-4617-83c8-57362d9182f4 _http_log_response /usr/lib/python2.7/site-packages/keystoneauth1/session.py:479
2019-07-20 20:51:15.505 661 DEBUG novaclient.v2.client [-] RESP BODY: {"flavors": [{"name": "rally_full-flavor_alt_a1089e91-d8c5-49c9-bff0-0cdba4eb3e3d", "links": [{"href": "http://172.30.9.47:8774/v2.1/flavors/50467cb4-066c-4b77-8996-7a70183135f4", "rel": "self"}, {"href": "http://172.30.9.47:8774/flavors/50467cb4-066c-4b77-8996-7a70183135f4", "rel": "bookmark"}], "ram": 1024, "OS-FLV-DISABLED:disabled": false, "vcpus": 1, "swap": "", "os-flavor-access:is_public": true, "rxtx_factor": 1.0, "OS-FLV-EXT-DATA:ephemeral": 0, "disk": 1, "id": "50467cb4-066c-4b77-8996-7a70183135f4"}, {"name": "rally_full-flavor_a1089e91-d8c5-49c9-bff0-0cdba4eb3e3d", "links": [{"href": "http://172.30.9.47:8774/v2.1/flavors/766fd521-029e-4d7b-9ab6-2c1439b6cf09", "rel": "self"}, {"href": "http://172.30.9.47:8774/flavors/766fd521-029e-4d7b-9ab6-2c1439b6cf09", "rel": "bookmark"}], "ram": 512, "OS-FLV-DISABLED:disabled": false, "vcpus": 1, "swap": "", "os-flavor-access:is_public": true, "rxtx_factor": 1.0, "OS-FLV-EXT-DATA:ephemeral": 0, "disk": 1, "id": "766fd521-029e-4d7b-9ab6-2c1439b6cf09"}]} _http_log_response /usr/lib/python2.7/site-packages/keystoneauth1/session.py:511
2019-07-20 20:51:15.506 661 DEBUG novaclient.v2.client [-] GET call to compute for http://172.30.9.47:8774/v2.1/flavors/detail used request id req-6f72f182-e565-4617-83c8-57362d9182f4 request /usr/lib/python2.7/site-packages/keystoneauth1/session.py:844
2019-07-20 20:51:15.507 662 DEBUG novaclient.v2.client [-] RESP: [200] Content-Encoding: gzip Content-Length: 366 Content-Type: application/json Date: Sat, 20 Jul 2019 20:51:14 GMT OpenStack-API-Version: compute 2.1 Server: Apache Vary: OpenStack-API-Version,X-OpenStack-Nova-API-Version,Accept-Encoding X-OpenStack-Nova-API-Version: 2.1 x-compute-request-id: req-a3e544b3-981d-4485-9379-826aad2a8656 x-openstack-request-id: req-a3e544b3-981d-4485-9379-826aad2a8656 _http_log_response /usr/lib/python2.7/site-packages/keystoneauth1/session.py:479
2019-07-20 20:51:15.507 661 DEBUG novaclient.v2.client [-] REQ: curl -g -i -X GET http://172.30.9.47:8774/v2.1/flavors/detail -H "Accept: application/json" -H "User-Agent: python-novaclient" -H "X-Auth-Token: {SHA1}ceeb3271277c75a301f6b93ad91892b2193ce055" _http_log_request /usr/lib/python2.7/site-packages/keystoneauth1/session.py:448
2019-07-20 20:51:15.508 662 DEBUG novaclient.v2.client [-] RESP BODY: {"flavors": [{"name": "rally_full-flavor_alt_a1089e91-d8c5-49c9-bff0-0cdba4eb3e3d", "links": [{"href": "http://172.30.9.47:8774/v2.1/flavors/50467cb4-066c-4b77-8996-7a70183135f4", "rel": "self"}, {"href": "http://172.30.9.47:8774/flavors/50467cb4-066c-4b77-8996-7a70183135f4", "rel": "bookmark"}], "ram": 1024, "OS-FLV-DISABLED:disabled": false, "vcpus": 1, "swap": "", "os-flavor-access:is_public": true, "rxtx_factor": 1.0, "OS-FLV-EXT-DATA:ephemeral": 0, "disk": 1, "id": "50467cb4-066c-4b77-8996-7a70183135f4"}, {"name": "rally_full-flavor_a1089e91-d8c5-49c9-bff0-0cdba4eb3e3d", "links": [{"href": "http://172.30.9.47:8774/v2.1/flavors/766fd521-029e-4d7b-9ab6-2c1439b6cf09", "rel": "self"}, {"href": "http://172.30.9.47:8774/flavors/766fd521-029e-4d7b-9ab6-2c1439b6cf09", "rel": "bookmark"}], "ram": 512, "OS-FLV-DISABLED:disabled": false, "vcpus": 1, "swap": "", "os-flavor-access:is_public": true, "rxtx_factor": 1.0, "OS-FLV-EXT-DATA:ephemeral": 0, "disk": 1, "id": "766fd521-029e-4d7b-9ab6-2c1439b6cf09"}]} _http_log_response /usr/lib/python2.7/site-packages/keystoneauth1/session.py:511
2019-07-20 20:51:15.509 662 DEBUG novaclient.v2.client [-] GET call to compute for http://172.30.9.47:8774/v2.1/flavors/detail used request id req-a3e544b3-981d-4485-9379-826aad2a8656 request /usr/lib/python2.7/site-packages/keystoneauth1/session.py:844
2019-07-20 20:51:15.510 662 DEBUG novaclient.v2.client [-] REQ: curl -g -i -X GET http://172.30.9.47:8774/v2.1/flavors/detail -H "Accept: application/json" -H "User-Agent: python-novaclient" -H "X-Auth-Token: {SHA1}e9b2af75cc1ce80ef2b1e401821fdfe4001af280" _http_log_request /usr/lib/python2.7/site-packages/keystoneauth1/session.py:448
2019-07-20 20:51:15.528 661 DEBUG novaclient.v2.client [-] RESP: [200] Content-Encoding: gzip Content-Length: 366 Content-Type: application/json Date: Sat, 20 Jul 2019 20:51:15 GMT OpenStack-API-Version: compute 2.1 Server: Apache Vary: OpenStack-API-Version,X-OpenStack-Nova-API-Version,Accept-Encoding X-OpenStack-Nova-API-Version: 2.1 x-compute-request-id: req-745a677c-5298-40f1-99b9-6c47eb145d8f x-openstack-request-id: req-745a677c-5298-40f1-99b9-6c47eb145d8f _http_log_response /usr/lib/python2.7/site-packages/keystoneauth1/session.py:479
2019-07-20 20:51:15.529 661 DEBUG novaclient.v2.client [-] RESP BODY: {"flavors": [{"name": "rally_full-flavor_alt_a1089e91-d8c5-49c9-bff0-0cdba4eb3e3d", "links": [{"href": "http://172.30.9.47:8774/v2.1/flavors/50467cb4-066c-4b77-8996-7a70183135f4", "rel": "self"}, {"href": "http://172.30.9.47:8774/flavors/50467cb4-066c-4b77-8996-7a70183135f4", "rel": "bookmark"}], "ram": 1024, "OS-FLV-DISABLED:disabled": false, "vcpus": 1, "swap": "", "os-flavor-access:is_public": true, "rxtx_factor": 1.0, "OS-FLV-EXT-DATA:ephemeral": 0, "disk": 1, "id": "50467cb4-066c-4b77-8996-7a70183135f4"}, {"name": "rally_full-flavor_a1089e91-d8c5-49c9-bff0-0cdba4eb3e3d", "links": [{"href": "http://172.30.9.47:8774/v2.1/flavors/766fd521-029e-4d7b-9ab6-2c1439b6cf09", "rel": "self"}, {"href": "http://172.30.9.47:8774/flavors/766fd521-029e-4d7b-9ab6-2c1439b6cf09", "rel": "bookmark"}], "ram": 512, "OS-FLV-DISABLED:disabled": false, "vcpus": 1, "swap": "", "os-flavor-access:is_public": true, "rxtx_factor": 1.0, "OS-FLV-EXT-DATA:ephemeral": 0, "disk": 1, "id": "766fd521-029e-4d7b-9ab6-2c1439b6cf09"}]} _http_log_response /usr/lib/python2.7/site-packages/keystoneauth1/session.py:511
2019-07-20 20:51:15.529 661 DEBUG novaclient.v2.client [-] GET call to compute for http://172.30.9.47:8774/v2.1/flavors/detail used request id req-745a677c-5298-40f1-99b9-6c47eb145d8f request /usr/lib/python2.7/site-packages/keystoneauth1/session.py:844
2019-07-20 20:51:15.530 661 INFO rally.task.runner [-] Task 926dbcee-3462-4ed6-b111-2eb7e84a5d2e | ITER: 2 END: OK
2019-07-20 20:51:15.534 661 INFO rally.task.runner [-] Task 926dbcee-3462-4ed6-b111-2eb7e84a5d2e | ITER: 6 START
2019-07-20 20:51:15.538 662 DEBUG novaclient.v2.client [-] RESP: [200] Content-Encoding: gzip Content-Length: 366 Content-Type: application/json Date: Sat, 20 Jul 2019 20:51:15 GMT OpenStack-API-Version: compute 2.1 Server: Apache Vary: OpenStack-API-Version,X-OpenStack-Nova-API-Version,Accept-Encoding X-OpenStack-Nova-API-Version: 2.1 x-compute-request-id: req-96a6c5d2-357f-4520-adbe-6f32df38e746 x-openstack-request-id: req-96a6c5d2-357f-4520-adbe-6f32df38e746 _http_log_response /usr/lib/python2.7/site-packages/keystoneauth1/session.py:479
2019-07-20 20:51:15.539 662 DEBUG novaclient.v2.client [-] RESP BODY: {"flavors": [{"name": "rally_full-flavor_alt_a1089e91-d8c5-49c9-bff0-0cdba4eb3e3d", "links": [{"href": "http://172.30.9.47:8774/v2.1/flavors/50467cb4-066c-4b77-8996-7a70183135f4", "rel": "self"}, {"href": "http://172.30.9.47:8774/flavors/50467cb4-066c-4b77-8996-7a70183135f4", "rel": "bookmark"}], "ram": 1024, "OS-FLV-DISABLED:disabled": false, "vcpus": 1, "swap": "", "os-flavor-access:is_public": true, "rxtx_factor": 1.0, "OS-FLV-EXT-DATA:ephemeral": 0, "disk": 1, "id": "50467cb4-066c-4b77-8996-7a70183135f4"}, {"name": "rally_full-flavor_a1089e91-d8c5-49c9-bff0-0cdba4eb3e3d", "links": [{"href": "http://172.30.9.47:8774/v2.1/flavors/766fd521-029e-4d7b-9ab6-2c1439b6cf09", "rel": "self"}, {"href": "http://172.30.9.47:8774/flavors/766fd521-029e-4d7b-9ab6-2c1439b6cf09", "rel": "bookmark"}], "ram": 512, "OS-FLV-DISABLED:disabled": false, "vcpus": 1, "swap": "", "os-flavor-access:is_public": true, "rxtx_factor": 1.0, "OS-FLV-EXT-DATA:ephemeral": 0, "disk": 1, "id": "766fd521-029e-4d7b-9ab6-2c1439b6cf09"}]} _http_log_response /usr/lib/python2.7/site-packages/keystoneauth1/session.py:511
2019-07-20 20:51:15.539 662 DEBUG novaclient.v2.client [-] GET call to compute for http://172.30.9.47:8774/v2.1/flavors/detail used request id req-96a6c5d2-357f-4520-adbe-6f32df38e746 request /usr/lib/python2.7/site-packages/keystoneauth1/session.py:844
2019-07-20 20:51:15.540 662 INFO rally.task.runner [-] Task 926dbcee-3462-4ed6-b111-2eb7e84a5d2e | ITER: 3 END: OK
2019-07-20 20:51:15.544 662 INFO rally.task.runner [-] Task 926dbcee-3462-4ed6-b111-2eb7e84a5d2e | ITER: 7 START
2019-07-20 20:51:15.567 660 DEBUG novaclient.v2.client [-] REQ: curl -g -i -X GET http://172.30.9.47:8774/v2.1/flavors/detail -H "Accept: application/json" -H "User-Agent: python-novaclient" -H "X-Auth-Token: {SHA1}c837f4bd8608b5b273513af6f3bac0b047aa07aa" _http_log_request /usr/lib/python2.7/site-packages/keystoneauth1/session.py:448
2019-07-20 20:51:15.614 663 DEBUG novaclient.v2.client [-] RESP: [200] Content-Encoding: gzip Content-Length: 366 Content-Type: application/json Date: Sat, 20 Jul 2019 20:51:14 GMT OpenStack-API-Version: compute 2.1 Server: Apache Vary: OpenStack-API-Version,X-OpenStack-Nova-API-Version,Accept-Encoding X-OpenStack-Nova-API-Version: 2.1 x-compute-request-id: req-f62eb88d-1ed4-4a36-9f4d-7f3e57b92808 x-openstack-request-id: req-f62eb88d-1ed4-4a36-9f4d-7f3e57b92808 _http_log_response /usr/lib/python2.7/site-packages/keystoneauth1/session.py:479
2019-07-20 20:51:15.615 663 DEBUG novaclient.v2.client [-] RESP BODY: {"flavors": [{"name": "rally_full-flavor_alt_a1089e91-d8c5-49c9-bff0-0cdba4eb3e3d", "links": [{"href": "http://172.30.9.47:8774/v2.1/flavors/50467cb4-066c-4b77-8996-7a70183135f4", "rel": "self"}, {"href": "http://172.30.9.47:8774/flavors/50467cb4-066c-4b77-8996-7a70183135f4", "rel": "bookmark"}], "ram": 1024, "OS-FLV-DISABLED:disabled": false, "vcpus": 1, "swap": "", "os-flavor-access:is_public": true, "rxtx_factor": 1.0, "OS-FLV-EXT-DATA:ephemeral": 0, "disk": 1, "id": "50467cb4-066c-4b77-8996-7a70183135f4"}, {"name": "rally_full-flavor_a1089e91-d8c5-49c9-bff0-0cdba4eb3e3d", "links": [{"href": "http://172.30.9.47:8774/v2.1/flavors/766fd521-029e-4d7b-9ab6-2c1439b6cf09", "rel": "self"}, {"href": "http://172.30.9.47:8774/flavors/766fd521-029e-4d7b-9ab6-2c1439b6cf09", "rel": "bookmark"}], "ram": 512, "OS-FLV-DISABLED:disabled": false, "vcpus": 1, "swap": "", "os-flavor-access:is_public": true, "rxtx_factor": 1.0, "OS-FLV-EXT-DATA:ephemeral": 0, "disk": 1, "id": "766fd521-029e-4d7b-9ab6-2c1439b6cf09"}]} _http_log_response /usr/lib/python2.7/site-packages/keystoneauth1/session.py:511
