2019-07-20 20:56:05.535 725 DEBUG glanceclient.common.http [-] Request returned failure status 404. _handle_response /usr/lib/python2.7/site-packages/glanceclient/common/http.py:125
2019-07-20 20:56:05.639 725 DEBUG glanceclient.common.http [-] Request returned failure status 404. _handle_response /usr/lib/python2.7/site-packages/glanceclient/common/http.py:125
2019-07-20 20:56:06.642 725 INFO rally.task.context [-] Task b5f2251c-58f0-4276-8d28-b3311d303466 | Context cleanup@openstack cleanup() finished in 8.05 sec
2019-07-20 20:56:06.642 725 INFO rally.task.context [-] Task b5f2251c-58f0-4276-8d28-b3311d303466 | Context users@openstack cleanup() started
2019-07-20 20:56:14.679 725 INFO rally.task.context [-] Task b5f2251c-58f0-4276-8d28-b3311d303466 | Context users@openstack cleanup() finished in 8.04 sec
2019-07-20 20:56:15.852 725 INFO rally.task.engine [-] Load duration is: 15.454101
2019-07-20 20:56:15.852 725 INFO rally.task.engine [-] Full runner duration is: 16.361926
2019-07-20 20:56:15.853 725 INFO rally.task.engine [-] Full duration is: 37.000088
2019-07-20 20:56:16.103 725 INFO rally.task.engine [-] Running workload: position = 0 config = { "version": 2, "title": "A cropped version of a bigger task.", "description": "Auto-generated task from a single workload (uuid=a872d7f9-efd7-4c90-9b74-74f135f952c2)", "subtasks": [ { "title": "GlanceImages.create_and_download_image", "description": "Create an image, then download data of the image.", "scenario": { "GlanceImages.create_and_download_image": { "container_format": "bare", "disk_format": "qcow2", "image_location": "/home/opnfv/functest/images/cirros-0.4.0-x86_64-disk.img" } }, "contexts": { "users": { "tenants": 3, "users_per_tenant": 2 } }, "runner": { "constant": { "concurrency": 4, "times": 10 } }, "hooks": [], "sla": { "failure_rate": { "max": 0 } } } ] }
2019-07-20 20:56:16.126 725 RALLYDEBUG rally_openstack.contexts.keystone.users [-] Creating 3 tenants using 20 threads
2019-07-20 20:56:18.003 725 RALLYDEBUG rally_openstack.contexts.keystone.users [-] Creating 6 users using 20 threads
2019-07-20 20:56:20.820 725 INFO rally.task.context [-] Task b5f2251c-58f0-4276-8d28-b3311d303466 | Context users@openstack setup() finished in 4.69 sec
2019-07-20 20:56:20.820 725 INFO rally.task.context [-] Task b5f2251c-58f0-4276-8d28-b3311d303466 | Context cleanup@openstack setup() finished in 0.01 msec
2019-07-20 20:56:20.828 725 RALLYDEBUG rally.task.runner [-] Starting the constant runner (task UUID: b5f2251c-58f0-4276-8d28-b3311d303466). timeout: 0 concurrency: 4 concurrency_per_worker: 1 times: 10 concurrency_overhead: 0 processes_to_start: 4 max_cpu_used: 16
2019-07-20 20:56:20.841 1509 RALLYDEBUG rally.task.runner [-] Starting a worker. concurrency: 1 args: {"container_format": "bare", "disk_format": "qcow2", "image_location": "/home/opnfv/functest/images/cirros-0.4.0-x86_64-disk.img"} times: 10 method_name: run timeout: 0 duration: None cls:
2019-07-20 20:56:20.844 1510 RALLYDEBUG rally.task.runner [-] Starting a worker. concurrency: 1 args: {"container_format": "bare", "disk_format": "qcow2", "image_location": "/home/opnfv/functest/images/cirros-0.4.0-x86_64-disk.img"} times: 10 method_name: run timeout: 0 duration: None cls:
2019-07-20 20:56:20.846 1511 RALLYDEBUG rally.task.runner [-] Starting a worker. concurrency: 1 args: {"container_format": "bare", "disk_format": "qcow2", "image_location": "/home/opnfv/functest/images/cirros-0.4.0-x86_64-disk.img"} times: 10 method_name: run timeout: 0 duration: None cls:
2019-07-20 20:56:20.848 1509 INFO rally.task.runner [-] Task b5f2251c-58f0-4276-8d28-b3311d303466 | ITER: 1 START
2019-07-20 20:56:20.851 1510 INFO rally.task.runner [-] Task b5f2251c-58f0-4276-8d28-b3311d303466 | ITER: 2 START
2019-07-20 20:56:20.852 1511 INFO rally.task.runner [-] Task b5f2251c-58f0-4276-8d28-b3311d303466 | ITER: 3 START
2019-07-20 20:56:20.851 1512 RALLYDEBUG rally.task.runner [-] Starting a worker. concurrency: 1 args: {"container_format": "bare", "disk_format": "qcow2", "image_location": "/home/opnfv/functest/images/cirros-0.4.0-x86_64-disk.img"} times: 10 method_name: run timeout: 0 duration: None cls:
2019-07-20 20:56:20.857 1512 INFO rally.task.runner [-] Task b5f2251c-58f0-4276-8d28-b3311d303466 | ITER: 4 START
2019-07-20 20:56:24.420 1512 RALLYDEBUG rally.task.utils [-] Waiting for resource u'8084537c-1e3d-4c5d-b135-5278d2c9cb86'. Status changed: NONE => QUEUED in 0.0354239940643
2019-07-20 20:56:24.425 1511 RALLYDEBUG rally.task.utils [-] Waiting for resource u'b1723e53-6817-4578-8f60-1fe247622773'. Status changed: NONE => QUEUED in 0.0277571678162
2019-07-20 20:56:24.704 1510 RALLYDEBUG rally.task.utils [-] Waiting for resource u'46726b9b-d10b-444b-9470-754e92da78b5'. Status changed: NONE => QUEUED in 0.597347974777
2019-07-20 20:56:24.706 1509 RALLYDEBUG rally.task.utils [-] Waiting for resource u'16b3025c-a90f-4e01-9210-3b7ef2c68e57'. Status changed: NONE => QUEUED in 0.409736871719
2019-07-20 20:56:25.110 1511 RALLYDEBUG rally.task.utils [-] Waiting for resource s_rally_a872d7f9_leVZN4rc. Status changed: QUEUED => ACTIVE in 0.0177209377289
2019-07-20 20:56:25.796 1511 INFO rally.task.runner [-] Task b5f2251c-58f0-4276-8d28-b3311d303466 | ITER: 3 END: OK
2019-07-20 20:56:25.800 1511 INFO rally.task.runner [-] Task b5f2251c-58f0-4276-8d28-b3311d303466 | ITER: 5 START
2019-07-20 20:56:26.175 1512 RALLYDEBUG rally.task.utils [-] Waiting for resource s_rally_a872d7f9_qVJw3Amp. Status changed: QUEUED => ACTIVE in 0.0203189849854
2019-07-20 20:56:26.199 1510 RALLYDEBUG rally.task.utils [-] Waiting for resource s_rally_a872d7f9_cvC33xZB. Status changed: QUEUED => ACTIVE in 0.0216770172119
2019-07-20 20:56:26.487 1509 RALLYDEBUG rally.task.utils [-] Waiting for resource s_rally_a872d7f9_3sXeUZCv. Status changed: QUEUED => ACTIVE in 0.324160814285
2019-07-20 20:56:26.522 1512 INFO rally.task.runner [-] Task b5f2251c-58f0-4276-8d28-b3311d303466 | ITER: 4 END: OK
2019-07-20 20:56:26.526 1512 INFO rally.task.runner [-] Task b5f2251c-58f0-4276-8d28-b3311d303466 | ITER: 6 START
2019-07-20 20:56:26.642 1510 INFO rally.task.runner [-] Task b5f2251c-58f0-4276-8d28-b3311d303466 | ITER: 2 END: OK
2019-07-20 20:56:26.646 1510 INFO rally.task.runner [-] Task b5f2251c-58f0-4276-8d28-b3311d303466 | ITER: 7 START
2019-07-20 20:56:26.940 1509 INFO rally.task.runner [-] Task b5f2251c-58f0-4276-8d28-b3311d303466 | ITER: 1 END: OK
2019-07-20 20:56:26.944 1509 INFO rally.task.runner [-] Task b5f2251c-58f0-4276-8d28-b3311d303466 | ITER: 8 START
2019-07-20 20:56:29.822 1511 RALLYDEBUG rally.task.utils [-] Waiting for resource u'ed35dd5f-1d6f-4d94-9252-f0b043495216'. Status changed: NONE => QUEUED in 0.527575016022
2019-07-20 20:56:30.151 1510 RALLYDEBUG rally.task.utils [-] Waiting for resource u'7e793b74-45e5-4ddf-9cb8-7b4dffeba5fa'. Status changed: NONE => QUEUED in 0.241160154343
2019-07-20 20:56:30.477 1512 RALLYDEBUG rally.task.utils [-] Waiting for resource u'6def65e4-2794-4eb8-954e-f66c1b905c41'. Status changed: NONE => QUEUED in 0.598269939423
2019-07-20 20:56:30.601 1511 RALLYDEBUG rally.task.utils [-] Waiting for resource s_rally_a872d7f9_TRG1wMcy. Status changed: QUEUED => ACTIVE in 0.0177149772644
2019-07-20 20:56:30.643 1509 RALLYDEBUG rally.task.utils [-] Waiting for resource u'94ff15ab-b17a-4c45-af66-fd8761412f97'. Status changed: NONE => QUEUED in 0.230999946594
2019-07-20 20:56:31.471 1511 INFO rally.task.runner [-] Task b5f2251c-58f0-4276-8d28-b3311d303466 | ITER: 5 END: OK
2019-07-20 20:56:31.475 1511 INFO rally.task.runner [-] Task b5f2251c-58f0-4276-8d28-b3311d303466 | ITER: 9 START
2019-07-20 20:56:31.725 1509 RALLYDEBUG rally.task.utils [-] Waiting for resource s_rally_a872d7f9_6n9i5hKH. Status changed: QUEUED => ACTIVE in 0.0168609619141
2019-07-20 20:56:31.774 1510 RALLYDEBUG rally.task.utils [-] Waiting for resource s_rally_a872d7f9_reP43ywv. Status changed: QUEUED => ACTIVE in 0.0178868770599
2019-07-20 20:56:31.979 1512 RALLYDEBUG rally.task.utils [-] Waiting for resource s_rally_a872d7f9_b4lSyoxY. Status changed: QUEUED => ACTIVE in 0.289181947708
2019-07-20 20:56:32.222 1510 INFO rally.task.runner [-] Task b5f2251c-58f0-4276-8d28-b3311d303466 | ITER: 7 END: OK
2019-07-20 20:56:32.225 1510 INFO rally.task.runner [-] Task b5f2251c-58f0-4276-8d28-b3311d303466 | ITER: 10 START
2019-07-20 20:56:32.343 1509 INFO rally.task.runner [-] Task b5f2251c-58f0-4276-8d28-b3311d303466 | ITER: 8 END: OK
2019-07-20 20:56:32.400 1512 INFO rally.task.runner [-] Task b5f2251c-58f0-4276-8d28-b3311d303466 | ITER: 6 END: OK
2019-07-20 20:56:35.626 1511 RALLYDEBUG rally.task.utils [-] Waiting for resource u'57e22ce3-671a-4e02-bd64-96bb6b911c23'. Status changed: NONE => QUEUED in 0.754554033279
2019-07-20 20:56:36.372 1511 RALLYDEBUG rally.task.utils [-] Waiting for resource s_rally_a872d7f9_D0PCH19T. Status changed: QUEUED => ACTIVE in 0.0174310207367
2019-07-20 20:56:36.402 1510 RALLYDEBUG rally.task.utils [-] Waiting for resource u'ff3697a7-4ea4-4f39-8129-0eac3ad4fa17'. Status changed: NONE => QUEUED in 0.625300168991
2019-07-20 20:56:36.948 1511 INFO rally.task.runner [-] Task b5f2251c-58f0-4276-8d28-b3311d303466 | ITER: 9 END: OK
2019-07-20 20:56:37.660 1510 RALLYDEBUG rally.task.utils [-] Waiting for resource s_rally_a872d7f9_98jq7kFx. Status changed: QUEUED => ACTIVE in 0.213568210602
2019-07-20 20:56:38.230 1510 INFO rally.task.runner [-] Task b5f2251c-58f0-4276-8d28-b3311d303466 | ITER: 10 END: OK
2019-07-20 20:56:38.250 725 INFO rally.task.context [-] Task b5f2251c-58f0-4276-8d28-b3311d303466 | Context cleanup@openstack cleanup() started
2019-07-20 20:56:38.252 725 RALLYDEBUG rally_openstack.cleanup.manager [-] Cleaning up glance images objects
2019-07-20 20:56:42.214 725 RALLYDEBUG rally_openstack.cleanup.manager [-] Deleting glance.images object s_rally_a872d7f9_qVJw3Amp (8084537c-1e3d-4c5d-b135-5278d2c9cb86)
2019-07-20 20:56:42.220 725 RALLYDEBUG rally_openstack.cleanup.manager [-] Deleting glance.images object s_rally_a872d7f9_leVZN4rc (b1723e53-6817-4578-8f60-1fe247622773)
2019-07-20 20:56:42.224 725 RALLYDEBUG rally_openstack.cleanup.manager [-] Deleting glance.images object s_rally_a872d7f9_6n9i5hKH (94ff15ab-b17a-4c45-af66-fd8761412f97)
2019-07-20 20:56:42.226 725 RALLYDEBUG rally_openstack.cleanup.manager [-] Deleting glance.images object s_rally_a872d7f9_D0PCH19T (57e22ce3-671a-4e02-bd64-96bb6b911c23)
2019-07-20 20:56:42.228 725 RALLYDEBUG rally_openstack.cleanup.manager [-] Deleting glance.images object s_rally_a872d7f9_TRG1wMcy (ed35dd5f-1d6f-4d94-9252-f0b043495216)
2019-07-20 20:56:42.229 725 RALLYDEBUG rally_openstack.cleanup.manager [-] Deleting glance.images object s_rally_a872d7f9_reP43ywv (7e793b74-45e5-4ddf-9cb8-7b4dffeba5fa)
2019-07-20 20:56:42.235 725 RALLYDEBUG rally_openstack.cleanup.manager [-] Deleting glance.images object s_rally_a872d7f9_cvC33xZB (46726b9b-d10b-444b-9470-754e92da78b5)
2019-07-20 20:56:42.240 725 RALLYDEBUG rally_openstack.cleanup.manager [-] Deleting glance.images object s_rally_a872d7f9_3sXeUZCv (16b3025c-a90f-4e01-9210-3b7ef2c68e57)
2019-07-20 20:56:42.241 725 RALLYDEBUG rally_openstack.cleanup.manager [-] Deleting glance.images object s_rally_a872d7f9_b4lSyoxY (6def65e4-2794-4eb8-954e-f66c1b905c41)
2019-07-20 20:56:42.282 725 RALLYDEBUG rally_openstack.cleanup.manager [-] Deleting glance.images object s_rally_a872d7f9_98jq7kFx (ff3697a7-4ea4-4f39-8129-0eac3ad4fa17)
2019-07-20 20:56:44.519 725 DEBUG glanceclient.common.http [-] Request returned failure status 404. _handle_response /usr/lib/python2.7/site-packages/glanceclient/common/http.py:125
2019-07-20 20:56:44.734 725 DEBUG glanceclient.common.http [-] Request returned failure status 404. _handle_response /usr/lib/python2.7/site-packages/glanceclient/common/http.py:125
2019-07-20 20:56:44.772 725 DEBUG glanceclient.common.http [-] Request returned failure status 404. _handle_response /usr/lib/python2.7/site-packages/glanceclient/common/http.py:125
2019-07-20 20:56:44.937 725 DEBUG glanceclient.common.http [-] Request returned failure status 404. _handle_response /usr/lib/python2.7/site-packages/glanceclient/common/http.py:125
2019-07-20 20:56:44.942 725 DEBUG glanceclient.common.http [-] Request returned failure status 404. _handle_response /usr/lib/python2.7/site-packages/glanceclient/common/http.py:125
2019-07-20 20:56:44.981 725 DEBUG glanceclient.common.http [-] Request returned failure status 404. _handle_response /usr/lib/python2.7/site-packages/glanceclient/common/http.py:125
2019-07-20 20:56:45.336 725 DEBUG glanceclient.common.http [-] Request returned failure status 404. _handle_response /usr/lib/python2.7/site-packages/glanceclient/common/http.py:125
2019-07-20 20:56:45.559 725 DEBUG glanceclient.common.http [-] Request returned failure status 404. _handle_response /usr/lib/python2.7/site-packages/glanceclient/common/http.py:125
2019-07-20 20:56:45.608 725 DEBUG glanceclient.common.http [-] Request returned failure status 404. _handle_response /usr/lib/python2.7/site-packages/glanceclient/common/http.py:125
2019-07-20 20:56:45.623 725 DEBUG glanceclient.common.http [-] Request returned failure status 404. _handle_response /usr/lib/python2.7/site-packages/glanceclient/common/http.py:125
2019-07-20 20:56:45.649 725 DEBUG glanceclient.common.http [-] Request returned failure status 404. _handle_response /usr/lib/python2.7/site-packages/glanceclient/common/http.py:125
2019-07-20 20:56:45.651 725 DEBUG glanceclient.common.http [-] Request returned failure status 404. _handle_response /usr/lib/python2.7/site-packages/glanceclient/common/http.py:125
2019-07-20 20:56:45.870 725 DEBUG glanceclient.common.http [-] Request returned failure status 404. _handle_response /usr/lib/python2.7/site-packages/glanceclient/common/http.py:125
2019-07-20 20:56:45.956 725 DEBUG glanceclient.common.http [-] Request returned failure status 404. _handle_response /usr/lib/python2.7/site-packages/glanceclient/common/http.py:125
2019-07-20 20:56:46.501 725 DEBUG glanceclient.common.http [-] Request returned failure status 404. _handle_response /usr/lib/python2.7/site-packages/glanceclient/common/http.py:125
2019-07-20 20:56:46.675 725 DEBUG glanceclient.common.http [-] Request returned failure status 404. _handle_response /usr/lib/python2.7/site-packages/glanceclient/common/http.py:125
2019-07-20 20:56:46.700 725 DEBUG glanceclient.common.http [-] Request returned failure status 404. _handle_response /usr/lib/python2.7/site-packages/glanceclient/common/http.py:125
2019-07-20 20:56:46.711 725 DEBUG glanceclient.common.http [-] Request returned failure status 404. _handle_response /usr/lib/python2.7/site-packages/glanceclient/common/http.py:125
2019-07-20 20:56:46.999 725 DEBUG glanceclient.common.http [-] Request returned failure status 404. _handle_response /usr/lib/python2.7/site-packages/glanceclient/common/http.py:125
2019-07-20 20:56:47.010 725 DEBUG glanceclient.common.http [-] Request returned failure status 404. _handle_response /usr/lib/python2.7/site-packages/glanceclient/common/http.py:125
2019-07-20 20:56:48.012 725 INFO rally.task.context [-] Task b5f2251c-58f0-4276-8d28-b3311d303466 | Context cleanup@openstack cleanup() finished in 9.76 sec
2019-07-20 20:56:48.013 725 INFO rally.task.context [-] Task b5f2251c-58f0-4276-8d28-b3311d303466 | Context users@openstack cleanup() started
2019-07-20 20:56:56.763 725 INFO rally.task.context [-] Task b5f2251c-58f0-4276-8d28-b3311d303466 | Context users@openstack cleanup() finished in 8.75 sec
2019-07-20 20:56:58.333 725 INFO rally.task.engine [-] Load duration is: 16.518584
2019-07-20 20:56:58.333 725 INFO rally.task.engine [-] Full runner duration is: 17.422107
2019-07-20 20:56:58.333 725 INFO rally.task.engine [-] Full duration is: 40.639949
2019-07-20 20:56:58.582 725 INFO rally.task.engine [-] Running workload: position = 0 config = { "version": 2, "title": "A cropped version of a bigger task.", "description": "Auto-generated task from a single workload (uuid=2cb806f6-29af-4dfc-8f90-c5d1e5125017)", "subtasks": [ { "title": "GlanceImages.create_and_get_image", "description": "Create and get detailed information of an image.", "scenario": { "GlanceImages.create_and_get_image": { "container_format": "bare", "disk_format": "qcow2", "image_location": "/home/opnfv/functest/images/cirros-0.4.0-x86_64-disk.img" } }, "contexts": { "users": { "tenants": 3, "users_per_tenant": 2 } }, "runner": { "constant": { "concurrency": 4, "times": 10 } }, "hooks": [], "sla": { "failure_rate": { "max": 0 } } } ] }
2019-07-20 20:56:58.604 725 RALLYDEBUG rally_openstack.contexts.keystone.users [-] Creating 3 tenants using 20 threads
2019-07-20 20:57:00.482 725 RALLYDEBUG rally_openstack.contexts.keystone.users [-] Creating 6 users using 20 threads
2019-07-20 20:57:03.382 725 INFO rally.task.context [-] Task b5f2251c-58f0-4276-8d28-b3311d303466 | Context users@openstack setup() finished in 4.78 sec
2019-07-20 20:57:03.383 725 INFO rally.task.context [-] Task b5f2251c-58f0-4276-8d28-b3311d303466 | Context cleanup@openstack setup() finished in 0.01 msec
2019-07-20 20:57:03.390 725 RALLYDEBUG rally.task.runner [-] Starting the constant runner (task UUID: b5f2251c-58f0-4276-8d28-b3311d303466). timeout: 0 concurrency: 4 concurrency_per_worker: 1 times: 10 concurrency_overhead: 0 processes_to_start: 4 max_cpu_used: 16
2019-07-20 20:57:03.400 1633 RALLYDEBUG rally.task.runner [-] Starting a worker. concurrency: 1 args: {"container_format": "bare", "disk_format": "qcow2", "image_location": "/home/opnfv/functest/images/cirros-0.4.0-x86_64-disk.img"} times: 10 method_name: run timeout: 0 duration: None cls:
2019-07-20 20:57:03.404 1633 INFO rally.task.runner [-] Task b5f2251c-58f0-4276-8d28-b3311d303466 | ITER: 1 START
2019-07-20 20:57:03.405 1634 RALLYDEBUG rally.task.runner [-] Starting a worker. concurrency: 1 args: {"container_format": "bare", "disk_format": "qcow2", "image_location": "/home/opnfv/functest/images/cirros-0.4.0-x86_64-disk.img"} times: 10 method_name: run timeout: 0 duration: None cls:
2019-07-20 20:57:03.410 1634 INFO rally.task.runner [-] Task b5f2251c-58f0-4276-8d28-b3311d303466 | ITER: 2 START
2019-07-20 20:57:03.410 1636 RALLYDEBUG rally.task.runner [-] Starting a worker. concurrency: 1 args: {"container_format": "bare", "disk_format": "qcow2", "image_location": "/home/opnfv/functest/images/cirros-0.4.0-x86_64-disk.img"} times: 10 method_name: run timeout: 0 duration: None cls:
2019-07-20 20:57:03.412 1638 RALLYDEBUG rally.task.runner [-] Starting a worker. concurrency: 1 args: {"container_format": "bare", "disk_format": "qcow2", "image_location": "/home/opnfv/functest/images/cirros-0.4.0-x86_64-disk.img"} times: 10 method_name: run timeout: 0 duration: None cls:
2019-07-20 20:57:03.415 1638 INFO rally.task.runner [-] Task b5f2251c-58f0-4276-8d28-b3311d303466 | ITER: 4 START
2019-07-20 20:57:03.415 1636 INFO rally.task.runner [-] Task b5f2251c-58f0-4276-8d28-b3311d303466 | ITER: 3 START
2019-07-20 20:57:07.300 1634 RALLYDEBUG rally.task.utils [-] Waiting for resource u'15345433-4c8c-44ff-8385-6339081430d7'. Status changed: NONE => QUEUED in 0.291486978531
2019-07-20 20:57:07.319 1636 RALLYDEBUG rally.task.utils [-] Waiting for resource u'b9aec522-bf2d-4abe-bd26-5e42cb7ec216'. Status changed: NONE => QUEUED in 0.386986017227
2019-07-20 20:57:07.379 1633 RALLYDEBUG rally.task.utils [-] Waiting for resource u'b5043d50-11bb-4f2c-aba9-223191ea0e7f'. Status changed: NONE => QUEUED in 0.601383924484
2019-07-20 20:57:07.785 1638 RALLYDEBUG rally.task.utils [-] Waiting for resource u'b5e3a5cb-831c-4bf3-aa5f-9dc2e34be10e'. Status changed: NONE => QUEUED in 0.743407011032
2019-07-20 20:57:08.430 1634 RALLYDEBUG rally.task.utils [-] Waiting for resource s_rally_2cb806f6_qUZNQQhl. Status changed: QUEUED => ACTIVE in 0.221884012222
2019-07-20 20:57:08.467 1636 RALLYDEBUG rally.task.utils [-] Waiting for resource s_rally_2cb806f6_ZvLT241H. Status changed: QUEUED => ACTIVE in 0.327927112579
2019-07-20 20:57:08.484 1636 INFO rally.task.runner [-] Task b5f2251c-58f0-4276-8d28-b3311d303466 | ITER: 3 END: OK
2019-07-20 20:57:08.488 1636 INFO rally.task.runner [-] Task b5f2251c-58f0-4276-8d28-b3311d303466 | ITER: 5 START
2019-07-20 20:57:08.643 1634 INFO rally.task.runner [-] Task b5f2251c-58f0-4276-8d28-b3311d303466 | ITER: 2 END: OK
2019-07-20 20:57:08.647 1634 INFO rally.task.runner [-] Task b5f2251c-58f0-4276-8d28-b3311d303466 | ITER: 6 START
2019-07-20 20:57:09.513 1638 RALLYDEBUG rally.task.utils [-] Waiting for resource s_rally_2cb806f6_NHbC9Roy. Status changed: QUEUED => ACTIVE in 0.300930976868
2019-07-20 20:57:09.533 1638 INFO rally.task.runner [-] Task b5f2251c-58f0-4276-8d28-b3311d303466 | ITER: 4 END: OK
2019-07-20 20:57:09.537 1638 INFO rally.task.runner [-] Task b5f2251c-58f0-4276-8d28-b3311d303466 | ITER: 7 START
2019-07-20 20:57:09.553 1633 RALLYDEBUG rally.task.utils [-] Waiting for resource s_rally_2cb806f6_ORo5ZmxF. Status changed: QUEUED => ACTIVE in 0.325732946396
2019-07-20 20:57:09.571 1633 INFO rally.task.runner [-] Task b5f2251c-58f0-4276-8d28-b3311d303466 | ITER: 1 END: OK
2019-07-20 20:57:09.575 1633 INFO rally.task.runner [-] Task b5f2251c-58f0-4276-8d28-b3311d303466 | ITER: 8 START
2019-07-20 20:57:12.354 1634 RALLYDEBUG rally.task.utils [-] Waiting for resource u'33a9833e-40bd-4d48-b08c-24ece92358fa'. Status changed: NONE => QUEUED in 0.508955001831
2019-07-20 20:57:12.566 1636 RALLYDEBUG rally.task.utils [-] Waiting for resource u'292ac733-4942-442d-89bc-8429fee560a8'. Status changed: NONE => QUEUED in 0.564188957214
2019-07-20 20:57:13.325 1633 RALLYDEBUG rally.task.utils [-] Waiting for resource u'befd6bee-cf48-46a9-b6e4-1edf7b4c92ae'. Status changed: NONE => QUEUED in 0.284662008286
2019-07-20 20:57:13.430 1634 RALLYDEBUG rally.task.utils [-] Waiting for resource s_rally_2cb806f6_UyVGDDrc. Status changed: QUEUED => ACTIVE in 0.300289869308
2019-07-20 20:57:13.439 1638 RALLYDEBUG rally.task.utils [-] Waiting for resource u'b28d2588-e2be-4343-bb09-ec71264450b6'. Status changed: NONE => QUEUED in 0.309545040131
2019-07-20 20:57:13.649 1634 INFO rally.task.runner [-] Task b5f2251c-58f0-4276-8d28-b3311d303466 | ITER: 6 END: OK
2019-07-20 20:57:13.653 1634 INFO rally.task.runner [-] Task b5f2251c-58f0-4276-8d28-b3311d303466 | ITER: 9 START
2019-07-20 20:57:14.509 1636 RALLYDEBUG rally.task.utils [-] Waiting for resource s_rally_2cb806f6_YQuCnr2V. Status changed: QUEUED => ACTIVE in 0.0166311264038
2019-07-20 20:57:14.530 1636 INFO rally.task.runner [-] Task b5f2251c-58f0-4276-8d28-b3311d303466 | ITER: 5 END: OK
2019-07-20 20:57:14.534 1636 INFO rally.task.runner [-] Task b5f2251c-58f0-4276-8d28-b3311d303466 | ITER: 10 START
2019-07-20 20:57:14.835 1633 RALLYDEBUG rally.task.utils [-] Waiting for resource s_rally_2cb806f6_y0GDKjC8. Status changed: QUEUED => ACTIVE in 0.310122013092
2019-07-20 20:57:14.853 1633 INFO rally.task.runner [-] Task b5f2251c-58f0-4276-8d28-b3311d303466 | ITER: 8 END: OK
2019-07-20 20:57:15.652 1638 RALLYDEBUG rally.task.utils [-] Waiting for resource s_rally_2cb806f6_n2RQ0j7V. Status changed: QUEUED => ACTIVE in 0.321053028107
2019-07-20 20:57:15.941 1638 INFO rally.task.runner [-] Task b5f2251c-58f0-4276-8d28-b3311d303466 | ITER: 7 END: OK
2019-07-20 20:57:17.423 1634 RALLYDEBUG rally.task.utils [-] Waiting for resource u'bbf7a564-0da4-41a7-a7fc-67d9f2e0848f'. Status changed: NONE => QUEUED in 0.32319688797
2019-07-20 20:57:18.834 1634 RALLYDEBUG rally.task.utils [-] Waiting for resource s_rally_2cb806f6_qX1S6bu0. Status changed: QUEUED => ACTIVE in 0.31750202179
2019-07-20 20:57:18.851 1634 INFO rally.task.runner [-] Task b5f2251c-58f0-4276-8d28-b3311d303466 | ITER: 9 END: OK
2019-07-20 20:57:19.147 1636 RALLYDEBUG rally.task.utils [-] Waiting for resource u'e78da4aa-78ce-4e4b-a5dc-e544050b42c9'. Status changed: NONE => QUEUED in 0.621544122696
2019-07-20 20:57:20.949 1636 RALLYDEBUG rally.task.utils [-] Waiting for resource s_rally_2cb806f6_cofJneAn. Status changed: QUEUED => ACTIVE in 0.298470020294
2019-07-20 20:57:21.168 1636 INFO rally.task.runner [-] Task b5f2251c-58f0-4276-8d28-b3311d303466 | ITER: 10 END: OK
2019-07-20 20:57:21.199 725 INFO rally.task.context [-] Task b5f2251c-58f0-4276-8d28-b3311d303466 | Context cleanup@openstack cleanup() started
2019-07-20 20:57:21.202 725 RALLYDEBUG rally_openstack.cleanup.manager [-] Cleaning up glance images objects
2019-07-20 20:57:25.406 725 RALLYDEBUG rally_openstack.cleanup.manager [-] Deleting glance.images object s_rally_2cb806f6_NHbC9Roy (b5e3a5cb-831c-4bf3-aa5f-9dc2e34be10e)
2019-07-20 20:57:25.408 725 RALLYDEBUG rally_openstack.cleanup.manager [-] Deleting glance.images object s_rally_2cb806f6_YQuCnr2V (292ac733-4942-442d-89bc-8429fee560a8)
2019-07-20 20:57:25.409 725 RALLYDEBUG rally_openstack.cleanup.manager [-] Deleting glance.images object s_rally_2cb806f6_ZvLT241H (b9aec522-bf2d-4abe-bd26-5e42cb7ec216)
2019-07-20 20:57:25.411 725 RALLYDEBUG rally_openstack.cleanup.manager [-] Deleting glance.images object s_rally_2cb806f6_qX1S6bu0 (bbf7a564-0da4-41a7-a7fc-67d9f2e0848f)
2019-07-20 20:57:25.413 725 RALLYDEBUG rally_openstack.cleanup.manager [-] Deleting glance.images object s_rally_2cb806f6_ORo5ZmxF (b5043d50-11bb-4f2c-aba9-223191ea0e7f)
2019-07-20 20:57:25.427 725 RALLYDEBUG rally_openstack.cleanup.manager [-] Deleting glance.images object s_rally_2cb806f6_qUZNQQhl (15345433-4c8c-44ff-8385-6339081430d7)
2019-07-20 20:57:25.431 725 RALLYDEBUG rally_openstack.cleanup.manager [-] Deleting glance.images object s_rally_2cb806f6_n2RQ0j7V (b28d2588-e2be-4343-bb09-ec71264450b6)
2019-07-20 20:57:25.433 725 RALLYDEBUG rally_openstack.cleanup.manager [-] Deleting glance.images object s_rally_2cb806f6_UyVGDDrc (33a9833e-40bd-4d48-b08c-24ece92358fa)
2019-07-20 20:57:25.436 725 RALLYDEBUG rally_openstack.cleanup.manager [-] Deleting glance.images object s_rally_2cb806f6_cofJneAn (e78da4aa-78ce-4e4b-a5dc-e544050b42c9)
2019-07-20 20:57:25.436 725 RALLYDEBUG rally_openstack.cleanup.manager [-] Deleting glance.images object s_rally_2cb806f6_y0GDKjC8 (befd6bee-cf48-46a9-b6e4-1edf7b4c92ae)
2019-07-20 20:57:27.697 725 DEBUG glanceclient.common.http [-] Request returned failure status 404. _handle_response /usr/lib/python2.7/site-packages/glanceclient/common/http.py:125
2019-07-20 20:57:27.718 725 DEBUG glanceclient.common.http [-] Request returned failure status 404. _handle_response /usr/lib/python2.7/site-packages/glanceclient/common/http.py:125
2019-07-20 20:57:27.915 725 DEBUG glanceclient.common.http [-] Request returned failure status 404. _handle_response /usr/lib/python2.7/site-packages/glanceclient/common/http.py:125
2019-07-20 20:57:27.917 725 DEBUG glanceclient.common.http [-] Request returned failure status 404. _handle_response /usr/lib/python2.7/site-packages/glanceclient/common/http.py:125
2019-07-20 20:57:27.932 725 DEBUG glanceclient.common.http [-] Request returned failure status 404. _handle_response /usr/lib/python2.7/site-packages/glanceclient/common/http.py:125
2019-07-20 20:57:28.004 725 DEBUG glanceclient.common.http [-] Request returned failure status 404. _handle_response /usr/lib/python2.7/site-packages/glanceclient/common/http.py:125
2019-07-20 20:57:28.019 725 DEBUG glanceclient.common.http [-] Request returned failure status 404. _handle_response /usr/lib/python2.7/site-packages/glanceclient/common/http.py:125
2019-07-20 20:57:28.026 725 DEBUG glanceclient.common.http [-] Request returned failure status 404. _handle_response /usr/lib/python2.7/site-packages/glanceclient/common/http.py:125
2019-07-20 20:57:28.738 725 DEBUG glanceclient.common.http [-] Request returned failure status 404. _handle_response /usr/lib/python2.7/site-packages/glanceclient/common/http.py:125
2019-07-20 20:57:28.773 725 DEBUG glanceclient.common.http [-] Request returned failure status 404. _handle_response /usr/lib/python2.7/site-packages/glanceclient/common/http.py:125
2019-07-20 20:57:29.004 725 DEBUG glanceclient.common.http [-] Request returned failure status 404. _handle_response /usr/lib/python2.7/site-packages/glanceclient/common/http.py:125
2019-07-20 20:57:29.036 725 DEBUG glanceclient.common.http [-] Request returned failure status 404. _handle_response /usr/lib/python2.7/site-packages/glanceclient/common/http.py:125
2019-07-20 20:57:29.088 725 DEBUG glanceclient.common.http [-] Request returned failure status 404. _handle_response /usr/lib/python2.7/site-packages/glanceclient/common/http.py:125
2019-07-20 20:57:29.103 725 DEBUG glanceclient.common.http [-] Request returned failure status 404. _handle_response /usr/lib/python2.7/site-packages/glanceclient/common/http.py:125
2019-07-20 20:57:29.902 725 DEBUG glanceclient.common.http [-] Request returned failure status 404. _handle_response /usr/lib/python2.7/site-packages/glanceclient/common/http.py:125
2019-07-20 20:57:30.139 725 DEBUG glanceclient.common.http [-] Request returned failure status 404. _handle_response /usr/lib/python2.7/site-packages/glanceclient/common/http.py:125
2019-07-20 20:57:30.155 725 DEBUG glanceclient.common.http [-] Request returned failure status 404. _handle_response /usr/lib/python2.7/site-packages/glanceclient/common/http.py:125
2019-07-20 20:57:30.184 725 DEBUG glanceclient.common.http [-] Request returned failure status 404. _handle_response /usr/lib/python2.7/site-packages/glanceclient/common/http.py:125
2019-07-20 20:57:30.419 725 DEBUG glanceclient.common.http [-] Request returned failure status 404. _handle_response /usr/lib/python2.7/site-packages/glanceclient/common/http.py:125
2019-07-20 20:57:30.456 725 DEBUG glanceclient.common.http [-] Request returned failure status 404. _handle_response /usr/lib/python2.7/site-packages/glanceclient/common/http.py:125
2019-07-20 20:57:31.460 725 INFO rally.task.context [-] Task b5f2251c-58f0-4276-8d28-b3311d303466 | Context cleanup@openstack cleanup() finished in 10.26 sec
2019-07-20 20:57:31.460 725 INFO rally.task.context [-] Task b5f2251c-58f0-4276-8d28-b3311d303466 | Context users@openstack cleanup() started
2019-07-20 20:57:39.380 725 INFO rally.task.context [-] Task b5f2251c-58f0-4276-8d28-b3311d303466 | Context users@openstack cleanup() finished in 7.92 sec
2019-07-20 20:57:40.800 725 INFO rally.task.engine [-] Load duration is: 16.893317
2019-07-20 20:57:40.801 725 INFO rally.task.engine [-] Full runner duration is: 17.809411
2019-07-20 20:57:40.801 725 INFO rally.task.engine [-] Full duration is: 40.779935
2019-07-20 20:57:41.061 725 INFO rally.task.engine [-] Running workload: position = 0 config = { "version": 2, "title": "A cropped version of a bigger task.", "description": "Auto-generated task from a single workload (uuid=30a93e18-cfb4-4457-8a67-71d08f03e089)", "subtasks": [ { "title": "GlanceImages.create_and_update_image", "description": "Create an image then update it.", "scenario": { "GlanceImages.create_and_update_image": { "container_format": "bare", "disk_format": "qcow2", "image_location": "/home/opnfv/functest/images/cirros-0.4.0-x86_64-disk.img" } }, "contexts": { "users": { "tenants": 3, "users_per_tenant": 2 } }, "runner": { "constant": { "concurrency": 4, "times": 10 } }, "hooks": [], "sla": { "failure_rate": { "max": 0 } } } ] }
2019-07-20 20:57:41.081 725 RALLYDEBUG rally_openstack.contexts.keystone.users [-] Creating 3 tenants using 20 threads
2019-07-20 20:57:43.033 725 RALLYDEBUG rally_openstack.contexts.keystone.users [-] Creating 6 users using 20 threads
2019-07-20 20:57:45.939 725 INFO rally.task.context [-] Task b5f2251c-58f0-4276-8d28-b3311d303466 | Context users@openstack setup() finished in 4.86 sec
2019-07-20 20:57:45.940 725 INFO rally.task.context [-] Task b5f2251c-58f0-4276-8d28-b3311d303466 | Context cleanup@openstack setup() finished in 0.01 msec
2019-07-20 20:57:45.948 725 RALLYDEBUG rally.task.runner [-] Starting the constant runner (task UUID: b5f2251c-58f0-4276-8d28-b3311d303466). timeout: 0 concurrency: 4 concurrency_per_worker: 1 times: 10 concurrency_overhead: 0 processes_to_start: 4 max_cpu_used: 16
2019-07-20 20:57:45.961 1757 RALLYDEBUG rally.task.runner [-] Starting a worker. concurrency: 1 args: {"container_format": "bare", "disk_format": "qcow2", "image_location": "/home/opnfv/functest/images/cirros-0.4.0-x86_64-disk.img"} times: 10 method_name: run timeout: 0 duration: None cls:
2019-07-20 20:57:45.964 1758 RALLYDEBUG rally.task.runner [-] Starting a worker. concurrency: 1 args: {"container_format": "bare", "disk_format": "qcow2", "image_location": "/home/opnfv/functest/images/cirros-0.4.0-x86_64-disk.img"} times: 10 method_name: run timeout: 0 duration: None cls:
2019-07-20 20:57:45.967 1759 RALLYDEBUG rally.task.runner [-] Starting a worker. concurrency: 1 args: {"container_format": "bare", "disk_format": "qcow2", "image_location": "/home/opnfv/functest/images/cirros-0.4.0-x86_64-disk.img"} times: 10 method_name: run timeout: 0 duration: None cls:
2019-07-20 20:57:45.968 1757 INFO rally.task.runner [-] Task b5f2251c-58f0-4276-8d28-b3311d303466 | ITER: 1 START
2019-07-20 20:57:45.969 1760 RALLYDEBUG rally.task.runner [-] Starting a worker. concurrency: 1 args: {"container_format": "bare", "disk_format": "qcow2", "image_location": "/home/opnfv/functest/images/cirros-0.4.0-x86_64-disk.img"} times: 10 method_name: run timeout: 0 duration: None cls:
2019-07-20 20:57:45.970 1758 INFO rally.task.runner [-] Task b5f2251c-58f0-4276-8d28-b3311d303466 | ITER: 2 START
2019-07-20 20:57:45.974 1759 INFO rally.task.runner [-] Task b5f2251c-58f0-4276-8d28-b3311d303466 | ITER: 3 START
2019-07-20 20:57:45.975 1760 INFO rally.task.runner [-] Task b5f2251c-58f0-4276-8d28-b3311d303466 | ITER: 4 START
2019-07-20 20:57:49.831 1759 RALLYDEBUG rally.task.utils [-] Waiting for resource u'0f8a18bf-fa08-430c-b02c-dce298f51a73'. Status changed: NONE => QUEUED in 0.312376976013
2019-07-20 20:57:49.838 1760 RALLYDEBUG rally.task.utils [-] Waiting for resource u'1353d799-31c7-4ec6-9fc9-0fa5e4c5435f'. Status changed: NONE => QUEUED in 0.231534957886
2019-07-20 20:57:49.932 1758 RALLYDEBUG rally.task.utils [-] Waiting for resource u'e977d790-fefd-4848-9881-2e605d99a061'. Status changed: NONE => QUEUED in 0.72735118866
2019-07-20 20:57:50.025 1757 RALLYDEBUG rally.task.utils [-] Waiting for resource u'82bcf6fc-fdf7-4efe-9aab-0c537bca2838'. Status changed: NONE => QUEUED in 0.533013105392
2019-07-20 20:57:51.333 1757 RALLYDEBUG rally.task.utils [-] Waiting for resource s_rally_30a93e18_7yhrpwvR. Status changed: QUEUED => ACTIVE in 0.300598144531
2019-07-20 20:57:51.695 1759 RALLYDEBUG rally.task.utils [-] Waiting for resource s_rally_30a93e18_qjAN18FV. Status changed: QUEUED => ACTIVE in 0.0169558525085
2019-07-20 20:57:51.876 1757 INFO rally.task.runner [-] Task b5f2251c-58f0-4276-8d28-b3311d303466 | ITER: 1 END: OK
2019-07-20 20:57:51.880 1757 INFO rally.task.runner [-] Task b5f2251c-58f0-4276-8d28-b3311d303466 | ITER: 5 START
2019-07-20 20:57:51.958 1760 RALLYDEBUG rally.task.utils [-] Waiting for resource s_rally_30a93e18_J7dDaUxR. Status changed: QUEUED => ACTIVE in 0.247090816498
2019-07-20 20:57:52.044 1758 RALLYDEBUG rally.task.utils [-] Waiting for resource s_rally_30a93e18_j5ShI4rQ. Status changed: QUEUED => ACTIVE in 0.314988851547
2019-07-20 20:57:52.764 1758 INFO rally.task.runner [-] Task b5f2251c-58f0-4276-8d28-b3311d303466 | ITER: 2 END: OK
2019-07-20 20:57:52.767 1758 INFO rally.task.runner [-] Task b5f2251c-58f0-4276-8d28-b3311d303466 | ITER: 6 START
2019-07-20 20:57:52.793 1760 INFO rally.task.runner [-] Task b5f2251c-58f0-4276-8d28-b3311d303466 | ITER: 4 END: OK
2019-07-20 20:57:52.797 1760 INFO rally.task.runner [-] Task b5f2251c-58f0-4276-8d28-b3311d303466 | ITER: 7 START
2019-07-20 20:57:53.021 1759 INFO rally.task.runner [-] Task b5f2251c-58f0-4276-8d28-b3311d303466 | ITER: 3 END: OK
2019-07-20 20:57:53.025 1759 INFO rally.task.runner [-] Task b5f2251c-58f0-4276-8d28-b3311d303466 | ITER: 8 START
2019-07-20 20:57:55.914 1757 RALLYDEBUG rally.task.utils [-] Waiting for resource u'c79a9fc8-1115-453e-ab5b-28f2ae9fa29b'. Status changed: NONE => QUEUED in 0.555243015289
2019-07-20 20:57:56.642 1757 RALLYDEBUG rally.task.utils [-] Waiting for resource s_rally_30a93e18_UNilquno. Status changed: QUEUED => ACTIVE in 0.017884016037
2019-07-20 20:57:56.734 1758 RALLYDEBUG rally.task.utils [-] Waiting for resource u'ef79d2c0-46f6-460e-95fd-c857f5c827d6'. Status changed: NONE => QUEUED in 0.586304187775
2019-07-20 20:57:56.836 1760 RALLYDEBUG rally.task.utils [-] Waiting for resource u'850506f6-7359-40d2-a3bd-0607d383028f'. Status changed: NONE => QUEUED in 0.581598997116
2019-07-20 20:57:57.131 1759 RALLYDEBUG rally.task.utils [-] Waiting for resource u'cb69a474-cffd-45bc-90e6-a92865b9ca2b'. Status changed: NONE => QUEUED in 0.508355140686
2019-07-20 20:57:57.352 1757 INFO rally.task.runner [-] Task b5f2251c-58f0-4276-8d28-b3311d303466 | ITER: 5 END: OK
2019-07-20 20:57:57.355 1757 INFO rally.task.runner [-] Task b5f2251c-58f0-4276-8d28-b3311d303466 | ITER: 9 START
2019-07-20 20:57:58.172 1760 RALLYDEBUG rally.task.utils [-] Waiting for resource s_rally_30a93e18_Ybs7pQQI. Status changed: QUEUED => ACTIVE in 0.217885017395
2019-07-20 20:57:58.289 1758 RALLYDEBUG rally.task.utils [-] Waiting for resource s_rally_30a93e18_Fu33HMHT. Status changed: QUEUED => ACTIVE in 0.315882921219
2019-07-20 20:57:58.598 1760 INFO rally.task.runner [-] Task b5f2251c-58f0-4276-8d28-b3311d303466 | ITER: 7 END: OK
2019-07-20 20:57:58.601 1760 INFO rally.task.runner [-] Task b5f2251c-58f0-4276-8d28-b3311d303466 | ITER: 10 START
2019-07-20 20:57:58.847 1759 RALLYDEBUG rally.task.utils [-] Waiting for resource s_rally_30a93e18_1DYOnVyw. Status changed: QUEUED => ACTIVE in 0.0175359249115
2019-07-20 20:57:58.883 1758 INFO rally.task.runner [-] Task b5f2251c-58f0-4276-8d28-b3311d303466 | ITER: 6 END: OK
2019-07-20 20:57:59.874 1759 INFO rally.task.runner [-] Task b5f2251c-58f0-4276-8d28-b3311d303466 | ITER: 8 END: OK
2019-07-20 20:58:00.937 1757 RALLYDEBUG rally.task.utils [-] Waiting for resource u'ab5c748d-2a7e-4053-b1e1-c4c644ee334b'. Status changed: NONE => QUEUED in 0.302170991898
2019-07-20 20:58:02.450 1757 RALLYDEBUG rally.task.utils [-] Waiting for resource s_rally_30a93e18_9lQpibWf. Status changed: QUEUED => ACTIVE in 0.297930955887
2019-07-20 20:58:02.611 1760 RALLYDEBUG rally.task.utils [-] Waiting for resource u'c993d599-5fb1-459c-af46-543f02a964b2'. Status changed: NONE => QUEUED in 0.502326965332
2019-07-20 20:58:03.266 1757 INFO rally.task.runner [-] Task b5f2251c-58f0-4276-8d28-b3311d303466 | ITER: 9 END: OK
2019-07-20 20:58:03.333 1760 RALLYDEBUG rally.task.utils [-] Waiting for resource s_rally_30a93e18_zAoEyUXp. Status changed: QUEUED => ACTIVE in 0.0190851688385
2019-07-20 20:58:04.040 1760 INFO rally.task.runner [-] Task b5f2251c-58f0-4276-8d28-b3311d303466 | ITER: 10 END: OK
2019-07-20 20:58:04.066 725 INFO rally.task.context [-] Task b5f2251c-58f0-4276-8d28-b3311d303466 | Context cleanup@openstack cleanup() started
2019-07-20 20:58:04.068 725 RALLYDEBUG rally_openstack.cleanup.manager [-] Cleaning up glance images objects
2019-07-20 20:58:08.076 725 RALLYDEBUG rally_openstack.cleanup.manager [-] Deleting glance.images object s_rally_30a93e18_EfP4whaN (c79a9fc8-1115-453e-ab5b-28f2ae9fa29b)
2019-07-20 20:58:08.082 725 RALLYDEBUG rally_openstack.cleanup.manager [-] Deleting glance.images object s_rally_30a93e18_sk4ljuRb (850506f6-7359-40d2-a3bd-0607d383028f)
2019-07-20 20:58:08.082 725 RALLYDEBUG rally_openstack.cleanup.manager [-] Deleting glance.images object s_rally_30a93e18_zYjfoFQd (1353d799-31c7-4ec6-9fc9-0fa5e4c5435f)
2019-07-20 20:58:08.092 725 RALLYDEBUG rally_openstack.cleanup.manager [-] Deleting glance.images object s_rally_30a93e18_NsRqA2ys (c993d599-5fb1-459c-af46-543f02a964b2)
2019-07-20 20:58:08.092 725 RALLYDEBUG rally_openstack.cleanup.manager [-] Deleting glance.images object s_rally_30a93e18_y9jYivMK (0f8a18bf-fa08-430c-b02c-dce298f51a73)
2019-07-20 20:58:08.092 725 RALLYDEBUG rally_openstack.cleanup.manager [-] Deleting glance.images object s_rally_30a93e18_7qugVm2x (cb69a474-cffd-45bc-90e6-a92865b9ca2b)
2019-07-20 20:58:08.095 725 RALLYDEBUG rally_openstack.cleanup.manager [-] Deleting glance.images object s_rally_30a93e18_e5QNyICk (82bcf6fc-fdf7-4efe-9aab-0c537bca2838)
2019-07-20 20:58:08.100 725 RALLYDEBUG rally_openstack.cleanup.manager [-] Deleting glance.images object s_rally_30a93e18_B9cmpH07 (ab5c748d-2a7e-4053-b1e1-c4c644ee334b)
2019-07-20 20:58:08.105 725 RALLYDEBUG rally_openstack.cleanup.manager [-] Deleting glance.images object s_rally_30a93e18_nS8BmEMw (ef79d2c0-46f6-460e-95fd-c857f5c827d6)
2019-07-20 20:58:08.117 725 RALLYDEBUG rally_openstack.cleanup.manager [-] Deleting glance.images object s_rally_30a93e18_tj7R83Hn (e977d790-fefd-4848-9881-2e605d99a061)
2019-07-20 20:58:10.485 725 DEBUG glanceclient.common.http [-] Request returned failure status 404. _handle_response /usr/lib/python2.7/site-packages/glanceclient/common/http.py:125
2019-07-20 20:58:10.505 725 DEBUG glanceclient.common.http [-] Request returned failure status 404. _handle_response /usr/lib/python2.7/site-packages/glanceclient/common/http.py:125
2019-07-20 20:58:10.529 725 DEBUG glanceclient.common.http [-] Request returned failure status 404. _handle_response /usr/lib/python2.7/site-packages/glanceclient/common/http.py:125
2019-07-20 20:58:10.694 725 DEBUG glanceclient.common.http [-] Request returned failure status 404. _handle_response /usr/lib/python2.7/site-packages/glanceclient/common/http.py:125
2019-07-20 20:58:10.731 725 DEBUG glanceclient.common.http [-] Request returned failure status 404. _handle_response /usr/lib/python2.7/site-packages/glanceclient/common/http.py:125
2019-07-20 20:58:10.734 725 DEBUG glanceclient.common.http [-] Request returned failure status 404. _handle_response /usr/lib/python2.7/site-packages/glanceclient/common/http.py:125
2019-07-20 20:58:10.797 725 DEBUG glanceclient.common.http [-] Request returned failure status 404. _handle_response /usr/lib/python2.7/site-packages/glanceclient/common/http.py:125
2019-07-20 20:58:10.807 725 DEBUG glanceclient.common.http [-] Request returned failure status 404. _handle_response /usr/lib/python2.7/site-packages/glanceclient/common/http.py:125
2019-07-20 20:58:10.851 725 DEBUG glanceclient.common.http [-] Request returned failure status 404. _handle_response /usr/lib/python2.7/site-packages/glanceclient/common/http.py:125
2019-07-20 20:58:10.948 725 DEBUG glanceclient.common.http [-] Request returned failure status 404. _handle_response /usr/lib/python2.7/site-packages/glanceclient/common/http.py:125
2019-07-20 20:58:11.044 725 DEBUG glanceclient.common.http [-] Request returned failure status 404. _handle_response /usr/lib/python2.7/site-packages/glanceclient/common/http.py:125
2019-07-20 20:58:11.050 725 DEBUG glanceclient.common.http [-] Request returned failure status 404. _handle_response /usr/lib/python2.7/site-packages/glanceclient/common/http.py:125
2019-07-20 20:58:11.336 725 DEBUG glanceclient.common.http [-] Request returned failure status 404. _handle_response /usr/lib/python2.7/site-packages/glanceclient/common/http.py:125
2019-07-20 20:58:11.516 725 DEBUG glanceclient.common.http [-] Request returned failure status 404. _handle_response /usr/lib/python2.7/site-packages/glanceclient/common/http.py:125
2019-07-20 20:58:11.553 725 DEBUG glanceclient.common.http [-] Request returned failure status 404. _handle_response /usr/lib/python2.7/site-packages/glanceclient/common/http.py:125
2019-07-20 20:58:11.581 725 DEBUG glanceclient.common.http [-] Request returned failure status 404. _handle_response /usr/lib/python2.7/site-packages/glanceclient/common/http.py:125
2019-07-20 20:58:11.636 725 DEBUG glanceclient.common.http [-] Request returned failure status 404. _handle_response /usr/lib/python2.7/site-packages/glanceclient/common/http.py:125
2019-07-20 20:58:11.650 725 DEBUG glanceclient.common.http [-] Request returned failure status 404. _handle_response /usr/lib/python2.7/site-packages/glanceclient/common/http.py:125
2019-07-20 20:58:11.763 725 DEBUG glanceclient.common.http [-] Request returned failure status 404. _handle_response /usr/lib/python2.7/site-packages/glanceclient/common/http.py:125
2019-07-20 20:58:11.835 725 DEBUG glanceclient.common.http [-] Request returned failure status 404. _handle_response /usr/lib/python2.7/site-packages/glanceclient/common/http.py:125
2019-07-20 20:58:12.837 725 INFO rally.task.context [-] Task b5f2251c-58f0-4276-8d28-b3311d303466 | Context cleanup@openstack cleanup() finished in 8.77 sec
2019-07-20 20:58:12.838 725 INFO rally.task.context [-] Task b5f2251c-58f0-4276-8d28-b3311d303466 | Context users@openstack cleanup() started
2019-07-20 20:58:21.344 725 INFO rally.task.context [-] Task b5f2251c-58f0-4276-8d28-b3311d303466 | Context users@openstack cleanup() finished in 8.51 sec
2019-07-20 20:58:23.286 725 INFO rally.task.engine [-] Load duration is: 17.210306
2019-07-20 20:58:23.286 725 INFO rally.task.engine [-] Full runner duration is: 18.11856
2019-07-20 20:58:23.287 725 INFO rally.task.engine [-] Full duration is: 40.267442
2019-07-20 20:58:23.491 725 INFO rally.task.engine [-] Task b5f2251c-58f0-4276-8d28-b3311d303466 | Completed: Running task.
2019-07-20 20:58:24.421 1839 RALLYDEBUG rally.api [-] INFO logs from urllib3 and requests module are hide.
2019-07-20 20:58:24.421 1839 RALLYDEBUG rally.api [-] urllib3 insecure warnings are hidden.
2019-07-20 20:58:24.421 1839 RALLYDEBUG rally.api [-] ERROR log from boto module is hide.
2019-07-20 20:58:25.161 1840 RALLYDEBUG rally.api [-] INFO logs from urllib3 and requests module are hide.
2019-07-20 20:58:25.161 1840 RALLYDEBUG rally.api [-] urllib3 insecure warnings are hidden.
2019-07-20 20:58:25.161 1840 RALLYDEBUG rally.api [-] ERROR log from boto module is hide.
2019-07-20 20:58:26.337 1840 INFO rally.api [-] Building 'json' report for the following task(s): 'b5f2251c-58f0-4276-8d28-b3311d303466'.
2019-07-20 20:58:26.354 1840 INFO rally.api [-] The report has been successfully built.
2019-07-20 20:58:27.151 1842 RALLYDEBUG rally.api [-] INFO logs from urllib3 and requests module are hide.
2019-07-20 20:58:27.151 1842 RALLYDEBUG rally.api [-] urllib3 insecure warnings are hidden.
2019-07-20 20:58:27.151 1842 RALLYDEBUG rally.api [-] ERROR log from boto module is hide.
2019-07-20 20:58:28.681 1842 INFO rally.task.engine [-] Task 24f518ff-422a-4668-a9e8-42ede00eeaac | Starting: Task validation.
2019-07-20 20:58:28.730 1842 INFO rally.task.engine [-] Task 24f518ff-422a-4668-a9e8-42ede00eeaac | Starting: Task validation of syntax.
2019-07-20 20:58:29.050 1842 INFO rally.task.engine [-] Task 24f518ff-422a-4668-a9e8-42ede00eeaac | Completed: Task validation of syntax.
2019-07-20 20:58:29.050 1842 INFO rally.task.engine [-] Task 24f518ff-422a-4668-a9e8-42ede00eeaac | Starting: Task validation of required platforms.
2019-07-20 20:58:29.153 1842 INFO rally.task.engine [-] Task 24f518ff-422a-4668-a9e8-42ede00eeaac | Completed: Task validation of required platforms.
2019-07-20 20:58:29.153 1842 INFO rally.task.engine [-] Task 24f518ff-422a-4668-a9e8-42ede00eeaac | Starting: Task validation of semantic.
2019-07-20 20:58:29.154 1842 INFO rally.task.engine [-] Check health of the environment 'b6a72c04-2940-4a01-953a-78713bc04371'.
2019-07-20 20:58:30.008 1842 INFO rally.task.engine [-] Platform existing@openstack (available: True): OK!
2019-07-20 20:58:30.026 1842 RALLYDEBUG rally_openstack.contexts.keystone.users [-] Creating 1 tenants using 20 threads
2019-07-20 20:58:31.925 1842 RALLYDEBUG rally_openstack.contexts.keystone.users [-] Creating 1 users using 20 threads
2019-07-20 20:58:34.861 1842 INFO rally.task.context [-] Task 24f518ff-422a-4668-a9e8-42ede00eeaac | Context users@openstack setup() finished in 4.83 sec
2019-07-20 20:58:35.796 1842 DEBUG novaclient.v2.client [-] REQ: curl -g -i -X GET http://172.30.9.47:8774/v2.1/flavors/detail -H "Accept: application/json" -H "User-Agent: python-novaclient" -H "X-Auth-Token: {SHA1}dc5da481afc675df65f290bd951253f38907dc37" _http_log_request /usr/lib/python2.7/site-packages/keystoneauth1/session.py:448
2019-07-20 20:58:36.100 1842 DEBUG novaclient.v2.client [-] RESP: [200] Content-Encoding: gzip Content-Length: 366 Content-Type: application/json Date: Sat, 20 Jul 2019 20:58:35 GMT OpenStack-API-Version: compute 2.1 Server: Apache Vary: OpenStack-API-Version,X-OpenStack-Nova-API-Version,Accept-Encoding X-OpenStack-Nova-API-Version: 2.1 x-compute-request-id: req-28d99b77-fe6c-4445-97ed-3d3e06f949d6 x-openstack-request-id: req-28d99b77-fe6c-4445-97ed-3d3e06f949d6 _http_log_response /usr/lib/python2.7/site-packages/keystoneauth1/session.py:479
2019-07-20 20:58:36.100 1842 DEBUG novaclient.v2.client [-] RESP BODY: {"flavors": [{"name": "rally_full-flavor_alt_a1089e91-d8c5-49c9-bff0-0cdba4eb3e3d", "links": [{"href": "http://172.30.9.47:8774/v2.1/flavors/50467cb4-066c-4b77-8996-7a70183135f4", "rel": "self"}, {"href": "http://172.30.9.47:8774/flavors/50467cb4-066c-4b77-8996-7a70183135f4", "rel": "bookmark"}], "ram": 1024, "OS-FLV-DISABLED:disabled": false, "vcpus": 1, "swap": "", "os-flavor-access:is_public": true, "rxtx_factor": 1.0, "OS-FLV-EXT-DATA:ephemeral": 0, "disk": 1, "id": "50467cb4-066c-4b77-8996-7a70183135f4"}, {"name": "rally_full-flavor_a1089e91-d8c5-49c9-bff0-0cdba4eb3e3d", "links": [{"href": "http://172.30.9.47:8774/v2.1/flavors/766fd521-029e-4d7b-9ab6-2c1439b6cf09", "rel": "self"}, {"href": "http://172.30.9.47:8774/flavors/766fd521-029e-4d7b-9ab6-2c1439b6cf09", "rel": "bookmark"}], "ram": 512, "OS-FLV-DISABLED:disabled": false, "vcpus": 1, "swap": "", "os-flavor-access:is_public": true, "rxtx_factor": 1.0, "OS-FLV-EXT-DATA:ephemeral": 0, "disk": 1, "id": "766fd521-029e-4d7b-9ab6-2c1439b6cf09"}]} _http_log_response /usr/lib/python2.7/site-packages/keystoneauth1/session.py:511
