2019-07-20 21:16:22.176 4170 INFO rally.task.runner [-] Task 24f518ff-422a-4668-a9e8-42ede00eeaac | ITER: 5 START
2019-07-20 21:16:22.295 4172 RALLYDEBUG rally.task.utils [-] Waiting for resource s_rally_6affb1c6_PI0o42jO. Status changed: AVAILABLE => DELETING in 0.354516029358
2019-07-20 21:16:22.355 4171 RALLYDEBUG rally.task.utils [-] Waiting for resource s_rally_6affb1c6_eLVhvpE2. Status changed: AVAILABLE => DELETING in 0.348835945129
2019-07-20 21:16:22.480 4173 RALLYDEBUG rally.task.utils [-] Waiting for resource s_rally_6affb1c6_JVFExLcS. Status changed: AVAILABLE => DELETING in 0.346740007401
2019-07-20 21:16:24.594 4172 INFO rally.task.runner [-] Task 24f518ff-422a-4668-a9e8-42ede00eeaac | ITER: 3 END: OK
2019-07-20 21:16:24.600 4172 INFO rally.task.runner [-] Task 24f518ff-422a-4668-a9e8-42ede00eeaac | ITER: 6 START
2019-07-20 21:16:24.669 4171 INFO rally.task.runner [-] Task 24f518ff-422a-4668-a9e8-42ede00eeaac | ITER: 2 END: OK
2019-07-20 21:16:24.674 4171 INFO rally.task.runner [-] Task 24f518ff-422a-4668-a9e8-42ede00eeaac | ITER: 7 START
2019-07-20 21:16:24.809 4173 INFO rally.task.runner [-] Task 24f518ff-422a-4668-a9e8-42ede00eeaac | ITER: 4 END: OK
2019-07-20 21:16:24.814 4173 INFO rally.task.runner [-] Task 24f518ff-422a-4668-a9e8-42ede00eeaac | ITER: 8 START
2019-07-20 21:16:26.788 4170 RALLYDEBUG rally.task.utils [-] Waiting for resource s_rally_6affb1c6_8qdBBh50. Status changed: AVAILABLE => DELETING in 0.356565952301
2019-07-20 21:16:28.943 4172 RALLYDEBUG rally.task.utils [-] Waiting for resource s_rally_6affb1c6_yehjqjo0. Status changed: AVAILABLE => DELETING in 0.337559938431
2019-07-20 21:16:28.970 4171 RALLYDEBUG rally.task.utils [-] Waiting for resource s_rally_6affb1c6_mMOqj7YM. Status changed: AVAILABLE => DELETING in 0.437486171722
2019-07-20 21:16:29.113 4170 INFO rally.task.runner [-] Task 24f518ff-422a-4668-a9e8-42ede00eeaac | ITER: 5 END: OK
2019-07-20 21:16:29.119 4170 INFO rally.task.runner [-] Task 24f518ff-422a-4668-a9e8-42ede00eeaac | ITER: 9 START
2019-07-20 21:16:29.373 4173 RALLYDEBUG rally.task.utils [-] Waiting for resource s_rally_6affb1c6_mybcExCL. Status changed: AVAILABLE => DELETING in 0.346921920776
2019-07-20 21:16:31.011 4171 INFO rally.task.runner [-] Task 24f518ff-422a-4668-a9e8-42ede00eeaac | ITER: 7 END: OK
2019-07-20 21:16:31.017 4171 INFO rally.task.runner [-] Task 24f518ff-422a-4668-a9e8-42ede00eeaac | ITER: 10 START
2019-07-20 21:16:31.126 4172 INFO rally.task.runner [-] Task 24f518ff-422a-4668-a9e8-42ede00eeaac | ITER: 6 END: OK
2019-07-20 21:16:31.413 4173 INFO rally.task.runner [-] Task 24f518ff-422a-4668-a9e8-42ede00eeaac | ITER: 8 END: OK
2019-07-20 21:16:33.422 4170 INFO rally.task.runner [-] Task 24f518ff-422a-4668-a9e8-42ede00eeaac | ITER: 9 END: OK
2019-07-20 21:16:35.130 4171 INFO rally.task.runner [-] Task 24f518ff-422a-4668-a9e8-42ede00eeaac | ITER: 10 END: OK
2019-07-20 21:16:35.158 1842 INFO rally.task.context [-] Task 24f518ff-422a-4668-a9e8-42ede00eeaac | Context cleanup@openstack cleanup() started
2019-07-20 21:16:35.160 1842 RALLYDEBUG rally_openstack.cleanup.manager [-] Cleaning up cinder backups objects
2019-07-20 21:16:37.399 1842 RALLYDEBUG rally_openstack.cleanup.manager [-] Cleaning up cinder volume_snapshots objects
2019-07-20 21:16:39.670 1842 RALLYDEBUG rally_openstack.cleanup.manager [-] Cleaning up cinder transfers objects
2019-07-20 21:16:41.968 1842 RALLYDEBUG rally_openstack.cleanup.manager [-] Cleaning up cinder volumes objects
2019-07-20 21:16:44.212 1842 INFO rally.task.context [-] Task 24f518ff-422a-4668-a9e8-42ede00eeaac | Context cleanup@openstack cleanup() finished in 9.05 sec
2019-07-20 21:16:44.212 1842 INFO rally.task.context [-] Task 24f518ff-422a-4668-a9e8-42ede00eeaac | Context quotas@openstack cleanup() started
2019-07-20 21:16:45.081 1842 INFO rally.task.context [-] Task 24f518ff-422a-4668-a9e8-42ede00eeaac | Context quotas@openstack cleanup() finished in 0.87 sec
2019-07-20 21:16:45.081 1842 INFO rally.task.context [-] Task 24f518ff-422a-4668-a9e8-42ede00eeaac | Context api_versions@openstack cleanup() started
2019-07-20 21:16:45.081 1842 INFO rally.task.context [-] Task 24f518ff-422a-4668-a9e8-42ede00eeaac | Context api_versions@openstack cleanup() finished in 0.31 msec
2019-07-20 21:16:45.082 1842 INFO rally.task.context [-] Task 24f518ff-422a-4668-a9e8-42ede00eeaac | Context users@openstack cleanup() started
2019-07-20 21:16:53.783 1842 INFO rally.task.context [-] Task 24f518ff-422a-4668-a9e8-42ede00eeaac | Context users@openstack cleanup() finished in 8.70 sec
2019-07-20 21:16:55.156 1842 INFO rally.task.engine [-] Load duration is: 17.170083
2019-07-20 21:16:55.156 1842 INFO rally.task.engine [-] Full runner duration is: 17.225913
2019-07-20 21:16:55.156 1842 INFO rally.task.engine [-] Full duration is: 42.817544
2019-07-20 21:16:55.324 1842 INFO rally.task.engine [-] Running workload: position = 1 config = { "version": 2, "title": "A cropped version of a bigger task.", "description": "Auto-generated task from a single workload (uuid=6dcf3480-c88b-4554-9981-3f4b32db4168)", "subtasks": [ { "title": "CinderVolumes.create_and_delete_volume", "description": "Create and then delete a volume.", "scenario": { "CinderVolumes.create_and_delete_volume": { "image": { "name": "rally_full-img_a1089e91-d8c5-49c9-bff0-0cdba4eb3e3d" }, "size": 1 } }, "contexts": { "users": { "tenants": 3, "users_per_tenant": 2 }, "quotas": { "cinder": { "gigabytes": -1, "snapshots": -1, "volumes": -1 } }, "api_versions": { "cinder": { "version": 3, "service_type": "volumev3" } } }, "runner": { "constant": { "concurrency": 4, "times": 10 } }, "hooks": [], "sla": { "failure_rate": { "max": 0 } } } ] }
2019-07-20 21:16:55.346 1842 RALLYDEBUG rally_openstack.contexts.keystone.users [-] Creating 3 tenants using 20 threads
2019-07-20 21:16:57.191 1842 RALLYDEBUG rally_openstack.contexts.keystone.users [-] Creating 6 users using 20 threads
2019-07-20 21:17:00.309 1842 INFO rally.task.context [-] Task 24f518ff-422a-4668-a9e8-42ede00eeaac | Context users@openstack setup() finished in 4.96 sec
2019-07-20 21:17:00.746 1842 INFO rally.task.context [-] Task 24f518ff-422a-4668-a9e8-42ede00eeaac | Context api_versions@openstack setup() finished in 0.44 sec
2019-07-20 21:17:02.410 1842 INFO rally.task.context [-] Task 24f518ff-422a-4668-a9e8-42ede00eeaac | Context quotas@openstack setup() finished in 1.66 sec
2019-07-20 21:17:02.411 1842 INFO rally.task.context [-] Task 24f518ff-422a-4668-a9e8-42ede00eeaac | Context cleanup@openstack setup() finished in 0.00 msec
2019-07-20 21:17:03.468 1842 RALLYDEBUG rally.task.runner [-] Starting the constant runner (task UUID: 24f518ff-422a-4668-a9e8-42ede00eeaac). timeout: 0 concurrency: 4 concurrency_per_worker: 1 times: 10 concurrency_overhead: 0 processes_to_start: 4 max_cpu_used: 16
2019-07-20 21:17:03.482 4354 RALLYDEBUG rally.task.runner [-] Starting a worker. concurrency: 1 args: {"image": "d041290f-95aa-435d-bbc7-f2cd7fb4431a", "size": 1} times: 10 method_name: run timeout: 0 duration: None cls:
2019-07-20 21:17:03.484 4355 RALLYDEBUG rally.task.runner [-] Starting a worker. concurrency: 1 args: {"image": "d041290f-95aa-435d-bbc7-f2cd7fb4431a", "size": 1} times: 10 method_name: run timeout: 0 duration: None cls:
2019-07-20 21:17:03.487 4356 RALLYDEBUG rally.task.runner [-] Starting a worker. concurrency: 1 args: {"image": "d041290f-95aa-435d-bbc7-f2cd7fb4431a", "size": 1} times: 10 method_name: run timeout: 0 duration: None cls:
2019-07-20 21:17:03.490 4357 RALLYDEBUG rally.task.runner [-] Starting a worker. concurrency: 1 args: {"image": "d041290f-95aa-435d-bbc7-f2cd7fb4431a", "size": 1} times: 10 method_name: run timeout: 0 duration: None cls:
2019-07-20 21:17:03.491 4354 INFO rally.task.runner [-] Task 24f518ff-422a-4668-a9e8-42ede00eeaac | ITER: 1 START
2019-07-20 21:17:03.492 4355 INFO rally.task.runner [-] Task 24f518ff-422a-4668-a9e8-42ede00eeaac | ITER: 2 START
2019-07-20 21:17:03.495 4356 INFO rally.task.runner [-] Task 24f518ff-422a-4668-a9e8-42ede00eeaac | ITER: 3 START
2019-07-20 21:17:03.496 4357 INFO rally.task.runner [-] Task 24f518ff-422a-4668-a9e8-42ede00eeaac | ITER: 4 START
2019-07-20 21:17:13.241 4355 RALLYDEBUG rally.task.utils [-] Waiting for resource s_rally_6dcf3480_qWoWxKBO. Status changed: CREATING => DOWNLOADING in 5.26974010468
2019-07-20 21:17:13.491 4354 RALLYDEBUG rally.task.utils [-] Waiting for resource s_rally_6dcf3480_ZzmsFP12. Status changed: CREATING => DOWNLOADING in 5.08619308472
2019-07-20 21:17:13.780 4356 RALLYDEBUG rally.task.utils [-] Waiting for resource s_rally_6dcf3480_HlOUtfmc. Status changed: CREATING => DOWNLOADING in 5.32501220703
2019-07-20 21:17:13.887 4357 RALLYDEBUG rally.task.utils [-] Waiting for resource s_rally_6dcf3480_vLZxudzc. Status changed: CREATING => DOWNLOADING in 5.40336585045
2019-07-20 21:17:22.866 4356 RALLYDEBUG rally.task.utils [-] Waiting for resource s_rally_6dcf3480_HlOUtfmc. Status changed: DOWNLOADING => AVAILABLE in 9.08635783195
2019-07-20 21:17:23.143 4357 RALLYDEBUG rally.task.utils [-] Waiting for resource s_rally_6dcf3480_vLZxudzc. Status changed: DOWNLOADING => AVAILABLE in 9.25696206093
2019-07-20 21:17:23.288 4356 RALLYDEBUG rally.task.utils [-] Waiting for resource s_rally_6dcf3480_HlOUtfmc. Status changed: AVAILABLE => DELETING in 0.0595619678497
2019-07-20 21:17:23.703 4357 RALLYDEBUG rally.task.utils [-] Waiting for resource s_rally_6dcf3480_vLZxudzc. Status changed: AVAILABLE => DELETING in 0.25343298912
2019-07-20 21:17:24.682 4355 RALLYDEBUG rally.task.utils [-] Waiting for resource s_rally_6dcf3480_qWoWxKBO. Status changed: DOWNLOADING => AVAILABLE in 11.441398859
2019-07-20 21:17:25.134 4355 RALLYDEBUG rally.task.utils [-] Waiting for resource s_rally_6dcf3480_qWoWxKBO. Status changed: AVAILABLE => DELETING in 0.0614120960236
2019-07-20 21:17:25.204 4354 RALLYDEBUG rally.task.utils [-] Waiting for resource s_rally_6dcf3480_ZzmsFP12. Status changed: DOWNLOADING => AVAILABLE in 11.7129528522
2019-07-20 21:17:25.624 4354 INFO rally.task.runner [-] Task 24f518ff-422a-4668-a9e8-42ede00eeaac | ITER: 1 END: OK
2019-07-20 21:17:25.626 4356 INFO rally.task.runner [-] Task 24f518ff-422a-4668-a9e8-42ede00eeaac | ITER: 3 END: OK
2019-07-20 21:17:25.629 4354 INFO rally.task.runner [-] Task 24f518ff-422a-4668-a9e8-42ede00eeaac | ITER: 5 START
2019-07-20 21:17:25.632 4356 INFO rally.task.runner [-] Task 24f518ff-422a-4668-a9e8-42ede00eeaac | ITER: 6 START
2019-07-20 21:17:25.963 4357 INFO rally.task.runner [-] Task 24f518ff-422a-4668-a9e8-42ede00eeaac | ITER: 4 END: OK
2019-07-20 21:17:25.969 4357 INFO rally.task.runner [-] Task 24f518ff-422a-4668-a9e8-42ede00eeaac | ITER: 7 START
2019-07-20 21:17:27.433 4355 INFO rally.task.runner [-] Task 24f518ff-422a-4668-a9e8-42ede00eeaac | ITER: 2 END: OK
2019-07-20 21:17:27.438 4355 INFO rally.task.runner [-] Task 24f518ff-422a-4668-a9e8-42ede00eeaac | ITER: 8 START
2019-07-20 21:17:33.236 4354 RALLYDEBUG rally.task.utils [-] Waiting for resource s_rally_6dcf3480_v7M61WOY. Status changed: CREATING => DOWNLOADING in 2.64936184883
2019-07-20 21:17:33.643 4357 RALLYDEBUG rally.task.utils [-] Waiting for resource s_rally_6dcf3480_CzdlZ9Ik. Status changed: CREATING => DOWNLOADING in 3.10267615318
2019-07-20 21:17:35.641 4356 RALLYDEBUG rally.task.utils [-] Waiting for resource s_rally_6dcf3480_yt8FZ99U. Status changed: CREATING => DOWNLOADING in 5.32098293304
2019-07-20 21:17:42.540 4354 RALLYDEBUG rally.task.utils [-] Waiting for resource s_rally_6dcf3480_v7M61WOY. Status changed: DOWNLOADING => AVAILABLE in 9.30415606499
2019-07-20 21:17:42.547 4356 RALLYDEBUG rally.task.utils [-] Waiting for resource s_rally_6dcf3480_yt8FZ99U. Status changed: DOWNLOADING => AVAILABLE in 6.90618896484
2019-07-20 21:17:42.750 4357 RALLYDEBUG rally.task.utils [-] Waiting for resource s_rally_6dcf3480_CzdlZ9Ik. Status changed: DOWNLOADING => AVAILABLE in 9.10646486282
2019-07-20 21:17:42.991 4356 RALLYDEBUG rally.task.utils [-] Waiting for resource s_rally_6dcf3480_yt8FZ99U. Status changed: AVAILABLE => DELETING in 0.0556170940399
2019-07-20 21:17:43.332 4354 RALLYDEBUG rally.task.utils [-] Waiting for resource s_rally_6dcf3480_v7M61WOY. Status changed: AVAILABLE => DELETING in 0.338109970093
2019-07-20 21:17:43.377 4357 RALLYDEBUG rally.task.utils [-] Waiting for resource s_rally_6dcf3480_CzdlZ9Ik. Status changed: AVAILABLE => DELETING in 0.327165126801
2019-07-20 21:17:44.255 4355 RALLYDEBUG rally.task.utils [-] Waiting for resource s_rally_6dcf3480_k5dyfYGP. Status changed: CREATING => DOWNLOADING in 12.4930400848
2019-07-20 21:17:45.590 4357 INFO rally.task.runner [-] Task 24f518ff-422a-4668-a9e8-42ede00eeaac | ITER: 7 END: OK
2019-07-20 21:17:45.596 4357 INFO rally.task.runner [-] Task 24f518ff-422a-4668-a9e8-42ede00eeaac | ITER: 9 START
2019-07-20 21:17:46.511 4355 RALLYDEBUG rally.task.utils [-] Waiting for resource s_rally_6dcf3480_k5dyfYGP. Status changed: DOWNLOADING => AVAILABLE in 2.25625896454
2019-07-20 21:17:47.172 4355 INFO rally.task.runner [-] Task 24f518ff-422a-4668-a9e8-42ede00eeaac | ITER: 8 END: OK
2019-07-20 21:17:47.176 4355 INFO rally.task.runner [-] Task 24f518ff-422a-4668-a9e8-42ede00eeaac | ITER: 10 START
2019-07-20 21:17:47.638 4356 INFO rally.task.runner [-] Task 24f518ff-422a-4668-a9e8-42ede00eeaac | ITER: 6 END: OK
2019-07-20 21:17:47.708 4354 INFO rally.task.runner [-] Task 24f518ff-422a-4668-a9e8-42ede00eeaac | ITER: 5 END: OK
2019-07-20 21:17:53.746 4357 RALLYDEBUG rally.task.utils [-] Waiting for resource s_rally_6dcf3480_J5iiitUi. Status changed: CREATING => DOWNLOADING in 2.94633197784
2019-07-20 21:17:56.101 4357 RALLYDEBUG rally.task.utils [-] Waiting for resource s_rally_6dcf3480_J5iiitUi. Status changed: DOWNLOADING => AVAILABLE in 2.35507082939
2019-07-20 21:17:56.932 4357 INFO rally.task.runner [-] Task 24f518ff-422a-4668-a9e8-42ede00eeaac | ITER: 9 END: OK
2019-07-20 21:17:57.547 4355 RALLYDEBUG rally.task.utils [-] Waiting for resource s_rally_6dcf3480_aCknpgUO. Status changed: CREATING => DOWNLOADING in 5.09216499329
2019-07-20 21:18:02.143 4355 RALLYDEBUG rally.task.utils [-] Waiting for resource s_rally_6dcf3480_aCknpgUO. Status changed: DOWNLOADING => AVAILABLE in 4.59654998779
2019-07-20 21:18:02.823 4355 INFO rally.task.runner [-] Task 24f518ff-422a-4668-a9e8-42ede00eeaac | ITER: 10 END: OK
2019-07-20 21:18:02.852 1842 INFO rally.task.context [-] Task 24f518ff-422a-4668-a9e8-42ede00eeaac | Context cleanup@openstack cleanup() started
2019-07-20 21:18:02.854 1842 RALLYDEBUG rally_openstack.cleanup.manager [-] Cleaning up cinder backups objects
2019-07-20 21:18:05.089 1842 RALLYDEBUG rally_openstack.cleanup.manager [-] Cleaning up cinder volume_snapshots objects
2019-07-20 21:18:07.295 1842 RALLYDEBUG rally_openstack.cleanup.manager [-] Cleaning up cinder transfers objects
2019-07-20 21:18:09.729 1842 RALLYDEBUG rally_openstack.cleanup.manager [-] Cleaning up cinder volumes objects
2019-07-20 21:18:12.061 1842 INFO rally.task.context [-] Task 24f518ff-422a-4668-a9e8-42ede00eeaac | Context cleanup@openstack cleanup() finished in 9.21 sec
2019-07-20 21:18:12.061 1842 INFO rally.task.context [-] Task 24f518ff-422a-4668-a9e8-42ede00eeaac | Context quotas@openstack cleanup() started
2019-07-20 21:18:12.938 1842 INFO rally.task.context [-] Task 24f518ff-422a-4668-a9e8-42ede00eeaac | Context quotas@openstack cleanup() finished in 0.88 sec
2019-07-20 21:18:12.938 1842 INFO rally.task.context [-] Task 24f518ff-422a-4668-a9e8-42ede00eeaac | Context api_versions@openstack cleanup() started
2019-07-20 21:18:12.939 1842 INFO rally.task.context [-] Task 24f518ff-422a-4668-a9e8-42ede00eeaac | Context api_versions@openstack cleanup() finished in 0.32 msec
2019-07-20 21:18:12.939 1842 INFO rally.task.context [-] Task 24f518ff-422a-4668-a9e8-42ede00eeaac | Context users@openstack cleanup() started
2019-07-20 21:18:21.759 1842 INFO rally.task.context [-] Task 24f518ff-422a-4668-a9e8-42ede00eeaac | Context users@openstack cleanup() finished in 8.82 sec
2019-07-20 21:18:23.673 1842 INFO rally.task.engine [-] Load duration is: 59.3265
2019-07-20 21:18:23.673 1842 INFO rally.task.engine [-] Full runner duration is: 59.384048
2019-07-20 21:18:23.674 1842 INFO rally.task.engine [-] Full duration is: 86.416561
2019-07-20 21:18:23.830 1842 INFO rally.task.engine [-] Running workload: position = 2 config = { "version": 2, "title": "A cropped version of a bigger task.", "description": "Auto-generated task from a single workload (uuid=900fb0f3-1adb-4710-93da-8342bbd61511)", "subtasks": [ { "title": "CinderVolumes.create_and_delete_volume", "description": "Create and then delete a volume.", "scenario": { "CinderVolumes.create_and_delete_volume": { "size": 1 } }, "contexts": { "users": { "tenants": 3, "users_per_tenant": 2 }, "quotas": { "cinder": { "gigabytes": -1, "snapshots": -1, "volumes": -1 } }, "api_versions": { "cinder": { "version": 3, "service_type": "volumev3" } } }, "runner": { "constant": { "concurrency": 4, "times": 10 } }, "hooks": [], "sla": { "failure_rate": { "max": 0 } } } ] }
2019-07-20 21:18:23.854 1842 RALLYDEBUG rally_openstack.contexts.keystone.users [-] Creating 3 tenants using 20 threads
2019-07-20 21:18:25.718 1842 RALLYDEBUG rally_openstack.contexts.keystone.users [-] Creating 6 users using 20 threads
2019-07-20 21:18:28.462 1842 INFO rally.task.context [-] Task 24f518ff-422a-4668-a9e8-42ede00eeaac | Context users@openstack setup() finished in 4.61 sec
2019-07-20 21:18:28.910 1842 INFO rally.task.context [-] Task 24f518ff-422a-4668-a9e8-42ede00eeaac | Context api_versions@openstack setup() finished in 0.45 sec
2019-07-20 21:18:30.683 1842 INFO rally.task.context [-] Task 24f518ff-422a-4668-a9e8-42ede00eeaac | Context quotas@openstack setup() finished in 1.77 sec
2019-07-20 21:18:30.684 1842 INFO rally.task.context [-] Task 24f518ff-422a-4668-a9e8-42ede00eeaac | Context cleanup@openstack setup() finished in 0.01 msec
2019-07-20 21:18:30.691 1842 RALLYDEBUG rally.task.runner [-] Starting the constant runner (task UUID: 24f518ff-422a-4668-a9e8-42ede00eeaac). timeout: 0 concurrency: 4 concurrency_per_worker: 1 times: 10 concurrency_overhead: 0 processes_to_start: 4 max_cpu_used: 16
2019-07-20 21:18:30.704 4538 RALLYDEBUG rally.task.runner [-] Starting a worker. concurrency: 1 args: {"size": 1} times: 10 method_name: run timeout: 0 duration: None cls:
2019-07-20 21:18:30.707 4539 RALLYDEBUG rally.task.runner [-] Starting a worker. concurrency: 1 args: {"size": 1} times: 10 method_name: run timeout: 0 duration: None cls:
2019-07-20 21:18:30.710 4540 RALLYDEBUG rally.task.runner [-] Starting a worker. concurrency: 1 args: {"size": 1} times: 10 method_name: run timeout: 0 duration: None cls:
2019-07-20 21:18:30.712 4538 INFO rally.task.runner [-] Task 24f518ff-422a-4668-a9e8-42ede00eeaac | ITER: 1 START
2019-07-20 21:18:30.712 4541 RALLYDEBUG rally.task.runner [-] Starting a worker. concurrency: 1 args: {"size": 1} times: 10 method_name: run timeout: 0 duration: None cls:
2019-07-20 21:18:30.714 4539 INFO rally.task.runner [-] Task 24f518ff-422a-4668-a9e8-42ede00eeaac | ITER: 2 START
2019-07-20 21:18:30.718 4540 INFO rally.task.runner [-] Task 24f518ff-422a-4668-a9e8-42ede00eeaac | ITER: 3 START
2019-07-20 21:18:30.720 4541 INFO rally.task.runner [-] Task 24f518ff-422a-4668-a9e8-42ede00eeaac | ITER: 4 START
2019-07-20 21:18:34.930 4540 INFO rally.task.runner [-] Task 24f518ff-422a-4668-a9e8-42ede00eeaac | ITER: 3 END: OK
2019-07-20 21:18:34.935 4540 INFO rally.task.runner [-] Task 24f518ff-422a-4668-a9e8-42ede00eeaac | ITER: 5 START
2019-07-20 21:18:35.187 4538 RALLYDEBUG rally.task.utils [-] Waiting for resource s_rally_900fb0f3_PLAengaC. Status changed: AVAILABLE => DELETING in 0.324117183685
2019-07-20 21:18:35.322 4541 RALLYDEBUG rally.task.utils [-] Waiting for resource s_rally_900fb0f3_J24InEne. Status changed: AVAILABLE => DELETING in 0.315320968628
2019-07-20 21:18:35.370 4539 RALLYDEBUG rally.task.utils [-] Waiting for resource s_rally_900fb0f3_Z9pyxhWp. Status changed: AVAILABLE => DELETING in 0.349964857101
2019-07-20 21:18:37.410 4539 INFO rally.task.runner [-] Task 24f518ff-422a-4668-a9e8-42ede00eeaac | ITER: 2 END: OK
2019-07-20 21:18:37.415 4539 INFO rally.task.runner [-] Task 24f518ff-422a-4668-a9e8-42ede00eeaac | ITER: 6 START
2019-07-20 21:18:37.517 4538 INFO rally.task.runner [-] Task 24f518ff-422a-4668-a9e8-42ede00eeaac | ITER: 1 END: OK
2019-07-20 21:18:37.523 4538 INFO rally.task.runner [-] Task 24f518ff-422a-4668-a9e8-42ede00eeaac | ITER: 7 START
2019-07-20 21:18:37.613 4541 INFO rally.task.runner [-] Task 24f518ff-422a-4668-a9e8-42ede00eeaac | ITER: 4 END: OK
2019-07-20 21:18:37.619 4541 INFO rally.task.runner [-] Task 24f518ff-422a-4668-a9e8-42ede00eeaac | ITER: 8 START
2019-07-20 21:18:39.267 4540 RALLYDEBUG rally.task.utils [-] Waiting for resource s_rally_900fb0f3_83IBmTUA. Status changed: AVAILABLE => DELETING in 0.338349819183
2019-07-20 21:18:41.565 4540 INFO rally.task.runner [-] Task 24f518ff-422a-4668-a9e8-42ede00eeaac | ITER: 5 END: OK
2019-07-20 21:18:41.570 4540 INFO rally.task.runner [-] Task 24f518ff-422a-4668-a9e8-42ede00eeaac | ITER: 9 START
2019-07-20 21:18:41.630 4539 INFO rally.task.runner [-] Task 24f518ff-422a-4668-a9e8-42ede00eeaac | ITER: 6 END: OK
2019-07-20 21:18:41.635 4539 INFO rally.task.runner [-] Task 24f518ff-422a-4668-a9e8-42ede00eeaac | ITER: 10 START
2019-07-20 21:18:41.926 4538 RALLYDEBUG rally.task.utils [-] Waiting for resource s_rally_900fb0f3_k6sdqkYW. Status changed: AVAILABLE => DELETING in 0.303757190704
2019-07-20 21:18:42.143 4541 INFO rally.task.runner [-] Task 24f518ff-422a-4668-a9e8-42ede00eeaac | ITER: 8 END: OK
2019-07-20 21:18:44.160 4538 INFO rally.task.runner [-] Task 24f518ff-422a-4668-a9e8-42ede00eeaac | ITER: 7 END: OK
2019-07-20 21:18:45.661 4540 RALLYDEBUG rally.task.utils [-] Waiting for resource s_rally_900fb0f3_7QnoNA8j. Status changed: AVAILABLE => DELETING in 0.056538105011
2019-07-20 21:18:45.911 4539 INFO rally.task.runner [-] Task 24f518ff-422a-4668-a9e8-42ede00eeaac | ITER: 10 END: OK
2019-07-20 21:18:47.996 4540 INFO rally.task.runner [-] Task 24f518ff-422a-4668-a9e8-42ede00eeaac | ITER: 9 END: OK
2019-07-20 21:18:48.022 1842 INFO rally.task.context [-] Task 24f518ff-422a-4668-a9e8-42ede00eeaac | Context cleanup@openstack cleanup() started
2019-07-20 21:18:48.024 1842 RALLYDEBUG rally_openstack.cleanup.manager [-] Cleaning up cinder backups objects
2019-07-20 21:18:50.100 1842 RALLYDEBUG rally_openstack.cleanup.manager [-] Cleaning up cinder volume_snapshots objects
2019-07-20 21:18:52.283 1842 RALLYDEBUG rally_openstack.cleanup.manager [-] Cleaning up cinder transfers objects
2019-07-20 21:18:54.426 1842 RALLYDEBUG rally_openstack.cleanup.manager [-] Cleaning up cinder volumes objects
2019-07-20 21:18:56.643 1842 INFO rally.task.context [-] Task 24f518ff-422a-4668-a9e8-42ede00eeaac | Context cleanup@openstack cleanup() finished in 8.62 sec
2019-07-20 21:18:56.643 1842 INFO rally.task.context [-] Task 24f518ff-422a-4668-a9e8-42ede00eeaac | Context quotas@openstack cleanup() started
2019-07-20 21:18:57.548 1842 INFO rally.task.context [-] Task 24f518ff-422a-4668-a9e8-42ede00eeaac | Context quotas@openstack cleanup() finished in 0.90 sec
2019-07-20 21:18:57.548 1842 INFO rally.task.context [-] Task 24f518ff-422a-4668-a9e8-42ede00eeaac | Context api_versions@openstack cleanup() started
2019-07-20 21:18:57.549 1842 INFO rally.task.context [-] Task 24f518ff-422a-4668-a9e8-42ede00eeaac | Context api_versions@openstack cleanup() finished in 0.33 msec
2019-07-20 21:18:57.549 1842 INFO rally.task.context [-] Task 24f518ff-422a-4668-a9e8-42ede00eeaac | Context users@openstack cleanup() started
2019-07-20 21:19:05.701 1842 INFO rally.task.context [-] Task 24f518ff-422a-4668-a9e8-42ede00eeaac | Context users@openstack cleanup() finished in 8.15 sec
2019-07-20 21:19:06.042 1842 INFO rally.task.engine [-] Load duration is: 17.278648
2019-07-20 21:19:06.042 1842 INFO rally.task.engine [-] Full runner duration is: 17.330629
2019-07-20 21:19:06.043 1842 INFO rally.task.engine [-] Full duration is: 41.850956
2019-07-20 21:19:06.315 1842 INFO rally.task.engine [-] Running workload: position = 0 config = { "version": 2, "title": "A cropped version of a bigger task.", "description": "Auto-generated task from a single workload (uuid=d487ad63-2cd0-4770-b58f-10a620efccca)", "subtasks": [ { "title": "CinderVolumes.create_and_extend_volume", "description": "Create and extend a volume and then delete it.", "scenario": { "CinderVolumes.create_and_extend_volume": { "new_size": 2, "size": 1 } }, "contexts": { "users": { "tenants": 3, "users_per_tenant": 2 }, "quotas": { "cinder": { "gigabytes": -1, "snapshots": -1, "volumes": -1 } }, "api_versions": { "cinder": { "version": 3, "service_type": "volumev3" } } }, "runner": { "constant": { "concurrency": 4, "times": 10 } }, "hooks": [], "sla": { "failure_rate": { "max": 0 } } } ] }
2019-07-20 21:19:06.340 1842 RALLYDEBUG rally_openstack.contexts.keystone.users [-] Creating 3 tenants using 20 threads
2019-07-20 21:19:08.281 1842 RALLYDEBUG rally_openstack.contexts.keystone.users [-] Creating 6 users using 20 threads
2019-07-20 21:19:11.235 1842 INFO rally.task.context [-] Task 24f518ff-422a-4668-a9e8-42ede00eeaac | Context users@openstack setup() finished in 4.89 sec
2019-07-20 21:19:11.667 1842 INFO rally.task.context [-] Task 24f518ff-422a-4668-a9e8-42ede00eeaac | Context api_versions@openstack setup() finished in 0.43 sec
2019-07-20 21:19:13.358 1842 INFO rally.task.context [-] Task 24f518ff-422a-4668-a9e8-42ede00eeaac | Context quotas@openstack setup() finished in 1.69 sec
2019-07-20 21:19:13.358 1842 INFO rally.task.context [-] Task 24f518ff-422a-4668-a9e8-42ede00eeaac | Context cleanup@openstack setup() finished in 0.01 msec
2019-07-20 21:19:13.366 1842 RALLYDEBUG rally.task.runner [-] Starting the constant runner (task UUID: 24f518ff-422a-4668-a9e8-42ede00eeaac). timeout: 0 concurrency: 4 concurrency_per_worker: 1 times: 10 concurrency_overhead: 0 processes_to_start: 4 max_cpu_used: 16
2019-07-20 21:19:13.380 4722 RALLYDEBUG rally.task.runner [-] Starting a worker. concurrency: 1 args: {"new_size": 2, "size": 1} times: 10 method_name: run timeout: 0 duration: None cls:
2019-07-20 21:19:13.383 4723 RALLYDEBUG rally.task.runner [-] Starting a worker. concurrency: 1 args: {"new_size": 2, "size": 1} times: 10 method_name: run timeout: 0 duration: None cls:
2019-07-20 21:19:13.387 4724 RALLYDEBUG rally.task.runner [-] Starting a worker. concurrency: 1 args: {"new_size": 2, "size": 1} times: 10 method_name: run timeout: 0 duration: None cls:
2019-07-20 21:19:13.388 4722 INFO rally.task.runner [-] Task 24f518ff-422a-4668-a9e8-42ede00eeaac | ITER: 1 START
2019-07-20 21:19:13.391 4723 INFO rally.task.runner [-] Task 24f518ff-422a-4668-a9e8-42ede00eeaac | ITER: 2 START
2019-07-20 21:19:13.392 4725 RALLYDEBUG rally.task.runner [-] Starting a worker. concurrency: 1 args: {"new_size": 2, "size": 1} times: 10 method_name: run timeout: 0 duration: None cls:
2019-07-20 21:19:13.395 4724 INFO rally.task.runner [-] Task 24f518ff-422a-4668-a9e8-42ede00eeaac | ITER: 3 START
2019-07-20 21:19:13.403 4725 INFO rally.task.runner [-] Task 24f518ff-422a-4668-a9e8-42ede00eeaac | ITER: 4 START
2019-07-20 21:19:17.878 4725 RALLYDEBUG rally.task.utils [-] Waiting for resource s_rally_d487ad63_2AD3pCRP. Status changed: AVAILABLE => EXTENDING in 0.354319095612
2019-07-20 21:19:17.893 4722 RALLYDEBUG rally.task.utils [-] Waiting for resource s_rally_d487ad63_V1N2AxKG. Status changed: AVAILABLE => EXTENDING in 0.355836868286
2019-07-20 21:19:17.918 4723 RALLYDEBUG rally.task.utils [-] Waiting for resource s_rally_d487ad63_pCR6REn7. Status changed: AVAILABLE => EXTENDING in 0.3440990448
2019-07-20 21:19:18.049 4724 RALLYDEBUG rally.task.utils [-] Waiting for resource s_rally_d487ad63_qcfEbKzu. Status changed: AVAILABLE => EXTENDING in 0.440905094147
2019-07-20 21:19:19.953 4722 RALLYDEBUG rally.task.utils [-] Waiting for resource s_rally_d487ad63_V1N2AxKG. Status changed: EXTENDING => AVAILABLE in 2.05971693993
2019-07-20 21:19:20.182 4723 RALLYDEBUG rally.task.utils [-] Waiting for resource s_rally_d487ad63_pCR6REn7. Status changed: EXTENDING => AVAILABLE in 2.26455497742
2019-07-20 21:19:20.232 4725 RALLYDEBUG rally.task.utils [-] Waiting for resource s_rally_d487ad63_2AD3pCRP. Status changed: EXTENDING => AVAILABLE in 2.3540148735
2019-07-20 21:19:20.391 4724 RALLYDEBUG rally.task.utils [-] Waiting for resource s_rally_d487ad63_qcfEbKzu. Status changed: EXTENDING => AVAILABLE in 2.34211301804
2019-07-20 21:19:20.534 4723 RALLYDEBUG rally.task.utils [-] Waiting for resource s_rally_d487ad63_pCR6REn7. Status changed: AVAILABLE => DELETING in 0.263564109802
2019-07-20 21:19:20.671 4722 RALLYDEBUG rally.task.utils [-] Waiting for resource s_rally_d487ad63_V1N2AxKG. Status changed: AVAILABLE => DELETING in 0.327121973038
2019-07-20 21:19:20.683 4725 RALLYDEBUG rally.task.utils [-] Waiting for resource s_rally_d487ad63_2AD3pCRP. Status changed: AVAILABLE => DELETING in 0.0569849014282
2019-07-20 21:19:20.821 4724 RALLYDEBUG rally.task.utils [-] Waiting for resource s_rally_d487ad63_qcfEbKzu. Status changed: AVAILABLE => DELETING in 0.319869995117
2019-07-20 21:19:22.729 4725 INFO rally.task.runner [-] Task 24f518ff-422a-4668-a9e8-42ede00eeaac | ITER: 4 END: OK
2019-07-20 21:19:22.734 4725 INFO rally.task.runner [-] Task 24f518ff-422a-4668-a9e8-42ede00eeaac | ITER: 5 START
2019-07-20 21:19:22.863 4723 INFO rally.task.runner [-] Task 24f518ff-422a-4668-a9e8-42ede00eeaac | ITER: 2 END: OK
2019-07-20 21:19:22.869 4723 INFO rally.task.runner [-] Task 24f518ff-422a-4668-a9e8-42ede00eeaac | ITER: 6 START
2019-07-20 21:19:22.916 4722 INFO rally.task.runner [-] Task 24f518ff-422a-4668-a9e8-42ede00eeaac | ITER: 1 END: OK
2019-07-20 21:19:22.921 4722 INFO rally.task.runner [-] Task 24f518ff-422a-4668-a9e8-42ede00eeaac | ITER: 7 START
2019-07-20 21:19:23.066 4724 INFO rally.task.runner [-] Task 24f518ff-422a-4668-a9e8-42ede00eeaac | ITER: 3 END: OK
2019-07-20 21:19:23.071 4724 INFO rally.task.runner [-] Task 24f518ff-422a-4668-a9e8-42ede00eeaac | ITER: 8 START
2019-07-20 21:19:26.867 4723 RALLYDEBUG rally.task.utils [-] Waiting for resource s_rally_d487ad63_7YXzK76K. Status changed: AVAILABLE => EXTENDING in 0.0567700862885
2019-07-20 21:19:27.459 4725 RALLYDEBUG rally.task.utils [-] Waiting for resource s_rally_d487ad63_vX8wvExK. Status changed: AVAILABLE => DELETING in 0.0514550209045
2019-07-20 21:19:27.871 4722 RALLYDEBUG rally.task.utils [-] Waiting for resource s_rally_d487ad63_eNem954O. Status changed: AVAILABLE => DELETING in 0.266163825989
2019-07-20 21:19:27.946 4724 RALLYDEBUG rally.task.utils [-] Waiting for resource s_rally_d487ad63_GxpPZmQq. Status changed: AVAILABLE => DELETING in 0.280549049377
2019-07-20 21:19:29.134 4723 RALLYDEBUG rally.task.utils [-] Waiting for resource s_rally_d487ad63_7YXzK76K. Status changed: EXTENDING => AVAILABLE in 2.26736307144
2019-07-20 21:19:29.675 4723 INFO rally.task.runner [-] Task 24f518ff-422a-4668-a9e8-42ede00eeaac | ITER: 6 END: OK
2019-07-20 21:19:29.681 4723 INFO rally.task.runner [-] Task 24f518ff-422a-4668-a9e8-42ede00eeaac | ITER: 9 START
2019-07-20 21:19:29.694 4725 INFO rally.task.runner [-] Task 24f518ff-422a-4668-a9e8-42ede00eeaac | ITER: 5 END: OK
2019-07-20 21:19:29.698 4725 INFO rally.task.runner [-] Task 24f518ff-422a-4668-a9e8-42ede00eeaac | ITER: 10 START
2019-07-20 21:19:30.112 4722 INFO rally.task.runner [-] Task 24f518ff-422a-4668-a9e8-42ede00eeaac | ITER: 7 END: OK
2019-07-20 21:19:30.209 4724 INFO rally.task.runner [-] Task 24f518ff-422a-4668-a9e8-42ede00eeaac | ITER: 8 END: OK
2019-07-20 21:19:34.674 4723 RALLYDEBUG rally.task.utils [-] Waiting for resource s_rally_d487ad63_JBqJYihc. Status changed: AVAILABLE => DELETING in 0.254368066788
2019-07-20 21:19:34.745 4725 INFO rally.task.runner [-] Task 24f518ff-422a-4668-a9e8-42ede00eeaac | ITER: 10 END: OK
2019-07-20 21:19:37.015 4723 INFO rally.task.runner [-] Task 24f518ff-422a-4668-a9e8-42ede00eeaac | ITER: 9 END: OK
2019-07-20 21:19:37.047 1842 INFO rally.task.context [-] Task 24f518ff-422a-4668-a9e8-42ede00eeaac | Context cleanup@openstack cleanup() started
2019-07-20 21:19:37.049 1842 RALLYDEBUG rally_openstack.cleanup.manager [-] Cleaning up cinder backups objects
2019-07-20 21:19:39.318 1842 RALLYDEBUG rally_openstack.cleanup.manager [-] Cleaning up cinder volume_snapshots objects
2019-07-20 21:19:41.597 1842 RALLYDEBUG rally_openstack.cleanup.manager [-] Cleaning up cinder transfers objects
2019-07-20 21:19:43.763 1842 RALLYDEBUG rally_openstack.cleanup.manager [-] Cleaning up cinder volumes objects
2019-07-20 21:19:46.040 1842 INFO rally.task.context [-] Task 24f518ff-422a-4668-a9e8-42ede00eeaac | Context cleanup@openstack cleanup() finished in 8.99 sec
2019-07-20 21:19:46.041 1842 INFO rally.task.context [-] Task 24f518ff-422a-4668-a9e8-42ede00eeaac | Context quotas@openstack cleanup() started
2019-07-20 21:19:46.428 1842 INFO rally.task.context [-] Task 24f518ff-422a-4668-a9e8-42ede00eeaac | Context quotas@openstack cleanup() finished in 0.39 sec
2019-07-20 21:19:46.428 1842 INFO rally.task.context [-] Task 24f518ff-422a-4668-a9e8-42ede00eeaac | Context api_versions@openstack cleanup() started
2019-07-20 21:19:46.429 1842 INFO rally.task.context [-] Task 24f518ff-422a-4668-a9e8-42ede00eeaac | Context api_versions@openstack cleanup() finished in 0.33 msec
2019-07-20 21:19:46.429 1842 INFO rally.task.context [-] Task 24f518ff-422a-4668-a9e8-42ede00eeaac | Context users@openstack cleanup() started
2019-07-20 21:19:54.886 1842 INFO rally.task.context [-] Task 24f518ff-422a-4668-a9e8-42ede00eeaac | Context users@openstack cleanup() finished in 8.46 sec
2019-07-20 21:19:56.558 1842 INFO rally.task.engine [-] Load duration is: 23.622551
2019-07-20 21:19:56.559 1842 INFO rally.task.engine [-] Full runner duration is: 23.680975
2019-07-20 21:19:56.559 1842 INFO rally.task.engine [-] Full duration is: 48.550353
2019-07-20 21:19:56.834 1842 INFO rally.task.engine [-] Running workload: position = 0 config = { "version": 2, "title": "A cropped version of a bigger task.", "description": "Auto-generated task from a single workload (uuid=8fe73eda-256b-4dc2-a6bc-9225f6109514)", "subtasks": [ { "title": "CinderVolumes.create_from_volume_and_delete_volume", "description": "Create volume from volume and then delete it.", "scenario": { "CinderVolumes.create_from_volume_and_delete_volume": { "size": 1 } }, "contexts": { "users": { "tenants": 3, "users_per_tenant": 2 }, "quotas": { "cinder": { "gigabytes": -1, "snapshots": -1, "volumes": -1 } }, "api_versions": { "cinder": { "version": 3, "service_type": "volumev3" } }, "volumes": { "size": 1, "volumes_per_tenant": 1 } }, "runner": { "constant": { "concurrency": 4, "times": 10 } }, "hooks": [], "sla": { "failure_rate": { "max": 0 } } } ] }
2019-07-20 21:19:56.862 1842 RALLYDEBUG rally_openstack.contexts.keystone.users [-] Creating 3 tenants using 20 threads
2019-07-20 21:19:58.826 1842 RALLYDEBUG rally_openstack.contexts.keystone.users [-] Creating 6 users using 20 threads
2019-07-20 21:20:01.823 1842 INFO rally.task.context [-] Task 24f518ff-422a-4668-a9e8-42ede00eeaac | Context users@openstack setup() finished in 4.96 sec
2019-07-20 21:20:02.259 1842 INFO rally.task.context [-] Task 24f518ff-422a-4668-a9e8-42ede00eeaac | Context api_versions@openstack setup() finished in 0.43 sec
2019-07-20 21:20:03.938 1842 INFO rally.task.context [-] Task 24f518ff-422a-4668-a9e8-42ede00eeaac | Context quotas@openstack setup() finished in 1.68 sec
2019-07-20 21:20:15.067 1842 INFO rally.task.context [-] Task 24f518ff-422a-4668-a9e8-42ede00eeaac | Context volumes@openstack setup() finished in 11.13 sec
2019-07-20 21:20:15.068 1842 INFO rally.task.context [-] Task 24f518ff-422a-4668-a9e8-42ede00eeaac | Context cleanup@openstack setup() finished in 0.01 msec
2019-07-20 21:20:15.077 1842 RALLYDEBUG rally.task.runner [-] Starting the constant runner (task UUID: 24f518ff-422a-4668-a9e8-42ede00eeaac). timeout: 0 concurrency: 4 concurrency_per_worker: 1 times: 10 concurrency_overhead: 0 processes_to_start: 4 max_cpu_used: 16
2019-07-20 21:20:15.091 4906 RALLYDEBUG rally.task.runner [-] Starting a worker. concurrency: 1 args: {"size": 1} times: 10 method_name: run timeout: 0 duration: None cls:
2019-07-20 21:20:15.094 4907 RALLYDEBUG rally.task.runner [-] Starting a worker. concurrency: 1 args: {"size": 1} times: 10 method_name: run timeout: 0 duration: None cls:
2019-07-20 21:20:15.097 4908 RALLYDEBUG rally.task.runner [-] Starting a worker. concurrency: 1 args: {"size": 1} times: 10 method_name: run timeout: 0 duration: None cls:
2019-07-20 21:20:15.099 4906 INFO rally.task.runner [-] Task 24f518ff-422a-4668-a9e8-42ede00eeaac | ITER: 1 START
2019-07-20 21:20:15.100 4909 RALLYDEBUG rally.task.runner [-] Starting a worker. concurrency: 1 args: {"size": 1} times: 10 method_name: run timeout: 0 duration: None cls:
2019-07-20 21:20:15.102 4907 INFO rally.task.runner [-] Task 24f518ff-422a-4668-a9e8-42ede00eeaac | ITER: 2 START
2019-07-20 21:20:15.105 4908 INFO rally.task.runner [-] Task 24f518ff-422a-4668-a9e8-42ede00eeaac | ITER: 3 START
2019-07-20 21:20:15.108 4909 INFO rally.task.runner [-] Task 24f518ff-422a-4668-a9e8-42ede00eeaac | ITER: 4 START
2019-07-20 21:20:19.551 4907 RALLYDEBUG rally.task.utils [-] Waiting for resource s_rally_8fe73eda_qh5qmau5. Status changed: AVAILABLE => DELETING in 0.334364175797
2019-07-20 21:20:21.074 4906 RALLYDEBUG rally.task.utils [-] Waiting for resource s_rally_8fe73eda_eM4oAMPN. Status changed: CREATING => AVAILABLE in 2.76932406425
2019-07-20 21:20:21.190 4909 RALLYDEBUG rally.task.utils [-] Waiting for resource s_rally_8fe73eda_2jcijfya. Status changed: CREATING => AVAILABLE in 2.95265507698
2019-07-20 21:20:21.518 4908 RALLYDEBUG rally.task.utils [-] Waiting for resource s_rally_8fe73eda_gobmH2Y4. Status changed: CREATING => AVAILABLE in 3.19615793228
2019-07-20 21:20:21.767 4906 RALLYDEBUG rally.task.utils [-] Waiting for resource s_rally_8fe73eda_eM4oAMPN. Status changed: AVAILABLE => DELETING in 0.346894025803
2019-07-20 21:20:21.874 4907 INFO rally.task.runner [-] Task 24f518ff-422a-4668-a9e8-42ede00eeaac | ITER: 2 END: OK
2019-07-20 21:20:21.879 4907 INFO rally.task.runner [-] Task 24f518ff-422a-4668-a9e8-42ede00eeaac | ITER: 5 START
2019-07-20 21:20:21.885 4908 RALLYDEBUG rally.task.utils [-] Waiting for resource s_rally_8fe73eda_gobmH2Y4. Status changed: AVAILABLE => DELETING in 0.0622839927673
2019-07-20 21:20:21.943 4909 RALLYDEBUG rally.task.utils [-] Waiting for resource s_rally_8fe73eda_2jcijfya. Status changed: AVAILABLE => DELETING in 0.34844493866
2019-07-20 21:20:24.072 4906 INFO rally.task.runner [-] Task 24f518ff-422a-4668-a9e8-42ede00eeaac | ITER: 1 END: OK
2019-07-20 21:20:24.078 4906 INFO rally.task.runner [-] Task 24f518ff-422a-4668-a9e8-42ede00eeaac | ITER: 6 START
2019-07-20 21:20:26.403 4909 INFO rally.task.runner [-] Task 24f518ff-422a-4668-a9e8-42ede00eeaac | ITER: 4 END: OK
2019-07-20 21:20:26.409 4909 INFO rally.task.runner [-] Task 24f518ff-422a-4668-a9e8-42ede00eeaac | ITER: 7 START
2019-07-20 21:20:26.543 4908 INFO rally.task.runner [-] Task 24f518ff-422a-4668-a9e8-42ede00eeaac | ITER: 3 END: OK
2019-07-20 21:20:26.548 4908 INFO rally.task.runner [-] Task 24f518ff-422a-4668-a9e8-42ede00eeaac | ITER: 8 START
2019-07-20 21:20:27.919 4907 RALLYDEBUG rally.task.utils [-] Waiting for resource s_rally_8fe73eda_L19QzdpY. Status changed: CREATING => AVAILABLE in 2.94188404083
2019-07-20 21:20:28.365 4907 RALLYDEBUG rally.task.utils [-] Waiting for resource s_rally_8fe73eda_L19QzdpY. Status changed: AVAILABLE => DELETING in 0.358179092407
2019-07-20 21:20:28.615 4906 RALLYDEBUG rally.task.utils [-] Waiting for resource s_rally_8fe73eda_tsiXBVHy. Status changed: AVAILABLE => DELETING in 0.255239963531
2019-07-20 21:20:30.626 4909 RALLYDEBUG rally.task.utils [-] Waiting for resource s_rally_8fe73eda_PpJZnsp4. Status changed: AVAILABLE => DELETING in 0.0622529983521
2019-07-20 21:20:32.653 4907 INFO rally.task.runner [-] Task 24f518ff-422a-4668-a9e8-42ede00eeaac | ITER: 5 END: OK
2019-07-20 21:20:32.659 4907 INFO rally.task.runner [-] Task 24f518ff-422a-4668-a9e8-42ede00eeaac | ITER: 9 START
2019-07-20 21:20:32.865 4908 RALLYDEBUG rally.task.utils [-] Waiting for resource s_rally_8fe73eda_Cc76tnc8. Status changed: CREATING => AVAILABLE in 3.09610295296
2019-07-20 21:20:33.211 4906 INFO rally.task.runner [-] Task 24f518ff-422a-4668-a9e8-42ede00eeaac | ITER: 6 END: OK
2019-07-20 21:20:33.217 4906 INFO rally.task.runner [-] Task 24f518ff-422a-4668-a9e8-42ede00eeaac | ITER: 10 START
2019-07-20 21:20:33.497 4908 RALLYDEBUG rally.task.utils [-] Waiting for resource s_rally_8fe73eda_Cc76tnc8. Status changed: AVAILABLE => DELETING in 0.274380922318
2019-07-20 21:20:35.206 4909 INFO rally.task.runner [-] Task 24f518ff-422a-4668-a9e8-42ede00eeaac | ITER: 7 END: OK
2019-07-20 21:20:37.235 4906 RALLYDEBUG rally.task.utils [-] Waiting for resource s_rally_8fe73eda_TcKPXQmL. Status changed: AVAILABLE => DELETING in 0.354109048843
2019-07-20 21:20:38.182 4908 INFO rally.task.runner [-] Task 24f518ff-422a-4668-a9e8-42ede00eeaac | ITER: 8 END: OK
2019-07-20 21:20:38.687 4907 RALLYDEBUG rally.task.utils [-] Waiting for resource s_rally_8fe73eda_mvz2WMBr. Status changed: CREATING => AVAILABLE in 2.93738603592
2019-07-20 21:20:39.108 4907 RALLYDEBUG rally.task.utils [-] Waiting for resource s_rally_8fe73eda_mvz2WMBr. Status changed: AVAILABLE => DELETING in 0.0561800003052
2019-07-20 21:20:39.558 4906 INFO rally.task.runner [-] Task 24f518ff-422a-4668-a9e8-42ede00eeaac | ITER: 10 END: OK
2019-07-20 21:20:41.407 4907 INFO rally.task.runner [-] Task 24f518ff-422a-4668-a9e8-42ede00eeaac | ITER: 9 END: OK
2019-07-20 21:20:41.429 1842 INFO rally.task.context [-] Task 24f518ff-422a-4668-a9e8-42ede00eeaac | Context cleanup@openstack cleanup() started
2019-07-20 21:20:41.431 1842 RALLYDEBUG rally_openstack.cleanup.manager [-] Cleaning up cinder backups objects
2019-07-20 21:20:43.680 1842 RALLYDEBUG rally_openstack.cleanup.manager [-] Cleaning up cinder volume_snapshots objects
2019-07-20 21:20:45.906 1842 RALLYDEBUG rally_openstack.cleanup.manager [-] Cleaning up cinder transfers objects
2019-07-20 21:20:48.153 1842 RALLYDEBUG rally_openstack.cleanup.manager [-] Cleaning up cinder volumes objects
2019-07-20 21:20:50.410 1842 INFO rally.task.context [-] Task 24f518ff-422a-4668-a9e8-42ede00eeaac | Context cleanup@openstack cleanup() finished in 8.98 sec
2019-07-20 21:20:50.410 1842 INFO rally.task.context [-] Task 24f518ff-422a-4668-a9e8-42ede00eeaac | Context volumes@openstack cleanup() started
2019-07-20 21:20:50.411 1842 RALLYDEBUG rally_openstack.cleanup.manager [-] Cleaning up cinder volumes objects
2019-07-20 21:20:52.764 1842 RALLYDEBUG rally_openstack.cleanup.manager [-] Deleting cinder.volumes object c_rally_8fe73eda_BtaL6kX2 (b52c6d24-729c-4d8e-a877-fe0dafcc14fd)
2019-07-20 21:20:52.767 1842 RALLYDEBUG rally_openstack.cleanup.manager [-] Deleting cinder.volumes object c_rally_8fe73eda_wCbZuXVG (910ac8a6-25d4-4c8f-9232-bc8dd01bac1a)
2019-07-20 21:20:52.773 1842 RALLYDEBUG rally_openstack.cleanup.manager [-] Deleting cinder.volumes object c_rally_8fe73eda_HEv3rGHd (c23c9624-56ca-41ad-861a-49a4b367d364)
2019-07-20 21:20:56.324 1842 INFO rally.task.context [-] Task 24f518ff-422a-4668-a9e8-42ede00eeaac | Context volumes@openstack cleanup() finished in 5.91 sec
2019-07-20 21:20:56.324 1842 INFO rally.task.context [-] Task 24f518ff-422a-4668-a9e8-42ede00eeaac | Context quotas@openstack cleanup() started
2019-07-20 21:20:57.236 1842 INFO rally.task.context [-] Task 24f518ff-422a-4668-a9e8-42ede00eeaac | Context quotas@openstack cleanup() finished in 0.91 sec
2019-07-20 21:20:57.237 1842 INFO rally.task.context [-] Task 24f518ff-422a-4668-a9e8-42ede00eeaac | Context api_versions@openstack cleanup() started
2019-07-20 21:20:57.237 1842 INFO rally.task.context [-] Task 24f518ff-422a-4668-a9e8-42ede00eeaac | Context api_versions@openstack cleanup() finished in 0.32 msec
2019-07-20 21:20:57.237 1842 INFO rally.task.context [-] Task 24f518ff-422a-4668-a9e8-42ede00eeaac | Context users@openstack cleanup() started
2019-07-20 21:21:06.431 1842 INFO rally.task.context [-] Task 24f518ff-422a-4668-a9e8-42ede00eeaac | Context users@openstack cleanup() finished in 9.19 sec
2019-07-20 21:21:07.167 1842 INFO rally.task.engine [-] Load duration is: 26.302635
2019-07-20 21:21:07.167 1842 INFO rally.task.engine [-] Full runner duration is: 26.35388
2019-07-20 21:21:07.167 1842 INFO rally.task.engine [-] Full duration is: 69.574009
2019-07-20 21:21:07.423 1842 INFO rally.task.engine [-] Running workload: position = 0 config = { "version": 2, "title": "A cropped version of a bigger task.", "description": "Auto-generated task from a single workload (uuid=7306da34-fcec-4195-9654-6ba81bf80ef3)", "subtasks": [ { "title": "CinderQos.create_and_get_qos", "description": "Create a qos, then get details of the qos.", "scenario": { "CinderQos.create_and_get_qos": { "consumer": "both", "write_iops_sec": "10", "read_iops_sec": "1000" } }, "contexts": { "users": { "tenants": 3, "users_per_tenant": 2 }, "api_versions": { "cinder": { "version": 3, "service_type": "volumev3" } } }, "runner": { "constant": { "concurrency": 4, "times": 10 } }, "hooks": [], "sla": { "failure_rate": { "max": 0 } } } ] }
2019-07-20 21:21:07.447 1842 RALLYDEBUG rally_openstack.contexts.keystone.users [-] Creating 3 tenants using 20 threads
2019-07-20 21:21:09.377 1842 RALLYDEBUG rally_openstack.contexts.keystone.users [-] Creating 6 users using 20 threads
2019-07-20 21:21:12.165 1842 INFO rally.task.context [-] Task 24f518ff-422a-4668-a9e8-42ede00eeaac | Context users@openstack setup() finished in 4.72 sec
2019-07-20 21:21:12.619 1842 INFO rally.task.context [-] Task 24f518ff-422a-4668-a9e8-42ede00eeaac | Context api_versions@openstack setup() finished in 0.45 sec
2019-07-20 21:21:12.619 1842 INFO rally.task.context [-] Task 24f518ff-422a-4668-a9e8-42ede00eeaac | Context admin_cleanup@openstack setup() finished in 0.01 msec
2019-07-20 21:21:12.626 1842 RALLYDEBUG rally.task.runner [-] Starting the constant runner (task UUID: 24f518ff-422a-4668-a9e8-42ede00eeaac). timeout: 0 concurrency: 4 concurrency_per_worker: 1 times: 10 concurrency_overhead: 0 processes_to_start: 4 max_cpu_used: 16
2019-07-20 21:21:12.640 5110 RALLYDEBUG rally.task.runner [-] Starting a worker. concurrency: 1 args: {"consumer": "both", "write_iops_sec": "10", "read_iops_sec": "1000"} times: 10 method_name: run timeout: 0 duration: None cls:
2019-07-20 21:21:12.642 5111 RALLYDEBUG rally.task.runner [-] Starting a worker. concurrency: 1 args: {"consumer": "both", "write_iops_sec": "10", "read_iops_sec": "1000"} times: 10 method_name: run timeout: 0 duration: None cls:
2019-07-20 21:21:12.645 5112 RALLYDEBUG rally.task.runner [-] Starting a worker. concurrency: 1 args: {"consumer": "both", "write_iops_sec": "10", "read_iops_sec": "1000"} times: 10 method_name: run timeout: 0 duration: None cls:
2019-07-20 21:21:12.647 5110 INFO rally.task.runner [-] Task 24f518ff-422a-4668-a9e8-42ede00eeaac | ITER: 1 START
2019-07-20 21:21:12.648 5113 RALLYDEBUG rally.task.runner [-] Starting a worker. concurrency: 1 args: {"consumer": "both", "write_iops_sec": "10", "read_iops_sec": "1000"} times: 10 method_name: run timeout: 0 duration: None cls:
2019-07-20 21:21:12.649 5111 INFO rally.task.runner [-] Task 24f518ff-422a-4668-a9e8-42ede00eeaac | ITER: 2 START
2019-07-20 21:21:12.653 5112 INFO rally.task.runner [-] Task 24f518ff-422a-4668-a9e8-42ede00eeaac | ITER: 3 START
2019-07-20 21:21:12.655 5113 INFO rally.task.runner [-] Task 24f518ff-422a-4668-a9e8-42ede00eeaac | ITER: 4 START
2019-07-20 21:21:13.716 5110 INFO rally.task.runner [-] Task 24f518ff-422a-4668-a9e8-42ede00eeaac | ITER: 1 END: OK
2019-07-20 21:21:13.722 5110 INFO rally.task.runner [-] Task 24f518ff-422a-4668-a9e8-42ede00eeaac | ITER: 5 START
2019-07-20 21:21:13.727 5112 INFO rally.task.runner [-] Task 24f518ff-422a-4668-a9e8-42ede00eeaac | ITER: 3 END: OK
2019-07-20 21:21:13.731 5113 INFO rally.task.runner [-] Task 24f518ff-422a-4668-a9e8-42ede00eeaac | ITER: 4 END: OK
2019-07-20 21:21:13.732 5112 INFO rally.task.runner [-] Task 24f518ff-422a-4668-a9e8-42ede00eeaac | ITER: 6 START
2019-07-20 21:21:13.736 5113 INFO rally.task.runner [-] Task 24f518ff-422a-4668-a9e8-42ede00eeaac | ITER: 7 START
2019-07-20 21:21:13.773 5111 INFO rally.task.runner [-] Task 24f518ff-422a-4668-a9e8-42ede00eeaac | ITER: 2 END: OK
2019-07-20 21:21:13.777 5111 INFO rally.task.runner [-] Task 24f518ff-422a-4668-a9e8-42ede00eeaac | ITER: 8 START
2019-07-20 21:21:14.774 5110 INFO rally.task.runner [-] Task 24f518ff-422a-4668-a9e8-42ede00eeaac | ITER: 5 END: OK
2019-07-20 21:21:14.779 5110 INFO rally.task.runner [-] Task 24f518ff-422a-4668-a9e8-42ede00eeaac | ITER: 9 START
2019-07-20 21:21:14.779 5111 INFO rally.task.runner [-] Task 24f518ff-422a-4668-a9e8-42ede00eeaac | ITER: 8 END: OK
2019-07-20 21:21:14.783 5111 INFO rally.task.runner [-] Task 24f518ff-422a-4668-a9e8-42ede00eeaac | ITER: 10 START
2019-07-20 21:21:14.787 5113 INFO rally.task.runner [-] Task 24f518ff-422a-4668-a9e8-42ede00eeaac | ITER: 7 END: OK
2019-07-20 21:21:14.840 5112 INFO rally.task.runner [-] Task 24f518ff-422a-4668-a9e8-42ede00eeaac | ITER: 6 END: OK
2019-07-20 21:21:15.857 5110 INFO rally.task.runner [-] Task 24f518ff-422a-4668-a9e8-42ede00eeaac | ITER: 9 END: OK
2019-07-20 21:21:15.915 5111 INFO rally.task.runner [-] Task 24f518ff-422a-4668-a9e8-42ede00eeaac | ITER: 10 END: OK
2019-07-20 21:21:15.941 1842 INFO rally.task.context [-] Task 24f518ff-422a-4668-a9e8-42ede00eeaac | Context admin_cleanup@openstack cleanup() started
2019-07-20 21:21:15.943 1842 RALLYDEBUG rally_openstack.cleanup.manager [-] Cleaning up cinder volume_types objects
