2019-07-20 21:21:16.711 1842 RALLYDEBUG rally_openstack.cleanup.manager [-] Cleaning up cinder image_volumes_cache objects
2019-07-20 21:21:18.275 1842 RALLYDEBUG rally_openstack.cleanup.manager [-] Cleaning up cinder quotas objects
2019-07-20 21:21:20.115 1842 RALLYDEBUG rally_openstack.cleanup.manager [-] Cleaning up cinder qos_specs objects
2019-07-20 21:21:20.838 1842 RALLYDEBUG rally_openstack.cleanup.manager [-] Deleting cinder.qos_specs object s_rally_7306da34_oDm0VE7L (ffc40b61-839a-4c6b-b07b-43e64c06b4a6)
2019-07-20 21:21:20.842 1842 RALLYDEBUG rally_openstack.cleanup.manager [-] Deleting cinder.qos_specs object s_rally_7306da34_KpBScvwn (e7245f64-238a-49f3-aeeb-aa58b44b12fa)
2019-07-20 21:21:20.846 1842 RALLYDEBUG rally_openstack.cleanup.manager [-] Deleting cinder.qos_specs object s_rally_7306da34_E499nRSN (f19f641c-9063-4e8e-b62d-5407f7ed9385)
2019-07-20 21:21:20.856 1842 RALLYDEBUG rally_openstack.cleanup.manager [-] Deleting cinder.qos_specs object s_rally_7306da34_jbaeVJwh (d5a2d786-a084-4321-a926-69517645ff3d)
2019-07-20 21:21:20.862 1842 RALLYDEBUG rally_openstack.cleanup.manager [-] Deleting cinder.qos_specs object s_rally_7306da34_DuCwJkXF (71ecb6f4-9685-4ed7-be41-3aacf5224362)
2019-07-20 21:21:20.870 1842 RALLYDEBUG rally_openstack.cleanup.manager [-] Deleting cinder.qos_specs object s_rally_7306da34_TcG829jM (203d1222-5993-4288-91ae-500998d44eb9)
2019-07-20 21:21:20.874 1842 RALLYDEBUG rally_openstack.cleanup.manager [-] Deleting cinder.qos_specs object s_rally_7306da34_jafHQ6fB (c8133078-dbb9-425e-a4e9-d0fae4e02a90)
2019-07-20 21:21:20.881 1842 RALLYDEBUG rally_openstack.cleanup.manager [-] Deleting cinder.qos_specs object s_rally_7306da34_iQTl12X8 (c4c7a93b-f162-4ce1-986b-f0fcf44c46f4)
2019-07-20 21:21:20.893 1842 RALLYDEBUG rally_openstack.cleanup.manager [-] Deleting cinder.qos_specs object s_rally_7306da34_x3SLr0ru (4921ca5c-eee6-4bf4-856d-89416b044df6)
2019-07-20 21:21:20.900 1842 RALLYDEBUG rally_openstack.cleanup.manager [-] Deleting cinder.qos_specs object s_rally_7306da34_7vnEVH4j (9d62d718-82e1-4c99-b609-94df603fdde6)
2019-07-20 21:21:23.302 1842 INFO rally.task.context [-] Task 24f518ff-422a-4668-a9e8-42ede00eeaac | Context admin_cleanup@openstack cleanup() finished in 7.36 sec
2019-07-20 21:21:23.302 1842 INFO rally.task.context [-] Task 24f518ff-422a-4668-a9e8-42ede00eeaac | Context api_versions@openstack cleanup() started
2019-07-20 21:21:23.302 1842 INFO rally.task.context [-] Task 24f518ff-422a-4668-a9e8-42ede00eeaac | Context api_versions@openstack cleanup() finished in 0.32 msec
2019-07-20 21:21:23.303 1842 INFO rally.task.context [-] Task 24f518ff-422a-4668-a9e8-42ede00eeaac | Context users@openstack cleanup() started
2019-07-20 21:21:31.449 1842 INFO rally.task.context [-] Task 24f518ff-422a-4668-a9e8-42ede00eeaac | Context users@openstack cleanup() finished in 8.15 sec
2019-07-20 21:21:31.565 1842 INFO rally.task.engine [-] Load duration is: 3.262982
2019-07-20 21:21:31.566 1842 INFO rally.task.engine [-] Full runner duration is: 3.314818
2019-07-20 21:21:31.566 1842 INFO rally.task.engine [-] Full duration is: 24.006171
2019-07-20 21:21:31.801 1842 INFO rally.task.engine [-] Running workload: position = 0 config = { "version": 2, "title": "A cropped version of a bigger task.", "description": "Auto-generated task from a single workload (uuid=3877bc09-9bdc-45e1-83db-e7ec83d2c924)", "subtasks": [ { "title": "CinderQos.create_and_list_qos", "description": "Create a qos, then list all qos.", "scenario": { "CinderQos.create_and_list_qos": { "consumer": "both", "write_iops_sec": "10", "read_iops_sec": "1000" } }, "contexts": { "users": { "tenants": 3, "users_per_tenant": 2 }, "api_versions": { "cinder": { "version": 3, "service_type": "volumev3" } } }, "runner": { "constant": { "concurrency": 4, "times": 10 } }, "hooks": [], "sla": { "failure_rate": { "max": 0 } } } ] }
2019-07-20 21:21:31.825 1842 RALLYDEBUG rally_openstack.contexts.keystone.users [-] Creating 3 tenants using 20 threads
2019-07-20 21:21:33.664 1842 RALLYDEBUG rally_openstack.contexts.keystone.users [-] Creating 6 users using 20 threads
2019-07-20 21:21:36.415 1842 INFO rally.task.context [-] Task 24f518ff-422a-4668-a9e8-42ede00eeaac | Context users@openstack setup() finished in 4.59 sec
2019-07-20 21:21:36.847 1842 INFO rally.task.context [-] Task 24f518ff-422a-4668-a9e8-42ede00eeaac | Context api_versions@openstack setup() finished in 0.43 sec
2019-07-20 21:21:36.847 1842 INFO rally.task.context [-] Task 24f518ff-422a-4668-a9e8-42ede00eeaac | Context admin_cleanup@openstack setup() finished in 0.00 msec
2019-07-20 21:21:36.854 1842 RALLYDEBUG rally.task.runner [-] Starting the constant runner (task UUID: 24f518ff-422a-4668-a9e8-42ede00eeaac). timeout: 0 concurrency: 4 concurrency_per_worker: 1 times: 10 concurrency_overhead: 0 processes_to_start: 4 max_cpu_used: 16
2019-07-20 21:21:36.868 5294 RALLYDEBUG rally.task.runner [-] Starting a worker. concurrency: 1 args: {"consumer": "both", "write_iops_sec": "10", "read_iops_sec": "1000"} times: 10 method_name: run timeout: 0 duration: None cls:
2019-07-20 21:21:36.870 5295 RALLYDEBUG rally.task.runner [-] Starting a worker. concurrency: 1 args: {"consumer": "both", "write_iops_sec": "10", "read_iops_sec": "1000"} times: 10 method_name: run timeout: 0 duration: None cls:
2019-07-20 21:21:36.873 5296 RALLYDEBUG rally.task.runner [-] Starting a worker. concurrency: 1 args: {"consumer": "both", "write_iops_sec": "10", "read_iops_sec": "1000"} times: 10 method_name: run timeout: 0 duration: None cls:
2019-07-20 21:21:36.876 5294 INFO rally.task.runner [-] Task 24f518ff-422a-4668-a9e8-42ede00eeaac | ITER: 1 START
2019-07-20 21:21:36.877 5297 RALLYDEBUG rally.task.runner [-] Starting a worker. concurrency: 1 args: {"consumer": "both", "write_iops_sec": "10", "read_iops_sec": "1000"} times: 10 method_name: run timeout: 0 duration: None cls:
2019-07-20 21:21:36.878 5295 INFO rally.task.runner [-] Task 24f518ff-422a-4668-a9e8-42ede00eeaac | ITER: 2 START
2019-07-20 21:21:36.881 5296 INFO rally.task.runner [-] Task 24f518ff-422a-4668-a9e8-42ede00eeaac | ITER: 3 START
2019-07-20 21:21:36.884 5297 INFO rally.task.runner [-] Task 24f518ff-422a-4668-a9e8-42ede00eeaac | ITER: 4 START
2019-07-20 21:21:37.959 5296 INFO rally.task.runner [-] Task 24f518ff-422a-4668-a9e8-42ede00eeaac | ITER: 3 END: OK
2019-07-20 21:21:37.965 5296 INFO rally.task.runner [-] Task 24f518ff-422a-4668-a9e8-42ede00eeaac | ITER: 5 START
2019-07-20 21:21:37.997 5294 INFO rally.task.runner [-] Task 24f518ff-422a-4668-a9e8-42ede00eeaac | ITER: 1 END: OK
2019-07-20 21:21:38.002 5294 INFO rally.task.runner [-] Task 24f518ff-422a-4668-a9e8-42ede00eeaac | ITER: 6 START
2019-07-20 21:21:38.004 5295 INFO rally.task.runner [-] Task 24f518ff-422a-4668-a9e8-42ede00eeaac | ITER: 2 END: OK
2019-07-20 21:21:38.009 5295 INFO rally.task.runner [-] Task 24f518ff-422a-4668-a9e8-42ede00eeaac | ITER: 7 START
2019-07-20 21:21:38.041 5297 INFO rally.task.runner [-] Task 24f518ff-422a-4668-a9e8-42ede00eeaac | ITER: 4 END: OK
2019-07-20 21:21:38.046 5297 INFO rally.task.runner [-] Task 24f518ff-422a-4668-a9e8-42ede00eeaac | ITER: 8 START
2019-07-20 21:21:38.949 5294 INFO rally.task.runner [-] Task 24f518ff-422a-4668-a9e8-42ede00eeaac | ITER: 6 END: OK
2019-07-20 21:21:38.954 5294 INFO rally.task.runner [-] Task 24f518ff-422a-4668-a9e8-42ede00eeaac | ITER: 9 START
2019-07-20 21:21:38.970 5295 INFO rally.task.runner [-] Task 24f518ff-422a-4668-a9e8-42ede00eeaac | ITER: 7 END: OK
2019-07-20 21:21:38.975 5295 INFO rally.task.runner [-] Task 24f518ff-422a-4668-a9e8-42ede00eeaac | ITER: 10 START
2019-07-20 21:21:38.996 5296 INFO rally.task.runner [-] Task 24f518ff-422a-4668-a9e8-42ede00eeaac | ITER: 5 END: OK
2019-07-20 21:21:39.150 5297 INFO rally.task.runner [-] Task 24f518ff-422a-4668-a9e8-42ede00eeaac | ITER: 8 END: OK
2019-07-20 21:21:40.009 5294 INFO rally.task.runner [-] Task 24f518ff-422a-4668-a9e8-42ede00eeaac | ITER: 9 END: OK
2019-07-20 21:21:40.028 5295 INFO rally.task.runner [-] Task 24f518ff-422a-4668-a9e8-42ede00eeaac | ITER: 10 END: OK
2019-07-20 21:21:40.053 1842 INFO rally.task.context [-] Task 24f518ff-422a-4668-a9e8-42ede00eeaac | Context admin_cleanup@openstack cleanup() started
2019-07-20 21:21:40.055 1842 RALLYDEBUG rally_openstack.cleanup.manager [-] Cleaning up cinder volume_types objects
2019-07-20 21:21:40.914 1842 RALLYDEBUG rally_openstack.cleanup.manager [-] Cleaning up cinder image_volumes_cache objects
2019-07-20 21:21:42.271 1842 RALLYDEBUG rally_openstack.cleanup.manager [-] Cleaning up cinder quotas objects
2019-07-20 21:21:44.238 1842 RALLYDEBUG rally_openstack.cleanup.manager [-] Cleaning up cinder qos_specs objects
2019-07-20 21:21:45.067 1842 RALLYDEBUG rally_openstack.cleanup.manager [-] Deleting cinder.qos_specs object s_rally_3877bc09_EAf5tjoB (eff13ba9-7bcd-46a8-be13-344e927c270d)
2019-07-20 21:21:45.078 1842 RALLYDEBUG rally_openstack.cleanup.manager [-] Deleting cinder.qos_specs object s_rally_3877bc09_PxQhYOGK (e1b08c55-fb62-46b8-82c1-3af91a074066)
2019-07-20 21:21:45.079 1842 RALLYDEBUG rally_openstack.cleanup.manager [-] Deleting cinder.qos_specs object s_rally_3877bc09_JzhMksSj (203033c6-26b1-451d-b156-0aa77e325882)
2019-07-20 21:21:45.089 1842 RALLYDEBUG rally_openstack.cleanup.manager [-] Deleting cinder.qos_specs object s_rally_3877bc09_w0Spd1Vf (95d01375-1faf-4214-8b25-836ffe147d6b)
2019-07-20 21:21:45.100 1842 RALLYDEBUG rally_openstack.cleanup.manager [-] Deleting cinder.qos_specs object s_rally_3877bc09_6XNPnNud (8bb1c4ba-7983-4bce-8fdf-dfd57fb60b81)
2019-07-20 21:21:45.108 1842 RALLYDEBUG rally_openstack.cleanup.manager [-] Deleting cinder.qos_specs object s_rally_3877bc09_9HPKpZbc (6d71a7cd-6853-4f8e-a480-c2a41b740fb6)
2019-07-20 21:21:45.123 1842 RALLYDEBUG rally_openstack.cleanup.manager [-] Deleting cinder.qos_specs object s_rally_3877bc09_MHTAnL9c (f6d8a1e3-c7c2-4f6f-98a9-a7f6d02a76e2)
2019-07-20 21:21:45.140 1842 RALLYDEBUG rally_openstack.cleanup.manager [-] Deleting cinder.qos_specs object s_rally_3877bc09_1LWWvI5J (9c3cd92c-db6c-46f2-8b74-64e48e594a57)
2019-07-20 21:21:45.145 1842 RALLYDEBUG rally_openstack.cleanup.manager [-] Deleting cinder.qos_specs object s_rally_3877bc09_bW3Cjxbi (1a988883-9b54-4084-ae0f-e54015b79538)
2019-07-20 21:21:45.158 1842 RALLYDEBUG rally_openstack.cleanup.manager [-] Deleting cinder.qos_specs object s_rally_3877bc09_LY2ZR77c (118bb9e1-84b1-4d45-ba4b-1bab39c765e5)
2019-07-20 21:21:47.476 1842 INFO rally.task.context [-] Task 24f518ff-422a-4668-a9e8-42ede00eeaac | Context admin_cleanup@openstack cleanup() finished in 7.42 sec
2019-07-20 21:21:47.477 1842 INFO rally.task.context [-] Task 24f518ff-422a-4668-a9e8-42ede00eeaac | Context api_versions@openstack cleanup() started
2019-07-20 21:21:47.477 1842 INFO rally.task.context [-] Task 24f518ff-422a-4668-a9e8-42ede00eeaac | Context api_versions@openstack cleanup() finished in 0.34 msec
2019-07-20 21:21:47.477 1842 INFO rally.task.context [-] Task 24f518ff-422a-4668-a9e8-42ede00eeaac | Context users@openstack cleanup() started
2019-07-20 21:21:55.611 1842 INFO rally.task.context [-] Task 24f518ff-422a-4668-a9e8-42ede00eeaac | Context users@openstack cleanup() finished in 8.13 sec
2019-07-20 21:21:55.941 1842 INFO rally.task.engine [-] Load duration is: 3.146449
2019-07-20 21:21:55.941 1842 INFO rally.task.engine [-] Full runner duration is: 3.198905
2019-07-20 21:21:55.942 1842 INFO rally.task.engine [-] Full duration is: 23.789873
2019-07-20 21:21:56.202 1842 INFO rally.task.engine [-] Running workload: position = 0 config = { "version": 2, "title": "A cropped version of a bigger task.", "description": "Auto-generated task from a single workload (uuid=957bb2c0-3132-4efc-99c1-5053caec277d)", "subtasks": [ { "title": "CinderQos.create_and_set_qos", "description": "Create a qos, then Add/Update keys in qos specs.", "scenario": { "CinderQos.create_and_set_qos": { "consumer": "back-end", "write_iops_sec": "10", "read_iops_sec": "1000", "set_consumer": "both", "set_write_iops_sec": "11", "set_read_iops_sec": "1001" } }, "contexts": { "users": { "tenants": 3, "users_per_tenant": 2 }, "api_versions": { "cinder": { "version": 3, "service_type": "volumev3" } } }, "runner": { "constant": { "concurrency": 4, "times": 10 } }, "hooks": [], "sla": { "failure_rate": { "max": 0 } } } ] }
2019-07-20 21:21:56.226 1842 RALLYDEBUG rally_openstack.contexts.keystone.users [-] Creating 3 tenants using 20 threads
2019-07-20 21:21:58.174 1842 RALLYDEBUG rally_openstack.contexts.keystone.users [-] Creating 6 users using 20 threads
2019-07-20 21:22:01.046 1842 INFO rally.task.context [-] Task 24f518ff-422a-4668-a9e8-42ede00eeaac | Context users@openstack setup() finished in 4.82 sec
2019-07-20 21:22:01.485 1842 INFO rally.task.context [-] Task 24f518ff-422a-4668-a9e8-42ede00eeaac | Context api_versions@openstack setup() finished in 0.44 sec
2019-07-20 21:22:01.486 1842 INFO rally.task.context [-] Task 24f518ff-422a-4668-a9e8-42ede00eeaac | Context admin_cleanup@openstack setup() finished in 0.01 msec
2019-07-20 21:22:01.493 1842 RALLYDEBUG rally.task.runner [-] Starting the constant runner (task UUID: 24f518ff-422a-4668-a9e8-42ede00eeaac). timeout: 0 concurrency: 4 concurrency_per_worker: 1 times: 10 concurrency_overhead: 0 processes_to_start: 4 max_cpu_used: 16
2019-07-20 21:22:01.503 5478 RALLYDEBUG rally.task.runner [-] Starting a worker. concurrency: 1 args: {"consumer": "back-end", "write_iops_sec": "10", "read_iops_sec": "1000", "set_consumer": "both", "set_write_iops_sec": "11", "set_read_iops_sec": "1001"} times: 10 method_name: run timeout: 0 duration: None cls:
2019-07-20 21:22:01.509 5478 INFO rally.task.runner [-] Task 24f518ff-422a-4668-a9e8-42ede00eeaac | ITER: 1 START
2019-07-20 21:22:01.509 5479 RALLYDEBUG rally.task.runner [-] Starting a worker. concurrency: 1 args: {"consumer": "back-end", "write_iops_sec": "10", "read_iops_sec": "1000", "set_consumer": "both", "set_write_iops_sec": "11", "set_read_iops_sec": "1001"} times: 10 method_name: run timeout: 0 duration: None cls:
2019-07-20 21:22:01.511 5480 RALLYDEBUG rally.task.runner [-] Starting a worker. concurrency: 1 args: {"consumer": "back-end", "write_iops_sec": "10", "read_iops_sec": "1000", "set_consumer": "both", "set_write_iops_sec": "11", "set_read_iops_sec": "1001"} times: 10 method_name: run timeout: 0 duration: None cls:
2019-07-20 21:22:01.512 5482 RALLYDEBUG rally.task.runner [-] Starting a worker. concurrency: 1 args: {"consumer": "back-end", "write_iops_sec": "10", "read_iops_sec": "1000", "set_consumer": "both", "set_write_iops_sec": "11", "set_read_iops_sec": "1001"} times: 10 method_name: run timeout: 0 duration: None cls:
2019-07-20 21:22:01.517 5479 INFO rally.task.runner [-] Task 24f518ff-422a-4668-a9e8-42ede00eeaac | ITER: 2 START
2019-07-20 21:22:01.517 5482 INFO rally.task.runner [-] Task 24f518ff-422a-4668-a9e8-42ede00eeaac | ITER: 4 START
2019-07-20 21:22:01.518 5480 INFO rally.task.runner [-] Task 24f518ff-422a-4668-a9e8-42ede00eeaac | ITER: 3 START
2019-07-20 21:22:02.641 5478 INFO rally.task.runner [-] Task 24f518ff-422a-4668-a9e8-42ede00eeaac | ITER: 1 END: OK
2019-07-20 21:22:02.646 5478 INFO rally.task.runner [-] Task 24f518ff-422a-4668-a9e8-42ede00eeaac | ITER: 5 START
2019-07-20 21:22:02.658 5479 INFO rally.task.runner [-] Task 24f518ff-422a-4668-a9e8-42ede00eeaac | ITER: 2 END: OK
2019-07-20 21:22:02.664 5479 INFO rally.task.runner [-] Task 24f518ff-422a-4668-a9e8-42ede00eeaac | ITER: 6 START
2019-07-20 21:22:02.734 5482 INFO rally.task.runner [-] Task 24f518ff-422a-4668-a9e8-42ede00eeaac | ITER: 4 END: OK
2019-07-20 21:22:02.740 5482 INFO rally.task.runner [-] Task 24f518ff-422a-4668-a9e8-42ede00eeaac | ITER: 7 START
2019-07-20 21:22:02.787 5480 INFO rally.task.runner [-] Task 24f518ff-422a-4668-a9e8-42ede00eeaac | ITER: 3 END: OK
2019-07-20 21:22:02.792 5480 INFO rally.task.runner [-] Task 24f518ff-422a-4668-a9e8-42ede00eeaac | ITER: 8 START
2019-07-20 21:22:03.737 5479 INFO rally.task.runner [-] Task 24f518ff-422a-4668-a9e8-42ede00eeaac | ITER: 6 END: OK
2019-07-20 21:22:03.742 5479 INFO rally.task.runner [-] Task 24f518ff-422a-4668-a9e8-42ede00eeaac | ITER: 9 START
2019-07-20 21:22:03.791 5478 INFO rally.task.runner [-] Task 24f518ff-422a-4668-a9e8-42ede00eeaac | ITER: 5 END: OK
2019-07-20 21:22:03.797 5478 INFO rally.task.runner [-] Task 24f518ff-422a-4668-a9e8-42ede00eeaac | ITER: 10 START
2019-07-20 21:22:03.838 5480 INFO rally.task.runner [-] Task 24f518ff-422a-4668-a9e8-42ede00eeaac | ITER: 8 END: OK
2019-07-20 21:22:03.876 5482 INFO rally.task.runner [-] Task 24f518ff-422a-4668-a9e8-42ede00eeaac | ITER: 7 END: OK
2019-07-20 21:22:04.754 5479 INFO rally.task.runner [-] Task 24f518ff-422a-4668-a9e8-42ede00eeaac | ITER: 9 END: OK
2019-07-20 21:22:04.978 5478 INFO rally.task.runner [-] Task 24f518ff-422a-4668-a9e8-42ede00eeaac | ITER: 10 END: OK
2019-07-20 21:22:05.004 1842 INFO rally.task.context [-] Task 24f518ff-422a-4668-a9e8-42ede00eeaac | Context admin_cleanup@openstack cleanup() started
2019-07-20 21:22:05.007 1842 RALLYDEBUG rally_openstack.cleanup.manager [-] Cleaning up cinder volume_types objects
2019-07-20 21:22:05.764 1842 RALLYDEBUG rally_openstack.cleanup.manager [-] Cleaning up cinder image_volumes_cache objects
2019-07-20 21:22:07.139 1842 RALLYDEBUG rally_openstack.cleanup.manager [-] Cleaning up cinder quotas objects
2019-07-20 21:22:08.860 1842 RALLYDEBUG rally_openstack.cleanup.manager [-] Cleaning up cinder qos_specs objects
2019-07-20 21:22:09.662 1842 RALLYDEBUG rally_openstack.cleanup.manager [-] Deleting cinder.qos_specs object s_rally_957bb2c0_UV5sUbu4 (6d59f9ef-2ec6-4b9c-960b-a61431c50ebc)
2019-07-20 21:22:09.670 1842 RALLYDEBUG rally_openstack.cleanup.manager [-] Deleting cinder.qos_specs object s_rally_957bb2c0_ONwSGneo (6d3d2750-5d54-41a7-b4bc-9627de603eae)
2019-07-20 21:22:09.679 1842 RALLYDEBUG rally_openstack.cleanup.manager [-] Deleting cinder.qos_specs object s_rally_957bb2c0_KsF6eX2r (ca089297-ec14-484f-bd7a-d439c0d8fd76)
2019-07-20 21:22:09.688 1842 RALLYDEBUG rally_openstack.cleanup.manager [-] Deleting cinder.qos_specs object s_rally_957bb2c0_YuSlKGEc (9da4d9a7-eb7e-45a5-9d74-870d502c5faf)
2019-07-20 21:22:09.699 1842 RALLYDEBUG rally_openstack.cleanup.manager [-] Deleting cinder.qos_specs object s_rally_957bb2c0_OpiNOIWm (82e4d28a-68e5-4544-a2d0-5e97ae3a967e)
2019-07-20 21:22:09.710 1842 RALLYDEBUG rally_openstack.cleanup.manager [-] Deleting cinder.qos_specs object s_rally_957bb2c0_XicpuhqD (185c09bc-2b2e-421e-b222-104d76a3999f)
2019-07-20 21:22:09.723 1842 RALLYDEBUG rally_openstack.cleanup.manager [-] Deleting cinder.qos_specs object s_rally_957bb2c0_DpjtnN4r (d625696c-3921-4e47-835e-2bb8fd4df1b2)
2019-07-20 21:22:09.737 1842 RALLYDEBUG rally_openstack.cleanup.manager [-] Deleting cinder.qos_specs object s_rally_957bb2c0_Q2VXeiEB (8e86b912-16b0-45db-91a3-a6f90055caa3)
2019-07-20 21:22:09.751 1842 RALLYDEBUG rally_openstack.cleanup.manager [-] Deleting cinder.qos_specs object s_rally_957bb2c0_gptCnyuS (08f2f359-5f7b-4f5c-91e9-0483a5b1e195)
2019-07-20 21:22:09.752 1842 RALLYDEBUG rally_openstack.cleanup.manager [-] Deleting cinder.qos_specs object s_rally_957bb2c0_NhiZ8c7x (886a7bfd-d1e1-4482-8476-4b056f68266a)
2019-07-20 21:22:12.152 1842 INFO rally.task.context [-] Task 24f518ff-422a-4668-a9e8-42ede00eeaac | Context admin_cleanup@openstack cleanup() finished in 7.15 sec
2019-07-20 21:22:12.153 1842 INFO rally.task.context [-] Task 24f518ff-422a-4668-a9e8-42ede00eeaac | Context api_versions@openstack cleanup() started
2019-07-20 21:22:12.153 1842 INFO rally.task.context [-] Task 24f518ff-422a-4668-a9e8-42ede00eeaac | Context api_versions@openstack cleanup() finished in 0.32 msec
2019-07-20 21:22:12.153 1842 INFO rally.task.context [-] Task 24f518ff-422a-4668-a9e8-42ede00eeaac | Context users@openstack cleanup() started
2019-07-20 21:22:20.365 1842 INFO rally.task.context [-] Task 24f518ff-422a-4668-a9e8-42ede00eeaac | Context users@openstack cleanup() finished in 8.21 sec
2019-07-20 21:22:20.384 1842 INFO rally.task.engine [-] Load duration is: 3.46481
2019-07-20 21:22:20.385 1842 INFO rally.task.engine [-] Full runner duration is: 3.511904
2019-07-20 21:22:20.385 1842 INFO rally.task.engine [-] Full duration is: 24.142567
2019-07-20 21:22:20.627 1842 INFO rally.task.engine [-] Running workload: position = 0 config = { "version": 2, "title": "A cropped version of a bigger task.", "description": "Auto-generated task from a single workload (uuid=341043a3-addf-41a3-9b19-f959cdcbc6ea)", "subtasks": [ { "title": "CinderVolumeTypes.create_and_get_volume_type", "description": "Create a volume Type, then get the details of the type.", "scenario": { "CinderVolumeTypes.create_and_get_volume_type": { "description": "rally tests creating types" } }, "contexts": { "users": { "tenants": 3, "users_per_tenant": 2 }, "api_versions": { "cinder": { "version": 3, "service_type": "volumev3" } } }, "runner": { "constant": { "concurrency": 4, "times": 10 } }, "hooks": [], "sla": { "failure_rate": { "max": 0 } } } ] }
2019-07-20 21:22:20.650 1842 RALLYDEBUG rally_openstack.contexts.keystone.users [-] Creating 3 tenants using 20 threads
2019-07-20 21:22:22.443 1842 RALLYDEBUG rally_openstack.contexts.keystone.users [-] Creating 6 users using 20 threads
2019-07-20 21:22:25.345 1842 INFO rally.task.context [-] Task 24f518ff-422a-4668-a9e8-42ede00eeaac | Context users@openstack setup() finished in 4.70 sec
2019-07-20 21:22:25.785 1842 INFO rally.task.context [-] Task 24f518ff-422a-4668-a9e8-42ede00eeaac | Context api_versions@openstack setup() finished in 0.44 sec
2019-07-20 21:22:25.785 1842 INFO rally.task.context [-] Task 24f518ff-422a-4668-a9e8-42ede00eeaac | Context admin_cleanup@openstack setup() finished in 0.00 msec
2019-07-20 21:22:25.792 1842 RALLYDEBUG rally.task.runner [-] Starting the constant runner (task UUID: 24f518ff-422a-4668-a9e8-42ede00eeaac). timeout: 0 concurrency: 4 concurrency_per_worker: 1 times: 10 concurrency_overhead: 0 processes_to_start: 4 max_cpu_used: 16
2019-07-20 21:22:25.805 5662 RALLYDEBUG rally.task.runner [-] Starting a worker. concurrency: 1 args: {"description": "rally tests creating types"} times: 10 method_name: run timeout: 0 duration: None cls:
2019-07-20 21:22:25.807 5663 RALLYDEBUG rally.task.runner [-] Starting a worker. concurrency: 1 args: {"description": "rally tests creating types"} times: 10 method_name: run timeout: 0 duration: None cls:
2019-07-20 21:22:25.812 5664 RALLYDEBUG rally.task.runner [-] Starting a worker. concurrency: 1 args: {"description": "rally tests creating types"} times: 10 method_name: run timeout: 0 duration: None cls:
2019-07-20 21:22:25.814 5662 INFO rally.task.runner [-] Task 24f518ff-422a-4668-a9e8-42ede00eeaac | ITER: 1 START
2019-07-20 21:22:25.814 5663 INFO rally.task.runner [-] Task 24f518ff-422a-4668-a9e8-42ede00eeaac | ITER: 2 START
2019-07-20 21:22:25.814 5665 RALLYDEBUG rally.task.runner [-] Starting a worker. concurrency: 1 args: {"description": "rally tests creating types"} times: 10 method_name: run timeout: 0 duration: None cls:
2019-07-20 21:22:25.820 5664 INFO rally.task.runner [-] Task 24f518ff-422a-4668-a9e8-42ede00eeaac | ITER: 3 START
2019-07-20 21:22:25.821 5665 INFO rally.task.runner [-] Task 24f518ff-422a-4668-a9e8-42ede00eeaac | ITER: 4 START
2019-07-20 21:22:26.897 5664 INFO rally.task.runner [-] Task 24f518ff-422a-4668-a9e8-42ede00eeaac | ITER: 3 END: OK
2019-07-20 21:22:26.903 5664 INFO rally.task.runner [-] Task 24f518ff-422a-4668-a9e8-42ede00eeaac | ITER: 5 START
2019-07-20 21:22:26.920 5663 INFO rally.task.runner [-] Task 24f518ff-422a-4668-a9e8-42ede00eeaac | ITER: 2 END: OK
2019-07-20 21:22:26.924 5662 INFO rally.task.runner [-] Task 24f518ff-422a-4668-a9e8-42ede00eeaac | ITER: 1 END: OK
2019-07-20 21:22:26.926 5663 INFO rally.task.runner [-] Task 24f518ff-422a-4668-a9e8-42ede00eeaac | ITER: 6 START
2019-07-20 21:22:26.929 5662 INFO rally.task.runner [-] Task 24f518ff-422a-4668-a9e8-42ede00eeaac | ITER: 7 START
2019-07-20 21:22:26.945 5665 INFO rally.task.runner [-] Task 24f518ff-422a-4668-a9e8-42ede00eeaac | ITER: 4 END: OK
2019-07-20 21:22:26.950 5665 INFO rally.task.runner [-] Task 24f518ff-422a-4668-a9e8-42ede00eeaac | ITER: 8 START
2019-07-20 21:22:27.897 5664 INFO rally.task.runner [-] Task 24f518ff-422a-4668-a9e8-42ede00eeaac | ITER: 5 END: OK
2019-07-20 21:22:27.901 5664 INFO rally.task.runner [-] Task 24f518ff-422a-4668-a9e8-42ede00eeaac | ITER: 9 START
2019-07-20 21:22:27.962 5662 INFO rally.task.runner [-] Task 24f518ff-422a-4668-a9e8-42ede00eeaac | ITER: 7 END: OK
2019-07-20 21:22:27.966 5665 INFO rally.task.runner [-] Task 24f518ff-422a-4668-a9e8-42ede00eeaac | ITER: 8 END: OK
2019-07-20 21:22:27.966 5662 INFO rally.task.runner [-] Task 24f518ff-422a-4668-a9e8-42ede00eeaac | ITER: 10 START
2019-07-20 21:22:28.003 5663 INFO rally.task.runner [-] Task 24f518ff-422a-4668-a9e8-42ede00eeaac | ITER: 6 END: OK
2019-07-20 21:22:28.902 5662 INFO rally.task.runner [-] Task 24f518ff-422a-4668-a9e8-42ede00eeaac | ITER: 10 END: OK
2019-07-20 21:22:28.925 5664 INFO rally.task.runner [-] Task 24f518ff-422a-4668-a9e8-42ede00eeaac | ITER: 9 END: OK
2019-07-20 21:22:28.949 1842 INFO rally.task.context [-] Task 24f518ff-422a-4668-a9e8-42ede00eeaac | Context admin_cleanup@openstack cleanup() started
2019-07-20 21:22:28.952 1842 RALLYDEBUG rally_openstack.cleanup.manager [-] Cleaning up cinder volume_types objects
2019-07-20 21:22:29.736 1842 RALLYDEBUG rally_openstack.cleanup.manager [-] Deleting cinder.volume_types object s_rally_341043a3_stlv6ZFk (b4d1ba01-16ee-441e-ad29-6bc230628940)
2019-07-20 21:22:29.744 1842 RALLYDEBUG rally_openstack.cleanup.manager [-] Deleting cinder.volume_types object s_rally_341043a3_F2StuPCO (cb6f8c26-9fc6-425a-a6cc-eb227e2ebb53)
2019-07-20 21:22:29.745 1842 RALLYDEBUG rally_openstack.cleanup.manager [-] Deleting cinder.volume_types object s_rally_341043a3_SWiShbG3 (5600cc4a-95fa-4c03-9c99-afc5e89fc1f1)
2019-07-20 21:22:29.750 1842 RALLYDEBUG rally_openstack.cleanup.manager [-] Deleting cinder.volume_types object s_rally_341043a3_pxg5nkFJ (bf9c9569-45bd-48ec-9bc8-51e78b760617)
2019-07-20 21:22:29.755 1842 RALLYDEBUG rally_openstack.cleanup.manager [-] Deleting cinder.volume_types object s_rally_341043a3_K75ZTm8q (31771e7e-d583-4477-88be-8bb2716897eb)
2019-07-20 21:22:29.761 1842 RALLYDEBUG rally_openstack.cleanup.manager [-] Deleting cinder.volume_types object s_rally_341043a3_07XR48Y3 (c55633fa-3c5c-48c0-a176-14df9b52b6de)
2019-07-20 21:22:29.778 1842 RALLYDEBUG rally_openstack.cleanup.manager [-] Deleting cinder.volume_types object s_rally_341043a3_guqAaABi (f40bfdb1-15e0-4774-89e6-f2a6bca88f66)
2019-07-20 21:22:29.778 1842 RALLYDEBUG rally_openstack.cleanup.manager [-] Deleting cinder.volume_types object s_rally_341043a3_bv7epKsM (9c863508-a2d9-4d51-96b7-d5d82324d097)
2019-07-20 21:22:29.779 1842 RALLYDEBUG rally_openstack.cleanup.manager [-] Deleting cinder.volume_types object s_rally_341043a3_i09An58N (09389421-2b29-4099-a840-1205beeb8d3c)
2019-07-20 21:22:29.791 1842 RALLYDEBUG rally_openstack.cleanup.manager [-] Deleting cinder.volume_types object s_rally_341043a3_cI46KPGd (4f5baa6d-0801-4d13-b40e-a0c97da987e4)
2019-07-20 21:22:32.080 1842 RALLYDEBUG rally_openstack.cleanup.manager [-] Cleaning up cinder image_volumes_cache objects
2019-07-20 21:22:33.398 1842 RALLYDEBUG rally_openstack.cleanup.manager [-] Cleaning up cinder quotas objects
2019-07-20 21:22:35.054 1842 RALLYDEBUG rally_openstack.cleanup.manager [-] Cleaning up cinder qos_specs objects
2019-07-20 21:22:35.709 1842 INFO rally.task.context [-] Task 24f518ff-422a-4668-a9e8-42ede00eeaac | Context admin_cleanup@openstack cleanup() finished in 6.76 sec
2019-07-20 21:22:35.710 1842 INFO rally.task.context [-] Task 24f518ff-422a-4668-a9e8-42ede00eeaac | Context api_versions@openstack cleanup() started
2019-07-20 21:22:35.710 1842 INFO rally.task.context [-] Task 24f518ff-422a-4668-a9e8-42ede00eeaac | Context api_versions@openstack cleanup() finished in 0.31 msec
2019-07-20 21:22:35.710 1842 INFO rally.task.context [-] Task 24f518ff-422a-4668-a9e8-42ede00eeaac | Context users@openstack cleanup() started
2019-07-20 21:22:44.108 1842 INFO rally.task.context [-] Task 24f518ff-422a-4668-a9e8-42ede00eeaac | Context users@openstack cleanup() finished in 8.40 sec
2019-07-20 21:22:44.755 1842 INFO rally.task.engine [-] Load duration is: 3.10637
2019-07-20 21:22:44.756 1842 INFO rally.task.engine [-] Full runner duration is: 3.157383
2019-07-20 21:22:44.756 1842 INFO rally.task.engine [-] Full duration is: 23.461372
2019-07-20 21:22:45.004 1842 INFO rally.task.engine [-] Running workload: position = 0 config = { "version": 2, "title": "A cropped version of a bigger task.", "description": "Auto-generated task from a single workload (uuid=b6b916e3-a26d-4be8-b613-8588527cf8f7)", "subtasks": [ { "title": "CinderVolumeTypes.create_and_list_volume_types", "description": "Create a volume Type, then list all types.", "scenario": { "CinderVolumeTypes.create_and_list_volume_types": { "description": "rally tests creating types" } }, "contexts": { "users": { "tenants": 3, "users_per_tenant": 2 }, "api_versions": { "cinder": { "version": 3, "service_type": "volumev3" } } }, "runner": { "constant": { "concurrency": 4, "times": 10 } }, "hooks": [], "sla": { "failure_rate": { "max": 0 } } } ] }
2019-07-20 21:22:45.026 1842 RALLYDEBUG rally_openstack.contexts.keystone.users [-] Creating 3 tenants using 20 threads
2019-07-20 21:22:46.939 1842 RALLYDEBUG rally_openstack.contexts.keystone.users [-] Creating 6 users using 20 threads
2019-07-20 21:22:49.776 1842 INFO rally.task.context [-] Task 24f518ff-422a-4668-a9e8-42ede00eeaac | Context users@openstack setup() finished in 4.75 sec
2019-07-20 21:22:50.206 1842 INFO rally.task.context [-] Task 24f518ff-422a-4668-a9e8-42ede00eeaac | Context api_versions@openstack setup() finished in 0.43 sec
2019-07-20 21:22:50.207 1842 INFO rally.task.context [-] Task 24f518ff-422a-4668-a9e8-42ede00eeaac | Context admin_cleanup@openstack setup() finished in 0.00 msec
2019-07-20 21:22:50.214 1842 RALLYDEBUG rally.task.runner [-] Starting the constant runner (task UUID: 24f518ff-422a-4668-a9e8-42ede00eeaac). timeout: 0 concurrency: 4 concurrency_per_worker: 1 times: 10 concurrency_overhead: 0 processes_to_start: 4 max_cpu_used: 16
2019-07-20 21:22:50.227 5846 RALLYDEBUG rally.task.runner [-] Starting a worker. concurrency: 1 args: {"description": "rally tests creating types"} times: 10 method_name: run timeout: 0 duration: None cls:
2019-07-20 21:22:50.230 5847 RALLYDEBUG rally.task.runner [-] Starting a worker. concurrency: 1 args: {"description": "rally tests creating types"} times: 10 method_name: run timeout: 0 duration: None cls:
2019-07-20 21:22:50.231 5848 RALLYDEBUG rally.task.runner [-] Starting a worker. concurrency: 1 args: {"description": "rally tests creating types"} times: 10 method_name: run timeout: 0 duration: None cls:
2019-07-20 21:22:50.235 5846 INFO rally.task.runner [-] Task 24f518ff-422a-4668-a9e8-42ede00eeaac | ITER: 1 START
2019-07-20 21:22:50.236 5849 RALLYDEBUG rally.task.runner [-] Starting a worker. concurrency: 1 args: {"description": "rally tests creating types"} times: 10 method_name: run timeout: 0 duration: None cls:
2019-07-20 21:22:50.238 5847 INFO rally.task.runner [-] Task 24f518ff-422a-4668-a9e8-42ede00eeaac | ITER: 2 START
2019-07-20 21:22:50.238 5848 INFO rally.task.runner [-] Task 24f518ff-422a-4668-a9e8-42ede00eeaac | ITER: 3 START
2019-07-20 21:22:50.243 5849 INFO rally.task.runner [-] Task 24f518ff-422a-4668-a9e8-42ede00eeaac | ITER: 4 START
2019-07-20 21:22:51.287 5848 INFO rally.task.runner [-] Task 24f518ff-422a-4668-a9e8-42ede00eeaac | ITER: 3 END: OK
2019-07-20 21:22:51.292 5848 INFO rally.task.runner [-] Task 24f518ff-422a-4668-a9e8-42ede00eeaac | ITER: 5 START
2019-07-20 21:22:51.328 5846 INFO rally.task.runner [-] Task 24f518ff-422a-4668-a9e8-42ede00eeaac | ITER: 1 END: OK
2019-07-20 21:22:51.333 5846 INFO rally.task.runner [-] Task 24f518ff-422a-4668-a9e8-42ede00eeaac | ITER: 6 START
2019-07-20 21:22:51.334 5847 INFO rally.task.runner [-] Task 24f518ff-422a-4668-a9e8-42ede00eeaac | ITER: 2 END: OK
2019-07-20 21:22:51.335 5849 INFO rally.task.runner [-] Task 24f518ff-422a-4668-a9e8-42ede00eeaac | ITER: 4 END: OK
2019-07-20 21:22:51.339 5847 INFO rally.task.runner [-] Task 24f518ff-422a-4668-a9e8-42ede00eeaac | ITER: 7 START
2019-07-20 21:22:51.340 5849 INFO rally.task.runner [-] Task 24f518ff-422a-4668-a9e8-42ede00eeaac | ITER: 8 START
2019-07-20 21:22:52.279 5848 INFO rally.task.runner [-] Task 24f518ff-422a-4668-a9e8-42ede00eeaac | ITER: 5 END: OK
2019-07-20 21:22:52.283 5848 INFO rally.task.runner [-] Task 24f518ff-422a-4668-a9e8-42ede00eeaac | ITER: 9 START
2019-07-20 21:22:52.283 5849 INFO rally.task.runner [-] Task 24f518ff-422a-4668-a9e8-42ede00eeaac | ITER: 8 END: OK
2019-07-20 21:22:52.288 5849 INFO rally.task.runner [-] Task 24f518ff-422a-4668-a9e8-42ede00eeaac | ITER: 10 START
2019-07-20 21:22:52.415 5846 INFO rally.task.runner [-] Task 24f518ff-422a-4668-a9e8-42ede00eeaac | ITER: 6 END: OK
2019-07-20 21:22:52.438 5847 INFO rally.task.runner [-] Task 24f518ff-422a-4668-a9e8-42ede00eeaac | ITER: 7 END: OK
2019-07-20 21:22:53.218 5849 INFO rally.task.runner [-] Task 24f518ff-422a-4668-a9e8-42ede00eeaac | ITER: 10 END: OK
2019-07-20 21:22:53.639 5848 INFO rally.task.runner [-] Task 24f518ff-422a-4668-a9e8-42ede00eeaac | ITER: 9 END: OK
2019-07-20 21:22:53.660 1842 INFO rally.task.context [-] Task 24f518ff-422a-4668-a9e8-42ede00eeaac | Context admin_cleanup@openstack cleanup() started
2019-07-20 21:22:53.662 1842 RALLYDEBUG rally_openstack.cleanup.manager [-] Cleaning up cinder volume_types objects
2019-07-20 21:22:54.481 1842 RALLYDEBUG rally_openstack.cleanup.manager [-] Deleting cinder.volume_types object s_rally_b6b916e3_xhMWZqCA (19e32b60-be61-43ad-8aa4-e239c99d59d7)
2019-07-20 21:22:54.483 1842 RALLYDEBUG rally_openstack.cleanup.manager [-] Deleting cinder.volume_types object s_rally_b6b916e3_JBUXT4J8 (63ddc462-c9f5-4641-b327-5a05c53d24fc)
2019-07-20 21:22:54.484 1842 RALLYDEBUG rally_openstack.cleanup.manager [-] Deleting cinder.volume_types object s_rally_b6b916e3_QcrnPxpI (a703a893-3188-4576-bea5-7833fc7d5124)
2019-07-20 21:22:54.494 1842 RALLYDEBUG rally_openstack.cleanup.manager [-] Deleting cinder.volume_types object s_rally_b6b916e3_Tl9moL0a (7a512a37-82c4-41d2-aca0-ae5421df624e)
2019-07-20 21:22:54.495 1842 RALLYDEBUG rally_openstack.cleanup.manager [-] Deleting cinder.volume_types object s_rally_b6b916e3_clYg1s2O (1fa8e3ca-b556-44d9-9523-558102f676b1)
2019-07-20 21:22:54.507 1842 RALLYDEBUG rally_openstack.cleanup.manager [-] Deleting cinder.volume_types object s_rally_b6b916e3_UVcMIfGO (5ec3304b-1842-47f0-9167-675c4a22f131)
2019-07-20 21:22:54.508 1842 RALLYDEBUG rally_openstack.cleanup.manager [-] Deleting cinder.volume_types object s_rally_b6b916e3_o8g6ZiAo (0d31bbcf-5ee6-464c-bdc2-7910b264827d)
2019-07-20 21:22:54.508 1842 RALLYDEBUG rally_openstack.cleanup.manager [-] Deleting cinder.volume_types object s_rally_b6b916e3_B9PcRfso (ecb0d30a-367c-46b4-b30c-52709e3f95f8)
2019-07-20 21:22:54.522 1842 RALLYDEBUG rally_openstack.cleanup.manager [-] Deleting cinder.volume_types object s_rally_b6b916e3_IA4V17TB (e245e9dc-6ea6-4ab3-a471-fd9f76f7808b)
2019-07-20 21:22:54.529 1842 RALLYDEBUG rally_openstack.cleanup.manager [-] Deleting cinder.volume_types object s_rally_b6b916e3_tuuPJh0N (b79aab2e-4a9a-4b1c-b59a-685013b1098d)
2019-07-20 21:22:56.898 1842 RALLYDEBUG rally_openstack.cleanup.manager [-] Cleaning up cinder image_volumes_cache objects
2019-07-20 21:22:58.246 1842 RALLYDEBUG rally_openstack.cleanup.manager [-] Cleaning up cinder quotas objects
2019-07-20 21:22:59.861 1842 RALLYDEBUG rally_openstack.cleanup.manager [-] Cleaning up cinder qos_specs objects
2019-07-20 21:23:00.706 1842 INFO rally.task.context [-] Task 24f518ff-422a-4668-a9e8-42ede00eeaac | Context admin_cleanup@openstack cleanup() finished in 7.05 sec
2019-07-20 21:23:00.707 1842 INFO rally.task.context [-] Task 24f518ff-422a-4668-a9e8-42ede00eeaac | Context api_versions@openstack cleanup() started
2019-07-20 21:23:00.707 1842 INFO rally.task.context [-] Task 24f518ff-422a-4668-a9e8-42ede00eeaac | Context api_versions@openstack cleanup() finished in 0.29 msec
2019-07-20 21:23:00.707 1842 INFO rally.task.context [-] Task 24f518ff-422a-4668-a9e8-42ede00eeaac | Context users@openstack cleanup() started
2019-07-20 21:23:09.701 1842 INFO rally.task.context [-] Task 24f518ff-422a-4668-a9e8-42ede00eeaac | Context users@openstack cleanup() finished in 8.99 sec
2019-07-20 21:23:11.158 1842 INFO rally.task.engine [-] Load duration is: 3.399216
2019-07-20 21:23:11.158 1842 INFO rally.task.engine [-] Full runner duration is: 3.446257
2019-07-20 21:23:11.159 1842 INFO rally.task.engine [-] Full duration is: 24.67749
2019-07-20 21:23:11.400 1842 INFO rally.task.engine [-] Running workload: position = 0 config = { "version": 2, "title": "A cropped version of a bigger task.", "description": "Auto-generated task from a single workload (uuid=1cf1ae6f-2716-4a80-adba-fb76419551f8)", "subtasks": [ { "title": "CinderVolumeTypes.create_and_update_volume_type", "description": "create a volume type, then update the type.", "scenario": { "CinderVolumeTypes.create_and_update_volume_type": { "description": "test", "update_description": "test update" } }, "contexts": { "users": { "tenants": 3, "users_per_tenant": 2 }, "api_versions": { "cinder": { "version": 3, "service_type": "volumev3" } } }, "runner": { "constant": { "concurrency": 4, "times": 10 } }, "hooks": [], "sla": { "failure_rate": { "max": 0 } } } ] }
2019-07-20 21:23:11.422 1842 RALLYDEBUG rally_openstack.contexts.keystone.users [-] Creating 3 tenants using 20 threads
2019-07-20 21:23:13.342 1842 RALLYDEBUG rally_openstack.contexts.keystone.users [-] Creating 6 users using 20 threads
2019-07-20 21:23:16.195 1842 INFO rally.task.context [-] Task 24f518ff-422a-4668-a9e8-42ede00eeaac | Context users@openstack setup() finished in 4.77 sec
2019-07-20 21:23:16.616 1842 INFO rally.task.context [-] Task 24f518ff-422a-4668-a9e8-42ede00eeaac | Context api_versions@openstack setup() finished in 0.42 sec
2019-07-20 21:23:16.617 1842 INFO rally.task.context [-] Task 24f518ff-422a-4668-a9e8-42ede00eeaac | Context admin_cleanup@openstack setup() finished in 0.01 msec
2019-07-20 21:23:16.624 1842 RALLYDEBUG rally.task.runner [-] Starting the constant runner (task UUID: 24f518ff-422a-4668-a9e8-42ede00eeaac). timeout: 0 concurrency: 4 concurrency_per_worker: 1 times: 10 concurrency_overhead: 0 processes_to_start: 4 max_cpu_used: 16
2019-07-20 21:23:16.637 6030 RALLYDEBUG rally.task.runner [-] Starting a worker. concurrency: 1 args: {"description": "test", "update_description": "test update"} times: 10 method_name: run timeout: 0 duration: None cls:
2019-07-20 21:23:16.640 6031 RALLYDEBUG rally.task.runner [-] Starting a worker. concurrency: 1 args: {"description": "test", "update_description": "test update"} times: 10 method_name: run timeout: 0 duration: None cls:
2019-07-20 21:23:16.643 6032 RALLYDEBUG rally.task.runner [-] Starting a worker. concurrency: 1 args: {"description": "test", "update_description": "test update"} times: 10 method_name: run timeout: 0 duration: None cls:
2019-07-20 21:23:16.645 6030 INFO rally.task.runner [-] Task 24f518ff-422a-4668-a9e8-42ede00eeaac | ITER: 1 START
2019-07-20 21:23:16.646 6033 RALLYDEBUG rally.task.runner [-] Starting a worker. concurrency: 1 args: {"description": "test", "update_description": "test update"} times: 10 method_name: run timeout: 0 duration: None cls:
2019-07-20 21:23:16.647 6031 INFO rally.task.runner [-] Task 24f518ff-422a-4668-a9e8-42ede00eeaac | ITER: 2 START
2019-07-20 21:23:16.650 6032 INFO rally.task.runner [-] Task 24f518ff-422a-4668-a9e8-42ede00eeaac | ITER: 3 START
2019-07-20 21:23:16.653 6033 INFO rally.task.runner [-] Task 24f518ff-422a-4668-a9e8-42ede00eeaac | ITER: 4 START
2019-07-20 21:23:17.091 6032 DEBUG cinderclient.v2.client [-] REQ: curl -g -i -X POST http://172.30.9.47:8776/v3/6fb0e9ee29b442c5b3389777010096c9/types -H "Accept: application/json" -H "Content-Type: application/json" -H "User-Agent: python-cinderclient" -H "X-Auth-Token: {SHA1}ceee695ff7ed24fbbe23548e1f6bbb250895d227" -d '{"volume_type": {"os-volume-type-access:is_public": true, "name": "s_rally_1cf1ae6f_JifVwkqk", "description": "test"}}' _http_log_request /usr/lib/python2.7/site-packages/keystoneauth1/session.py:448
2019-07-20 21:23:17.095 6031 DEBUG cinderclient.v2.client [-] REQ: curl -g -i -X POST http://172.30.9.47:8776/v3/6fb0e9ee29b442c5b3389777010096c9/types -H "Accept: application/json" -H "Content-Type: application/json" -H "User-Agent: python-cinderclient" -H "X-Auth-Token: {SHA1}78161cf1f71aa291b38b6e367d22228e7057bd10" -d '{"volume_type": {"os-volume-type-access:is_public": true, "name": "s_rally_1cf1ae6f_qz08lVAn", "description": "test"}}' _http_log_request /usr/lib/python2.7/site-packages/keystoneauth1/session.py:448
2019-07-20 21:23:17.102 6030 DEBUG cinderclient.v2.client [-] REQ: curl -g -i -X POST http://172.30.9.47:8776/v3/6fb0e9ee29b442c5b3389777010096c9/types -H "Accept: application/json" -H "Content-Type: application/json" -H "User-Agent: python-cinderclient" -H "X-Auth-Token: {SHA1}e8fe98feb1d79fdb815ad3e039afeaf6e1258aba" -d '{"volume_type": {"os-volume-type-access:is_public": true, "name": "s_rally_1cf1ae6f_aYqp0pNN", "description": "test"}}' _http_log_request /usr/lib/python2.7/site-packages/keystoneauth1/session.py:448
2019-07-20 21:23:17.105 6033 DEBUG cinderclient.v2.client [-] REQ: curl -g -i -X POST http://172.30.9.47:8776/v3/6fb0e9ee29b442c5b3389777010096c9/types -H "Accept: application/json" -H "Content-Type: application/json" -H "User-Agent: python-cinderclient" -H "X-Auth-Token: {SHA1}f4c60066f67b3f42035d994676dd71ea49cf1f1b" -d '{"volume_type": {"os-volume-type-access:is_public": true, "name": "s_rally_1cf1ae6f_tZokwp64", "description": "test"}}' _http_log_request /usr/lib/python2.7/site-packages/keystoneauth1/session.py:448
2019-07-20 21:23:17.417 6032 DEBUG cinderclient.v2.client [-] RESP: [200] Content-Encoding: gzip Content-Length: 168 Content-Type: application/json Date: Sat, 20 Jul 2019 21:23:17 GMT OpenStack-API-Version: volume 3.0 Server: Apache Vary: OpenStack-API-Version,Accept-Encoding x-compute-request-id: req-b7e70849-55e6-475d-81c0-b729da576c74 x-openstack-request-id: req-b7e70849-55e6-475d-81c0-b729da576c74 _http_log_response /usr/lib/python2.7/site-packages/keystoneauth1/session.py:479
2019-07-20 21:23:17.418 6032 DEBUG cinderclient.v2.client [-] RESP BODY: {"volume_type": {"name": "s_rally_1cf1ae6f_JifVwkqk", "extra_specs": {}, "os-volume-type-access:is_public": true, "is_public": true, "id": "b8edcbd2-856b-48c3-803d-771f7e9f35ee", "description": "test"}} _http_log_response /usr/lib/python2.7/site-packages/keystoneauth1/session.py:511
2019-07-20 21:23:17.418 6032 DEBUG cinderclient.v2.client [-] POST call to volumev2 for http://172.30.9.47:8776/v3/6fb0e9ee29b442c5b3389777010096c9/types used request id req-b7e70849-55e6-475d-81c0-b729da576c74 request /usr/lib/python2.7/site-packages/keystoneauth1/session.py:844
2019-07-20 21:23:17.420 6032 DEBUG cinderclient.v2.client [-] REQ: curl -g -i -X PUT http://172.30.9.47:8776/v3/6fb0e9ee29b442c5b3389777010096c9/types/b8edcbd2-856b-48c3-803d-771f7e9f35ee -H "Accept: application/json" -H "Content-Type: application/json" -H "User-Agent: python-cinderclient" -H "X-Auth-Token: {SHA1}ceee695ff7ed24fbbe23548e1f6bbb250895d227" -H "X-OpenStack-Request-ID: req-b7e70849-55e6-475d-81c0-b729da576c74" -d '{"volume_type": {"name": "s_rally_1cf1ae6f_JifVwkqk", "description": "test update"}}' _http_log_request /usr/lib/python2.7/site-packages/keystoneauth1/session.py:448
2019-07-20 21:23:17.424 6030 DEBUG cinderclient.v2.client [-] RESP: [200] Content-Encoding: gzip Content-Length: 167 Content-Type: application/json Date: Sat, 20 Jul 2019 21:23:17 GMT OpenStack-API-Version: volume 3.0 Server: Apache Vary: OpenStack-API-Version,Accept-Encoding x-compute-request-id: req-9c7fc60a-4221-46d7-a4cf-41ba08b7c281 x-openstack-request-id: req-9c7fc60a-4221-46d7-a4cf-41ba08b7c281 _http_log_response /usr/lib/python2.7/site-packages/keystoneauth1/session.py:479
2019-07-20 21:23:17.424 6030 DEBUG cinderclient.v2.client [-] RESP BODY: {"volume_type": {"name": "s_rally_1cf1ae6f_aYqp0pNN", "extra_specs": {}, "os-volume-type-access:is_public": true, "is_public": true, "id": "c4bc95bf-e573-415a-a86d-b16a9c6bbfd5", "description": "test"}} _http_log_response /usr/lib/python2.7/site-packages/keystoneauth1/session.py:511
2019-07-20 21:23:17.425 6030 DEBUG cinderclient.v2.client [-] POST call to volumev2 for http://172.30.9.47:8776/v3/6fb0e9ee29b442c5b3389777010096c9/types used request id req-9c7fc60a-4221-46d7-a4cf-41ba08b7c281 request /usr/lib/python2.7/site-packages/keystoneauth1/session.py:844
2019-07-20 21:23:17.427 6030 DEBUG cinderclient.v2.client [-] REQ: curl -g -i -X PUT http://172.30.9.47:8776/v3/6fb0e9ee29b442c5b3389777010096c9/types/c4bc95bf-e573-415a-a86d-b16a9c6bbfd5 -H "Accept: application/json" -H "Content-Type: application/json" -H "User-Agent: python-cinderclient" -H "X-Auth-Token: {SHA1}e8fe98feb1d79fdb815ad3e039afeaf6e1258aba" -H "X-OpenStack-Request-ID: req-9c7fc60a-4221-46d7-a4cf-41ba08b7c281" -d '{"volume_type": {"name": "s_rally_1cf1ae6f_aYqp0pNN", "description": "test update"}}' _http_log_request /usr/lib/python2.7/site-packages/keystoneauth1/session.py:448
2019-07-20 21:23:17.429 6033 DEBUG cinderclient.v2.client [-] RESP: [200] Content-Encoding: gzip Content-Length: 166 Content-Type: application/json Date: Sat, 20 Jul 2019 21:23:17 GMT OpenStack-API-Version: volume 3.0 Server: Apache Vary: OpenStack-API-Version,Accept-Encoding x-compute-request-id: req-0232375f-8cbe-4de0-8a2d-2e8e8bf34d11 x-openstack-request-id: req-0232375f-8cbe-4de0-8a2d-2e8e8bf34d11 _http_log_response /usr/lib/python2.7/site-packages/keystoneauth1/session.py:479
2019-07-20 21:23:17.430 6033 DEBUG cinderclient.v2.client [-] RESP BODY: {"volume_type": {"name": "s_rally_1cf1ae6f_tZokwp64", "extra_specs": {}, "os-volume-type-access:is_public": true, "is_public": true, "id": "55d2b104-272b-41e5-b53a-390c13a51c3d", "description": "test"}} _http_log_response /usr/lib/python2.7/site-packages/keystoneauth1/session.py:511
2019-07-20 21:23:17.430 6033 DEBUG cinderclient.v2.client [-] POST call to volumev2 for http://172.30.9.47:8776/v3/6fb0e9ee29b442c5b3389777010096c9/types used request id req-0232375f-8cbe-4de0-8a2d-2e8e8bf34d11 request /usr/lib/python2.7/site-packages/keystoneauth1/session.py:844
2019-07-20 21:23:17.432 6033 DEBUG cinderclient.v2.client [-] REQ: curl -g -i -X PUT http://172.30.9.47:8776/v3/6fb0e9ee29b442c5b3389777010096c9/types/55d2b104-272b-41e5-b53a-390c13a51c3d -H "Accept: application/json" -H "Content-Type: application/json" -H "User-Agent: python-cinderclient" -H "X-Auth-Token: {SHA1}f4c60066f67b3f42035d994676dd71ea49cf1f1b" -H "X-OpenStack-Request-ID: req-0232375f-8cbe-4de0-8a2d-2e8e8bf34d11" -d '{"volume_type": {"name": "s_rally_1cf1ae6f_tZokwp64", "description": "test update"}}' _http_log_request /usr/lib/python2.7/site-packages/keystoneauth1/session.py:448
2019-07-20 21:23:17.447 6031 DEBUG cinderclient.v2.client [-] RESP: [200] Content-Encoding: gzip Content-Length: 168 Content-Type: application/json Date: Sat, 20 Jul 2019 21:23:17 GMT OpenStack-API-Version: volume 3.0 Server: Apache Vary: OpenStack-API-Version,Accept-Encoding x-compute-request-id: req-7c826c65-ba5e-4586-a395-1830394f4f3b x-openstack-request-id: req-7c826c65-ba5e-4586-a395-1830394f4f3b _http_log_response /usr/lib/python2.7/site-packages/keystoneauth1/session.py:479
2019-07-20 21:23:17.448 6031 DEBUG cinderclient.v2.client [-] RESP BODY: {"volume_type": {"name": "s_rally_1cf1ae6f_qz08lVAn", "extra_specs": {}, "os-volume-type-access:is_public": true, "is_public": true, "id": "627225d8-83ab-4483-aebe-1b571c560c36", "description": "test"}} _http_log_response /usr/lib/python2.7/site-packages/keystoneauth1/session.py:511
2019-07-20 21:23:17.449 6031 DEBUG cinderclient.v2.client [-] POST call to volumev2 for http://172.30.9.47:8776/v3/6fb0e9ee29b442c5b3389777010096c9/types used request id req-7c826c65-ba5e-4586-a395-1830394f4f3b request /usr/lib/python2.7/site-packages/keystoneauth1/session.py:844
2019-07-20 21:23:17.451 6031 DEBUG cinderclient.v2.client [-] REQ: curl -g -i -X PUT http://172.30.9.47:8776/v3/6fb0e9ee29b442c5b3389777010096c9/types/627225d8-83ab-4483-aebe-1b571c560c36 -H "Accept: application/json" -H "Content-Type: application/json" -H "User-Agent: python-cinderclient" -H "X-Auth-Token: {SHA1}78161cf1f71aa291b38b6e367d22228e7057bd10" -H "X-OpenStack-Request-ID: req-7c826c65-ba5e-4586-a395-1830394f4f3b" -d '{"volume_type": {"name": "s_rally_1cf1ae6f_qz08lVAn", "description": "test update"}}' _http_log_request /usr/lib/python2.7/site-packages/keystoneauth1/session.py:448
2019-07-20 21:23:17.720 6032 DEBUG cinderclient.v2.client [-] RESP: [200] Content-Encoding: gzip Content-Length: 159 Content-Type: application/json Date: Sat, 20 Jul 2019 21:23:17 GMT OpenStack-API-Version: volume 3.0 Server: Apache Vary: OpenStack-API-Version,Accept-Encoding x-compute-request-id: req-1caadaa4-caca-437e-ad40-dfdd96cebd57 x-openstack-request-id: req-1caadaa4-caca-437e-ad40-dfdd96cebd57 _http_log_response /usr/lib/python2.7/site-packages/keystoneauth1/session.py:479
2019-07-20 21:23:17.720 6032 DEBUG cinderclient.v2.client [-] RESP BODY: {"volume_type": {"is_public": true, "extra_specs": {}, "id": "b8edcbd2-856b-48c3-803d-771f7e9f35ee", "name": "s_rally_1cf1ae6f_JifVwkqk", "description": "test update"}} _http_log_response /usr/lib/python2.7/site-packages/keystoneauth1/session.py:511
