2019-07-20 21:01:00.667 1967 DEBUG novaclient.v2.client [-] GET call to compute for http://172.30.9.47:8774/v2.1/servers/df7fc4f5-de0d-494f-b023-c57d04669303 used request id req-f89bef97-4cc5-4a9a-9f6e-5dc3c7fac906 request /usr/lib/python2.7/site-packages/keystoneauth1/session.py:844
2019-07-20 21:01:00.667 1967 INFO rally.task.runner [-] Task 24f518ff-422a-4668-a9e8-42ede00eeaac | ITER: 10 END: OK
2019-07-20 21:01:00.700 1842 INFO rally.task.context [-] Task 24f518ff-422a-4668-a9e8-42ede00eeaac | Context cleanup@openstack cleanup() started
2019-07-20 21:01:00.702 1842 RALLYDEBUG rally_openstack.cleanup.manager [-] Cleaning up nova servers objects
2019-07-20 21:01:01.130 1842 DEBUG novaclient.v2.client [-] REQ: curl -g -i -X GET http://172.30.9.47:8774/v2.1/servers/detail -H "Accept: application/json" -H "User-Agent: python-novaclient" -H "X-Auth-Token: {SHA1}9a41ea120c6305572fe2b569375885de65499044" _http_log_request /usr/lib/python2.7/site-packages/keystoneauth1/session.py:448
2019-07-20 21:01:01.467 1842 DEBUG novaclient.v2.client [-] RESP: [200] Content-Length: 15 Content-Type: application/json Date: Sat, 20 Jul 2019 21:01:01 GMT OpenStack-API-Version: compute 2.1 Server: Apache Vary: OpenStack-API-Version,X-OpenStack-Nova-API-Version X-OpenStack-Nova-API-Version: 2.1 x-compute-request-id: req-3d1ca18a-427a-47fd-85a7-39ff71edc629 x-openstack-request-id: req-3d1ca18a-427a-47fd-85a7-39ff71edc629 _http_log_response /usr/lib/python2.7/site-packages/keystoneauth1/session.py:479
2019-07-20 21:01:01.467 1842 DEBUG novaclient.v2.client [-] RESP BODY: {"servers": []} _http_log_response /usr/lib/python2.7/site-packages/keystoneauth1/session.py:511
2019-07-20 21:01:01.467 1842 DEBUG novaclient.v2.client [-] GET call to compute for http://172.30.9.47:8774/v2.1/servers/detail used request id req-3d1ca18a-427a-47fd-85a7-39ff71edc629 request /usr/lib/python2.7/site-packages/keystoneauth1/session.py:844
2019-07-20 21:01:01.903 1842 DEBUG novaclient.v2.client [-] REQ: curl -g -i -X GET http://172.30.9.47:8774/v2.1/servers/detail -H "Accept: application/json" -H "User-Agent: python-novaclient" -H "X-Auth-Token: {SHA1}4f02b73d164d45075b26a9b9a4fbc1fc89e3fdf4" _http_log_request /usr/lib/python2.7/site-packages/keystoneauth1/session.py:448
2019-07-20 21:01:02.158 1842 DEBUG novaclient.v2.client [-] RESP: [200] Content-Length: 15 Content-Type: application/json Date: Sat, 20 Jul 2019 21:01:01 GMT OpenStack-API-Version: compute 2.1 Server: Apache Vary: OpenStack-API-Version,X-OpenStack-Nova-API-Version X-OpenStack-Nova-API-Version: 2.1 x-compute-request-id: req-153a7a2d-799d-4f23-9188-b3089b8ec9f5 x-openstack-request-id: req-153a7a2d-799d-4f23-9188-b3089b8ec9f5 _http_log_response /usr/lib/python2.7/site-packages/keystoneauth1/session.py:479
2019-07-20 21:01:02.159 1842 DEBUG novaclient.v2.client [-] RESP BODY: {"servers": []} _http_log_response /usr/lib/python2.7/site-packages/keystoneauth1/session.py:511
2019-07-20 21:01:02.159 1842 DEBUG novaclient.v2.client [-] GET call to compute for http://172.30.9.47:8774/v2.1/servers/detail used request id req-153a7a2d-799d-4f23-9188-b3089b8ec9f5 request /usr/lib/python2.7/site-packages/keystoneauth1/session.py:844
2019-07-20 21:01:02.592 1842 DEBUG novaclient.v2.client [-] REQ: curl -g -i -X GET http://172.30.9.47:8774/v2.1/servers/detail -H "Accept: application/json" -H "User-Agent: python-novaclient" -H "X-Auth-Token: {SHA1}8cd8e4a83e85b732d8368b069b6a4b5c35b9adfd" _http_log_request /usr/lib/python2.7/site-packages/keystoneauth1/session.py:448
2019-07-20 21:01:02.939 1842 DEBUG novaclient.v2.client [-] RESP: [200] Content-Length: 15 Content-Type: application/json Date: Sat, 20 Jul 2019 21:01:02 GMT OpenStack-API-Version: compute 2.1 Server: Apache Vary: OpenStack-API-Version,X-OpenStack-Nova-API-Version X-OpenStack-Nova-API-Version: 2.1 x-compute-request-id: req-41936749-289e-41ec-8e10-713d902e21e6 x-openstack-request-id: req-41936749-289e-41ec-8e10-713d902e21e6 _http_log_response /usr/lib/python2.7/site-packages/keystoneauth1/session.py:479
2019-07-20 21:01:02.939 1842 DEBUG novaclient.v2.client [-] RESP BODY: {"servers": []} _http_log_response /usr/lib/python2.7/site-packages/keystoneauth1/session.py:511
2019-07-20 21:01:02.940 1842 DEBUG novaclient.v2.client [-] GET call to compute for http://172.30.9.47:8774/v2.1/servers/detail used request id req-41936749-289e-41ec-8e10-713d902e21e6 request /usr/lib/python2.7/site-packages/keystoneauth1/session.py:844
2019-07-20 21:01:02.948 1842 RALLYDEBUG rally_openstack.cleanup.manager [-] Cleaning up nova server_groups objects
2019-07-20 21:01:03.383 1842 DEBUG novaclient.v2.client [-] REQ: curl -g -i -X GET http://172.30.9.47:8774/v2.1/os-server-groups -H "Accept: application/json" -H "User-Agent: python-novaclient" -H "X-Auth-Token: {SHA1}5156155ccbbccb1cfa016b54632642f8f6062394" _http_log_request /usr/lib/python2.7/site-packages/keystoneauth1/session.py:448
2019-07-20 21:01:03.606 1842 DEBUG novaclient.v2.client [-] RESP: [200] Content-Length: 21 Content-Type: application/json Date: Sat, 20 Jul 2019 21:01:03 GMT OpenStack-API-Version: compute 2.1 Server: Apache Vary: OpenStack-API-Version,X-OpenStack-Nova-API-Version X-OpenStack-Nova-API-Version: 2.1 x-compute-request-id: req-ccff70ff-c016-461f-ad30-3f7bda58d430 x-openstack-request-id: req-ccff70ff-c016-461f-ad30-3f7bda58d430 _http_log_response /usr/lib/python2.7/site-packages/keystoneauth1/session.py:479
2019-07-20 21:01:03.607 1842 DEBUG novaclient.v2.client [-] RESP BODY: {"server_groups": []} _http_log_response /usr/lib/python2.7/site-packages/keystoneauth1/session.py:511
2019-07-20 21:01:03.607 1842 DEBUG novaclient.v2.client [-] GET call to compute for http://172.30.9.47:8774/v2.1/os-server-groups used request id req-ccff70ff-c016-461f-ad30-3f7bda58d430 request /usr/lib/python2.7/site-packages/keystoneauth1/session.py:844
2019-07-20 21:01:04.046 1842 DEBUG novaclient.v2.client [-] REQ: curl -g -i -X GET http://172.30.9.47:8774/v2.1/os-server-groups -H "Accept: application/json" -H "User-Agent: python-novaclient" -H "X-Auth-Token: {SHA1}38b0e2f1d370a811c8bebc7c4d6efe0036032911" _http_log_request /usr/lib/python2.7/site-packages/keystoneauth1/session.py:448
2019-07-20 21:01:04.334 1842 DEBUG novaclient.v2.client [-] RESP: [200] Content-Length: 21 Content-Type: application/json Date: Sat, 20 Jul 2019 21:01:04 GMT OpenStack-API-Version: compute 2.1 Server: Apache Vary: OpenStack-API-Version,X-OpenStack-Nova-API-Version X-OpenStack-Nova-API-Version: 2.1 x-compute-request-id: req-9ee89900-b82f-41be-aedf-a605d2a3b805 x-openstack-request-id: req-9ee89900-b82f-41be-aedf-a605d2a3b805 _http_log_response /usr/lib/python2.7/site-packages/keystoneauth1/session.py:479
2019-07-20 21:01:04.334 1842 DEBUG novaclient.v2.client [-] RESP BODY: {"server_groups": []} _http_log_response /usr/lib/python2.7/site-packages/keystoneauth1/session.py:511
2019-07-20 21:01:04.335 1842 DEBUG novaclient.v2.client [-] GET call to compute for http://172.30.9.47:8774/v2.1/os-server-groups used request id req-9ee89900-b82f-41be-aedf-a605d2a3b805 request /usr/lib/python2.7/site-packages/keystoneauth1/session.py:844
2019-07-20 21:01:04.761 1842 DEBUG novaclient.v2.client [-] REQ: curl -g -i -X GET http://172.30.9.47:8774/v2.1/os-server-groups -H "Accept: application/json" -H "User-Agent: python-novaclient" -H "X-Auth-Token: {SHA1}7635012ae3ffe46aded8eef9cbcfb60b05f7a254" _http_log_request /usr/lib/python2.7/site-packages/keystoneauth1/session.py:448
2019-07-20 21:01:04.974 1842 DEBUG novaclient.v2.client [-] RESP: [200] Content-Length: 21 Content-Type: application/json Date: Sat, 20 Jul 2019 21:01:04 GMT OpenStack-API-Version: compute 2.1 Server: Apache Vary: OpenStack-API-Version,X-OpenStack-Nova-API-Version X-OpenStack-Nova-API-Version: 2.1 x-compute-request-id: req-8a9145b3-f5a2-4891-b417-1b25156e2e3c x-openstack-request-id: req-8a9145b3-f5a2-4891-b417-1b25156e2e3c _http_log_response /usr/lib/python2.7/site-packages/keystoneauth1/session.py:479
2019-07-20 21:01:04.975 1842 DEBUG novaclient.v2.client [-] RESP BODY: {"server_groups": []} _http_log_response /usr/lib/python2.7/site-packages/keystoneauth1/session.py:511
2019-07-20 21:01:04.975 1842 DEBUG novaclient.v2.client [-] GET call to compute for http://172.30.9.47:8774/v2.1/os-server-groups used request id req-8a9145b3-f5a2-4891-b417-1b25156e2e3c request /usr/lib/python2.7/site-packages/keystoneauth1/session.py:844
2019-07-20 21:01:04.982 1842 RALLYDEBUG rally_openstack.cleanup.manager [-] Cleaning up nova keypairs objects
2019-07-20 21:01:05.412 1842 DEBUG novaclient.v2.client [-] REQ: curl -g -i -X GET http://172.30.9.47:8774/v2.1/os-keypairs -H "Accept: application/json" -H "User-Agent: python-novaclient" -H "X-Auth-Token: {SHA1}68babc8b406adeb3f4cce123691b7f8db411fa70" _http_log_request /usr/lib/python2.7/site-packages/keystoneauth1/session.py:448
2019-07-20 21:01:05.734 1842 DEBUG novaclient.v2.client [-] RESP: [200] Content-Length: 16 Content-Type: application/json Date: Sat, 20 Jul 2019 21:01:05 GMT OpenStack-API-Version: compute 2.1 Server: Apache Vary: OpenStack-API-Version,X-OpenStack-Nova-API-Version X-OpenStack-Nova-API-Version: 2.1 x-compute-request-id: req-15f9e9eb-ebfa-44c2-b06e-d45b2808bee2 x-openstack-request-id: req-15f9e9eb-ebfa-44c2-b06e-d45b2808bee2 _http_log_response /usr/lib/python2.7/site-packages/keystoneauth1/session.py:479
2019-07-20 21:01:05.734 1842 DEBUG novaclient.v2.client [-] RESP BODY: {"keypairs": []} _http_log_response /usr/lib/python2.7/site-packages/keystoneauth1/session.py:511
2019-07-20 21:01:05.735 1842 DEBUG novaclient.v2.client [-] GET call to compute for http://172.30.9.47:8774/v2.1/os-keypairs used request id req-15f9e9eb-ebfa-44c2-b06e-d45b2808bee2 request /usr/lib/python2.7/site-packages/keystoneauth1/session.py:844
2019-07-20 21:01:06.172 1842 DEBUG novaclient.v2.client [-] REQ: curl -g -i -X GET http://172.30.9.47:8774/v2.1/os-keypairs -H "Accept: application/json" -H "User-Agent: python-novaclient" -H "X-Auth-Token: {SHA1}f3ff634bb236433269b75c618c38b1406a316052" _http_log_request /usr/lib/python2.7/site-packages/keystoneauth1/session.py:448
2019-07-20 21:01:06.385 1842 DEBUG novaclient.v2.client [-] RESP: [200] Content-Length: 16 Content-Type: application/json Date: Sat, 20 Jul 2019 21:01:06 GMT OpenStack-API-Version: compute 2.1 Server: Apache Vary: OpenStack-API-Version,X-OpenStack-Nova-API-Version X-OpenStack-Nova-API-Version: 2.1 x-compute-request-id: req-2f3466ce-48ff-4de6-accd-694cdca45c64 x-openstack-request-id: req-2f3466ce-48ff-4de6-accd-694cdca45c64 _http_log_response /usr/lib/python2.7/site-packages/keystoneauth1/session.py:479
2019-07-20 21:01:06.386 1842 DEBUG novaclient.v2.client [-] RESP BODY: {"keypairs": []} _http_log_response /usr/lib/python2.7/site-packages/keystoneauth1/session.py:511
2019-07-20 21:01:06.386 1842 DEBUG novaclient.v2.client [-] GET call to compute for http://172.30.9.47:8774/v2.1/os-keypairs used request id req-2f3466ce-48ff-4de6-accd-694cdca45c64 request /usr/lib/python2.7/site-packages/keystoneauth1/session.py:844
2019-07-20 21:01:06.820 1842 DEBUG novaclient.v2.client [-] REQ: curl -g -i -X GET http://172.30.9.47:8774/v2.1/os-keypairs -H "Accept: application/json" -H "User-Agent: python-novaclient" -H "X-Auth-Token: {SHA1}4b475ec942c61cfd85cdb5e59419c1af13346953" _http_log_request /usr/lib/python2.7/site-packages/keystoneauth1/session.py:448
2019-07-20 21:01:07.257 1842 DEBUG novaclient.v2.client [-] RESP: [200] Content-Length: 16 Content-Type: application/json Date: Sat, 20 Jul 2019 21:01:06 GMT OpenStack-API-Version: compute 2.1 Server: Apache Vary: OpenStack-API-Version,X-OpenStack-Nova-API-Version X-OpenStack-Nova-API-Version: 2.1 x-compute-request-id: req-4f917bdb-86f5-4c7f-ac3b-3fab80a54fa2 x-openstack-request-id: req-4f917bdb-86f5-4c7f-ac3b-3fab80a54fa2 _http_log_response /usr/lib/python2.7/site-packages/keystoneauth1/session.py:479
2019-07-20 21:01:07.257 1842 DEBUG novaclient.v2.client [-] RESP BODY: {"keypairs": []} _http_log_response /usr/lib/python2.7/site-packages/keystoneauth1/session.py:511
2019-07-20 21:01:07.258 1842 DEBUG novaclient.v2.client [-] GET call to compute for http://172.30.9.47:8774/v2.1/os-keypairs used request id req-4f917bdb-86f5-4c7f-ac3b-3fab80a54fa2 request /usr/lib/python2.7/site-packages/keystoneauth1/session.py:844
2019-07-20 21:01:07.686 1842 DEBUG novaclient.v2.client [-] REQ: curl -g -i -X GET http://172.30.9.47:8774/v2.1/os-keypairs -H "Accept: application/json" -H "User-Agent: python-novaclient" -H "X-Auth-Token: {SHA1}4f6602857809d33e25f6b9a726b01b8d7b2de632" _http_log_request /usr/lib/python2.7/site-packages/keystoneauth1/session.py:448
2019-07-20 21:01:07.995 1842 DEBUG novaclient.v2.client [-] RESP: [200] Content-Length: 16 Content-Type: application/json Date: Sat, 20 Jul 2019 21:01:07 GMT OpenStack-API-Version: compute 2.1 Server: Apache Vary: OpenStack-API-Version,X-OpenStack-Nova-API-Version X-OpenStack-Nova-API-Version: 2.1 x-compute-request-id: req-fcd96de8-250a-4293-b79f-998d9b1e0b65 x-openstack-request-id: req-fcd96de8-250a-4293-b79f-998d9b1e0b65 _http_log_response /usr/lib/python2.7/site-packages/keystoneauth1/session.py:479
2019-07-20 21:01:07.996 1842 DEBUG novaclient.v2.client [-] RESP BODY: {"keypairs": []} _http_log_response /usr/lib/python2.7/site-packages/keystoneauth1/session.py:511
2019-07-20 21:01:07.996 1842 DEBUG novaclient.v2.client [-] GET call to compute for http://172.30.9.47:8774/v2.1/os-keypairs used request id req-fcd96de8-250a-4293-b79f-998d9b1e0b65 request /usr/lib/python2.7/site-packages/keystoneauth1/session.py:844
2019-07-20 21:01:08.420 1842 DEBUG novaclient.v2.client [-] REQ: curl -g -i -X GET http://172.30.9.47:8774/v2.1/os-keypairs -H "Accept: application/json" -H "User-Agent: python-novaclient" -H "X-Auth-Token: {SHA1}3974a05d7d619fcfa4520d80a258a65f121146d4" _http_log_request /usr/lib/python2.7/site-packages/keystoneauth1/session.py:448
2019-07-20 21:01:08.705 1842 DEBUG novaclient.v2.client [-] RESP: [200] Content-Length: 16 Content-Type: application/json Date: Sat, 20 Jul 2019 21:01:08 GMT OpenStack-API-Version: compute 2.1 Server: Apache Vary: OpenStack-API-Version,X-OpenStack-Nova-API-Version X-OpenStack-Nova-API-Version: 2.1 x-compute-request-id: req-afe1c3f3-2c4e-47db-bd64-3486ba6a981a x-openstack-request-id: req-afe1c3f3-2c4e-47db-bd64-3486ba6a981a _http_log_response /usr/lib/python2.7/site-packages/keystoneauth1/session.py:479
2019-07-20 21:01:08.706 1842 DEBUG novaclient.v2.client [-] RESP BODY: {"keypairs": []} _http_log_response /usr/lib/python2.7/site-packages/keystoneauth1/session.py:511
2019-07-20 21:01:08.706 1842 DEBUG novaclient.v2.client [-] GET call to compute for http://172.30.9.47:8774/v2.1/os-keypairs used request id req-afe1c3f3-2c4e-47db-bd64-3486ba6a981a request /usr/lib/python2.7/site-packages/keystoneauth1/session.py:844
2019-07-20 21:01:09.137 1842 DEBUG novaclient.v2.client [-] REQ: curl -g -i -X GET http://172.30.9.47:8774/v2.1/os-keypairs -H "Accept: application/json" -H "User-Agent: python-novaclient" -H "X-Auth-Token: {SHA1}0891871045c8ffffa1b441e45ca0b35d0f2a6beb" _http_log_request /usr/lib/python2.7/site-packages/keystoneauth1/session.py:448
2019-07-20 21:01:09.450 1842 DEBUG novaclient.v2.client [-] RESP: [200] Content-Length: 16 Content-Type: application/json Date: Sat, 20 Jul 2019 21:01:09 GMT OpenStack-API-Version: compute 2.1 Server: Apache Vary: OpenStack-API-Version,X-OpenStack-Nova-API-Version X-OpenStack-Nova-API-Version: 2.1 x-compute-request-id: req-ba9bf51c-c00b-4f25-8a00-6cf32ccbeeb3 x-openstack-request-id: req-ba9bf51c-c00b-4f25-8a00-6cf32ccbeeb3 _http_log_response /usr/lib/python2.7/site-packages/keystoneauth1/session.py:479
2019-07-20 21:01:09.451 1842 DEBUG novaclient.v2.client [-] RESP BODY: {"keypairs": []} _http_log_response /usr/lib/python2.7/site-packages/keystoneauth1/session.py:511
2019-07-20 21:01:09.451 1842 DEBUG novaclient.v2.client [-] GET call to compute for http://172.30.9.47:8774/v2.1/os-keypairs used request id req-ba9bf51c-c00b-4f25-8a00-6cf32ccbeeb3 request /usr/lib/python2.7/site-packages/keystoneauth1/session.py:844
2019-07-20 21:01:09.459 1842 RALLYDEBUG rally_openstack.cleanup.manager [-] Cleaning up cinder backups objects
2019-07-20 21:01:11.696 1842 RALLYDEBUG rally_openstack.cleanup.manager [-] Cleaning up cinder volume_snapshots objects
2019-07-20 21:01:13.950 1842 RALLYDEBUG rally_openstack.cleanup.manager [-] Cleaning up cinder transfers objects
2019-07-20 21:01:16.003 1842 RALLYDEBUG rally_openstack.cleanup.manager [-] Cleaning up cinder volumes objects
2019-07-20 21:01:18.337 1842 INFO rally.task.context [-] Task 24f518ff-422a-4668-a9e8-42ede00eeaac | Context cleanup@openstack cleanup() finished in 17.64 sec
2019-07-20 21:01:18.338 1842 INFO rally.task.context [-] Task 24f518ff-422a-4668-a9e8-42ede00eeaac | Context quotas@openstack cleanup() started
2019-07-20 21:01:19.025 1842 INFO rally.task.context [-] Task 24f518ff-422a-4668-a9e8-42ede00eeaac | Context quotas@openstack cleanup() finished in 0.69 sec
2019-07-20 21:01:19.026 1842 INFO rally.task.context [-] Task 24f518ff-422a-4668-a9e8-42ede00eeaac | Context api_versions@openstack cleanup() started
2019-07-20 21:01:19.026 1842 INFO rally.task.context [-] Task 24f518ff-422a-4668-a9e8-42ede00eeaac | Context api_versions@openstack cleanup() finished in 0.35 msec
2019-07-20 21:01:19.026 1842 INFO rally.task.context [-] Task 24f518ff-422a-4668-a9e8-42ede00eeaac | Context users@openstack cleanup() started
2019-07-20 21:01:26.943 1842 INFO rally.task.context [-] Task 24f518ff-422a-4668-a9e8-42ede00eeaac | Context users@openstack cleanup() finished in 7.92 sec
2019-07-20 21:01:28.461 1842 INFO rally.task.engine [-] Load duration is: 103.757372
2019-07-20 21:01:28.461 1842 INFO rally.task.engine [-] Full runner duration is: 104.816986
2019-07-20 21:01:28.461 1842 INFO rally.task.engine [-] Full duration is: 141.183928
2019-07-20 21:01:28.742 1842 INFO rally.task.engine [-] Running workload: position = 0 config = { "version": 2, "title": "A cropped version of a bigger task.", "description": "Auto-generated task from a single workload (uuid=44e43ead-ee59-4423-8757-132a3b54ce1e)", "subtasks": [ { "title": "CinderVolumes.create_and_list_snapshots", "description": "Create and then list a volume-snapshot.", "scenario": { "CinderVolumes.create_and_list_snapshots": { "detailed": true, "force": false } }, "contexts": { "users": { "tenants": 3, "users_per_tenant": 2 }, "quotas": { "cinder": { "gigabytes": -1, "snapshots": -1, "volumes": -1 } }, "api_versions": { "cinder": { "version": 3, "service_type": "volumev3" } }, "volumes": { "size": 1, "volumes_per_tenant": 1 } }, "runner": { "constant": { "concurrency": 4, "times": 10 } }, "hooks": [], "sla": { "failure_rate": { "max": 0 } } } ] }
2019-07-20 21:01:28.768 1842 RALLYDEBUG rally_openstack.contexts.keystone.users [-] Creating 3 tenants using 20 threads
2019-07-20 21:01:30.674 1842 RALLYDEBUG rally_openstack.contexts.keystone.users [-] Creating 6 users using 20 threads
2019-07-20 21:01:33.450 1842 INFO rally.task.context [-] Task 24f518ff-422a-4668-a9e8-42ede00eeaac | Context users@openstack setup() finished in 4.68 sec
2019-07-20 21:01:33.881 1842 INFO rally.task.context [-] Task 24f518ff-422a-4668-a9e8-42ede00eeaac | Context api_versions@openstack setup() finished in 0.43 sec
2019-07-20 21:01:35.620 1842 INFO rally.task.context [-] Task 24f518ff-422a-4668-a9e8-42ede00eeaac | Context quotas@openstack setup() finished in 1.74 sec
2019-07-20 21:01:46.676 1842 INFO rally.task.context [-] Task 24f518ff-422a-4668-a9e8-42ede00eeaac | Context volumes@openstack setup() finished in 11.06 sec
2019-07-20 21:01:46.676 1842 INFO rally.task.context [-] Task 24f518ff-422a-4668-a9e8-42ede00eeaac | Context cleanup@openstack setup() finished in 0.01 msec
2019-07-20 21:01:46.684 1842 RALLYDEBUG rally.task.runner [-] Starting the constant runner (task UUID: 24f518ff-422a-4668-a9e8-42ede00eeaac). timeout: 0 concurrency: 4 concurrency_per_worker: 1 times: 10 concurrency_overhead: 0 processes_to_start: 4 max_cpu_used: 16
2019-07-20 21:01:46.696 2210 RALLYDEBUG rally.task.runner [-] Starting a worker. concurrency: 1 args: {"detailed": true, "force": false} times: 10 method_name: run timeout: 0 duration: None cls:
2019-07-20 21:01:46.699 2211 RALLYDEBUG rally.task.runner [-] Starting a worker. concurrency: 1 args: {"detailed": true, "force": false} times: 10 method_name: run timeout: 0 duration: None cls:
2019-07-20 21:01:46.702 2212 RALLYDEBUG rally.task.runner [-] Starting a worker. concurrency: 1 args: {"detailed": true, "force": false} times: 10 method_name: run timeout: 0 duration: None cls:
2019-07-20 21:01:46.707 2210 INFO rally.task.runner [-] Task 24f518ff-422a-4668-a9e8-42ede00eeaac | ITER: 1 START
2019-07-20 21:01:46.709 2213 RALLYDEBUG rally.task.runner [-] Starting a worker. concurrency: 1 args: {"detailed": true, "force": false} times: 10 method_name: run timeout: 0 duration: None cls:
2019-07-20 21:01:46.710 2211 INFO rally.task.runner [-] Task 24f518ff-422a-4668-a9e8-42ede00eeaac | ITER: 2 START
2019-07-20 21:01:46.713 2212 INFO rally.task.runner [-] Task 24f518ff-422a-4668-a9e8-42ede00eeaac | ITER: 3 START
2019-07-20 21:01:46.715 2213 INFO rally.task.runner [-] Task 24f518ff-422a-4668-a9e8-42ede00eeaac | ITER: 4 START
2019-07-20 21:01:50.395 2213 INFO rally.task.runner [-] Task 24f518ff-422a-4668-a9e8-42ede00eeaac | ITER: 4 END: OK
2019-07-20 21:01:50.400 2213 INFO rally.task.runner [-] Task 24f518ff-422a-4668-a9e8-42ede00eeaac | ITER: 5 START
2019-07-20 21:01:50.520 2212 INFO rally.task.runner [-] Task 24f518ff-422a-4668-a9e8-42ede00eeaac | ITER: 3 END: OK
2019-07-20 21:01:50.526 2212 INFO rally.task.runner [-] Task 24f518ff-422a-4668-a9e8-42ede00eeaac | ITER: 6 START
2019-07-20 21:01:50.542 2210 INFO rally.task.runner [-] Task 24f518ff-422a-4668-a9e8-42ede00eeaac | ITER: 1 END: OK
2019-07-20 21:01:50.548 2210 INFO rally.task.runner [-] Task 24f518ff-422a-4668-a9e8-42ede00eeaac | ITER: 7 START
2019-07-20 21:01:50.562 2211 INFO rally.task.runner [-] Task 24f518ff-422a-4668-a9e8-42ede00eeaac | ITER: 2 END: OK
2019-07-20 21:01:50.566 2211 INFO rally.task.runner [-] Task 24f518ff-422a-4668-a9e8-42ede00eeaac | ITER: 8 START
2019-07-20 21:01:53.844 2213 INFO rally.task.runner [-] Task 24f518ff-422a-4668-a9e8-42ede00eeaac | ITER: 5 END: OK
2019-07-20 21:01:53.850 2213 INFO rally.task.runner [-] Task 24f518ff-422a-4668-a9e8-42ede00eeaac | ITER: 9 START
2019-07-20 21:01:54.140 2210 INFO rally.task.runner [-] Task 24f518ff-422a-4668-a9e8-42ede00eeaac | ITER: 7 END: OK
2019-07-20 21:01:54.145 2210 INFO rally.task.runner [-] Task 24f518ff-422a-4668-a9e8-42ede00eeaac | ITER: 10 START
2019-07-20 21:01:54.161 2212 INFO rally.task.runner [-] Task 24f518ff-422a-4668-a9e8-42ede00eeaac | ITER: 6 END: OK
2019-07-20 21:01:54.260 2211 INFO rally.task.runner [-] Task 24f518ff-422a-4668-a9e8-42ede00eeaac | ITER: 8 END: OK
2019-07-20 21:01:57.726 2213 INFO rally.task.runner [-] Task 24f518ff-422a-4668-a9e8-42ede00eeaac | ITER: 9 END: OK
2019-07-20 21:01:58.189 2210 INFO rally.task.runner [-] Task 24f518ff-422a-4668-a9e8-42ede00eeaac | ITER: 10 END: OK
2019-07-20 21:01:58.216 1842 INFO rally.task.context [-] Task 24f518ff-422a-4668-a9e8-42ede00eeaac | Context cleanup@openstack cleanup() started
2019-07-20 21:01:58.219 1842 RALLYDEBUG rally_openstack.cleanup.manager [-] Cleaning up cinder backups objects
2019-07-20 21:02:00.618 1842 RALLYDEBUG rally_openstack.cleanup.manager [-] Cleaning up cinder volume_snapshots objects
2019-07-20 21:02:02.878 1842 RALLYDEBUG rally_openstack.cleanup.manager [-] Deleting cinder.volume_snapshots object s_rally_44e43ead_rMVgvxhr (73b4d683-2c0c-4786-adcb-c7d069fae460)
2019-07-20 21:02:02.878 1842 RALLYDEBUG rally_openstack.cleanup.manager [-] Deleting cinder.volume_snapshots object s_rally_44e43ead_5QlCRGLO (6b7f9d44-cbd6-4bb4-b989-b01aedcab84b)
2019-07-20 21:02:02.879 1842 RALLYDEBUG rally_openstack.cleanup.manager [-] Deleting cinder.volume_snapshots object s_rally_44e43ead_mO3AMJyK (a82afb7e-8dd6-4c00-af94-558da7752ca6)
2019-07-20 21:02:02.891 1842 RALLYDEBUG rally_openstack.cleanup.manager [-] Deleting cinder.volume_snapshots object s_rally_44e43ead_PDcvITyU (922d3f1f-53ed-49eb-88bb-4d5c2120e487)
2019-07-20 21:02:02.893 1842 RALLYDEBUG rally_openstack.cleanup.manager [-] Deleting cinder.volume_snapshots object s_rally_44e43ead_pMgB3d86 (c3230553-dc0b-4124-b429-4f4fb86f25e5)
2019-07-20 21:02:02.895 1842 RALLYDEBUG rally_openstack.cleanup.manager [-] Deleting cinder.volume_snapshots object s_rally_44e43ead_kF6oeVPM (b5db9a09-d1a4-4cb3-81e0-aacb967b14de)
2019-07-20 21:02:02.894 1842 RALLYDEBUG rally_openstack.cleanup.manager [-] Deleting cinder.volume_snapshots object s_rally_44e43ead_CXeaTtGT (d6007e90-3d73-41d4-be4e-21dd146d8747)
2019-07-20 21:02:02.897 1842 RALLYDEBUG rally_openstack.cleanup.manager [-] Deleting cinder.volume_snapshots object s_rally_44e43ead_BuWJoIS4 (f7f74f49-7e72-493e-9f5e-306e6432918f)
2019-07-20 21:02:02.902 1842 RALLYDEBUG rally_openstack.cleanup.manager [-] Deleting cinder.volume_snapshots object s_rally_44e43ead_8msetKHx (30ad18d7-46d5-45f7-8de6-3b50718d1343)
2019-07-20 21:02:02.914 1842 RALLYDEBUG rally_openstack.cleanup.manager [-] Deleting cinder.volume_snapshots object s_rally_44e43ead_hZQ3BaIg (588d4418-74fc-4036-bdb0-d22e719d8343)
2019-07-20 21:02:07.952 1842 RALLYDEBUG rally_openstack.cleanup.manager [-] Cleaning up cinder transfers objects
2019-07-20 21:02:10.117 1842 RALLYDEBUG rally_openstack.cleanup.manager [-] Cleaning up cinder volumes objects
2019-07-20 21:02:12.351 1842 INFO rally.task.context [-] Task 24f518ff-422a-4668-a9e8-42ede00eeaac | Context cleanup@openstack cleanup() finished in 14.13 sec
2019-07-20 21:02:12.351 1842 INFO rally.task.context [-] Task 24f518ff-422a-4668-a9e8-42ede00eeaac | Context volumes@openstack cleanup() started
2019-07-20 21:02:12.352 1842 RALLYDEBUG rally_openstack.cleanup.manager [-] Cleaning up cinder volumes objects
2019-07-20 21:02:14.395 1842 RALLYDEBUG rally_openstack.cleanup.manager [-] Deleting cinder.volumes object c_rally_44e43ead_L69qBHuP (cded2fb2-00c2-4a04-bf48-b7b8502041b0)
2019-07-20 21:02:14.395 1842 RALLYDEBUG rally_openstack.cleanup.manager [-] Deleting cinder.volumes object c_rally_44e43ead_0iTGLkPd (19faa021-e143-4876-ad20-1da3d9bdb28a)
2019-07-20 21:02:14.407 1842 RALLYDEBUG rally_openstack.cleanup.manager [-] Deleting cinder.volumes object c_rally_44e43ead_8dWGyI2R (f10218cb-b898-4aae-b9cd-201a62e2af31)
2019-07-20 21:02:17.945 1842 INFO rally.task.context [-] Task 24f518ff-422a-4668-a9e8-42ede00eeaac | Context volumes@openstack cleanup() finished in 5.59 sec
2019-07-20 21:02:17.945 1842 INFO rally.task.context [-] Task 24f518ff-422a-4668-a9e8-42ede00eeaac | Context quotas@openstack cleanup() started
2019-07-20 21:02:18.804 1842 INFO rally.task.context [-] Task 24f518ff-422a-4668-a9e8-42ede00eeaac | Context quotas@openstack cleanup() finished in 0.86 sec
2019-07-20 21:02:18.804 1842 INFO rally.task.context [-] Task 24f518ff-422a-4668-a9e8-42ede00eeaac | Context api_versions@openstack cleanup() started
2019-07-20 21:02:18.804 1842 INFO rally.task.context [-] Task 24f518ff-422a-4668-a9e8-42ede00eeaac | Context api_versions@openstack cleanup() finished in 0.32 msec
2019-07-20 21:02:18.805 1842 INFO rally.task.context [-] Task 24f518ff-422a-4668-a9e8-42ede00eeaac | Context users@openstack cleanup() started
2019-07-20 21:02:26.859 1842 INFO rally.task.context [-] Task 24f518ff-422a-4668-a9e8-42ede00eeaac | Context users@openstack cleanup() finished in 8.05 sec
2019-07-20 21:02:27.050 1842 INFO rally.task.engine [-] Load duration is: 11.476739
2019-07-20 21:02:27.051 1842 INFO rally.task.engine [-] Full runner duration is: 11.533092
2019-07-20 21:02:27.051 1842 INFO rally.task.engine [-] Full duration is: 58.097307
2019-07-20 21:02:27.277 1842 INFO rally.task.engine [-] Running workload: position = 0 config = { "version": 2, "title": "A cropped version of a bigger task.", "description": "Auto-generated task from a single workload (uuid=be4e72a4-5707-4960-92e5-5af4f323ca86)", "subtasks": [ { "title": "CinderVolumes.create_and_list_volume", "description": "Create a volume and list all volumes.", "scenario": { "CinderVolumes.create_and_list_volume": { "detailed": true, "image": { "name": "rally_full-img_a1089e91-d8c5-49c9-bff0-0cdba4eb3e3d" }, "size": 1 } }, "contexts": { "users": { "tenants": 3, "users_per_tenant": 2 }, "quotas": { "cinder": { "gigabytes": -1, "snapshots": -1, "volumes": -1 } }, "api_versions": { "cinder": { "version": 3, "service_type": "volumev3" } } }, "runner": { "constant": { "concurrency": 4, "times": 10 } }, "hooks": [], "sla": { "failure_rate": { "max": 0 } } } ] }
2019-07-20 21:02:27.304 1842 RALLYDEBUG rally_openstack.contexts.keystone.users [-] Creating 3 tenants using 20 threads
2019-07-20 21:02:29.219 1842 RALLYDEBUG rally_openstack.contexts.keystone.users [-] Creating 6 users using 20 threads
2019-07-20 21:02:31.930 1842 INFO rally.task.context [-] Task 24f518ff-422a-4668-a9e8-42ede00eeaac | Context users@openstack setup() finished in 4.63 sec
2019-07-20 21:02:32.349 1842 INFO rally.task.context [-] Task 24f518ff-422a-4668-a9e8-42ede00eeaac | Context api_versions@openstack setup() finished in 0.42 sec
2019-07-20 21:02:34.007 1842 INFO rally.task.context [-] Task 24f518ff-422a-4668-a9e8-42ede00eeaac | Context quotas@openstack setup() finished in 1.66 sec
2019-07-20 21:02:34.008 1842 INFO rally.task.context [-] Task 24f518ff-422a-4668-a9e8-42ede00eeaac | Context cleanup@openstack setup() finished in 0.01 msec
2019-07-20 21:02:35.049 1842 RALLYDEBUG rally.task.runner [-] Starting the constant runner (task UUID: 24f518ff-422a-4668-a9e8-42ede00eeaac). timeout: 0 concurrency: 4 concurrency_per_worker: 1 times: 10 concurrency_overhead: 0 processes_to_start: 4 max_cpu_used: 16
2019-07-20 21:02:35.062 2414 RALLYDEBUG rally.task.runner [-] Starting a worker. concurrency: 1 args: {"detailed": true, "image": "d041290f-95aa-435d-bbc7-f2cd7fb4431a", "size": 1} times: 10 method_name: run timeout: 0 duration: None cls:
2019-07-20 21:02:35.065 2415 RALLYDEBUG rally.task.runner [-] Starting a worker. concurrency: 1 args: {"detailed": true, "image": "d041290f-95aa-435d-bbc7-f2cd7fb4431a", "size": 1} times: 10 method_name: run timeout: 0 duration: None cls:
2019-07-20 21:02:35.068 2416 RALLYDEBUG rally.task.runner [-] Starting a worker. concurrency: 1 args: {"detailed": true, "image": "d041290f-95aa-435d-bbc7-f2cd7fb4431a", "size": 1} times: 10 method_name: run timeout: 0 duration: None cls:
2019-07-20 21:02:35.070 2414 INFO rally.task.runner [-] Task 24f518ff-422a-4668-a9e8-42ede00eeaac | ITER: 1 START
2019-07-20 21:02:35.071 2417 RALLYDEBUG rally.task.runner [-] Starting a worker. concurrency: 1 args: {"detailed": true, "image": "d041290f-95aa-435d-bbc7-f2cd7fb4431a", "size": 1} times: 10 method_name: run timeout: 0 duration: None cls:
2019-07-20 21:02:35.075 2415 INFO rally.task.runner [-] Task 24f518ff-422a-4668-a9e8-42ede00eeaac | ITER: 2 START
2019-07-20 21:02:35.076 2416 INFO rally.task.runner [-] Task 24f518ff-422a-4668-a9e8-42ede00eeaac | ITER: 3 START
2019-07-20 21:02:35.081 2417 INFO rally.task.runner [-] Task 24f518ff-422a-4668-a9e8-42ede00eeaac | ITER: 4 START
2019-07-20 21:02:42.016 2417 RALLYDEBUG rally.task.utils [-] Waiting for resource s_rally_be4e72a4_d2lvnorC. Status changed: CREATING => DOWNLOADING in 2.97221302986
2019-07-20 21:02:46.690 2417 RALLYDEBUG rally.task.utils [-] Waiting for resource s_rally_be4e72a4_d2lvnorC. Status changed: DOWNLOADING => AVAILABLE in 4.67385387421
2019-07-20 21:02:47.038 2417 INFO rally.task.runner [-] Task 24f518ff-422a-4668-a9e8-42ede00eeaac | ITER: 4 END: OK
2019-07-20 21:02:47.043 2417 INFO rally.task.runner [-] Task 24f518ff-422a-4668-a9e8-42ede00eeaac | ITER: 5 START
2019-07-20 21:02:47.496 2414 RALLYDEBUG rally.task.utils [-] Waiting for resource s_rally_be4e72a4_rwP0dUVw. Status changed: CREATING => DOWNLOADING in 7.73490405083
2019-07-20 21:02:47.823 2415 RALLYDEBUG rally.task.utils [-] Waiting for resource s_rally_be4e72a4_t40YL4To. Status changed: CREATING => DOWNLOADING in 7.86743211746
2019-07-20 21:02:52.263 2416 RALLYDEBUG rally.task.utils [-] Waiting for resource s_rally_be4e72a4_wDVRzXNN. Status changed: CREATING => DOWNLOADING in 11.9846820831
2019-07-20 21:02:54.375 2414 RALLYDEBUG rally.task.utils [-] Waiting for resource s_rally_be4e72a4_rwP0dUVw. Status changed: DOWNLOADING => AVAILABLE in 6.8795940876
2019-07-20 21:02:54.623 2414 INFO rally.task.runner [-] Task 24f518ff-422a-4668-a9e8-42ede00eeaac | ITER: 1 END: OK
2019-07-20 21:02:54.629 2414 INFO rally.task.runner [-] Task 24f518ff-422a-4668-a9e8-42ede00eeaac | ITER: 6 START
2019-07-20 21:02:54.830 2415 RALLYDEBUG rally.task.utils [-] Waiting for resource s_rally_be4e72a4_t40YL4To. Status changed: DOWNLOADING => AVAILABLE in 7.00697994232
2019-07-20 21:02:55.177 2415 INFO rally.task.runner [-] Task 24f518ff-422a-4668-a9e8-42ede00eeaac | ITER: 2 END: OK
2019-07-20 21:02:55.181 2415 INFO rally.task.runner [-] Task 24f518ff-422a-4668-a9e8-42ede00eeaac | ITER: 7 START
2019-07-20 21:02:56.679 2416 RALLYDEBUG rally.task.utils [-] Waiting for resource s_rally_be4e72a4_wDVRzXNN. Status changed: DOWNLOADING => AVAILABLE in 4.41553092003
2019-07-20 21:02:56.837 2417 RALLYDEBUG rally.task.utils [-] Waiting for resource s_rally_be4e72a4_nh1jVMoV. Status changed: CREATING => DOWNLOADING in 5.07094502449
2019-07-20 21:02:57.015 2416 INFO rally.task.runner [-] Task 24f518ff-422a-4668-a9e8-42ede00eeaac | ITER: 3 END: OK
2019-07-20 21:02:57.021 2416 INFO rally.task.runner [-] Task 24f518ff-422a-4668-a9e8-42ede00eeaac | ITER: 8 START
2019-07-20 21:03:01.480 2417 RALLYDEBUG rally.task.utils [-] Waiting for resource s_rally_be4e72a4_nh1jVMoV. Status changed: DOWNLOADING => AVAILABLE in 4.64268183708
2019-07-20 21:03:01.823 2417 INFO rally.task.runner [-] Task 24f518ff-422a-4668-a9e8-42ede00eeaac | ITER: 5 END: OK
2019-07-20 21:03:01.828 2417 INFO rally.task.runner [-] Task 24f518ff-422a-4668-a9e8-42ede00eeaac | ITER: 9 START
2019-07-20 21:03:04.565 2414 RALLYDEBUG rally.task.utils [-] Waiting for resource s_rally_be4e72a4_IZCTg7So. Status changed: CREATING => DOWNLOADING in 5.35495686531
2019-07-20 21:03:05.199 2415 RALLYDEBUG rally.task.utils [-] Waiting for resource s_rally_be4e72a4_4giztnjE. Status changed: CREATING => DOWNLOADING in 4.99460196495
2019-07-20 21:03:08.996 2414 RALLYDEBUG rally.task.utils [-] Waiting for resource s_rally_be4e72a4_IZCTg7So. Status changed: DOWNLOADING => AVAILABLE in 4.43038010597
2019-07-20 21:03:09.348 2414 INFO rally.task.runner [-] Task 24f518ff-422a-4668-a9e8-42ede00eeaac | ITER: 6 END: OK
2019-07-20 21:03:09.355 2414 INFO rally.task.runner [-] Task 24f518ff-422a-4668-a9e8-42ede00eeaac | ITER: 10 START
2019-07-20 21:03:09.689 2416 RALLYDEBUG rally.task.utils [-] Waiting for resource s_rally_be4e72a4_iN5aNG6P. Status changed: CREATING => DOWNLOADING in 7.63695001602
2019-07-20 21:03:09.866 2415 RALLYDEBUG rally.task.utils [-] Waiting for resource s_rally_be4e72a4_4giztnjE. Status changed: DOWNLOADING => AVAILABLE in 4.66722607613
2019-07-20 21:03:10.195 2415 INFO rally.task.runner [-] Task 24f518ff-422a-4668-a9e8-42ede00eeaac | ITER: 7 END: OK
2019-07-20 21:03:14.134 2417 RALLYDEBUG rally.task.utils [-] Waiting for resource s_rally_be4e72a4_8rnBehxg. Status changed: CREATING => DOWNLOADING in 7.68003702164
2019-07-20 21:03:14.352 2416 RALLYDEBUG rally.task.utils [-] Waiting for resource s_rally_be4e72a4_iN5aNG6P. Status changed: DOWNLOADING => AVAILABLE in 4.6640059948
2019-07-20 21:03:14.797 2416 INFO rally.task.runner [-] Task 24f518ff-422a-4668-a9e8-42ede00eeaac | ITER: 8 END: OK
2019-07-20 21:03:18.730 2417 RALLYDEBUG rally.task.utils [-] Waiting for resource s_rally_be4e72a4_8rnBehxg. Status changed: DOWNLOADING => AVAILABLE in 4.59640312195
2019-07-20 21:03:19.093 2417 INFO rally.task.runner [-] Task 24f518ff-422a-4668-a9e8-42ede00eeaac | ITER: 9 END: OK
2019-07-20 21:03:19.445 2414 RALLYDEBUG rally.task.utils [-] Waiting for resource s_rally_be4e72a4_lC5yQcYB. Status changed: CREATING => DOWNLOADING in 5.28924202919
2019-07-20 21:03:21.806 2414 RALLYDEBUG rally.task.utils [-] Waiting for resource s_rally_be4e72a4_lC5yQcYB. Status changed: DOWNLOADING => AVAILABLE in 2.36044287682
2019-07-20 21:03:22.178 2414 INFO rally.task.runner [-] Task 24f518ff-422a-4668-a9e8-42ede00eeaac | ITER: 10 END: OK
2019-07-20 21:03:22.203 1842 INFO rally.task.context [-] Task 24f518ff-422a-4668-a9e8-42ede00eeaac | Context cleanup@openstack cleanup() started
2019-07-20 21:03:22.206 1842 RALLYDEBUG rally_openstack.cleanup.manager [-] Cleaning up cinder backups objects
2019-07-20 21:03:24.269 1842 RALLYDEBUG rally_openstack.cleanup.manager [-] Cleaning up cinder volume_snapshots objects
2019-07-20 21:03:26.626 1842 RALLYDEBUG rally_openstack.cleanup.manager [-] Cleaning up cinder transfers objects
2019-07-20 21:03:28.867 1842 RALLYDEBUG rally_openstack.cleanup.manager [-] Cleaning up cinder volumes objects
2019-07-20 21:03:31.193 1842 RALLYDEBUG rally_openstack.cleanup.manager [-] Deleting cinder.volumes object s_rally_be4e72a4_lC5yQcYB (a836825c-52ba-4d95-906c-6ee740c01264)
2019-07-20 21:03:31.194 1842 RALLYDEBUG rally_openstack.cleanup.manager [-] Deleting cinder.volumes object s_rally_be4e72a4_rwP0dUVw (d5c2f870-9c67-4a68-ae31-5c381f83bba5)
2019-07-20 21:03:31.200 1842 RALLYDEBUG rally_openstack.cleanup.manager [-] Deleting cinder.volumes object s_rally_be4e72a4_iN5aNG6P (6023f049-ba4b-4e0a-aba7-2e5b0a5f3564)
2019-07-20 21:03:31.207 1842 RALLYDEBUG rally_openstack.cleanup.manager [-] Deleting cinder.volumes object s_rally_be4e72a4_8rnBehxg (e48301f1-fc5b-4b9f-bd21-757d567c9fcc)
2019-07-20 21:03:31.211 1842 RALLYDEBUG rally_openstack.cleanup.manager [-] Deleting cinder.volumes object s_rally_be4e72a4_4giztnjE (4a1c4312-8db0-4107-bd32-9cd3c88ed170)
2019-07-20 21:03:31.212 1842 RALLYDEBUG rally_openstack.cleanup.manager [-] Deleting cinder.volumes object s_rally_be4e72a4_IZCTg7So (16bacc17-460e-42de-9875-0667031b0973)
2019-07-20 21:03:31.216 1842 RALLYDEBUG rally_openstack.cleanup.manager [-] Deleting cinder.volumes object s_rally_be4e72a4_d2lvnorC (e91115aa-a3a6-43a7-8e62-fc9fd7956a38)
2019-07-20 21:03:31.224 1842 RALLYDEBUG rally_openstack.cleanup.manager [-] Deleting cinder.volumes object s_rally_be4e72a4_nh1jVMoV (c19868be-e2ae-4d12-be6a-01655036d9fa)
2019-07-20 21:03:31.231 1842 RALLYDEBUG rally_openstack.cleanup.manager [-] Deleting cinder.volumes object s_rally_be4e72a4_wDVRzXNN (bf0450d4-d3e4-4512-8e9f-ded3ce51d5da)
2019-07-20 21:03:31.232 1842 RALLYDEBUG rally_openstack.cleanup.manager [-] Deleting cinder.volumes object s_rally_be4e72a4_t40YL4To (3e116147-26ec-4e2a-b354-eb2b6cd09f39)
2019-07-20 21:03:36.414 1842 INFO rally.task.context [-] Task 24f518ff-422a-4668-a9e8-42ede00eeaac | Context cleanup@openstack cleanup() finished in 14.21 sec
2019-07-20 21:03:36.415 1842 INFO rally.task.context [-] Task 24f518ff-422a-4668-a9e8-42ede00eeaac | Context quotas@openstack cleanup() started
2019-07-20 21:03:37.109 1842 INFO rally.task.context [-] Task 24f518ff-422a-4668-a9e8-42ede00eeaac | Context quotas@openstack cleanup() finished in 0.69 sec
2019-07-20 21:03:37.109 1842 INFO rally.task.context [-] Task 24f518ff-422a-4668-a9e8-42ede00eeaac | Context api_versions@openstack cleanup() started
2019-07-20 21:03:37.110 1842 INFO rally.task.context [-] Task 24f518ff-422a-4668-a9e8-42ede00eeaac | Context api_versions@openstack cleanup() finished in 0.31 msec
2019-07-20 21:03:37.110 1842 INFO rally.task.context [-] Task 24f518ff-422a-4668-a9e8-42ede00eeaac | Context users@openstack cleanup() started
2019-07-20 21:03:45.608 1842 INFO rally.task.context [-] Task 24f518ff-422a-4668-a9e8-42ede00eeaac | Context users@openstack cleanup() finished in 8.50 sec
2019-07-20 21:03:45.642 1842 INFO rally.task.engine [-] Load duration is: 47.102681
2019-07-20 21:03:45.642 1842 INFO rally.task.engine [-] Full runner duration is: 47.15469
2019-07-20 21:03:45.643 1842 INFO rally.task.engine [-] Full duration is: 78.307243
2019-07-20 21:03:45.811 1842 INFO rally.task.engine [-] Running workload: position = 1 config = { "version": 2, "title": "A cropped version of a bigger task.", "description": "Auto-generated task from a single workload (uuid=a2008b1f-6ed8-4516-8ad8-2d2e8ba98c57)", "subtasks": [ { "title": "CinderVolumes.create_and_list_volume", "description": "Create a volume and list all volumes.", "scenario": { "CinderVolumes.create_and_list_volume": { "detailed": true, "size": 1 } }, "contexts": { "users": { "tenants": 3, "users_per_tenant": 2 }, "quotas": { "cinder": { "gigabytes": -1, "snapshots": -1, "volumes": -1 } }, "api_versions": { "cinder": { "version": 3, "service_type": "volumev3" } } }, "runner": { "constant": { "concurrency": 4, "times": 10 } }, "hooks": [], "sla": { "failure_rate": { "max": 0 } } } ] }
2019-07-20 21:03:45.834 1842 RALLYDEBUG rally_openstack.contexts.keystone.users [-] Creating 3 tenants using 20 threads
2019-07-20 21:03:47.680 1842 RALLYDEBUG rally_openstack.contexts.keystone.users [-] Creating 6 users using 20 threads
2019-07-20 21:03:50.660 1842 INFO rally.task.context [-] Task 24f518ff-422a-4668-a9e8-42ede00eeaac | Context users@openstack setup() finished in 4.83 sec
2019-07-20 21:03:51.094 1842 INFO rally.task.context [-] Task 24f518ff-422a-4668-a9e8-42ede00eeaac | Context api_versions@openstack setup() finished in 0.43 sec
2019-07-20 21:03:52.802 1842 INFO rally.task.context [-] Task 24f518ff-422a-4668-a9e8-42ede00eeaac | Context quotas@openstack setup() finished in 1.71 sec
2019-07-20 21:03:52.803 1842 INFO rally.task.context [-] Task 24f518ff-422a-4668-a9e8-42ede00eeaac | Context cleanup@openstack setup() finished in 0.00 msec
2019-07-20 21:03:52.810 1842 RALLYDEBUG rally.task.runner [-] Starting the constant runner (task UUID: 24f518ff-422a-4668-a9e8-42ede00eeaac). timeout: 0 concurrency: 4 concurrency_per_worker: 1 times: 10 concurrency_overhead: 0 processes_to_start: 4 max_cpu_used: 16
2019-07-20 21:03:52.823 2598 RALLYDEBUG rally.task.runner [-] Starting a worker. concurrency: 1 args: {"detailed": true, "size": 1} times: 10 method_name: run timeout: 0 duration: None cls:
2019-07-20 21:03:52.824 2599 RALLYDEBUG rally.task.runner [-] Starting a worker. concurrency: 1 args: {"detailed": true, "size": 1} times: 10 method_name: run timeout: 0 duration: None cls:
2019-07-20 21:03:52.825 2600 RALLYDEBUG rally.task.runner [-] Starting a worker. concurrency: 1 args: {"detailed": true, "size": 1} times: 10 method_name: run timeout: 0 duration: None cls:
2019-07-20 21:03:52.829 2600 INFO rally.task.runner [-] Task 24f518ff-422a-4668-a9e8-42ede00eeaac | ITER: 3 START
2019-07-20 21:03:52.830 2599 INFO rally.task.runner [-] Task 24f518ff-422a-4668-a9e8-42ede00eeaac | ITER: 2 START
2019-07-20 21:03:52.830 2598 INFO rally.task.runner [-] Task 24f518ff-422a-4668-a9e8-42ede00eeaac | ITER: 1 START
2019-07-20 21:03:52.831 2601 RALLYDEBUG rally.task.runner [-] Starting a worker. concurrency: 1 args: {"detailed": true, "size": 1} times: 10 method_name: run timeout: 0 duration: None cls:
2019-07-20 21:03:52.838 2601 INFO rally.task.runner [-] Task 24f518ff-422a-4668-a9e8-42ede00eeaac | ITER: 4 START
2019-07-20 21:03:56.789 2600 INFO rally.task.runner [-] Task 24f518ff-422a-4668-a9e8-42ede00eeaac | ITER: 3 END: OK
2019-07-20 21:03:56.794 2600 INFO rally.task.runner [-] Task 24f518ff-422a-4668-a9e8-42ede00eeaac | ITER: 5 START
2019-07-20 21:03:56.827 2598 INFO rally.task.runner [-] Task 24f518ff-422a-4668-a9e8-42ede00eeaac | ITER: 1 END: OK
2019-07-20 21:03:56.831 2601 INFO rally.task.runner [-] Task 24f518ff-422a-4668-a9e8-42ede00eeaac | ITER: 4 END: OK
2019-07-20 21:03:56.833 2598 INFO rally.task.runner [-] Task 24f518ff-422a-4668-a9e8-42ede00eeaac | ITER: 6 START
2019-07-20 21:03:56.836 2601 INFO rally.task.runner [-] Task 24f518ff-422a-4668-a9e8-42ede00eeaac | ITER: 7 START
2019-07-20 21:03:57.165 2599 INFO rally.task.runner [-] Task 24f518ff-422a-4668-a9e8-42ede00eeaac | ITER: 2 END: OK
2019-07-20 21:03:57.168 2599 INFO rally.task.runner [-] Task 24f518ff-422a-4668-a9e8-42ede00eeaac | ITER: 8 START
2019-07-20 21:04:00.859 2601 INFO rally.task.runner [-] Task 24f518ff-422a-4668-a9e8-42ede00eeaac | ITER: 7 END: OK
2019-07-20 21:04:00.864 2601 INFO rally.task.runner [-] Task 24f518ff-422a-4668-a9e8-42ede00eeaac | ITER: 9 START
2019-07-20 21:04:00.885 2600 INFO rally.task.runner [-] Task 24f518ff-422a-4668-a9e8-42ede00eeaac | ITER: 5 END: OK
2019-07-20 21:04:00.890 2600 INFO rally.task.runner [-] Task 24f518ff-422a-4668-a9e8-42ede00eeaac | ITER: 10 START
2019-07-20 21:04:01.389 2599 INFO rally.task.runner [-] Task 24f518ff-422a-4668-a9e8-42ede00eeaac | ITER: 8 END: OK
2019-07-20 21:04:01.418 2598 INFO rally.task.runner [-] Task 24f518ff-422a-4668-a9e8-42ede00eeaac | ITER: 6 END: OK
2019-07-20 21:04:04.707 2600 INFO rally.task.runner [-] Task 24f518ff-422a-4668-a9e8-42ede00eeaac | ITER: 10 END: OK
2019-07-20 21:04:04.728 2601 INFO rally.task.runner [-] Task 24f518ff-422a-4668-a9e8-42ede00eeaac | ITER: 9 END: OK
2019-07-20 21:04:04.755 1842 INFO rally.task.context [-] Task 24f518ff-422a-4668-a9e8-42ede00eeaac | Context cleanup@openstack cleanup() started
2019-07-20 21:04:04.757 1842 RALLYDEBUG rally_openstack.cleanup.manager [-] Cleaning up cinder backups objects
2019-07-20 21:04:07.028 1842 RALLYDEBUG rally_openstack.cleanup.manager [-] Cleaning up cinder volume_snapshots objects
2019-07-20 21:04:09.153 1842 RALLYDEBUG rally_openstack.cleanup.manager [-] Cleaning up cinder transfers objects
2019-07-20 21:04:11.356 1842 RALLYDEBUG rally_openstack.cleanup.manager [-] Cleaning up cinder volumes objects
2019-07-20 21:04:13.626 1842 RALLYDEBUG rally_openstack.cleanup.manager [-] Deleting cinder.volumes object s_rally_a2008b1f_DwZI4byQ (40bd6f5a-f169-489e-bfdf-1c2971c5ce16)
2019-07-20 21:04:13.631 1842 RALLYDEBUG rally_openstack.cleanup.manager [-] Deleting cinder.volumes object s_rally_a2008b1f_rk31eBiB (9b99cdcf-3aa7-4487-ab5e-1f971b766ac4)
2019-07-20 21:04:13.636 1842 RALLYDEBUG rally_openstack.cleanup.manager [-] Deleting cinder.volumes object s_rally_a2008b1f_5kv9sYiE (0b194f7c-e6bd-41da-8e68-33a2320463dc)
2019-07-20 21:04:13.648 1842 RALLYDEBUG rally_openstack.cleanup.manager [-] Deleting cinder.volumes object s_rally_a2008b1f_Q8xbe14F (2ac926b7-c328-401d-babd-ddf89ef75f0b)
2019-07-20 21:04:13.654 1842 RALLYDEBUG rally_openstack.cleanup.manager [-] Deleting cinder.volumes object s_rally_a2008b1f_4EaZWfFH (ae97416b-b05f-43e6-bb7f-ac676e10672e)
2019-07-20 21:04:13.655 1842 RALLYDEBUG rally_openstack.cleanup.manager [-] Deleting cinder.volumes object s_rally_a2008b1f_iH61uMUH (4001ef93-36f1-4d58-a57e-4aa264db27e2)
2019-07-20 21:04:13.655 1842 RALLYDEBUG rally_openstack.cleanup.manager [-] Deleting cinder.volumes object s_rally_a2008b1f_YohIvwa5 (3919c96b-223a-4a89-b6f5-f96c4860177d)
2019-07-20 21:04:13.657 1842 RALLYDEBUG rally_openstack.cleanup.manager [-] Deleting cinder.volumes object s_rally_a2008b1f_WUUhclT7 (3d5f8b3f-4de4-4de8-9186-9f5e1d1dfe75)
2019-07-20 21:04:13.657 1842 RALLYDEBUG rally_openstack.cleanup.manager [-] Deleting cinder.volumes object s_rally_a2008b1f_UxCYSkdJ (13444165-2e38-4777-bf19-f2e5fac826e1)
2019-07-20 21:04:13.661 1842 RALLYDEBUG rally_openstack.cleanup.manager [-] Deleting cinder.volumes object s_rally_a2008b1f_jpl0DDbM (62a57283-f9db-4267-9102-ea44bf26a7aa)
2019-07-20 21:04:17.543 1842 INFO rally.task.context [-] Task 24f518ff-422a-4668-a9e8-42ede00eeaac | Context cleanup@openstack cleanup() finished in 12.79 sec
2019-07-20 21:04:17.544 1842 INFO rally.task.context [-] Task 24f518ff-422a-4668-a9e8-42ede00eeaac | Context quotas@openstack cleanup() started
2019-07-20 21:04:18.109 1842 INFO rally.task.context [-] Task 24f518ff-422a-4668-a9e8-42ede00eeaac | Context quotas@openstack cleanup() finished in 0.57 sec
2019-07-20 21:04:18.110 1842 INFO rally.task.context [-] Task 24f518ff-422a-4668-a9e8-42ede00eeaac | Context api_versions@openstack cleanup() started
2019-07-20 21:04:18.110 1842 INFO rally.task.context [-] Task 24f518ff-422a-4668-a9e8-42ede00eeaac | Context api_versions@openstack cleanup() finished in 0.31 msec
2019-07-20 21:04:18.110 1842 INFO rally.task.context [-] Task 24f518ff-422a-4668-a9e8-42ede00eeaac | Context users@openstack cleanup() started
2019-07-20 21:04:26.411 1842 INFO rally.task.context [-] Task 24f518ff-422a-4668-a9e8-42ede00eeaac | Context users@openstack cleanup() finished in 8.30 sec
2019-07-20 21:04:27.986 1842 INFO rally.task.engine [-] Load duration is: 11.895526
2019-07-20 21:04:27.986 1842 INFO rally.task.engine [-] Full runner duration is: 11.944747
2019-07-20 21:04:27.986 1842 INFO rally.task.engine [-] Full duration is: 40.581381
2019-07-20 21:04:28.242 1842 INFO rally.task.engine [-] Running workload: position = 0 config = { "version": 2, "title": "A cropped version of a bigger task.", "description": "Auto-generated task from a single workload (uuid=8c5fa95a-6200-4cfe-9256-2cc6ae9867bc)", "subtasks": [ { "title": "CinderVolumes.create_and_upload_volume_to_image", "description": "Create and upload a volume to image.", "scenario": { "CinderVolumes.create_and_upload_volume_to_image": { "container_format": "bare", "disk_format": "raw", "do_delete": true, "force": false, "size": 1 } }, "contexts": { "users": { "tenants": 3, "users_per_tenant": 2 }, "quotas": { "cinder": { "gigabytes": -1, "snapshots": -1, "volumes": -1 } }, "api_versions": { "cinder": { "version": 3, "service_type": "volumev3" } } }, "runner": { "constant": { "concurrency": 4, "times": 10 } }, "hooks": [], "sla": { "failure_rate": { "max": 0 } } } ] }
2019-07-20 21:04:28.266 1842 RALLYDEBUG rally_openstack.contexts.keystone.users [-] Creating 3 tenants using 20 threads
2019-07-20 21:04:30.261 1842 RALLYDEBUG rally_openstack.contexts.keystone.users [-] Creating 6 users using 20 threads
