2019-07-20 21:12:14.027 1842 DEBUG novaclient.v2.client [-] RESP: [200] Content-Length: 21 Content-Type: application/json Date: Sat, 20 Jul 2019 21:12:13 GMT OpenStack-API-Version: compute 2.1 Server: Apache Vary: OpenStack-API-Version,X-OpenStack-Nova-API-Version X-OpenStack-Nova-API-Version: 2.1 x-compute-request-id: req-aba6e97b-e5cb-40be-a93b-3d4d061418aa x-openstack-request-id: req-aba6e97b-e5cb-40be-a93b-3d4d061418aa _http_log_response /usr/lib/python2.7/site-packages/keystoneauth1/session.py:479
2019-07-20 21:12:14.028 1842 DEBUG novaclient.v2.client [-] RESP BODY: {"server_groups": []} _http_log_response /usr/lib/python2.7/site-packages/keystoneauth1/session.py:511
2019-07-20 21:12:14.028 1842 DEBUG novaclient.v2.client [-] GET call to compute for http://172.30.9.47:8774/v2.1/os-server-groups used request id req-aba6e97b-e5cb-40be-a93b-3d4d061418aa request /usr/lib/python2.7/site-packages/keystoneauth1/session.py:844
2019-07-20 21:12:14.471 1842 DEBUG novaclient.v2.client [-] REQ: curl -g -i -X GET http://172.30.9.47:8774/v2.1/os-server-groups -H "Accept: application/json" -H "User-Agent: python-novaclient" -H "X-Auth-Token: {SHA1}9f485dfe8c8ae187bd47363191c21a38a37fc1d0" _http_log_request /usr/lib/python2.7/site-packages/keystoneauth1/session.py:448
2019-07-20 21:12:14.774 1842 DEBUG novaclient.v2.client [-] RESP: [200] Content-Length: 21 Content-Type: application/json Date: Sat, 20 Jul 2019 21:12:14 GMT OpenStack-API-Version: compute 2.1 Server: Apache Vary: OpenStack-API-Version,X-OpenStack-Nova-API-Version X-OpenStack-Nova-API-Version: 2.1 x-compute-request-id: req-887954c2-ecc2-499b-97d8-161c684f9494 x-openstack-request-id: req-887954c2-ecc2-499b-97d8-161c684f9494 _http_log_response /usr/lib/python2.7/site-packages/keystoneauth1/session.py:479
2019-07-20 21:12:14.775 1842 DEBUG novaclient.v2.client [-] RESP BODY: {"server_groups": []} _http_log_response /usr/lib/python2.7/site-packages/keystoneauth1/session.py:511
2019-07-20 21:12:14.775 1842 DEBUG novaclient.v2.client [-] GET call to compute for http://172.30.9.47:8774/v2.1/os-server-groups used request id req-887954c2-ecc2-499b-97d8-161c684f9494 request /usr/lib/python2.7/site-packages/keystoneauth1/session.py:844
2019-07-20 21:12:14.782 1842 RALLYDEBUG rally_openstack.cleanup.manager [-] Cleaning up nova keypairs objects
2019-07-20 21:12:15.235 1842 DEBUG novaclient.v2.client [-] REQ: curl -g -i -X GET http://172.30.9.47:8774/v2.1/os-keypairs -H "Accept: application/json" -H "User-Agent: python-novaclient" -H "X-Auth-Token: {SHA1}58f05d4bca5400f9b1218c1fe85d7e7d2daa8dd3" _http_log_request /usr/lib/python2.7/site-packages/keystoneauth1/session.py:448
2019-07-20 21:12:15.585 1842 DEBUG novaclient.v2.client [-] RESP: [200] Content-Length: 16 Content-Type: application/json Date: Sat, 20 Jul 2019 21:12:15 GMT OpenStack-API-Version: compute 2.1 Server: Apache Vary: OpenStack-API-Version,X-OpenStack-Nova-API-Version X-OpenStack-Nova-API-Version: 2.1 x-compute-request-id: req-d24ed4cf-8ff7-4a4d-b079-65cd66cd1485 x-openstack-request-id: req-d24ed4cf-8ff7-4a4d-b079-65cd66cd1485 _http_log_response /usr/lib/python2.7/site-packages/keystoneauth1/session.py:479
2019-07-20 21:12:15.586 1842 DEBUG novaclient.v2.client [-] RESP BODY: {"keypairs": []} _http_log_response /usr/lib/python2.7/site-packages/keystoneauth1/session.py:511
2019-07-20 21:12:15.586 1842 DEBUG novaclient.v2.client [-] GET call to compute for http://172.30.9.47:8774/v2.1/os-keypairs used request id req-d24ed4cf-8ff7-4a4d-b079-65cd66cd1485 request /usr/lib/python2.7/site-packages/keystoneauth1/session.py:844
2019-07-20 21:12:16.027 1842 DEBUG novaclient.v2.client [-] REQ: curl -g -i -X GET http://172.30.9.47:8774/v2.1/os-keypairs -H "Accept: application/json" -H "User-Agent: python-novaclient" -H "X-Auth-Token: {SHA1}c2a0ef2718695dc476f60316aa7bdc5fe0255a6f" _http_log_request /usr/lib/python2.7/site-packages/keystoneauth1/session.py:448
2019-07-20 21:12:16.334 1842 DEBUG novaclient.v2.client [-] RESP: [200] Content-Length: 16 Content-Type: application/json Date: Sat, 20 Jul 2019 21:12:16 GMT OpenStack-API-Version: compute 2.1 Server: Apache Vary: OpenStack-API-Version,X-OpenStack-Nova-API-Version X-OpenStack-Nova-API-Version: 2.1 x-compute-request-id: req-19702568-3037-4afe-aa67-8327ac12617f x-openstack-request-id: req-19702568-3037-4afe-aa67-8327ac12617f _http_log_response /usr/lib/python2.7/site-packages/keystoneauth1/session.py:479
2019-07-20 21:12:16.334 1842 DEBUG novaclient.v2.client [-] RESP BODY: {"keypairs": []} _http_log_response /usr/lib/python2.7/site-packages/keystoneauth1/session.py:511
2019-07-20 21:12:16.334 1842 DEBUG novaclient.v2.client [-] GET call to compute for http://172.30.9.47:8774/v2.1/os-keypairs used request id req-19702568-3037-4afe-aa67-8327ac12617f request /usr/lib/python2.7/site-packages/keystoneauth1/session.py:844
2019-07-20 21:12:16.765 1842 DEBUG novaclient.v2.client [-] REQ: curl -g -i -X GET http://172.30.9.47:8774/v2.1/os-keypairs -H "Accept: application/json" -H "User-Agent: python-novaclient" -H "X-Auth-Token: {SHA1}1d638b437c82bf7ad63adc0c4fe98c931e941d1d" _http_log_request /usr/lib/python2.7/site-packages/keystoneauth1/session.py:448
2019-07-20 21:12:17.065 1842 DEBUG novaclient.v2.client [-] RESP: [200] Content-Length: 16 Content-Type: application/json Date: Sat, 20 Jul 2019 21:12:16 GMT OpenStack-API-Version: compute 2.1 Server: Apache Vary: OpenStack-API-Version,X-OpenStack-Nova-API-Version X-OpenStack-Nova-API-Version: 2.1 x-compute-request-id: req-867412d7-691b-46e1-9f35-2e3132f4d692 x-openstack-request-id: req-867412d7-691b-46e1-9f35-2e3132f4d692 _http_log_response /usr/lib/python2.7/site-packages/keystoneauth1/session.py:479
2019-07-20 21:12:17.065 1842 DEBUG novaclient.v2.client [-] RESP BODY: {"keypairs": []} _http_log_response /usr/lib/python2.7/site-packages/keystoneauth1/session.py:511
2019-07-20 21:12:17.066 1842 DEBUG novaclient.v2.client [-] GET call to compute for http://172.30.9.47:8774/v2.1/os-keypairs used request id req-867412d7-691b-46e1-9f35-2e3132f4d692 request /usr/lib/python2.7/site-packages/keystoneauth1/session.py:844
2019-07-20 21:12:17.544 1842 DEBUG novaclient.v2.client [-] REQ: curl -g -i -X GET http://172.30.9.47:8774/v2.1/os-keypairs -H "Accept: application/json" -H "User-Agent: python-novaclient" -H "X-Auth-Token: {SHA1}758e23ff5f7e60342f5dc11ba2d4f37e118b6f17" _http_log_request /usr/lib/python2.7/site-packages/keystoneauth1/session.py:448
2019-07-20 21:12:17.825 1842 DEBUG novaclient.v2.client [-] RESP: [200] Content-Length: 16 Content-Type: application/json Date: Sat, 20 Jul 2019 21:12:17 GMT OpenStack-API-Version: compute 2.1 Server: Apache Vary: OpenStack-API-Version,X-OpenStack-Nova-API-Version X-OpenStack-Nova-API-Version: 2.1 x-compute-request-id: req-bcb32956-b289-417d-b510-3151be0b9d00 x-openstack-request-id: req-bcb32956-b289-417d-b510-3151be0b9d00 _http_log_response /usr/lib/python2.7/site-packages/keystoneauth1/session.py:479
2019-07-20 21:12:17.826 1842 DEBUG novaclient.v2.client [-] RESP BODY: {"keypairs": []} _http_log_response /usr/lib/python2.7/site-packages/keystoneauth1/session.py:511
2019-07-20 21:12:17.826 1842 DEBUG novaclient.v2.client [-] GET call to compute for http://172.30.9.47:8774/v2.1/os-keypairs used request id req-bcb32956-b289-417d-b510-3151be0b9d00 request /usr/lib/python2.7/site-packages/keystoneauth1/session.py:844
2019-07-20 21:12:18.268 1842 DEBUG novaclient.v2.client [-] REQ: curl -g -i -X GET http://172.30.9.47:8774/v2.1/os-keypairs -H "Accept: application/json" -H "User-Agent: python-novaclient" -H "X-Auth-Token: {SHA1}b620a084127876975618e4d17ecbeaa713f48036" _http_log_request /usr/lib/python2.7/site-packages/keystoneauth1/session.py:448
2019-07-20 21:12:18.566 1842 DEBUG novaclient.v2.client [-] RESP: [200] Content-Length: 16 Content-Type: application/json Date: Sat, 20 Jul 2019 21:12:18 GMT OpenStack-API-Version: compute 2.1 Server: Apache Vary: OpenStack-API-Version,X-OpenStack-Nova-API-Version X-OpenStack-Nova-API-Version: 2.1 x-compute-request-id: req-596690ad-2705-4a6d-8c3a-eee1d320a357 x-openstack-request-id: req-596690ad-2705-4a6d-8c3a-eee1d320a357 _http_log_response /usr/lib/python2.7/site-packages/keystoneauth1/session.py:479
2019-07-20 21:12:18.568 1842 DEBUG novaclient.v2.client [-] RESP BODY: {"keypairs": []} _http_log_response /usr/lib/python2.7/site-packages/keystoneauth1/session.py:511
2019-07-20 21:12:18.568 1842 DEBUG novaclient.v2.client [-] GET call to compute for http://172.30.9.47:8774/v2.1/os-keypairs used request id req-596690ad-2705-4a6d-8c3a-eee1d320a357 request /usr/lib/python2.7/site-packages/keystoneauth1/session.py:844
2019-07-20 21:12:19.010 1842 DEBUG novaclient.v2.client [-] REQ: curl -g -i -X GET http://172.30.9.47:8774/v2.1/os-keypairs -H "Accept: application/json" -H "User-Agent: python-novaclient" -H "X-Auth-Token: {SHA1}7c54208bb5d4a25e7defc2ad73b9dab25e750783" _http_log_request /usr/lib/python2.7/site-packages/keystoneauth1/session.py:448
2019-07-20 21:12:19.322 1842 DEBUG novaclient.v2.client [-] RESP: [200] Content-Length: 16 Content-Type: application/json Date: Sat, 20 Jul 2019 21:12:19 GMT OpenStack-API-Version: compute 2.1 Server: Apache Vary: OpenStack-API-Version,X-OpenStack-Nova-API-Version X-OpenStack-Nova-API-Version: 2.1 x-compute-request-id: req-a9398cb7-9ab5-4a42-a068-74520d8a5898 x-openstack-request-id: req-a9398cb7-9ab5-4a42-a068-74520d8a5898 _http_log_response /usr/lib/python2.7/site-packages/keystoneauth1/session.py:479
2019-07-20 21:12:19.323 1842 DEBUG novaclient.v2.client [-] RESP BODY: {"keypairs": []} _http_log_response /usr/lib/python2.7/site-packages/keystoneauth1/session.py:511
2019-07-20 21:12:19.323 1842 DEBUG novaclient.v2.client [-] GET call to compute for http://172.30.9.47:8774/v2.1/os-keypairs used request id req-a9398cb7-9ab5-4a42-a068-74520d8a5898 request /usr/lib/python2.7/site-packages/keystoneauth1/session.py:844
2019-07-20 21:12:19.331 1842 RALLYDEBUG rally_openstack.cleanup.manager [-] Cleaning up cinder backups objects
2019-07-20 21:12:21.582 1842 RALLYDEBUG rally_openstack.cleanup.manager [-] Cleaning up cinder volume_snapshots objects
2019-07-20 21:12:23.901 1842 RALLYDEBUG rally_openstack.cleanup.manager [-] Cleaning up cinder transfers objects
2019-07-20 21:12:26.134 1842 RALLYDEBUG rally_openstack.cleanup.manager [-] Cleaning up cinder volumes objects
2019-07-20 21:12:28.557 1842 INFO rally.task.context [-] Task 24f518ff-422a-4668-a9e8-42ede00eeaac | Context cleanup@openstack cleanup() finished in 18.50 sec
2019-07-20 21:12:28.558 1842 INFO rally.task.context [-] Task 24f518ff-422a-4668-a9e8-42ede00eeaac | Context quotas@openstack cleanup() started
2019-07-20 21:12:29.620 1842 INFO rally.task.context [-] Task 24f518ff-422a-4668-a9e8-42ede00eeaac | Context quotas@openstack cleanup() finished in 1.06 sec
2019-07-20 21:12:29.620 1842 INFO rally.task.context [-] Task 24f518ff-422a-4668-a9e8-42ede00eeaac | Context api_versions@openstack cleanup() started
2019-07-20 21:12:29.620 1842 INFO rally.task.context [-] Task 24f518ff-422a-4668-a9e8-42ede00eeaac | Context api_versions@openstack cleanup() finished in 0.33 msec
2019-07-20 21:12:29.621 1842 INFO rally.task.context [-] Task 24f518ff-422a-4668-a9e8-42ede00eeaac | Context users@openstack cleanup() started
2019-07-20 21:12:37.675 1842 INFO rally.task.context [-] Task 24f518ff-422a-4668-a9e8-42ede00eeaac | Context users@openstack cleanup() finished in 8.05 sec
2019-07-20 21:12:38.658 1842 INFO rally.task.engine [-] Load duration is: 112.114332
2019-07-20 21:12:38.658 1842 INFO rally.task.engine [-] Full runner duration is: 113.169038
2019-07-20 21:12:38.658 1842 INFO rally.task.engine [-] Full duration is: 149.602785
2019-07-20 21:12:38.937 1842 INFO rally.task.engine [-] Running workload: position = 0 config = { "version": 2, "title": "A cropped version of a bigger task.", "description": "Auto-generated task from a single workload (uuid=ccefa50b-fcba-41f9-b81d-e455d51a88e3)", "subtasks": [ { "title": "CinderVolumes.create_volume", "description": "Create a volume.", "scenario": { "CinderVolumes.create_volume": { "size": 1 } }, "contexts": { "users": { "tenants": 3, "users_per_tenant": 2 }, "api_versions": { "cinder": { "version": 3, "service_type": "volumev3" } } }, "runner": { "constant": { "concurrency": 4, "times": 10 } }, "hooks": [], "sla": { "failure_rate": { "max": 0 } } } ] }
2019-07-20 21:12:38.962 1842 RALLYDEBUG rally_openstack.contexts.keystone.users [-] Creating 3 tenants using 20 threads
2019-07-20 21:12:40.783 1842 RALLYDEBUG rally_openstack.contexts.keystone.users [-] Creating 6 users using 20 threads
2019-07-20 21:12:43.690 1842 INFO rally.task.context [-] Task 24f518ff-422a-4668-a9e8-42ede00eeaac | Context users@openstack setup() finished in 4.73 sec
2019-07-20 21:12:44.123 1842 INFO rally.task.context [-] Task 24f518ff-422a-4668-a9e8-42ede00eeaac | Context api_versions@openstack setup() finished in 0.43 sec
2019-07-20 21:12:44.123 1842 INFO rally.task.context [-] Task 24f518ff-422a-4668-a9e8-42ede00eeaac | Context cleanup@openstack setup() finished in 0.01 msec
2019-07-20 21:12:44.131 1842 RALLYDEBUG rally.task.runner [-] Starting the constant runner (task UUID: 24f518ff-422a-4668-a9e8-42ede00eeaac). timeout: 0 concurrency: 4 concurrency_per_worker: 1 times: 10 concurrency_overhead: 0 processes_to_start: 4 max_cpu_used: 16
2019-07-20 21:12:44.144 3474 RALLYDEBUG rally.task.runner [-] Starting a worker. concurrency: 1 args: {"size": 1} times: 10 method_name: run timeout: 0 duration: None cls:
2019-07-20 21:12:44.147 3476 RALLYDEBUG rally.task.runner [-] Starting a worker. concurrency: 1 args: {"size": 1} times: 10 method_name: run timeout: 0 duration: None cls:
2019-07-20 21:12:44.146 3475 RALLYDEBUG rally.task.runner [-] Starting a worker. concurrency: 1 args: {"size": 1} times: 10 method_name: run timeout: 0 duration: None cls:
2019-07-20 21:12:44.152 3476 INFO rally.task.runner [-] Task 24f518ff-422a-4668-a9e8-42ede00eeaac | ITER: 2 START
2019-07-20 21:12:44.152 3474 INFO rally.task.runner [-] Task 24f518ff-422a-4668-a9e8-42ede00eeaac | ITER: 1 START
2019-07-20 21:12:44.154 3475 INFO rally.task.runner [-] Task 24f518ff-422a-4668-a9e8-42ede00eeaac | ITER: 3 START
2019-07-20 21:12:44.155 3477 RALLYDEBUG rally.task.runner [-] Starting a worker. concurrency: 1 args: {"size": 1} times: 10 method_name: run timeout: 0 duration: None cls:
2019-07-20 21:12:44.163 3477 INFO rally.task.runner [-] Task 24f518ff-422a-4668-a9e8-42ede00eeaac | ITER: 4 START
2019-07-20 21:12:47.626 3475 INFO rally.task.runner [-] Task 24f518ff-422a-4668-a9e8-42ede00eeaac | ITER: 3 END: OK
2019-07-20 21:12:47.631 3475 INFO rally.task.runner [-] Task 24f518ff-422a-4668-a9e8-42ede00eeaac | ITER: 5 START
2019-07-20 21:12:47.757 3476 INFO rally.task.runner [-] Task 24f518ff-422a-4668-a9e8-42ede00eeaac | ITER: 2 END: OK
2019-07-20 21:12:47.762 3476 INFO rally.task.runner [-] Task 24f518ff-422a-4668-a9e8-42ede00eeaac | ITER: 6 START
2019-07-20 21:12:47.927 3477 INFO rally.task.runner [-] Task 24f518ff-422a-4668-a9e8-42ede00eeaac | ITER: 4 END: OK
2019-07-20 21:12:47.932 3477 INFO rally.task.runner [-] Task 24f518ff-422a-4668-a9e8-42ede00eeaac | ITER: 7 START
2019-07-20 21:12:47.951 3474 INFO rally.task.runner [-] Task 24f518ff-422a-4668-a9e8-42ede00eeaac | ITER: 1 END: OK
2019-07-20 21:12:47.956 3474 INFO rally.task.runner [-] Task 24f518ff-422a-4668-a9e8-42ede00eeaac | ITER: 8 START
2019-07-20 21:12:50.952 3475 INFO rally.task.runner [-] Task 24f518ff-422a-4668-a9e8-42ede00eeaac | ITER: 5 END: OK
2019-07-20 21:12:50.957 3475 INFO rally.task.runner [-] Task 24f518ff-422a-4668-a9e8-42ede00eeaac | ITER: 9 START
2019-07-20 21:12:51.233 3476 INFO rally.task.runner [-] Task 24f518ff-422a-4668-a9e8-42ede00eeaac | ITER: 6 END: OK
2019-07-20 21:12:51.238 3476 INFO rally.task.runner [-] Task 24f518ff-422a-4668-a9e8-42ede00eeaac | ITER: 10 START
2019-07-20 21:12:51.514 3477 INFO rally.task.runner [-] Task 24f518ff-422a-4668-a9e8-42ede00eeaac | ITER: 7 END: OK
2019-07-20 21:12:51.636 3474 INFO rally.task.runner [-] Task 24f518ff-422a-4668-a9e8-42ede00eeaac | ITER: 8 END: OK
2019-07-20 21:12:54.398 3475 INFO rally.task.runner [-] Task 24f518ff-422a-4668-a9e8-42ede00eeaac | ITER: 9 END: OK
2019-07-20 21:12:55.077 3476 INFO rally.task.runner [-] Task 24f518ff-422a-4668-a9e8-42ede00eeaac | ITER: 10 END: OK
2019-07-20 21:12:55.098 1842 INFO rally.task.context [-] Task 24f518ff-422a-4668-a9e8-42ede00eeaac | Context cleanup@openstack cleanup() started
2019-07-20 21:12:55.099 1842 RALLYDEBUG rally_openstack.cleanup.manager [-] Cleaning up cinder backups objects
2019-07-20 21:12:57.362 1842 RALLYDEBUG rally_openstack.cleanup.manager [-] Cleaning up cinder volume_snapshots objects
2019-07-20 21:12:59.712 1842 RALLYDEBUG rally_openstack.cleanup.manager [-] Cleaning up cinder transfers objects
2019-07-20 21:13:02.057 1842 RALLYDEBUG rally_openstack.cleanup.manager [-] Cleaning up cinder volumes objects
2019-07-20 21:13:04.410 1842 RALLYDEBUG rally_openstack.cleanup.manager [-] Deleting cinder.volumes object s_rally_ccefa50b_rDY4zSFg (3062e9d0-1e5a-4fe6-93a5-f9a1d61bf4f2)
2019-07-20 21:13:04.413 1842 RALLYDEBUG rally_openstack.cleanup.manager [-] Deleting cinder.volumes object s_rally_ccefa50b_fbEU6H8w (13f75388-6a16-4a2f-9ec8-0a7c2a49940d)
2019-07-20 21:13:04.427 1842 RALLYDEBUG rally_openstack.cleanup.manager [-] Deleting cinder.volumes object s_rally_ccefa50b_ihaPKHtq (d7a06e74-607e-4cab-8c2d-02258588f91f)
2019-07-20 21:13:04.429 1842 RALLYDEBUG rally_openstack.cleanup.manager [-] Deleting cinder.volumes object s_rally_ccefa50b_0kIVDGGt (ba522301-60ec-4b8e-8b6d-ebe9770a1ee4)
2019-07-20 21:13:04.431 1842 RALLYDEBUG rally_openstack.cleanup.manager [-] Deleting cinder.volumes object s_rally_ccefa50b_2Gg9fi0r (d0910baf-3d72-4ebd-96e8-c8281b5f0b0d)
2019-07-20 21:13:04.432 1842 RALLYDEBUG rally_openstack.cleanup.manager [-] Deleting cinder.volumes object s_rally_ccefa50b_TbqFH9ZE (6ac60671-0d13-415a-aa28-fac9d396185e)
2019-07-20 21:13:04.436 1842 RALLYDEBUG rally_openstack.cleanup.manager [-] Deleting cinder.volumes object s_rally_ccefa50b_OP43jUHV (d01053a6-5795-44a3-9269-d3d79348a791)
2019-07-20 21:13:04.439 1842 RALLYDEBUG rally_openstack.cleanup.manager [-] Deleting cinder.volumes object s_rally_ccefa50b_h6ejeq2x (97e7772a-ed50-4de4-b4c6-b558b6587fce)
2019-07-20 21:13:04.441 1842 RALLYDEBUG rally_openstack.cleanup.manager [-] Deleting cinder.volumes object s_rally_ccefa50b_tnV4ZZAR (8df7c277-2665-465a-b314-4344c2ab6deb)
2019-07-20 21:13:04.441 1842 RALLYDEBUG rally_openstack.cleanup.manager [-] Deleting cinder.volumes object s_rally_ccefa50b_uYxz8tZH (7e4dc45a-db10-4a88-b646-d5125752deed)
2019-07-20 21:13:09.588 1842 INFO rally.task.context [-] Task 24f518ff-422a-4668-a9e8-42ede00eeaac | Context cleanup@openstack cleanup() finished in 14.49 sec
2019-07-20 21:13:09.588 1842 INFO rally.task.context [-] Task 24f518ff-422a-4668-a9e8-42ede00eeaac | Context api_versions@openstack cleanup() started
2019-07-20 21:13:09.589 1842 INFO rally.task.context [-] Task 24f518ff-422a-4668-a9e8-42ede00eeaac | Context api_versions@openstack cleanup() finished in 0.33 msec
2019-07-20 21:13:09.589 1842 INFO rally.task.context [-] Task 24f518ff-422a-4668-a9e8-42ede00eeaac | Context users@openstack cleanup() started
2019-07-20 21:13:17.766 1842 INFO rally.task.context [-] Task 24f518ff-422a-4668-a9e8-42ede00eeaac | Context users@openstack cleanup() finished in 8.18 sec
2019-07-20 21:13:19.143 1842 INFO rally.task.engine [-] Load duration is: 10.918913
2019-07-20 21:13:19.144 1842 INFO rally.task.engine [-] Full runner duration is: 10.967501
2019-07-20 21:13:19.144 1842 INFO rally.task.engine [-] Full duration is: 38.807612
2019-07-20 21:13:19.315 1842 INFO rally.task.engine [-] Running workload: position = 1 config = { "version": 2, "title": "A cropped version of a bigger task.", "description": "Auto-generated task from a single workload (uuid=88de5371-640b-4db9-a4df-2bcafcd58557)", "subtasks": [ { "title": "CinderVolumes.create_volume", "description": "Create a volume.", "scenario": { "CinderVolumes.create_volume": { "size": { "min": 1, "max": 1 } } }, "contexts": { "users": { "tenants": 3, "users_per_tenant": 2 }, "quotas": { "cinder": { "gigabytes": -1, "snapshots": -1, "volumes": -1 } }, "api_versions": { "cinder": { "version": 3, "service_type": "volumev3" } } }, "runner": { "constant": { "concurrency": 4, "times": 10 } }, "hooks": [], "sla": { "failure_rate": { "max": 0 } } } ] }
2019-07-20 21:13:19.339 1842 RALLYDEBUG rally_openstack.contexts.keystone.users [-] Creating 3 tenants using 20 threads
2019-07-20 21:13:21.215 1842 RALLYDEBUG rally_openstack.contexts.keystone.users [-] Creating 6 users using 20 threads
2019-07-20 21:13:24.011 1842 INFO rally.task.context [-] Task 24f518ff-422a-4668-a9e8-42ede00eeaac | Context users@openstack setup() finished in 4.67 sec
2019-07-20 21:13:24.444 1842 INFO rally.task.context [-] Task 24f518ff-422a-4668-a9e8-42ede00eeaac | Context api_versions@openstack setup() finished in 0.43 sec
2019-07-20 21:13:26.285 1842 INFO rally.task.context [-] Task 24f518ff-422a-4668-a9e8-42ede00eeaac | Context quotas@openstack setup() finished in 1.84 sec
2019-07-20 21:13:26.285 1842 INFO rally.task.context [-] Task 24f518ff-422a-4668-a9e8-42ede00eeaac | Context cleanup@openstack setup() finished in 0.00 msec
2019-07-20 21:13:26.290 1842 RALLYDEBUG rally.task.runner [-] Starting the constant runner (task UUID: 24f518ff-422a-4668-a9e8-42ede00eeaac). timeout: 0 concurrency: 4 concurrency_per_worker: 1 times: 10 concurrency_overhead: 0 processes_to_start: 4 max_cpu_used: 16
2019-07-20 21:13:26.302 3658 RALLYDEBUG rally.task.runner [-] Starting a worker. concurrency: 1 args: {"size": {"min": 1, "max": 1}} times: 10 method_name: run timeout: 0 duration: None cls:
2019-07-20 21:13:26.303 3660 RALLYDEBUG rally.task.runner [-] Starting a worker. concurrency: 1 args: {"size": {"min": 1, "max": 1}} times: 10 method_name: run timeout: 0 duration: None cls:
2019-07-20 21:13:26.304 3659 RALLYDEBUG rally.task.runner [-] Starting a worker. concurrency: 1 args: {"size": {"min": 1, "max": 1}} times: 10 method_name: run timeout: 0 duration: None cls:
2019-07-20 21:13:26.309 3660 INFO rally.task.runner [-] Task 24f518ff-422a-4668-a9e8-42ede00eeaac | ITER: 2 START
2019-07-20 21:13:26.309 3661 RALLYDEBUG rally.task.runner [-] Starting a worker. concurrency: 1 args: {"size": {"min": 1, "max": 1}} times: 10 method_name: run timeout: 0 duration: None cls:
2019-07-20 21:13:26.310 3658 INFO rally.task.runner [-] Task 24f518ff-422a-4668-a9e8-42ede00eeaac | ITER: 1 START
2019-07-20 21:13:26.312 3659 INFO rally.task.runner [-] Task 24f518ff-422a-4668-a9e8-42ede00eeaac | ITER: 3 START
2019-07-20 21:13:26.316 3661 INFO rally.task.runner [-] Task 24f518ff-422a-4668-a9e8-42ede00eeaac | ITER: 4 START
2019-07-20 21:13:29.987 3661 INFO rally.task.runner [-] Task 24f518ff-422a-4668-a9e8-42ede00eeaac | ITER: 4 END: OK
2019-07-20 21:13:29.993 3661 INFO rally.task.runner [-] Task 24f518ff-422a-4668-a9e8-42ede00eeaac | ITER: 5 START
2019-07-20 21:13:30.032 3658 INFO rally.task.runner [-] Task 24f518ff-422a-4668-a9e8-42ede00eeaac | ITER: 1 END: OK
2019-07-20 21:13:30.038 3658 INFO rally.task.runner [-] Task 24f518ff-422a-4668-a9e8-42ede00eeaac | ITER: 6 START
2019-07-20 21:13:30.043 3660 INFO rally.task.runner [-] Task 24f518ff-422a-4668-a9e8-42ede00eeaac | ITER: 2 END: OK
2019-07-20 21:13:30.049 3660 INFO rally.task.runner [-] Task 24f518ff-422a-4668-a9e8-42ede00eeaac | ITER: 7 START
2019-07-20 21:13:30.122 3659 INFO rally.task.runner [-] Task 24f518ff-422a-4668-a9e8-42ede00eeaac | ITER: 3 END: OK
2019-07-20 21:13:30.127 3659 INFO rally.task.runner [-] Task 24f518ff-422a-4668-a9e8-42ede00eeaac | ITER: 8 START
2019-07-20 21:13:33.631 3658 INFO rally.task.runner [-] Task 24f518ff-422a-4668-a9e8-42ede00eeaac | ITER: 6 END: OK
2019-07-20 21:13:33.637 3658 INFO rally.task.runner [-] Task 24f518ff-422a-4668-a9e8-42ede00eeaac | ITER: 9 START
2019-07-20 21:13:33.686 3661 INFO rally.task.runner [-] Task 24f518ff-422a-4668-a9e8-42ede00eeaac | ITER: 5 END: OK
2019-07-20 21:13:33.691 3661 INFO rally.task.runner [-] Task 24f518ff-422a-4668-a9e8-42ede00eeaac | ITER: 10 START
2019-07-20 21:13:33.750 3660 INFO rally.task.runner [-] Task 24f518ff-422a-4668-a9e8-42ede00eeaac | ITER: 7 END: OK
2019-07-20 21:13:33.965 3659 INFO rally.task.runner [-] Task 24f518ff-422a-4668-a9e8-42ede00eeaac | ITER: 8 END: OK
2019-07-20 21:13:37.234 3658 INFO rally.task.runner [-] Task 24f518ff-422a-4668-a9e8-42ede00eeaac | ITER: 9 END: OK
2019-07-20 21:13:37.548 3661 INFO rally.task.runner [-] Task 24f518ff-422a-4668-a9e8-42ede00eeaac | ITER: 10 END: OK
2019-07-20 21:13:37.579 1842 INFO rally.task.context [-] Task 24f518ff-422a-4668-a9e8-42ede00eeaac | Context cleanup@openstack cleanup() started
2019-07-20 21:13:37.581 1842 RALLYDEBUG rally_openstack.cleanup.manager [-] Cleaning up cinder backups objects
2019-07-20 21:13:39.803 1842 RALLYDEBUG rally_openstack.cleanup.manager [-] Cleaning up cinder volume_snapshots objects
2019-07-20 21:13:41.978 1842 RALLYDEBUG rally_openstack.cleanup.manager [-] Cleaning up cinder transfers objects
2019-07-20 21:13:44.261 1842 RALLYDEBUG rally_openstack.cleanup.manager [-] Cleaning up cinder volumes objects
2019-07-20 21:13:46.724 1842 RALLYDEBUG rally_openstack.cleanup.manager [-] Deleting cinder.volumes object s_rally_88de5371_sKDnusjp (1b495c83-ed9e-4625-a0cb-d6fe0af2bc30)
2019-07-20 21:13:46.725 1842 RALLYDEBUG rally_openstack.cleanup.manager [-] Deleting cinder.volumes object s_rally_88de5371_wOPkpZ9b (ad0590a1-96f5-437f-987f-37d150ff7da2)
2019-07-20 21:13:46.729 1842 RALLYDEBUG rally_openstack.cleanup.manager [-] Deleting cinder.volumes object s_rally_88de5371_J5HLS6e9 (c6289058-0f4a-4a7a-85bd-a2a392327376)
2019-07-20 21:13:46.730 1842 RALLYDEBUG rally_openstack.cleanup.manager [-] Deleting cinder.volumes object s_rally_88de5371_kzdePcvf (055f1697-f81f-4486-8108-19d06fb0c9bb)
2019-07-20 21:13:46.731 1842 RALLYDEBUG rally_openstack.cleanup.manager [-] Deleting cinder.volumes object s_rally_88de5371_Jz3Ox3dx (7a2859fc-a5d8-4d5d-bf8f-6112f10e6373)
2019-07-20 21:13:46.732 1842 RALLYDEBUG rally_openstack.cleanup.manager [-] Deleting cinder.volumes object s_rally_88de5371_Sb6P4QHA (995bea46-bbab-4644-afb7-587478bed138)
2019-07-20 21:13:46.737 1842 RALLYDEBUG rally_openstack.cleanup.manager [-] Deleting cinder.volumes object s_rally_88de5371_L9fLpIwL (58e31f81-04c1-4614-bb24-b615073f47e5)
2019-07-20 21:13:46.738 1842 RALLYDEBUG rally_openstack.cleanup.manager [-] Deleting cinder.volumes object s_rally_88de5371_Kfpdvvod (83c03a51-359d-49ee-860f-18ac02131b8d)
2019-07-20 21:13:46.738 1842 RALLYDEBUG rally_openstack.cleanup.manager [-] Deleting cinder.volumes object s_rally_88de5371_h9cqkInh (19c8d177-00b5-47aa-a806-af4a806190ff)
2019-07-20 21:13:46.742 1842 RALLYDEBUG rally_openstack.cleanup.manager [-] Deleting cinder.volumes object s_rally_88de5371_ksQigLqz (c66884e3-cb45-4825-9c4a-2b68ca3c526a)
2019-07-20 21:13:50.724 1842 INFO rally.task.context [-] Task 24f518ff-422a-4668-a9e8-42ede00eeaac | Context cleanup@openstack cleanup() finished in 13.15 sec
2019-07-20 21:13:50.724 1842 INFO rally.task.context [-] Task 24f518ff-422a-4668-a9e8-42ede00eeaac | Context quotas@openstack cleanup() started
2019-07-20 21:13:51.553 1842 INFO rally.task.context [-] Task 24f518ff-422a-4668-a9e8-42ede00eeaac | Context quotas@openstack cleanup() finished in 0.83 sec
2019-07-20 21:13:51.554 1842 INFO rally.task.context [-] Task 24f518ff-422a-4668-a9e8-42ede00eeaac | Context api_versions@openstack cleanup() started
2019-07-20 21:13:51.554 1842 INFO rally.task.context [-] Task 24f518ff-422a-4668-a9e8-42ede00eeaac | Context api_versions@openstack cleanup() finished in 0.33 msec
2019-07-20 21:13:51.555 1842 INFO rally.task.context [-] Task 24f518ff-422a-4668-a9e8-42ede00eeaac | Context users@openstack cleanup() started
2019-07-20 21:14:00.316 1842 INFO rally.task.context [-] Task 24f518ff-422a-4668-a9e8-42ede00eeaac | Context users@openstack cleanup() finished in 8.76 sec
2019-07-20 21:14:01.526 1842 INFO rally.task.engine [-] Load duration is: 11.235372
2019-07-20 21:14:01.526 1842 INFO rally.task.engine [-] Full runner duration is: 11.288452
2019-07-20 21:14:01.526 1842 INFO rally.task.engine [-] Full duration is: 40.981023
2019-07-20 21:14:01.782 1842 INFO rally.task.engine [-] Running workload: position = 0 config = { "version": 2, "title": "A cropped version of a bigger task.", "description": "Auto-generated task from a single workload (uuid=8a7ec5fc-af6a-4695-8544-d8a475b2b095)", "subtasks": [ { "title": "CinderVolumes.list_volumes", "description": "List all volumes.", "scenario": { "CinderVolumes.list_volumes": { "detailed": true } }, "contexts": { "users": { "tenants": 3, "users_per_tenant": 2 }, "quotas": { "cinder": { "gigabytes": -1, "snapshots": -1, "volumes": -1 } }, "api_versions": { "cinder": { "version": 3, "service_type": "volumev3" } }, "volumes": { "size": 1, "volumes_per_tenant": 4 } }, "runner": { "constant": { "concurrency": 4, "times": 10 } }, "hooks": [], "sla": { "failure_rate": { "max": 0 } } } ] }
2019-07-20 21:14:01.805 1842 RALLYDEBUG rally_openstack.contexts.keystone.users [-] Creating 3 tenants using 20 threads
2019-07-20 21:14:03.628 1842 RALLYDEBUG rally_openstack.contexts.keystone.users [-] Creating 6 users using 20 threads
2019-07-20 21:14:06.588 1842 INFO rally.task.context [-] Task 24f518ff-422a-4668-a9e8-42ede00eeaac | Context users@openstack setup() finished in 4.78 sec
2019-07-20 21:14:07.026 1842 INFO rally.task.context [-] Task 24f518ff-422a-4668-a9e8-42ede00eeaac | Context api_versions@openstack setup() finished in 0.44 sec
2019-07-20 21:14:08.662 1842 INFO rally.task.context [-] Task 24f518ff-422a-4668-a9e8-42ede00eeaac | Context quotas@openstack setup() finished in 1.64 sec
2019-07-20 21:14:47.577 1842 INFO rally.task.context [-] Task 24f518ff-422a-4668-a9e8-42ede00eeaac | Context volumes@openstack setup() finished in 38.91 sec
2019-07-20 21:14:47.586 1842 RALLYDEBUG rally.task.runner [-] Starting the constant runner (task UUID: 24f518ff-422a-4668-a9e8-42ede00eeaac). timeout: 0 concurrency: 4 concurrency_per_worker: 1 times: 10 concurrency_overhead: 0 processes_to_start: 4 max_cpu_used: 16
2019-07-20 21:14:47.599 3842 RALLYDEBUG rally.task.runner [-] Starting a worker. concurrency: 1 args: {"detailed": true} times: 10 method_name: run timeout: 0 duration: None cls:
2019-07-20 21:14:47.601 3843 RALLYDEBUG rally.task.runner [-] Starting a worker. concurrency: 1 args: {"detailed": true} times: 10 method_name: run timeout: 0 duration: None cls:
2019-07-20 21:14:47.604 3844 RALLYDEBUG rally.task.runner [-] Starting a worker. concurrency: 1 args: {"detailed": true} times: 10 method_name: run timeout: 0 duration: None cls:
2019-07-20 21:14:47.608 3842 INFO rally.task.runner [-] Task 24f518ff-422a-4668-a9e8-42ede00eeaac | ITER: 1 START
2019-07-20 21:14:47.608 3845 RALLYDEBUG rally.task.runner [-] Starting a worker. concurrency: 1 args: {"detailed": true} times: 10 method_name: run timeout: 0 duration: None cls:
2019-07-20 21:14:47.609 3843 INFO rally.task.runner [-] Task 24f518ff-422a-4668-a9e8-42ede00eeaac | ITER: 2 START
2019-07-20 21:14:47.612 3844 INFO rally.task.runner [-] Task 24f518ff-422a-4668-a9e8-42ede00eeaac | ITER: 3 START
2019-07-20 21:14:47.616 3845 INFO rally.task.runner [-] Task 24f518ff-422a-4668-a9e8-42ede00eeaac | ITER: 4 START
2019-07-20 21:14:48.412 3844 INFO rally.task.runner [-] Task 24f518ff-422a-4668-a9e8-42ede00eeaac | ITER: 3 END: OK
2019-07-20 21:14:48.417 3845 INFO rally.task.runner [-] Task 24f518ff-422a-4668-a9e8-42ede00eeaac | ITER: 4 END: OK
2019-07-20 21:14:48.417 3843 INFO rally.task.runner [-] Task 24f518ff-422a-4668-a9e8-42ede00eeaac | ITER: 2 END: OK
2019-07-20 21:14:48.418 3844 INFO rally.task.runner [-] Task 24f518ff-422a-4668-a9e8-42ede00eeaac | ITER: 5 START
2019-07-20 21:14:48.422 3845 INFO rally.task.runner [-] Task 24f518ff-422a-4668-a9e8-42ede00eeaac | ITER: 6 START
2019-07-20 21:14:48.424 3843 INFO rally.task.runner [-] Task 24f518ff-422a-4668-a9e8-42ede00eeaac | ITER: 7 START
2019-07-20 21:14:48.428 3842 INFO rally.task.runner [-] Task 24f518ff-422a-4668-a9e8-42ede00eeaac | ITER: 1 END: OK
2019-07-20 21:14:48.434 3842 INFO rally.task.runner [-] Task 24f518ff-422a-4668-a9e8-42ede00eeaac | ITER: 8 START
2019-07-20 21:14:49.158 3842 INFO rally.task.runner [-] Task 24f518ff-422a-4668-a9e8-42ede00eeaac | ITER: 8 END: OK
2019-07-20 21:14:49.164 3842 INFO rally.task.runner [-] Task 24f518ff-422a-4668-a9e8-42ede00eeaac | ITER: 9 START
2019-07-20 21:14:49.198 3845 INFO rally.task.runner [-] Task 24f518ff-422a-4668-a9e8-42ede00eeaac | ITER: 6 END: OK
2019-07-20 21:14:49.203 3845 INFO rally.task.runner [-] Task 24f518ff-422a-4668-a9e8-42ede00eeaac | ITER: 10 START
2019-07-20 21:14:49.209 3843 INFO rally.task.runner [-] Task 24f518ff-422a-4668-a9e8-42ede00eeaac | ITER: 7 END: OK
2019-07-20 21:14:49.224 3844 INFO rally.task.runner [-] Task 24f518ff-422a-4668-a9e8-42ede00eeaac | ITER: 5 END: OK
2019-07-20 21:14:49.995 3842 INFO rally.task.runner [-] Task 24f518ff-422a-4668-a9e8-42ede00eeaac | ITER: 9 END: OK
2019-07-20 21:14:50.026 3845 INFO rally.task.runner [-] Task 24f518ff-422a-4668-a9e8-42ede00eeaac | ITER: 10 END: OK
2019-07-20 21:14:50.052 1842 INFO rally.task.context [-] Task 24f518ff-422a-4668-a9e8-42ede00eeaac | Context volumes@openstack cleanup() started
2019-07-20 21:14:50.054 1842 RALLYDEBUG rally_openstack.cleanup.manager [-] Cleaning up cinder volumes objects
2019-07-20 21:14:52.486 1842 RALLYDEBUG rally_openstack.cleanup.manager [-] Deleting cinder.volumes object c_rally_8a7ec5fc_PVg6xoS9 (c487f0fa-0083-44c7-8fe2-6eea92cffa41)
2019-07-20 21:14:52.487 1842 RALLYDEBUG rally_openstack.cleanup.manager [-] Deleting cinder.volumes object c_rally_8a7ec5fc_6VT6fH1E (08cf4dc3-dd9c-47cf-a741-711315934ee9)
2019-07-20 21:14:52.496 1842 RALLYDEBUG rally_openstack.cleanup.manager [-] Deleting cinder.volumes object c_rally_8a7ec5fc_TygWrOd1 (61790336-e0df-4bdb-bed5-ab96013d6ff9)
2019-07-20 21:14:52.499 1842 RALLYDEBUG rally_openstack.cleanup.manager [-] Deleting cinder.volumes object c_rally_8a7ec5fc_CwsqTOdm (ee6db4d8-181a-410a-be62-402291d1b78b)
2019-07-20 21:14:52.505 1842 RALLYDEBUG rally_openstack.cleanup.manager [-] Deleting cinder.volumes object c_rally_8a7ec5fc_uGc18oFa (962374d6-5861-46a6-a7c8-35665a10c71b)
2019-07-20 21:14:52.514 1842 RALLYDEBUG rally_openstack.cleanup.manager [-] Deleting cinder.volumes object c_rally_8a7ec5fc_BF13sjKQ (56c39d31-d9ae-41a8-9fa7-851b5448fc5b)
2019-07-20 21:14:52.525 1842 RALLYDEBUG rally_openstack.cleanup.manager [-] Deleting cinder.volumes object c_rally_8a7ec5fc_QNUYaxPI (4dcdc57a-a3b2-4050-a7a5-c368a5589336)
2019-07-20 21:14:52.531 1842 RALLYDEBUG rally_openstack.cleanup.manager [-] Deleting cinder.volumes object c_rally_8a7ec5fc_LhTM53oA (a6fc8633-3bf6-4446-8bf9-ffcc04816066)
2019-07-20 21:14:52.539 1842 RALLYDEBUG rally_openstack.cleanup.manager [-] Deleting cinder.volumes object c_rally_8a7ec5fc_KjuujwOT (fbe10b1c-e182-4977-a02f-f213250c9c6d)
2019-07-20 21:14:52.549 1842 RALLYDEBUG rally_openstack.cleanup.manager [-] Deleting cinder.volumes object c_rally_8a7ec5fc_c3xeZg9g (8da285b3-9e3d-43cf-a2a3-f36f69cd1ce0)
2019-07-20 21:14:52.553 1842 RALLYDEBUG rally_openstack.cleanup.manager [-] Deleting cinder.volumes object c_rally_8a7ec5fc_RPHNhwZZ (69cb30b0-67fc-4d55-ab60-078021d2ed40)
2019-07-20 21:14:52.560 1842 RALLYDEBUG rally_openstack.cleanup.manager [-] Deleting cinder.volumes object c_rally_8a7ec5fc_3pEKpGsV (cf44795d-e003-432b-8f03-e72d0909d61b)
2019-07-20 21:14:57.561 1842 INFO rally.task.context [-] Task 24f518ff-422a-4668-a9e8-42ede00eeaac | Context volumes@openstack cleanup() finished in 7.51 sec
2019-07-20 21:14:57.562 1842 INFO rally.task.context [-] Task 24f518ff-422a-4668-a9e8-42ede00eeaac | Context quotas@openstack cleanup() started
2019-07-20 21:14:58.098 1842 INFO rally.task.context [-] Task 24f518ff-422a-4668-a9e8-42ede00eeaac | Context quotas@openstack cleanup() finished in 0.54 sec
2019-07-20 21:14:58.099 1842 INFO rally.task.context [-] Task 24f518ff-422a-4668-a9e8-42ede00eeaac | Context api_versions@openstack cleanup() started
2019-07-20 21:14:58.099 1842 INFO rally.task.context [-] Task 24f518ff-422a-4668-a9e8-42ede00eeaac | Context api_versions@openstack cleanup() finished in 0.31 msec
2019-07-20 21:14:58.099 1842 INFO rally.task.context [-] Task 24f518ff-422a-4668-a9e8-42ede00eeaac | Context users@openstack cleanup() started
2019-07-20 21:15:06.813 1842 INFO rally.task.context [-] Task 24f518ff-422a-4668-a9e8-42ede00eeaac | Context users@openstack cleanup() finished in 8.71 sec
2019-07-20 21:15:08.086 1842 INFO rally.task.engine [-] Load duration is: 2.413029
2019-07-20 21:15:08.086 1842 INFO rally.task.engine [-] Full runner duration is: 2.468174
2019-07-20 21:15:08.087 1842 INFO rally.task.engine [-] Full duration is: 65.013663
2019-07-20 21:15:08.347 1842 INFO rally.task.engine [-] Running workload: position = 0 config = { "version": 2, "title": "A cropped version of a bigger task.", "description": "Auto-generated task from a single workload (uuid=7e874cee-bf1d-41bf-9703-514314324564)", "subtasks": [ { "title": "CinderVolumes.create_and_delete_snapshot", "description": "Create and then delete a volume-snapshot.", "scenario": { "CinderVolumes.create_and_delete_snapshot": { "force": false } }, "contexts": { "users": { "tenants": 3, "users_per_tenant": 2 }, "quotas": { "cinder": { "gigabytes": -1, "snapshots": -1, "volumes": -1 } }, "api_versions": { "cinder": { "version": 3, "service_type": "volumev3" } }, "volumes": { "size": 1, "volumes_per_tenant": 1 } }, "runner": { "constant": { "concurrency": 4, "times": 10 } }, "hooks": [], "sla": { "failure_rate": { "max": 0 } } } ] }
2019-07-20 21:15:08.369 1842 RALLYDEBUG rally_openstack.contexts.keystone.users [-] Creating 3 tenants using 20 threads
2019-07-20 21:15:10.281 1842 RALLYDEBUG rally_openstack.contexts.keystone.users [-] Creating 6 users using 20 threads
2019-07-20 21:15:13.075 1842 INFO rally.task.context [-] Task 24f518ff-422a-4668-a9e8-42ede00eeaac | Context users@openstack setup() finished in 4.71 sec
2019-07-20 21:15:13.508 1842 INFO rally.task.context [-] Task 24f518ff-422a-4668-a9e8-42ede00eeaac | Context api_versions@openstack setup() finished in 0.43 sec
2019-07-20 21:15:15.234 1842 INFO rally.task.context [-] Task 24f518ff-422a-4668-a9e8-42ede00eeaac | Context quotas@openstack setup() finished in 1.73 sec
2019-07-20 21:15:26.160 1842 INFO rally.task.context [-] Task 24f518ff-422a-4668-a9e8-42ede00eeaac | Context volumes@openstack setup() finished in 10.93 sec
2019-07-20 21:15:26.161 1842 INFO rally.task.context [-] Task 24f518ff-422a-4668-a9e8-42ede00eeaac | Context cleanup@openstack setup() finished in 0.01 msec
2019-07-20 21:15:26.168 1842 RALLYDEBUG rally.task.runner [-] Starting the constant runner (task UUID: 24f518ff-422a-4668-a9e8-42ede00eeaac). timeout: 0 concurrency: 4 concurrency_per_worker: 1 times: 10 concurrency_overhead: 0 processes_to_start: 4 max_cpu_used: 16
2019-07-20 21:15:26.181 3966 RALLYDEBUG rally.task.runner [-] Starting a worker. concurrency: 1 args: {"force": false} times: 10 method_name: run timeout: 0 duration: None cls:
2019-07-20 21:15:26.183 3967 RALLYDEBUG rally.task.runner [-] Starting a worker. concurrency: 1 args: {"force": false} times: 10 method_name: run timeout: 0 duration: None cls:
2019-07-20 21:15:26.187 3968 RALLYDEBUG rally.task.runner [-] Starting a worker. concurrency: 1 args: {"force": false} times: 10 method_name: run timeout: 0 duration: None cls:
2019-07-20 21:15:26.193 3969 RALLYDEBUG rally.task.runner [-] Starting a worker. concurrency: 1 args: {"force": false} times: 10 method_name: run timeout: 0 duration: None cls:
2019-07-20 21:15:26.194 3966 INFO rally.task.runner [-] Task 24f518ff-422a-4668-a9e8-42ede00eeaac | ITER: 1 START
2019-07-20 21:15:26.195 3967 INFO rally.task.runner [-] Task 24f518ff-422a-4668-a9e8-42ede00eeaac | ITER: 2 START
2019-07-20 21:15:26.199 3969 INFO rally.task.runner [-] Task 24f518ff-422a-4668-a9e8-42ede00eeaac | ITER: 4 START
2019-07-20 21:15:26.200 3968 INFO rally.task.runner [-] Task 24f518ff-422a-4668-a9e8-42ede00eeaac | ITER: 3 START
2019-07-20 21:15:30.197 3967 RALLYDEBUG rally.task.utils [-] Waiting for resource s_rally_7e874cee_DwqgjDIJ. Status changed: AVAILABLE => DELETING in 0.346101045609
2019-07-20 21:15:30.485 3969 RALLYDEBUG rally.task.utils [-] Waiting for resource s_rally_7e874cee_VQEkPCjD. Status changed: AVAILABLE => DELETING in 0.328552961349
2019-07-20 21:15:30.547 3966 RALLYDEBUG rally.task.utils [-] Waiting for resource s_rally_7e874cee_8N3Kqe1N. Status changed: AVAILABLE => DELETING in 0.298616886139
2019-07-20 21:15:30.603 3968 RALLYDEBUG rally.task.utils [-] Waiting for resource s_rally_7e874cee_XnxAeNIZ. Status changed: AVAILABLE => DELETING in 0.310064077377
2019-07-20 21:15:32.431 3967 INFO rally.task.runner [-] Task 24f518ff-422a-4668-a9e8-42ede00eeaac | ITER: 2 END: OK
2019-07-20 21:15:32.436 3967 INFO rally.task.runner [-] Task 24f518ff-422a-4668-a9e8-42ede00eeaac | ITER: 5 START
2019-07-20 21:15:32.798 3969 INFO rally.task.runner [-] Task 24f518ff-422a-4668-a9e8-42ede00eeaac | ITER: 4 END: OK
2019-07-20 21:15:32.802 3969 INFO rally.task.runner [-] Task 24f518ff-422a-4668-a9e8-42ede00eeaac | ITER: 6 START
2019-07-20 21:15:32.850 3966 INFO rally.task.runner [-] Task 24f518ff-422a-4668-a9e8-42ede00eeaac | ITER: 1 END: OK
2019-07-20 21:15:32.855 3966 INFO rally.task.runner [-] Task 24f518ff-422a-4668-a9e8-42ede00eeaac | ITER: 7 START
2019-07-20 21:15:32.906 3968 INFO rally.task.runner [-] Task 24f518ff-422a-4668-a9e8-42ede00eeaac | ITER: 3 END: OK
2019-07-20 21:15:32.909 3968 INFO rally.task.runner [-] Task 24f518ff-422a-4668-a9e8-42ede00eeaac | ITER: 8 START
2019-07-20 21:15:36.644 3967 RALLYDEBUG rally.task.utils [-] Waiting for resource s_rally_7e874cee_4xpx6dt9. Status changed: AVAILABLE => DELETING in 0.307281017303
2019-07-20 21:15:36.675 3969 RALLYDEBUG rally.task.utils [-] Waiting for resource s_rally_7e874cee_XVLGa5kE. Status changed: AVAILABLE => DELETING in 0.233623981476
2019-07-20 21:15:36.773 3968 RALLYDEBUG rally.task.utils [-] Waiting for resource s_rally_7e874cee_igsQsTr1. Status changed: AVAILABLE => DELETING in 0.311393022537
2019-07-20 21:15:37.062 3966 RALLYDEBUG rally.task.utils [-] Waiting for resource s_rally_7e874cee_tUKx7kOi. Status changed: AVAILABLE => DELETING in 0.222884893417
2019-07-20 21:15:38.668 3967 INFO rally.task.runner [-] Task 24f518ff-422a-4668-a9e8-42ede00eeaac | ITER: 5 END: OK
2019-07-20 21:15:38.674 3967 INFO rally.task.runner [-] Task 24f518ff-422a-4668-a9e8-42ede00eeaac | ITER: 9 START
2019-07-20 21:15:38.700 3969 INFO rally.task.runner [-] Task 24f518ff-422a-4668-a9e8-42ede00eeaac | ITER: 6 END: OK
2019-07-20 21:15:38.705 3969 INFO rally.task.runner [-] Task 24f518ff-422a-4668-a9e8-42ede00eeaac | ITER: 10 START
2019-07-20 21:15:39.118 3968 INFO rally.task.runner [-] Task 24f518ff-422a-4668-a9e8-42ede00eeaac | ITER: 8 END: OK
2019-07-20 21:15:39.275 3966 INFO rally.task.runner [-] Task 24f518ff-422a-4668-a9e8-42ede00eeaac | ITER: 7 END: OK
2019-07-20 21:15:42.641 3969 RALLYDEBUG rally.task.utils [-] Waiting for resource s_rally_7e874cee_dSDHA4WK. Status changed: AVAILABLE => DELETING in 0.311738967896
2019-07-20 21:15:42.908 3967 RALLYDEBUG rally.task.utils [-] Waiting for resource s_rally_7e874cee_DKKiH1kL. Status changed: AVAILABLE => DELETING in 0.302685022354
2019-07-20 21:15:44.956 3969 INFO rally.task.runner [-] Task 24f518ff-422a-4668-a9e8-42ede00eeaac | ITER: 10 END: OK
2019-07-20 21:15:45.139 3967 INFO rally.task.runner [-] Task 24f518ff-422a-4668-a9e8-42ede00eeaac | ITER: 9 END: OK
2019-07-20 21:15:45.165 1842 INFO rally.task.context [-] Task 24f518ff-422a-4668-a9e8-42ede00eeaac | Context cleanup@openstack cleanup() started
2019-07-20 21:15:45.167 1842 RALLYDEBUG rally_openstack.cleanup.manager [-] Cleaning up cinder backups objects
2019-07-20 21:15:47.353 1842 RALLYDEBUG rally_openstack.cleanup.manager [-] Cleaning up cinder volume_snapshots objects
2019-07-20 21:15:49.606 1842 RALLYDEBUG rally_openstack.cleanup.manager [-] Cleaning up cinder transfers objects
2019-07-20 21:15:51.856 1842 RALLYDEBUG rally_openstack.cleanup.manager [-] Cleaning up cinder volumes objects
2019-07-20 21:15:54.185 1842 INFO rally.task.context [-] Task 24f518ff-422a-4668-a9e8-42ede00eeaac | Context cleanup@openstack cleanup() finished in 9.02 sec
2019-07-20 21:15:54.185 1842 INFO rally.task.context [-] Task 24f518ff-422a-4668-a9e8-42ede00eeaac | Context volumes@openstack cleanup() started
2019-07-20 21:15:54.186 1842 RALLYDEBUG rally_openstack.cleanup.manager [-] Cleaning up cinder volumes objects
2019-07-20 21:15:56.440 1842 RALLYDEBUG rally_openstack.cleanup.manager [-] Deleting cinder.volumes object c_rally_7e874cee_PulvHWQn (11a2a649-0352-4d9c-98f4-60bb631df650)
2019-07-20 21:15:56.441 1842 RALLYDEBUG rally_openstack.cleanup.manager [-] Deleting cinder.volumes object c_rally_7e874cee_MVKUexyv (909513eb-88d2-4a42-b7c8-449c3ca0fce4)
2019-07-20 21:15:56.454 1842 RALLYDEBUG rally_openstack.cleanup.manager [-] Deleting cinder.volumes object c_rally_7e874cee_PHC7UGuU (001b6389-6101-4970-a29f-c18446b3017d)
2019-07-20 21:15:59.839 1842 INFO rally.task.context [-] Task 24f518ff-422a-4668-a9e8-42ede00eeaac | Context volumes@openstack cleanup() finished in 5.65 sec
2019-07-20 21:15:59.840 1842 INFO rally.task.context [-] Task 24f518ff-422a-4668-a9e8-42ede00eeaac | Context quotas@openstack cleanup() started
2019-07-20 21:16:00.818 1842 INFO rally.task.context [-] Task 24f518ff-422a-4668-a9e8-42ede00eeaac | Context quotas@openstack cleanup() finished in 0.98 sec
2019-07-20 21:16:00.818 1842 INFO rally.task.context [-] Task 24f518ff-422a-4668-a9e8-42ede00eeaac | Context api_versions@openstack cleanup() started
2019-07-20 21:16:00.818 1842 INFO rally.task.context [-] Task 24f518ff-422a-4668-a9e8-42ede00eeaac | Context api_versions@openstack cleanup() finished in 0.28 msec
2019-07-20 21:16:00.819 1842 INFO rally.task.context [-] Task 24f518ff-422a-4668-a9e8-42ede00eeaac | Context users@openstack cleanup() started
2019-07-20 21:16:09.376 1842 INFO rally.task.context [-] Task 24f518ff-422a-4668-a9e8-42ede00eeaac | Context users@openstack cleanup() finished in 8.56 sec
2019-07-20 21:16:10.679 1842 INFO rally.task.engine [-] Load duration is: 18.940382
2019-07-20 21:16:10.680 1842 INFO rally.task.engine [-] Full runner duration is: 18.998156
2019-07-20 21:16:10.680 1842 INFO rally.task.engine [-] Full duration is: 61.010669
2019-07-20 21:16:10.944 1842 INFO rally.task.engine [-] Running workload: position = 0 config = { "version": 2, "title": "A cropped version of a bigger task.", "description": "Auto-generated task from a single workload (uuid=6affb1c6-2786-457e-adfd-71704e60d85c)", "subtasks": [ { "title": "CinderVolumes.create_and_delete_volume", "description": "Create and then delete a volume.", "scenario": { "CinderVolumes.create_and_delete_volume": { "size": { "max": 1, "min": 1 } } }, "contexts": { "users": { "tenants": 3, "users_per_tenant": 2 }, "quotas": { "cinder": { "gigabytes": -1, "snapshots": -1, "volumes": -1 } }, "api_versions": { "cinder": { "version": 3, "service_type": "volumev3" } } }, "runner": { "constant": { "concurrency": 4, "times": 10 } }, "hooks": [], "sla": { "failure_rate": { "max": 0 } } } ] }
2019-07-20 21:16:10.968 1842 RALLYDEBUG rally_openstack.contexts.keystone.users [-] Creating 3 tenants using 20 threads
2019-07-20 21:16:12.854 1842 RALLYDEBUG rally_openstack.contexts.keystone.users [-] Creating 6 users using 20 threads
2019-07-20 21:16:15.657 1842 INFO rally.task.context [-] Task 24f518ff-422a-4668-a9e8-42ede00eeaac | Context users@openstack setup() finished in 4.69 sec
2019-07-20 21:16:16.097 1842 INFO rally.task.context [-] Task 24f518ff-422a-4668-a9e8-42ede00eeaac | Context api_versions@openstack setup() finished in 0.44 sec
2019-07-20 21:16:17.924 1842 INFO rally.task.context [-] Task 24f518ff-422a-4668-a9e8-42ede00eeaac | Context quotas@openstack setup() finished in 1.83 sec
2019-07-20 21:16:17.925 1842 INFO rally.task.context [-] Task 24f518ff-422a-4668-a9e8-42ede00eeaac | Context cleanup@openstack setup() finished in 0.01 msec
2019-07-20 21:16:17.932 1842 RALLYDEBUG rally.task.runner [-] Starting the constant runner (task UUID: 24f518ff-422a-4668-a9e8-42ede00eeaac). timeout: 0 concurrency: 4 concurrency_per_worker: 1 times: 10 concurrency_overhead: 0 processes_to_start: 4 max_cpu_used: 16
2019-07-20 21:16:17.946 4170 RALLYDEBUG rally.task.runner [-] Starting a worker. concurrency: 1 args: {"size": {"max": 1, "min": 1}} times: 10 method_name: run timeout: 0 duration: None cls:
2019-07-20 21:16:17.948 4171 RALLYDEBUG rally.task.runner [-] Starting a worker. concurrency: 1 args: {"size": {"max": 1, "min": 1}} times: 10 method_name: run timeout: 0 duration: None cls:
2019-07-20 21:16:17.951 4172 RALLYDEBUG rally.task.runner [-] Starting a worker. concurrency: 1 args: {"size": {"max": 1, "min": 1}} times: 10 method_name: run timeout: 0 duration: None cls:
2019-07-20 21:16:17.954 4170 INFO rally.task.runner [-] Task 24f518ff-422a-4668-a9e8-42ede00eeaac | ITER: 1 START
2019-07-20 21:16:17.954 4173 RALLYDEBUG rally.task.runner [-] Starting a worker. concurrency: 1 args: {"size": {"max": 1, "min": 1}} times: 10 method_name: run timeout: 0 duration: None cls:
2019-07-20 21:16:17.957 4171 INFO rally.task.runner [-] Task 24f518ff-422a-4668-a9e8-42ede00eeaac | ITER: 2 START
2019-07-20 21:16:17.959 4172 INFO rally.task.runner [-] Task 24f518ff-422a-4668-a9e8-42ede00eeaac | ITER: 3 START
2019-07-20 21:16:17.962 4173 INFO rally.task.runner [-] Task 24f518ff-422a-4668-a9e8-42ede00eeaac | ITER: 4 START
2019-07-20 21:16:22.171 4170 INFO rally.task.runner [-] Task 24f518ff-422a-4668-a9e8-42ede00eeaac | ITER: 1 END: OK
