2019-07-20 09:43:45.709 22705 RALLYDEBUG rally_openstack.cleanup.manager [-] Deleting neutron.port object s_rally_d37760fb_jm9W06PS (d8803dc1-7e55-4ca8-a80d-e7c81e24279e)
2019-07-20 09:43:45.720 22705 RALLYDEBUG rally_openstack.cleanup.manager [-] Deleting neutron.port object s_rally_d37760fb_Rn8HKChI (daf7a10a-378b-47f1-a5df-aeba9dbda40f)
2019-07-20 09:43:45.751 22705 RALLYDEBUG rally_openstack.cleanup.manager [-] Deleting neutron.port object s_rally_d37760fb_joDvDpST (db727013-d5c1-4bc9-8231-42574a7043c6)
2019-07-20 09:43:46.126 22705 RALLYDEBUG rally_openstack.cleanup.manager [-] Deleting neutron.port object s_rally_d37760fb_dvg3P7LK (dce9aafe-365d-4f71-93a0-19ae7e12a1c6)
2019-07-20 09:43:46.199 22705 RALLYDEBUG rally_openstack.cleanup.manager [-] Deleting neutron.port object s_rally_d37760fb_MWW8G7Nv (de4370c2-f7a1-473e-af03-fda1f7d9b566)
2019-07-20 09:43:46.352 22705 RALLYDEBUG rally_openstack.cleanup.manager [-] Deleting neutron.port object s_rally_d37760fb_wARXktX4 (def95559-4a10-4385-bffd-bc98314aeaf3)
2019-07-20 09:43:46.397 22705 RALLYDEBUG rally_openstack.cleanup.manager [-] Deleting neutron.port object s_rally_d37760fb_GAHBtzbd (df5e3738-1d4f-4e47-8a66-6a544568bb1c)
2019-07-20 09:43:46.455 22705 RALLYDEBUG rally_openstack.cleanup.manager [-] Deleting neutron.port object s_rally_d37760fb_KuRtpm0l (e02e5f62-1496-4855-80b1-927f8ccd68a1)
2019-07-20 09:43:46.733 22705 RALLYDEBUG rally_openstack.cleanup.manager [-] Deleting neutron.port object s_rally_d37760fb_gxXTzZLB (e1eeae8f-116a-4c94-8419-80aa7ee4d727)
2019-07-20 09:43:46.890 22705 RALLYDEBUG rally_openstack.cleanup.manager [-] Deleting neutron.port object s_rally_d37760fb_42eQ3dSb (e24173a2-0c45-4e96-9400-665696c404b2)
2019-07-20 09:43:47.228 22705 RALLYDEBUG rally_openstack.cleanup.manager [-] Deleting neutron.port object s_rally_d37760fb_5hTc62tK (e286744f-80e4-4923-889c-a5d4fa079eba)
2019-07-20 09:43:47.268 22705 RALLYDEBUG rally_openstack.cleanup.manager [-] Deleting neutron.port object s_rally_d37760fb_U68d4G5h (e3527ac8-1061-4bae-b0eb-8b522f41c640)
2019-07-20 09:43:47.305 22705 RALLYDEBUG rally_openstack.cleanup.manager [-] Deleting neutron.port object s_rally_d37760fb_ECxtcj4h (e35e8564-f6a0-4063-85d8-7f5aa4f06a53)
2019-07-20 09:43:47.311 22705 RALLYDEBUG rally_openstack.cleanup.manager [-] Deleting neutron.port object s_rally_d37760fb_1xUHd7ck (e378cbe5-d59a-4478-8af5-31905ddfa548)
2019-07-20 09:43:47.416 22705 RALLYDEBUG rally_openstack.cleanup.manager [-] Deleting neutron.port object s_rally_d37760fb_UZ0o51N7 (e4133c5e-f48c-491c-9a54-4509aa594a8f)
2019-07-20 09:43:47.987 22705 RALLYDEBUG rally_openstack.cleanup.manager [-] Deleting neutron.port object s_rally_d37760fb_fpyPI3M8 (e430c0ed-b307-48e0-84ca-98d5c44fd86d)
2019-07-20 09:43:48.176 22705 RALLYDEBUG rally_openstack.cleanup.manager [-] Deleting neutron.port object s_rally_d37760fb_djBXXqVH (e485af77-3812-4c37-9187-71e690566635)
2019-07-20 09:43:48.251 22705 RALLYDEBUG rally_openstack.cleanup.manager [-] Deleting neutron.port object s_rally_d37760fb_AWIc6aWU (e49dfc96-bda6-49ee-9e11-854589e42e23)
2019-07-20 09:43:48.278 22705 RALLYDEBUG rally_openstack.cleanup.manager [-] Deleting neutron.port object s_rally_d37760fb_bCDBmXR1 (e542720a-a927-42c9-8885-27714a1a738e)
2019-07-20 09:43:48.289 22705 RALLYDEBUG rally_openstack.cleanup.manager [-] Deleting neutron.port object s_rally_d37760fb_9xyO5td5 (e62ab85c-1cc9-4bf6-9ed9-3a6aeb004ab0)
2019-07-20 09:43:48.474 22705 RALLYDEBUG rally_openstack.cleanup.manager [-] Deleting neutron.port object s_rally_d37760fb_W2hDp9LJ (e6706155-f309-45af-85c5-bf6e22f7e1b8)
2019-07-20 09:43:48.623 22705 RALLYDEBUG rally_openstack.cleanup.manager [-] Deleting neutron.port object s_rally_d37760fb_2jMKRfui (e8531b2b-7d13-4fa4-b4fb-d33bbca87b6f)
2019-07-20 09:43:48.674 22705 RALLYDEBUG rally_openstack.cleanup.manager [-] Deleting neutron.port object s_rally_d37760fb_aT2YlhAy (e9d3f1f3-cb96-4be0-9254-344fb20601bd)
2019-07-20 09:43:48.699 22705 RALLYDEBUG rally_openstack.cleanup.manager [-] Deleting neutron.port object s_rally_d37760fb_UYX6SQZF (ea29c61b-8c01-4737-8759-2f0b26cd217d)
2019-07-20 09:43:48.764 22705 RALLYDEBUG rally_openstack.cleanup.manager [-] Deleting neutron.port object s_rally_d37760fb_u6ADibW0 (ea496c16-dba7-4b1f-b687-f1f60e3b5030)
2019-07-20 09:43:49.195 22705 RALLYDEBUG rally_openstack.cleanup.manager [-] Deleting neutron.port object s_rally_d37760fb_wd407fQC (eb3454a8-57d0-47c7-8417-619b2c92fed1)
2019-07-20 09:43:49.396 22705 RALLYDEBUG rally_openstack.cleanup.manager [-] Deleting neutron.port object s_rally_d37760fb_2yGXUHJR (ebae3ed6-e66a-400f-81a1-c64416a68ffb)
2019-07-20 09:43:49.548 22705 RALLYDEBUG rally_openstack.cleanup.manager [-] Deleting neutron.port object s_rally_d37760fb_9V3dF71p (ebde47b5-7316-4e8e-91e1-36c556b3cc98)
2019-07-20 09:43:49.574 22705 RALLYDEBUG rally_openstack.cleanup.manager [-] Deleting neutron.port object s_rally_d37760fb_VIehJAJn (ebe5bd91-2394-45e7-adb7-27748e599729)
2019-07-20 09:43:49.581 22705 RALLYDEBUG rally_openstack.cleanup.manager [-] Deleting neutron.port object s_rally_d37760fb_S664YgT0 (ed24ce59-0c7f-45c8-af31-a5c2ca92ee3a)
2019-07-20 09:43:49.609 22705 RALLYDEBUG rally_openstack.cleanup.manager [-] Deleting neutron.port object s_rally_d37760fb_pvUorALB (ed4c22f0-e013-42d2-a1ec-4f6f612fc686)
2019-07-20 09:43:50.380 22705 RALLYDEBUG rally_openstack.cleanup.manager [-] Deleting neutron.port object s_rally_d37760fb_XFC1vFdo (ed857c3e-25db-4739-b906-b37a522c6e02)
2019-07-20 09:43:50.432 22705 RALLYDEBUG rally_openstack.cleanup.manager [-] Deleting neutron.port object s_rally_d37760fb_t2WenCtX (ee54accd-7047-4c08-8806-e708698fcded)
2019-07-20 09:43:50.483 22705 RALLYDEBUG rally_openstack.cleanup.manager [-] Deleting neutron.port object s_rally_d37760fb_vtykk8Um (eecb473c-cd69-40ac-b02f-512a2fecba42)
2019-07-20 09:43:50.489 22705 RALLYDEBUG rally_openstack.cleanup.manager [-] Deleting neutron.port object s_rally_d37760fb_HoaKfUSU (efb16ca1-935e-40e6-a905-6f5e0e2ea2be)
2019-07-20 09:43:50.501 22705 RALLYDEBUG rally_openstack.cleanup.manager [-] Deleting neutron.port object s_rally_d37760fb_Sv8nDLOm (f0464b4a-a729-4893-8645-e17ffa3c6730)
2019-07-20 09:43:50.954 22705 RALLYDEBUG rally_openstack.cleanup.manager [-] Deleting neutron.port object s_rally_d37760fb_6ghYG8qH (f0d204f2-011c-4bd3-9bee-44d37f804e21)
2019-07-20 09:43:51.125 22705 RALLYDEBUG rally_openstack.cleanup.manager [-] Deleting neutron.port object s_rally_d37760fb_045Y4eHT (f1483b1d-59aa-4b86-990e-321c6d512edb)
2019-07-20 09:43:51.156 22705 RALLYDEBUG rally_openstack.cleanup.manager [-] Deleting neutron.port object s_rally_d37760fb_HmnS8iC4 (f2e3bbb7-5e3e-4494-82d7-b78473a0f709)
2019-07-20 09:43:51.178 22705 RALLYDEBUG rally_openstack.cleanup.manager [-] Deleting neutron.port object s_rally_d37760fb_qdTiHegg (f47fcb29-d3cd-433a-9a7b-fd1e41cf52f4)
2019-07-20 09:43:51.681 22705 RALLYDEBUG rally_openstack.cleanup.manager [-] Deleting neutron.port object s_rally_d37760fb_XHsxZ9sQ (f4cddb41-5f31-4697-99ad-4c97607f9c95)
2019-07-20 09:43:51.755 22705 RALLYDEBUG rally_openstack.cleanup.manager [-] Deleting neutron.port object s_rally_d37760fb_ZXL3mMoK (f581379c-4ef4-4084-8e99-a185c20f288f)
2019-07-20 09:43:51.874 22705 RALLYDEBUG rally_openstack.cleanup.manager [-] Deleting neutron.port object s_rally_d37760fb_ogn8Uzac (f73fbe41-6b2b-4523-845b-28aec8a7696a)
2019-07-20 09:43:51.874 22705 RALLYDEBUG rally_openstack.cleanup.manager [-] Deleting neutron.port object s_rally_d37760fb_Wc2fJJKF (f657a2c6-87bb-4f99-a0ba-5fc8d8bc5c26)
2019-07-20 09:43:51.883 22705 RALLYDEBUG rally_openstack.cleanup.manager [-] Deleting neutron.port object s_rally_d37760fb_MRulfv2d (f7afa763-257a-479c-a9a3-261c3f34b435)
2019-07-20 09:43:52.041 22705 RALLYDEBUG rally_openstack.cleanup.manager [-] Deleting neutron.port object s_rally_d37760fb_wXdv9Ltm (f8114e84-4a12-416f-b94d-009113dd6c56)
2019-07-20 09:43:52.191 22705 RALLYDEBUG rally_openstack.cleanup.manager [-] Deleting neutron.port object s_rally_d37760fb_9IVWclIL (f85ebf57-275f-4e2f-bfc7-af6f4d9d1b78)
2019-07-20 09:43:52.283 22705 RALLYDEBUG rally_openstack.cleanup.manager [-] Deleting neutron.port object s_rally_d37760fb_8fTjvquA (f91268d6-a253-4083-9975-3dd9a8c70a5a)
2019-07-20 09:43:52.474 22705 RALLYDEBUG rally_openstack.cleanup.manager [-] Deleting neutron.port object s_rally_d37760fb_lTrdHa40 (f9ad2ff8-1356-4f09-882d-5bcfb77d2ce5)
2019-07-20 09:43:52.523 22705 RALLYDEBUG rally_openstack.cleanup.manager [-] Deleting neutron.port object s_rally_d37760fb_gUfaW7C4 (fa86da73-bfb5-4625-bf69-3e2d8aa40d22)
2019-07-20 09:43:52.657 22705 RALLYDEBUG rally_openstack.cleanup.manager [-] Deleting neutron.port object s_rally_d37760fb_j3iI3olH (faf64644-53a7-423a-84dc-ac8031d310d9)
2019-07-20 09:43:52.837 22705 RALLYDEBUG rally_openstack.cleanup.manager [-] Deleting neutron.port object s_rally_d37760fb_8ceZQ5AT (fb1c373a-9a43-4629-9692-b4eb976c9cb8)
2019-07-20 09:43:52.856 22705 RALLYDEBUG rally_openstack.cleanup.manager [-] Deleting neutron.port object s_rally_d37760fb_p5XrY6YX (fbb80162-9902-4b75-babc-e89c02cb555f)
2019-07-20 09:43:52.933 22705 RALLYDEBUG rally_openstack.cleanup.manager [-] Deleting neutron.port object s_rally_d37760fb_Q0K4pmet (fc0288a2-846d-404f-98a6-1b15f9776721)
2019-07-20 09:43:53.291 22705 RALLYDEBUG rally_openstack.cleanup.manager [-] Deleting neutron.port object s_rally_d37760fb_VOWqYGpB (fcb388b3-c229-49e7-bef2-43828cea6a40)
2019-07-20 09:43:53.386 22705 RALLYDEBUG rally_openstack.cleanup.manager [-] Deleting neutron.port object s_rally_d37760fb_Q6fjVIeS (fdd1237b-d75a-4a96-9381-56503d54d65d)
2019-07-20 09:43:53.548 22705 RALLYDEBUG rally_openstack.cleanup.manager [-] Deleting neutron.port object s_rally_d37760fb_Wr8P4qjI (fde17e2a-5c8c-40cf-bef8-b041fbb0e555)
2019-07-20 09:43:53.570 22705 RALLYDEBUG rally_openstack.cleanup.manager [-] Deleting neutron.port object s_rally_d37760fb_W5XsOs06 (ffae2c25-8f7a-4b72-9987-edd7323659ea)
2019-07-20 09:43:53.571 22705 RALLYDEBUG rally_openstack.cleanup.manager [-] Deleting neutron.port object s_rally_d37760fb_tNNVOywQ (ff48594e-cafc-43c8-83d7-e35d59d3b000)
2019-07-20 09:43:53.783 22705 RALLYDEBUG rally_openstack.cleanup.manager [-] Deleting neutron.port object s_rally_d37760fb_xyflUJJU (ffd53553-4793-4af7-9d26-c3e8ba95a177)
2019-07-20 09:43:54.279 22705 RALLYDEBUG rally_openstack.cleanup.manager [-] Deleting neutron.port object s_rally_d37760fb_819RzVqr (fffd62fe-8489-4988-9620-5ca04c639777)
2019-07-20 09:43:54.713 22705 RALLYDEBUG rally_openstack.cleanup.manager [-] Deleting neutron.port object s_rally_d37760fb_aNdS7Ylp (fffe42a7-b2b2-412c-a0da-f33a4687b765)
2019-07-20 09:43:56.914 22705 RALLYDEBUG rally_openstack.cleanup.manager [-] Cleaning up neutron subnet objects
2019-07-20 09:43:57.551 22705 RALLYDEBUG rally_openstack.cleanup.manager [-] Cleaning up neutron network objects
2019-07-20 09:43:58.273 22705 RALLYDEBUG rally_openstack.cleanup.manager [-] Deleting neutron.network object s_rally_d37760fb_sWfKLnRZ (29b640d6-40d4-4889-8090-beea58013040)
2019-07-20 09:43:58.279 22705 RALLYDEBUG rally_openstack.cleanup.manager [-] Deleting neutron.network object s_rally_d37760fb_Ckgj60N7 (65d7ee7e-5dfc-47b9-b0e6-5c070c64021f)
2019-07-20 09:43:58.292 22705 RALLYDEBUG rally_openstack.cleanup.manager [-] Deleting neutron.network object s_rally_d37760fb_sRNSC16b (75e7a63a-4cbd-40d6-abd7-acfc0d1dd296)
2019-07-20 09:43:58.294 22705 RALLYDEBUG rally_openstack.cleanup.manager [-] Deleting neutron.network object s_rally_d37760fb_sURZwz5b (8828f8c6-e9a4-4fb2-b205-09ee108f91ad)
2019-07-20 09:43:58.303 22705 RALLYDEBUG rally_openstack.cleanup.manager [-] Deleting neutron.network object s_rally_d37760fb_p34z1pwr (9b008e7e-0346-4b75-9658-a9df169456a5)
2019-07-20 09:43:58.310 22705 RALLYDEBUG rally_openstack.cleanup.manager [-] Deleting neutron.network object s_rally_d37760fb_OGUbAfOm (9387ffdf-c795-441a-ad1f-56be43469212)
2019-07-20 09:43:58.322 22705 RALLYDEBUG rally_openstack.cleanup.manager [-] Deleting neutron.network object s_rally_d37760fb_khJILVI8 (f7fd5d5b-8ed7-43b6-962a-4f976017b1f4)
2019-07-20 09:43:58.334 22705 RALLYDEBUG rally_openstack.cleanup.manager [-] Deleting neutron.network object s_rally_d37760fb_rNGQhqOF (f9769e54-35e4-41d8-8d6a-d19da6363b69)
2019-07-20 09:44:01.784 22705 RALLYDEBUG rally_openstack.cleanup.manager [-] Cleaning up neutron router objects
2019-07-20 09:44:02.571 22705 RALLYDEBUG rally_openstack.cleanup.manager [-] Cleaning up neutron security_group objects
2019-07-20 09:44:03.239 22705 INFO rally.task.context [-] Task b6918239-556c-427e-8a55-b9e5d9b3106f | Context cleanup@openstack cleanup() finished in 1.27 min
2019-07-20 09:44:03.240 22705 INFO rally.task.context [-] Task b6918239-556c-427e-8a55-b9e5d9b3106f | Context quotas@openstack cleanup() started
2019-07-20 09:44:03.549 22705 INFO rally.task.context [-] Task b6918239-556c-427e-8a55-b9e5d9b3106f | Context quotas@openstack cleanup() finished in 0.31 sec
2019-07-20 09:44:03.549 22705 INFO rally.task.context [-] Task b6918239-556c-427e-8a55-b9e5d9b3106f | Context users@openstack cleanup() started
2019-07-20 09:44:07.972 22705 INFO rally.task.context [-] Task b6918239-556c-427e-8a55-b9e5d9b3106f | Context users@openstack cleanup() finished in 4.42 sec
2019-07-20 09:44:08.287 22705 INFO rally.task.engine [-] Load duration is: 132.864494
2019-07-20 09:44:08.288 22705 INFO rally.task.engine [-] Full runner duration is: 132.910132
2019-07-20 09:44:08.288 22705 INFO rally.task.engine [-] Full duration is: 218.698691
2019-07-20 09:44:08.523 22705 INFO rally.task.engine [-] Running workload: position = 1 config = { "version": 2, "title": "A cropped version of a bigger task.", "description": "Auto-generated task from a single workload (uuid=85c00629-fe2d-4391-a572-b68f51fe1f94)", "subtasks": [ { "title": "NeutronNetworks.create_and_update_ports", "description": "Create and update a given number of ports.", "scenario": { "NeutronNetworks.create_and_update_ports": { "network_create_args": {}, "port_create_args": {}, "ports_per_network": 5, "port_update_args": { "admin_state_up": false, "device_id": "dummy_id", "device_owner": "dummy_owner", "name": "_port_updated" } } }, "contexts": { "users": { "tenants": 1, "users_per_tenant": 1 }, "quotas": { "neutron": { "network": -1, "port": -1 } } }, "runner": { "constant": { "times": 40, "concurrency": 20 } }, "hooks": [], "sla": { "failure_rate": { "max": 0 } } } ] }
2019-07-20 09:44:08.547 22705 RALLYDEBUG rally_openstack.contexts.keystone.users [-] Creating 1 tenants using 20 threads
2019-07-20 09:44:10.294 22705 RALLYDEBUG rally_openstack.contexts.keystone.users [-] Creating 1 users using 20 threads
2019-07-20 09:44:12.708 22705 INFO rally.task.context [-] Task b6918239-556c-427e-8a55-b9e5d9b3106f | Context users@openstack setup() finished in 4.16 sec
2019-07-20 09:44:13.481 22705 INFO rally.task.context [-] Task b6918239-556c-427e-8a55-b9e5d9b3106f | Context quotas@openstack setup() finished in 0.77 sec
2019-07-20 09:44:13.481 22705 INFO rally.task.context [-] Task b6918239-556c-427e-8a55-b9e5d9b3106f | Context cleanup@openstack setup() finished in 0.00 msec
2019-07-20 09:44:13.489 22705 RALLYDEBUG rally.task.runner [-] Starting the constant runner (task UUID: b6918239-556c-427e-8a55-b9e5d9b3106f). timeout: 0 concurrency: 20 concurrency_per_worker: 1 times: 40 concurrency_overhead: 4 processes_to_start: 16 max_cpu_used: 16
2019-07-20 09:44:13.503 26581 RALLYDEBUG rally.task.runner [-] Starting a worker. concurrency: 2 args: {"network_create_args": {}, "port_create_args": {}, "ports_per_network": 5, "port_update_args": {"admin_state_up": false, "device_id": "dummy_id", "device_owner": "dummy_owner", "name": "_port_updated"}} times: 40 method_name: run timeout: 0 duration: None cls:
2019-07-20 09:44:13.506 26582 RALLYDEBUG rally.task.runner [-] Starting a worker. concurrency: 2 args: {"network_create_args": {}, "port_create_args": {}, "ports_per_network": 5, "port_update_args": {"admin_state_up": false, "device_id": "dummy_id", "device_owner": "dummy_owner", "name": "_port_updated"}} times: 40 method_name: run timeout: 0 duration: None cls:
2019-07-20 09:44:13.509 26583 RALLYDEBUG rally.task.runner [-] Starting a worker. concurrency: 2 args: {"network_create_args": {}, "port_create_args": {}, "ports_per_network": 5, "port_update_args": {"admin_state_up": false, "device_id": "dummy_id", "device_owner": "dummy_owner", "name": "_port_updated"}} times: 40 method_name: run timeout: 0 duration: None cls:
2019-07-20 09:44:13.512 26584 RALLYDEBUG rally.task.runner [-] Starting a worker. concurrency: 2 args: {"network_create_args": {}, "port_create_args": {}, "ports_per_network": 5, "port_update_args": {"admin_state_up": false, "device_id": "dummy_id", "device_owner": "dummy_owner", "name": "_port_updated"}} times: 40 method_name: run timeout: 0 duration: None cls:
2019-07-20 09:44:13.515 26581 INFO rally.task.runner [-] Task b6918239-556c-427e-8a55-b9e5d9b3106f | ITER: 1 START
2019-07-20 09:44:13.516 26581 WARNING rally_openstack.scenarios.neutron.utils [-] Running this scenario without either the 'network' or 'existing_network' context is deprecated
2019-07-20 09:44:13.517 26583 INFO rally.task.runner [-] Task b6918239-556c-427e-8a55-b9e5d9b3106f | ITER: 4 START
2019-07-20 09:44:13.516 26582 INFO rally.task.runner [-] Task b6918239-556c-427e-8a55-b9e5d9b3106f | ITER: 5 START
2019-07-20 09:44:13.516 26585 RALLYDEBUG rally.task.runner [-] Starting a worker. concurrency: 1 args: {"network_create_args": {}, "port_create_args": {}, "ports_per_network": 5, "port_update_args": {"admin_state_up": false, "device_id": "dummy_id", "device_owner": "dummy_owner", "name": "_port_updated"}} times: 40 method_name: run timeout: 0 duration: None cls:
2019-07-20 09:44:13.517 26582 INFO rally.task.runner [-] Task b6918239-556c-427e-8a55-b9e5d9b3106f | ITER: 2 START
2019-07-20 09:44:13.519 26582 WARNING rally_openstack.scenarios.neutron.utils [-] Running this scenario without either the 'network' or 'existing_network' context is deprecated
2019-07-20 09:44:13.519 26584 INFO rally.task.runner [-] Task b6918239-556c-427e-8a55-b9e5d9b3106f | ITER: 6 START
2019-07-20 09:44:13.521 26584 WARNING rally_openstack.scenarios.neutron.utils [-] Running this scenario without either the 'network' or 'existing_network' context is deprecated
2019-07-20 09:44:13.522 26591 RALLYDEBUG rally.task.runner [-] Starting a worker. concurrency: 1 args: {"network_create_args": {}, "port_create_args": {}, "ports_per_network": 5, "port_update_args": {"admin_state_up": false, "device_id": "dummy_id", "device_owner": "dummy_owner", "name": "_port_updated"}} times: 40 method_name: run timeout: 0 duration: None cls:
2019-07-20 09:44:13.523 26587 RALLYDEBUG rally.task.runner [-] Starting a worker. concurrency: 1 args: {"network_create_args": {}, "port_create_args": {}, "ports_per_network": 5, "port_update_args": {"admin_state_up": false, "device_id": "dummy_id", "device_owner": "dummy_owner", "name": "_port_updated"}} times: 40 method_name: run timeout: 0 duration: None cls:
2019-07-20 09:44:13.524 26583 WARNING rally_openstack.scenarios.neutron.utils [-] Running this scenario without either the 'network' or 'existing_network' context is deprecated
2019-07-20 09:44:13.524 26581 INFO rally.task.runner [-] Task b6918239-556c-427e-8a55-b9e5d9b3106f | ITER: 3 START
2019-07-20 09:44:13.525 26581 WARNING rally_openstack.scenarios.neutron.utils [-] Running this scenario without either the 'network' or 'existing_network' context is deprecated
2019-07-20 09:44:13.525 26596 RALLYDEBUG rally.task.runner [-] Starting a worker. concurrency: 1 args: {"network_create_args": {}, "port_create_args": {}, "ports_per_network": 5, "port_update_args": {"admin_state_up": false, "device_id": "dummy_id", "device_owner": "dummy_owner", "name": "_port_updated"}} times: 40 method_name: run timeout: 0 duration: None cls:
2019-07-20 09:44:13.520 26582 WARNING rally_openstack.scenarios.neutron.utils [-] Running this scenario without either the 'network' or 'existing_network' context is deprecated
2019-07-20 09:44:13.528 26599 RALLYDEBUG rally.task.runner [-] Starting a worker. concurrency: 1 args: {"network_create_args": {}, "port_create_args": {}, "ports_per_network": 5, "port_update_args": {"admin_state_up": false, "device_id": "dummy_id", "device_owner": "dummy_owner", "name": "_port_updated"}} times: 40 method_name: run timeout: 0 duration: None cls:
2019-07-20 09:44:13.531 26587 INFO rally.task.runner [-] Task b6918239-556c-427e-8a55-b9e5d9b3106f | ITER: 11 START
2019-07-20 09:44:13.526 26583 INFO rally.task.runner [-] Task b6918239-556c-427e-8a55-b9e5d9b3106f | ITER: 7 START
2019-07-20 09:44:13.532 26583 WARNING rally_openstack.scenarios.neutron.utils [-] Running this scenario without either the 'network' or 'existing_network' context is deprecated
2019-07-20 09:44:13.533 26587 WARNING rally_openstack.scenarios.neutron.utils [-] Running this scenario without either the 'network' or 'existing_network' context is deprecated
2019-07-20 09:44:13.533 26585 INFO rally.task.runner [-] Task b6918239-556c-427e-8a55-b9e5d9b3106f | ITER: 9 START
2019-07-20 09:44:13.533 26591 INFO rally.task.runner [-] Task b6918239-556c-427e-8a55-b9e5d9b3106f | ITER: 10 START
2019-07-20 09:44:13.532 26601 RALLYDEBUG rally.task.runner [-] Starting a worker. concurrency: 1 args: {"network_create_args": {}, "port_create_args": {}, "ports_per_network": 5, "port_update_args": {"admin_state_up": false, "device_id": "dummy_id", "device_owner": "dummy_owner", "name": "_port_updated"}} times: 40 method_name: run timeout: 0 duration: None cls:
2019-07-20 09:44:13.534 26596 INFO rally.task.runner [-] Task b6918239-556c-427e-8a55-b9e5d9b3106f | ITER: 12 START
2019-07-20 09:44:13.535 26585 WARNING rally_openstack.scenarios.neutron.utils [-] Running this scenario without either the 'network' or 'existing_network' context is deprecated
2019-07-20 09:44:13.535 26591 WARNING rally_openstack.scenarios.neutron.utils [-] Running this scenario without either the 'network' or 'existing_network' context is deprecated
2019-07-20 09:44:13.535 26599 INFO rally.task.runner [-] Task b6918239-556c-427e-8a55-b9e5d9b3106f | ITER: 13 START
2019-07-20 09:44:13.536 26596 WARNING rally_openstack.scenarios.neutron.utils [-] Running this scenario without either the 'network' or 'existing_network' context is deprecated
2019-07-20 09:44:13.539 26584 INFO rally.task.runner [-] Task b6918239-556c-427e-8a55-b9e5d9b3106f | ITER: 8 START
2019-07-20 09:44:13.539 26602 RALLYDEBUG rally.task.runner [-] Starting a worker. concurrency: 1 args: {"network_create_args": {}, "port_create_args": {}, "ports_per_network": 5, "port_update_args": {"admin_state_up": false, "device_id": "dummy_id", "device_owner": "dummy_owner", "name": "_port_updated"}} times: 40 method_name: run timeout: 0 duration: None cls:
2019-07-20 09:44:13.539 26606 RALLYDEBUG rally.task.runner [-] Starting a worker. concurrency: 1 args: {"network_create_args": {}, "port_create_args": {}, "ports_per_network": 5, "port_update_args": {"admin_state_up": false, "device_id": "dummy_id", "device_owner": "dummy_owner", "name": "_port_updated"}} times: 40 method_name: run timeout: 0 duration: None cls:
2019-07-20 09:44:13.539 26584 WARNING rally_openstack.scenarios.neutron.utils [-] Running this scenario without either the 'network' or 'existing_network' context is deprecated
2019-07-20 09:44:13.540 26601 INFO rally.task.runner [-] Task b6918239-556c-427e-8a55-b9e5d9b3106f | ITER: 14 START
2019-07-20 09:44:13.537 26599 WARNING rally_openstack.scenarios.neutron.utils [-] Running this scenario without either the 'network' or 'existing_network' context is deprecated
2019-07-20 09:44:13.542 26601 WARNING rally_openstack.scenarios.neutron.utils [-] Running this scenario without either the 'network' or 'existing_network' context is deprecated
2019-07-20 09:44:13.543 26615 RALLYDEBUG rally.task.runner [-] Starting a worker. concurrency: 1 args: {"network_create_args": {}, "port_create_args": {}, "ports_per_network": 5, "port_update_args": {"admin_state_up": false, "device_id": "dummy_id", "device_owner": "dummy_owner", "name": "_port_updated"}} times: 40 method_name: run timeout: 0 duration: None cls:
2019-07-20 09:44:13.547 26618 RALLYDEBUG rally.task.runner [-] Starting a worker. concurrency: 1 args: {"network_create_args": {}, "port_create_args": {}, "ports_per_network": 5, "port_update_args": {"admin_state_up": false, "device_id": "dummy_id", "device_owner": "dummy_owner", "name": "_port_updated"}} times: 40 method_name: run timeout: 0 duration: None cls:
2019-07-20 09:44:13.548 26606 INFO rally.task.runner [-] Task b6918239-556c-427e-8a55-b9e5d9b3106f | ITER: 16 START
2019-07-20 09:44:13.549 26602 INFO rally.task.runner [-] Task b6918239-556c-427e-8a55-b9e5d9b3106f | ITER: 15 START
2019-07-20 09:44:13.551 26602 WARNING rally_openstack.scenarios.neutron.utils [-] Running this scenario without either the 'network' or 'existing_network' context is deprecated
2019-07-20 09:44:13.552 26606 WARNING rally_openstack.scenarios.neutron.utils [-] Running this scenario without either the 'network' or 'existing_network' context is deprecated
2019-07-20 09:44:13.553 26618 INFO rally.task.runner [-] Task b6918239-556c-427e-8a55-b9e5d9b3106f | ITER: 18 START
2019-07-20 09:44:13.554 26615 INFO rally.task.runner [-] Task b6918239-556c-427e-8a55-b9e5d9b3106f | ITER: 17 START
2019-07-20 09:44:13.555 26618 WARNING rally_openstack.scenarios.neutron.utils [-] Running this scenario without either the 'network' or 'existing_network' context is deprecated
2019-07-20 09:44:13.555 26615 WARNING rally_openstack.scenarios.neutron.utils [-] Running this scenario without either the 'network' or 'existing_network' context is deprecated
2019-07-20 09:44:13.566 26627 RALLYDEBUG rally.task.runner [-] Starting a worker. concurrency: 1 args: {"network_create_args": {}, "port_create_args": {}, "ports_per_network": 5, "port_update_args": {"admin_state_up": false, "device_id": "dummy_id", "device_owner": "dummy_owner", "name": "_port_updated"}} times: 40 method_name: run timeout: 0 duration: None cls:
2019-07-20 09:44:13.572 26627 INFO rally.task.runner [-] Task b6918239-556c-427e-8a55-b9e5d9b3106f | ITER: 19 START
2019-07-20 09:44:13.572 26628 RALLYDEBUG rally.task.runner [-] Starting a worker. concurrency: 1 args: {"network_create_args": {}, "port_create_args": {}, "ports_per_network": 5, "port_update_args": {"admin_state_up": false, "device_id": "dummy_id", "device_owner": "dummy_owner", "name": "_port_updated"}} times: 40 method_name: run timeout: 0 duration: None cls:
2019-07-20 09:44:13.574 26627 WARNING rally_openstack.scenarios.neutron.utils [-] Running this scenario without either the 'network' or 'existing_network' context is deprecated
2019-07-20 09:44:13.578 26628 INFO rally.task.runner [-] Task b6918239-556c-427e-8a55-b9e5d9b3106f | ITER: 20 START
2019-07-20 09:44:13.579 26628 WARNING rally_openstack.scenarios.neutron.utils [-] Running this scenario without either the 'network' or 'existing_network' context is deprecated
2019-07-20 09:44:22.339 26628 INFO rally.task.runner [-] Task b6918239-556c-427e-8a55-b9e5d9b3106f | ITER: 20 END: OK
2019-07-20 09:44:22.343 26628 INFO rally.task.runner [-] Task b6918239-556c-427e-8a55-b9e5d9b3106f | ITER: 21 START
2019-07-20 09:44:22.344 26628 WARNING rally_openstack.scenarios.neutron.utils [-] Running this scenario without either the 'network' or 'existing_network' context is deprecated
2019-07-20 09:44:22.773 26615 INFO rally.task.runner [-] Task b6918239-556c-427e-8a55-b9e5d9b3106f | ITER: 17 END: OK
2019-07-20 09:44:22.778 26615 INFO rally.task.runner [-] Task b6918239-556c-427e-8a55-b9e5d9b3106f | ITER: 22 START
2019-07-20 09:44:22.779 26615 WARNING rally_openstack.scenarios.neutron.utils [-] Running this scenario without either the 'network' or 'existing_network' context is deprecated
2019-07-20 09:44:23.261 26582 INFO rally.task.runner [-] Task b6918239-556c-427e-8a55-b9e5d9b3106f | ITER: 5 END: OK
2019-07-20 09:44:23.266 26582 INFO rally.task.runner [-] Task b6918239-556c-427e-8a55-b9e5d9b3106f | ITER: 23 START
2019-07-20 09:44:23.267 26582 WARNING rally_openstack.scenarios.neutron.utils [-] Running this scenario without either the 'network' or 'existing_network' context is deprecated
2019-07-20 09:44:23.493 26627 INFO rally.task.runner [-] Task b6918239-556c-427e-8a55-b9e5d9b3106f | ITER: 19 END: OK
2019-07-20 09:44:23.498 26627 INFO rally.task.runner [-] Task b6918239-556c-427e-8a55-b9e5d9b3106f | ITER: 24 START
2019-07-20 09:44:23.498 26627 WARNING rally_openstack.scenarios.neutron.utils [-] Running this scenario without either the 'network' or 'existing_network' context is deprecated
2019-07-20 09:44:28.088 26587 INFO rally.task.runner [-] Task b6918239-556c-427e-8a55-b9e5d9b3106f | ITER: 11 END: OK
2019-07-20 09:44:28.093 26587 INFO rally.task.runner [-] Task b6918239-556c-427e-8a55-b9e5d9b3106f | ITER: 25 START
2019-07-20 09:44:28.094 26587 WARNING rally_openstack.scenarios.neutron.utils [-] Running this scenario without either the 'network' or 'existing_network' context is deprecated
2019-07-20 09:44:28.095 26618 INFO rally.task.runner [-] Task b6918239-556c-427e-8a55-b9e5d9b3106f | ITER: 18 END: OK
2019-07-20 09:44:28.099 26618 INFO rally.task.runner [-] Task b6918239-556c-427e-8a55-b9e5d9b3106f | ITER: 26 START
2019-07-20 09:44:28.099 26618 WARNING rally_openstack.scenarios.neutron.utils [-] Running this scenario without either the 'network' or 'existing_network' context is deprecated
2019-07-20 09:44:30.838 26627 INFO rally.task.runner [-] Task b6918239-556c-427e-8a55-b9e5d9b3106f | ITER: 24 END: OK
2019-07-20 09:44:30.842 26627 INFO rally.task.runner [-] Task b6918239-556c-427e-8a55-b9e5d9b3106f | ITER: 27 START
2019-07-20 09:44:30.843 26627 WARNING rally_openstack.scenarios.neutron.utils [-] Running this scenario without either the 'network' or 'existing_network' context is deprecated
2019-07-20 09:44:31.203 26615 INFO rally.task.runner [-] Task b6918239-556c-427e-8a55-b9e5d9b3106f | ITER: 22 END: OK
2019-07-20 09:44:31.207 26615 INFO rally.task.runner [-] Task b6918239-556c-427e-8a55-b9e5d9b3106f | ITER: 28 START
2019-07-20 09:44:31.208 26615 WARNING rally_openstack.scenarios.neutron.utils [-] Running this scenario without either the 'network' or 'existing_network' context is deprecated
2019-07-20 09:44:31.898 26582 INFO rally.task.runner [-] Task b6918239-556c-427e-8a55-b9e5d9b3106f | ITER: 23 END: OK
2019-07-20 09:44:31.902 26582 INFO rally.task.runner [-] Task b6918239-556c-427e-8a55-b9e5d9b3106f | ITER: 29 START
2019-07-20 09:44:31.903 26582 WARNING rally_openstack.scenarios.neutron.utils [-] Running this scenario without either the 'network' or 'existing_network' context is deprecated
2019-07-20 09:44:33.446 26628 INFO rally.task.runner [-] Task b6918239-556c-427e-8a55-b9e5d9b3106f | ITER: 21 END: OK
2019-07-20 09:44:33.450 26628 INFO rally.task.runner [-] Task b6918239-556c-427e-8a55-b9e5d9b3106f | ITER: 30 START
2019-07-20 09:44:33.451 26628 WARNING rally_openstack.scenarios.neutron.utils [-] Running this scenario without either the 'network' or 'existing_network' context is deprecated
2019-07-20 09:44:35.941 26582 INFO rally.task.runner [-] Task b6918239-556c-427e-8a55-b9e5d9b3106f | ITER: 2 END: OK
2019-07-20 09:44:35.945 26582 INFO rally.task.runner [-] Task b6918239-556c-427e-8a55-b9e5d9b3106f | ITER: 31 START
2019-07-20 09:44:35.945 26582 WARNING rally_openstack.scenarios.neutron.utils [-] Running this scenario without either the 'network' or 'existing_network' context is deprecated
2019-07-20 09:44:37.049 26591 INFO rally.task.runner [-] Task b6918239-556c-427e-8a55-b9e5d9b3106f | ITER: 10 END: OK
2019-07-20 09:44:37.052 26591 INFO rally.task.runner [-] Task b6918239-556c-427e-8a55-b9e5d9b3106f | ITER: 32 START
2019-07-20 09:44:37.053 26591 WARNING rally_openstack.scenarios.neutron.utils [-] Running this scenario without either the 'network' or 'existing_network' context is deprecated
2019-07-20 09:44:37.064 26584 INFO rally.task.runner [-] Task b6918239-556c-427e-8a55-b9e5d9b3106f | ITER: 6 END: OK
2019-07-20 09:44:37.067 26584 INFO rally.task.runner [-] Task b6918239-556c-427e-8a55-b9e5d9b3106f | ITER: 33 START
2019-07-20 09:44:37.068 26584 WARNING rally_openstack.scenarios.neutron.utils [-] Running this scenario without either the 'network' or 'existing_network' context is deprecated
2019-07-20 09:44:39.288 26627 INFO rally.task.runner [-] Task b6918239-556c-427e-8a55-b9e5d9b3106f | ITER: 27 END: OK
2019-07-20 09:44:39.293 26627 INFO rally.task.runner [-] Task b6918239-556c-427e-8a55-b9e5d9b3106f | ITER: 34 START
2019-07-20 09:44:39.294 26627 WARNING rally_openstack.scenarios.neutron.utils [-] Running this scenario without either the 'network' or 'existing_network' context is deprecated
2019-07-20 09:44:40.785 26584 INFO rally.task.runner [-] Task b6918239-556c-427e-8a55-b9e5d9b3106f | ITER: 8 END: OK
2019-07-20 09:44:40.789 26584 INFO rally.task.runner [-] Task b6918239-556c-427e-8a55-b9e5d9b3106f | ITER: 35 START
2019-07-20 09:44:40.790 26584 WARNING rally_openstack.scenarios.neutron.utils [-] Running this scenario without either the 'network' or 'existing_network' context is deprecated
2019-07-20 09:44:40.834 26615 INFO rally.task.runner [-] Task b6918239-556c-427e-8a55-b9e5d9b3106f | ITER: 28 END: OK
2019-07-20 09:44:40.837 26615 INFO rally.task.runner [-] Task b6918239-556c-427e-8a55-b9e5d9b3106f | ITER: 36 START
2019-07-20 09:44:40.838 26615 WARNING rally_openstack.scenarios.neutron.utils [-] Running this scenario without either the 'network' or 'existing_network' context is deprecated
2019-07-20 09:44:40.922 26581 INFO rally.task.runner [-] Task b6918239-556c-427e-8a55-b9e5d9b3106f | ITER: 1 END: OK
2019-07-20 09:44:40.926 26581 INFO rally.task.runner [-] Task b6918239-556c-427e-8a55-b9e5d9b3106f | ITER: 37 START
2019-07-20 09:44:40.927 26581 WARNING rally_openstack.scenarios.neutron.utils [-] Running this scenario without either the 'network' or 'existing_network' context is deprecated
2019-07-20 09:44:40.953 26599 INFO rally.task.runner [-] Task b6918239-556c-427e-8a55-b9e5d9b3106f | ITER: 13 END: OK
2019-07-20 09:44:40.956 26599 INFO rally.task.runner [-] Task b6918239-556c-427e-8a55-b9e5d9b3106f | ITER: 38 START
2019-07-20 09:44:40.957 26599 WARNING rally_openstack.scenarios.neutron.utils [-] Running this scenario without either the 'network' or 'existing_network' context is deprecated
2019-07-20 09:44:41.067 26582 INFO rally.task.runner [-] Task b6918239-556c-427e-8a55-b9e5d9b3106f | ITER: 29 END: OK
2019-07-20 09:44:41.071 26582 INFO rally.task.runner [-] Task b6918239-556c-427e-8a55-b9e5d9b3106f | ITER: 39 START
2019-07-20 09:44:41.071 26582 WARNING rally_openstack.scenarios.neutron.utils [-] Running this scenario without either the 'network' or 'existing_network' context is deprecated
2019-07-20 09:44:41.486 26596 INFO rally.task.runner [-] Task b6918239-556c-427e-8a55-b9e5d9b3106f | ITER: 12 END: OK
2019-07-20 09:44:41.490 26596 INFO rally.task.runner [-] Task b6918239-556c-427e-8a55-b9e5d9b3106f | ITER: 40 START
2019-07-20 09:44:41.490 26596 WARNING rally_openstack.scenarios.neutron.utils [-] Running this scenario without either the 'network' or 'existing_network' context is deprecated
2019-07-20 09:44:43.183 26628 INFO rally.task.runner [-] Task b6918239-556c-427e-8a55-b9e5d9b3106f | ITER: 30 END: OK
2019-07-20 09:44:46.729 26587 INFO rally.task.runner [-] Task b6918239-556c-427e-8a55-b9e5d9b3106f | ITER: 25 END: OK
2019-07-20 09:44:46.735 26618 INFO rally.task.runner [-] Task b6918239-556c-427e-8a55-b9e5d9b3106f | ITER: 26 END: OK
2019-07-20 09:44:46.762 26591 INFO rally.task.runner [-] Task b6918239-556c-427e-8a55-b9e5d9b3106f | ITER: 32 END: OK
2019-07-20 09:44:46.946 26584 INFO rally.task.runner [-] Task b6918239-556c-427e-8a55-b9e5d9b3106f | ITER: 33 END: OK
2019-07-20 09:44:47.891 26582 INFO rally.task.runner [-] Task b6918239-556c-427e-8a55-b9e5d9b3106f | ITER: 31 END: OK
2019-07-20 09:44:49.050 26596 INFO rally.task.runner [-] Task b6918239-556c-427e-8a55-b9e5d9b3106f | ITER: 40 END: OK
2019-07-20 09:44:49.315 26582 INFO rally.task.runner [-] Task b6918239-556c-427e-8a55-b9e5d9b3106f | ITER: 39 END: OK
2019-07-20 09:44:49.405 26615 INFO rally.task.runner [-] Task b6918239-556c-427e-8a55-b9e5d9b3106f | ITER: 36 END: OK
2019-07-20 09:44:50.623 26627 INFO rally.task.runner [-] Task b6918239-556c-427e-8a55-b9e5d9b3106f | ITER: 34 END: OK
2019-07-20 09:44:58.350 26584 INFO rally.task.runner [-] Task b6918239-556c-427e-8a55-b9e5d9b3106f | ITER: 35 END: OK
2019-07-20 09:44:58.833 26581 INFO rally.task.runner [-] Task b6918239-556c-427e-8a55-b9e5d9b3106f | ITER: 37 END: OK
2019-07-20 09:44:58.945 26599 INFO rally.task.runner [-] Task b6918239-556c-427e-8a55-b9e5d9b3106f | ITER: 38 END: OK
2019-07-20 09:45:02.220 26601 INFO rally.task.runner [-] Task b6918239-556c-427e-8a55-b9e5d9b3106f | ITER: 14 END: OK
2019-07-20 09:45:02.410 26581 INFO rally.task.runner [-] Task b6918239-556c-427e-8a55-b9e5d9b3106f | ITER: 3 END: OK
2019-07-20 09:45:02.598 26585 INFO rally.task.runner [-] Task b6918239-556c-427e-8a55-b9e5d9b3106f | ITER: 9 END: OK
2019-07-20 09:45:02.690 26602 INFO rally.task.runner [-] Task b6918239-556c-427e-8a55-b9e5d9b3106f | ITER: 15 END: OK
2019-07-20 09:45:02.804 26583 INFO rally.task.runner [-] Task b6918239-556c-427e-8a55-b9e5d9b3106f | ITER: 7 END: OK
2019-07-20 09:45:02.849 26583 INFO rally.task.runner [-] Task b6918239-556c-427e-8a55-b9e5d9b3106f | ITER: 4 END: OK
2019-07-20 09:45:03.005 26606 INFO rally.task.runner [-] Task b6918239-556c-427e-8a55-b9e5d9b3106f | ITER: 16 END: OK
2019-07-20 09:45:03.032 22705 INFO rally.task.context [-] Task b6918239-556c-427e-8a55-b9e5d9b3106f | Context cleanup@openstack cleanup() started
2019-07-20 09:45:03.037 22705 RALLYDEBUG rally_openstack.cleanup.manager [-] Cleaning up neutron vip objects
2019-07-20 09:45:03.756 22705 RALLYDEBUG rally_openstack.cleanup.manager [-] Cleaning up neutron health_monitor objects
2019-07-20 09:45:04.384 22705 RALLYDEBUG rally_openstack.cleanup.manager [-] Cleaning up neutron pool objects
2019-07-20 09:45:05.084 22705 RALLYDEBUG rally_openstack.cleanup.manager [-] Cleaning up neutron loadbalancer objects
2019-07-20 09:45:05.812 22705 RALLYDEBUG rally_openstack.cleanup.manager [-] Cleaning up neutron floatingip objects
2019-07-20 09:45:06.469 22705 RALLYDEBUG rally_openstack.cleanup.manager [-] Cleaning up neutron port objects
2019-07-20 09:45:07.583 22705 RALLYDEBUG rally_openstack.cleanup.manager [-] Deleting neutron.port object s_rally_85c00629_UmKJCFcM (021d6e08-31c9-4163-985a-f83015426316)
2019-07-20 09:45:07.587 22705 RALLYDEBUG rally_openstack.cleanup.manager [-] Deleting neutron.port object s_rally_85c00629_sx3NXc4d (0391a4a3-375b-47e1-9336-5e9792a42913)
2019-07-20 09:45:07.590 22705 RALLYDEBUG rally_openstack.cleanup.manager [-] Deleting neutron.port object s_rally_85c00629_sK9ATT5h (0115a2dd-14e6-45fa-bed3-4f8896017ee8)
2019-07-20 09:45:07.598 22705 RALLYDEBUG rally_openstack.cleanup.manager [-] Deleting neutron.port object s_rally_85c00629_96apb7Hz (023e651b-ea14-4a83-92db-07f128348029)
2019-07-20 09:45:07.605 22705 RALLYDEBUG rally_openstack.cleanup.manager [-] Deleting neutron.port object s_rally_85c00629_sbalnZdJ (071c35c5-7974-4719-a8e9-8f4e133747ca)
2019-07-20 09:45:07.608 22705 RALLYDEBUG rally_openstack.cleanup.manager [-] Deleting neutron.port object s_rally_85c00629_VAgimTqJ (03c961e1-ce3a-4d30-aee6-05a10cdfc801)
2019-07-20 09:45:07.612 22705 RALLYDEBUG rally_openstack.cleanup.manager [-] Deleting neutron.port object s_rally_85c00629_hIVY3A5W (04e2b4c2-9dc8-4d06-b062-569ccf6c62b7)
2019-07-20 09:45:07.612 22705 RALLYDEBUG rally_openstack.cleanup.manager [-] Deleting neutron.port object s_rally_85c00629_ZLYk8BJn (01627257-649d-4e39-bd0f-18bf92f13822)
2019-07-20 09:45:07.620 22705 RALLYDEBUG rally_openstack.cleanup.manager [-] Deleting neutron.port object s_rally_85c00629_XNmqOE0h (09fcd830-39e8-4055-8808-1c30829288fe)
2019-07-20 09:45:07.628 22705 RALLYDEBUG rally_openstack.cleanup.manager [-] Deleting neutron.port object s_rally_85c00629_3Cs0XRfG (08826fb0-74f1-4a0a-af0d-17a7130a9eb5)
2019-07-20 09:45:07.638 22705 RALLYDEBUG rally_openstack.cleanup.manager [-] Deleting neutron.port object s_rally_85c00629_6DcXMcLD (0bbcc120-8920-4f00-a7bd-151cbb43c5c5)
2019-07-20 09:45:07.632 22705 RALLYDEBUG rally_openstack.cleanup.manager [-] Deleting neutron.port object s_rally_85c00629_ce9hAfAt (08ae1c2a-5b45-4ea6-9d34-73e8275f94b8)
2019-07-20 09:45:07.647 22705 RALLYDEBUG rally_openstack.cleanup.manager [-] Deleting neutron.port object s_rally_85c00629_CwxOcy92 (025ed7d6-59df-4838-a86d-76fe0fff2bdd)
2019-07-20 09:45:07.648 22705 RALLYDEBUG rally_openstack.cleanup.manager [-] Deleting neutron.port object s_rally_85c00629_ymD8TGzm (0c6c68e0-a6c9-4af8-a405-53cfbc6a590d)
2019-07-20 09:45:07.658 22705 RALLYDEBUG rally_openstack.cleanup.manager [-] Deleting neutron.port object s_rally_85c00629_R8LDrdb3 (0ca1d616-bd79-4c25-82bd-f0709b325aa2)
2019-07-20 09:45:07.677 22705 RALLYDEBUG rally_openstack.cleanup.manager [-] Deleting neutron.port object s_rally_85c00629_qR9oABcY (0e6f9799-1c45-4b68-a291-88ee4328cc5d)
2019-07-20 09:45:07.690 22705 RALLYDEBUG rally_openstack.cleanup.manager [-] Deleting neutron.port object s_rally_85c00629_e0YcZGsL (1239666f-2d2d-4888-aad4-ae09047b17fa)
2019-07-20 09:45:07.696 22705 RALLYDEBUG rally_openstack.cleanup.manager [-] Deleting neutron.port object s_rally_85c00629_J7ZLgx0X (11658293-d04e-4320-b06f-c58fc31f0db4)
2019-07-20 09:45:07.707 22705 RALLYDEBUG rally_openstack.cleanup.manager [-] Deleting neutron.port object s_rally_85c00629_C2kgISPX (14e48ef6-dda6-4d2a-94d0-fa85295484bf)
2019-07-20 09:45:07.725 22705 RALLYDEBUG rally_openstack.cleanup.manager [-] Deleting neutron.port object s_rally_85c00629_OzCM5L5i (1914c687-144e-4da5-8ea3-f36f36b3ea74)
2019-07-20 09:45:10.232 22705 RALLYDEBUG rally_openstack.cleanup.manager [-] Deleting neutron.port object s_rally_85c00629_1mOM9T8f (1a34189d-3f10-4ba2-a30a-2f1953c123d1)
2019-07-20 09:45:10.243 22705 RALLYDEBUG rally_openstack.cleanup.manager [-] Deleting neutron.port object s_rally_85c00629_UFi1rfBW (1e12021f-e767-48dc-a8a9-8f8ec90de57a)
2019-07-20 09:45:10.429 22705 RALLYDEBUG rally_openstack.cleanup.manager [-] Deleting neutron.port object s_rally_85c00629_cmgDFArn (1e9c8313-4b64-450a-9727-f9fca4961c6a)
2019-07-20 09:45:10.535 22705 RALLYDEBUG rally_openstack.cleanup.manager [-] Deleting neutron.port object s_rally_85c00629_D0riNIe8 (1efa1ab8-b312-4d51-a3a8-e4d486c98c88)
2019-07-20 09:45:11.845 22705 RALLYDEBUG rally_openstack.cleanup.manager [-] Deleting neutron.port object s_rally_85c00629_L6aAOVtw (2047777e-27a9-4e3b-8c4b-2b23d54da7db)
2019-07-20 09:45:12.221 22705 RALLYDEBUG rally_openstack.cleanup.manager [-] Deleting neutron.port object s_rally_85c00629_gsM9ax9Z (21380aa2-2b93-4599-9ed4-64c1a3c5fa47)
2019-07-20 09:45:12.730 22705 RALLYDEBUG rally_openstack.cleanup.manager [-] Deleting neutron.port object s_rally_85c00629_7Df3rPFQ (26bc5e30-5522-471b-a823-ff91df392a7a)
2019-07-20 09:45:12.766 22705 RALLYDEBUG rally_openstack.cleanup.manager [-] Deleting neutron.port object s_rally_85c00629_uMgKyWeq (26de7296-9c31-48e0-9001-138d0311f385)
2019-07-20 09:45:12.800 22705 RALLYDEBUG rally_openstack.cleanup.manager [-] Deleting neutron.port object s_rally_85c00629_D3Yjuyn5 (27538d65-f050-4fab-af69-2eabc926c4b4)
2019-07-20 09:45:12.830 22705 RALLYDEBUG rally_openstack.cleanup.manager [-] Deleting neutron.port object s_rally_85c00629_j8kd9hmT (27dc15af-b398-4192-a799-49f5018edfa4)
2019-07-20 09:45:12.877 22705 RALLYDEBUG rally_openstack.cleanup.manager [-] Deleting neutron.port object s_rally_85c00629_s3ljZORh (288e9b11-dd28-4ad4-aad1-5e7a724d52b0)
2019-07-20 09:45:12.985 22705 RALLYDEBUG rally_openstack.cleanup.manager [-] Deleting neutron.port object s_rally_85c00629_Z6FsWU3f (2a2efc16-6372-43f5-9a3c-ce3e0190e478)
2019-07-20 09:45:13.233 22705 RALLYDEBUG rally_openstack.cleanup.manager [-] Deleting neutron.port object s_rally_85c00629_NIRyIdDL (2b9457cc-ccd7-428e-a7f6-0937d844be25)
2019-07-20 09:45:13.377 22705 RALLYDEBUG rally_openstack.cleanup.manager [-] Deleting neutron.port object s_rally_85c00629_WwB20euk (2c9c8b9c-cb51-4fc8-9d6d-ea6320e93414)
2019-07-20 09:45:13.993 22705 RALLYDEBUG rally_openstack.cleanup.manager [-] Deleting neutron.port object s_rally_85c00629_diebD2xH (2d5cf3e5-b2cd-4c26-9aae-89c00798c0ef)
2019-07-20 09:45:14.040 22705 RALLYDEBUG rally_openstack.cleanup.manager [-] Deleting neutron.port object s_rally_85c00629_LkXMxgMX (2d8427b0-d6fd-4959-99de-c170f3d55628)
2019-07-20 09:45:14.065 22705 RALLYDEBUG rally_openstack.cleanup.manager [-] Deleting neutron.port object s_rally_85c00629_7KhdcBXC (2f29a019-dfb9-4e78-9ff3-644609bde0d4)
2019-07-20 09:45:14.097 22705 RALLYDEBUG rally_openstack.cleanup.manager [-] Deleting neutron.port object s_rally_85c00629_lBfTBaJ8 (2f6187ea-1655-4a75-b604-4033f9cf3303)
2019-07-20 09:45:14.302 22705 RALLYDEBUG rally_openstack.cleanup.manager [-] Deleting neutron.port object s_rally_85c00629_RRhjdXof (2f923732-81a7-4655-aaa9-93c446e70cae)
2019-07-20 09:45:14.317 22705 RALLYDEBUG rally_openstack.cleanup.manager [-] Deleting neutron.port object s_rally_85c00629_mpzfFCgL (35179806-e727-4bf1-9f73-0900a1de6976)
2019-07-20 09:45:14.448 22705 RALLYDEBUG rally_openstack.cleanup.manager [-] Deleting neutron.port object s_rally_85c00629_9tFJQJzQ (367b4f11-5459-4c69-85b6-b735e69eebbf)
2019-07-20 09:45:14.990 22705 RALLYDEBUG rally_openstack.cleanup.manager [-] Deleting neutron.port object s_rally_85c00629_yFeDSDlf (38a27281-1d30-4d21-bf49-62bfc8170a85)
2019-07-20 09:45:15.384 22705 RALLYDEBUG rally_openstack.cleanup.manager [-] Deleting neutron.port object s_rally_85c00629_WYg0oLEG (3991c468-0073-4f76-86e7-3fd5f9b85b22)
2019-07-20 09:45:15.549 22705 RALLYDEBUG rally_openstack.cleanup.manager [-] Deleting neutron.port object s_rally_85c00629_nBrTM9iQ (3a049f92-ffe4-4030-8708-7aa9c87dc54a)
2019-07-20 09:45:15.617 22705 RALLYDEBUG rally_openstack.cleanup.manager [-] Deleting neutron.port object s_rally_85c00629_9IuKkWe3 (3b9d3528-84c6-4a4b-af10-e10e0e2009b6)
2019-07-20 09:45:15.712 22705 RALLYDEBUG rally_openstack.cleanup.manager [-] Deleting neutron.port object s_rally_85c00629_naZoUpXB (3bce8c88-7610-4dd4-b6e1-d77d6681f043)
2019-07-20 09:45:15.755 22705 RALLYDEBUG rally_openstack.cleanup.manager [-] Deleting neutron.port object s_rally_85c00629_hyUz7p2P (3cbba835-e7fb-4567-88df-527e470367a4)
2019-07-20 09:45:16.166 22705 RALLYDEBUG rally_openstack.cleanup.manager [-] Deleting neutron.port object s_rally_85c00629_KFaIcBfM (3ed53c06-9efb-43cc-8962-5fe6a3fa1f11)
2019-07-20 09:45:16.176 22705 RALLYDEBUG rally_openstack.cleanup.manager [-] Deleting neutron.port object s_rally_85c00629_CNChUDGS (44d3c579-1d23-4e02-a46b-a3095096f0bc)
2019-07-20 09:45:16.481 22705 RALLYDEBUG rally_openstack.cleanup.manager [-] Deleting neutron.port object s_rally_85c00629_vfWMvErX (46be305a-b07c-4690-9d8d-16bc78ff06d8)
2019-07-20 09:45:16.511 22705 RALLYDEBUG rally_openstack.cleanup.manager [-] Deleting neutron.port object s_rally_85c00629_T1j71TQT (482fe807-043e-4402-839c-ce3f98ded583)
2019-07-20 09:45:16.519 22705 RALLYDEBUG rally_openstack.cleanup.manager [-] Deleting neutron.port object s_rally_85c00629_zGIgebrW (49285ec8-2869-4a25-8f93-99fa6af1c4a1)
2019-07-20 09:45:16.531 22705 RALLYDEBUG rally_openstack.cleanup.manager [-] Deleting neutron.port object s_rally_85c00629_EWwZPk7B (4ac93d72-fce0-42f8-bf51-fd8507a3eb3e)
2019-07-20 09:45:16.569 22705 RALLYDEBUG rally_openstack.cleanup.manager [-] Deleting neutron.port object s_rally_85c00629_uY9xDkIG (4cd770f0-77dc-4ac2-b97b-58bd398de6b3)
2019-07-20 09:45:16.583 22705 RALLYDEBUG rally_openstack.cleanup.manager [-] Deleting neutron.port object s_rally_85c00629_jbe9mhs8 (4e044cf7-3f29-435c-a0d2-0c2da61f55a5)
2019-07-20 09:45:16.794 22705 RALLYDEBUG rally_openstack.cleanup.manager [-] Deleting neutron.port object s_rally_85c00629_Z2MF8DSJ (4e1b38ff-417c-461c-871d-c12e5739688f)
2019-07-20 09:45:17.181 22705 RALLYDEBUG rally_openstack.cleanup.manager [-] Deleting neutron.port object s_rally_85c00629_NyD4298l (4efa7f3f-f2f4-4430-8c8a-d4c13f8a2ded)
2019-07-20 09:45:17.188 22705 RALLYDEBUG rally_openstack.cleanup.manager [-] Deleting neutron.port object s_rally_85c00629_lcCADbOG (53060a08-27ad-4413-8526-a9f62d0f7fe6)
2019-07-20 09:45:17.561 22705 RALLYDEBUG rally_openstack.cleanup.manager [-] Deleting neutron.port object s_rally_85c00629_nzeTbKWi (5306f0f3-0831-4700-9094-caf29c42a0f4)
2019-07-20 09:45:17.908 22705 RALLYDEBUG rally_openstack.cleanup.manager [-] Deleting neutron.port object s_rally_85c00629_54BzfQ0P (5341f4fd-fd04-4fbb-8da2-c3d8a7ec08bb)
2019-07-20 09:45:18.014 22705 RALLYDEBUG rally_openstack.cleanup.manager [-] Deleting neutron.port object s_rally_85c00629_6WaP6ZUl (53f501aa-bfcd-4435-a11e-389895c92426)
2019-07-20 09:45:18.126 22705 RALLYDEBUG rally_openstack.cleanup.manager [-] Deleting neutron.port object s_rally_85c00629_n703UkIi (5745d5e0-66b2-4823-92b8-5d2c72fee083)
2019-07-20 09:45:18.132 22705 RALLYDEBUG rally_openstack.cleanup.manager [-] Deleting neutron.port object s_rally_85c00629_NwGDVZZ4 (5bc2cfd2-7ccf-4550-9de0-9331bf01f572)
2019-07-20 09:45:18.170 22705 RALLYDEBUG rally_openstack.cleanup.manager [-] Deleting neutron.port object s_rally_85c00629_ZFUdzzNO (5bd5d748-deec-48b5-8ba5-4b95d66945e0)
2019-07-20 09:45:18.217 22705 RALLYDEBUG rally_openstack.cleanup.manager [-] Deleting neutron.port object s_rally_85c00629_JcrdVFSh (5c0cd625-bbb2-4453-a4bd-05680f9f01ca)
2019-07-20 09:45:18.239 22705 RALLYDEBUG rally_openstack.cleanup.manager [-] Deleting neutron.port object s_rally_85c00629_d9Hnd7uv (5ca93082-079e-463a-8473-94dff35db312)
2019-07-20 09:45:18.612 22705 RALLYDEBUG rally_openstack.cleanup.manager [-] Deleting neutron.port object s_rally_85c00629_zmUEEGPC (5cc3a45c-4811-488c-8572-84df3c447362)
