2019-07-20 09:24:12.023 22696 RALLYDEBUG rally.api [-] INFO logs from urllib3 and requests module are hide.
2019-07-20 09:24:12.023 22696 RALLYDEBUG rally.api [-] urllib3 insecure warnings are hidden.
2019-07-20 09:24:12.023 22696 RALLYDEBUG rally.api [-] ERROR log from boto module is hide.
2019-07-20 09:24:14.110 22698 RALLYDEBUG rally.api [-] INFO logs from urllib3 and requests module are hide.
2019-07-20 09:24:14.110 22698 RALLYDEBUG rally.api [-] urllib3 insecure warnings are hidden.
2019-07-20 09:24:14.110 22698 RALLYDEBUG rally.api [-] ERROR log from boto module is hide.
2019-07-20 09:24:15.266 22698 WARNING rally_openstack.platforms.existing [-] endpoint is deprecated and not used.
2019-07-20 09:24:16.379 22700 RALLYDEBUG rally.api [-] INFO logs from urllib3 and requests module are hide.
2019-07-20 09:24:16.380 22700 RALLYDEBUG rally.api [-] urllib3 insecure warnings are hidden.
2019-07-20 09:24:16.380 22700 RALLYDEBUG rally.api [-] ERROR log from boto module is hide.
2019-07-20 09:24:19.704 22703 RALLYDEBUG rally.api [-] INFO logs from urllib3 and requests module are hide.
2019-07-20 09:24:19.704 22703 RALLYDEBUG rally.api [-] urllib3 insecure warnings are hidden.
2019-07-20 09:24:19.705 22703 RALLYDEBUG rally.api [-] ERROR log from boto module is hide.
2019-07-20 09:24:21.607 22705 RALLYDEBUG rally.api [-] INFO logs from urllib3 and requests module are hide.
2019-07-20 09:24:21.607 22705 RALLYDEBUG rally.api [-] urllib3 insecure warnings are hidden.
2019-07-20 09:24:21.607 22705 RALLYDEBUG rally.api [-] ERROR log from boto module is hide.
2019-07-20 09:24:22.799 22705 INFO rally.common.plugin.discover [-] Loading plugins from directories /root/.rally/plugins/*
2019-07-20 09:24:22.799 22705 INFO rally.common.plugin.discover [-] Loaded module with plugins: /root/.rally/plugins/__init__.py
2019-07-20 09:24:22.802 22705 INFO rally.common.plugin.discover [-] Loaded module with plugins: /root/.rally/plugins/trunk_scenario.py
2019-07-20 09:24:22.954 22705 INFO rally.task.engine [-] Task b6918239-556c-427e-8a55-b9e5d9b3106f | Starting: Task validation.
2019-07-20 09:24:22.991 22705 INFO rally.task.engine [-] Task b6918239-556c-427e-8a55-b9e5d9b3106f | Starting: Task validation of syntax.
2019-07-20 09:24:23.146 22705 INFO rally.task.engine [-] Task b6918239-556c-427e-8a55-b9e5d9b3106f | Completed: Task validation of syntax.
2019-07-20 09:24:23.147 22705 INFO rally.task.engine [-] Task b6918239-556c-427e-8a55-b9e5d9b3106f | Starting: Task validation of required platforms.
2019-07-20 09:24:23.207 22705 INFO rally.task.engine [-] Task b6918239-556c-427e-8a55-b9e5d9b3106f | Completed: Task validation of required platforms.
2019-07-20 09:24:23.207 22705 INFO rally.task.engine [-] Task b6918239-556c-427e-8a55-b9e5d9b3106f | Starting: Task validation of semantic.
2019-07-20 09:24:23.208 22705 INFO rally.task.engine [-] Check health of the environment 'f4e267e5-7b32-4da9-9987-ffe79f805fbd'.
2019-07-20 09:24:24.042 22705 INFO rally.task.engine [-] Platform existing@openstack (available: True): OK!
2019-07-20 09:24:24.060 22705 RALLYDEBUG rally_openstack.contexts.keystone.users [-] Creating 1 tenants using 20 threads
2019-07-20 09:24:25.655 22705 RALLYDEBUG rally_openstack.contexts.keystone.users [-] Creating 1 users using 20 threads
2019-07-20 09:24:27.949 22705 INFO rally.task.context [-] Task b6918239-556c-427e-8a55-b9e5d9b3106f | Context users@openstack setup() finished in 3.89 sec
2019-07-20 09:24:34.126 22705 INFO rally.task.context [-] Task b6918239-556c-427e-8a55-b9e5d9b3106f | Context users@openstack cleanup() started
2019-07-20 09:24:38.711 22705 INFO rally.task.context [-] Task b6918239-556c-427e-8a55-b9e5d9b3106f | Context users@openstack cleanup() finished in 4.58 sec
2019-07-20 09:24:38.711 22705 INFO rally.task.engine [-] Task b6918239-556c-427e-8a55-b9e5d9b3106f | Completed: Task validation of semantic.
2019-07-20 09:24:38.712 22705 INFO rally.task.engine [-] Task b6918239-556c-427e-8a55-b9e5d9b3106f | Completed: Task validation.
2019-07-20 09:24:38.712 22705 INFO rally.api [-] Task b6918239-556c-427e-8a55-b9e5d9b3106f input file is valid.
2019-07-20 09:24:38.713 22705 INFO rally.api [-] Run Task b6918239-556c-427e-8a55-b9e5d9b3106f against Deployment f4e267e5-7b32-4da9-9987-ffe79f805fbd
2019-07-20 09:24:38.713 22705 INFO rally.task.engine [-] Task b6918239-556c-427e-8a55-b9e5d9b3106f | Starting: Running task.
2019-07-20 09:24:38.845 22705 INFO rally.task.engine [-] Running workload: position = 0 config = { "version": 2, "title": "A cropped version of a bigger task.", "description": "Auto-generated task from a single workload (uuid=75567fee-eb73-4bfc-9c1e-f5f08608e740)", "subtasks": [ { "title": "NeutronNetworks.create_and_list_networks", "description": "Check performance of list_networks action and ensure > network quotas are not exceeded", "scenario": { "NeutronNetworks.create_and_list_networks": {} }, "contexts": { "users": { "tenants": 1, "users_per_tenant": 1 }, "quotas": { "neutron": { "network": 119 } } }, "runner": { "constant": { "times": 100, "concurrency": 20 } }, "hooks": [], "sla": { "max_avg_duration_per_atomic": { "neutron.list_networks": 15 }, "failure_rate": { "max": 0 } } } ] }
2019-07-20 09:24:38.867 22705 RALLYDEBUG rally_openstack.contexts.keystone.users [-] Creating 1 tenants using 20 threads
2019-07-20 09:24:40.599 22705 RALLYDEBUG rally_openstack.contexts.keystone.users [-] Creating 1 users using 20 threads
2019-07-20 09:24:43.034 22705 INFO rally.task.context [-] Task b6918239-556c-427e-8a55-b9e5d9b3106f | Context users@openstack setup() finished in 4.17 sec
2019-07-20 09:24:43.769 22705 INFO rally.task.context [-] Task b6918239-556c-427e-8a55-b9e5d9b3106f | Context quotas@openstack setup() finished in 0.73 sec
2019-07-20 09:24:43.769 22705 INFO rally.task.context [-] Task b6918239-556c-427e-8a55-b9e5d9b3106f | Context cleanup@openstack setup() finished in 0.01 msec
2019-07-20 09:24:43.774 22705 RALLYDEBUG rally.task.runner [-] Starting the constant runner (task UUID: b6918239-556c-427e-8a55-b9e5d9b3106f). timeout: 0 concurrency: 20 concurrency_per_worker: 1 times: 100 concurrency_overhead: 4 processes_to_start: 16 max_cpu_used: 16
2019-07-20 09:24:43.785 22829 RALLYDEBUG rally.task.runner [-] Starting a worker. concurrency: 2 args: {} times: 100 method_name: run timeout: 0 duration: None cls:
2019-07-20 09:24:43.785 22830 RALLYDEBUG rally.task.runner [-] Starting a worker. concurrency: 2 args: {} times: 100 method_name: run timeout: 0 duration: None cls:
2019-07-20 09:24:43.788 22831 RALLYDEBUG rally.task.runner [-] Starting a worker. concurrency: 2 args: {} times: 100 method_name: run timeout: 0 duration: None cls:
2019-07-20 09:24:43.789 22832 RALLYDEBUG rally.task.runner [-] Starting a worker. concurrency: 2 args: {} times: 100 method_name: run timeout: 0 duration: None cls:
2019-07-20 09:24:43.792 22830 INFO rally.task.runner [-] Task b6918239-556c-427e-8a55-b9e5d9b3106f | ITER: 2 START
2019-07-20 09:24:43.791 22834 RALLYDEBUG rally.task.runner [-] Starting a worker. concurrency: 1 args: {} times: 100 method_name: run timeout: 0 duration: None cls:
2019-07-20 09:24:43.791 22833 RALLYDEBUG rally.task.runner [-] Starting a worker. concurrency: 1 args: {} times: 100 method_name: run timeout: 0 duration: None cls:
2019-07-20 09:24:43.794 22829 INFO rally.task.runner [-] Task b6918239-556c-427e-8a55-b9e5d9b3106f | ITER: 1 START
2019-07-20 09:24:43.797 22831 INFO rally.task.runner [-] Task b6918239-556c-427e-8a55-b9e5d9b3106f | ITER: 4 START
2019-07-20 09:24:43.794 22832 INFO rally.task.runner [-] Task b6918239-556c-427e-8a55-b9e5d9b3106f | ITER: 6 START
2019-07-20 09:24:43.797 22833 INFO rally.task.runner [-] Task b6918239-556c-427e-8a55-b9e5d9b3106f | ITER: 9 START
2019-07-20 09:24:43.797 22838 RALLYDEBUG rally.task.runner [-] Starting a worker. concurrency: 1 args: {} times: 100 method_name: run timeout: 0 duration: None cls:
2019-07-20 09:24:43.798 22830 INFO rally.task.runner [-] Task b6918239-556c-427e-8a55-b9e5d9b3106f | ITER: 5 START
2019-07-20 09:24:43.795 22829 INFO rally.task.runner [-] Task b6918239-556c-427e-8a55-b9e5d9b3106f | ITER: 3 START
2019-07-20 09:24:43.799 22834 INFO rally.task.runner [-] Task b6918239-556c-427e-8a55-b9e5d9b3106f | ITER: 8 START
2019-07-20 09:24:43.801 22838 INFO rally.task.runner [-] Task b6918239-556c-427e-8a55-b9e5d9b3106f | ITER: 11 START
2019-07-20 09:24:43.797 22832 INFO rally.task.runner [-] Task b6918239-556c-427e-8a55-b9e5d9b3106f | ITER: 10 START
2019-07-20 09:24:43.802 22831 INFO rally.task.runner [-] Task b6918239-556c-427e-8a55-b9e5d9b3106f | ITER: 7 START
2019-07-20 09:24:43.805 22852 RALLYDEBUG rally.task.runner [-] Starting a worker. concurrency: 1 args: {} times: 100 method_name: run timeout: 0 duration: None cls:
2019-07-20 09:24:43.807 22855 RALLYDEBUG rally.task.runner [-] Starting a worker. concurrency: 1 args: {} times: 100 method_name: run timeout: 0 duration: None cls:
2019-07-20 09:24:43.811 22852 INFO rally.task.runner [-] Task b6918239-556c-427e-8a55-b9e5d9b3106f | ITER: 12 START
2019-07-20 09:24:43.811 22855 INFO rally.task.runner [-] Task b6918239-556c-427e-8a55-b9e5d9b3106f | ITER: 13 START
2019-07-20 09:24:43.814 22857 RALLYDEBUG rally.task.runner [-] Starting a worker. concurrency: 1 args: {} times: 100 method_name: run timeout: 0 duration: None cls:
2019-07-20 09:24:43.818 22861 RALLYDEBUG rally.task.runner [-] Starting a worker. concurrency: 1 args: {} times: 100 method_name: run timeout: 0 duration: None cls:
2019-07-20 09:24:43.823 22861 INFO rally.task.runner [-] Task b6918239-556c-427e-8a55-b9e5d9b3106f | ITER: 15 START
2019-07-20 09:24:43.826 22863 RALLYDEBUG rally.task.runner [-] Starting a worker. concurrency: 1 args: {} times: 100 method_name: run timeout: 0 duration: None cls:
2019-07-20 09:24:43.828 22868 RALLYDEBUG rally.task.runner [-] Starting a worker. concurrency: 1 args: {} times: 100 method_name: run timeout: 0 duration: None cls:
2019-07-20 09:24:43.829 22857 INFO rally.task.runner [-] Task b6918239-556c-427e-8a55-b9e5d9b3106f | ITER: 14 START
2019-07-20 09:24:43.832 22867 RALLYDEBUG rally.task.runner [-] Starting a worker. concurrency: 1 args: {} times: 100 method_name: run timeout: 0 duration: None cls:
2019-07-20 09:24:43.833 22869 RALLYDEBUG rally.task.runner [-] Starting a worker. concurrency: 1 args: {} times: 100 method_name: run timeout: 0 duration: None cls:
2019-07-20 09:24:43.835 22868 INFO rally.task.runner [-] Task b6918239-556c-427e-8a55-b9e5d9b3106f | ITER: 17 START
2019-07-20 09:24:43.835 22863 INFO rally.task.runner [-] Task b6918239-556c-427e-8a55-b9e5d9b3106f | ITER: 16 START
2019-07-20 09:24:43.835 22870 RALLYDEBUG rally.task.runner [-] Starting a worker. concurrency: 1 args: {} times: 100 method_name: run timeout: 0 duration: None cls:
2019-07-20 09:24:43.839 22867 INFO rally.task.runner [-] Task b6918239-556c-427e-8a55-b9e5d9b3106f | ITER: 18 START
2019-07-20 09:24:43.839 22869 INFO rally.task.runner [-] Task b6918239-556c-427e-8a55-b9e5d9b3106f | ITER: 19 START
2019-07-20 09:24:43.844 22870 INFO rally.task.runner [-] Task b6918239-556c-427e-8a55-b9e5d9b3106f | ITER: 20 START
2019-07-20 09:24:45.040 22852 INFO rally.task.runner [-] Task b6918239-556c-427e-8a55-b9e5d9b3106f | ITER: 12 END: OK
2019-07-20 09:24:45.044 22852 INFO rally.task.runner [-] Task b6918239-556c-427e-8a55-b9e5d9b3106f | ITER: 21 START
2019-07-20 09:24:45.072 22855 INFO rally.task.runner [-] Task b6918239-556c-427e-8a55-b9e5d9b3106f | ITER: 13 END: OK
2019-07-20 09:24:45.076 22855 INFO rally.task.runner [-] Task b6918239-556c-427e-8a55-b9e5d9b3106f | ITER: 22 START
2019-07-20 09:24:45.183 22831 INFO rally.task.runner [-] Task b6918239-556c-427e-8a55-b9e5d9b3106f | ITER: 4 END: OK
2019-07-20 09:24:45.184 22832 INFO rally.task.runner [-] Task b6918239-556c-427e-8a55-b9e5d9b3106f | ITER: 6 END: OK
2019-07-20 09:24:45.186 22831 INFO rally.task.runner [-] Task b6918239-556c-427e-8a55-b9e5d9b3106f | ITER: 23 START
2019-07-20 09:24:45.188 22832 INFO rally.task.runner [-] Task b6918239-556c-427e-8a55-b9e5d9b3106f | ITER: 24 START
2019-07-20 09:24:45.537 22861 INFO rally.task.runner [-] Task b6918239-556c-427e-8a55-b9e5d9b3106f | ITER: 15 END: OK
2019-07-20 09:24:45.541 22861 INFO rally.task.runner [-] Task b6918239-556c-427e-8a55-b9e5d9b3106f | ITER: 25 START
2019-07-20 09:24:45.897 22838 INFO rally.task.runner [-] Task b6918239-556c-427e-8a55-b9e5d9b3106f | ITER: 11 END: OK
2019-07-20 09:24:45.901 22838 INFO rally.task.runner [-] Task b6918239-556c-427e-8a55-b9e5d9b3106f | ITER: 26 START
2019-07-20 09:24:45.939 22830 INFO rally.task.runner [-] Task b6918239-556c-427e-8a55-b9e5d9b3106f | ITER: 5 END: OK
2019-07-20 09:24:45.943 22830 INFO rally.task.runner [-] Task b6918239-556c-427e-8a55-b9e5d9b3106f | ITER: 27 START
2019-07-20 09:24:45.951 22829 INFO rally.task.runner [-] Task b6918239-556c-427e-8a55-b9e5d9b3106f | ITER: 1 END: OK
2019-07-20 09:24:45.954 22829 INFO rally.task.runner [-] Task b6918239-556c-427e-8a55-b9e5d9b3106f | ITER: 28 START
2019-07-20 09:24:46.167 22832 INFO rally.task.runner [-] Task b6918239-556c-427e-8a55-b9e5d9b3106f | ITER: 10 END: OK
2019-07-20 09:24:46.170 22832 INFO rally.task.runner [-] Task b6918239-556c-427e-8a55-b9e5d9b3106f | ITER: 29 START
2019-07-20 09:24:46.264 22831 INFO rally.task.runner [-] Task b6918239-556c-427e-8a55-b9e5d9b3106f | ITER: 7 END: OK
2019-07-20 09:24:46.267 22831 INFO rally.task.runner [-] Task b6918239-556c-427e-8a55-b9e5d9b3106f | ITER: 30 START
2019-07-20 09:24:46.300 22834 INFO rally.task.runner [-] Task b6918239-556c-427e-8a55-b9e5d9b3106f | ITER: 8 END: OK
2019-07-20 09:24:46.304 22834 INFO rally.task.runner [-] Task b6918239-556c-427e-8a55-b9e5d9b3106f | ITER: 31 START
2019-07-20 09:24:46.384 22833 INFO rally.task.runner [-] Task b6918239-556c-427e-8a55-b9e5d9b3106f | ITER: 9 END: OK
2019-07-20 09:24:46.388 22833 INFO rally.task.runner [-] Task b6918239-556c-427e-8a55-b9e5d9b3106f | ITER: 32 START
2019-07-20 09:24:46.964 22829 INFO rally.task.runner [-] Task b6918239-556c-427e-8a55-b9e5d9b3106f | ITER: 3 END: OK
2019-07-20 09:24:46.967 22829 INFO rally.task.runner [-] Task b6918239-556c-427e-8a55-b9e5d9b3106f | ITER: 33 START
2019-07-20 09:24:47.013 22830 INFO rally.task.runner [-] Task b6918239-556c-427e-8a55-b9e5d9b3106f | ITER: 2 END: OK
2019-07-20 09:24:47.017 22830 INFO rally.task.runner [-] Task b6918239-556c-427e-8a55-b9e5d9b3106f | ITER: 34 START
2019-07-20 09:24:47.203 22868 INFO rally.task.runner [-] Task b6918239-556c-427e-8a55-b9e5d9b3106f | ITER: 17 END: OK
2019-07-20 09:24:47.208 22868 INFO rally.task.runner [-] Task b6918239-556c-427e-8a55-b9e5d9b3106f | ITER: 35 START
2019-07-20 09:24:47.503 22857 INFO rally.task.runner [-] Task b6918239-556c-427e-8a55-b9e5d9b3106f | ITER: 14 END: OK
2019-07-20 09:24:47.507 22857 INFO rally.task.runner [-] Task b6918239-556c-427e-8a55-b9e5d9b3106f | ITER: 36 START
2019-07-20 09:24:47.521 22870 INFO rally.task.runner [-] Task b6918239-556c-427e-8a55-b9e5d9b3106f | ITER: 20 END: OK
2019-07-20 09:24:47.525 22870 INFO rally.task.runner [-] Task b6918239-556c-427e-8a55-b9e5d9b3106f | ITER: 37 START
2019-07-20 09:24:47.745 22863 INFO rally.task.runner [-] Task b6918239-556c-427e-8a55-b9e5d9b3106f | ITER: 16 END: OK
2019-07-20 09:24:47.748 22863 INFO rally.task.runner [-] Task b6918239-556c-427e-8a55-b9e5d9b3106f | ITER: 38 START
2019-07-20 09:24:48.077 22869 INFO rally.task.runner [-] Task b6918239-556c-427e-8a55-b9e5d9b3106f | ITER: 19 END: OK
2019-07-20 09:24:48.080 22869 INFO rally.task.runner [-] Task b6918239-556c-427e-8a55-b9e5d9b3106f | ITER: 39 START
2019-07-20 09:24:48.198 22855 INFO rally.task.runner [-] Task b6918239-556c-427e-8a55-b9e5d9b3106f | ITER: 22 END: OK
2019-07-20 09:24:48.201 22855 INFO rally.task.runner [-] Task b6918239-556c-427e-8a55-b9e5d9b3106f | ITER: 40 START
2019-07-20 09:24:48.672 22867 INFO rally.task.runner [-] Task b6918239-556c-427e-8a55-b9e5d9b3106f | ITER: 18 END: OK
2019-07-20 09:24:48.674 22867 INFO rally.task.runner [-] Task b6918239-556c-427e-8a55-b9e5d9b3106f | ITER: 41 START
2019-07-20 09:24:48.956 22838 INFO rally.task.runner [-] Task b6918239-556c-427e-8a55-b9e5d9b3106f | ITER: 26 END: OK
2019-07-20 09:24:48.959 22838 INFO rally.task.runner [-] Task b6918239-556c-427e-8a55-b9e5d9b3106f | ITER: 42 START
2019-07-20 09:24:48.990 22829 INFO rally.task.runner [-] Task b6918239-556c-427e-8a55-b9e5d9b3106f | ITER: 28 END: OK
2019-07-20 09:24:48.994 22829 INFO rally.task.runner [-] Task b6918239-556c-427e-8a55-b9e5d9b3106f | ITER: 43 START
2019-07-20 09:24:48.997 22831 INFO rally.task.runner [-] Task b6918239-556c-427e-8a55-b9e5d9b3106f | ITER: 23 END: OK
2019-07-20 09:24:48.999 22831 INFO rally.task.runner [-] Task b6918239-556c-427e-8a55-b9e5d9b3106f | ITER: 44 START
2019-07-20 09:24:49.038 22852 INFO rally.task.runner [-] Task b6918239-556c-427e-8a55-b9e5d9b3106f | ITER: 21 END: OK
2019-07-20 09:24:49.040 22852 INFO rally.task.runner [-] Task b6918239-556c-427e-8a55-b9e5d9b3106f | ITER: 45 START
2019-07-20 09:24:49.283 22861 INFO rally.task.runner [-] Task b6918239-556c-427e-8a55-b9e5d9b3106f | ITER: 25 END: OK
2019-07-20 09:24:49.286 22861 INFO rally.task.runner [-] Task b6918239-556c-427e-8a55-b9e5d9b3106f | ITER: 46 START
2019-07-20 09:24:49.295 22832 INFO rally.task.runner [-] Task b6918239-556c-427e-8a55-b9e5d9b3106f | ITER: 24 END: OK
2019-07-20 09:24:49.298 22832 INFO rally.task.runner [-] Task b6918239-556c-427e-8a55-b9e5d9b3106f | ITER: 47 START
2019-07-20 09:24:49.531 22831 INFO rally.task.runner [-] Task b6918239-556c-427e-8a55-b9e5d9b3106f | ITER: 30 END: OK
2019-07-20 09:24:49.534 22831 INFO rally.task.runner [-] Task b6918239-556c-427e-8a55-b9e5d9b3106f | ITER: 48 START
2019-07-20 09:24:49.684 22830 INFO rally.task.runner [-] Task b6918239-556c-427e-8a55-b9e5d9b3106f | ITER: 27 END: OK
2019-07-20 09:24:49.687 22830 INFO rally.task.runner [-] Task b6918239-556c-427e-8a55-b9e5d9b3106f | ITER: 49 START
2019-07-20 09:24:49.824 22832 INFO rally.task.runner [-] Task b6918239-556c-427e-8a55-b9e5d9b3106f | ITER: 29 END: OK
2019-07-20 09:24:49.827 22832 INFO rally.task.runner [-] Task b6918239-556c-427e-8a55-b9e5d9b3106f | ITER: 50 START
2019-07-20 09:24:50.052 22834 INFO rally.task.runner [-] Task b6918239-556c-427e-8a55-b9e5d9b3106f | ITER: 31 END: OK
2019-07-20 09:24:50.055 22834 INFO rally.task.runner [-] Task b6918239-556c-427e-8a55-b9e5d9b3106f | ITER: 51 START
2019-07-20 09:24:50.149 22855 INFO rally.task.runner [-] Task b6918239-556c-427e-8a55-b9e5d9b3106f | ITER: 40 END: OK
2019-07-20 09:24:50.151 22855 INFO rally.task.runner [-] Task b6918239-556c-427e-8a55-b9e5d9b3106f | ITER: 52 START
2019-07-20 09:24:50.417 22863 INFO rally.task.runner [-] Task b6918239-556c-427e-8a55-b9e5d9b3106f | ITER: 38 END: OK
2019-07-20 09:24:50.420 22863 INFO rally.task.runner [-] Task b6918239-556c-427e-8a55-b9e5d9b3106f | ITER: 53 START
2019-07-20 09:24:50.549 22829 INFO rally.task.runner [-] Task b6918239-556c-427e-8a55-b9e5d9b3106f | ITER: 33 END: OK
2019-07-20 09:24:50.552 22829 INFO rally.task.runner [-] Task b6918239-556c-427e-8a55-b9e5d9b3106f | ITER: 54 START
2019-07-20 09:24:50.712 22867 INFO rally.task.runner [-] Task b6918239-556c-427e-8a55-b9e5d9b3106f | ITER: 41 END: OK
2019-07-20 09:24:50.715 22867 INFO rally.task.runner [-] Task b6918239-556c-427e-8a55-b9e5d9b3106f | ITER: 55 START
2019-07-20 09:24:50.800 22870 INFO rally.task.runner [-] Task b6918239-556c-427e-8a55-b9e5d9b3106f | ITER: 37 END: OK
2019-07-20 09:24:50.804 22870 INFO rally.task.runner [-] Task b6918239-556c-427e-8a55-b9e5d9b3106f | ITER: 56 START
2019-07-20 09:24:50.920 22868 INFO rally.task.runner [-] Task b6918239-556c-427e-8a55-b9e5d9b3106f | ITER: 35 END: OK
2019-07-20 09:24:50.923 22868 INFO rally.task.runner [-] Task b6918239-556c-427e-8a55-b9e5d9b3106f | ITER: 57 START
2019-07-20 09:24:50.927 22833 INFO rally.task.runner [-] Task b6918239-556c-427e-8a55-b9e5d9b3106f | ITER: 32 END: OK
2019-07-20 09:24:50.930 22833 INFO rally.task.runner [-] Task b6918239-556c-427e-8a55-b9e5d9b3106f | ITER: 58 START
2019-07-20 09:24:50.945 22830 INFO rally.task.runner [-] Task b6918239-556c-427e-8a55-b9e5d9b3106f | ITER: 34 END: OK
2019-07-20 09:24:50.948 22830 INFO rally.task.runner [-] Task b6918239-556c-427e-8a55-b9e5d9b3106f | ITER: 59 START
2019-07-20 09:24:51.056 22832 INFO rally.task.runner [-] Task b6918239-556c-427e-8a55-b9e5d9b3106f | ITER: 47 END: OK
2019-07-20 09:24:51.059 22832 INFO rally.task.runner [-] Task b6918239-556c-427e-8a55-b9e5d9b3106f | ITER: 60 START
2019-07-20 09:24:51.067 22852 INFO rally.task.runner [-] Task b6918239-556c-427e-8a55-b9e5d9b3106f | ITER: 45 END: OK
2019-07-20 09:24:51.069 22852 INFO rally.task.runner [-] Task b6918239-556c-427e-8a55-b9e5d9b3106f | ITER: 61 START
2019-07-20 09:24:51.136 22869 INFO rally.task.runner [-] Task b6918239-556c-427e-8a55-b9e5d9b3106f | ITER: 39 END: OK
2019-07-20 09:24:51.140 22869 INFO rally.task.runner [-] Task b6918239-556c-427e-8a55-b9e5d9b3106f | ITER: 62 START
2019-07-20 09:24:51.387 22830 INFO rally.task.runner [-] Task b6918239-556c-427e-8a55-b9e5d9b3106f | ITER: 49 END: OK
2019-07-20 09:24:51.390 22830 INFO rally.task.runner [-] Task b6918239-556c-427e-8a55-b9e5d9b3106f | ITER: 63 START
2019-07-20 09:24:51.501 22829 INFO rally.task.runner [-] Task b6918239-556c-427e-8a55-b9e5d9b3106f | ITER: 43 END: OK
2019-07-20 09:24:51.504 22829 INFO rally.task.runner [-] Task b6918239-556c-427e-8a55-b9e5d9b3106f | ITER: 64 START
2019-07-20 09:24:51.547 22857 INFO rally.task.runner [-] Task b6918239-556c-427e-8a55-b9e5d9b3106f | ITER: 36 END: OK
2019-07-20 09:24:51.550 22857 INFO rally.task.runner [-] Task b6918239-556c-427e-8a55-b9e5d9b3106f | ITER: 65 START
2019-07-20 09:24:51.564 22831 INFO rally.task.runner [-] Task b6918239-556c-427e-8a55-b9e5d9b3106f | ITER: 48 END: OK
2019-07-20 09:24:51.567 22831 INFO rally.task.runner [-] Task b6918239-556c-427e-8a55-b9e5d9b3106f | ITER: 66 START
2019-07-20 09:24:51.707 22834 INFO rally.task.runner [-] Task b6918239-556c-427e-8a55-b9e5d9b3106f | ITER: 51 END: OK
2019-07-20 09:24:51.710 22834 INFO rally.task.runner [-] Task b6918239-556c-427e-8a55-b9e5d9b3106f | ITER: 67 START
2019-07-20 09:24:51.753 22832 INFO rally.task.runner [-] Task b6918239-556c-427e-8a55-b9e5d9b3106f | ITER: 50 END: OK
2019-07-20 09:24:51.756 22832 INFO rally.task.runner [-] Task b6918239-556c-427e-8a55-b9e5d9b3106f | ITER: 68 START
2019-07-20 09:24:51.781 22838 INFO rally.task.runner [-] Task b6918239-556c-427e-8a55-b9e5d9b3106f | ITER: 42 END: OK
2019-07-20 09:24:51.783 22838 INFO rally.task.runner [-] Task b6918239-556c-427e-8a55-b9e5d9b3106f | ITER: 69 START
2019-07-20 09:24:51.932 22855 INFO rally.task.runner [-] Task b6918239-556c-427e-8a55-b9e5d9b3106f | ITER: 52 END: OK
2019-07-20 09:24:51.935 22855 INFO rally.task.runner [-] Task b6918239-556c-427e-8a55-b9e5d9b3106f | ITER: 70 START
2019-07-20 09:24:52.125 22831 INFO rally.task.runner [-] Task b6918239-556c-427e-8a55-b9e5d9b3106f | ITER: 44 END: OK
2019-07-20 09:24:52.128 22831 INFO rally.task.runner [-] Task b6918239-556c-427e-8a55-b9e5d9b3106f | ITER: 71 START
2019-07-20 09:24:52.394 22861 INFO rally.task.runner [-] Task b6918239-556c-427e-8a55-b9e5d9b3106f | ITER: 46 END: OK
2019-07-20 09:24:52.397 22861 INFO rally.task.runner [-] Task b6918239-556c-427e-8a55-b9e5d9b3106f | ITER: 72 START
2019-07-20 09:24:52.940 22863 INFO rally.task.runner [-] Task b6918239-556c-427e-8a55-b9e5d9b3106f | ITER: 53 END: OK
2019-07-20 09:24:52.943 22863 INFO rally.task.runner [-] Task b6918239-556c-427e-8a55-b9e5d9b3106f | ITER: 73 START
2019-07-20 09:24:53.457 22829 INFO rally.task.runner [-] Task b6918239-556c-427e-8a55-b9e5d9b3106f | ITER: 54 END: OK
2019-07-20 09:24:53.460 22829 INFO rally.task.runner [-] Task b6918239-556c-427e-8a55-b9e5d9b3106f | ITER: 74 START
2019-07-20 09:24:53.789 22868 INFO rally.task.runner [-] Task b6918239-556c-427e-8a55-b9e5d9b3106f | ITER: 57 END: OK
2019-07-20 09:24:53.793 22868 INFO rally.task.runner [-] Task b6918239-556c-427e-8a55-b9e5d9b3106f | ITER: 75 START
2019-07-20 09:24:53.846 22830 INFO rally.task.runner [-] Task b6918239-556c-427e-8a55-b9e5d9b3106f | ITER: 59 END: OK
2019-07-20 09:24:53.850 22830 INFO rally.task.runner [-] Task b6918239-556c-427e-8a55-b9e5d9b3106f | ITER: 76 START
2019-07-20 09:24:53.916 22832 INFO rally.task.runner [-] Task b6918239-556c-427e-8a55-b9e5d9b3106f | ITER: 60 END: OK
2019-07-20 09:24:53.919 22832 INFO rally.task.runner [-] Task b6918239-556c-427e-8a55-b9e5d9b3106f | ITER: 77 START
2019-07-20 09:24:53.943 22867 INFO rally.task.runner [-] Task b6918239-556c-427e-8a55-b9e5d9b3106f | ITER: 55 END: OK
2019-07-20 09:24:53.946 22867 INFO rally.task.runner [-] Task b6918239-556c-427e-8a55-b9e5d9b3106f | ITER: 78 START
2019-07-20 09:24:54.009 22870 INFO rally.task.runner [-] Task b6918239-556c-427e-8a55-b9e5d9b3106f | ITER: 56 END: OK
2019-07-20 09:24:54.013 22870 INFO rally.task.runner [-] Task b6918239-556c-427e-8a55-b9e5d9b3106f | ITER: 79 START
2019-07-20 09:24:54.017 22833 INFO rally.task.runner [-] Task b6918239-556c-427e-8a55-b9e5d9b3106f | ITER: 58 END: OK
2019-07-20 09:24:54.020 22833 INFO rally.task.runner [-] Task b6918239-556c-427e-8a55-b9e5d9b3106f | ITER: 80 START
2019-07-20 09:24:54.161 22838 INFO rally.task.runner [-] Task b6918239-556c-427e-8a55-b9e5d9b3106f | ITER: 69 END: OK
2019-07-20 09:24:54.164 22838 INFO rally.task.runner [-] Task b6918239-556c-427e-8a55-b9e5d9b3106f | ITER: 81 START
2019-07-20 09:24:54.242 22869 INFO rally.task.runner [-] Task b6918239-556c-427e-8a55-b9e5d9b3106f | ITER: 62 END: OK
2019-07-20 09:24:54.245 22869 INFO rally.task.runner [-] Task b6918239-556c-427e-8a55-b9e5d9b3106f | ITER: 82 START
2019-07-20 09:24:54.253 22852 INFO rally.task.runner [-] Task b6918239-556c-427e-8a55-b9e5d9b3106f | ITER: 61 END: OK
2019-07-20 09:24:54.257 22852 INFO rally.task.runner [-] Task b6918239-556c-427e-8a55-b9e5d9b3106f | ITER: 83 START
2019-07-20 09:24:54.267 22830 INFO rally.task.runner [-] Task b6918239-556c-427e-8a55-b9e5d9b3106f | ITER: 63 END: OK
2019-07-20 09:24:54.270 22830 INFO rally.task.runner [-] Task b6918239-556c-427e-8a55-b9e5d9b3106f | ITER: 84 START
2019-07-20 09:24:54.282 22829 INFO rally.task.runner [-] Task b6918239-556c-427e-8a55-b9e5d9b3106f | ITER: 64 END: OK
2019-07-20 09:24:54.282 22855 INFO rally.task.runner [-] Task b6918239-556c-427e-8a55-b9e5d9b3106f | ITER: 70 END: OK
2019-07-20 09:24:54.285 22829 INFO rally.task.runner [-] Task b6918239-556c-427e-8a55-b9e5d9b3106f | ITER: 85 START
2019-07-20 09:24:54.285 22855 INFO rally.task.runner [-] Task b6918239-556c-427e-8a55-b9e5d9b3106f | ITER: 86 START
2019-07-20 09:24:54.344 22831 INFO rally.task.runner [-] Task b6918239-556c-427e-8a55-b9e5d9b3106f | ITER: 71 END: OK
2019-07-20 09:24:54.347 22831 INFO rally.task.runner [-] Task b6918239-556c-427e-8a55-b9e5d9b3106f | ITER: 87 START
2019-07-20 09:24:54.554 22831 INFO rally.task.runner [-] Task b6918239-556c-427e-8a55-b9e5d9b3106f | ITER: 66 END: OK
2019-07-20 09:24:54.558 22831 INFO rally.task.runner [-] Task b6918239-556c-427e-8a55-b9e5d9b3106f | ITER: 88 START
2019-07-20 09:24:54.674 22857 INFO rally.task.runner [-] Task b6918239-556c-427e-8a55-b9e5d9b3106f | ITER: 65 END: OK
2019-07-20 09:24:54.677 22857 INFO rally.task.runner [-] Task b6918239-556c-427e-8a55-b9e5d9b3106f | ITER: 89 START
2019-07-20 09:24:54.783 22863 INFO rally.task.runner [-] Task b6918239-556c-427e-8a55-b9e5d9b3106f | ITER: 73 END: OK
2019-07-20 09:24:54.787 22863 INFO rally.task.runner [-] Task b6918239-556c-427e-8a55-b9e5d9b3106f | ITER: 90 START
2019-07-20 09:24:54.812 22861 INFO rally.task.runner [-] Task b6918239-556c-427e-8a55-b9e5d9b3106f | ITER: 72 END: OK
2019-07-20 09:24:54.815 22861 INFO rally.task.runner [-] Task b6918239-556c-427e-8a55-b9e5d9b3106f | ITER: 91 START
2019-07-20 09:24:54.870 22832 INFO rally.task.runner [-] Task b6918239-556c-427e-8a55-b9e5d9b3106f | ITER: 68 END: OK
2019-07-20 09:24:54.873 22832 INFO rally.task.runner [-] Task b6918239-556c-427e-8a55-b9e5d9b3106f | ITER: 92 START
2019-07-20 09:24:55.042 22834 INFO rally.task.runner [-] Task b6918239-556c-427e-8a55-b9e5d9b3106f | ITER: 67 END: OK
2019-07-20 09:24:55.045 22834 INFO rally.task.runner [-] Task b6918239-556c-427e-8a55-b9e5d9b3106f | ITER: 93 START
2019-07-20 09:24:55.139 22829 INFO rally.task.runner [-] Task b6918239-556c-427e-8a55-b9e5d9b3106f | ITER: 74 END: OK
2019-07-20 09:24:55.143 22829 INFO rally.task.runner [-] Task b6918239-556c-427e-8a55-b9e5d9b3106f | ITER: 94 START
2019-07-20 09:24:56.231 22830 INFO rally.task.runner [-] Task b6918239-556c-427e-8a55-b9e5d9b3106f | ITER: 76 END: OK
2019-07-20 09:24:56.234 22830 INFO rally.task.runner [-] Task b6918239-556c-427e-8a55-b9e5d9b3106f | ITER: 95 START
2019-07-20 09:24:56.290 22832 INFO rally.task.runner [-] Task b6918239-556c-427e-8a55-b9e5d9b3106f | ITER: 77 END: OK
2019-07-20 09:24:56.293 22832 INFO rally.task.runner [-] Task b6918239-556c-427e-8a55-b9e5d9b3106f | ITER: 96 START
2019-07-20 09:24:56.399 22868 INFO rally.task.runner [-] Task b6918239-556c-427e-8a55-b9e5d9b3106f | ITER: 75 END: OK
2019-07-20 09:24:56.402 22868 INFO rally.task.runner [-] Task b6918239-556c-427e-8a55-b9e5d9b3106f | ITER: 97 START
2019-07-20 09:24:56.456 22867 INFO rally.task.runner [-] Task b6918239-556c-427e-8a55-b9e5d9b3106f | ITER: 78 END: OK
2019-07-20 09:24:56.459 22867 INFO rally.task.runner [-] Task b6918239-556c-427e-8a55-b9e5d9b3106f | ITER: 98 START
2019-07-20 09:24:56.472 22838 INFO rally.task.runner [-] Task b6918239-556c-427e-8a55-b9e5d9b3106f | ITER: 81 END: OK
2019-07-20 09:24:56.475 22838 INFO rally.task.runner [-] Task b6918239-556c-427e-8a55-b9e5d9b3106f | ITER: 99 START
2019-07-20 09:24:56.483 22833 INFO rally.task.runner [-] Task b6918239-556c-427e-8a55-b9e5d9b3106f | ITER: 80 END: OK
2019-07-20 09:24:56.485 22833 INFO rally.task.runner [-] Task b6918239-556c-427e-8a55-b9e5d9b3106f | ITER: 100 START
2019-07-20 09:24:56.507 22870 INFO rally.task.runner [-] Task b6918239-556c-427e-8a55-b9e5d9b3106f | ITER: 79 END: OK
2019-07-20 09:24:57.034 22829 INFO rally.task.runner [-] Task b6918239-556c-427e-8a55-b9e5d9b3106f | ITER: 94 END: OK
2019-07-20 09:24:57.163 22831 INFO rally.task.runner [-] Task b6918239-556c-427e-8a55-b9e5d9b3106f | ITER: 88 END: OK
2019-07-20 09:24:57.440 22869 INFO rally.task.runner [-] Task b6918239-556c-427e-8a55-b9e5d9b3106f | ITER: 82 END: OK
2019-07-20 09:24:57.503 22834 INFO rally.task.runner [-] Task b6918239-556c-427e-8a55-b9e5d9b3106f | ITER: 93 END: OK
2019-07-20 09:24:57.567 22830 INFO rally.task.runner [-] Task b6918239-556c-427e-8a55-b9e5d9b3106f | ITER: 84 END: OK
2019-07-20 09:24:57.661 22829 INFO rally.task.runner [-] Task b6918239-556c-427e-8a55-b9e5d9b3106f | ITER: 85 END: OK
2019-07-20 09:24:57.753 22852 INFO rally.task.runner [-] Task b6918239-556c-427e-8a55-b9e5d9b3106f | ITER: 83 END: OK
2019-07-20 09:24:57.919 22863 INFO rally.task.runner [-] Task b6918239-556c-427e-8a55-b9e5d9b3106f | ITER: 90 END: OK
2019-07-20 09:24:57.927 22831 INFO rally.task.runner [-] Task b6918239-556c-427e-8a55-b9e5d9b3106f | ITER: 87 END: OK
2019-07-20 09:24:58.049 22857 INFO rally.task.runner [-] Task b6918239-556c-427e-8a55-b9e5d9b3106f | ITER: 89 END: OK
2019-07-20 09:24:58.062 22861 INFO rally.task.runner [-] Task b6918239-556c-427e-8a55-b9e5d9b3106f | ITER: 91 END: OK
2019-07-20 09:24:58.326 22855 INFO rally.task.runner [-] Task b6918239-556c-427e-8a55-b9e5d9b3106f | ITER: 86 END: OK
2019-07-20 09:24:58.342 22833 INFO rally.task.runner [-] Task b6918239-556c-427e-8a55-b9e5d9b3106f | ITER: 100 END: OK
2019-07-20 09:24:58.516 22832 INFO rally.task.runner [-] Task b6918239-556c-427e-8a55-b9e5d9b3106f | ITER: 96 END: OK
2019-07-20 09:24:58.549 22830 INFO rally.task.runner [-] Task b6918239-556c-427e-8a55-b9e5d9b3106f | ITER: 95 END: OK
2019-07-20 09:24:58.673 22838 INFO rally.task.runner [-] Task b6918239-556c-427e-8a55-b9e5d9b3106f | ITER: 99 END: OK
2019-07-20 09:24:58.888 22832 INFO rally.task.runner [-] Task b6918239-556c-427e-8a55-b9e5d9b3106f | ITER: 92 END: OK
2019-07-20 09:24:58.953 22868 INFO rally.task.runner [-] Task b6918239-556c-427e-8a55-b9e5d9b3106f | ITER: 97 END: OK
2019-07-20 09:24:59.177 22867 INFO rally.task.runner [-] Task b6918239-556c-427e-8a55-b9e5d9b3106f | ITER: 98 END: OK
2019-07-20 09:24:59.196 22705 INFO rally.task.context [-] Task b6918239-556c-427e-8a55-b9e5d9b3106f | Context cleanup@openstack cleanup() started
2019-07-20 09:24:59.199 22705 RALLYDEBUG rally_openstack.cleanup.manager [-] Cleaning up neutron vip objects
2019-07-20 09:24:59.824 22705 RALLYDEBUG rally_openstack.cleanup.manager [-] Cleaning up neutron health_monitor objects
2019-07-20 09:25:00.446 22705 RALLYDEBUG rally_openstack.cleanup.manager [-] Cleaning up neutron pool objects
2019-07-20 09:25:01.078 22705 RALLYDEBUG rally_openstack.cleanup.manager [-] Cleaning up neutron loadbalancer objects
2019-07-20 09:25:01.708 22705 RALLYDEBUG rally_openstack.cleanup.manager [-] Cleaning up neutron floatingip objects
2019-07-20 09:25:02.370 22705 RALLYDEBUG rally_openstack.cleanup.manager [-] Cleaning up neutron port objects
2019-07-20 09:25:03.196 22705 RALLYDEBUG rally_openstack.cleanup.manager [-] Cleaning up neutron subnet objects
2019-07-20 09:25:03.827 22705 RALLYDEBUG rally_openstack.cleanup.manager [-] Cleaning up neutron network objects
2019-07-20 09:25:04.782 22705 RALLYDEBUG rally_openstack.cleanup.manager [-] Deleting neutron.network object s_rally_75567fee_XvxAwFEk (02eb79a8-03cc-4207-a0f3-ccdb9079f322)
2019-07-20 09:25:04.784 22705 RALLYDEBUG rally_openstack.cleanup.manager [-] Deleting neutron.network object s_rally_75567fee_hytdgGqz (1cf10183-4655-43e6-b0ea-672ec4bc1fa8)
2019-07-20 09:25:04.786 22705 RALLYDEBUG rally_openstack.cleanup.manager [-] Deleting neutron.network object s_rally_75567fee_XeuPbe1y (04029a28-74e1-4ae4-8eda-cf26560591c6)
2019-07-20 09:25:04.792 22705 RALLYDEBUG rally_openstack.cleanup.manager [-] Deleting neutron.network object s_rally_75567fee_ajev985H (25785bb8-cdc4-4eb4-b3b3-f7c8167fdfd0)
2019-07-20 09:25:04.793 22705 RALLYDEBUG rally_openstack.cleanup.manager [-] Deleting neutron.network object s_rally_75567fee_m80ytjfa (17ef3a74-4796-463c-94b9-b1195283733e)
2019-07-20 09:25:04.793 22705 RALLYDEBUG rally_openstack.cleanup.manager [-] Deleting neutron.network object s_rally_75567fee_oWzx8pK4 (14f0b7f9-b26a-464a-99c1-70c0deff3e6c)
2019-07-20 09:25:04.801 22705 RALLYDEBUG rally_openstack.cleanup.manager [-] Deleting neutron.network object s_rally_75567fee_7ARiboqq (27037e8b-570d-4514-b1d0-aafc7c5b9f8d)
2019-07-20 09:25:04.803 22705 RALLYDEBUG rally_openstack.cleanup.manager [-] Deleting neutron.network object s_rally_75567fee_nedQBK9q (1a682ccc-13c3-4464-a30e-93db2a081a9b)
2019-07-20 09:25:04.815 22705 RALLYDEBUG rally_openstack.cleanup.manager [-] Deleting neutron.network object s_rally_75567fee_MeeNIdiw (112aab6b-f211-4959-a74a-fd751b49c155)
2019-07-20 09:25:04.818 22705 RALLYDEBUG rally_openstack.cleanup.manager [-] Deleting neutron.network object s_rally_75567fee_FMstT3iI (11558a26-dde7-4017-9135-5e83170f6c4c)
2019-07-20 09:25:04.821 22705 RALLYDEBUG rally_openstack.cleanup.manager [-] Deleting neutron.network object s_rally_75567fee_iEhNrl44 (03aa5257-36f5-4452-87aa-94f5dc71cef1)
2019-07-20 09:25:04.824 22705 RALLYDEBUG rally_openstack.cleanup.manager [-] Deleting neutron.network object s_rally_75567fee_EnoiTlfI (2ca47ef4-9e17-4b9e-af9e-04e66787ba0d)
2019-07-20 09:25:04.824 22705 RALLYDEBUG rally_openstack.cleanup.manager [-] Deleting neutron.network object s_rally_75567fee_FDTMRocj (1af1c179-15d3-4b78-b7dd-6e0cc633ec09)
2019-07-20 09:25:04.828 22705 RALLYDEBUG rally_openstack.cleanup.manager [-] Deleting neutron.network object s_rally_75567fee_xKcSs6mP (2c318fa2-7493-44a9-a6de-b6274c637692)
2019-07-20 09:25:04.834 22705 RALLYDEBUG rally_openstack.cleanup.manager [-] Deleting neutron.network object s_rally_75567fee_qMjNbvFN (2cc2b3b6-3e5c-4015-9d7c-943192c3eb09)
2019-07-20 09:25:04.843 22705 RALLYDEBUG rally_openstack.cleanup.manager [-] Deleting neutron.network object s_rally_75567fee_wQB4F2Le (298b87ed-b302-4a29-9089-31a51e688aaa)
2019-07-20 09:25:04.847 22705 RALLYDEBUG rally_openstack.cleanup.manager [-] Deleting neutron.network object s_rally_75567fee_JujGHh8h (2e034879-b896-4429-8219-61ba9dafd86a)
2019-07-20 09:25:04.862 22705 RALLYDEBUG rally_openstack.cleanup.manager [-] Deleting neutron.network object s_rally_75567fee_prhk4KbJ (303e6de4-25fa-40e1-980c-dd411b47919f)
2019-07-20 09:25:04.870 22705 RALLYDEBUG rally_openstack.cleanup.manager [-] Deleting neutron.network object s_rally_75567fee_8DEuAtKK (3607514a-3575-4a38-b1f3-513e167a3377)
2019-07-20 09:25:04.900 22705 RALLYDEBUG rally_openstack.cleanup.manager [-] Deleting neutron.network object s_rally_75567fee_UrS50wae (3987bdc0-9c3f-4cb9-b5c4-a3a29762e885)
2019-07-20 09:25:08.525 22705 RALLYDEBUG rally_openstack.cleanup.manager [-] Deleting neutron.network object s_rally_75567fee_1156nBSx (3b0c1fd6-cddc-4dc1-acf9-dd0fd19550e5)
2019-07-20 09:25:08.539 22705 RALLYDEBUG rally_openstack.cleanup.manager [-] Deleting neutron.network object s_rally_75567fee_uEdPlOLp (3c85fb78-2bca-4a13-870b-8c682adaad8d)
2019-07-20 09:25:08.694 22705 RALLYDEBUG rally_openstack.cleanup.manager [-] Deleting neutron.network object s_rally_75567fee_x0gBYLuC (3d77f91a-4af7-4963-9267-9fa8e9066d4e)
2019-07-20 09:25:08.872 22705 RALLYDEBUG rally_openstack.cleanup.manager [-] Deleting neutron.network object s_rally_75567fee_zMvZmaC0 (3e861c00-8933-4096-97c3-606b5d922416)
2019-07-20 09:25:08.881 22705 RALLYDEBUG rally_openstack.cleanup.manager [-] Deleting neutron.network object s_rally_75567fee_URseb8m9 (4550db26-5c35-4ddd-8a1c-55b584c44cc7)
2019-07-20 09:25:08.900 22705 RALLYDEBUG rally_openstack.cleanup.manager [-] Deleting neutron.network object s_rally_75567fee_REoqwJCL (4b72ec93-66f6-41fd-ac76-5e629870fe7f)
2019-07-20 09:25:09.412 22705 RALLYDEBUG rally_openstack.cleanup.manager [-] Deleting neutron.network object s_rally_75567fee_4vsDXDk9 (4cf580f1-e14b-413f-9516-41100fdd9b80)
2019-07-20 09:25:09.425 22705 RALLYDEBUG rally_openstack.cleanup.manager [-] Deleting neutron.network object s_rally_75567fee_PhBeATGo (50e25a57-4a6a-45cd-b1ed-e8f3bcff4469)
2019-07-20 09:25:09.437 22705 RALLYDEBUG rally_openstack.cleanup.manager [-] Deleting neutron.network object s_rally_75567fee_1RgG2oMZ (5234ff1b-aa4d-4551-b23e-979b6adf1d2e)
2019-07-20 09:25:09.442 22705 RALLYDEBUG rally_openstack.cleanup.manager [-] Deleting neutron.network object s_rally_75567fee_cVUWwBap (55038627-8f32-4c5c-b708-62b4c0de0d19)
2019-07-20 09:25:09.679 22705 RALLYDEBUG rally_openstack.cleanup.manager [-] Deleting neutron.network object s_rally_75567fee_I6dRuXzS (5609ac1c-3dc2-4e31-b7d1-93e7a491322e)
2019-07-20 09:25:09.680 22705 RALLYDEBUG rally_openstack.cleanup.manager [-] Deleting neutron.network object s_rally_75567fee_GF7xexdF (57979cdf-2aeb-4354-b75c-efc08273f193)
2019-07-20 09:25:10.421 22705 RALLYDEBUG rally_openstack.cleanup.manager [-] Deleting neutron.network object s_rally_75567fee_y7KlMSHx (59b0df6d-2e5e-4d4c-bb27-e9f2a88aefb6)
2019-07-20 09:25:10.537 22705 RALLYDEBUG rally_openstack.cleanup.manager [-] Deleting neutron.network object s_rally_75567fee_e9ckVfYk (5b014923-7314-4902-a0cb-b01cda4dae04)
2019-07-20 09:25:10.576 22705 RALLYDEBUG rally_openstack.cleanup.manager [-] Deleting neutron.network object s_rally_75567fee_kEvXpgcS (5c8da455-30f5-4361-9682-34034d8eac83)
2019-07-20 09:25:11.733 22705 RALLYDEBUG rally_openstack.cleanup.manager [-] Deleting neutron.network object s_rally_75567fee_9rX3pSO7 (5cf2f56a-38c1-4f5e-aaa3-0aa8dbd0134f)
2019-07-20 09:25:12.018 22705 RALLYDEBUG rally_openstack.cleanup.manager [-] Deleting neutron.network object s_rally_75567fee_0xVtoixg (619d9099-e983-4bf5-9aa7-5f6ba4ec4d19)
2019-07-20 09:25:12.353 22705 RALLYDEBUG rally_openstack.cleanup.manager [-] Deleting neutron.network object s_rally_75567fee_YGJI4Jfy (62cf6b40-25ee-4da0-9916-93e5796e09a5)
2019-07-20 09:25:12.407 22705 RALLYDEBUG rally_openstack.cleanup.manager [-] Deleting neutron.network object s_rally_75567fee_YcKcWyJW (66ee0ec1-746b-4b94-b01e-e02334132da4)
2019-07-20 09:25:12.454 22705 RALLYDEBUG rally_openstack.cleanup.manager [-] Deleting neutron.network object s_rally_75567fee_8Fzw0GEN (677644ba-b24f-4d2c-b851-2927f269bdc9)
2019-07-20 09:25:12.468 22705 RALLYDEBUG rally_openstack.cleanup.manager [-] Deleting neutron.network object s_rally_75567fee_RKyMGaCO (6f1deeda-570b-406d-98b1-a52e6722357e)
2019-07-20 09:25:12.473 22705 RALLYDEBUG rally_openstack.cleanup.manager [-] Deleting neutron.network object s_rally_75567fee_OJ9XGZO5 (6ff67b4d-a2b4-4c90-8dfa-ef4704fc35db)
2019-07-20 09:25:12.495 22705 RALLYDEBUG rally_openstack.cleanup.manager [-] Deleting neutron.network object s_rally_75567fee_NTICLjIj (70759d46-8f53-42e6-b71b-82aa15e9a0db)
2019-07-20 09:25:12.575 22705 RALLYDEBUG rally_openstack.cleanup.manager [-] Deleting neutron.network object s_rally_75567fee_8K7il0YR (70aa4b1a-d195-4774-8197-1ecd0a7e1cb7)
2019-07-20 09:25:12.575 22705 RALLYDEBUG rally_openstack.cleanup.manager [-] Deleting neutron.network object s_rally_75567fee_Pzv4etHw (7301fa6a-8ca9-4419-b90d-c0f8a9757f9c)
2019-07-20 09:25:12.691 22705 RALLYDEBUG rally_openstack.cleanup.manager [-] Deleting neutron.network object s_rally_75567fee_XTllgQCg (730242d9-2e3b-4d1c-83fe-cfe1afa6854b)
2019-07-20 09:25:12.706 22705 RALLYDEBUG rally_openstack.cleanup.manager [-] Deleting neutron.network object s_rally_75567fee_AyWdrUrf (7994c3f3-7592-485d-b7d7-4f014b84eff7)
2019-07-20 09:25:12.892 22705 RALLYDEBUG rally_openstack.cleanup.manager [-] Deleting neutron.network object s_rally_75567fee_NE4vruLM (7c2eeb7a-034b-4b1f-8435-e8c2027a6fc9)
2019-07-20 09:25:13.117 22705 RALLYDEBUG rally_openstack.cleanup.manager [-] Deleting neutron.network object s_rally_75567fee_1DS79XZH (82e8d5ca-b20a-442b-9819-78457346742d)
2019-07-20 09:25:13.123 22705 RALLYDEBUG rally_openstack.cleanup.manager [-] Deleting neutron.network object s_rally_75567fee_ZWU0iUDL (8455c6d7-52f4-460d-9909-846cd7920ab7)
2019-07-20 09:25:13.128 22705 RALLYDEBUG rally_openstack.cleanup.manager [-] Deleting neutron.network object s_rally_75567fee_EOHo5ThT (84c93dfc-433f-4fee-85a9-24163fa88ad8)
2019-07-20 09:25:13.144 22705 RALLYDEBUG rally_openstack.cleanup.manager [-] Deleting neutron.network object s_rally_75567fee_AVRHAnvP (88858ae9-73b8-4cec-ab05-4e1e1665a204)
2019-07-20 09:25:13.152 22705 RALLYDEBUG rally_openstack.cleanup.manager [-] Deleting neutron.network object s_rally_75567fee_GSsg9ZLP (8ed98cad-b135-4d4f-b3c4-4fadb410f30a)
2019-07-20 09:25:13.647 22705 RALLYDEBUG rally_openstack.cleanup.manager [-] Deleting neutron.network object s_rally_75567fee_6nWdKVGp (8f28753e-9469-4ddc-88f4-497bcdb89977)
2019-07-20 09:25:13.891 22705 RALLYDEBUG rally_openstack.cleanup.manager [-] Deleting neutron.network object s_rally_75567fee_eB5LfYe2 (8f8d5fbb-3129-4f5a-9043-9fee070eb038)
2019-07-20 09:25:14.215 22705 RALLYDEBUG rally_openstack.cleanup.manager [-] Deleting neutron.network object s_rally_75567fee_uUNqpH2T (90bc75b7-ad1d-46df-8064-7e553b9b311e)
2019-07-20 09:25:15.143 22705 RALLYDEBUG rally_openstack.cleanup.manager [-] Deleting neutron.network object s_rally_75567fee_CHYy8m8F (9379360d-df20-4a6e-bd19-79454ea3eb96)
2019-07-20 09:25:15.733 22705 RALLYDEBUG rally_openstack.cleanup.manager [-] Deleting neutron.network object s_rally_75567fee_g0xMiCwx (95d2bc35-b679-4b0e-b1f8-6ac3aae9999b)
2019-07-20 09:25:15.829 22705 RALLYDEBUG rally_openstack.cleanup.manager [-] Deleting neutron.network object s_rally_75567fee_Q10ORK7i (97b529f0-5435-4320-a982-8ff0fc9081c6)
2019-07-20 09:25:16.084 22705 RALLYDEBUG rally_openstack.cleanup.manager [-] Deleting neutron.network object s_rally_75567fee_XS71SIYC (996b4f7a-3b2c-4e06-8e62-d9603e294231)
2019-07-20 09:25:16.283 22705 RALLYDEBUG rally_openstack.cleanup.manager [-] Deleting neutron.network object s_rally_75567fee_JEAUO05K (9b8cfa5f-651d-479b-9f11-65eaf8b6423e)
2019-07-20 09:25:16.353 22705 RALLYDEBUG rally_openstack.cleanup.manager [-] Deleting neutron.network object s_rally_75567fee_uHEehbLD (9b950527-9bb4-4c85-a671-cec5420da848)
2019-07-20 09:25:16.417 22705 RALLYDEBUG rally_openstack.cleanup.manager [-] Deleting neutron.network object s_rally_75567fee_psI9ifo2 (9f673470-cffc-41b0-8412-38903996647b)
2019-07-20 09:25:16.477 22705 RALLYDEBUG rally_openstack.cleanup.manager [-] Deleting neutron.network object s_rally_75567fee_g5CXDTcc (a03240cb-e601-4f72-98ff-717a8010b1e4)
2019-07-20 09:25:16.668 22705 RALLYDEBUG rally_openstack.cleanup.manager [-] Deleting neutron.network object s_rally_75567fee_A26BeLdA (a3bd4ab1-d2e2-48fb-99d9-9747324e8f54)
2019-07-20 09:25:17.258 22705 RALLYDEBUG rally_openstack.cleanup.manager [-] Deleting neutron.network object s_rally_75567fee_k6FbtKAX (a99ac72d-9e77-400f-8a51-bafcee0563f4)
2019-07-20 09:25:17.432 22705 RALLYDEBUG rally_openstack.cleanup.manager [-] Deleting neutron.network object s_rally_75567fee_owE1LbOy (aaa711b4-a352-4797-9f7c-cd576a87af7d)
2019-07-20 09:25:17.539 22705 RALLYDEBUG rally_openstack.cleanup.manager [-] Deleting neutron.network object s_rally_75567fee_Jo3Ucqyp (b10f2e77-bb4f-4ea8-8624-b1d521c24935)
2019-07-20 09:25:17.550 22705 RALLYDEBUG rally_openstack.cleanup.manager [-] Deleting neutron.network object s_rally_75567fee_9QmmGYcf (b39ef937-186c-410b-aac3-b6151a548be7)
2019-07-20 09:25:17.594 22705 RALLYDEBUG rally_openstack.cleanup.manager [-] Deleting neutron.network object s_rally_75567fee_eHpVbxjr (b563fe40-1ae4-4519-8634-1eabc2953821)
2019-07-20 09:25:17.612 22705 RALLYDEBUG rally_openstack.cleanup.manager [-] Deleting neutron.network object s_rally_75567fee_mYvymswm (b78886ab-92a7-4d46-83af-1d92bb9c86bc)
2019-07-20 09:25:17.636 22705 RALLYDEBUG rally_openstack.cleanup.manager [-] Deleting neutron.network object s_rally_75567fee_4rvD56Ld (b99f0b8a-56c4-474d-8c42-4ecb9a7d561c)
2019-07-20 09:25:17.673 22705 RALLYDEBUG rally_openstack.cleanup.manager [-] Deleting neutron.network object s_rally_75567fee_bOQfc3AG (bda06ec2-6673-46e9-ba1d-98c57e4e4d1e)
2019-07-20 09:25:17.793 22705 RALLYDEBUG rally_openstack.cleanup.manager [-] Deleting neutron.network object s_rally_75567fee_s4UOlrgG (bfc51b6b-decd-4002-98be-1a3ab9e59a8d)
2019-07-20 09:25:17.997 22705 RALLYDEBUG rally_openstack.cleanup.manager [-] Deleting neutron.network object s_rally_75567fee_xskU0ZRM (c1a05b75-a8e6-4cd9-837e-9661df07e13f)
2019-07-20 09:25:18.103 22705 RALLYDEBUG rally_openstack.cleanup.manager [-] Deleting neutron.network object s_rally_75567fee_IPT4CtYg (c4ad7ecf-2b17-43f7-bba0-6aa322f89298)
2019-07-20 09:25:18.158 22705 RALLYDEBUG rally_openstack.cleanup.manager [-] Deleting neutron.network object s_rally_75567fee_7sL3CExk (c528c8c0-53fd-4501-8efc-1846038e08c5)
2019-07-20 09:25:18.895 22705 RALLYDEBUG rally_openstack.cleanup.manager [-] Deleting neutron.network object s_rally_75567fee_jnVBsFAE (c616734b-706f-4d66-bf7a-7fd38ec72f67)
2019-07-20 09:25:18.973 22705 RALLYDEBUG rally_openstack.cleanup.manager [-] Deleting neutron.network object s_rally_75567fee_GR0nVpRz (cdfbe962-f31b-45a5-8b54-69f26c88dbd2)
2019-07-20 09:25:19.140 22705 RALLYDEBUG rally_openstack.cleanup.manager [-] Deleting neutron.network object s_rally_75567fee_5EOqpdJP (d09d8f88-6093-406c-9fb6-6f1baea92def)
2019-07-20 09:25:19.175 22705 RALLYDEBUG rally_openstack.cleanup.manager [-] Deleting neutron.network object s_rally_75567fee_QmhHpcQu (d0bf65f8-a31b-4480-85c0-c5dc28b35f7d)
2019-07-20 09:25:19.487 22705 RALLYDEBUG rally_openstack.cleanup.manager [-] Deleting neutron.network object s_rally_75567fee_2Hb7H0Pi (d1e99bfa-2f2b-41cd-a254-1dfb2f87f794)
2019-07-20 09:25:20.592 22705 RALLYDEBUG rally_openstack.cleanup.manager [-] Deleting neutron.network object s_rally_75567fee_bYcrm0t8 (d5f060ff-c119-4ca9-9baa-167ff9ea5e09)
2019-07-20 09:25:20.668 22705 RALLYDEBUG rally_openstack.cleanup.manager [-] Deleting neutron.network object s_rally_75567fee_AIUSEtbh (d6c08429-7adc-40f2-a006-2aa9d41586ee)
2019-07-20 09:25:20.769 22705 RALLYDEBUG rally_openstack.cleanup.manager [-] Deleting neutron.network object s_rally_75567fee_mBlSnhsg (d7522b89-a169-41e7-b21c-3e658b7157b2)
2019-07-20 09:25:20.836 22705 RALLYDEBUG rally_openstack.cleanup.manager [-] Deleting neutron.network object s_rally_75567fee_xZVJOKmd (d96282d7-1b68-4493-adbb-6f775a9e1543)
2019-07-20 09:25:21.014 22705 RALLYDEBUG rally_openstack.cleanup.manager [-] Deleting neutron.network object s_rally_75567fee_JcJQNEPb (dab9f094-1b24-416c-af78-42a82e074c05)
2019-07-20 09:25:21.043 22705 RALLYDEBUG rally_openstack.cleanup.manager [-] Deleting neutron.network object s_rally_75567fee_TtV5TZsU (db6dcc45-34a8-47d0-83cd-0738032f9f11)
2019-07-20 09:25:21.046 22705 RALLYDEBUG rally_openstack.cleanup.manager [-] Deleting neutron.network object s_rally_75567fee_6nl9EurW (dfd6945e-9269-4309-841f-a404b760fb19)
2019-07-20 09:25:21.082 22705 RALLYDEBUG rally_openstack.cleanup.manager [-] Deleting neutron.network object s_rally_75567fee_rOi5CZMy (e1d4f92e-5088-4647-9de5-b4e59861717c)
2019-07-20 09:25:21.769 22705 RALLYDEBUG rally_openstack.cleanup.manager [-] Deleting neutron.network object s_rally_75567fee_yqqrcKGl (e432d5b0-9e8d-4b2b-98c8-fcf6bb0a76a6)
2019-07-20 09:25:22.009 22705 RALLYDEBUG rally_openstack.cleanup.manager [-] Deleting neutron.network object s_rally_75567fee_rQOuWF8I (e546743d-74d3-4833-ad7e-2dd8a12151a2)
2019-07-20 09:25:22.031 22705 RALLYDEBUG rally_openstack.cleanup.manager [-] Deleting neutron.network object s_rally_75567fee_ESmQMZt4 (e8325f20-74da-40ed-9dc9-7207751173cb)
2019-07-20 09:25:22.065 22705 RALLYDEBUG rally_openstack.cleanup.manager [-] Deleting neutron.network object s_rally_75567fee_wbh34Swj (e93628f1-6e36-4f5b-87be-d362c78c22e8)
2019-07-20 09:25:22.128 22705 RALLYDEBUG rally_openstack.cleanup.manager [-] Deleting neutron.network object s_rally_75567fee_CV3Kl0N8 (ec1e2fe3-223c-4a32-9bbb-8c4d6863aa61)
2019-07-20 09:25:22.149 22705 RALLYDEBUG rally_openstack.cleanup.manager [-] Deleting neutron.network object s_rally_75567fee_u4P1y3C7 (ef0a0a87-09cf-42f5-879a-2e662f36c0f3)
