2019-07-20 09:45:18.938 22705 RALLYDEBUG rally_openstack.cleanup.manager [-] Deleting neutron.port object s_rally_85c00629_PLjJr1UU (5da30628-e3ef-491b-bd94-4f284b34cbe9)
2019-07-20 09:45:18.943 22705 RALLYDEBUG rally_openstack.cleanup.manager [-] Deleting neutron.port object s_rally_85c00629_DtSPGubh (5ee34687-0989-4712-9bd7-bb1c32549ee0)
2019-07-20 09:45:18.984 22705 RALLYDEBUG rally_openstack.cleanup.manager [-] Deleting neutron.port object s_rally_85c00629_S0bK4OM5 (619020e2-5a6a-4ad6-b018-c91b3ec74f4c)
2019-07-20 09:45:18.991 22705 RALLYDEBUG rally_openstack.cleanup.manager [-] Deleting neutron.port object s_rally_85c00629_KaldWAVd (65434f3f-4b9a-4fb4-b3d9-aa6940c05f4d)
2019-07-20 09:45:19.044 22705 RALLYDEBUG rally_openstack.cleanup.manager [-] Deleting neutron.port object s_rally_85c00629_GxvLbLCj (668de563-a5da-4ab4-b1b5-1d3b306b3e29)
2019-07-20 09:45:19.044 22705 RALLYDEBUG rally_openstack.cleanup.manager [-] Deleting neutron.port object s_rally_85c00629_JQ11cqdV (6a060715-5ac3-4eb2-b9f0-7175280bb327)
2019-07-20 09:45:19.338 22705 RALLYDEBUG rally_openstack.cleanup.manager [-] Deleting neutron.port object s_rally_85c00629_IGRrwANk (6ad0ad9a-bccb-4cdd-8c54-729201514516)
2019-07-20 09:45:19.424 22705 RALLYDEBUG rally_openstack.cleanup.manager [-] Deleting neutron.port object s_rally_85c00629_OaC0ejhz (6b394b86-c744-4bec-b73d-d754f23a902a)
2019-07-20 09:45:19.435 22705 RALLYDEBUG rally_openstack.cleanup.manager [-] Deleting neutron.port object s_rally_85c00629_acVULO17 (6b8e2e57-0e5d-4ef3-9eeb-48b23323d0ce)
2019-07-20 09:45:20.001 22705 RALLYDEBUG rally_openstack.cleanup.manager [-] Deleting neutron.port object s_rally_85c00629_L8tbk4ls (6d992d87-ff13-43eb-9213-515214e56142)
2019-07-20 09:45:20.034 22705 RALLYDEBUG rally_openstack.cleanup.manager [-] Deleting neutron.port object s_rally_85c00629_GUot5mHn (6eff5835-572f-4160-8502-5756ec4ac973)
2019-07-20 09:45:20.400 22705 RALLYDEBUG rally_openstack.cleanup.manager [-] Deleting neutron.port object s_rally_85c00629_9CAC7K4L (6fd66203-6b08-478c-9f98-4c8fdcda30e6)
2019-07-20 09:45:20.792 22705 RALLYDEBUG rally_openstack.cleanup.manager [-] Deleting neutron.port object s_rally_85c00629_JM7q5Q5s (705604c4-8f56-4746-90a6-0e1f53d00c48)
2019-07-20 09:45:21.112 22705 RALLYDEBUG rally_openstack.cleanup.manager [-] Deleting neutron.port object s_rally_85c00629_rf30gibs (714fd6d9-b61e-486a-a625-698613b6acfb)
2019-07-20 09:45:21.377 22705 RALLYDEBUG rally_openstack.cleanup.manager [-] Deleting neutron.port object s_rally_85c00629_eGxeMjsc (719efe78-2c31-458c-9f4b-f27d081ed5af)
2019-07-20 09:45:21.549 22705 RALLYDEBUG rally_openstack.cleanup.manager [-] Deleting neutron.port object s_rally_85c00629_5h5OivCi (72840693-d008-48d4-be32-b415158ff8df)
2019-07-20 09:45:21.576 22705 RALLYDEBUG rally_openstack.cleanup.manager [-] Deleting neutron.port object s_rally_85c00629_lzmRgRNJ (7414ebf8-c930-4469-bdd4-98f6cb0b813e)
2019-07-20 09:45:21.577 22705 RALLYDEBUG rally_openstack.cleanup.manager [-] Deleting neutron.port object s_rally_85c00629_EJu3uoqI (749023dd-20bb-4c65-9c9e-c03c2ed1b2c8)
2019-07-20 09:45:21.578 22705 RALLYDEBUG rally_openstack.cleanup.manager [-] Deleting neutron.port object s_rally_85c00629_V6KTLU7w (7365f495-1de8-44fa-8023-03842db48e81)
2019-07-20 09:45:21.787 22705 RALLYDEBUG rally_openstack.cleanup.manager [-] Deleting neutron.port object s_rally_85c00629_ZNcnHglq (74a47a3c-dfed-4ac2-a40f-79c0a646babf)
2019-07-20 09:45:21.995 22705 RALLYDEBUG rally_openstack.cleanup.manager [-] Deleting neutron.port object s_rally_85c00629_yCJpROhu (74fb15cf-146b-40b9-b629-d6b6c4708253)
2019-07-20 09:45:21.996 22705 RALLYDEBUG rally_openstack.cleanup.manager [-] Deleting neutron.port object s_rally_85c00629_IlGQ41h8 (75a74d52-b4bd-4980-a79e-73f0c8f69581)
2019-07-20 09:45:22.000 22705 RALLYDEBUG rally_openstack.cleanup.manager [-] Deleting neutron.port object s_rally_85c00629_dpa5o7yd (771c4bad-6b08-4f3c-9090-4cfd893677fb)
2019-07-20 09:45:22.064 22705 RALLYDEBUG rally_openstack.cleanup.manager [-] Deleting neutron.port object s_rally_85c00629_9VLJ9GfW (77dff911-ce94-4414-b992-149b71931d83)
2019-07-20 09:45:22.260 22705 RALLYDEBUG rally_openstack.cleanup.manager [-] Deleting neutron.port object s_rally_85c00629_ceHvaX14 (78728eab-dec1-4f1d-9a4f-01f65e0bbace)
2019-07-20 09:45:22.268 22705 RALLYDEBUG rally_openstack.cleanup.manager [-] Deleting neutron.port object s_rally_85c00629_sVCQaIih (7c6bb878-2845-4474-b88f-1f8f4a105c81)
2019-07-20 09:45:22.454 22705 RALLYDEBUG rally_openstack.cleanup.manager [-] Deleting neutron.port object s_rally_85c00629_roYPdouc (7c9765c1-33e4-463f-9c62-ede12569aba5)
2019-07-20 09:45:22.492 22705 RALLYDEBUG rally_openstack.cleanup.manager [-] Deleting neutron.port object s_rally_85c00629_3hDOQJfe (7cdf4359-f4b5-452a-a2bb-6fe62af9e6aa)
2019-07-20 09:45:22.587 22705 RALLYDEBUG rally_openstack.cleanup.manager [-] Deleting neutron.port object s_rally_85c00629_Dtw4NoTE (7d506eb1-a70f-4584-87e1-ff2c9408badc)
2019-07-20 09:45:22.614 22705 RALLYDEBUG rally_openstack.cleanup.manager [-] Deleting neutron.port object s_rally_85c00629_r1qONqwV (7dacad8c-a7fe-4b23-8e54-630ce6fbef08)
2019-07-20 09:45:22.636 22705 RALLYDEBUG rally_openstack.cleanup.manager [-] Deleting neutron.port object s_rally_85c00629_KhW74RX3 (7f251f6c-435d-4873-a899-9ef6af08de36)
2019-07-20 09:45:22.642 22705 RALLYDEBUG rally_openstack.cleanup.manager [-] Deleting neutron.port object s_rally_85c00629_lcta7zsk (7f50b85f-2ca9-49d9-8f53-05d2eb868009)
2019-07-20 09:45:22.889 22705 RALLYDEBUG rally_openstack.cleanup.manager [-] Deleting neutron.port object s_rally_85c00629_Mamhw300 (809de3f9-82bd-4e42-9281-326c625e76f7)
2019-07-20 09:45:23.934 22705 RALLYDEBUG rally_openstack.cleanup.manager [-] Deleting neutron.port object s_rally_85c00629_iy5WlQOV (820840ab-2b8c-485f-9c61-12ad8e98613a)
2019-07-20 09:45:24.009 22705 RALLYDEBUG rally_openstack.cleanup.manager [-] Deleting neutron.port object s_rally_85c00629_mpl8YGk9 (82189a5c-a9d6-4a52-8b1b-9f22e740221e)
2019-07-20 09:45:24.352 22705 RALLYDEBUG rally_openstack.cleanup.manager [-] Deleting neutron.port object s_rally_85c00629_2LxQBQ9f (87f8b15f-0054-4d50-87d1-6064e8841b73)
2019-07-20 09:45:24.486 22705 RALLYDEBUG rally_openstack.cleanup.manager [-] Deleting neutron.port object s_rally_85c00629_ahptGPCu (897f5d64-3996-4ad1-b722-0c4bab5f69c0)
2019-07-20 09:45:24.493 22705 RALLYDEBUG rally_openstack.cleanup.manager [-] Deleting neutron.port object s_rally_85c00629_7T8vW7P4 (8ca3108d-0c11-4d37-8ae2-d7ae4148755d)
2019-07-20 09:45:25.015 22705 RALLYDEBUG rally_openstack.cleanup.manager [-] Deleting neutron.port object s_rally_85c00629_aIvL7bNX (8db4c82f-52e4-4bc5-ad50-468889a5ffc6)
2019-07-20 09:45:25.020 22705 RALLYDEBUG rally_openstack.cleanup.manager [-] Deleting neutron.port object s_rally_85c00629_AoGYpaIA (8d5fe928-43c7-4604-ab46-a89c07b9b03c)
2019-07-20 09:45:25.327 22705 RALLYDEBUG rally_openstack.cleanup.manager [-] Deleting neutron.port object s_rally_85c00629_Cm6CDmhM (8ea52067-f220-48cb-bfe8-224e879f8e50)
2019-07-20 09:45:25.330 22705 RALLYDEBUG rally_openstack.cleanup.manager [-] Deleting neutron.port object s_rally_85c00629_oNjEpzQy (8ea79e2d-4080-47d7-bf00-16410ebc65f8)
2019-07-20 09:45:25.385 22705 RALLYDEBUG rally_openstack.cleanup.manager [-] Deleting neutron.port object s_rally_85c00629_kwpDPJaq (907e7ae9-b2c1-4396-a9f3-d2c69f64c259)
2019-07-20 09:45:25.450 22705 RALLYDEBUG rally_openstack.cleanup.manager [-] Deleting neutron.port object s_rally_85c00629_QvwcorPY (9100a8c9-fcbd-4361-8fef-4c5af351b72e)
2019-07-20 09:45:25.528 22705 RALLYDEBUG rally_openstack.cleanup.manager [-] Deleting neutron.port object s_rally_85c00629_cFBNTJIZ (918dac32-75d6-4c0a-b488-6204ab70e092)
2019-07-20 09:45:25.707 22705 RALLYDEBUG rally_openstack.cleanup.manager [-] Deleting neutron.port object s_rally_85c00629_v6arinbR (9407528e-8db4-41b4-ad56-7f0dc7dec5be)
2019-07-20 09:45:25.723 22705 RALLYDEBUG rally_openstack.cleanup.manager [-] Deleting neutron.port object s_rally_85c00629_oSliiFVF (944a12be-7015-4c4e-aadf-18f14fef7a89)
2019-07-20 09:45:26.023 22705 RALLYDEBUG rally_openstack.cleanup.manager [-] Deleting neutron.port object s_rally_85c00629_uNBJ0WOA (948a0994-4ce4-44d8-a38e-4f4b859959cb)
2019-07-20 09:45:26.185 22705 RALLYDEBUG rally_openstack.cleanup.manager [-] Deleting neutron.port object s_rally_85c00629_PgXTdgiJ (9527a943-6717-4660-a056-fcbe9e12dd21)
2019-07-20 09:45:27.369 22705 RALLYDEBUG rally_openstack.cleanup.manager [-] Deleting neutron.port object s_rally_85c00629_P5sHmmvg (95b3fea9-dfe4-46c5-b7b0-5dd1b422f65b)
2019-07-20 09:45:27.625 22705 RALLYDEBUG rally_openstack.cleanup.manager [-] Deleting neutron.port object s_rally_85c00629_xMREZjVl (95e31e43-9e8e-4a51-a89d-96ab6803cf5c)
2019-07-20 09:45:27.667 22705 RALLYDEBUG rally_openstack.cleanup.manager [-] Deleting neutron.port object s_rally_85c00629_OShNGG79 (9680beb9-9844-4192-a950-b0432ae61cdf)
2019-07-20 09:45:27.786 22705 RALLYDEBUG rally_openstack.cleanup.manager [-] Deleting neutron.port object s_rally_85c00629_1tAGqZwW (9770e275-72cd-4ac4-a6c4-fcd51501a215)
2019-07-20 09:45:27.915 22705 RALLYDEBUG rally_openstack.cleanup.manager [-] Deleting neutron.port object s_rally_85c00629_ekI4W3If (979f9eb9-fc2a-40b3-9bfe-d52fb7c5e600)
2019-07-20 09:45:27.920 22705 RALLYDEBUG rally_openstack.cleanup.manager [-] Deleting neutron.port object s_rally_85c00629_62iWPVHx (97f46252-f09e-402d-a1ff-ff46483f5873)
2019-07-20 09:45:27.931 22705 RALLYDEBUG rally_openstack.cleanup.manager [-] Deleting neutron.port object s_rally_85c00629_YtRkeh13 (9973eaaf-3ff5-4b2b-a01b-fbf139d9c491)
2019-07-20 09:45:27.970 22705 RALLYDEBUG rally_openstack.cleanup.manager [-] Deleting neutron.port object s_rally_85c00629_FcW4xxKV (997bcbf3-970d-4fa4-9256-a816429ae4e0)
2019-07-20 09:45:27.992 22705 RALLYDEBUG rally_openstack.cleanup.manager [-] Deleting neutron.port object s_rally_85c00629_EamWvI9O (99fb726f-5a78-4074-8af1-2c0c132ee878)
2019-07-20 09:45:28.022 22705 RALLYDEBUG rally_openstack.cleanup.manager [-] Deleting neutron.port object s_rally_85c00629_nTnRTi2l (9a63cf85-69cf-45ce-8bc4-a8e090a35904)
2019-07-20 09:45:28.038 22705 RALLYDEBUG rally_openstack.cleanup.manager [-] Deleting neutron.port object s_rally_85c00629_MbhQFm4v (9bdeddd5-ec93-4315-9b71-57d297511dc2)
2019-07-20 09:45:28.046 22705 RALLYDEBUG rally_openstack.cleanup.manager [-] Deleting neutron.port object s_rally_85c00629_g11YisAE (9ce52a8b-e927-498a-ae40-8add7be6c533)
2019-07-20 09:45:28.087 22705 RALLYDEBUG rally_openstack.cleanup.manager [-] Deleting neutron.port object s_rally_85c00629_VGsfZXyO (9dc7f6ef-310a-41f0-8b9a-1792a23cce76)
2019-07-20 09:45:28.089 22705 RALLYDEBUG rally_openstack.cleanup.manager [-] Deleting neutron.port object s_rally_85c00629_g7PvTAy6 (9d7fd284-495a-4837-b197-3fe4baa02a36)
2019-07-20 09:45:28.273 22705 RALLYDEBUG rally_openstack.cleanup.manager [-] Deleting neutron.port object s_rally_85c00629_EiS2pIJK (9dc98e5d-3bcb-4572-a868-dfd606069442)
2019-07-20 09:45:28.391 22705 RALLYDEBUG rally_openstack.cleanup.manager [-] Deleting neutron.port object s_rally_85c00629_pur0iHIp (9f94927f-927b-43fd-a66c-e06a3b0cdb66)
2019-07-20 09:45:28.610 22705 RALLYDEBUG rally_openstack.cleanup.manager [-] Deleting neutron.port object s_rally_85c00629_qZN9nokC (9ffa1b7b-410f-439e-a260-72eb3bc36d9b)
2019-07-20 09:45:29.056 22705 RALLYDEBUG rally_openstack.cleanup.manager [-] Deleting neutron.port object s_rally_85c00629_HRULS7ed (a137e046-3bbe-4576-8a5e-97f7632b7e2a)
2019-07-20 09:45:29.098 22705 RALLYDEBUG rally_openstack.cleanup.manager [-] Deleting neutron.port object s_rally_85c00629_3tEr8s4W (a1862d68-a9e2-44fd-b64c-3a4c6494921d)
2019-07-20 09:45:29.103 22705 RALLYDEBUG rally_openstack.cleanup.manager [-] Deleting neutron.port object s_rally_85c00629_YgBSDwXt (a1c5cba1-aae0-4c0d-a260-0e93f5505aff)
2019-07-20 09:45:30.180 22705 RALLYDEBUG rally_openstack.cleanup.manager [-] Deleting neutron.port object s_rally_85c00629_QE8TGIjA (a3ca84f1-e48e-49a1-9b4a-54d887c4fb2d)
2019-07-20 09:45:30.246 22705 RALLYDEBUG rally_openstack.cleanup.manager [-] Deleting neutron.port object s_rally_85c00629_2WSpdO1O (a42f8133-0768-49f8-8b7a-b546057234eb)
2019-07-20 09:45:30.595 22705 RALLYDEBUG rally_openstack.cleanup.manager [-] Deleting neutron.port object s_rally_85c00629_ofUHyGgm (a462cd7f-5719-43a3-8f10-6b389f2b8d9c)
2019-07-20 09:45:30.850 22705 RALLYDEBUG rally_openstack.cleanup.manager [-] Deleting neutron.port object s_rally_85c00629_i0HDzslZ (ac0bd662-b209-4940-bb92-e1ccf28369e0)
2019-07-20 09:45:31.121 22705 RALLYDEBUG rally_openstack.cleanup.manager [-] Deleting neutron.port object s_rally_85c00629_1ONEUJA0 (aeefaf3e-81e4-4020-8637-8849fb831eb1)
2019-07-20 09:45:31.270 22705 RALLYDEBUG rally_openstack.cleanup.manager [-] Deleting neutron.port object s_rally_85c00629_Dh2DdTRK (b06cbdb5-dd53-4417-b9b7-a3f9b85fd40c)
2019-07-20 09:45:31.331 22705 RALLYDEBUG rally_openstack.cleanup.manager [-] Deleting neutron.port object s_rally_85c00629_L2YcLe1q (b20269cf-a2e6-482f-beda-3466721eed88)
2019-07-20 09:45:31.419 22705 RALLYDEBUG rally_openstack.cleanup.manager [-] Deleting neutron.port object s_rally_85c00629_NThRGGDJ (b2c37172-74ac-412f-bb05-b79a788da512)
2019-07-20 09:45:31.496 22705 RALLYDEBUG rally_openstack.cleanup.manager [-] Deleting neutron.port object s_rally_85c00629_gj2ZDWo1 (b3f0bbe7-b006-4625-b25f-f76d4167c39c)
2019-07-20 09:45:31.584 22705 RALLYDEBUG rally_openstack.cleanup.manager [-] Deleting neutron.port object s_rally_85c00629_y8NZrHWF (b58e7672-56ef-4497-a64b-cd5b352e9bfd)
2019-07-20 09:45:31.672 22705 RALLYDEBUG rally_openstack.cleanup.manager [-] Deleting neutron.port object s_rally_85c00629_2aprwTbn (b71a991a-3053-4b1f-847f-9c3cb602d297)
2019-07-20 09:45:31.791 22705 RALLYDEBUG rally_openstack.cleanup.manager [-] Deleting neutron.port object s_rally_85c00629_Oquw94jV (b784a1e8-f635-4f25-95ce-d17f6a63514c)
2019-07-20 09:45:31.848 22705 RALLYDEBUG rally_openstack.cleanup.manager [-] Deleting neutron.port object s_rally_85c00629_G1NouECd (b7e20877-0f45-44f7-a90c-9904ab3b9994)
2019-07-20 09:45:32.025 22705 RALLYDEBUG rally_openstack.cleanup.manager [-] Deleting neutron.port object s_rally_85c00629_v9BwcUmy (b8b455b5-e37e-47eb-a7d6-62944b43937d)
2019-07-20 09:45:32.186 22705 RALLYDEBUG rally_openstack.cleanup.manager [-] Deleting neutron.port object s_rally_85c00629_hKjE61Gm (b9d3af7e-8234-4a8a-8c27-055cbcb549a8)
2019-07-20 09:45:32.186 22705 RALLYDEBUG rally_openstack.cleanup.manager [-] Deleting neutron.port object s_rally_85c00629_5onFXFtR (bad3f3ff-5486-4586-b29b-1a3a04f82b38)
2019-07-20 09:45:32.321 22705 RALLYDEBUG rally_openstack.cleanup.manager [-] Deleting neutron.port object s_rally_85c00629_0SUwsXlP (c2cfc5e4-40c1-402a-b240-21b3b00aceaf)
2019-07-20 09:45:32.381 22705 RALLYDEBUG rally_openstack.cleanup.manager [-] Deleting neutron.port object s_rally_85c00629_NEq5aGzd (c3830bf9-c43c-4178-b7b3-a2c0fcf37a3c)
2019-07-20 09:45:32.541 22705 RALLYDEBUG rally_openstack.cleanup.manager [-] Deleting neutron.port object s_rally_85c00629_YgrYTdhz (c695e329-78f4-4463-8e39-ed226ddcf5e5)
2019-07-20 09:45:32.593 22705 RALLYDEBUG rally_openstack.cleanup.manager [-] Deleting neutron.port object s_rally_85c00629_gjdSrTLG (c6f62eb2-204c-4019-b118-f17405501782)
2019-07-20 09:45:32.653 22705 RALLYDEBUG rally_openstack.cleanup.manager [-] Deleting neutron.port object s_rally_85c00629_09j15j2K (c864b2dc-a1a9-4991-a98f-eadec83ffad4)
2019-07-20 09:45:32.700 22705 RALLYDEBUG rally_openstack.cleanup.manager [-] Deleting neutron.port object s_rally_85c00629_45bpVJvi (c9345724-bd8e-470f-b9c8-616fa09cb269)
2019-07-20 09:45:33.139 22705 RALLYDEBUG rally_openstack.cleanup.manager [-] Deleting neutron.port object s_rally_85c00629_kUrzjFGd (c94af2e2-09ce-4817-99a3-2fcb82f5515f)
2019-07-20 09:45:33.207 22705 RALLYDEBUG rally_openstack.cleanup.manager [-] Deleting neutron.port object s_rally_85c00629_NVIzJuTH (cb30791c-bcbc-419d-8863-f4b190a17ec4)
2019-07-20 09:45:33.504 22705 RALLYDEBUG rally_openstack.cleanup.manager [-] Deleting neutron.port object s_rally_85c00629_UdS0k1Vz (cb749181-0b8a-404e-9a6c-05405209bb87)
2019-07-20 09:45:33.635 22705 RALLYDEBUG rally_openstack.cleanup.manager [-] Deleting neutron.port object s_rally_85c00629_woGf8U4L (cb79db5b-ee88-46ef-930a-dfad19f4df8f)
2019-07-20 09:45:34.323 22705 RALLYDEBUG rally_openstack.cleanup.manager [-] Deleting neutron.port object s_rally_85c00629_mOlxKbv3 (cbe98a73-989f-453a-a937-f04bdac4c2ff)
2019-07-20 09:45:34.379 22705 RALLYDEBUG rally_openstack.cleanup.manager [-] Deleting neutron.port object s_rally_85c00629_5MbCq7Xy (cd4ee880-f24e-46a4-b327-f66d370e1efb)
2019-07-20 09:45:34.688 22705 RALLYDEBUG rally_openstack.cleanup.manager [-] Deleting neutron.port object s_rally_85c00629_covvmMmO (cd5e44dc-f36b-445b-9769-ad99d14be5d1)
2019-07-20 09:45:35.471 22705 RALLYDEBUG rally_openstack.cleanup.manager [-] Deleting neutron.port object s_rally_85c00629_7jBEadqf (cdd3e996-cf59-44d4-a5eb-38b5b0d6f19d)
2019-07-20 09:45:35.472 22705 RALLYDEBUG rally_openstack.cleanup.manager [-] Deleting neutron.port object s_rally_85c00629_ZSlWgRlz (cdbdf028-11f2-4fa7-8a44-5c6279e78f08)
2019-07-20 09:45:35.508 22705 RALLYDEBUG rally_openstack.cleanup.manager [-] Deleting neutron.port object s_rally_85c00629_vvZA3jJb (ce45df16-1171-4609-a26d-6cb0302eca04)
2019-07-20 09:45:35.546 22705 RALLYDEBUG rally_openstack.cleanup.manager [-] Deleting neutron.port object s_rally_85c00629_O9SYiRDk (cef38516-0962-4c51-9ef0-18f164f8b496)
2019-07-20 09:45:35.582 22705 RALLYDEBUG rally_openstack.cleanup.manager [-] Deleting neutron.port object s_rally_85c00629_LsWRXVY4 (d1ab764e-268b-45da-b0b2-9758245596bb)
2019-07-20 09:45:35.641 22705 RALLYDEBUG rally_openstack.cleanup.manager [-] Deleting neutron.port object s_rally_85c00629_4mtbJnT1 (d2e62899-cd89-4f8b-9737-721b4cae0b15)
2019-07-20 09:45:35.702 22705 RALLYDEBUG rally_openstack.cleanup.manager [-] Deleting neutron.port object s_rally_85c00629_i7Y7U3FE (d4c8e02e-78d6-47c1-b2da-e3fe994c5cff)
2019-07-20 09:45:35.775 22705 RALLYDEBUG rally_openstack.cleanup.manager [-] Deleting neutron.port object s_rally_85c00629_bHKgAOAw (d6c7c9a8-18bb-4069-aa2c-7109840bda15)
2019-07-20 09:45:35.789 22705 RALLYDEBUG rally_openstack.cleanup.manager [-] Deleting neutron.port object s_rally_85c00629_EKF7Al4x (d9617538-1176-4a6a-b786-0b224e83b58a)
2019-07-20 09:45:35.790 22705 RALLYDEBUG rally_openstack.cleanup.manager [-] Deleting neutron.port object s_rally_85c00629_YZhs2N7H (d876df02-5ac0-4cad-b9f1-5b0954ed86b6)
2019-07-20 09:45:35.902 22705 RALLYDEBUG rally_openstack.cleanup.manager [-] Deleting neutron.port object s_rally_85c00629_nqbaiShu (d96dd89c-7abd-462b-a1a8-636b4bfd6191)
2019-07-20 09:45:35.984 22705 RALLYDEBUG rally_openstack.cleanup.manager [-] Deleting neutron.port object s_rally_85c00629_epAs7r5P (daedb178-0289-4b8f-afa5-797433a4e7d1)
2019-07-20 09:45:36.010 22705 RALLYDEBUG rally_openstack.cleanup.manager [-] Deleting neutron.port object s_rally_85c00629_3TaFxrJ0 (daeeb915-ba5d-40fd-8a2d-79ad94ce2238)
2019-07-20 09:45:36.018 22705 RALLYDEBUG rally_openstack.cleanup.manager [-] Deleting neutron.port object s_rally_85c00629_y4I45cqo (db74f318-d598-4650-8a4a-9de8e5ff1138)
2019-07-20 09:45:36.021 22705 RALLYDEBUG rally_openstack.cleanup.manager [-] Deleting neutron.port object s_rally_85c00629_TPAhOfyM (dbde2df2-76fa-410e-83d8-1ba3cb25c35c)
2019-07-20 09:45:36.060 22705 RALLYDEBUG rally_openstack.cleanup.manager [-] Deleting neutron.port object s_rally_85c00629_98wV74xA (e11a94d6-4fea-4ab3-9372-dae82faed5f2)
2019-07-20 09:45:36.280 22705 RALLYDEBUG rally_openstack.cleanup.manager [-] Deleting neutron.port object s_rally_85c00629_ZP9KT5Nn (e2c4b6ea-6c2e-413b-a88d-386bb4c42627)
2019-07-20 09:45:36.887 22705 RALLYDEBUG rally_openstack.cleanup.manager [-] Deleting neutron.port object s_rally_85c00629_vAIJtozg (e3138e19-753f-4899-8a92-0cde74dc44f1)
2019-07-20 09:45:37.319 22705 RALLYDEBUG rally_openstack.cleanup.manager [-] Deleting neutron.port object s_rally_85c00629_EFNj9wy5 (e94f90f5-9078-4114-b117-0dc9956a5488)
2019-07-20 09:45:37.355 22705 RALLYDEBUG rally_openstack.cleanup.manager [-] Deleting neutron.port object s_rally_85c00629_NgvqPakd (eb01c1ae-c8d3-445d-a273-a4fd36c85031)
2019-07-20 09:45:38.828 22705 RALLYDEBUG rally_openstack.cleanup.manager [-] Deleting neutron.port object s_rally_85c00629_e0mblYa4 (ed4e0cea-acbb-4041-8a32-22dff2f4e6bb)
2019-07-20 09:45:38.901 22705 RALLYDEBUG rally_openstack.cleanup.manager [-] Deleting neutron.port object s_rally_85c00629_6I2nHb8m (edd05d8d-7642-4b1b-9488-0681a9e2ca24)
2019-07-20 09:45:39.040 22705 RALLYDEBUG rally_openstack.cleanup.manager [-] Deleting neutron.port object s_rally_85c00629_mbE7z5Zd (f049a15a-e6e4-4c6f-b9cc-a64fe067e6ba)
2019-07-20 09:45:39.067 22705 RALLYDEBUG rally_openstack.cleanup.manager [-] Deleting neutron.port object s_rally_85c00629_7z0G0NgX (f0db8515-519f-4a44-81dd-eec1ae572754)
2019-07-20 09:45:39.251 22705 RALLYDEBUG rally_openstack.cleanup.manager [-] Deleting neutron.port object s_rally_85c00629_O2aucLsh (f0e091ee-bb5a-4612-972d-04177ab9f422)
2019-07-20 09:45:39.279 22705 RALLYDEBUG rally_openstack.cleanup.manager [-] Deleting neutron.port object s_rally_85c00629_K7MiopXK (f69591e6-1638-481d-a037-76a0fc11f9af)
2019-07-20 09:45:39.399 22705 RALLYDEBUG rally_openstack.cleanup.manager [-] Deleting neutron.port object s_rally_85c00629_HBi2hWKi (f88c4589-0f36-4db3-9bc9-e3874a1781b0)
2019-07-20 09:45:39.512 22705 RALLYDEBUG rally_openstack.cleanup.manager [-] Deleting neutron.port object s_rally_85c00629_GZwOg5tB (fa306409-80bd-4a24-b722-3af55beac9bb)
2019-07-20 09:45:39.567 22705 RALLYDEBUG rally_openstack.cleanup.manager [-] Deleting neutron.port object s_rally_85c00629_qd0f3wYB (fa5d52ee-d4e6-416c-9ae6-365185f78f4c)
2019-07-20 09:45:39.568 22705 RALLYDEBUG rally_openstack.cleanup.manager [-] Deleting neutron.port object s_rally_85c00629_msZRNX6r (fa61ffae-db89-4951-98aa-0a2b16133366)
2019-07-20 09:45:39.638 22705 RALLYDEBUG rally_openstack.cleanup.manager [-] Deleting neutron.port object s_rally_85c00629_NSxZKuWZ (fc8e2dbf-1dc7-48b7-873a-c79af8da35e0)
2019-07-20 09:45:39.638 22705 RALLYDEBUG rally_openstack.cleanup.manager [-] Deleting neutron.port object s_rally_85c00629_7ynFfaWu (fd16d860-3eaf-4bf0-910e-e2483a90d61b)
2019-07-20 09:45:39.677 22705 RALLYDEBUG rally_openstack.cleanup.manager [-] Deleting neutron.port object s_rally_85c00629_wXhPtOnD (fd893d3a-709e-45b3-be8e-f60cc416e249)
2019-07-20 09:45:39.789 22705 RALLYDEBUG rally_openstack.cleanup.manager [-] Deleting neutron.port object s_rally_85c00629_atgIdSLH (fe6a9fc9-5a7d-4a0b-a32d-6d4f8e486206)
2019-07-20 09:45:39.790 22705 RALLYDEBUG rally_openstack.cleanup.manager [-] Deleting neutron.port object s_rally_85c00629_ceUEhTry (ffff1bdb-bb1d-449f-8a87-a9927f3b5ee9)
2019-07-20 09:45:42.732 22705 RALLYDEBUG rally_openstack.cleanup.manager [-] Cleaning up neutron subnet objects
2019-07-20 09:45:43.652 22705 RALLYDEBUG rally_openstack.cleanup.manager [-] Cleaning up neutron network objects
2019-07-20 09:45:44.445 22705 RALLYDEBUG rally_openstack.cleanup.manager [-] Deleting neutron.network object s_rally_85c00629_pOSsaQ78 (05caa7a2-9333-44c3-9a92-ae4a2460c152)
2019-07-20 09:45:44.451 22705 RALLYDEBUG rally_openstack.cleanup.manager [-] Deleting neutron.network object s_rally_85c00629_FHNVy7l1 (0219533b-d377-4b18-bd27-1cde9a7e4fd5)
2019-07-20 09:45:44.451 22705 RALLYDEBUG rally_openstack.cleanup.manager [-] Deleting neutron.network object s_rally_85c00629_dWNxqEvr (0b0cfdf4-2e2d-47b3-a1df-7ed2baa6c1fc)
2019-07-20 09:45:44.460 22705 RALLYDEBUG rally_openstack.cleanup.manager [-] Deleting neutron.network object s_rally_85c00629_8x4FTX55 (184735bf-4018-4ca9-8933-09a92acc8fa8)
2019-07-20 09:45:44.471 22705 RALLYDEBUG rally_openstack.cleanup.manager [-] Deleting neutron.network object s_rally_85c00629_Lq1QZIAN (23ab595f-29cb-48f3-87e0-dbd632ee23bc)
2019-07-20 09:45:44.475 22705 RALLYDEBUG rally_openstack.cleanup.manager [-] Deleting neutron.network object s_rally_85c00629_OzaBpYNC (254768c5-b60f-468d-b2fb-5f86ba89163a)
2019-07-20 09:45:44.486 22705 RALLYDEBUG rally_openstack.cleanup.manager [-] Deleting neutron.network object s_rally_85c00629_n46sYrAa (25b22ee1-ac0f-4b36-ac9f-7d4689004cc9)
2019-07-20 09:45:44.494 22705 RALLYDEBUG rally_openstack.cleanup.manager [-] Deleting neutron.network object s_rally_85c00629_TopTN7XK (2a9dac72-fab8-4053-92b9-00b9972678da)
2019-07-20 09:45:44.507 22705 RALLYDEBUG rally_openstack.cleanup.manager [-] Deleting neutron.network object s_rally_85c00629_GFyTQlmw (2ce8e6e7-2089-4e22-97eb-3cf0c3a8cdca)
2019-07-20 09:45:44.520 22705 RALLYDEBUG rally_openstack.cleanup.manager [-] Deleting neutron.network object s_rally_85c00629_8Q0JzJaz (3048c2ac-680a-4ded-86b2-07af53f636e2)
2019-07-20 09:45:44.531 22705 RALLYDEBUG rally_openstack.cleanup.manager [-] Deleting neutron.network object s_rally_85c00629_3gAS0S8Y (3054c01e-650d-44cd-926e-e680b2687d00)
2019-07-20 09:45:44.547 22705 RALLYDEBUG rally_openstack.cleanup.manager [-] Deleting neutron.network object s_rally_85c00629_UEy1oz6g (306c6bdf-f1a5-4dc4-b37d-999c60b5be47)
2019-07-20 09:45:44.562 22705 RALLYDEBUG rally_openstack.cleanup.manager [-] Deleting neutron.network object s_rally_85c00629_D0ZtgZl1 (429cbff5-4fc1-4fcf-8560-637b63e8b34e)
2019-07-20 09:45:44.567 22705 RALLYDEBUG rally_openstack.cleanup.manager [-] Deleting neutron.network object s_rally_85c00629_TxhQpVMB (44cd455b-2ae8-4d43-aa09-8339164c724e)
2019-07-20 09:45:44.577 22705 RALLYDEBUG rally_openstack.cleanup.manager [-] Deleting neutron.network object s_rally_85c00629_B6V1Z78t (447d98f7-1582-4536-9d48-7baffcb5879f)
2019-07-20 09:45:44.591 22705 RALLYDEBUG rally_openstack.cleanup.manager [-] Deleting neutron.network object s_rally_85c00629_Kcvv1Wu5 (48d6bca6-9a73-482e-b001-60eb7a1e1351)
2019-07-20 09:45:44.596 22705 RALLYDEBUG rally_openstack.cleanup.manager [-] Deleting neutron.network object s_rally_85c00629_4pEWteoR (4c37683a-66c8-4320-96dc-7554aabc56c2)
2019-07-20 09:45:44.616 22705 RALLYDEBUG rally_openstack.cleanup.manager [-] Deleting neutron.network object s_rally_85c00629_vY56pVGS (5285df54-2e87-430f-98c8-f3676d84e300)
2019-07-20 09:45:44.620 22705 RALLYDEBUG rally_openstack.cleanup.manager [-] Deleting neutron.network object s_rally_85c00629_vCvrP4nK (54ab5e4a-9c09-466c-8ec9-bfe845cd244c)
2019-07-20 09:45:44.628 22705 RALLYDEBUG rally_openstack.cleanup.manager [-] Deleting neutron.network object s_rally_85c00629_vOB2BFdg (55588d72-10ea-412c-82eb-c16cf88ad737)
2019-07-20 09:45:48.003 22705 RALLYDEBUG rally_openstack.cleanup.manager [-] Deleting neutron.network object s_rally_85c00629_2aRKsYh7 (5714ec66-e461-4b8c-891f-8a1cc444a061)
2019-07-20 09:45:48.373 22705 RALLYDEBUG rally_openstack.cleanup.manager [-] Deleting neutron.network object s_rally_85c00629_Oeu3o1C7 (6176a073-f48a-4a9e-bd31-fcc030d1b9c7)
2019-07-20 09:45:48.456 22705 RALLYDEBUG rally_openstack.cleanup.manager [-] Deleting neutron.network object s_rally_85c00629_ifKTl0bN (66058a85-e9cc-49ea-9d58-993c990cdaa3)
2019-07-20 09:45:48.529 22705 RALLYDEBUG rally_openstack.cleanup.manager [-] Deleting neutron.network object s_rally_85c00629_vasZIBgN (70e1de2b-88c5-4e82-91d4-fb7f70f35844)
2019-07-20 09:45:48.692 22705 RALLYDEBUG rally_openstack.cleanup.manager [-] Deleting neutron.network object s_rally_85c00629_zqi7Cm8G (7717df82-87bd-4c89-b708-dc48ff29d2ba)
2019-07-20 09:45:48.822 22705 RALLYDEBUG rally_openstack.cleanup.manager [-] Deleting neutron.network object s_rally_85c00629_KwZ8otIV (7fccea73-ae6c-4e17-9938-96c5797abe6f)
2019-07-20 09:45:49.145 22705 RALLYDEBUG rally_openstack.cleanup.manager [-] Deleting neutron.network object s_rally_85c00629_KmfZJ48C (90a62361-0943-4c8a-b5f6-9c5e8bf89f9a)
2019-07-20 09:45:49.179 22705 RALLYDEBUG rally_openstack.cleanup.manager [-] Deleting neutron.network object s_rally_85c00629_HwVMsJ9c (90f948c6-7f89-4c52-b43c-824f43843b46)
2019-07-20 09:45:49.201 22705 RALLYDEBUG rally_openstack.cleanup.manager [-] Deleting neutron.network object s_rally_85c00629_QJmxVcTa (af18c199-dd1e-4ddc-a584-ed97c0edf227)
2019-07-20 09:45:49.216 22705 RALLYDEBUG rally_openstack.cleanup.manager [-] Deleting neutron.network object s_rally_85c00629_EnR2Cemy (b3f7fd70-63fb-4683-af19-cf9afb03c220)
2019-07-20 09:45:49.232 22705 RALLYDEBUG rally_openstack.cleanup.manager [-] Deleting neutron.network object s_rally_85c00629_WW57QOKt (be552ba0-69c4-4a36-b0f2-ac7564686bb0)
2019-07-20 09:45:49.316 22705 RALLYDEBUG rally_openstack.cleanup.manager [-] Deleting neutron.network object s_rally_85c00629_1FfGp5cw (ca09d2aa-29b0-471f-a6c0-993808237422)
2019-07-20 09:45:49.321 22705 RALLYDEBUG rally_openstack.cleanup.manager [-] Deleting neutron.network object s_rally_85c00629_I6CsUQRW (cc0d4db8-a6d6-49c4-b379-7efb2147e974)
2019-07-20 09:45:49.545 22705 RALLYDEBUG rally_openstack.cleanup.manager [-] Deleting neutron.network object s_rally_85c00629_pHp1LaWJ (cf9f6b4a-f7e1-4d33-ba08-7e0f1b3cec47)
2019-07-20 09:45:49.715 22705 RALLYDEBUG rally_openstack.cleanup.manager [-] Deleting neutron.network object s_rally_85c00629_SAdEJUhm (daf19e03-c254-4132-91ca-ba3ab3efbab7)
2019-07-20 09:45:49.718 22705 RALLYDEBUG rally_openstack.cleanup.manager [-] Deleting neutron.network object s_rally_85c00629_LEPkHv7T (e67f8c64-5e98-4025-bde6-d0c6fdba9871)
2019-07-20 09:45:50.389 22705 RALLYDEBUG rally_openstack.cleanup.manager [-] Deleting neutron.network object s_rally_85c00629_Ui3tugBB (f66525d2-9409-42a2-a42d-3fc2119fa098)
2019-07-20 09:45:50.454 22705 RALLYDEBUG rally_openstack.cleanup.manager [-] Deleting neutron.network object s_rally_85c00629_luk17aRE (fbcf8ef6-2865-4557-a55c-0090e9d80790)
2019-07-20 09:45:50.606 22705 RALLYDEBUG rally_openstack.cleanup.manager [-] Deleting neutron.network object s_rally_85c00629_zw05C8Nr (fcedae40-4655-48c5-88be-a0b08a89362e)
2019-07-20 09:45:50.630 22705 RALLYDEBUG rally_openstack.cleanup.manager [-] Deleting neutron.network object s_rally_85c00629_NfIzwp3M (fe8330e1-c065-4f09-9028-ed5aea8f51f8)
2019-07-20 09:45:54.044 22705 RALLYDEBUG rally_openstack.cleanup.manager [-] Cleaning up neutron router objects
2019-07-20 09:45:54.724 22705 RALLYDEBUG rally_openstack.cleanup.manager [-] Cleaning up neutron security_group objects
2019-07-20 09:45:55.484 22705 INFO rally.task.context [-] Task b6918239-556c-427e-8a55-b9e5d9b3106f | Context cleanup@openstack cleanup() finished in 52.45 sec
2019-07-20 09:45:55.485 22705 INFO rally.task.context [-] Task b6918239-556c-427e-8a55-b9e5d9b3106f | Context quotas@openstack cleanup() started
2019-07-20 09:45:55.698 22705 INFO rally.task.context [-] Task b6918239-556c-427e-8a55-b9e5d9b3106f | Context quotas@openstack cleanup() finished in 0.21 sec
2019-07-20 09:45:55.698 22705 INFO rally.task.context [-] Task b6918239-556c-427e-8a55-b9e5d9b3106f | Context users@openstack cleanup() started
2019-07-20 09:46:00.078 22705 INFO rally.task.context [-] Task b6918239-556c-427e-8a55-b9e5d9b3106f | Context users@openstack cleanup() finished in 4.38 sec
2019-07-20 09:46:00.991 22705 INFO rally.task.engine [-] Load duration is: 49.488893
2019-07-20 09:46:00.991 22705 INFO rally.task.engine [-] Full runner duration is: 49.543044
2019-07-20 09:46:00.992 22705 INFO rally.task.engine [-] Full duration is: 111.538484
2019-07-20 09:46:01.194 22705 INFO rally.task.engine [-] Running workload: position = 2 config = { "version": 2, "title": "A cropped version of a bigger task.", "description": "Auto-generated task from a single workload (uuid=d5d2368b-a203-47c3-8251-6585391b59a7)", "subtasks": [ { "title": "NeutronNetworks.create_and_delete_ports", "description": "Create and delete a port.", "scenario": { "NeutronNetworks.create_and_delete_ports": { "network_create_args": {}, "port_create_args": {}, "ports_per_network": 5 } }, "contexts": { "users": { "tenants": 1, "users_per_tenant": 1 }, "quotas": { "neutron": { "network": -1, "port": -1 } } }, "runner": { "constant": { "times": 40, "concurrency": 20 } }, "hooks": [], "sla": { "failure_rate": { "max": 0 } } } ] }
2019-07-20 09:46:01.218 22705 RALLYDEBUG rally_openstack.contexts.keystone.users [-] Creating 1 tenants using 20 threads
2019-07-20 09:46:03.000 22705 RALLYDEBUG rally_openstack.contexts.keystone.users [-] Creating 1 users using 20 threads
2019-07-20 09:46:05.561 22705 INFO rally.task.context [-] Task b6918239-556c-427e-8a55-b9e5d9b3106f | Context users@openstack setup() finished in 4.34 sec
2019-07-20 09:46:06.303 22705 INFO rally.task.context [-] Task b6918239-556c-427e-8a55-b9e5d9b3106f | Context quotas@openstack setup() finished in 0.74 sec
2019-07-20 09:46:06.303 22705 INFO rally.task.context [-] Task b6918239-556c-427e-8a55-b9e5d9b3106f | Context cleanup@openstack setup() finished in 0.01 msec
2019-07-20 09:46:06.311 22705 RALLYDEBUG rally.task.runner [-] Starting the constant runner (task UUID: b6918239-556c-427e-8a55-b9e5d9b3106f). timeout: 0 concurrency: 20 concurrency_per_worker: 1 times: 40 concurrency_overhead: 4 processes_to_start: 16 max_cpu_used: 16
2019-07-20 09:46:06.326 26951 RALLYDEBUG rally.task.runner [-] Starting a worker. concurrency: 2 args: {"network_create_args": {}, "port_create_args": {}, "ports_per_network": 5} times: 40 method_name: run timeout: 0 duration: None cls:
2019-07-20 09:46:06.327 26952 RALLYDEBUG rally.task.runner [-] Starting a worker. concurrency: 2 args: {"network_create_args": {}, "port_create_args": {}, "ports_per_network": 5} times: 40 method_name: run timeout: 0 duration: None cls:
2019-07-20 09:46:06.329 26953 RALLYDEBUG rally.task.runner [-] Starting a worker. concurrency: 2 args: {"network_create_args": {}, "port_create_args": {}, "ports_per_network": 5} times: 40 method_name: run timeout: 0 duration: None cls:
2019-07-20 09:46:06.332 26951 INFO rally.task.runner [-] Task b6918239-556c-427e-8a55-b9e5d9b3106f | ITER: 1 START
2019-07-20 09:46:06.333 26951 WARNING rally_openstack.scenarios.neutron.utils [-] Running this scenario without either the 'network' or 'existing_network' context is deprecated
2019-07-20 09:46:06.333 26952 INFO rally.task.runner [-] Task b6918239-556c-427e-8a55-b9e5d9b3106f | ITER: 2 START
2019-07-20 09:46:06.333 26954 RALLYDEBUG rally.task.runner [-] Starting a worker. concurrency: 2 args: {"network_create_args": {}, "port_create_args": {}, "ports_per_network": 5} times: 40 method_name: run timeout: 0 duration: None cls:
2019-07-20 09:46:06.335 26952 WARNING rally_openstack.scenarios.neutron.utils [-] Running this scenario without either the 'network' or 'existing_network' context is deprecated
2019-07-20 09:46:06.339 26955 RALLYDEBUG rally.task.runner [-] Starting a worker. concurrency: 1 args: {"network_create_args": {}, "port_create_args": {}, "ports_per_network": 5} times: 40 method_name: run timeout: 0 duration: None cls:
2019-07-20 09:46:06.344 26961 RALLYDEBUG rally.task.runner [-] Starting a worker. concurrency: 1 args: {"network_create_args": {}, "port_create_args": {}, "ports_per_network": 5} times: 40 method_name: run timeout: 0 duration: None cls:
2019-07-20 09:46:06.344 26960 RALLYDEBUG rally.task.runner [-] Starting a worker. concurrency: 1 args: {"network_create_args": {}, "port_create_args": {}, "ports_per_network": 5} times: 40 method_name: run timeout: 0 duration: None cls:
2019-07-20 09:46:06.346 26953 INFO rally.task.runner [-] Task b6918239-556c-427e-8a55-b9e5d9b3106f | ITER: 4 START
2019-07-20 09:46:06.347 26952 INFO rally.task.runner [-] Task b6918239-556c-427e-8a55-b9e5d9b3106f | ITER: 5 START
2019-07-20 09:46:06.348 26952 WARNING rally_openstack.scenarios.neutron.utils [-] Running this scenario without either the 'network' or 'existing_network' context is deprecated
2019-07-20 09:46:06.347 26953 INFO rally.task.runner [-] Task b6918239-556c-427e-8a55-b9e5d9b3106f | ITER: 7 START
2019-07-20 09:46:06.348 26962 RALLYDEBUG rally.task.runner [-] Starting a worker. concurrency: 1 args: {"network_create_args": {}, "port_create_args": {}, "ports_per_network": 5} times: 40 method_name: run timeout: 0 duration: None cls:
2019-07-20 09:46:06.349 26953 WARNING rally_openstack.scenarios.neutron.utils [-] Running this scenario without either the 'network' or 'existing_network' context is deprecated
2019-07-20 09:46:06.350 26965 RALLYDEBUG rally.task.runner [-] Starting a worker. concurrency: 1 args: {"network_create_args": {}, "port_create_args": {}, "ports_per_network": 5} times: 40 method_name: run timeout: 0 duration: None cls:
2019-07-20 09:46:06.352 26960 INFO rally.task.runner [-] Task b6918239-556c-427e-8a55-b9e5d9b3106f | ITER: 10 START
2019-07-20 09:46:06.353 26960 WARNING rally_openstack.scenarios.neutron.utils [-] Running this scenario without either the 'network' or 'existing_network' context is deprecated
2019-07-20 09:46:06.354 26970 RALLYDEBUG rally.task.runner [-] Starting a worker. concurrency: 1 args: {"network_create_args": {}, "port_create_args": {}, "ports_per_network": 5} times: 40 method_name: run timeout: 0 duration: None cls:
2019-07-20 09:46:06.355 26955 INFO rally.task.runner [-] Task b6918239-556c-427e-8a55-b9e5d9b3106f | ITER: 8 START
2019-07-20 09:46:06.356 26951 INFO rally.task.runner [-] Task b6918239-556c-427e-8a55-b9e5d9b3106f | ITER: 3 START
2019-07-20 09:46:06.349 26953 WARNING rally_openstack.scenarios.neutron.utils [-] Running this scenario without either the 'network' or 'existing_network' context is deprecated
2019-07-20 09:46:06.357 26955 WARNING rally_openstack.scenarios.neutron.utils [-] Running this scenario without either the 'network' or 'existing_network' context is deprecated
2019-07-20 09:46:06.357 26965 INFO rally.task.runner [-] Task b6918239-556c-427e-8a55-b9e5d9b3106f | ITER: 13 START
2019-07-20 09:46:06.355 26954 INFO rally.task.runner [-] Task b6918239-556c-427e-8a55-b9e5d9b3106f | ITER: 11 START
2019-07-20 09:46:06.357 26951 WARNING rally_openstack.scenarios.neutron.utils [-] Running this scenario without either the 'network' or 'existing_network' context is deprecated
2019-07-20 09:46:06.357 26961 INFO rally.task.runner [-] Task b6918239-556c-427e-8a55-b9e5d9b3106f | ITER: 9 START
2019-07-20 09:46:06.359 26961 WARNING rally_openstack.scenarios.neutron.utils [-] Running this scenario without either the 'network' or 'existing_network' context is deprecated
2019-07-20 09:46:06.357 26954 INFO rally.task.runner [-] Task b6918239-556c-427e-8a55-b9e5d9b3106f | ITER: 6 START
2019-07-20 09:46:06.358 26973 RALLYDEBUG rally.task.runner [-] Starting a worker. concurrency: 1 args: {"network_create_args": {}, "port_create_args": {}, "ports_per_network": 5} times: 40 method_name: run timeout: 0 duration: None cls:
2019-07-20 09:46:06.359 26954 WARNING rally_openstack.scenarios.neutron.utils [-] Running this scenario without either the 'network' or 'existing_network' context is deprecated
2019-07-20 09:46:06.361 26965 WARNING rally_openstack.scenarios.neutron.utils [-] Running this scenario without either the 'network' or 'existing_network' context is deprecated
2019-07-20 09:46:06.362 26980 RALLYDEBUG rally.task.runner [-] Starting a worker. concurrency: 1 args: {"network_create_args": {}, "port_create_args": {}, "ports_per_network": 5} times: 40 method_name: run timeout: 0 duration: None cls:
2019-07-20 09:46:06.366 26962 INFO rally.task.runner [-] Task b6918239-556c-427e-8a55-b9e5d9b3106f | ITER: 12 START
2019-07-20 09:46:06.366 26986 RALLYDEBUG rally.task.runner [-] Starting a worker. concurrency: 1 args: {"network_create_args": {}, "port_create_args": {}, "ports_per_network": 5} times: 40 method_name: run timeout: 0 duration: None cls:
2019-07-20 09:46:06.367 26973 INFO rally.task.runner [-] Task b6918239-556c-427e-8a55-b9e5d9b3106f | ITER: 15 START
2019-07-20 09:46:06.367 26970 INFO rally.task.runner [-] Task b6918239-556c-427e-8a55-b9e5d9b3106f | ITER: 14 START
2019-07-20 09:46:06.368 26980 INFO rally.task.runner [-] Task b6918239-556c-427e-8a55-b9e5d9b3106f | ITER: 16 START
2019-07-20 09:46:06.369 26973 WARNING rally_openstack.scenarios.neutron.utils [-] Running this scenario without either the 'network' or 'existing_network' context is deprecated
2019-07-20 09:46:06.368 26962 WARNING rally_openstack.scenarios.neutron.utils [-] Running this scenario without either the 'network' or 'existing_network' context is deprecated
2019-07-20 09:46:06.369 26980 WARNING rally_openstack.scenarios.neutron.utils [-] Running this scenario without either the 'network' or 'existing_network' context is deprecated
2019-07-20 09:46:06.371 26986 INFO rally.task.runner [-] Task b6918239-556c-427e-8a55-b9e5d9b3106f | ITER: 17 START
2019-07-20 09:46:06.367 26954 WARNING rally_openstack.scenarios.neutron.utils [-] Running this scenario without either the 'network' or 'existing_network' context is deprecated
2019-07-20 09:46:06.372 26986 WARNING rally_openstack.scenarios.neutron.utils [-] Running this scenario without either the 'network' or 'existing_network' context is deprecated
2019-07-20 09:46:06.380 26988 RALLYDEBUG rally.task.runner [-] Starting a worker. concurrency: 1 args: {"network_create_args": {}, "port_create_args": {}, "ports_per_network": 5} times: 40 method_name: run timeout: 0 duration: None cls:
2019-07-20 09:46:06.380 26995 RALLYDEBUG rally.task.runner [-] Starting a worker. concurrency: 1 args: {"network_create_args": {}, "port_create_args": {}, "ports_per_network": 5} times: 40 method_name: run timeout: 0 duration: None cls:
2019-07-20 09:46:06.382 26970 WARNING rally_openstack.scenarios.neutron.utils [-] Running this scenario without either the 'network' or 'existing_network' context is deprecated
2019-07-20 09:46:06.385 26995 INFO rally.task.runner [-] Task b6918239-556c-427e-8a55-b9e5d9b3106f | ITER: 19 START
2019-07-20 09:46:06.386 26988 INFO rally.task.runner [-] Task b6918239-556c-427e-8a55-b9e5d9b3106f | ITER: 18 START
2019-07-20 09:46:06.387 26995 WARNING rally_openstack.scenarios.neutron.utils [-] Running this scenario without either the 'network' or 'existing_network' context is deprecated
2019-07-20 09:46:06.387 26988 WARNING rally_openstack.scenarios.neutron.utils [-] Running this scenario without either the 'network' or 'existing_network' context is deprecated
2019-07-20 09:46:06.387 26996 RALLYDEBUG rally.task.runner [-] Starting a worker. concurrency: 1 args: {"network_create_args": {}, "port_create_args": {}, "ports_per_network": 5} times: 40 method_name: run timeout: 0 duration: None cls:
2019-07-20 09:46:06.393 26996 INFO rally.task.runner [-] Task b6918239-556c-427e-8a55-b9e5d9b3106f | ITER: 20 START
2019-07-20 09:46:06.395 26996 WARNING rally_openstack.scenarios.neutron.utils [-] Running this scenario without either the 'network' or 'existing_network' context is deprecated
2019-07-20 09:46:16.232 26953 INFO rally.task.runner [-] Task b6918239-556c-427e-8a55-b9e5d9b3106f | ITER: 4 END: OK
2019-07-20 09:46:16.236 26953 INFO rally.task.runner [-] Task b6918239-556c-427e-8a55-b9e5d9b3106f | ITER: 21 START
2019-07-20 09:46:16.237 26953 WARNING rally_openstack.scenarios.neutron.utils [-] Running this scenario without either the 'network' or 'existing_network' context is deprecated
2019-07-20 09:46:17.272 26954 INFO rally.task.runner [-] Task b6918239-556c-427e-8a55-b9e5d9b3106f | ITER: 6 END: OK
2019-07-20 09:46:17.276 26954 INFO rally.task.runner [-] Task b6918239-556c-427e-8a55-b9e5d9b3106f | ITER: 22 START
2019-07-20 09:46:17.277 26954 WARNING rally_openstack.scenarios.neutron.utils [-] Running this scenario without either the 'network' or 'existing_network' context is deprecated
2019-07-20 09:46:17.319 26952 INFO rally.task.runner [-] Task b6918239-556c-427e-8a55-b9e5d9b3106f | ITER: 5 END: OK
2019-07-20 09:46:17.323 26952 INFO rally.task.runner [-] Task b6918239-556c-427e-8a55-b9e5d9b3106f | ITER: 23 START
2019-07-20 09:46:17.324 26952 WARNING rally_openstack.scenarios.neutron.utils [-] Running this scenario without either the 'network' or 'existing_network' context is deprecated
2019-07-20 09:46:24.008 26953 INFO rally.task.runner [-] Task b6918239-556c-427e-8a55-b9e5d9b3106f | ITER: 7 END: OK
2019-07-20 09:46:24.011 26953 INFO rally.task.runner [-] Task b6918239-556c-427e-8a55-b9e5d9b3106f | ITER: 24 START
2019-07-20 09:46:24.012 26953 WARNING rally_openstack.scenarios.neutron.utils [-] Running this scenario without either the 'network' or 'existing_network' context is deprecated
2019-07-20 09:46:24.213 26954 INFO rally.task.runner [-] Task b6918239-556c-427e-8a55-b9e5d9b3106f | ITER: 11 END: OK
2019-07-20 09:46:24.217 26954 INFO rally.task.runner [-] Task b6918239-556c-427e-8a55-b9e5d9b3106f | ITER: 25 START
2019-07-20 09:46:24.218 26954 WARNING rally_openstack.scenarios.neutron.utils [-] Running this scenario without either the 'network' or 'existing_network' context is deprecated
2019-07-20 09:46:26.596 26952 INFO rally.task.runner [-] Task b6918239-556c-427e-8a55-b9e5d9b3106f | ITER: 23 END: OK
2019-07-20 09:46:26.600 26952 INFO rally.task.runner [-] Task b6918239-556c-427e-8a55-b9e5d9b3106f | ITER: 26 START
2019-07-20 09:46:26.600 26952 WARNING rally_openstack.scenarios.neutron.utils [-] Running this scenario without either the 'network' or 'existing_network' context is deprecated
2019-07-20 09:46:28.031 26970 INFO rally.task.runner [-] Task b6918239-556c-427e-8a55-b9e5d9b3106f | ITER: 14 END: OK
2019-07-20 09:46:28.036 26970 INFO rally.task.runner [-] Task b6918239-556c-427e-8a55-b9e5d9b3106f | ITER: 27 START
2019-07-20 09:46:28.036 26970 WARNING rally_openstack.scenarios.neutron.utils [-] Running this scenario without either the 'network' or 'existing_network' context is deprecated
2019-07-20 09:46:28.101 26995 INFO rally.task.runner [-] Task b6918239-556c-427e-8a55-b9e5d9b3106f | ITER: 19 END: OK
2019-07-20 09:46:28.105 26986 INFO rally.task.runner [-] Task b6918239-556c-427e-8a55-b9e5d9b3106f | ITER: 17 END: OK
2019-07-20 09:46:28.106 26995 INFO rally.task.runner [-] Task b6918239-556c-427e-8a55-b9e5d9b3106f | ITER: 28 START
2019-07-20 09:46:28.107 26995 WARNING rally_openstack.scenarios.neutron.utils [-] Running this scenario without either the 'network' or 'existing_network' context is deprecated
2019-07-20 09:46:28.110 26986 INFO rally.task.runner [-] Task b6918239-556c-427e-8a55-b9e5d9b3106f | ITER: 29 START
2019-07-20 09:46:28.110 26986 WARNING rally_openstack.scenarios.neutron.utils [-] Running this scenario without either the 'network' or 'existing_network' context is deprecated
2019-07-20 09:46:32.111 26980 INFO rally.task.runner [-] Task b6918239-556c-427e-8a55-b9e5d9b3106f | ITER: 16 END: OK
2019-07-20 09:46:32.116 26980 INFO rally.task.runner [-] Task b6918239-556c-427e-8a55-b9e5d9b3106f | ITER: 30 START
2019-07-20 09:46:32.116 26980 WARNING rally_openstack.scenarios.neutron.utils [-] Running this scenario without either the 'network' or 'existing_network' context is deprecated
2019-07-20 09:46:32.156 26951 INFO rally.task.runner [-] Task b6918239-556c-427e-8a55-b9e5d9b3106f | ITER: 3 END: OK
2019-07-20 09:46:32.161 26951 INFO rally.task.runner [-] Task b6918239-556c-427e-8a55-b9e5d9b3106f | ITER: 31 START
2019-07-20 09:46:32.161 26951 WARNING rally_openstack.scenarios.neutron.utils [-] Running this scenario without either the 'network' or 'existing_network' context is deprecated
2019-07-20 09:46:32.229 26973 INFO rally.task.runner [-] Task b6918239-556c-427e-8a55-b9e5d9b3106f | ITER: 15 END: OK
2019-07-20 09:46:32.233 26973 INFO rally.task.runner [-] Task b6918239-556c-427e-8a55-b9e5d9b3106f | ITER: 32 START
2019-07-20 09:46:32.234 26973 WARNING rally_openstack.scenarios.neutron.utils [-] Running this scenario without either the 'network' or 'existing_network' context is deprecated
2019-07-20 09:46:32.684 26953 INFO rally.task.runner [-] Task b6918239-556c-427e-8a55-b9e5d9b3106f | ITER: 21 END: OK
2019-07-20 09:46:32.689 26953 INFO rally.task.runner [-] Task b6918239-556c-427e-8a55-b9e5d9b3106f | ITER: 33 START
2019-07-20 09:46:32.689 26953 WARNING rally_openstack.scenarios.neutron.utils [-] Running this scenario without either the 'network' or 'existing_network' context is deprecated
2019-07-20 09:46:33.661 26954 INFO rally.task.runner [-] Task b6918239-556c-427e-8a55-b9e5d9b3106f | ITER: 22 END: OK
2019-07-20 09:46:33.664 26954 INFO rally.task.runner [-] Task b6918239-556c-427e-8a55-b9e5d9b3106f | ITER: 34 START
2019-07-20 09:46:33.665 26954 WARNING rally_openstack.scenarios.neutron.utils [-] Running this scenario without either the 'network' or 'existing_network' context is deprecated
2019-07-20 09:46:37.204 26995 INFO rally.task.runner [-] Task b6918239-556c-427e-8a55-b9e5d9b3106f | ITER: 28 END: OK
2019-07-20 09:46:37.207 26995 INFO rally.task.runner [-] Task b6918239-556c-427e-8a55-b9e5d9b3106f | ITER: 35 START
2019-07-20 09:46:37.208 26995 WARNING rally_openstack.scenarios.neutron.utils [-] Running this scenario without either the 'network' or 'existing_network' context is deprecated
2019-07-20 09:46:37.334 26952 INFO rally.task.runner [-] Task b6918239-556c-427e-8a55-b9e5d9b3106f | ITER: 26 END: OK
2019-07-20 09:46:37.341 26952 INFO rally.task.runner [-] Task b6918239-556c-427e-8a55-b9e5d9b3106f | ITER: 36 START
2019-07-20 09:46:37.342 26952 WARNING rally_openstack.scenarios.neutron.utils [-] Running this scenario without either the 'network' or 'existing_network' context is deprecated
2019-07-20 09:46:39.007 26970 INFO rally.task.runner [-] Task b6918239-556c-427e-8a55-b9e5d9b3106f | ITER: 27 END: OK
2019-07-20 09:46:39.013 26970 INFO rally.task.runner [-] Task b6918239-556c-427e-8a55-b9e5d9b3106f | ITER: 37 START
2019-07-20 09:46:39.014 26970 WARNING rally_openstack.scenarios.neutron.utils [-] Running this scenario without either the 'network' or 'existing_network' context is deprecated
2019-07-20 09:46:41.373 26954 INFO rally.task.runner [-] Task b6918239-556c-427e-8a55-b9e5d9b3106f | ITER: 25 END: OK
2019-07-20 09:46:41.375 26953 INFO rally.task.runner [-] Task b6918239-556c-427e-8a55-b9e5d9b3106f | ITER: 24 END: OK
2019-07-20 09:46:41.379 26954 INFO rally.task.runner [-] Task b6918239-556c-427e-8a55-b9e5d9b3106f | ITER: 38 START
