2019-07-20 09:46:41.380 26953 INFO rally.task.runner [-] Task b6918239-556c-427e-8a55-b9e5d9b3106f | ITER: 39 START
2019-07-20 09:46:41.380 26954 WARNING rally_openstack.scenarios.neutron.utils [-] Running this scenario without either the 'network' or 'existing_network' context is deprecated
2019-07-20 09:46:41.380 26953 WARNING rally_openstack.scenarios.neutron.utils [-] Running this scenario without either the 'network' or 'existing_network' context is deprecated
2019-07-20 09:46:41.532 26961 INFO rally.task.runner [-] Task b6918239-556c-427e-8a55-b9e5d9b3106f | ITER: 9 END: OK
2019-07-20 09:46:41.540 26961 INFO rally.task.runner [-] Task b6918239-556c-427e-8a55-b9e5d9b3106f | ITER: 40 START
2019-07-20 09:46:41.542 26961 WARNING rally_openstack.scenarios.neutron.utils [-] Running this scenario without either the 'network' or 'existing_network' context is deprecated
2019-07-20 09:46:41.600 26986 INFO rally.task.runner [-] Task b6918239-556c-427e-8a55-b9e5d9b3106f | ITER: 29 END: OK
2019-07-20 09:46:41.854 26960 INFO rally.task.runner [-] Task b6918239-556c-427e-8a55-b9e5d9b3106f | ITER: 10 END: OK
2019-07-20 09:46:41.856 26955 INFO rally.task.runner [-] Task b6918239-556c-427e-8a55-b9e5d9b3106f | ITER: 8 END: OK
2019-07-20 09:46:41.931 26951 INFO rally.task.runner [-] Task b6918239-556c-427e-8a55-b9e5d9b3106f | ITER: 1 END: OK
2019-07-20 09:46:42.692 26973 INFO rally.task.runner [-] Task b6918239-556c-427e-8a55-b9e5d9b3106f | ITER: 32 END: OK
2019-07-20 09:46:42.993 26980 INFO rally.task.runner [-] Task b6918239-556c-427e-8a55-b9e5d9b3106f | ITER: 30 END: OK
2019-07-20 09:46:44.204 26951 INFO rally.task.runner [-] Task b6918239-556c-427e-8a55-b9e5d9b3106f | ITER: 31 END: OK
2019-07-20 09:46:44.937 26954 INFO rally.task.runner [-] Task b6918239-556c-427e-8a55-b9e5d9b3106f | ITER: 34 END: OK
2019-07-20 09:46:47.067 26953 INFO rally.task.runner [-] Task b6918239-556c-427e-8a55-b9e5d9b3106f | ITER: 33 END: OK
2019-07-20 09:46:47.997 26970 INFO rally.task.runner [-] Task b6918239-556c-427e-8a55-b9e5d9b3106f | ITER: 37 END: OK
2019-07-20 09:46:48.403 26952 INFO rally.task.runner [-] Task b6918239-556c-427e-8a55-b9e5d9b3106f | ITER: 2 END: OK
2019-07-20 09:46:48.613 26965 INFO rally.task.runner [-] Task b6918239-556c-427e-8a55-b9e5d9b3106f | ITER: 13 END: OK
2019-07-20 09:46:48.823 26988 INFO rally.task.runner [-] Task b6918239-556c-427e-8a55-b9e5d9b3106f | ITER: 18 END: OK
2019-07-20 09:46:49.058 26996 INFO rally.task.runner [-] Task b6918239-556c-427e-8a55-b9e5d9b3106f | ITER: 20 END: OK
2019-07-20 09:46:49.060 26962 INFO rally.task.runner [-] Task b6918239-556c-427e-8a55-b9e5d9b3106f | ITER: 12 END: OK
2019-07-20 09:46:50.582 26961 INFO rally.task.runner [-] Task b6918239-556c-427e-8a55-b9e5d9b3106f | ITER: 40 END: OK
2019-07-20 09:46:52.436 26995 INFO rally.task.runner [-] Task b6918239-556c-427e-8a55-b9e5d9b3106f | ITER: 35 END: OK
2019-07-20 09:46:52.437 26952 INFO rally.task.runner [-] Task b6918239-556c-427e-8a55-b9e5d9b3106f | ITER: 36 END: OK
2019-07-20 09:46:55.093 26953 INFO rally.task.runner [-] Task b6918239-556c-427e-8a55-b9e5d9b3106f | ITER: 39 END: OK
2019-07-20 09:46:55.223 26954 INFO rally.task.runner [-] Task b6918239-556c-427e-8a55-b9e5d9b3106f | ITER: 38 END: OK
2019-07-20 09:46:55.249 22705 INFO rally.task.context [-] Task b6918239-556c-427e-8a55-b9e5d9b3106f | Context cleanup@openstack cleanup() started
2019-07-20 09:46:55.251 22705 RALLYDEBUG rally_openstack.cleanup.manager [-] Cleaning up neutron vip objects
2019-07-20 09:46:55.954 22705 RALLYDEBUG rally_openstack.cleanup.manager [-] Cleaning up neutron health_monitor objects
2019-07-20 09:46:56.717 22705 RALLYDEBUG rally_openstack.cleanup.manager [-] Cleaning up neutron pool objects
2019-07-20 09:46:57.367 22705 RALLYDEBUG rally_openstack.cleanup.manager [-] Cleaning up neutron loadbalancer objects
2019-07-20 09:46:58.002 22705 RALLYDEBUG rally_openstack.cleanup.manager [-] Cleaning up neutron floatingip objects
2019-07-20 09:46:58.762 22705 RALLYDEBUG rally_openstack.cleanup.manager [-] Cleaning up neutron port objects
2019-07-20 09:46:59.526 22705 RALLYDEBUG rally_openstack.cleanup.manager [-] Cleaning up neutron subnet objects
2019-07-20 09:47:00.172 22705 RALLYDEBUG rally_openstack.cleanup.manager [-] Cleaning up neutron network objects
2019-07-20 09:47:01.093 22705 RALLYDEBUG rally_openstack.cleanup.manager [-] Deleting neutron.network object s_rally_d5d2368b_xun0Y0yd (007bc96d-51a4-4b50-845a-8c01d3452aad)
2019-07-20 09:47:01.093 22705 RALLYDEBUG rally_openstack.cleanup.manager [-] Deleting neutron.network object s_rally_d5d2368b_55SUb7ov (13338cde-b3fa-4f87-a77e-593274e92ef3)
2019-07-20 09:47:01.099 22705 RALLYDEBUG rally_openstack.cleanup.manager [-] Deleting neutron.network object s_rally_d5d2368b_vHQsruSj (0715e4d6-2cd1-45a8-8c73-c1cb8dfac018)
2019-07-20 09:47:01.100 22705 RALLYDEBUG rally_openstack.cleanup.manager [-] Deleting neutron.network object s_rally_d5d2368b_rMz6ccZE (0262eac0-42b3-4df0-a384-8181e8460185)
2019-07-20 09:47:01.100 22705 RALLYDEBUG rally_openstack.cleanup.manager [-] Deleting neutron.network object s_rally_d5d2368b_H3qqBxfM (0310fdb8-d48b-4204-91e2-28dee10614b0)
2019-07-20 09:47:01.108 22705 RALLYDEBUG rally_openstack.cleanup.manager [-] Deleting neutron.network object s_rally_d5d2368b_Pf8WOPD9 (119d4eaa-6c28-4acb-aa49-58caf90ba508)
2019-07-20 09:47:01.125 22705 RALLYDEBUG rally_openstack.cleanup.manager [-] Deleting neutron.network object s_rally_d5d2368b_cFkbeyV9 (1bf81c5a-dda1-45a0-8a26-89f42d9e7d59)
2019-07-20 09:47:01.127 22705 RALLYDEBUG rally_openstack.cleanup.manager [-] Deleting neutron.network object s_rally_d5d2368b_9JkEulD2 (154ec020-2cf3-4648-a4a3-abad439a867f)
2019-07-20 09:47:01.128 22705 RALLYDEBUG rally_openstack.cleanup.manager [-] Deleting neutron.network object s_rally_d5d2368b_U1XTH5uf (1e3f9d0b-b004-4b2c-b5a5-c55a1968af38)
2019-07-20 09:47:01.130 22705 RALLYDEBUG rally_openstack.cleanup.manager [-] Deleting neutron.network object s_rally_d5d2368b_HVxa6NeO (150495ad-eb76-42bd-b69f-0f180eff9475)
2019-07-20 09:47:01.138 22705 RALLYDEBUG rally_openstack.cleanup.manager [-] Deleting neutron.network object s_rally_d5d2368b_0lCKRXQ5 (1ef94af8-5950-41e4-a2bd-89c56c5010b3)
2019-07-20 09:47:01.150 22705 RALLYDEBUG rally_openstack.cleanup.manager [-] Deleting neutron.network object s_rally_d5d2368b_5Ee2yCXa (13ca1f1a-c017-498b-868d-18bc5984e725)
2019-07-20 09:47:01.189 22705 RALLYDEBUG rally_openstack.cleanup.manager [-] Deleting neutron.network object s_rally_d5d2368b_hfAqqkz0 (25a3e6e0-689c-49d5-b774-78e98de01154)
2019-07-20 09:47:01.191 22705 RALLYDEBUG rally_openstack.cleanup.manager [-] Deleting neutron.network object s_rally_d5d2368b_DSxswNDK (20d8c43e-69c6-46b2-b5de-dba5e4991c9b)
2019-07-20 09:47:01.197 22705 RALLYDEBUG rally_openstack.cleanup.manager [-] Deleting neutron.network object s_rally_d5d2368b_q8UHIhkS (22a60dc0-c2bf-4584-b76a-e7153baca483)
2019-07-20 09:47:01.220 22705 RALLYDEBUG rally_openstack.cleanup.manager [-] Deleting neutron.network object s_rally_d5d2368b_mW3bTdgm (3251ee95-f5c1-48ad-aa15-9b1f7ca0a843)
2019-07-20 09:47:01.241 22705 RALLYDEBUG rally_openstack.cleanup.manager [-] Deleting neutron.network object s_rally_d5d2368b_JFRxSacf (4587a02c-bad0-4c1a-a9bb-c26276bee419)
2019-07-20 09:47:01.269 22705 RALLYDEBUG rally_openstack.cleanup.manager [-] Deleting neutron.network object s_rally_d5d2368b_92TM2Kfz (5ba0f9a4-e765-4f4b-b3f1-4e8cc350c42b)
2019-07-20 09:47:01.279 22705 RALLYDEBUG rally_openstack.cleanup.manager [-] Deleting neutron.network object s_rally_d5d2368b_hLRD1lRr (5a3e92a8-3cc3-4b70-85bb-0fcf48f6695e)
2019-07-20 09:47:01.292 22705 RALLYDEBUG rally_openstack.cleanup.manager [-] Deleting neutron.network object s_rally_d5d2368b_s9JqwqWo (7034de1e-53af-4399-bf41-a39519c840f5)
2019-07-20 09:47:04.094 22705 RALLYDEBUG rally_openstack.cleanup.manager [-] Deleting neutron.network object s_rally_d5d2368b_nvnlcVzi (7ea162eb-e6b5-4e5a-a466-dfc385f63bf8)
2019-07-20 09:47:04.238 22705 RALLYDEBUG rally_openstack.cleanup.manager [-] Deleting neutron.network object s_rally_d5d2368b_BV1O56rW (8583353a-019a-4cfe-89b8-7dd6be7d49c1)
2019-07-20 09:47:04.320 22705 RALLYDEBUG rally_openstack.cleanup.manager [-] Deleting neutron.network object s_rally_d5d2368b_By8bxvFX (94302c08-6101-4598-bd41-30c340d48107)
2019-07-20 09:47:04.368 22705 RALLYDEBUG rally_openstack.cleanup.manager [-] Deleting neutron.network object s_rally_d5d2368b_1Jnkj1pW (9c4191b3-a55b-44e0-8f5c-738a01432cee)
2019-07-20 09:47:05.493 22705 RALLYDEBUG rally_openstack.cleanup.manager [-] Deleting neutron.network object s_rally_d5d2368b_usBnF7av (b57d3426-dbca-4e78-8f9b-2234e2066db9)
2019-07-20 09:47:06.293 22705 RALLYDEBUG rally_openstack.cleanup.manager [-] Deleting neutron.network object s_rally_d5d2368b_TFOVaeqR (c093d16f-76da-4553-9619-077647bdebef)
2019-07-20 09:47:06.872 22705 RALLYDEBUG rally_openstack.cleanup.manager [-] Deleting neutron.network object s_rally_d5d2368b_M9xU5uET (c43c9a17-0d09-49b7-a4f4-95e9d1d8a291)
2019-07-20 09:47:06.983 22705 RALLYDEBUG rally_openstack.cleanup.manager [-] Deleting neutron.network object s_rally_d5d2368b_wMe7TDvD (c9af94a3-a195-42da-8e9b-de9863f4d04e)
2019-07-20 09:47:07.263 22705 RALLYDEBUG rally_openstack.cleanup.manager [-] Deleting neutron.network object s_rally_d5d2368b_utINi1kG (caf9d0d4-5122-4b12-94fa-8d24de8b70b2)
2019-07-20 09:47:07.783 22705 RALLYDEBUG rally_openstack.cleanup.manager [-] Deleting neutron.network object s_rally_d5d2368b_FVO0HVjc (cc676e13-bc0a-4fa9-9225-38865a970e7a)
2019-07-20 09:47:08.073 22705 RALLYDEBUG rally_openstack.cleanup.manager [-] Deleting neutron.network object s_rally_d5d2368b_VVryO8TF (d3534292-73c8-4071-b8b7-c74557262c57)
2019-07-20 09:47:08.179 22705 RALLYDEBUG rally_openstack.cleanup.manager [-] Deleting neutron.network object s_rally_d5d2368b_ZfvVVTSG (d9f632cd-35d2-4c0a-83cd-55c854725048)
2019-07-20 09:47:08.392 22705 RALLYDEBUG rally_openstack.cleanup.manager [-] Deleting neutron.network object s_rally_d5d2368b_unOVpUzC (ddb7a178-17cc-4434-9d1a-a946e352419d)
2019-07-20 09:47:08.434 22705 RALLYDEBUG rally_openstack.cleanup.manager [-] Deleting neutron.network object s_rally_d5d2368b_W6tlXPQa (e1bdd6d0-ac7c-4f2d-832d-57184984958f)
2019-07-20 09:47:08.437 22705 RALLYDEBUG rally_openstack.cleanup.manager [-] Deleting neutron.network object s_rally_d5d2368b_dUwfQ1P0 (df9f2d62-5758-4555-8445-9c50047190ee)
2019-07-20 09:47:08.444 22705 RALLYDEBUG rally_openstack.cleanup.manager [-] Deleting neutron.network object s_rally_d5d2368b_qafT8yC9 (e1dbbcf0-ed12-43ca-be35-6939df84c6e6)
2019-07-20 09:47:08.627 22705 RALLYDEBUG rally_openstack.cleanup.manager [-] Deleting neutron.network object s_rally_d5d2368b_FaY2XjT5 (f05f8d1c-4aac-49db-979a-4d25dbd7d2d9)
2019-07-20 09:47:08.649 22705 RALLYDEBUG rally_openstack.cleanup.manager [-] Deleting neutron.network object s_rally_d5d2368b_dylc8R3p (f18e6cc9-5b86-4ed1-b9fe-7f61a29a77a3)
2019-07-20 09:47:08.665 22705 RALLYDEBUG rally_openstack.cleanup.manager [-] Deleting neutron.network object s_rally_d5d2368b_od63MA6m (f8e4725f-3576-4aba-8696-0a95f051c484)
2019-07-20 09:47:08.761 22705 RALLYDEBUG rally_openstack.cleanup.manager [-] Deleting neutron.network object s_rally_d5d2368b_kKx6PoLT (fac6ac22-0ee7-4dd7-a703-29d2b62a07af)
2019-07-20 09:47:11.887 22705 RALLYDEBUG rally_openstack.cleanup.manager [-] Cleaning up neutron router objects
2019-07-20 09:47:12.555 22705 RALLYDEBUG rally_openstack.cleanup.manager [-] Cleaning up neutron security_group objects
2019-07-20 09:47:13.205 22705 INFO rally.task.context [-] Task b6918239-556c-427e-8a55-b9e5d9b3106f | Context cleanup@openstack cleanup() finished in 17.96 sec
2019-07-20 09:47:13.206 22705 INFO rally.task.context [-] Task b6918239-556c-427e-8a55-b9e5d9b3106f | Context quotas@openstack cleanup() started
2019-07-20 09:47:13.474 22705 INFO rally.task.context [-] Task b6918239-556c-427e-8a55-b9e5d9b3106f | Context quotas@openstack cleanup() finished in 0.27 sec
2019-07-20 09:47:13.474 22705 INFO rally.task.context [-] Task b6918239-556c-427e-8a55-b9e5d9b3106f | Context users@openstack cleanup() started
2019-07-20 09:47:17.591 22705 INFO rally.task.context [-] Task b6918239-556c-427e-8a55-b9e5d9b3106f | Context users@openstack cleanup() finished in 4.12 sec
2019-07-20 09:47:19.509 22705 INFO rally.task.engine [-] Load duration is: 48.890338
2019-07-20 09:47:19.509 22705 INFO rally.task.engine [-] Full runner duration is: 48.938092
2019-07-20 09:47:19.510 22705 INFO rally.task.engine [-] Full duration is: 76.376871
2019-07-20 09:47:19.812 22705 INFO rally.task.engine [-] Running workload: position = 0 config = { "version": 2, "title": "A cropped version of a bigger task.", "description": "Auto-generated task from a single workload (uuid=0093aeef-a2bd-47ac-b074-413eb40bfa97)", "subtasks": [ { "title": "Quotas.neutron_update", "description": "Update quotas for neutron.", "scenario": { "Quotas.neutron_update": { "max_quota": 1024 } }, "contexts": { "users": { "tenants": 20, "users_per_tenant": 1 } }, "runner": { "constant": { "times": 40, "concurrency": 20 } }, "hooks": [], "sla": { "failure_rate": { "max": 0 } } } ] }
2019-07-20 09:47:19.833 22705 RALLYDEBUG rally_openstack.contexts.keystone.users [-] Creating 20 tenants using 20 threads
2019-07-20 09:47:24.059 22705 RALLYDEBUG rally_openstack.contexts.keystone.users [-] Creating 20 users using 20 threads
2019-07-20 09:47:29.540 22705 INFO rally.task.context [-] Task b6918239-556c-427e-8a55-b9e5d9b3106f | Context users@openstack setup() finished in 9.71 sec
2019-07-20 09:47:29.541 22705 INFO rally.task.context [-] Task b6918239-556c-427e-8a55-b9e5d9b3106f | Context admin_cleanup@openstack setup() finished in 0.00 msec
2019-07-20 09:47:29.548 22705 RALLYDEBUG rally.task.runner [-] Starting the constant runner (task UUID: b6918239-556c-427e-8a55-b9e5d9b3106f). timeout: 0 concurrency: 20 concurrency_per_worker: 1 times: 40 concurrency_overhead: 4 processes_to_start: 16 max_cpu_used: 16
2019-07-20 09:47:29.561 27321 RALLYDEBUG rally.task.runner [-] Starting a worker. concurrency: 2 args: {"max_quota": 1024} times: 40 method_name: run timeout: 0 duration: None cls:
2019-07-20 09:47:29.564 27322 RALLYDEBUG rally.task.runner [-] Starting a worker. concurrency: 2 args: {"max_quota": 1024} times: 40 method_name: run timeout: 0 duration: None cls:
2019-07-20 09:47:29.567 27323 RALLYDEBUG rally.task.runner [-] Starting a worker. concurrency: 2 args: {"max_quota": 1024} times: 40 method_name: run timeout: 0 duration: None cls:
2019-07-20 09:47:29.571 27324 RALLYDEBUG rally.task.runner [-] Starting a worker. concurrency: 2 args: {"max_quota": 1024} times: 40 method_name: run timeout: 0 duration: None cls:
2019-07-20 09:47:29.571 27321 INFO rally.task.runner [-] Task b6918239-556c-427e-8a55-b9e5d9b3106f | ITER: 1 START
2019-07-20 09:47:29.574 27322 INFO rally.task.runner [-] Task b6918239-556c-427e-8a55-b9e5d9b3106f | ITER: 2 START
2019-07-20 09:47:29.576 27325 RALLYDEBUG rally.task.runner [-] Starting a worker. concurrency: 1 args: {"max_quota": 1024} times: 40 method_name: run timeout: 0 duration: None cls:
2019-07-20 09:47:29.582 27323 INFO rally.task.runner [-] Task b6918239-556c-427e-8a55-b9e5d9b3106f | ITER: 3 START
2019-07-20 09:47:29.582 27324 INFO rally.task.runner [-] Task b6918239-556c-427e-8a55-b9e5d9b3106f | ITER: 6 START
2019-07-20 09:47:29.584 27332 RALLYDEBUG rally.task.runner [-] Starting a worker. concurrency: 1 args: {"max_quota": 1024} times: 40 method_name: run timeout: 0 duration: None cls:
2019-07-20 09:47:29.586 27325 INFO rally.task.runner [-] Task b6918239-556c-427e-8a55-b9e5d9b3106f | ITER: 8 START
2019-07-20 09:47:29.586 27323 INFO rally.task.runner [-] Task b6918239-556c-427e-8a55-b9e5d9b3106f | ITER: 7 START
2019-07-20 09:47:29.590 27321 INFO rally.task.runner [-] Task b6918239-556c-427e-8a55-b9e5d9b3106f | ITER: 4 START
2019-07-20 09:47:29.593 27332 INFO rally.task.runner [-] Task b6918239-556c-427e-8a55-b9e5d9b3106f | ITER: 10 START
2019-07-20 09:47:29.593 27336 RALLYDEBUG rally.task.runner [-] Starting a worker. concurrency: 1 args: {"max_quota": 1024} times: 40 method_name: run timeout: 0 duration: None cls:
2019-07-20 09:47:29.595 27340 RALLYDEBUG rally.task.runner [-] Starting a worker. concurrency: 1 args: {"max_quota": 1024} times: 40 method_name: run timeout: 0 duration: None cls:
2019-07-20 09:47:29.590 27322 INFO rally.task.runner [-] Task b6918239-556c-427e-8a55-b9e5d9b3106f | ITER: 5 START
2019-07-20 09:47:29.602 27345 RALLYDEBUG rally.task.runner [-] Starting a worker. concurrency: 1 args: {"max_quota": 1024} times: 40 method_name: run timeout: 0 duration: None cls:
2019-07-20 09:47:29.604 27346 RALLYDEBUG rally.task.runner [-] Starting a worker. concurrency: 1 args: {"max_quota": 1024} times: 40 method_name: run timeout: 0 duration: None cls:
2019-07-20 09:47:29.605 27340 INFO rally.task.runner [-] Task b6918239-556c-427e-8a55-b9e5d9b3106f | ITER: 12 START
2019-07-20 09:47:29.606 27336 INFO rally.task.runner [-] Task b6918239-556c-427e-8a55-b9e5d9b3106f | ITER: 11 START
2019-07-20 09:47:29.607 27342 RALLYDEBUG rally.task.runner [-] Starting a worker. concurrency: 1 args: {"max_quota": 1024} times: 40 method_name: run timeout: 0 duration: None cls:
2019-07-20 09:47:29.608 27347 RALLYDEBUG rally.task.runner [-] Starting a worker. concurrency: 1 args: {"max_quota": 1024} times: 40 method_name: run timeout: 0 duration: None cls:
2019-07-20 09:47:29.610 27324 INFO rally.task.runner [-] Task b6918239-556c-427e-8a55-b9e5d9b3106f | ITER: 9 START
2019-07-20 09:47:29.612 27346 INFO rally.task.runner [-] Task b6918239-556c-427e-8a55-b9e5d9b3106f | ITER: 14 START
2019-07-20 09:47:29.613 27352 RALLYDEBUG rally.task.runner [-] Starting a worker. concurrency: 1 args: {"max_quota": 1024} times: 40 method_name: run timeout: 0 duration: None cls:
2019-07-20 09:47:29.616 27342 INFO rally.task.runner [-] Task b6918239-556c-427e-8a55-b9e5d9b3106f | ITER: 15 START
2019-07-20 09:47:29.622 27352 INFO rally.task.runner [-] Task b6918239-556c-427e-8a55-b9e5d9b3106f | ITER: 17 START
2019-07-20 09:47:29.625 27345 INFO rally.task.runner [-] Task b6918239-556c-427e-8a55-b9e5d9b3106f | ITER: 13 START
2019-07-20 09:47:29.626 27347 INFO rally.task.runner [-] Task b6918239-556c-427e-8a55-b9e5d9b3106f | ITER: 16 START
2019-07-20 09:47:29.628 27363 RALLYDEBUG rally.task.runner [-] Starting a worker. concurrency: 1 args: {"max_quota": 1024} times: 40 method_name: run timeout: 0 duration: None cls:
2019-07-20 09:47:29.630 27358 RALLYDEBUG rally.task.runner [-] Starting a worker. concurrency: 1 args: {"max_quota": 1024} times: 40 method_name: run timeout: 0 duration: None cls:
2019-07-20 09:47:29.637 27363 INFO rally.task.runner [-] Task b6918239-556c-427e-8a55-b9e5d9b3106f | ITER: 18 START
2019-07-20 09:47:29.637 27366 RALLYDEBUG rally.task.runner [-] Starting a worker. concurrency: 1 args: {"max_quota": 1024} times: 40 method_name: run timeout: 0 duration: None cls:
2019-07-20 09:47:29.638 27358 INFO rally.task.runner [-] Task b6918239-556c-427e-8a55-b9e5d9b3106f | ITER: 19 START
2019-07-20 09:47:29.646 27366 INFO rally.task.runner [-] Task b6918239-556c-427e-8a55-b9e5d9b3106f | ITER: 20 START
2019-07-20 09:47:31.028 27324 INFO rally.task.runner [-] Task b6918239-556c-427e-8a55-b9e5d9b3106f | ITER: 9 END: OK
2019-07-20 09:47:31.035 27324 INFO rally.task.runner [-] Task b6918239-556c-427e-8a55-b9e5d9b3106f | ITER: 21 START
2019-07-20 09:47:31.108 27325 INFO rally.task.runner [-] Task b6918239-556c-427e-8a55-b9e5d9b3106f | ITER: 8 END: OK
2019-07-20 09:47:31.114 27325 INFO rally.task.runner [-] Task b6918239-556c-427e-8a55-b9e5d9b3106f | ITER: 22 START
2019-07-20 09:47:31.142 27321 INFO rally.task.runner [-] Task b6918239-556c-427e-8a55-b9e5d9b3106f | ITER: 1 END: OK
2019-07-20 09:47:31.145 27322 INFO rally.task.runner [-] Task b6918239-556c-427e-8a55-b9e5d9b3106f | ITER: 5 END: OK
2019-07-20 09:47:31.148 27321 INFO rally.task.runner [-] Task b6918239-556c-427e-8a55-b9e5d9b3106f | ITER: 23 START
2019-07-20 09:47:31.152 27322 INFO rally.task.runner [-] Task b6918239-556c-427e-8a55-b9e5d9b3106f | ITER: 24 START
2019-07-20 09:47:31.157 27336 INFO rally.task.runner [-] Task b6918239-556c-427e-8a55-b9e5d9b3106f | ITER: 11 END: OK
2019-07-20 09:47:31.163 27336 INFO rally.task.runner [-] Task b6918239-556c-427e-8a55-b9e5d9b3106f | ITER: 25 START
2019-07-20 09:47:31.179 27332 INFO rally.task.runner [-] Task b6918239-556c-427e-8a55-b9e5d9b3106f | ITER: 10 END: OK
2019-07-20 09:47:31.185 27332 INFO rally.task.runner [-] Task b6918239-556c-427e-8a55-b9e5d9b3106f | ITER: 26 START
2019-07-20 09:47:31.265 27323 INFO rally.task.runner [-] Task b6918239-556c-427e-8a55-b9e5d9b3106f | ITER: 3 END: OK
2019-07-20 09:47:31.272 27323 INFO rally.task.runner [-] Task b6918239-556c-427e-8a55-b9e5d9b3106f | ITER: 27 START
2019-07-20 09:47:31.330 27321 INFO rally.task.runner [-] Task b6918239-556c-427e-8a55-b9e5d9b3106f | ITER: 4 END: OK
2019-07-20 09:47:31.337 27321 INFO rally.task.runner [-] Task b6918239-556c-427e-8a55-b9e5d9b3106f | ITER: 28 START
2019-07-20 09:47:31.369 27322 INFO rally.task.runner [-] Task b6918239-556c-427e-8a55-b9e5d9b3106f | ITER: 2 END: OK
2019-07-20 09:47:31.375 27322 INFO rally.task.runner [-] Task b6918239-556c-427e-8a55-b9e5d9b3106f | ITER: 29 START
2019-07-20 09:47:31.378 27323 INFO rally.task.runner [-] Task b6918239-556c-427e-8a55-b9e5d9b3106f | ITER: 7 END: OK
2019-07-20 09:47:31.384 27323 INFO rally.task.runner [-] Task b6918239-556c-427e-8a55-b9e5d9b3106f | ITER: 30 START
2019-07-20 09:47:31.392 27324 INFO rally.task.runner [-] Task b6918239-556c-427e-8a55-b9e5d9b3106f | ITER: 6 END: OK
2019-07-20 09:47:31.399 27324 INFO rally.task.runner [-] Task b6918239-556c-427e-8a55-b9e5d9b3106f | ITER: 31 START
2019-07-20 09:47:31.406 27340 INFO rally.task.runner [-] Task b6918239-556c-427e-8a55-b9e5d9b3106f | ITER: 12 END: OK
2019-07-20 09:47:31.413 27340 INFO rally.task.runner [-] Task b6918239-556c-427e-8a55-b9e5d9b3106f | ITER: 32 START
2019-07-20 09:47:31.427 27342 INFO rally.task.runner [-] Task b6918239-556c-427e-8a55-b9e5d9b3106f | ITER: 15 END: OK
2019-07-20 09:47:31.433 27342 INFO rally.task.runner [-] Task b6918239-556c-427e-8a55-b9e5d9b3106f | ITER: 33 START
2019-07-20 09:47:31.561 27352 INFO rally.task.runner [-] Task b6918239-556c-427e-8a55-b9e5d9b3106f | ITER: 17 END: OK
2019-07-20 09:47:31.568 27352 INFO rally.task.runner [-] Task b6918239-556c-427e-8a55-b9e5d9b3106f | ITER: 34 START
2019-07-20 09:47:31.587 27366 INFO rally.task.runner [-] Task b6918239-556c-427e-8a55-b9e5d9b3106f | ITER: 20 END: OK
2019-07-20 09:47:31.594 27366 INFO rally.task.runner [-] Task b6918239-556c-427e-8a55-b9e5d9b3106f | ITER: 35 START
2019-07-20 09:47:31.612 27358 INFO rally.task.runner [-] Task b6918239-556c-427e-8a55-b9e5d9b3106f | ITER: 19 END: OK
2019-07-20 09:47:31.612 27363 INFO rally.task.runner [-] Task b6918239-556c-427e-8a55-b9e5d9b3106f | ITER: 18 END: OK
2019-07-20 09:47:31.622 27363 INFO rally.task.runner [-] Task b6918239-556c-427e-8a55-b9e5d9b3106f | ITER: 37 START
2019-07-20 09:47:31.622 27358 INFO rally.task.runner [-] Task b6918239-556c-427e-8a55-b9e5d9b3106f | ITER: 36 START
2019-07-20 09:47:31.652 27346 INFO rally.task.runner [-] Task b6918239-556c-427e-8a55-b9e5d9b3106f | ITER: 14 END: OK
2019-07-20 09:47:31.658 27346 INFO rally.task.runner [-] Task b6918239-556c-427e-8a55-b9e5d9b3106f | ITER: 38 START
2019-07-20 09:47:31.661 27347 INFO rally.task.runner [-] Task b6918239-556c-427e-8a55-b9e5d9b3106f | ITER: 16 END: OK
2019-07-20 09:47:31.667 27347 INFO rally.task.runner [-] Task b6918239-556c-427e-8a55-b9e5d9b3106f | ITER: 39 START
2019-07-20 09:47:31.741 27345 INFO rally.task.runner [-] Task b6918239-556c-427e-8a55-b9e5d9b3106f | ITER: 13 END: OK
2019-07-20 09:47:31.748 27345 INFO rally.task.runner [-] Task b6918239-556c-427e-8a55-b9e5d9b3106f | ITER: 40 START
2019-07-20 09:47:32.450 27324 INFO rally.task.runner [-] Task b6918239-556c-427e-8a55-b9e5d9b3106f | ITER: 21 END: OK
2019-07-20 09:47:32.511 27332 INFO rally.task.runner [-] Task b6918239-556c-427e-8a55-b9e5d9b3106f | ITER: 26 END: OK
2019-07-20 09:47:32.586 27322 INFO rally.task.runner [-] Task b6918239-556c-427e-8a55-b9e5d9b3106f | ITER: 24 END: OK
2019-07-20 09:47:32.589 27336 INFO rally.task.runner [-] Task b6918239-556c-427e-8a55-b9e5d9b3106f | ITER: 25 END: OK
2019-07-20 09:47:32.636 27321 INFO rally.task.runner [-] Task b6918239-556c-427e-8a55-b9e5d9b3106f | ITER: 23 END: OK
2019-07-20 09:47:32.697 27325 INFO rally.task.runner [-] Task b6918239-556c-427e-8a55-b9e5d9b3106f | ITER: 22 END: OK
2019-07-20 09:47:32.715 27321 INFO rally.task.runner [-] Task b6918239-556c-427e-8a55-b9e5d9b3106f | ITER: 28 END: OK
2019-07-20 09:47:32.717 27323 INFO rally.task.runner [-] Task b6918239-556c-427e-8a55-b9e5d9b3106f | ITER: 27 END: OK
2019-07-20 09:47:32.734 27324 INFO rally.task.runner [-] Task b6918239-556c-427e-8a55-b9e5d9b3106f | ITER: 31 END: OK
2019-07-20 09:47:32.761 27323 INFO rally.task.runner [-] Task b6918239-556c-427e-8a55-b9e5d9b3106f | ITER: 30 END: OK
2019-07-20 09:47:32.769 27322 INFO rally.task.runner [-] Task b6918239-556c-427e-8a55-b9e5d9b3106f | ITER: 29 END: OK
2019-07-20 09:47:32.783 27340 INFO rally.task.runner [-] Task b6918239-556c-427e-8a55-b9e5d9b3106f | ITER: 32 END: OK
2019-07-20 09:47:32.843 27342 INFO rally.task.runner [-] Task b6918239-556c-427e-8a55-b9e5d9b3106f | ITER: 33 END: OK
2019-07-20 09:47:32.867 27358 INFO rally.task.runner [-] Task b6918239-556c-427e-8a55-b9e5d9b3106f | ITER: 36 END: OK
2019-07-20 09:47:32.872 27366 INFO rally.task.runner [-] Task b6918239-556c-427e-8a55-b9e5d9b3106f | ITER: 35 END: OK
2019-07-20 09:47:32.879 27352 INFO rally.task.runner [-] Task b6918239-556c-427e-8a55-b9e5d9b3106f | ITER: 34 END: OK
2019-07-20 09:47:32.941 27346 INFO rally.task.runner [-] Task b6918239-556c-427e-8a55-b9e5d9b3106f | ITER: 38 END: OK
2019-07-20 09:47:33.270 27363 INFO rally.task.runner [-] Task b6918239-556c-427e-8a55-b9e5d9b3106f | ITER: 37 END: OK
2019-07-20 09:47:33.324 27347 INFO rally.task.runner [-] Task b6918239-556c-427e-8a55-b9e5d9b3106f | ITER: 39 END: OK
2019-07-20 09:47:33.352 27345 INFO rally.task.runner [-] Task b6918239-556c-427e-8a55-b9e5d9b3106f | ITER: 40 END: OK
2019-07-20 09:47:33.372 22705 INFO rally.task.context [-] Task b6918239-556c-427e-8a55-b9e5d9b3106f | Context admin_cleanup@openstack cleanup() started
2019-07-20 09:47:33.375 22705 RALLYDEBUG rally_openstack.cleanup.manager [-] Cleaning up neutron quota objects
2019-07-20 09:47:37.031 22705 INFO rally.task.context [-] Task b6918239-556c-427e-8a55-b9e5d9b3106f | Context admin_cleanup@openstack cleanup() finished in 3.66 sec
2019-07-20 09:47:37.031 22705 INFO rally.task.context [-] Task b6918239-556c-427e-8a55-b9e5d9b3106f | Context users@openstack cleanup() started
2019-07-20 09:48:04.886 22705 INFO rally.task.context [-] Task b6918239-556c-427e-8a55-b9e5d9b3106f | Context users@openstack cleanup() finished in 27.85 sec
2019-07-20 09:48:06.063 22705 INFO rally.task.engine [-] Load duration is: 3.77702
2019-07-20 09:48:06.063 22705 INFO rally.task.engine [-] Full runner duration is: 3.82439
2019-07-20 09:48:06.063 22705 INFO rally.task.engine [-] Full duration is: 45.055177
2019-07-20 09:48:06.294 22705 INFO rally.task.engine [-] Running workload: position = 0 config = { "version": 2, "title": "A cropped version of a bigger task.", "description": "Auto-generated task from a single workload (uuid=a12a41ee-6ea8-4f1b-bf25-8f1761fdfab8)", "subtasks": [ { "title": "NeutronTrunks.create_and_list_trunk_subports", "description": "", "scenario": { "NeutronTrunks.create_and_list_trunk_subports": { "subport_count": 125 } }, "contexts": { "users": { "tenants": 1, "users_per_tenant": 1 }, "quotas": { "neutron": { "network": -1, "port": 1000 } } }, "runner": { "constant": { "times": 4, "concurrency": 4 } }, "hooks": [], "sla": { "failure_rate": { "max": 0 } } } ] }
2019-07-20 09:48:06.315 22705 RALLYDEBUG rally_openstack.contexts.keystone.users [-] Creating 1 tenants using 20 threads
2019-07-20 09:48:08.007 22705 RALLYDEBUG rally_openstack.contexts.keystone.users [-] Creating 1 users using 20 threads
2019-07-20 09:48:10.340 22705 INFO rally.task.context [-] Task b6918239-556c-427e-8a55-b9e5d9b3106f | Context users@openstack setup() finished in 4.02 sec
2019-07-20 09:48:11.080 22705 INFO rally.task.context [-] Task b6918239-556c-427e-8a55-b9e5d9b3106f | Context quotas@openstack setup() finished in 0.74 sec
2019-07-20 09:48:11.081 22705 INFO rally.task.context [-] Task b6918239-556c-427e-8a55-b9e5d9b3106f | Context cleanup@openstack setup() finished in 0.00 msec
2019-07-20 09:48:11.088 22705 RALLYDEBUG rally.task.runner [-] Starting the constant runner (task UUID: b6918239-556c-427e-8a55-b9e5d9b3106f). timeout: 0 concurrency: 4 concurrency_per_worker: 1 times: 4 concurrency_overhead: 0 processes_to_start: 4 max_cpu_used: 16
2019-07-20 09:48:11.101 27511 RALLYDEBUG rally.task.runner [-] Starting a worker. concurrency: 1 args: {"subport_count": 125} times: 4 method_name: run timeout: 0 duration: None cls:
2019-07-20 09:48:11.104 27512 RALLYDEBUG rally.task.runner [-] Starting a worker. concurrency: 1 args: {"subport_count": 125} times: 4 method_name: run timeout: 0 duration: None cls:
2019-07-20 09:48:11.107 27511 INFO rally.task.runner [-] Task b6918239-556c-427e-8a55-b9e5d9b3106f | ITER: 1 START
2019-07-20 09:48:11.107 27513 RALLYDEBUG rally.task.runner [-] Starting a worker. concurrency: 1 args: {"subport_count": 125} times: 4 method_name: run timeout: 0 duration: None cls:
2019-07-20 09:48:11.110 27512 INFO rally.task.runner [-] Task b6918239-556c-427e-8a55-b9e5d9b3106f | ITER: 2 START
2019-07-20 09:48:11.110 27514 RALLYDEBUG rally.task.runner [-] Starting a worker. concurrency: 1 args: {"subport_count": 125} times: 4 method_name: run timeout: 0 duration: None cls:
2019-07-20 09:48:11.112 27513 INFO rally.task.runner [-] Task b6918239-556c-427e-8a55-b9e5d9b3106f | ITER: 3 START
2019-07-20 09:48:11.115 27514 INFO rally.task.runner [-] Task b6918239-556c-427e-8a55-b9e5d9b3106f | ITER: 4 START
2019-07-20 09:50:40.879 27511 WARNING rally.task.atomic [-] 'optional_action_timer' is deprecated since rally v0.10.0.Please use action_timer instead, we have improved atomic actions, now do not need to explicitly close original action.
2019-07-20 09:50:40.916 27511 WARNING rally.task.atomic [-] 'optional_action_timer' is deprecated since rally v0.10.0.Please use action_timer instead, we have improved atomic actions, now do not need to explicitly close original action.
2019-07-20 09:50:41.647 27512 WARNING rally.task.atomic [-] 'optional_action_timer' is deprecated since rally v0.10.0.Please use action_timer instead, we have improved atomic actions, now do not need to explicitly close original action.
2019-07-20 09:50:41.681 27512 WARNING rally.task.atomic [-] 'optional_action_timer' is deprecated since rally v0.10.0.Please use action_timer instead, we have improved atomic actions, now do not need to explicitly close original action.
2019-07-20 09:50:41.936 27511 INFO rally.task.runner [-] Task b6918239-556c-427e-8a55-b9e5d9b3106f | ITER: 1 END: OK
2019-07-20 09:50:42.634 27512 INFO rally.task.runner [-] Task b6918239-556c-427e-8a55-b9e5d9b3106f | ITER: 2 END: OK
2019-07-20 09:50:44.265 27514 WARNING rally.task.atomic [-] 'optional_action_timer' is deprecated since rally v0.10.0.Please use action_timer instead, we have improved atomic actions, now do not need to explicitly close original action.
2019-07-20 09:50:44.297 27514 WARNING rally.task.atomic [-] 'optional_action_timer' is deprecated since rally v0.10.0.Please use action_timer instead, we have improved atomic actions, now do not need to explicitly close original action.
2019-07-20 09:50:44.383 27513 WARNING rally.task.atomic [-] 'optional_action_timer' is deprecated since rally v0.10.0.Please use action_timer instead, we have improved atomic actions, now do not need to explicitly close original action.
2019-07-20 09:50:44.418 27513 WARNING rally.task.atomic [-] 'optional_action_timer' is deprecated since rally v0.10.0.Please use action_timer instead, we have improved atomic actions, now do not need to explicitly close original action.
2019-07-20 09:50:45.205 27514 INFO rally.task.runner [-] Task b6918239-556c-427e-8a55-b9e5d9b3106f | ITER: 4 END: OK
2019-07-20 09:50:45.386 27513 INFO rally.task.runner [-] Task b6918239-556c-427e-8a55-b9e5d9b3106f | ITER: 3 END: OK
2019-07-20 09:50:45.407 22705 INFO rally.task.context [-] Task b6918239-556c-427e-8a55-b9e5d9b3106f | Context cleanup@openstack cleanup() started
2019-07-20 09:50:45.409 22705 RALLYDEBUG rally_openstack.cleanup.manager [-] Cleaning up neutron vip objects
2019-07-20 09:50:46.135 22705 RALLYDEBUG rally_openstack.cleanup.manager [-] Cleaning up neutron health_monitor objects
2019-07-20 09:50:46.854 22705 RALLYDEBUG rally_openstack.cleanup.manager [-] Cleaning up neutron pool objects
2019-07-20 09:50:48.101 22705 RALLYDEBUG rally_openstack.cleanup.manager [-] Cleaning up neutron loadbalancer objects
2019-07-20 09:50:48.821 22705 RALLYDEBUG rally_openstack.cleanup.manager [-] Cleaning up neutron floatingip objects
2019-07-20 09:50:49.582 22705 RALLYDEBUG rally_openstack.cleanup.manager [-] Cleaning up neutron port objects
2019-07-20 09:50:51.539 22705 RALLYDEBUG rally_openstack.cleanup.manager [-] Deleting neutron.port object s_rally_a12a41ee_SyxRpnRr (023208b4-e4ab-4fa7-b185-df0cfdd80219)
2019-07-20 09:50:51.539 22705 RALLYDEBUG rally_openstack.cleanup.manager [-] Deleting neutron.port object s_rally_a12a41ee_NyEG5vfL (03400e8d-0b11-4633-8848-6fb572430f71)
2019-07-20 09:50:51.544 22705 RALLYDEBUG rally_openstack.cleanup.manager [-] Deleting neutron.port object s_rally_a12a41ee_ZAT351MQ (0562e066-8ebf-48ec-af89-5eaf8eeb9f21)
2019-07-20 09:50:51.545 22705 RALLYDEBUG rally_openstack.cleanup.manager [-] Deleting neutron.port object s_rally_a12a41ee_KMINwxxL (0559b98f-6b26-4b22-8e2b-233c925496a4)
2019-07-20 09:50:51.546 22705 RALLYDEBUG rally_openstack.cleanup.manager [-] Deleting neutron.port object s_rally_a12a41ee_rz13zm1T (025ed40e-2132-4ef8-9e65-fd68bfdde13c)
2019-07-20 09:50:51.553 22705 RALLYDEBUG rally_openstack.cleanup.manager [-] Deleting neutron.port object s_rally_a12a41ee_fklbEzrf (05d2df71-f21a-48cf-9199-7588dcccf0b7)
2019-07-20 09:50:51.563 22705 RALLYDEBUG rally_openstack.cleanup.manager [-] Deleting neutron.port object s_rally_a12a41ee_Y2qiCUfe (0607eb1b-4043-4f15-9a53-7346f10812d4)
2019-07-20 09:50:51.575 22705 RALLYDEBUG rally_openstack.cleanup.manager [-] Deleting neutron.port object s_rally_a12a41ee_bh0gXPao (0173f7fc-f3b6-4ad3-a2c5-41b7854a7cc4)
2019-07-20 09:50:51.575 22705 RALLYDEBUG rally_openstack.cleanup.manager [-] Deleting neutron.port object s_rally_a12a41ee_wekZ7JrT (06670ad7-2d6c-44cd-a091-4320ddf0ab28)
2019-07-20 09:50:51.584 22705 RALLYDEBUG rally_openstack.cleanup.manager [-] Deleting neutron.port object s_rally_a12a41ee_nNbTPXvR (0668446e-1f38-4ff2-979c-51f84539060d)
2019-07-20 09:50:51.588 22705 RALLYDEBUG rally_openstack.cleanup.manager [-] Deleting neutron.port object s_rally_a12a41ee_HRsyT1qo (069caf22-ee3a-428f-93b4-b70d902b0dd3)
2019-07-20 09:50:51.606 22705 RALLYDEBUG rally_openstack.cleanup.manager [-] Deleting neutron.port object s_rally_a12a41ee_KNBwblFZ (07de7199-339a-4308-b0fb-52b0f6d87092)
2019-07-20 09:50:51.614 22705 RALLYDEBUG rally_openstack.cleanup.manager [-] Deleting neutron.port object s_rally_a12a41ee_xZvOXNdA (08080c5b-019d-4bfb-8661-cdd53907d71e)
2019-07-20 09:50:51.618 22705 RALLYDEBUG rally_openstack.cleanup.manager [-] Deleting neutron.port object s_rally_a12a41ee_avtWfkKB (08edca7a-8eb4-4130-92bf-1202582a30d2)
2019-07-20 09:50:51.631 22705 RALLYDEBUG rally_openstack.cleanup.manager [-] Deleting neutron.port object s_rally_a12a41ee_20CVFMFU (01837529-5b71-4a7a-8b66-af30ba4c7bc4)
2019-07-20 09:50:51.636 22705 RALLYDEBUG rally_openstack.cleanup.manager [-] Deleting neutron.port object s_rally_a12a41ee_8dm3D8Al (09456d7f-0ab6-4672-b1cf-e5aab55ace80)
2019-07-20 09:50:51.653 22705 RALLYDEBUG rally_openstack.cleanup.manager [-] Deleting neutron.port object s_rally_a12a41ee_D03Kbuev (0990c1ef-65d7-4597-8b6a-adbae31ade51)
2019-07-20 09:50:51.658 22705 RALLYDEBUG rally_openstack.cleanup.manager [-] Deleting neutron.port object s_rally_a12a41ee_VN3B2Rua (09533359-493f-47e5-b294-0e47058a32ff)
2019-07-20 09:50:51.674 22705 RALLYDEBUG rally_openstack.cleanup.manager [-] Deleting neutron.port object s_rally_a12a41ee_FRG9nycc (0a0ac761-f6ec-4a86-876c-e6fe2d798e1a)
2019-07-20 09:50:51.677 22705 RALLYDEBUG rally_openstack.cleanup.manager [-] Deleting neutron.port object s_rally_a12a41ee_EzW49jnE (0aeb8e9a-4409-4aaa-895c-920f577c70cd)
2019-07-20 09:50:54.248 22705 RALLYDEBUG rally_openstack.cleanup.manager [-] Deleting neutron.port object s_rally_a12a41ee_uHj77J7O (0b337ff3-9f07-415d-aa2a-4ea79e779a9c)
2019-07-20 09:50:54.278 22705 RALLYDEBUG rally_openstack.cleanup.manager [-] Deleting neutron.port object s_rally_a12a41ee_JMrChRvO (0b69a313-967c-46a7-a6e9-5e23326536cd)
2019-07-20 09:50:54.294 22705 RALLYDEBUG rally_openstack.cleanup.manager [-] Deleting neutron.port object s_rally_a12a41ee_z7Ncvhzp (0b6eb93f-8586-4bba-a5c7-2dda774e0379)
2019-07-20 09:50:54.355 22705 RALLYDEBUG rally_openstack.cleanup.manager [-] Deleting neutron.port object s_rally_a12a41ee_mwsBciWl (0b88f65b-1300-4184-8c44-fe5d4f200f90)
2019-07-20 09:50:56.170 22705 RALLYDEBUG rally_openstack.cleanup.manager [-] Deleting neutron.port object s_rally_a12a41ee_vtTACQ2r (0b95e900-358e-4882-8083-3a7c33c72fbd)
2019-07-20 09:50:56.424 22705 RALLYDEBUG rally_openstack.cleanup.manager [-] Deleting neutron.port object s_rally_a12a41ee_l7XMYJZv (0bb35a75-cba2-41b0-9e99-0bf9c581c498)
2019-07-20 09:50:56.682 22705 RALLYDEBUG rally_openstack.cleanup.manager [-] Deleting neutron.port object s_rally_a12a41ee_NK61JOwu (0bdd1191-9f0e-441c-a708-85e51d05efdf)
2019-07-20 09:50:56.909 22705 RALLYDEBUG rally_openstack.cleanup.manager [-] Deleting neutron.port object s_rally_a12a41ee_gTaONs4K (0c35f992-8219-4d05-b07d-98e28e4dc3a1)
2019-07-20 09:50:57.699 22705 RALLYDEBUG rally_openstack.cleanup.manager [-] Deleting neutron.port object s_rally_a12a41ee_7aisSGfi (0ca28012-5f67-4a8a-bad4-6895991da113)
2019-07-20 09:50:57.760 22705 RALLYDEBUG rally_openstack.cleanup.manager [-] Deleting neutron.port object s_rally_a12a41ee_CI1QnpqG (0cc60e54-158d-401d-9519-ec3cf582aa83)
2019-07-20 09:50:57.880 22705 RALLYDEBUG rally_openstack.cleanup.manager [-] Deleting neutron.port object s_rally_a12a41ee_2Pnp7MRF (0d392273-73cc-42bf-8441-e59213243681)
2019-07-20 09:50:58.043 22705 RALLYDEBUG rally_openstack.cleanup.manager [-] Deleting neutron.port object s_rally_a12a41ee_N52qHXYh (0e2ba81b-ead0-41bf-bc94-5225fa71bffa)
2019-07-20 09:50:58.435 22705 RALLYDEBUG rally_openstack.cleanup.manager [-] Deleting neutron.port object s_rally_a12a41ee_1JyMYBmt (0ea9bfc5-9b8e-443b-adbf-1e363dd2a549)
2019-07-20 09:50:58.485 22705 RALLYDEBUG rally_openstack.cleanup.manager [-] Deleting neutron.port object s_rally_a12a41ee_9Xd6vXH8 (0eee2ec2-25b8-47e6-be41-813a11ddb321)
2019-07-20 09:50:58.510 22705 RALLYDEBUG rally_openstack.cleanup.manager [-] Deleting neutron.port object s_rally_a12a41ee_aoWDmCU9 (0ef03290-b07b-4c26-bbe8-28a584108581)
2019-07-20 09:50:58.748 22705 RALLYDEBUG rally_openstack.cleanup.manager [-] Deleting neutron.port object s_rally_a12a41ee_Dx2sezfb (0f1da7d1-4c84-4b9c-aec8-96282bd0b4f5)
2019-07-20 09:50:58.752 22705 RALLYDEBUG rally_openstack.cleanup.manager [-] Deleting neutron.port object s_rally_a12a41ee_6VOOIUXC (0f246f73-2aad-4010-ad6e-ff0272a46cfe)
2019-07-20 09:50:58.926 22705 RALLYDEBUG rally_openstack.cleanup.manager [-] Deleting neutron.port object s_rally_a12a41ee_2fQo33rb (113374c4-0d4a-4449-86d6-4bedff14fe10)
2019-07-20 09:50:58.963 22705 RALLYDEBUG rally_openstack.cleanup.manager [-] Deleting neutron.port object s_rally_a12a41ee_C90TP48Y (1145ce8c-f6de-4d86-9901-b2ad34cf7da5)
2019-07-20 09:50:59.081 22705 RALLYDEBUG rally_openstack.cleanup.manager [-] Deleting neutron.port object s_rally_a12a41ee_2I0b7M4q (11c0d84d-f76c-409d-a9c8-79d5b5b44dd9)
2019-07-20 09:50:59.128 22705 RALLYDEBUG rally_openstack.cleanup.manager [-] Deleting neutron.port object s_rally_a12a41ee_G8uh5Hgb (11c448be-e8f1-4977-8d82-947107e12621)
2019-07-20 09:50:59.158 22705 RALLYDEBUG rally_openstack.cleanup.manager [-] Deleting neutron.port object s_rally_a12a41ee_OQojS8Pu (12916703-f875-41c0-8f07-5d7a2e01d4a6)
2019-07-20 09:50:59.190 22705 RALLYDEBUG rally_openstack.cleanup.manager [-] Deleting neutron.port object s_rally_a12a41ee_nhHyOy1u (129a31f7-6855-43e3-a2cb-3a46bdf47553)
2019-07-20 09:50:59.518 22705 RALLYDEBUG rally_openstack.cleanup.manager [-] Deleting neutron.port object s_rally_a12a41ee_OSChWtW9 (13021f36-1165-4660-988d-99ada61de694)
2019-07-20 09:50:59.541 22705 RALLYDEBUG rally_openstack.cleanup.manager [-] Deleting neutron.port object s_rally_a12a41ee_8VySc31e (13f73d42-62f3-4830-8884-5e3f86081d35)
2019-07-20 09:50:59.697 22705 RALLYDEBUG rally_openstack.cleanup.manager [-] Deleting neutron.port object s_rally_a12a41ee_UqGXP2XL (147ef020-41f4-4a57-95eb-01445222210d)
2019-07-20 09:51:00.161 22705 RALLYDEBUG rally_openstack.cleanup.manager [-] Deleting neutron.port object s_rally_a12a41ee_MtNNVcP0 (156bf3cb-844e-451a-84dc-a48384b88ce1)
2019-07-20 09:51:00.171 22705 RALLYDEBUG rally_openstack.cleanup.manager [-] Deleting neutron.port object s_rally_a12a41ee_HS5hc65V (16524e72-7240-49dc-b526-d1983ca29f9b)
2019-07-20 09:51:00.745 22705 RALLYDEBUG rally_openstack.cleanup.manager [-] Deleting neutron.port object s_rally_a12a41ee_PM7iRccQ (16548228-6fe3-46d1-93d0-950a843d71ca)
2019-07-20 09:51:00.800 22705 RALLYDEBUG rally_openstack.cleanup.manager [-] Deleting neutron.port object s_rally_a12a41ee_bxZhdiB8 (1677a694-9434-4a62-b63b-10bcb85014e4)
2019-07-20 09:51:00.857 22705 RALLYDEBUG rally_openstack.cleanup.manager [-] Deleting neutron.port object s_rally_a12a41ee_QRKzuC2l (1782186c-a46b-4189-892c-eecf9eb31990)
2019-07-20 09:51:01.218 22705 RALLYDEBUG rally_openstack.cleanup.manager [-] Deleting neutron.port object s_rally_a12a41ee_0NqBtvXu (17a191b7-f9bd-4f84-97ae-653047a9a4fb)
2019-07-20 09:51:01.281 22705 RALLYDEBUG rally_openstack.cleanup.manager [-] Deleting neutron.port object s_rally_a12a41ee_q5ikuywg (17b5f306-3fa5-4563-8c02-fbe013793da9)
2019-07-20 09:51:01.645 22705 RALLYDEBUG rally_openstack.cleanup.manager [-] Deleting neutron.port object s_rally_a12a41ee_LXk8eMes (17d26073-953d-41f5-8453-37beab7774f3)
2019-07-20 09:51:02.434 22705 RALLYDEBUG rally_openstack.cleanup.manager [-] Deleting neutron.port object s_rally_a12a41ee_xPQh5Lpi (18026634-2bdb-48e6-93cc-052dee113986)
2019-07-20 09:51:03.104 22705 RALLYDEBUG rally_openstack.cleanup.manager [-] Deleting neutron.port object s_rally_a12a41ee_p73buiLo (183c2a4b-e205-42ab-8ccd-45b78337603d)
2019-07-20 09:51:03.111 22705 RALLYDEBUG rally_openstack.cleanup.manager [-] Deleting neutron.port object s_rally_a12a41ee_V5Q4I2n0 (1bbb1eda-0ed7-4473-ae82-e458a3a7b4b4)
2019-07-20 09:51:03.359 22705 RALLYDEBUG rally_openstack.cleanup.manager [-] Deleting neutron.port object s_rally_a12a41ee_oo5ngi3W (1c32dd22-92c9-4d06-8287-e0c4d164637b)
2019-07-20 09:51:03.416 22705 RALLYDEBUG rally_openstack.cleanup.manager [-] Deleting neutron.port object s_rally_a12a41ee_EwplLAtE (1cd91055-f88f-4deb-8f36-f5a25fbc0d11)
2019-07-20 09:51:03.450 22705 RALLYDEBUG rally_openstack.cleanup.manager [-] Deleting neutron.port object s_rally_a12a41ee_GXeMZrVl (1d120b7c-4f19-4326-bdee-3afc1d583776)
2019-07-20 09:51:03.610 22705 RALLYDEBUG rally_openstack.cleanup.manager [-] Deleting neutron.port object s_rally_a12a41ee_OOHf20zi (1d13cb5c-633c-4d47-837b-b3f18624d1d2)
2019-07-20 09:51:03.612 22705 RALLYDEBUG rally_openstack.cleanup.manager [-] Deleting neutron.port object s_rally_a12a41ee_sLmronV9 (1dcc11f7-3a9c-4b31-b3f5-e31adc6962f2)
2019-07-20 09:51:03.915 22705 RALLYDEBUG rally_openstack.cleanup.manager [-] Deleting neutron.port object s_rally_a12a41ee_FoAVYPxn (1e581431-080e-4e82-9315-c773ec2a8e1a)
2019-07-20 09:51:03.992 22705 RALLYDEBUG rally_openstack.cleanup.manager [-] Deleting neutron.port object s_rally_a12a41ee_fvJYNum6 (1e5a59ba-51a2-41a7-872b-a1f91549fe36)
2019-07-20 09:51:04.044 22705 RALLYDEBUG rally_openstack.cleanup.manager [-] Deleting neutron.port object s_rally_a12a41ee_bwXALKGj (1e7d99a2-8ab4-4a79-a892-b11aff6e4b8f)
2019-07-20 09:51:04.056 22705 RALLYDEBUG rally_openstack.cleanup.manager [-] Deleting neutron.port object s_rally_a12a41ee_KDvPA8hG (1ea73a18-5024-478f-b88e-996e42f5b028)
2019-07-20 09:51:04.120 22705 RALLYDEBUG rally_openstack.cleanup.manager [-] Deleting neutron.port object s_rally_a12a41ee_9RvKAPXy (1eaa73f7-2d24-485a-8db6-9e3686f3852b)
2019-07-20 09:51:04.243 22705 RALLYDEBUG rally_openstack.cleanup.manager [-] Deleting neutron.port object s_rally_a12a41ee_pQAVauaE (1f7dcbdd-6592-4632-98a3-ae69bf5153d2)
2019-07-20 09:51:04.340 22705 RALLYDEBUG rally_openstack.cleanup.manager [-] Deleting neutron.port object s_rally_a12a41ee_AExfs3CU (21f2bda2-ae07-4840-ace3-0b03edfed1b2)
2019-07-20 09:51:04.341 22705 RALLYDEBUG rally_openstack.cleanup.manager [-] Deleting neutron.port object s_rally_a12a41ee_Fr81XvFa (2250fb6d-f179-4fca-933c-8e9b2fd42241)
2019-07-20 09:51:04.493 22705 RALLYDEBUG rally_openstack.cleanup.manager [-] Deleting neutron.port object s_rally_a12a41ee_JN0yq1fP (23208936-c897-4fd9-9d4b-a6360c18077b)
2019-07-20 09:51:04.503 22705 RALLYDEBUG rally_openstack.cleanup.manager [-] Deleting neutron.port object s_rally_a12a41ee_rKSx0SU0 (235e314d-10fd-477f-b608-532e632ab282)
2019-07-20 09:51:04.508 22705 RALLYDEBUG rally_openstack.cleanup.manager [-] Deleting neutron.port object s_rally_a12a41ee_uA6YoeWP (238772b8-4ef5-4e91-89be-bfa7e041949e)
2019-07-20 09:51:04.508 22705 RALLYDEBUG rally_openstack.cleanup.manager [-] Deleting neutron.port object s_rally_a12a41ee_9Ad0T650 (242d52e0-c8a3-4a04-83f0-f139a7de1fca)
2019-07-20 09:51:04.714 22705 RALLYDEBUG rally_openstack.cleanup.manager [-] Deleting neutron.port object s_rally_a12a41ee_hY7MwKmB (249c4198-0de2-4ddf-b53d-9031ad9f24af)
2019-07-20 09:51:06.610 22705 RALLYDEBUG rally_openstack.cleanup.manager [-] Deleting neutron.port object s_rally_a12a41ee_5qkqK7jo (252e3e0c-6950-4c63-82fa-10d723684cf2)
2019-07-20 09:51:06.610 22705 RALLYDEBUG rally_openstack.cleanup.manager [-] Deleting neutron.port object s_rally_a12a41ee_pqTfSHZW (256bcde7-f819-4bab-8471-2ba1de504a1d)
2019-07-20 09:51:06.940 22705 RALLYDEBUG rally_openstack.cleanup.manager [-] Deleting neutron.port object s_rally_a12a41ee_P52B3gH4 (26b3ac0c-9ec3-4a6e-9870-fb81101992cd)
2019-07-20 09:51:07.049 22705 RALLYDEBUG rally_openstack.cleanup.manager [-] Deleting neutron.port object s_rally_a12a41ee_fDIftWe2 (27a23765-246b-4e92-896e-ca8ae2a48807)
2019-07-20 09:51:07.444 22705 RALLYDEBUG rally_openstack.cleanup.manager [-] Deleting neutron.port object s_rally_a12a41ee_D8fk9fFq (27de3e8c-efde-4eaf-985b-7311a531108e)
2019-07-20 09:51:07.615 22705 RALLYDEBUG rally_openstack.cleanup.manager [-] Deleting neutron.port object s_rally_a12a41ee_EjnkApZN (27e9dc50-1b13-4469-a310-c8e6628f31a8)
2019-07-20 09:51:07.694 22705 RALLYDEBUG rally_openstack.cleanup.manager [-] Deleting neutron.port object s_rally_a12a41ee_ms3I7OYY (285d3024-09e5-4800-be29-107913bcb833)
2019-07-20 09:51:07.705 22705 RALLYDEBUG rally_openstack.cleanup.manager [-] Deleting neutron.port object s_rally_a12a41ee_ybXqbmdo (2919788b-fdf6-4ebd-a260-745f5b055c7e)
2019-07-20 09:51:07.722 22705 RALLYDEBUG rally_openstack.cleanup.manager [-] Deleting neutron.port object s_rally_a12a41ee_XIUJqPtX (29b09110-4cf8-42b0-acd1-1e299f179313)
2019-07-20 09:51:07.734 22705 RALLYDEBUG rally_openstack.cleanup.manager [-] Deleting neutron.port object s_rally_a12a41ee_VpUmjbbM (29d3de2f-ae36-4520-8971-b7e95c67246e)
2019-07-20 09:51:07.749 22705 RALLYDEBUG rally_openstack.cleanup.manager [-] Deleting neutron.port object s_rally_a12a41ee_7vxR8tgj (29f2134b-490f-4cfb-aa93-43de26a59a9a)
2019-07-20 09:51:08.034 22705 RALLYDEBUG rally_openstack.cleanup.manager [-] Deleting neutron.port object s_rally_a12a41ee_5dGXN9Br (2a149e1f-4aa5-49f2-9f47-98ee9696666b)
2019-07-20 09:51:08.078 22705 RALLYDEBUG rally_openstack.cleanup.manager [-] Deleting neutron.port object s_rally_a12a41ee_z9MDrTGP (2a49920f-ddf5-4811-a215-12c80d170821)
2019-07-20 09:51:08.208 22705 RALLYDEBUG rally_openstack.cleanup.manager [-] Deleting neutron.port object s_rally_a12a41ee_3DWtMoPo (2a4dd35d-8b96-4515-8d92-7db1644641b2)
2019-07-20 09:51:08.425 22705 RALLYDEBUG rally_openstack.cleanup.manager [-] Deleting neutron.port object s_rally_a12a41ee_V7kj3QoK (2a9bd563-2a1a-4fb3-a180-a01242679c2f)
2019-07-20 09:51:08.465 22705 RALLYDEBUG rally_openstack.cleanup.manager [-] Deleting neutron.port object s_rally_a12a41ee_EsM3Z0Md (2aa1434b-726c-4524-97bf-b3b15d96cdd5)
2019-07-20 09:51:08.580 22705 RALLYDEBUG rally_openstack.cleanup.manager [-] Deleting neutron.port object s_rally_a12a41ee_0k9eoAjS (2abe0ba5-96a3-4001-9385-1e661cb39510)
2019-07-20 09:51:08.927 22705 RALLYDEBUG rally_openstack.cleanup.manager [-] Deleting neutron.port object s_rally_a12a41ee_iCAxx4Nl (2abe0dfd-c297-45cf-8ccf-74efa6fcdc2f)
2019-07-20 09:51:08.931 22705 RALLYDEBUG rally_openstack.cleanup.manager [-] Deleting neutron.port object s_rally_a12a41ee_R92Q4LYY (2b192b36-a68e-40cd-a5e0-0db3d081783e)
2019-07-20 09:51:09.097 22705 RALLYDEBUG rally_openstack.cleanup.manager [-] Deleting neutron.port object s_rally_a12a41ee_m2GIa4ER (2b3ffd21-b4a9-4535-bb73-81ddb9ff47ea)
2019-07-20 09:51:09.204 22705 RALLYDEBUG rally_openstack.cleanup.manager [-] Deleting neutron.port object s_rally_a12a41ee_dfBu70mx (2c579440-a0c6-4be6-98af-03bb907c7588)
2019-07-20 09:51:09.245 22705 RALLYDEBUG rally_openstack.cleanup.manager [-] Deleting neutron.port object s_rally_a12a41ee_sM0RVXj0 (2e3e769d-9c51-42ba-91c4-0d8dad50c5d1)
2019-07-20 09:51:09.563 22705 RALLYDEBUG rally_openstack.cleanup.manager [-] Deleting neutron.port object s_rally_a12a41ee_FYrDvwuc (2e5e3c37-d88b-4451-a5c8-f5ea2e202b01)
