2019-07-20 09:30:32.931 24816 RALLYDEBUG rally.task.runner [-] Starting a worker. concurrency: 1 args: {"network_create_args": {}, "subnet_create_args": {}, "subnet_cidr_start": "1.1.0.0/30", "subnets_per_network": 2} times: 40 method_name: run timeout: 0 duration: None cls:
2019-07-20 09:30:32.932 24802 WARNING rally_openstack.scenarios.neutron.utils [-] Running this scenario without either the 'network' or 'existing_network' context is deprecated
2019-07-20 09:30:32.933 24800 WARNING rally_openstack.scenarios.neutron.utils [-] Running this scenario without either the 'network' or 'existing_network' context is deprecated
2019-07-20 09:30:32.926 24799 INFO rally.task.runner [-] Task b6918239-556c-427e-8a55-b9e5d9b3106f | ITER: 5 START
2019-07-20 09:30:32.934 24799 WARNING rally_openstack.scenarios.neutron.utils [-] Running this scenario without either the 'network' or 'existing_network' context is deprecated
2019-07-20 09:30:32.935 24807 INFO rally.task.runner [-] Task b6918239-556c-427e-8a55-b9e5d9b3106f | ITER: 10 START
2019-07-20 09:30:32.936 24816 INFO rally.task.runner [-] Task b6918239-556c-427e-8a55-b9e5d9b3106f | ITER: 11 START
2019-07-20 09:30:32.936 24807 WARNING rally_openstack.scenarios.neutron.utils [-] Running this scenario without either the 'network' or 'existing_network' context is deprecated
2019-07-20 09:30:32.936 24820 RALLYDEBUG rally.task.runner [-] Starting a worker. concurrency: 1 args: {"network_create_args": {}, "subnet_create_args": {}, "subnet_cidr_start": "1.1.0.0/30", "subnets_per_network": 2} times: 40 method_name: run timeout: 0 duration: None cls:
2019-07-20 09:30:32.938 24816 WARNING rally_openstack.scenarios.neutron.utils [-] Running this scenario without either the 'network' or 'existing_network' context is deprecated
2019-07-20 09:30:32.926 24801 INFO rally.task.runner [-] Task b6918239-556c-427e-8a55-b9e5d9b3106f | ITER: 6 START
2019-07-20 09:30:32.941 24801 WARNING rally_openstack.scenarios.neutron.utils [-] Running this scenario without either the 'network' or 'existing_network' context is deprecated
2019-07-20 09:30:32.947 24820 INFO rally.task.runner [-] Task b6918239-556c-427e-8a55-b9e5d9b3106f | ITER: 12 START
2019-07-20 09:30:32.948 24820 WARNING rally_openstack.scenarios.neutron.utils [-] Running this scenario without either the 'network' or 'existing_network' context is deprecated
2019-07-20 09:30:32.948 24825 RALLYDEBUG rally.task.runner [-] Starting a worker. concurrency: 1 args: {"network_create_args": {}, "subnet_create_args": {}, "subnet_cidr_start": "1.1.0.0/30", "subnets_per_network": 2} times: 40 method_name: run timeout: 0 duration: None cls:
2019-07-20 09:30:32.954 24825 INFO rally.task.runner [-] Task b6918239-556c-427e-8a55-b9e5d9b3106f | ITER: 13 START
2019-07-20 09:30:32.953 24827 RALLYDEBUG rally.task.runner [-] Starting a worker. concurrency: 1 args: {"network_create_args": {}, "subnet_create_args": {}, "subnet_cidr_start": "1.1.0.0/30", "subnets_per_network": 2} times: 40 method_name: run timeout: 0 duration: None cls:
2019-07-20 09:30:32.955 24825 WARNING rally_openstack.scenarios.neutron.utils [-] Running this scenario without either the 'network' or 'existing_network' context is deprecated
2019-07-20 09:30:32.960 24827 INFO rally.task.runner [-] Task b6918239-556c-427e-8a55-b9e5d9b3106f | ITER: 14 START
2019-07-20 09:30:32.962 24827 WARNING rally_openstack.scenarios.neutron.utils [-] Running this scenario without either the 'network' or 'existing_network' context is deprecated
2019-07-20 09:30:32.967 24831 RALLYDEBUG rally.task.runner [-] Starting a worker. concurrency: 1 args: {"network_create_args": {}, "subnet_create_args": {}, "subnet_cidr_start": "1.1.0.0/30", "subnets_per_network": 2} times: 40 method_name: run timeout: 0 duration: None cls:
2019-07-20 09:30:32.967 24834 RALLYDEBUG rally.task.runner [-] Starting a worker. concurrency: 1 args: {"network_create_args": {}, "subnet_create_args": {}, "subnet_cidr_start": "1.1.0.0/30", "subnets_per_network": 2} times: 40 method_name: run timeout: 0 duration: None cls:
2019-07-20 09:30:32.972 24834 INFO rally.task.runner [-] Task b6918239-556c-427e-8a55-b9e5d9b3106f | ITER: 16 START
2019-07-20 09:30:32.973 24831 INFO rally.task.runner [-] Task b6918239-556c-427e-8a55-b9e5d9b3106f | ITER: 15 START
2019-07-20 09:30:32.974 24834 WARNING rally_openstack.scenarios.neutron.utils [-] Running this scenario without either the 'network' or 'existing_network' context is deprecated
2019-07-20 09:30:32.975 24835 RALLYDEBUG rally.task.runner [-] Starting a worker. concurrency: 1 args: {"network_create_args": {}, "subnet_create_args": {}, "subnet_cidr_start": "1.1.0.0/30", "subnets_per_network": 2} times: 40 method_name: run timeout: 0 duration: None cls:
2019-07-20 09:30:32.976 24831 WARNING rally_openstack.scenarios.neutron.utils [-] Running this scenario without either the 'network' or 'existing_network' context is deprecated
2019-07-20 09:30:32.980 24835 INFO rally.task.runner [-] Task b6918239-556c-427e-8a55-b9e5d9b3106f | ITER: 17 START
2019-07-20 09:30:32.980 24840 RALLYDEBUG rally.task.runner [-] Starting a worker. concurrency: 1 args: {"network_create_args": {}, "subnet_create_args": {}, "subnet_cidr_start": "1.1.0.0/30", "subnets_per_network": 2} times: 40 method_name: run timeout: 0 duration: None cls:
2019-07-20 09:30:32.982 24835 WARNING rally_openstack.scenarios.neutron.utils [-] Running this scenario without either the 'network' or 'existing_network' context is deprecated
2019-07-20 09:30:32.984 24841 RALLYDEBUG rally.task.runner [-] Starting a worker. concurrency: 1 args: {"network_create_args": {}, "subnet_create_args": {}, "subnet_cidr_start": "1.1.0.0/30", "subnets_per_network": 2} times: 40 method_name: run timeout: 0 duration: None cls:
2019-07-20 09:30:32.984 24844 RALLYDEBUG rally.task.runner [-] Starting a worker. concurrency: 1 args: {"network_create_args": {}, "subnet_create_args": {}, "subnet_cidr_start": "1.1.0.0/30", "subnets_per_network": 2} times: 40 method_name: run timeout: 0 duration: None cls:
2019-07-20 09:30:32.986 24840 INFO rally.task.runner [-] Task b6918239-556c-427e-8a55-b9e5d9b3106f | ITER: 18 START
2019-07-20 09:30:32.987 24840 WARNING rally_openstack.scenarios.neutron.utils [-] Running this scenario without either the 'network' or 'existing_network' context is deprecated
2019-07-20 09:30:32.988 24841 INFO rally.task.runner [-] Task b6918239-556c-427e-8a55-b9e5d9b3106f | ITER: 19 START
2019-07-20 09:30:32.989 24844 INFO rally.task.runner [-] Task b6918239-556c-427e-8a55-b9e5d9b3106f | ITER: 20 START
2019-07-20 09:30:32.989 24841 WARNING rally_openstack.scenarios.neutron.utils [-] Running this scenario without either the 'network' or 'existing_network' context is deprecated
2019-07-20 09:30:32.990 24844 WARNING rally_openstack.scenarios.neutron.utils [-] Running this scenario without either the 'network' or 'existing_network' context is deprecated
2019-07-20 09:30:34.763 24799 RALLYDEBUG rally_openstack.wrappers.network [-] CIDR generated: 1.1.4.96/30
2019-07-20 09:30:34.763 24799 RALLYDEBUG rally_openstack.wrappers.network [-] CIDR generated: 1.1.4.100/30
2019-07-20 09:30:34.866 24800 RALLYDEBUG rally_openstack.wrappers.network [-] CIDR generated: 1.1.4.104/30
2019-07-20 09:30:34.986 24825 RALLYDEBUG rally_openstack.wrappers.network [-] CIDR generated: 1.1.4.108/30
2019-07-20 09:30:34.997 24827 RALLYDEBUG rally_openstack.wrappers.network [-] CIDR generated: 1.1.4.112/30
2019-07-20 09:30:35.010 24802 RALLYDEBUG rally_openstack.wrappers.network [-] CIDR generated: 1.1.4.116/30
2019-07-20 09:30:35.215 24800 RALLYDEBUG rally_openstack.wrappers.network [-] CIDR generated: 1.1.4.120/30
2019-07-20 09:30:35.217 24801 RALLYDEBUG rally_openstack.wrappers.network [-] CIDR generated: 1.1.4.124/30
2019-07-20 09:30:35.309 24801 RALLYDEBUG rally_openstack.wrappers.network [-] CIDR generated: 1.1.4.128/30
2019-07-20 09:30:35.314 24802 RALLYDEBUG rally_openstack.wrappers.network [-] CIDR generated: 1.1.4.132/30
2019-07-20 09:30:35.323 24840 RALLYDEBUG rally_openstack.wrappers.network [-] CIDR generated: 1.1.4.136/30
2019-07-20 09:30:35.429 24835 RALLYDEBUG rally_openstack.wrappers.network [-] CIDR generated: 1.1.4.140/30
2019-07-20 09:30:35.442 24816 RALLYDEBUG rally_openstack.wrappers.network [-] CIDR generated: 1.1.4.144/30
2019-07-20 09:30:35.528 24831 RALLYDEBUG rally_openstack.wrappers.network [-] CIDR generated: 1.1.4.148/30
2019-07-20 09:30:35.630 24841 RALLYDEBUG rally_openstack.wrappers.network [-] CIDR generated: 1.1.4.152/30
2019-07-20 09:30:35.842 24799 RALLYDEBUG rally_openstack.wrappers.network [-] CIDR generated: 1.1.4.156/30
2019-07-20 09:30:35.846 24807 RALLYDEBUG rally_openstack.wrappers.network [-] CIDR generated: 1.1.4.160/30
2019-07-20 09:30:35.980 24827 RALLYDEBUG rally_openstack.wrappers.network [-] CIDR generated: 1.1.4.164/30
2019-07-20 09:30:36.077 24825 RALLYDEBUG rally_openstack.wrappers.network [-] CIDR generated: 1.1.4.168/30
2019-07-20 09:30:36.171 24803 RALLYDEBUG rally_openstack.wrappers.network [-] CIDR generated: 1.1.4.172/30
2019-07-20 09:30:36.175 24844 RALLYDEBUG rally_openstack.wrappers.network [-] CIDR generated: 1.1.4.176/30
2019-07-20 09:30:36.317 24820 RALLYDEBUG rally_openstack.wrappers.network [-] CIDR generated: 1.1.4.180/30
2019-07-20 09:30:36.593 24816 RALLYDEBUG rally_openstack.wrappers.network [-] CIDR generated: 1.1.4.184/30
2019-07-20 09:30:36.702 24834 RALLYDEBUG rally_openstack.wrappers.network [-] CIDR generated: 1.1.4.188/30
2019-07-20 09:30:37.603 24800 RALLYDEBUG rally_openstack.wrappers.network [-] CIDR generated: 1.1.4.192/30
2019-07-20 09:30:37.929 24831 RALLYDEBUG rally_openstack.wrappers.network [-] CIDR generated: 1.1.4.196/30
2019-07-20 09:30:37.955 24835 RALLYDEBUG rally_openstack.wrappers.network [-] CIDR generated: 1.1.4.200/30
2019-07-20 09:30:38.545 24840 RALLYDEBUG rally_openstack.wrappers.network [-] CIDR generated: 1.1.4.204/30
2019-07-20 09:30:40.337 24799 RALLYDEBUG rally_openstack.wrappers.network [-] CIDR generated: 1.1.4.208/30
2019-07-20 09:30:40.340 24802 RALLYDEBUG rally_openstack.wrappers.network [-] CIDR generated: 1.1.4.212/30
2019-07-20 09:30:40.810 24841 RALLYDEBUG rally_openstack.wrappers.network [-] CIDR generated: 1.1.4.216/30
2019-07-20 09:30:41.253 24801 RALLYDEBUG rally_openstack.wrappers.network [-] CIDR generated: 1.1.4.220/30
2019-07-20 09:30:41.275 24844 RALLYDEBUG rally_openstack.wrappers.network [-] CIDR generated: 1.1.4.224/30
2019-07-20 09:30:41.515 24820 RALLYDEBUG rally_openstack.wrappers.network [-] CIDR generated: 1.1.4.228/30
2019-07-20 09:30:41.995 24799 INFO rally.task.runner [-] Task b6918239-556c-427e-8a55-b9e5d9b3106f | ITER: 1 END: OK
2019-07-20 09:30:41.999 24799 INFO rally.task.runner [-] Task b6918239-556c-427e-8a55-b9e5d9b3106f | ITER: 21 START
2019-07-20 09:30:42.000 24799 WARNING rally_openstack.scenarios.neutron.utils [-] Running this scenario without either the 'network' or 'existing_network' context is deprecated
2019-07-20 09:30:42.027 24816 INFO rally.task.runner [-] Task b6918239-556c-427e-8a55-b9e5d9b3106f | ITER: 11 END: OK
2019-07-20 09:30:42.031 24816 INFO rally.task.runner [-] Task b6918239-556c-427e-8a55-b9e5d9b3106f | ITER: 22 START
2019-07-20 09:30:42.032 24816 WARNING rally_openstack.scenarios.neutron.utils [-] Running this scenario without either the 'network' or 'existing_network' context is deprecated
2019-07-20 09:30:42.205 24825 INFO rally.task.runner [-] Task b6918239-556c-427e-8a55-b9e5d9b3106f | ITER: 13 END: OK
2019-07-20 09:30:42.209 24825 INFO rally.task.runner [-] Task b6918239-556c-427e-8a55-b9e5d9b3106f | ITER: 23 START
2019-07-20 09:30:42.209 24825 WARNING rally_openstack.scenarios.neutron.utils [-] Running this scenario without either the 'network' or 'existing_network' context is deprecated
2019-07-20 09:30:42.538 24827 INFO rally.task.runner [-] Task b6918239-556c-427e-8a55-b9e5d9b3106f | ITER: 14 END: OK
2019-07-20 09:30:42.542 24827 INFO rally.task.runner [-] Task b6918239-556c-427e-8a55-b9e5d9b3106f | ITER: 24 START
2019-07-20 09:30:42.543 24827 WARNING rally_openstack.scenarios.neutron.utils [-] Running this scenario without either the 'network' or 'existing_network' context is deprecated
2019-07-20 09:30:43.380 24816 RALLYDEBUG rally_openstack.wrappers.network [-] CIDR generated: 1.1.4.232/30
2019-07-20 09:30:43.452 24799 RALLYDEBUG rally_openstack.wrappers.network [-] CIDR generated: 1.1.4.236/30
2019-07-20 09:30:43.830 24827 RALLYDEBUG rally_openstack.wrappers.network [-] CIDR generated: 1.1.4.240/30
2019-07-20 09:30:44.152 24825 RALLYDEBUG rally_openstack.wrappers.network [-] CIDR generated: 1.1.4.244/30
2019-07-20 09:30:44.347 24807 RALLYDEBUG rally_openstack.wrappers.network [-] CIDR generated: 1.1.4.248/30
2019-07-20 09:30:44.755 24799 RALLYDEBUG rally_openstack.wrappers.network [-] CIDR generated: 1.1.4.252/30
2019-07-20 09:30:44.860 24802 RALLYDEBUG rally_openstack.wrappers.network [-] CIDR generated: 1.1.5.0/30
2019-07-20 09:30:44.868 24800 RALLYDEBUG rally_openstack.wrappers.network [-] CIDR generated: 1.1.5.4/30
2019-07-20 09:30:45.086 24801 RALLYDEBUG rally_openstack.wrappers.network [-] CIDR generated: 1.1.5.8/30
2019-07-20 09:30:45.278 24827 RALLYDEBUG rally_openstack.wrappers.network [-] CIDR generated: 1.1.5.12/30
2019-07-20 09:30:45.313 24834 RALLYDEBUG rally_openstack.wrappers.network [-] CIDR generated: 1.1.5.16/30
2019-07-20 09:30:45.335 24803 RALLYDEBUG rally_openstack.wrappers.network [-] CIDR generated: 1.1.5.20/30
2019-07-20 09:30:46.548 24816 RALLYDEBUG rally_openstack.wrappers.network [-] CIDR generated: 1.1.5.24/30
2019-07-20 09:30:47.168 24800 INFO rally.task.runner [-] Task b6918239-556c-427e-8a55-b9e5d9b3106f | ITER: 4 END: OK
2019-07-20 09:30:47.171 24825 RALLYDEBUG rally_openstack.wrappers.network [-] CIDR generated: 1.1.5.28/30
2019-07-20 09:30:47.172 24800 INFO rally.task.runner [-] Task b6918239-556c-427e-8a55-b9e5d9b3106f | ITER: 25 START
2019-07-20 09:30:47.173 24800 WARNING rally_openstack.scenarios.neutron.utils [-] Running this scenario without either the 'network' or 'existing_network' context is deprecated
2019-07-20 09:30:47.414 24835 INFO rally.task.runner [-] Task b6918239-556c-427e-8a55-b9e5d9b3106f | ITER: 17 END: OK
2019-07-20 09:30:47.417 24835 INFO rally.task.runner [-] Task b6918239-556c-427e-8a55-b9e5d9b3106f | ITER: 26 START
2019-07-20 09:30:47.418 24835 WARNING rally_openstack.scenarios.neutron.utils [-] Running this scenario without either the 'network' or 'existing_network' context is deprecated
2019-07-20 09:30:47.419 24831 INFO rally.task.runner [-] Task b6918239-556c-427e-8a55-b9e5d9b3106f | ITER: 15 END: OK
2019-07-20 09:30:47.424 24831 INFO rally.task.runner [-] Task b6918239-556c-427e-8a55-b9e5d9b3106f | ITER: 27 START
2019-07-20 09:30:47.425 24831 WARNING rally_openstack.scenarios.neutron.utils [-] Running this scenario without either the 'network' or 'existing_network' context is deprecated
2019-07-20 09:30:47.546 24840 INFO rally.task.runner [-] Task b6918239-556c-427e-8a55-b9e5d9b3106f | ITER: 18 END: OK
2019-07-20 09:30:47.551 24840 INFO rally.task.runner [-] Task b6918239-556c-427e-8a55-b9e5d9b3106f | ITER: 28 START
2019-07-20 09:30:47.551 24840 WARNING rally_openstack.scenarios.neutron.utils [-] Running this scenario without either the 'network' or 'existing_network' context is deprecated
2019-07-20 09:30:48.192 24799 INFO rally.task.runner [-] Task b6918239-556c-427e-8a55-b9e5d9b3106f | ITER: 21 END: OK
2019-07-20 09:30:48.195 24799 INFO rally.task.runner [-] Task b6918239-556c-427e-8a55-b9e5d9b3106f | ITER: 29 START
2019-07-20 09:30:48.195 24799 WARNING rally_openstack.scenarios.neutron.utils [-] Running this scenario without either the 'network' or 'existing_network' context is deprecated
2019-07-20 09:30:48.739 24800 RALLYDEBUG rally_openstack.wrappers.network [-] CIDR generated: 1.1.5.32/30
2019-07-20 09:30:48.880 24827 INFO rally.task.runner [-] Task b6918239-556c-427e-8a55-b9e5d9b3106f | ITER: 24 END: OK
2019-07-20 09:30:48.885 24827 INFO rally.task.runner [-] Task b6918239-556c-427e-8a55-b9e5d9b3106f | ITER: 30 START
2019-07-20 09:30:48.885 24827 WARNING rally_openstack.scenarios.neutron.utils [-] Running this scenario without either the 'network' or 'existing_network' context is deprecated
2019-07-20 09:30:49.158 24835 RALLYDEBUG rally_openstack.wrappers.network [-] CIDR generated: 1.1.5.36/30
2019-07-20 09:30:49.544 24844 INFO rally.task.runner [-] Task b6918239-556c-427e-8a55-b9e5d9b3106f | ITER: 20 END: OK
2019-07-20 09:30:49.547 24844 INFO rally.task.runner [-] Task b6918239-556c-427e-8a55-b9e5d9b3106f | ITER: 31 START
2019-07-20 09:30:49.547 24844 WARNING rally_openstack.scenarios.neutron.utils [-] Running this scenario without either the 'network' or 'existing_network' context is deprecated
2019-07-20 09:30:49.566 24802 INFO rally.task.runner [-] Task b6918239-556c-427e-8a55-b9e5d9b3106f | ITER: 8 END: OK
2019-07-20 09:30:49.570 24802 INFO rally.task.runner [-] Task b6918239-556c-427e-8a55-b9e5d9b3106f | ITER: 32 START
2019-07-20 09:30:49.570 24802 WARNING rally_openstack.scenarios.neutron.utils [-] Running this scenario without either the 'network' or 'existing_network' context is deprecated
2019-07-20 09:30:49.636 24831 RALLYDEBUG rally_openstack.wrappers.network [-] CIDR generated: 1.1.5.40/30
2019-07-20 09:30:49.650 24840 RALLYDEBUG rally_openstack.wrappers.network [-] CIDR generated: 1.1.5.44/30
2019-07-20 09:30:49.773 24799 RALLYDEBUG rally_openstack.wrappers.network [-] CIDR generated: 1.1.5.48/30
2019-07-20 09:30:49.945 24841 INFO rally.task.runner [-] Task b6918239-556c-427e-8a55-b9e5d9b3106f | ITER: 19 END: OK
2019-07-20 09:30:49.949 24841 INFO rally.task.runner [-] Task b6918239-556c-427e-8a55-b9e5d9b3106f | ITER: 33 START
2019-07-20 09:30:49.950 24841 WARNING rally_openstack.scenarios.neutron.utils [-] Running this scenario without either the 'network' or 'existing_network' context is deprecated
2019-07-20 09:30:50.116 24820 INFO rally.task.runner [-] Task b6918239-556c-427e-8a55-b9e5d9b3106f | ITER: 12 END: OK
2019-07-20 09:30:50.120 24820 INFO rally.task.runner [-] Task b6918239-556c-427e-8a55-b9e5d9b3106f | ITER: 34 START
2019-07-20 09:30:50.121 24820 WARNING rally_openstack.scenarios.neutron.utils [-] Running this scenario without either the 'network' or 'existing_network' context is deprecated
2019-07-20 09:30:50.643 24799 INFO rally.task.runner [-] Task b6918239-556c-427e-8a55-b9e5d9b3106f | ITER: 5 END: OK
2019-07-20 09:30:50.647 24799 INFO rally.task.runner [-] Task b6918239-556c-427e-8a55-b9e5d9b3106f | ITER: 35 START
2019-07-20 09:30:50.647 24799 WARNING rally_openstack.scenarios.neutron.utils [-] Running this scenario without either the 'network' or 'existing_network' context is deprecated
2019-07-20 09:30:51.351 24801 INFO rally.task.runner [-] Task b6918239-556c-427e-8a55-b9e5d9b3106f | ITER: 3 END: OK
2019-07-20 09:30:51.356 24801 INFO rally.task.runner [-] Task b6918239-556c-427e-8a55-b9e5d9b3106f | ITER: 36 START
2019-07-20 09:30:51.356 24801 WARNING rally_openstack.scenarios.neutron.utils [-] Running this scenario without either the 'network' or 'existing_network' context is deprecated
2019-07-20 09:30:51.376 24835 RALLYDEBUG rally_openstack.wrappers.network [-] CIDR generated: 1.1.5.52/30
2019-07-20 09:30:51.451 24799 RALLYDEBUG rally_openstack.wrappers.network [-] CIDR generated: 1.1.5.56/30
2019-07-20 09:30:51.504 24827 RALLYDEBUG rally_openstack.wrappers.network [-] CIDR generated: 1.1.5.60/30
2019-07-20 09:30:51.589 24802 RALLYDEBUG rally_openstack.wrappers.network [-] CIDR generated: 1.1.5.64/30
2019-07-20 09:30:51.933 24841 RALLYDEBUG rally_openstack.wrappers.network [-] CIDR generated: 1.1.5.68/30
2019-07-20 09:30:51.952 24820 RALLYDEBUG rally_openstack.wrappers.network [-] CIDR generated: 1.1.5.72/30
2019-07-20 09:30:52.201 24799 RALLYDEBUG rally_openstack.wrappers.network [-] CIDR generated: 1.1.5.76/30
2019-07-20 09:30:52.832 24844 RALLYDEBUG rally_openstack.wrappers.network [-] CIDR generated: 1.1.5.80/30
2019-07-20 09:30:52.866 24801 RALLYDEBUG rally_openstack.wrappers.network [-] CIDR generated: 1.1.5.84/30
2019-07-20 09:30:53.245 24800 RALLYDEBUG rally_openstack.wrappers.network [-] CIDR generated: 1.1.5.88/30
2019-07-20 09:30:53.332 24802 RALLYDEBUG rally_openstack.wrappers.network [-] CIDR generated: 1.1.5.92/30
2019-07-20 09:30:53.527 24820 RALLYDEBUG rally_openstack.wrappers.network [-] CIDR generated: 1.1.5.96/30
2019-07-20 09:30:53.976 24841 RALLYDEBUG rally_openstack.wrappers.network [-] CIDR generated: 1.1.5.100/30
2019-07-20 09:30:54.120 24840 RALLYDEBUG rally_openstack.wrappers.network [-] CIDR generated: 1.1.5.104/30
2019-07-20 09:30:54.150 24816 INFO rally.task.runner [-] Task b6918239-556c-427e-8a55-b9e5d9b3106f | ITER: 22 END: OK
2019-07-20 09:30:54.153 24816 INFO rally.task.runner [-] Task b6918239-556c-427e-8a55-b9e5d9b3106f | ITER: 37 START
2019-07-20 09:30:54.153 24816 WARNING rally_openstack.scenarios.neutron.utils [-] Running this scenario without either the 'network' or 'existing_network' context is deprecated
2019-07-20 09:30:54.155 24831 RALLYDEBUG rally_openstack.wrappers.network [-] CIDR generated: 1.1.5.108/30
2019-07-20 09:30:54.445 24799 RALLYDEBUG rally_openstack.wrappers.network [-] CIDR generated: 1.1.5.112/30
2019-07-20 09:30:54.532 24801 RALLYDEBUG rally_openstack.wrappers.network [-] CIDR generated: 1.1.5.116/30
2019-07-20 09:30:55.611 24799 INFO rally.task.runner [-] Task b6918239-556c-427e-8a55-b9e5d9b3106f | ITER: 29 END: OK
2019-07-20 09:30:55.614 24799 INFO rally.task.runner [-] Task b6918239-556c-427e-8a55-b9e5d9b3106f | ITER: 38 START
2019-07-20 09:30:55.615 24799 WARNING rally_openstack.scenarios.neutron.utils [-] Running this scenario without either the 'network' or 'existing_network' context is deprecated
2019-07-20 09:30:55.735 24816 RALLYDEBUG rally_openstack.wrappers.network [-] CIDR generated: 1.1.5.120/30
2019-07-20 09:30:56.028 24827 RALLYDEBUG rally_openstack.wrappers.network [-] CIDR generated: 1.1.5.124/30
2019-07-20 09:30:56.084 24825 INFO rally.task.runner [-] Task b6918239-556c-427e-8a55-b9e5d9b3106f | ITER: 23 END: OK
2019-07-20 09:30:56.088 24825 INFO rally.task.runner [-] Task b6918239-556c-427e-8a55-b9e5d9b3106f | ITER: 39 START
2019-07-20 09:30:56.088 24825 WARNING rally_openstack.scenarios.neutron.utils [-] Running this scenario without either the 'network' or 'existing_network' context is deprecated
2019-07-20 09:30:56.139 24835 INFO rally.task.runner [-] Task b6918239-556c-427e-8a55-b9e5d9b3106f | ITER: 26 END: OK
2019-07-20 09:30:56.142 24835 INFO rally.task.runner [-] Task b6918239-556c-427e-8a55-b9e5d9b3106f | ITER: 40 START
2019-07-20 09:30:56.143 24835 WARNING rally_openstack.scenarios.neutron.utils [-] Running this scenario without either the 'network' or 'existing_network' context is deprecated
2019-07-20 09:30:56.637 24844 RALLYDEBUG rally_openstack.wrappers.network [-] CIDR generated: 1.1.5.128/30
2019-07-20 09:30:57.264 24820 INFO rally.task.runner [-] Task b6918239-556c-427e-8a55-b9e5d9b3106f | ITER: 34 END: OK
2019-07-20 09:30:57.450 24825 RALLYDEBUG rally_openstack.wrappers.network [-] CIDR generated: 1.1.5.132/30
2019-07-20 09:30:57.461 24799 RALLYDEBUG rally_openstack.wrappers.network [-] CIDR generated: 1.1.5.136/30
2019-07-20 09:30:57.506 24816 RALLYDEBUG rally_openstack.wrappers.network [-] CIDR generated: 1.1.5.140/30
2019-07-20 09:30:57.585 24802 INFO rally.task.runner [-] Task b6918239-556c-427e-8a55-b9e5d9b3106f | ITER: 32 END: OK
2019-07-20 09:30:57.782 24841 INFO rally.task.runner [-] Task b6918239-556c-427e-8a55-b9e5d9b3106f | ITER: 33 END: OK
2019-07-20 09:30:58.020 24835 RALLYDEBUG rally_openstack.wrappers.network [-] CIDR generated: 1.1.5.144/30
2019-07-20 09:30:58.023 24799 INFO rally.task.runner [-] Task b6918239-556c-427e-8a55-b9e5d9b3106f | ITER: 35 END: OK
2019-07-20 09:30:58.148 24801 INFO rally.task.runner [-] Task b6918239-556c-427e-8a55-b9e5d9b3106f | ITER: 36 END: OK
2019-07-20 09:30:58.528 24825 RALLYDEBUG rally_openstack.wrappers.network [-] CIDR generated: 1.1.5.148/30
2019-07-20 09:30:59.701 24799 RALLYDEBUG rally_openstack.wrappers.network [-] CIDR generated: 1.1.5.152/30
2019-07-20 09:31:00.046 24835 RALLYDEBUG rally_openstack.wrappers.network [-] CIDR generated: 1.1.5.156/30
2019-07-20 09:31:00.121 24816 INFO rally.task.runner [-] Task b6918239-556c-427e-8a55-b9e5d9b3106f | ITER: 37 END: OK
2019-07-20 09:31:00.792 24825 INFO rally.task.runner [-] Task b6918239-556c-427e-8a55-b9e5d9b3106f | ITER: 39 END: OK
2019-07-20 09:31:01.057 24827 INFO rally.task.runner [-] Task b6918239-556c-427e-8a55-b9e5d9b3106f | ITER: 30 END: OK
2019-07-20 09:31:01.329 24844 INFO rally.task.runner [-] Task b6918239-556c-427e-8a55-b9e5d9b3106f | ITER: 31 END: OK
2019-07-20 09:31:02.182 24831 INFO rally.task.runner [-] Task b6918239-556c-427e-8a55-b9e5d9b3106f | ITER: 27 END: OK
2019-07-20 09:31:04.382 24800 INFO rally.task.runner [-] Task b6918239-556c-427e-8a55-b9e5d9b3106f | ITER: 25 END: OK
2019-07-20 09:31:04.687 24840 INFO rally.task.runner [-] Task b6918239-556c-427e-8a55-b9e5d9b3106f | ITER: 28 END: OK
2019-07-20 09:31:04.960 24799 INFO rally.task.runner [-] Task b6918239-556c-427e-8a55-b9e5d9b3106f | ITER: 38 END: OK
2019-07-20 09:31:05.361 24835 INFO rally.task.runner [-] Task b6918239-556c-427e-8a55-b9e5d9b3106f | ITER: 40 END: OK
2019-07-20 09:31:06.797 24807 INFO rally.task.runner [-] Task b6918239-556c-427e-8a55-b9e5d9b3106f | ITER: 10 END: OK
2019-07-20 09:31:07.056 24800 INFO rally.task.runner [-] Task b6918239-556c-427e-8a55-b9e5d9b3106f | ITER: 2 END: OK
2019-07-20 09:31:08.806 24802 INFO rally.task.runner [-] Task b6918239-556c-427e-8a55-b9e5d9b3106f | ITER: 7 END: OK
2019-07-20 09:31:10.400 24803 INFO rally.task.runner [-] Task b6918239-556c-427e-8a55-b9e5d9b3106f | ITER: 9 END: OK
2019-07-20 09:31:10.413 24801 INFO rally.task.runner [-] Task b6918239-556c-427e-8a55-b9e5d9b3106f | ITER: 6 END: OK
2019-07-20 09:31:10.784 24834 INFO rally.task.runner [-] Task b6918239-556c-427e-8a55-b9e5d9b3106f | ITER: 16 END: OK
2019-07-20 09:31:10.815 22705 INFO rally.task.context [-] Task b6918239-556c-427e-8a55-b9e5d9b3106f | Context cleanup@openstack cleanup() started
2019-07-20 09:31:10.817 22705 RALLYDEBUG rally_openstack.cleanup.manager [-] Cleaning up neutron vip objects
2019-07-20 09:31:11.742 22705 RALLYDEBUG rally_openstack.cleanup.manager [-] Cleaning up neutron health_monitor objects
2019-07-20 09:31:12.522 22705 RALLYDEBUG rally_openstack.cleanup.manager [-] Cleaning up neutron pool objects
2019-07-20 09:31:13.180 22705 RALLYDEBUG rally_openstack.cleanup.manager [-] Cleaning up neutron loadbalancer objects
2019-07-20 09:31:13.907 22705 RALLYDEBUG rally_openstack.cleanup.manager [-] Cleaning up neutron floatingip objects
2019-07-20 09:31:14.696 22705 RALLYDEBUG rally_openstack.cleanup.manager [-] Cleaning up neutron port objects
2019-07-20 09:31:15.422 22705 RALLYDEBUG rally_openstack.cleanup.manager [-] Cleaning up neutron subnet objects
2019-07-20 09:31:16.204 22705 RALLYDEBUG rally_openstack.cleanup.manager [-] Cleaning up neutron network objects
2019-07-20 09:31:17.008 22705 RALLYDEBUG rally_openstack.cleanup.manager [-] Deleting neutron.network object s_rally_1c92e4d2_qfaejgJL (001f335a-4787-4d4f-a4d0-f027e5b0b601)
2019-07-20 09:31:17.017 22705 RALLYDEBUG rally_openstack.cleanup.manager [-] Deleting neutron.network object s_rally_1c92e4d2_KdczNXV8 (01fe90e7-3555-4cce-8a90-a34d890914c7)
2019-07-20 09:31:17.022 22705 RALLYDEBUG rally_openstack.cleanup.manager [-] Deleting neutron.network object s_rally_1c92e4d2_UmlDkpsk (025142ce-adba-484f-9410-7396583719b2)
2019-07-20 09:31:17.033 22705 RALLYDEBUG rally_openstack.cleanup.manager [-] Deleting neutron.network object s_rally_1c92e4d2_PG2oxpvK (05511074-bc72-4ceb-9267-22107fb47849)
2019-07-20 09:31:17.043 22705 RALLYDEBUG rally_openstack.cleanup.manager [-] Deleting neutron.network object s_rally_1c92e4d2_EDXHYkU9 (0a48569a-9aec-4459-8c23-9d888bfccb5e)
2019-07-20 09:31:17.057 22705 RALLYDEBUG rally_openstack.cleanup.manager [-] Deleting neutron.network object s_rally_1c92e4d2_5Yg6eNfu (0ab84653-a9aa-4404-89fc-8ea40f35d54a)
2019-07-20 09:31:17.068 22705 RALLYDEBUG rally_openstack.cleanup.manager [-] Deleting neutron.network object s_rally_1c92e4d2_Yr0OBDxD (0af5bcf7-8963-4c25-abe4-ffb3b4cddefa)
2019-07-20 09:31:17.080 22705 RALLYDEBUG rally_openstack.cleanup.manager [-] Deleting neutron.network object s_rally_1c92e4d2_zGe6mxt0 (1076571e-2cf6-4c4e-9176-881d63df38da)
2019-07-20 09:31:17.088 22705 RALLYDEBUG rally_openstack.cleanup.manager [-] Deleting neutron.network object s_rally_1c92e4d2_SWyCgJSK (15734bd0-acad-4c1c-abb2-fe9cbb5465ad)
2019-07-20 09:31:17.101 22705 RALLYDEBUG rally_openstack.cleanup.manager [-] Deleting neutron.network object s_rally_1c92e4d2_6sW5F5zM (237c6340-7267-4be7-a986-49c6f02997d9)
2019-07-20 09:31:17.119 22705 RALLYDEBUG rally_openstack.cleanup.manager [-] Deleting neutron.network object s_rally_1c92e4d2_Pq60wzhD (28378eca-8fd5-4ef3-aed8-f8fb66da13a2)
2019-07-20 09:31:17.139 22705 RALLYDEBUG rally_openstack.cleanup.manager [-] Deleting neutron.network object s_rally_1c92e4d2_ZYMEZUDe (2a3250f8-f301-4083-a25f-545c28358cbc)
2019-07-20 09:31:17.143 22705 RALLYDEBUG rally_openstack.cleanup.manager [-] Deleting neutron.network object s_rally_1c92e4d2_UpY2HOek (2cf7919e-d4c6-43c2-935d-1ad1d5e9d06c)
2019-07-20 09:31:17.164 22705 RALLYDEBUG rally_openstack.cleanup.manager [-] Deleting neutron.network object s_rally_1c92e4d2_oKe2b1hT (355a6ee7-f1ca-41cb-8d4e-3411c6b61326)
2019-07-20 09:31:17.168 22705 RALLYDEBUG rally_openstack.cleanup.manager [-] Deleting neutron.network object s_rally_1c92e4d2_cYccKMPr (381186e0-1486-4db6-bb52-c478763edf47)
2019-07-20 09:31:17.196 22705 RALLYDEBUG rally_openstack.cleanup.manager [-] Deleting neutron.network object s_rally_1c92e4d2_zHtn3M1e (3e515a2a-a45e-403e-bf26-5694da0a3d2b)
2019-07-20 09:31:17.204 22705 RALLYDEBUG rally_openstack.cleanup.manager [-] Deleting neutron.network object s_rally_1c92e4d2_Rk90wUDW (43229c3b-3399-49f7-8323-edaf2ca00e29)
2019-07-20 09:31:17.210 22705 RALLYDEBUG rally_openstack.cleanup.manager [-] Deleting neutron.network object s_rally_1c92e4d2_Rfmmz9eF (4c1a2151-8d33-4dff-8e8f-ed7343c2ba74)
2019-07-20 09:31:17.227 22705 RALLYDEBUG rally_openstack.cleanup.manager [-] Deleting neutron.network object s_rally_1c92e4d2_QQtxZqrF (5f208074-7f83-4162-a329-ec75b9c6dc2b)
2019-07-20 09:31:17.229 22705 RALLYDEBUG rally_openstack.cleanup.manager [-] Deleting neutron.network object s_rally_1c92e4d2_HeM6tO0V (5451162b-6c56-4111-af86-0830f0a807e5)
2019-07-20 09:31:20.138 22705 RALLYDEBUG rally_openstack.cleanup.manager [-] Deleting neutron.network object s_rally_1c92e4d2_WsDki6CH (6d422384-af47-4c9b-b5b6-4299493a949d)
2019-07-20 09:31:20.197 22705 RALLYDEBUG rally_openstack.cleanup.manager [-] Deleting neutron.network object s_rally_1c92e4d2_7k0GIqA7 (70d2ff45-4b29-4393-8410-cf3d298e68ab)
2019-07-20 09:31:20.370 22705 RALLYDEBUG rally_openstack.cleanup.manager [-] Deleting neutron.network object s_rally_1c92e4d2_YaKdaoup (721212b1-0d0d-4d67-bd76-4f2a005b0739)
2019-07-20 09:31:21.824 22705 RALLYDEBUG rally_openstack.cleanup.manager [-] Deleting neutron.network object s_rally_1c92e4d2_OOmUmaF2 (79d12978-15e4-4007-ad31-744dd02f1e64)
2019-07-20 09:31:21.870 22705 RALLYDEBUG rally_openstack.cleanup.manager [-] Deleting neutron.network object s_rally_1c92e4d2_41O1oVSI (7f54a7fb-d158-470d-8bad-e1f953e5adcc)
2019-07-20 09:31:21.952 22705 RALLYDEBUG rally_openstack.cleanup.manager [-] Deleting neutron.network object s_rally_1c92e4d2_tHHCOO5C (8109be1a-492c-440d-b6b1-7854c91e3a30)
2019-07-20 09:31:21.967 22705 RALLYDEBUG rally_openstack.cleanup.manager [-] Deleting neutron.network object s_rally_1c92e4d2_pP4rrlSV (88949261-07b4-4d20-9344-217d89fcc80d)
2019-07-20 09:31:22.102 22705 RALLYDEBUG rally_openstack.cleanup.manager [-] Deleting neutron.network object s_rally_1c92e4d2_QvWVcs9x (8f084031-7513-4339-8837-0d9c1ce598aa)
2019-07-20 09:31:22.155 22705 RALLYDEBUG rally_openstack.cleanup.manager [-] Deleting neutron.network object s_rally_1c92e4d2_oZq8scuP (98fd4145-6748-424f-998d-9b37cbc8d104)
2019-07-20 09:31:22.248 22705 RALLYDEBUG rally_openstack.cleanup.manager [-] Deleting neutron.network object s_rally_1c92e4d2_pxMprl4y (9ca86f88-2074-491e-9f9b-62e9c3605428)
2019-07-20 09:31:22.335 22705 RALLYDEBUG rally_openstack.cleanup.manager [-] Deleting neutron.network object s_rally_1c92e4d2_wNnGWApk (a1ee1d4c-d93a-44d6-bf37-6b58a95d6102)
2019-07-20 09:31:23.217 22705 RALLYDEBUG rally_openstack.cleanup.manager [-] Deleting neutron.network object s_rally_1c92e4d2_2GJ9TITb (a2050118-c491-44b2-a207-70a95fb8bd8c)
2019-07-20 09:31:23.333 22705 RALLYDEBUG rally_openstack.cleanup.manager [-] Deleting neutron.network object s_rally_1c92e4d2_xV8o4bpd (adb0ce58-227b-4725-a35d-7a6e410f643d)
2019-07-20 09:31:23.451 22705 RALLYDEBUG rally_openstack.cleanup.manager [-] Deleting neutron.network object s_rally_1c92e4d2_nO0a6Jvt (b03e40cf-b50c-4f93-b0fb-264199802a5f)
2019-07-20 09:31:23.695 22705 RALLYDEBUG rally_openstack.cleanup.manager [-] Deleting neutron.network object s_rally_1c92e4d2_YTLaZCOE (b6ae905d-809b-4532-ba1f-762c66a42c6c)
2019-07-20 09:31:24.055 22705 RALLYDEBUG rally_openstack.cleanup.manager [-] Deleting neutron.network object s_rally_1c92e4d2_1beLxknp (bbef529f-4281-498c-8a4a-683452662f63)
2019-07-20 09:31:24.070 22705 RALLYDEBUG rally_openstack.cleanup.manager [-] Deleting neutron.network object s_rally_1c92e4d2_4xflehIf (c2d64c4a-2e26-4af1-91ac-93e8fad862da)
2019-07-20 09:31:24.963 22705 RALLYDEBUG rally_openstack.cleanup.manager [-] Deleting neutron.network object s_rally_1c92e4d2_LlJwLkCE (ca07840e-85c1-40a9-ae89-e80cd79085eb)
2019-07-20 09:31:25.185 22705 RALLYDEBUG rally_openstack.cleanup.manager [-] Deleting neutron.network object s_rally_1c92e4d2_iVcbSAXY (f53e0804-648d-4ff2-b8c1-9f832ea5bbda)
2019-07-20 09:31:25.238 22705 RALLYDEBUG rally_openstack.cleanup.manager [-] Deleting neutron.network object s_rally_1c92e4d2_5id5ULgE (fa9b881f-6d48-417b-a6f9-ce475ad2f92c)
2019-07-20 09:31:28.574 22705 RALLYDEBUG rally_openstack.cleanup.manager [-] Cleaning up neutron router objects
2019-07-20 09:31:29.264 22705 RALLYDEBUG rally_openstack.cleanup.manager [-] Cleaning up neutron security_group objects
2019-07-20 09:31:29.956 22705 INFO rally.task.context [-] Task b6918239-556c-427e-8a55-b9e5d9b3106f | Context cleanup@openstack cleanup() finished in 19.14 sec
2019-07-20 09:31:29.957 22705 INFO rally.task.context [-] Task b6918239-556c-427e-8a55-b9e5d9b3106f | Context quotas@openstack cleanup() started
2019-07-20 09:31:30.165 22705 INFO rally.task.context [-] Task b6918239-556c-427e-8a55-b9e5d9b3106f | Context quotas@openstack cleanup() finished in 0.21 sec
2019-07-20 09:31:30.165 22705 INFO rally.task.context [-] Task b6918239-556c-427e-8a55-b9e5d9b3106f | Context users@openstack cleanup() started
2019-07-20 09:31:34.575 22705 INFO rally.task.context [-] Task b6918239-556c-427e-8a55-b9e5d9b3106f | Context users@openstack cleanup() finished in 4.41 sec
2019-07-20 09:31:36.049 22705 INFO rally.task.engine [-] Load duration is: 37.86128
2019-07-20 09:31:36.049 22705 INFO rally.task.engine [-] Full runner duration is: 37.919207
2019-07-20 09:31:36.049 22705 INFO rally.task.engine [-] Full duration is: 66.783096
2019-07-20 09:31:36.325 22705 INFO rally.task.engine [-] Running workload: position = 0 config = { "version": 2, "title": "A cropped version of a bigger task.", "description": "Auto-generated task from a single workload (uuid=d8243615-b660-4ba1-b5d6-01582ff1ab73)", "subtasks": [ { "title": "NeutronNetworks.create_and_list_routers", "description": "Create and a given number of routers and list all routers.", "scenario": { "NeutronNetworks.create_and_list_routers": { "network_create_args": null, "subnet_create_args": null, "subnet_cidr_start": "1.1.0.0/30", "subnets_per_network": 2, "router_create_args": null } }, "contexts": { "users": { "tenants": 1, "users_per_tenant": 1 }, "quotas": { "neutron": { "network": -1, "subnet": -1, "router": -1 } } }, "runner": { "constant": { "times": 40, "concurrency": 20 } }, "hooks": [], "sla": { "failure_rate": { "max": 0 } } } ] }
2019-07-20 09:31:36.349 22705 RALLYDEBUG rally_openstack.contexts.keystone.users [-] Creating 1 tenants using 20 threads
2019-07-20 09:31:38.095 22705 RALLYDEBUG rally_openstack.contexts.keystone.users [-] Creating 1 users using 20 threads
2019-07-20 09:31:40.613 22705 INFO rally.task.context [-] Task b6918239-556c-427e-8a55-b9e5d9b3106f | Context users@openstack setup() finished in 4.26 sec
2019-07-20 09:31:41.437 22705 INFO rally.task.context [-] Task b6918239-556c-427e-8a55-b9e5d9b3106f | Context quotas@openstack setup() finished in 0.82 sec
2019-07-20 09:31:41.437 22705 INFO rally.task.context [-] Task b6918239-556c-427e-8a55-b9e5d9b3106f | Context cleanup@openstack setup() finished in 0.01 msec
2019-07-20 09:31:41.446 22705 RALLYDEBUG rally.task.runner [-] Starting the constant runner (task UUID: b6918239-556c-427e-8a55-b9e5d9b3106f). timeout: 0 concurrency: 20 concurrency_per_worker: 1 times: 40 concurrency_overhead: 4 processes_to_start: 16 max_cpu_used: 16
2019-07-20 09:31:41.459 25169 RALLYDEBUG rally.task.runner [-] Starting a worker. concurrency: 2 args: {"network_create_args": null, "subnet_create_args": null, "subnet_cidr_start": "1.1.0.0/30", "subnets_per_network": 2, "router_create_args": null} times: 40 method_name: run timeout: 0 duration: None cls:
2019-07-20 09:31:41.462 25170 RALLYDEBUG rally.task.runner [-] Starting a worker. concurrency: 2 args: {"network_create_args": null, "subnet_create_args": null, "subnet_cidr_start": "1.1.0.0/30", "subnets_per_network": 2, "router_create_args": null} times: 40 method_name: run timeout: 0 duration: None cls:
2019-07-20 09:31:41.464 25171 RALLYDEBUG rally.task.runner [-] Starting a worker. concurrency: 2 args: {"network_create_args": null, "subnet_create_args": null, "subnet_cidr_start": "1.1.0.0/30", "subnets_per_network": 2, "router_create_args": null} times: 40 method_name: run timeout: 0 duration: None cls:
2019-07-20 09:31:41.468 25172 RALLYDEBUG rally.task.runner [-] Starting a worker. concurrency: 2 args: {"network_create_args": null, "subnet_create_args": null, "subnet_cidr_start": "1.1.0.0/30", "subnets_per_network": 2, "router_create_args": null} times: 40 method_name: run timeout: 0 duration: None cls:
2019-07-20 09:31:41.470 25169 INFO rally.task.runner [-] Task b6918239-556c-427e-8a55-b9e5d9b3106f | ITER: 1 START
2019-07-20 09:31:41.471 25173 RALLYDEBUG rally.task.runner [-] Starting a worker. concurrency: 1 args: {"network_create_args": null, "subnet_create_args": null, "subnet_cidr_start": "1.1.0.0/30", "subnets_per_network": 2, "router_create_args": null} times: 40 method_name: run timeout: 0 duration: None cls:
2019-07-20 09:31:41.471 25170 INFO rally.task.runner [-] Task b6918239-556c-427e-8a55-b9e5d9b3106f | ITER: 2 START
2019-07-20 09:31:41.471 25169 INFO rally.task.runner [-] Task b6918239-556c-427e-8a55-b9e5d9b3106f | ITER: 3 START
2019-07-20 09:31:41.471 25171 INFO rally.task.runner [-] Task b6918239-556c-427e-8a55-b9e5d9b3106f | ITER: 4 START
2019-07-20 09:31:41.475 25175 RALLYDEBUG rally.task.runner [-] Starting a worker. concurrency: 1 args: {"network_create_args": null, "subnet_create_args": null, "subnet_cidr_start": "1.1.0.0/30", "subnets_per_network": 2, "router_create_args": null} times: 40 method_name: run timeout: 0 duration: None cls:
2019-07-20 09:31:41.477 25173 INFO rally.task.runner [-] Task b6918239-556c-427e-8a55-b9e5d9b3106f | ITER: 8 START
2019-07-20 09:31:41.479 25172 INFO rally.task.runner [-] Task b6918239-556c-427e-8a55-b9e5d9b3106f | ITER: 7 START
2019-07-20 09:31:41.479 25182 RALLYDEBUG rally.task.runner [-] Starting a worker. concurrency: 1 args: {"network_create_args": null, "subnet_create_args": null, "subnet_cidr_start": "1.1.0.0/30", "subnets_per_network": 2, "router_create_args": null} times: 40 method_name: run timeout: 0 duration: None cls:
2019-07-20 09:31:41.481 25170 INFO rally.task.runner [-] Task b6918239-556c-427e-8a55-b9e5d9b3106f | ITER: 5 START
2019-07-20 09:31:41.482 25187 RALLYDEBUG rally.task.runner [-] Starting a worker. concurrency: 1 args: {"network_create_args": null, "subnet_create_args": null, "subnet_cidr_start": "1.1.0.0/30", "subnets_per_network": 2, "router_create_args": null} times: 40 method_name: run timeout: 0 duration: None cls:
2019-07-20 09:31:41.484 25172 INFO rally.task.runner [-] Task b6918239-556c-427e-8a55-b9e5d9b3106f | ITER: 9 START
2019-07-20 09:31:41.484 25175 INFO rally.task.runner [-] Task b6918239-556c-427e-8a55-b9e5d9b3106f | ITER: 10 START
2019-07-20 09:31:41.484 25171 INFO rally.task.runner [-] Task b6918239-556c-427e-8a55-b9e5d9b3106f | ITER: 6 START
2019-07-20 09:31:41.485 25182 INFO rally.task.runner [-] Task b6918239-556c-427e-8a55-b9e5d9b3106f | ITER: 11 START
2019-07-20 09:31:41.488 25187 INFO rally.task.runner [-] Task b6918239-556c-427e-8a55-b9e5d9b3106f | ITER: 12 START
2019-07-20 09:31:41.489 25191 RALLYDEBUG rally.task.runner [-] Starting a worker. concurrency: 1 args: {"network_create_args": null, "subnet_create_args": null, "subnet_cidr_start": "1.1.0.0/30", "subnets_per_network": 2, "router_create_args": null} times: 40 method_name: run timeout: 0 duration: None cls:
2019-07-20 09:31:41.492 25196 RALLYDEBUG rally.task.runner [-] Starting a worker. concurrency: 1 args: {"network_create_args": null, "subnet_create_args": null, "subnet_cidr_start": "1.1.0.0/30", "subnets_per_network": 2, "router_create_args": null} times: 40 method_name: run timeout: 0 duration: None cls:
2019-07-20 09:31:41.498 25196 INFO rally.task.runner [-] Task b6918239-556c-427e-8a55-b9e5d9b3106f | ITER: 14 START
2019-07-20 09:31:41.498 25191 INFO rally.task.runner [-] Task b6918239-556c-427e-8a55-b9e5d9b3106f | ITER: 13 START
2019-07-20 09:31:41.501 25200 RALLYDEBUG rally.task.runner [-] Starting a worker. concurrency: 1 args: {"network_create_args": null, "subnet_create_args": null, "subnet_cidr_start": "1.1.0.0/30", "subnets_per_network": 2, "router_create_args": null} times: 40 method_name: run timeout: 0 duration: None cls:
2019-07-20 09:31:41.506 25200 INFO rally.task.runner [-] Task b6918239-556c-427e-8a55-b9e5d9b3106f | ITER: 15 START
2019-07-20 09:31:41.519 25207 RALLYDEBUG rally.task.runner [-] Starting a worker. concurrency: 1 args: {"network_create_args": null, "subnet_create_args": null, "subnet_cidr_start": "1.1.0.0/30", "subnets_per_network": 2, "router_create_args": null} times: 40 method_name: run timeout: 0 duration: None cls:
2019-07-20 09:31:41.522 25204 RALLYDEBUG rally.task.runner [-] Starting a worker. concurrency: 1 args: {"network_create_args": null, "subnet_create_args": null, "subnet_cidr_start": "1.1.0.0/30", "subnets_per_network": 2, "router_create_args": null} times: 40 method_name: run timeout: 0 duration: None cls:
2019-07-20 09:31:41.523 25207 INFO rally.task.runner [-] Task b6918239-556c-427e-8a55-b9e5d9b3106f | ITER: 16 START
2019-07-20 09:31:41.526 25208 RALLYDEBUG rally.task.runner [-] Starting a worker. concurrency: 1 args: {"network_create_args": null, "subnet_create_args": null, "subnet_cidr_start": "1.1.0.0/30", "subnets_per_network": 2, "router_create_args": null} times: 40 method_name: run timeout: 0 duration: None cls:
2019-07-20 09:31:41.528 25204 INFO rally.task.runner [-] Task b6918239-556c-427e-8a55-b9e5d9b3106f | ITER: 17 START
2019-07-20 09:31:41.529 25208 INFO rally.task.runner [-] Task b6918239-556c-427e-8a55-b9e5d9b3106f | ITER: 18 START
2019-07-20 09:31:41.534 25213 RALLYDEBUG rally.task.runner [-] Starting a worker. concurrency: 1 args: {"network_create_args": null, "subnet_create_args": null, "subnet_cidr_start": "1.1.0.0/30", "subnets_per_network": 2, "router_create_args": null} times: 40 method_name: run timeout: 0 duration: None cls:
2019-07-20 09:31:41.537 25216 RALLYDEBUG rally.task.runner [-] Starting a worker. concurrency: 1 args: {"network_create_args": null, "subnet_create_args": null, "subnet_cidr_start": "1.1.0.0/30", "subnets_per_network": 2, "router_create_args": null} times: 40 method_name: run timeout: 0 duration: None cls:
2019-07-20 09:31:41.539 25213 INFO rally.task.runner [-] Task b6918239-556c-427e-8a55-b9e5d9b3106f | ITER: 19 START
2019-07-20 09:31:41.540 25216 INFO rally.task.runner [-] Task b6918239-556c-427e-8a55-b9e5d9b3106f | ITER: 20 START
2019-07-20 09:31:43.359 25170 RALLYDEBUG rally_openstack.wrappers.network [-] CIDR generated: 1.1.5.160/30
2019-07-20 09:31:43.381 25172 RALLYDEBUG rally_openstack.wrappers.network [-] CIDR generated: 1.1.5.164/30
2019-07-20 09:31:43.579 25170 RALLYDEBUG rally_openstack.wrappers.network [-] CIDR generated: 1.1.5.168/30
2019-07-20 09:31:43.640 25187 RALLYDEBUG rally_openstack.wrappers.network [-] CIDR generated: 1.1.5.172/30
2019-07-20 09:31:43.645 25171 RALLYDEBUG rally_openstack.wrappers.network [-] CIDR generated: 1.1.5.176/30
2019-07-20 09:31:43.679 25169 RALLYDEBUG rally_openstack.wrappers.network [-] CIDR generated: 1.1.5.180/30
2019-07-20 09:31:43.685 25208 RALLYDEBUG rally_openstack.wrappers.network [-] CIDR generated: 1.1.5.184/30
2019-07-20 09:31:43.785 25196 RALLYDEBUG rally_openstack.wrappers.network [-] CIDR generated: 1.1.5.188/30
2019-07-20 09:31:43.842 25182 RALLYDEBUG rally_openstack.wrappers.network [-] CIDR generated: 1.1.5.192/30
2019-07-20 09:31:44.008 25175 RALLYDEBUG rally_openstack.wrappers.network [-] CIDR generated: 1.1.5.196/30
2019-07-20 09:31:44.060 25172 RALLYDEBUG rally_openstack.wrappers.network [-] CIDR generated: 1.1.5.200/30
2019-07-20 09:31:44.174 25200 RALLYDEBUG rally_openstack.wrappers.network [-] CIDR generated: 1.1.5.204/30
2019-07-20 09:31:44.202 25191 RALLYDEBUG rally_openstack.wrappers.network [-] CIDR generated: 1.1.5.208/30
2019-07-20 09:31:44.360 25169 RALLYDEBUG rally_openstack.wrappers.network [-] CIDR generated: 1.1.5.212/30
2019-07-20 09:31:44.415 25173 RALLYDEBUG rally_openstack.wrappers.network [-] CIDR generated: 1.1.5.216/30
2019-07-20 09:31:44.417 25213 RALLYDEBUG rally_openstack.wrappers.network [-] CIDR generated: 1.1.5.220/30
2019-07-20 09:31:44.422 25204 RALLYDEBUG rally_openstack.wrappers.network [-] CIDR generated: 1.1.5.224/30
2019-07-20 09:31:44.525 25171 RALLYDEBUG rally_openstack.wrappers.network [-] CIDR generated: 1.1.5.228/30
2019-07-20 09:31:44.600 25216 RALLYDEBUG rally_openstack.wrappers.network [-] CIDR generated: 1.1.5.232/30
2019-07-20 09:31:44.754 25170 RALLYDEBUG rally_openstack.wrappers.network [-] CIDR generated: 1.1.5.236/30
2019-07-20 09:31:45.061 25171 RALLYDEBUG rally_openstack.wrappers.network [-] CIDR generated: 1.1.5.240/30
2019-07-20 09:31:45.367 25196 RALLYDEBUG rally_openstack.wrappers.network [-] CIDR generated: 1.1.5.244/30
2019-07-20 09:31:45.536 25208 RALLYDEBUG rally_openstack.wrappers.network [-] CIDR generated: 1.1.5.248/30
2019-07-20 09:31:45.600 25207 RALLYDEBUG rally_openstack.wrappers.network [-] CIDR generated: 1.1.5.252/30
2019-07-20 09:31:46.508 25169 RALLYDEBUG rally_openstack.wrappers.network [-] CIDR generated: 1.1.6.0/30
2019-07-20 09:31:46.979 25172 RALLYDEBUG rally_openstack.wrappers.network [-] CIDR generated: 1.1.6.4/30
2019-07-20 09:31:47.452 25172 RALLYDEBUG rally_openstack.wrappers.network [-] CIDR generated: 1.1.6.8/30
2019-07-20 09:31:48.496 25213 RALLYDEBUG rally_openstack.wrappers.network [-] CIDR generated: 1.1.6.12/30
2019-07-20 09:31:48.509 25169 RALLYDEBUG rally_openstack.wrappers.network [-] CIDR generated: 1.1.6.16/30
2019-07-20 09:31:48.548 25173 RALLYDEBUG rally_openstack.wrappers.network [-] CIDR generated: 1.1.6.20/30
2019-07-20 09:31:48.548 25216 RALLYDEBUG rally_openstack.wrappers.network [-] CIDR generated: 1.1.6.24/30
2019-07-20 09:31:48.762 25204 RALLYDEBUG rally_openstack.wrappers.network [-] CIDR generated: 1.1.6.28/30
2019-07-20 09:31:48.888 25170 RALLYDEBUG rally_openstack.wrappers.network [-] CIDR generated: 1.1.6.32/30
2019-07-20 09:31:48.891 25187 RALLYDEBUG rally_openstack.wrappers.network [-] CIDR generated: 1.1.6.36/30
2019-07-20 09:31:49.362 25171 RALLYDEBUG rally_openstack.wrappers.network [-] CIDR generated: 1.1.6.40/30
2019-07-20 09:31:49.496 25191 RALLYDEBUG rally_openstack.wrappers.network [-] CIDR generated: 1.1.6.44/30
2019-07-20 09:31:49.546 25200 RALLYDEBUG rally_openstack.wrappers.network [-] CIDR generated: 1.1.6.48/30
2019-07-20 09:31:49.552 25182 RALLYDEBUG rally_openstack.wrappers.network [-] CIDR generated: 1.1.6.52/30
2019-07-20 09:31:49.561 25175 RALLYDEBUG rally_openstack.wrappers.network [-] CIDR generated: 1.1.6.56/30
2019-07-20 09:31:50.307 25207 RALLYDEBUG rally_openstack.wrappers.network [-] CIDR generated: 1.1.6.60/30
2019-07-20 09:31:56.388 25171 INFO rally.task.runner [-] Task b6918239-556c-427e-8a55-b9e5d9b3106f | ITER: 4 END: OK
2019-07-20 09:31:56.393 25171 INFO rally.task.runner [-] Task b6918239-556c-427e-8a55-b9e5d9b3106f | ITER: 21 START
2019-07-20 09:31:56.546 25170 INFO rally.task.runner [-] Task b6918239-556c-427e-8a55-b9e5d9b3106f | ITER: 2 END: OK
2019-07-20 09:31:56.550 25170 INFO rally.task.runner [-] Task b6918239-556c-427e-8a55-b9e5d9b3106f | ITER: 22 START
2019-07-20 09:31:56.842 25196 INFO rally.task.runner [-] Task b6918239-556c-427e-8a55-b9e5d9b3106f | ITER: 14 END: OK
2019-07-20 09:31:56.846 25196 INFO rally.task.runner [-] Task b6918239-556c-427e-8a55-b9e5d9b3106f | ITER: 23 START
2019-07-20 09:31:57.576 25208 INFO rally.task.runner [-] Task b6918239-556c-427e-8a55-b9e5d9b3106f | ITER: 18 END: OK
2019-07-20 09:31:57.580 25208 INFO rally.task.runner [-] Task b6918239-556c-427e-8a55-b9e5d9b3106f | ITER: 24 START
2019-07-20 09:31:58.116 25171 RALLYDEBUG rally_openstack.wrappers.network [-] CIDR generated: 1.1.6.64/30
2019-07-20 09:31:58.613 25170 RALLYDEBUG rally_openstack.wrappers.network [-] CIDR generated: 1.1.6.68/30
2019-07-20 09:31:58.861 25196 RALLYDEBUG rally_openstack.wrappers.network [-] CIDR generated: 1.1.6.72/30
