2019-07-20 07:42:52.542 725 DEBUG novaclient.v2.client [-] RESP: [200] Content-Length: 16 Content-Type: application/json Date: Sat, 20 Jul 2019 07:42:52 GMT OpenStack-API-Version: compute 2.1 Server: Apache Vary: OpenStack-API-Version,X-OpenStack-Nova-API-Version X-OpenStack-Nova-API-Version: 2.1 x-compute-request-id: req-f6683ddd-6f92-4c01-ba8a-6640b7f6a428 x-openstack-request-id: req-f6683ddd-6f92-4c01-ba8a-6640b7f6a428 _http_log_response /usr/lib/python2.7/site-packages/keystoneauth1/session.py:479
2019-07-20 07:42:52.543 725 DEBUG novaclient.v2.client [-] RESP BODY: {"keypairs": []} _http_log_response /usr/lib/python2.7/site-packages/keystoneauth1/session.py:511
2019-07-20 07:42:52.543 725 DEBUG novaclient.v2.client [-] GET call to compute for http://172.30.9.22:8774/v2.1/os-keypairs used request id req-f6683ddd-6f92-4c01-ba8a-6640b7f6a428 request /usr/lib/python2.7/site-packages/keystoneauth1/session.py:844
2019-07-20 07:42:52.961 725 DEBUG novaclient.v2.client [-] REQ: curl -g -i -X GET http://172.30.9.22:8774/v2.1/os-keypairs -H "Accept: application/json" -H "User-Agent: python-novaclient" -H "X-Auth-Token: {SHA1}d7865803b2610566a8d83843621e9170e5e15931" _http_log_request /usr/lib/python2.7/site-packages/keystoneauth1/session.py:448
2019-07-20 07:42:53.255 725 DEBUG novaclient.v2.client [-] RESP: [200] Content-Length: 16 Content-Type: application/json Date: Sat, 20 Jul 2019 07:42:52 GMT OpenStack-API-Version: compute 2.1 Server: Apache Vary: OpenStack-API-Version,X-OpenStack-Nova-API-Version X-OpenStack-Nova-API-Version: 2.1 x-compute-request-id: req-06fa61da-13f4-4cc6-841b-015fa637abdd x-openstack-request-id: req-06fa61da-13f4-4cc6-841b-015fa637abdd _http_log_response /usr/lib/python2.7/site-packages/keystoneauth1/session.py:479
2019-07-20 07:42:53.255 725 DEBUG novaclient.v2.client [-] RESP BODY: {"keypairs": []} _http_log_response /usr/lib/python2.7/site-packages/keystoneauth1/session.py:511
2019-07-20 07:42:53.256 725 DEBUG novaclient.v2.client [-] GET call to compute for http://172.30.9.22:8774/v2.1/os-keypairs used request id req-06fa61da-13f4-4cc6-841b-015fa637abdd request /usr/lib/python2.7/site-packages/keystoneauth1/session.py:844
2019-07-20 07:42:53.679 725 DEBUG novaclient.v2.client [-] REQ: curl -g -i -X GET http://172.30.9.22:8774/v2.1/os-keypairs -H "Accept: application/json" -H "User-Agent: python-novaclient" -H "X-Auth-Token: {SHA1}f22ffc164b3912f72c7c8e6c1da109eee383356f" _http_log_request /usr/lib/python2.7/site-packages/keystoneauth1/session.py:448
2019-07-20 07:42:53.961 725 DEBUG novaclient.v2.client [-] RESP: [200] Content-Length: 16 Content-Type: application/json Date: Sat, 20 Jul 2019 07:42:53 GMT OpenStack-API-Version: compute 2.1 Server: Apache Vary: OpenStack-API-Version,X-OpenStack-Nova-API-Version X-OpenStack-Nova-API-Version: 2.1 x-compute-request-id: req-6fd66baa-e82c-43dc-b9e2-d9cabb2e3b87 x-openstack-request-id: req-6fd66baa-e82c-43dc-b9e2-d9cabb2e3b87 _http_log_response /usr/lib/python2.7/site-packages/keystoneauth1/session.py:479
2019-07-20 07:42:53.962 725 DEBUG novaclient.v2.client [-] RESP BODY: {"keypairs": []} _http_log_response /usr/lib/python2.7/site-packages/keystoneauth1/session.py:511
2019-07-20 07:42:53.962 725 DEBUG novaclient.v2.client [-] GET call to compute for http://172.30.9.22:8774/v2.1/os-keypairs used request id req-6fd66baa-e82c-43dc-b9e2-d9cabb2e3b87 request /usr/lib/python2.7/site-packages/keystoneauth1/session.py:844
2019-07-20 07:42:53.969 725 RALLYDEBUG rally_openstack.cleanup.manager [-] Cleaning up glance images objects
2019-07-20 07:42:56.289 725 RALLYDEBUG rally_openstack.cleanup.manager [-] Deleting glance.images object s_rally_79249d90_brHP6A1E (c218829a-dd31-4981-91e1-b032819bb8f8)
2019-07-20 07:42:56.297 725 RALLYDEBUG rally_openstack.cleanup.manager [-] Deleting glance.images object s_rally_79249d90_kJl0WfsH (6dabf689-86e7-4128-b46c-afe169a2ce19)
2019-07-20 07:42:56.298 725 RALLYDEBUG rally_openstack.cleanup.manager [-] Deleting glance.images object s_rally_79249d90_jAzpbDIH (c97d6536-e6fc-46d3-9d57-8694b5a10c22)
2019-07-20 07:42:56.302 725 RALLYDEBUG rally_openstack.cleanup.manager [-] Deleting glance.images object s_rally_79249d90_FUqwNVSX (c72842ad-da61-4e58-b897-5dabd6991acc)
2019-07-20 07:42:56.309 725 RALLYDEBUG rally_openstack.cleanup.manager [-] Deleting glance.images object s_rally_79249d90_dcIMc2Nd (6b584def-a22a-49f7-ab0d-5aa08af3132f)
2019-07-20 07:42:56.327 725 RALLYDEBUG rally_openstack.cleanup.manager [-] Deleting glance.images object s_rally_79249d90_F1glYs4I (c94fc12e-3e74-467e-91be-abbb175001c6)
2019-07-20 07:42:56.331 725 RALLYDEBUG rally_openstack.cleanup.manager [-] Deleting glance.images object s_rally_79249d90_7236eSb9 (e350fa0c-8920-4ac5-8f8a-6099450ac623)
2019-07-20 07:42:56.344 725 RALLYDEBUG rally_openstack.cleanup.manager [-] Deleting glance.images object s_rally_79249d90_d2U9YuEu (8e0b74e4-af4d-4a69-ac61-45aa456e5650)
2019-07-20 07:42:56.357 725 RALLYDEBUG rally_openstack.cleanup.manager [-] Deleting glance.images object s_rally_79249d90_TrNgVY2o (360f449e-2f86-4b85-90ff-500aa9365391)
2019-07-20 07:42:56.360 725 RALLYDEBUG rally_openstack.cleanup.manager [-] Deleting glance.images object s_rally_79249d90_Yg9CajOR (84ada0a1-15d1-4cba-92be-90ac86cb01e6)
2019-07-20 07:42:57.641 725 DEBUG glanceclient.common.http [-] Request returned failure status 404. _handle_response /usr/lib/python2.7/site-packages/glanceclient/common/http.py:125
2019-07-20 07:42:57.655 725 DEBUG glanceclient.common.http [-] Request returned failure status 404. _handle_response /usr/lib/python2.7/site-packages/glanceclient/common/http.py:125
2019-07-20 07:42:58.781 725 DEBUG glanceclient.common.http [-] Request returned failure status 404. _handle_response /usr/lib/python2.7/site-packages/glanceclient/common/http.py:125
2019-07-20 07:42:58.794 725 DEBUG glanceclient.common.http [-] Request returned failure status 404. _handle_response /usr/lib/python2.7/site-packages/glanceclient/common/http.py:125
2019-07-20 07:42:58.806 725 DEBUG glanceclient.common.http [-] Request returned failure status 404. _handle_response /usr/lib/python2.7/site-packages/glanceclient/common/http.py:125
2019-07-20 07:42:58.808 725 DEBUG glanceclient.common.http [-] Request returned failure status 404. _handle_response /usr/lib/python2.7/site-packages/glanceclient/common/http.py:125
2019-07-20 07:42:58.819 725 DEBUG glanceclient.common.http [-] Request returned failure status 404. _handle_response /usr/lib/python2.7/site-packages/glanceclient/common/http.py:125
2019-07-20 07:42:58.823 725 DEBUG glanceclient.common.http [-] Request returned failure status 404. _handle_response /usr/lib/python2.7/site-packages/glanceclient/common/http.py:125
2019-07-20 07:42:58.826 725 DEBUG glanceclient.common.http [-] Request returned failure status 404. _handle_response /usr/lib/python2.7/site-packages/glanceclient/common/http.py:125
2019-07-20 07:42:58.828 725 DEBUG glanceclient.common.http [-] Request returned failure status 404. _handle_response /usr/lib/python2.7/site-packages/glanceclient/common/http.py:125
2019-07-20 07:42:58.836 725 DEBUG glanceclient.common.http [-] Request returned failure status 404. _handle_response /usr/lib/python2.7/site-packages/glanceclient/common/http.py:125
2019-07-20 07:42:58.839 725 DEBUG glanceclient.common.http [-] Request returned failure status 404. _handle_response /usr/lib/python2.7/site-packages/glanceclient/common/http.py:125
2019-07-20 07:42:59.698 725 DEBUG glanceclient.common.http [-] Request returned failure status 404. _handle_response /usr/lib/python2.7/site-packages/glanceclient/common/http.py:125
2019-07-20 07:42:59.708 725 DEBUG glanceclient.common.http [-] Request returned failure status 404. _handle_response /usr/lib/python2.7/site-packages/glanceclient/common/http.py:125
2019-07-20 07:42:59.714 725 DEBUG glanceclient.common.http [-] Request returned failure status 404. _handle_response /usr/lib/python2.7/site-packages/glanceclient/common/http.py:125
2019-07-20 07:42:59.729 725 DEBUG glanceclient.common.http [-] Request returned failure status 404. _handle_response /usr/lib/python2.7/site-packages/glanceclient/common/http.py:125
2019-07-20 07:42:59.731 725 DEBUG glanceclient.common.http [-] Request returned failure status 404. _handle_response /usr/lib/python2.7/site-packages/glanceclient/common/http.py:125
2019-07-20 07:42:59.735 725 DEBUG glanceclient.common.http [-] Request returned failure status 404. _handle_response /usr/lib/python2.7/site-packages/glanceclient/common/http.py:125
2019-07-20 07:42:59.746 725 DEBUG glanceclient.common.http [-] Request returned failure status 404. _handle_response /usr/lib/python2.7/site-packages/glanceclient/common/http.py:125
2019-07-20 07:42:59.749 725 DEBUG glanceclient.common.http [-] Request returned failure status 404. _handle_response /usr/lib/python2.7/site-packages/glanceclient/common/http.py:125
2019-07-20 07:43:00.752 725 INFO rally.task.context [-] Task b25c0a43-a98e-4fa5-aab4-3f3ae004394c | Context cleanup@openstack cleanup() finished in 30.61 sec
2019-07-20 07:43:00.752 725 INFO rally.task.context [-] Task b25c0a43-a98e-4fa5-aab4-3f3ae004394c | Context quotas@openstack cleanup() started
2019-07-20 07:43:00.754 725 DEBUG novaclient.v2.client [-] REQ: curl -g -i -X DELETE http://172.30.9.22:8774/v2.1/os-quota-sets/b8765d328d15499b8e34b89526decca9 -H "Accept: application/json" -H "User-Agent: python-novaclient" -H "X-Auth-Token: {SHA1}5ba5ee27684c5904d854b68f19bac440cbbe32e2" _http_log_request /usr/lib/python2.7/site-packages/keystoneauth1/session.py:448
2019-07-20 07:43:00.782 725 DEBUG novaclient.v2.client [-] RESP: [202] Content-Length: 0 Content-Type: application/json Date: Sat, 20 Jul 2019 07:43:00 GMT OpenStack-API-Version: compute 2.1 Server: Apache Vary: OpenStack-API-Version,X-OpenStack-Nova-API-Version X-OpenStack-Nova-API-Version: 2.1 x-compute-request-id: req-b04368aa-1eb3-4b06-9491-333291af2fcb x-openstack-request-id: req-b04368aa-1eb3-4b06-9491-333291af2fcb _http_log_response /usr/lib/python2.7/site-packages/keystoneauth1/session.py:479
2019-07-20 07:43:00.782 725 DEBUG novaclient.v2.client [-] DELETE call to compute for http://172.30.9.22:8774/v2.1/os-quota-sets/b8765d328d15499b8e34b89526decca9 used request id req-b04368aa-1eb3-4b06-9491-333291af2fcb request /usr/lib/python2.7/site-packages/keystoneauth1/session.py:844
2019-07-20 07:43:00.783 725 DEBUG novaclient.v2.client [-] REQ: curl -g -i -X DELETE http://172.30.9.22:8774/v2.1/os-quota-sets/65655a7ccffa4240aefcd2f417cb915c -H "Accept: application/json" -H "User-Agent: python-novaclient" -H "X-Auth-Token: {SHA1}5ba5ee27684c5904d854b68f19bac440cbbe32e2" _http_log_request /usr/lib/python2.7/site-packages/keystoneauth1/session.py:448
2019-07-20 07:43:00.806 725 DEBUG novaclient.v2.client [-] RESP: [202] Content-Length: 0 Content-Type: application/json Date: Sat, 20 Jul 2019 07:43:00 GMT OpenStack-API-Version: compute 2.1 Server: Apache Vary: OpenStack-API-Version,X-OpenStack-Nova-API-Version X-OpenStack-Nova-API-Version: 2.1 x-compute-request-id: req-65a4ac62-480e-40be-9df1-414366e1d32a x-openstack-request-id: req-65a4ac62-480e-40be-9df1-414366e1d32a _http_log_response /usr/lib/python2.7/site-packages/keystoneauth1/session.py:479
2019-07-20 07:43:00.806 725 DEBUG novaclient.v2.client [-] DELETE call to compute for http://172.30.9.22:8774/v2.1/os-quota-sets/65655a7ccffa4240aefcd2f417cb915c used request id req-65a4ac62-480e-40be-9df1-414366e1d32a request /usr/lib/python2.7/site-packages/keystoneauth1/session.py:844
2019-07-20 07:43:00.807 725 DEBUG novaclient.v2.client [-] REQ: curl -g -i -X DELETE http://172.30.9.22:8774/v2.1/os-quota-sets/44616a67c1d548e6956960af62745b5f -H "Accept: application/json" -H "User-Agent: python-novaclient" -H "X-Auth-Token: {SHA1}5ba5ee27684c5904d854b68f19bac440cbbe32e2" _http_log_request /usr/lib/python2.7/site-packages/keystoneauth1/session.py:448
2019-07-20 07:43:00.830 725 DEBUG novaclient.v2.client [-] RESP: [202] Content-Length: 0 Content-Type: application/json Date: Sat, 20 Jul 2019 07:43:00 GMT OpenStack-API-Version: compute 2.1 Server: Apache Vary: OpenStack-API-Version,X-OpenStack-Nova-API-Version X-OpenStack-Nova-API-Version: 2.1 x-compute-request-id: req-00857664-d696-4d7a-880c-8f5875195f88 x-openstack-request-id: req-00857664-d696-4d7a-880c-8f5875195f88 _http_log_response /usr/lib/python2.7/site-packages/keystoneauth1/session.py:479
2019-07-20 07:43:00.830 725 DEBUG novaclient.v2.client [-] DELETE call to compute for http://172.30.9.22:8774/v2.1/os-quota-sets/44616a67c1d548e6956960af62745b5f used request id req-00857664-d696-4d7a-880c-8f5875195f88 request /usr/lib/python2.7/site-packages/keystoneauth1/session.py:844
2019-07-20 07:43:00.830 725 INFO rally.task.context [-] Task b25c0a43-a98e-4fa5-aab4-3f3ae004394c | Context quotas@openstack cleanup() finished in 77.97 msec
2019-07-20 07:43:00.831 725 INFO rally.task.context [-] Task b25c0a43-a98e-4fa5-aab4-3f3ae004394c | Context users@openstack cleanup() started
2019-07-20 07:43:07.838 725 INFO rally.task.context [-] Task b25c0a43-a98e-4fa5-aab4-3f3ae004394c | Context users@openstack cleanup() finished in 7.01 sec
2019-07-20 07:43:07.960 725 INFO rally.task.engine [-] Load duration is: 73.638493
2019-07-20 07:43:07.961 725 INFO rally.task.engine [-] Full runner duration is: 75.557326
2019-07-20 07:43:07.961 725 INFO rally.task.engine [-] Full duration is: 120.356278
2019-07-20 07:43:08.198 725 INFO rally.task.engine [-] Running workload: position = 0 config = { "version": 2, "title": "A cropped version of a bigger task.", "description": "Auto-generated task from a single workload (uuid=6338204b-5065-4095-ac59-9055a60a52e8)", "subtasks": [ { "title": "GlanceImages.create_and_deactivate_image", "description": "Create an image, then deactivate it.", "scenario": { "GlanceImages.create_and_deactivate_image": { "container_format": "bare", "disk_format": "qcow2", "image_location": "/home/opnfv/functest/images/cirros-0.4.0-x86_64-disk.img" } }, "contexts": { "users": { "tenants": 3, "users_per_tenant": 2 } }, "runner": { "constant": { "concurrency": 4, "times": 10 } }, "hooks": [], "sla": { "failure_rate": { "max": 0 } } } ] }
2019-07-20 07:43:08.223 725 RALLYDEBUG rally_openstack.contexts.keystone.users [-] Creating 3 tenants using 20 threads
2019-07-20 07:43:09.977 725 RALLYDEBUG rally_openstack.contexts.keystone.users [-] Creating 6 users using 20 threads
2019-07-20 07:43:12.518 725 INFO rally.task.context [-] Task b25c0a43-a98e-4fa5-aab4-3f3ae004394c | Context users@openstack setup() finished in 4.30 sec
2019-07-20 07:43:12.519 725 INFO rally.task.context [-] Task b25c0a43-a98e-4fa5-aab4-3f3ae004394c | Context cleanup@openstack setup() finished in 0.01 msec
2019-07-20 07:43:12.526 725 RALLYDEBUG rally.task.runner [-] Starting the constant runner (task UUID: b25c0a43-a98e-4fa5-aab4-3f3ae004394c). timeout: 0 concurrency: 4 concurrency_per_worker: 1 times: 10 concurrency_overhead: 0 processes_to_start: 4 max_cpu_used: 16
2019-07-20 07:43:12.539 1385 RALLYDEBUG rally.task.runner [-] Starting a worker. concurrency: 1 args: {"container_format": "bare", "disk_format": "qcow2", "image_location": "/home/opnfv/functest/images/cirros-0.4.0-x86_64-disk.img"} times: 10 method_name: run timeout: 0 duration: None cls:
2019-07-20 07:43:12.540 1386 RALLYDEBUG rally.task.runner [-] Starting a worker. concurrency: 1 args: {"container_format": "bare", "disk_format": "qcow2", "image_location": "/home/opnfv/functest/images/cirros-0.4.0-x86_64-disk.img"} times: 10 method_name: run timeout: 0 duration: None cls:
2019-07-20 07:43:12.546 1385 INFO rally.task.runner [-] Task b25c0a43-a98e-4fa5-aab4-3f3ae004394c | ITER: 1 START
2019-07-20 07:43:12.546 1386 INFO rally.task.runner [-] Task b25c0a43-a98e-4fa5-aab4-3f3ae004394c | ITER: 2 START
2019-07-20 07:43:12.545 1387 RALLYDEBUG rally.task.runner [-] Starting a worker. concurrency: 1 args: {"container_format": "bare", "disk_format": "qcow2", "image_location": "/home/opnfv/functest/images/cirros-0.4.0-x86_64-disk.img"} times: 10 method_name: run timeout: 0 duration: None cls:
2019-07-20 07:43:12.548 1388 RALLYDEBUG rally.task.runner [-] Starting a worker. concurrency: 1 args: {"container_format": "bare", "disk_format": "qcow2", "image_location": "/home/opnfv/functest/images/cirros-0.4.0-x86_64-disk.img"} times: 10 method_name: run timeout: 0 duration: None cls:
2019-07-20 07:43:12.552 1387 INFO rally.task.runner [-] Task b25c0a43-a98e-4fa5-aab4-3f3ae004394c | ITER: 3 START
2019-07-20 07:43:12.555 1388 INFO rally.task.runner [-] Task b25c0a43-a98e-4fa5-aab4-3f3ae004394c | ITER: 4 START
2019-07-20 07:43:15.838 1385 RALLYDEBUG rally.task.utils [-] Waiting for resource u'e515e1ec-d089-498d-a0ce-4871d504812b'. Status changed: NONE => QUEUED in 0.0327949523926
2019-07-20 07:43:15.881 1388 RALLYDEBUG rally.task.utils [-] Waiting for resource u'c79c2155-6814-4933-a326-07b360ae4dd1'. Status changed: NONE => QUEUED in 0.0514490604401
2019-07-20 07:43:15.883 1386 RALLYDEBUG rally.task.utils [-] Waiting for resource u'2c9de484-c754-4911-a827-2d21076e85a3'. Status changed: NONE => QUEUED in 0.0432360172272
2019-07-20 07:43:15.910 1387 RALLYDEBUG rally.task.utils [-] Waiting for resource u'5e8173f6-0c95-44fa-a4fb-c02fb5d4fd7f'. Status changed: NONE => QUEUED in 0.0620069503784
2019-07-20 07:43:16.753 1385 RALLYDEBUG rally.task.utils [-] Waiting for resource s_rally_6338204b_e33g2jdJ. Status changed: QUEUED => ACTIVE in 0.0210540294647
2019-07-20 07:43:16.870 1385 INFO rally.task.runner [-] Task b25c0a43-a98e-4fa5-aab4-3f3ae004394c | ITER: 1 END: OK
2019-07-20 07:43:16.873 1385 INFO rally.task.runner [-] Task b25c0a43-a98e-4fa5-aab4-3f3ae004394c | ITER: 5 START
2019-07-20 07:43:18.868 1388 RALLYDEBUG rally.task.utils [-] Waiting for resource s_rally_6338204b_q0tRoYyP. Status changed: QUEUED => ACTIVE in 0.0297918319702
2019-07-20 07:43:18.908 1387 RALLYDEBUG rally.task.utils [-] Waiting for resource s_rally_6338204b_1txZ99rj. Status changed: QUEUED => ACTIVE in 0.0467901229858
2019-07-20 07:43:18.930 1386 RALLYDEBUG rally.task.utils [-] Waiting for resource s_rally_6338204b_KtqbuXlj. Status changed: QUEUED => ACTIVE in 0.0397520065308
2019-07-20 07:43:19.025 1388 INFO rally.task.runner [-] Task b25c0a43-a98e-4fa5-aab4-3f3ae004394c | ITER: 4 END: OK
2019-07-20 07:43:19.029 1387 INFO rally.task.runner [-] Task b25c0a43-a98e-4fa5-aab4-3f3ae004394c | ITER: 3 END: OK
2019-07-20 07:43:19.029 1388 INFO rally.task.runner [-] Task b25c0a43-a98e-4fa5-aab4-3f3ae004394c | ITER: 6 START
2019-07-20 07:43:19.033 1387 INFO rally.task.runner [-] Task b25c0a43-a98e-4fa5-aab4-3f3ae004394c | ITER: 7 START
2019-07-20 07:43:19.039 1386 INFO rally.task.runner [-] Task b25c0a43-a98e-4fa5-aab4-3f3ae004394c | ITER: 2 END: OK
2019-07-20 07:43:19.042 1386 INFO rally.task.runner [-] Task b25c0a43-a98e-4fa5-aab4-3f3ae004394c | ITER: 8 START
2019-07-20 07:43:20.112 1385 RALLYDEBUG rally.task.utils [-] Waiting for resource u'27d4bdf8-04d8-47f3-9f5a-1c5df88e75a7'. Status changed: NONE => QUEUED in 0.023784160614
2019-07-20 07:43:21.150 1385 RALLYDEBUG rally.task.utils [-] Waiting for resource s_rally_6338204b_JnCR4Vt3. Status changed: QUEUED => ACTIVE in 0.0209510326385
2019-07-20 07:43:21.230 1385 INFO rally.task.runner [-] Task b25c0a43-a98e-4fa5-aab4-3f3ae004394c | ITER: 5 END: OK
2019-07-20 07:43:21.234 1385 INFO rally.task.runner [-] Task b25c0a43-a98e-4fa5-aab4-3f3ae004394c | ITER: 9 START
2019-07-20 07:43:22.190 1388 RALLYDEBUG rally.task.utils [-] Waiting for resource u'a91ca61b-3217-4fce-befe-c2d4552347fd'. Status changed: NONE => QUEUED in 0.0338199138641
2019-07-20 07:43:22.405 1387 RALLYDEBUG rally.task.utils [-] Waiting for resource u'97f0c8b2-7bfe-4db6-b013-e9fd6438493b'. Status changed: NONE => QUEUED in 0.166280984879
2019-07-20 07:43:22.991 1386 RALLYDEBUG rally.task.utils [-] Waiting for resource u'dc73540a-4322-4f86-8289-ea45be77f928'. Status changed: NONE => QUEUED in 0.705679893494
2019-07-20 07:43:24.042 1388 RALLYDEBUG rally.task.utils [-] Waiting for resource s_rally_6338204b_87YUpuXj. Status changed: QUEUED => ACTIVE in 0.987258911133
2019-07-20 07:43:24.495 1385 RALLYDEBUG rally.task.utils [-] Waiting for resource u'06fab938-0b4b-4da7-87e9-2d7cd80d546d'. Status changed: NONE => QUEUED in 0.027930021286
2019-07-20 07:43:25.159 1385 RALLYDEBUG rally.task.utils [-] Waiting for resource s_rally_6338204b_RNRdtVti. Status changed: QUEUED => ACTIVE in 0.018914937973
2019-07-20 07:43:25.182 1387 RALLYDEBUG rally.task.utils [-] Waiting for resource s_rally_6338204b_XHHVnBk9. Status changed: QUEUED => ACTIVE in 0.0319278240204
2019-07-20 07:43:25.186 1386 RALLYDEBUG rally.task.utils [-] Waiting for resource s_rally_6338204b_Kzy4kPWb. Status changed: QUEUED => ACTIVE in 0.0313720703125
2019-07-20 07:43:25.216 1388 INFO rally.task.runner [-] Task b25c0a43-a98e-4fa5-aab4-3f3ae004394c | ITER: 6 END: OK
2019-07-20 07:43:25.220 1388 INFO rally.task.runner [-] Task b25c0a43-a98e-4fa5-aab4-3f3ae004394c | ITER: 10 START
2019-07-20 07:43:25.239 1385 INFO rally.task.runner [-] Task b25c0a43-a98e-4fa5-aab4-3f3ae004394c | ITER: 9 END: OK
2019-07-20 07:43:25.306 1386 INFO rally.task.runner [-] Task b25c0a43-a98e-4fa5-aab4-3f3ae004394c | ITER: 8 END: OK
2019-07-20 07:43:25.313 1387 INFO rally.task.runner [-] Task b25c0a43-a98e-4fa5-aab4-3f3ae004394c | ITER: 7 END: OK
2019-07-20 07:43:28.493 1388 RALLYDEBUG rally.task.utils [-] Waiting for resource u'7d535c11-2a43-4237-be64-af2f32d81deb'. Status changed: NONE => QUEUED in 0.0312781333923
2019-07-20 07:43:28.872 1388 RALLYDEBUG rally.task.utils [-] Waiting for resource s_rally_6338204b_o1szVm21. Status changed: QUEUED => ACTIVE in 0.0173530578613
2019-07-20 07:43:28.942 1388 INFO rally.task.runner [-] Task b25c0a43-a98e-4fa5-aab4-3f3ae004394c | ITER: 10 END: OK
2019-07-20 07:43:28.973 725 INFO rally.task.context [-] Task b25c0a43-a98e-4fa5-aab4-3f3ae004394c | Context cleanup@openstack cleanup() started
2019-07-20 07:43:28.975 725 RALLYDEBUG rally_openstack.cleanup.manager [-] Cleaning up glance images objects
2019-07-20 07:43:31.160 725 RALLYDEBUG rally_openstack.cleanup.manager [-] Deleting glance.images object s_rally_6338204b_1txZ99rj (5e8173f6-0c95-44fa-a4fb-c02fb5d4fd7f)
2019-07-20 07:43:31.161 725 RALLYDEBUG rally_openstack.cleanup.manager [-] Deleting glance.images object s_rally_6338204b_XHHVnBk9 (97f0c8b2-7bfe-4db6-b013-e9fd6438493b)
2019-07-20 07:43:31.163 725 RALLYDEBUG rally_openstack.cleanup.manager [-] Deleting glance.images object s_rally_6338204b_e33g2jdJ (e515e1ec-d089-498d-a0ce-4871d504812b)
2019-07-20 07:43:31.166 725 RALLYDEBUG rally_openstack.cleanup.manager [-] Deleting glance.images object s_rally_6338204b_KtqbuXlj (2c9de484-c754-4911-a827-2d21076e85a3)
2019-07-20 07:43:31.167 725 RALLYDEBUG rally_openstack.cleanup.manager [-] Deleting glance.images object s_rally_6338204b_87YUpuXj (a91ca61b-3217-4fce-befe-c2d4552347fd)
2019-07-20 07:43:31.167 725 RALLYDEBUG rally_openstack.cleanup.manager [-] Deleting glance.images object s_rally_6338204b_RNRdtVti (06fab938-0b4b-4da7-87e9-2d7cd80d546d)
2019-07-20 07:43:31.167 725 RALLYDEBUG rally_openstack.cleanup.manager [-] Deleting glance.images object s_rally_6338204b_q0tRoYyP (c79c2155-6814-4933-a326-07b360ae4dd1)
2019-07-20 07:43:31.171 725 RALLYDEBUG rally_openstack.cleanup.manager [-] Deleting glance.images object s_rally_6338204b_o1szVm21 (7d535c11-2a43-4237-be64-af2f32d81deb)
2019-07-20 07:43:31.172 725 RALLYDEBUG rally_openstack.cleanup.manager [-] Deleting glance.images object s_rally_6338204b_JnCR4Vt3 (27d4bdf8-04d8-47f3-9f5a-1c5df88e75a7)
2019-07-20 07:43:31.186 725 RALLYDEBUG rally_openstack.cleanup.manager [-] Deleting glance.images object s_rally_6338204b_Kzy4kPWb (dc73540a-4322-4f86-8289-ea45be77f928)
2019-07-20 07:43:32.839 725 DEBUG glanceclient.common.http [-] Request returned failure status 404. _handle_response /usr/lib/python2.7/site-packages/glanceclient/common/http.py:125
2019-07-20 07:43:32.853 725 DEBUG glanceclient.common.http [-] Request returned failure status 404. _handle_response /usr/lib/python2.7/site-packages/glanceclient/common/http.py:125
2019-07-20 07:43:32.854 725 DEBUG glanceclient.common.http [-] Request returned failure status 404. _handle_response /usr/lib/python2.7/site-packages/glanceclient/common/http.py:125
2019-07-20 07:43:32.868 725 DEBUG glanceclient.common.http [-] Request returned failure status 404. _handle_response /usr/lib/python2.7/site-packages/glanceclient/common/http.py:125
2019-07-20 07:43:32.876 725 DEBUG glanceclient.common.http [-] Request returned failure status 404. _handle_response /usr/lib/python2.7/site-packages/glanceclient/common/http.py:125
2019-07-20 07:43:32.912 725 DEBUG glanceclient.common.http [-] Request returned failure status 404. _handle_response /usr/lib/python2.7/site-packages/glanceclient/common/http.py:125
2019-07-20 07:43:32.913 725 DEBUG glanceclient.common.http [-] Request returned failure status 404. _handle_response /usr/lib/python2.7/site-packages/glanceclient/common/http.py:125
2019-07-20 07:43:32.929 725 DEBUG glanceclient.common.http [-] Request returned failure status 404. _handle_response /usr/lib/python2.7/site-packages/glanceclient/common/http.py:125
2019-07-20 07:43:33.797 725 DEBUG glanceclient.common.http [-] Request returned failure status 404. _handle_response /usr/lib/python2.7/site-packages/glanceclient/common/http.py:125
2019-07-20 07:43:33.820 725 DEBUG glanceclient.common.http [-] Request returned failure status 404. _handle_response /usr/lib/python2.7/site-packages/glanceclient/common/http.py:125
2019-07-20 07:43:33.820 725 DEBUG glanceclient.common.http [-] Request returned failure status 404. _handle_response /usr/lib/python2.7/site-packages/glanceclient/common/http.py:125
2019-07-20 07:43:33.843 725 DEBUG glanceclient.common.http [-] Request returned failure status 404. _handle_response /usr/lib/python2.7/site-packages/glanceclient/common/http.py:125
2019-07-20 07:43:33.877 725 DEBUG glanceclient.common.http [-] Request returned failure status 404. _handle_response /usr/lib/python2.7/site-packages/glanceclient/common/http.py:125
2019-07-20 07:43:33.887 725 DEBUG glanceclient.common.http [-] Request returned failure status 404. _handle_response /usr/lib/python2.7/site-packages/glanceclient/common/http.py:125
2019-07-20 07:43:33.891 725 DEBUG glanceclient.common.http [-] Request returned failure status 404. _handle_response /usr/lib/python2.7/site-packages/glanceclient/common/http.py:125
2019-07-20 07:43:33.901 725 DEBUG glanceclient.common.http [-] Request returned failure status 404. _handle_response /usr/lib/python2.7/site-packages/glanceclient/common/http.py:125
2019-07-20 07:43:33.905 725 DEBUG glanceclient.common.http [-] Request returned failure status 404. _handle_response /usr/lib/python2.7/site-packages/glanceclient/common/http.py:125
2019-07-20 07:43:33.909 725 DEBUG glanceclient.common.http [-] Request returned failure status 404. _handle_response /usr/lib/python2.7/site-packages/glanceclient/common/http.py:125
2019-07-20 07:43:33.911 725 DEBUG glanceclient.common.http [-] Request returned failure status 404. _handle_response /usr/lib/python2.7/site-packages/glanceclient/common/http.py:125
2019-07-20 07:43:33.924 725 DEBUG glanceclient.common.http [-] Request returned failure status 404. _handle_response /usr/lib/python2.7/site-packages/glanceclient/common/http.py:125
2019-07-20 07:43:34.927 725 INFO rally.task.context [-] Task b25c0a43-a98e-4fa5-aab4-3f3ae004394c | Context cleanup@openstack cleanup() finished in 5.95 sec
2019-07-20 07:43:34.927 725 INFO rally.task.context [-] Task b25c0a43-a98e-4fa5-aab4-3f3ae004394c | Context users@openstack cleanup() started
2019-07-20 07:43:41.824 725 INFO rally.task.context [-] Task b25c0a43-a98e-4fa5-aab4-3f3ae004394c | Context users@openstack cleanup() finished in 6.90 sec
2019-07-20 07:43:42.365 725 INFO rally.task.engine [-] Load duration is: 15.531657
2019-07-20 07:43:42.365 725 INFO rally.task.engine [-] Full runner duration is: 16.447263
2019-07-20 07:43:42.366 725 INFO rally.task.engine [-] Full duration is: 33.606004
2019-07-20 07:43:42.593 725 INFO rally.task.engine [-] Running workload: position = 0 config = { "version": 2, "title": "A cropped version of a bigger task.", "description": "Auto-generated task from a single workload (uuid=c3c8e472-1688-416a-99ef-8687f86c0169)", "subtasks": [ { "title": "GlanceImages.create_and_download_image", "description": "Create an image, then download data of the image.", "scenario": { "GlanceImages.create_and_download_image": { "container_format": "bare", "disk_format": "qcow2", "image_location": "/home/opnfv/functest/images/cirros-0.4.0-x86_64-disk.img" } }, "contexts": { "users": { "tenants": 3, "users_per_tenant": 2 } }, "runner": { "constant": { "concurrency": 4, "times": 10 } }, "hooks": [], "sla": { "failure_rate": { "max": 0 } } } ] }
2019-07-20 07:43:42.616 725 RALLYDEBUG rally_openstack.contexts.keystone.users [-] Creating 3 tenants using 20 threads
2019-07-20 07:43:44.410 725 RALLYDEBUG rally_openstack.contexts.keystone.users [-] Creating 6 users using 20 threads
2019-07-20 07:43:47.092 725 INFO rally.task.context [-] Task b25c0a43-a98e-4fa5-aab4-3f3ae004394c | Context users@openstack setup() finished in 4.48 sec
2019-07-20 07:43:47.093 725 INFO rally.task.context [-] Task b25c0a43-a98e-4fa5-aab4-3f3ae004394c | Context cleanup@openstack setup() finished in 0.04 msec
2019-07-20 07:43:47.104 725 RALLYDEBUG rally.task.runner [-] Starting the constant runner (task UUID: b25c0a43-a98e-4fa5-aab4-3f3ae004394c). timeout: 0 concurrency: 4 concurrency_per_worker: 1 times: 10 concurrency_overhead: 0 processes_to_start: 4 max_cpu_used: 16
2019-07-20 07:43:47.116 1509 RALLYDEBUG rally.task.runner [-] Starting a worker. concurrency: 1 args: {"container_format": "bare", "disk_format": "qcow2", "image_location": "/home/opnfv/functest/images/cirros-0.4.0-x86_64-disk.img"} times: 10 method_name: run timeout: 0 duration: None cls:
2019-07-20 07:43:47.120 1510 RALLYDEBUG rally.task.runner [-] Starting a worker. concurrency: 1 args: {"container_format": "bare", "disk_format": "qcow2", "image_location": "/home/opnfv/functest/images/cirros-0.4.0-x86_64-disk.img"} times: 10 method_name: run timeout: 0 duration: None cls:
2019-07-20 07:43:47.123 1509 INFO rally.task.runner [-] Task b25c0a43-a98e-4fa5-aab4-3f3ae004394c | ITER: 1 START
2019-07-20 07:43:47.122 1511 RALLYDEBUG rally.task.runner [-] Starting a worker. concurrency: 1 args: {"container_format": "bare", "disk_format": "qcow2", "image_location": "/home/opnfv/functest/images/cirros-0.4.0-x86_64-disk.img"} times: 10 method_name: run timeout: 0 duration: None cls:
2019-07-20 07:43:47.126 1510 INFO rally.task.runner [-] Task b25c0a43-a98e-4fa5-aab4-3f3ae004394c | ITER: 2 START
2019-07-20 07:43:47.126 1512 RALLYDEBUG rally.task.runner [-] Starting a worker. concurrency: 1 args: {"container_format": "bare", "disk_format": "qcow2", "image_location": "/home/opnfv/functest/images/cirros-0.4.0-x86_64-disk.img"} times: 10 method_name: run timeout: 0 duration: None cls:
2019-07-20 07:43:47.129 1511 INFO rally.task.runner [-] Task b25c0a43-a98e-4fa5-aab4-3f3ae004394c | ITER: 3 START
2019-07-20 07:43:47.133 1512 INFO rally.task.runner [-] Task b25c0a43-a98e-4fa5-aab4-3f3ae004394c | ITER: 4 START
2019-07-20 07:43:50.413 1509 RALLYDEBUG rally.task.utils [-] Waiting for resource u'7cf1c5a8-c309-4f8b-963e-1045990ea3c9'. Status changed: NONE => QUEUED in 0.0316879749298
2019-07-20 07:43:50.456 1512 RALLYDEBUG rally.task.utils [-] Waiting for resource u'a2235e44-7d97-49fc-9743-d91c7a19bb60'. Status changed: NONE => QUEUED in 0.0509321689606
2019-07-20 07:43:50.458 1511 RALLYDEBUG rally.task.utils [-] Waiting for resource u'9949bfce-f5aa-4cda-8ce7-d1cd4c9972b7'. Status changed: NONE => QUEUED in 0.0624527931213
2019-07-20 07:43:50.467 1510 RALLYDEBUG rally.task.utils [-] Waiting for resource u'452fd9f9-a262-4f49-9b32-5fae1e89a892'. Status changed: NONE => QUEUED in 0.0608148574829
2019-07-20 07:43:54.001 1509 RALLYDEBUG rally.task.utils [-] Waiting for resource s_rally_c3c8e472_vP6FLe31. Status changed: QUEUED => ACTIVE in 0.0528240203857
2019-07-20 07:43:54.048 1512 RALLYDEBUG rally.task.utils [-] Waiting for resource s_rally_c3c8e472_a5AfV32R. Status changed: QUEUED => ACTIVE in 0.0534040927887
2019-07-20 07:43:54.078 1511 RALLYDEBUG rally.task.utils [-] Waiting for resource s_rally_c3c8e472_F9oNfv9U. Status changed: QUEUED => ACTIVE in 0.0562448501587
2019-07-20 07:43:54.203 1509 INFO rally.task.runner [-] Task b25c0a43-a98e-4fa5-aab4-3f3ae004394c | ITER: 1 END: OK
2019-07-20 07:43:54.206 1509 INFO rally.task.runner [-] Task b25c0a43-a98e-4fa5-aab4-3f3ae004394c | ITER: 5 START
2019-07-20 07:43:54.356 1512 INFO rally.task.runner [-] Task b25c0a43-a98e-4fa5-aab4-3f3ae004394c | ITER: 4 END: OK
2019-07-20 07:43:54.360 1512 INFO rally.task.runner [-] Task b25c0a43-a98e-4fa5-aab4-3f3ae004394c | ITER: 6 START
2019-07-20 07:43:54.485 1511 INFO rally.task.runner [-] Task b25c0a43-a98e-4fa5-aab4-3f3ae004394c | ITER: 3 END: OK
2019-07-20 07:43:54.489 1511 INFO rally.task.runner [-] Task b25c0a43-a98e-4fa5-aab4-3f3ae004394c | ITER: 7 START
2019-07-20 07:43:54.489 1510 RALLYDEBUG rally.task.utils [-] Waiting for resource s_rally_c3c8e472_61A9TjnH. Status changed: QUEUED => ACTIVE in 0.264714002609
2019-07-20 07:43:54.631 1510 INFO rally.task.runner [-] Task b25c0a43-a98e-4fa5-aab4-3f3ae004394c | ITER: 2 END: OK
2019-07-20 07:43:54.635 1510 INFO rally.task.runner [-] Task b25c0a43-a98e-4fa5-aab4-3f3ae004394c | ITER: 8 START
2019-07-20 07:43:57.485 1509 RALLYDEBUG rally.task.utils [-] Waiting for resource u'f3f65fe5-0b7f-4102-bdec-35958c4f58e0'. Status changed: NONE => QUEUED in 0.0284051895142
2019-07-20 07:43:57.680 1512 RALLYDEBUG rally.task.utils [-] Waiting for resource u'52b314eb-3886-414b-86de-5b7e25222ddf'. Status changed: NONE => QUEUED in 0.150057077408
2019-07-20 07:43:58.782 1510 RALLYDEBUG rally.task.utils [-] Waiting for resource u'64cb1c25-bb5f-49ae-8326-3cf1fe03da2b'. Status changed: NONE => QUEUED in 0.870798110962
2019-07-20 07:43:58.829 1511 RALLYDEBUG rally.task.utils [-] Waiting for resource u'8050e609-d682-4122-8522-510878f9ef52'. Status changed: NONE => QUEUED in 0.941812038422
2019-07-20 07:43:58.889 1509 RALLYDEBUG rally.task.utils [-] Waiting for resource s_rally_c3c8e472_5Woi8oKo. Status changed: QUEUED => ACTIVE in 0.0172679424286
2019-07-20 07:43:59.894 1509 INFO rally.task.runner [-] Task b25c0a43-a98e-4fa5-aab4-3f3ae004394c | ITER: 5 END: OK
2019-07-20 07:43:59.898 1509 INFO rally.task.runner [-] Task b25c0a43-a98e-4fa5-aab4-3f3ae004394c | ITER: 9 START
2019-07-20 07:44:01.929 1512 RALLYDEBUG rally.task.utils [-] Waiting for resource s_rally_c3c8e472_KJz9tJM0. Status changed: QUEUED => ACTIVE in 0.0300099849701
2019-07-20 07:44:01.952 1511 RALLYDEBUG rally.task.utils [-] Waiting for resource s_rally_c3c8e472_xWfSTshu. Status changed: QUEUED => ACTIVE in 0.03639793396
2019-07-20 07:44:01.992 1510 RALLYDEBUG rally.task.utils [-] Waiting for resource s_rally_c3c8e472_i7I5u9Dp. Status changed: QUEUED => ACTIVE in 0.0394508838654
2019-07-20 07:44:02.100 1512 INFO rally.task.runner [-] Task b25c0a43-a98e-4fa5-aab4-3f3ae004394c | ITER: 6 END: OK
2019-07-20 07:44:02.102 1512 INFO rally.task.runner [-] Task b25c0a43-a98e-4fa5-aab4-3f3ae004394c | ITER: 10 START
2019-07-20 07:44:02.231 1511 INFO rally.task.runner [-] Task b25c0a43-a98e-4fa5-aab4-3f3ae004394c | ITER: 7 END: OK
2019-07-20 07:44:02.723 1510 INFO rally.task.runner [-] Task b25c0a43-a98e-4fa5-aab4-3f3ae004394c | ITER: 8 END: OK
2019-07-20 07:44:03.163 1509 RALLYDEBUG rally.task.utils [-] Waiting for resource u'6871ca15-5816-472a-a1e2-cadd899557f6'. Status changed: NONE => QUEUED in 0.0340969562531
2019-07-20 07:44:04.010 1509 RALLYDEBUG rally.task.utils [-] Waiting for resource s_rally_c3c8e472_IwOF4aay. Status changed: QUEUED => ACTIVE in 0.0178668498993
2019-07-20 07:44:04.150 1509 INFO rally.task.runner [-] Task b25c0a43-a98e-4fa5-aab4-3f3ae004394c | ITER: 9 END: OK
2019-07-20 07:44:05.392 1512 RALLYDEBUG rally.task.utils [-] Waiting for resource u'd2c9c6dd-e02d-42e7-bf1c-e0c4e81fde56'. Status changed: NONE => QUEUED in 0.0274500846863
2019-07-20 07:44:06.067 1512 RALLYDEBUG rally.task.utils [-] Waiting for resource s_rally_c3c8e472_YPNUmrzF. Status changed: QUEUED => ACTIVE in 0.018627166748
2019-07-20 07:44:06.210 1512 INFO rally.task.runner [-] Task b25c0a43-a98e-4fa5-aab4-3f3ae004394c | ITER: 10 END: OK
2019-07-20 07:44:06.235 725 INFO rally.task.context [-] Task b25c0a43-a98e-4fa5-aab4-3f3ae004394c | Context cleanup@openstack cleanup() started
2019-07-20 07:44:06.238 725 RALLYDEBUG rally_openstack.cleanup.manager [-] Cleaning up glance images objects
2019-07-20 07:44:08.778 725 RALLYDEBUG rally_openstack.cleanup.manager [-] Deleting glance.images object s_rally_c3c8e472_YPNUmrzF (d2c9c6dd-e02d-42e7-bf1c-e0c4e81fde56)
2019-07-20 07:44:08.779 725 RALLYDEBUG rally_openstack.cleanup.manager [-] Deleting glance.images object s_rally_c3c8e472_KJz9tJM0 (52b314eb-3886-414b-86de-5b7e25222ddf)
2019-07-20 07:44:08.785 725 RALLYDEBUG rally_openstack.cleanup.manager [-] Deleting glance.images object s_rally_c3c8e472_F9oNfv9U (9949bfce-f5aa-4cda-8ce7-d1cd4c9972b7)
2019-07-20 07:44:08.786 725 RALLYDEBUG rally_openstack.cleanup.manager [-] Deleting glance.images object s_rally_c3c8e472_IwOF4aay (6871ca15-5816-472a-a1e2-cadd899557f6)
2019-07-20 07:44:08.786 725 RALLYDEBUG rally_openstack.cleanup.manager [-] Deleting glance.images object s_rally_c3c8e472_5Woi8oKo (f3f65fe5-0b7f-4102-bdec-35958c4f58e0)
2019-07-20 07:44:08.788 725 RALLYDEBUG rally_openstack.cleanup.manager [-] Deleting glance.images object s_rally_c3c8e472_vP6FLe31 (7cf1c5a8-c309-4f8b-963e-1045990ea3c9)
2019-07-20 07:44:08.793 725 RALLYDEBUG rally_openstack.cleanup.manager [-] Deleting glance.images object s_rally_c3c8e472_xWfSTshu (8050e609-d682-4122-8522-510878f9ef52)
2019-07-20 07:44:08.809 725 RALLYDEBUG rally_openstack.cleanup.manager [-] Deleting glance.images object s_rally_c3c8e472_i7I5u9Dp (64cb1c25-bb5f-49ae-8326-3cf1fe03da2b)
2019-07-20 07:44:08.819 725 RALLYDEBUG rally_openstack.cleanup.manager [-] Deleting glance.images object s_rally_c3c8e472_a5AfV32R (a2235e44-7d97-49fc-9743-d91c7a19bb60)
2019-07-20 07:44:08.831 725 RALLYDEBUG rally_openstack.cleanup.manager [-] Deleting glance.images object s_rally_c3c8e472_61A9TjnH (452fd9f9-a262-4f49-9b32-5fae1e89a892)
2019-07-20 07:44:10.823 725 DEBUG glanceclient.common.http [-] Request returned failure status 404. _handle_response /usr/lib/python2.7/site-packages/glanceclient/common/http.py:125
2019-07-20 07:44:10.837 725 DEBUG glanceclient.common.http [-] Request returned failure status 404. _handle_response /usr/lib/python2.7/site-packages/glanceclient/common/http.py:125
2019-07-20 07:44:12.867 725 DEBUG glanceclient.common.http [-] Request returned failure status 404. _handle_response /usr/lib/python2.7/site-packages/glanceclient/common/http.py:125
2019-07-20 07:44:12.885 725 DEBUG glanceclient.common.http [-] Request returned failure status 404. _handle_response /usr/lib/python2.7/site-packages/glanceclient/common/http.py:125
2019-07-20 07:44:12.891 725 DEBUG glanceclient.common.http [-] Request returned failure status 404. _handle_response /usr/lib/python2.7/site-packages/glanceclient/common/http.py:125
2019-07-20 07:44:12.892 725 DEBUG glanceclient.common.http [-] Request returned failure status 404. _handle_response /usr/lib/python2.7/site-packages/glanceclient/common/http.py:125
2019-07-20 07:44:12.906 725 DEBUG glanceclient.common.http [-] Request returned failure status 404. _handle_response /usr/lib/python2.7/site-packages/glanceclient/common/http.py:125
2019-07-20 07:44:12.912 725 DEBUG glanceclient.common.http [-] Request returned failure status 404. _handle_response /usr/lib/python2.7/site-packages/glanceclient/common/http.py:125
2019-07-20 07:44:12.915 725 DEBUG glanceclient.common.http [-] Request returned failure status 404. _handle_response /usr/lib/python2.7/site-packages/glanceclient/common/http.py:125
2019-07-20 07:44:12.925 725 DEBUG glanceclient.common.http [-] Request returned failure status 404. _handle_response /usr/lib/python2.7/site-packages/glanceclient/common/http.py:125
2019-07-20 07:44:12.944 725 DEBUG glanceclient.common.http [-] Request returned failure status 404. _handle_response /usr/lib/python2.7/site-packages/glanceclient/common/http.py:125
2019-07-20 07:44:12.950 725 DEBUG glanceclient.common.http [-] Request returned failure status 404. _handle_response /usr/lib/python2.7/site-packages/glanceclient/common/http.py:125
2019-07-20 07:44:12.951 725 DEBUG glanceclient.common.http [-] Request returned failure status 404. _handle_response /usr/lib/python2.7/site-packages/glanceclient/common/http.py:125
2019-07-20 07:44:12.952 725 DEBUG glanceclient.common.http [-] Request returned failure status 404. _handle_response /usr/lib/python2.7/site-packages/glanceclient/common/http.py:125
2019-07-20 07:44:12.955 725 DEBUG glanceclient.common.http [-] Request returned failure status 404. _handle_response /usr/lib/python2.7/site-packages/glanceclient/common/http.py:125
2019-07-20 07:44:12.960 725 DEBUG glanceclient.common.http [-] Request returned failure status 404. _handle_response /usr/lib/python2.7/site-packages/glanceclient/common/http.py:125
2019-07-20 07:44:12.963 725 DEBUG glanceclient.common.http [-] Request returned failure status 404. _handle_response /usr/lib/python2.7/site-packages/glanceclient/common/http.py:125
2019-07-20 07:44:12.975 725 DEBUG glanceclient.common.http [-] Request returned failure status 404. _handle_response /usr/lib/python2.7/site-packages/glanceclient/common/http.py:125
2019-07-20 07:44:12.976 725 DEBUG glanceclient.common.http [-] Request returned failure status 404. _handle_response /usr/lib/python2.7/site-packages/glanceclient/common/http.py:125
2019-07-20 07:44:12.977 725 DEBUG glanceclient.common.http [-] Request returned failure status 404. _handle_response /usr/lib/python2.7/site-packages/glanceclient/common/http.py:125
2019-07-20 07:44:13.980 725 INFO rally.task.context [-] Task b25c0a43-a98e-4fa5-aab4-3f3ae004394c | Context cleanup@openstack cleanup() finished in 7.74 sec
2019-07-20 07:44:13.980 725 INFO rally.task.context [-] Task b25c0a43-a98e-4fa5-aab4-3f3ae004394c | Context users@openstack cleanup() started
2019-07-20 07:44:20.823 725 INFO rally.task.context [-] Task b25c0a43-a98e-4fa5-aab4-3f3ae004394c | Context users@openstack cleanup() finished in 6.84 sec
2019-07-20 07:44:22.805 725 INFO rally.task.engine [-] Load duration is: 18.236547
2019-07-20 07:44:22.806 725 INFO rally.task.engine [-] Full runner duration is: 19.131673
2019-07-20 07:44:22.806 725 INFO rally.task.engine [-] Full duration is: 38.210042
2019-07-20 07:44:23.060 725 INFO rally.task.engine [-] Running workload: position = 0 config = { "version": 2, "title": "A cropped version of a bigger task.", "description": "Auto-generated task from a single workload (uuid=092bd47b-3642-4fe7-9117-e1aa9c43d2bd)", "subtasks": [ { "title": "GlanceImages.create_and_get_image", "description": "Create and get detailed information of an image.", "scenario": { "GlanceImages.create_and_get_image": { "container_format": "bare", "disk_format": "qcow2", "image_location": "/home/opnfv/functest/images/cirros-0.4.0-x86_64-disk.img" } }, "contexts": { "users": { "tenants": 3, "users_per_tenant": 2 } }, "runner": { "constant": { "concurrency": 4, "times": 10 } }, "hooks": [], "sla": { "failure_rate": { "max": 0 } } } ] }
2019-07-20 07:44:23.084 725 RALLYDEBUG rally_openstack.contexts.keystone.users [-] Creating 3 tenants using 20 threads
2019-07-20 07:44:25.046 725 RALLYDEBUG rally_openstack.contexts.keystone.users [-] Creating 6 users using 20 threads
2019-07-20 07:44:27.870 725 INFO rally.task.context [-] Task b25c0a43-a98e-4fa5-aab4-3f3ae004394c | Context users@openstack setup() finished in 4.79 sec
2019-07-20 07:44:27.871 725 INFO rally.task.context [-] Task b25c0a43-a98e-4fa5-aab4-3f3ae004394c | Context cleanup@openstack setup() finished in 0.01 msec
2019-07-20 07:44:27.878 725 RALLYDEBUG rally.task.runner [-] Starting the constant runner (task UUID: b25c0a43-a98e-4fa5-aab4-3f3ae004394c). timeout: 0 concurrency: 4 concurrency_per_worker: 1 times: 10 concurrency_overhead: 0 processes_to_start: 4 max_cpu_used: 16
2019-07-20 07:44:27.892 1633 RALLYDEBUG rally.task.runner [-] Starting a worker. concurrency: 1 args: {"container_format": "bare", "disk_format": "qcow2", "image_location": "/home/opnfv/functest/images/cirros-0.4.0-x86_64-disk.img"} times: 10 method_name: run timeout: 0 duration: None cls:
2019-07-20 07:44:27.894 1634 RALLYDEBUG rally.task.runner [-] Starting a worker. concurrency: 1 args: {"container_format": "bare", "disk_format": "qcow2", "image_location": "/home/opnfv/functest/images/cirros-0.4.0-x86_64-disk.img"} times: 10 method_name: run timeout: 0 duration: None cls:
2019-07-20 07:44:27.898 1635 RALLYDEBUG rally.task.runner [-] Starting a worker. concurrency: 1 args: {"container_format": "bare", "disk_format": "qcow2", "image_location": "/home/opnfv/functest/images/cirros-0.4.0-x86_64-disk.img"} times: 10 method_name: run timeout: 0 duration: None cls:
2019-07-20 07:44:27.899 1633 INFO rally.task.runner [-] Task b25c0a43-a98e-4fa5-aab4-3f3ae004394c | ITER: 1 START
2019-07-20 07:44:27.901 1634 INFO rally.task.runner [-] Task b25c0a43-a98e-4fa5-aab4-3f3ae004394c | ITER: 2 START
2019-07-20 07:44:27.900 1636 RALLYDEBUG rally.task.runner [-] Starting a worker. concurrency: 1 args: {"container_format": "bare", "disk_format": "qcow2", "image_location": "/home/opnfv/functest/images/cirros-0.4.0-x86_64-disk.img"} times: 10 method_name: run timeout: 0 duration: None cls:
2019-07-20 07:44:27.904 1635 INFO rally.task.runner [-] Task b25c0a43-a98e-4fa5-aab4-3f3ae004394c | ITER: 3 START
2019-07-20 07:44:27.906 1636 INFO rally.task.runner [-] Task b25c0a43-a98e-4fa5-aab4-3f3ae004394c | ITER: 4 START
2019-07-20 07:44:31.217 1635 RALLYDEBUG rally.task.utils [-] Waiting for resource u'c2ef4d26-0823-484c-9657-ab29cb82568b'. Status changed: NONE => QUEUED in 0.0322091579437
2019-07-20 07:44:31.235 1633 RALLYDEBUG rally.task.utils [-] Waiting for resource u'ed08855b-a6e9-42a2-86d5-9478365a1f80'. Status changed: NONE => QUEUED in 0.0287771224976
2019-07-20 07:44:31.263 1636 RALLYDEBUG rally.task.utils [-] Waiting for resource u'ab478b0e-d681-4128-806f-bf0e134b6173'. Status changed: NONE => QUEUED in 0.0563509464264
2019-07-20 07:44:31.265 1634 RALLYDEBUG rally.task.utils [-] Waiting for resource u'dda1fe53-092c-4b51-abd9-95d069c36df3'. Status changed: NONE => QUEUED in 0.0628838539124
2019-07-20 07:44:31.625 1633 RALLYDEBUG rally.task.utils [-] Waiting for resource s_rally_092bd47b_jYuukni8. Status changed: QUEUED => ACTIVE in 0.0170919895172
2019-07-20 07:44:31.643 1633 INFO rally.task.runner [-] Task b25c0a43-a98e-4fa5-aab4-3f3ae004394c | ITER: 1 END: OK
2019-07-20 07:44:31.647 1633 INFO rally.task.runner [-] Task b25c0a43-a98e-4fa5-aab4-3f3ae004394c | ITER: 5 START
2019-07-20 07:44:34.842 1635 RALLYDEBUG rally.task.utils [-] Waiting for resource s_rally_092bd47b_ZXCDBOcA. Status changed: QUEUED => ACTIVE in 0.0307250022888
2019-07-20 07:44:34.878 1635 INFO rally.task.runner [-] Task b25c0a43-a98e-4fa5-aab4-3f3ae004394c | ITER: 3 END: OK
2019-07-20 07:44:34.881 1636 RALLYDEBUG rally.task.utils [-] Waiting for resource s_rally_092bd47b_YnEfw5aE. Status changed: QUEUED => ACTIVE in 0.0356869697571
2019-07-20 07:44:34.883 1635 INFO rally.task.runner [-] Task b25c0a43-a98e-4fa5-aab4-3f3ae004394c | ITER: 6 START
2019-07-20 07:44:34.885 1634 RALLYDEBUG rally.task.utils [-] Waiting for resource s_rally_092bd47b_7fcLuDdD. Status changed: QUEUED => ACTIVE in 0.0221419334412
2019-07-20 07:44:34.899 1633 RALLYDEBUG rally.task.utils [-] Waiting for resource u'f339f525-970e-421d-81fd-b0523f95fbaa'. Status changed: NONE => QUEUED in 0.0300300121307
2019-07-20 07:44:34.907 1636 INFO rally.task.runner [-] Task b25c0a43-a98e-4fa5-aab4-3f3ae004394c | ITER: 4 END: OK
2019-07-20 07:44:34.910 1634 INFO rally.task.runner [-] Task b25c0a43-a98e-4fa5-aab4-3f3ae004394c | ITER: 2 END: OK
2019-07-20 07:44:34.911 1636 INFO rally.task.runner [-] Task b25c0a43-a98e-4fa5-aab4-3f3ae004394c | ITER: 7 START
2019-07-20 07:44:34.914 1634 INFO rally.task.runner [-] Task b25c0a43-a98e-4fa5-aab4-3f3ae004394c | ITER: 8 START
2019-07-20 07:44:35.828 1633 RALLYDEBUG rally.task.utils [-] Waiting for resource s_rally_092bd47b_YaxobdSL. Status changed: QUEUED => ACTIVE in 0.0233430862427
2019-07-20 07:44:35.851 1633 INFO rally.task.runner [-] Task b25c0a43-a98e-4fa5-aab4-3f3ae004394c | ITER: 5 END: OK
2019-07-20 07:44:35.854 1633 INFO rally.task.runner [-] Task b25c0a43-a98e-4fa5-aab4-3f3ae004394c | ITER: 9 START
2019-07-20 07:44:38.150 1634 RALLYDEBUG rally.task.utils [-] Waiting for resource u'a0cecee4-3814-485d-9464-e9ce0a6a0895'. Status changed: NONE => QUEUED in 0.0303418636322
2019-07-20 07:44:38.176 1635 RALLYDEBUG rally.task.utils [-] Waiting for resource u'2b308a45-dd71-47dd-ae70-da1ce04d8a89'. Status changed: NONE => QUEUED in 0.0283279418945
2019-07-20 07:44:38.209 1636 RALLYDEBUG rally.task.utils [-] Waiting for resource u'b5c8b590-b721-45cd-a75b-c917968d5519'. Status changed: NONE => QUEUED in 0.0292899608612
2019-07-20 07:44:39.158 1634 RALLYDEBUG rally.task.utils [-] Waiting for resource s_rally_092bd47b_fAgVewmI. Status changed: QUEUED => ACTIVE in 0.0174949169159
2019-07-20 07:44:39.177 1634 INFO rally.task.runner [-] Task b25c0a43-a98e-4fa5-aab4-3f3ae004394c | ITER: 8 END: OK
2019-07-20 07:44:39.180 1634 INFO rally.task.runner [-] Task b25c0a43-a98e-4fa5-aab4-3f3ae004394c | ITER: 10 START
2019-07-20 07:44:39.212 1633 RALLYDEBUG rally.task.utils [-] Waiting for resource u'd9ba01b9-a864-4700-aafe-d08ac4093721'. Status changed: NONE => QUEUED in 0.0263569355011
