2019-07-20 07:48:48.955 1842 INFO rally.task.context [-] Task bb201858-97d6-46f7-af4f-edf7ea7d6080 | Context volumes@openstack cleanup() started
2019-07-20 07:48:48.955 1842 RALLYDEBUG rally_openstack.cleanup.manager [-] Cleaning up cinder volumes objects
2019-07-20 07:48:50.990 1842 RALLYDEBUG rally_openstack.cleanup.manager [-] Deleting cinder.volumes object c_rally_65dbc1a3_iL0pjNIo (363f7e81-4910-4fc1-b877-1f168eef113e)
2019-07-20 07:48:50.992 1842 RALLYDEBUG rally_openstack.cleanup.manager [-] Deleting cinder.volumes object c_rally_65dbc1a3_JrFWpQJ9 (6724dae0-26a0-4f38-b718-d283f7a15fd6)
2019-07-20 07:48:50.997 1842 RALLYDEBUG rally_openstack.cleanup.manager [-] Deleting cinder.volumes object c_rally_65dbc1a3_gQDnAf1v (8311b09c-a27a-4fa6-9065-6d916d9616a3)
2019-07-20 07:48:54.358 1842 INFO rally.task.context [-] Task bb201858-97d6-46f7-af4f-edf7ea7d6080 | Context volumes@openstack cleanup() finished in 5.40 sec
2019-07-20 07:48:54.358 1842 INFO rally.task.context [-] Task bb201858-97d6-46f7-af4f-edf7ea7d6080 | Context quotas@openstack cleanup() started
2019-07-20 07:48:54.908 1842 INFO rally.task.context [-] Task bb201858-97d6-46f7-af4f-edf7ea7d6080 | Context quotas@openstack cleanup() finished in 0.55 sec
2019-07-20 07:48:54.908 1842 INFO rally.task.context [-] Task bb201858-97d6-46f7-af4f-edf7ea7d6080 | Context api_versions@openstack cleanup() started
2019-07-20 07:48:54.909 1842 INFO rally.task.context [-] Task bb201858-97d6-46f7-af4f-edf7ea7d6080 | Context api_versions@openstack cleanup() finished in 0.27 msec
2019-07-20 07:48:54.909 1842 INFO rally.task.context [-] Task bb201858-97d6-46f7-af4f-edf7ea7d6080 | Context users@openstack cleanup() started
2019-07-20 07:49:01.657 1842 INFO rally.task.context [-] Task bb201858-97d6-46f7-af4f-edf7ea7d6080 | Context users@openstack cleanup() finished in 6.75 sec
2019-07-20 07:49:01.709 1842 INFO rally.task.engine [-] Load duration is: 10.804217
2019-07-20 07:49:01.710 1842 INFO rally.task.engine [-] Full runner duration is: 10.859602
2019-07-20 07:49:01.710 1842 INFO rally.task.engine [-] Full duration is: 54.173751
2019-07-20 07:49:01.955 1842 INFO rally.task.engine [-] Running workload: position = 0 config = { "version": 2, "title": "A cropped version of a bigger task.", "description": "Auto-generated task from a single workload (uuid=207d49fd-8b04-41f8-a978-6bae49213c03)", "subtasks": [ { "title": "CinderVolumes.create_and_list_volume", "description": "Create a volume and list all volumes.", "scenario": { "CinderVolumes.create_and_list_volume": { "detailed": true, "image": { "name": "rally_full-img_f92828fe-ee36-4774-b6b2-30f03bd6f5d0" }, "size": 1 } }, "contexts": { "users": { "tenants": 3, "users_per_tenant": 2 }, "quotas": { "cinder": { "gigabytes": -1, "snapshots": -1, "volumes": -1 } }, "api_versions": { "cinder": { "version": 3, "service_type": "volumev3" } } }, "runner": { "constant": { "concurrency": 4, "times": 10 } }, "hooks": [], "sla": { "failure_rate": { "max": 0 } } } ] }
2019-07-20 07:49:01.970 1842 RALLYDEBUG rally_openstack.contexts.keystone.users [-] Creating 3 tenants using 20 threads
2019-07-20 07:49:03.729 1842 RALLYDEBUG rally_openstack.contexts.keystone.users [-] Creating 6 users using 20 threads
2019-07-20 07:49:06.415 1842 INFO rally.task.context [-] Task bb201858-97d6-46f7-af4f-edf7ea7d6080 | Context users@openstack setup() finished in 4.45 sec
2019-07-20 07:49:06.831 1842 INFO rally.task.context [-] Task bb201858-97d6-46f7-af4f-edf7ea7d6080 | Context api_versions@openstack setup() finished in 0.41 sec
2019-07-20 07:49:08.320 1842 INFO rally.task.context [-] Task bb201858-97d6-46f7-af4f-edf7ea7d6080 | Context quotas@openstack setup() finished in 1.49 sec
2019-07-20 07:49:08.321 1842 INFO rally.task.context [-] Task bb201858-97d6-46f7-af4f-edf7ea7d6080 | Context cleanup@openstack setup() finished in 0.01 msec
2019-07-20 07:49:09.029 1842 RALLYDEBUG rally.task.runner [-] Starting the constant runner (task UUID: bb201858-97d6-46f7-af4f-edf7ea7d6080). timeout: 0 concurrency: 4 concurrency_per_worker: 1 times: 10 concurrency_overhead: 0 processes_to_start: 4 max_cpu_used: 16
2019-07-20 07:49:09.038 2414 RALLYDEBUG rally.task.runner [-] Starting a worker. concurrency: 1 args: {"detailed": true, "image": "82d4626c-13f0-4d95-9cf8-0bd751ec8278", "size": 1} times: 10 method_name: run timeout: 0 duration: None cls:
2019-07-20 07:49:09.042 2415 RALLYDEBUG rally.task.runner [-] Starting a worker. concurrency: 1 args: {"detailed": true, "image": "82d4626c-13f0-4d95-9cf8-0bd751ec8278", "size": 1} times: 10 method_name: run timeout: 0 duration: None cls:
2019-07-20 07:49:09.045 2414 INFO rally.task.runner [-] Task bb201858-97d6-46f7-af4f-edf7ea7d6080 | ITER: 1 START
2019-07-20 07:49:09.045 2416 RALLYDEBUG rally.task.runner [-] Starting a worker. concurrency: 1 args: {"detailed": true, "image": "82d4626c-13f0-4d95-9cf8-0bd751ec8278", "size": 1} times: 10 method_name: run timeout: 0 duration: None cls:
2019-07-20 07:49:09.048 2417 RALLYDEBUG rally.task.runner [-] Starting a worker. concurrency: 1 args: {"detailed": true, "image": "82d4626c-13f0-4d95-9cf8-0bd751ec8278", "size": 1} times: 10 method_name: run timeout: 0 duration: None cls:
2019-07-20 07:49:09.050 2415 INFO rally.task.runner [-] Task bb201858-97d6-46f7-af4f-edf7ea7d6080 | ITER: 2 START
2019-07-20 07:49:09.056 2416 INFO rally.task.runner [-] Task bb201858-97d6-46f7-af4f-edf7ea7d6080 | ITER: 3 START
2019-07-20 07:49:09.056 2417 INFO rally.task.runner [-] Task bb201858-97d6-46f7-af4f-edf7ea7d6080 | ITER: 4 START
2019-07-20 07:49:13.163 2415 RALLYDEBUG rally.task.utils [-] Waiting for resource s_rally_207d49fd_AwPUnSv4. Status changed: CREATING => DOWNLOADING in 0.822877883911
2019-07-20 07:49:15.377 2417 RALLYDEBUG rally.task.utils [-] Waiting for resource s_rally_207d49fd_DOyQXELL. Status changed: DOWNLOADING => AVAILABLE in 2.79838991165
2019-07-20 07:49:15.485 2415 RALLYDEBUG rally.task.utils [-] Waiting for resource s_rally_207d49fd_AwPUnSv4. Status changed: DOWNLOADING => AVAILABLE in 2.32151508331
2019-07-20 07:49:15.634 2416 RALLYDEBUG rally.task.utils [-] Waiting for resource s_rally_207d49fd_gTQxcbdw. Status changed: DOWNLOADING => AVAILABLE in 3.08648514748
2019-07-20 07:49:15.727 2417 INFO rally.task.runner [-] Task bb201858-97d6-46f7-af4f-edf7ea7d6080 | ITER: 4 END: OK
2019-07-20 07:49:15.731 2417 INFO rally.task.runner [-] Task bb201858-97d6-46f7-af4f-edf7ea7d6080 | ITER: 5 START
2019-07-20 07:49:15.827 2414 RALLYDEBUG rally.task.utils [-] Waiting for resource s_rally_207d49fd_loVDrp87. Status changed: CREATING => DOWNLOADING in 3.29148817062
2019-07-20 07:49:15.838 2415 INFO rally.task.runner [-] Task bb201858-97d6-46f7-af4f-edf7ea7d6080 | ITER: 2 END: OK
2019-07-20 07:49:15.842 2415 INFO rally.task.runner [-] Task bb201858-97d6-46f7-af4f-edf7ea7d6080 | ITER: 6 START
2019-07-20 07:49:15.898 2416 INFO rally.task.runner [-] Task bb201858-97d6-46f7-af4f-edf7ea7d6080 | ITER: 3 END: OK
2019-07-20 07:49:15.902 2416 INFO rally.task.runner [-] Task bb201858-97d6-46f7-af4f-edf7ea7d6080 | ITER: 7 START
2019-07-20 07:49:18.159 2414 RALLYDEBUG rally.task.utils [-] Waiting for resource s_rally_207d49fd_loVDrp87. Status changed: DOWNLOADING => AVAILABLE in 2.33259296417
2019-07-20 07:49:18.439 2414 INFO rally.task.runner [-] Task bb201858-97d6-46f7-af4f-edf7ea7d6080 | ITER: 1 END: OK
2019-07-20 07:49:18.445 2414 INFO rally.task.runner [-] Task bb201858-97d6-46f7-af4f-edf7ea7d6080 | ITER: 8 START
2019-07-20 07:49:21.706 2417 RALLYDEBUG rally.task.utils [-] Waiting for resource s_rally_207d49fd_tD3fs84Z. Status changed: DOWNLOADING => AVAILABLE in 2.72798991203
2019-07-20 07:49:21.766 2417 INFO rally.task.runner [-] Task bb201858-97d6-46f7-af4f-edf7ea7d6080 | ITER: 5 END: OK
2019-07-20 07:49:21.769 2417 INFO rally.task.runner [-] Task bb201858-97d6-46f7-af4f-edf7ea7d6080 | ITER: 9 START
2019-07-20 07:49:22.229 2416 RALLYDEBUG rally.task.utils [-] Waiting for resource s_rally_207d49fd_vCcHrZCh. Status changed: DOWNLOADING => AVAILABLE in 3.03756594658
2019-07-20 07:49:22.249 2415 RALLYDEBUG rally.task.utils [-] Waiting for resource s_rally_207d49fd_G8RnmoHL. Status changed: DOWNLOADING => AVAILABLE in 2.91186881065
2019-07-20 07:49:22.569 2416 INFO rally.task.runner [-] Task bb201858-97d6-46f7-af4f-edf7ea7d6080 | ITER: 7 END: OK
2019-07-20 07:49:22.574 2416 INFO rally.task.runner [-] Task bb201858-97d6-46f7-af4f-edf7ea7d6080 | ITER: 10 START
2019-07-20 07:49:22.644 2415 INFO rally.task.runner [-] Task bb201858-97d6-46f7-af4f-edf7ea7d6080 | ITER: 6 END: OK
2019-07-20 07:49:26.531 2414 RALLYDEBUG rally.task.utils [-] Waiting for resource s_rally_207d49fd_li5kzSCg. Status changed: DOWNLOADING => AVAILABLE in 4.88053107262
2019-07-20 07:49:26.624 2414 INFO rally.task.runner [-] Task bb201858-97d6-46f7-af4f-edf7ea7d6080 | ITER: 8 END: OK
2019-07-20 07:49:27.874 2417 RALLYDEBUG rally.task.utils [-] Waiting for resource s_rally_207d49fd_F9AHU17R. Status changed: DOWNLOADING => AVAILABLE in 2.84909009933
2019-07-20 07:49:28.233 2417 INFO rally.task.runner [-] Task bb201858-97d6-46f7-af4f-edf7ea7d6080 | ITER: 9 END: OK
2019-07-20 07:49:28.747 2416 RALLYDEBUG rally.task.utils [-] Waiting for resource s_rally_207d49fd_TavnQ3Q9. Status changed: DOWNLOADING => AVAILABLE in 2.78915286064
2019-07-20 07:49:28.837 2416 INFO rally.task.runner [-] Task bb201858-97d6-46f7-af4f-edf7ea7d6080 | ITER: 10 END: OK
2019-07-20 07:49:28.864 1842 INFO rally.task.context [-] Task bb201858-97d6-46f7-af4f-edf7ea7d6080 | Context cleanup@openstack cleanup() started
2019-07-20 07:49:28.866 1842 RALLYDEBUG rally_openstack.cleanup.manager [-] Cleaning up cinder backups objects
2019-07-20 07:49:30.824 1842 RALLYDEBUG rally_openstack.cleanup.manager [-] Cleaning up cinder volume_snapshots objects
2019-07-20 07:49:32.719 1842 RALLYDEBUG rally_openstack.cleanup.manager [-] Cleaning up cinder transfers objects
2019-07-20 07:49:34.785 1842 RALLYDEBUG rally_openstack.cleanup.manager [-] Cleaning up cinder volumes objects
2019-07-20 07:49:37.066 1842 RALLYDEBUG rally_openstack.cleanup.manager [-] Deleting cinder.volumes object s_rally_207d49fd_vCcHrZCh (2b971d4a-d0a5-4e2e-85d5-de3c386d1fc0)
2019-07-20 07:49:37.067 1842 RALLYDEBUG rally_openstack.cleanup.manager [-] Deleting cinder.volumes object s_rally_207d49fd_G8RnmoHL (a6a23257-9b71-42ad-b8fb-14bdcd54cc37)
2019-07-20 07:49:37.068 1842 RALLYDEBUG rally_openstack.cleanup.manager [-] Deleting cinder.volumes object s_rally_207d49fd_loVDrp87 (3ad131cf-9c6d-4da7-a968-65d89adeaf1e)
2019-07-20 07:49:37.068 1842 RALLYDEBUG rally_openstack.cleanup.manager [-] Deleting cinder.volumes object s_rally_207d49fd_DOyQXELL (c4533428-1ceb-4dea-a348-5bf512e865c7)
2019-07-20 07:49:37.072 1842 RALLYDEBUG rally_openstack.cleanup.manager [-] Deleting cinder.volumes object s_rally_207d49fd_gTQxcbdw (c3ee485d-c579-463d-a077-3bc7f7bb622a)
2019-07-20 07:49:37.075 1842 RALLYDEBUG rally_openstack.cleanup.manager [-] Deleting cinder.volumes object s_rally_207d49fd_TavnQ3Q9 (8ac0e848-ab52-4a8a-95e9-e2215f726451)
2019-07-20 07:49:37.078 1842 RALLYDEBUG rally_openstack.cleanup.manager [-] Deleting cinder.volumes object s_rally_207d49fd_tD3fs84Z (ac6dd5df-cbe2-4989-9c67-d0fa2425f349)
2019-07-20 07:49:37.084 1842 RALLYDEBUG rally_openstack.cleanup.manager [-] Deleting cinder.volumes object s_rally_207d49fd_li5kzSCg (0f093ee6-ff1d-494b-aa01-ff80e5785003)
2019-07-20 07:49:37.106 1842 RALLYDEBUG rally_openstack.cleanup.manager [-] Deleting cinder.volumes object s_rally_207d49fd_F9AHU17R (2cbf1bd1-ca1f-43b6-9010-8657c521dbdb)
2019-07-20 07:49:37.110 1842 RALLYDEBUG rally_openstack.cleanup.manager [-] Deleting cinder.volumes object s_rally_207d49fd_AwPUnSv4 (c4d5efc5-a81e-4d67-a817-d2ba38596c6a)
2019-07-20 07:49:42.052 1842 INFO rally.task.context [-] Task bb201858-97d6-46f7-af4f-edf7ea7d6080 | Context cleanup@openstack cleanup() finished in 13.19 sec
2019-07-20 07:49:42.052 1842 INFO rally.task.context [-] Task bb201858-97d6-46f7-af4f-edf7ea7d6080 | Context quotas@openstack cleanup() started
2019-07-20 07:49:42.501 1842 INFO rally.task.context [-] Task bb201858-97d6-46f7-af4f-edf7ea7d6080 | Context quotas@openstack cleanup() finished in 0.45 sec
2019-07-20 07:49:42.501 1842 INFO rally.task.context [-] Task bb201858-97d6-46f7-af4f-edf7ea7d6080 | Context api_versions@openstack cleanup() started
2019-07-20 07:49:42.502 1842 INFO rally.task.context [-] Task bb201858-97d6-46f7-af4f-edf7ea7d6080 | Context api_versions@openstack cleanup() finished in 0.27 msec
2019-07-20 07:49:42.502 1842 INFO rally.task.context [-] Task bb201858-97d6-46f7-af4f-edf7ea7d6080 | Context users@openstack cleanup() started
2019-07-20 07:49:49.269 1842 INFO rally.task.context [-] Task bb201858-97d6-46f7-af4f-edf7ea7d6080 | Context users@openstack cleanup() finished in 6.77 sec
2019-07-20 07:49:50.160 1842 INFO rally.task.engine [-] Load duration is: 19.78844
2019-07-20 07:49:50.160 1842 INFO rally.task.engine [-] Full runner duration is: 19.836013
2019-07-20 07:49:50.160 1842 INFO rally.task.engine [-] Full duration is: 47.303278
2019-07-20 07:49:50.328 1842 INFO rally.task.engine [-] Running workload: position = 1 config = { "version": 2, "title": "A cropped version of a bigger task.", "description": "Auto-generated task from a single workload (uuid=c8634bc7-df4b-46e6-bcdd-4f7af092365b)", "subtasks": [ { "title": "CinderVolumes.create_and_list_volume", "description": "Create a volume and list all volumes.", "scenario": { "CinderVolumes.create_and_list_volume": { "detailed": true, "size": 1 } }, "contexts": { "users": { "tenants": 3, "users_per_tenant": 2 }, "quotas": { "cinder": { "gigabytes": -1, "snapshots": -1, "volumes": -1 } }, "api_versions": { "cinder": { "version": 3, "service_type": "volumev3" } } }, "runner": { "constant": { "concurrency": 4, "times": 10 } }, "hooks": [], "sla": { "failure_rate": { "max": 0 } } } ] }
2019-07-20 07:49:50.351 1842 RALLYDEBUG rally_openstack.contexts.keystone.users [-] Creating 3 tenants using 20 threads
2019-07-20 07:49:52.121 1842 RALLYDEBUG rally_openstack.contexts.keystone.users [-] Creating 6 users using 20 threads
2019-07-20 07:49:54.767 1842 INFO rally.task.context [-] Task bb201858-97d6-46f7-af4f-edf7ea7d6080 | Context users@openstack setup() finished in 4.42 sec
2019-07-20 07:49:55.181 1842 INFO rally.task.context [-] Task bb201858-97d6-46f7-af4f-edf7ea7d6080 | Context api_versions@openstack setup() finished in 0.41 sec
2019-07-20 07:49:56.766 1842 INFO rally.task.context [-] Task bb201858-97d6-46f7-af4f-edf7ea7d6080 | Context quotas@openstack setup() finished in 1.58 sec
2019-07-20 07:49:56.766 1842 INFO rally.task.context [-] Task bb201858-97d6-46f7-af4f-edf7ea7d6080 | Context cleanup@openstack setup() finished in 0.01 msec
2019-07-20 07:49:56.774 1842 RALLYDEBUG rally.task.runner [-] Starting the constant runner (task UUID: bb201858-97d6-46f7-af4f-edf7ea7d6080). timeout: 0 concurrency: 4 concurrency_per_worker: 1 times: 10 concurrency_overhead: 0 processes_to_start: 4 max_cpu_used: 16
2019-07-20 07:49:56.784 2599 RALLYDEBUG rally.task.runner [-] Starting a worker. concurrency: 1 args: {"detailed": true, "size": 1} times: 10 method_name: run timeout: 0 duration: None cls:
2019-07-20 07:49:56.784 2598 RALLYDEBUG rally.task.runner [-] Starting a worker. concurrency: 1 args: {"detailed": true, "size": 1} times: 10 method_name: run timeout: 0 duration: None cls:
2019-07-20 07:49:56.790 2599 INFO rally.task.runner [-] Task bb201858-97d6-46f7-af4f-edf7ea7d6080 | ITER: 1 START
2019-07-20 07:49:56.791 2598 INFO rally.task.runner [-] Task bb201858-97d6-46f7-af4f-edf7ea7d6080 | ITER: 2 START
2019-07-20 07:49:56.792 2600 RALLYDEBUG rally.task.runner [-] Starting a worker. concurrency: 1 args: {"detailed": true, "size": 1} times: 10 method_name: run timeout: 0 duration: None cls:
2019-07-20 07:49:56.796 2601 RALLYDEBUG rally.task.runner [-] Starting a worker. concurrency: 1 args: {"detailed": true, "size": 1} times: 10 method_name: run timeout: 0 duration: None cls:
2019-07-20 07:49:56.803 2600 INFO rally.task.runner [-] Task bb201858-97d6-46f7-af4f-edf7ea7d6080 | ITER: 3 START
2019-07-20 07:49:56.805 2601 INFO rally.task.runner [-] Task bb201858-97d6-46f7-af4f-edf7ea7d6080 | ITER: 4 START
2019-07-20 07:50:00.605 2601 INFO rally.task.runner [-] Task bb201858-97d6-46f7-af4f-edf7ea7d6080 | ITER: 4 END: OK
2019-07-20 07:50:00.610 2601 INFO rally.task.runner [-] Task bb201858-97d6-46f7-af4f-edf7ea7d6080 | ITER: 5 START
2019-07-20 07:50:00.710 2598 INFO rally.task.runner [-] Task bb201858-97d6-46f7-af4f-edf7ea7d6080 | ITER: 2 END: OK
2019-07-20 07:50:00.715 2598 INFO rally.task.runner [-] Task bb201858-97d6-46f7-af4f-edf7ea7d6080 | ITER: 6 START
2019-07-20 07:50:00.717 2599 INFO rally.task.runner [-] Task bb201858-97d6-46f7-af4f-edf7ea7d6080 | ITER: 1 END: OK
2019-07-20 07:50:00.722 2599 INFO rally.task.runner [-] Task bb201858-97d6-46f7-af4f-edf7ea7d6080 | ITER: 7 START
2019-07-20 07:50:00.788 2600 INFO rally.task.runner [-] Task bb201858-97d6-46f7-af4f-edf7ea7d6080 | ITER: 3 END: OK
2019-07-20 07:50:00.794 2600 INFO rally.task.runner [-] Task bb201858-97d6-46f7-af4f-edf7ea7d6080 | ITER: 8 START
2019-07-20 07:50:04.373 2598 INFO rally.task.runner [-] Task bb201858-97d6-46f7-af4f-edf7ea7d6080 | ITER: 6 END: OK
2019-07-20 07:50:04.378 2598 INFO rally.task.runner [-] Task bb201858-97d6-46f7-af4f-edf7ea7d6080 | ITER: 9 START
2019-07-20 07:50:04.400 2601 INFO rally.task.runner [-] Task bb201858-97d6-46f7-af4f-edf7ea7d6080 | ITER: 5 END: OK
2019-07-20 07:50:04.405 2601 INFO rally.task.runner [-] Task bb201858-97d6-46f7-af4f-edf7ea7d6080 | ITER: 10 START
2019-07-20 07:50:04.405 2600 INFO rally.task.runner [-] Task bb201858-97d6-46f7-af4f-edf7ea7d6080 | ITER: 8 END: OK
2019-07-20 07:50:04.487 2599 INFO rally.task.runner [-] Task bb201858-97d6-46f7-af4f-edf7ea7d6080 | ITER: 7 END: OK
2019-07-20 07:50:08.021 2601 INFO rally.task.runner [-] Task bb201858-97d6-46f7-af4f-edf7ea7d6080 | ITER: 10 END: OK
2019-07-20 07:50:08.047 2598 INFO rally.task.runner [-] Task bb201858-97d6-46f7-af4f-edf7ea7d6080 | ITER: 9 END: OK
2019-07-20 07:50:08.070 1842 INFO rally.task.context [-] Task bb201858-97d6-46f7-af4f-edf7ea7d6080 | Context cleanup@openstack cleanup() started
2019-07-20 07:50:08.072 1842 RALLYDEBUG rally_openstack.cleanup.manager [-] Cleaning up cinder backups objects
2019-07-20 07:50:10.057 1842 RALLYDEBUG rally_openstack.cleanup.manager [-] Cleaning up cinder volume_snapshots objects
2019-07-20 07:50:12.134 1842 RALLYDEBUG rally_openstack.cleanup.manager [-] Cleaning up cinder transfers objects
2019-07-20 07:50:14.169 1842 RALLYDEBUG rally_openstack.cleanup.manager [-] Cleaning up cinder volumes objects
2019-07-20 07:50:16.253 1842 RALLYDEBUG rally_openstack.cleanup.manager [-] Deleting cinder.volumes object s_rally_c8634bc7_Gl4huIAW (3b73bb35-6bf1-46ae-983e-568a0bd4b04e)
2019-07-20 07:50:16.259 1842 RALLYDEBUG rally_openstack.cleanup.manager [-] Deleting cinder.volumes object s_rally_c8634bc7_y3ubJAX9 (e4dd0d84-7fb8-4829-b6a0-e25b62ab1aa9)
2019-07-20 07:50:16.260 1842 RALLYDEBUG rally_openstack.cleanup.manager [-] Deleting cinder.volumes object s_rally_c8634bc7_qTXomGXM (1ac4ba08-4a2b-4107-8231-775133310556)
2019-07-20 07:50:16.261 1842 RALLYDEBUG rally_openstack.cleanup.manager [-] Deleting cinder.volumes object s_rally_c8634bc7_uULIqmP0 (f0ff3d0b-d46a-4e56-beff-0fe14fd8dd94)
2019-07-20 07:50:16.262 1842 RALLYDEBUG rally_openstack.cleanup.manager [-] Deleting cinder.volumes object s_rally_c8634bc7_fAzYECzY (0580ca6a-b3b5-44a8-be5b-97d9fb60d00e)
2019-07-20 07:50:16.265 1842 RALLYDEBUG rally_openstack.cleanup.manager [-] Deleting cinder.volumes object s_rally_c8634bc7_jaPa2OAB (658c7010-a9e7-4d98-91f6-7ea6c85d58a7)
2019-07-20 07:50:16.266 1842 RALLYDEBUG rally_openstack.cleanup.manager [-] Deleting cinder.volumes object s_rally_c8634bc7_hYlnZYuN (e82ccec8-9a62-4e42-9bbf-cb4d77d0c591)
2019-07-20 07:50:16.272 1842 RALLYDEBUG rally_openstack.cleanup.manager [-] Deleting cinder.volumes object s_rally_c8634bc7_BTjbEjn6 (32e25f12-b1f5-448a-933c-ad9a6d3e66db)
2019-07-20 07:50:16.273 1842 RALLYDEBUG rally_openstack.cleanup.manager [-] Deleting cinder.volumes object s_rally_c8634bc7_rJVGGs1s (24f3cfed-55db-4b6a-94c4-702fee57731f)
2019-07-20 07:50:16.283 1842 RALLYDEBUG rally_openstack.cleanup.manager [-] Deleting cinder.volumes object s_rally_c8634bc7_778eg3Ow (d69bab65-5f84-4b88-8634-9ee1e1f7e559)
2019-07-20 07:50:20.150 1842 INFO rally.task.context [-] Task bb201858-97d6-46f7-af4f-edf7ea7d6080 | Context cleanup@openstack cleanup() finished in 12.08 sec
2019-07-20 07:50:20.150 1842 INFO rally.task.context [-] Task bb201858-97d6-46f7-af4f-edf7ea7d6080 | Context quotas@openstack cleanup() started
2019-07-20 07:50:20.626 1842 INFO rally.task.context [-] Task bb201858-97d6-46f7-af4f-edf7ea7d6080 | Context quotas@openstack cleanup() finished in 0.48 sec
2019-07-20 07:50:20.626 1842 INFO rally.task.context [-] Task bb201858-97d6-46f7-af4f-edf7ea7d6080 | Context api_versions@openstack cleanup() started
2019-07-20 07:50:20.626 1842 INFO rally.task.context [-] Task bb201858-97d6-46f7-af4f-edf7ea7d6080 | Context api_versions@openstack cleanup() finished in 0.25 msec
2019-07-20 07:50:20.627 1842 INFO rally.task.context [-] Task bb201858-97d6-46f7-af4f-edf7ea7d6080 | Context users@openstack cleanup() started
2019-07-20 07:50:28.784 1842 INFO rally.task.context [-] Task bb201858-97d6-46f7-af4f-edf7ea7d6080 | Context users@openstack cleanup() finished in 8.16 sec
2019-07-20 07:50:30.506 1842 INFO rally.task.engine [-] Load duration is: 11.2531
2019-07-20 07:50:30.507 1842 INFO rally.task.engine [-] Full runner duration is: 11.297225
2019-07-20 07:50:30.507 1842 INFO rally.task.engine [-] Full duration is: 38.43612
2019-07-20 07:50:30.782 1842 INFO rally.task.engine [-] Running workload: position = 0 config = { "version": 2, "title": "A cropped version of a bigger task.", "description": "Auto-generated task from a single workload (uuid=c531f437-7fb7-4afa-bd0f-11daa4fd78e8)", "subtasks": [ { "title": "CinderVolumes.create_and_upload_volume_to_image", "description": "Create and upload a volume to image.", "scenario": { "CinderVolumes.create_and_upload_volume_to_image": { "container_format": "bare", "disk_format": "raw", "do_delete": true, "force": false, "size": 1 } }, "contexts": { "users": { "tenants": 3, "users_per_tenant": 2 }, "quotas": { "cinder": { "gigabytes": -1, "snapshots": -1, "volumes": -1 } }, "api_versions": { "cinder": { "version": 3, "service_type": "volumev3" } } }, "runner": { "constant": { "concurrency": 4, "times": 10 } }, "hooks": [], "sla": { "failure_rate": { "max": 0 } } } ] }
2019-07-20 07:50:30.806 1842 RALLYDEBUG rally_openstack.contexts.keystone.users [-] Creating 3 tenants using 20 threads
2019-07-20 07:50:32.809 1842 RALLYDEBUG rally_openstack.contexts.keystone.users [-] Creating 6 users using 20 threads
2019-07-20 07:50:35.562 1842 INFO rally.task.context [-] Task bb201858-97d6-46f7-af4f-edf7ea7d6080 | Context users@openstack setup() finished in 4.76 sec
2019-07-20 07:50:35.981 1842 INFO rally.task.context [-] Task bb201858-97d6-46f7-af4f-edf7ea7d6080 | Context api_versions@openstack setup() finished in 0.42 sec
2019-07-20 07:50:37.531 1842 INFO rally.task.context [-] Task bb201858-97d6-46f7-af4f-edf7ea7d6080 | Context quotas@openstack setup() finished in 1.55 sec
2019-07-20 07:50:37.531 1842 INFO rally.task.context [-] Task bb201858-97d6-46f7-af4f-edf7ea7d6080 | Context cleanup@openstack setup() finished in 0.01 msec
2019-07-20 07:50:37.539 1842 RALLYDEBUG rally.task.runner [-] Starting the constant runner (task UUID: bb201858-97d6-46f7-af4f-edf7ea7d6080). timeout: 0 concurrency: 4 concurrency_per_worker: 1 times: 10 concurrency_overhead: 0 processes_to_start: 4 max_cpu_used: 16
2019-07-20 07:50:37.552 2782 RALLYDEBUG rally.task.runner [-] Starting a worker. concurrency: 1 args: {"container_format": "bare", "disk_format": "raw", "do_delete": true, "force": false, "size": 1} times: 10 method_name: run timeout: 0 duration: None cls:
2019-07-20 07:50:37.554 2783 RALLYDEBUG rally.task.runner [-] Starting a worker. concurrency: 1 args: {"container_format": "bare", "disk_format": "raw", "do_delete": true, "force": false, "size": 1} times: 10 method_name: run timeout: 0 duration: None cls:
2019-07-20 07:50:37.557 2784 RALLYDEBUG rally.task.runner [-] Starting a worker. concurrency: 1 args: {"container_format": "bare", "disk_format": "raw", "do_delete": true, "force": false, "size": 1} times: 10 method_name: run timeout: 0 duration: None cls:
2019-07-20 07:50:37.560 2782 INFO rally.task.runner [-] Task bb201858-97d6-46f7-af4f-edf7ea7d6080 | ITER: 1 START
2019-07-20 07:50:37.561 2785 RALLYDEBUG rally.task.runner [-] Starting a worker. concurrency: 1 args: {"container_format": "bare", "disk_format": "raw", "do_delete": true, "force": false, "size": 1} times: 10 method_name: run timeout: 0 duration: None cls:
2019-07-20 07:50:37.563 2783 INFO rally.task.runner [-] Task bb201858-97d6-46f7-af4f-edf7ea7d6080 | ITER: 2 START
2019-07-20 07:50:37.564 2784 INFO rally.task.runner [-] Task bb201858-97d6-46f7-af4f-edf7ea7d6080 | ITER: 3 START
2019-07-20 07:50:37.568 2785 INFO rally.task.runner [-] Task bb201858-97d6-46f7-af4f-edf7ea7d6080 | ITER: 4 START
2019-07-20 07:50:42.379 2782 RALLYDEBUG rally.task.utils [-] Waiting for resource s_rally_c531f437_iIlXvBhA. Status changed: AVAILABLE => UPLOADING in 0.0598950386047
2019-07-20 07:50:42.415 2784 RALLYDEBUG rally.task.utils [-] Waiting for resource s_rally_c531f437_5DWVat1w. Status changed: AVAILABLE => UPLOADING in 0.0799820423126
2019-07-20 07:50:42.507 2785 RALLYDEBUG rally.task.utils [-] Waiting for resource s_rally_c531f437_Tq0eK23S. Status changed: AVAILABLE => UPLOADING in 0.2593729496
2019-07-20 07:50:42.576 2783 RALLYDEBUG rally.task.utils [-] Waiting for resource s_rally_c531f437_qSHfpOQw. Status changed: AVAILABLE => UPLOADING in 0.288879871368
2019-07-20 07:51:19.159 2783 RALLYDEBUG rally.task.utils [-] Waiting for resource s_rally_c531f437_qSHfpOQw. Status changed: UPLOADING => AVAILABLE in 36.5835950375
2019-07-20 07:51:20.054 2783 RALLYDEBUG rally.task.utils [-] Waiting for resource s_rally_c531f437_qSHfpOQw. Status changed: AVAILABLE => DELETING in 0.0526790618896
2019-07-20 07:51:21.041 2785 RALLYDEBUG rally.task.utils [-] Waiting for resource s_rally_c531f437_Tq0eK23S. Status changed: UPLOADING => AVAILABLE in 38.5336999893
2019-07-20 07:51:21.520 2785 RALLYDEBUG rally.task.utils [-] Waiting for resource s_rally_c531f437_Tq0eK23S. Status changed: AVAILABLE => DELETING in 0.0633890628815
2019-07-20 07:51:23.414 2783 INFO rally.task.runner [-] Task bb201858-97d6-46f7-af4f-edf7ea7d6080 | ITER: 2 END: OK
2019-07-20 07:51:23.421 2783 INFO rally.task.runner [-] Task bb201858-97d6-46f7-af4f-edf7ea7d6080 | ITER: 5 START
2019-07-20 07:51:24.635 2785 INFO rally.task.runner [-] Task bb201858-97d6-46f7-af4f-edf7ea7d6080 | ITER: 4 END: OK
2019-07-20 07:51:24.643 2785 INFO rally.task.runner [-] Task bb201858-97d6-46f7-af4f-edf7ea7d6080 | ITER: 6 START
2019-07-20 07:51:28.610 2783 RALLYDEBUG rally.task.utils [-] Waiting for resource s_rally_c531f437_r24rhayL. Status changed: AVAILABLE => UPLOADING in 0.27028799057
2019-07-20 07:51:29.667 2785 RALLYDEBUG rally.task.utils [-] Waiting for resource s_rally_c531f437_RPyGRauP. Status changed: AVAILABLE => UPLOADING in 0.237905979156
2019-07-20 07:51:46.395 2782 RALLYDEBUG rally.task.utils [-] Waiting for resource s_rally_c531f437_iIlXvBhA. Status changed: UPLOADING => AVAILABLE in 64.0154790878
2019-07-20 07:51:46.865 2782 RALLYDEBUG rally.task.utils [-] Waiting for resource s_rally_c531f437_iIlXvBhA. Status changed: AVAILABLE => DELETING in 0.0578229427338
2019-07-20 07:51:47.789 2784 RALLYDEBUG rally.task.utils [-] Waiting for resource s_rally_c531f437_5DWVat1w. Status changed: UPLOADING => AVAILABLE in 65.3740110397
2019-07-20 07:51:48.566 2784 RALLYDEBUG rally.task.utils [-] Waiting for resource s_rally_c531f437_5DWVat1w. Status changed: AVAILABLE => DELETING in 0.35841012001
2019-07-20 07:51:50.543 2782 INFO rally.task.runner [-] Task bb201858-97d6-46f7-af4f-edf7ea7d6080 | ITER: 1 END: OK
2019-07-20 07:51:50.549 2782 INFO rally.task.runner [-] Task bb201858-97d6-46f7-af4f-edf7ea7d6080 | ITER: 7 START
2019-07-20 07:51:51.653 2784 INFO rally.task.runner [-] Task bb201858-97d6-46f7-af4f-edf7ea7d6080 | ITER: 3 END: OK
2019-07-20 07:51:51.659 2784 INFO rally.task.runner [-] Task bb201858-97d6-46f7-af4f-edf7ea7d6080 | ITER: 8 START
2019-07-20 07:51:55.380 2782 RALLYDEBUG rally.task.utils [-] Waiting for resource s_rally_c531f437_7PWGzszn. Status changed: AVAILABLE => UPLOADING in 0.381165027618
2019-07-20 07:51:56.683 2784 RALLYDEBUG rally.task.utils [-] Waiting for resource s_rally_c531f437_12tUb4o3. Status changed: AVAILABLE => UPLOADING in 0.306074142456
2019-07-20 07:52:05.360 2783 RALLYDEBUG rally.task.utils [-] Waiting for resource s_rally_c531f437_r24rhayL. Status changed: UPLOADING => AVAILABLE in 36.7494959831
2019-07-20 07:52:05.991 2783 RALLYDEBUG rally.task.utils [-] Waiting for resource s_rally_c531f437_r24rhayL. Status changed: AVAILABLE => DELETING in 0.074728012085
2019-07-20 07:52:08.374 2785 RALLYDEBUG rally.task.utils [-] Waiting for resource s_rally_c531f437_RPyGRauP. Status changed: UPLOADING => AVAILABLE in 38.7068889141
2019-07-20 07:52:08.574 2785 RALLYDEBUG rally.task.utils [-] Waiting for resource s_rally_c531f437_RPyGRauP. Status changed: AVAILABLE => DELETING in 0.063807964325
2019-07-20 07:52:09.917 2783 INFO rally.task.runner [-] Task bb201858-97d6-46f7-af4f-edf7ea7d6080 | ITER: 5 END: OK
2019-07-20 07:52:09.923 2783 INFO rally.task.runner [-] Task bb201858-97d6-46f7-af4f-edf7ea7d6080 | ITER: 9 START
2019-07-20 07:52:11.701 2785 INFO rally.task.runner [-] Task bb201858-97d6-46f7-af4f-edf7ea7d6080 | ITER: 6 END: OK
2019-07-20 07:52:11.707 2785 INFO rally.task.runner [-] Task bb201858-97d6-46f7-af4f-edf7ea7d6080 | ITER: 10 START
2019-07-20 07:52:14.668 2783 RALLYDEBUG rally.task.utils [-] Waiting for resource s_rally_c531f437_edim9Ac2. Status changed: AVAILABLE => UPLOADING in 0.494328022003
2019-07-20 07:52:16.404 2785 RALLYDEBUG rally.task.utils [-] Waiting for resource s_rally_c531f437_FIEZwBQn. Status changed: AVAILABLE => UPLOADING in 0.342656135559
2019-07-20 07:52:36.452 2782 RALLYDEBUG rally.task.utils [-] Waiting for resource s_rally_c531f437_7PWGzszn. Status changed: UPLOADING => AVAILABLE in 41.0722739697
2019-07-20 07:52:36.893 2782 RALLYDEBUG rally.task.utils [-] Waiting for resource s_rally_c531f437_7PWGzszn. Status changed: AVAILABLE => DELETING in 0.053652048111
2019-07-20 07:52:39.546 2784 RALLYDEBUG rally.task.utils [-] Waiting for resource s_rally_c531f437_12tUb4o3. Status changed: UPLOADING => AVAILABLE in 42.8628599644
2019-07-20 07:52:40.028 2784 RALLYDEBUG rally.task.utils [-] Waiting for resource s_rally_c531f437_12tUb4o3. Status changed: AVAILABLE => DELETING in 0.0563559532166
2019-07-20 07:52:40.162 2782 INFO rally.task.runner [-] Task bb201858-97d6-46f7-af4f-edf7ea7d6080 | ITER: 7 END: OK
2019-07-20 07:52:43.433 2784 INFO rally.task.runner [-] Task bb201858-97d6-46f7-af4f-edf7ea7d6080 | ITER: 8 END: OK
2019-07-20 07:52:55.022 2785 RALLYDEBUG rally.task.utils [-] Waiting for resource s_rally_c531f437_FIEZwBQn. Status changed: UPLOADING => AVAILABLE in 38.6185269356
2019-07-20 07:52:55.231 2783 RALLYDEBUG rally.task.utils [-] Waiting for resource s_rally_c531f437_edim9Ac2. Status changed: UPLOADING => AVAILABLE in 40.5633480549
2019-07-20 07:52:55.489 2785 RALLYDEBUG rally.task.utils [-] Waiting for resource s_rally_c531f437_FIEZwBQn. Status changed: AVAILABLE => DELETING in 0.0785369873047
2019-07-20 07:52:55.709 2783 RALLYDEBUG rally.task.utils [-] Waiting for resource s_rally_c531f437_edim9Ac2. Status changed: AVAILABLE => DELETING in 0.094752073288
2019-07-20 07:52:57.864 2785 INFO rally.task.runner [-] Task bb201858-97d6-46f7-af4f-edf7ea7d6080 | ITER: 10 END: OK
2019-07-20 07:52:58.895 2783 INFO rally.task.runner [-] Task bb201858-97d6-46f7-af4f-edf7ea7d6080 | ITER: 9 END: OK
2019-07-20 07:52:58.924 1842 INFO rally.task.context [-] Task bb201858-97d6-46f7-af4f-edf7ea7d6080 | Context cleanup@openstack cleanup() started
2019-07-20 07:52:58.926 1842 RALLYDEBUG rally_openstack.cleanup.manager [-] Cleaning up cinder backups objects
2019-07-20 07:53:01.157 1842 RALLYDEBUG rally_openstack.cleanup.manager [-] Cleaning up cinder volume_snapshots objects
2019-07-20 07:53:03.398 1842 RALLYDEBUG rally_openstack.cleanup.manager [-] Cleaning up cinder transfers objects
2019-07-20 07:53:05.420 1842 RALLYDEBUG rally_openstack.cleanup.manager [-] Cleaning up cinder volumes objects
2019-07-20 07:53:07.441 1842 RALLYDEBUG rally_openstack.cleanup.manager [-] Cleaning up glance images objects
2019-07-20 07:53:09.715 1842 INFO rally.task.context [-] Task bb201858-97d6-46f7-af4f-edf7ea7d6080 | Context cleanup@openstack cleanup() finished in 10.79 sec
2019-07-20 07:53:09.715 1842 INFO rally.task.context [-] Task bb201858-97d6-46f7-af4f-edf7ea7d6080 | Context quotas@openstack cleanup() started
2019-07-20 07:53:10.253 1842 INFO rally.task.context [-] Task bb201858-97d6-46f7-af4f-edf7ea7d6080 | Context quotas@openstack cleanup() finished in 0.54 sec
2019-07-20 07:53:10.253 1842 INFO rally.task.context [-] Task bb201858-97d6-46f7-af4f-edf7ea7d6080 | Context api_versions@openstack cleanup() started
2019-07-20 07:53:10.254 1842 INFO rally.task.context [-] Task bb201858-97d6-46f7-af4f-edf7ea7d6080 | Context api_versions@openstack cleanup() finished in 0.32 msec
2019-07-20 07:53:10.254 1842 INFO rally.task.context [-] Task bb201858-97d6-46f7-af4f-edf7ea7d6080 | Context users@openstack cleanup() started
2019-07-20 07:53:17.915 1842 INFO rally.task.context [-] Task bb201858-97d6-46f7-af4f-edf7ea7d6080 | Context users@openstack cleanup() finished in 7.66 sec
2019-07-20 07:53:19.443 1842 INFO rally.task.engine [-] Load duration is: 140.477223
2019-07-20 07:53:19.444 1842 INFO rally.task.engine [-] Full runner duration is: 141.385278
2019-07-20 07:53:19.444 1842 INFO rally.task.engine [-] Full duration is: 167.112593
2019-07-20 07:53:19.725 1842 INFO rally.task.engine [-] Running workload: position = 0 config = { "version": 2, "title": "A cropped version of a bigger task.", "description": "Auto-generated task from a single workload (uuid=da202073-b00e-402a-bcb2-db9d3da333fc)", "subtasks": [ { "title": "CinderVolumes.create_nested_snapshots_and_attach_volume", "description": "Create a volume from snapshot and attach/detach the volume", "scenario": { "CinderVolumes.create_nested_snapshots_and_attach_volume": { "flavor": { "name": "rally_full-flavor_f92828fe-ee36-4774-b6b2-30f03bd6f5d0" }, "image": { "name": "rally_full-img_f92828fe-ee36-4774-b6b2-30f03bd6f5d0" }, "nested_level": 1, "size": { "max": 1, "min": 1 }, "create_vm_params": { "nics": [ { "net-id": "0ad3445a-0e84-4152-9831-eb1001155f31" } ] } } }, "contexts": { "users": { "tenants": 3, "users_per_tenant": 2 }, "quotas": { "cinder": { "gigabytes": -1, "snapshots": -1, "volumes": -1 } }, "api_versions": { "cinder": { "version": 3, "service_type": "volumev3" } } }, "runner": { "constant": { "concurrency": 4, "times": 10 } }, "hooks": [], "sla": { "failure_rate": { "max": 0 } } } ] }
2019-07-20 07:53:19.753 1842 RALLYDEBUG rally_openstack.contexts.keystone.users [-] Creating 3 tenants using 20 threads
2019-07-20 07:53:21.742 1842 RALLYDEBUG rally_openstack.contexts.keystone.users [-] Creating 6 users using 20 threads
2019-07-20 07:53:24.716 1842 INFO rally.task.context [-] Task bb201858-97d6-46f7-af4f-edf7ea7d6080 | Context users@openstack setup() finished in 4.96 sec
2019-07-20 07:53:25.242 1842 INFO rally.task.context [-] Task bb201858-97d6-46f7-af4f-edf7ea7d6080 | Context api_versions@openstack setup() finished in 0.53 sec
2019-07-20 07:53:26.888 1842 INFO rally.task.context [-] Task bb201858-97d6-46f7-af4f-edf7ea7d6080 | Context quotas@openstack setup() finished in 1.65 sec
2019-07-20 07:53:26.889 1842 INFO rally.task.context [-] Task bb201858-97d6-46f7-af4f-edf7ea7d6080 | Context cleanup@openstack setup() finished in 0.01 msec
2019-07-20 07:53:28.036 1842 DEBUG novaclient.v2.client [-] REQ: curl -g -i -X GET http://172.30.9.22:8774/v2.1/flavors/detail -H "Accept: application/json" -H "User-Agent: python-novaclient" -H "X-Auth-Token: {SHA1}37e2bdc2e18c78282e27007ef52c4231e5117c48" _http_log_request /usr/lib/python2.7/site-packages/keystoneauth1/session.py:448
2019-07-20 07:53:28.819 1842 DEBUG novaclient.v2.client [-] RESP: [200] Content-Encoding: gzip Content-Length: 363 Content-Type: application/json Date: Sat, 20 Jul 2019 07:53:28 GMT OpenStack-API-Version: compute 2.1 Server: Apache Vary: OpenStack-API-Version,X-OpenStack-Nova-API-Version,Accept-Encoding X-OpenStack-Nova-API-Version: 2.1 x-compute-request-id: req-4d331697-18d1-43e0-bae5-f97448e366dd x-openstack-request-id: req-4d331697-18d1-43e0-bae5-f97448e366dd _http_log_response /usr/lib/python2.7/site-packages/keystoneauth1/session.py:479
2019-07-20 07:53:28.819 1842 DEBUG novaclient.v2.client [-] RESP BODY: {"flavors": [{"name": "rally_full-flavor_f92828fe-ee36-4774-b6b2-30f03bd6f5d0", "links": [{"href": "http://172.30.9.22:8774/v2.1/flavors/1430191b-18d7-4b09-8174-08293e395e15", "rel": "self"}, {"href": "http://172.30.9.22:8774/flavors/1430191b-18d7-4b09-8174-08293e395e15", "rel": "bookmark"}], "ram": 512, "OS-FLV-DISABLED:disabled": false, "vcpus": 1, "swap": "", "os-flavor-access:is_public": true, "rxtx_factor": 1.0, "OS-FLV-EXT-DATA:ephemeral": 0, "disk": 1, "id": "1430191b-18d7-4b09-8174-08293e395e15"}, {"name": "rally_full-flavor_alt_f92828fe-ee36-4774-b6b2-30f03bd6f5d0", "links": [{"href": "http://172.30.9.22:8774/v2.1/flavors/fdd25a74-2507-4656-b9e1-5b6bb12cec1f", "rel": "self"}, {"href": "http://172.30.9.22:8774/flavors/fdd25a74-2507-4656-b9e1-5b6bb12cec1f", "rel": "bookmark"}], "ram": 1024, "OS-FLV-DISABLED:disabled": false, "vcpus": 1, "swap": "", "os-flavor-access:is_public": true, "rxtx_factor": 1.0, "OS-FLV-EXT-DATA:ephemeral": 0, "disk": 1, "id": "fdd25a74-2507-4656-b9e1-5b6bb12cec1f"}]} _http_log_response /usr/lib/python2.7/site-packages/keystoneauth1/session.py:511
2019-07-20 07:53:28.820 1842 DEBUG novaclient.v2.client [-] GET call to compute for http://172.30.9.22:8774/v2.1/flavors/detail used request id req-4d331697-18d1-43e0-bae5-f97448e366dd request /usr/lib/python2.7/site-packages/keystoneauth1/session.py:844
2019-07-20 07:53:28.822 1842 RALLYDEBUG rally.task.runner [-] Starting the constant runner (task UUID: bb201858-97d6-46f7-af4f-edf7ea7d6080). timeout: 0 concurrency: 4 concurrency_per_worker: 1 times: 10 concurrency_overhead: 0 processes_to_start: 4 max_cpu_used: 16
2019-07-20 07:53:28.836 2986 RALLYDEBUG rally.task.runner [-] Starting a worker. concurrency: 1 args: {"flavor": "1430191b-18d7-4b09-8174-08293e395e15", "image": "82d4626c-13f0-4d95-9cf8-0bd751ec8278", "nested_level": 1, "size": {"max": 1, "min": 1}, "create_vm_params": {"nics": [{"net-id": "0ad3445a-0e84-4152-9831-eb1001155f31"}]}} times: 10 method_name: run timeout: 0 duration: None cls:
2019-07-20 07:53:28.839 2987 RALLYDEBUG rally.task.runner [-] Starting a worker. concurrency: 1 args: {"flavor": "1430191b-18d7-4b09-8174-08293e395e15", "image": "82d4626c-13f0-4d95-9cf8-0bd751ec8278", "nested_level": 1, "size": {"max": 1, "min": 1}, "create_vm_params": {"nics": [{"net-id": "0ad3445a-0e84-4152-9831-eb1001155f31"}]}} times: 10 method_name: run timeout: 0 duration: None cls:
2019-07-20 07:53:28.843 2988 RALLYDEBUG rally.task.runner [-] Starting a worker. concurrency: 1 args: {"flavor": "1430191b-18d7-4b09-8174-08293e395e15", "image": "82d4626c-13f0-4d95-9cf8-0bd751ec8278", "nested_level": 1, "size": {"max": 1, "min": 1}, "create_vm_params": {"nics": [{"net-id": "0ad3445a-0e84-4152-9831-eb1001155f31"}]}} times: 10 method_name: run timeout: 0 duration: None cls:
2019-07-20 07:53:28.845 2986 INFO rally.task.runner [-] Task bb201858-97d6-46f7-af4f-edf7ea7d6080 | ITER: 1 START
2019-07-20 07:53:28.846 2989 RALLYDEBUG rally.task.runner [-] Starting a worker. concurrency: 1 args: {"flavor": "1430191b-18d7-4b09-8174-08293e395e15", "image": "82d4626c-13f0-4d95-9cf8-0bd751ec8278", "nested_level": 1, "size": {"max": 1, "min": 1}, "create_vm_params": {"nics": [{"net-id": "0ad3445a-0e84-4152-9831-eb1001155f31"}]}} times: 10 method_name: run timeout: 0 duration: None cls:
2019-07-20 07:53:28.848 2987 INFO rally.task.runner [-] Task bb201858-97d6-46f7-af4f-edf7ea7d6080 | ITER: 2 START
2019-07-20 07:53:28.852 2988 INFO rally.task.runner [-] Task bb201858-97d6-46f7-af4f-edf7ea7d6080 | ITER: 3 START
2019-07-20 07:53:28.854 2989 INFO rally.task.runner [-] Task bb201858-97d6-46f7-af4f-edf7ea7d6080 | ITER: 4 START
2019-07-20 07:53:29.289 2986 DEBUG novaclient.v2.client [-] REQ: curl -g -i -X POST http://172.30.9.22:8774/v2.1/servers -H "Accept: application/json" -H "Content-Type: application/json" -H "User-Agent: python-novaclient" -H "X-Auth-Token: {SHA1}bdf8457ad69d7949ad0a87581cf1052c52b5f827" -d '{"server": {"name": "s_rally_da202073_9or3zQH1", "imageRef": "82d4626c-13f0-4d95-9cf8-0bd751ec8278", "flavorRef": "1430191b-18d7-4b09-8174-08293e395e15", "max_count": 1, "min_count": 1, "networks": [{"uuid": "0ad3445a-0e84-4152-9831-eb1001155f31"}]}}' _http_log_request /usr/lib/python2.7/site-packages/keystoneauth1/session.py:448
2019-07-20 07:53:29.303 2987 DEBUG novaclient.v2.client [-] REQ: curl -g -i -X POST http://172.30.9.22:8774/v2.1/servers -H "Accept: application/json" -H "Content-Type: application/json" -H "User-Agent: python-novaclient" -H "X-Auth-Token: {SHA1}bcf81ddf850996ee9fbb997de1c4daab90734eae" -d '{"server": {"name": "s_rally_da202073_Zo9fbZPN", "imageRef": "82d4626c-13f0-4d95-9cf8-0bd751ec8278", "flavorRef": "1430191b-18d7-4b09-8174-08293e395e15", "max_count": 1, "min_count": 1, "networks": [{"uuid": "0ad3445a-0e84-4152-9831-eb1001155f31"}]}}' _http_log_request /usr/lib/python2.7/site-packages/keystoneauth1/session.py:448
2019-07-20 07:53:29.312 2988 DEBUG novaclient.v2.client [-] REQ: curl -g -i -X POST http://172.30.9.22:8774/v2.1/servers -H "Accept: application/json" -H "Content-Type: application/json" -H "User-Agent: python-novaclient" -H "X-Auth-Token: {SHA1}cb6af2f37d4223f580c8195a8274ac696d59694c" -d '{"server": {"name": "s_rally_da202073_bnYeMTWg", "imageRef": "82d4626c-13f0-4d95-9cf8-0bd751ec8278", "flavorRef": "1430191b-18d7-4b09-8174-08293e395e15", "max_count": 1, "min_count": 1, "networks": [{"uuid": "0ad3445a-0e84-4152-9831-eb1001155f31"}]}}' _http_log_request /usr/lib/python2.7/site-packages/keystoneauth1/session.py:448
2019-07-20 07:53:29.329 2989 DEBUG novaclient.v2.client [-] REQ: curl -g -i -X POST http://172.30.9.22:8774/v2.1/servers -H "Accept: application/json" -H "Content-Type: application/json" -H "User-Agent: python-novaclient" -H "X-Auth-Token: {SHA1}d46ef36ac5fa0f92e9705bc58df05b3c27a19b21" -d '{"server": {"name": "s_rally_da202073_c7VLqBhK", "imageRef": "82d4626c-13f0-4d95-9cf8-0bd751ec8278", "flavorRef": "1430191b-18d7-4b09-8174-08293e395e15", "max_count": 1, "min_count": 1, "networks": [{"uuid": "0ad3445a-0e84-4152-9831-eb1001155f31"}]}}' _http_log_request /usr/lib/python2.7/site-packages/keystoneauth1/session.py:448
2019-07-20 07:53:32.805 2986 DEBUG novaclient.v2.client [-] RESP: [202] Content-Length: 374 Content-Type: application/json Date: Sat, 20 Jul 2019 07:53:29 GMT OpenStack-API-Version: compute 2.1 Server: Apache Vary: OpenStack-API-Version,X-OpenStack-Nova-API-Version X-OpenStack-Nova-API-Version: 2.1 location: http://172.30.9.22:8774/v2.1/servers/832abc9a-e762-4f2c-8152-754764134a6f x-compute-request-id: req-d62180da-23c0-4489-ad08-4745fe9294aa x-openstack-request-id: req-d62180da-23c0-4489-ad08-4745fe9294aa _http_log_response /usr/lib/python2.7/site-packages/keystoneauth1/session.py:479
2019-07-20 07:53:32.805 2986 DEBUG novaclient.v2.client [-] RESP BODY: {"server": {"security_groups": [{"name": "default"}], "OS-DCF:diskConfig": "MANUAL", "id": "832abc9a-e762-4f2c-8152-754764134a6f", "links": [{"href": "http://172.30.9.22:8774/v2.1/servers/832abc9a-e762-4f2c-8152-754764134a6f", "rel": "self"}, {"href": "http://172.30.9.22:8774/servers/832abc9a-e762-4f2c-8152-754764134a6f", "rel": "bookmark"}], "adminPass": "fpagQD6NJ7Nz"}} _http_log_response /usr/lib/python2.7/site-packages/keystoneauth1/session.py:511
2019-07-20 07:53:32.806 2986 DEBUG novaclient.v2.client [-] POST call to compute for http://172.30.9.22:8774/v2.1/servers used request id req-d62180da-23c0-4489-ad08-4745fe9294aa request /usr/lib/python2.7/site-packages/keystoneauth1/session.py:844
2019-07-20 07:53:32.899 2989 DEBUG novaclient.v2.client [-] RESP: [202] Content-Length: 374 Content-Type: application/json Date: Sat, 20 Jul 2019 07:53:29 GMT OpenStack-API-Version: compute 2.1 Server: Apache Vary: OpenStack-API-Version,X-OpenStack-Nova-API-Version X-OpenStack-Nova-API-Version: 2.1 location: http://172.30.9.22:8774/v2.1/servers/027a1973-ee3e-4f99-b7c6-0d996e591f49 x-compute-request-id: req-2b33bb12-e3b5-4586-b552-01a5b2470f4a x-openstack-request-id: req-2b33bb12-e3b5-4586-b552-01a5b2470f4a _http_log_response /usr/lib/python2.7/site-packages/keystoneauth1/session.py:479
2019-07-20 07:53:32.900 2989 DEBUG novaclient.v2.client [-] RESP BODY: {"server": {"security_groups": [{"name": "default"}], "OS-DCF:diskConfig": "MANUAL", "id": "027a1973-ee3e-4f99-b7c6-0d996e591f49", "links": [{"href": "http://172.30.9.22:8774/v2.1/servers/027a1973-ee3e-4f99-b7c6-0d996e591f49", "rel": "self"}, {"href": "http://172.30.9.22:8774/servers/027a1973-ee3e-4f99-b7c6-0d996e591f49", "rel": "bookmark"}], "adminPass": "pi6UnLrWYx52"}} _http_log_response /usr/lib/python2.7/site-packages/keystoneauth1/session.py:511
2019-07-20 07:53:32.900 2989 DEBUG novaclient.v2.client [-] POST call to compute for http://172.30.9.22:8774/v2.1/servers used request id req-2b33bb12-e3b5-4586-b552-01a5b2470f4a request /usr/lib/python2.7/site-packages/keystoneauth1/session.py:844
2019-07-20 07:53:33.148 2987 DEBUG novaclient.v2.client [-] RESP: [202] Content-Length: 374 Content-Type: application/json Date: Sat, 20 Jul 2019 07:53:29 GMT OpenStack-API-Version: compute 2.1 Server: Apache Vary: OpenStack-API-Version,X-OpenStack-Nova-API-Version X-OpenStack-Nova-API-Version: 2.1 location: http://172.30.9.22:8774/v2.1/servers/3d13e2e3-c44b-485d-8696-10f6e762ff30 x-compute-request-id: req-8c01a507-86fe-4171-9e59-755eb3e2afb2 x-openstack-request-id: req-8c01a507-86fe-4171-9e59-755eb3e2afb2 _http_log_response /usr/lib/python2.7/site-packages/keystoneauth1/session.py:479
2019-07-20 07:53:33.149 2987 DEBUG novaclient.v2.client [-] RESP BODY: {"server": {"security_groups": [{"name": "default"}], "OS-DCF:diskConfig": "MANUAL", "id": "3d13e2e3-c44b-485d-8696-10f6e762ff30", "links": [{"href": "http://172.30.9.22:8774/v2.1/servers/3d13e2e3-c44b-485d-8696-10f6e762ff30", "rel": "self"}, {"href": "http://172.30.9.22:8774/servers/3d13e2e3-c44b-485d-8696-10f6e762ff30", "rel": "bookmark"}], "adminPass": "ry9YoUsYBB6j"}} _http_log_response /usr/lib/python2.7/site-packages/keystoneauth1/session.py:511
2019-07-20 07:53:33.149 2987 DEBUG novaclient.v2.client [-] POST call to compute for http://172.30.9.22:8774/v2.1/servers used request id req-8c01a507-86fe-4171-9e59-755eb3e2afb2 request /usr/lib/python2.7/site-packages/keystoneauth1/session.py:844
2019-07-20 07:53:33.337 2988 DEBUG novaclient.v2.client [-] RESP: [202] Content-Length: 374 Content-Type: application/json Date: Sat, 20 Jul 2019 07:53:29 GMT OpenStack-API-Version: compute 2.1 Server: Apache Vary: OpenStack-API-Version,X-OpenStack-Nova-API-Version X-OpenStack-Nova-API-Version: 2.1 location: http://172.30.9.22:8774/v2.1/servers/e1b21532-72c7-4597-90ca-b8e0b14dfaa8 x-compute-request-id: req-7f6fdd96-fcd1-4cd1-8cd2-c2a2a0c97e61 x-openstack-request-id: req-7f6fdd96-fcd1-4cd1-8cd2-c2a2a0c97e61 _http_log_response /usr/lib/python2.7/site-packages/keystoneauth1/session.py:479
2019-07-20 07:53:33.337 2988 DEBUG novaclient.v2.client [-] RESP BODY: {"server": {"security_groups": [{"name": "default"}], "OS-DCF:diskConfig": "MANUAL", "id": "e1b21532-72c7-4597-90ca-b8e0b14dfaa8", "links": [{"href": "http://172.30.9.22:8774/v2.1/servers/e1b21532-72c7-4597-90ca-b8e0b14dfaa8", "rel": "self"}, {"href": "http://172.30.9.22:8774/servers/e1b21532-72c7-4597-90ca-b8e0b14dfaa8", "rel": "bookmark"}], "adminPass": "rf8LSXxrJtZY"}} _http_log_response /usr/lib/python2.7/site-packages/keystoneauth1/session.py:511
2019-07-20 07:53:33.338 2988 DEBUG novaclient.v2.client [-] POST call to compute for http://172.30.9.22:8774/v2.1/servers used request id req-7f6fdd96-fcd1-4cd1-8cd2-c2a2a0c97e61 request /usr/lib/python2.7/site-packages/keystoneauth1/session.py:844
2019-07-20 07:53:33.810 2986 DEBUG novaclient.v2.client [-] REQ: curl -g -i -X GET http://172.30.9.22:8774/v2.1/servers/832abc9a-e762-4f2c-8152-754764134a6f -H "Accept: application/json" -H "User-Agent: python-novaclient" -H "X-Auth-Token: {SHA1}bdf8457ad69d7949ad0a87581cf1052c52b5f827" _http_log_request /usr/lib/python2.7/site-packages/keystoneauth1/session.py:448
2019-07-20 07:53:33.904 2989 DEBUG novaclient.v2.client [-] REQ: curl -g -i -X GET http://172.30.9.22:8774/v2.1/servers/027a1973-ee3e-4f99-b7c6-0d996e591f49 -H "Accept: application/json" -H "User-Agent: python-novaclient" -H "X-Auth-Token: {SHA1}d46ef36ac5fa0f92e9705bc58df05b3c27a19b21" _http_log_request /usr/lib/python2.7/site-packages/keystoneauth1/session.py:448
2019-07-20 07:53:34.153 2987 DEBUG novaclient.v2.client [-] REQ: curl -g -i -X GET http://172.30.9.22:8774/v2.1/servers/3d13e2e3-c44b-485d-8696-10f6e762ff30 -H "Accept: application/json" -H "User-Agent: python-novaclient" -H "X-Auth-Token: {SHA1}bcf81ddf850996ee9fbb997de1c4daab90734eae" _http_log_request /usr/lib/python2.7/site-packages/keystoneauth1/session.py:448
