2019-07-20 08:07:44.181 6400 DEBUG cinderclient.v2.client [-] RESP BODY: {"volume_type_access": [{"volume_type_id": "84570a9a-c547-4fec-af65-5633dbf8a735", "project_id": "2100ebef3d3b4528b1d5db4c46299045"}]} _http_log_response /usr/lib/python2.7/site-packages/keystoneauth1/session.py:511
2019-07-20 08:07:44.181 6400 DEBUG cinderclient.v2.client [-] GET call to volumev2 for http://172.30.9.22:8776/v3/2f4fece6d15e408881be803cca3853c4/types/84570a9a-c547-4fec-af65-5633dbf8a735/os-volume-type-access used request id req-5de7d114-b23e-4eb7-b26e-67f002f78b6a request /usr/lib/python2.7/site-packages/keystoneauth1/session.py:844
2019-07-20 08:07:44.182 6400 INFO rally.task.runner [-] Task bb201858-97d6-46f7-af4f-edf7ea7d6080 | ITER: 3 END: OK
2019-07-20 08:07:44.187 6400 INFO rally.task.runner [-] Task bb201858-97d6-46f7-af4f-edf7ea7d6080 | ITER: 6 START
2019-07-20 08:07:44.359 6398 DEBUG cinderclient.v2.client [-] RESP: [202] Content-Length: 0 Content-Type: text/html; charset=UTF-8 Date: Sat, 20 Jul 2019 08:07:43 GMT OpenStack-API-Version: volume 3.0 Server: Apache Vary: OpenStack-API-Version x-openstack-request-id: req-d32c2b1a-3d4b-495a-967e-eaa31fdd64aa _http_log_response /usr/lib/python2.7/site-packages/keystoneauth1/session.py:479
2019-07-20 08:07:44.360 6398 DEBUG cinderclient.v2.client [-] RESP BODY: Omitted, Content-Type is set to text/html; charset=UTF-8. Only application/json responses have their bodies logged. _http_log_response /usr/lib/python2.7/site-packages/keystoneauth1/session.py:511
2019-07-20 08:07:44.360 6398 DEBUG cinderclient.v2.client [-] POST call to volumev2 for http://172.30.9.22:8776/v3/2f4fece6d15e408881be803cca3853c4/types/7557910e-6e6e-4a31-8e1f-907c3e33ec64/action used request id req-d32c2b1a-3d4b-495a-967e-eaa31fdd64aa request /usr/lib/python2.7/site-packages/keystoneauth1/session.py:844
2019-07-20 08:07:44.362 6398 DEBUG cinderclient.v2.client [-] REQ: curl -g -i -X GET http://172.30.9.22:8776/v3/2f4fece6d15e408881be803cca3853c4/types/7557910e-6e6e-4a31-8e1f-907c3e33ec64/os-volume-type-access -H "Accept: application/json" -H "User-Agent: python-cinderclient" -H "X-Auth-Token: {SHA1}66e1359be40b0ef3440171fb0d235c3a613f38a4" -H "X-OpenStack-Request-ID: req-83a37445-d921-4e79-8cf6-16985ce026d0" _http_log_request /usr/lib/python2.7/site-packages/keystoneauth1/session.py:448
2019-07-20 08:07:44.407 6401 DEBUG cinderclient.v2.client [-] RESP: [200] Content-Encoding: gzip Content-Length: 128 Content-Type: application/json Date: Sat, 20 Jul 2019 08:07:44 GMT OpenStack-API-Version: volume 3.0 Server: Apache Vary: OpenStack-API-Version,Accept-Encoding x-compute-request-id: req-58a4a7b7-1287-4320-b498-206adf217cd1 x-openstack-request-id: req-58a4a7b7-1287-4320-b498-206adf217cd1 _http_log_response /usr/lib/python2.7/site-packages/keystoneauth1/session.py:479
2019-07-20 08:07:44.408 6401 DEBUG cinderclient.v2.client [-] RESP BODY: {"volume_type_access": [{"volume_type_id": "5e0e1545-e8c2-43f3-9bf7-63ab1683aa87", "project_id": "3291eb5e0e5046c895810e429ec164b8"}]} _http_log_response /usr/lib/python2.7/site-packages/keystoneauth1/session.py:511
2019-07-20 08:07:44.408 6401 DEBUG cinderclient.v2.client [-] GET call to volumev2 for http://172.30.9.22:8776/v3/2f4fece6d15e408881be803cca3853c4/types/5e0e1545-e8c2-43f3-9bf7-63ab1683aa87/os-volume-type-access used request id req-58a4a7b7-1287-4320-b498-206adf217cd1 request /usr/lib/python2.7/site-packages/keystoneauth1/session.py:844
2019-07-20 08:07:44.409 6401 INFO rally.task.runner [-] Task bb201858-97d6-46f7-af4f-edf7ea7d6080 | ITER: 4 END: OK
2019-07-20 08:07:44.415 6401 INFO rally.task.runner [-] Task bb201858-97d6-46f7-af4f-edf7ea7d6080 | ITER: 7 START
2019-07-20 08:07:44.611 6399 DEBUG cinderclient.v2.client [-] REQ: curl -g -i -X POST http://172.30.9.22:8776/v3/2f4fece6d15e408881be803cca3853c4/types -H "Accept: application/json" -H "Content-Type: application/json" -H "User-Agent: python-cinderclient" -H "X-Auth-Token: {SHA1}da7d2230176f80b76397a6c6e7998ea4c31cb725" -d '{"volume_type": {"os-volume-type-access:is_public": false, "name": "s_rally_c3f3ea98_LPbiw4hM", "description": "rally tests creating types"}}' _http_log_request /usr/lib/python2.7/site-packages/keystoneauth1/session.py:448
2019-07-20 08:07:44.611 6400 DEBUG cinderclient.v2.client [-] REQ: curl -g -i -X POST http://172.30.9.22:8776/v3/2f4fece6d15e408881be803cca3853c4/types -H "Accept: application/json" -H "Content-Type: application/json" -H "User-Agent: python-cinderclient" -H "X-Auth-Token: {SHA1}dfdac9a63e6e747e2b38ccc27110023d227d09a0" -d '{"volume_type": {"os-volume-type-access:is_public": false, "name": "s_rally_c3f3ea98_6fNTAuOa", "description": "rally tests creating types"}}' _http_log_request /usr/lib/python2.7/site-packages/keystoneauth1/session.py:448
2019-07-20 08:07:44.741 6398 DEBUG cinderclient.v2.client [-] RESP: [200] Content-Encoding: gzip Content-Length: 128 Content-Type: application/json Date: Sat, 20 Jul 2019 08:07:44 GMT OpenStack-API-Version: volume 3.0 Server: Apache Vary: OpenStack-API-Version,Accept-Encoding x-compute-request-id: req-ab3a8ecb-8a0f-44f6-ac61-fc33f1e2ad61 x-openstack-request-id: req-ab3a8ecb-8a0f-44f6-ac61-fc33f1e2ad61 _http_log_response /usr/lib/python2.7/site-packages/keystoneauth1/session.py:479
2019-07-20 08:07:44.742 6398 DEBUG cinderclient.v2.client [-] RESP BODY: {"volume_type_access": [{"volume_type_id": "7557910e-6e6e-4a31-8e1f-907c3e33ec64", "project_id": "66888eeecb4a454cbd84e75fc1054d93"}]} _http_log_response /usr/lib/python2.7/site-packages/keystoneauth1/session.py:511
2019-07-20 08:07:44.742 6398 DEBUG cinderclient.v2.client [-] GET call to volumev2 for http://172.30.9.22:8776/v3/2f4fece6d15e408881be803cca3853c4/types/7557910e-6e6e-4a31-8e1f-907c3e33ec64/os-volume-type-access used request id req-ab3a8ecb-8a0f-44f6-ac61-fc33f1e2ad61 request /usr/lib/python2.7/site-packages/keystoneauth1/session.py:844
2019-07-20 08:07:44.743 6398 INFO rally.task.runner [-] Task bb201858-97d6-46f7-af4f-edf7ea7d6080 | ITER: 1 END: OK
2019-07-20 08:07:44.748 6398 INFO rally.task.runner [-] Task bb201858-97d6-46f7-af4f-edf7ea7d6080 | ITER: 8 START
2019-07-20 08:07:44.841 6401 DEBUG cinderclient.v2.client [-] REQ: curl -g -i -X POST http://172.30.9.22:8776/v3/2f4fece6d15e408881be803cca3853c4/types -H "Accept: application/json" -H "Content-Type: application/json" -H "User-Agent: python-cinderclient" -H "X-Auth-Token: {SHA1}c6734dd085261223126f06760ebd6938087224db" -d '{"volume_type": {"os-volume-type-access:is_public": false, "name": "s_rally_c3f3ea98_1650N7J2", "description": "rally tests creating types"}}' _http_log_request /usr/lib/python2.7/site-packages/keystoneauth1/session.py:448
2019-07-20 08:07:44.880 6400 DEBUG cinderclient.v2.client [-] RESP: [200] Content-Encoding: gzip Content-Length: 184 Content-Type: application/json Date: Sat, 20 Jul 2019 08:07:44 GMT OpenStack-API-Version: volume 3.0 Server: Apache Vary: OpenStack-API-Version,Accept-Encoding x-compute-request-id: req-40286d94-c7ed-4136-8691-0b7dfdfb6662 x-openstack-request-id: req-40286d94-c7ed-4136-8691-0b7dfdfb6662 _http_log_response /usr/lib/python2.7/site-packages/keystoneauth1/session.py:479
2019-07-20 08:07:44.880 6400 DEBUG cinderclient.v2.client [-] RESP BODY: {"volume_type": {"name": "s_rally_c3f3ea98_6fNTAuOa", "extra_specs": {}, "os-volume-type-access:is_public": false, "is_public": false, "id": "2fe60553-5b64-4fd7-8974-230f6dc9cbc1", "description": "rally tests creating types"}} _http_log_response /usr/lib/python2.7/site-packages/keystoneauth1/session.py:511
2019-07-20 08:07:44.881 6400 DEBUG cinderclient.v2.client [-] POST call to volumev2 for http://172.30.9.22:8776/v3/2f4fece6d15e408881be803cca3853c4/types used request id req-40286d94-c7ed-4136-8691-0b7dfdfb6662 request /usr/lib/python2.7/site-packages/keystoneauth1/session.py:844
2019-07-20 08:07:44.882 6400 DEBUG cinderclient.v2.client [-] REQ: curl -g -i -X POST http://172.30.9.22:8776/v3/2f4fece6d15e408881be803cca3853c4/types/2fe60553-5b64-4fd7-8974-230f6dc9cbc1/action -H "Accept: application/json" -H "Content-Type: application/json" -H "User-Agent: python-cinderclient" -H "X-Auth-Token: {SHA1}dfdac9a63e6e747e2b38ccc27110023d227d09a0" -H "X-OpenStack-Request-ID: req-40286d94-c7ed-4136-8691-0b7dfdfb6662" -d '{"addProjectAccess": {"project": "2100ebef3d3b4528b1d5db4c46299045"}}' _http_log_request /usr/lib/python2.7/site-packages/keystoneauth1/session.py:448
2019-07-20 08:07:44.997 6399 DEBUG cinderclient.v2.client [-] RESP: [200] Content-Encoding: gzip Content-Length: 182 Content-Type: application/json Date: Sat, 20 Jul 2019 08:07:44 GMT OpenStack-API-Version: volume 3.0 Server: Apache Vary: OpenStack-API-Version,Accept-Encoding x-compute-request-id: req-8407db44-07de-4283-8dca-73cda3c527f0 x-openstack-request-id: req-8407db44-07de-4283-8dca-73cda3c527f0 _http_log_response /usr/lib/python2.7/site-packages/keystoneauth1/session.py:479
2019-07-20 08:07:44.998 6399 DEBUG cinderclient.v2.client [-] RESP BODY: {"volume_type": {"name": "s_rally_c3f3ea98_LPbiw4hM", "extra_specs": {}, "os-volume-type-access:is_public": false, "is_public": false, "id": "53451a36-cff2-43fb-baa7-df11fe440426", "description": "rally tests creating types"}} _http_log_response /usr/lib/python2.7/site-packages/keystoneauth1/session.py:511
2019-07-20 08:07:44.998 6399 DEBUG cinderclient.v2.client [-] POST call to volumev2 for http://172.30.9.22:8776/v3/2f4fece6d15e408881be803cca3853c4/types used request id req-8407db44-07de-4283-8dca-73cda3c527f0 request /usr/lib/python2.7/site-packages/keystoneauth1/session.py:844
2019-07-20 08:07:45.000 6399 DEBUG cinderclient.v2.client [-] REQ: curl -g -i -X POST http://172.30.9.22:8776/v3/2f4fece6d15e408881be803cca3853c4/types/53451a36-cff2-43fb-baa7-df11fe440426/action -H "Accept: application/json" -H "Content-Type: application/json" -H "User-Agent: python-cinderclient" -H "X-Auth-Token: {SHA1}da7d2230176f80b76397a6c6e7998ea4c31cb725" -H "X-OpenStack-Request-ID: req-8407db44-07de-4283-8dca-73cda3c527f0" -d '{"addProjectAccess": {"project": "2100ebef3d3b4528b1d5db4c46299045"}}' _http_log_request /usr/lib/python2.7/site-packages/keystoneauth1/session.py:448
2019-07-20 08:07:45.132 6401 DEBUG cinderclient.v2.client [-] RESP: [200] Content-Encoding: gzip Content-Length: 181 Content-Type: application/json Date: Sat, 20 Jul 2019 08:07:44 GMT OpenStack-API-Version: volume 3.0 Server: Apache Vary: OpenStack-API-Version,Accept-Encoding x-compute-request-id: req-4a359416-6d65-4565-a708-0446a37788d9 x-openstack-request-id: req-4a359416-6d65-4565-a708-0446a37788d9 _http_log_response /usr/lib/python2.7/site-packages/keystoneauth1/session.py:479
2019-07-20 08:07:45.133 6401 DEBUG cinderclient.v2.client [-] RESP BODY: {"volume_type": {"name": "s_rally_c3f3ea98_1650N7J2", "extra_specs": {}, "os-volume-type-access:is_public": false, "is_public": false, "id": "2162a75d-4cee-4d6e-ba9e-1d2844697ff2", "description": "rally tests creating types"}} _http_log_response /usr/lib/python2.7/site-packages/keystoneauth1/session.py:511
2019-07-20 08:07:45.133 6401 DEBUG cinderclient.v2.client [-] POST call to volumev2 for http://172.30.9.22:8776/v3/2f4fece6d15e408881be803cca3853c4/types used request id req-4a359416-6d65-4565-a708-0446a37788d9 request /usr/lib/python2.7/site-packages/keystoneauth1/session.py:844
2019-07-20 08:07:45.135 6401 DEBUG cinderclient.v2.client [-] REQ: curl -g -i -X POST http://172.30.9.22:8776/v3/2f4fece6d15e408881be803cca3853c4/types/2162a75d-4cee-4d6e-ba9e-1d2844697ff2/action -H "Accept: application/json" -H "Content-Type: application/json" -H "User-Agent: python-cinderclient" -H "X-Auth-Token: {SHA1}c6734dd085261223126f06760ebd6938087224db" -H "X-OpenStack-Request-ID: req-4a359416-6d65-4565-a708-0446a37788d9" -d '{"addProjectAccess": {"project": "2100ebef3d3b4528b1d5db4c46299045"}}' _http_log_request /usr/lib/python2.7/site-packages/keystoneauth1/session.py:448
2019-07-20 08:07:45.144 6400 DEBUG cinderclient.v2.client [-] RESP: [202] Content-Length: 0 Content-Type: text/html; charset=UTF-8 Date: Sat, 20 Jul 2019 08:07:44 GMT OpenStack-API-Version: volume 3.0 Server: Apache Vary: OpenStack-API-Version x-openstack-request-id: req-63d4831f-c4d7-47a5-b3bd-a04539634634 _http_log_response /usr/lib/python2.7/site-packages/keystoneauth1/session.py:479
2019-07-20 08:07:45.145 6400 DEBUG cinderclient.v2.client [-] RESP BODY: Omitted, Content-Type is set to text/html; charset=UTF-8. Only application/json responses have their bodies logged. _http_log_response /usr/lib/python2.7/site-packages/keystoneauth1/session.py:511
2019-07-20 08:07:45.145 6400 DEBUG cinderclient.v2.client [-] POST call to volumev2 for http://172.30.9.22:8776/v3/2f4fece6d15e408881be803cca3853c4/types/2fe60553-5b64-4fd7-8974-230f6dc9cbc1/action used request id req-63d4831f-c4d7-47a5-b3bd-a04539634634 request /usr/lib/python2.7/site-packages/keystoneauth1/session.py:844
2019-07-20 08:07:45.146 6400 DEBUG cinderclient.v2.client [-] REQ: curl -g -i -X GET http://172.30.9.22:8776/v3/2f4fece6d15e408881be803cca3853c4/types/2fe60553-5b64-4fd7-8974-230f6dc9cbc1/os-volume-type-access -H "Accept: application/json" -H "User-Agent: python-cinderclient" -H "X-Auth-Token: {SHA1}dfdac9a63e6e747e2b38ccc27110023d227d09a0" -H "X-OpenStack-Request-ID: req-40286d94-c7ed-4136-8691-0b7dfdfb6662" _http_log_request /usr/lib/python2.7/site-packages/keystoneauth1/session.py:448
2019-07-20 08:07:45.190 6398 DEBUG cinderclient.v2.client [-] REQ: curl -g -i -X POST http://172.30.9.22:8776/v3/2f4fece6d15e408881be803cca3853c4/types -H "Accept: application/json" -H "Content-Type: application/json" -H "User-Agent: python-cinderclient" -H "X-Auth-Token: {SHA1}a3451a0e037a4f0fa637259c5ee6de3500032943" -d '{"volume_type": {"os-volume-type-access:is_public": false, "name": "s_rally_c3f3ea98_HVtrDxGK", "description": "rally tests creating types"}}' _http_log_request /usr/lib/python2.7/site-packages/keystoneauth1/session.py:448
2019-07-20 08:07:45.239 6399 DEBUG cinderclient.v2.client [-] RESP: [202] Content-Length: 0 Content-Type: text/html; charset=UTF-8 Date: Sat, 20 Jul 2019 08:07:45 GMT OpenStack-API-Version: volume 3.0 Server: Apache Vary: OpenStack-API-Version x-openstack-request-id: req-d79abb18-85c0-42f1-ad7e-165dd3e4c31b _http_log_response /usr/lib/python2.7/site-packages/keystoneauth1/session.py:479
2019-07-20 08:07:45.240 6399 DEBUG cinderclient.v2.client [-] RESP BODY: Omitted, Content-Type is set to text/html; charset=UTF-8. Only application/json responses have their bodies logged. _http_log_response /usr/lib/python2.7/site-packages/keystoneauth1/session.py:511
2019-07-20 08:07:45.240 6399 DEBUG cinderclient.v2.client [-] POST call to volumev2 for http://172.30.9.22:8776/v3/2f4fece6d15e408881be803cca3853c4/types/53451a36-cff2-43fb-baa7-df11fe440426/action used request id req-d79abb18-85c0-42f1-ad7e-165dd3e4c31b request /usr/lib/python2.7/site-packages/keystoneauth1/session.py:844
2019-07-20 08:07:45.241 6399 DEBUG cinderclient.v2.client [-] REQ: curl -g -i -X GET http://172.30.9.22:8776/v3/2f4fece6d15e408881be803cca3853c4/types/53451a36-cff2-43fb-baa7-df11fe440426/os-volume-type-access -H "Accept: application/json" -H "User-Agent: python-cinderclient" -H "X-Auth-Token: {SHA1}da7d2230176f80b76397a6c6e7998ea4c31cb725" -H "X-OpenStack-Request-ID: req-8407db44-07de-4283-8dca-73cda3c527f0" _http_log_request /usr/lib/python2.7/site-packages/keystoneauth1/session.py:448
2019-07-20 08:07:45.363 6400 DEBUG cinderclient.v2.client [-] RESP: [200] Content-Encoding: gzip Content-Length: 128 Content-Type: application/json Date: Sat, 20 Jul 2019 08:07:45 GMT OpenStack-API-Version: volume 3.0 Server: Apache Vary: OpenStack-API-Version,Accept-Encoding x-compute-request-id: req-666626ad-fb28-4f9b-ac5e-b66deddaf4b2 x-openstack-request-id: req-666626ad-fb28-4f9b-ac5e-b66deddaf4b2 _http_log_response /usr/lib/python2.7/site-packages/keystoneauth1/session.py:479
2019-07-20 08:07:45.363 6400 DEBUG cinderclient.v2.client [-] RESP BODY: {"volume_type_access": [{"volume_type_id": "2fe60553-5b64-4fd7-8974-230f6dc9cbc1", "project_id": "2100ebef3d3b4528b1d5db4c46299045"}]} _http_log_response /usr/lib/python2.7/site-packages/keystoneauth1/session.py:511
2019-07-20 08:07:45.364 6400 DEBUG cinderclient.v2.client [-] GET call to volumev2 for http://172.30.9.22:8776/v3/2f4fece6d15e408881be803cca3853c4/types/2fe60553-5b64-4fd7-8974-230f6dc9cbc1/os-volume-type-access used request id req-666626ad-fb28-4f9b-ac5e-b66deddaf4b2 request /usr/lib/python2.7/site-packages/keystoneauth1/session.py:844
2019-07-20 08:07:45.365 6400 INFO rally.task.runner [-] Task bb201858-97d6-46f7-af4f-edf7ea7d6080 | ITER: 6 END: OK
2019-07-20 08:07:45.369 6400 INFO rally.task.runner [-] Task bb201858-97d6-46f7-af4f-edf7ea7d6080 | ITER: 9 START
2019-07-20 08:07:45.426 6401 DEBUG cinderclient.v2.client [-] RESP: [202] Content-Length: 0 Content-Type: text/html; charset=UTF-8 Date: Sat, 20 Jul 2019 08:07:45 GMT OpenStack-API-Version: volume 3.0 Server: Apache Vary: OpenStack-API-Version x-openstack-request-id: req-445e38d3-3649-4d98-9dad-e70cf7a28845 _http_log_response /usr/lib/python2.7/site-packages/keystoneauth1/session.py:479
2019-07-20 08:07:45.427 6401 DEBUG cinderclient.v2.client [-] RESP BODY: Omitted, Content-Type is set to text/html; charset=UTF-8. Only application/json responses have their bodies logged. _http_log_response /usr/lib/python2.7/site-packages/keystoneauth1/session.py:511
2019-07-20 08:07:45.427 6401 DEBUG cinderclient.v2.client [-] POST call to volumev2 for http://172.30.9.22:8776/v3/2f4fece6d15e408881be803cca3853c4/types/2162a75d-4cee-4d6e-ba9e-1d2844697ff2/action used request id req-445e38d3-3649-4d98-9dad-e70cf7a28845 request /usr/lib/python2.7/site-packages/keystoneauth1/session.py:844
2019-07-20 08:07:45.428 6401 DEBUG cinderclient.v2.client [-] REQ: curl -g -i -X GET http://172.30.9.22:8776/v3/2f4fece6d15e408881be803cca3853c4/types/2162a75d-4cee-4d6e-ba9e-1d2844697ff2/os-volume-type-access -H "Accept: application/json" -H "User-Agent: python-cinderclient" -H "X-Auth-Token: {SHA1}c6734dd085261223126f06760ebd6938087224db" -H "X-OpenStack-Request-ID: req-4a359416-6d65-4565-a708-0446a37788d9" _http_log_request /usr/lib/python2.7/site-packages/keystoneauth1/session.py:448
2019-07-20 08:07:45.433 6398 DEBUG cinderclient.v2.client [-] RESP: [200] Content-Encoding: gzip Content-Length: 180 Content-Type: application/json Date: Sat, 20 Jul 2019 08:07:45 GMT OpenStack-API-Version: volume 3.0 Server: Apache Vary: OpenStack-API-Version,Accept-Encoding x-compute-request-id: req-c1787bfc-e3f5-47f9-9639-5a871856d3d0 x-openstack-request-id: req-c1787bfc-e3f5-47f9-9639-5a871856d3d0 _http_log_response /usr/lib/python2.7/site-packages/keystoneauth1/session.py:479
2019-07-20 08:07:45.433 6398 DEBUG cinderclient.v2.client [-] RESP BODY: {"volume_type": {"name": "s_rally_c3f3ea98_HVtrDxGK", "extra_specs": {}, "os-volume-type-access:is_public": false, "is_public": false, "id": "5be68e03-3d29-4c52-a303-a3942a7d938e", "description": "rally tests creating types"}} _http_log_response /usr/lib/python2.7/site-packages/keystoneauth1/session.py:511
2019-07-20 08:07:45.434 6398 DEBUG cinderclient.v2.client [-] POST call to volumev2 for http://172.30.9.22:8776/v3/2f4fece6d15e408881be803cca3853c4/types used request id req-c1787bfc-e3f5-47f9-9639-5a871856d3d0 request /usr/lib/python2.7/site-packages/keystoneauth1/session.py:844
2019-07-20 08:07:45.435 6398 DEBUG cinderclient.v2.client [-] REQ: curl -g -i -X POST http://172.30.9.22:8776/v3/2f4fece6d15e408881be803cca3853c4/types/5be68e03-3d29-4c52-a303-a3942a7d938e/action -H "Accept: application/json" -H "Content-Type: application/json" -H "User-Agent: python-cinderclient" -H "X-Auth-Token: {SHA1}a3451a0e037a4f0fa637259c5ee6de3500032943" -H "X-OpenStack-Request-ID: req-c1787bfc-e3f5-47f9-9639-5a871856d3d0" -d '{"addProjectAccess": {"project": "2100ebef3d3b4528b1d5db4c46299045"}}' _http_log_request /usr/lib/python2.7/site-packages/keystoneauth1/session.py:448
2019-07-20 08:07:45.527 6399 DEBUG cinderclient.v2.client [-] RESP: [200] Content-Encoding: gzip Content-Length: 129 Content-Type: application/json Date: Sat, 20 Jul 2019 08:07:45 GMT OpenStack-API-Version: volume 3.0 Server: Apache Vary: OpenStack-API-Version,Accept-Encoding x-compute-request-id: req-e751fc6a-16c7-42cf-8314-f1eec86bedee x-openstack-request-id: req-e751fc6a-16c7-42cf-8314-f1eec86bedee _http_log_response /usr/lib/python2.7/site-packages/keystoneauth1/session.py:479
2019-07-20 08:07:45.527 6399 DEBUG cinderclient.v2.client [-] RESP BODY: {"volume_type_access": [{"volume_type_id": "53451a36-cff2-43fb-baa7-df11fe440426", "project_id": "2100ebef3d3b4528b1d5db4c46299045"}]} _http_log_response /usr/lib/python2.7/site-packages/keystoneauth1/session.py:511
2019-07-20 08:07:45.527 6399 DEBUG cinderclient.v2.client [-] GET call to volumev2 for http://172.30.9.22:8776/v3/2f4fece6d15e408881be803cca3853c4/types/53451a36-cff2-43fb-baa7-df11fe440426/os-volume-type-access used request id req-e751fc6a-16c7-42cf-8314-f1eec86bedee request /usr/lib/python2.7/site-packages/keystoneauth1/session.py:844
2019-07-20 08:07:45.528 6399 INFO rally.task.runner [-] Task bb201858-97d6-46f7-af4f-edf7ea7d6080 | ITER: 5 END: OK
2019-07-20 08:07:45.532 6399 INFO rally.task.runner [-] Task bb201858-97d6-46f7-af4f-edf7ea7d6080 | ITER: 10 START
2019-07-20 08:07:45.634 6401 DEBUG cinderclient.v2.client [-] RESP: [200] Content-Encoding: gzip Content-Length: 127 Content-Type: application/json Date: Sat, 20 Jul 2019 08:07:45 GMT OpenStack-API-Version: volume 3.0 Server: Apache Vary: OpenStack-API-Version,Accept-Encoding x-compute-request-id: req-a7550c8b-ceb2-4525-9f46-a841072d4a86 x-openstack-request-id: req-a7550c8b-ceb2-4525-9f46-a841072d4a86 _http_log_response /usr/lib/python2.7/site-packages/keystoneauth1/session.py:479
2019-07-20 08:07:45.635 6401 DEBUG cinderclient.v2.client [-] RESP BODY: {"volume_type_access": [{"volume_type_id": "2162a75d-4cee-4d6e-ba9e-1d2844697ff2", "project_id": "2100ebef3d3b4528b1d5db4c46299045"}]} _http_log_response /usr/lib/python2.7/site-packages/keystoneauth1/session.py:511
2019-07-20 08:07:45.635 6401 DEBUG cinderclient.v2.client [-] GET call to volumev2 for http://172.30.9.22:8776/v3/2f4fece6d15e408881be803cca3853c4/types/2162a75d-4cee-4d6e-ba9e-1d2844697ff2/os-volume-type-access used request id req-a7550c8b-ceb2-4525-9f46-a841072d4a86 request /usr/lib/python2.7/site-packages/keystoneauth1/session.py:844
2019-07-20 08:07:45.636 6401 INFO rally.task.runner [-] Task bb201858-97d6-46f7-af4f-edf7ea7d6080 | ITER: 7 END: OK
2019-07-20 08:07:45.664 6398 DEBUG cinderclient.v2.client [-] RESP: [202] Content-Length: 0 Content-Type: text/html; charset=UTF-8 Date: Sat, 20 Jul 2019 08:07:45 GMT OpenStack-API-Version: volume 3.0 Server: Apache Vary: OpenStack-API-Version x-openstack-request-id: req-b7ff4b49-97ab-4cb6-a0bf-f7ef58b4bddc _http_log_response /usr/lib/python2.7/site-packages/keystoneauth1/session.py:479
2019-07-20 08:07:45.665 6398 DEBUG cinderclient.v2.client [-] RESP BODY: Omitted, Content-Type is set to text/html; charset=UTF-8. Only application/json responses have their bodies logged. _http_log_response /usr/lib/python2.7/site-packages/keystoneauth1/session.py:511
2019-07-20 08:07:45.665 6398 DEBUG cinderclient.v2.client [-] POST call to volumev2 for http://172.30.9.22:8776/v3/2f4fece6d15e408881be803cca3853c4/types/5be68e03-3d29-4c52-a303-a3942a7d938e/action used request id req-b7ff4b49-97ab-4cb6-a0bf-f7ef58b4bddc request /usr/lib/python2.7/site-packages/keystoneauth1/session.py:844
2019-07-20 08:07:45.666 6398 DEBUG cinderclient.v2.client [-] REQ: curl -g -i -X GET http://172.30.9.22:8776/v3/2f4fece6d15e408881be803cca3853c4/types/5be68e03-3d29-4c52-a303-a3942a7d938e/os-volume-type-access -H "Accept: application/json" -H "User-Agent: python-cinderclient" -H "X-Auth-Token: {SHA1}a3451a0e037a4f0fa637259c5ee6de3500032943" -H "X-OpenStack-Request-ID: req-c1787bfc-e3f5-47f9-9639-5a871856d3d0" _http_log_request /usr/lib/python2.7/site-packages/keystoneauth1/session.py:448
2019-07-20 08:07:45.793 6400 DEBUG cinderclient.v2.client [-] REQ: curl -g -i -X POST http://172.30.9.22:8776/v3/2f4fece6d15e408881be803cca3853c4/types -H "Accept: application/json" -H "Content-Type: application/json" -H "User-Agent: python-cinderclient" -H "X-Auth-Token: {SHA1}99eb83079338319ae0e2509a72a0f6802b9c0dfe" -d '{"volume_type": {"os-volume-type-access:is_public": false, "name": "s_rally_c3f3ea98_D2TC5LCk", "description": "rally tests creating types"}}' _http_log_request /usr/lib/python2.7/site-packages/keystoneauth1/session.py:448
2019-07-20 08:07:45.874 6398 DEBUG cinderclient.v2.client [-] RESP: [200] Content-Encoding: gzip Content-Length: 129 Content-Type: application/json Date: Sat, 20 Jul 2019 08:07:45 GMT OpenStack-API-Version: volume 3.0 Server: Apache Vary: OpenStack-API-Version,Accept-Encoding x-compute-request-id: req-b3266b7b-f86e-423d-bf15-2cd872bc977a x-openstack-request-id: req-b3266b7b-f86e-423d-bf15-2cd872bc977a _http_log_response /usr/lib/python2.7/site-packages/keystoneauth1/session.py:479
2019-07-20 08:07:45.874 6398 DEBUG cinderclient.v2.client [-] RESP BODY: {"volume_type_access": [{"volume_type_id": "5be68e03-3d29-4c52-a303-a3942a7d938e", "project_id": "2100ebef3d3b4528b1d5db4c46299045"}]} _http_log_response /usr/lib/python2.7/site-packages/keystoneauth1/session.py:511
2019-07-20 08:07:45.875 6398 DEBUG cinderclient.v2.client [-] GET call to volumev2 for http://172.30.9.22:8776/v3/2f4fece6d15e408881be803cca3853c4/types/5be68e03-3d29-4c52-a303-a3942a7d938e/os-volume-type-access used request id req-b3266b7b-f86e-423d-bf15-2cd872bc977a request /usr/lib/python2.7/site-packages/keystoneauth1/session.py:844
2019-07-20 08:07:45.876 6398 INFO rally.task.runner [-] Task bb201858-97d6-46f7-af4f-edf7ea7d6080 | ITER: 8 END: OK
2019-07-20 08:07:45.963 6399 DEBUG cinderclient.v2.client [-] REQ: curl -g -i -X POST http://172.30.9.22:8776/v3/2f4fece6d15e408881be803cca3853c4/types -H "Accept: application/json" -H "Content-Type: application/json" -H "User-Agent: python-cinderclient" -H "X-Auth-Token: {SHA1}3788585bf23d2631d965dc7088f26b33c2c385ec" -d '{"volume_type": {"os-volume-type-access:is_public": false, "name": "s_rally_c3f3ea98_EMCBMT7M", "description": "rally tests creating types"}}' _http_log_request /usr/lib/python2.7/site-packages/keystoneauth1/session.py:448
2019-07-20 08:07:46.039 6400 DEBUG cinderclient.v2.client [-] RESP: [200] Content-Encoding: gzip Content-Length: 183 Content-Type: application/json Date: Sat, 20 Jul 2019 08:07:45 GMT OpenStack-API-Version: volume 3.0 Server: Apache Vary: OpenStack-API-Version,Accept-Encoding x-compute-request-id: req-2614a23a-5749-49a9-aa33-70d907386d30 x-openstack-request-id: req-2614a23a-5749-49a9-aa33-70d907386d30 _http_log_response /usr/lib/python2.7/site-packages/keystoneauth1/session.py:479
2019-07-20 08:07:46.039 6400 DEBUG cinderclient.v2.client [-] RESP BODY: {"volume_type": {"name": "s_rally_c3f3ea98_D2TC5LCk", "extra_specs": {}, "os-volume-type-access:is_public": false, "is_public": false, "id": "7dfa89d0-2c75-49aa-b96b-c4fc39102958", "description": "rally tests creating types"}} _http_log_response /usr/lib/python2.7/site-packages/keystoneauth1/session.py:511
2019-07-20 08:07:46.040 6400 DEBUG cinderclient.v2.client [-] POST call to volumev2 for http://172.30.9.22:8776/v3/2f4fece6d15e408881be803cca3853c4/types used request id req-2614a23a-5749-49a9-aa33-70d907386d30 request /usr/lib/python2.7/site-packages/keystoneauth1/session.py:844
2019-07-20 08:07:46.042 6400 DEBUG cinderclient.v2.client [-] REQ: curl -g -i -X POST http://172.30.9.22:8776/v3/2f4fece6d15e408881be803cca3853c4/types/7dfa89d0-2c75-49aa-b96b-c4fc39102958/action -H "Accept: application/json" -H "Content-Type: application/json" -H "User-Agent: python-cinderclient" -H "X-Auth-Token: {SHA1}99eb83079338319ae0e2509a72a0f6802b9c0dfe" -H "X-OpenStack-Request-ID: req-2614a23a-5749-49a9-aa33-70d907386d30" -d '{"addProjectAccess": {"project": "2100ebef3d3b4528b1d5db4c46299045"}}' _http_log_request /usr/lib/python2.7/site-packages/keystoneauth1/session.py:448
2019-07-20 08:07:46.264 6400 DEBUG cinderclient.v2.client [-] RESP: [202] Content-Length: 0 Content-Type: text/html; charset=UTF-8 Date: Sat, 20 Jul 2019 08:07:46 GMT OpenStack-API-Version: volume 3.0 Server: Apache Vary: OpenStack-API-Version x-openstack-request-id: req-5aa7d7da-3306-4ca6-8c54-89db4cee3a92 _http_log_response /usr/lib/python2.7/site-packages/keystoneauth1/session.py:479
2019-07-20 08:07:46.264 6400 DEBUG cinderclient.v2.client [-] RESP BODY: Omitted, Content-Type is set to text/html; charset=UTF-8. Only application/json responses have their bodies logged. _http_log_response /usr/lib/python2.7/site-packages/keystoneauth1/session.py:511
2019-07-20 08:07:46.264 6400 DEBUG cinderclient.v2.client [-] POST call to volumev2 for http://172.30.9.22:8776/v3/2f4fece6d15e408881be803cca3853c4/types/7dfa89d0-2c75-49aa-b96b-c4fc39102958/action used request id req-5aa7d7da-3306-4ca6-8c54-89db4cee3a92 request /usr/lib/python2.7/site-packages/keystoneauth1/session.py:844
2019-07-20 08:07:46.266 6400 DEBUG cinderclient.v2.client [-] REQ: curl -g -i -X GET http://172.30.9.22:8776/v3/2f4fece6d15e408881be803cca3853c4/types/7dfa89d0-2c75-49aa-b96b-c4fc39102958/os-volume-type-access -H "Accept: application/json" -H "User-Agent: python-cinderclient" -H "X-Auth-Token: {SHA1}99eb83079338319ae0e2509a72a0f6802b9c0dfe" -H "X-OpenStack-Request-ID: req-2614a23a-5749-49a9-aa33-70d907386d30" _http_log_request /usr/lib/python2.7/site-packages/keystoneauth1/session.py:448
2019-07-20 08:07:46.333 6399 DEBUG cinderclient.v2.client [-] RESP: [200] Content-Encoding: gzip Content-Length: 182 Content-Type: application/json Date: Sat, 20 Jul 2019 08:07:45 GMT OpenStack-API-Version: volume 3.0 Server: Apache Vary: OpenStack-API-Version,Accept-Encoding x-compute-request-id: req-56e3208d-fcb2-43eb-8ac7-2ed7a1fe51e7 x-openstack-request-id: req-56e3208d-fcb2-43eb-8ac7-2ed7a1fe51e7 _http_log_response /usr/lib/python2.7/site-packages/keystoneauth1/session.py:479
2019-07-20 08:07:46.334 6399 DEBUG cinderclient.v2.client [-] RESP BODY: {"volume_type": {"name": "s_rally_c3f3ea98_EMCBMT7M", "extra_specs": {}, "os-volume-type-access:is_public": false, "is_public": false, "id": "c3f3312c-e40a-4603-b149-940c49ab4557", "description": "rally tests creating types"}} _http_log_response /usr/lib/python2.7/site-packages/keystoneauth1/session.py:511
2019-07-20 08:07:46.334 6399 DEBUG cinderclient.v2.client [-] POST call to volumev2 for http://172.30.9.22:8776/v3/2f4fece6d15e408881be803cca3853c4/types used request id req-56e3208d-fcb2-43eb-8ac7-2ed7a1fe51e7 request /usr/lib/python2.7/site-packages/keystoneauth1/session.py:844
2019-07-20 08:07:46.337 6399 DEBUG cinderclient.v2.client [-] REQ: curl -g -i -X POST http://172.30.9.22:8776/v3/2f4fece6d15e408881be803cca3853c4/types/c3f3312c-e40a-4603-b149-940c49ab4557/action -H "Accept: application/json" -H "Content-Type: application/json" -H "User-Agent: python-cinderclient" -H "X-Auth-Token: {SHA1}3788585bf23d2631d965dc7088f26b33c2c385ec" -H "X-OpenStack-Request-ID: req-56e3208d-fcb2-43eb-8ac7-2ed7a1fe51e7" -d '{"addProjectAccess": {"project": "3291eb5e0e5046c895810e429ec164b8"}}' _http_log_request /usr/lib/python2.7/site-packages/keystoneauth1/session.py:448
2019-07-20 08:07:46.484 6400 DEBUG cinderclient.v2.client [-] RESP: [200] Content-Encoding: gzip Content-Length: 129 Content-Type: application/json Date: Sat, 20 Jul 2019 08:07:46 GMT OpenStack-API-Version: volume 3.0 Server: Apache Vary: OpenStack-API-Version,Accept-Encoding x-compute-request-id: req-183917be-96bb-4c3c-a8bb-5656ede73a5e x-openstack-request-id: req-183917be-96bb-4c3c-a8bb-5656ede73a5e _http_log_response /usr/lib/python2.7/site-packages/keystoneauth1/session.py:479
2019-07-20 08:07:46.485 6400 DEBUG cinderclient.v2.client [-] RESP BODY: {"volume_type_access": [{"volume_type_id": "7dfa89d0-2c75-49aa-b96b-c4fc39102958", "project_id": "2100ebef3d3b4528b1d5db4c46299045"}]} _http_log_response /usr/lib/python2.7/site-packages/keystoneauth1/session.py:511
2019-07-20 08:07:46.485 6400 DEBUG cinderclient.v2.client [-] GET call to volumev2 for http://172.30.9.22:8776/v3/2f4fece6d15e408881be803cca3853c4/types/7dfa89d0-2c75-49aa-b96b-c4fc39102958/os-volume-type-access used request id req-183917be-96bb-4c3c-a8bb-5656ede73a5e request /usr/lib/python2.7/site-packages/keystoneauth1/session.py:844
2019-07-20 08:07:46.486 6400 INFO rally.task.runner [-] Task bb201858-97d6-46f7-af4f-edf7ea7d6080 | ITER: 9 END: OK
2019-07-20 08:07:46.552 6399 DEBUG cinderclient.v2.client [-] RESP: [202] Content-Length: 0 Content-Type: text/html; charset=UTF-8 Date: Sat, 20 Jul 2019 08:07:46 GMT OpenStack-API-Version: volume 3.0 Server: Apache Vary: OpenStack-API-Version x-openstack-request-id: req-b20944c7-ccd3-4d02-8104-ac7efc7f3a5c _http_log_response /usr/lib/python2.7/site-packages/keystoneauth1/session.py:479
2019-07-20 08:07:46.552 6399 DEBUG cinderclient.v2.client [-] RESP BODY: Omitted, Content-Type is set to text/html; charset=UTF-8. Only application/json responses have their bodies logged. _http_log_response /usr/lib/python2.7/site-packages/keystoneauth1/session.py:511
2019-07-20 08:07:46.553 6399 DEBUG cinderclient.v2.client [-] POST call to volumev2 for http://172.30.9.22:8776/v3/2f4fece6d15e408881be803cca3853c4/types/c3f3312c-e40a-4603-b149-940c49ab4557/action used request id req-b20944c7-ccd3-4d02-8104-ac7efc7f3a5c request /usr/lib/python2.7/site-packages/keystoneauth1/session.py:844
2019-07-20 08:07:46.554 6399 DEBUG cinderclient.v2.client [-] REQ: curl -g -i -X GET http://172.30.9.22:8776/v3/2f4fece6d15e408881be803cca3853c4/types/c3f3312c-e40a-4603-b149-940c49ab4557/os-volume-type-access -H "Accept: application/json" -H "User-Agent: python-cinderclient" -H "X-Auth-Token: {SHA1}3788585bf23d2631d965dc7088f26b33c2c385ec" -H "X-OpenStack-Request-ID: req-56e3208d-fcb2-43eb-8ac7-2ed7a1fe51e7" _http_log_request /usr/lib/python2.7/site-packages/keystoneauth1/session.py:448
2019-07-20 08:07:46.755 6399 DEBUG cinderclient.v2.client [-] RESP: [200] Content-Encoding: gzip Content-Length: 128 Content-Type: application/json Date: Sat, 20 Jul 2019 08:07:46 GMT OpenStack-API-Version: volume 3.0 Server: Apache Vary: OpenStack-API-Version,Accept-Encoding x-compute-request-id: req-19cbc1b0-49c1-406c-bb57-8b4096500e23 x-openstack-request-id: req-19cbc1b0-49c1-406c-bb57-8b4096500e23 _http_log_response /usr/lib/python2.7/site-packages/keystoneauth1/session.py:479
2019-07-20 08:07:46.756 6399 DEBUG cinderclient.v2.client [-] RESP BODY: {"volume_type_access": [{"volume_type_id": "c3f3312c-e40a-4603-b149-940c49ab4557", "project_id": "3291eb5e0e5046c895810e429ec164b8"}]} _http_log_response /usr/lib/python2.7/site-packages/keystoneauth1/session.py:511
2019-07-20 08:07:46.756 6399 DEBUG cinderclient.v2.client [-] GET call to volumev2 for http://172.30.9.22:8776/v3/2f4fece6d15e408881be803cca3853c4/types/c3f3312c-e40a-4603-b149-940c49ab4557/os-volume-type-access used request id req-19cbc1b0-49c1-406c-bb57-8b4096500e23 request /usr/lib/python2.7/site-packages/keystoneauth1/session.py:844
2019-07-20 08:07:46.757 6399 INFO rally.task.runner [-] Task bb201858-97d6-46f7-af4f-edf7ea7d6080 | ITER: 10 END: OK
2019-07-20 08:07:46.778 1842 INFO rally.task.context [-] Task bb201858-97d6-46f7-af4f-edf7ea7d6080 | Context admin_cleanup@openstack cleanup() started
2019-07-20 08:07:46.781 1842 RALLYDEBUG rally_openstack.cleanup.manager [-] Cleaning up cinder volume_types objects
2019-07-20 08:07:47.469 1842 RALLYDEBUG rally_openstack.cleanup.manager [-] Deleting cinder.volume_types object s_rally_c3f3ea98_D2TC5LCk (7dfa89d0-2c75-49aa-b96b-c4fc39102958)
2019-07-20 08:07:47.469 1842 RALLYDEBUG rally_openstack.cleanup.manager [-] Deleting cinder.volume_types object s_rally_c3f3ea98_hxArXiRI (787d773b-8449-4551-aa53-abea95d346aa)
2019-07-20 08:07:47.470 1842 RALLYDEBUG rally_openstack.cleanup.manager [-] Deleting cinder.volume_types object s_rally_c3f3ea98_EMCBMT7M (c3f3312c-e40a-4603-b149-940c49ab4557)
2019-07-20 08:07:47.470 1842 RALLYDEBUG rally_openstack.cleanup.manager [-] Deleting cinder.volume_types object s_rally_c3f3ea98_LPbiw4hM (53451a36-cff2-43fb-baa7-df11fe440426)
2019-07-20 08:07:47.475 1842 RALLYDEBUG rally_openstack.cleanup.manager [-] Deleting cinder.volume_types object s_rally_c3f3ea98_QHtmGFNr (7557910e-6e6e-4a31-8e1f-907c3e33ec64)
2019-07-20 08:07:47.477 1842 RALLYDEBUG rally_openstack.cleanup.manager [-] Deleting cinder.volume_types object s_rally_c3f3ea98_HVtrDxGK (5be68e03-3d29-4c52-a303-a3942a7d938e)
2019-07-20 08:07:47.486 1842 RALLYDEBUG rally_openstack.cleanup.manager [-] Deleting cinder.volume_types object s_rally_c3f3ea98_k8GRnoUT (5e0e1545-e8c2-43f3-9bf7-63ab1683aa87)
2019-07-20 08:07:47.486 1842 RALLYDEBUG rally_openstack.cleanup.manager [-] Deleting cinder.volume_types object s_rally_c3f3ea98_ryNo2KYe (84570a9a-c547-4fec-af65-5633dbf8a735)
2019-07-20 08:07:47.489 1842 RALLYDEBUG rally_openstack.cleanup.manager [-] Deleting cinder.volume_types object s_rally_c3f3ea98_6fNTAuOa (2fe60553-5b64-4fd7-8974-230f6dc9cbc1)
2019-07-20 08:07:47.494 1842 RALLYDEBUG rally_openstack.cleanup.manager [-] Deleting cinder.volume_types object s_rally_c3f3ea98_1650N7J2 (2162a75d-4cee-4d6e-ba9e-1d2844697ff2)
2019-07-20 08:07:49.947 1842 RALLYDEBUG rally_openstack.cleanup.manager [-] Cleaning up cinder image_volumes_cache objects
2019-07-20 08:07:50.908 1842 RALLYDEBUG rally_openstack.cleanup.manager [-] Cleaning up cinder quotas objects
2019-07-20 08:07:52.308 1842 RALLYDEBUG rally_openstack.cleanup.manager [-] Cleaning up cinder qos_specs objects
2019-07-20 08:07:53.016 1842 INFO rally.task.context [-] Task bb201858-97d6-46f7-af4f-edf7ea7d6080 | Context admin_cleanup@openstack cleanup() finished in 6.24 sec
2019-07-20 08:07:53.016 1842 INFO rally.task.context [-] Task bb201858-97d6-46f7-af4f-edf7ea7d6080 | Context api_versions@openstack cleanup() started
2019-07-20 08:07:53.017 1842 INFO rally.task.context [-] Task bb201858-97d6-46f7-af4f-edf7ea7d6080 | Context api_versions@openstack cleanup() finished in 0.32 msec
2019-07-20 08:07:53.017 1842 INFO rally.task.context [-] Task bb201858-97d6-46f7-af4f-edf7ea7d6080 | Context users@openstack cleanup() started
2019-07-20 08:08:00.176 1842 INFO rally.task.context [-] Task bb201858-97d6-46f7-af4f-edf7ea7d6080 | Context users@openstack cleanup() finished in 7.16 sec
2019-07-20 08:08:00.282 1842 INFO rally.task.engine [-] Load duration is: 3.685653
2019-07-20 08:08:00.282 1842 INFO rally.task.engine [-] Full runner duration is: 3.728706
2019-07-20 08:08:00.283 1842 INFO rally.task.engine [-] Full duration is: 21.990981
2019-07-20 08:08:00.493 1842 INFO rally.task.engine [-] Task bb201858-97d6-46f7-af4f-edf7ea7d6080 | Completed: Running task.
2019-07-20 08:08:01.514 6540 RALLYDEBUG rally.api [-] INFO logs from urllib3 and requests module are hide.
2019-07-20 08:08:01.515 6540 RALLYDEBUG rally.api [-] urllib3 insecure warnings are hidden.
2019-07-20 08:08:01.515 6540 RALLYDEBUG rally.api [-] ERROR log from boto module is hide.
2019-07-20 08:08:02.517 6541 RALLYDEBUG rally.api [-] INFO logs from urllib3 and requests module are hide.
2019-07-20 08:08:02.517 6541 RALLYDEBUG rally.api [-] urllib3 insecure warnings are hidden.
2019-07-20 08:08:02.518 6541 RALLYDEBUG rally.api [-] ERROR log from boto module is hide.
2019-07-20 08:08:03.859 6541 INFO rally.api [-] Building 'json' report for the following task(s): 'bb201858-97d6-46f7-af4f-edf7ea7d6080'.
2019-07-20 08:08:03.902 6541 INFO rally.api [-] The report has been successfully built.
2019-07-20 08:08:04.705 6543 RALLYDEBUG rally.api [-] INFO logs from urllib3 and requests module are hide.
2019-07-20 08:08:04.705 6543 RALLYDEBUG rally.api [-] urllib3 insecure warnings are hidden.
2019-07-20 08:08:04.706 6543 RALLYDEBUG rally.api [-] ERROR log from boto module is hide.
2019-07-20 08:08:06.135 6543 INFO rally.task.engine [-] Task 3388a170-42b2-4c73-a928-5568ee596e9a | Starting: Task validation.
2019-07-20 08:08:06.176 6543 INFO rally.task.engine [-] Task 3388a170-42b2-4c73-a928-5568ee596e9a | Starting: Task validation of syntax.
2019-07-20 08:08:06.359 6543 INFO rally.task.engine [-] Task 3388a170-42b2-4c73-a928-5568ee596e9a | Completed: Task validation of syntax.
2019-07-20 08:08:06.359 6543 INFO rally.task.engine [-] Task 3388a170-42b2-4c73-a928-5568ee596e9a | Starting: Task validation of required platforms.
2019-07-20 08:08:06.422 6543 INFO rally.task.engine [-] Task 3388a170-42b2-4c73-a928-5568ee596e9a | Completed: Task validation of required platforms.
2019-07-20 08:08:06.422 6543 INFO rally.task.engine [-] Task 3388a170-42b2-4c73-a928-5568ee596e9a | Starting: Task validation of semantic.
2019-07-20 08:08:06.422 6543 INFO rally.task.engine [-] Check health of the environment '9cc34015-2df3-40f3-bc71-a0d282678b40'.
2019-07-20 08:08:07.239 6543 INFO rally.task.engine [-] Platform existing@openstack (available: True): OK!
2019-07-20 08:08:07.258 6543 RALLYDEBUG rally_openstack.contexts.keystone.users [-] Creating 1 tenants using 20 threads
2019-07-20 08:08:09.147 6543 RALLYDEBUG rally_openstack.contexts.keystone.users [-] Creating 1 users using 20 threads
2019-07-20 08:08:11.709 6543 INFO rally.task.context [-] Task 3388a170-42b2-4c73-a928-5568ee596e9a | Context users@openstack setup() finished in 4.45 sec
2019-07-20 08:08:18.740 6543 INFO rally.task.context [-] Task 3388a170-42b2-4c73-a928-5568ee596e9a | Context users@openstack cleanup() started
2019-07-20 08:08:23.328 6543 INFO rally.task.context [-] Task 3388a170-42b2-4c73-a928-5568ee596e9a | Context users@openstack cleanup() finished in 4.59 sec
2019-07-20 08:08:23.329 6543 INFO rally.task.engine [-] Task 3388a170-42b2-4c73-a928-5568ee596e9a | Completed: Task validation of semantic.
2019-07-20 08:08:23.329 6543 INFO rally.task.engine [-] Task 3388a170-42b2-4c73-a928-5568ee596e9a | Completed: Task validation.
2019-07-20 08:08:23.329 6543 INFO rally.api [-] Task 3388a170-42b2-4c73-a928-5568ee596e9a input file is valid.
2019-07-20 08:08:23.330 6543 INFO rally.api [-] Run Task 3388a170-42b2-4c73-a928-5568ee596e9a against Deployment 9cc34015-2df3-40f3-bc71-a0d282678b40
2019-07-20 08:08:23.330 6543 INFO rally.task.engine [-] Task 3388a170-42b2-4c73-a928-5568ee596e9a | Starting: Running task.
2019-07-20 08:08:23.473 6543 INFO rally.task.engine [-] Running workload: position = 0 config = { "version": 2, "title": "A cropped version of a bigger task.", "description": "Auto-generated task from a single workload (uuid=89ccac14-13e2-4044-bd54-858f0ef2246c)", "subtasks": [ { "title": "Gnocchi.list_capabilities", "description": "List supported aggregation methods.", "scenario": { "Gnocchi.list_capabilities": {} }, "contexts": { "users": { "tenants": 3, "users_per_tenant": 2 } }, "runner": { "constant": { "concurrency": 4, "times": 10 } }, "hooks": [], "sla": { "failure_rate": { "max": 0 } } } ] }
2019-07-20 08:08:23.492 6543 RALLYDEBUG rally_openstack.contexts.keystone.users [-] Creating 3 tenants using 20 threads
2019-07-20 08:08:25.598 6543 RALLYDEBUG rally_openstack.contexts.keystone.users [-] Creating 6 users using 20 threads
2019-07-20 08:08:28.303 6543 INFO rally.task.context [-] Task 3388a170-42b2-4c73-a928-5568ee596e9a | Context users@openstack setup() finished in 4.81 sec
2019-07-20 08:08:28.311 6543 RALLYDEBUG rally.task.runner [-] Starting the constant runner (task UUID: 3388a170-42b2-4c73-a928-5568ee596e9a). timeout: 0 concurrency: 4 concurrency_per_worker: 1 times: 10 concurrency_overhead: 0 processes_to_start: 4 max_cpu_used: 16
2019-07-20 08:08:28.324 6667 RALLYDEBUG rally.task.runner [-] Starting a worker. concurrency: 1 args: {} times: 10 method_name: run timeout: 0 duration: None cls:
2019-07-20 08:08:28.327 6668 RALLYDEBUG rally.task.runner [-] Starting a worker. concurrency: 1 args: {} times: 10 method_name: run timeout: 0 duration: None cls:
2019-07-20 08:08:28.329 6669 RALLYDEBUG rally.task.runner [-] Starting a worker. concurrency: 1 args: {} times: 10 method_name: run timeout: 0 duration: None cls:
2019-07-20 08:08:28.330 6667 INFO rally.task.runner [-] Task 3388a170-42b2-4c73-a928-5568ee596e9a | ITER: 1 START
2019-07-20 08:08:28.333 6668 INFO rally.task.runner [-] Task 3388a170-42b2-4c73-a928-5568ee596e9a | ITER: 2 START
2019-07-20 08:08:28.332 6670 RALLYDEBUG rally.task.runner [-] Starting a worker. concurrency: 1 args: {} times: 10 method_name: run timeout: 0 duration: None cls:
2019-07-20 08:08:28.334 6669 INFO rally.task.runner [-] Task 3388a170-42b2-4c73-a928-5568ee596e9a | ITER: 3 START
2019-07-20 08:08:28.338 6670 INFO rally.task.runner [-] Task 3388a170-42b2-4c73-a928-5568ee596e9a | ITER: 4 START
2019-07-20 08:08:29.065 6669 INFO rally.task.runner [-] Task 3388a170-42b2-4c73-a928-5568ee596e9a | ITER: 3 END: OK
2019-07-20 08:08:29.069 6669 INFO rally.task.runner [-] Task 3388a170-42b2-4c73-a928-5568ee596e9a | ITER: 5 START
2019-07-20 08:08:29.072 6668 INFO rally.task.runner [-] Task 3388a170-42b2-4c73-a928-5568ee596e9a | ITER: 2 END: OK
2019-07-20 08:08:29.076 6668 INFO rally.task.runner [-] Task 3388a170-42b2-4c73-a928-5568ee596e9a | ITER: 6 START
2019-07-20 08:08:29.084 6670 INFO rally.task.runner [-] Task 3388a170-42b2-4c73-a928-5568ee596e9a | ITER: 4 END: OK
2019-07-20 08:08:29.089 6670 INFO rally.task.runner [-] Task 3388a170-42b2-4c73-a928-5568ee596e9a | ITER: 7 START
2019-07-20 08:08:29.110 6667 INFO rally.task.runner [-] Task 3388a170-42b2-4c73-a928-5568ee596e9a | ITER: 1 END: OK
2019-07-20 08:08:29.113 6667 INFO rally.task.runner [-] Task 3388a170-42b2-4c73-a928-5568ee596e9a | ITER: 8 START
2019-07-20 08:08:29.796 6669 INFO rally.task.runner [-] Task 3388a170-42b2-4c73-a928-5568ee596e9a | ITER: 5 END: OK
2019-07-20 08:08:29.800 6669 INFO rally.task.runner [-] Task 3388a170-42b2-4c73-a928-5568ee596e9a | ITER: 9 START
2019-07-20 08:08:29.821 6670 INFO rally.task.runner [-] Task 3388a170-42b2-4c73-a928-5568ee596e9a | ITER: 7 END: OK
2019-07-20 08:08:29.824 6668 INFO rally.task.runner [-] Task 3388a170-42b2-4c73-a928-5568ee596e9a | ITER: 6 END: OK
2019-07-20 08:08:29.825 6670 INFO rally.task.runner [-] Task 3388a170-42b2-4c73-a928-5568ee596e9a | ITER: 10 START
2019-07-20 08:08:29.869 6667 INFO rally.task.runner [-] Task 3388a170-42b2-4c73-a928-5568ee596e9a | ITER: 8 END: OK
2019-07-20 08:08:30.463 6669 INFO rally.task.runner [-] Task 3388a170-42b2-4c73-a928-5568ee596e9a | ITER: 9 END: OK
2019-07-20 08:08:30.521 6670 INFO rally.task.runner [-] Task 3388a170-42b2-4c73-a928-5568ee596e9a | ITER: 10 END: OK
2019-07-20 08:08:30.545 6543 INFO rally.task.context [-] Task 3388a170-42b2-4c73-a928-5568ee596e9a | Context users@openstack cleanup() started
2019-07-20 08:08:37.824 6543 INFO rally.task.context [-] Task 3388a170-42b2-4c73-a928-5568ee596e9a | Context users@openstack cleanup() finished in 7.28 sec
2019-07-20 08:08:39.575 6543 INFO rally.task.engine [-] Load duration is: 2.188677
2019-07-20 08:08:39.576 6543 INFO rally.task.engine [-] Full runner duration is: 2.23506
2019-07-20 08:08:39.576 6543 INFO rally.task.engine [-] Full duration is: 14.333902
2019-07-20 08:08:39.820 6543 INFO rally.task.engine [-] Running workload: position = 0 config = { "version": 2, "title": "A cropped version of a bigger task.", "description": "Auto-generated task from a single workload (uuid=80d4091d-c308-42b6-85d9-df30ed644aa9)", "subtasks": [ { "title": "Gnocchi.get_status", "description": "Get the status of measurements processing.", "scenario": { "Gnocchi.get_status": { "detailed": false } }, "contexts": { "users": { "tenants": 3, "users_per_tenant": 2 } }, "runner": { "constant": { "concurrency": 4, "times": 10 } }, "hooks": [], "sla": { "failure_rate": { "max": 0 } } } ] }
2019-07-20 08:08:39.842 6543 RALLYDEBUG rally_openstack.contexts.keystone.users [-] Creating 3 tenants using 20 threads
2019-07-20 08:08:41.681 6543 RALLYDEBUG rally_openstack.contexts.keystone.users [-] Creating 6 users using 20 threads
2019-07-20 08:08:44.444 6543 INFO rally.task.context [-] Task 3388a170-42b2-4c73-a928-5568ee596e9a | Context users@openstack setup() finished in 4.60 sec
2019-07-20 08:08:44.453 6543 RALLYDEBUG rally.task.runner [-] Starting the constant runner (task UUID: 3388a170-42b2-4c73-a928-5568ee596e9a). timeout: 0 concurrency: 4 concurrency_per_worker: 1 times: 10 concurrency_overhead: 0 processes_to_start: 4 max_cpu_used: 16
2019-07-20 08:08:44.466 6772 RALLYDEBUG rally.task.runner [-] Starting a worker. concurrency: 1 args: {"detailed": false} times: 10 method_name: run timeout: 0 duration: None cls:
2019-07-20 08:08:44.466 6771 RALLYDEBUG rally.task.runner [-] Starting a worker. concurrency: 1 args: {"detailed": false} times: 10 method_name: run timeout: 0 duration: None cls:
2019-07-20 08:08:44.470 6772 INFO rally.task.runner [-] Task 3388a170-42b2-4c73-a928-5568ee596e9a | ITER: 1 START
2019-07-20 08:08:44.471 6771 INFO rally.task.runner [-] Task 3388a170-42b2-4c73-a928-5568ee596e9a | ITER: 2 START
2019-07-20 08:08:44.471 6773 RALLYDEBUG rally.task.runner [-] Starting a worker. concurrency: 1 args: {"detailed": false} times: 10 method_name: run timeout: 0 duration: None cls:
2019-07-20 08:08:44.474 6774 RALLYDEBUG rally.task.runner [-] Starting a worker. concurrency: 1 args: {"detailed": false} times: 10 method_name: run timeout: 0 duration: None cls:
2019-07-20 08:08:44.476 6773 INFO rally.task.runner [-] Task 3388a170-42b2-4c73-a928-5568ee596e9a | ITER: 3 START
2019-07-20 08:08:44.480 6774 INFO rally.task.runner [-] Task 3388a170-42b2-4c73-a928-5568ee596e9a | ITER: 4 START
2019-07-20 08:08:45.185 6773 INFO rally.task.runner [-] Task 3388a170-42b2-4c73-a928-5568ee596e9a | ITER: 3 END: OK
2019-07-20 08:08:45.188 6773 INFO rally.task.runner [-] Task 3388a170-42b2-4c73-a928-5568ee596e9a | ITER: 5 START
2019-07-20 08:08:45.195 6772 INFO rally.task.runner [-] Task 3388a170-42b2-4c73-a928-5568ee596e9a | ITER: 1 END: OK
2019-07-20 08:08:45.195 6771 INFO rally.task.runner [-] Task 3388a170-42b2-4c73-a928-5568ee596e9a | ITER: 2 END: OK
