2019-07-20 08:01:35.574 1842 INFO rally.task.context [-] Task bb201858-97d6-46f7-af4f-edf7ea7d6080 | Context quotas@openstack cleanup() started
2019-07-20 08:01:35.835 1842 INFO rally.task.context [-] Task bb201858-97d6-46f7-af4f-edf7ea7d6080 | Context quotas@openstack cleanup() finished in 0.26 sec
2019-07-20 08:01:35.835 1842 INFO rally.task.context [-] Task bb201858-97d6-46f7-af4f-edf7ea7d6080 | Context api_versions@openstack cleanup() started
2019-07-20 08:01:35.836 1842 INFO rally.task.context [-] Task bb201858-97d6-46f7-af4f-edf7ea7d6080 | Context api_versions@openstack cleanup() finished in 0.29 msec
2019-07-20 08:01:35.836 1842 INFO rally.task.context [-] Task bb201858-97d6-46f7-af4f-edf7ea7d6080 | Context users@openstack cleanup() started
2019-07-20 08:01:42.706 1842 INFO rally.task.context [-] Task bb201858-97d6-46f7-af4f-edf7ea7d6080 | Context users@openstack cleanup() finished in 6.87 sec
2019-07-20 08:01:43.553 1842 INFO rally.task.engine [-] Load duration is: 18.217524
2019-07-20 08:01:43.554 1842 INFO rally.task.engine [-] Full runner duration is: 18.265059
2019-07-20 08:01:43.554 1842 INFO rally.task.engine [-] Full duration is: 39.338508
2019-07-20 08:01:43.724 1842 INFO rally.task.engine [-] Running workload: position = 1 config = { "version": 2, "title": "A cropped version of a bigger task.", "description": "Auto-generated task from a single workload (uuid=4d6eff7f-6616-44ad-a020-c51460a05369)", "subtasks": [ { "title": "CinderVolumes.create_and_delete_volume", "description": "Create and then delete a volume.", "scenario": { "CinderVolumes.create_and_delete_volume": { "image": { "name": "rally_full-img_f92828fe-ee36-4774-b6b2-30f03bd6f5d0" }, "size": 1 } }, "contexts": { "users": { "tenants": 3, "users_per_tenant": 2 }, "quotas": { "cinder": { "gigabytes": -1, "snapshots": -1, "volumes": -1 } }, "api_versions": { "cinder": { "version": 3, "service_type": "volumev3" } } }, "runner": { "constant": { "concurrency": 4, "times": 10 } }, "hooks": [], "sla": { "failure_rate": { "max": 0 } } } ] }
2019-07-20 08:01:43.748 1842 RALLYDEBUG rally_openstack.contexts.keystone.users [-] Creating 3 tenants using 20 threads
2019-07-20 08:01:45.629 1842 RALLYDEBUG rally_openstack.contexts.keystone.users [-] Creating 6 users using 20 threads
2019-07-20 08:01:48.392 1842 INFO rally.task.context [-] Task bb201858-97d6-46f7-af4f-edf7ea7d6080 | Context users@openstack setup() finished in 4.64 sec
2019-07-20 08:01:48.816 1842 INFO rally.task.context [-] Task bb201858-97d6-46f7-af4f-edf7ea7d6080 | Context api_versions@openstack setup() finished in 0.42 sec
2019-07-20 08:01:50.340 1842 INFO rally.task.context [-] Task bb201858-97d6-46f7-af4f-edf7ea7d6080 | Context quotas@openstack setup() finished in 1.52 sec
2019-07-20 08:01:50.341 1842 INFO rally.task.context [-] Task bb201858-97d6-46f7-af4f-edf7ea7d6080 | Context cleanup@openstack setup() finished in 0.02 msec
2019-07-20 08:01:51.069 1842 RALLYDEBUG rally.task.runner [-] Starting the constant runner (task UUID: bb201858-97d6-46f7-af4f-edf7ea7d6080). timeout: 0 concurrency: 4 concurrency_per_worker: 1 times: 10 concurrency_overhead: 0 processes_to_start: 4 max_cpu_used: 16
2019-07-20 08:01:51.082 4354 RALLYDEBUG rally.task.runner [-] Starting a worker. concurrency: 1 args: {"image": "82d4626c-13f0-4d95-9cf8-0bd751ec8278", "size": 1} times: 10 method_name: run timeout: 0 duration: None cls:
2019-07-20 08:01:51.084 4355 RALLYDEBUG rally.task.runner [-] Starting a worker. concurrency: 1 args: {"image": "82d4626c-13f0-4d95-9cf8-0bd751ec8278", "size": 1} times: 10 method_name: run timeout: 0 duration: None cls:
2019-07-20 08:01:51.084 4356 RALLYDEBUG rally.task.runner [-] Starting a worker. concurrency: 1 args: {"image": "82d4626c-13f0-4d95-9cf8-0bd751ec8278", "size": 1} times: 10 method_name: run timeout: 0 duration: None cls:
2019-07-20 08:01:51.087 4357 RALLYDEBUG rally.task.runner [-] Starting a worker. concurrency: 1 args: {"image": "82d4626c-13f0-4d95-9cf8-0bd751ec8278", "size": 1} times: 10 method_name: run timeout: 0 duration: None cls:
2019-07-20 08:01:51.091 4354 INFO rally.task.runner [-] Task bb201858-97d6-46f7-af4f-edf7ea7d6080 | ITER: 1 START
2019-07-20 08:01:51.093 4356 INFO rally.task.runner [-] Task bb201858-97d6-46f7-af4f-edf7ea7d6080 | ITER: 3 START
2019-07-20 08:01:51.095 4357 INFO rally.task.runner [-] Task bb201858-97d6-46f7-af4f-edf7ea7d6080 | ITER: 4 START
2019-07-20 08:01:51.096 4355 INFO rally.task.runner [-] Task bb201858-97d6-46f7-af4f-edf7ea7d6080 | ITER: 2 START
2019-07-20 08:01:55.536 4355 RALLYDEBUG rally.task.utils [-] Waiting for resource s_rally_4d6eff7f_ud7EkNq8. Status changed: CREATING => DOWNLOADING in 0.961169958115
2019-07-20 08:01:57.441 4354 RALLYDEBUG rally.task.utils [-] Waiting for resource s_rally_4d6eff7f_bFu6m5Cq. Status changed: CREATING => AVAILABLE in 2.80743002892
2019-07-20 08:01:57.506 4356 RALLYDEBUG rally.task.utils [-] Waiting for resource s_rally_4d6eff7f_KthEHjb0. Status changed: DOWNLOADING => AVAILABLE in 2.90911006927
2019-07-20 08:01:57.622 4357 RALLYDEBUG rally.task.utils [-] Waiting for resource s_rally_4d6eff7f_MpTN7thC. Status changed: CREATING => DOWNLOADING in 3.04710793495
2019-07-20 08:01:57.819 4354 RALLYDEBUG rally.task.utils [-] Waiting for resource s_rally_4d6eff7f_bFu6m5Cq. Status changed: AVAILABLE => DELETING in 0.0666921138763
2019-07-20 08:01:57.909 4356 RALLYDEBUG rally.task.utils [-] Waiting for resource s_rally_4d6eff7f_KthEHjb0. Status changed: AVAILABLE => DELETING in 0.0664119720459
2019-07-20 08:01:57.912 4355 RALLYDEBUG rally.task.utils [-] Waiting for resource s_rally_4d6eff7f_ud7EkNq8. Status changed: DOWNLOADING => AVAILABLE in 2.37610006332
2019-07-20 08:01:58.061 4355 RALLYDEBUG rally.task.utils [-] Waiting for resource s_rally_4d6eff7f_ud7EkNq8. Status changed: AVAILABLE => DELETING in 0.0590801239014
2019-07-20 08:01:59.885 4357 RALLYDEBUG rally.task.utils [-] Waiting for resource s_rally_4d6eff7f_MpTN7thC. Status changed: DOWNLOADING => AVAILABLE in 2.26284694672
2019-07-20 08:01:59.947 4356 INFO rally.task.runner [-] Task bb201858-97d6-46f7-af4f-edf7ea7d6080 | ITER: 3 END: OK
2019-07-20 08:01:59.952 4356 INFO rally.task.runner [-] Task bb201858-97d6-46f7-af4f-edf7ea7d6080 | ITER: 5 START
2019-07-20 08:02:00.052 4354 INFO rally.task.runner [-] Task bb201858-97d6-46f7-af4f-edf7ea7d6080 | ITER: 1 END: OK
2019-07-20 08:02:00.058 4354 INFO rally.task.runner [-] Task bb201858-97d6-46f7-af4f-edf7ea7d6080 | ITER: 6 START
2019-07-20 08:02:00.102 4355 INFO rally.task.runner [-] Task bb201858-97d6-46f7-af4f-edf7ea7d6080 | ITER: 2 END: OK
2019-07-20 08:02:00.108 4355 INFO rally.task.runner [-] Task bb201858-97d6-46f7-af4f-edf7ea7d6080 | ITER: 7 START
2019-07-20 08:02:00.198 4357 INFO rally.task.runner [-] Task bb201858-97d6-46f7-af4f-edf7ea7d6080 | ITER: 4 END: OK
2019-07-20 08:02:00.203 4357 INFO rally.task.runner [-] Task bb201858-97d6-46f7-af4f-edf7ea7d6080 | ITER: 8 START
2019-07-20 08:02:06.173 4356 RALLYDEBUG rally.task.utils [-] Waiting for resource s_rally_4d6eff7f_ENbJpLgE. Status changed: DOWNLOADING => AVAILABLE in 2.87874007225
2019-07-20 08:02:06.322 4355 RALLYDEBUG rally.task.utils [-] Waiting for resource s_rally_4d6eff7f_Hjbq5HQ2. Status changed: DOWNLOADING => AVAILABLE in 2.90909790993
2019-07-20 08:02:06.408 4357 RALLYDEBUG rally.task.utils [-] Waiting for resource s_rally_4d6eff7f_RKn3OHv1. Status changed: DOWNLOADING => AVAILABLE in 2.80503296852
2019-07-20 08:02:06.414 4354 RALLYDEBUG rally.task.utils [-] Waiting for resource s_rally_4d6eff7f_TmIV3BAn. Status changed: DOWNLOADING => AVAILABLE in 2.82686400414
2019-07-20 08:02:06.858 4356 RALLYDEBUG rally.task.utils [-] Waiting for resource s_rally_4d6eff7f_ENbJpLgE. Status changed: AVAILABLE => DELETING in 0.423639059067
2019-07-20 08:02:06.978 4354 RALLYDEBUG rally.task.utils [-] Waiting for resource s_rally_4d6eff7f_TmIV3BAn. Status changed: AVAILABLE => DELETING in 0.272875070572
2019-07-20 08:02:06.992 4355 RALLYDEBUG rally.task.utils [-] Waiting for resource s_rally_4d6eff7f_Hjbq5HQ2. Status changed: AVAILABLE => DELETING in 0.347990036011
2019-07-20 08:02:07.029 4357 RALLYDEBUG rally.task.utils [-] Waiting for resource s_rally_4d6eff7f_RKn3OHv1. Status changed: AVAILABLE => DELETING in 0.247424840927
2019-07-20 08:02:08.899 4356 INFO rally.task.runner [-] Task bb201858-97d6-46f7-af4f-edf7ea7d6080 | ITER: 5 END: OK
2019-07-20 08:02:08.903 4356 INFO rally.task.runner [-] Task bb201858-97d6-46f7-af4f-edf7ea7d6080 | ITER: 9 START
2019-07-20 08:02:09.017 4354 INFO rally.task.runner [-] Task bb201858-97d6-46f7-af4f-edf7ea7d6080 | ITER: 6 END: OK
2019-07-20 08:02:09.022 4354 INFO rally.task.runner [-] Task bb201858-97d6-46f7-af4f-edf7ea7d6080 | ITER: 10 START
2019-07-20 08:02:09.071 4357 INFO rally.task.runner [-] Task bb201858-97d6-46f7-af4f-edf7ea7d6080 | ITER: 8 END: OK
2019-07-20 08:02:09.289 4355 INFO rally.task.runner [-] Task bb201858-97d6-46f7-af4f-edf7ea7d6080 | ITER: 7 END: OK
2019-07-20 08:02:14.759 4356 RALLYDEBUG rally.task.utils [-] Waiting for resource s_rally_4d6eff7f_dXfZbPUb. Status changed: DOWNLOADING => AVAILABLE in 2.62936878204
2019-07-20 08:02:15.308 4356 RALLYDEBUG rally.task.utils [-] Waiting for resource s_rally_4d6eff7f_dXfZbPUb. Status changed: AVAILABLE => DELETING in 0.0576608181
2019-07-20 08:02:15.634 4354 RALLYDEBUG rally.task.utils [-] Waiting for resource s_rally_4d6eff7f_DSG4FM2j. Status changed: DOWNLOADING => AVAILABLE in 2.88530302048
2019-07-20 08:02:16.255 4354 INFO rally.task.runner [-] Task bb201858-97d6-46f7-af4f-edf7ea7d6080 | ITER: 10 END: OK
2019-07-20 08:02:17.629 4356 INFO rally.task.runner [-] Task bb201858-97d6-46f7-af4f-edf7ea7d6080 | ITER: 9 END: OK
2019-07-20 08:02:17.653 1842 INFO rally.task.context [-] Task bb201858-97d6-46f7-af4f-edf7ea7d6080 | Context cleanup@openstack cleanup() started
2019-07-20 08:02:17.655 1842 RALLYDEBUG rally_openstack.cleanup.manager [-] Cleaning up cinder backups objects
2019-07-20 08:02:19.556 1842 RALLYDEBUG rally_openstack.cleanup.manager [-] Cleaning up cinder volume_snapshots objects
2019-07-20 08:02:21.608 1842 RALLYDEBUG rally_openstack.cleanup.manager [-] Cleaning up cinder transfers objects
2019-07-20 08:02:23.447 1842 RALLYDEBUG rally_openstack.cleanup.manager [-] Cleaning up cinder volumes objects
2019-07-20 08:02:25.545 1842 INFO rally.task.context [-] Task bb201858-97d6-46f7-af4f-edf7ea7d6080 | Context cleanup@openstack cleanup() finished in 7.89 sec
2019-07-20 08:02:25.546 1842 INFO rally.task.context [-] Task bb201858-97d6-46f7-af4f-edf7ea7d6080 | Context quotas@openstack cleanup() started
2019-07-20 08:02:26.087 1842 INFO rally.task.context [-] Task bb201858-97d6-46f7-af4f-edf7ea7d6080 | Context quotas@openstack cleanup() finished in 0.54 sec
2019-07-20 08:02:26.087 1842 INFO rally.task.context [-] Task bb201858-97d6-46f7-af4f-edf7ea7d6080 | Context api_versions@openstack cleanup() started
2019-07-20 08:02:26.088 1842 INFO rally.task.context [-] Task bb201858-97d6-46f7-af4f-edf7ea7d6080 | Context api_versions@openstack cleanup() finished in 0.29 msec
2019-07-20 08:02:26.088 1842 INFO rally.task.context [-] Task bb201858-97d6-46f7-af4f-edf7ea7d6080 | Context users@openstack cleanup() started
2019-07-20 08:02:33.197 1842 INFO rally.task.context [-] Task bb201858-97d6-46f7-af4f-edf7ea7d6080 | Context users@openstack cleanup() finished in 7.11 sec
2019-07-20 08:02:33.934 1842 INFO rally.task.engine [-] Load duration is: 26.531849
2019-07-20 08:02:33.934 1842 INFO rally.task.engine [-] Full runner duration is: 26.58443
2019-07-20 08:02:33.935 1842 INFO rally.task.engine [-] Full duration is: 49.451589
2019-07-20 08:02:34.087 1842 INFO rally.task.engine [-] Running workload: position = 2 config = { "version": 2, "title": "A cropped version of a bigger task.", "description": "Auto-generated task from a single workload (uuid=86aa0923-3a19-4b66-994c-d7acc815c860)", "subtasks": [ { "title": "CinderVolumes.create_and_delete_volume", "description": "Create and then delete a volume.", "scenario": { "CinderVolumes.create_and_delete_volume": { "size": 1 } }, "contexts": { "users": { "tenants": 3, "users_per_tenant": 2 }, "quotas": { "cinder": { "gigabytes": -1, "snapshots": -1, "volumes": -1 } }, "api_versions": { "cinder": { "version": 3, "service_type": "volumev3" } } }, "runner": { "constant": { "concurrency": 4, "times": 10 } }, "hooks": [], "sla": { "failure_rate": { "max": 0 } } } ] }
2019-07-20 08:02:34.107 1842 RALLYDEBUG rally_openstack.contexts.keystone.users [-] Creating 3 tenants using 20 threads
2019-07-20 08:02:35.881 1842 RALLYDEBUG rally_openstack.contexts.keystone.users [-] Creating 6 users using 20 threads
2019-07-20 08:02:38.530 1842 INFO rally.task.context [-] Task bb201858-97d6-46f7-af4f-edf7ea7d6080 | Context users@openstack setup() finished in 4.42 sec
2019-07-20 08:02:38.948 1842 INFO rally.task.context [-] Task bb201858-97d6-46f7-af4f-edf7ea7d6080 | Context api_versions@openstack setup() finished in 0.42 sec
2019-07-20 08:02:40.645 1842 INFO rally.task.context [-] Task bb201858-97d6-46f7-af4f-edf7ea7d6080 | Context quotas@openstack setup() finished in 1.70 sec
2019-07-20 08:02:40.645 1842 INFO rally.task.context [-] Task bb201858-97d6-46f7-af4f-edf7ea7d6080 | Context cleanup@openstack setup() finished in 0.01 msec
2019-07-20 08:02:40.654 1842 RALLYDEBUG rally.task.runner [-] Starting the constant runner (task UUID: bb201858-97d6-46f7-af4f-edf7ea7d6080). timeout: 0 concurrency: 4 concurrency_per_worker: 1 times: 10 concurrency_overhead: 0 processes_to_start: 4 max_cpu_used: 16
2019-07-20 08:02:40.667 4538 RALLYDEBUG rally.task.runner [-] Starting a worker. concurrency: 1 args: {"size": 1} times: 10 method_name: run timeout: 0 duration: None cls:
2019-07-20 08:02:40.669 4539 RALLYDEBUG rally.task.runner [-] Starting a worker. concurrency: 1 args: {"size": 1} times: 10 method_name: run timeout: 0 duration: None cls:
2019-07-20 08:02:40.672 4540 RALLYDEBUG rally.task.runner [-] Starting a worker. concurrency: 1 args: {"size": 1} times: 10 method_name: run timeout: 0 duration: None cls:
2019-07-20 08:02:40.675 4538 INFO rally.task.runner [-] Task bb201858-97d6-46f7-af4f-edf7ea7d6080 | ITER: 1 START
2019-07-20 08:02:40.675 4541 RALLYDEBUG rally.task.runner [-] Starting a worker. concurrency: 1 args: {"size": 1} times: 10 method_name: run timeout: 0 duration: None cls:
2019-07-20 08:02:40.678 4539 INFO rally.task.runner [-] Task bb201858-97d6-46f7-af4f-edf7ea7d6080 | ITER: 2 START
2019-07-20 08:02:40.681 4540 INFO rally.task.runner [-] Task bb201858-97d6-46f7-af4f-edf7ea7d6080 | ITER: 3 START
2019-07-20 08:02:40.687 4541 INFO rally.task.runner [-] Task bb201858-97d6-46f7-af4f-edf7ea7d6080 | ITER: 4 START
2019-07-20 08:02:44.769 4540 RALLYDEBUG rally.task.utils [-] Waiting for resource s_rally_86aa0923_dr0SwbTL. Status changed: AVAILABLE => DELETING in 0.0580389499664
2019-07-20 08:02:44.905 4539 RALLYDEBUG rally.task.utils [-] Waiting for resource s_rally_86aa0923_QwxSthsQ. Status changed: AVAILABLE => DELETING in 0.321337938309
2019-07-20 08:02:45.020 4538 INFO rally.task.runner [-] Task bb201858-97d6-46f7-af4f-edf7ea7d6080 | ITER: 1 END: OK
2019-07-20 08:02:45.025 4538 INFO rally.task.runner [-] Task bb201858-97d6-46f7-af4f-edf7ea7d6080 | ITER: 5 START
2019-07-20 08:02:45.883 4541 INFO rally.task.runner [-] Task bb201858-97d6-46f7-af4f-edf7ea7d6080 | ITER: 4 END: OK
2019-07-20 08:02:45.889 4541 INFO rally.task.runner [-] Task bb201858-97d6-46f7-af4f-edf7ea7d6080 | ITER: 6 START
2019-07-20 08:02:46.943 4539 INFO rally.task.runner [-] Task bb201858-97d6-46f7-af4f-edf7ea7d6080 | ITER: 2 END: OK
2019-07-20 08:02:46.948 4539 INFO rally.task.runner [-] Task bb201858-97d6-46f7-af4f-edf7ea7d6080 | ITER: 7 START
2019-07-20 08:02:46.997 4540 INFO rally.task.runner [-] Task bb201858-97d6-46f7-af4f-edf7ea7d6080 | ITER: 3 END: OK
2019-07-20 08:02:47.002 4540 INFO rally.task.runner [-] Task bb201858-97d6-46f7-af4f-edf7ea7d6080 | ITER: 8 START
2019-07-20 08:02:48.822 4538 INFO rally.task.runner [-] Task bb201858-97d6-46f7-af4f-edf7ea7d6080 | ITER: 5 END: OK
2019-07-20 08:02:48.826 4538 INFO rally.task.runner [-] Task bb201858-97d6-46f7-af4f-edf7ea7d6080 | ITER: 9 START
2019-07-20 08:02:49.627 4541 INFO rally.task.runner [-] Task bb201858-97d6-46f7-af4f-edf7ea7d6080 | ITER: 6 END: OK
2019-07-20 08:02:49.632 4541 INFO rally.task.runner [-] Task bb201858-97d6-46f7-af4f-edf7ea7d6080 | ITER: 10 START
2019-07-20 08:02:50.919 4540 INFO rally.task.runner [-] Task bb201858-97d6-46f7-af4f-edf7ea7d6080 | ITER: 8 END: OK
2019-07-20 08:02:51.088 4539 RALLYDEBUG rally.task.utils [-] Waiting for resource s_rally_86aa0923_WxLOIr4A. Status changed: AVAILABLE => DELETING in 0.273738145828
2019-07-20 08:02:52.546 4538 INFO rally.task.runner [-] Task bb201858-97d6-46f7-af4f-edf7ea7d6080 | ITER: 9 END: OK
2019-07-20 08:02:53.124 4539 INFO rally.task.runner [-] Task bb201858-97d6-46f7-af4f-edf7ea7d6080 | ITER: 7 END: OK
2019-07-20 08:02:53.572 4541 INFO rally.task.runner [-] Task bb201858-97d6-46f7-af4f-edf7ea7d6080 | ITER: 10 END: OK
2019-07-20 08:02:53.596 1842 INFO rally.task.context [-] Task bb201858-97d6-46f7-af4f-edf7ea7d6080 | Context cleanup@openstack cleanup() started
2019-07-20 08:02:53.599 1842 RALLYDEBUG rally_openstack.cleanup.manager [-] Cleaning up cinder backups objects
2019-07-20 08:02:55.493 1842 RALLYDEBUG rally_openstack.cleanup.manager [-] Cleaning up cinder volume_snapshots objects
2019-07-20 08:02:57.372 1842 RALLYDEBUG rally_openstack.cleanup.manager [-] Cleaning up cinder transfers objects
2019-07-20 08:02:59.229 1842 RALLYDEBUG rally_openstack.cleanup.manager [-] Cleaning up cinder volumes objects
2019-07-20 08:03:01.347 1842 INFO rally.task.context [-] Task bb201858-97d6-46f7-af4f-edf7ea7d6080 | Context cleanup@openstack cleanup() finished in 7.75 sec
2019-07-20 08:03:01.348 1842 INFO rally.task.context [-] Task bb201858-97d6-46f7-af4f-edf7ea7d6080 | Context quotas@openstack cleanup() started
2019-07-20 08:03:01.787 1842 INFO rally.task.context [-] Task bb201858-97d6-46f7-af4f-edf7ea7d6080 | Context quotas@openstack cleanup() finished in 0.44 sec
2019-07-20 08:03:01.788 1842 INFO rally.task.context [-] Task bb201858-97d6-46f7-af4f-edf7ea7d6080 | Context api_versions@openstack cleanup() started
2019-07-20 08:03:01.788 1842 INFO rally.task.context [-] Task bb201858-97d6-46f7-af4f-edf7ea7d6080 | Context api_versions@openstack cleanup() finished in 0.30 msec
2019-07-20 08:03:01.788 1842 INFO rally.task.context [-] Task bb201858-97d6-46f7-af4f-edf7ea7d6080 | Context users@openstack cleanup() started
2019-07-20 08:03:08.641 1842 INFO rally.task.context [-] Task bb201858-97d6-46f7-af4f-edf7ea7d6080 | Context users@openstack cleanup() finished in 6.85 sec
2019-07-20 08:03:10.265 1842 INFO rally.task.engine [-] Load duration is: 12.891289
2019-07-20 08:03:10.266 1842 INFO rally.task.engine [-] Full runner duration is: 12.943725
2019-07-20 08:03:10.266 1842 INFO rally.task.engine [-] Full duration is: 34.537425
2019-07-20 08:03:10.531 1842 INFO rally.task.engine [-] Running workload: position = 0 config = { "version": 2, "title": "A cropped version of a bigger task.", "description": "Auto-generated task from a single workload (uuid=396b7d07-b4ff-4dd7-afa7-fc5eac755246)", "subtasks": [ { "title": "CinderVolumes.create_and_extend_volume", "description": "Create and extend a volume and then delete it.", "scenario": { "CinderVolumes.create_and_extend_volume": { "new_size": 2, "size": 1 } }, "contexts": { "users": { "tenants": 3, "users_per_tenant": 2 }, "quotas": { "cinder": { "gigabytes": -1, "snapshots": -1, "volumes": -1 } }, "api_versions": { "cinder": { "version": 3, "service_type": "volumev3" } } }, "runner": { "constant": { "concurrency": 4, "times": 10 } }, "hooks": [], "sla": { "failure_rate": { "max": 0 } } } ] }
2019-07-20 08:03:10.557 1842 RALLYDEBUG rally_openstack.contexts.keystone.users [-] Creating 3 tenants using 20 threads
2019-07-20 08:03:12.355 1842 RALLYDEBUG rally_openstack.contexts.keystone.users [-] Creating 6 users using 20 threads
2019-07-20 08:03:15.274 1842 INFO rally.task.context [-] Task bb201858-97d6-46f7-af4f-edf7ea7d6080 | Context users@openstack setup() finished in 4.72 sec
2019-07-20 08:03:15.704 1842 INFO rally.task.context [-] Task bb201858-97d6-46f7-af4f-edf7ea7d6080 | Context api_versions@openstack setup() finished in 0.43 sec
2019-07-20 08:03:17.291 1842 INFO rally.task.context [-] Task bb201858-97d6-46f7-af4f-edf7ea7d6080 | Context quotas@openstack setup() finished in 1.59 sec
2019-07-20 08:03:17.292 1842 INFO rally.task.context [-] Task bb201858-97d6-46f7-af4f-edf7ea7d6080 | Context cleanup@openstack setup() finished in 0.01 msec
2019-07-20 08:03:17.299 1842 RALLYDEBUG rally.task.runner [-] Starting the constant runner (task UUID: bb201858-97d6-46f7-af4f-edf7ea7d6080). timeout: 0 concurrency: 4 concurrency_per_worker: 1 times: 10 concurrency_overhead: 0 processes_to_start: 4 max_cpu_used: 16
2019-07-20 08:03:17.312 4722 RALLYDEBUG rally.task.runner [-] Starting a worker. concurrency: 1 args: {"new_size": 2, "size": 1} times: 10 method_name: run timeout: 0 duration: None cls:
2019-07-20 08:03:17.315 4723 RALLYDEBUG rally.task.runner [-] Starting a worker. concurrency: 1 args: {"new_size": 2, "size": 1} times: 10 method_name: run timeout: 0 duration: None cls:
2019-07-20 08:03:17.318 4724 RALLYDEBUG rally.task.runner [-] Starting a worker. concurrency: 1 args: {"new_size": 2, "size": 1} times: 10 method_name: run timeout: 0 duration: None cls:
2019-07-20 08:03:17.320 4722 INFO rally.task.runner [-] Task bb201858-97d6-46f7-af4f-edf7ea7d6080 | ITER: 1 START
2019-07-20 08:03:17.321 4725 RALLYDEBUG rally.task.runner [-] Starting a worker. concurrency: 1 args: {"new_size": 2, "size": 1} times: 10 method_name: run timeout: 0 duration: None cls:
2019-07-20 08:03:17.323 4723 INFO rally.task.runner [-] Task bb201858-97d6-46f7-af4f-edf7ea7d6080 | ITER: 2 START
2019-07-20 08:03:17.327 4724 INFO rally.task.runner [-] Task bb201858-97d6-46f7-af4f-edf7ea7d6080 | ITER: 3 START
2019-07-20 08:03:17.329 4725 INFO rally.task.runner [-] Task bb201858-97d6-46f7-af4f-edf7ea7d6080 | ITER: 4 START
2019-07-20 08:03:21.447 4724 RALLYDEBUG rally.task.utils [-] Waiting for resource s_rally_396b7d07_WEWzkXSg. Status changed: AVAILABLE => EXTENDING in 0.0629549026489
2019-07-20 08:03:21.745 4725 INFO rally.task.runner [-] Task bb201858-97d6-46f7-af4f-edf7ea7d6080 | ITER: 4 END: OK
2019-07-20 08:03:21.751 4725 INFO rally.task.runner [-] Task bb201858-97d6-46f7-af4f-edf7ea7d6080 | ITER: 5 START
2019-07-20 08:03:22.071 4723 RALLYDEBUG rally.task.utils [-] Waiting for resource s_rally_396b7d07_5ovY0L5J. Status changed: AVAILABLE => DELETING in 0.245371103287
2019-07-20 08:03:22.118 4722 RALLYDEBUG rally.task.utils [-] Waiting for resource s_rally_396b7d07_XcgAbpyM. Status changed: AVAILABLE => DELETING in 0.263364076614
2019-07-20 08:03:23.504 4724 RALLYDEBUG rally.task.utils [-] Waiting for resource s_rally_396b7d07_WEWzkXSg. Status changed: EXTENDING => AVAILABLE in 2.05751514435
2019-07-20 08:03:24.104 4724 INFO rally.task.runner [-] Task bb201858-97d6-46f7-af4f-edf7ea7d6080 | ITER: 3 END: OK
2019-07-20 08:03:24.110 4724 INFO rally.task.runner [-] Task bb201858-97d6-46f7-af4f-edf7ea7d6080 | ITER: 6 START
2019-07-20 08:03:24.297 4723 INFO rally.task.runner [-] Task bb201858-97d6-46f7-af4f-edf7ea7d6080 | ITER: 2 END: OK
2019-07-20 08:03:24.303 4723 INFO rally.task.runner [-] Task bb201858-97d6-46f7-af4f-edf7ea7d6080 | ITER: 7 START
2019-07-20 08:03:24.443 4722 INFO rally.task.runner [-] Task bb201858-97d6-46f7-af4f-edf7ea7d6080 | ITER: 1 END: OK
2019-07-20 08:03:24.448 4722 INFO rally.task.runner [-] Task bb201858-97d6-46f7-af4f-edf7ea7d6080 | ITER: 8 START
2019-07-20 08:03:25.710 4725 RALLYDEBUG rally.task.utils [-] Waiting for resource s_rally_396b7d07_tzQHBqRT. Status changed: AVAILABLE => EXTENDING in 0.0568280220032
2019-07-20 08:03:27.767 4725 RALLYDEBUG rally.task.utils [-] Waiting for resource s_rally_396b7d07_tzQHBqRT. Status changed: EXTENDING => AVAILABLE in 2.05763220787
2019-07-20 08:03:28.407 4725 INFO rally.task.runner [-] Task bb201858-97d6-46f7-af4f-edf7ea7d6080 | ITER: 5 END: OK
2019-07-20 08:03:28.411 4725 INFO rally.task.runner [-] Task bb201858-97d6-46f7-af4f-edf7ea7d6080 | ITER: 9 START
2019-07-20 08:03:28.656 4724 RALLYDEBUG rally.task.utils [-] Waiting for resource s_rally_396b7d07_9DavIRpc. Status changed: AVAILABLE => DELETING in 0.38663482666
2019-07-20 08:03:28.676 4722 RALLYDEBUG rally.task.utils [-] Waiting for resource s_rally_396b7d07_eGfTW7rs. Status changed: AVAILABLE => EXTENDING in 0.284895181656
2019-07-20 08:03:28.711 4723 RALLYDEBUG rally.task.utils [-] Waiting for resource s_rally_396b7d07_gz2ec4kH. Status changed: AVAILABLE => DELETING in 0.278671979904
2019-07-20 08:03:30.741 4722 RALLYDEBUG rally.task.utils [-] Waiting for resource s_rally_396b7d07_eGfTW7rs. Status changed: EXTENDING => AVAILABLE in 2.06429481506
2019-07-20 08:03:30.916 4724 INFO rally.task.runner [-] Task bb201858-97d6-46f7-af4f-edf7ea7d6080 | ITER: 6 END: OK
2019-07-20 08:03:30.919 4724 INFO rally.task.runner [-] Task bb201858-97d6-46f7-af4f-edf7ea7d6080 | ITER: 10 START
2019-07-20 08:03:30.949 4723 INFO rally.task.runner [-] Task bb201858-97d6-46f7-af4f-edf7ea7d6080 | ITER: 7 END: OK
2019-07-20 08:03:31.045 4722 INFO rally.task.runner [-] Task bb201858-97d6-46f7-af4f-edf7ea7d6080 | ITER: 8 END: OK
2019-07-20 08:03:32.813 4725 RALLYDEBUG rally.task.utils [-] Waiting for resource s_rally_396b7d07_Xns1mQha. Status changed: AVAILABLE => DELETING in 0.0571901798248
2019-07-20 08:03:35.034 4725 INFO rally.task.runner [-] Task bb201858-97d6-46f7-af4f-edf7ea7d6080 | ITER: 9 END: OK
2019-07-20 08:03:35.095 4724 RALLYDEBUG rally.task.utils [-] Waiting for resource s_rally_396b7d07_K0VCDx4H. Status changed: AVAILABLE => DELETING in 0.0528340339661
2019-07-20 08:03:37.333 4724 INFO rally.task.runner [-] Task bb201858-97d6-46f7-af4f-edf7ea7d6080 | ITER: 10 END: OK
2019-07-20 08:03:37.357 1842 INFO rally.task.context [-] Task bb201858-97d6-46f7-af4f-edf7ea7d6080 | Context cleanup@openstack cleanup() started
2019-07-20 08:03:37.360 1842 RALLYDEBUG rally_openstack.cleanup.manager [-] Cleaning up cinder backups objects
2019-07-20 08:03:39.475 1842 RALLYDEBUG rally_openstack.cleanup.manager [-] Cleaning up cinder volume_snapshots objects
2019-07-20 08:03:41.372 1842 RALLYDEBUG rally_openstack.cleanup.manager [-] Cleaning up cinder transfers objects
2019-07-20 08:03:43.400 1842 RALLYDEBUG rally_openstack.cleanup.manager [-] Cleaning up cinder volumes objects
2019-07-20 08:03:45.360 1842 INFO rally.task.context [-] Task bb201858-97d6-46f7-af4f-edf7ea7d6080 | Context cleanup@openstack cleanup() finished in 8.00 sec
2019-07-20 08:03:45.361 1842 INFO rally.task.context [-] Task bb201858-97d6-46f7-af4f-edf7ea7d6080 | Context quotas@openstack cleanup() started
2019-07-20 08:03:46.088 1842 INFO rally.task.context [-] Task bb201858-97d6-46f7-af4f-edf7ea7d6080 | Context quotas@openstack cleanup() finished in 0.73 sec
2019-07-20 08:03:46.089 1842 INFO rally.task.context [-] Task bb201858-97d6-46f7-af4f-edf7ea7d6080 | Context api_versions@openstack cleanup() started
2019-07-20 08:03:46.089 1842 INFO rally.task.context [-] Task bb201858-97d6-46f7-af4f-edf7ea7d6080 | Context api_versions@openstack cleanup() finished in 0.31 msec
2019-07-20 08:03:46.089 1842 INFO rally.task.context [-] Task bb201858-97d6-46f7-af4f-edf7ea7d6080 | Context users@openstack cleanup() started
2019-07-20 08:03:52.900 1842 INFO rally.task.context [-] Task bb201858-97d6-46f7-af4f-edf7ea7d6080 | Context users@openstack cleanup() finished in 6.81 sec
2019-07-20 08:03:54.765 1842 INFO rally.task.engine [-] Load duration is: 20.008177
2019-07-20 08:03:54.766 1842 INFO rally.task.engine [-] Full runner duration is: 20.058248
2019-07-20 08:03:54.766 1842 INFO rally.task.engine [-] Full duration is: 42.348659
2019-07-20 08:03:55.035 1842 INFO rally.task.engine [-] Running workload: position = 0 config = { "version": 2, "title": "A cropped version of a bigger task.", "description": "Auto-generated task from a single workload (uuid=f3810e9d-2bc1-436d-9e0f-2182f387ebdb)", "subtasks": [ { "title": "CinderVolumes.create_from_volume_and_delete_volume", "description": "Create volume from volume and then delete it.", "scenario": { "CinderVolumes.create_from_volume_and_delete_volume": { "size": 1 } }, "contexts": { "users": { "tenants": 3, "users_per_tenant": 2 }, "quotas": { "cinder": { "gigabytes": -1, "snapshots": -1, "volumes": -1 } }, "api_versions": { "cinder": { "version": 3, "service_type": "volumev3" } }, "volumes": { "size": 1, "volumes_per_tenant": 1 } }, "runner": { "constant": { "concurrency": 4, "times": 10 } }, "hooks": [], "sla": { "failure_rate": { "max": 0 } } } ] }
2019-07-20 08:03:55.063 1842 RALLYDEBUG rally_openstack.contexts.keystone.users [-] Creating 3 tenants using 20 threads
2019-07-20 08:03:56.841 1842 RALLYDEBUG rally_openstack.contexts.keystone.users [-] Creating 6 users using 20 threads
2019-07-20 08:03:59.498 1842 INFO rally.task.context [-] Task bb201858-97d6-46f7-af4f-edf7ea7d6080 | Context users@openstack setup() finished in 4.44 sec
2019-07-20 08:03:59.917 1842 INFO rally.task.context [-] Task bb201858-97d6-46f7-af4f-edf7ea7d6080 | Context api_versions@openstack setup() finished in 0.42 sec
2019-07-20 08:04:01.456 1842 INFO rally.task.context [-] Task bb201858-97d6-46f7-af4f-edf7ea7d6080 | Context quotas@openstack setup() finished in 1.54 sec
2019-07-20 08:04:12.186 1842 INFO rally.task.context [-] Task bb201858-97d6-46f7-af4f-edf7ea7d6080 | Context volumes@openstack setup() finished in 10.73 sec
2019-07-20 08:04:12.187 1842 INFO rally.task.context [-] Task bb201858-97d6-46f7-af4f-edf7ea7d6080 | Context cleanup@openstack setup() finished in 0.01 msec
2019-07-20 08:04:12.195 1842 RALLYDEBUG rally.task.runner [-] Starting the constant runner (task UUID: bb201858-97d6-46f7-af4f-edf7ea7d6080). timeout: 0 concurrency: 4 concurrency_per_worker: 1 times: 10 concurrency_overhead: 0 processes_to_start: 4 max_cpu_used: 16
2019-07-20 08:04:12.207 4906 RALLYDEBUG rally.task.runner [-] Starting a worker. concurrency: 1 args: {"size": 1} times: 10 method_name: run timeout: 0 duration: None cls:
2019-07-20 08:04:12.210 4907 RALLYDEBUG rally.task.runner [-] Starting a worker. concurrency: 1 args: {"size": 1} times: 10 method_name: run timeout: 0 duration: None cls:
2019-07-20 08:04:12.213 4908 RALLYDEBUG rally.task.runner [-] Starting a worker. concurrency: 1 args: {"size": 1} times: 10 method_name: run timeout: 0 duration: None cls:
2019-07-20 08:04:12.216 4909 RALLYDEBUG rally.task.runner [-] Starting a worker. concurrency: 1 args: {"size": 1} times: 10 method_name: run timeout: 0 duration: None cls:
2019-07-20 08:04:12.219 4906 INFO rally.task.runner [-] Task bb201858-97d6-46f7-af4f-edf7ea7d6080 | ITER: 1 START
2019-07-20 08:04:12.221 4907 INFO rally.task.runner [-] Task bb201858-97d6-46f7-af4f-edf7ea7d6080 | ITER: 2 START
2019-07-20 08:04:12.224 4908 INFO rally.task.runner [-] Task bb201858-97d6-46f7-af4f-edf7ea7d6080 | ITER: 3 START
2019-07-20 08:04:12.227 4909 INFO rally.task.runner [-] Task bb201858-97d6-46f7-af4f-edf7ea7d6080 | ITER: 4 START
2019-07-20 08:04:16.403 4909 RALLYDEBUG rally.task.utils [-] Waiting for resource s_rally_f3810e9d_5kalN4mU. Status changed: AVAILABLE => DELETING in 0.246444940567
2019-07-20 08:04:16.417 4907 RALLYDEBUG rally.task.utils [-] Waiting for resource s_rally_f3810e9d_Gk7IVEF5. Status changed: AVAILABLE => DELETING in 0.0509111881256
2019-07-20 08:04:18.162 4908 RALLYDEBUG rally.task.utils [-] Waiting for resource s_rally_f3810e9d_e3BuGN9v. Status changed: CREATING => AVAILABLE in 2.74735784531
2019-07-20 08:04:18.316 4906 RALLYDEBUG rally.task.utils [-] Waiting for resource s_rally_f3810e9d_GOqZ48Hb. Status changed: CREATING => AVAILABLE in 2.82991313934
2019-07-20 08:04:18.510 4908 RALLYDEBUG rally.task.utils [-] Waiting for resource s_rally_f3810e9d_e3BuGN9v. Status changed: AVAILABLE => DELETING in 0.0661990642548
2019-07-20 08:04:18.917 4906 RALLYDEBUG rally.task.utils [-] Waiting for resource s_rally_f3810e9d_GOqZ48Hb. Status changed: AVAILABLE => DELETING in 0.23356795311
2019-07-20 08:04:21.157 4906 INFO rally.task.runner [-] Task bb201858-97d6-46f7-af4f-edf7ea7d6080 | ITER: 1 END: OK
2019-07-20 08:04:21.163 4906 INFO rally.task.runner [-] Task bb201858-97d6-46f7-af4f-edf7ea7d6080 | ITER: 5 START
2019-07-20 08:04:22.840 4909 INFO rally.task.runner [-] Task bb201858-97d6-46f7-af4f-edf7ea7d6080 | ITER: 4 END: OK
2019-07-20 08:04:22.845 4909 INFO rally.task.runner [-] Task bb201858-97d6-46f7-af4f-edf7ea7d6080 | ITER: 6 START
2019-07-20 08:04:22.987 4908 INFO rally.task.runner [-] Task bb201858-97d6-46f7-af4f-edf7ea7d6080 | ITER: 3 END: OK
2019-07-20 08:04:22.993 4908 INFO rally.task.runner [-] Task bb201858-97d6-46f7-af4f-edf7ea7d6080 | ITER: 7 START
2019-07-20 08:04:23.169 4907 INFO rally.task.runner [-] Task bb201858-97d6-46f7-af4f-edf7ea7d6080 | ITER: 2 END: OK
2019-07-20 08:04:23.175 4907 INFO rally.task.runner [-] Task bb201858-97d6-46f7-af4f-edf7ea7d6080 | ITER: 8 START
2019-07-20 08:04:25.318 4906 RALLYDEBUG rally.task.utils [-] Waiting for resource s_rally_f3810e9d_bcnY1q9k. Status changed: AVAILABLE => DELETING in 0.233032941818
2019-07-20 08:04:26.930 4909 RALLYDEBUG rally.task.utils [-] Waiting for resource s_rally_f3810e9d_z18PiXu1. Status changed: AVAILABLE => DELETING in 0.316825866699
2019-07-20 08:04:27.505 4908 RALLYDEBUG rally.task.utils [-] Waiting for resource s_rally_f3810e9d_p43sOT89. Status changed: AVAILABLE => DELETING in 0.246240139008
2019-07-20 08:04:29.123 4907 RALLYDEBUG rally.task.utils [-] Waiting for resource s_rally_f3810e9d_a7btiA8O. Status changed: CREATING => AVAILABLE in 2.80018687248
2019-07-20 08:04:29.595 4906 INFO rally.task.runner [-] Task bb201858-97d6-46f7-af4f-edf7ea7d6080 | ITER: 5 END: OK
2019-07-20 08:04:29.600 4906 INFO rally.task.runner [-] Task bb201858-97d6-46f7-af4f-edf7ea7d6080 | ITER: 9 START
2019-07-20 08:04:29.622 4907 RALLYDEBUG rally.task.utils [-] Waiting for resource s_rally_f3810e9d_a7btiA8O. Status changed: AVAILABLE => DELETING in 0.242181062698
2019-07-20 08:04:31.236 4909 INFO rally.task.runner [-] Task bb201858-97d6-46f7-af4f-edf7ea7d6080 | ITER: 6 END: OK
2019-07-20 08:04:31.240 4909 INFO rally.task.runner [-] Task bb201858-97d6-46f7-af4f-edf7ea7d6080 | ITER: 10 START
2019-07-20 08:04:31.799 4908 INFO rally.task.runner [-] Task bb201858-97d6-46f7-af4f-edf7ea7d6080 | ITER: 7 END: OK
2019-07-20 08:04:31.850 4907 INFO rally.task.runner [-] Task bb201858-97d6-46f7-af4f-edf7ea7d6080 | ITER: 8 END: OK
2019-07-20 08:04:33.682 4906 RALLYDEBUG rally.task.utils [-] Waiting for resource s_rally_f3810e9d_0sHzI6KG. Status changed: AVAILABLE => DELETING in 0.337653875351
2019-07-20 08:04:35.174 4909 RALLYDEBUG rally.task.utils [-] Waiting for resource s_rally_f3810e9d_6yrHfeX2. Status changed: AVAILABLE => DELETING in 0.23023891449
2019-07-20 08:04:35.719 4906 INFO rally.task.runner [-] Task bb201858-97d6-46f7-af4f-edf7ea7d6080 | ITER: 9 END: OK
2019-07-20 08:04:37.503 4909 INFO rally.task.runner [-] Task bb201858-97d6-46f7-af4f-edf7ea7d6080 | ITER: 10 END: OK
2019-07-20 08:04:37.524 1842 INFO rally.task.context [-] Task bb201858-97d6-46f7-af4f-edf7ea7d6080 | Context cleanup@openstack cleanup() started
2019-07-20 08:04:37.526 1842 RALLYDEBUG rally_openstack.cleanup.manager [-] Cleaning up cinder backups objects
2019-07-20 08:04:39.453 1842 RALLYDEBUG rally_openstack.cleanup.manager [-] Cleaning up cinder volume_snapshots objects
2019-07-20 08:04:41.468 1842 RALLYDEBUG rally_openstack.cleanup.manager [-] Cleaning up cinder transfers objects
2019-07-20 08:04:43.466 1842 RALLYDEBUG rally_openstack.cleanup.manager [-] Cleaning up cinder volumes objects
2019-07-20 08:04:45.630 1842 INFO rally.task.context [-] Task bb201858-97d6-46f7-af4f-edf7ea7d6080 | Context cleanup@openstack cleanup() finished in 8.11 sec
2019-07-20 08:04:45.631 1842 INFO rally.task.context [-] Task bb201858-97d6-46f7-af4f-edf7ea7d6080 | Context volumes@openstack cleanup() started
2019-07-20 08:04:45.632 1842 RALLYDEBUG rally_openstack.cleanup.manager [-] Cleaning up cinder volumes objects
2019-07-20 08:04:47.861 1842 RALLYDEBUG rally_openstack.cleanup.manager [-] Deleting cinder.volumes object c_rally_f3810e9d_D2lWommq (5661c006-acce-44d5-9397-c1ddfd63f5d3)
2019-07-20 08:04:47.870 1842 RALLYDEBUG rally_openstack.cleanup.manager [-] Deleting cinder.volumes object c_rally_f3810e9d_l7LEeTGU (d416d5dc-eb86-4c5f-9f17-8a8649861a7d)
2019-07-20 08:04:47.873 1842 RALLYDEBUG rally_openstack.cleanup.manager [-] Deleting cinder.volumes object c_rally_f3810e9d_ziK08bUs (a79a8900-d67f-440f-b82b-87aec6bc89d0)
2019-07-20 08:04:51.196 1842 INFO rally.task.context [-] Task bb201858-97d6-46f7-af4f-edf7ea7d6080 | Context volumes@openstack cleanup() finished in 5.56 sec
2019-07-20 08:04:51.196 1842 INFO rally.task.context [-] Task bb201858-97d6-46f7-af4f-edf7ea7d6080 | Context quotas@openstack cleanup() started
2019-07-20 08:04:51.737 1842 INFO rally.task.context [-] Task bb201858-97d6-46f7-af4f-edf7ea7d6080 | Context quotas@openstack cleanup() finished in 0.54 sec
2019-07-20 08:04:51.738 1842 INFO rally.task.context [-] Task bb201858-97d6-46f7-af4f-edf7ea7d6080 | Context api_versions@openstack cleanup() started
2019-07-20 08:04:51.738 1842 INFO rally.task.context [-] Task bb201858-97d6-46f7-af4f-edf7ea7d6080 | Context api_versions@openstack cleanup() finished in 0.30 msec
2019-07-20 08:04:51.738 1842 INFO rally.task.context [-] Task bb201858-97d6-46f7-af4f-edf7ea7d6080 | Context users@openstack cleanup() started
2019-07-20 08:04:59.027 1842 INFO rally.task.context [-] Task bb201858-97d6-46f7-af4f-edf7ea7d6080 | Context users@openstack cleanup() finished in 7.29 sec
2019-07-20 08:04:59.327 1842 INFO rally.task.engine [-] Load duration is: 25.279769
2019-07-20 08:04:59.328 1842 INFO rally.task.engine [-] Full runner duration is: 25.329418
2019-07-20 08:04:59.328 1842 INFO rally.task.engine [-] Full duration is: 63.969214
2019-07-20 08:04:59.585 1842 INFO rally.task.engine [-] Running workload: position = 0 config = { "version": 2, "title": "A cropped version of a bigger task.", "description": "Auto-generated task from a single workload (uuid=f014c5ad-a3ff-4536-8e50-15e4ab485e76)", "subtasks": [ { "title": "CinderQos.create_and_get_qos", "description": "Create a qos, then get details of the qos.", "scenario": { "CinderQos.create_and_get_qos": { "consumer": "both", "write_iops_sec": "10", "read_iops_sec": "1000" } }, "contexts": { "users": { "tenants": 3, "users_per_tenant": 2 }, "api_versions": { "cinder": { "version": 3, "service_type": "volumev3" } } }, "runner": { "constant": { "concurrency": 4, "times": 10 } }, "hooks": [], "sla": { "failure_rate": { "max": 0 } } } ] }
2019-07-20 08:04:59.608 1842 RALLYDEBUG rally_openstack.contexts.keystone.users [-] Creating 3 tenants using 20 threads
2019-07-20 08:05:01.429 1842 RALLYDEBUG rally_openstack.contexts.keystone.users [-] Creating 6 users using 20 threads
2019-07-20 08:05:04.115 1842 INFO rally.task.context [-] Task bb201858-97d6-46f7-af4f-edf7ea7d6080 | Context users@openstack setup() finished in 4.51 sec
2019-07-20 08:05:04.530 1842 INFO rally.task.context [-] Task bb201858-97d6-46f7-af4f-edf7ea7d6080 | Context api_versions@openstack setup() finished in 0.41 sec
2019-07-20 08:05:04.531 1842 INFO rally.task.context [-] Task bb201858-97d6-46f7-af4f-edf7ea7d6080 | Context admin_cleanup@openstack setup() finished in 0.00 msec
2019-07-20 08:05:04.538 1842 RALLYDEBUG rally.task.runner [-] Starting the constant runner (task UUID: bb201858-97d6-46f7-af4f-edf7ea7d6080). timeout: 0 concurrency: 4 concurrency_per_worker: 1 times: 10 concurrency_overhead: 0 processes_to_start: 4 max_cpu_used: 16
2019-07-20 08:05:04.550 5110 RALLYDEBUG rally.task.runner [-] Starting a worker. concurrency: 1 args: {"consumer": "both", "write_iops_sec": "10", "read_iops_sec": "1000"} times: 10 method_name: run timeout: 0 duration: None cls:
2019-07-20 08:05:04.554 5111 RALLYDEBUG rally.task.runner [-] Starting a worker. concurrency: 1 args: {"consumer": "both", "write_iops_sec": "10", "read_iops_sec": "1000"} times: 10 method_name: run timeout: 0 duration: None cls:
2019-07-20 08:05:04.556 5112 RALLYDEBUG rally.task.runner [-] Starting a worker. concurrency: 1 args: {"consumer": "both", "write_iops_sec": "10", "read_iops_sec": "1000"} times: 10 method_name: run timeout: 0 duration: None cls:
2019-07-20 08:05:04.558 5110 INFO rally.task.runner [-] Task bb201858-97d6-46f7-af4f-edf7ea7d6080 | ITER: 1 START
2019-07-20 08:05:04.560 5113 RALLYDEBUG rally.task.runner [-] Starting a worker. concurrency: 1 args: {"consumer": "both", "write_iops_sec": "10", "read_iops_sec": "1000"} times: 10 method_name: run timeout: 0 duration: None cls:
2019-07-20 08:05:04.563 5111 INFO rally.task.runner [-] Task bb201858-97d6-46f7-af4f-edf7ea7d6080 | ITER: 2 START
2019-07-20 08:05:04.563 5112 INFO rally.task.runner [-] Task bb201858-97d6-46f7-af4f-edf7ea7d6080 | ITER: 3 START
2019-07-20 08:05:04.567 5113 INFO rally.task.runner [-] Task bb201858-97d6-46f7-af4f-edf7ea7d6080 | ITER: 4 START
2019-07-20 08:05:05.671 5112 INFO rally.task.runner [-] Task bb201858-97d6-46f7-af4f-edf7ea7d6080 | ITER: 3 END: OK
2019-07-20 08:05:05.676 5112 INFO rally.task.runner [-] Task bb201858-97d6-46f7-af4f-edf7ea7d6080 | ITER: 5 START
2019-07-20 08:05:05.719 5110 INFO rally.task.runner [-] Task bb201858-97d6-46f7-af4f-edf7ea7d6080 | ITER: 1 END: OK
2019-07-20 08:05:05.725 5110 INFO rally.task.runner [-] Task bb201858-97d6-46f7-af4f-edf7ea7d6080 | ITER: 6 START
2019-07-20 08:05:05.735 5111 INFO rally.task.runner [-] Task bb201858-97d6-46f7-af4f-edf7ea7d6080 | ITER: 2 END: OK
2019-07-20 08:05:05.739 5111 INFO rally.task.runner [-] Task bb201858-97d6-46f7-af4f-edf7ea7d6080 | ITER: 7 START
2019-07-20 08:05:05.753 5113 INFO rally.task.runner [-] Task bb201858-97d6-46f7-af4f-edf7ea7d6080 | ITER: 4 END: OK
2019-07-20 08:05:05.758 5113 INFO rally.task.runner [-] Task bb201858-97d6-46f7-af4f-edf7ea7d6080 | ITER: 8 START
2019-07-20 08:05:06.667 5112 INFO rally.task.runner [-] Task bb201858-97d6-46f7-af4f-edf7ea7d6080 | ITER: 5 END: OK
2019-07-20 08:05:06.672 5112 INFO rally.task.runner [-] Task bb201858-97d6-46f7-af4f-edf7ea7d6080 | ITER: 9 START
2019-07-20 08:05:06.703 5110 INFO rally.task.runner [-] Task bb201858-97d6-46f7-af4f-edf7ea7d6080 | ITER: 6 END: OK
2019-07-20 08:05:06.707 5110 INFO rally.task.runner [-] Task bb201858-97d6-46f7-af4f-edf7ea7d6080 | ITER: 10 START
2019-07-20 08:05:06.719 5113 INFO rally.task.runner [-] Task bb201858-97d6-46f7-af4f-edf7ea7d6080 | ITER: 8 END: OK
2019-07-20 08:05:06.740 5111 INFO rally.task.runner [-] Task bb201858-97d6-46f7-af4f-edf7ea7d6080 | ITER: 7 END: OK
2019-07-20 08:05:07.569 5110 INFO rally.task.runner [-] Task bb201858-97d6-46f7-af4f-edf7ea7d6080 | ITER: 10 END: OK
2019-07-20 08:05:07.631 5112 INFO rally.task.runner [-] Task bb201858-97d6-46f7-af4f-edf7ea7d6080 | ITER: 9 END: OK
2019-07-20 08:05:07.656 1842 INFO rally.task.context [-] Task bb201858-97d6-46f7-af4f-edf7ea7d6080 | Context admin_cleanup@openstack cleanup() started
2019-07-20 08:05:07.660 1842 RALLYDEBUG rally_openstack.cleanup.manager [-] Cleaning up cinder volume_types objects
2019-07-20 08:05:08.320 1842 RALLYDEBUG rally_openstack.cleanup.manager [-] Cleaning up cinder image_volumes_cache objects
2019-07-20 08:05:09.540 1842 RALLYDEBUG rally_openstack.cleanup.manager [-] Cleaning up cinder quotas objects
2019-07-20 08:05:11.038 1842 RALLYDEBUG rally_openstack.cleanup.manager [-] Cleaning up cinder qos_specs objects
2019-07-20 08:05:11.842 1842 RALLYDEBUG rally_openstack.cleanup.manager [-] Deleting cinder.qos_specs object s_rally_f014c5ad_BciWR0E8 (a09d4111-e04b-4406-b13d-db6a4b596261)
2019-07-20 08:05:11.854 1842 RALLYDEBUG rally_openstack.cleanup.manager [-] Deleting cinder.qos_specs object s_rally_f014c5ad_1YEef8Vw (9ff7a925-b96d-4ffc-bc73-a07f04bbca76)
2019-07-20 08:05:11.854 1842 RALLYDEBUG rally_openstack.cleanup.manager [-] Deleting cinder.qos_specs object s_rally_f014c5ad_nmIuS9Nn (0cc4a747-81cb-40f7-9a50-e8c7f6fe2a23)
2019-07-20 08:05:11.863 1842 RALLYDEBUG rally_openstack.cleanup.manager [-] Deleting cinder.qos_specs object s_rally_f014c5ad_yfGS1Iqv (9f4ca0a8-e997-4fd0-a30e-f7f66da888b8)
2019-07-20 08:05:11.871 1842 RALLYDEBUG rally_openstack.cleanup.manager [-] Deleting cinder.qos_specs object s_rally_f014c5ad_WQMDSiZc (32ac6ffa-bebd-4e72-8bae-52032407f844)
2019-07-20 08:05:11.886 1842 RALLYDEBUG rally_openstack.cleanup.manager [-] Deleting cinder.qos_specs object s_rally_f014c5ad_zQUnvTNe (2b403753-805c-4526-abe8-ecab6903fd4e)
2019-07-20 08:05:11.899 1842 RALLYDEBUG rally_openstack.cleanup.manager [-] Deleting cinder.qos_specs object s_rally_f014c5ad_J9li2w0r (72d932f8-3aa9-4b91-b299-9e6f73760e73)
2019-07-20 08:05:11.908 1842 RALLYDEBUG rally_openstack.cleanup.manager [-] Deleting cinder.qos_specs object s_rally_f014c5ad_VdNdKvo2 (610b07a3-65c9-4cd7-97c5-22f2f2b2b12a)
2019-07-20 08:05:11.910 1842 RALLYDEBUG rally_openstack.cleanup.manager [-] Deleting cinder.qos_specs object s_rally_f014c5ad_cRA6LTUW (b03a78b8-5b01-4064-a058-1f9316e833c6)
2019-07-20 08:05:11.932 1842 RALLYDEBUG rally_openstack.cleanup.manager [-] Deleting cinder.qos_specs object s_rally_f014c5ad_hWCcl0py (28a3102e-9d43-4fc4-aeed-5a619bb50746)
2019-07-20 08:05:14.237 1842 INFO rally.task.context [-] Task bb201858-97d6-46f7-af4f-edf7ea7d6080 | Context admin_cleanup@openstack cleanup() finished in 6.58 sec
2019-07-20 08:05:14.237 1842 INFO rally.task.context [-] Task bb201858-97d6-46f7-af4f-edf7ea7d6080 | Context api_versions@openstack cleanup() started
2019-07-20 08:05:14.238 1842 INFO rally.task.context [-] Task bb201858-97d6-46f7-af4f-edf7ea7d6080 | Context api_versions@openstack cleanup() finished in 0.30 msec
2019-07-20 08:05:14.238 1842 INFO rally.task.context [-] Task bb201858-97d6-46f7-af4f-edf7ea7d6080 | Context users@openstack cleanup() started
2019-07-20 08:05:21.089 1842 INFO rally.task.context [-] Task bb201858-97d6-46f7-af4f-edf7ea7d6080 | Context users@openstack cleanup() finished in 6.85 sec
2019-07-20 08:05:21.718 1842 INFO rally.task.engine [-] Load duration is: 3.069526
2019-07-20 08:05:21.719 1842 INFO rally.task.engine [-] Full runner duration is: 3.117756
2019-07-20 08:05:21.719 1842 INFO rally.task.engine [-] Full duration is: 21.483677
2019-07-20 08:05:21.939 1842 INFO rally.task.engine [-] Running workload: position = 0 config = { "version": 2, "title": "A cropped version of a bigger task.", "description": "Auto-generated task from a single workload (uuid=93793dbf-d1fb-464b-b67d-deea396e7f7d)", "subtasks": [ { "title": "CinderQos.create_and_list_qos", "description": "Create a qos, then list all qos.", "scenario": { "CinderQos.create_and_list_qos": { "consumer": "both", "write_iops_sec": "10", "read_iops_sec": "1000" } }, "contexts": { "users": { "tenants": 3, "users_per_tenant": 2 }, "api_versions": { "cinder": { "version": 3, "service_type": "volumev3" } } }, "runner": { "constant": { "concurrency": 4, "times": 10 } }, "hooks": [], "sla": { "failure_rate": { "max": 0 } } } ] }
2019-07-20 08:05:21.964 1842 RALLYDEBUG rally_openstack.contexts.keystone.users [-] Creating 3 tenants using 20 threads
2019-07-20 08:05:23.719 1842 RALLYDEBUG rally_openstack.contexts.keystone.users [-] Creating 6 users using 20 threads
2019-07-20 08:05:26.538 1842 INFO rally.task.context [-] Task bb201858-97d6-46f7-af4f-edf7ea7d6080 | Context users@openstack setup() finished in 4.57 sec
2019-07-20 08:05:26.974 1842 INFO rally.task.context [-] Task bb201858-97d6-46f7-af4f-edf7ea7d6080 | Context api_versions@openstack setup() finished in 0.44 sec
2019-07-20 08:05:26.975 1842 INFO rally.task.context [-] Task bb201858-97d6-46f7-af4f-edf7ea7d6080 | Context admin_cleanup@openstack setup() finished in 0.01 msec
2019-07-20 08:05:26.982 1842 RALLYDEBUG rally.task.runner [-] Starting the constant runner (task UUID: bb201858-97d6-46f7-af4f-edf7ea7d6080). timeout: 0 concurrency: 4 concurrency_per_worker: 1 times: 10 concurrency_overhead: 0 processes_to_start: 4 max_cpu_used: 16
2019-07-20 08:05:26.995 5294 RALLYDEBUG rally.task.runner [-] Starting a worker. concurrency: 1 args: {"consumer": "both", "write_iops_sec": "10", "read_iops_sec": "1000"} times: 10 method_name: run timeout: 0 duration: None cls:
2019-07-20 08:05:26.998 5295 RALLYDEBUG rally.task.runner [-] Starting a worker. concurrency: 1 args: {"consumer": "both", "write_iops_sec": "10", "read_iops_sec": "1000"} times: 10 method_name: run timeout: 0 duration: None cls:
2019-07-20 08:05:27.002 5294 INFO rally.task.runner [-] Task bb201858-97d6-46f7-af4f-edf7ea7d6080 | ITER: 1 START
2019-07-20 08:05:27.001 5296 RALLYDEBUG rally.task.runner [-] Starting a worker. concurrency: 1 args: {"consumer": "both", "write_iops_sec": "10", "read_iops_sec": "1000"} times: 10 method_name: run timeout: 0 duration: None cls:
2019-07-20 08:05:27.005 5295 INFO rally.task.runner [-] Task bb201858-97d6-46f7-af4f-edf7ea7d6080 | ITER: 2 START
2019-07-20 08:05:27.005 5297 RALLYDEBUG rally.task.runner [-] Starting a worker. concurrency: 1 args: {"consumer": "both", "write_iops_sec": "10", "read_iops_sec": "1000"} times: 10 method_name: run timeout: 0 duration: None cls:
2019-07-20 08:05:27.009 5296 INFO rally.task.runner [-] Task bb201858-97d6-46f7-af4f-edf7ea7d6080 | ITER: 3 START
2019-07-20 08:05:27.012 5297 INFO rally.task.runner [-] Task bb201858-97d6-46f7-af4f-edf7ea7d6080 | ITER: 4 START
2019-07-20 08:05:28.113 5296 INFO rally.task.runner [-] Task bb201858-97d6-46f7-af4f-edf7ea7d6080 | ITER: 3 END: OK
2019-07-20 08:05:28.118 5296 INFO rally.task.runner [-] Task bb201858-97d6-46f7-af4f-edf7ea7d6080 | ITER: 5 START
2019-07-20 08:05:28.126 5295 INFO rally.task.runner [-] Task bb201858-97d6-46f7-af4f-edf7ea7d6080 | ITER: 2 END: OK
2019-07-20 08:05:28.132 5295 INFO rally.task.runner [-] Task bb201858-97d6-46f7-af4f-edf7ea7d6080 | ITER: 6 START
