2019-07-20 07:37:25.658 7 RALLYDEBUG rally.api [-] INFO logs from urllib3 and requests module are hide.
2019-07-20 07:37:25.658 7 RALLYDEBUG rally.api [-] urllib3 insecure warnings are hidden.
2019-07-20 07:37:25.659 7 RALLYDEBUG rally.api [-] ERROR log from boto module is hide.
2019-07-20 07:37:26.884 7 ERROR rally.cli.cliutils [-] Unexpected exception in CLI: DBRecordNotFound: Record for uuid or name is opnfv-rally not found in table envs
2019-07-20 07:37:26.884 7 ERROR rally.cli.cliutils
Traceback (most recent call last):
2019-07-20 07:37:26.884 7 ERROR rally.cli.cliutils
File "/usr/lib/python2.7/site-packages/rally/cli/cliutils.py", line 674, in run
2019-07-20 07:37:26.884 7 ERROR rally.cli.cliutils ret = fn(*fn_args, **fn_kwargs)
2019-07-20 07:37:26.884 7 ERROR rally.cli.cliutils File "", line 2, in destroy
2019-07-20 07:37:26.884 7 ERROR rally.cli.cliutils
File "/usr/lib/python2.7/site-packages/rally/cli/envutils.py", line 69, in default_from_global
2019-07-20 07:37:26.884 7 ERROR rally.cli.cliutils return f(*args, **kwargs)
2019-07-20 07:37:26.884 7 ERROR rally.cli.cliutils File "", line 2, in destroy
2019-07-20 07:37:26.884 7 ERROR rally.cli.cliutils
File "/usr/lib/python2.7/site-packages/rally/plugins/__init__.py", line 51, in ensure_plugins_are_loaded
2019-07-20 07:37:26.884 7 ERROR rally.cli.cliutils return f(*args, **kwargs)
2019-07-20 07:37:26.884 7 ERROR rally.cli.cliutils
File "/usr/lib/python2.7/site-packages/rally/cli/commands/deployment.py", line 140, in destroy
2019-07-20 07:37:26.884 7 ERROR rally.cli.cliutils api.deployment.destroy(deployment=deployment)
2019-07-20 07:37:26.884 7 ERROR rally.cli.cliutils
File "/usr/lib/python2.7/site-packages/rally/api.py", line 115, in destroy
2019-07-20 07:37:26.884 7 ERROR rally.cli.cliutils deploy = objects.Deployment.get(deployment)
2019-07-20 07:37:26.884 7 ERROR rally.cli.cliutils
File "/usr/lib/python2.7/site-packages/rally/common/objects/deploy.py", line 124, in get
2019-07-20 07:37:26.884 7 ERROR rally.cli.cliutils return Deployment(env_mgr.EnvManager.get(deploy))
2019-07-20 07:37:26.884 7 ERROR rally.cli.cliutils
File "/usr/lib/python2.7/site-packages/rally/env/env_mgr.py", line 212, in get
2019-07-20 07:37:26.884 7 ERROR rally.cli.cliutils return cls(db.env_get(uuid_or_name))
2019-07-20 07:37:26.884 7 ERROR rally.cli.cliutils
File "/usr/lib/python2.7/site-packages/rally/common/db/api.py", line 135, in wrapper
2019-07-20 07:37:26.884 7 ERROR rally.cli.cliutils result = f(session, *args, **kwargs)
2019-07-20 07:37:26.884 7 ERROR rally.cli.cliutils
File "/usr/lib/python2.7/site-packages/rally/common/db/api.py", line 521, in env_get
2019-07-20 07:37:26.884 7 ERROR rally.cli.cliutils criteria="uuid or name is %s" % uuid_or_name, table="envs")
2019-07-20 07:37:26.884 7 ERROR rally.cli.cliutils DBRecordNotFound: Record for uuid or name is opnfv-rally not found in table envs
2019-07-20 07:37:26.884 7 ERROR rally.cli.cliutils
2019-07-20 07:37:27.659 9 RALLYDEBUG rally.api [-] INFO logs from urllib3 and requests module are hide.
2019-07-20 07:37:27.659 9 RALLYDEBUG rally.api [-] urllib3 insecure warnings are hidden.
2019-07-20 07:37:27.659 9 RALLYDEBUG rally.api [-] ERROR log from boto module is hide.
2019-07-20 07:37:28.956 9 WARNING rally_openstack.platforms.existing [-] endpoint is deprecated and not used.
2019-07-20 07:37:29.905 11 RALLYDEBUG rally.api [-] INFO logs from urllib3 and requests module are hide.
2019-07-20 07:37:29.906 11 RALLYDEBUG rally.api [-] urllib3 insecure warnings are hidden.
2019-07-20 07:37:29.906 11 RALLYDEBUG rally.api [-] ERROR log from boto module is hide.
2019-07-20 07:37:33.209 14 RALLYDEBUG rally.api [-] INFO logs from urllib3 and requests module are hide.
2019-07-20 07:37:33.209 14 RALLYDEBUG rally.api [-] urllib3 insecure warnings are hidden.
2019-07-20 07:37:33.209 14 RALLYDEBUG rally.api [-] ERROR log from boto module is hide.
2019-07-20 07:37:34.869 16 RALLYDEBUG rally.api [-] INFO logs from urllib3 and requests module are hide.
2019-07-20 07:37:34.870 16 RALLYDEBUG rally.api [-] urllib3 insecure warnings are hidden.
2019-07-20 07:37:34.870 16 RALLYDEBUG rally.api [-] ERROR log from boto module is hide.
2019-07-20 07:37:36.175 16 INFO rally.task.engine [-] Task aef93697-603f-41ff-8c3f-e4c26ebd92d1 | Starting: Task validation.
2019-07-20 07:37:36.217 16 INFO rally.task.engine [-] Task aef93697-603f-41ff-8c3f-e4c26ebd92d1 | Starting: Task validation of syntax.
2019-07-20 07:37:36.287 16 INFO rally.task.engine [-] Task aef93697-603f-41ff-8c3f-e4c26ebd92d1 | Completed: Task validation of syntax.
2019-07-20 07:37:36.289 16 INFO rally.task.engine [-] Task aef93697-603f-41ff-8c3f-e4c26ebd92d1 | Starting: Task validation of required platforms.
2019-07-20 07:37:36.338 16 INFO rally.task.engine [-] Task aef93697-603f-41ff-8c3f-e4c26ebd92d1 | Completed: Task validation of required platforms.
2019-07-20 07:37:36.338 16 INFO rally.task.engine [-] Task aef93697-603f-41ff-8c3f-e4c26ebd92d1 | Starting: Task validation of semantic.
2019-07-20 07:37:36.338 16 INFO rally.task.engine [-] Check health of the environment '9cc34015-2df3-40f3-bc71-a0d282678b40'.
2019-07-20 07:37:37.158 16 INFO rally.task.engine [-] Platform existing@openstack (available: True): OK!
2019-07-20 07:37:37.176 16 RALLYDEBUG rally_openstack.contexts.keystone.users [-] Creating 1 tenants using 20 threads
2019-07-20 07:37:38.812 16 RALLYDEBUG rally_openstack.contexts.keystone.users [-] Creating 1 users using 20 threads
2019-07-20 07:37:41.231 16 INFO rally.task.context [-] Task aef93697-603f-41ff-8c3f-e4c26ebd92d1 | Context users@openstack setup() finished in 4.05 sec
2019-07-20 07:37:41.278 16 INFO rally.task.context [-] Task aef93697-603f-41ff-8c3f-e4c26ebd92d1 | Context users@openstack cleanup() started
2019-07-20 07:37:45.805 16 INFO rally.task.context [-] Task aef93697-603f-41ff-8c3f-e4c26ebd92d1 | Context users@openstack cleanup() finished in 4.53 sec
2019-07-20 07:37:45.806 16 INFO rally.task.engine [-] Task aef93697-603f-41ff-8c3f-e4c26ebd92d1 | Completed: Task validation of semantic.
2019-07-20 07:37:45.806 16 INFO rally.task.engine [-] Task aef93697-603f-41ff-8c3f-e4c26ebd92d1 | Completed: Task validation.
2019-07-20 07:37:45.806 16 INFO rally.api [-] Task aef93697-603f-41ff-8c3f-e4c26ebd92d1 input file is valid.
2019-07-20 07:37:45.807 16 INFO rally.api [-] Run Task aef93697-603f-41ff-8c3f-e4c26ebd92d1 against Deployment 9cc34015-2df3-40f3-bc71-a0d282678b40
2019-07-20 07:37:45.807 16 INFO rally.task.engine [-] Task aef93697-603f-41ff-8c3f-e4c26ebd92d1 | Starting: Running task.
2019-07-20 07:37:45.937 16 INFO rally.task.engine [-] Running workload: position = 0 config = { "version": 2, "title": "A cropped version of a bigger task.", "description": "Auto-generated task from a single workload (uuid=a3524719-83d0-4c8a-b8fb-b7d688d1f42c)", "subtasks": [ { "title": "Authenticate.keystone", "description": "Check Keystone Client.", "scenario": { "Authenticate.keystone": {} }, "contexts": { "users": { "tenants": 3, "users_per_tenant": 2 } }, "runner": { "constant": { "concurrency": 4, "times": 10 } }, "hooks": [], "sla": { "failure_rate": { "max": 0 } } } ] }
2019-07-20 07:37:45.955 16 RALLYDEBUG rally_openstack.contexts.keystone.users [-] Creating 3 tenants using 20 threads
2019-07-20 07:37:47.780 16 RALLYDEBUG rally_openstack.contexts.keystone.users [-] Creating 6 users using 20 threads
2019-07-20 07:37:50.559 16 INFO rally.task.context [-] Task aef93697-603f-41ff-8c3f-e4c26ebd92d1 | Context users@openstack setup() finished in 4.60 sec
2019-07-20 07:37:50.568 16 RALLYDEBUG rally.task.runner [-] Starting the constant runner (task UUID: aef93697-603f-41ff-8c3f-e4c26ebd92d1). timeout: 0 concurrency: 4 concurrency_per_worker: 1 times: 10 concurrency_overhead: 0 processes_to_start: 4 max_cpu_used: 16
2019-07-20 07:37:50.581 140 RALLYDEBUG rally.task.runner [-] Starting a worker. concurrency: 1 args: {} times: 10 method_name: run timeout: 0 duration: None cls:
2019-07-20 07:37:50.582 141 RALLYDEBUG rally.task.runner [-] Starting a worker. concurrency: 1 args: {} times: 10 method_name: run timeout: 0 duration: None cls:
2019-07-20 07:37:50.585 141 INFO rally.task.runner [-] Task aef93697-603f-41ff-8c3f-e4c26ebd92d1 | ITER: 2 START
2019-07-20 07:37:50.586 140 INFO rally.task.runner [-] Task aef93697-603f-41ff-8c3f-e4c26ebd92d1 | ITER: 1 START
2019-07-20 07:37:50.587 142 RALLYDEBUG rally.task.runner [-] Starting a worker. concurrency: 1 args: {} times: 10 method_name: run timeout: 0 duration: None cls:
2019-07-20 07:37:50.588 143 RALLYDEBUG rally.task.runner [-] Starting a worker. concurrency: 1 args: {} times: 10 method_name: run timeout: 0 duration: None cls:
2019-07-20 07:37:50.592 143 INFO rally.task.runner [-] Task aef93697-603f-41ff-8c3f-e4c26ebd92d1 | ITER: 4 START
2019-07-20 07:37:50.593 142 INFO rally.task.runner [-] Task aef93697-603f-41ff-8c3f-e4c26ebd92d1 | ITER: 3 START
2019-07-20 07:37:51.198 142 INFO rally.task.runner [-] Task aef93697-603f-41ff-8c3f-e4c26ebd92d1 | ITER: 3 END: OK
2019-07-20 07:37:51.202 142 INFO rally.task.runner [-] Task aef93697-603f-41ff-8c3f-e4c26ebd92d1 | ITER: 5 START
2019-07-20 07:37:51.223 140 INFO rally.task.runner [-] Task aef93697-603f-41ff-8c3f-e4c26ebd92d1 | ITER: 1 END: OK
2019-07-20 07:37:51.224 143 INFO rally.task.runner [-] Task aef93697-603f-41ff-8c3f-e4c26ebd92d1 | ITER: 4 END: OK
2019-07-20 07:37:51.227 140 INFO rally.task.runner [-] Task aef93697-603f-41ff-8c3f-e4c26ebd92d1 | ITER: 6 START
2019-07-20 07:37:51.229 143 INFO rally.task.runner [-] Task aef93697-603f-41ff-8c3f-e4c26ebd92d1 | ITER: 7 START
2019-07-20 07:37:51.252 141 INFO rally.task.runner [-] Task aef93697-603f-41ff-8c3f-e4c26ebd92d1 | ITER: 2 END: OK
2019-07-20 07:37:51.255 141 INFO rally.task.runner [-] Task aef93697-603f-41ff-8c3f-e4c26ebd92d1 | ITER: 8 START
2019-07-20 07:37:51.811 142 INFO rally.task.runner [-] Task aef93697-603f-41ff-8c3f-e4c26ebd92d1 | ITER: 5 END: OK
2019-07-20 07:37:51.814 142 INFO rally.task.runner [-] Task aef93697-603f-41ff-8c3f-e4c26ebd92d1 | ITER: 9 START
2019-07-20 07:37:51.828 143 INFO rally.task.runner [-] Task aef93697-603f-41ff-8c3f-e4c26ebd92d1 | ITER: 7 END: OK
2019-07-20 07:37:51.828 140 INFO rally.task.runner [-] Task aef93697-603f-41ff-8c3f-e4c26ebd92d1 | ITER: 6 END: OK
2019-07-20 07:37:51.832 143 INFO rally.task.runner [-] Task aef93697-603f-41ff-8c3f-e4c26ebd92d1 | ITER: 10 START
2019-07-20 07:37:51.835 141 INFO rally.task.runner [-] Task aef93697-603f-41ff-8c3f-e4c26ebd92d1 | ITER: 8 END: OK
2019-07-20 07:37:52.402 142 INFO rally.task.runner [-] Task aef93697-603f-41ff-8c3f-e4c26ebd92d1 | ITER: 9 END: OK
2019-07-20 07:37:52.414 143 INFO rally.task.runner [-] Task aef93697-603f-41ff-8c3f-e4c26ebd92d1 | ITER: 10 END: OK
2019-07-20 07:37:52.439 16 INFO rally.task.context [-] Task aef93697-603f-41ff-8c3f-e4c26ebd92d1 | Context users@openstack cleanup() started
2019-07-20 07:37:59.124 16 INFO rally.task.context [-] Task aef93697-603f-41ff-8c3f-e4c26ebd92d1 | Context users@openstack cleanup() finished in 6.69 sec
2019-07-20 07:38:00.029 16 INFO rally.task.engine [-] Load duration is: 1.82732
2019-07-20 07:38:00.030 16 INFO rally.task.engine [-] Full runner duration is: 1.870937
2019-07-20 07:38:00.030 16 INFO rally.task.engine [-] Full duration is: 13.169885
2019-07-20 07:38:00.284 16 INFO rally.task.engine [-] Running workload: position = 0 config = { "version": 2, "title": "A cropped version of a bigger task.", "description": "Auto-generated task from a single workload (uuid=7c62c217-d172-438b-8b7c-bca731abbba9)", "subtasks": [ { "title": "Authenticate.validate_cinder", "description": "Check Cinder Client to ensure validation of token.", "scenario": { "Authenticate.validate_cinder": { "repetitions": 2 } }, "contexts": { "users": { "tenants": 3, "users_per_tenant": 2 } }, "runner": { "constant": { "concurrency": 4, "times": 10 } }, "hooks": [], "sla": { "failure_rate": { "max": 0 } } } ] }
2019-07-20 07:38:00.307 16 RALLYDEBUG rally_openstack.contexts.keystone.users [-] Creating 3 tenants using 20 threads
2019-07-20 07:38:02.221 16 RALLYDEBUG rally_openstack.contexts.keystone.users [-] Creating 6 users using 20 threads
2019-07-20 07:38:04.975 16 INFO rally.task.context [-] Task aef93697-603f-41ff-8c3f-e4c26ebd92d1 | Context users@openstack setup() finished in 4.67 sec
2019-07-20 07:38:04.983 16 RALLYDEBUG rally.task.runner [-] Starting the constant runner (task UUID: aef93697-603f-41ff-8c3f-e4c26ebd92d1). timeout: 0 concurrency: 4 concurrency_per_worker: 1 times: 10 concurrency_overhead: 0 processes_to_start: 4 max_cpu_used: 16
2019-07-20 07:38:04.993 244 RALLYDEBUG rally.task.runner [-] Starting a worker. concurrency: 1 args: {"repetitions": 2} times: 10 method_name: run timeout: 0 duration: None cls:
2019-07-20 07:38:04.997 244 INFO rally.task.runner [-] Task aef93697-603f-41ff-8c3f-e4c26ebd92d1 | ITER: 1 START
2019-07-20 07:38:04.998 245 RALLYDEBUG rally.task.runner [-] Starting a worker. concurrency: 1 args: {"repetitions": 2} times: 10 method_name: run timeout: 0 duration: None cls:
2019-07-20 07:38:05.001 249 RALLYDEBUG rally.task.runner [-] Starting a worker. concurrency: 1 args: {"repetitions": 2} times: 10 method_name: run timeout: 0 duration: None cls:
2019-07-20 07:38:05.000 246 RALLYDEBUG rally.task.runner [-] Starting a worker. concurrency: 1 args: {"repetitions": 2} times: 10 method_name: run timeout: 0 duration: None cls:
2019-07-20 07:38:05.004 245 INFO rally.task.runner [-] Task aef93697-603f-41ff-8c3f-e4c26ebd92d1 | ITER: 2 START
2019-07-20 07:38:05.005 249 INFO rally.task.runner [-] Task aef93697-603f-41ff-8c3f-e4c26ebd92d1 | ITER: 3 START
2019-07-20 07:38:05.007 246 INFO rally.task.runner [-] Task aef93697-603f-41ff-8c3f-e4c26ebd92d1 | ITER: 4 START
2019-07-20 07:38:06.866 246 INFO rally.task.runner [-] Task aef93697-603f-41ff-8c3f-e4c26ebd92d1 | ITER: 4 END: OK
2019-07-20 07:38:06.870 246 INFO rally.task.runner [-] Task aef93697-603f-41ff-8c3f-e4c26ebd92d1 | ITER: 5 START
2019-07-20 07:38:06.872 244 INFO rally.task.runner [-] Task aef93697-603f-41ff-8c3f-e4c26ebd92d1 | ITER: 1 END: OK
2019-07-20 07:38:06.876 244 INFO rally.task.runner [-] Task aef93697-603f-41ff-8c3f-e4c26ebd92d1 | ITER: 6 START
2019-07-20 07:38:06.906 245 INFO rally.task.runner [-] Task aef93697-603f-41ff-8c3f-e4c26ebd92d1 | ITER: 2 END: OK
2019-07-20 07:38:06.910 245 INFO rally.task.runner [-] Task aef93697-603f-41ff-8c3f-e4c26ebd92d1 | ITER: 7 START
2019-07-20 07:38:06.950 249 INFO rally.task.runner [-] Task aef93697-603f-41ff-8c3f-e4c26ebd92d1 | ITER: 3 END: OK
2019-07-20 07:38:06.953 249 INFO rally.task.runner [-] Task aef93697-603f-41ff-8c3f-e4c26ebd92d1 | ITER: 8 START
2019-07-20 07:38:07.822 245 INFO rally.task.runner [-] Task aef93697-603f-41ff-8c3f-e4c26ebd92d1 | ITER: 7 END: OK
2019-07-20 07:38:07.826 245 INFO rally.task.runner [-] Task aef93697-603f-41ff-8c3f-e4c26ebd92d1 | ITER: 9 START
2019-07-20 07:38:09.315 246 INFO rally.task.runner [-] Task aef93697-603f-41ff-8c3f-e4c26ebd92d1 | ITER: 5 END: OK
2019-07-20 07:38:09.319 244 INFO rally.task.runner [-] Task aef93697-603f-41ff-8c3f-e4c26ebd92d1 | ITER: 6 END: OK
2019-07-20 07:38:09.320 246 INFO rally.task.runner [-] Task aef93697-603f-41ff-8c3f-e4c26ebd92d1 | ITER: 10 START
2019-07-20 07:38:09.814 245 INFO rally.task.runner [-] Task aef93697-603f-41ff-8c3f-e4c26ebd92d1 | ITER: 9 END: OK
2019-07-20 07:38:09.920 249 INFO rally.task.runner [-] Task aef93697-603f-41ff-8c3f-e4c26ebd92d1 | ITER: 8 END: OK
2019-07-20 07:38:10.682 246 INFO rally.task.runner [-] Task aef93697-603f-41ff-8c3f-e4c26ebd92d1 | ITER: 10 END: OK
2019-07-20 07:38:10.707 16 INFO rally.task.context [-] Task aef93697-603f-41ff-8c3f-e4c26ebd92d1 | Context users@openstack cleanup() started
2019-07-20 07:38:18.263 16 INFO rally.task.context [-] Task aef93697-603f-41ff-8c3f-e4c26ebd92d1 | Context users@openstack cleanup() finished in 7.56 sec
2019-07-20 07:38:18.416 16 INFO rally.task.engine [-] Load duration is: 5.685112
2019-07-20 07:38:18.417 16 INFO rally.task.engine [-] Full runner duration is: 5.724201
2019-07-20 07:38:18.417 16 INFO rally.task.engine [-] Full duration is: 17.957757
2019-07-20 07:38:18.664 16 INFO rally.task.engine [-] Running workload: position = 0 config = { "version": 2, "title": "A cropped version of a bigger task.", "description": "Auto-generated task from a single workload (uuid=ecba6ff6-221e-4d5d-aa42-70c5e5dac2dc)", "subtasks": [ { "title": "Authenticate.validate_glance", "description": "Check Glance Client to ensure validation of token.", "scenario": { "Authenticate.validate_glance": { "repetitions": 2 } }, "contexts": { "users": { "tenants": 3, "users_per_tenant": 2 } }, "runner": { "constant": { "concurrency": 4, "times": 10 } }, "hooks": [], "sla": { "failure_rate": { "max": 0 } } } ] }
2019-07-20 07:38:18.685 16 RALLYDEBUG rally_openstack.contexts.keystone.users [-] Creating 3 tenants using 20 threads
2019-07-20 07:38:20.798 16 RALLYDEBUG rally_openstack.contexts.keystone.users [-] Creating 6 users using 20 threads
2019-07-20 07:38:23.613 16 INFO rally.task.context [-] Task aef93697-603f-41ff-8c3f-e4c26ebd92d1 | Context users@openstack setup() finished in 4.93 sec
2019-07-20 07:38:23.620 16 RALLYDEBUG rally.task.runner [-] Starting the constant runner (task UUID: aef93697-603f-41ff-8c3f-e4c26ebd92d1). timeout: 0 concurrency: 4 concurrency_per_worker: 1 times: 10 concurrency_overhead: 0 processes_to_start: 4 max_cpu_used: 16
2019-07-20 07:38:23.632 348 RALLYDEBUG rally.task.runner [-] Starting a worker. concurrency: 1 args: {"repetitions": 2} times: 10 method_name: run timeout: 0 duration: None cls:
2019-07-20 07:38:23.635 349 RALLYDEBUG rally.task.runner [-] Starting a worker. concurrency: 1 args: {"repetitions": 2} times: 10 method_name: run timeout: 0 duration: None cls:
2019-07-20 07:38:23.638 348 INFO rally.task.runner [-] Task aef93697-603f-41ff-8c3f-e4c26ebd92d1 | ITER: 1 START
2019-07-20 07:38:23.637 350 RALLYDEBUG rally.task.runner [-] Starting a worker. concurrency: 1 args: {"repetitions": 2} times: 10 method_name: run timeout: 0 duration: None cls:
2019-07-20 07:38:23.641 351 RALLYDEBUG rally.task.runner [-] Starting a worker. concurrency: 1 args: {"repetitions": 2} times: 10 method_name: run timeout: 0 duration: None cls:
2019-07-20 07:38:23.642 349 INFO rally.task.runner [-] Task aef93697-603f-41ff-8c3f-e4c26ebd92d1 | ITER: 2 START
2019-07-20 07:38:23.643 350 INFO rally.task.runner [-] Task aef93697-603f-41ff-8c3f-e4c26ebd92d1 | ITER: 3 START
2019-07-20 07:38:23.648 351 INFO rally.task.runner [-] Task aef93697-603f-41ff-8c3f-e4c26ebd92d1 | ITER: 4 START
2019-07-20 07:38:24.468 351 INFO rally.task.runner [-] Task aef93697-603f-41ff-8c3f-e4c26ebd92d1 | ITER: 4 END: OK
2019-07-20 07:38:24.473 351 INFO rally.task.runner [-] Task aef93697-603f-41ff-8c3f-e4c26ebd92d1 | ITER: 5 START
2019-07-20 07:38:24.505 349 INFO rally.task.runner [-] Task aef93697-603f-41ff-8c3f-e4c26ebd92d1 | ITER: 2 END: OK
2019-07-20 07:38:24.510 349 INFO rally.task.runner [-] Task aef93697-603f-41ff-8c3f-e4c26ebd92d1 | ITER: 6 START
2019-07-20 07:38:24.516 350 INFO rally.task.runner [-] Task aef93697-603f-41ff-8c3f-e4c26ebd92d1 | ITER: 3 END: OK
2019-07-20 07:38:24.520 350 INFO rally.task.runner [-] Task aef93697-603f-41ff-8c3f-e4c26ebd92d1 | ITER: 7 START
2019-07-20 07:38:24.530 348 INFO rally.task.runner [-] Task aef93697-603f-41ff-8c3f-e4c26ebd92d1 | ITER: 1 END: OK
2019-07-20 07:38:24.533 348 INFO rally.task.runner [-] Task aef93697-603f-41ff-8c3f-e4c26ebd92d1 | ITER: 8 START
2019-07-20 07:38:25.264 351 INFO rally.task.runner [-] Task aef93697-603f-41ff-8c3f-e4c26ebd92d1 | ITER: 5 END: OK
2019-07-20 07:38:25.269 351 INFO rally.task.runner [-] Task aef93697-603f-41ff-8c3f-e4c26ebd92d1 | ITER: 9 START
2019-07-20 07:38:25.309 349 INFO rally.task.runner [-] Task aef93697-603f-41ff-8c3f-e4c26ebd92d1 | ITER: 6 END: OK
2019-07-20 07:38:25.313 349 INFO rally.task.runner [-] Task aef93697-603f-41ff-8c3f-e4c26ebd92d1 | ITER: 10 START
2019-07-20 07:38:25.337 350 INFO rally.task.runner [-] Task aef93697-603f-41ff-8c3f-e4c26ebd92d1 | ITER: 7 END: OK
2019-07-20 07:38:25.339 348 INFO rally.task.runner [-] Task aef93697-603f-41ff-8c3f-e4c26ebd92d1 | ITER: 8 END: OK
2019-07-20 07:38:26.107 349 INFO rally.task.runner [-] Task aef93697-603f-41ff-8c3f-e4c26ebd92d1 | ITER: 10 END: OK
2019-07-20 07:38:26.323 351 INFO rally.task.runner [-] Task aef93697-603f-41ff-8c3f-e4c26ebd92d1 | ITER: 9 END: OK
2019-07-20 07:38:26.343 16 INFO rally.task.context [-] Task aef93697-603f-41ff-8c3f-e4c26ebd92d1 | Context users@openstack cleanup() started
2019-07-20 07:38:33.122 16 INFO rally.task.context [-] Task aef93697-603f-41ff-8c3f-e4c26ebd92d1 | Context users@openstack cleanup() finished in 6.78 sec
2019-07-20 07:38:34.770 16 INFO rally.task.engine [-] Load duration is: 2.683072
2019-07-20 07:38:34.770 16 INFO rally.task.engine [-] Full runner duration is: 2.723729
2019-07-20 07:38:34.770 16 INFO rally.task.engine [-] Full duration is: 14.438036
2019-07-20 07:38:35.033 16 INFO rally.task.engine [-] Running workload: position = 0 config = { "version": 2, "title": "A cropped version of a bigger task.", "description": "Auto-generated task from a single workload (uuid=768e2cf6-0eac-4232-a5fb-e3d264023a4c)", "subtasks": [ { "title": "Authenticate.validate_heat", "description": "Check Heat Client to ensure validation of token.", "scenario": { "Authenticate.validate_heat": { "repetitions": 2 } }, "contexts": { "users": { "tenants": 3, "users_per_tenant": 2 } }, "runner": { "constant": { "concurrency": 4, "times": 10 } }, "hooks": [], "sla": { "failure_rate": { "max": 0 } } } ] }
2019-07-20 07:38:35.052 16 RALLYDEBUG rally_openstack.contexts.keystone.users [-] Creating 3 tenants using 20 threads
2019-07-20 07:38:36.860 16 RALLYDEBUG rally_openstack.contexts.keystone.users [-] Creating 6 users using 20 threads
2019-07-20 07:38:39.609 16 INFO rally.task.context [-] Task aef93697-603f-41ff-8c3f-e4c26ebd92d1 | Context users@openstack setup() finished in 4.56 sec
2019-07-20 07:38:39.615 16 RALLYDEBUG rally.task.runner [-] Starting the constant runner (task UUID: aef93697-603f-41ff-8c3f-e4c26ebd92d1). timeout: 0 concurrency: 4 concurrency_per_worker: 1 times: 10 concurrency_overhead: 0 processes_to_start: 4 max_cpu_used: 16
2019-07-20 07:38:39.628 452 RALLYDEBUG rally.task.runner [-] Starting a worker. concurrency: 1 args: {"repetitions": 2} times: 10 method_name: run timeout: 0 duration: None cls:
2019-07-20 07:38:39.630 453 RALLYDEBUG rally.task.runner [-] Starting a worker. concurrency: 1 args: {"repetitions": 2} times: 10 method_name: run timeout: 0 duration: None cls:
2019-07-20 07:38:39.633 454 RALLYDEBUG rally.task.runner [-] Starting a worker. concurrency: 1 args: {"repetitions": 2} times: 10 method_name: run timeout: 0 duration: None cls:
2019-07-20 07:38:39.634 452 INFO rally.task.runner [-] Task aef93697-603f-41ff-8c3f-e4c26ebd92d1 | ITER: 1 START
2019-07-20 07:38:39.635 453 INFO rally.task.runner [-] Task aef93697-603f-41ff-8c3f-e4c26ebd92d1 | ITER: 2 START
2019-07-20 07:38:39.636 455 RALLYDEBUG rally.task.runner [-] Starting a worker. concurrency: 1 args: {"repetitions": 2} times: 10 method_name: run timeout: 0 duration: None cls:
2019-07-20 07:38:39.639 454 INFO rally.task.runner [-] Task aef93697-603f-41ff-8c3f-e4c26ebd92d1 | ITER: 3 START
2019-07-20 07:38:39.642 455 INFO rally.task.runner [-] Task aef93697-603f-41ff-8c3f-e4c26ebd92d1 | ITER: 4 START
2019-07-20 07:38:41.476 453 INFO rally.task.runner [-] Task aef93697-603f-41ff-8c3f-e4c26ebd92d1 | ITER: 2 END: OK
2019-07-20 07:38:41.480 453 INFO rally.task.runner [-] Task aef93697-603f-41ff-8c3f-e4c26ebd92d1 | ITER: 5 START
2019-07-20 07:38:41.502 454 INFO rally.task.runner [-] Task aef93697-603f-41ff-8c3f-e4c26ebd92d1 | ITER: 3 END: OK
2019-07-20 07:38:41.504 455 INFO rally.task.runner [-] Task aef93697-603f-41ff-8c3f-e4c26ebd92d1 | ITER: 4 END: OK
2019-07-20 07:38:41.505 454 INFO rally.task.runner [-] Task aef93697-603f-41ff-8c3f-e4c26ebd92d1 | ITER: 6 START
2019-07-20 07:38:41.506 452 INFO rally.task.runner [-] Task aef93697-603f-41ff-8c3f-e4c26ebd92d1 | ITER: 1 END: OK
2019-07-20 07:38:41.509 455 INFO rally.task.runner [-] Task aef93697-603f-41ff-8c3f-e4c26ebd92d1 | ITER: 7 START
2019-07-20 07:38:41.511 452 INFO rally.task.runner [-] Task aef93697-603f-41ff-8c3f-e4c26ebd92d1 | ITER: 8 START
2019-07-20 07:38:42.487 452 INFO rally.task.runner [-] Task aef93697-603f-41ff-8c3f-e4c26ebd92d1 | ITER: 8 END: OK
2019-07-20 07:38:42.488 454 INFO rally.task.runner [-] Task aef93697-603f-41ff-8c3f-e4c26ebd92d1 | ITER: 6 END: OK
2019-07-20 07:38:42.492 455 INFO rally.task.runner [-] Task aef93697-603f-41ff-8c3f-e4c26ebd92d1 | ITER: 7 END: OK
2019-07-20 07:38:42.493 454 INFO rally.task.runner [-] Task aef93697-603f-41ff-8c3f-e4c26ebd92d1 | ITER: 10 START
2019-07-20 07:38:42.493 452 INFO rally.task.runner [-] Task aef93697-603f-41ff-8c3f-e4c26ebd92d1 | ITER: 9 START
2019-07-20 07:38:42.769 453 INFO rally.task.runner [-] Task aef93697-603f-41ff-8c3f-e4c26ebd92d1 | ITER: 5 END: OK
2019-07-20 07:38:43.431 454 INFO rally.task.runner [-] Task aef93697-603f-41ff-8c3f-e4c26ebd92d1 | ITER: 10 END: OK
2019-07-20 07:38:43.732 452 INFO rally.task.runner [-] Task aef93697-603f-41ff-8c3f-e4c26ebd92d1 | ITER: 9 END: OK
2019-07-20 07:38:43.751 16 INFO rally.task.context [-] Task aef93697-603f-41ff-8c3f-e4c26ebd92d1 | Context users@openstack cleanup() started
2019-07-20 07:38:52.372 16 INFO rally.task.context [-] Task aef93697-603f-41ff-8c3f-e4c26ebd92d1 | Context users@openstack cleanup() finished in 8.62 sec
2019-07-20 07:38:53.146 16 INFO rally.task.engine [-] Load duration is: 4.09595
2019-07-20 07:38:53.146 16 INFO rally.task.engine [-] Full runner duration is: 4.136202
2019-07-20 07:38:53.147 16 INFO rally.task.engine [-] Full duration is: 17.322503
2019-07-20 07:38:53.427 16 INFO rally.task.engine [-] Running workload: position = 0 config = { "version": 2, "title": "A cropped version of a bigger task.", "description": "Auto-generated task from a single workload (uuid=d431407e-92d1-4506-84b0-4d91ec2fca68)", "subtasks": [ { "title": "Authenticate.validate_neutron", "description": "Check Neutron Client to ensure validation of token.", "scenario": { "Authenticate.validate_neutron": { "repetitions": 2 } }, "contexts": { "users": { "tenants": 3, "users_per_tenant": 2 } }, "runner": { "constant": { "concurrency": 4, "times": 10 } }, "hooks": [], "sla": { "failure_rate": { "max": 0 } } } ] }
2019-07-20 07:38:53.440 16 RALLYDEBUG rally_openstack.contexts.keystone.users [-] Creating 3 tenants using 20 threads
2019-07-20 07:38:55.373 16 RALLYDEBUG rally_openstack.contexts.keystone.users [-] Creating 6 users using 20 threads
2019-07-20 07:38:57.947 16 INFO rally.task.context [-] Task aef93697-603f-41ff-8c3f-e4c26ebd92d1 | Context users@openstack setup() finished in 4.51 sec
2019-07-20 07:38:57.956 16 RALLYDEBUG rally.task.runner [-] Starting the constant runner (task UUID: aef93697-603f-41ff-8c3f-e4c26ebd92d1). timeout: 0 concurrency: 4 concurrency_per_worker: 1 times: 10 concurrency_overhead: 0 processes_to_start: 4 max_cpu_used: 16
2019-07-20 07:38:57.969 556 RALLYDEBUG rally.task.runner [-] Starting a worker. concurrency: 1 args: {"repetitions": 2} times: 10 method_name: run timeout: 0 duration: None cls:
2019-07-20 07:38:57.970 557 RALLYDEBUG rally.task.runner [-] Starting a worker. concurrency: 1 args: {"repetitions": 2} times: 10 method_name: run timeout: 0 duration: None cls:
2019-07-20 07:38:57.972 558 RALLYDEBUG rally.task.runner [-] Starting a worker. concurrency: 1 args: {"repetitions": 2} times: 10 method_name: run timeout: 0 duration: None cls:
2019-07-20 07:38:57.975 556 INFO rally.task.runner [-] Task aef93697-603f-41ff-8c3f-e4c26ebd92d1 | ITER: 1 START
2019-07-20 07:38:57.976 557 INFO rally.task.runner [-] Task aef93697-603f-41ff-8c3f-e4c26ebd92d1 | ITER: 2 START
2019-07-20 07:38:57.975 559 RALLYDEBUG rally.task.runner [-] Starting a worker. concurrency: 1 args: {"repetitions": 2} times: 10 method_name: run timeout: 0 duration: None cls:
2019-07-20 07:38:57.977 558 INFO rally.task.runner [-] Task aef93697-603f-41ff-8c3f-e4c26ebd92d1 | ITER: 3 START
2019-07-20 07:38:57.981 559 INFO rally.task.runner [-] Task aef93697-603f-41ff-8c3f-e4c26ebd92d1 | ITER: 4 START
2019-07-20 07:38:59.115 557 INFO rally.task.runner [-] Task aef93697-603f-41ff-8c3f-e4c26ebd92d1 | ITER: 2 END: OK
2019-07-20 07:38:59.119 557 INFO rally.task.runner [-] Task aef93697-603f-41ff-8c3f-e4c26ebd92d1 | ITER: 5 START
2019-07-20 07:38:59.135 556 INFO rally.task.runner [-] Task aef93697-603f-41ff-8c3f-e4c26ebd92d1 | ITER: 1 END: OK
2019-07-20 07:38:59.140 556 INFO rally.task.runner [-] Task aef93697-603f-41ff-8c3f-e4c26ebd92d1 | ITER: 6 START
2019-07-20 07:38:59.161 559 INFO rally.task.runner [-] Task aef93697-603f-41ff-8c3f-e4c26ebd92d1 | ITER: 4 END: OK
2019-07-20 07:38:59.166 559 INFO rally.task.runner [-] Task aef93697-603f-41ff-8c3f-e4c26ebd92d1 | ITER: 7 START
2019-07-20 07:38:59.207 558 INFO rally.task.runner [-] Task aef93697-603f-41ff-8c3f-e4c26ebd92d1 | ITER: 3 END: OK
2019-07-20 07:38:59.211 558 INFO rally.task.runner [-] Task aef93697-603f-41ff-8c3f-e4c26ebd92d1 | ITER: 8 START
2019-07-20 07:39:00.100 558 INFO rally.task.runner [-] Task aef93697-603f-41ff-8c3f-e4c26ebd92d1 | ITER: 8 END: OK
2019-07-20 07:39:00.104 558 INFO rally.task.runner [-] Task aef93697-603f-41ff-8c3f-e4c26ebd92d1 | ITER: 9 START
2019-07-20 07:39:00.553 557 INFO rally.task.runner [-] Task aef93697-603f-41ff-8c3f-e4c26ebd92d1 | ITER: 5 END: OK
2019-07-20 07:39:00.557 557 INFO rally.task.runner [-] Task aef93697-603f-41ff-8c3f-e4c26ebd92d1 | ITER: 10 START
2019-07-20 07:39:00.571 559 INFO rally.task.runner [-] Task aef93697-603f-41ff-8c3f-e4c26ebd92d1 | ITER: 7 END: OK
2019-07-20 07:39:00.578 556 INFO rally.task.runner [-] Task aef93697-603f-41ff-8c3f-e4c26ebd92d1 | ITER: 6 END: OK
2019-07-20 07:39:01.207 558 INFO rally.task.runner [-] Task aef93697-603f-41ff-8c3f-e4c26ebd92d1 | ITER: 9 END: OK
2019-07-20 07:39:01.365 557 INFO rally.task.runner [-] Task aef93697-603f-41ff-8c3f-e4c26ebd92d1 | ITER: 10 END: OK
2019-07-20 07:39:01.390 16 INFO rally.task.context [-] Task aef93697-603f-41ff-8c3f-e4c26ebd92d1 | Context users@openstack cleanup() started
2019-07-20 07:39:08.303 16 INFO rally.task.context [-] Task aef93697-603f-41ff-8c3f-e4c26ebd92d1 | Context users@openstack cleanup() finished in 6.91 sec
2019-07-20 07:39:09.522 16 INFO rally.task.engine [-] Load duration is: 3.388637
2019-07-20 07:39:09.522 16 INFO rally.task.engine [-] Full runner duration is: 3.434597
2019-07-20 07:39:09.522 16 INFO rally.task.engine [-] Full duration is: 14.864708
2019-07-20 07:39:09.746 16 INFO rally.task.engine [-] Running workload: position = 0 config = { "version": 2, "title": "A cropped version of a bigger task.", "description": "Auto-generated task from a single workload (uuid=9fc3e18e-9c63-4caf-8608-68365d9b6b4f)", "subtasks": [ { "title": "Authenticate.validate_nova", "description": "Check Nova Client to ensure validation of token.", "scenario": { "Authenticate.validate_nova": { "repetitions": 2 } }, "contexts": { "users": { "tenants": 3, "users_per_tenant": 2 } }, "runner": { "constant": { "concurrency": 4, "times": 10 } }, "hooks": [], "sla": { "failure_rate": { "max": 0 } } } ] }
2019-07-20 07:39:09.769 16 RALLYDEBUG rally_openstack.contexts.keystone.users [-] Creating 3 tenants using 20 threads
2019-07-20 07:39:11.579 16 RALLYDEBUG rally_openstack.contexts.keystone.users [-] Creating 6 users using 20 threads
2019-07-20 07:39:14.217 16 INFO rally.task.context [-] Task aef93697-603f-41ff-8c3f-e4c26ebd92d1 | Context users@openstack setup() finished in 4.45 sec
2019-07-20 07:39:14.223 16 RALLYDEBUG rally.task.runner [-] Starting the constant runner (task UUID: aef93697-603f-41ff-8c3f-e4c26ebd92d1). timeout: 0 concurrency: 4 concurrency_per_worker: 1 times: 10 concurrency_overhead: 0 processes_to_start: 4 max_cpu_used: 16
2019-07-20 07:39:14.233 660 RALLYDEBUG rally.task.runner [-] Starting a worker. concurrency: 1 args: {"repetitions": 2} times: 10 method_name: run timeout: 0 duration: None cls:
2019-07-20 07:39:14.236 661 RALLYDEBUG rally.task.runner [-] Starting a worker. concurrency: 1 args: {"repetitions": 2} times: 10 method_name: run timeout: 0 duration: None cls:
2019-07-20 07:39:14.238 662 RALLYDEBUG rally.task.runner [-] Starting a worker. concurrency: 1 args: {"repetitions": 2} times: 10 method_name: run timeout: 0 duration: None cls:
2019-07-20 07:39:14.239 660 INFO rally.task.runner [-] Task aef93697-603f-41ff-8c3f-e4c26ebd92d1 | ITER: 1 START
2019-07-20 07:39:14.239 663 RALLYDEBUG rally.task.runner [-] Starting a worker. concurrency: 1 args: {"repetitions": 2} times: 10 method_name: run timeout: 0 duration: None cls:
2019-07-20 07:39:14.242 661 INFO rally.task.runner [-] Task aef93697-603f-41ff-8c3f-e4c26ebd92d1 | ITER: 2 START
2019-07-20 07:39:14.244 662 INFO rally.task.runner [-] Task aef93697-603f-41ff-8c3f-e4c26ebd92d1 | ITER: 3 START
2019-07-20 07:39:14.245 663 INFO rally.task.runner [-] Task aef93697-603f-41ff-8c3f-e4c26ebd92d1 | ITER: 4 START
2019-07-20 07:39:14.708 661 DEBUG novaclient.v2.client [-] REQ: curl -g -i -X GET http://172.30.9.22:8774/v2.1/flavors/detail -H "Accept: application/json" -H "User-Agent: python-novaclient" -H "X-Auth-Token: {SHA1}56d92f834b401d82f019ba9b35e0986c883708f5" _http_log_request /usr/lib/python2.7/site-packages/keystoneauth1/session.py:448
2019-07-20 07:39:14.725 663 DEBUG novaclient.v2.client [-] REQ: curl -g -i -X GET http://172.30.9.22:8774/v2.1/flavors/detail -H "Accept: application/json" -H "User-Agent: python-novaclient" -H "X-Auth-Token: {SHA1}7150887944410bc0efe9679bac914a975f69af88" _http_log_request /usr/lib/python2.7/site-packages/keystoneauth1/session.py:448
2019-07-20 07:39:14.745 660 DEBUG novaclient.v2.client [-] REQ: curl -g -i -X GET http://172.30.9.22:8774/v2.1/flavors/detail -H "Accept: application/json" -H "User-Agent: python-novaclient" -H "X-Auth-Token: {SHA1}257e347bc6b7fa9e163a067b2115a908dbf0b280" _http_log_request /usr/lib/python2.7/site-packages/keystoneauth1/session.py:448
2019-07-20 07:39:14.753 662 DEBUG novaclient.v2.client [-] REQ: curl -g -i -X GET http://172.30.9.22:8774/v2.1/flavors/detail -H "Accept: application/json" -H "User-Agent: python-novaclient" -H "X-Auth-Token: {SHA1}c6fe2023359591e1fe65c0c418ef4660c48797dc" _http_log_request /usr/lib/python2.7/site-packages/keystoneauth1/session.py:448
2019-07-20 07:39:15.021 663 DEBUG novaclient.v2.client [-] RESP: [200] Content-Encoding: gzip Content-Length: 363 Content-Type: application/json Date: Sat, 20 Jul 2019 07:39:14 GMT OpenStack-API-Version: compute 2.1 Server: Apache Vary: OpenStack-API-Version,X-OpenStack-Nova-API-Version,Accept-Encoding X-OpenStack-Nova-API-Version: 2.1 x-compute-request-id: req-2212e58d-565b-410f-a03e-8d69906be417 x-openstack-request-id: req-2212e58d-565b-410f-a03e-8d69906be417 _http_log_response /usr/lib/python2.7/site-packages/keystoneauth1/session.py:479
2019-07-20 07:39:15.022 663 DEBUG novaclient.v2.client [-] RESP BODY: {"flavors": [{"name": "rally_full-flavor_f92828fe-ee36-4774-b6b2-30f03bd6f5d0", "links": [{"href": "http://172.30.9.22:8774/v2.1/flavors/1430191b-18d7-4b09-8174-08293e395e15", "rel": "self"}, {"href": "http://172.30.9.22:8774/flavors/1430191b-18d7-4b09-8174-08293e395e15", "rel": "bookmark"}], "ram": 512, "OS-FLV-DISABLED:disabled": false, "vcpus": 1, "swap": "", "os-flavor-access:is_public": true, "rxtx_factor": 1.0, "OS-FLV-EXT-DATA:ephemeral": 0, "disk": 1, "id": "1430191b-18d7-4b09-8174-08293e395e15"}, {"name": "rally_full-flavor_alt_f92828fe-ee36-4774-b6b2-30f03bd6f5d0", "links": [{"href": "http://172.30.9.22:8774/v2.1/flavors/fdd25a74-2507-4656-b9e1-5b6bb12cec1f", "rel": "self"}, {"href": "http://172.30.9.22:8774/flavors/fdd25a74-2507-4656-b9e1-5b6bb12cec1f", "rel": "bookmark"}], "ram": 1024, "OS-FLV-DISABLED:disabled": false, "vcpus": 1, "swap": "", "os-flavor-access:is_public": true, "rxtx_factor": 1.0, "OS-FLV-EXT-DATA:ephemeral": 0, "disk": 1, "id": "fdd25a74-2507-4656-b9e1-5b6bb12cec1f"}]} _http_log_response /usr/lib/python2.7/site-packages/keystoneauth1/session.py:511
2019-07-20 07:39:15.023 663 DEBUG novaclient.v2.client [-] GET call to compute for http://172.30.9.22:8774/v2.1/flavors/detail used request id req-2212e58d-565b-410f-a03e-8d69906be417 request /usr/lib/python2.7/site-packages/keystoneauth1/session.py:844
2019-07-20 07:39:15.023 662 DEBUG novaclient.v2.client [-] RESP: [200] Content-Encoding: gzip Content-Length: 363 Content-Type: application/json Date: Sat, 20 Jul 2019 07:39:14 GMT OpenStack-API-Version: compute 2.1 Server: Apache Vary: OpenStack-API-Version,X-OpenStack-Nova-API-Version,Accept-Encoding X-OpenStack-Nova-API-Version: 2.1 x-compute-request-id: req-7ba3fc29-c1d1-4f16-9049-09e7d7db6751 x-openstack-request-id: req-7ba3fc29-c1d1-4f16-9049-09e7d7db6751 _http_log_response /usr/lib/python2.7/site-packages/keystoneauth1/session.py:479
2019-07-20 07:39:15.023 661 DEBUG novaclient.v2.client [-] RESP: [200] Content-Encoding: gzip Content-Length: 363 Content-Type: application/json Date: Sat, 20 Jul 2019 07:39:14 GMT OpenStack-API-Version: compute 2.1 Server: Apache Vary: OpenStack-API-Version,X-OpenStack-Nova-API-Version,Accept-Encoding X-OpenStack-Nova-API-Version: 2.1 x-compute-request-id: req-efb9072a-03d9-4cec-a44c-e6e16086b97c x-openstack-request-id: req-efb9072a-03d9-4cec-a44c-e6e16086b97c _http_log_response /usr/lib/python2.7/site-packages/keystoneauth1/session.py:479
2019-07-20 07:39:15.024 662 DEBUG novaclient.v2.client [-] RESP BODY: {"flavors": [{"name": "rally_full-flavor_f92828fe-ee36-4774-b6b2-30f03bd6f5d0", "links": [{"href": "http://172.30.9.22:8774/v2.1/flavors/1430191b-18d7-4b09-8174-08293e395e15", "rel": "self"}, {"href": "http://172.30.9.22:8774/flavors/1430191b-18d7-4b09-8174-08293e395e15", "rel": "bookmark"}], "ram": 512, "OS-FLV-DISABLED:disabled": false, "vcpus": 1, "swap": "", "os-flavor-access:is_public": true, "rxtx_factor": 1.0, "OS-FLV-EXT-DATA:ephemeral": 0, "disk": 1, "id": "1430191b-18d7-4b09-8174-08293e395e15"}, {"name": "rally_full-flavor_alt_f92828fe-ee36-4774-b6b2-30f03bd6f5d0", "links": [{"href": "http://172.30.9.22:8774/v2.1/flavors/fdd25a74-2507-4656-b9e1-5b6bb12cec1f", "rel": "self"}, {"href": "http://172.30.9.22:8774/flavors/fdd25a74-2507-4656-b9e1-5b6bb12cec1f", "rel": "bookmark"}], "ram": 1024, "OS-FLV-DISABLED:disabled": false, "vcpus": 1, "swap": "", "os-flavor-access:is_public": true, "rxtx_factor": 1.0, "OS-FLV-EXT-DATA:ephemeral": 0, "disk": 1, "id": "fdd25a74-2507-4656-b9e1-5b6bb12cec1f"}]} _http_log_response /usr/lib/python2.7/site-packages/keystoneauth1/session.py:511
2019-07-20 07:39:15.024 662 DEBUG novaclient.v2.client [-] GET call to compute for http://172.30.9.22:8774/v2.1/flavors/detail used request id req-7ba3fc29-c1d1-4f16-9049-09e7d7db6751 request /usr/lib/python2.7/site-packages/keystoneauth1/session.py:844
2019-07-20 07:39:15.024 661 DEBUG novaclient.v2.client [-] RESP BODY: {"flavors": [{"name": "rally_full-flavor_f92828fe-ee36-4774-b6b2-30f03bd6f5d0", "links": [{"href": "http://172.30.9.22:8774/v2.1/flavors/1430191b-18d7-4b09-8174-08293e395e15", "rel": "self"}, {"href": "http://172.30.9.22:8774/flavors/1430191b-18d7-4b09-8174-08293e395e15", "rel": "bookmark"}], "ram": 512, "OS-FLV-DISABLED:disabled": false, "vcpus": 1, "swap": "", "os-flavor-access:is_public": true, "rxtx_factor": 1.0, "OS-FLV-EXT-DATA:ephemeral": 0, "disk": 1, "id": "1430191b-18d7-4b09-8174-08293e395e15"}, {"name": "rally_full-flavor_alt_f92828fe-ee36-4774-b6b2-30f03bd6f5d0", "links": [{"href": "http://172.30.9.22:8774/v2.1/flavors/fdd25a74-2507-4656-b9e1-5b6bb12cec1f", "rel": "self"}, {"href": "http://172.30.9.22:8774/flavors/fdd25a74-2507-4656-b9e1-5b6bb12cec1f", "rel": "bookmark"}], "ram": 1024, "OS-FLV-DISABLED:disabled": false, "vcpus": 1, "swap": "", "os-flavor-access:is_public": true, "rxtx_factor": 1.0, "OS-FLV-EXT-DATA:ephemeral": 0, "disk": 1, "id": "fdd25a74-2507-4656-b9e1-5b6bb12cec1f"}]} _http_log_response /usr/lib/python2.7/site-packages/keystoneauth1/session.py:511
2019-07-20 07:39:15.025 661 DEBUG novaclient.v2.client [-] GET call to compute for http://172.30.9.22:8774/v2.1/flavors/detail used request id req-efb9072a-03d9-4cec-a44c-e6e16086b97c request /usr/lib/python2.7/site-packages/keystoneauth1/session.py:844
2019-07-20 07:39:15.025 663 DEBUG novaclient.v2.client [-] REQ: curl -g -i -X GET http://172.30.9.22:8774/v2.1/flavors/detail -H "Accept: application/json" -H "User-Agent: python-novaclient" -H "X-Auth-Token: {SHA1}7150887944410bc0efe9679bac914a975f69af88" _http_log_request /usr/lib/python2.7/site-packages/keystoneauth1/session.py:448
2019-07-20 07:39:15.025 662 DEBUG novaclient.v2.client [-] REQ: curl -g -i -X GET http://172.30.9.22:8774/v2.1/flavors/detail -H "Accept: application/json" -H "User-Agent: python-novaclient" -H "X-Auth-Token: {SHA1}c6fe2023359591e1fe65c0c418ef4660c48797dc" _http_log_request /usr/lib/python2.7/site-packages/keystoneauth1/session.py:448
2019-07-20 07:39:15.026 661 DEBUG novaclient.v2.client [-] REQ: curl -g -i -X GET http://172.30.9.22:8774/v2.1/flavors/detail -H "Accept: application/json" -H "User-Agent: python-novaclient" -H "X-Auth-Token: {SHA1}56d92f834b401d82f019ba9b35e0986c883708f5" _http_log_request /usr/lib/python2.7/site-packages/keystoneauth1/session.py:448
2019-07-20 07:39:15.044 660 DEBUG novaclient.v2.client [-] RESP: [200] Content-Encoding: gzip Content-Length: 363 Content-Type: application/json Date: Sat, 20 Jul 2019 07:39:14 GMT OpenStack-API-Version: compute 2.1 Server: Apache Vary: OpenStack-API-Version,X-OpenStack-Nova-API-Version,Accept-Encoding X-OpenStack-Nova-API-Version: 2.1 x-compute-request-id: req-ebd0608d-8564-4105-9864-81df85488190 x-openstack-request-id: req-ebd0608d-8564-4105-9864-81df85488190 _http_log_response /usr/lib/python2.7/site-packages/keystoneauth1/session.py:479
2019-07-20 07:39:15.045 660 DEBUG novaclient.v2.client [-] RESP BODY: {"flavors": [{"name": "rally_full-flavor_f92828fe-ee36-4774-b6b2-30f03bd6f5d0", "links": [{"href": "http://172.30.9.22:8774/v2.1/flavors/1430191b-18d7-4b09-8174-08293e395e15", "rel": "self"}, {"href": "http://172.30.9.22:8774/flavors/1430191b-18d7-4b09-8174-08293e395e15", "rel": "bookmark"}], "ram": 512, "OS-FLV-DISABLED:disabled": false, "vcpus": 1, "swap": "", "os-flavor-access:is_public": true, "rxtx_factor": 1.0, "OS-FLV-EXT-DATA:ephemeral": 0, "disk": 1, "id": "1430191b-18d7-4b09-8174-08293e395e15"}, {"name": "rally_full-flavor_alt_f92828fe-ee36-4774-b6b2-30f03bd6f5d0", "links": [{"href": "http://172.30.9.22:8774/v2.1/flavors/fdd25a74-2507-4656-b9e1-5b6bb12cec1f", "rel": "self"}, {"href": "http://172.30.9.22:8774/flavors/fdd25a74-2507-4656-b9e1-5b6bb12cec1f", "rel": "bookmark"}], "ram": 1024, "OS-FLV-DISABLED:disabled": false, "vcpus": 1, "swap": "", "os-flavor-access:is_public": true, "rxtx_factor": 1.0, "OS-FLV-EXT-DATA:ephemeral": 0, "disk": 1, "id": "fdd25a74-2507-4656-b9e1-5b6bb12cec1f"}]} _http_log_response /usr/lib/python2.7/site-packages/keystoneauth1/session.py:511
2019-07-20 07:39:15.045 663 DEBUG novaclient.v2.client [-] RESP: [200] Content-Encoding: gzip Content-Length: 363 Content-Type: application/json Date: Sat, 20 Jul 2019 07:39:15 GMT OpenStack-API-Version: compute 2.1 Server: Apache Vary: OpenStack-API-Version,X-OpenStack-Nova-API-Version,Accept-Encoding X-OpenStack-Nova-API-Version: 2.1 x-compute-request-id: req-53fd6a7b-eda6-45c2-8752-9b1ff03b0e88 x-openstack-request-id: req-53fd6a7b-eda6-45c2-8752-9b1ff03b0e88 _http_log_response /usr/lib/python2.7/site-packages/keystoneauth1/session.py:479
2019-07-20 07:39:15.045 660 DEBUG novaclient.v2.client [-] GET call to compute for http://172.30.9.22:8774/v2.1/flavors/detail used request id req-ebd0608d-8564-4105-9864-81df85488190 request /usr/lib/python2.7/site-packages/keystoneauth1/session.py:844
2019-07-20 07:39:15.046 663 DEBUG novaclient.v2.client [-] RESP BODY: {"flavors": [{"name": "rally_full-flavor_f92828fe-ee36-4774-b6b2-30f03bd6f5d0", "links": [{"href": "http://172.30.9.22:8774/v2.1/flavors/1430191b-18d7-4b09-8174-08293e395e15", "rel": "self"}, {"href": "http://172.30.9.22:8774/flavors/1430191b-18d7-4b09-8174-08293e395e15", "rel": "bookmark"}], "ram": 512, "OS-FLV-DISABLED:disabled": false, "vcpus": 1, "swap": "", "os-flavor-access:is_public": true, "rxtx_factor": 1.0, "OS-FLV-EXT-DATA:ephemeral": 0, "disk": 1, "id": "1430191b-18d7-4b09-8174-08293e395e15"}, {"name": "rally_full-flavor_alt_f92828fe-ee36-4774-b6b2-30f03bd6f5d0", "links": [{"href": "http://172.30.9.22:8774/v2.1/flavors/fdd25a74-2507-4656-b9e1-5b6bb12cec1f", "rel": "self"}, {"href": "http://172.30.9.22:8774/flavors/fdd25a74-2507-4656-b9e1-5b6bb12cec1f", "rel": "bookmark"}], "ram": 1024, "OS-FLV-DISABLED:disabled": false, "vcpus": 1, "swap": "", "os-flavor-access:is_public": true, "rxtx_factor": 1.0, "OS-FLV-EXT-DATA:ephemeral": 0, "disk": 1, "id": "fdd25a74-2507-4656-b9e1-5b6bb12cec1f"}]} _http_log_response /usr/lib/python2.7/site-packages/keystoneauth1/session.py:511
2019-07-20 07:39:15.046 661 DEBUG novaclient.v2.client [-] RESP: [200] Content-Encoding: gzip Content-Length: 363 Content-Type: application/json Date: Sat, 20 Jul 2019 07:39:15 GMT OpenStack-API-Version: compute 2.1 Server: Apache Vary: OpenStack-API-Version,X-OpenStack-Nova-API-Version,Accept-Encoding X-OpenStack-Nova-API-Version: 2.1 x-compute-request-id: req-0c994f0e-e3a1-4b36-8e83-bdba550c0ee2 x-openstack-request-id: req-0c994f0e-e3a1-4b36-8e83-bdba550c0ee2 _http_log_response /usr/lib/python2.7/site-packages/keystoneauth1/session.py:479
2019-07-20 07:39:15.046 663 DEBUG novaclient.v2.client [-] GET call to compute for http://172.30.9.22:8774/v2.1/flavors/detail used request id req-53fd6a7b-eda6-45c2-8752-9b1ff03b0e88 request /usr/lib/python2.7/site-packages/keystoneauth1/session.py:844
2019-07-20 07:39:15.046 661 DEBUG novaclient.v2.client [-] RESP BODY: {"flavors": [{"name": "rally_full-flavor_f92828fe-ee36-4774-b6b2-30f03bd6f5d0", "links": [{"href": "http://172.30.9.22:8774/v2.1/flavors/1430191b-18d7-4b09-8174-08293e395e15", "rel": "self"}, {"href": "http://172.30.9.22:8774/flavors/1430191b-18d7-4b09-8174-08293e395e15", "rel": "bookmark"}], "ram": 512, "OS-FLV-DISABLED:disabled": false, "vcpus": 1, "swap": "", "os-flavor-access:is_public": true, "rxtx_factor": 1.0, "OS-FLV-EXT-DATA:ephemeral": 0, "disk": 1, "id": "1430191b-18d7-4b09-8174-08293e395e15"}, {"name": "rally_full-flavor_alt_f92828fe-ee36-4774-b6b2-30f03bd6f5d0", "links": [{"href": "http://172.30.9.22:8774/v2.1/flavors/fdd25a74-2507-4656-b9e1-5b6bb12cec1f", "rel": "self"}, {"href": "http://172.30.9.22:8774/flavors/fdd25a74-2507-4656-b9e1-5b6bb12cec1f", "rel": "bookmark"}], "ram": 1024, "OS-FLV-DISABLED:disabled": false, "vcpus": 1, "swap": "", "os-flavor-access:is_public": true, "rxtx_factor": 1.0, "OS-FLV-EXT-DATA:ephemeral": 0, "disk": 1, "id": "fdd25a74-2507-4656-b9e1-5b6bb12cec1f"}]} _http_log_response /usr/lib/python2.7/site-packages/keystoneauth1/session.py:511
2019-07-20 07:39:15.046 661 DEBUG novaclient.v2.client [-] GET call to compute for http://172.30.9.22:8774/v2.1/flavors/detail used request id req-0c994f0e-e3a1-4b36-8e83-bdba550c0ee2 request /usr/lib/python2.7/site-packages/keystoneauth1/session.py:844
2019-07-20 07:39:15.047 660 DEBUG novaclient.v2.client [-] REQ: curl -g -i -X GET http://172.30.9.22:8774/v2.1/flavors/detail -H "Accept: application/json" -H "User-Agent: python-novaclient" -H "X-Auth-Token: {SHA1}257e347bc6b7fa9e163a067b2115a908dbf0b280" _http_log_request /usr/lib/python2.7/site-packages/keystoneauth1/session.py:448
2019-07-20 07:39:15.047 661 INFO rally.task.runner [-] Task aef93697-603f-41ff-8c3f-e4c26ebd92d1 | ITER: 2 END: OK
2019-07-20 07:39:15.047 663 INFO rally.task.runner [-] Task aef93697-603f-41ff-8c3f-e4c26ebd92d1 | ITER: 4 END: OK
2019-07-20 07:39:15.050 661 INFO rally.task.runner [-] Task aef93697-603f-41ff-8c3f-e4c26ebd92d1 | ITER: 5 START
2019-07-20 07:39:15.053 663 INFO rally.task.runner [-] Task aef93697-603f-41ff-8c3f-e4c26ebd92d1 | ITER: 6 START
2019-07-20 07:39:15.068 660 DEBUG novaclient.v2.client [-] RESP: [200] Content-Encoding: gzip Content-Length: 363 Content-Type: application/json Date: Sat, 20 Jul 2019 07:39:15 GMT OpenStack-API-Version: compute 2.1 Server: Apache Vary: OpenStack-API-Version,X-OpenStack-Nova-API-Version,Accept-Encoding X-OpenStack-Nova-API-Version: 2.1 x-compute-request-id: req-3d2cefce-ca69-4146-bc91-f3c991e63c88 x-openstack-request-id: req-3d2cefce-ca69-4146-bc91-f3c991e63c88 _http_log_response /usr/lib/python2.7/site-packages/keystoneauth1/session.py:479
2019-07-20 07:39:15.069 660 DEBUG novaclient.v2.client [-] RESP BODY: {"flavors": [{"name": "rally_full-flavor_f92828fe-ee36-4774-b6b2-30f03bd6f5d0", "links": [{"href": "http://172.30.9.22:8774/v2.1/flavors/1430191b-18d7-4b09-8174-08293e395e15", "rel": "self"}, {"href": "http://172.30.9.22:8774/flavors/1430191b-18d7-4b09-8174-08293e395e15", "rel": "bookmark"}], "ram": 512, "OS-FLV-DISABLED:disabled": false, "vcpus": 1, "swap": "", "os-flavor-access:is_public": true, "rxtx_factor": 1.0, "OS-FLV-EXT-DATA:ephemeral": 0, "disk": 1, "id": "1430191b-18d7-4b09-8174-08293e395e15"}, {"name": "rally_full-flavor_alt_f92828fe-ee36-4774-b6b2-30f03bd6f5d0", "links": [{"href": "http://172.30.9.22:8774/v2.1/flavors/fdd25a74-2507-4656-b9e1-5b6bb12cec1f", "rel": "self"}, {"href": "http://172.30.9.22:8774/flavors/fdd25a74-2507-4656-b9e1-5b6bb12cec1f", "rel": "bookmark"}], "ram": 1024, "OS-FLV-DISABLED:disabled": false, "vcpus": 1, "swap": "", "os-flavor-access:is_public": true, "rxtx_factor": 1.0, "OS-FLV-EXT-DATA:ephemeral": 0, "disk": 1, "id": "fdd25a74-2507-4656-b9e1-5b6bb12cec1f"}]} _http_log_response /usr/lib/python2.7/site-packages/keystoneauth1/session.py:511
2019-07-20 07:39:15.069 660 DEBUG novaclient.v2.client [-] GET call to compute for http://172.30.9.22:8774/v2.1/flavors/detail used request id req-3d2cefce-ca69-4146-bc91-f3c991e63c88 request /usr/lib/python2.7/site-packages/keystoneauth1/session.py:844
