2019-07-20 07:57:30.902 1842 DEBUG novaclient.v2.client [-] RESP: [200] Content-Length: 16 Content-Type: application/json Date: Sat, 20 Jul 2019 07:57:30 GMT OpenStack-API-Version: compute 2.1 Server: Apache Vary: OpenStack-API-Version,X-OpenStack-Nova-API-Version X-OpenStack-Nova-API-Version: 2.1 x-compute-request-id: req-17455365-fd91-426f-a79c-00ae49c0d612 x-openstack-request-id: req-17455365-fd91-426f-a79c-00ae49c0d612 _http_log_response /usr/lib/python2.7/site-packages/keystoneauth1/session.py:479
2019-07-20 07:57:30.902 1842 DEBUG novaclient.v2.client [-] RESP BODY: {"keypairs": []} _http_log_response /usr/lib/python2.7/site-packages/keystoneauth1/session.py:511
2019-07-20 07:57:30.903 1842 DEBUG novaclient.v2.client [-] GET call to compute for http://172.30.9.22:8774/v2.1/os-keypairs used request id req-17455365-fd91-426f-a79c-00ae49c0d612 request /usr/lib/python2.7/site-packages/keystoneauth1/session.py:844
2019-07-20 07:57:31.319 1842 DEBUG novaclient.v2.client [-] REQ: curl -g -i -X GET http://172.30.9.22:8774/v2.1/os-keypairs -H "Accept: application/json" -H "User-Agent: python-novaclient" -H "X-Auth-Token: {SHA1}d57364fd04c0139bd843266aca714836b5385112" _http_log_request /usr/lib/python2.7/site-packages/keystoneauth1/session.py:448
2019-07-20 07:57:31.519 1842 DEBUG novaclient.v2.client [-] RESP: [200] Content-Length: 16 Content-Type: application/json Date: Sat, 20 Jul 2019 07:57:31 GMT OpenStack-API-Version: compute 2.1 Server: Apache Vary: OpenStack-API-Version,X-OpenStack-Nova-API-Version X-OpenStack-Nova-API-Version: 2.1 x-compute-request-id: req-16f654d5-76e2-470d-b778-9a74f9aba751 x-openstack-request-id: req-16f654d5-76e2-470d-b778-9a74f9aba751 _http_log_response /usr/lib/python2.7/site-packages/keystoneauth1/session.py:479
2019-07-20 07:57:31.519 1842 DEBUG novaclient.v2.client [-] RESP BODY: {"keypairs": []} _http_log_response /usr/lib/python2.7/site-packages/keystoneauth1/session.py:511
2019-07-20 07:57:31.520 1842 DEBUG novaclient.v2.client [-] GET call to compute for http://172.30.9.22:8774/v2.1/os-keypairs used request id req-16f654d5-76e2-470d-b778-9a74f9aba751 request /usr/lib/python2.7/site-packages/keystoneauth1/session.py:844
2019-07-20 07:57:31.927 1842 DEBUG novaclient.v2.client [-] REQ: curl -g -i -X GET http://172.30.9.22:8774/v2.1/os-keypairs -H "Accept: application/json" -H "User-Agent: python-novaclient" -H "X-Auth-Token: {SHA1}7b57ae294764ce9a3c91bc1ee141b9a44507f0c1" _http_log_request /usr/lib/python2.7/site-packages/keystoneauth1/session.py:448
2019-07-20 07:57:32.126 1842 DEBUG novaclient.v2.client [-] RESP: [200] Content-Length: 16 Content-Type: application/json Date: Sat, 20 Jul 2019 07:57:31 GMT OpenStack-API-Version: compute 2.1 Server: Apache Vary: OpenStack-API-Version,X-OpenStack-Nova-API-Version X-OpenStack-Nova-API-Version: 2.1 x-compute-request-id: req-3174235b-19cc-454b-80a0-3dbbcdc4c999 x-openstack-request-id: req-3174235b-19cc-454b-80a0-3dbbcdc4c999 _http_log_response /usr/lib/python2.7/site-packages/keystoneauth1/session.py:479
2019-07-20 07:57:32.126 1842 DEBUG novaclient.v2.client [-] RESP BODY: {"keypairs": []} _http_log_response /usr/lib/python2.7/site-packages/keystoneauth1/session.py:511
2019-07-20 07:57:32.127 1842 DEBUG novaclient.v2.client [-] GET call to compute for http://172.30.9.22:8774/v2.1/os-keypairs used request id req-3174235b-19cc-454b-80a0-3dbbcdc4c999 request /usr/lib/python2.7/site-packages/keystoneauth1/session.py:844
2019-07-20 07:57:32.540 1842 DEBUG novaclient.v2.client [-] REQ: curl -g -i -X GET http://172.30.9.22:8774/v2.1/os-keypairs -H "Accept: application/json" -H "User-Agent: python-novaclient" -H "X-Auth-Token: {SHA1}1404d135df18aaf61c2eb25e42969332bca06865" _http_log_request /usr/lib/python2.7/site-packages/keystoneauth1/session.py:448
2019-07-20 07:57:32.820 1842 DEBUG novaclient.v2.client [-] RESP: [200] Content-Length: 16 Content-Type: application/json Date: Sat, 20 Jul 2019 07:57:32 GMT OpenStack-API-Version: compute 2.1 Server: Apache Vary: OpenStack-API-Version,X-OpenStack-Nova-API-Version X-OpenStack-Nova-API-Version: 2.1 x-compute-request-id: req-9ef32528-b4c4-42f0-a59f-1a549441deda x-openstack-request-id: req-9ef32528-b4c4-42f0-a59f-1a549441deda _http_log_response /usr/lib/python2.7/site-packages/keystoneauth1/session.py:479
2019-07-20 07:57:32.821 1842 DEBUG novaclient.v2.client [-] RESP BODY: {"keypairs": []} _http_log_response /usr/lib/python2.7/site-packages/keystoneauth1/session.py:511
2019-07-20 07:57:32.821 1842 DEBUG novaclient.v2.client [-] GET call to compute for http://172.30.9.22:8774/v2.1/os-keypairs used request id req-9ef32528-b4c4-42f0-a59f-1a549441deda request /usr/lib/python2.7/site-packages/keystoneauth1/session.py:844
2019-07-20 07:57:33.249 1842 DEBUG novaclient.v2.client [-] REQ: curl -g -i -X GET http://172.30.9.22:8774/v2.1/os-keypairs -H "Accept: application/json" -H "User-Agent: python-novaclient" -H "X-Auth-Token: {SHA1}531b013443a07373f5d29bd46e74b0d8d7cf6353" _http_log_request /usr/lib/python2.7/site-packages/keystoneauth1/session.py:448
2019-07-20 07:57:33.446 1842 DEBUG novaclient.v2.client [-] RESP: [200] Content-Length: 16 Content-Type: application/json Date: Sat, 20 Jul 2019 07:57:33 GMT OpenStack-API-Version: compute 2.1 Server: Apache Vary: OpenStack-API-Version,X-OpenStack-Nova-API-Version X-OpenStack-Nova-API-Version: 2.1 x-compute-request-id: req-aa4f5d2f-b80e-495c-852e-50c48f345634 x-openstack-request-id: req-aa4f5d2f-b80e-495c-852e-50c48f345634 _http_log_response /usr/lib/python2.7/site-packages/keystoneauth1/session.py:479
2019-07-20 07:57:33.447 1842 DEBUG novaclient.v2.client [-] RESP BODY: {"keypairs": []} _http_log_response /usr/lib/python2.7/site-packages/keystoneauth1/session.py:511
2019-07-20 07:57:33.447 1842 DEBUG novaclient.v2.client [-] GET call to compute for http://172.30.9.22:8774/v2.1/os-keypairs used request id req-aa4f5d2f-b80e-495c-852e-50c48f345634 request /usr/lib/python2.7/site-packages/keystoneauth1/session.py:844
2019-07-20 07:57:33.454 1842 RALLYDEBUG rally_openstack.cleanup.manager [-] Cleaning up cinder backups objects
2019-07-20 07:57:35.561 1842 RALLYDEBUG rally_openstack.cleanup.manager [-] Cleaning up cinder volume_snapshots objects
2019-07-20 07:57:37.745 1842 RALLYDEBUG rally_openstack.cleanup.manager [-] Cleaning up cinder transfers objects
2019-07-20 07:57:39.710 1842 RALLYDEBUG rally_openstack.cleanup.manager [-] Cleaning up cinder volumes objects
2019-07-20 07:57:41.724 1842 INFO rally.task.context [-] Task bb201858-97d6-46f7-af4f-edf7ea7d6080 | Context cleanup@openstack cleanup() finished in 16.35 sec
2019-07-20 07:57:41.724 1842 INFO rally.task.context [-] Task bb201858-97d6-46f7-af4f-edf7ea7d6080 | Context quotas@openstack cleanup() started
2019-07-20 07:57:42.172 1842 INFO rally.task.context [-] Task bb201858-97d6-46f7-af4f-edf7ea7d6080 | Context quotas@openstack cleanup() finished in 0.45 sec
2019-07-20 07:57:42.173 1842 INFO rally.task.context [-] Task bb201858-97d6-46f7-af4f-edf7ea7d6080 | Context api_versions@openstack cleanup() started
2019-07-20 07:57:42.173 1842 INFO rally.task.context [-] Task bb201858-97d6-46f7-af4f-edf7ea7d6080 | Context api_versions@openstack cleanup() finished in 0.34 msec
2019-07-20 07:57:42.173 1842 INFO rally.task.context [-] Task bb201858-97d6-46f7-af4f-edf7ea7d6080 | Context users@openstack cleanup() started
2019-07-20 07:57:48.858 1842 INFO rally.task.context [-] Task bb201858-97d6-46f7-af4f-edf7ea7d6080 | Context users@openstack cleanup() finished in 6.68 sec
2019-07-20 07:57:49.224 1842 INFO rally.task.engine [-] Load duration is: 99.583438
2019-07-20 07:57:49.225 1842 INFO rally.task.engine [-] Full runner duration is: 100.638819
2019-07-20 07:57:49.225 1842 INFO rally.task.engine [-] Full duration is: 132.110341
2019-07-20 07:57:49.529 1842 INFO rally.task.engine [-] Running workload: position = 0 config = { "version": 2, "title": "A cropped version of a bigger task.", "description": "Auto-generated task from a single workload (uuid=4cc416c3-3adb-4b2c-bc2a-2c5d2cd6a8af)", "subtasks": [ { "title": "CinderVolumes.create_volume", "description": "Create a volume.", "scenario": { "CinderVolumes.create_volume": { "size": 1 } }, "contexts": { "users": { "tenants": 3, "users_per_tenant": 2 }, "api_versions": { "cinder": { "version": 3, "service_type": "volumev3" } } }, "runner": { "constant": { "concurrency": 4, "times": 10 } }, "hooks": [], "sla": { "failure_rate": { "max": 0 } } } ] }
2019-07-20 07:57:49.551 1842 RALLYDEBUG rally_openstack.contexts.keystone.users [-] Creating 3 tenants using 20 threads
2019-07-20 07:57:51.242 1842 RALLYDEBUG rally_openstack.contexts.keystone.users [-] Creating 6 users using 20 threads
2019-07-20 07:57:54.013 1842 INFO rally.task.context [-] Task bb201858-97d6-46f7-af4f-edf7ea7d6080 | Context users@openstack setup() finished in 4.46 sec
2019-07-20 07:57:54.451 1842 INFO rally.task.context [-] Task bb201858-97d6-46f7-af4f-edf7ea7d6080 | Context api_versions@openstack setup() finished in 0.44 sec
2019-07-20 07:57:54.452 1842 INFO rally.task.context [-] Task bb201858-97d6-46f7-af4f-edf7ea7d6080 | Context cleanup@openstack setup() finished in 0.01 msec
2019-07-20 07:57:54.459 1842 RALLYDEBUG rally.task.runner [-] Starting the constant runner (task UUID: bb201858-97d6-46f7-af4f-edf7ea7d6080). timeout: 0 concurrency: 4 concurrency_per_worker: 1 times: 10 concurrency_overhead: 0 processes_to_start: 4 max_cpu_used: 16
2019-07-20 07:57:54.472 3474 RALLYDEBUG rally.task.runner [-] Starting a worker. concurrency: 1 args: {"size": 1} times: 10 method_name: run timeout: 0 duration: None cls:
2019-07-20 07:57:54.476 3475 RALLYDEBUG rally.task.runner [-] Starting a worker. concurrency: 1 args: {"size": 1} times: 10 method_name: run timeout: 0 duration: None cls:
2019-07-20 07:57:54.479 3474 INFO rally.task.runner [-] Task bb201858-97d6-46f7-af4f-edf7ea7d6080 | ITER: 1 START
2019-07-20 07:57:54.478 3476 RALLYDEBUG rally.task.runner [-] Starting a worker. concurrency: 1 args: {"size": 1} times: 10 method_name: run timeout: 0 duration: None cls:
2019-07-20 07:57:54.481 3477 RALLYDEBUG rally.task.runner [-] Starting a worker. concurrency: 1 args: {"size": 1} times: 10 method_name: run timeout: 0 duration: None cls:
2019-07-20 07:57:54.484 3475 INFO rally.task.runner [-] Task bb201858-97d6-46f7-af4f-edf7ea7d6080 | ITER: 2 START
2019-07-20 07:57:54.485 3476 INFO rally.task.runner [-] Task bb201858-97d6-46f7-af4f-edf7ea7d6080 | ITER: 3 START
2019-07-20 07:57:54.489 3477 INFO rally.task.runner [-] Task bb201858-97d6-46f7-af4f-edf7ea7d6080 | ITER: 4 START
2019-07-20 07:57:57.909 3477 INFO rally.task.runner [-] Task bb201858-97d6-46f7-af4f-edf7ea7d6080 | ITER: 4 END: OK
2019-07-20 07:57:57.915 3477 INFO rally.task.runner [-] Task bb201858-97d6-46f7-af4f-edf7ea7d6080 | ITER: 5 START
2019-07-20 07:57:57.983 3474 INFO rally.task.runner [-] Task bb201858-97d6-46f7-af4f-edf7ea7d6080 | ITER: 1 END: OK
2019-07-20 07:57:57.988 3474 INFO rally.task.runner [-] Task bb201858-97d6-46f7-af4f-edf7ea7d6080 | ITER: 6 START
2019-07-20 07:57:58.248 3476 INFO rally.task.runner [-] Task bb201858-97d6-46f7-af4f-edf7ea7d6080 | ITER: 3 END: OK
2019-07-20 07:57:58.253 3476 INFO rally.task.runner [-] Task bb201858-97d6-46f7-af4f-edf7ea7d6080 | ITER: 7 START
2019-07-20 07:57:58.267 3475 INFO rally.task.runner [-] Task bb201858-97d6-46f7-af4f-edf7ea7d6080 | ITER: 2 END: OK
2019-07-20 07:57:58.273 3475 INFO rally.task.runner [-] Task bb201858-97d6-46f7-af4f-edf7ea7d6080 | ITER: 8 START
2019-07-20 07:58:01.415 3474 INFO rally.task.runner [-] Task bb201858-97d6-46f7-af4f-edf7ea7d6080 | ITER: 6 END: OK
2019-07-20 07:58:01.420 3474 INFO rally.task.runner [-] Task bb201858-97d6-46f7-af4f-edf7ea7d6080 | ITER: 9 START
2019-07-20 07:58:01.603 3477 INFO rally.task.runner [-] Task bb201858-97d6-46f7-af4f-edf7ea7d6080 | ITER: 5 END: OK
2019-07-20 07:58:01.609 3477 INFO rally.task.runner [-] Task bb201858-97d6-46f7-af4f-edf7ea7d6080 | ITER: 10 START
2019-07-20 07:58:01.803 3476 INFO rally.task.runner [-] Task bb201858-97d6-46f7-af4f-edf7ea7d6080 | ITER: 7 END: OK
2019-07-20 07:58:01.828 3475 INFO rally.task.runner [-] Task bb201858-97d6-46f7-af4f-edf7ea7d6080 | ITER: 8 END: OK
2019-07-20 07:58:04.795 3474 INFO rally.task.runner [-] Task bb201858-97d6-46f7-af4f-edf7ea7d6080 | ITER: 9 END: OK
2019-07-20 07:58:05.056 3477 INFO rally.task.runner [-] Task bb201858-97d6-46f7-af4f-edf7ea7d6080 | ITER: 10 END: OK
2019-07-20 07:58:05.077 1842 INFO rally.task.context [-] Task bb201858-97d6-46f7-af4f-edf7ea7d6080 | Context cleanup@openstack cleanup() started
2019-07-20 07:58:05.080 1842 RALLYDEBUG rally_openstack.cleanup.manager [-] Cleaning up cinder backups objects
2019-07-20 07:58:07.109 1842 RALLYDEBUG rally_openstack.cleanup.manager [-] Cleaning up cinder volume_snapshots objects
2019-07-20 07:58:09.012 1842 RALLYDEBUG rally_openstack.cleanup.manager [-] Cleaning up cinder transfers objects
2019-07-20 07:58:11.033 1842 RALLYDEBUG rally_openstack.cleanup.manager [-] Cleaning up cinder volumes objects
2019-07-20 07:58:13.093 1842 RALLYDEBUG rally_openstack.cleanup.manager [-] Deleting cinder.volumes object s_rally_4cc416c3_YiEiZCsQ (e4c1eff3-22a9-4531-991e-941c9068596f)
2019-07-20 07:58:13.098 1842 RALLYDEBUG rally_openstack.cleanup.manager [-] Deleting cinder.volumes object s_rally_4cc416c3_zZsWOXtQ (61b17c55-4a64-49a5-97c8-4401a51ba788)
2019-07-20 07:58:13.102 1842 RALLYDEBUG rally_openstack.cleanup.manager [-] Deleting cinder.volumes object s_rally_4cc416c3_9incqmAO (aa34dd67-0c5b-44d8-b7b6-782fda539be6)
2019-07-20 07:58:13.103 1842 RALLYDEBUG rally_openstack.cleanup.manager [-] Deleting cinder.volumes object s_rally_4cc416c3_IbEPqdXW (65ab8094-49ef-42a3-badd-b287375bfdfd)
2019-07-20 07:58:13.103 1842 RALLYDEBUG rally_openstack.cleanup.manager [-] Deleting cinder.volumes object s_rally_4cc416c3_hQsjG0eC (4a4ee287-79f5-4004-9fb2-f9d36e38bce7)
2019-07-20 07:58:13.106 1842 RALLYDEBUG rally_openstack.cleanup.manager [-] Deleting cinder.volumes object s_rally_4cc416c3_PR2h54aL (e5c2bec6-2897-4783-912e-2dd187aa244e)
2019-07-20 07:58:13.111 1842 RALLYDEBUG rally_openstack.cleanup.manager [-] Deleting cinder.volumes object s_rally_4cc416c3_pJgDE3xS (9dcb1905-6bde-41d9-ac94-d32374175371)
2019-07-20 07:58:13.117 1842 RALLYDEBUG rally_openstack.cleanup.manager [-] Deleting cinder.volumes object s_rally_4cc416c3_APqqqifl (3303a404-7d84-495a-99c7-96ae3cd6266d)
2019-07-20 07:58:13.118 1842 RALLYDEBUG rally_openstack.cleanup.manager [-] Deleting cinder.volumes object s_rally_4cc416c3_xJfYoP0i (51d60353-2e56-4333-b4b2-057342effc2f)
2019-07-20 07:58:13.136 1842 RALLYDEBUG rally_openstack.cleanup.manager [-] Deleting cinder.volumes object s_rally_4cc416c3_RmAcZpv2 (8e6a1996-e229-4217-93cd-6443b767f111)
2019-07-20 07:58:18.072 1842 INFO rally.task.context [-] Task bb201858-97d6-46f7-af4f-edf7ea7d6080 | Context cleanup@openstack cleanup() finished in 12.99 sec
2019-07-20 07:58:18.072 1842 INFO rally.task.context [-] Task bb201858-97d6-46f7-af4f-edf7ea7d6080 | Context api_versions@openstack cleanup() started
2019-07-20 07:58:18.073 1842 INFO rally.task.context [-] Task bb201858-97d6-46f7-af4f-edf7ea7d6080 | Context api_versions@openstack cleanup() finished in 0.32 msec
2019-07-20 07:58:18.073 1842 INFO rally.task.context [-] Task bb201858-97d6-46f7-af4f-edf7ea7d6080 | Context users@openstack cleanup() started
2019-07-20 07:58:25.492 1842 INFO rally.task.context [-] Task bb201858-97d6-46f7-af4f-edf7ea7d6080 | Context users@openstack cleanup() finished in 7.42 sec
2019-07-20 07:58:25.727 1842 INFO rally.task.engine [-] Load duration is: 10.572413
2019-07-20 07:58:25.728 1842 INFO rally.task.engine [-] Full runner duration is: 10.618708
2019-07-20 07:58:25.728 1842 INFO rally.task.engine [-] Full duration is: 35.942983
2019-07-20 07:58:25.912 1842 INFO rally.task.engine [-] Running workload: position = 1 config = { "version": 2, "title": "A cropped version of a bigger task.", "description": "Auto-generated task from a single workload (uuid=e2b9807f-c243-4b88-9728-a43d5b06055c)", "subtasks": [ { "title": "CinderVolumes.create_volume", "description": "Create a volume.", "scenario": { "CinderVolumes.create_volume": { "size": { "min": 1, "max": 1 } } }, "contexts": { "users": { "tenants": 3, "users_per_tenant": 2 }, "quotas": { "cinder": { "gigabytes": -1, "snapshots": -1, "volumes": -1 } }, "api_versions": { "cinder": { "version": 3, "service_type": "volumev3" } } }, "runner": { "constant": { "concurrency": 4, "times": 10 } }, "hooks": [], "sla": { "failure_rate": { "max": 0 } } } ] }
2019-07-20 07:58:25.935 1842 RALLYDEBUG rally_openstack.contexts.keystone.users [-] Creating 3 tenants using 20 threads
2019-07-20 07:58:27.858 1842 RALLYDEBUG rally_openstack.contexts.keystone.users [-] Creating 6 users using 20 threads
2019-07-20 07:58:30.553 1842 INFO rally.task.context [-] Task bb201858-97d6-46f7-af4f-edf7ea7d6080 | Context users@openstack setup() finished in 4.62 sec
2019-07-20 07:58:30.963 1842 INFO rally.task.context [-] Task bb201858-97d6-46f7-af4f-edf7ea7d6080 | Context api_versions@openstack setup() finished in 0.41 sec
2019-07-20 07:58:32.713 1842 INFO rally.task.context [-] Task bb201858-97d6-46f7-af4f-edf7ea7d6080 | Context quotas@openstack setup() finished in 1.75 sec
2019-07-20 07:58:32.714 1842 INFO rally.task.context [-] Task bb201858-97d6-46f7-af4f-edf7ea7d6080 | Context cleanup@openstack setup() finished in 0.01 msec
2019-07-20 07:58:32.721 1842 RALLYDEBUG rally.task.runner [-] Starting the constant runner (task UUID: bb201858-97d6-46f7-af4f-edf7ea7d6080). timeout: 0 concurrency: 4 concurrency_per_worker: 1 times: 10 concurrency_overhead: 0 processes_to_start: 4 max_cpu_used: 16
2019-07-20 07:58:32.735 3658 RALLYDEBUG rally.task.runner [-] Starting a worker. concurrency: 1 args: {"size": {"min": 1, "max": 1}} times: 10 method_name: run timeout: 0 duration: None cls:
2019-07-20 07:58:32.737 3659 RALLYDEBUG rally.task.runner [-] Starting a worker. concurrency: 1 args: {"size": {"min": 1, "max": 1}} times: 10 method_name: run timeout: 0 duration: None cls:
2019-07-20 07:58:32.741 3660 RALLYDEBUG rally.task.runner [-] Starting a worker. concurrency: 1 args: {"size": {"min": 1, "max": 1}} times: 10 method_name: run timeout: 0 duration: None cls:
2019-07-20 07:58:32.744 3658 INFO rally.task.runner [-] Task bb201858-97d6-46f7-af4f-edf7ea7d6080 | ITER: 1 START
2019-07-20 07:58:32.743 3661 RALLYDEBUG rally.task.runner [-] Starting a worker. concurrency: 1 args: {"size": {"min": 1, "max": 1}} times: 10 method_name: run timeout: 0 duration: None cls:
2019-07-20 07:58:32.745 3659 INFO rally.task.runner [-] Task bb201858-97d6-46f7-af4f-edf7ea7d6080 | ITER: 2 START
2019-07-20 07:58:32.749 3660 INFO rally.task.runner [-] Task bb201858-97d6-46f7-af4f-edf7ea7d6080 | ITER: 3 START
2019-07-20 07:58:32.751 3661 INFO rally.task.runner [-] Task bb201858-97d6-46f7-af4f-edf7ea7d6080 | ITER: 4 START
2019-07-20 07:58:36.382 3661 INFO rally.task.runner [-] Task bb201858-97d6-46f7-af4f-edf7ea7d6080 | ITER: 4 END: OK
2019-07-20 07:58:36.388 3661 INFO rally.task.runner [-] Task bb201858-97d6-46f7-af4f-edf7ea7d6080 | ITER: 5 START
2019-07-20 07:58:36.437 3660 INFO rally.task.runner [-] Task bb201858-97d6-46f7-af4f-edf7ea7d6080 | ITER: 3 END: OK
2019-07-20 07:58:36.444 3660 INFO rally.task.runner [-] Task bb201858-97d6-46f7-af4f-edf7ea7d6080 | ITER: 6 START
2019-07-20 07:58:36.476 3658 INFO rally.task.runner [-] Task bb201858-97d6-46f7-af4f-edf7ea7d6080 | ITER: 1 END: OK
2019-07-20 07:58:36.481 3658 INFO rally.task.runner [-] Task bb201858-97d6-46f7-af4f-edf7ea7d6080 | ITER: 7 START
2019-07-20 07:58:37.324 3659 INFO rally.task.runner [-] Task bb201858-97d6-46f7-af4f-edf7ea7d6080 | ITER: 2 END: OK
2019-07-20 07:58:37.330 3659 INFO rally.task.runner [-] Task bb201858-97d6-46f7-af4f-edf7ea7d6080 | ITER: 8 START
2019-07-20 07:58:39.716 3658 INFO rally.task.runner [-] Task bb201858-97d6-46f7-af4f-edf7ea7d6080 | ITER: 7 END: OK
2019-07-20 07:58:39.721 3658 INFO rally.task.runner [-] Task bb201858-97d6-46f7-af4f-edf7ea7d6080 | ITER: 9 START
2019-07-20 07:58:39.837 3661 INFO rally.task.runner [-] Task bb201858-97d6-46f7-af4f-edf7ea7d6080 | ITER: 5 END: OK
2019-07-20 07:58:39.842 3661 INFO rally.task.runner [-] Task bb201858-97d6-46f7-af4f-edf7ea7d6080 | ITER: 10 START
2019-07-20 07:58:39.905 3660 INFO rally.task.runner [-] Task bb201858-97d6-46f7-af4f-edf7ea7d6080 | ITER: 6 END: OK
2019-07-20 07:58:40.755 3659 INFO rally.task.runner [-] Task bb201858-97d6-46f7-af4f-edf7ea7d6080 | ITER: 8 END: OK
2019-07-20 07:58:43.107 3658 INFO rally.task.runner [-] Task bb201858-97d6-46f7-af4f-edf7ea7d6080 | ITER: 9 END: OK
2019-07-20 07:58:43.282 3661 INFO rally.task.runner [-] Task bb201858-97d6-46f7-af4f-edf7ea7d6080 | ITER: 10 END: OK
2019-07-20 07:58:43.307 1842 INFO rally.task.context [-] Task bb201858-97d6-46f7-af4f-edf7ea7d6080 | Context cleanup@openstack cleanup() started
2019-07-20 07:58:43.310 1842 RALLYDEBUG rally_openstack.cleanup.manager [-] Cleaning up cinder backups objects
2019-07-20 07:58:45.210 1842 RALLYDEBUG rally_openstack.cleanup.manager [-] Cleaning up cinder volume_snapshots objects
2019-07-20 07:58:47.243 1842 RALLYDEBUG rally_openstack.cleanup.manager [-] Cleaning up cinder transfers objects
2019-07-20 07:58:49.197 1842 RALLYDEBUG rally_openstack.cleanup.manager [-] Cleaning up cinder volumes objects
2019-07-20 07:58:51.355 1842 RALLYDEBUG rally_openstack.cleanup.manager [-] Deleting cinder.volumes object s_rally_e2b9807f_6snjIyu5 (8b43450d-bf3a-4932-90db-16fa27ba0687)
2019-07-20 07:58:51.357 1842 RALLYDEBUG rally_openstack.cleanup.manager [-] Deleting cinder.volumes object s_rally_e2b9807f_3m82MlWj (e4c5b75d-9daf-4170-9ecd-e56f082f0b3c)
2019-07-20 07:58:51.358 1842 RALLYDEBUG rally_openstack.cleanup.manager [-] Deleting cinder.volumes object s_rally_e2b9807f_Dxd8LcX6 (bfcabbe1-4802-4430-8e8c-45dcf34def8d)
2019-07-20 07:58:51.359 1842 RALLYDEBUG rally_openstack.cleanup.manager [-] Deleting cinder.volumes object s_rally_e2b9807f_oG7nMEdU (1cc8e9f3-429d-4a4a-9e2d-23ae0bbd6a61)
2019-07-20 07:58:51.359 1842 RALLYDEBUG rally_openstack.cleanup.manager [-] Deleting cinder.volumes object s_rally_e2b9807f_wf1bRef1 (63c24f18-805e-4904-9f8b-37b7efccb3da)
2019-07-20 07:58:51.373 1842 RALLYDEBUG rally_openstack.cleanup.manager [-] Deleting cinder.volumes object s_rally_e2b9807f_h9LgJk6e (951fe054-de19-409c-ba5e-76dfba938407)
2019-07-20 07:58:51.376 1842 RALLYDEBUG rally_openstack.cleanup.manager [-] Deleting cinder.volumes object s_rally_e2b9807f_qBIhopvN (17552692-cf15-4941-8ea0-2f93d387cf58)
2019-07-20 07:58:51.379 1842 RALLYDEBUG rally_openstack.cleanup.manager [-] Deleting cinder.volumes object s_rally_e2b9807f_tDv5OzOU (62fe9a12-3570-4aa8-bbea-34ccd933624a)
2019-07-20 07:58:51.380 1842 RALLYDEBUG rally_openstack.cleanup.manager [-] Deleting cinder.volumes object s_rally_e2b9807f_aEg483xq (b1a62424-fbe8-4703-a03f-a503254e42f2)
2019-07-20 07:58:51.392 1842 RALLYDEBUG rally_openstack.cleanup.manager [-] Deleting cinder.volumes object s_rally_e2b9807f_KGLF1Nqe (7d591cd2-f45c-4671-8b58-26184e6e9a35)
2019-07-20 07:58:55.048 1842 INFO rally.task.context [-] Task bb201858-97d6-46f7-af4f-edf7ea7d6080 | Context cleanup@openstack cleanup() finished in 11.74 sec
2019-07-20 07:58:55.048 1842 INFO rally.task.context [-] Task bb201858-97d6-46f7-af4f-edf7ea7d6080 | Context quotas@openstack cleanup() started
2019-07-20 07:58:55.646 1842 INFO rally.task.context [-] Task bb201858-97d6-46f7-af4f-edf7ea7d6080 | Context quotas@openstack cleanup() finished in 0.60 sec
2019-07-20 07:58:55.646 1842 INFO rally.task.context [-] Task bb201858-97d6-46f7-af4f-edf7ea7d6080 | Context api_versions@openstack cleanup() started
2019-07-20 07:58:55.647 1842 INFO rally.task.context [-] Task bb201858-97d6-46f7-af4f-edf7ea7d6080 | Context api_versions@openstack cleanup() finished in 0.31 msec
2019-07-20 07:58:55.647 1842 INFO rally.task.context [-] Task bb201858-97d6-46f7-af4f-edf7ea7d6080 | Context users@openstack cleanup() started
2019-07-20 07:59:02.930 1842 INFO rally.task.context [-] Task bb201858-97d6-46f7-af4f-edf7ea7d6080 | Context users@openstack cleanup() finished in 7.28 sec
2019-07-20 07:59:04.089 1842 INFO rally.task.engine [-] Load duration is: 10.533216
2019-07-20 07:59:04.090 1842 INFO rally.task.engine [-] Full runner duration is: 10.586246
2019-07-20 07:59:04.090 1842 INFO rally.task.engine [-] Full duration is: 36.997934
2019-07-20 07:59:04.313 1842 INFO rally.task.engine [-] Running workload: position = 0 config = { "version": 2, "title": "A cropped version of a bigger task.", "description": "Auto-generated task from a single workload (uuid=21e15981-b6f9-4095-8534-f044ca828312)", "subtasks": [ { "title": "CinderVolumes.list_volumes", "description": "List all volumes.", "scenario": { "CinderVolumes.list_volumes": { "detailed": true } }, "contexts": { "users": { "tenants": 3, "users_per_tenant": 2 }, "quotas": { "cinder": { "gigabytes": -1, "snapshots": -1, "volumes": -1 } }, "api_versions": { "cinder": { "version": 3, "service_type": "volumev3" } }, "volumes": { "size": 1, "volumes_per_tenant": 4 } }, "runner": { "constant": { "concurrency": 4, "times": 10 } }, "hooks": [], "sla": { "failure_rate": { "max": 0 } } } ] }
2019-07-20 07:59:04.339 1842 RALLYDEBUG rally_openstack.contexts.keystone.users [-] Creating 3 tenants using 20 threads
2019-07-20 07:59:06.248 1842 RALLYDEBUG rally_openstack.contexts.keystone.users [-] Creating 6 users using 20 threads
2019-07-20 07:59:08.968 1842 INFO rally.task.context [-] Task bb201858-97d6-46f7-af4f-edf7ea7d6080 | Context users@openstack setup() finished in 4.63 sec
2019-07-20 07:59:09.399 1842 INFO rally.task.context [-] Task bb201858-97d6-46f7-af4f-edf7ea7d6080 | Context api_versions@openstack setup() finished in 0.43 sec
2019-07-20 07:59:10.917 1842 INFO rally.task.context [-] Task bb201858-97d6-46f7-af4f-edf7ea7d6080 | Context quotas@openstack setup() finished in 1.52 sec
2019-07-20 07:59:47.080 1842 INFO rally.task.context [-] Task bb201858-97d6-46f7-af4f-edf7ea7d6080 | Context volumes@openstack setup() finished in 36.16 sec
2019-07-20 07:59:47.088 1842 RALLYDEBUG rally.task.runner [-] Starting the constant runner (task UUID: bb201858-97d6-46f7-af4f-edf7ea7d6080). timeout: 0 concurrency: 4 concurrency_per_worker: 1 times: 10 concurrency_overhead: 0 processes_to_start: 4 max_cpu_used: 16
2019-07-20 07:59:47.097 3842 RALLYDEBUG rally.task.runner [-] Starting a worker. concurrency: 1 args: {"detailed": true} times: 10 method_name: run timeout: 0 duration: None cls:
2019-07-20 07:59:47.100 3843 RALLYDEBUG rally.task.runner [-] Starting a worker. concurrency: 1 args: {"detailed": true} times: 10 method_name: run timeout: 0 duration: None cls:
2019-07-20 07:59:47.101 3842 INFO rally.task.runner [-] Task bb201858-97d6-46f7-af4f-edf7ea7d6080 | ITER: 1 START
2019-07-20 07:59:47.104 3843 INFO rally.task.runner [-] Task bb201858-97d6-46f7-af4f-edf7ea7d6080 | ITER: 2 START
2019-07-20 07:59:47.107 3847 RALLYDEBUG rally.task.runner [-] Starting a worker. concurrency: 1 args: {"detailed": true} times: 10 method_name: run timeout: 0 duration: None cls:
2019-07-20 07:59:47.106 3844 RALLYDEBUG rally.task.runner [-] Starting a worker. concurrency: 1 args: {"detailed": true} times: 10 method_name: run timeout: 0 duration: None cls:
2019-07-20 07:59:47.110 3847 INFO rally.task.runner [-] Task bb201858-97d6-46f7-af4f-edf7ea7d6080 | ITER: 3 START
2019-07-20 07:59:47.114 3844 INFO rally.task.runner [-] Task bb201858-97d6-46f7-af4f-edf7ea7d6080 | ITER: 4 START
2019-07-20 07:59:47.903 3844 INFO rally.task.runner [-] Task bb201858-97d6-46f7-af4f-edf7ea7d6080 | ITER: 4 END: OK
2019-07-20 07:59:47.909 3844 INFO rally.task.runner [-] Task bb201858-97d6-46f7-af4f-edf7ea7d6080 | ITER: 5 START
2019-07-20 07:59:47.912 3843 INFO rally.task.runner [-] Task bb201858-97d6-46f7-af4f-edf7ea7d6080 | ITER: 2 END: OK
2019-07-20 07:59:47.917 3847 INFO rally.task.runner [-] Task bb201858-97d6-46f7-af4f-edf7ea7d6080 | ITER: 3 END: OK
2019-07-20 07:59:47.917 3843 INFO rally.task.runner [-] Task bb201858-97d6-46f7-af4f-edf7ea7d6080 | ITER: 6 START
2019-07-20 07:59:47.922 3847 INFO rally.task.runner [-] Task bb201858-97d6-46f7-af4f-edf7ea7d6080 | ITER: 7 START
2019-07-20 07:59:47.984 3842 INFO rally.task.runner [-] Task bb201858-97d6-46f7-af4f-edf7ea7d6080 | ITER: 1 END: OK
2019-07-20 07:59:47.989 3842 INFO rally.task.runner [-] Task bb201858-97d6-46f7-af4f-edf7ea7d6080 | ITER: 8 START
2019-07-20 07:59:48.603 3843 INFO rally.task.runner [-] Task bb201858-97d6-46f7-af4f-edf7ea7d6080 | ITER: 6 END: OK
2019-07-20 07:59:48.608 3843 INFO rally.task.runner [-] Task bb201858-97d6-46f7-af4f-edf7ea7d6080 | ITER: 9 START
2019-07-20 07:59:48.609 3844 INFO rally.task.runner [-] Task bb201858-97d6-46f7-af4f-edf7ea7d6080 | ITER: 5 END: OK
2019-07-20 07:59:48.615 3844 INFO rally.task.runner [-] Task bb201858-97d6-46f7-af4f-edf7ea7d6080 | ITER: 10 START
2019-07-20 07:59:48.621 3847 INFO rally.task.runner [-] Task bb201858-97d6-46f7-af4f-edf7ea7d6080 | ITER: 7 END: OK
2019-07-20 07:59:48.697 3842 INFO rally.task.runner [-] Task bb201858-97d6-46f7-af4f-edf7ea7d6080 | ITER: 8 END: OK
2019-07-20 07:59:49.298 3844 INFO rally.task.runner [-] Task bb201858-97d6-46f7-af4f-edf7ea7d6080 | ITER: 10 END: OK
2019-07-20 07:59:49.309 3843 INFO rally.task.runner [-] Task bb201858-97d6-46f7-af4f-edf7ea7d6080 | ITER: 9 END: OK
2019-07-20 07:59:49.328 1842 INFO rally.task.context [-] Task bb201858-97d6-46f7-af4f-edf7ea7d6080 | Context volumes@openstack cleanup() started
2019-07-20 07:59:49.329 1842 RALLYDEBUG rally_openstack.cleanup.manager [-] Cleaning up cinder volumes objects
2019-07-20 07:59:51.345 1842 RALLYDEBUG rally_openstack.cleanup.manager [-] Deleting cinder.volumes object c_rally_21e15981_M4i85CNC (fbe53fa8-8167-40d3-b8a8-b4413397ba72)
2019-07-20 07:59:51.346 1842 RALLYDEBUG rally_openstack.cleanup.manager [-] Deleting cinder.volumes object c_rally_21e15981_uAYO7qwt (2cb42b1f-9461-4360-9b1f-d620fc5df585)
2019-07-20 07:59:51.347 1842 RALLYDEBUG rally_openstack.cleanup.manager [-] Deleting cinder.volumes object c_rally_21e15981_9yYbkPkE (885d2b52-5ea6-4875-8e43-3df6fc37042f)
2019-07-20 07:59:51.352 1842 RALLYDEBUG rally_openstack.cleanup.manager [-] Deleting cinder.volumes object c_rally_21e15981_6fX40AJV (867e081c-1773-46af-a9b7-62cb85f7d716)
2019-07-20 07:59:51.353 1842 RALLYDEBUG rally_openstack.cleanup.manager [-] Deleting cinder.volumes object c_rally_21e15981_3ULzSo72 (039b6bef-89a8-4fa1-bba7-49bb110a1c14)
2019-07-20 07:59:51.359 1842 RALLYDEBUG rally_openstack.cleanup.manager [-] Deleting cinder.volumes object c_rally_21e15981_8A0HDK7l (ef45cb92-1cf6-4191-8db6-38f6a4f58af9)
2019-07-20 07:59:51.363 1842 RALLYDEBUG rally_openstack.cleanup.manager [-] Deleting cinder.volumes object c_rally_21e15981_EcXG4ev1 (689eab55-9324-478e-a392-18be41451c17)
2019-07-20 07:59:51.369 1842 RALLYDEBUG rally_openstack.cleanup.manager [-] Deleting cinder.volumes object c_rally_21e15981_W8SCu0nJ (25940aad-46db-4fbf-925e-1c2bc16022f8)
2019-07-20 07:59:51.374 1842 RALLYDEBUG rally_openstack.cleanup.manager [-] Deleting cinder.volumes object c_rally_21e15981_zHoaheWn (48643093-91da-4088-94d7-41d49fa21a6b)
2019-07-20 07:59:51.381 1842 RALLYDEBUG rally_openstack.cleanup.manager [-] Deleting cinder.volumes object c_rally_21e15981_gCpM3tGX (a8ae2c63-f833-45e8-a0d4-7e0e4431fcc8)
2019-07-20 07:59:51.397 1842 RALLYDEBUG rally_openstack.cleanup.manager [-] Deleting cinder.volumes object c_rally_21e15981_oq586Wuo (f7a41767-e0a8-4d77-9ef5-03c8b2805b67)
2019-07-20 07:59:51.418 1842 RALLYDEBUG rally_openstack.cleanup.manager [-] Deleting cinder.volumes object c_rally_21e15981_mwdOjFC7 (bec20c89-fc01-43d0-b62d-c0447a887ced)
2019-07-20 07:59:56.604 1842 INFO rally.task.context [-] Task bb201858-97d6-46f7-af4f-edf7ea7d6080 | Context volumes@openstack cleanup() finished in 7.28 sec
2019-07-20 07:59:56.604 1842 INFO rally.task.context [-] Task bb201858-97d6-46f7-af4f-edf7ea7d6080 | Context quotas@openstack cleanup() started
2019-07-20 07:59:57.083 1842 INFO rally.task.context [-] Task bb201858-97d6-46f7-af4f-edf7ea7d6080 | Context quotas@openstack cleanup() finished in 0.48 sec
2019-07-20 07:59:57.084 1842 INFO rally.task.context [-] Task bb201858-97d6-46f7-af4f-edf7ea7d6080 | Context api_versions@openstack cleanup() started
2019-07-20 07:59:57.084 1842 INFO rally.task.context [-] Task bb201858-97d6-46f7-af4f-edf7ea7d6080 | Context api_versions@openstack cleanup() finished in 0.32 msec
2019-07-20 07:59:57.084 1842 INFO rally.task.context [-] Task bb201858-97d6-46f7-af4f-edf7ea7d6080 | Context users@openstack cleanup() started
2019-07-20 08:00:04.032 1842 INFO rally.task.context [-] Task bb201858-97d6-46f7-af4f-edf7ea7d6080 | Context users@openstack cleanup() finished in 6.95 sec
2019-07-20 08:00:04.569 1842 INFO rally.task.engine [-] Load duration is: 2.204513
2019-07-20 08:00:04.570 1842 INFO rally.task.engine [-] Full runner duration is: 2.241429
2019-07-20 08:00:04.570 1842 INFO rally.task.engine [-] Full duration is: 59.697744
2019-07-20 08:00:04.812 1842 INFO rally.task.engine [-] Running workload: position = 0 config = { "version": 2, "title": "A cropped version of a bigger task.", "description": "Auto-generated task from a single workload (uuid=bcc91a96-48d7-4c75-b99f-f4f2ced383d2)", "subtasks": [ { "title": "CinderVolumes.create_and_delete_snapshot", "description": "Create and then delete a volume-snapshot.", "scenario": { "CinderVolumes.create_and_delete_snapshot": { "force": false } }, "contexts": { "users": { "tenants": 3, "users_per_tenant": 2 }, "quotas": { "cinder": { "gigabytes": -1, "snapshots": -1, "volumes": -1 } }, "api_versions": { "cinder": { "version": 3, "service_type": "volumev3" } }, "volumes": { "size": 1, "volumes_per_tenant": 1 } }, "runner": { "constant": { "concurrency": 4, "times": 10 } }, "hooks": [], "sla": { "failure_rate": { "max": 0 } } } ] }
2019-07-20 08:00:04.837 1842 RALLYDEBUG rally_openstack.contexts.keystone.users [-] Creating 3 tenants using 20 threads
2019-07-20 08:00:06.690 1842 RALLYDEBUG rally_openstack.contexts.keystone.users [-] Creating 6 users using 20 threads
2019-07-20 08:00:10.352 1842 INFO rally.task.context [-] Task bb201858-97d6-46f7-af4f-edf7ea7d6080 | Context users@openstack setup() finished in 5.52 sec
2019-07-20 08:00:10.774 1842 INFO rally.task.context [-] Task bb201858-97d6-46f7-af4f-edf7ea7d6080 | Context api_versions@openstack setup() finished in 0.42 sec
2019-07-20 08:00:12.345 1842 INFO rally.task.context [-] Task bb201858-97d6-46f7-af4f-edf7ea7d6080 | Context quotas@openstack setup() finished in 1.57 sec
2019-07-20 08:00:23.270 1842 INFO rally.task.context [-] Task bb201858-97d6-46f7-af4f-edf7ea7d6080 | Context volumes@openstack setup() finished in 10.92 sec
2019-07-20 08:00:23.270 1842 INFO rally.task.context [-] Task bb201858-97d6-46f7-af4f-edf7ea7d6080 | Context cleanup@openstack setup() finished in 0.01 msec
2019-07-20 08:00:23.276 1842 RALLYDEBUG rally.task.runner [-] Starting the constant runner (task UUID: bb201858-97d6-46f7-af4f-edf7ea7d6080). timeout: 0 concurrency: 4 concurrency_per_worker: 1 times: 10 concurrency_overhead: 0 processes_to_start: 4 max_cpu_used: 16
2019-07-20 08:00:23.286 3966 RALLYDEBUG rally.task.runner [-] Starting a worker. concurrency: 1 args: {"force": false} times: 10 method_name: run timeout: 0 duration: None cls:
2019-07-20 08:00:23.289 3967 RALLYDEBUG rally.task.runner [-] Starting a worker. concurrency: 1 args: {"force": false} times: 10 method_name: run timeout: 0 duration: None cls:
2019-07-20 08:00:23.291 3968 RALLYDEBUG rally.task.runner [-] Starting a worker. concurrency: 1 args: {"force": false} times: 10 method_name: run timeout: 0 duration: None cls:
2019-07-20 08:00:23.293 3966 INFO rally.task.runner [-] Task bb201858-97d6-46f7-af4f-edf7ea7d6080 | ITER: 1 START
2019-07-20 08:00:23.293 3969 RALLYDEBUG rally.task.runner [-] Starting a worker. concurrency: 1 args: {"force": false} times: 10 method_name: run timeout: 0 duration: None cls:
2019-07-20 08:00:23.296 3967 INFO rally.task.runner [-] Task bb201858-97d6-46f7-af4f-edf7ea7d6080 | ITER: 2 START
2019-07-20 08:00:23.299 3968 INFO rally.task.runner [-] Task bb201858-97d6-46f7-af4f-edf7ea7d6080 | ITER: 3 START
2019-07-20 08:00:23.302 3969 INFO rally.task.runner [-] Task bb201858-97d6-46f7-af4f-edf7ea7d6080 | ITER: 4 START
2019-07-20 08:00:26.970 3968 RALLYDEBUG rally.task.utils [-] Waiting for resource s_rally_bcc91a96_qKKzKlGR. Status changed: AVAILABLE => DELETING in 0.0230319499969
2019-07-20 08:00:27.205 3969 RALLYDEBUG rally.task.utils [-] Waiting for resource s_rally_bcc91a96_b91TDjKS. Status changed: AVAILABLE => DELETING in 0.246626138687
2019-07-20 08:00:27.220 3966 RALLYDEBUG rally.task.utils [-] Waiting for resource s_rally_bcc91a96_L2W4pWWI. Status changed: AVAILABLE => DELETING in 0.248252868652
2019-07-20 08:00:27.558 3967 RALLYDEBUG rally.task.utils [-] Waiting for resource s_rally_bcc91a96_bBw2BaJA. Status changed: AVAILABLE => DELETING in 0.341167926788
2019-07-20 08:00:29.245 3966 INFO rally.task.runner [-] Task bb201858-97d6-46f7-af4f-edf7ea7d6080 | ITER: 1 END: OK
2019-07-20 08:00:29.250 3966 INFO rally.task.runner [-] Task bb201858-97d6-46f7-af4f-edf7ea7d6080 | ITER: 5 START
2019-07-20 08:00:29.275 3968 INFO rally.task.runner [-] Task bb201858-97d6-46f7-af4f-edf7ea7d6080 | ITER: 3 END: OK
2019-07-20 08:00:29.281 3968 INFO rally.task.runner [-] Task bb201858-97d6-46f7-af4f-edf7ea7d6080 | ITER: 6 START
2019-07-20 08:00:29.421 3969 INFO rally.task.runner [-] Task bb201858-97d6-46f7-af4f-edf7ea7d6080 | ITER: 4 END: OK
2019-07-20 08:00:29.428 3969 INFO rally.task.runner [-] Task bb201858-97d6-46f7-af4f-edf7ea7d6080 | ITER: 7 START
2019-07-20 08:00:29.584 3967 INFO rally.task.runner [-] Task bb201858-97d6-46f7-af4f-edf7ea7d6080 | ITER: 2 END: OK
2019-07-20 08:00:29.588 3967 INFO rally.task.runner [-] Task bb201858-97d6-46f7-af4f-edf7ea7d6080 | ITER: 8 START
2019-07-20 08:00:32.935 3968 RALLYDEBUG rally.task.utils [-] Waiting for resource s_rally_bcc91a96_Ya6M0m9g. Status changed: AVAILABLE => DELETING in 0.0274958610535
2019-07-20 08:00:33.166 3966 RALLYDEBUG rally.task.utils [-] Waiting for resource s_rally_bcc91a96_ZLl3SyOX. Status changed: AVAILABLE => DELETING in 0.245738983154
2019-07-20 08:00:33.386 3969 RALLYDEBUG rally.task.utils [-] Waiting for resource s_rally_bcc91a96_pGNLPzwy. Status changed: AVAILABLE => DELETING in 0.304225206375
2019-07-20 08:00:33.440 3967 RALLYDEBUG rally.task.utils [-] Waiting for resource s_rally_bcc91a96_X9OWhICq. Status changed: AVAILABLE => DELETING in 0.222055912018
2019-07-20 08:00:34.964 3968 INFO rally.task.runner [-] Task bb201858-97d6-46f7-af4f-edf7ea7d6080 | ITER: 6 END: OK
2019-07-20 08:00:34.969 3968 INFO rally.task.runner [-] Task bb201858-97d6-46f7-af4f-edf7ea7d6080 | ITER: 9 START
2019-07-20 08:00:35.191 3966 INFO rally.task.runner [-] Task bb201858-97d6-46f7-af4f-edf7ea7d6080 | ITER: 5 END: OK
2019-07-20 08:00:35.195 3966 INFO rally.task.runner [-] Task bb201858-97d6-46f7-af4f-edf7ea7d6080 | ITER: 10 START
2019-07-20 08:00:35.416 3969 INFO rally.task.runner [-] Task bb201858-97d6-46f7-af4f-edf7ea7d6080 | ITER: 7 END: OK
2019-07-20 08:00:35.465 3967 INFO rally.task.runner [-] Task bb201858-97d6-46f7-af4f-edf7ea7d6080 | ITER: 8 END: OK
2019-07-20 08:00:38.641 3968 RALLYDEBUG rally.task.utils [-] Waiting for resource s_rally_bcc91a96_KgNrBBdq. Status changed: AVAILABLE => DELETING in 0.296947956085
2019-07-20 08:00:38.697 3966 RALLYDEBUG rally.task.utils [-] Waiting for resource s_rally_bcc91a96_rDMn3fGj. Status changed: AVAILABLE => DELETING in 0.227435112
2019-07-20 08:00:40.666 3968 INFO rally.task.runner [-] Task bb201858-97d6-46f7-af4f-edf7ea7d6080 | ITER: 9 END: OK
2019-07-20 08:00:40.910 3966 INFO rally.task.runner [-] Task bb201858-97d6-46f7-af4f-edf7ea7d6080 | ITER: 10 END: OK
2019-07-20 08:00:40.936 1842 INFO rally.task.context [-] Task bb201858-97d6-46f7-af4f-edf7ea7d6080 | Context cleanup@openstack cleanup() started
2019-07-20 08:00:40.939 1842 RALLYDEBUG rally_openstack.cleanup.manager [-] Cleaning up cinder backups objects
2019-07-20 08:00:42.822 1842 RALLYDEBUG rally_openstack.cleanup.manager [-] Cleaning up cinder volume_snapshots objects
2019-07-20 08:00:44.861 1842 RALLYDEBUG rally_openstack.cleanup.manager [-] Cleaning up cinder transfers objects
2019-07-20 08:00:46.744 1842 RALLYDEBUG rally_openstack.cleanup.manager [-] Cleaning up cinder volumes objects
2019-07-20 08:00:48.784 1842 INFO rally.task.context [-] Task bb201858-97d6-46f7-af4f-edf7ea7d6080 | Context cleanup@openstack cleanup() finished in 7.85 sec
2019-07-20 08:00:48.785 1842 INFO rally.task.context [-] Task bb201858-97d6-46f7-af4f-edf7ea7d6080 | Context volumes@openstack cleanup() started
2019-07-20 08:00:48.785 1842 RALLYDEBUG rally_openstack.cleanup.manager [-] Cleaning up cinder volumes objects
2019-07-20 08:00:50.819 1842 RALLYDEBUG rally_openstack.cleanup.manager [-] Deleting cinder.volumes object c_rally_bcc91a96_YDpRjj27 (532991dd-31da-484a-a138-a407fccea68f)
2019-07-20 08:00:50.824 1842 RALLYDEBUG rally_openstack.cleanup.manager [-] Deleting cinder.volumes object c_rally_bcc91a96_xEFAIIRi (6aead538-8357-44e0-a7dc-1c833d1cc32f)
2019-07-20 08:00:50.825 1842 RALLYDEBUG rally_openstack.cleanup.manager [-] Deleting cinder.volumes object c_rally_bcc91a96_5l3Axf98 (8063ba8c-09c1-4357-b9c4-bc55120e8b50)
2019-07-20 08:00:54.248 1842 INFO rally.task.context [-] Task bb201858-97d6-46f7-af4f-edf7ea7d6080 | Context volumes@openstack cleanup() finished in 5.46 sec
2019-07-20 08:00:54.249 1842 INFO rally.task.context [-] Task bb201858-97d6-46f7-af4f-edf7ea7d6080 | Context quotas@openstack cleanup() started
2019-07-20 08:00:54.888 1842 INFO rally.task.context [-] Task bb201858-97d6-46f7-af4f-edf7ea7d6080 | Context quotas@openstack cleanup() finished in 0.64 sec
2019-07-20 08:00:54.889 1842 INFO rally.task.context [-] Task bb201858-97d6-46f7-af4f-edf7ea7d6080 | Context api_versions@openstack cleanup() started
2019-07-20 08:00:54.889 1842 INFO rally.task.context [-] Task bb201858-97d6-46f7-af4f-edf7ea7d6080 | Context api_versions@openstack cleanup() finished in 0.30 msec
2019-07-20 08:00:54.890 1842 INFO rally.task.context [-] Task bb201858-97d6-46f7-af4f-edf7ea7d6080 | Context users@openstack cleanup() started
2019-07-20 08:01:02.419 1842 INFO rally.task.context [-] Task bb201858-97d6-46f7-af4f-edf7ea7d6080 | Context users@openstack cleanup() finished in 7.53 sec
2019-07-20 08:01:03.074 1842 INFO rally.task.engine [-] Load duration is: 17.612635
2019-07-20 08:01:03.074 1842 INFO rally.task.engine [-] Full runner duration is: 17.661731
2019-07-20 08:01:03.075 1842 INFO rally.task.engine [-] Full duration is: 57.587081
2019-07-20 08:01:03.350 1842 INFO rally.task.engine [-] Running workload: position = 0 config = { "version": 2, "title": "A cropped version of a bigger task.", "description": "Auto-generated task from a single workload (uuid=8e548955-0b94-4bda-993b-7d8727a425e4)", "subtasks": [ { "title": "CinderVolumes.create_and_delete_volume", "description": "Create and then delete a volume.", "scenario": { "CinderVolumes.create_and_delete_volume": { "size": { "max": 1, "min": 1 } } }, "contexts": { "users": { "tenants": 3, "users_per_tenant": 2 }, "quotas": { "cinder": { "gigabytes": -1, "snapshots": -1, "volumes": -1 } }, "api_versions": { "cinder": { "version": 3, "service_type": "volumev3" } } }, "runner": { "constant": { "concurrency": 4, "times": 10 } }, "hooks": [], "sla": { "failure_rate": { "max": 0 } } } ] }
2019-07-20 08:01:03.372 1842 RALLYDEBUG rally_openstack.contexts.keystone.users [-] Creating 3 tenants using 20 threads
2019-07-20 08:01:05.090 1842 RALLYDEBUG rally_openstack.contexts.keystone.users [-] Creating 6 users using 20 threads
2019-07-20 08:01:07.600 1842 INFO rally.task.context [-] Task bb201858-97d6-46f7-af4f-edf7ea7d6080 | Context users@openstack setup() finished in 4.23 sec
2019-07-20 08:01:08.015 1842 INFO rally.task.context [-] Task bb201858-97d6-46f7-af4f-edf7ea7d6080 | Context api_versions@openstack setup() finished in 0.41 sec
2019-07-20 08:01:09.513 1842 INFO rally.task.context [-] Task bb201858-97d6-46f7-af4f-edf7ea7d6080 | Context quotas@openstack setup() finished in 1.50 sec
2019-07-20 08:01:09.513 1842 INFO rally.task.context [-] Task bb201858-97d6-46f7-af4f-edf7ea7d6080 | Context cleanup@openstack setup() finished in 0.00 msec
2019-07-20 08:01:09.521 1842 RALLYDEBUG rally.task.runner [-] Starting the constant runner (task UUID: bb201858-97d6-46f7-af4f-edf7ea7d6080). timeout: 0 concurrency: 4 concurrency_per_worker: 1 times: 10 concurrency_overhead: 0 processes_to_start: 4 max_cpu_used: 16
2019-07-20 08:01:09.532 4170 RALLYDEBUG rally.task.runner [-] Starting a worker. concurrency: 1 args: {"size": {"max": 1, "min": 1}} times: 10 method_name: run timeout: 0 duration: None cls:
2019-07-20 08:01:09.535 4171 RALLYDEBUG rally.task.runner [-] Starting a worker. concurrency: 1 args: {"size": {"max": 1, "min": 1}} times: 10 method_name: run timeout: 0 duration: None cls:
2019-07-20 08:01:09.537 4172 RALLYDEBUG rally.task.runner [-] Starting a worker. concurrency: 1 args: {"size": {"max": 1, "min": 1}} times: 10 method_name: run timeout: 0 duration: None cls:
2019-07-20 08:01:09.541 4173 RALLYDEBUG rally.task.runner [-] Starting a worker. concurrency: 1 args: {"size": {"max": 1, "min": 1}} times: 10 method_name: run timeout: 0 duration: None cls:
2019-07-20 08:01:09.541 4170 INFO rally.task.runner [-] Task bb201858-97d6-46f7-af4f-edf7ea7d6080 | ITER: 1 START
2019-07-20 08:01:09.543 4171 INFO rally.task.runner [-] Task bb201858-97d6-46f7-af4f-edf7ea7d6080 | ITER: 2 START
2019-07-20 08:01:09.545 4172 INFO rally.task.runner [-] Task bb201858-97d6-46f7-af4f-edf7ea7d6080 | ITER: 3 START
2019-07-20 08:01:09.549 4173 INFO rally.task.runner [-] Task bb201858-97d6-46f7-af4f-edf7ea7d6080 | ITER: 4 START
2019-07-20 08:01:13.353 4172 RALLYDEBUG rally.task.utils [-] Waiting for resource s_rally_8e548955_2WN8XrUu. Status changed: AVAILABLE => DELETING in 0.0564260482788
2019-07-20 08:01:13.510 4170 RALLYDEBUG rally.task.utils [-] Waiting for resource s_rally_8e548955_hy3CTvZG. Status changed: AVAILABLE => DELETING in 0.24952507019
2019-07-20 08:01:13.616 4171 RALLYDEBUG rally.task.utils [-] Waiting for resource s_rally_8e548955_oCli8pxN. Status changed: AVAILABLE => DELETING in 0.260869026184
2019-07-20 08:01:13.753 4173 RALLYDEBUG rally.task.utils [-] Waiting for resource s_rally_8e548955_qgljd5kK. Status changed: AVAILABLE => DELETING in 0.258769989014
2019-07-20 08:01:15.585 4172 INFO rally.task.runner [-] Task bb201858-97d6-46f7-af4f-edf7ea7d6080 | ITER: 3 END: OK
2019-07-20 08:01:15.590 4172 INFO rally.task.runner [-] Task bb201858-97d6-46f7-af4f-edf7ea7d6080 | ITER: 5 START
2019-07-20 08:01:15.655 4171 INFO rally.task.runner [-] Task bb201858-97d6-46f7-af4f-edf7ea7d6080 | ITER: 2 END: OK
2019-07-20 08:01:15.660 4171 INFO rally.task.runner [-] Task bb201858-97d6-46f7-af4f-edf7ea7d6080 | ITER: 6 START
2019-07-20 08:01:15.752 4170 INFO rally.task.runner [-] Task bb201858-97d6-46f7-af4f-edf7ea7d6080 | ITER: 1 END: OK
2019-07-20 08:01:15.757 4170 INFO rally.task.runner [-] Task bb201858-97d6-46f7-af4f-edf7ea7d6080 | ITER: 7 START
2019-07-20 08:01:15.976 4173 INFO rally.task.runner [-] Task bb201858-97d6-46f7-af4f-edf7ea7d6080 | ITER: 4 END: OK
2019-07-20 08:01:15.981 4173 INFO rally.task.runner [-] Task bb201858-97d6-46f7-af4f-edf7ea7d6080 | ITER: 8 START
2019-07-20 08:01:19.514 4171 RALLYDEBUG rally.task.utils [-] Waiting for resource s_rally_8e548955_w757uIJt. Status changed: AVAILABLE => DELETING in 0.0558080673218
2019-07-20 08:01:19.711 4172 RALLYDEBUG rally.task.utils [-] Waiting for resource s_rally_8e548955_lCbsBxk7. Status changed: AVAILABLE => DELETING in 0.262650966644
2019-07-20 08:01:19.793 4170 RALLYDEBUG rally.task.utils [-] Waiting for resource s_rally_8e548955_WZOwZHeT. Status changed: AVAILABLE => DELETING in 0.249917030334
2019-07-20 08:01:20.162 4173 RALLYDEBUG rally.task.utils [-] Waiting for resource s_rally_8e548955_GuZthmoB. Status changed: AVAILABLE => DELETING in 0.307402133942
2019-07-20 08:01:21.754 4172 INFO rally.task.runner [-] Task bb201858-97d6-46f7-af4f-edf7ea7d6080 | ITER: 5 END: OK
2019-07-20 08:01:21.755 4171 INFO rally.task.runner [-] Task bb201858-97d6-46f7-af4f-edf7ea7d6080 | ITER: 6 END: OK
2019-07-20 08:01:21.758 4172 INFO rally.task.runner [-] Task bb201858-97d6-46f7-af4f-edf7ea7d6080 | ITER: 9 START
2019-07-20 08:01:21.760 4171 INFO rally.task.runner [-] Task bb201858-97d6-46f7-af4f-edf7ea7d6080 | ITER: 10 START
2019-07-20 08:01:22.012 4170 INFO rally.task.runner [-] Task bb201858-97d6-46f7-af4f-edf7ea7d6080 | ITER: 7 END: OK
2019-07-20 08:01:22.198 4173 INFO rally.task.runner [-] Task bb201858-97d6-46f7-af4f-edf7ea7d6080 | ITER: 8 END: OK
2019-07-20 08:01:25.510 4171 RALLYDEBUG rally.task.utils [-] Waiting for resource s_rally_8e548955_vP0ssUOl. Status changed: AVAILABLE => DELETING in 0.0558071136475
2019-07-20 08:01:25.553 4172 INFO rally.task.runner [-] Task bb201858-97d6-46f7-af4f-edf7ea7d6080 | ITER: 9 END: OK
2019-07-20 08:01:27.764 4171 INFO rally.task.runner [-] Task bb201858-97d6-46f7-af4f-edf7ea7d6080 | ITER: 10 END: OK
2019-07-20 08:01:27.786 1842 INFO rally.task.context [-] Task bb201858-97d6-46f7-af4f-edf7ea7d6080 | Context cleanup@openstack cleanup() started
2019-07-20 08:01:27.788 1842 RALLYDEBUG rally_openstack.cleanup.manager [-] Cleaning up cinder backups objects
2019-07-20 08:01:29.742 1842 RALLYDEBUG rally_openstack.cleanup.manager [-] Cleaning up cinder volume_snapshots objects
2019-07-20 08:01:31.696 1842 RALLYDEBUG rally_openstack.cleanup.manager [-] Cleaning up cinder transfers objects
2019-07-20 08:01:33.553 1842 RALLYDEBUG rally_openstack.cleanup.manager [-] Cleaning up cinder volumes objects
2019-07-20 08:01:35.574 1842 INFO rally.task.context [-] Task bb201858-97d6-46f7-af4f-edf7ea7d6080 | Context cleanup@openstack cleanup() finished in 7.79 sec
