2019-07-18 09:22:29.999 22696 RALLYDEBUG rally.api [-] INFO logs from urllib3 and requests module are hide.
2019-07-18 09:22:29.999 22696 RALLYDEBUG rally.api [-] urllib3 insecure warnings are hidden.
2019-07-18 09:22:29.999 22696 RALLYDEBUG rally.api [-] ERROR log from boto module is hide.
2019-07-18 09:22:32.298 22698 RALLYDEBUG rally.api [-] INFO logs from urllib3 and requests module are hide.
2019-07-18 09:22:32.298 22698 RALLYDEBUG rally.api [-] urllib3 insecure warnings are hidden.
2019-07-18 09:22:32.298 22698 RALLYDEBUG rally.api [-] ERROR log from boto module is hide.
2019-07-18 09:22:33.561 22698 WARNING rally_openstack.platforms.existing [-] endpoint is deprecated and not used.
2019-07-18 09:22:34.479 22700 RALLYDEBUG rally.api [-] INFO logs from urllib3 and requests module are hide.
2019-07-18 09:22:34.479 22700 RALLYDEBUG rally.api [-] urllib3 insecure warnings are hidden.
2019-07-18 09:22:34.479 22700 RALLYDEBUG rally.api [-] ERROR log from boto module is hide.
2019-07-18 09:22:37.746 22703 RALLYDEBUG rally.api [-] INFO logs from urllib3 and requests module are hide.
2019-07-18 09:22:37.746 22703 RALLYDEBUG rally.api [-] urllib3 insecure warnings are hidden.
2019-07-18 09:22:37.747 22703 RALLYDEBUG rally.api [-] ERROR log from boto module is hide.
2019-07-18 09:22:39.679 22705 RALLYDEBUG rally.api [-] INFO logs from urllib3 and requests module are hide.
2019-07-18 09:22:39.679 22705 RALLYDEBUG rally.api [-] urllib3 insecure warnings are hidden.
2019-07-18 09:22:39.679 22705 RALLYDEBUG rally.api [-] ERROR log from boto module is hide.
2019-07-18 09:22:40.831 22705 INFO rally.common.plugin.discover [-] Loading plugins from directories /root/.rally/plugins/*
2019-07-18 09:22:40.831 22705 INFO rally.common.plugin.discover [-] Loaded module with plugins: /root/.rally/plugins/__init__.py
2019-07-18 09:22:40.833 22705 INFO rally.common.plugin.discover [-] Loaded module with plugins: /root/.rally/plugins/trunk_scenario.py
2019-07-18 09:22:41.033 22705 INFO rally.task.engine [-] Task d5913fc7-e684-443c-81dc-ad205e82ae7c | Starting: Task validation.
2019-07-18 09:22:41.066 22705 INFO rally.task.engine [-] Task d5913fc7-e684-443c-81dc-ad205e82ae7c | Starting: Task validation of syntax.
2019-07-18 09:22:41.252 22705 INFO rally.task.engine [-] Task d5913fc7-e684-443c-81dc-ad205e82ae7c | Completed: Task validation of syntax.
2019-07-18 09:22:41.252 22705 INFO rally.task.engine [-] Task d5913fc7-e684-443c-81dc-ad205e82ae7c | Starting: Task validation of required platforms.
2019-07-18 09:22:41.310 22705 INFO rally.task.engine [-] Task d5913fc7-e684-443c-81dc-ad205e82ae7c | Completed: Task validation of required platforms.
2019-07-18 09:22:41.310 22705 INFO rally.task.engine [-] Task d5913fc7-e684-443c-81dc-ad205e82ae7c | Starting: Task validation of semantic.
2019-07-18 09:22:41.310 22705 INFO rally.task.engine [-] Check health of the environment '74f15235-77ac-4358-b0a7-315c0ede8dc2'.
2019-07-18 09:22:42.113 22705 INFO rally.task.engine [-] Platform existing@openstack (available: True): OK!
2019-07-18 09:22:42.131 22705 RALLYDEBUG rally_openstack.contexts.keystone.users [-] Creating 1 tenants using 20 threads
2019-07-18 09:22:43.863 22705 RALLYDEBUG rally_openstack.contexts.keystone.users [-] Creating 1 users using 20 threads
2019-07-18 09:22:46.257 22705 INFO rally.task.context [-] Task d5913fc7-e684-443c-81dc-ad205e82ae7c | Context users@openstack setup() finished in 4.13 sec
2019-07-18 09:22:52.482 22705 INFO rally.task.context [-] Task d5913fc7-e684-443c-81dc-ad205e82ae7c | Context users@openstack cleanup() started
2019-07-18 09:22:57.229 22705 INFO rally.task.context [-] Task d5913fc7-e684-443c-81dc-ad205e82ae7c | Context users@openstack cleanup() finished in 4.75 sec
2019-07-18 09:22:57.230 22705 INFO rally.task.engine [-] Task d5913fc7-e684-443c-81dc-ad205e82ae7c | Completed: Task validation of semantic.
2019-07-18 09:22:57.230 22705 INFO rally.task.engine [-] Task d5913fc7-e684-443c-81dc-ad205e82ae7c | Completed: Task validation.
2019-07-18 09:22:57.230 22705 INFO rally.api [-] Task d5913fc7-e684-443c-81dc-ad205e82ae7c input file is valid.
2019-07-18 09:22:57.231 22705 INFO rally.api [-] Run Task d5913fc7-e684-443c-81dc-ad205e82ae7c against Deployment 74f15235-77ac-4358-b0a7-315c0ede8dc2
2019-07-18 09:22:57.231 22705 INFO rally.task.engine [-] Task d5913fc7-e684-443c-81dc-ad205e82ae7c | Starting: Running task.
2019-07-18 09:22:57.353 22705 INFO rally.task.engine [-] Running workload: position = 0 config = { "version": 2, "title": "A cropped version of a bigger task.", "description": "Auto-generated task from a single workload (uuid=1a2520aa-6f8e-4603-8eb8-47c6216239c2)", "subtasks": [ { "title": "NeutronNetworks.create_and_list_networks", "description": "Check performance of list_networks action and ensure > network quotas are not exceeded", "scenario": { "NeutronNetworks.create_and_list_networks": {} }, "contexts": { "users": { "tenants": 1, "users_per_tenant": 1 }, "quotas": { "neutron": { "network": 119 } } }, "runner": { "constant": { "times": 100, "concurrency": 20 } }, "hooks": [], "sla": { "max_avg_duration_per_atomic": { "neutron.list_networks": 15 }, "failure_rate": { "max": 0 } } } ] }
2019-07-18 09:22:57.372 22705 RALLYDEBUG rally_openstack.contexts.keystone.users [-] Creating 1 tenants using 20 threads
2019-07-18 09:22:59.092 22705 RALLYDEBUG rally_openstack.contexts.keystone.users [-] Creating 1 users using 20 threads
2019-07-18 09:23:01.609 22705 INFO rally.task.context [-] Task d5913fc7-e684-443c-81dc-ad205e82ae7c | Context users@openstack setup() finished in 4.24 sec
2019-07-18 09:23:02.360 22705 INFO rally.task.context [-] Task d5913fc7-e684-443c-81dc-ad205e82ae7c | Context quotas@openstack setup() finished in 0.75 sec
2019-07-18 09:23:02.360 22705 INFO rally.task.context [-] Task d5913fc7-e684-443c-81dc-ad205e82ae7c | Context cleanup@openstack setup() finished in 0.01 msec
2019-07-18 09:23:02.368 22705 RALLYDEBUG rally.task.runner [-] Starting the constant runner (task UUID: d5913fc7-e684-443c-81dc-ad205e82ae7c). timeout: 0 concurrency: 20 concurrency_per_worker: 1 times: 100 concurrency_overhead: 4 processes_to_start: 16 max_cpu_used: 16
2019-07-18 09:23:02.381 22829 RALLYDEBUG rally.task.runner [-] Starting a worker. concurrency: 2 args: {} times: 100 method_name: run timeout: 0 duration: None cls:
2019-07-18 09:23:02.384 22830 RALLYDEBUG rally.task.runner [-] Starting a worker. concurrency: 2 args: {} times: 100 method_name: run timeout: 0 duration: None cls:
2019-07-18 09:23:02.386 22831 RALLYDEBUG rally.task.runner [-] Starting a worker. concurrency: 2 args: {} times: 100 method_name: run timeout: 0 duration: None cls:
2019-07-18 09:23:02.390 22832 RALLYDEBUG rally.task.runner [-] Starting a worker. concurrency: 2 args: {} times: 100 method_name: run timeout: 0 duration: None cls:
2019-07-18 09:23:02.392 22830 INFO rally.task.runner [-] Task d5913fc7-e684-443c-81dc-ad205e82ae7c | ITER: 2 START
2019-07-18 09:23:02.392 22829 INFO rally.task.runner [-] Task d5913fc7-e684-443c-81dc-ad205e82ae7c | ITER: 1 START
2019-07-18 09:23:02.392 22835 RALLYDEBUG rally.task.runner [-] Starting a worker. concurrency: 1 args: {} times: 100 method_name: run timeout: 0 duration: None cls:
2019-07-18 09:23:02.395 22829 INFO rally.task.runner [-] Task d5913fc7-e684-443c-81dc-ad205e82ae7c | ITER: 3 START
2019-07-18 09:23:02.395 22831 INFO rally.task.runner [-] Task d5913fc7-e684-443c-81dc-ad205e82ae7c | ITER: 5 START
2019-07-18 09:23:02.396 22838 RALLYDEBUG rally.task.runner [-] Starting a worker. concurrency: 1 args: {} times: 100 method_name: run timeout: 0 duration: None cls:
2019-07-18 09:23:02.395 22830 INFO rally.task.runner [-] Task d5913fc7-e684-443c-81dc-ad205e82ae7c | ITER: 4 START
2019-07-18 09:23:02.401 22835 INFO rally.task.runner [-] Task d5913fc7-e684-443c-81dc-ad205e82ae7c | ITER: 8 START
2019-07-18 09:23:02.400 22841 RALLYDEBUG rally.task.runner [-] Starting a worker. concurrency: 1 args: {} times: 100 method_name: run timeout: 0 duration: None cls:
2019-07-18 09:23:02.402 22832 INFO rally.task.runner [-] Task d5913fc7-e684-443c-81dc-ad205e82ae7c | ITER: 7 START
2019-07-18 09:23:02.402 22832 INFO rally.task.runner [-] Task d5913fc7-e684-443c-81dc-ad205e82ae7c | ITER: 9 START
2019-07-18 09:23:02.402 22846 RALLYDEBUG rally.task.runner [-] Starting a worker. concurrency: 1 args: {} times: 100 method_name: run timeout: 0 duration: None cls:
2019-07-18 09:23:02.403 22831 INFO rally.task.runner [-] Task d5913fc7-e684-443c-81dc-ad205e82ae7c | ITER: 6 START
2019-07-18 09:23:02.405 22838 INFO rally.task.runner [-] Task d5913fc7-e684-443c-81dc-ad205e82ae7c | ITER: 10 START
2019-07-18 09:23:02.405 22849 RALLYDEBUG rally.task.runner [-] Starting a worker. concurrency: 1 args: {} times: 100 method_name: run timeout: 0 duration: None cls:
2019-07-18 09:23:02.410 22854 RALLYDEBUG rally.task.runner [-] Starting a worker. concurrency: 1 args: {} times: 100 method_name: run timeout: 0 duration: None cls:
2019-07-18 09:23:02.413 22841 INFO rally.task.runner [-] Task d5913fc7-e684-443c-81dc-ad205e82ae7c | ITER: 11 START
2019-07-18 09:23:02.413 22846 INFO rally.task.runner [-] Task d5913fc7-e684-443c-81dc-ad205e82ae7c | ITER: 12 START
2019-07-18 09:23:02.414 22849 INFO rally.task.runner [-] Task d5913fc7-e684-443c-81dc-ad205e82ae7c | ITER: 13 START
2019-07-18 09:23:02.417 22854 INFO rally.task.runner [-] Task d5913fc7-e684-443c-81dc-ad205e82ae7c | ITER: 14 START
2019-07-18 09:23:02.418 22859 RALLYDEBUG rally.task.runner [-] Starting a worker. concurrency: 1 args: {} times: 100 method_name: run timeout: 0 duration: None cls:
2019-07-18 09:23:02.426 22859 INFO rally.task.runner [-] Task d5913fc7-e684-443c-81dc-ad205e82ae7c | ITER: 15 START
2019-07-18 09:23:02.430 22864 RALLYDEBUG rally.task.runner [-] Starting a worker. concurrency: 1 args: {} times: 100 method_name: run timeout: 0 duration: None cls:
2019-07-18 09:23:02.434 22867 RALLYDEBUG rally.task.runner [-] Starting a worker. concurrency: 1 args: {} times: 100 method_name: run timeout: 0 duration: None cls:
2019-07-18 09:23:02.440 22867 INFO rally.task.runner [-] Task d5913fc7-e684-443c-81dc-ad205e82ae7c | ITER: 17 START
2019-07-18 09:23:02.442 22864 INFO rally.task.runner [-] Task d5913fc7-e684-443c-81dc-ad205e82ae7c | ITER: 16 START
2019-07-18 09:23:02.444 22868 RALLYDEBUG rally.task.runner [-] Starting a worker. concurrency: 1 args: {} times: 100 method_name: run timeout: 0 duration: None cls:
2019-07-18 09:23:02.449 22873 RALLYDEBUG rally.task.runner [-] Starting a worker. concurrency: 1 args: {} times: 100 method_name: run timeout: 0 duration: None cls:
2019-07-18 09:23:02.450 22868 INFO rally.task.runner [-] Task d5913fc7-e684-443c-81dc-ad205e82ae7c | ITER: 18 START
2019-07-18 09:23:02.455 22873 INFO rally.task.runner [-] Task d5913fc7-e684-443c-81dc-ad205e82ae7c | ITER: 19 START
2019-07-18 09:23:02.456 22876 RALLYDEBUG rally.task.runner [-] Starting a worker. concurrency: 1 args: {} times: 100 method_name: run timeout: 0 duration: None cls:
2019-07-18 09:23:02.461 22876 INFO rally.task.runner [-] Task d5913fc7-e684-443c-81dc-ad205e82ae7c | ITER: 20 START
2019-07-18 09:23:03.738 22838 INFO rally.task.runner [-] Task d5913fc7-e684-443c-81dc-ad205e82ae7c | ITER: 10 END: OK
2019-07-18 09:23:03.741 22838 INFO rally.task.runner [-] Task d5913fc7-e684-443c-81dc-ad205e82ae7c | ITER: 21 START
2019-07-18 09:23:03.918 22841 INFO rally.task.runner [-] Task d5913fc7-e684-443c-81dc-ad205e82ae7c | ITER: 11 END: OK
2019-07-18 09:23:03.923 22841 INFO rally.task.runner [-] Task d5913fc7-e684-443c-81dc-ad205e82ae7c | ITER: 22 START
2019-07-18 09:23:04.137 22854 INFO rally.task.runner [-] Task d5913fc7-e684-443c-81dc-ad205e82ae7c | ITER: 14 END: OK
2019-07-18 09:23:04.141 22854 INFO rally.task.runner [-] Task d5913fc7-e684-443c-81dc-ad205e82ae7c | ITER: 23 START
2019-07-18 09:23:04.326 22831 INFO rally.task.runner [-] Task d5913fc7-e684-443c-81dc-ad205e82ae7c | ITER: 6 END: OK
2019-07-18 09:23:04.330 22831 INFO rally.task.runner [-] Task d5913fc7-e684-443c-81dc-ad205e82ae7c | ITER: 24 START
2019-07-18 09:23:04.872 22830 INFO rally.task.runner [-] Task d5913fc7-e684-443c-81dc-ad205e82ae7c | ITER: 2 END: OK
2019-07-18 09:23:04.876 22830 INFO rally.task.runner [-] Task d5913fc7-e684-443c-81dc-ad205e82ae7c | ITER: 25 START
2019-07-18 09:23:04.909 22846 INFO rally.task.runner [-] Task d5913fc7-e684-443c-81dc-ad205e82ae7c | ITER: 12 END: OK
2019-07-18 09:23:04.913 22846 INFO rally.task.runner [-] Task d5913fc7-e684-443c-81dc-ad205e82ae7c | ITER: 26 START
2019-07-18 09:23:05.105 22849 INFO rally.task.runner [-] Task d5913fc7-e684-443c-81dc-ad205e82ae7c | ITER: 13 END: OK
2019-07-18 09:23:05.109 22849 INFO rally.task.runner [-] Task d5913fc7-e684-443c-81dc-ad205e82ae7c | ITER: 27 START
2019-07-18 09:23:05.149 22830 INFO rally.task.runner [-] Task d5913fc7-e684-443c-81dc-ad205e82ae7c | ITER: 4 END: OK
2019-07-18 09:23:05.152 22830 INFO rally.task.runner [-] Task d5913fc7-e684-443c-81dc-ad205e82ae7c | ITER: 28 START
2019-07-18 09:23:05.227 22832 INFO rally.task.runner [-] Task d5913fc7-e684-443c-81dc-ad205e82ae7c | ITER: 7 END: OK
2019-07-18 09:23:05.230 22832 INFO rally.task.runner [-] Task d5913fc7-e684-443c-81dc-ad205e82ae7c | ITER: 29 START
2019-07-18 09:23:05.296 22831 INFO rally.task.runner [-] Task d5913fc7-e684-443c-81dc-ad205e82ae7c | ITER: 5 END: OK
2019-07-18 09:23:05.300 22831 INFO rally.task.runner [-] Task d5913fc7-e684-443c-81dc-ad205e82ae7c | ITER: 30 START
2019-07-18 09:23:05.461 22829 INFO rally.task.runner [-] Task d5913fc7-e684-443c-81dc-ad205e82ae7c | ITER: 1 END: OK
2019-07-18 09:23:05.464 22829 INFO rally.task.runner [-] Task d5913fc7-e684-443c-81dc-ad205e82ae7c | ITER: 31 START
2019-07-18 09:23:05.930 22832 INFO rally.task.runner [-] Task d5913fc7-e684-443c-81dc-ad205e82ae7c | ITER: 9 END: OK
2019-07-18 09:23:05.933 22832 INFO rally.task.runner [-] Task d5913fc7-e684-443c-81dc-ad205e82ae7c | ITER: 32 START
2019-07-18 09:23:06.130 22868 INFO rally.task.runner [-] Task d5913fc7-e684-443c-81dc-ad205e82ae7c | ITER: 18 END: OK
2019-07-18 09:23:06.133 22868 INFO rally.task.runner [-] Task d5913fc7-e684-443c-81dc-ad205e82ae7c | ITER: 33 START
2019-07-18 09:23:06.202 22859 INFO rally.task.runner [-] Task d5913fc7-e684-443c-81dc-ad205e82ae7c | ITER: 15 END: OK
2019-07-18 09:23:06.205 22859 INFO rally.task.runner [-] Task d5913fc7-e684-443c-81dc-ad205e82ae7c | ITER: 34 START
2019-07-18 09:23:06.211 22835 INFO rally.task.runner [-] Task d5913fc7-e684-443c-81dc-ad205e82ae7c | ITER: 8 END: OK
2019-07-18 09:23:06.213 22829 INFO rally.task.runner [-] Task d5913fc7-e684-443c-81dc-ad205e82ae7c | ITER: 3 END: OK
2019-07-18 09:23:06.214 22835 INFO rally.task.runner [-] Task d5913fc7-e684-443c-81dc-ad205e82ae7c | ITER: 35 START
2019-07-18 09:23:06.216 22829 INFO rally.task.runner [-] Task d5913fc7-e684-443c-81dc-ad205e82ae7c | ITER: 36 START
2019-07-18 09:23:06.281 22867 INFO rally.task.runner [-] Task d5913fc7-e684-443c-81dc-ad205e82ae7c | ITER: 17 END: OK
2019-07-18 09:23:06.284 22867 INFO rally.task.runner [-] Task d5913fc7-e684-443c-81dc-ad205e82ae7c | ITER: 37 START
2019-07-18 09:23:06.550 22864 INFO rally.task.runner [-] Task d5913fc7-e684-443c-81dc-ad205e82ae7c | ITER: 16 END: OK
2019-07-18 09:23:06.553 22864 INFO rally.task.runner [-] Task d5913fc7-e684-443c-81dc-ad205e82ae7c | ITER: 38 START
2019-07-18 09:23:06.913 22876 INFO rally.task.runner [-] Task d5913fc7-e684-443c-81dc-ad205e82ae7c | ITER: 20 END: OK
2019-07-18 09:23:06.916 22876 INFO rally.task.runner [-] Task d5913fc7-e684-443c-81dc-ad205e82ae7c | ITER: 39 START
2019-07-18 09:23:06.965 22873 INFO rally.task.runner [-] Task d5913fc7-e684-443c-81dc-ad205e82ae7c | ITER: 19 END: OK
2019-07-18 09:23:06.969 22873 INFO rally.task.runner [-] Task d5913fc7-e684-443c-81dc-ad205e82ae7c | ITER: 40 START
2019-07-18 09:23:07.238 22854 INFO rally.task.runner [-] Task d5913fc7-e684-443c-81dc-ad205e82ae7c | ITER: 23 END: OK
2019-07-18 09:23:07.242 22854 INFO rally.task.runner [-] Task d5913fc7-e684-443c-81dc-ad205e82ae7c | ITER: 41 START
2019-07-18 09:23:07.428 22831 INFO rally.task.runner [-] Task d5913fc7-e684-443c-81dc-ad205e82ae7c | ITER: 24 END: OK
2019-07-18 09:23:07.431 22831 INFO rally.task.runner [-] Task d5913fc7-e684-443c-81dc-ad205e82ae7c | ITER: 42 START
2019-07-18 09:23:07.629 22838 INFO rally.task.runner [-] Task d5913fc7-e684-443c-81dc-ad205e82ae7c | ITER: 21 END: OK
2019-07-18 09:23:07.633 22838 INFO rally.task.runner [-] Task d5913fc7-e684-443c-81dc-ad205e82ae7c | ITER: 43 START
2019-07-18 09:23:07.682 22846 INFO rally.task.runner [-] Task d5913fc7-e684-443c-81dc-ad205e82ae7c | ITER: 26 END: OK
2019-07-18 09:23:07.685 22846 INFO rally.task.runner [-] Task d5913fc7-e684-443c-81dc-ad205e82ae7c | ITER: 44 START
2019-07-18 09:23:07.715 22830 INFO rally.task.runner [-] Task d5913fc7-e684-443c-81dc-ad205e82ae7c | ITER: 25 END: OK
2019-07-18 09:23:07.718 22830 INFO rally.task.runner [-] Task d5913fc7-e684-443c-81dc-ad205e82ae7c | ITER: 45 START
2019-07-18 09:23:07.774 22849 INFO rally.task.runner [-] Task d5913fc7-e684-443c-81dc-ad205e82ae7c | ITER: 27 END: OK
2019-07-18 09:23:07.777 22849 INFO rally.task.runner [-] Task d5913fc7-e684-443c-81dc-ad205e82ae7c | ITER: 46 START
2019-07-18 09:23:07.993 22841 INFO rally.task.runner [-] Task d5913fc7-e684-443c-81dc-ad205e82ae7c | ITER: 22 END: OK
2019-07-18 09:23:07.997 22841 INFO rally.task.runner [-] Task d5913fc7-e684-443c-81dc-ad205e82ae7c | ITER: 47 START
2019-07-18 09:23:08.475 22829 INFO rally.task.runner [-] Task d5913fc7-e684-443c-81dc-ad205e82ae7c | ITER: 31 END: OK
2019-07-18 09:23:08.478 22829 INFO rally.task.runner [-] Task d5913fc7-e684-443c-81dc-ad205e82ae7c | ITER: 48 START
2019-07-18 09:23:08.492 22832 INFO rally.task.runner [-] Task d5913fc7-e684-443c-81dc-ad205e82ae7c | ITER: 29 END: OK
2019-07-18 09:23:08.495 22832 INFO rally.task.runner [-] Task d5913fc7-e684-443c-81dc-ad205e82ae7c | ITER: 49 START
2019-07-18 09:23:08.621 22830 INFO rally.task.runner [-] Task d5913fc7-e684-443c-81dc-ad205e82ae7c | ITER: 28 END: OK
2019-07-18 09:23:08.624 22830 INFO rally.task.runner [-] Task d5913fc7-e684-443c-81dc-ad205e82ae7c | ITER: 50 START
2019-07-18 09:23:08.635 22868 INFO rally.task.runner [-] Task d5913fc7-e684-443c-81dc-ad205e82ae7c | ITER: 33 END: OK
2019-07-18 09:23:08.638 22868 INFO rally.task.runner [-] Task d5913fc7-e684-443c-81dc-ad205e82ae7c | ITER: 51 START
2019-07-18 09:23:08.647 22876 INFO rally.task.runner [-] Task d5913fc7-e684-443c-81dc-ad205e82ae7c | ITER: 39 END: OK
2019-07-18 09:23:08.650 22876 INFO rally.task.runner [-] Task d5913fc7-e684-443c-81dc-ad205e82ae7c | ITER: 52 START
2019-07-18 09:23:08.819 22835 INFO rally.task.runner [-] Task d5913fc7-e684-443c-81dc-ad205e82ae7c | ITER: 35 END: OK
2019-07-18 09:23:08.822 22835 INFO rally.task.runner [-] Task d5913fc7-e684-443c-81dc-ad205e82ae7c | ITER: 53 START
2019-07-18 09:23:08.871 22867 INFO rally.task.runner [-] Task d5913fc7-e684-443c-81dc-ad205e82ae7c | ITER: 37 END: OK
2019-07-18 09:23:08.874 22867 INFO rally.task.runner [-] Task d5913fc7-e684-443c-81dc-ad205e82ae7c | ITER: 54 START
2019-07-18 09:23:08.896 22859 INFO rally.task.runner [-] Task d5913fc7-e684-443c-81dc-ad205e82ae7c | ITER: 34 END: OK
2019-07-18 09:23:08.899 22859 INFO rally.task.runner [-] Task d5913fc7-e684-443c-81dc-ad205e82ae7c | ITER: 55 START
2019-07-18 09:23:09.136 22831 INFO rally.task.runner [-] Task d5913fc7-e684-443c-81dc-ad205e82ae7c | ITER: 30 END: OK
2019-07-18 09:23:09.139 22831 INFO rally.task.runner [-] Task d5913fc7-e684-443c-81dc-ad205e82ae7c | ITER: 56 START
2019-07-18 09:23:09.189 22873 INFO rally.task.runner [-] Task d5913fc7-e684-443c-81dc-ad205e82ae7c | ITER: 40 END: OK
2019-07-18 09:23:09.192 22873 INFO rally.task.runner [-] Task d5913fc7-e684-443c-81dc-ad205e82ae7c | ITER: 57 START
2019-07-18 09:23:09.231 22829 INFO rally.task.runner [-] Task d5913fc7-e684-443c-81dc-ad205e82ae7c | ITER: 36 END: OK
2019-07-18 09:23:09.235 22829 INFO rally.task.runner [-] Task d5913fc7-e684-443c-81dc-ad205e82ae7c | ITER: 58 START
2019-07-18 09:23:09.525 22832 INFO rally.task.runner [-] Task d5913fc7-e684-443c-81dc-ad205e82ae7c | ITER: 32 END: OK
2019-07-18 09:23:09.528 22832 INFO rally.task.runner [-] Task d5913fc7-e684-443c-81dc-ad205e82ae7c | ITER: 59 START
2019-07-18 09:23:09.664 22846 INFO rally.task.runner [-] Task d5913fc7-e684-443c-81dc-ad205e82ae7c | ITER: 44 END: OK
2019-07-18 09:23:09.666 22846 INFO rally.task.runner [-] Task d5913fc7-e684-443c-81dc-ad205e82ae7c | ITER: 60 START
2019-07-18 09:23:09.687 22830 INFO rally.task.runner [-] Task d5913fc7-e684-443c-81dc-ad205e82ae7c | ITER: 45 END: OK
2019-07-18 09:23:09.689 22830 INFO rally.task.runner [-] Task d5913fc7-e684-443c-81dc-ad205e82ae7c | ITER: 61 START
2019-07-18 09:23:09.871 22864 INFO rally.task.runner [-] Task d5913fc7-e684-443c-81dc-ad205e82ae7c | ITER: 38 END: OK
2019-07-18 09:23:09.874 22864 INFO rally.task.runner [-] Task d5913fc7-e684-443c-81dc-ad205e82ae7c | ITER: 62 START
2019-07-18 09:23:10.356 22854 INFO rally.task.runner [-] Task d5913fc7-e684-443c-81dc-ad205e82ae7c | ITER: 41 END: OK
2019-07-18 09:23:10.357 22849 INFO rally.task.runner [-] Task d5913fc7-e684-443c-81dc-ad205e82ae7c | ITER: 46 END: OK
2019-07-18 09:23:10.359 22841 INFO rally.task.runner [-] Task d5913fc7-e684-443c-81dc-ad205e82ae7c | ITER: 47 END: OK
2019-07-18 09:23:10.359 22854 INFO rally.task.runner [-] Task d5913fc7-e684-443c-81dc-ad205e82ae7c | ITER: 63 START
2019-07-18 09:23:10.360 22849 INFO rally.task.runner [-] Task d5913fc7-e684-443c-81dc-ad205e82ae7c | ITER: 64 START
2019-07-18 09:23:10.362 22841 INFO rally.task.runner [-] Task d5913fc7-e684-443c-81dc-ad205e82ae7c | ITER: 65 START
2019-07-18 09:23:10.691 22838 INFO rally.task.runner [-] Task d5913fc7-e684-443c-81dc-ad205e82ae7c | ITER: 43 END: OK
2019-07-18 09:23:10.694 22838 INFO rally.task.runner [-] Task d5913fc7-e684-443c-81dc-ad205e82ae7c | ITER: 66 START
2019-07-18 09:23:11.431 22831 INFO rally.task.runner [-] Task d5913fc7-e684-443c-81dc-ad205e82ae7c | ITER: 42 END: OK
2019-07-18 09:23:11.435 22831 INFO rally.task.runner [-] Task d5913fc7-e684-443c-81dc-ad205e82ae7c | ITER: 67 START
2019-07-18 09:23:11.502 22859 INFO rally.task.runner [-] Task d5913fc7-e684-443c-81dc-ad205e82ae7c | ITER: 55 END: OK
2019-07-18 09:23:11.505 22859 INFO rally.task.runner [-] Task d5913fc7-e684-443c-81dc-ad205e82ae7c | ITER: 68 START
2019-07-18 09:23:11.513 22829 INFO rally.task.runner [-] Task d5913fc7-e684-443c-81dc-ad205e82ae7c | ITER: 48 END: OK
2019-07-18 09:23:11.517 22832 INFO rally.task.runner [-] Task d5913fc7-e684-443c-81dc-ad205e82ae7c | ITER: 49 END: OK
2019-07-18 09:23:11.519 22829 INFO rally.task.runner [-] Task d5913fc7-e684-443c-81dc-ad205e82ae7c | ITER: 58 END: OK
2019-07-18 09:23:11.520 22832 INFO rally.task.runner [-] Task d5913fc7-e684-443c-81dc-ad205e82ae7c | ITER: 69 START
2019-07-18 09:23:11.524 22829 INFO rally.task.runner [-] Task d5913fc7-e684-443c-81dc-ad205e82ae7c | ITER: 70 START
2019-07-18 09:23:11.530 22829 INFO rally.task.runner [-] Task d5913fc7-e684-443c-81dc-ad205e82ae7c | ITER: 71 START
2019-07-18 09:23:11.620 22846 INFO rally.task.runner [-] Task d5913fc7-e684-443c-81dc-ad205e82ae7c | ITER: 60 END: OK
2019-07-18 09:23:11.623 22846 INFO rally.task.runner [-] Task d5913fc7-e684-443c-81dc-ad205e82ae7c | ITER: 72 START
2019-07-18 09:23:11.687 22876 INFO rally.task.runner [-] Task d5913fc7-e684-443c-81dc-ad205e82ae7c | ITER: 52 END: OK
2019-07-18 09:23:11.690 22876 INFO rally.task.runner [-] Task d5913fc7-e684-443c-81dc-ad205e82ae7c | ITER: 73 START
2019-07-18 09:23:11.814 22868 INFO rally.task.runner [-] Task d5913fc7-e684-443c-81dc-ad205e82ae7c | ITER: 51 END: OK
2019-07-18 09:23:11.817 22868 INFO rally.task.runner [-] Task d5913fc7-e684-443c-81dc-ad205e82ae7c | ITER: 74 START
2019-07-18 09:23:12.007 22864 INFO rally.task.runner [-] Task d5913fc7-e684-443c-81dc-ad205e82ae7c | ITER: 62 END: OK
2019-07-18 09:23:12.011 22864 INFO rally.task.runner [-] Task d5913fc7-e684-443c-81dc-ad205e82ae7c | ITER: 75 START
2019-07-18 09:23:12.257 22830 INFO rally.task.runner [-] Task d5913fc7-e684-443c-81dc-ad205e82ae7c | ITER: 50 END: OK
2019-07-18 09:23:12.260 22830 INFO rally.task.runner [-] Task d5913fc7-e684-443c-81dc-ad205e82ae7c | ITER: 76 START
2019-07-18 09:23:12.455 22867 INFO rally.task.runner [-] Task d5913fc7-e684-443c-81dc-ad205e82ae7c | ITER: 54 END: OK
2019-07-18 09:23:12.458 22867 INFO rally.task.runner [-] Task d5913fc7-e684-443c-81dc-ad205e82ae7c | ITER: 77 START
2019-07-18 09:23:12.489 22830 INFO rally.task.runner [-] Task d5913fc7-e684-443c-81dc-ad205e82ae7c | ITER: 61 END: OK
2019-07-18 09:23:12.492 22830 INFO rally.task.runner [-] Task d5913fc7-e684-443c-81dc-ad205e82ae7c | ITER: 78 START
2019-07-18 09:23:12.545 22831 INFO rally.task.runner [-] Task d5913fc7-e684-443c-81dc-ad205e82ae7c | ITER: 56 END: OK
2019-07-18 09:23:12.548 22831 INFO rally.task.runner [-] Task d5913fc7-e684-443c-81dc-ad205e82ae7c | ITER: 79 START
2019-07-18 09:23:12.568 22873 INFO rally.task.runner [-] Task d5913fc7-e684-443c-81dc-ad205e82ae7c | ITER: 57 END: OK
2019-07-18 09:23:12.572 22873 INFO rally.task.runner [-] Task d5913fc7-e684-443c-81dc-ad205e82ae7c | ITER: 80 START
2019-07-18 09:23:12.778 22835 INFO rally.task.runner [-] Task d5913fc7-e684-443c-81dc-ad205e82ae7c | ITER: 53 END: OK
2019-07-18 09:23:12.781 22835 INFO rally.task.runner [-] Task d5913fc7-e684-443c-81dc-ad205e82ae7c | ITER: 81 START
2019-07-18 09:23:12.862 22832 INFO rally.task.runner [-] Task d5913fc7-e684-443c-81dc-ad205e82ae7c | ITER: 59 END: OK
2019-07-18 09:23:12.864 22832 INFO rally.task.runner [-] Task d5913fc7-e684-443c-81dc-ad205e82ae7c | ITER: 82 START
2019-07-18 09:23:12.953 22841 INFO rally.task.runner [-] Task d5913fc7-e684-443c-81dc-ad205e82ae7c | ITER: 65 END: OK
2019-07-18 09:23:12.956 22841 INFO rally.task.runner [-] Task d5913fc7-e684-443c-81dc-ad205e82ae7c | ITER: 83 START
2019-07-18 09:23:13.003 22854 INFO rally.task.runner [-] Task d5913fc7-e684-443c-81dc-ad205e82ae7c | ITER: 63 END: OK
2019-07-18 09:23:13.006 22854 INFO rally.task.runner [-] Task d5913fc7-e684-443c-81dc-ad205e82ae7c | ITER: 84 START
2019-07-18 09:23:13.013 22849 INFO rally.task.runner [-] Task d5913fc7-e684-443c-81dc-ad205e82ae7c | ITER: 64 END: OK
2019-07-18 09:23:13.014 22838 INFO rally.task.runner [-] Task d5913fc7-e684-443c-81dc-ad205e82ae7c | ITER: 66 END: OK
2019-07-18 09:23:13.016 22849 INFO rally.task.runner [-] Task d5913fc7-e684-443c-81dc-ad205e82ae7c | ITER: 85 START
2019-07-18 09:23:13.018 22838 INFO rally.task.runner [-] Task d5913fc7-e684-443c-81dc-ad205e82ae7c | ITER: 86 START
2019-07-18 09:23:13.274 22831 INFO rally.task.runner [-] Task d5913fc7-e684-443c-81dc-ad205e82ae7c | ITER: 67 END: OK
2019-07-18 09:23:13.277 22831 INFO rally.task.runner [-] Task d5913fc7-e684-443c-81dc-ad205e82ae7c | ITER: 87 START
2019-07-18 09:23:13.675 22829 INFO rally.task.runner [-] Task d5913fc7-e684-443c-81dc-ad205e82ae7c | ITER: 71 END: OK
2019-07-18 09:23:13.678 22829 INFO rally.task.runner [-] Task d5913fc7-e684-443c-81dc-ad205e82ae7c | ITER: 88 START
2019-07-18 09:23:13.681 22859 INFO rally.task.runner [-] Task d5913fc7-e684-443c-81dc-ad205e82ae7c | ITER: 68 END: OK
2019-07-18 09:23:13.683 22859 INFO rally.task.runner [-] Task d5913fc7-e684-443c-81dc-ad205e82ae7c | ITER: 89 START
2019-07-18 09:23:13.783 22829 INFO rally.task.runner [-] Task d5913fc7-e684-443c-81dc-ad205e82ae7c | ITER: 70 END: OK
2019-07-18 09:23:13.786 22829 INFO rally.task.runner [-] Task d5913fc7-e684-443c-81dc-ad205e82ae7c | ITER: 90 START
2019-07-18 09:23:13.865 22832 INFO rally.task.runner [-] Task d5913fc7-e684-443c-81dc-ad205e82ae7c | ITER: 69 END: OK
2019-07-18 09:23:13.868 22832 INFO rally.task.runner [-] Task d5913fc7-e684-443c-81dc-ad205e82ae7c | ITER: 91 START
2019-07-18 09:23:13.976 22876 INFO rally.task.runner [-] Task d5913fc7-e684-443c-81dc-ad205e82ae7c | ITER: 73 END: OK
2019-07-18 09:23:13.979 22876 INFO rally.task.runner [-] Task d5913fc7-e684-443c-81dc-ad205e82ae7c | ITER: 92 START
2019-07-18 09:23:14.038 22846 INFO rally.task.runner [-] Task d5913fc7-e684-443c-81dc-ad205e82ae7c | ITER: 72 END: OK
2019-07-18 09:23:14.041 22846 INFO rally.task.runner [-] Task d5913fc7-e684-443c-81dc-ad205e82ae7c | ITER: 93 START
2019-07-18 09:23:14.053 22864 INFO rally.task.runner [-] Task d5913fc7-e684-443c-81dc-ad205e82ae7c | ITER: 75 END: OK
2019-07-18 09:23:14.056 22864 INFO rally.task.runner [-] Task d5913fc7-e684-443c-81dc-ad205e82ae7c | ITER: 94 START
2019-07-18 09:23:14.059 22868 INFO rally.task.runner [-] Task d5913fc7-e684-443c-81dc-ad205e82ae7c | ITER: 74 END: OK
2019-07-18 09:23:14.062 22868 INFO rally.task.runner [-] Task d5913fc7-e684-443c-81dc-ad205e82ae7c | ITER: 95 START
2019-07-18 09:23:14.691 22831 INFO rally.task.runner [-] Task d5913fc7-e684-443c-81dc-ad205e82ae7c | ITER: 79 END: OK
2019-07-18 09:23:14.694 22831 INFO rally.task.runner [-] Task d5913fc7-e684-443c-81dc-ad205e82ae7c | ITER: 96 START
2019-07-18 09:23:14.721 22830 INFO rally.task.runner [-] Task d5913fc7-e684-443c-81dc-ad205e82ae7c | ITER: 76 END: OK
2019-07-18 09:23:14.725 22830 INFO rally.task.runner [-] Task d5913fc7-e684-443c-81dc-ad205e82ae7c | ITER: 97 START
2019-07-18 09:23:14.878 22830 INFO rally.task.runner [-] Task d5913fc7-e684-443c-81dc-ad205e82ae7c | ITER: 78 END: OK
2019-07-18 09:23:14.881 22830 INFO rally.task.runner [-] Task d5913fc7-e684-443c-81dc-ad205e82ae7c | ITER: 98 START
2019-07-18 09:23:14.955 22873 INFO rally.task.runner [-] Task d5913fc7-e684-443c-81dc-ad205e82ae7c | ITER: 80 END: OK
2019-07-18 09:23:14.958 22873 INFO rally.task.runner [-] Task d5913fc7-e684-443c-81dc-ad205e82ae7c | ITER: 99 START
2019-07-18 09:23:15.258 22838 INFO rally.task.runner [-] Task d5913fc7-e684-443c-81dc-ad205e82ae7c | ITER: 86 END: OK
2019-07-18 09:23:15.262 22838 INFO rally.task.runner [-] Task d5913fc7-e684-443c-81dc-ad205e82ae7c | ITER: 100 START
2019-07-18 09:23:15.282 22867 INFO rally.task.runner [-] Task d5913fc7-e684-443c-81dc-ad205e82ae7c | ITER: 77 END: OK
2019-07-18 09:23:15.392 22832 INFO rally.task.runner [-] Task d5913fc7-e684-443c-81dc-ad205e82ae7c | ITER: 82 END: OK
2019-07-18 09:23:15.528 22841 INFO rally.task.runner [-] Task d5913fc7-e684-443c-81dc-ad205e82ae7c | ITER: 83 END: OK
2019-07-18 09:23:15.829 22835 INFO rally.task.runner [-] Task d5913fc7-e684-443c-81dc-ad205e82ae7c | ITER: 81 END: OK
2019-07-18 09:23:15.837 22859 INFO rally.task.runner [-] Task d5913fc7-e684-443c-81dc-ad205e82ae7c | ITER: 89 END: OK
2019-07-18 09:23:15.839 22849 INFO rally.task.runner [-] Task d5913fc7-e684-443c-81dc-ad205e82ae7c | ITER: 85 END: OK
2019-07-18 09:23:15.869 22829 INFO rally.task.runner [-] Task d5913fc7-e684-443c-81dc-ad205e82ae7c | ITER: 90 END: OK
2019-07-18 09:23:16.042 22876 INFO rally.task.runner [-] Task d5913fc7-e684-443c-81dc-ad205e82ae7c | ITER: 92 END: OK
2019-07-18 09:23:16.093 22854 INFO rally.task.runner [-] Task d5913fc7-e684-443c-81dc-ad205e82ae7c | ITER: 84 END: OK
2019-07-18 09:23:16.099 22832 INFO rally.task.runner [-] Task d5913fc7-e684-443c-81dc-ad205e82ae7c | ITER: 91 END: OK
2019-07-18 09:23:16.244 22846 INFO rally.task.runner [-] Task d5913fc7-e684-443c-81dc-ad205e82ae7c | ITER: 93 END: OK
2019-07-18 09:23:16.635 22864 INFO rally.task.runner [-] Task d5913fc7-e684-443c-81dc-ad205e82ae7c | ITER: 94 END: OK
2019-07-18 09:23:16.650 22831 INFO rally.task.runner [-] Task d5913fc7-e684-443c-81dc-ad205e82ae7c | ITER: 87 END: OK
2019-07-18 09:23:16.684 22868 INFO rally.task.runner [-] Task d5913fc7-e684-443c-81dc-ad205e82ae7c | ITER: 95 END: OK
2019-07-18 09:23:16.930 22829 INFO rally.task.runner [-] Task d5913fc7-e684-443c-81dc-ad205e82ae7c | ITER: 88 END: OK
2019-07-18 09:23:16.934 22838 INFO rally.task.runner [-] Task d5913fc7-e684-443c-81dc-ad205e82ae7c | ITER: 100 END: OK
2019-07-18 09:23:16.987 22831 INFO rally.task.runner [-] Task d5913fc7-e684-443c-81dc-ad205e82ae7c | ITER: 96 END: OK
2019-07-18 09:23:17.412 22830 INFO rally.task.runner [-] Task d5913fc7-e684-443c-81dc-ad205e82ae7c | ITER: 98 END: OK
2019-07-18 09:23:17.445 22830 INFO rally.task.runner [-] Task d5913fc7-e684-443c-81dc-ad205e82ae7c | ITER: 97 END: OK
2019-07-18 09:23:17.761 22873 INFO rally.task.runner [-] Task d5913fc7-e684-443c-81dc-ad205e82ae7c | ITER: 99 END: OK
2019-07-18 09:23:17.787 22705 INFO rally.task.context [-] Task d5913fc7-e684-443c-81dc-ad205e82ae7c | Context cleanup@openstack cleanup() started
2019-07-18 09:23:17.788 22705 RALLYDEBUG rally_openstack.cleanup.manager [-] Cleaning up neutron vip objects
2019-07-18 09:23:18.413 22705 RALLYDEBUG rally_openstack.cleanup.manager [-] Cleaning up neutron health_monitor objects
2019-07-18 09:23:19.028 22705 RALLYDEBUG rally_openstack.cleanup.manager [-] Cleaning up neutron pool objects
2019-07-18 09:23:19.651 22705 RALLYDEBUG rally_openstack.cleanup.manager [-] Cleaning up neutron loadbalancer objects
2019-07-18 09:23:20.272 22705 RALLYDEBUG rally_openstack.cleanup.manager [-] Cleaning up neutron floatingip objects
2019-07-18 09:23:20.959 22705 RALLYDEBUG rally_openstack.cleanup.manager [-] Cleaning up neutron port objects
2019-07-18 09:23:21.615 22705 RALLYDEBUG rally_openstack.cleanup.manager [-] Cleaning up neutron subnet objects
2019-07-18 09:23:22.507 22705 RALLYDEBUG rally_openstack.cleanup.manager [-] Cleaning up neutron network objects
2019-07-18 09:23:23.432 22705 RALLYDEBUG rally_openstack.cleanup.manager [-] Deleting neutron.network object s_rally_1a2520aa_NNjezEaX (07c76c80-b45b-411e-bc0e-c04c442190e4)
2019-07-18 09:23:23.436 22705 RALLYDEBUG rally_openstack.cleanup.manager [-] Deleting neutron.network object s_rally_1a2520aa_oY4UwLyi (214f6173-26ad-4e93-819f-8d1b257c0cba)
2019-07-18 09:23:23.438 22705 RALLYDEBUG rally_openstack.cleanup.manager [-] Deleting neutron.network object s_rally_1a2520aa_xLepoR0T (231569d2-90ec-4ef2-8d9d-da0cc798dba9)
2019-07-18 09:23:23.441 22705 RALLYDEBUG rally_openstack.cleanup.manager [-] Deleting neutron.network object s_rally_1a2520aa_MkO51QKy (0eb7e53a-596d-4124-bba1-08fb4ef1ed43)
2019-07-18 09:23:23.448 22705 RALLYDEBUG rally_openstack.cleanup.manager [-] Deleting neutron.network object s_rally_1a2520aa_SDUnOap6 (0dd2074c-e60e-4f46-a04c-8ea76bb0b887)
2019-07-18 09:23:23.460 22705 RALLYDEBUG rally_openstack.cleanup.manager [-] Deleting neutron.network object s_rally_1a2520aa_AU0fsVif (25d54aaa-bcf7-4fdc-8ab5-5a9dab155c8d)
2019-07-18 09:23:23.461 22705 RALLYDEBUG rally_openstack.cleanup.manager [-] Deleting neutron.network object s_rally_1a2520aa_SZp8zIu4 (1628c41d-b10d-4dbc-8f8f-5ebd84ce4f0f)
2019-07-18 09:23:23.466 22705 RALLYDEBUG rally_openstack.cleanup.manager [-] Deleting neutron.network object s_rally_1a2520aa_rln5BgS2 (0f101725-2bc3-40f0-8a8c-45a17549ce5d)
2019-07-18 09:23:23.472 22705 RALLYDEBUG rally_openstack.cleanup.manager [-] Deleting neutron.network object s_rally_1a2520aa_CdOVTzia (248c378f-937f-400e-8f05-befdbe29ddd9)
2019-07-18 09:23:23.487 22705 RALLYDEBUG rally_openstack.cleanup.manager [-] Deleting neutron.network object s_rally_1a2520aa_n9n9Yo4X (2e7822cf-c8c4-44f3-966d-82050b0c1c0e)
2019-07-18 09:23:23.495 22705 RALLYDEBUG rally_openstack.cleanup.manager [-] Deleting neutron.network object s_rally_1a2520aa_lHMCY5iB (1ef3f3b6-a32f-4f6a-a631-75c2b7fd96b8)
2019-07-18 09:23:23.508 22705 RALLYDEBUG rally_openstack.cleanup.manager [-] Deleting neutron.network object s_rally_1a2520aa_pw8x5TAe (0dcf08b6-bf78-4f58-8bef-e92955409ae3)
2019-07-18 09:23:23.509 22705 RALLYDEBUG rally_openstack.cleanup.manager [-] Deleting neutron.network object s_rally_1a2520aa_m0FW48QU (2a306ce0-9568-47f3-84f3-ef7b3aa98ea9)
2019-07-18 09:23:23.515 22705 RALLYDEBUG rally_openstack.cleanup.manager [-] Deleting neutron.network object s_rally_1a2520aa_nsfODkBw (3473eba9-10f4-43da-bd01-805fa02dd749)
2019-07-18 09:23:23.544 22705 RALLYDEBUG rally_openstack.cleanup.manager [-] Deleting neutron.network object s_rally_1a2520aa_nAm6Xrcc (33a991e0-fa00-4fe6-995c-233ffc8c0cd5)
2019-07-18 09:23:23.558 22705 RALLYDEBUG rally_openstack.cleanup.manager [-] Deleting neutron.network object s_rally_1a2520aa_yU1D3XXC (381a2bda-3329-4ffc-9046-a56fad8c7afd)
2019-07-18 09:23:23.581 22705 RALLYDEBUG rally_openstack.cleanup.manager [-] Deleting neutron.network object s_rally_1a2520aa_9XHTUdSz (38dad71d-5443-40df-aa16-e0cdebd9a8ae)
2019-07-18 09:23:23.607 22705 RALLYDEBUG rally_openstack.cleanup.manager [-] Deleting neutron.network object s_rally_1a2520aa_AFCDBK55 (38fd4b93-f14c-48ab-b65c-26fa7e532460)
2019-07-18 09:23:23.630 22705 RALLYDEBUG rally_openstack.cleanup.manager [-] Deleting neutron.network object s_rally_1a2520aa_dLJSzwZ1 (3aea13e2-aefc-4ae3-a5f8-b25769f5e52c)
2019-07-18 09:23:23.630 22705 RALLYDEBUG rally_openstack.cleanup.manager [-] Deleting neutron.network object s_rally_1a2520aa_S2wY2xVd (39ce98bf-2297-42f4-bce3-909a1b38e003)
2019-07-18 09:23:26.857 22705 RALLYDEBUG rally_openstack.cleanup.manager [-] Deleting neutron.network object s_rally_1a2520aa_I6iwwBVk (41697c7b-db91-4e06-b43a-c5d5e349a10f)
2019-07-18 09:23:26.958 22705 RALLYDEBUG rally_openstack.cleanup.manager [-] Deleting neutron.network object s_rally_1a2520aa_hpBVxTiD (41a0d7ff-6cdd-4dba-80ea-6cf9451356c1)
2019-07-18 09:23:27.061 22705 RALLYDEBUG rally_openstack.cleanup.manager [-] Deleting neutron.network object s_rally_1a2520aa_gslrdlwC (41f37ef7-395d-48b0-b996-1ffeb3a78450)
2019-07-18 09:23:27.567 22705 RALLYDEBUG rally_openstack.cleanup.manager [-] Deleting neutron.network object s_rally_1a2520aa_OXkimHLI (441d7816-8760-46fd-92eb-70d1c7c5d7c4)
2019-07-18 09:23:27.577 22705 RALLYDEBUG rally_openstack.cleanup.manager [-] Deleting neutron.network object s_rally_1a2520aa_UIVNbggD (4b6fdc01-40e2-4ccb-b33d-a0c9f1d67e3c)
2019-07-18 09:23:28.302 22705 RALLYDEBUG rally_openstack.cleanup.manager [-] Deleting neutron.network object s_rally_1a2520aa_IccWO5Jf (4b79eb60-9f58-4e45-ad83-21a602d9b057)
2019-07-18 09:23:28.309 22705 RALLYDEBUG rally_openstack.cleanup.manager [-] Deleting neutron.network object s_rally_1a2520aa_xFtVqSFU (4cbf7960-9e3b-4640-93a7-936b0f14595f)
2019-07-18 09:23:28.455 22705 RALLYDEBUG rally_openstack.cleanup.manager [-] Deleting neutron.network object s_rally_1a2520aa_JriPCVNn (4e707d06-9a65-4a62-be9d-84aa598248da)
2019-07-18 09:23:28.845 22705 RALLYDEBUG rally_openstack.cleanup.manager [-] Deleting neutron.network object s_rally_1a2520aa_G9EH0Vpc (4eab00e9-e9ab-4a71-a42f-44700381404d)
2019-07-18 09:23:28.849 22705 RALLYDEBUG rally_openstack.cleanup.manager [-] Deleting neutron.network object s_rally_1a2520aa_SXzsNH47 (4f4245eb-7954-46fb-80a3-459f098eec4d)
2019-07-18 09:23:29.506 22705 RALLYDEBUG rally_openstack.cleanup.manager [-] Deleting neutron.network object s_rally_1a2520aa_A358L7di (4f43e3bd-d60c-48cf-b12e-8ab16b04859b)
2019-07-18 09:23:29.520 22705 RALLYDEBUG rally_openstack.cleanup.manager [-] Deleting neutron.network object s_rally_1a2520aa_DDekbblJ (508fee34-2df1-4113-837d-6c3ac37055ac)
2019-07-18 09:23:29.540 22705 RALLYDEBUG rally_openstack.cleanup.manager [-] Deleting neutron.network object s_rally_1a2520aa_eGwyfvnf (56c18663-1a85-42cc-9b00-0e0629a58e98)
2019-07-18 09:23:29.546 22705 RALLYDEBUG rally_openstack.cleanup.manager [-] Deleting neutron.network object s_rally_1a2520aa_kdBeQQPQ (58e3550e-bacb-489d-a3c3-7eaf9b1c2067)
2019-07-18 09:23:29.719 22705 RALLYDEBUG rally_openstack.cleanup.manager [-] Deleting neutron.network object s_rally_1a2520aa_2SB4Y0Jn (59af9f84-1f7c-4ec5-a509-8185e3cf5ddb)
2019-07-18 09:23:30.084 22705 RALLYDEBUG rally_openstack.cleanup.manager [-] Deleting neutron.network object s_rally_1a2520aa_7xWDwcR5 (5a4638e4-e392-4193-b66f-8c133ae713f1)
2019-07-18 09:23:30.325 22705 RALLYDEBUG rally_openstack.cleanup.manager [-] Deleting neutron.network object s_rally_1a2520aa_qLoKTmEC (5bac45ff-8985-4078-9680-f688d1eeffec)
2019-07-18 09:23:30.434 22705 RALLYDEBUG rally_openstack.cleanup.manager [-] Deleting neutron.network object s_rally_1a2520aa_fQDQtHYo (5be9d49a-455d-4da4-aa3d-38012a61f5d0)
2019-07-18 09:23:30.586 22705 RALLYDEBUG rally_openstack.cleanup.manager [-] Deleting neutron.network object s_rally_1a2520aa_kwY5bLDd (5d50939e-cb39-4bf8-8d22-f46a2929a22b)
2019-07-18 09:23:30.729 22705 RALLYDEBUG rally_openstack.cleanup.manager [-] Deleting neutron.network object s_rally_1a2520aa_RIdtVdeF (5de3fa83-8a81-4f42-9907-0b038384d5b9)
2019-07-18 09:23:30.744 22705 RALLYDEBUG rally_openstack.cleanup.manager [-] Deleting neutron.network object s_rally_1a2520aa_UtVyvfBN (65e39820-81a5-48d8-a9a4-37c4f7279fe2)
2019-07-18 09:23:30.755 22705 RALLYDEBUG rally_openstack.cleanup.manager [-] Deleting neutron.network object s_rally_1a2520aa_fwcGkeUR (6bfee349-9703-4ec5-bc99-fa844da54817)
2019-07-18 09:23:30.760 22705 RALLYDEBUG rally_openstack.cleanup.manager [-] Deleting neutron.network object s_rally_1a2520aa_Fl3feBtN (6c79578b-8b80-44d4-9cac-b8aa7e768d79)
2019-07-18 09:23:30.958 22705 RALLYDEBUG rally_openstack.cleanup.manager [-] Deleting neutron.network object s_rally_1a2520aa_2YBEiZvf (6d59405b-29b6-4931-99c9-f163bad893e4)
2019-07-18 09:23:30.964 22705 RALLYDEBUG rally_openstack.cleanup.manager [-] Deleting neutron.network object s_rally_1a2520aa_TZCICOvr (6da6d845-2503-4330-b738-c901d429106c)
2019-07-18 09:23:31.068 22705 RALLYDEBUG rally_openstack.cleanup.manager [-] Deleting neutron.network object s_rally_1a2520aa_tzHAxNgK (71753634-35fe-423e-9ce9-18ff50ac024f)
2019-07-18 09:23:31.236 22705 RALLYDEBUG rally_openstack.cleanup.manager [-] Deleting neutron.network object s_rally_1a2520aa_DFRiSa6E (73f1dd4f-28e8-48ba-9de0-4dad94bf7bf9)
2019-07-18 09:23:31.832 22705 RALLYDEBUG rally_openstack.cleanup.manager [-] Deleting neutron.network object s_rally_1a2520aa_o44yGPUd (74d29f1c-8d58-4402-9165-7e490fb18ffb)
2019-07-18 09:23:32.176 22705 RALLYDEBUG rally_openstack.cleanup.manager [-] Deleting neutron.network object s_rally_1a2520aa_FZ9Obk5m (7cc73340-10a2-4e56-b3cd-e7bda8de7020)
2019-07-18 09:23:32.436 22705 RALLYDEBUG rally_openstack.cleanup.manager [-] Deleting neutron.network object s_rally_1a2520aa_nnCMrR0n (7e8a73c2-538c-4fb4-ba3b-54445d587302)
2019-07-18 09:23:32.824 22705 RALLYDEBUG rally_openstack.cleanup.manager [-] Deleting neutron.network object s_rally_1a2520aa_OrFriTaA (7e8dc345-5239-490a-9ca5-66c5245ef379)
2019-07-18 09:23:32.858 22705 RALLYDEBUG rally_openstack.cleanup.manager [-] Deleting neutron.network object s_rally_1a2520aa_Ix4gO2w7 (7ee7976b-8204-47fb-8b70-69e7715df754)
2019-07-18 09:23:33.277 22705 RALLYDEBUG rally_openstack.cleanup.manager [-] Deleting neutron.network object s_rally_1a2520aa_crVTIfcU (7f8dca19-ac1b-4811-b3ba-d03a2c69b573)
2019-07-18 09:23:33.590 22705 RALLYDEBUG rally_openstack.cleanup.manager [-] Deleting neutron.network object s_rally_1a2520aa_BSRmVfPr (821925c3-045b-4a7b-8bd7-f1a142a42c61)
2019-07-18 09:23:33.638 22705 RALLYDEBUG rally_openstack.cleanup.manager [-] Deleting neutron.network object s_rally_1a2520aa_zY4TvYJT (85489f92-44f6-45ef-b3d8-7b7a648b244c)
2019-07-18 09:23:34.379 22705 RALLYDEBUG rally_openstack.cleanup.manager [-] Deleting neutron.network object s_rally_1a2520aa_qwnxMjF1 (8cb5d59c-1df6-49c0-a102-7849bc358fff)
2019-07-18 09:23:34.477 22705 RALLYDEBUG rally_openstack.cleanup.manager [-] Deleting neutron.network object s_rally_1a2520aa_EJ6NHzsk (8da6a2df-fdad-4961-b0f0-e37472349975)
2019-07-18 09:23:34.651 22705 RALLYDEBUG rally_openstack.cleanup.manager [-] Deleting neutron.network object s_rally_1a2520aa_vcgRcWfz (9067a8ec-e0aa-4d7a-8686-395c4db721a5)
2019-07-18 09:23:34.658 22705 RALLYDEBUG rally_openstack.cleanup.manager [-] Deleting neutron.network object s_rally_1a2520aa_uwFxs8ab (946337df-a7bc-41dd-a0be-b890b9aaf225)
2019-07-18 09:23:34.692 22705 RALLYDEBUG rally_openstack.cleanup.manager [-] Deleting neutron.network object s_rally_1a2520aa_VzaODwj2 (9700e287-17b2-426a-abfd-6626614b1708)
2019-07-18 09:23:34.855 22705 RALLYDEBUG rally_openstack.cleanup.manager [-] Deleting neutron.network object s_rally_1a2520aa_celiCkXu (97dd8ab6-dcc3-44be-bcea-1dad9f647885)
2019-07-18 09:23:34.868 22705 RALLYDEBUG rally_openstack.cleanup.manager [-] Deleting neutron.network object s_rally_1a2520aa_z5o3QfmH (9daffca5-35ff-478e-8470-fbe57d9bb6ef)
2019-07-18 09:23:34.915 22705 RALLYDEBUG rally_openstack.cleanup.manager [-] Deleting neutron.network object s_rally_1a2520aa_O68kxobT (a7605d9f-b36b-4655-b5f6-256dc4c70461)
2019-07-18 09:23:34.920 22705 RALLYDEBUG rally_openstack.cleanup.manager [-] Deleting neutron.network object s_rally_1a2520aa_l4DidJ9L (a8b3d6a3-b70a-4c55-8f3f-4b9907325dde)
2019-07-18 09:23:34.924 22705 RALLYDEBUG rally_openstack.cleanup.manager [-] Deleting neutron.network object s_rally_1a2520aa_vqtU9Mh2 (ac9c3e4c-0b6f-4a45-bfe5-05f9ba1ec1c7)
2019-07-18 09:23:35.272 22705 RALLYDEBUG rally_openstack.cleanup.manager [-] Deleting neutron.network object s_rally_1a2520aa_GDHfzHOw (ad27917c-1a6e-45de-84c6-e8671dac29ca)
2019-07-18 09:23:35.285 22705 RALLYDEBUG rally_openstack.cleanup.manager [-] Deleting neutron.network object s_rally_1a2520aa_y3e5tIoN (ae8bc9be-b05c-4942-a116-39f0a7107450)
2019-07-18 09:23:35.298 22705 RALLYDEBUG rally_openstack.cleanup.manager [-] Deleting neutron.network object s_rally_1a2520aa_P3qyMfNT (ae9d8ce7-4d36-460f-bb7a-6d333fa7ccc2)
2019-07-18 09:23:35.310 22705 RALLYDEBUG rally_openstack.cleanup.manager [-] Deleting neutron.network object s_rally_1a2520aa_ARDlkLXU (b0112577-c860-4de4-a668-ca3d783324bb)
2019-07-18 09:23:35.442 22705 RALLYDEBUG rally_openstack.cleanup.manager [-] Deleting neutron.network object s_rally_1a2520aa_EahQwDdv (b0354779-2d4e-494a-b276-a1d7f15d7f74)
2019-07-18 09:23:35.514 22705 RALLYDEBUG rally_openstack.cleanup.manager [-] Deleting neutron.network object s_rally_1a2520aa_OXYh2Mut (b24068ef-7d01-4b0f-ba5a-72fbd9b6837b)
2019-07-18 09:23:35.567 22705 RALLYDEBUG rally_openstack.cleanup.manager [-] Deleting neutron.network object s_rally_1a2520aa_2e2rKCz1 (b4d88335-d383-4e13-bdff-03b05fa742a9)
2019-07-18 09:23:35.957 22705 RALLYDEBUG rally_openstack.cleanup.manager [-] Deleting neutron.network object s_rally_1a2520aa_5TnlP7pW (b8a7684b-4a32-45ee-86d5-274dd3b53e6f)
2019-07-18 09:23:36.319 22705 RALLYDEBUG rally_openstack.cleanup.manager [-] Deleting neutron.network object s_rally_1a2520aa_BuBOHAzP (bb4122a1-be72-44b1-aaa3-fab17a7651bb)
2019-07-18 09:23:36.888 22705 RALLYDEBUG rally_openstack.cleanup.manager [-] Deleting neutron.network object s_rally_1a2520aa_KVx7PAbi (bc19643a-538e-4d31-84dd-0b6ecade7932)
2019-07-18 09:23:37.909 22705 RALLYDEBUG rally_openstack.cleanup.manager [-] Deleting neutron.network object s_rally_1a2520aa_ktYfXJVC (be0c42ff-3501-4981-90dd-647fdc88bdf0)
2019-07-18 09:23:38.120 22705 RALLYDEBUG rally_openstack.cleanup.manager [-] Deleting neutron.network object s_rally_1a2520aa_1DUgDf0U (c0c3b2e0-7730-44e3-b8f2-f8f397850e4a)
2019-07-18 09:23:38.173 22705 RALLYDEBUG rally_openstack.cleanup.manager [-] Deleting neutron.network object s_rally_1a2520aa_1suU4GCo (c1bba28c-51bb-4834-91d1-9a9972c372a6)
2019-07-18 09:23:38.247 22705 RALLYDEBUG rally_openstack.cleanup.manager [-] Deleting neutron.network object s_rally_1a2520aa_yQ18C3i7 (c225f3a0-b273-49ab-a34c-41ef435be337)
2019-07-18 09:23:38.681 22705 RALLYDEBUG rally_openstack.cleanup.manager [-] Deleting neutron.network object s_rally_1a2520aa_DCuZsQqC (c3fee70f-7b52-48eb-b710-94c057c17801)
2019-07-18 09:23:38.786 22705 RALLYDEBUG rally_openstack.cleanup.manager [-] Deleting neutron.network object s_rally_1a2520aa_fuukq6Z0 (ca378e2f-ecae-4c1c-b26a-61f1bb1f6cd0)
2019-07-18 09:23:38.884 22705 RALLYDEBUG rally_openstack.cleanup.manager [-] Deleting neutron.network object s_rally_1a2520aa_SvTdT3h7 (caca39fc-1aaf-4f56-8b2d-2657f03d066e)
2019-07-18 09:23:38.933 22705 RALLYDEBUG rally_openstack.cleanup.manager [-] Deleting neutron.network object s_rally_1a2520aa_F5nJFgni (ce9c4db2-5754-4228-b442-99a5549a61ae)
2019-07-18 09:23:39.121 22705 RALLYDEBUG rally_openstack.cleanup.manager [-] Deleting neutron.network object s_rally_1a2520aa_fnMcjyCD (d0098de7-bc7f-4932-8958-a35fb6e6fdfd)
2019-07-18 09:23:39.154 22705 RALLYDEBUG rally_openstack.cleanup.manager [-] Deleting neutron.network object s_rally_1a2520aa_mGn0npaM (d6a60ac3-b71b-4504-a35b-d23a70e0fa6a)
2019-07-18 09:23:39.161 22705 RALLYDEBUG rally_openstack.cleanup.manager [-] Deleting neutron.network object s_rally_1a2520aa_k6E5gFej (dead4f02-ee39-464b-bcfb-bfbec6a2f6c6)
2019-07-18 09:23:39.187 22705 RALLYDEBUG rally_openstack.cleanup.manager [-] Deleting neutron.network object s_rally_1a2520aa_YK6k6UnD (e2366270-f8aa-4221-ade5-d8a371b7a405)
2019-07-18 09:23:39.368 22705 RALLYDEBUG rally_openstack.cleanup.manager [-] Deleting neutron.network object s_rally_1a2520aa_66XNPx5B (e262e169-b1c4-4270-a505-801979031e66)
2019-07-18 09:23:39.426 22705 RALLYDEBUG rally_openstack.cleanup.manager [-] Deleting neutron.network object s_rally_1a2520aa_TTb3p1IO (e3667e2d-0e1b-4ee0-a119-01acfc221da5)
2019-07-18 09:23:39.497 22705 RALLYDEBUG rally_openstack.cleanup.manager [-] Deleting neutron.network object s_rally_1a2520aa_oz6devUE (e4502fd3-cb08-4faa-b573-7589ea380189)
2019-07-18 09:23:39.544 22705 RALLYDEBUG rally_openstack.cleanup.manager [-] Deleting neutron.network object s_rally_1a2520aa_AqEPrYp6 (e4826350-7dcc-480b-aa7c-71cb6a065ede)
2019-07-18 09:23:39.743 22705 RALLYDEBUG rally_openstack.cleanup.manager [-] Deleting neutron.network object s_rally_1a2520aa_vPYHyeCf (ea88cf14-af3a-4da3-929a-4fb39fc5ee7d)
2019-07-18 09:23:39.782 22705 RALLYDEBUG rally_openstack.cleanup.manager [-] Deleting neutron.network object s_rally_1a2520aa_51zucJ18 (edfdd9cd-7cb7-4328-9def-cdf22e119962)
2019-07-18 09:23:39.793 22705 RALLYDEBUG rally_openstack.cleanup.manager [-] Deleting neutron.network object s_rally_1a2520aa_Dzend1Je (effa1a18-a5d3-47d1-99b3-a0607be2dcf4)
2019-07-18 09:23:39.837 22705 RALLYDEBUG rally_openstack.cleanup.manager [-] Deleting neutron.network object s_rally_1a2520aa_FQiiRqa1 (f0d0e9b4-3713-4f06-8884-8a5cd11a2577)
2019-07-18 09:23:40.657 22705 RALLYDEBUG rally_openstack.cleanup.manager [-] Deleting neutron.network object s_rally_1a2520aa_Aw4gBCWn (f399d057-173d-4a8a-bd28-d344547878d6)
