2019-07-18 09:28:51.233 24816 RALLYDEBUG rally.task.runner [-] Starting a worker. concurrency: 1 args: {"network_create_args": {}, "subnet_create_args": {}, "subnet_cidr_start": "1.1.0.0/30", "subnets_per_network": 2} times: 40 method_name: run timeout: 0 duration: None cls:
2019-07-18 09:28:51.234 24810 INFO rally.task.runner [-] Task d5913fc7-e684-443c-81dc-ad205e82ae7c | ITER: 11 START
2019-07-18 09:28:51.234 24801 INFO rally.task.runner [-] Task d5913fc7-e684-443c-81dc-ad205e82ae7c | ITER: 6 START
2019-07-18 09:28:51.235 24800 INFO rally.task.runner [-] Task d5913fc7-e684-443c-81dc-ad205e82ae7c | ITER: 5 START
2019-07-18 09:28:51.236 24800 WARNING rally_openstack.scenarios.neutron.utils [-] Running this scenario without either the 'network' or 'existing_network' context is deprecated
2019-07-18 09:28:51.238 24813 INFO rally.task.runner [-] Task d5913fc7-e684-443c-81dc-ad205e82ae7c | ITER: 10 START
2019-07-18 09:28:51.235 24801 WARNING rally_openstack.scenarios.neutron.utils [-] Running this scenario without either the 'network' or 'existing_network' context is deprecated
2019-07-18 09:28:51.238 24810 WARNING rally_openstack.scenarios.neutron.utils [-] Running this scenario without either the 'network' or 'existing_network' context is deprecated
2019-07-18 09:28:51.239 24816 INFO rally.task.runner [-] Task d5913fc7-e684-443c-81dc-ad205e82ae7c | ITER: 12 START
2019-07-18 09:28:51.240 24813 WARNING rally_openstack.scenarios.neutron.utils [-] Running this scenario without either the 'network' or 'existing_network' context is deprecated
2019-07-18 09:28:51.237 24802 INFO rally.task.runner [-] Task d5913fc7-e684-443c-81dc-ad205e82ae7c | ITER: 7 START
2019-07-18 09:28:51.241 24821 RALLYDEBUG rally.task.runner [-] Starting a worker. concurrency: 1 args: {"network_create_args": {}, "subnet_create_args": {}, "subnet_cidr_start": "1.1.0.0/30", "subnets_per_network": 2} times: 40 method_name: run timeout: 0 duration: None cls:
2019-07-18 09:28:51.242 24816 WARNING rally_openstack.scenarios.neutron.utils [-] Running this scenario without either the 'network' or 'existing_network' context is deprecated
2019-07-18 09:28:51.244 24826 RALLYDEBUG rally.task.runner [-] Starting a worker. concurrency: 1 args: {"network_create_args": {}, "subnet_create_args": {}, "subnet_cidr_start": "1.1.0.0/30", "subnets_per_network": 2} times: 40 method_name: run timeout: 0 duration: None cls:
2019-07-18 09:28:51.248 24821 INFO rally.task.runner [-] Task d5913fc7-e684-443c-81dc-ad205e82ae7c | ITER: 13 START
2019-07-18 09:28:51.238 24802 INFO rally.task.runner [-] Task d5913fc7-e684-443c-81dc-ad205e82ae7c | ITER: 9 START
2019-07-18 09:28:51.248 24802 WARNING rally_openstack.scenarios.neutron.utils [-] Running this scenario without either the 'network' or 'existing_network' context is deprecated
2019-07-18 09:28:51.250 24821 WARNING rally_openstack.scenarios.neutron.utils [-] Running this scenario without either the 'network' or 'existing_network' context is deprecated
2019-07-18 09:28:51.249 24802 WARNING rally_openstack.scenarios.neutron.utils [-] Running this scenario without either the 'network' or 'existing_network' context is deprecated
2019-07-18 09:28:51.255 24826 INFO rally.task.runner [-] Task d5913fc7-e684-443c-81dc-ad205e82ae7c | ITER: 14 START
2019-07-18 09:28:51.255 24831 RALLYDEBUG rally.task.runner [-] Starting a worker. concurrency: 1 args: {"network_create_args": {}, "subnet_create_args": {}, "subnet_cidr_start": "1.1.0.0/30", "subnets_per_network": 2} times: 40 method_name: run timeout: 0 duration: None cls:
2019-07-18 09:28:51.260 24831 INFO rally.task.runner [-] Task d5913fc7-e684-443c-81dc-ad205e82ae7c | ITER: 15 START
2019-07-18 09:28:51.257 24826 WARNING rally_openstack.scenarios.neutron.utils [-] Running this scenario without either the 'network' or 'existing_network' context is deprecated
2019-07-18 09:28:51.265 24831 WARNING rally_openstack.scenarios.neutron.utils [-] Running this scenario without either the 'network' or 'existing_network' context is deprecated
2019-07-18 09:28:51.266 24834 RALLYDEBUG rally.task.runner [-] Starting a worker. concurrency: 1 args: {"network_create_args": {}, "subnet_create_args": {}, "subnet_cidr_start": "1.1.0.0/30", "subnets_per_network": 2} times: 40 method_name: run timeout: 0 duration: None cls:
2019-07-18 09:28:51.272 24834 INFO rally.task.runner [-] Task d5913fc7-e684-443c-81dc-ad205e82ae7c | ITER: 16 START
2019-07-18 09:28:51.273 24837 RALLYDEBUG rally.task.runner [-] Starting a worker. concurrency: 1 args: {"network_create_args": {}, "subnet_create_args": {}, "subnet_cidr_start": "1.1.0.0/30", "subnets_per_network": 2} times: 40 method_name: run timeout: 0 duration: None cls:
2019-07-18 09:28:51.277 24834 WARNING rally_openstack.scenarios.neutron.utils [-] Running this scenario without either the 'network' or 'existing_network' context is deprecated
2019-07-18 09:28:51.279 24837 INFO rally.task.runner [-] Task d5913fc7-e684-443c-81dc-ad205e82ae7c | ITER: 17 START
2019-07-18 09:28:51.282 24840 RALLYDEBUG rally.task.runner [-] Starting a worker. concurrency: 1 args: {"network_create_args": {}, "subnet_create_args": {}, "subnet_cidr_start": "1.1.0.0/30", "subnets_per_network": 2} times: 40 method_name: run timeout: 0 duration: None cls:
2019-07-18 09:28:51.283 24837 WARNING rally_openstack.scenarios.neutron.utils [-] Running this scenario without either the 'network' or 'existing_network' context is deprecated
2019-07-18 09:28:51.287 24840 INFO rally.task.runner [-] Task d5913fc7-e684-443c-81dc-ad205e82ae7c | ITER: 18 START
2019-07-18 09:28:51.286 24843 RALLYDEBUG rally.task.runner [-] Starting a worker. concurrency: 1 args: {"network_create_args": {}, "subnet_create_args": {}, "subnet_cidr_start": "1.1.0.0/30", "subnets_per_network": 2} times: 40 method_name: run timeout: 0 duration: None cls:
2019-07-18 09:28:51.290 24840 WARNING rally_openstack.scenarios.neutron.utils [-] Running this scenario without either the 'network' or 'existing_network' context is deprecated
2019-07-18 09:28:51.292 24846 RALLYDEBUG rally.task.runner [-] Starting a worker. concurrency: 1 args: {"network_create_args": {}, "subnet_create_args": {}, "subnet_cidr_start": "1.1.0.0/30", "subnets_per_network": 2} times: 40 method_name: run timeout: 0 duration: None cls:
2019-07-18 09:28:51.292 24843 INFO rally.task.runner [-] Task d5913fc7-e684-443c-81dc-ad205e82ae7c | ITER: 19 START
2019-07-18 09:28:51.295 24843 WARNING rally_openstack.scenarios.neutron.utils [-] Running this scenario without either the 'network' or 'existing_network' context is deprecated
2019-07-18 09:28:51.296 24846 INFO rally.task.runner [-] Task d5913fc7-e684-443c-81dc-ad205e82ae7c | ITER: 20 START
2019-07-18 09:28:51.300 24846 WARNING rally_openstack.scenarios.neutron.utils [-] Running this scenario without either the 'network' or 'existing_network' context is deprecated
2019-07-18 09:28:52.886 24799 RALLYDEBUG rally_openstack.wrappers.network [-] CIDR generated: 1.1.4.96/30
2019-07-18 09:28:52.949 24813 RALLYDEBUG rally_openstack.wrappers.network [-] CIDR generated: 1.1.4.100/30
2019-07-18 09:28:52.989 24800 RALLYDEBUG rally_openstack.wrappers.network [-] CIDR generated: 1.1.4.104/30
2019-07-18 09:28:53.094 24821 RALLYDEBUG rally_openstack.wrappers.network [-] CIDR generated: 1.1.4.108/30
2019-07-18 09:28:53.095 24802 RALLYDEBUG rally_openstack.wrappers.network [-] CIDR generated: 1.1.4.112/30
2019-07-18 09:28:53.196 24846 RALLYDEBUG rally_openstack.wrappers.network [-] CIDR generated: 1.1.4.116/30
2019-07-18 09:28:53.242 24801 RALLYDEBUG rally_openstack.wrappers.network [-] CIDR generated: 1.1.4.120/30
2019-07-18 09:28:53.512 24810 RALLYDEBUG rally_openstack.wrappers.network [-] CIDR generated: 1.1.4.124/30
2019-07-18 09:28:53.727 24800 RALLYDEBUG rally_openstack.wrappers.network [-] CIDR generated: 1.1.4.128/30
2019-07-18 09:28:53.739 24799 RALLYDEBUG rally_openstack.wrappers.network [-] CIDR generated: 1.1.4.132/30
2019-07-18 09:28:53.740 24801 RALLYDEBUG rally_openstack.wrappers.network [-] CIDR generated: 1.1.4.136/30
2019-07-18 09:28:53.896 24816 RALLYDEBUG rally_openstack.wrappers.network [-] CIDR generated: 1.1.4.140/30
2019-07-18 09:28:53.965 24805 RALLYDEBUG rally_openstack.wrappers.network [-] CIDR generated: 1.1.4.144/30
2019-07-18 09:28:54.064 24799 RALLYDEBUG rally_openstack.wrappers.network [-] CIDR generated: 1.1.4.148/30
2019-07-18 09:28:54.118 24826 RALLYDEBUG rally_openstack.wrappers.network [-] CIDR generated: 1.1.4.152/30
2019-07-18 09:28:54.155 24813 RALLYDEBUG rally_openstack.wrappers.network [-] CIDR generated: 1.1.4.156/30
2019-07-18 09:28:54.314 24846 RALLYDEBUG rally_openstack.wrappers.network [-] CIDR generated: 1.1.4.160/30
2019-07-18 09:28:55.058 24831 RALLYDEBUG rally_openstack.wrappers.network [-] CIDR generated: 1.1.4.164/30
2019-07-18 09:28:55.145 24800 RALLYDEBUG rally_openstack.wrappers.network [-] CIDR generated: 1.1.4.168/30
2019-07-18 09:28:55.716 24843 RALLYDEBUG rally_openstack.wrappers.network [-] CIDR generated: 1.1.4.172/30
2019-07-18 09:28:55.749 24837 RALLYDEBUG rally_openstack.wrappers.network [-] CIDR generated: 1.1.4.176/30
2019-07-18 09:28:55.749 24834 RALLYDEBUG rally_openstack.wrappers.network [-] CIDR generated: 1.1.4.180/30
2019-07-18 09:28:55.771 24801 RALLYDEBUG rally_openstack.wrappers.network [-] CIDR generated: 1.1.4.184/30
2019-07-18 09:28:55.909 24840 RALLYDEBUG rally_openstack.wrappers.network [-] CIDR generated: 1.1.4.188/30
2019-07-18 09:28:57.747 24802 RALLYDEBUG rally_openstack.wrappers.network [-] CIDR generated: 1.1.4.192/30
2019-07-18 09:28:57.786 24800 RALLYDEBUG rally_openstack.wrappers.network [-] CIDR generated: 1.1.4.196/30
2019-07-18 09:28:57.831 24799 INFO rally.task.runner [-] Task d5913fc7-e684-443c-81dc-ad205e82ae7c | ITER: 1 END: OK
2019-07-18 09:28:57.835 24799 INFO rally.task.runner [-] Task d5913fc7-e684-443c-81dc-ad205e82ae7c | ITER: 21 START
2019-07-18 09:28:57.835 24799 WARNING rally_openstack.scenarios.neutron.utils [-] Running this scenario without either the 'network' or 'existing_network' context is deprecated
2019-07-18 09:28:57.924 24821 RALLYDEBUG rally_openstack.wrappers.network [-] CIDR generated: 1.1.4.200/30
2019-07-18 09:28:57.992 24846 INFO rally.task.runner [-] Task d5913fc7-e684-443c-81dc-ad205e82ae7c | ITER: 20 END: OK
2019-07-18 09:28:57.996 24846 INFO rally.task.runner [-] Task d5913fc7-e684-443c-81dc-ad205e82ae7c | ITER: 22 START
2019-07-18 09:28:57.997 24846 WARNING rally_openstack.scenarios.neutron.utils [-] Running this scenario without either the 'network' or 'existing_network' context is deprecated
2019-07-18 09:28:58.196 24826 RALLYDEBUG rally_openstack.wrappers.network [-] CIDR generated: 1.1.4.204/30
2019-07-18 09:28:58.611 24813 INFO rally.task.runner [-] Task d5913fc7-e684-443c-81dc-ad205e82ae7c | ITER: 10 END: OK
2019-07-18 09:28:58.615 24813 INFO rally.task.runner [-] Task d5913fc7-e684-443c-81dc-ad205e82ae7c | ITER: 23 START
2019-07-18 09:28:58.616 24813 WARNING rally_openstack.scenarios.neutron.utils [-] Running this scenario without either the 'network' or 'existing_network' context is deprecated
2019-07-18 09:28:58.742 24802 RALLYDEBUG rally_openstack.wrappers.network [-] CIDR generated: 1.1.4.208/30
2019-07-18 09:28:59.266 24799 RALLYDEBUG rally_openstack.wrappers.network [-] CIDR generated: 1.1.4.212/30
2019-07-18 09:29:00.007 24846 RALLYDEBUG rally_openstack.wrappers.network [-] CIDR generated: 1.1.4.216/30
2019-07-18 09:29:00.145 24813 RALLYDEBUG rally_openstack.wrappers.network [-] CIDR generated: 1.1.4.220/30
2019-07-18 09:29:01.109 24813 RALLYDEBUG rally_openstack.wrappers.network [-] CIDR generated: 1.1.4.224/30
2019-07-18 09:29:01.740 24799 RALLYDEBUG rally_openstack.wrappers.network [-] CIDR generated: 1.1.4.228/30
2019-07-18 09:29:01.933 24846 RALLYDEBUG rally_openstack.wrappers.network [-] CIDR generated: 1.1.4.232/30
2019-07-18 09:29:02.297 24800 INFO rally.task.runner [-] Task d5913fc7-e684-443c-81dc-ad205e82ae7c | ITER: 5 END: OK
2019-07-18 09:29:02.301 24800 INFO rally.task.runner [-] Task d5913fc7-e684-443c-81dc-ad205e82ae7c | ITER: 24 START
2019-07-18 09:29:02.302 24800 WARNING rally_openstack.scenarios.neutron.utils [-] Running this scenario without either the 'network' or 'existing_network' context is deprecated
2019-07-18 09:29:02.453 24801 INFO rally.task.runner [-] Task d5913fc7-e684-443c-81dc-ad205e82ae7c | ITER: 6 END: OK
2019-07-18 09:29:02.457 24801 INFO rally.task.runner [-] Task d5913fc7-e684-443c-81dc-ad205e82ae7c | ITER: 25 START
2019-07-18 09:29:02.458 24801 WARNING rally_openstack.scenarios.neutron.utils [-] Running this scenario without either the 'network' or 'existing_network' context is deprecated
2019-07-18 09:29:03.647 24800 RALLYDEBUG rally_openstack.wrappers.network [-] CIDR generated: 1.1.4.236/30
2019-07-18 09:29:03.817 24801 RALLYDEBUG rally_openstack.wrappers.network [-] CIDR generated: 1.1.4.240/30
2019-07-18 09:29:04.825 24813 INFO rally.task.runner [-] Task d5913fc7-e684-443c-81dc-ad205e82ae7c | ITER: 23 END: OK
2019-07-18 09:29:04.829 24813 INFO rally.task.runner [-] Task d5913fc7-e684-443c-81dc-ad205e82ae7c | ITER: 26 START
2019-07-18 09:29:04.830 24813 WARNING rally_openstack.scenarios.neutron.utils [-] Running this scenario without either the 'network' or 'existing_network' context is deprecated
2019-07-18 09:29:05.704 24800 RALLYDEBUG rally_openstack.wrappers.network [-] CIDR generated: 1.1.4.244/30
2019-07-18 09:29:05.937 24813 RALLYDEBUG rally_openstack.wrappers.network [-] CIDR generated: 1.1.4.248/30
2019-07-18 09:29:05.981 24810 RALLYDEBUG rally_openstack.wrappers.network [-] CIDR generated: 1.1.4.252/30
2019-07-18 09:29:06.047 24801 RALLYDEBUG rally_openstack.wrappers.network [-] CIDR generated: 1.1.5.0/30
2019-07-18 09:29:06.312 24816 RALLYDEBUG rally_openstack.wrappers.network [-] CIDR generated: 1.1.5.4/30
2019-07-18 09:29:06.467 24799 RALLYDEBUG rally_openstack.wrappers.network [-] CIDR generated: 1.1.5.8/30
2019-07-18 09:29:06.531 24801 RALLYDEBUG rally_openstack.wrappers.network [-] CIDR generated: 1.1.5.12/30
2019-07-18 09:29:07.096 24805 RALLYDEBUG rally_openstack.wrappers.network [-] CIDR generated: 1.1.5.16/30
2019-07-18 09:29:07.460 24813 RALLYDEBUG rally_openstack.wrappers.network [-] CIDR generated: 1.1.5.20/30
2019-07-18 09:29:07.486 24831 RALLYDEBUG rally_openstack.wrappers.network [-] CIDR generated: 1.1.5.24/30
2019-07-18 09:29:07.944 24837 RALLYDEBUG rally_openstack.wrappers.network [-] CIDR generated: 1.1.5.28/30
2019-07-18 09:29:08.422 24840 RALLYDEBUG rally_openstack.wrappers.network [-] CIDR generated: 1.1.5.32/30
2019-07-18 09:29:08.618 24843 RALLYDEBUG rally_openstack.wrappers.network [-] CIDR generated: 1.1.5.36/30
2019-07-18 09:29:08.729 24834 RALLYDEBUG rally_openstack.wrappers.network [-] CIDR generated: 1.1.5.40/30
2019-07-18 09:29:09.758 24802 INFO rally.task.runner [-] Task d5913fc7-e684-443c-81dc-ad205e82ae7c | ITER: 9 END: OK
2019-07-18 09:29:09.762 24802 INFO rally.task.runner [-] Task d5913fc7-e684-443c-81dc-ad205e82ae7c | ITER: 27 START
2019-07-18 09:29:09.763 24802 WARNING rally_openstack.scenarios.neutron.utils [-] Running this scenario without either the 'network' or 'existing_network' context is deprecated
2019-07-18 09:29:09.879 24846 INFO rally.task.runner [-] Task d5913fc7-e684-443c-81dc-ad205e82ae7c | ITER: 22 END: OK
2019-07-18 09:29:09.884 24846 INFO rally.task.runner [-] Task d5913fc7-e684-443c-81dc-ad205e82ae7c | ITER: 28 START
2019-07-18 09:29:09.884 24846 WARNING rally_openstack.scenarios.neutron.utils [-] Running this scenario without either the 'network' or 'existing_network' context is deprecated
2019-07-18 09:29:10.038 24813 INFO rally.task.runner [-] Task d5913fc7-e684-443c-81dc-ad205e82ae7c | ITER: 26 END: OK
2019-07-18 09:29:10.042 24813 INFO rally.task.runner [-] Task d5913fc7-e684-443c-81dc-ad205e82ae7c | ITER: 29 START
2019-07-18 09:29:10.042 24813 WARNING rally_openstack.scenarios.neutron.utils [-] Running this scenario without either the 'network' or 'existing_network' context is deprecated
2019-07-18 09:29:10.376 24802 RALLYDEBUG rally_openstack.wrappers.network [-] CIDR generated: 1.1.5.44/30
2019-07-18 09:29:10.479 24799 INFO rally.task.runner [-] Task d5913fc7-e684-443c-81dc-ad205e82ae7c | ITER: 21 END: OK
2019-07-18 09:29:10.482 24799 INFO rally.task.runner [-] Task d5913fc7-e684-443c-81dc-ad205e82ae7c | ITER: 30 START
2019-07-18 09:29:10.483 24799 WARNING rally_openstack.scenarios.neutron.utils [-] Running this scenario without either the 'network' or 'existing_network' context is deprecated
2019-07-18 09:29:10.497 24800 INFO rally.task.runner [-] Task d5913fc7-e684-443c-81dc-ad205e82ae7c | ITER: 3 END: OK
2019-07-18 09:29:10.500 24800 INFO rally.task.runner [-] Task d5913fc7-e684-443c-81dc-ad205e82ae7c | ITER: 31 START
2019-07-18 09:29:10.500 24800 WARNING rally_openstack.scenarios.neutron.utils [-] Running this scenario without either the 'network' or 'existing_network' context is deprecated
2019-07-18 09:29:10.638 24801 INFO rally.task.runner [-] Task d5913fc7-e684-443c-81dc-ad205e82ae7c | ITER: 25 END: OK
2019-07-18 09:29:10.642 24801 INFO rally.task.runner [-] Task d5913fc7-e684-443c-81dc-ad205e82ae7c | ITER: 32 START
2019-07-18 09:29:10.642 24801 WARNING rally_openstack.scenarios.neutron.utils [-] Running this scenario without either the 'network' or 'existing_network' context is deprecated
2019-07-18 09:29:11.036 24821 INFO rally.task.runner [-] Task d5913fc7-e684-443c-81dc-ad205e82ae7c | ITER: 13 END: OK
2019-07-18 09:29:11.039 24821 INFO rally.task.runner [-] Task d5913fc7-e684-443c-81dc-ad205e82ae7c | ITER: 33 START
2019-07-18 09:29:11.040 24821 WARNING rally_openstack.scenarios.neutron.utils [-] Running this scenario without either the 'network' or 'existing_network' context is deprecated
2019-07-18 09:29:11.075 24846 RALLYDEBUG rally_openstack.wrappers.network [-] CIDR generated: 1.1.5.48/30
2019-07-18 09:29:11.270 24813 RALLYDEBUG rally_openstack.wrappers.network [-] CIDR generated: 1.1.5.52/30
2019-07-18 09:29:11.298 24800 INFO rally.task.runner [-] Task d5913fc7-e684-443c-81dc-ad205e82ae7c | ITER: 24 END: OK
2019-07-18 09:29:11.302 24800 INFO rally.task.runner [-] Task d5913fc7-e684-443c-81dc-ad205e82ae7c | ITER: 34 START
2019-07-18 09:29:11.302 24800 WARNING rally_openstack.scenarios.neutron.utils [-] Running this scenario without either the 'network' or 'existing_network' context is deprecated
2019-07-18 09:29:11.456 24802 RALLYDEBUG rally_openstack.wrappers.network [-] CIDR generated: 1.1.5.56/30
2019-07-18 09:29:11.805 24826 INFO rally.task.runner [-] Task d5913fc7-e684-443c-81dc-ad205e82ae7c | ITER: 14 END: OK
2019-07-18 09:29:11.810 24826 INFO rally.task.runner [-] Task d5913fc7-e684-443c-81dc-ad205e82ae7c | ITER: 35 START
2019-07-18 09:29:11.811 24826 WARNING rally_openstack.scenarios.neutron.utils [-] Running this scenario without either the 'network' or 'existing_network' context is deprecated
2019-07-18 09:29:12.075 24800 RALLYDEBUG rally_openstack.wrappers.network [-] CIDR generated: 1.1.5.60/30
2019-07-18 09:29:12.077 24799 RALLYDEBUG rally_openstack.wrappers.network [-] CIDR generated: 1.1.5.64/30
2019-07-18 09:29:12.264 24821 RALLYDEBUG rally_openstack.wrappers.network [-] CIDR generated: 1.1.5.68/30
2019-07-18 09:29:12.388 24813 RALLYDEBUG rally_openstack.wrappers.network [-] CIDR generated: 1.1.5.72/30
2019-07-18 09:29:12.439 24800 RALLYDEBUG rally_openstack.wrappers.network [-] CIDR generated: 1.1.5.76/30
2019-07-18 09:29:12.461 24801 RALLYDEBUG rally_openstack.wrappers.network [-] CIDR generated: 1.1.5.80/30
2019-07-18 09:29:12.862 24826 RALLYDEBUG rally_openstack.wrappers.network [-] CIDR generated: 1.1.5.84/30
2019-07-18 09:29:13.487 24846 RALLYDEBUG rally_openstack.wrappers.network [-] CIDR generated: 1.1.5.88/30
2019-07-18 09:29:13.628 24800 RALLYDEBUG rally_openstack.wrappers.network [-] CIDR generated: 1.1.5.92/30
2019-07-18 09:29:13.639 24802 RALLYDEBUG rally_openstack.wrappers.network [-] CIDR generated: 1.1.5.96/30
2019-07-18 09:29:13.766 24821 RALLYDEBUG rally_openstack.wrappers.network [-] CIDR generated: 1.1.5.100/30
2019-07-18 09:29:14.356 24826 RALLYDEBUG rally_openstack.wrappers.network [-] CIDR generated: 1.1.5.104/30
2019-07-18 09:29:15.174 24813 INFO rally.task.runner [-] Task d5913fc7-e684-443c-81dc-ad205e82ae7c | ITER: 29 END: OK
2019-07-18 09:29:15.178 24813 INFO rally.task.runner [-] Task d5913fc7-e684-443c-81dc-ad205e82ae7c | ITER: 36 START
2019-07-18 09:29:15.179 24813 WARNING rally_openstack.scenarios.neutron.utils [-] Running this scenario without either the 'network' or 'existing_network' context is deprecated
2019-07-18 09:29:15.983 24800 RALLYDEBUG rally_openstack.wrappers.network [-] CIDR generated: 1.1.5.108/30
2019-07-18 09:29:16.016 24800 INFO rally.task.runner [-] Task d5913fc7-e684-443c-81dc-ad205e82ae7c | ITER: 34 END: OK
2019-07-18 09:29:16.020 24800 INFO rally.task.runner [-] Task d5913fc7-e684-443c-81dc-ad205e82ae7c | ITER: 37 START
2019-07-18 09:29:16.020 24800 WARNING rally_openstack.scenarios.neutron.utils [-] Running this scenario without either the 'network' or 'existing_network' context is deprecated
2019-07-18 09:29:16.152 24801 RALLYDEBUG rally_openstack.wrappers.network [-] CIDR generated: 1.1.5.112/30
2019-07-18 09:29:16.302 24799 RALLYDEBUG rally_openstack.wrappers.network [-] CIDR generated: 1.1.5.116/30
2019-07-18 09:29:16.438 24821 INFO rally.task.runner [-] Task d5913fc7-e684-443c-81dc-ad205e82ae7c | ITER: 33 END: OK
2019-07-18 09:29:16.442 24821 INFO rally.task.runner [-] Task d5913fc7-e684-443c-81dc-ad205e82ae7c | ITER: 38 START
2019-07-18 09:29:16.442 24821 WARNING rally_openstack.scenarios.neutron.utils [-] Running this scenario without either the 'network' or 'existing_network' context is deprecated
2019-07-18 09:29:16.710 24813 RALLYDEBUG rally_openstack.wrappers.network [-] CIDR generated: 1.1.5.120/30
2019-07-18 09:29:17.282 24800 RALLYDEBUG rally_openstack.wrappers.network [-] CIDR generated: 1.1.5.124/30
2019-07-18 09:29:17.369 24826 INFO rally.task.runner [-] Task d5913fc7-e684-443c-81dc-ad205e82ae7c | ITER: 35 END: OK
2019-07-18 09:29:17.373 24826 INFO rally.task.runner [-] Task d5913fc7-e684-443c-81dc-ad205e82ae7c | ITER: 39 START
2019-07-18 09:29:17.374 24826 WARNING rally_openstack.scenarios.neutron.utils [-] Running this scenario without either the 'network' or 'existing_network' context is deprecated
2019-07-18 09:29:17.635 24821 RALLYDEBUG rally_openstack.wrappers.network [-] CIDR generated: 1.1.5.128/30
2019-07-18 09:29:17.992 24846 INFO rally.task.runner [-] Task d5913fc7-e684-443c-81dc-ad205e82ae7c | ITER: 28 END: OK
2019-07-18 09:29:17.996 24846 INFO rally.task.runner [-] Task d5913fc7-e684-443c-81dc-ad205e82ae7c | ITER: 40 START
2019-07-18 09:29:17.997 24846 WARNING rally_openstack.scenarios.neutron.utils [-] Running this scenario without either the 'network' or 'existing_network' context is deprecated
2019-07-18 09:29:18.052 24813 RALLYDEBUG rally_openstack.wrappers.network [-] CIDR generated: 1.1.5.132/30
2019-07-18 09:29:18.065 24802 INFO rally.task.runner [-] Task d5913fc7-e684-443c-81dc-ad205e82ae7c | ITER: 27 END: OK
2019-07-18 09:29:18.332 24800 RALLYDEBUG rally_openstack.wrappers.network [-] CIDR generated: 1.1.5.136/30
2019-07-18 09:29:18.819 24826 RALLYDEBUG rally_openstack.wrappers.network [-] CIDR generated: 1.1.5.140/30
2019-07-18 09:29:18.930 24821 RALLYDEBUG rally_openstack.wrappers.network [-] CIDR generated: 1.1.5.144/30
2019-07-18 09:29:19.090 24846 RALLYDEBUG rally_openstack.wrappers.network [-] CIDR generated: 1.1.5.148/30
2019-07-18 09:29:20.018 24826 RALLYDEBUG rally_openstack.wrappers.network [-] CIDR generated: 1.1.5.152/30
2019-07-18 09:29:20.460 24846 RALLYDEBUG rally_openstack.wrappers.network [-] CIDR generated: 1.1.5.156/30
2019-07-18 09:29:20.870 24813 INFO rally.task.runner [-] Task d5913fc7-e684-443c-81dc-ad205e82ae7c | ITER: 36 END: OK
2019-07-18 09:29:21.163 24800 INFO rally.task.runner [-] Task d5913fc7-e684-443c-81dc-ad205e82ae7c | ITER: 37 END: OK
2019-07-18 09:29:21.596 24821 INFO rally.task.runner [-] Task d5913fc7-e684-443c-81dc-ad205e82ae7c | ITER: 38 END: OK
2019-07-18 09:29:22.539 24826 INFO rally.task.runner [-] Task d5913fc7-e684-443c-81dc-ad205e82ae7c | ITER: 39 END: OK
2019-07-18 09:29:22.754 24846 INFO rally.task.runner [-] Task d5913fc7-e684-443c-81dc-ad205e82ae7c | ITER: 40 END: OK
2019-07-18 09:29:23.060 24800 INFO rally.task.runner [-] Task d5913fc7-e684-443c-81dc-ad205e82ae7c | ITER: 31 END: OK
2019-07-18 09:29:23.335 24799 INFO rally.task.runner [-] Task d5913fc7-e684-443c-81dc-ad205e82ae7c | ITER: 30 END: OK
2019-07-18 09:29:23.344 24801 INFO rally.task.runner [-] Task d5913fc7-e684-443c-81dc-ad205e82ae7c | ITER: 32 END: OK
2019-07-18 09:29:46.453 24810 INFO rally.task.runner [-] Task d5913fc7-e684-443c-81dc-ad205e82ae7c | ITER: 11 END: OK
2019-07-18 09:29:46.599 24816 INFO rally.task.runner [-] Task d5913fc7-e684-443c-81dc-ad205e82ae7c | ITER: 12 END: OK
2019-07-18 09:29:46.723 24801 INFO rally.task.runner [-] Task d5913fc7-e684-443c-81dc-ad205e82ae7c | ITER: 4 END: OK
2019-07-18 09:29:46.724 24799 INFO rally.task.runner [-] Task d5913fc7-e684-443c-81dc-ad205e82ae7c | ITER: 2 END: OK
2019-07-18 09:29:46.737 24805 INFO rally.task.runner [-] Task d5913fc7-e684-443c-81dc-ad205e82ae7c | ITER: 8 END: OK
2019-07-18 09:29:47.532 24843 INFO rally.task.runner [-] Task d5913fc7-e684-443c-81dc-ad205e82ae7c | ITER: 19 END: OK
2019-07-18 09:29:47.557 24840 INFO rally.task.runner [-] Task d5913fc7-e684-443c-81dc-ad205e82ae7c | ITER: 18 END: OK
2019-07-18 09:29:47.615 24837 INFO rally.task.runner [-] Task d5913fc7-e684-443c-81dc-ad205e82ae7c | ITER: 17 END: OK
2019-07-18 09:29:47.735 24834 INFO rally.task.runner [-] Task d5913fc7-e684-443c-81dc-ad205e82ae7c | ITER: 16 END: OK
2019-07-18 09:29:48.056 24831 INFO rally.task.runner [-] Task d5913fc7-e684-443c-81dc-ad205e82ae7c | ITER: 15 END: OK
2019-07-18 09:29:48.079 24802 INFO rally.task.runner [-] Task d5913fc7-e684-443c-81dc-ad205e82ae7c | ITER: 7 END: OK
2019-07-18 09:29:48.100 22705 INFO rally.task.context [-] Task d5913fc7-e684-443c-81dc-ad205e82ae7c | Context cleanup@openstack cleanup() started
2019-07-18 09:29:48.103 22705 RALLYDEBUG rally_openstack.cleanup.manager [-] Cleaning up neutron vip objects
2019-07-18 09:29:48.879 22705 RALLYDEBUG rally_openstack.cleanup.manager [-] Cleaning up neutron health_monitor objects
2019-07-18 09:29:49.611 22705 RALLYDEBUG rally_openstack.cleanup.manager [-] Cleaning up neutron pool objects
2019-07-18 09:29:50.349 22705 RALLYDEBUG rally_openstack.cleanup.manager [-] Cleaning up neutron loadbalancer objects
2019-07-18 09:29:51.074 22705 RALLYDEBUG rally_openstack.cleanup.manager [-] Cleaning up neutron floatingip objects
2019-07-18 09:29:51.902 22705 RALLYDEBUG rally_openstack.cleanup.manager [-] Cleaning up neutron port objects
2019-07-18 09:29:52.675 22705 RALLYDEBUG rally_openstack.cleanup.manager [-] Cleaning up neutron subnet objects
2019-07-18 09:29:53.440 22705 RALLYDEBUG rally_openstack.cleanup.manager [-] Cleaning up neutron network objects
2019-07-18 09:29:54.305 22705 RALLYDEBUG rally_openstack.cleanup.manager [-] Deleting neutron.network object s_rally_cfe44f50_SUi8OmHW (094d1881-49b3-45c1-a8f0-dd173456f9a2)
2019-07-18 09:29:54.313 22705 RALLYDEBUG rally_openstack.cleanup.manager [-] Deleting neutron.network object s_rally_cfe44f50_1uomNOo1 (1e8829db-cebc-484d-b4f4-4583ccd9ac8f)
2019-07-18 09:29:54.321 22705 RALLYDEBUG rally_openstack.cleanup.manager [-] Deleting neutron.network object s_rally_cfe44f50_iDMLxga0 (1ef1b331-13ab-419f-94eb-8db346747b2d)
2019-07-18 09:29:54.328 22705 RALLYDEBUG rally_openstack.cleanup.manager [-] Deleting neutron.network object s_rally_cfe44f50_MUvOksdj (228afc7a-2502-4e5c-be79-d5b77b599c9e)
2019-07-18 09:29:54.339 22705 RALLYDEBUG rally_openstack.cleanup.manager [-] Deleting neutron.network object s_rally_cfe44f50_OzbAGmlI (2d05a823-b1bb-46ed-840e-ae6c6c7294b8)
2019-07-18 09:29:54.351 22705 RALLYDEBUG rally_openstack.cleanup.manager [-] Deleting neutron.network object s_rally_cfe44f50_oX86CLSY (3517e643-0d13-4e4d-ac9b-0813197f3db6)
2019-07-18 09:29:54.368 22705 RALLYDEBUG rally_openstack.cleanup.manager [-] Deleting neutron.network object s_rally_cfe44f50_dmpkg6OC (2bcfc8fa-7e16-467d-8761-06a1addaeb56)
2019-07-18 09:29:54.369 22705 RALLYDEBUG rally_openstack.cleanup.manager [-] Deleting neutron.network object s_rally_cfe44f50_IhGJGueV (3de31da2-fda0-4468-bd00-614767eed043)
2019-07-18 09:29:54.375 22705 RALLYDEBUG rally_openstack.cleanup.manager [-] Deleting neutron.network object s_rally_cfe44f50_PH2fvimy (3a5f26f3-b4d8-4134-a9bd-d3e3fb735f92)
2019-07-18 09:29:54.401 22705 RALLYDEBUG rally_openstack.cleanup.manager [-] Deleting neutron.network object s_rally_cfe44f50_nN9qqfqC (3f0c9b54-a3ef-4abe-84b1-4080274d1009)
2019-07-18 09:29:54.413 22705 RALLYDEBUG rally_openstack.cleanup.manager [-] Deleting neutron.network object s_rally_cfe44f50_w8M0PlWC (3e61290e-9088-423f-86aa-22adfef45401)
2019-07-18 09:29:54.416 22705 RALLYDEBUG rally_openstack.cleanup.manager [-] Deleting neutron.network object s_rally_cfe44f50_2ntPvO8l (4153425c-18bf-4a8d-a0f8-f116a0f94bf5)
2019-07-18 09:29:54.421 22705 RALLYDEBUG rally_openstack.cleanup.manager [-] Deleting neutron.network object s_rally_cfe44f50_bJIS6FRz (4e8d9d2a-0418-42ec-9a73-0107403d0e5b)
2019-07-18 09:29:54.445 22705 RALLYDEBUG rally_openstack.cleanup.manager [-] Deleting neutron.network object s_rally_cfe44f50_qiTLNnyH (66a0aadb-e4b8-437f-8723-be23db1f2eef)
2019-07-18 09:29:54.448 22705 RALLYDEBUG rally_openstack.cleanup.manager [-] Deleting neutron.network object s_rally_cfe44f50_MzVPKGZq (80190d42-debb-47d8-af07-b0b5b3253665)
2019-07-18 09:29:54.480 22705 RALLYDEBUG rally_openstack.cleanup.manager [-] Deleting neutron.network object s_rally_cfe44f50_CTk7DcdM (813cd955-5135-49d9-95c3-4ae650534445)
2019-07-18 09:29:54.500 22705 RALLYDEBUG rally_openstack.cleanup.manager [-] Deleting neutron.network object s_rally_cfe44f50_8CBCJ67u (84f4e117-d45b-4683-89b8-824578ab5812)
2019-07-18 09:29:54.518 22705 RALLYDEBUG rally_openstack.cleanup.manager [-] Deleting neutron.network object s_rally_cfe44f50_smWcNMV6 (88165c73-7d6d-4e4e-a914-abe57fc0847c)
2019-07-18 09:29:54.540 22705 RALLYDEBUG rally_openstack.cleanup.manager [-] Deleting neutron.network object s_rally_cfe44f50_MjS8KVqP (8c3c6c2f-f5d4-4cb3-9c6b-fcffa2592f35)
2019-07-18 09:29:54.564 22705 RALLYDEBUG rally_openstack.cleanup.manager [-] Deleting neutron.network object s_rally_cfe44f50_d8q80b6S (9686eaf7-2309-4e09-9677-1854c0c8328e)
2019-07-18 09:29:57.132 22705 RALLYDEBUG rally_openstack.cleanup.manager [-] Deleting neutron.network object s_rally_cfe44f50_sIdrFo3Z (9bf4e774-ae95-4e28-91a2-388342414f7a)
2019-07-18 09:29:57.346 22705 RALLYDEBUG rally_openstack.cleanup.manager [-] Deleting neutron.network object s_rally_cfe44f50_dHgTGnbi (a81413f8-cbd3-4825-90c6-9b96050862a1)
2019-07-18 09:29:58.483 22705 RALLYDEBUG rally_openstack.cleanup.manager [-] Deleting neutron.network object s_rally_cfe44f50_sAqKCRvr (abe09d40-0727-42da-8a4f-5ec6c91dbf78)
2019-07-18 09:29:59.475 22705 RALLYDEBUG rally_openstack.cleanup.manager [-] Deleting neutron.network object s_rally_cfe44f50_jqatiq45 (b330431a-df82-45b1-9a65-9646f41f5d21)
2019-07-18 09:29:59.879 22705 RALLYDEBUG rally_openstack.cleanup.manager [-] Deleting neutron.network object s_rally_cfe44f50_Lt0XHqvz (b420c9af-3424-4aa4-9f76-60c7b63a34d9)
2019-07-18 09:30:00.036 22705 RALLYDEBUG rally_openstack.cleanup.manager [-] Deleting neutron.network object s_rally_cfe44f50_nsYIxwaz (b6279b90-2c94-41a5-95cf-b97999ac4244)
2019-07-18 09:30:00.122 22705 RALLYDEBUG rally_openstack.cleanup.manager [-] Deleting neutron.network object s_rally_cfe44f50_mgkslxEC (c19aca64-fc49-429b-86af-b98ee8f7562a)
2019-07-18 09:30:00.470 22705 RALLYDEBUG rally_openstack.cleanup.manager [-] Deleting neutron.network object s_rally_cfe44f50_bdyumNge (c886d5c3-4448-4aff-8094-c8c42e76190b)
2019-07-18 09:30:00.740 22705 RALLYDEBUG rally_openstack.cleanup.manager [-] Deleting neutron.network object s_rally_cfe44f50_azUezBds (d5275354-e9f3-443a-8d7e-3d30245b4ac7)
2019-07-18 09:30:00.888 22705 RALLYDEBUG rally_openstack.cleanup.manager [-] Deleting neutron.network object s_rally_cfe44f50_pYbvbAGM (da6cd870-831c-45ef-bc71-3c891244d0e1)
2019-07-18 09:30:00.997 22705 RALLYDEBUG rally_openstack.cleanup.manager [-] Deleting neutron.network object s_rally_cfe44f50_kIXmFgsN (f178f285-7933-4f23-affc-0e838bdbba64)
2019-07-18 09:30:01.199 22705 RALLYDEBUG rally_openstack.cleanup.manager [-] Deleting neutron.network object s_rally_cfe44f50_Eb7FXuF2 (f2484098-bf3f-4a57-bb36-000fe59e8b93)
2019-07-18 09:30:01.556 22705 RALLYDEBUG rally_openstack.cleanup.manager [-] Deleting neutron.network object s_rally_cfe44f50_bquIK7Ga (f2ee56ac-6eda-4ff0-97aa-52403ca7603a)
2019-07-18 09:30:01.611 22705 RALLYDEBUG rally_openstack.cleanup.manager [-] Deleting neutron.network object s_rally_cfe44f50_x6Za3lR6 (f3fddd40-5979-45ac-b26f-39a792b9a312)
2019-07-18 09:30:01.647 22705 RALLYDEBUG rally_openstack.cleanup.manager [-] Deleting neutron.network object s_rally_cfe44f50_JZP3ZTBg (f46a5bb4-1f20-4609-aa6f-11bca44871d6)
2019-07-18 09:30:02.047 22705 RALLYDEBUG rally_openstack.cleanup.manager [-] Deleting neutron.network object s_rally_cfe44f50_MbgBY2sr (f527d2da-7d25-4038-b29d-72a1f57a5fc5)
2019-07-18 09:30:02.063 22705 RALLYDEBUG rally_openstack.cleanup.manager [-] Deleting neutron.network object s_rally_cfe44f50_qlkHadG2 (f74ad456-0645-4c05-9c54-a4c74e6e7c94)
2019-07-18 09:30:02.174 22705 RALLYDEBUG rally_openstack.cleanup.manager [-] Deleting neutron.network object s_rally_cfe44f50_hZyNfOEB (f9ea84de-fa17-4222-8939-5752138dc42c)
2019-07-18 09:30:02.245 22705 RALLYDEBUG rally_openstack.cleanup.manager [-] Deleting neutron.network object s_rally_cfe44f50_ytxHs8v7 (fc595454-f674-4aa8-aff3-e23c44a52079)
2019-07-18 09:30:02.287 22705 RALLYDEBUG rally_openstack.cleanup.manager [-] Deleting neutron.network object s_rally_cfe44f50_a8vMStER (fd8cb165-595f-401c-80ed-b94aa69cd5d0)
2019-07-18 09:30:06.764 22705 RALLYDEBUG rally_openstack.cleanup.manager [-] Cleaning up neutron router objects
2019-07-18 09:30:07.441 22705 RALLYDEBUG rally_openstack.cleanup.manager [-] Cleaning up neutron security_group objects
2019-07-18 09:30:08.092 22705 INFO rally.task.context [-] Task d5913fc7-e684-443c-81dc-ad205e82ae7c | Context cleanup@openstack cleanup() finished in 19.99 sec
2019-07-18 09:30:08.093 22705 INFO rally.task.context [-] Task d5913fc7-e684-443c-81dc-ad205e82ae7c | Context quotas@openstack cleanup() started
2019-07-18 09:30:08.310 22705 INFO rally.task.context [-] Task d5913fc7-e684-443c-81dc-ad205e82ae7c | Context quotas@openstack cleanup() finished in 0.22 sec
2019-07-18 09:30:08.311 22705 INFO rally.task.context [-] Task d5913fc7-e684-443c-81dc-ad205e82ae7c | Context users@openstack cleanup() started
2019-07-18 09:30:12.732 22705 INFO rally.task.context [-] Task d5913fc7-e684-443c-81dc-ad205e82ae7c | Context users@openstack cleanup() finished in 4.42 sec
2019-07-18 09:30:12.769 22705 INFO rally.task.engine [-] Load duration is: 56.858324
2019-07-18 09:30:12.770 22705 INFO rally.task.engine [-] Full runner duration is: 56.904892
2019-07-18 09:30:12.770 22705 INFO rally.task.engine [-] Full duration is: 86.317145
2019-07-18 09:30:12.988 22705 INFO rally.task.engine [-] Running workload: position = 0 config = { "version": 2, "title": "A cropped version of a bigger task.", "description": "Auto-generated task from a single workload (uuid=a7bfbe0b-7b81-48d5-baea-80f41a00d78f)", "subtasks": [ { "title": "NeutronNetworks.create_and_list_routers", "description": "Create and a given number of routers and list all routers.", "scenario": { "NeutronNetworks.create_and_list_routers": { "network_create_args": null, "subnet_create_args": null, "subnet_cidr_start": "1.1.0.0/30", "subnets_per_network": 2, "router_create_args": null } }, "contexts": { "users": { "tenants": 1, "users_per_tenant": 1 }, "quotas": { "neutron": { "network": -1, "subnet": -1, "router": -1 } } }, "runner": { "constant": { "times": 40, "concurrency": 20 } }, "hooks": [], "sla": { "failure_rate": { "max": 0 } } } ] }
2019-07-18 09:30:13.002 22705 RALLYDEBUG rally_openstack.contexts.keystone.users [-] Creating 1 tenants using 20 threads
2019-07-18 09:30:14.578 22705 RALLYDEBUG rally_openstack.contexts.keystone.users [-] Creating 1 users using 20 threads
2019-07-18 09:30:17.240 22705 INFO rally.task.context [-] Task d5913fc7-e684-443c-81dc-ad205e82ae7c | Context users@openstack setup() finished in 4.24 sec
2019-07-18 09:30:17.990 22705 INFO rally.task.context [-] Task d5913fc7-e684-443c-81dc-ad205e82ae7c | Context quotas@openstack setup() finished in 0.75 sec
2019-07-18 09:30:17.990 22705 INFO rally.task.context [-] Task d5913fc7-e684-443c-81dc-ad205e82ae7c | Context cleanup@openstack setup() finished in 0.01 msec
2019-07-18 09:30:17.998 22705 RALLYDEBUG rally.task.runner [-] Starting the constant runner (task UUID: d5913fc7-e684-443c-81dc-ad205e82ae7c). timeout: 0 concurrency: 20 concurrency_per_worker: 1 times: 40 concurrency_overhead: 4 processes_to_start: 16 max_cpu_used: 16
2019-07-18 09:30:18.011 25169 RALLYDEBUG rally.task.runner [-] Starting a worker. concurrency: 2 args: {"network_create_args": null, "subnet_create_args": null, "subnet_cidr_start": "1.1.0.0/30", "subnets_per_network": 2, "router_create_args": null} times: 40 method_name: run timeout: 0 duration: None cls:
2019-07-18 09:30:18.014 25170 RALLYDEBUG rally.task.runner [-] Starting a worker. concurrency: 2 args: {"network_create_args": null, "subnet_create_args": null, "subnet_cidr_start": "1.1.0.0/30", "subnets_per_network": 2, "router_create_args": null} times: 40 method_name: run timeout: 0 duration: None cls:
2019-07-18 09:30:18.017 25171 RALLYDEBUG rally.task.runner [-] Starting a worker. concurrency: 2 args: {"network_create_args": null, "subnet_create_args": null, "subnet_cidr_start": "1.1.0.0/30", "subnets_per_network": 2, "router_create_args": null} times: 40 method_name: run timeout: 0 duration: None cls:
2019-07-18 09:30:18.019 25172 RALLYDEBUG rally.task.runner [-] Starting a worker. concurrency: 2 args: {"network_create_args": null, "subnet_create_args": null, "subnet_cidr_start": "1.1.0.0/30", "subnets_per_network": 2, "router_create_args": null} times: 40 method_name: run timeout: 0 duration: None cls:
2019-07-18 09:30:18.021 25169 INFO rally.task.runner [-] Task d5913fc7-e684-443c-81dc-ad205e82ae7c | ITER: 1 START
2019-07-18 09:30:18.023 25170 INFO rally.task.runner [-] Task d5913fc7-e684-443c-81dc-ad205e82ae7c | ITER: 2 START
2019-07-18 09:30:18.024 25173 RALLYDEBUG rally.task.runner [-] Starting a worker. concurrency: 1 args: {"network_create_args": null, "subnet_create_args": null, "subnet_cidr_start": "1.1.0.0/30", "subnets_per_network": 2, "router_create_args": null} times: 40 method_name: run timeout: 0 duration: None cls:
2019-07-18 09:30:18.027 25171 INFO rally.task.runner [-] Task d5913fc7-e684-443c-81dc-ad205e82ae7c | ITER: 7 START
2019-07-18 09:30:18.026 25172 INFO rally.task.runner [-] Task d5913fc7-e684-443c-81dc-ad205e82ae7c | ITER: 6 START
2019-07-18 09:30:18.029 25173 INFO rally.task.runner [-] Task d5913fc7-e684-443c-81dc-ad205e82ae7c | ITER: 9 START
2019-07-18 09:30:18.029 25181 RALLYDEBUG rally.task.runner [-] Starting a worker. concurrency: 1 args: {"network_create_args": null, "subnet_create_args": null, "subnet_cidr_start": "1.1.0.0/30", "subnets_per_network": 2, "router_create_args": null} times: 40 method_name: run timeout: 0 duration: None cls:
2019-07-18 09:30:18.031 25170 INFO rally.task.runner [-] Task d5913fc7-e684-443c-81dc-ad205e82ae7c | ITER: 5 START
2019-07-18 09:30:18.022 25169 INFO rally.task.runner [-] Task d5913fc7-e684-443c-81dc-ad205e82ae7c | ITER: 3 START
2019-07-18 09:30:18.027 25171 INFO rally.task.runner [-] Task d5913fc7-e684-443c-81dc-ad205e82ae7c | ITER: 4 START
2019-07-18 09:30:18.035 25181 INFO rally.task.runner [-] Task d5913fc7-e684-443c-81dc-ad205e82ae7c | ITER: 10 START
2019-07-18 09:30:18.036 25189 RALLYDEBUG rally.task.runner [-] Starting a worker. concurrency: 1 args: {"network_create_args": null, "subnet_create_args": null, "subnet_cidr_start": "1.1.0.0/30", "subnets_per_network": 2, "router_create_args": null} times: 40 method_name: run timeout: 0 duration: None cls:
2019-07-18 09:30:18.040 25172 INFO rally.task.runner [-] Task d5913fc7-e684-443c-81dc-ad205e82ae7c | ITER: 8 START
2019-07-18 09:30:18.042 25189 INFO rally.task.runner [-] Task d5913fc7-e684-443c-81dc-ad205e82ae7c | ITER: 11 START
2019-07-18 09:30:18.042 25192 RALLYDEBUG rally.task.runner [-] Starting a worker. concurrency: 1 args: {"network_create_args": null, "subnet_create_args": null, "subnet_cidr_start": "1.1.0.0/30", "subnets_per_network": 2, "router_create_args": null} times: 40 method_name: run timeout: 0 duration: None cls:
2019-07-18 09:30:18.047 25192 INFO rally.task.runner [-] Task d5913fc7-e684-443c-81dc-ad205e82ae7c | ITER: 12 START
2019-07-18 09:30:18.050 25195 RALLYDEBUG rally.task.runner [-] Starting a worker. concurrency: 1 args: {"network_create_args": null, "subnet_create_args": null, "subnet_cidr_start": "1.1.0.0/30", "subnets_per_network": 2, "router_create_args": null} times: 40 method_name: run timeout: 0 duration: None cls:
2019-07-18 09:30:18.057 25195 INFO rally.task.runner [-] Task d5913fc7-e684-443c-81dc-ad205e82ae7c | ITER: 13 START
2019-07-18 09:30:18.059 25198 RALLYDEBUG rally.task.runner [-] Starting a worker. concurrency: 1 args: {"network_create_args": null, "subnet_create_args": null, "subnet_cidr_start": "1.1.0.0/30", "subnets_per_network": 2, "router_create_args": null} times: 40 method_name: run timeout: 0 duration: None cls:
2019-07-18 09:30:18.064 25198 INFO rally.task.runner [-] Task d5913fc7-e684-443c-81dc-ad205e82ae7c | ITER: 14 START
2019-07-18 09:30:18.066 25201 RALLYDEBUG rally.task.runner [-] Starting a worker. concurrency: 1 args: {"network_create_args": null, "subnet_create_args": null, "subnet_cidr_start": "1.1.0.0/30", "subnets_per_network": 2, "router_create_args": null} times: 40 method_name: run timeout: 0 duration: None cls:
2019-07-18 09:30:18.070 25201 INFO rally.task.runner [-] Task d5913fc7-e684-443c-81dc-ad205e82ae7c | ITER: 15 START
2019-07-18 09:30:18.072 25204 RALLYDEBUG rally.task.runner [-] Starting a worker. concurrency: 1 args: {"network_create_args": null, "subnet_create_args": null, "subnet_cidr_start": "1.1.0.0/30", "subnets_per_network": 2, "router_create_args": null} times: 40 method_name: run timeout: 0 duration: None cls:
2019-07-18 09:30:18.076 25206 RALLYDEBUG rally.task.runner [-] Starting a worker. concurrency: 1 args: {"network_create_args": null, "subnet_create_args": null, "subnet_cidr_start": "1.1.0.0/30", "subnets_per_network": 2, "router_create_args": null} times: 40 method_name: run timeout: 0 duration: None cls:
2019-07-18 09:30:18.077 25204 INFO rally.task.runner [-] Task d5913fc7-e684-443c-81dc-ad205e82ae7c | ITER: 16 START
2019-07-18 09:30:18.078 25208 RALLYDEBUG rally.task.runner [-] Starting a worker. concurrency: 1 args: {"network_create_args": null, "subnet_create_args": null, "subnet_cidr_start": "1.1.0.0/30", "subnets_per_network": 2, "router_create_args": null} times: 40 method_name: run timeout: 0 duration: None cls:
2019-07-18 09:30:18.080 25206 INFO rally.task.runner [-] Task d5913fc7-e684-443c-81dc-ad205e82ae7c | ITER: 17 START
2019-07-18 09:30:18.082 25208 INFO rally.task.runner [-] Task d5913fc7-e684-443c-81dc-ad205e82ae7c | ITER: 18 START
2019-07-18 09:30:18.082 25210 RALLYDEBUG rally.task.runner [-] Starting a worker. concurrency: 1 args: {"network_create_args": null, "subnet_create_args": null, "subnet_cidr_start": "1.1.0.0/30", "subnets_per_network": 2, "router_create_args": null} times: 40 method_name: run timeout: 0 duration: None cls:
2019-07-18 09:30:18.086 25214 RALLYDEBUG rally.task.runner [-] Starting a worker. concurrency: 1 args: {"network_create_args": null, "subnet_create_args": null, "subnet_cidr_start": "1.1.0.0/30", "subnets_per_network": 2, "router_create_args": null} times: 40 method_name: run timeout: 0 duration: None cls:
2019-07-18 09:30:18.086 25210 INFO rally.task.runner [-] Task d5913fc7-e684-443c-81dc-ad205e82ae7c | ITER: 19 START
2019-07-18 09:30:18.089 25214 INFO rally.task.runner [-] Task d5913fc7-e684-443c-81dc-ad205e82ae7c | ITER: 20 START
2019-07-18 09:30:19.797 25169 RALLYDEBUG rally_openstack.wrappers.network [-] CIDR generated: 1.1.5.160/30
2019-07-18 09:30:19.834 25169 RALLYDEBUG rally_openstack.wrappers.network [-] CIDR generated: 1.1.5.164/30
2019-07-18 09:30:19.836 25172 RALLYDEBUG rally_openstack.wrappers.network [-] CIDR generated: 1.1.5.168/30
2019-07-18 09:30:19.844 25170 RALLYDEBUG rally_openstack.wrappers.network [-] CIDR generated: 1.1.5.172/30
2019-07-18 09:30:19.853 25171 RALLYDEBUG rally_openstack.wrappers.network [-] CIDR generated: 1.1.5.176/30
2019-07-18 09:30:19.933 25170 RALLYDEBUG rally_openstack.wrappers.network [-] CIDR generated: 1.1.5.180/30
2019-07-18 09:30:19.934 25172 RALLYDEBUG rally_openstack.wrappers.network [-] CIDR generated: 1.1.5.184/30
2019-07-18 09:30:20.159 25214 RALLYDEBUG rally_openstack.wrappers.network [-] CIDR generated: 1.1.5.188/30
2019-07-18 09:30:20.256 25189 RALLYDEBUG rally_openstack.wrappers.network [-] CIDR generated: 1.1.5.192/30
2019-07-18 09:30:20.380 25171 RALLYDEBUG rally_openstack.wrappers.network [-] CIDR generated: 1.1.5.196/30
2019-07-18 09:30:20.416 25204 RALLYDEBUG rally_openstack.wrappers.network [-] CIDR generated: 1.1.5.200/30
2019-07-18 09:30:20.608 25173 RALLYDEBUG rally_openstack.wrappers.network [-] CIDR generated: 1.1.5.204/30
2019-07-18 09:30:20.614 25181 RALLYDEBUG rally_openstack.wrappers.network [-] CIDR generated: 1.1.5.208/30
2019-07-18 09:30:20.734 25169 RALLYDEBUG rally_openstack.wrappers.network [-] CIDR generated: 1.1.5.212/30
2019-07-18 09:30:20.830 25195 RALLYDEBUG rally_openstack.wrappers.network [-] CIDR generated: 1.1.5.216/30
2019-07-18 09:30:20.837 25201 RALLYDEBUG rally_openstack.wrappers.network [-] CIDR generated: 1.1.5.220/30
2019-07-18 09:30:20.918 25198 RALLYDEBUG rally_openstack.wrappers.network [-] CIDR generated: 1.1.5.224/30
2019-07-18 09:30:21.211 25208 RALLYDEBUG rally_openstack.wrappers.network [-] CIDR generated: 1.1.5.228/30
2019-07-18 09:30:21.264 25192 RALLYDEBUG rally_openstack.wrappers.network [-] CIDR generated: 1.1.5.232/30
2019-07-18 09:30:21.281 25210 RALLYDEBUG rally_openstack.wrappers.network [-] CIDR generated: 1.1.5.236/30
2019-07-18 09:30:21.387 25214 RALLYDEBUG rally_openstack.wrappers.network [-] CIDR generated: 1.1.5.240/30
2019-07-18 09:30:21.435 25204 RALLYDEBUG rally_openstack.wrappers.network [-] CIDR generated: 1.1.5.244/30
2019-07-18 09:30:21.483 25206 RALLYDEBUG rally_openstack.wrappers.network [-] CIDR generated: 1.1.5.248/30
2019-07-18 09:30:22.046 25172 RALLYDEBUG rally_openstack.wrappers.network [-] CIDR generated: 1.1.5.252/30
2019-07-18 09:30:22.153 25169 RALLYDEBUG rally_openstack.wrappers.network [-] CIDR generated: 1.1.6.0/30
2019-07-18 09:30:22.683 25210 RALLYDEBUG rally_openstack.wrappers.network [-] CIDR generated: 1.1.6.4/30
2019-07-18 09:30:24.143 25206 RALLYDEBUG rally_openstack.wrappers.network [-] CIDR generated: 1.1.6.8/30
2019-07-18 09:30:25.136 25170 RALLYDEBUG rally_openstack.wrappers.network [-] CIDR generated: 1.1.6.12/30
2019-07-18 09:30:25.473 25171 RALLYDEBUG rally_openstack.wrappers.network [-] CIDR generated: 1.1.6.16/30
2019-07-18 09:30:25.564 25173 RALLYDEBUG rally_openstack.wrappers.network [-] CIDR generated: 1.1.6.20/30
2019-07-18 09:30:25.604 25171 RALLYDEBUG rally_openstack.wrappers.network [-] CIDR generated: 1.1.6.24/30
2019-07-18 09:30:25.684 25170 RALLYDEBUG rally_openstack.wrappers.network [-] CIDR generated: 1.1.6.28/30
2019-07-18 09:30:25.686 25172 RALLYDEBUG rally_openstack.wrappers.network [-] CIDR generated: 1.1.6.32/30
2019-07-18 09:30:26.000 25181 RALLYDEBUG rally_openstack.wrappers.network [-] CIDR generated: 1.1.6.36/30
2019-07-18 09:30:26.402 25195 RALLYDEBUG rally_openstack.wrappers.network [-] CIDR generated: 1.1.6.40/30
2019-07-18 09:30:26.403 25198 RALLYDEBUG rally_openstack.wrappers.network [-] CIDR generated: 1.1.6.44/30
2019-07-18 09:30:26.577 25208 RALLYDEBUG rally_openstack.wrappers.network [-] CIDR generated: 1.1.6.48/30
2019-07-18 09:30:26.686 25189 RALLYDEBUG rally_openstack.wrappers.network [-] CIDR generated: 1.1.6.52/30
2019-07-18 09:30:26.756 25201 RALLYDEBUG rally_openstack.wrappers.network [-] CIDR generated: 1.1.6.56/30
2019-07-18 09:30:27.030 25192 RALLYDEBUG rally_openstack.wrappers.network [-] CIDR generated: 1.1.6.60/30
2019-07-18 09:30:31.863 25204 INFO rally.task.runner [-] Task d5913fc7-e684-443c-81dc-ad205e82ae7c | ITER: 16 END: OK
2019-07-18 09:30:31.868 25204 INFO rally.task.runner [-] Task d5913fc7-e684-443c-81dc-ad205e82ae7c | ITER: 21 START
2019-07-18 09:30:31.872 25214 INFO rally.task.runner [-] Task d5913fc7-e684-443c-81dc-ad205e82ae7c | ITER: 20 END: OK
2019-07-18 09:30:31.876 25214 INFO rally.task.runner [-] Task d5913fc7-e684-443c-81dc-ad205e82ae7c | ITER: 22 START
2019-07-18 09:30:33.399 25210 INFO rally.task.runner [-] Task d5913fc7-e684-443c-81dc-ad205e82ae7c | ITER: 19 END: OK
2019-07-18 09:30:33.403 25210 INFO rally.task.runner [-] Task d5913fc7-e684-443c-81dc-ad205e82ae7c | ITER: 23 START
2019-07-18 09:30:33.536 25214 RALLYDEBUG rally_openstack.wrappers.network [-] CIDR generated: 1.1.6.64/30
2019-07-18 09:30:33.708 25204 RALLYDEBUG rally_openstack.wrappers.network [-] CIDR generated: 1.1.6.68/30
2019-07-18 09:30:35.293 25210 RALLYDEBUG rally_openstack.wrappers.network [-] CIDR generated: 1.1.6.72/30
2019-07-18 09:30:35.417 25204 RALLYDEBUG rally_openstack.wrappers.network [-] CIDR generated: 1.1.6.76/30
2019-07-18 09:30:35.535 25214 RALLYDEBUG rally_openstack.wrappers.network [-] CIDR generated: 1.1.6.80/30
2019-07-18 09:30:37.251 25210 RALLYDEBUG rally_openstack.wrappers.network [-] CIDR generated: 1.1.6.84/30
