2019-07-18 09:42:21.317 22705 RALLYDEBUG rally_openstack.cleanup.manager [-] Deleting neutron.port object s_rally_e1216a19_wze9usOI (dfaa9f93-3a3e-47bd-99ff-55d8b3b86721)
2019-07-18 09:42:21.617 22705 RALLYDEBUG rally_openstack.cleanup.manager [-] Deleting neutron.port object s_rally_e1216a19_HIJF0lwW (e1231889-3e9e-42bc-b939-d6b158960564)
2019-07-18 09:42:21.617 22705 RALLYDEBUG rally_openstack.cleanup.manager [-] Deleting neutron.port object s_rally_e1216a19_cInCl5vY (e0bbd7b6-e478-4575-af14-ef061a267805)
2019-07-18 09:42:21.625 22705 RALLYDEBUG rally_openstack.cleanup.manager [-] Deleting neutron.port object s_rally_e1216a19_5TgR6usR (e0463bf7-0a94-47ef-9243-9d836c28f51f)
2019-07-18 09:42:21.625 22705 RALLYDEBUG rally_openstack.cleanup.manager [-] Deleting neutron.port object s_rally_e1216a19_bwj9r4uS (e15b0165-2262-4855-9f80-5410f960beb4)
2019-07-18 09:42:21.630 22705 RALLYDEBUG rally_openstack.cleanup.manager [-] Deleting neutron.port object s_rally_e1216a19_NzFrMRzF (e1893045-1da7-4d39-91d8-3e92d4bf471e)
2019-07-18 09:42:21.851 22705 RALLYDEBUG rally_openstack.cleanup.manager [-] Deleting neutron.port object s_rally_e1216a19_UQUzanB5 (e2557c64-9ed6-40e2-9e93-31a569f07994)
2019-07-18 09:42:21.986 22705 RALLYDEBUG rally_openstack.cleanup.manager [-] Deleting neutron.port object s_rally_e1216a19_UU16kWzV (e273689c-76bd-4868-821d-1f6cffe67510)
2019-07-18 09:42:22.682 22705 RALLYDEBUG rally_openstack.cleanup.manager [-] Deleting neutron.port object s_rally_e1216a19_2rFTzVgj (e30bd230-78f9-4fde-9393-dd461eb298a9)
2019-07-18 09:42:23.281 22705 RALLYDEBUG rally_openstack.cleanup.manager [-] Deleting neutron.port object s_rally_e1216a19_r9mZ6nXR (e328205b-7bf4-4479-bf2f-28a886670e9e)
2019-07-18 09:42:23.287 22705 RALLYDEBUG rally_openstack.cleanup.manager [-] Deleting neutron.port object s_rally_e1216a19_hQSD8kKb (e382b84d-ce94-48b7-8b6e-969fa1ea2912)
2019-07-18 09:42:23.430 22705 RALLYDEBUG rally_openstack.cleanup.manager [-] Deleting neutron.port object s_rally_e1216a19_QYEO5tnN (e39b7fcd-b8e5-423d-948d-5e46e75fd064)
2019-07-18 09:42:23.798 22705 RALLYDEBUG rally_openstack.cleanup.manager [-] Deleting neutron.port object s_rally_e1216a19_RygxvCPj (e4392e3c-3589-4bf4-81d0-36d9c36867e8)
2019-07-18 09:42:23.949 22705 RALLYDEBUG rally_openstack.cleanup.manager [-] Deleting neutron.port object s_rally_e1216a19_eSX5GUCA (e4394137-0ab5-4cdb-abb8-b83ed28ae5d8)
2019-07-18 09:42:24.012 22705 RALLYDEBUG rally_openstack.cleanup.manager [-] Deleting neutron.port object s_rally_e1216a19_fniOxLjm (e440af02-63f7-44f9-a67c-54032f826670)
2019-07-18 09:42:24.065 22705 RALLYDEBUG rally_openstack.cleanup.manager [-] Deleting neutron.port object s_rally_e1216a19_vL27j921 (e4b43b39-beb6-41ac-8eb0-e440f5ad304c)
2019-07-18 09:42:24.305 22705 RALLYDEBUG rally_openstack.cleanup.manager [-] Deleting neutron.port object s_rally_e1216a19_mj2oGMXc (e54780ce-60ed-4325-98f1-4481e3c03078)
2019-07-18 09:42:24.849 22705 RALLYDEBUG rally_openstack.cleanup.manager [-] Deleting neutron.port object s_rally_e1216a19_GpqoXhys (e550b9ea-136a-429e-b5d4-055ec850a72e)
2019-07-18 09:42:24.854 22705 RALLYDEBUG rally_openstack.cleanup.manager [-] Deleting neutron.port object s_rally_e1216a19_yAcjJqc6 (e56745b5-e81e-460b-9b7e-4b4153fcf4d0)
2019-07-18 09:42:24.871 22705 RALLYDEBUG rally_openstack.cleanup.manager [-] Deleting neutron.port object s_rally_e1216a19_5vO4HUfR (e6b6ade9-2a4b-4c25-9f13-28b62252459c)
2019-07-18 09:42:24.903 22705 RALLYDEBUG rally_openstack.cleanup.manager [-] Deleting neutron.port object s_rally_e1216a19_j8DYxiYz (e7e4c01c-d145-4c47-aaa6-6aaccb668396)
2019-07-18 09:42:24.913 22705 RALLYDEBUG rally_openstack.cleanup.manager [-] Deleting neutron.port object s_rally_e1216a19_6qyCqbqQ (e980ba81-7e1b-43d9-86fa-6821c109fbce)
2019-07-18 09:42:24.923 22705 RALLYDEBUG rally_openstack.cleanup.manager [-] Deleting neutron.port object s_rally_e1216a19_vkOQRv6u (ea621cda-cf10-4b88-a102-b11ccbb63858)
2019-07-18 09:42:25.053 22705 RALLYDEBUG rally_openstack.cleanup.manager [-] Deleting neutron.port object s_rally_e1216a19_LzfdeYET (eadf60de-18c1-4571-9fc6-05370da82297)
2019-07-18 09:42:25.081 22705 RALLYDEBUG rally_openstack.cleanup.manager [-] Deleting neutron.port object s_rally_e1216a19_s8FPDit8 (eb5faf41-4c53-431a-b1d4-ea202f810fcd)
2019-07-18 09:42:25.082 22705 RALLYDEBUG rally_openstack.cleanup.manager [-] Deleting neutron.port object s_rally_e1216a19_CIO8iaQI (eb4bf377-5eb4-40ed-a242-e972016734ff)
2019-07-18 09:42:25.174 22705 RALLYDEBUG rally_openstack.cleanup.manager [-] Deleting neutron.port object s_rally_e1216a19_BwI0P9a0 (ec25989e-41e5-421c-96b0-9e2c9673a269)
2019-07-18 09:42:25.216 22705 RALLYDEBUG rally_openstack.cleanup.manager [-] Deleting neutron.port object s_rally_e1216a19_9CyUmDUb (ec52ba2b-fb30-4135-bc91-7198e9814ece)
2019-07-18 09:42:25.321 22705 RALLYDEBUG rally_openstack.cleanup.manager [-] Deleting neutron.port object s_rally_e1216a19_46uWsPEo (ec7c239a-8245-4028-b21e-81e9914c09f9)
2019-07-18 09:42:26.203 22705 RALLYDEBUG rally_openstack.cleanup.manager [-] Deleting neutron.port object s_rally_e1216a19_80eoIpko (ec7cbe34-a457-4d72-a99d-5deb5908be39)
2019-07-18 09:42:26.627 22705 RALLYDEBUG rally_openstack.cleanup.manager [-] Deleting neutron.port object s_rally_e1216a19_XW7mORp2 (ec88621d-25a6-4048-8442-50ae77dd7b4e)
2019-07-18 09:42:26.650 22705 RALLYDEBUG rally_openstack.cleanup.manager [-] Deleting neutron.port object s_rally_e1216a19_h3DPyS0e (ed2c3c88-00b4-4a8d-8e4f-1d2a3a5ab581)
2019-07-18 09:42:26.662 22705 RALLYDEBUG rally_openstack.cleanup.manager [-] Deleting neutron.port object s_rally_e1216a19_qPuT2HUo (ed721e43-5ba2-4b67-b9e4-6bf8b18bc6da)
2019-07-18 09:42:26.700 22705 RALLYDEBUG rally_openstack.cleanup.manager [-] Deleting neutron.port object s_rally_e1216a19_zNc5EdJC (ed74c881-9f94-4910-9883-1638bf7efcb0)
2019-07-18 09:42:26.788 22705 RALLYDEBUG rally_openstack.cleanup.manager [-] Deleting neutron.port object s_rally_e1216a19_D5koWJ8y (ed7cd095-928f-444b-acdf-d0480379a779)
2019-07-18 09:42:26.788 22705 RALLYDEBUG rally_openstack.cleanup.manager [-] Deleting neutron.port object s_rally_e1216a19_gGoN9LUc (edb2d13a-0a72-47b1-87a9-93e25c392da3)
2019-07-18 09:42:26.798 22705 RALLYDEBUG rally_openstack.cleanup.manager [-] Deleting neutron.port object s_rally_e1216a19_czxVos6X (eeab1c9b-6473-4a7f-91ce-9fd82050c96d)
2019-07-18 09:42:27.601 22705 RALLYDEBUG rally_openstack.cleanup.manager [-] Deleting neutron.port object s_rally_e1216a19_QjUCzPYt (eef973fe-790c-4fdd-9bc1-22f38fc624e1)
2019-07-18 09:42:28.094 22705 RALLYDEBUG rally_openstack.cleanup.manager [-] Deleting neutron.port object s_rally_e1216a19_fdmIM7vp (eefa1030-0e18-4df8-a8b6-961e8053d12b)
2019-07-18 09:42:28.121 22705 RALLYDEBUG rally_openstack.cleanup.manager [-] Deleting neutron.port object s_rally_e1216a19_bOtbyJrO (ef48b8b4-d8f8-4b2a-826a-47098eea41d3)
2019-07-18 09:42:28.234 22705 RALLYDEBUG rally_openstack.cleanup.manager [-] Deleting neutron.port object s_rally_e1216a19_0gvnFU1A (efa51bb6-7d19-4a59-9a3f-1a20e44b048b)
2019-07-18 09:42:28.241 22705 RALLYDEBUG rally_openstack.cleanup.manager [-] Deleting neutron.port object s_rally_e1216a19_qKaTHz6x (f0613c50-a358-45b9-8a2e-1cea883a3404)
2019-07-18 09:42:28.330 22705 RALLYDEBUG rally_openstack.cleanup.manager [-] Deleting neutron.port object s_rally_e1216a19_T1a1ySGM (f2bb6dd8-8d3f-4f9f-ac43-d8731931c7e3)
2019-07-18 09:42:28.520 22705 RALLYDEBUG rally_openstack.cleanup.manager [-] Deleting neutron.port object s_rally_e1216a19_PpwtXg4r (f34ee89e-6634-49c7-860c-3fcdf70b8330)
2019-07-18 09:42:28.523 22705 RALLYDEBUG rally_openstack.cleanup.manager [-] Deleting neutron.port object s_rally_e1216a19_7dPxBUol (f3657124-a571-470e-a503-21a140c2de0a)
2019-07-18 09:42:28.539 22705 RALLYDEBUG rally_openstack.cleanup.manager [-] Deleting neutron.port object s_rally_e1216a19_jFEq1LM7 (f4218bdd-edf0-4dd2-9cde-3785728bdf1d)
2019-07-18 09:42:28.690 22705 RALLYDEBUG rally_openstack.cleanup.manager [-] Deleting neutron.port object s_rally_e1216a19_iuknXQKr (f68250dd-adb6-4289-8b85-3132f0f6b857)
2019-07-18 09:42:28.691 22705 RALLYDEBUG rally_openstack.cleanup.manager [-] Deleting neutron.port object s_rally_e1216a19_3SgPt1HX (f6b0681b-86df-4b2b-911f-0945d6a15b46)
2019-07-18 09:42:28.701 22705 RALLYDEBUG rally_openstack.cleanup.manager [-] Deleting neutron.port object s_rally_e1216a19_gXzoZtT5 (f73d6f14-99c0-49ea-958a-96a7272fbb41)
2019-07-18 09:42:28.713 22705 RALLYDEBUG rally_openstack.cleanup.manager [-] Deleting neutron.port object s_rally_e1216a19_16gPsNxg (f7915cfb-44e2-4607-b846-d15047fb07d1)
2019-07-18 09:42:28.978 22705 RALLYDEBUG rally_openstack.cleanup.manager [-] Deleting neutron.port object s_rally_e1216a19_QVigAlSi (f79e3958-f654-4f75-a4de-691f8d288501)
2019-07-18 09:42:29.070 22705 RALLYDEBUG rally_openstack.cleanup.manager [-] Deleting neutron.port object s_rally_e1216a19_SNGqj5Zo (f830e629-28c7-47d2-9bff-35998f2f8e4e)
2019-07-18 09:42:29.225 22705 RALLYDEBUG rally_openstack.cleanup.manager [-] Deleting neutron.port object s_rally_e1216a19_d9aBmUSg (f9217c8b-1216-4448-9723-557c7d55bbe5)
2019-07-18 09:42:29.674 22705 RALLYDEBUG rally_openstack.cleanup.manager [-] Deleting neutron.port object s_rally_e1216a19_WqurwtRZ (f975f599-0bfd-41d6-a1f1-dac1c04c53f7)
2019-07-18 09:42:29.679 22705 RALLYDEBUG rally_openstack.cleanup.manager [-] Deleting neutron.port object s_rally_e1216a19_XJnjhREf (f9c8c466-de55-47ef-b756-6da410abc5d5)
2019-07-18 09:42:29.792 22705 RALLYDEBUG rally_openstack.cleanup.manager [-] Deleting neutron.port object s_rally_e1216a19_5uYHvvbj (fcbd87d5-26a5-4bbe-9219-eaafb0833f5b)
2019-07-18 09:42:29.844 22705 RALLYDEBUG rally_openstack.cleanup.manager [-] Deleting neutron.port object s_rally_e1216a19_Sy0LJKQF (fd0b61c9-ebc6-43ee-abcf-2afc6eed1877)
2019-07-18 09:42:30.159 22705 RALLYDEBUG rally_openstack.cleanup.manager [-] Deleting neutron.port object s_rally_e1216a19_lDtxzkpa (fd8cf2a3-0f16-43c3-84da-b282e305e5df)
2019-07-18 09:42:30.965 22705 RALLYDEBUG rally_openstack.cleanup.manager [-] Deleting neutron.port object s_rally_e1216a19_FMIdNw0u (ff307a2f-5d69-4164-94ab-73980e236713)
2019-07-18 09:42:31.065 22705 RALLYDEBUG rally_openstack.cleanup.manager [-] Deleting neutron.port object s_rally_e1216a19_ATFZCfL1 (ff5ede33-c123-42d8-af96-6a07c4888871)
2019-07-18 09:42:33.372 22705 RALLYDEBUG rally_openstack.cleanup.manager [-] Cleaning up neutron subnet objects
2019-07-18 09:42:34.215 22705 RALLYDEBUG rally_openstack.cleanup.manager [-] Cleaning up neutron network objects
2019-07-18 09:42:35.022 22705 RALLYDEBUG rally_openstack.cleanup.manager [-] Deleting neutron.network object s_rally_e1216a19_XGbjLu0m (13bc8546-85b6-49d1-96f3-dbd459585912)
2019-07-18 09:42:35.032 22705 RALLYDEBUG rally_openstack.cleanup.manager [-] Deleting neutron.network object s_rally_e1216a19_k69yNjQv (1b37be36-68c1-41e9-88cc-25007c1bd7f3)
2019-07-18 09:42:35.036 22705 RALLYDEBUG rally_openstack.cleanup.manager [-] Deleting neutron.network object s_rally_e1216a19_auP1AbJr (4202ff52-bede-4e66-ad61-6b227d77dbe4)
2019-07-18 09:42:35.044 22705 RALLYDEBUG rally_openstack.cleanup.manager [-] Deleting neutron.network object s_rally_e1216a19_2quHevna (58984aee-81ec-45e1-bf97-33e6ea1aaf59)
2019-07-18 09:42:35.050 22705 RALLYDEBUG rally_openstack.cleanup.manager [-] Deleting neutron.network object s_rally_e1216a19_eEiiR7tp (9e472c3c-ae05-48d6-832e-e8ec6cddd0b9)
2019-07-18 09:42:35.059 22705 RALLYDEBUG rally_openstack.cleanup.manager [-] Deleting neutron.network object s_rally_e1216a19_gRTvkvP6 (b4d46d78-8b3d-4c3c-ae29-c7a166b5888f)
2019-07-18 09:42:35.067 22705 RALLYDEBUG rally_openstack.cleanup.manager [-] Deleting neutron.network object s_rally_e1216a19_2muBYIrf (c095abe7-debb-4411-a5d3-274cdf27ba05)
2019-07-18 09:42:35.092 22705 RALLYDEBUG rally_openstack.cleanup.manager [-] Deleting neutron.network object s_rally_e1216a19_TsrHcxvD (e1fc900f-e923-4072-94c3-60bd83f18484)
2019-07-18 09:42:39.671 22705 RALLYDEBUG rally_openstack.cleanup.manager [-] Cleaning up neutron router objects
2019-07-18 09:42:40.339 22705 RALLYDEBUG rally_openstack.cleanup.manager [-] Cleaning up neutron security_group objects
2019-07-18 09:42:40.976 22705 INFO rally.task.context [-] Task d5913fc7-e684-443c-81dc-ad205e82ae7c | Context cleanup@openstack cleanup() finished in 1.30 min
2019-07-18 09:42:40.976 22705 INFO rally.task.context [-] Task d5913fc7-e684-443c-81dc-ad205e82ae7c | Context quotas@openstack cleanup() started
2019-07-18 09:42:41.282 22705 INFO rally.task.context [-] Task d5913fc7-e684-443c-81dc-ad205e82ae7c | Context quotas@openstack cleanup() finished in 0.31 sec
2019-07-18 09:42:41.282 22705 INFO rally.task.context [-] Task d5913fc7-e684-443c-81dc-ad205e82ae7c | Context users@openstack cleanup() started
2019-07-18 09:42:45.584 22705 INFO rally.task.context [-] Task d5913fc7-e684-443c-81dc-ad205e82ae7c | Context users@openstack cleanup() finished in 4.30 sec
2019-07-18 09:42:46.777 22705 INFO rally.task.engine [-] Load duration is: 133.480144
2019-07-18 09:42:46.777 22705 INFO rally.task.engine [-] Full runner duration is: 133.528359
2019-07-18 09:42:46.777 22705 INFO rally.task.engine [-] Full duration is: 223.655696
2019-07-18 09:42:46.971 22705 INFO rally.task.engine [-] Running workload: position = 1 config = { "version": 2, "title": "A cropped version of a bigger task.", "description": "Auto-generated task from a single workload (uuid=a4217724-0a05-4e18-b4cb-1f88bb69c822)", "subtasks": [ { "title": "NeutronNetworks.create_and_update_ports", "description": "Create and update a given number of ports.", "scenario": { "NeutronNetworks.create_and_update_ports": { "network_create_args": {}, "port_create_args": {}, "ports_per_network": 5, "port_update_args": { "admin_state_up": false, "device_id": "dummy_id", "device_owner": "dummy_owner", "name": "_port_updated" } } }, "contexts": { "users": { "tenants": 1, "users_per_tenant": 1 }, "quotas": { "neutron": { "network": -1, "port": -1 } } }, "runner": { "constant": { "times": 40, "concurrency": 20 } }, "hooks": [], "sla": { "failure_rate": { "max": 0 } } } ] }
2019-07-18 09:42:46.994 22705 RALLYDEBUG rally_openstack.contexts.keystone.users [-] Creating 1 tenants using 20 threads
2019-07-18 09:42:48.651 22705 RALLYDEBUG rally_openstack.contexts.keystone.users [-] Creating 1 users using 20 threads
2019-07-18 09:42:51.068 22705 INFO rally.task.context [-] Task d5913fc7-e684-443c-81dc-ad205e82ae7c | Context users@openstack setup() finished in 4.07 sec
2019-07-18 09:42:51.816 22705 INFO rally.task.context [-] Task d5913fc7-e684-443c-81dc-ad205e82ae7c | Context quotas@openstack setup() finished in 0.75 sec
2019-07-18 09:42:51.816 22705 INFO rally.task.context [-] Task d5913fc7-e684-443c-81dc-ad205e82ae7c | Context cleanup@openstack setup() finished in 0.01 msec
2019-07-18 09:42:51.824 22705 RALLYDEBUG rally.task.runner [-] Starting the constant runner (task UUID: d5913fc7-e684-443c-81dc-ad205e82ae7c). timeout: 0 concurrency: 20 concurrency_per_worker: 1 times: 40 concurrency_overhead: 4 processes_to_start: 16 max_cpu_used: 16
2019-07-18 09:42:51.837 26581 RALLYDEBUG rally.task.runner [-] Starting a worker. concurrency: 2 args: {"network_create_args": {}, "port_create_args": {}, "ports_per_network": 5, "port_update_args": {"admin_state_up": false, "device_id": "dummy_id", "device_owner": "dummy_owner", "name": "_port_updated"}} times: 40 method_name: run timeout: 0 duration: None cls:
2019-07-18 09:42:51.840 26582 RALLYDEBUG rally.task.runner [-] Starting a worker. concurrency: 2 args: {"network_create_args": {}, "port_create_args": {}, "ports_per_network": 5, "port_update_args": {"admin_state_up": false, "device_id": "dummy_id", "device_owner": "dummy_owner", "name": "_port_updated"}} times: 40 method_name: run timeout: 0 duration: None cls:
2019-07-18 09:42:51.844 26583 RALLYDEBUG rally.task.runner [-] Starting a worker. concurrency: 2 args: {"network_create_args": {}, "port_create_args": {}, "ports_per_network": 5, "port_update_args": {"admin_state_up": false, "device_id": "dummy_id", "device_owner": "dummy_owner", "name": "_port_updated"}} times: 40 method_name: run timeout: 0 duration: None cls:
2019-07-18 09:42:51.846 26581 INFO rally.task.runner [-] Task d5913fc7-e684-443c-81dc-ad205e82ae7c | ITER: 1 START
2019-07-18 09:42:51.846 26584 RALLYDEBUG rally.task.runner [-] Starting a worker. concurrency: 2 args: {"network_create_args": {}, "port_create_args": {}, "ports_per_network": 5, "port_update_args": {"admin_state_up": false, "device_id": "dummy_id", "device_owner": "dummy_owner", "name": "_port_updated"}} times: 40 method_name: run timeout: 0 duration: None cls:
2019-07-18 09:42:51.849 26581 WARNING rally_openstack.scenarios.neutron.utils [-] Running this scenario without either the 'network' or 'existing_network' context is deprecated
2019-07-18 09:42:51.850 26582 INFO rally.task.runner [-] Task d5913fc7-e684-443c-81dc-ad205e82ae7c | ITER: 2 START
2019-07-18 09:42:51.851 26582 INFO rally.task.runner [-] Task d5913fc7-e684-443c-81dc-ad205e82ae7c | ITER: 4 START
2019-07-18 09:42:51.852 26586 RALLYDEBUG rally.task.runner [-] Starting a worker. concurrency: 1 args: {"network_create_args": {}, "port_create_args": {}, "ports_per_network": 5, "port_update_args": {"admin_state_up": false, "device_id": "dummy_id", "device_owner": "dummy_owner", "name": "_port_updated"}} times: 40 method_name: run timeout: 0 duration: None cls:
2019-07-18 09:42:51.854 26583 INFO rally.task.runner [-] Task d5913fc7-e684-443c-81dc-ad205e82ae7c | ITER: 5 START
2019-07-18 09:42:51.853 26582 WARNING rally_openstack.scenarios.neutron.utils [-] Running this scenario without either the 'network' or 'existing_network' context is deprecated
2019-07-18 09:42:51.855 26583 WARNING rally_openstack.scenarios.neutron.utils [-] Running this scenario without either the 'network' or 'existing_network' context is deprecated
2019-07-18 09:42:51.855 26590 RALLYDEBUG rally.task.runner [-] Starting a worker. concurrency: 1 args: {"network_create_args": {}, "port_create_args": {}, "ports_per_network": 5, "port_update_args": {"admin_state_up": false, "device_id": "dummy_id", "device_owner": "dummy_owner", "name": "_port_updated"}} times: 40 method_name: run timeout: 0 duration: None cls:
2019-07-18 09:42:51.854 26582 WARNING rally_openstack.scenarios.neutron.utils [-] Running this scenario without either the 'network' or 'existing_network' context is deprecated
2019-07-18 09:42:51.856 26584 INFO rally.task.runner [-] Task d5913fc7-e684-443c-81dc-ad205e82ae7c | ITER: 8 START
2019-07-18 09:42:51.857 26584 INFO rally.task.runner [-] Task d5913fc7-e684-443c-81dc-ad205e82ae7c | ITER: 6 START
2019-07-18 09:42:51.858 26584 WARNING rally_openstack.scenarios.neutron.utils [-] Running this scenario without either the 'network' or 'existing_network' context is deprecated
2019-07-18 09:42:51.860 26586 INFO rally.task.runner [-] Task d5913fc7-e684-443c-81dc-ad205e82ae7c | ITER: 9 START
2019-07-18 09:42:51.861 26597 RALLYDEBUG rally.task.runner [-] Starting a worker. concurrency: 1 args: {"network_create_args": {}, "port_create_args": {}, "ports_per_network": 5, "port_update_args": {"admin_state_up": false, "device_id": "dummy_id", "device_owner": "dummy_owner", "name": "_port_updated"}} times: 40 method_name: run timeout: 0 duration: None cls:
2019-07-18 09:42:51.862 26590 INFO rally.task.runner [-] Task d5913fc7-e684-443c-81dc-ad205e82ae7c | ITER: 10 START
2019-07-18 09:42:51.862 26586 WARNING rally_openstack.scenarios.neutron.utils [-] Running this scenario without either the 'network' or 'existing_network' context is deprecated
2019-07-18 09:42:51.861 26581 INFO rally.task.runner [-] Task d5913fc7-e684-443c-81dc-ad205e82ae7c | ITER: 3 START
2019-07-18 09:42:51.864 26581 WARNING rally_openstack.scenarios.neutron.utils [-] Running this scenario without either the 'network' or 'existing_network' context is deprecated
2019-07-18 09:42:51.864 26590 WARNING rally_openstack.scenarios.neutron.utils [-] Running this scenario without either the 'network' or 'existing_network' context is deprecated
2019-07-18 09:42:51.865 26583 INFO rally.task.runner [-] Task d5913fc7-e684-443c-81dc-ad205e82ae7c | ITER: 7 START
2019-07-18 09:42:51.866 26583 WARNING rally_openstack.scenarios.neutron.utils [-] Running this scenario without either the 'network' or 'existing_network' context is deprecated
2019-07-18 09:42:51.859 26584 WARNING rally_openstack.scenarios.neutron.utils [-] Running this scenario without either the 'network' or 'existing_network' context is deprecated
2019-07-18 09:42:51.869 26604 RALLYDEBUG rally.task.runner [-] Starting a worker. concurrency: 1 args: {"network_create_args": {}, "port_create_args": {}, "ports_per_network": 5, "port_update_args": {"admin_state_up": false, "device_id": "dummy_id", "device_owner": "dummy_owner", "name": "_port_updated"}} times: 40 method_name: run timeout: 0 duration: None cls:
2019-07-18 09:42:51.871 26597 INFO rally.task.runner [-] Task d5913fc7-e684-443c-81dc-ad205e82ae7c | ITER: 11 START
2019-07-18 09:42:51.873 26597 WARNING rally_openstack.scenarios.neutron.utils [-] Running this scenario without either the 'network' or 'existing_network' context is deprecated
2019-07-18 09:42:51.875 26604 INFO rally.task.runner [-] Task d5913fc7-e684-443c-81dc-ad205e82ae7c | ITER: 12 START
2019-07-18 09:42:51.875 26605 RALLYDEBUG rally.task.runner [-] Starting a worker. concurrency: 1 args: {"network_create_args": {}, "port_create_args": {}, "ports_per_network": 5, "port_update_args": {"admin_state_up": false, "device_id": "dummy_id", "device_owner": "dummy_owner", "name": "_port_updated"}} times: 40 method_name: run timeout: 0 duration: None cls:
2019-07-18 09:42:51.877 26604 WARNING rally_openstack.scenarios.neutron.utils [-] Running this scenario without either the 'network' or 'existing_network' context is deprecated
2019-07-18 09:42:51.878 26607 RALLYDEBUG rally.task.runner [-] Starting a worker. concurrency: 1 args: {"network_create_args": {}, "port_create_args": {}, "ports_per_network": 5, "port_update_args": {"admin_state_up": false, "device_id": "dummy_id", "device_owner": "dummy_owner", "name": "_port_updated"}} times: 40 method_name: run timeout: 0 duration: None cls:
2019-07-18 09:42:51.881 26609 RALLYDEBUG rally.task.runner [-] Starting a worker. concurrency: 1 args: {"network_create_args": {}, "port_create_args": {}, "ports_per_network": 5, "port_update_args": {"admin_state_up": false, "device_id": "dummy_id", "device_owner": "dummy_owner", "name": "_port_updated"}} times: 40 method_name: run timeout: 0 duration: None cls:
2019-07-18 09:42:51.884 26605 INFO rally.task.runner [-] Task d5913fc7-e684-443c-81dc-ad205e82ae7c | ITER: 13 START
2019-07-18 09:42:51.885 26607 INFO rally.task.runner [-] Task d5913fc7-e684-443c-81dc-ad205e82ae7c | ITER: 14 START
2019-07-18 09:42:51.886 26605 WARNING rally_openstack.scenarios.neutron.utils [-] Running this scenario without either the 'network' or 'existing_network' context is deprecated
2019-07-18 09:42:51.886 26612 RALLYDEBUG rally.task.runner [-] Starting a worker. concurrency: 1 args: {"network_create_args": {}, "port_create_args": {}, "ports_per_network": 5, "port_update_args": {"admin_state_up": false, "device_id": "dummy_id", "device_owner": "dummy_owner", "name": "_port_updated"}} times: 40 method_name: run timeout: 0 duration: None cls:
2019-07-18 09:42:51.886 26607 WARNING rally_openstack.scenarios.neutron.utils [-] Running this scenario without either the 'network' or 'existing_network' context is deprecated
2019-07-18 09:42:51.887 26609 INFO rally.task.runner [-] Task d5913fc7-e684-443c-81dc-ad205e82ae7c | ITER: 15 START
2019-07-18 09:42:51.888 26609 WARNING rally_openstack.scenarios.neutron.utils [-] Running this scenario without either the 'network' or 'existing_network' context is deprecated
2019-07-18 09:42:51.892 26618 RALLYDEBUG rally.task.runner [-] Starting a worker. concurrency: 1 args: {"network_create_args": {}, "port_create_args": {}, "ports_per_network": 5, "port_update_args": {"admin_state_up": false, "device_id": "dummy_id", "device_owner": "dummy_owner", "name": "_port_updated"}} times: 40 method_name: run timeout: 0 duration: None cls:
2019-07-18 09:42:51.893 26612 INFO rally.task.runner [-] Task d5913fc7-e684-443c-81dc-ad205e82ae7c | ITER: 16 START
2019-07-18 09:42:51.894 26612 WARNING rally_openstack.scenarios.neutron.utils [-] Running this scenario without either the 'network' or 'existing_network' context is deprecated
2019-07-18 09:42:51.898 26618 INFO rally.task.runner [-] Task d5913fc7-e684-443c-81dc-ad205e82ae7c | ITER: 17 START
2019-07-18 09:42:51.900 26618 WARNING rally_openstack.scenarios.neutron.utils [-] Running this scenario without either the 'network' or 'existing_network' context is deprecated
2019-07-18 09:42:51.903 26622 RALLYDEBUG rally.task.runner [-] Starting a worker. concurrency: 1 args: {"network_create_args": {}, "port_create_args": {}, "ports_per_network": 5, "port_update_args": {"admin_state_up": false, "device_id": "dummy_id", "device_owner": "dummy_owner", "name": "_port_updated"}} times: 40 method_name: run timeout: 0 duration: None cls:
2019-07-18 09:42:51.905 26625 RALLYDEBUG rally.task.runner [-] Starting a worker. concurrency: 1 args: {"network_create_args": {}, "port_create_args": {}, "ports_per_network": 5, "port_update_args": {"admin_state_up": false, "device_id": "dummy_id", "device_owner": "dummy_owner", "name": "_port_updated"}} times: 40 method_name: run timeout: 0 duration: None cls:
2019-07-18 09:42:51.908 26622 INFO rally.task.runner [-] Task d5913fc7-e684-443c-81dc-ad205e82ae7c | ITER: 18 START
2019-07-18 09:42:51.909 26625 INFO rally.task.runner [-] Task d5913fc7-e684-443c-81dc-ad205e82ae7c | ITER: 19 START
2019-07-18 09:42:51.909 26622 WARNING rally_openstack.scenarios.neutron.utils [-] Running this scenario without either the 'network' or 'existing_network' context is deprecated
2019-07-18 09:42:51.910 26625 WARNING rally_openstack.scenarios.neutron.utils [-] Running this scenario without either the 'network' or 'existing_network' context is deprecated
2019-07-18 09:42:51.913 26628 RALLYDEBUG rally.task.runner [-] Starting a worker. concurrency: 1 args: {"network_create_args": {}, "port_create_args": {}, "ports_per_network": 5, "port_update_args": {"admin_state_up": false, "device_id": "dummy_id", "device_owner": "dummy_owner", "name": "_port_updated"}} times: 40 method_name: run timeout: 0 duration: None cls:
2019-07-18 09:42:51.917 26628 INFO rally.task.runner [-] Task d5913fc7-e684-443c-81dc-ad205e82ae7c | ITER: 20 START
2019-07-18 09:42:51.918 26628 WARNING rally_openstack.scenarios.neutron.utils [-] Running this scenario without either the 'network' or 'existing_network' context is deprecated
2019-07-18 09:43:01.198 26625 INFO rally.task.runner [-] Task d5913fc7-e684-443c-81dc-ad205e82ae7c | ITER: 19 END: OK
2019-07-18 09:43:01.202 26625 INFO rally.task.runner [-] Task d5913fc7-e684-443c-81dc-ad205e82ae7c | ITER: 21 START
2019-07-18 09:43:01.203 26625 WARNING rally_openstack.scenarios.neutron.utils [-] Running this scenario without either the 'network' or 'existing_network' context is deprecated
2019-07-18 09:43:01.890 26582 INFO rally.task.runner [-] Task d5913fc7-e684-443c-81dc-ad205e82ae7c | ITER: 4 END: OK
2019-07-18 09:43:01.894 26582 INFO rally.task.runner [-] Task d5913fc7-e684-443c-81dc-ad205e82ae7c | ITER: 22 START
2019-07-18 09:43:01.894 26582 WARNING rally_openstack.scenarios.neutron.utils [-] Running this scenario without either the 'network' or 'existing_network' context is deprecated
2019-07-18 09:43:02.307 26582 INFO rally.task.runner [-] Task d5913fc7-e684-443c-81dc-ad205e82ae7c | ITER: 2 END: OK
2019-07-18 09:43:02.311 26582 INFO rally.task.runner [-] Task d5913fc7-e684-443c-81dc-ad205e82ae7c | ITER: 23 START
2019-07-18 09:43:02.312 26582 WARNING rally_openstack.scenarios.neutron.utils [-] Running this scenario without either the 'network' or 'existing_network' context is deprecated
2019-07-18 09:43:02.567 26628 INFO rally.task.runner [-] Task d5913fc7-e684-443c-81dc-ad205e82ae7c | ITER: 20 END: OK
2019-07-18 09:43:02.572 26628 INFO rally.task.runner [-] Task d5913fc7-e684-443c-81dc-ad205e82ae7c | ITER: 24 START
2019-07-18 09:43:02.572 26628 WARNING rally_openstack.scenarios.neutron.utils [-] Running this scenario without either the 'network' or 'existing_network' context is deprecated
2019-07-18 09:43:07.962 26581 INFO rally.task.runner [-] Task d5913fc7-e684-443c-81dc-ad205e82ae7c | ITER: 1 END: OK
2019-07-18 09:43:07.967 26581 INFO rally.task.runner [-] Task d5913fc7-e684-443c-81dc-ad205e82ae7c | ITER: 25 START
2019-07-18 09:43:07.968 26581 WARNING rally_openstack.scenarios.neutron.utils [-] Running this scenario without either the 'network' or 'existing_network' context is deprecated
2019-07-18 09:43:08.721 26612 INFO rally.task.runner [-] Task d5913fc7-e684-443c-81dc-ad205e82ae7c | ITER: 16 END: OK
2019-07-18 09:43:08.726 26612 INFO rally.task.runner [-] Task d5913fc7-e684-443c-81dc-ad205e82ae7c | ITER: 26 START
2019-07-18 09:43:08.727 26612 WARNING rally_openstack.scenarios.neutron.utils [-] Running this scenario without either the 'network' or 'existing_network' context is deprecated
2019-07-18 09:43:09.675 26625 INFO rally.task.runner [-] Task d5913fc7-e684-443c-81dc-ad205e82ae7c | ITER: 21 END: OK
2019-07-18 09:43:09.680 26625 INFO rally.task.runner [-] Task d5913fc7-e684-443c-81dc-ad205e82ae7c | ITER: 27 START
2019-07-18 09:43:09.681 26625 WARNING rally_openstack.scenarios.neutron.utils [-] Running this scenario without either the 'network' or 'existing_network' context is deprecated
2019-07-18 09:43:10.687 26582 INFO rally.task.runner [-] Task d5913fc7-e684-443c-81dc-ad205e82ae7c | ITER: 22 END: OK
2019-07-18 09:43:10.691 26582 INFO rally.task.runner [-] Task d5913fc7-e684-443c-81dc-ad205e82ae7c | ITER: 28 START
2019-07-18 09:43:10.691 26582 WARNING rally_openstack.scenarios.neutron.utils [-] Running this scenario without either the 'network' or 'existing_network' context is deprecated
2019-07-18 09:43:16.162 26582 INFO rally.task.runner [-] Task d5913fc7-e684-443c-81dc-ad205e82ae7c | ITER: 23 END: OK
2019-07-18 09:43:16.167 26582 INFO rally.task.runner [-] Task d5913fc7-e684-443c-81dc-ad205e82ae7c | ITER: 29 START
2019-07-18 09:43:16.167 26582 WARNING rally_openstack.scenarios.neutron.utils [-] Running this scenario without either the 'network' or 'existing_network' context is deprecated
2019-07-18 09:43:16.174 26628 INFO rally.task.runner [-] Task d5913fc7-e684-443c-81dc-ad205e82ae7c | ITER: 24 END: OK
2019-07-18 09:43:16.178 26628 INFO rally.task.runner [-] Task d5913fc7-e684-443c-81dc-ad205e82ae7c | ITER: 30 START
2019-07-18 09:43:16.179 26628 WARNING rally_openstack.scenarios.neutron.utils [-] Running this scenario without either the 'network' or 'existing_network' context is deprecated
2019-07-18 09:43:16.552 26590 INFO rally.task.runner [-] Task d5913fc7-e684-443c-81dc-ad205e82ae7c | ITER: 10 END: OK
2019-07-18 09:43:16.557 26590 INFO rally.task.runner [-] Task d5913fc7-e684-443c-81dc-ad205e82ae7c | ITER: 31 START
2019-07-18 09:43:16.558 26590 WARNING rally_openstack.scenarios.neutron.utils [-] Running this scenario without either the 'network' or 'existing_network' context is deprecated
2019-07-18 09:43:16.577 26586 INFO rally.task.runner [-] Task d5913fc7-e684-443c-81dc-ad205e82ae7c | ITER: 9 END: OK
2019-07-18 09:43:16.581 26586 INFO rally.task.runner [-] Task d5913fc7-e684-443c-81dc-ad205e82ae7c | ITER: 32 START
2019-07-18 09:43:16.581 26586 WARNING rally_openstack.scenarios.neutron.utils [-] Running this scenario without either the 'network' or 'existing_network' context is deprecated
2019-07-18 09:43:16.594 26604 INFO rally.task.runner [-] Task d5913fc7-e684-443c-81dc-ad205e82ae7c | ITER: 12 END: OK
2019-07-18 09:43:16.598 26604 INFO rally.task.runner [-] Task d5913fc7-e684-443c-81dc-ad205e82ae7c | ITER: 33 START
2019-07-18 09:43:16.599 26604 WARNING rally_openstack.scenarios.neutron.utils [-] Running this scenario without either the 'network' or 'existing_network' context is deprecated
2019-07-18 09:43:16.711 26622 INFO rally.task.runner [-] Task d5913fc7-e684-443c-81dc-ad205e82ae7c | ITER: 18 END: OK
2019-07-18 09:43:16.715 26622 INFO rally.task.runner [-] Task d5913fc7-e684-443c-81dc-ad205e82ae7c | ITER: 34 START
2019-07-18 09:43:16.715 26622 WARNING rally_openstack.scenarios.neutron.utils [-] Running this scenario without either the 'network' or 'existing_network' context is deprecated
2019-07-18 09:43:16.752 26618 INFO rally.task.runner [-] Task d5913fc7-e684-443c-81dc-ad205e82ae7c | ITER: 17 END: OK
2019-07-18 09:43:16.755 26618 INFO rally.task.runner [-] Task d5913fc7-e684-443c-81dc-ad205e82ae7c | ITER: 35 START
2019-07-18 09:43:16.755 26618 WARNING rally_openstack.scenarios.neutron.utils [-] Running this scenario without either the 'network' or 'existing_network' context is deprecated
2019-07-18 09:43:17.006 26584 INFO rally.task.runner [-] Task d5913fc7-e684-443c-81dc-ad205e82ae7c | ITER: 6 END: OK
2019-07-18 09:43:17.011 26584 INFO rally.task.runner [-] Task d5913fc7-e684-443c-81dc-ad205e82ae7c | ITER: 36 START
2019-07-18 09:43:17.012 26584 WARNING rally_openstack.scenarios.neutron.utils [-] Running this scenario without either the 'network' or 'existing_network' context is deprecated
2019-07-18 09:43:17.011 26612 INFO rally.task.runner [-] Task d5913fc7-e684-443c-81dc-ad205e82ae7c | ITER: 26 END: OK
2019-07-18 09:43:17.017 26612 INFO rally.task.runner [-] Task d5913fc7-e684-443c-81dc-ad205e82ae7c | ITER: 37 START
2019-07-18 09:43:17.017 26612 WARNING rally_openstack.scenarios.neutron.utils [-] Running this scenario without either the 'network' or 'existing_network' context is deprecated
2019-07-18 09:43:19.358 26582 INFO rally.task.runner [-] Task d5913fc7-e684-443c-81dc-ad205e82ae7c | ITER: 28 END: OK
2019-07-18 09:43:19.363 26582 INFO rally.task.runner [-] Task d5913fc7-e684-443c-81dc-ad205e82ae7c | ITER: 38 START
2019-07-18 09:43:19.363 26582 WARNING rally_openstack.scenarios.neutron.utils [-] Running this scenario without either the 'network' or 'existing_network' context is deprecated
2019-07-18 09:43:19.671 26583 INFO rally.task.runner [-] Task d5913fc7-e684-443c-81dc-ad205e82ae7c | ITER: 7 END: OK
2019-07-18 09:43:19.674 26583 INFO rally.task.runner [-] Task d5913fc7-e684-443c-81dc-ad205e82ae7c | ITER: 39 START
2019-07-18 09:43:19.675 26583 WARNING rally_openstack.scenarios.neutron.utils [-] Running this scenario without either the 'network' or 'existing_network' context is deprecated
2019-07-18 09:43:21.355 26607 INFO rally.task.runner [-] Task d5913fc7-e684-443c-81dc-ad205e82ae7c | ITER: 14 END: OK
2019-07-18 09:43:21.360 26607 INFO rally.task.runner [-] Task d5913fc7-e684-443c-81dc-ad205e82ae7c | ITER: 40 START
2019-07-18 09:43:21.361 26607 WARNING rally_openstack.scenarios.neutron.utils [-] Running this scenario without either the 'network' or 'existing_network' context is deprecated
2019-07-18 09:43:21.454 26609 INFO rally.task.runner [-] Task d5913fc7-e684-443c-81dc-ad205e82ae7c | ITER: 15 END: OK
2019-07-18 09:43:21.469 26605 INFO rally.task.runner [-] Task d5913fc7-e684-443c-81dc-ad205e82ae7c | ITER: 13 END: OK
2019-07-18 09:43:22.241 26581 INFO rally.task.runner [-] Task d5913fc7-e684-443c-81dc-ad205e82ae7c | ITER: 25 END: OK
2019-07-18 09:43:24.128 26583 INFO rally.task.runner [-] Task d5913fc7-e684-443c-81dc-ad205e82ae7c | ITER: 5 END: OK
2019-07-18 09:43:24.321 26625 INFO rally.task.runner [-] Task d5913fc7-e684-443c-81dc-ad205e82ae7c | ITER: 27 END: OK
2019-07-18 09:43:24.875 26581 INFO rally.task.runner [-] Task d5913fc7-e684-443c-81dc-ad205e82ae7c | ITER: 3 END: OK
2019-07-18 09:43:24.969 26597 INFO rally.task.runner [-] Task d5913fc7-e684-443c-81dc-ad205e82ae7c | ITER: 11 END: OK
2019-07-18 09:43:25.489 26584 INFO rally.task.runner [-] Task d5913fc7-e684-443c-81dc-ad205e82ae7c | ITER: 8 END: OK
2019-07-18 09:43:26.493 26628 INFO rally.task.runner [-] Task d5913fc7-e684-443c-81dc-ad205e82ae7c | ITER: 30 END: OK
2019-07-18 09:43:26.685 26584 INFO rally.task.runner [-] Task d5913fc7-e684-443c-81dc-ad205e82ae7c | ITER: 36 END: OK
2019-07-18 09:43:26.961 26618 INFO rally.task.runner [-] Task d5913fc7-e684-443c-81dc-ad205e82ae7c | ITER: 35 END: OK
2019-07-18 09:43:27.497 26586 INFO rally.task.runner [-] Task d5913fc7-e684-443c-81dc-ad205e82ae7c | ITER: 32 END: OK
2019-07-18 09:43:28.369 26582 INFO rally.task.runner [-] Task d5913fc7-e684-443c-81dc-ad205e82ae7c | ITER: 38 END: OK
2019-07-18 09:43:28.494 26583 INFO rally.task.runner [-] Task d5913fc7-e684-443c-81dc-ad205e82ae7c | ITER: 39 END: OK
2019-07-18 09:43:30.709 26604 INFO rally.task.runner [-] Task d5913fc7-e684-443c-81dc-ad205e82ae7c | ITER: 33 END: OK
2019-07-18 09:43:30.950 26622 INFO rally.task.runner [-] Task d5913fc7-e684-443c-81dc-ad205e82ae7c | ITER: 34 END: OK
2019-07-18 09:43:31.198 26607 INFO rally.task.runner [-] Task d5913fc7-e684-443c-81dc-ad205e82ae7c | ITER: 40 END: OK
2019-07-18 09:43:35.733 26582 INFO rally.task.runner [-] Task d5913fc7-e684-443c-81dc-ad205e82ae7c | ITER: 29 END: OK
2019-07-18 09:43:35.984 26590 INFO rally.task.runner [-] Task d5913fc7-e684-443c-81dc-ad205e82ae7c | ITER: 31 END: OK
2019-07-18 09:43:36.087 26612 INFO rally.task.runner [-] Task d5913fc7-e684-443c-81dc-ad205e82ae7c | ITER: 37 END: OK
2019-07-18 09:43:36.116 22705 INFO rally.task.context [-] Task d5913fc7-e684-443c-81dc-ad205e82ae7c | Context cleanup@openstack cleanup() started
2019-07-18 09:43:36.118 22705 RALLYDEBUG rally_openstack.cleanup.manager [-] Cleaning up neutron vip objects
2019-07-18 09:43:36.844 22705 RALLYDEBUG rally_openstack.cleanup.manager [-] Cleaning up neutron health_monitor objects
2019-07-18 09:43:37.558 22705 RALLYDEBUG rally_openstack.cleanup.manager [-] Cleaning up neutron pool objects
2019-07-18 09:43:38.695 22705 RALLYDEBUG rally_openstack.cleanup.manager [-] Cleaning up neutron loadbalancer objects
2019-07-18 09:43:39.343 22705 RALLYDEBUG rally_openstack.cleanup.manager [-] Cleaning up neutron floatingip objects
2019-07-18 09:43:40.039 22705 RALLYDEBUG rally_openstack.cleanup.manager [-] Cleaning up neutron port objects
2019-07-18 09:43:41.164 22705 RALLYDEBUG rally_openstack.cleanup.manager [-] Deleting neutron.port object s_rally_a4217724_ahy06Qtl (02af10a9-68b3-4a4b-8c32-4d37035e9646)
2019-07-18 09:43:41.165 22705 RALLYDEBUG rally_openstack.cleanup.manager [-] Deleting neutron.port object s_rally_a4217724_prD5Zf3a (00743bc1-0bf0-4b73-a883-c93f6cf1a89a)
2019-07-18 09:43:41.169 22705 RALLYDEBUG rally_openstack.cleanup.manager [-] Deleting neutron.port object s_rally_a4217724_1Ay7d3Nh (0cbdb5fc-64ab-49f0-80b7-ad6cd667ba60)
2019-07-18 09:43:41.176 22705 RALLYDEBUG rally_openstack.cleanup.manager [-] Deleting neutron.port object s_rally_a4217724_tFNmTx2q (0ed44c59-200a-41fc-899e-75669ee3d282)
2019-07-18 09:43:41.176 22705 RALLYDEBUG rally_openstack.cleanup.manager [-] Deleting neutron.port object s_rally_a4217724_NVg3po7M (0cfe4953-b8d4-485e-845e-a0262cd6eab5)
2019-07-18 09:43:41.179 22705 RALLYDEBUG rally_openstack.cleanup.manager [-] Deleting neutron.port object s_rally_a4217724_CYNRnNf6 (0edf13c5-f0be-41d6-9332-74daf3712aef)
2019-07-18 09:43:41.186 22705 RALLYDEBUG rally_openstack.cleanup.manager [-] Deleting neutron.port object s_rally_a4217724_17R1g4U6 (041f194c-ebfa-476b-9b2f-bbb3d1cc3ee4)
2019-07-18 09:43:41.186 22705 RALLYDEBUG rally_openstack.cleanup.manager [-] Deleting neutron.port object s_rally_a4217724_UBi0SFdj (0e48e5d8-cf77-4351-b589-bb0a88d90e51)
2019-07-18 09:43:41.188 22705 RALLYDEBUG rally_openstack.cleanup.manager [-] Deleting neutron.port object s_rally_a4217724_bQhSKzS8 (0bef5ff3-299b-413a-8085-788dc7570198)
2019-07-18 09:43:41.188 22705 RALLYDEBUG rally_openstack.cleanup.manager [-] Deleting neutron.port object s_rally_a4217724_xPFQhpmq (0fe630b4-b4b5-4510-9f54-4c641fdc957d)
2019-07-18 09:43:41.189 22705 RALLYDEBUG rally_openstack.cleanup.manager [-] Deleting neutron.port object s_rally_a4217724_KAHAPi7t (02be3911-d676-4a69-b157-ca57209197c4)
2019-07-18 09:43:41.190 22705 RALLYDEBUG rally_openstack.cleanup.manager [-] Deleting neutron.port object s_rally_a4217724_g5KHeprV (0f55cd1d-61a9-48cd-8cd3-562738061f3d)
2019-07-18 09:43:41.190 22705 RALLYDEBUG rally_openstack.cleanup.manager [-] Deleting neutron.port object s_rally_a4217724_K9ntQ1Di (05489e04-d339-41d2-872e-429a9a871e04)
2019-07-18 09:43:41.202 22705 RALLYDEBUG rally_openstack.cleanup.manager [-] Deleting neutron.port object s_rally_a4217724_azbMushp (1043483a-8b3a-4f50-91cd-caa9a8ad00b6)
2019-07-18 09:43:41.209 22705 RALLYDEBUG rally_openstack.cleanup.manager [-] Deleting neutron.port object s_rally_a4217724_zPELEQrA (102cb480-734a-4d93-aec3-7e37a9c5a5bd)
2019-07-18 09:43:41.210 22705 RALLYDEBUG rally_openstack.cleanup.manager [-] Deleting neutron.port object s_rally_a4217724_crUpElij (12ac4b81-43b7-4d1d-aa1c-784dc25e1864)
2019-07-18 09:43:41.211 22705 RALLYDEBUG rally_openstack.cleanup.manager [-] Deleting neutron.port object s_rally_a4217724_aLKjeRdE (0cced5a0-67e2-4e03-b44e-6d99ec6adcd0)
2019-07-18 09:43:41.218 22705 RALLYDEBUG rally_openstack.cleanup.manager [-] Deleting neutron.port object s_rally_a4217724_Ma77K2Nu (06c86d82-e046-4d46-89ec-3529b293f051)
2019-07-18 09:43:41.239 22705 RALLYDEBUG rally_openstack.cleanup.manager [-] Deleting neutron.port object s_rally_a4217724_q47lMuZn (12faa17b-69a8-43ce-b0ac-045e4464cd25)
2019-07-18 09:43:41.244 22705 RALLYDEBUG rally_openstack.cleanup.manager [-] Deleting neutron.port object s_rally_a4217724_TP5NvBcK (1349bcc6-173a-4c07-bc97-ab3b9c3a93d0)
2019-07-18 09:43:43.662 22705 RALLYDEBUG rally_openstack.cleanup.manager [-] Deleting neutron.port object s_rally_a4217724_2vVaa8Bq (15c220cd-846e-4802-aed4-1c53b8342238)
2019-07-18 09:43:44.224 22705 RALLYDEBUG rally_openstack.cleanup.manager [-] Deleting neutron.port object s_rally_a4217724_pl2TSx6g (1dbfb085-3d69-4398-b92d-a339d82eec03)
2019-07-18 09:43:44.252 22705 RALLYDEBUG rally_openstack.cleanup.manager [-] Deleting neutron.port object s_rally_a4217724_1gymjlIL (1e068441-f4ed-4f49-add4-ac3aab3b502c)
2019-07-18 09:43:45.260 22705 RALLYDEBUG rally_openstack.cleanup.manager [-] Deleting neutron.port object s_rally_a4217724_FGzDiAtB (1ed7a091-cc5b-4d01-acb6-cf8e5d861bfb)
2019-07-18 09:43:45.485 22705 RALLYDEBUG rally_openstack.cleanup.manager [-] Deleting neutron.port object s_rally_a4217724_6lmZJn4J (1fbc8c8f-099a-4be6-96bb-ea4c598be791)
2019-07-18 09:43:45.510 22705 RALLYDEBUG rally_openstack.cleanup.manager [-] Deleting neutron.port object s_rally_a4217724_efd1MkHh (20f32e61-5d7b-4e1e-b25d-4e65b40a8386)
2019-07-18 09:43:46.166 22705 RALLYDEBUG rally_openstack.cleanup.manager [-] Deleting neutron.port object s_rally_a4217724_zpQ3nMhE (210899bb-86f3-4bf7-aca8-2705d555b212)
2019-07-18 09:43:46.229 22705 RALLYDEBUG rally_openstack.cleanup.manager [-] Deleting neutron.port object s_rally_a4217724_zruDRWX2 (217502ae-6a74-49a9-b6f8-190e8078c2f8)
2019-07-18 09:43:46.293 22705 RALLYDEBUG rally_openstack.cleanup.manager [-] Deleting neutron.port object s_rally_a4217724_Xa146P0C (22a6630b-4596-4be6-83fa-09330f6dd594)
2019-07-18 09:43:46.654 22705 RALLYDEBUG rally_openstack.cleanup.manager [-] Deleting neutron.port object s_rally_a4217724_o64hDzkt (22efd6ad-2943-41ed-ac0b-d39e0f25f605)
2019-07-18 09:43:46.673 22705 RALLYDEBUG rally_openstack.cleanup.manager [-] Deleting neutron.port object s_rally_a4217724_H3NBKcWh (2494a798-203a-49dd-836a-f38f2ba8429b)
2019-07-18 09:43:46.864 22705 RALLYDEBUG rally_openstack.cleanup.manager [-] Deleting neutron.port object s_rally_a4217724_sIwMpTnz (24cdf5a7-bbfd-476d-8bac-8be61d4e0277)
2019-07-18 09:43:47.239 22705 RALLYDEBUG rally_openstack.cleanup.manager [-] Deleting neutron.port object s_rally_a4217724_opagFQUu (2521687f-b73a-4552-bab9-1463ac205d91)
2019-07-18 09:43:47.243 22705 RALLYDEBUG rally_openstack.cleanup.manager [-] Deleting neutron.port object s_rally_a4217724_lc4JB2Iq (25b181f6-64c3-438d-b0c5-aa5370739baf)
2019-07-18 09:43:47.326 22705 RALLYDEBUG rally_openstack.cleanup.manager [-] Deleting neutron.port object s_rally_a4217724_Seooi2Sa (26f683c7-e482-4091-a30b-5db3d14682d5)
2019-07-18 09:43:47.330 22705 RALLYDEBUG rally_openstack.cleanup.manager [-] Deleting neutron.port object s_rally_a4217724_tL8zZz1s (276da3ad-ef6f-4485-922d-debc6d94adb9)
2019-07-18 09:43:47.353 22705 RALLYDEBUG rally_openstack.cleanup.manager [-] Deleting neutron.port object s_rally_a4217724_SHF90vY2 (299ee9c6-748d-4307-8baf-9dbaf2c820d9)
2019-07-18 09:43:47.403 22705 RALLYDEBUG rally_openstack.cleanup.manager [-] Deleting neutron.port object s_rally_a4217724_rOJRH9PB (2ce989f6-ae4a-4657-8434-a30c30753831)
2019-07-18 09:43:47.419 22705 RALLYDEBUG rally_openstack.cleanup.manager [-] Deleting neutron.port object s_rally_a4217724_9PsGXeNL (2cef5dce-8c0e-412b-90e3-cc62b2ff51c2)
2019-07-18 09:43:47.822 22705 RALLYDEBUG rally_openstack.cleanup.manager [-] Deleting neutron.port object s_rally_a4217724_PWCVLGbd (2e7dc0cf-4eab-49a2-bf84-65aec9815ce4)
2019-07-18 09:43:47.999 22705 RALLYDEBUG rally_openstack.cleanup.manager [-] Deleting neutron.port object s_rally_a4217724_dWiwWoTI (3215881c-0442-4294-9712-00d5950357a3)
2019-07-18 09:43:48.419 22705 RALLYDEBUG rally_openstack.cleanup.manager [-] Deleting neutron.port object s_rally_a4217724_4hhVjEXw (339df523-c178-4a09-a86c-970736e6db4c)
2019-07-18 09:43:48.427 22705 RALLYDEBUG rally_openstack.cleanup.manager [-] Deleting neutron.port object s_rally_a4217724_BgpAteGR (33cb0a32-23cb-4100-92f6-25c75cdb8775)
2019-07-18 09:43:48.677 22705 RALLYDEBUG rally_openstack.cleanup.manager [-] Deleting neutron.port object s_rally_a4217724_AomwCBVN (365f1f87-6d41-45c7-9aa4-526d4d473a3f)
2019-07-18 09:43:48.997 22705 RALLYDEBUG rally_openstack.cleanup.manager [-] Deleting neutron.port object s_rally_a4217724_rcA2pnDH (3b5a6e26-889c-4ee8-b206-42f672832229)
2019-07-18 09:43:49.061 22705 RALLYDEBUG rally_openstack.cleanup.manager [-] Deleting neutron.port object s_rally_a4217724_BjyahiBH (3d1064dc-7331-4e2b-b5cd-b3a58f80909f)
2019-07-18 09:43:49.061 22705 RALLYDEBUG rally_openstack.cleanup.manager [-] Deleting neutron.port object s_rally_a4217724_sd9Y1TpM (3d94264d-df5f-4119-a905-5feab5a90006)
2019-07-18 09:43:49.094 22705 RALLYDEBUG rally_openstack.cleanup.manager [-] Deleting neutron.port object s_rally_a4217724_EXGVtOgz (4274e4de-1e9f-40a4-9aaf-c5b440ebc182)
2019-07-18 09:43:49.253 22705 RALLYDEBUG rally_openstack.cleanup.manager [-] Deleting neutron.port object s_rally_a4217724_zgFcIDPk (43c227de-e530-4da0-a45d-00a3614e472c)
2019-07-18 09:43:49.276 22705 RALLYDEBUG rally_openstack.cleanup.manager [-] Deleting neutron.port object s_rally_a4217724_0YrtJFlu (4432d897-eae5-48e1-8997-b523d66f879d)
2019-07-18 09:43:49.304 22705 RALLYDEBUG rally_openstack.cleanup.manager [-] Deleting neutron.port object s_rally_a4217724_VLNKWUhf (44ca919b-d7c9-48a9-b00d-d07980f0ee91)
2019-07-18 09:43:49.304 22705 RALLYDEBUG rally_openstack.cleanup.manager [-] Deleting neutron.port object s_rally_a4217724_14HwkPyQ (4605baf5-01a9-48e1-b510-f8f6dd844caa)
2019-07-18 09:43:50.067 22705 RALLYDEBUG rally_openstack.cleanup.manager [-] Deleting neutron.port object s_rally_a4217724_7ZOID1N2 (475320b6-2581-4fa3-8b1b-243810f762f2)
2019-07-18 09:43:50.160 22705 RALLYDEBUG rally_openstack.cleanup.manager [-] Deleting neutron.port object s_rally_a4217724_tlAQJtGc (4856387a-9f63-4846-a6f9-d535dcc13fcc)
2019-07-18 09:43:50.367 22705 RALLYDEBUG rally_openstack.cleanup.manager [-] Deleting neutron.port object s_rally_a4217724_S1FyPQU2 (49a1ba9e-1de1-49c9-b856-d9a78570ad25)
2019-07-18 09:43:50.499 22705 RALLYDEBUG rally_openstack.cleanup.manager [-] Deleting neutron.port object s_rally_a4217724_QgWkhLw7 (4a4d3cbf-aed3-432c-b630-b6e2347762f9)
2019-07-18 09:43:50.501 22705 RALLYDEBUG rally_openstack.cleanup.manager [-] Deleting neutron.port object s_rally_a4217724_PsSPUouu (4c4791a2-ff48-4fac-805e-6c350991a4b4)
2019-07-18 09:43:50.744 22705 RALLYDEBUG rally_openstack.cleanup.manager [-] Deleting neutron.port object s_rally_a4217724_Qom902yu (4e0a5458-8440-4598-8cb2-2ad7e01563b7)
2019-07-18 09:43:50.868 22705 RALLYDEBUG rally_openstack.cleanup.manager [-] Deleting neutron.port object s_rally_a4217724_SlqBn4gY (4ecc23fd-d596-4162-904c-65c0c8c53488)
2019-07-18 09:43:50.871 22705 RALLYDEBUG rally_openstack.cleanup.manager [-] Deleting neutron.port object s_rally_a4217724_olXNpBTl (4e11e78a-794a-42e4-b13e-e2bfa8320852)
2019-07-18 09:43:51.022 22705 RALLYDEBUG rally_openstack.cleanup.manager [-] Deleting neutron.port object s_rally_a4217724_RqVUYqDd (515eb084-2e27-4669-bcbe-2f2f0cbff7b0)
2019-07-18 09:43:51.205 22705 RALLYDEBUG rally_openstack.cleanup.manager [-] Deleting neutron.port object s_rally_a4217724_JX39EEF4 (52503eb2-665e-4644-ac71-179cc7b2bc22)
2019-07-18 09:43:51.239 22705 RALLYDEBUG rally_openstack.cleanup.manager [-] Deleting neutron.port object s_rally_a4217724_isxIj1ji (539c9987-997a-47ee-a4c7-44af0c245443)
2019-07-18 09:43:51.340 22705 RALLYDEBUG rally_openstack.cleanup.manager [-] Deleting neutron.port object s_rally_a4217724_rEfyQrIp (544cb52a-7cbd-4fb4-a371-70beb08791df)
2019-07-18 09:43:51.702 22705 RALLYDEBUG rally_openstack.cleanup.manager [-] Deleting neutron.port object s_rally_a4217724_thkthkPg (57c1b19e-9b66-473e-8a05-6442774b00d8)
2019-07-18 09:43:51.702 22705 RALLYDEBUG rally_openstack.cleanup.manager [-] Deleting neutron.port object s_rally_a4217724_p4qVQ0ne (56fdcb2e-3cd1-4f82-94be-a3e82d0ddd0a)
2019-07-18 09:43:51.947 22705 RALLYDEBUG rally_openstack.cleanup.manager [-] Deleting neutron.port object s_rally_a4217724_AAxYAFmV (58673e7d-a674-4d2a-9e51-66b06a1d80e7)
2019-07-18 09:43:52.129 22705 RALLYDEBUG rally_openstack.cleanup.manager [-] Deleting neutron.port object s_rally_a4217724_0Ae1kbd9 (58acb75c-1a8f-46dc-98ee-9cf0b839f066)
2019-07-18 09:43:52.271 22705 RALLYDEBUG rally_openstack.cleanup.manager [-] Deleting neutron.port object s_rally_a4217724_6L7o0ZPL (58c40db8-b623-473a-a8dc-412794687f5c)
