2019-07-18 09:45:05.876 26973 WARNING rally_openstack.scenarios.neutron.utils [-] Running this scenario without either the 'network' or 'existing_network' context is deprecated
2019-07-18 09:45:06.345 26957 INFO rally.task.runner [-] Task d5913fc7-e684-443c-81dc-ad205e82ae7c | ITER: 25 END: OK
2019-07-18 09:45:06.349 26957 INFO rally.task.runner [-] Task d5913fc7-e684-443c-81dc-ad205e82ae7c | ITER: 40 START
2019-07-18 09:45:06.349 26957 WARNING rally_openstack.scenarios.neutron.utils [-] Running this scenario without either the 'network' or 'existing_network' context is deprecated
2019-07-18 09:45:07.440 26951 INFO rally.task.runner [-] Task d5913fc7-e684-443c-81dc-ad205e82ae7c | ITER: 24 END: OK
2019-07-18 09:45:12.991 26995 INFO rally.task.runner [-] Task d5913fc7-e684-443c-81dc-ad205e82ae7c | ITER: 29 END: OK
2019-07-18 09:45:14.687 26953 INFO rally.task.runner [-] Task d5913fc7-e684-443c-81dc-ad205e82ae7c | ITER: 33 END: OK
2019-07-18 09:45:14.885 26956 INFO rally.task.runner [-] Task d5913fc7-e684-443c-81dc-ad205e82ae7c | ITER: 28 END: OK
2019-07-18 09:45:15.036 26952 INFO rally.task.runner [-] Task d5913fc7-e684-443c-81dc-ad205e82ae7c | ITER: 5 END: OK
2019-07-18 09:45:15.068 26969 INFO rally.task.runner [-] Task d5913fc7-e684-443c-81dc-ad205e82ae7c | ITER: 12 END: OK
2019-07-18 09:45:15.636 26975 INFO rally.task.runner [-] Task d5913fc7-e684-443c-81dc-ad205e82ae7c | ITER: 37 END: OK
2019-07-18 09:45:15.797 26953 INFO rally.task.runner [-] Task d5913fc7-e684-443c-81dc-ad205e82ae7c | ITER: 32 END: OK
2019-07-18 09:45:15.823 26992 INFO rally.task.runner [-] Task d5913fc7-e684-443c-81dc-ad205e82ae7c | ITER: 18 END: OK
2019-07-18 09:45:15.839 26998 INFO rally.task.runner [-] Task d5913fc7-e684-443c-81dc-ad205e82ae7c | ITER: 20 END: OK
2019-07-18 09:45:16.532 26973 INFO rally.task.runner [-] Task d5913fc7-e684-443c-81dc-ad205e82ae7c | ITER: 39 END: OK
2019-07-18 09:45:16.753 26957 INFO rally.task.runner [-] Task d5913fc7-e684-443c-81dc-ad205e82ae7c | ITER: 40 END: OK
2019-07-18 09:45:17.595 26960 INFO rally.task.runner [-] Task d5913fc7-e684-443c-81dc-ad205e82ae7c | ITER: 34 END: OK
2019-07-18 09:45:17.959 26990 INFO rally.task.runner [-] Task d5913fc7-e684-443c-81dc-ad205e82ae7c | ITER: 26 END: OK
2019-07-18 09:45:18.286 26985 INFO rally.task.runner [-] Task d5913fc7-e684-443c-81dc-ad205e82ae7c | ITER: 27 END: OK
2019-07-18 09:45:18.432 26965 INFO rally.task.runner [-] Task d5913fc7-e684-443c-81dc-ad205e82ae7c | ITER: 31 END: OK
2019-07-18 09:45:20.483 26956 INFO rally.task.runner [-] Task d5913fc7-e684-443c-81dc-ad205e82ae7c | ITER: 30 END: OK
2019-07-18 09:45:21.076 26951 INFO rally.task.runner [-] Task d5913fc7-e684-443c-81dc-ad205e82ae7c | ITER: 35 END: OK
2019-07-18 09:45:21.384 26952 INFO rally.task.runner [-] Task d5913fc7-e684-443c-81dc-ad205e82ae7c | ITER: 36 END: OK
2019-07-18 09:45:21.475 26981 INFO rally.task.runner [-] Task d5913fc7-e684-443c-81dc-ad205e82ae7c | ITER: 38 END: OK
2019-07-18 09:45:21.497 22705 INFO rally.task.context [-] Task d5913fc7-e684-443c-81dc-ad205e82ae7c | Context cleanup@openstack cleanup() started
2019-07-18 09:45:21.499 22705 RALLYDEBUG rally_openstack.cleanup.manager [-] Cleaning up neutron vip objects
2019-07-18 09:45:22.200 22705 RALLYDEBUG rally_openstack.cleanup.manager [-] Cleaning up neutron health_monitor objects
2019-07-18 09:45:23.036 22705 RALLYDEBUG rally_openstack.cleanup.manager [-] Cleaning up neutron pool objects
2019-07-18 09:45:23.666 22705 RALLYDEBUG rally_openstack.cleanup.manager [-] Cleaning up neutron loadbalancer objects
2019-07-18 09:45:24.375 22705 RALLYDEBUG rally_openstack.cleanup.manager [-] Cleaning up neutron floatingip objects
2019-07-18 09:45:25.124 22705 RALLYDEBUG rally_openstack.cleanup.manager [-] Cleaning up neutron port objects
2019-07-18 09:45:25.809 22705 RALLYDEBUG rally_openstack.cleanup.manager [-] Cleaning up neutron subnet objects
2019-07-18 09:45:26.485 22705 RALLYDEBUG rally_openstack.cleanup.manager [-] Cleaning up neutron network objects
2019-07-18 09:45:27.341 22705 RALLYDEBUG rally_openstack.cleanup.manager [-] Deleting neutron.network object s_rally_4082dc1a_dhHzsFXA (0570853d-0080-4cfd-a778-c1efa930f6e2)
2019-07-18 09:45:27.342 22705 RALLYDEBUG rally_openstack.cleanup.manager [-] Deleting neutron.network object s_rally_4082dc1a_c60hNmUx (667fb1e4-52d8-48d7-8639-32aa8f925503)
2019-07-18 09:45:27.343 22705 RALLYDEBUG rally_openstack.cleanup.manager [-] Deleting neutron.network object s_rally_4082dc1a_v3ZcWVbn (200d4a2d-7d03-478c-a339-84a0a53d1e90)
2019-07-18 09:45:27.348 22705 RALLYDEBUG rally_openstack.cleanup.manager [-] Deleting neutron.network object s_rally_4082dc1a_CnTDxzI5 (22514d16-fa35-49a4-994e-b182c34df97e)
2019-07-18 09:45:27.348 22705 RALLYDEBUG rally_openstack.cleanup.manager [-] Deleting neutron.network object s_rally_4082dc1a_uFSWgUOJ (7b7aa587-19ff-41b7-93f1-84aaa83debfd)
2019-07-18 09:45:27.354 22705 RALLYDEBUG rally_openstack.cleanup.manager [-] Deleting neutron.network object s_rally_4082dc1a_6VQ36ZYC (1ede8511-1103-4c9f-bfdf-3da1b34fd70b)
2019-07-18 09:45:27.359 22705 RALLYDEBUG rally_openstack.cleanup.manager [-] Deleting neutron.network object s_rally_4082dc1a_a5NsbkCP (5b408f8f-cf27-4a46-982a-12df5aa0aa7f)
2019-07-18 09:45:27.364 22705 RALLYDEBUG rally_openstack.cleanup.manager [-] Deleting neutron.network object s_rally_4082dc1a_1Z1SPXHq (7cb4d479-1307-42b2-be99-8a9853bd1cea)
2019-07-18 09:45:27.364 22705 RALLYDEBUG rally_openstack.cleanup.manager [-] Deleting neutron.network object s_rally_4082dc1a_Jk2jVeD2 (4f510a9b-6810-420a-ae4a-d7067bc04fa0)
2019-07-18 09:45:27.367 22705 RALLYDEBUG rally_openstack.cleanup.manager [-] Deleting neutron.network object s_rally_4082dc1a_qKk1cZgN (7be7b61b-a680-4e6c-a45f-ffafd319bd63)
2019-07-18 09:45:27.368 22705 RALLYDEBUG rally_openstack.cleanup.manager [-] Deleting neutron.network object s_rally_4082dc1a_DFcVWrCW (0a3b3c39-f598-49cd-847d-9a1c0686d369)
2019-07-18 09:45:27.369 22705 RALLYDEBUG rally_openstack.cleanup.manager [-] Deleting neutron.network object s_rally_4082dc1a_9otVs02i (4a5b1450-51bd-47f4-b5e7-566640e352df)
2019-07-18 09:45:27.370 22705 RALLYDEBUG rally_openstack.cleanup.manager [-] Deleting neutron.network object s_rally_4082dc1a_XIBKmuna (33b061a6-61ed-48d1-881a-eaa12d8777da)
2019-07-18 09:45:27.375 22705 RALLYDEBUG rally_openstack.cleanup.manager [-] Deleting neutron.network object s_rally_4082dc1a_iORoEdyd (7ddec171-c425-477b-8394-088bff517842)
2019-07-18 09:45:27.379 22705 RALLYDEBUG rally_openstack.cleanup.manager [-] Deleting neutron.network object s_rally_4082dc1a_LQBrEChr (7ef0f63c-53d3-4b40-94e8-1c378fb8e991)
2019-07-18 09:45:27.386 22705 RALLYDEBUG rally_openstack.cleanup.manager [-] Deleting neutron.network object s_rally_4082dc1a_j8Mk8KcQ (151c1ebd-20ec-4698-8d5b-0b076a0083d6)
2019-07-18 09:45:27.387 22705 RALLYDEBUG rally_openstack.cleanup.manager [-] Deleting neutron.network object s_rally_4082dc1a_55dVOQsR (2aebd08f-183a-4cfe-bc04-04d3d757fc37)
2019-07-18 09:45:27.395 22705 RALLYDEBUG rally_openstack.cleanup.manager [-] Deleting neutron.network object s_rally_4082dc1a_mnT3fJBA (17b8a584-31fc-430d-bfcc-21c8a8c894ce)
2019-07-18 09:45:27.402 22705 RALLYDEBUG rally_openstack.cleanup.manager [-] Deleting neutron.network object s_rally_4082dc1a_oP7noAXy (7fb6c4be-9bde-4779-bb44-97e4f0172a48)
2019-07-18 09:45:27.419 22705 RALLYDEBUG rally_openstack.cleanup.manager [-] Deleting neutron.network object s_rally_4082dc1a_PZpx6cFA (86ac37de-0696-48fc-8882-ccde6c71504c)
2019-07-18 09:45:30.335 22705 RALLYDEBUG rally_openstack.cleanup.manager [-] Deleting neutron.network object s_rally_4082dc1a_7sG4V5lm (8e2318c3-f918-4611-824e-4b7198b09fb7)
2019-07-18 09:45:30.543 22705 RALLYDEBUG rally_openstack.cleanup.manager [-] Deleting neutron.network object s_rally_4082dc1a_wkAf2Atr (910c30a0-5296-4030-9649-c39cfa5cd89a)
2019-07-18 09:45:30.551 22705 RALLYDEBUG rally_openstack.cleanup.manager [-] Deleting neutron.network object s_rally_4082dc1a_58NodVhH (94cdca68-d7ac-423e-a2e2-94c8687eb5a0)
2019-07-18 09:45:30.758 22705 RALLYDEBUG rally_openstack.cleanup.manager [-] Deleting neutron.network object s_rally_4082dc1a_AH5xMpbC (9eb538a1-b6ef-4988-b7fc-56468e74ba95)
2019-07-18 09:45:30.773 22705 RALLYDEBUG rally_openstack.cleanup.manager [-] Deleting neutron.network object s_rally_4082dc1a_2wnSJDrq (a3c66078-8462-4ced-ae3d-d33004620f1c)
2019-07-18 09:45:30.783 22705 RALLYDEBUG rally_openstack.cleanup.manager [-] Deleting neutron.network object s_rally_4082dc1a_7iDbOly1 (a74e50fc-3942-441a-b76d-48f6013bf1ad)
2019-07-18 09:45:31.042 22705 RALLYDEBUG rally_openstack.cleanup.manager [-] Deleting neutron.network object s_rally_4082dc1a_EhtlWcRl (b0cfcb11-b99c-4afd-8995-699d8a32b94c)
2019-07-18 09:45:31.150 22705 RALLYDEBUG rally_openstack.cleanup.manager [-] Deleting neutron.network object s_rally_4082dc1a_H0YFPXa6 (b70a0987-88a7-4e65-abed-39dd8b3f34b1)
2019-07-18 09:45:31.670 22705 RALLYDEBUG rally_openstack.cleanup.manager [-] Deleting neutron.network object s_rally_4082dc1a_0X7KVsIR (b76ec903-7cc5-4f73-92d1-b74a70722250)
2019-07-18 09:45:31.681 22705 RALLYDEBUG rally_openstack.cleanup.manager [-] Deleting neutron.network object s_rally_4082dc1a_tbk1stk9 (b8cfc04a-9ab5-408f-85a8-3b689b964776)
2019-07-18 09:45:32.226 22705 RALLYDEBUG rally_openstack.cleanup.manager [-] Deleting neutron.network object s_rally_4082dc1a_4tFfjdkY (bed2dad6-75fc-447b-862e-16d15e4eadca)
2019-07-18 09:45:32.440 22705 RALLYDEBUG rally_openstack.cleanup.manager [-] Deleting neutron.network object s_rally_4082dc1a_TsSW2uca (c09da461-30d0-4130-a13e-8306f017ae9c)
2019-07-18 09:45:32.855 22705 RALLYDEBUG rally_openstack.cleanup.manager [-] Deleting neutron.network object s_rally_4082dc1a_eqYQmxRD (cfbb5cde-5759-4586-9811-17be22112ae2)
2019-07-18 09:45:33.135 22705 RALLYDEBUG rally_openstack.cleanup.manager [-] Deleting neutron.network object s_rally_4082dc1a_GJergtBy (d21df9d6-ac69-412b-b574-aad6553b3851)
2019-07-18 09:45:33.278 22705 RALLYDEBUG rally_openstack.cleanup.manager [-] Deleting neutron.network object s_rally_4082dc1a_H15mNxdo (de6d1ea3-0191-41ca-9d52-c6ec6b61441f)
2019-07-18 09:45:33.289 22705 RALLYDEBUG rally_openstack.cleanup.manager [-] Deleting neutron.network object s_rally_4082dc1a_sY2eAdTn (e30e99ff-5c68-40b6-92fb-f706041d9350)
2019-07-18 09:45:33.471 22705 RALLYDEBUG rally_openstack.cleanup.manager [-] Deleting neutron.network object s_rally_4082dc1a_kboCvDGU (e4e503c0-6546-4df5-a1b8-c779f46f4302)
2019-07-18 09:45:33.561 22705 RALLYDEBUG rally_openstack.cleanup.manager [-] Deleting neutron.network object s_rally_4082dc1a_qn2jrrez (f423efa7-76ac-437d-b522-e9fbd478a9bd)
2019-07-18 09:45:34.094 22705 RALLYDEBUG rally_openstack.cleanup.manager [-] Deleting neutron.network object s_rally_4082dc1a_8zeDfVVj (f72959ad-adfc-45ae-bbf0-6028927d1027)
2019-07-18 09:45:34.154 22705 RALLYDEBUG rally_openstack.cleanup.manager [-] Deleting neutron.network object s_rally_4082dc1a_FjwnkHhf (ff7e9ab6-41ee-4e3a-9af1-17c76a93a2cf)
2019-07-18 09:45:37.169 22705 RALLYDEBUG rally_openstack.cleanup.manager [-] Cleaning up neutron router objects
2019-07-18 09:45:37.839 22705 RALLYDEBUG rally_openstack.cleanup.manager [-] Cleaning up neutron security_group objects
2019-07-18 09:45:38.556 22705 INFO rally.task.context [-] Task d5913fc7-e684-443c-81dc-ad205e82ae7c | Context cleanup@openstack cleanup() finished in 17.06 sec
2019-07-18 09:45:38.557 22705 INFO rally.task.context [-] Task d5913fc7-e684-443c-81dc-ad205e82ae7c | Context quotas@openstack cleanup() started
2019-07-18 09:45:38.593 22705 INFO rally.task.context [-] Task d5913fc7-e684-443c-81dc-ad205e82ae7c | Context quotas@openstack cleanup() finished in 36.24 msec
2019-07-18 09:45:38.593 22705 INFO rally.task.context [-] Task d5913fc7-e684-443c-81dc-ad205e82ae7c | Context users@openstack cleanup() started
2019-07-18 09:45:43.215 22705 INFO rally.task.context [-] Task d5913fc7-e684-443c-81dc-ad205e82ae7c | Context users@openstack cleanup() finished in 4.62 sec
2019-07-18 09:45:43.978 22705 INFO rally.task.engine [-] Load duration is: 42.899016
2019-07-18 09:45:43.979 22705 INFO rally.task.engine [-] Full runner duration is: 42.938097
2019-07-18 09:45:43.979 22705 INFO rally.task.engine [-] Full duration is: 69.499902
2019-07-18 09:45:44.288 22705 INFO rally.task.engine [-] Running workload: position = 0 config = { "version": 2, "title": "A cropped version of a bigger task.", "description": "Auto-generated task from a single workload (uuid=f04bb36c-4143-492b-8623-26dcb016ad95)", "subtasks": [ { "title": "Quotas.neutron_update", "description": "Update quotas for neutron.", "scenario": { "Quotas.neutron_update": { "max_quota": 1024 } }, "contexts": { "users": { "tenants": 20, "users_per_tenant": 1 } }, "runner": { "constant": { "times": 40, "concurrency": 20 } }, "hooks": [], "sla": { "failure_rate": { "max": 0 } } } ] }
2019-07-18 09:45:44.313 22705 RALLYDEBUG rally_openstack.contexts.keystone.users [-] Creating 20 tenants using 20 threads
2019-07-18 09:45:48.329 22705 RALLYDEBUG rally_openstack.contexts.keystone.users [-] Creating 20 users using 20 threads
2019-07-18 09:45:53.726 22705 INFO rally.task.context [-] Task d5913fc7-e684-443c-81dc-ad205e82ae7c | Context users@openstack setup() finished in 9.41 sec
2019-07-18 09:45:53.727 22705 INFO rally.task.context [-] Task d5913fc7-e684-443c-81dc-ad205e82ae7c | Context admin_cleanup@openstack setup() finished in 0.05 msec
2019-07-18 09:45:53.735 22705 RALLYDEBUG rally.task.runner [-] Starting the constant runner (task UUID: d5913fc7-e684-443c-81dc-ad205e82ae7c). timeout: 0 concurrency: 20 concurrency_per_worker: 1 times: 40 concurrency_overhead: 4 processes_to_start: 16 max_cpu_used: 16
2019-07-18 09:45:53.746 27321 RALLYDEBUG rally.task.runner [-] Starting a worker. concurrency: 2 args: {"max_quota": 1024} times: 40 method_name: run timeout: 0 duration: None cls:
2019-07-18 09:45:53.751 27322 RALLYDEBUG rally.task.runner [-] Starting a worker. concurrency: 2 args: {"max_quota": 1024} times: 40 method_name: run timeout: 0 duration: None cls:
2019-07-18 09:45:53.753 27321 INFO rally.task.runner [-] Task d5913fc7-e684-443c-81dc-ad205e82ae7c | ITER: 1 START
2019-07-18 09:45:53.754 27323 RALLYDEBUG rally.task.runner [-] Starting a worker. concurrency: 2 args: {"max_quota": 1024} times: 40 method_name: run timeout: 0 duration: None cls:
2019-07-18 09:45:53.757 27324 RALLYDEBUG rally.task.runner [-] Starting a worker. concurrency: 2 args: {"max_quota": 1024} times: 40 method_name: run timeout: 0 duration: None cls:
2019-07-18 09:45:53.761 27327 RALLYDEBUG rally.task.runner [-] Starting a worker. concurrency: 1 args: {"max_quota": 1024} times: 40 method_name: run timeout: 0 duration: None cls:
2019-07-18 09:45:53.764 27322 INFO rally.task.runner [-] Task d5913fc7-e684-443c-81dc-ad205e82ae7c | ITER: 3 START
2019-07-18 09:45:53.766 27328 RALLYDEBUG rally.task.runner [-] Starting a worker. concurrency: 1 args: {"max_quota": 1024} times: 40 method_name: run timeout: 0 duration: None cls:
2019-07-18 09:45:53.768 27323 INFO rally.task.runner [-] Task d5913fc7-e684-443c-81dc-ad205e82ae7c | ITER: 4 START
2019-07-18 09:45:53.770 27321 INFO rally.task.runner [-] Task d5913fc7-e684-443c-81dc-ad205e82ae7c | ITER: 2 START
2019-07-18 09:45:53.771 27327 INFO rally.task.runner [-] Task d5913fc7-e684-443c-81dc-ad205e82ae7c | ITER: 7 START
2019-07-18 09:45:53.774 27324 INFO rally.task.runner [-] Task d5913fc7-e684-443c-81dc-ad205e82ae7c | ITER: 5 START
2019-07-18 09:45:53.776 27328 INFO rally.task.runner [-] Task d5913fc7-e684-443c-81dc-ad205e82ae7c | ITER: 10 START
2019-07-18 09:45:53.774 27322 INFO rally.task.runner [-] Task d5913fc7-e684-443c-81dc-ad205e82ae7c | ITER: 6 START
2019-07-18 09:45:53.776 27334 RALLYDEBUG rally.task.runner [-] Starting a worker. concurrency: 1 args: {"max_quota": 1024} times: 40 method_name: run timeout: 0 duration: None cls:
2019-07-18 09:45:53.781 27323 INFO rally.task.runner [-] Task d5913fc7-e684-443c-81dc-ad205e82ae7c | ITER: 8 START
2019-07-18 09:45:53.781 27324 INFO rally.task.runner [-] Task d5913fc7-e684-443c-81dc-ad205e82ae7c | ITER: 9 START
2019-07-18 09:45:53.783 27343 RALLYDEBUG rally.task.runner [-] Starting a worker. concurrency: 1 args: {"max_quota": 1024} times: 40 method_name: run timeout: 0 duration: None cls:
2019-07-18 09:45:53.788 27334 INFO rally.task.runner [-] Task d5913fc7-e684-443c-81dc-ad205e82ae7c | ITER: 11 START
2019-07-18 09:45:53.789 27345 RALLYDEBUG rally.task.runner [-] Starting a worker. concurrency: 1 args: {"max_quota": 1024} times: 40 method_name: run timeout: 0 duration: None cls:
2019-07-18 09:45:53.793 27343 INFO rally.task.runner [-] Task d5913fc7-e684-443c-81dc-ad205e82ae7c | ITER: 12 START
2019-07-18 09:45:53.795 27345 INFO rally.task.runner [-] Task d5913fc7-e684-443c-81dc-ad205e82ae7c | ITER: 13 START
2019-07-18 09:45:53.798 27350 RALLYDEBUG rally.task.runner [-] Starting a worker. concurrency: 1 args: {"max_quota": 1024} times: 40 method_name: run timeout: 0 duration: None cls:
2019-07-18 09:45:53.803 27350 INFO rally.task.runner [-] Task d5913fc7-e684-443c-81dc-ad205e82ae7c | ITER: 14 START
2019-07-18 09:45:53.804 27353 RALLYDEBUG rally.task.runner [-] Starting a worker. concurrency: 1 args: {"max_quota": 1024} times: 40 method_name: run timeout: 0 duration: None cls:
2019-07-18 09:45:53.810 27354 RALLYDEBUG rally.task.runner [-] Starting a worker. concurrency: 1 args: {"max_quota": 1024} times: 40 method_name: run timeout: 0 duration: None cls:
2019-07-18 09:45:53.813 27357 RALLYDEBUG rally.task.runner [-] Starting a worker. concurrency: 1 args: {"max_quota": 1024} times: 40 method_name: run timeout: 0 duration: None cls:
2019-07-18 09:45:53.814 27353 INFO rally.task.runner [-] Task d5913fc7-e684-443c-81dc-ad205e82ae7c | ITER: 15 START
2019-07-18 09:45:53.814 27358 RALLYDEBUG rally.task.runner [-] Starting a worker. concurrency: 1 args: {"max_quota": 1024} times: 40 method_name: run timeout: 0 duration: None cls:
2019-07-18 09:45:53.819 27360 RALLYDEBUG rally.task.runner [-] Starting a worker. concurrency: 1 args: {"max_quota": 1024} times: 40 method_name: run timeout: 0 duration: None cls:
2019-07-18 09:45:53.820 27357 INFO rally.task.runner [-] Task d5913fc7-e684-443c-81dc-ad205e82ae7c | ITER: 17 START
2019-07-18 09:45:53.820 27354 INFO rally.task.runner [-] Task d5913fc7-e684-443c-81dc-ad205e82ae7c | ITER: 16 START
2019-07-18 09:45:53.822 27358 INFO rally.task.runner [-] Task d5913fc7-e684-443c-81dc-ad205e82ae7c | ITER: 18 START
2019-07-18 09:45:53.825 27360 INFO rally.task.runner [-] Task d5913fc7-e684-443c-81dc-ad205e82ae7c | ITER: 19 START
2019-07-18 09:45:53.827 27367 RALLYDEBUG rally.task.runner [-] Starting a worker. concurrency: 1 args: {"max_quota": 1024} times: 40 method_name: run timeout: 0 duration: None cls:
2019-07-18 09:45:53.833 27367 INFO rally.task.runner [-] Task d5913fc7-e684-443c-81dc-ad205e82ae7c | ITER: 20 START
2019-07-18 09:45:55.208 27321 INFO rally.task.runner [-] Task d5913fc7-e684-443c-81dc-ad205e82ae7c | ITER: 1 END: OK
2019-07-18 09:45:55.216 27321 INFO rally.task.runner [-] Task d5913fc7-e684-443c-81dc-ad205e82ae7c | ITER: 21 START
2019-07-18 09:45:55.242 27328 INFO rally.task.runner [-] Task d5913fc7-e684-443c-81dc-ad205e82ae7c | ITER: 10 END: OK
2019-07-18 09:45:55.244 27324 INFO rally.task.runner [-] Task d5913fc7-e684-443c-81dc-ad205e82ae7c | ITER: 5 END: OK
2019-07-18 09:45:55.249 27328 INFO rally.task.runner [-] Task d5913fc7-e684-443c-81dc-ad205e82ae7c | ITER: 22 START
2019-07-18 09:45:55.250 27322 INFO rally.task.runner [-] Task d5913fc7-e684-443c-81dc-ad205e82ae7c | ITER: 6 END: OK
2019-07-18 09:45:55.251 27324 INFO rally.task.runner [-] Task d5913fc7-e684-443c-81dc-ad205e82ae7c | ITER: 23 START
2019-07-18 09:45:55.259 27322 INFO rally.task.runner [-] Task d5913fc7-e684-443c-81dc-ad205e82ae7c | ITER: 24 START
2019-07-18 09:45:55.260 27323 INFO rally.task.runner [-] Task d5913fc7-e684-443c-81dc-ad205e82ae7c | ITER: 8 END: OK
2019-07-18 09:45:55.266 27323 INFO rally.task.runner [-] Task d5913fc7-e684-443c-81dc-ad205e82ae7c | ITER: 25 START
2019-07-18 09:45:55.273 27321 INFO rally.task.runner [-] Task d5913fc7-e684-443c-81dc-ad205e82ae7c | ITER: 2 END: OK
2019-07-18 09:45:55.276 27323 INFO rally.task.runner [-] Task d5913fc7-e684-443c-81dc-ad205e82ae7c | ITER: 4 END: OK
2019-07-18 09:45:55.277 27321 INFO rally.task.runner [-] Task d5913fc7-e684-443c-81dc-ad205e82ae7c | ITER: 26 START
2019-07-18 09:45:55.286 27323 INFO rally.task.runner [-] Task d5913fc7-e684-443c-81dc-ad205e82ae7c | ITER: 27 START
2019-07-18 09:45:55.328 27322 INFO rally.task.runner [-] Task d5913fc7-e684-443c-81dc-ad205e82ae7c | ITER: 3 END: OK
2019-07-18 09:45:55.333 27322 INFO rally.task.runner [-] Task d5913fc7-e684-443c-81dc-ad205e82ae7c | ITER: 28 START
2019-07-18 09:45:55.346 27334 INFO rally.task.runner [-] Task d5913fc7-e684-443c-81dc-ad205e82ae7c | ITER: 11 END: OK
2019-07-18 09:45:55.353 27334 INFO rally.task.runner [-] Task d5913fc7-e684-443c-81dc-ad205e82ae7c | ITER: 29 START
2019-07-18 09:45:55.406 27327 INFO rally.task.runner [-] Task d5913fc7-e684-443c-81dc-ad205e82ae7c | ITER: 7 END: OK
2019-07-18 09:45:55.411 27327 INFO rally.task.runner [-] Task d5913fc7-e684-443c-81dc-ad205e82ae7c | ITER: 30 START
2019-07-18 09:45:55.419 27343 INFO rally.task.runner [-] Task d5913fc7-e684-443c-81dc-ad205e82ae7c | ITER: 12 END: OK
2019-07-18 09:45:55.426 27343 INFO rally.task.runner [-] Task d5913fc7-e684-443c-81dc-ad205e82ae7c | ITER: 31 START
2019-07-18 09:45:55.462 27324 INFO rally.task.runner [-] Task d5913fc7-e684-443c-81dc-ad205e82ae7c | ITER: 9 END: OK
2019-07-18 09:45:55.468 27324 INFO rally.task.runner [-] Task d5913fc7-e684-443c-81dc-ad205e82ae7c | ITER: 32 START
2019-07-18 09:45:55.697 27354 INFO rally.task.runner [-] Task d5913fc7-e684-443c-81dc-ad205e82ae7c | ITER: 16 END: OK
2019-07-18 09:45:55.702 27350 INFO rally.task.runner [-] Task d5913fc7-e684-443c-81dc-ad205e82ae7c | ITER: 14 END: OK
2019-07-18 09:45:55.702 27345 INFO rally.task.runner [-] Task d5913fc7-e684-443c-81dc-ad205e82ae7c | ITER: 13 END: OK
2019-07-18 09:45:55.704 27354 INFO rally.task.runner [-] Task d5913fc7-e684-443c-81dc-ad205e82ae7c | ITER: 33 START
2019-07-18 09:45:55.708 27345 INFO rally.task.runner [-] Task d5913fc7-e684-443c-81dc-ad205e82ae7c | ITER: 35 START
2019-07-18 09:45:55.709 27350 INFO rally.task.runner [-] Task d5913fc7-e684-443c-81dc-ad205e82ae7c | ITER: 34 START
2019-07-18 09:45:55.729 27360 INFO rally.task.runner [-] Task d5913fc7-e684-443c-81dc-ad205e82ae7c | ITER: 19 END: OK
2019-07-18 09:45:55.738 27360 INFO rally.task.runner [-] Task d5913fc7-e684-443c-81dc-ad205e82ae7c | ITER: 36 START
2019-07-18 09:45:55.761 27357 INFO rally.task.runner [-] Task d5913fc7-e684-443c-81dc-ad205e82ae7c | ITER: 17 END: OK
2019-07-18 09:45:55.763 27353 INFO rally.task.runner [-] Task d5913fc7-e684-443c-81dc-ad205e82ae7c | ITER: 15 END: OK
2019-07-18 09:45:55.765 27367 INFO rally.task.runner [-] Task d5913fc7-e684-443c-81dc-ad205e82ae7c | ITER: 20 END: OK
2019-07-18 09:45:55.767 27357 INFO rally.task.runner [-] Task d5913fc7-e684-443c-81dc-ad205e82ae7c | ITER: 37 START
2019-07-18 09:45:55.769 27353 INFO rally.task.runner [-] Task d5913fc7-e684-443c-81dc-ad205e82ae7c | ITER: 38 START
2019-07-18 09:45:55.771 27367 INFO rally.task.runner [-] Task d5913fc7-e684-443c-81dc-ad205e82ae7c | ITER: 39 START
2019-07-18 09:45:55.782 27358 INFO rally.task.runner [-] Task d5913fc7-e684-443c-81dc-ad205e82ae7c | ITER: 18 END: OK
2019-07-18 09:45:55.787 27358 INFO rally.task.runner [-] Task d5913fc7-e684-443c-81dc-ad205e82ae7c | ITER: 40 START
2019-07-18 09:45:56.603 27321 INFO rally.task.runner [-] Task d5913fc7-e684-443c-81dc-ad205e82ae7c | ITER: 21 END: OK
2019-07-18 09:45:56.672 27324 INFO rally.task.runner [-] Task d5913fc7-e684-443c-81dc-ad205e82ae7c | ITER: 23 END: OK
2019-07-18 09:45:56.694 27321 INFO rally.task.runner [-] Task d5913fc7-e684-443c-81dc-ad205e82ae7c | ITER: 26 END: OK
2019-07-18 09:45:56.757 27328 INFO rally.task.runner [-] Task d5913fc7-e684-443c-81dc-ad205e82ae7c | ITER: 22 END: OK
2019-07-18 09:45:56.804 27322 INFO rally.task.runner [-] Task d5913fc7-e684-443c-81dc-ad205e82ae7c | ITER: 28 END: OK
2019-07-18 09:45:56.807 27322 INFO rally.task.runner [-] Task d5913fc7-e684-443c-81dc-ad205e82ae7c | ITER: 24 END: OK
2019-07-18 09:45:56.815 27327 INFO rally.task.runner [-] Task d5913fc7-e684-443c-81dc-ad205e82ae7c | ITER: 30 END: OK
2019-07-18 09:45:56.824 27323 INFO rally.task.runner [-] Task d5913fc7-e684-443c-81dc-ad205e82ae7c | ITER: 27 END: OK
2019-07-18 09:45:56.839 27334 INFO rally.task.runner [-] Task d5913fc7-e684-443c-81dc-ad205e82ae7c | ITER: 29 END: OK
2019-07-18 09:45:56.850 27323 INFO rally.task.runner [-] Task d5913fc7-e684-443c-81dc-ad205e82ae7c | ITER: 25 END: OK
2019-07-18 09:45:56.928 27343 INFO rally.task.runner [-] Task d5913fc7-e684-443c-81dc-ad205e82ae7c | ITER: 31 END: OK
2019-07-18 09:45:57.018 27354 INFO rally.task.runner [-] Task d5913fc7-e684-443c-81dc-ad205e82ae7c | ITER: 33 END: OK
2019-07-18 09:45:57.023 27350 INFO rally.task.runner [-] Task d5913fc7-e684-443c-81dc-ad205e82ae7c | ITER: 34 END: OK
2019-07-18 09:45:57.041 27353 INFO rally.task.runner [-] Task d5913fc7-e684-443c-81dc-ad205e82ae7c | ITER: 38 END: OK
2019-07-18 09:45:57.042 27324 INFO rally.task.runner [-] Task d5913fc7-e684-443c-81dc-ad205e82ae7c | ITER: 32 END: OK
2019-07-18 09:45:57.060 27360 INFO rally.task.runner [-] Task d5913fc7-e684-443c-81dc-ad205e82ae7c | ITER: 36 END: OK
2019-07-18 09:45:57.060 27345 INFO rally.task.runner [-] Task d5913fc7-e684-443c-81dc-ad205e82ae7c | ITER: 35 END: OK
2019-07-18 09:45:57.120 27358 INFO rally.task.runner [-] Task d5913fc7-e684-443c-81dc-ad205e82ae7c | ITER: 40 END: OK
2019-07-18 09:45:57.156 27357 INFO rally.task.runner [-] Task d5913fc7-e684-443c-81dc-ad205e82ae7c | ITER: 37 END: OK
2019-07-18 09:45:57.169 27367 INFO rally.task.runner [-] Task d5913fc7-e684-443c-81dc-ad205e82ae7c | ITER: 39 END: OK
2019-07-18 09:45:57.192 22705 INFO rally.task.context [-] Task d5913fc7-e684-443c-81dc-ad205e82ae7c | Context admin_cleanup@openstack cleanup() started
2019-07-18 09:45:57.195 22705 RALLYDEBUG rally_openstack.cleanup.manager [-] Cleaning up neutron quota objects
2019-07-18 09:46:00.784 22705 INFO rally.task.context [-] Task d5913fc7-e684-443c-81dc-ad205e82ae7c | Context admin_cleanup@openstack cleanup() finished in 3.59 sec
2019-07-18 09:46:00.785 22705 INFO rally.task.context [-] Task d5913fc7-e684-443c-81dc-ad205e82ae7c | Context users@openstack cleanup() started
2019-07-18 09:46:29.223 22705 INFO rally.task.context [-] Task d5913fc7-e684-443c-81dc-ad205e82ae7c | Context users@openstack cleanup() finished in 28.44 sec
2019-07-18 09:46:30.563 22705 INFO rally.task.engine [-] Load duration is: 3.411459
2019-07-18 09:46:30.564 22705 INFO rally.task.engine [-] Full runner duration is: 3.458601
2019-07-18 09:46:30.564 22705 INFO rally.task.engine [-] Full duration is: 44.912214
2019-07-18 09:46:30.755 22705 INFO rally.task.engine [-] Running workload: position = 0 config = { "version": 2, "title": "A cropped version of a bigger task.", "description": "Auto-generated task from a single workload (uuid=08adf304-95a2-497e-ac4a-6827afbd5be2)", "subtasks": [ { "title": "NeutronTrunks.create_and_list_trunk_subports", "description": "", "scenario": { "NeutronTrunks.create_and_list_trunk_subports": { "subport_count": 125 } }, "contexts": { "users": { "tenants": 1, "users_per_tenant": 1 }, "quotas": { "neutron": { "network": -1, "port": 1000 } } }, "runner": { "constant": { "times": 4, "concurrency": 4 } }, "hooks": [], "sla": { "failure_rate": { "max": 0 } } } ] }
2019-07-18 09:46:30.775 22705 RALLYDEBUG rally_openstack.contexts.keystone.users [-] Creating 1 tenants using 20 threads
2019-07-18 09:46:32.624 22705 RALLYDEBUG rally_openstack.contexts.keystone.users [-] Creating 1 users using 20 threads
2019-07-18 09:46:34.955 22705 INFO rally.task.context [-] Task d5913fc7-e684-443c-81dc-ad205e82ae7c | Context users@openstack setup() finished in 4.18 sec
2019-07-18 09:46:35.698 22705 INFO rally.task.context [-] Task d5913fc7-e684-443c-81dc-ad205e82ae7c | Context quotas@openstack setup() finished in 0.74 sec
2019-07-18 09:46:35.699 22705 INFO rally.task.context [-] Task d5913fc7-e684-443c-81dc-ad205e82ae7c | Context cleanup@openstack setup() finished in 0.01 msec
2019-07-18 09:46:35.706 22705 RALLYDEBUG rally.task.runner [-] Starting the constant runner (task UUID: d5913fc7-e684-443c-81dc-ad205e82ae7c). timeout: 0 concurrency: 4 concurrency_per_worker: 1 times: 4 concurrency_overhead: 0 processes_to_start: 4 max_cpu_used: 16
2019-07-18 09:46:35.717 27511 RALLYDEBUG rally.task.runner [-] Starting a worker. concurrency: 1 args: {"subport_count": 125} times: 4 method_name: run timeout: 0 duration: None cls:
2019-07-18 09:46:35.721 27511 INFO rally.task.runner [-] Task d5913fc7-e684-443c-81dc-ad205e82ae7c | ITER: 1 START
2019-07-18 09:46:35.724 27513 RALLYDEBUG rally.task.runner [-] Starting a worker. concurrency: 1 args: {"subport_count": 125} times: 4 method_name: run timeout: 0 duration: None cls:
2019-07-18 09:46:35.724 27512 RALLYDEBUG rally.task.runner [-] Starting a worker. concurrency: 1 args: {"subport_count": 125} times: 4 method_name: run timeout: 0 duration: None cls:
2019-07-18 09:46:35.728 27513 INFO rally.task.runner [-] Task d5913fc7-e684-443c-81dc-ad205e82ae7c | ITER: 2 START
2019-07-18 09:46:35.728 27516 RALLYDEBUG rally.task.runner [-] Starting a worker. concurrency: 1 args: {"subport_count": 125} times: 4 method_name: run timeout: 0 duration: None cls:
2019-07-18 09:46:35.729 27512 INFO rally.task.runner [-] Task d5913fc7-e684-443c-81dc-ad205e82ae7c | ITER: 3 START
2019-07-18 09:46:35.733 27516 INFO rally.task.runner [-] Task d5913fc7-e684-443c-81dc-ad205e82ae7c | ITER: 4 START
2019-07-18 09:49:06.691 27516 WARNING rally.task.atomic [-] 'optional_action_timer' is deprecated since rally v0.10.0.Please use action_timer instead, we have improved atomic actions, now do not need to explicitly close original action.
2019-07-18 09:49:06.723 27516 WARNING rally.task.atomic [-] 'optional_action_timer' is deprecated since rally v0.10.0.Please use action_timer instead, we have improved atomic actions, now do not need to explicitly close original action.
2019-07-18 09:49:06.754 27512 WARNING rally.task.atomic [-] 'optional_action_timer' is deprecated since rally v0.10.0.Please use action_timer instead, we have improved atomic actions, now do not need to explicitly close original action.
2019-07-18 09:49:06.786 27512 WARNING rally.task.atomic [-] 'optional_action_timer' is deprecated since rally v0.10.0.Please use action_timer instead, we have improved atomic actions, now do not need to explicitly close original action.
2019-07-18 09:49:07.499 27511 WARNING rally.task.atomic [-] 'optional_action_timer' is deprecated since rally v0.10.0.Please use action_timer instead, we have improved atomic actions, now do not need to explicitly close original action.
2019-07-18 09:49:07.531 27511 WARNING rally.task.atomic [-] 'optional_action_timer' is deprecated since rally v0.10.0.Please use action_timer instead, we have improved atomic actions, now do not need to explicitly close original action.
2019-07-18 09:49:07.571 27516 INFO rally.task.runner [-] Task d5913fc7-e684-443c-81dc-ad205e82ae7c | ITER: 4 END: OK
2019-07-18 09:49:07.714 27512 INFO rally.task.runner [-] Task d5913fc7-e684-443c-81dc-ad205e82ae7c | ITER: 3 END: OK
2019-07-18 09:49:07.818 27513 WARNING rally.task.atomic [-] 'optional_action_timer' is deprecated since rally v0.10.0.Please use action_timer instead, we have improved atomic actions, now do not need to explicitly close original action.
2019-07-18 09:49:07.854 27513 WARNING rally.task.atomic [-] 'optional_action_timer' is deprecated since rally v0.10.0.Please use action_timer instead, we have improved atomic actions, now do not need to explicitly close original action.
2019-07-18 09:49:08.415 27511 INFO rally.task.runner [-] Task d5913fc7-e684-443c-81dc-ad205e82ae7c | ITER: 1 END: OK
2019-07-18 09:49:08.740 27513 INFO rally.task.runner [-] Task d5913fc7-e684-443c-81dc-ad205e82ae7c | ITER: 2 END: OK
2019-07-18 09:49:08.770 22705 INFO rally.task.context [-] Task d5913fc7-e684-443c-81dc-ad205e82ae7c | Context cleanup@openstack cleanup() started
2019-07-18 09:49:08.772 22705 RALLYDEBUG rally_openstack.cleanup.manager [-] Cleaning up neutron vip objects
2019-07-18 09:49:09.484 22705 RALLYDEBUG rally_openstack.cleanup.manager [-] Cleaning up neutron health_monitor objects
2019-07-18 09:49:10.598 22705 RALLYDEBUG rally_openstack.cleanup.manager [-] Cleaning up neutron pool objects
2019-07-18 09:49:11.310 22705 RALLYDEBUG rally_openstack.cleanup.manager [-] Cleaning up neutron loadbalancer objects
2019-07-18 09:49:12.005 22705 RALLYDEBUG rally_openstack.cleanup.manager [-] Cleaning up neutron floatingip objects
2019-07-18 09:49:12.774 22705 RALLYDEBUG rally_openstack.cleanup.manager [-] Cleaning up neutron port objects
2019-07-18 09:49:14.734 22705 RALLYDEBUG rally_openstack.cleanup.manager [-] Deleting neutron.port object s_rally_08adf304_p5FMWbDg (00cdb76e-f32c-4774-800c-a200e107a8ef)
2019-07-18 09:49:14.741 22705 RALLYDEBUG rally_openstack.cleanup.manager [-] Deleting neutron.port object s_rally_08adf304_dPCabxhJ (01ae45e4-37e1-47a8-a200-bfe2e940344c)
2019-07-18 09:49:14.744 22705 RALLYDEBUG rally_openstack.cleanup.manager [-] Deleting neutron.port object s_rally_08adf304_AQ3yuiMe (0154776d-ba71-4b95-9d31-d6b0d288d890)
2019-07-18 09:49:14.746 22705 RALLYDEBUG rally_openstack.cleanup.manager [-] Deleting neutron.port object s_rally_08adf304_hPJXU3Qa (012d2fc4-3e20-4065-9da5-fedd9ab83e99)
2019-07-18 09:49:14.747 22705 RALLYDEBUG rally_openstack.cleanup.manager [-] Deleting neutron.port object s_rally_08adf304_HwO9Uae5 (015e405a-ac6f-4ceb-bd4b-6873f023b693)
2019-07-18 09:49:14.750 22705 RALLYDEBUG rally_openstack.cleanup.manager [-] Deleting neutron.port object s_rally_08adf304_CCSFlOZl (03e705cc-a1be-4d70-b74e-eb43c4623ee7)
2019-07-18 09:49:14.751 22705 RALLYDEBUG rally_openstack.cleanup.manager [-] Deleting neutron.port object s_rally_08adf304_eY4eZJ13 (01a65427-2ba8-4996-8f9e-3baeb417384b)
2019-07-18 09:49:14.761 22705 RALLYDEBUG rally_openstack.cleanup.manager [-] Deleting neutron.port object s_rally_08adf304_x4jM7U5Q (040d6700-0346-4b7d-bab0-a63ea78d8e1d)
2019-07-18 09:49:14.778 22705 RALLYDEBUG rally_openstack.cleanup.manager [-] Deleting neutron.port object s_rally_08adf304_F8hTYYcq (04157735-feff-4f25-a10f-1cfa7b22032f)
2019-07-18 09:49:14.785 22705 RALLYDEBUG rally_openstack.cleanup.manager [-] Deleting neutron.port object s_rally_08adf304_jSfLxswx (04488948-37d9-4f78-bded-fd5bb938fbb3)
2019-07-18 09:49:14.798 22705 RALLYDEBUG rally_openstack.cleanup.manager [-] Deleting neutron.port object s_rally_08adf304_ydCOHdtp (05078a09-10c9-40d0-9862-2ad1ad706946)
2019-07-18 09:49:14.812 22705 RALLYDEBUG rally_openstack.cleanup.manager [-] Deleting neutron.port object s_rally_08adf304_j7CjYyV3 (05985dd2-3631-4f7d-9b17-2a71fc9f4b5e)
2019-07-18 09:49:14.828 22705 RALLYDEBUG rally_openstack.cleanup.manager [-] Deleting neutron.port object s_rally_08adf304_tHTOAGmo (07377740-d9d6-4268-9010-9020496ab762)
2019-07-18 09:49:14.847 22705 RALLYDEBUG rally_openstack.cleanup.manager [-] Deleting neutron.port object s_rally_08adf304_SrwFaUQD (07ba7a5e-69ab-4195-bc7a-86c2ea2cb239)
2019-07-18 09:49:14.867 22705 RALLYDEBUG rally_openstack.cleanup.manager [-] Deleting neutron.port object s_rally_08adf304_BupNLsxV (07c7c9e0-aa3e-47d7-b7b3-1a88d4931e34)
2019-07-18 09:49:14.871 22705 RALLYDEBUG rally_openstack.cleanup.manager [-] Deleting neutron.port object s_rally_08adf304_e9JxbfOn (083cab79-0d85-4063-a24f-c8f1f3f43f30)
2019-07-18 09:49:14.879 22705 RALLYDEBUG rally_openstack.cleanup.manager [-] Deleting neutron.port object s_rally_08adf304_sOiFQER4 (0857d09a-457d-495f-950c-3e988190d4fc)
2019-07-18 09:49:14.902 22705 RALLYDEBUG rally_openstack.cleanup.manager [-] Deleting neutron.port object s_rally_08adf304_GHswlrGR (093b7c09-20b1-439e-b9f3-a165260fcf14)
2019-07-18 09:49:14.910 22705 RALLYDEBUG rally_openstack.cleanup.manager [-] Deleting neutron.port object s_rally_08adf304_G8fRhS09 (099805dc-e7ce-4e65-8e2c-3bfc1bdb3767)
2019-07-18 09:49:14.923 22705 RALLYDEBUG rally_openstack.cleanup.manager [-] Deleting neutron.port object s_rally_08adf304_fYm865z7 (09ca4a9d-b1c8-4606-99eb-f417734a7ba6)
2019-07-18 09:49:17.685 22705 RALLYDEBUG rally_openstack.cleanup.manager [-] Deleting neutron.port object s_rally_08adf304_vCdWZY6k (0b0c692f-e22a-4067-9263-7fcbd405b4b3)
2019-07-18 09:49:17.697 22705 RALLYDEBUG rally_openstack.cleanup.manager [-] Deleting neutron.port object s_rally_08adf304_MazVxCP9 (0bfe601c-f2a5-4db1-b9ea-e79e7262e8af)
2019-07-18 09:49:18.577 22705 RALLYDEBUG rally_openstack.cleanup.manager [-] Deleting neutron.port object s_rally_08adf304_lvyImMgB (0c275fc3-0f5d-44ea-9116-ae8e0d25393a)
2019-07-18 09:49:19.587 22705 RALLYDEBUG rally_openstack.cleanup.manager [-] Deleting neutron.port object s_rally_08adf304_5xmyMRfE (0c692ee8-4c69-48f4-80f6-b85dd6986bb5)
2019-07-18 09:49:19.783 22705 RALLYDEBUG rally_openstack.cleanup.manager [-] Deleting neutron.port object s_rally_08adf304_7uC5YHfU (0c7c168f-25b5-48ce-9d94-e58269d09f76)
2019-07-18 09:49:20.142 22705 RALLYDEBUG rally_openstack.cleanup.manager [-] Deleting neutron.port object s_rally_08adf304_ZuRaj5Wt (0cb74b19-c066-4a38-afe2-6211adc56233)
2019-07-18 09:49:20.446 22705 RALLYDEBUG rally_openstack.cleanup.manager [-] Deleting neutron.port object s_rally_08adf304_9HJzGPdw (0d070597-2c73-4595-ae9d-53ccd6800ef7)
2019-07-18 09:49:21.845 22705 RALLYDEBUG rally_openstack.cleanup.manager [-] Deleting neutron.port object s_rally_08adf304_1WRhlnHg (0d08d846-990b-4d5c-9437-6f32cbfdb7d5)
2019-07-18 09:49:21.881 22705 RALLYDEBUG rally_openstack.cleanup.manager [-] Deleting neutron.port object s_rally_08adf304_lFNP20wY (0d1f04e3-2a14-4672-b997-4e74138aa74b)
2019-07-18 09:49:21.906 22705 RALLYDEBUG rally_openstack.cleanup.manager [-] Deleting neutron.port object s_rally_08adf304_hjYJpUcy (0d560148-e830-44a1-9bb4-e3190ebd800d)
2019-07-18 09:49:21.920 22705 RALLYDEBUG rally_openstack.cleanup.manager [-] Deleting neutron.port object s_rally_08adf304_sXGJkl93 (0dd24011-494d-4d1f-a8b0-4066a9dda8a0)
2019-07-18 09:49:22.201 22705 RALLYDEBUG rally_openstack.cleanup.manager [-] Deleting neutron.port object s_rally_08adf304_h6rvASAI (0dfd5cac-0979-4037-a18d-6760a2fe00eb)
2019-07-18 09:49:22.283 22705 RALLYDEBUG rally_openstack.cleanup.manager [-] Deleting neutron.port object s_rally_08adf304_Roji7jO4 (0ed7885b-28c5-4f83-b233-acbc94543ef9)
2019-07-18 09:49:22.571 22705 RALLYDEBUG rally_openstack.cleanup.manager [-] Deleting neutron.port object s_rally_08adf304_fk3aHDiw (0ff1a072-54f5-4203-9456-c239f7fbb465)
2019-07-18 09:49:22.591 22705 RALLYDEBUG rally_openstack.cleanup.manager [-] Deleting neutron.port object s_rally_08adf304_8oHSwWMX (11742303-417d-4306-874b-1d3877a8bc6a)
2019-07-18 09:49:22.595 22705 RALLYDEBUG rally_openstack.cleanup.manager [-] Deleting neutron.port object s_rally_08adf304_3lM6l7RB (11ad5a05-71c6-4ddb-b676-5ed96e71198e)
2019-07-18 09:49:22.598 22705 RALLYDEBUG rally_openstack.cleanup.manager [-] Deleting neutron.port object s_rally_08adf304_rpd5IcSd (10896b28-6b95-4bee-8c93-cf6b2ef85a47)
2019-07-18 09:49:22.613 22705 RALLYDEBUG rally_openstack.cleanup.manager [-] Deleting neutron.port object s_rally_08adf304_9H6aTYxb (11fd3150-54a9-487d-a1f4-3877a04e2fc3)
2019-07-18 09:49:22.616 22705 RALLYDEBUG rally_openstack.cleanup.manager [-] Deleting neutron.port object s_rally_08adf304_pT0pV5HX (1227f872-754e-4617-aa0d-169070f54bd7)
2019-07-18 09:49:22.720 22705 RALLYDEBUG rally_openstack.cleanup.manager [-] Deleting neutron.port object s_rally_08adf304_DWttQlGq (12432ee4-5761-4a1c-9be9-b2234a04a07f)
2019-07-18 09:49:22.771 22705 RALLYDEBUG rally_openstack.cleanup.manager [-] Deleting neutron.port object s_rally_08adf304_odnEUfhJ (127b50b8-ef41-4b31-b5c6-66894c9de187)
2019-07-18 09:49:22.934 22705 RALLYDEBUG rally_openstack.cleanup.manager [-] Deleting neutron.port object s_rally_08adf304_SJr9dtbd (127d35af-d9cc-47aa-a314-179c2048bb02)
2019-07-18 09:49:23.054 22705 RALLYDEBUG rally_openstack.cleanup.manager [-] Deleting neutron.port object s_rally_08adf304_6Fj4IEfB (13345ab4-d2c8-43f7-a6b3-06207bfb853d)
2019-07-18 09:49:23.189 22705 RALLYDEBUG rally_openstack.cleanup.manager [-] Deleting neutron.port object s_rally_08adf304_Z6jgeguX (1397b190-91d8-4c37-b40c-5b3a6590f35d)
2019-07-18 09:49:23.356 22705 RALLYDEBUG rally_openstack.cleanup.manager [-] Deleting neutron.port object s_rally_08adf304_ARoAXbkF (13da9707-fce9-4527-aed3-9a8b413850f0)
2019-07-18 09:49:23.364 22705 RALLYDEBUG rally_openstack.cleanup.manager [-] Deleting neutron.port object s_rally_08adf304_SlSRihTH (1524eb6e-f3eb-433d-9ab2-b1d6466f1b3e)
2019-07-18 09:49:23.373 22705 RALLYDEBUG rally_openstack.cleanup.manager [-] Deleting neutron.port object s_rally_08adf304_6580m8Au (153a9335-fff5-44eb-be75-28b1a061f867)
2019-07-18 09:49:24.290 22705 RALLYDEBUG rally_openstack.cleanup.manager [-] Deleting neutron.port object s_rally_08adf304_UKCFL7jm (1622dbb4-6e94-4051-8e5c-25872f9d9664)
2019-07-18 09:49:24.933 22705 RALLYDEBUG rally_openstack.cleanup.manager [-] Deleting neutron.port object s_rally_08adf304_TU5FZpNo (162407b7-4a0b-4715-9c39-7dc28a8251aa)
2019-07-18 09:49:25.554 22705 RALLYDEBUG rally_openstack.cleanup.manager [-] Deleting neutron.port object s_rally_08adf304_V6GNPibR (16409d67-eac2-4ade-a5bd-5ad85e1c76d8)
2019-07-18 09:49:25.564 22705 RALLYDEBUG rally_openstack.cleanup.manager [-] Deleting neutron.port object s_rally_08adf304_v1UsUylL (16a0dc7b-ee22-4a44-8a3a-16cbffca2b5b)
2019-07-18 09:49:25.758 22705 RALLYDEBUG rally_openstack.cleanup.manager [-] Deleting neutron.port object s_rally_08adf304_ySRy5yo8 (17da5b8b-8915-44e8-9d8b-14472fdd532c)
2019-07-18 09:49:25.958 22705 RALLYDEBUG rally_openstack.cleanup.manager [-] Deleting neutron.port object s_rally_08adf304_tXLZVn2N (181a2143-9fbd-4c6a-9ce4-cbe513f4d45e)
2019-07-18 09:49:26.029 22705 RALLYDEBUG rally_openstack.cleanup.manager [-] Deleting neutron.port object s_rally_08adf304_JZvN6bWj (1832d9d5-4d2b-4f99-82aa-9f1ab6569bdc)
2019-07-18 09:49:26.139 22705 RALLYDEBUG rally_openstack.cleanup.manager [-] Deleting neutron.port object s_rally_08adf304_B9hIfKBV (191fc3a3-f400-40ab-9818-161587d9bf66)
2019-07-18 09:49:26.222 22705 RALLYDEBUG rally_openstack.cleanup.manager [-] Deleting neutron.port object s_rally_08adf304_zzp2rBqQ (1a86aad7-7787-41a7-83a4-39ac32c8da1e)
2019-07-18 09:49:26.422 22705 RALLYDEBUG rally_openstack.cleanup.manager [-] Deleting neutron.port object s_rally_08adf304_R6xP8RuT (1b1e1eb3-3be9-47ac-adbf-3a94a654792c)
2019-07-18 09:49:26.539 22705 RALLYDEBUG rally_openstack.cleanup.manager [-] Deleting neutron.port object s_rally_08adf304_PGETsW1N (1b90aeb7-d0bc-43ab-868a-cc198d69fe61)
2019-07-18 09:49:27.030 22705 RALLYDEBUG rally_openstack.cleanup.manager [-] Deleting neutron.port object s_rally_08adf304_9ClYJ2HD (1c246dd4-cb45-475a-bc57-ba752cf9547d)
2019-07-18 09:49:27.051 22705 RALLYDEBUG rally_openstack.cleanup.manager [-] Deleting neutron.port object s_rally_08adf304_hGoZwUBB (1d476a6a-be96-4656-9180-35d85719ac8e)
2019-07-18 09:49:27.080 22705 RALLYDEBUG rally_openstack.cleanup.manager [-] Deleting neutron.port object s_rally_08adf304_MwBaPLLc (1db8f9c2-3864-4a1e-b8de-77023b39b5b0)
2019-07-18 09:49:27.254 22705 RALLYDEBUG rally_openstack.cleanup.manager [-] Deleting neutron.port object s_rally_08adf304_hULFDPMd (1ec0f91d-829d-404a-a242-a741f30320ac)
2019-07-18 09:49:27.294 22705 RALLYDEBUG rally_openstack.cleanup.manager [-] Deleting neutron.port object s_rally_08adf304_1Kj8iQf5 (1eff6b1e-c159-4818-8e33-6f99c0eec621)
2019-07-18 09:49:27.369 22705 RALLYDEBUG rally_openstack.cleanup.manager [-] Deleting neutron.port object s_rally_08adf304_nkFYC5qg (209793cb-354e-478a-9861-36076d043ad5)
2019-07-18 09:49:27.462 22705 RALLYDEBUG rally_openstack.cleanup.manager [-] Deleting neutron.port object s_rally_08adf304_XDJQyxvs (210eaaf2-ab21-4920-92ff-09627c527034)
2019-07-18 09:49:27.479 22705 RALLYDEBUG rally_openstack.cleanup.manager [-] Deleting neutron.port object s_rally_08adf304_9WQtMsoB (218db1e4-720c-4223-a8f6-c32042693d8d)
2019-07-18 09:49:28.196 22705 RALLYDEBUG rally_openstack.cleanup.manager [-] Deleting neutron.port object s_rally_08adf304_aT4b3F03 (21e362b1-fccc-4f1d-a594-f23ff92506b8)
2019-07-18 09:49:28.238 22705 RALLYDEBUG rally_openstack.cleanup.manager [-] Deleting neutron.port object s_rally_08adf304_rY3lYKDq (22f04e95-99ba-49a9-85f7-00fe26d65a9c)
2019-07-18 09:49:28.368 22705 RALLYDEBUG rally_openstack.cleanup.manager [-] Deleting neutron.port object s_rally_08adf304_b76ksl3o (23acb45f-0f6e-4250-a28d-8aa997d991ce)
2019-07-18 09:49:28.375 22705 RALLYDEBUG rally_openstack.cleanup.manager [-] Deleting neutron.port object s_rally_08adf304_lmuk4X6a (23ded296-3142-42ef-9266-288c7eaaf916)
2019-07-18 09:49:28.559 22705 RALLYDEBUG rally_openstack.cleanup.manager [-] Deleting neutron.port object s_rally_08adf304_gqntR6hz (2458b64f-0857-49bb-8e5a-1e47d77f4f8f)
2019-07-18 09:49:28.688 22705 RALLYDEBUG rally_openstack.cleanup.manager [-] Deleting neutron.port object s_rally_08adf304_5xr1SzCf (24d994b8-67af-4767-bf3c-cde0b5444fde)
2019-07-18 09:49:29.171 22705 RALLYDEBUG rally_openstack.cleanup.manager [-] Deleting neutron.port object s_rally_08adf304_xJOFxm21 (2513aba2-2b1f-46b0-90f3-7ad5e9e8d85e)
2019-07-18 09:49:29.367 22705 RALLYDEBUG rally_openstack.cleanup.manager [-] Deleting neutron.port object s_rally_08adf304_29tsoU9H (2636f0d6-e3d8-4ec9-9c9a-73dbcdfa4492)
2019-07-18 09:49:29.622 22705 RALLYDEBUG rally_openstack.cleanup.manager [-] Deleting neutron.port object s_rally_08adf304_KlCQd0cI (26990d2b-3cfa-43dd-8f3d-eba809616d16)
2019-07-18 09:49:29.684 22705 RALLYDEBUG rally_openstack.cleanup.manager [-] Deleting neutron.port object s_rally_08adf304_rrqXF4DN (277a8b59-5789-4f95-9d8f-ae50a77f9fde)
2019-07-18 09:49:30.341 22705 RALLYDEBUG rally_openstack.cleanup.manager [-] Deleting neutron.port object s_rally_08adf304_AZjaA2Nx (2863d3ae-26f5-4f34-add3-ed4fe2890352)
2019-07-18 09:49:30.669 22705 RALLYDEBUG rally_openstack.cleanup.manager [-] Deleting neutron.port object s_rally_08adf304_Q8CveCIk (28c4c1a3-9514-41ff-b6bc-5fef9dcfd366)
2019-07-18 09:49:30.766 22705 RALLYDEBUG rally_openstack.cleanup.manager [-] Deleting neutron.port object s_rally_08adf304_GgqyWFGB (28c7ef0f-1eae-4a0e-a8fd-c7150ca0398e)
2019-07-18 09:49:31.080 22705 RALLYDEBUG rally_openstack.cleanup.manager [-] Deleting neutron.port object s_rally_08adf304_wM1XGziE (2911369f-5045-4fa4-939d-8f771f215f42)
2019-07-18 09:49:31.231 22705 RALLYDEBUG rally_openstack.cleanup.manager [-] Deleting neutron.port object s_rally_08adf304_7gxQ1lsE (2b63d1d3-b557-41f4-b8bf-40a4a121e84f)
2019-07-18 09:49:31.631 22705 RALLYDEBUG rally_openstack.cleanup.manager [-] Deleting neutron.port object s_rally_08adf304_zwLgTaae (2b8ee7d0-a843-4573-a70b-4b98cef958c1)
2019-07-18 09:49:31.687 22705 RALLYDEBUG rally_openstack.cleanup.manager [-] Deleting neutron.port object s_rally_08adf304_7e6qCPts (2bc3fc70-7f1d-4d28-99fe-aef1d4db20b3)
2019-07-18 09:49:31.804 22705 RALLYDEBUG rally_openstack.cleanup.manager [-] Deleting neutron.port object s_rally_08adf304_5PiLmqtX (2c175270-925e-46c9-9635-7904bc06b306)
2019-07-18 09:49:31.808 22705 RALLYDEBUG rally_openstack.cleanup.manager [-] Deleting neutron.port object s_rally_08adf304_WXjjkydi (2cf94e67-6689-4f29-ae04-2c526b8bdada)
2019-07-18 09:49:31.931 22705 RALLYDEBUG rally_openstack.cleanup.manager [-] Deleting neutron.port object s_rally_08adf304_ZxfYgWpf (2d34879f-1c15-4368-89f4-003360bf19d4)
2019-07-18 09:49:31.959 22705 RALLYDEBUG rally_openstack.cleanup.manager [-] Deleting neutron.port object s_rally_08adf304_MK6bxXJs (2d5bf38b-808c-4dab-8d57-1f2790334b70)
2019-07-18 09:49:31.969 22705 RALLYDEBUG rally_openstack.cleanup.manager [-] Deleting neutron.port object s_rally_08adf304_OLRK0FIK (2d729934-759b-46c8-825e-e0daf18fb2fb)
2019-07-18 09:49:31.986 22705 RALLYDEBUG rally_openstack.cleanup.manager [-] Deleting neutron.port object s_rally_08adf304_8A5Id4jr (2d99ead2-89d1-49c1-86a0-6ccc33d2cfa9)
2019-07-18 09:49:32.429 22705 RALLYDEBUG rally_openstack.cleanup.manager [-] Deleting neutron.port object s_rally_08adf304_oWo1Hqpf (2e31cc07-c35c-47f8-af19-f102839a7725)
2019-07-18 09:49:32.497 22705 RALLYDEBUG rally_openstack.cleanup.manager [-] Deleting neutron.port object s_rally_08adf304_KZk3AEan (2ebdc0e6-222f-4f74-b623-25f1fb45ed9d)
2019-07-18 09:49:32.708 22705 RALLYDEBUG rally_openstack.cleanup.manager [-] Deleting neutron.port object s_rally_08adf304_kboioB4e (2ef11b68-25e7-48c3-b452-9330de78565b)
2019-07-18 09:49:32.813 22705 RALLYDEBUG rally_openstack.cleanup.manager [-] Deleting neutron.port object s_rally_08adf304_dcPEX3VM (2f1be94a-1381-461f-bfed-e4590cbcb397)
2019-07-18 09:49:32.816 22705 RALLYDEBUG rally_openstack.cleanup.manager [-] Deleting neutron.port object s_rally_08adf304_zq9gJ24l (2f7340d2-56e6-470c-90e9-ea68d0e334be)
2019-07-18 09:49:32.825 22705 RALLYDEBUG rally_openstack.cleanup.manager [-] Deleting neutron.port object s_rally_08adf304_OYc2xDbB (2fd81d6d-8bc1-411f-96a2-ab7af63dc525)
2019-07-18 09:49:32.841 22705 RALLYDEBUG rally_openstack.cleanup.manager [-] Deleting neutron.port object s_rally_08adf304_m2zYvm6s (2ff4ce4c-c9fe-4414-9115-c1eec3ec51f2)
2019-07-18 09:49:32.867 22705 RALLYDEBUG rally_openstack.cleanup.manager [-] Deleting neutron.port object s_rally_08adf304_bDtjLzMf (30aa4522-2747-4f02-9697-86763d4ebcc8)
2019-07-18 09:49:33.359 22705 RALLYDEBUG rally_openstack.cleanup.manager [-] Deleting neutron.port object s_rally_08adf304_OSANOMmB (320a7a4f-5410-480b-bedd-9a649ea0abbe)
2019-07-18 09:49:33.682 22705 RALLYDEBUG rally_openstack.cleanup.manager [-] Deleting neutron.port object s_rally_08adf304_ARkAJBPQ (3229102d-1e59-40ad-b660-23cd3acd5b74)
