2019-07-18 09:43:52.278 22705 RALLYDEBUG rally_openstack.cleanup.manager [-] Deleting neutron.port object s_rally_a4217724_LmqbSGyA (5c79b752-9971-46c1-bae0-28bdc6dd2a4f)
2019-07-18 09:43:52.320 22705 RALLYDEBUG rally_openstack.cleanup.manager [-] Deleting neutron.port object s_rally_a4217724_3TxdcOXh (5e207379-1830-4cdb-9145-f54002bcd54a)
2019-07-18 09:43:52.344 22705 RALLYDEBUG rally_openstack.cleanup.manager [-] Deleting neutron.port object s_rally_a4217724_WZV37HJ3 (5e7b0732-1d9a-40ff-9a02-e27fb0b55b44)
2019-07-18 09:43:52.674 22705 RALLYDEBUG rally_openstack.cleanup.manager [-] Deleting neutron.port object s_rally_a4217724_QLQMX0pO (5f3b642b-38e7-4a50-a357-34bd5cb6637d)
2019-07-18 09:43:52.862 22705 RALLYDEBUG rally_openstack.cleanup.manager [-] Deleting neutron.port object s_rally_a4217724_rXZmpf1E (601107e1-4ca4-402c-97da-c7e5c4292b8c)
2019-07-18 09:43:52.977 22705 RALLYDEBUG rally_openstack.cleanup.manager [-] Deleting neutron.port object s_rally_a4217724_DerjKZKJ (60abeecb-6db9-499d-ba3e-43de027cce64)
2019-07-18 09:43:53.346 22705 RALLYDEBUG rally_openstack.cleanup.manager [-] Deleting neutron.port object s_rally_a4217724_pJHqP5Bp (61fdbfed-5719-430a-b1ea-7f875a347cbc)
2019-07-18 09:43:54.013 22705 RALLYDEBUG rally_openstack.cleanup.manager [-] Deleting neutron.port object s_rally_a4217724_xwWCTLKV (62dcc41f-9cd1-47b7-826e-2c684b47730e)
2019-07-18 09:43:54.032 22705 RALLYDEBUG rally_openstack.cleanup.manager [-] Deleting neutron.port object s_rally_a4217724_ACSWzrDK (64621459-9003-4539-8e6e-6ec1aa0a5cfc)
2019-07-18 09:43:54.102 22705 RALLYDEBUG rally_openstack.cleanup.manager [-] Deleting neutron.port object s_rally_a4217724_hENzrjb5 (6588c184-4afb-49f1-8bae-1519f17c2ad0)
2019-07-18 09:43:54.103 22705 RALLYDEBUG rally_openstack.cleanup.manager [-] Deleting neutron.port object s_rally_a4217724_TUkHBPWI (64a959a8-812a-4fdd-b98a-fa4bc2096fdf)
2019-07-18 09:43:54.150 22705 RALLYDEBUG rally_openstack.cleanup.manager [-] Deleting neutron.port object s_rally_a4217724_gjO4CIl2 (68f59535-7152-4aa4-a72f-2fce8ab2989f)
2019-07-18 09:43:54.229 22705 RALLYDEBUG rally_openstack.cleanup.manager [-] Deleting neutron.port object s_rally_a4217724_1d5JyTbP (6a82267d-2e37-448c-a259-bd587b8d5539)
2019-07-18 09:43:54.253 22705 RALLYDEBUG rally_openstack.cleanup.manager [-] Deleting neutron.port object s_rally_a4217724_eKMguKXB (6a95e275-e5de-4af3-8ffe-9f6bdabd480c)
2019-07-18 09:43:54.405 22705 RALLYDEBUG rally_openstack.cleanup.manager [-] Deleting neutron.port object s_rally_a4217724_3I5rg9CW (6ad449fd-ea97-4e57-ae6f-eddb955f468f)
2019-07-18 09:43:54.492 22705 RALLYDEBUG rally_openstack.cleanup.manager [-] Deleting neutron.port object s_rally_a4217724_NoLHoQFR (6b8e44eb-1b97-4bab-9fad-39cfa428d035)
2019-07-18 09:43:54.536 22705 RALLYDEBUG rally_openstack.cleanup.manager [-] Deleting neutron.port object s_rally_a4217724_0GIMJeQj (6ce18140-578d-40ad-97bc-6a03e5e1d63f)
2019-07-18 09:43:54.562 22705 RALLYDEBUG rally_openstack.cleanup.manager [-] Deleting neutron.port object s_rally_a4217724_nExOwc5H (6e1149a2-552d-4948-989b-8353d9aadb75)
2019-07-18 09:43:54.718 22705 RALLYDEBUG rally_openstack.cleanup.manager [-] Deleting neutron.port object s_rally_a4217724_oIaDpHoI (70f4753e-4bb3-428c-811d-13176c0eef69)
2019-07-18 09:43:54.748 22705 RALLYDEBUG rally_openstack.cleanup.manager [-] Deleting neutron.port object s_rally_a4217724_kjXxsWsp (7258a376-6d81-4018-8996-fc359b9d4c9f)
2019-07-18 09:43:54.883 22705 RALLYDEBUG rally_openstack.cleanup.manager [-] Deleting neutron.port object s_rally_a4217724_u5bESqe7 (73a8dee3-f8af-4a77-b7ee-32a3c35b3c55)
2019-07-18 09:43:55.174 22705 RALLYDEBUG rally_openstack.cleanup.manager [-] Deleting neutron.port object s_rally_a4217724_TdYeMLo8 (73e249b0-7e98-4080-bd19-c4405e03b1e1)
2019-07-18 09:43:55.434 22705 RALLYDEBUG rally_openstack.cleanup.manager [-] Deleting neutron.port object s_rally_a4217724_xcoRMGFO (7418bbd3-56c9-46b6-b316-06487051247f)
2019-07-18 09:43:55.539 22705 RALLYDEBUG rally_openstack.cleanup.manager [-] Deleting neutron.port object s_rally_a4217724_CR61e1e6 (759cca1c-5f78-4aaa-a750-76d4b3cdf4d4)
2019-07-18 09:43:55.656 22705 RALLYDEBUG rally_openstack.cleanup.manager [-] Deleting neutron.port object s_rally_a4217724_UA3yc7cC (760c9d4d-bc55-4a2d-827e-27bb1e31c00e)
2019-07-18 09:43:55.671 22705 RALLYDEBUG rally_openstack.cleanup.manager [-] Deleting neutron.port object s_rally_a4217724_V3mwrOpN (76667ece-a8db-4519-b90d-fde78cb58865)
2019-07-18 09:43:56.096 22705 RALLYDEBUG rally_openstack.cleanup.manager [-] Deleting neutron.port object s_rally_a4217724_WPzbTM5Y (7692abaa-cbdd-4ec1-aa8f-b407fee0b805)
2019-07-18 09:43:57.601 22705 RALLYDEBUG rally_openstack.cleanup.manager [-] Deleting neutron.port object s_rally_a4217724_xFvICOpI (76e71512-4ed5-4bb8-8c35-c04ca84b3aa8)
2019-07-18 09:43:57.611 22705 RALLYDEBUG rally_openstack.cleanup.manager [-] Deleting neutron.port object s_rally_a4217724_N0Uu9jmZ (7998b025-464b-4001-9568-e333464d60e0)
2019-07-18 09:43:57.680 22705 RALLYDEBUG rally_openstack.cleanup.manager [-] Deleting neutron.port object s_rally_a4217724_ZXpFYUP6 (7a2d15c0-c488-4163-b089-7b4008fd088d)
2019-07-18 09:43:57.712 22705 RALLYDEBUG rally_openstack.cleanup.manager [-] Deleting neutron.port object s_rally_a4217724_N9vaRJAx (7a3b1bac-fe2f-4ace-8958-f575ac8223e2)
2019-07-18 09:43:57.871 22705 RALLYDEBUG rally_openstack.cleanup.manager [-] Deleting neutron.port object s_rally_a4217724_38NXgKSP (7a65f699-85c9-4852-8b87-a149c1b250ce)
2019-07-18 09:43:58.231 22705 RALLYDEBUG rally_openstack.cleanup.manager [-] Deleting neutron.port object s_rally_a4217724_zOz0v1m8 (7b0d2ea4-76b5-426b-9632-d46837b52c94)
2019-07-18 09:43:58.246 22705 RALLYDEBUG rally_openstack.cleanup.manager [-] Deleting neutron.port object s_rally_a4217724_wnjiInAW (7c3e5c26-790a-42be-8db1-dd5cd1b162b0)
2019-07-18 09:43:58.336 22705 RALLYDEBUG rally_openstack.cleanup.manager [-] Deleting neutron.port object s_rally_a4217724_Oq5sJyP1 (81dc00aa-fc25-4711-b767-780196590970)
2019-07-18 09:43:58.392 22705 RALLYDEBUG rally_openstack.cleanup.manager [-] Deleting neutron.port object s_rally_a4217724_PwMyGIPh (822d555e-d49d-42ae-8506-8bac8cf3a445)
2019-07-18 09:43:58.563 22705 RALLYDEBUG rally_openstack.cleanup.manager [-] Deleting neutron.port object s_rally_a4217724_OIypSX3Y (83f38d90-a466-4b89-aa0d-ece387a25a53)
2019-07-18 09:43:58.776 22705 RALLYDEBUG rally_openstack.cleanup.manager [-] Deleting neutron.port object s_rally_a4217724_nMxH1vQT (89986fa0-7c56-4a7e-a4f8-a869adebf1be)
2019-07-18 09:43:58.790 22705 RALLYDEBUG rally_openstack.cleanup.manager [-] Deleting neutron.port object s_rally_a4217724_RFYN6iOL (89fffd76-42ee-4995-a438-4ea3bb6476ad)
2019-07-18 09:43:58.799 22705 RALLYDEBUG rally_openstack.cleanup.manager [-] Deleting neutron.port object s_rally_a4217724_Z4sC9iLK (8a59411b-987e-45ed-b995-6f63ef356435)
2019-07-18 09:43:58.811 22705 RALLYDEBUG rally_openstack.cleanup.manager [-] Deleting neutron.port object s_rally_a4217724_OkfKYjon (8dd6ea48-a6e7-4a27-8217-acfe973aaf68)
2019-07-18 09:43:58.866 22705 RALLYDEBUG rally_openstack.cleanup.manager [-] Deleting neutron.port object s_rally_a4217724_1AUhgYmb (8ef023e6-be6f-46cd-b642-e64e68678980)
2019-07-18 09:43:58.887 22705 RALLYDEBUG rally_openstack.cleanup.manager [-] Deleting neutron.port object s_rally_a4217724_P93FD50C (8fa162b8-58d7-4d73-8cff-5849813aac9d)
2019-07-18 09:43:58.979 22705 RALLYDEBUG rally_openstack.cleanup.manager [-] Deleting neutron.port object s_rally_a4217724_sNoDbs0b (91aef09d-3dda-440f-914d-6c19a059d0b2)
2019-07-18 09:43:58.995 22705 RALLYDEBUG rally_openstack.cleanup.manager [-] Deleting neutron.port object s_rally_a4217724_5cEbc68g (924f5cfe-0289-4209-93c6-34ca95ac5bac)
2019-07-18 09:43:59.047 22705 RALLYDEBUG rally_openstack.cleanup.manager [-] Deleting neutron.port object s_rally_a4217724_x1edufKy (92f94a82-63f9-4e9d-baf3-7ad13e78f054)
2019-07-18 09:43:59.053 22705 RALLYDEBUG rally_openstack.cleanup.manager [-] Deleting neutron.port object s_rally_a4217724_o6iZi0Up (950fa9bf-704b-4a08-b688-e4169ee992ca)
2019-07-18 09:43:59.948 22705 RALLYDEBUG rally_openstack.cleanup.manager [-] Deleting neutron.port object s_rally_a4217724_XUbX2b7z (95cfec90-6517-484c-8062-aacfd1189362)
2019-07-18 09:43:59.952 22705 RALLYDEBUG rally_openstack.cleanup.manager [-] Deleting neutron.port object s_rally_a4217724_SpblRXto (961b80ba-9132-46b3-b8bf-db15e7448431)
2019-07-18 09:44:00.347 22705 RALLYDEBUG rally_openstack.cleanup.manager [-] Deleting neutron.port object s_rally_a4217724_XTmzKaef (96b6a356-6461-409c-8257-5d8695745605)
2019-07-18 09:44:00.940 22705 RALLYDEBUG rally_openstack.cleanup.manager [-] Deleting neutron.port object s_rally_a4217724_YhQHxb5k (974721f2-a173-414b-bf79-242fd454d5c6)
2019-07-18 09:44:00.955 22705 RALLYDEBUG rally_openstack.cleanup.manager [-] Deleting neutron.port object s_rally_a4217724_f7fzUrQo (98fbe90e-57bc-4e92-98bb-1936afcfda71)
2019-07-18 09:44:01.480 22705 RALLYDEBUG rally_openstack.cleanup.manager [-] Deleting neutron.port object s_rally_a4217724_BwstmcWt (997aed4e-252d-4463-a59b-012bc0109f14)
2019-07-18 09:44:01.555 22705 RALLYDEBUG rally_openstack.cleanup.manager [-] Deleting neutron.port object s_rally_a4217724_ODrmBZwJ (9a48651a-7609-4d56-8518-c903d9d1fc91)
2019-07-18 09:44:01.644 22705 RALLYDEBUG rally_openstack.cleanup.manager [-] Deleting neutron.port object s_rally_a4217724_nlgSM9Ci (9ae350eb-0410-44e5-ab4c-a59036ac1133)
2019-07-18 09:44:01.695 22705 RALLYDEBUG rally_openstack.cleanup.manager [-] Deleting neutron.port object s_rally_a4217724_Jzhp80X8 (9b66bd02-8189-440d-a70c-6f58574c0121)
2019-07-18 09:44:01.969 22705 RALLYDEBUG rally_openstack.cleanup.manager [-] Deleting neutron.port object s_rally_a4217724_lrlabbs2 (9cc89129-82aa-48af-8f7a-9c42d98cfa77)
2019-07-18 09:44:02.065 22705 RALLYDEBUG rally_openstack.cleanup.manager [-] Deleting neutron.port object s_rally_a4217724_HCcsqwMu (9e660133-e2bb-4fdf-aa5b-562eca243864)
2019-07-18 09:44:02.072 22705 RALLYDEBUG rally_openstack.cleanup.manager [-] Deleting neutron.port object s_rally_a4217724_MJxcaLip (9eb3ab08-0c32-4727-aa99-659fe01d97c0)
2019-07-18 09:44:02.211 22705 RALLYDEBUG rally_openstack.cleanup.manager [-] Deleting neutron.port object s_rally_a4217724_ZNIHxfdZ (a0447823-1fce-4778-9a9d-e63035dbad01)
2019-07-18 09:44:02.655 22705 RALLYDEBUG rally_openstack.cleanup.manager [-] Deleting neutron.port object s_rally_a4217724_O34gPUiE (a2b09ce8-1461-4f15-abbf-b011817071ce)
2019-07-18 09:44:02.693 22705 RALLYDEBUG rally_openstack.cleanup.manager [-] Deleting neutron.port object s_rally_a4217724_lnEqBzfG (a5021866-147b-46f7-aab8-a8f518040b49)
2019-07-18 09:44:02.700 22705 RALLYDEBUG rally_openstack.cleanup.manager [-] Deleting neutron.port object s_rally_a4217724_0nRPucJ1 (a5c7f51c-65d0-44f0-af04-9c5914f0b7f8)
2019-07-18 09:44:02.900 22705 RALLYDEBUG rally_openstack.cleanup.manager [-] Deleting neutron.port object s_rally_a4217724_S0Syk7pa (a9288460-46b4-4ec0-ab4e-7dc0f974e91d)
2019-07-18 09:44:02.913 22705 RALLYDEBUG rally_openstack.cleanup.manager [-] Deleting neutron.port object s_rally_a4217724_WFYZdrZI (ac964c53-21e0-49e4-87ba-aadc92e69714)
2019-07-18 09:44:02.920 22705 RALLYDEBUG rally_openstack.cleanup.manager [-] Deleting neutron.port object s_rally_a4217724_vnSPfwAZ (adc37b0d-56d9-401b-a931-e24b7a687bee)
2019-07-18 09:44:02.958 22705 RALLYDEBUG rally_openstack.cleanup.manager [-] Deleting neutron.port object s_rally_a4217724_YlvSyWgd (aec51a2e-17ad-474d-8873-341b00633c18)
2019-07-18 09:44:03.194 22705 RALLYDEBUG rally_openstack.cleanup.manager [-] Deleting neutron.port object s_rally_a4217724_5NZMSSYM (af63db37-ba07-4a66-9a91-de14e9ebbe6f)
2019-07-18 09:44:03.204 22705 RALLYDEBUG rally_openstack.cleanup.manager [-] Deleting neutron.port object s_rally_a4217724_bbh7Wk93 (b14d1627-24af-4911-b20e-f909d71b233e)
2019-07-18 09:44:03.207 22705 RALLYDEBUG rally_openstack.cleanup.manager [-] Deleting neutron.port object s_rally_a4217724_RmH1QXq2 (b18fb57b-f3de-4b33-99ce-1dbc5a03236a)
2019-07-18 09:44:03.221 22705 RALLYDEBUG rally_openstack.cleanup.manager [-] Deleting neutron.port object s_rally_a4217724_5p231ev8 (b457e73d-554e-421a-813b-febade0a0135)
2019-07-18 09:44:03.323 22705 RALLYDEBUG rally_openstack.cleanup.manager [-] Deleting neutron.port object s_rally_a4217724_ErJcMHUO (b48d88a8-a39a-4c1b-9d06-60742dff3c22)
2019-07-18 09:44:04.468 22705 RALLYDEBUG rally_openstack.cleanup.manager [-] Deleting neutron.port object s_rally_a4217724_gZfbPHPr (b4df7e01-a93a-4870-bcaa-179ab2de2a7e)
2019-07-18 09:44:04.715 22705 RALLYDEBUG rally_openstack.cleanup.manager [-] Deleting neutron.port object s_rally_a4217724_ZBAtnpL0 (b549f238-8408-42e6-a456-3f9ef115fcab)
2019-07-18 09:44:04.998 22705 RALLYDEBUG rally_openstack.cleanup.manager [-] Deleting neutron.port object s_rally_a4217724_jaCywQhh (b63e7546-c170-4089-8229-e6fc3618db63)
2019-07-18 09:44:05.075 22705 RALLYDEBUG rally_openstack.cleanup.manager [-] Deleting neutron.port object s_rally_a4217724_olyVYsM0 (b641fd30-3c3b-4de1-a563-a2d48ef0f87e)
2019-07-18 09:44:05.106 22705 RALLYDEBUG rally_openstack.cleanup.manager [-] Deleting neutron.port object s_rally_a4217724_xhRWRVp6 (b7eb0e0a-14f8-45f2-ac72-158bef3ae697)
2019-07-18 09:44:05.127 22705 RALLYDEBUG rally_openstack.cleanup.manager [-] Deleting neutron.port object s_rally_a4217724_hUAOIkzC (b92cc928-a489-43c3-917c-cbbc6e7e1311)
2019-07-18 09:44:05.383 22705 RALLYDEBUG rally_openstack.cleanup.manager [-] Deleting neutron.port object s_rally_a4217724_Fsxi9YOD (bd2d75ff-e930-43d0-b828-6980c019f7c4)
2019-07-18 09:44:05.465 22705 RALLYDEBUG rally_openstack.cleanup.manager [-] Deleting neutron.port object s_rally_a4217724_KYki9ohk (bd546b88-a3de-4ac2-b2b9-47022d39a4a1)
2019-07-18 09:44:05.471 22705 RALLYDEBUG rally_openstack.cleanup.manager [-] Deleting neutron.port object s_rally_a4217724_pihkYb3z (c02f2e77-9b7e-48c5-aa7d-9b6571009085)
2019-07-18 09:44:05.617 22705 RALLYDEBUG rally_openstack.cleanup.manager [-] Deleting neutron.port object s_rally_a4217724_PHpxoj1O (c03517cc-fb7d-47da-b261-9596b7bbed3c)
2019-07-18 09:44:05.868 22705 RALLYDEBUG rally_openstack.cleanup.manager [-] Deleting neutron.port object s_rally_a4217724_JfS9fO7I (c1a2d9c4-9690-45be-b8a3-52070365f4d1)
2019-07-18 09:44:06.130 22705 RALLYDEBUG rally_openstack.cleanup.manager [-] Deleting neutron.port object s_rally_a4217724_voPc4y4k (c601a17a-2944-43ed-9881-c85630a76dbc)
2019-07-18 09:44:06.214 22705 RALLYDEBUG rally_openstack.cleanup.manager [-] Deleting neutron.port object s_rally_a4217724_use9L6gh (c7690fe6-71ec-4e9a-8834-99e3b42e10fa)
2019-07-18 09:44:06.278 22705 RALLYDEBUG rally_openstack.cleanup.manager [-] Deleting neutron.port object s_rally_a4217724_1eVkfadf (c76d8aac-e812-4f37-8578-cd63ff90d1ef)
2019-07-18 09:44:06.407 22705 RALLYDEBUG rally_openstack.cleanup.manager [-] Deleting neutron.port object s_rally_a4217724_s2iEKUmo (c84322ba-4329-436c-a327-bba198c225b6)
2019-07-18 09:44:06.687 22705 RALLYDEBUG rally_openstack.cleanup.manager [-] Deleting neutron.port object s_rally_a4217724_ULzBKEXu (ca62f495-54df-42c2-8e16-f47db31fa00e)
2019-07-18 09:44:06.688 22705 RALLYDEBUG rally_openstack.cleanup.manager [-] Deleting neutron.port object s_rally_a4217724_w0gWmEa2 (cc9865fb-6db5-4c08-b38c-e396ad7e3a46)
2019-07-18 09:44:06.705 22705 RALLYDEBUG rally_openstack.cleanup.manager [-] Deleting neutron.port object s_rally_a4217724_QLaJL0SC (cd38446e-d306-498c-b36c-c5cd53e754e1)
2019-07-18 09:44:06.708 22705 RALLYDEBUG rally_openstack.cleanup.manager [-] Deleting neutron.port object s_rally_a4217724_vYtiq9gh (cd465039-79ee-4fc8-a555-728b98a5c03c)
2019-07-18 09:44:06.712 22705 RALLYDEBUG rally_openstack.cleanup.manager [-] Deleting neutron.port object s_rally_a4217724_tMtNzq67 (cc9b2e13-4317-4e4f-bca9-29e99f6d417c)
2019-07-18 09:44:06.858 22705 RALLYDEBUG rally_openstack.cleanup.manager [-] Deleting neutron.port object s_rally_a4217724_jV5VMtQv (ce249fcf-d399-48cd-8a3d-8359206c775b)
2019-07-18 09:44:07.348 22705 RALLYDEBUG rally_openstack.cleanup.manager [-] Deleting neutron.port object s_rally_a4217724_QcLoEVL8 (ceb7942d-c1b8-4a99-ac66-bb489bc8a9b5)
2019-07-18 09:44:07.421 22705 RALLYDEBUG rally_openstack.cleanup.manager [-] Deleting neutron.port object s_rally_a4217724_oYdqiBgT (cf1f1ebe-d244-44db-8a0d-bc3537cc2adc)
2019-07-18 09:44:07.724 22705 RALLYDEBUG rally_openstack.cleanup.manager [-] Deleting neutron.port object s_rally_a4217724_DQRdWADe (d03730de-34ae-4d97-96f1-5506e92fa1c9)
2019-07-18 09:44:07.736 22705 RALLYDEBUG rally_openstack.cleanup.manager [-] Deleting neutron.port object s_rally_a4217724_g17oMDzv (d1f1dc98-9d58-42e2-b7a4-df1e1e7e3d4b)
2019-07-18 09:44:07.831 22705 RALLYDEBUG rally_openstack.cleanup.manager [-] Deleting neutron.port object s_rally_a4217724_BOWI2yIJ (d2244121-1b9e-4764-a4d5-48e86d2a0bda)
2019-07-18 09:44:08.007 22705 RALLYDEBUG rally_openstack.cleanup.manager [-] Deleting neutron.port object s_rally_a4217724_1iqmvQos (d2e1aeca-fbbd-4ada-9c9e-38321852e8b8)
2019-07-18 09:44:08.470 22705 RALLYDEBUG rally_openstack.cleanup.manager [-] Deleting neutron.port object s_rally_a4217724_Kp009DsG (d3d03752-c1ea-4a2c-b01f-b09c7698482b)
2019-07-18 09:44:08.657 22705 RALLYDEBUG rally_openstack.cleanup.manager [-] Deleting neutron.port object s_rally_a4217724_UQd3CdXK (d65dd5ae-529e-40c5-8eaf-275bc1eb946c)
2019-07-18 09:44:09.012 22705 RALLYDEBUG rally_openstack.cleanup.manager [-] Deleting neutron.port object s_rally_a4217724_zQW2TieN (d6ab62d6-579d-4d14-81b7-a9f96f278aa4)
2019-07-18 09:44:09.128 22705 RALLYDEBUG rally_openstack.cleanup.manager [-] Deleting neutron.port object s_rally_a4217724_dYSN7DdI (d742236f-5142-4ac9-a605-e062d6743425)
2019-07-18 09:44:09.406 22705 RALLYDEBUG rally_openstack.cleanup.manager [-] Deleting neutron.port object s_rally_a4217724_HXY2etPF (d85cba35-3b51-43f4-a04f-aa17747bee8f)
2019-07-18 09:44:09.427 22705 RALLYDEBUG rally_openstack.cleanup.manager [-] Deleting neutron.port object s_rally_a4217724_px9UgK8p (da925b3f-2913-4799-917e-83c33952ebe5)
2019-07-18 09:44:09.436 22705 RALLYDEBUG rally_openstack.cleanup.manager [-] Deleting neutron.port object s_rally_a4217724_1tKhlMNk (dfff07f7-f7ce-439a-80c3-7481426b905d)
2019-07-18 09:44:09.436 22705 RALLYDEBUG rally_openstack.cleanup.manager [-] Deleting neutron.port object s_rally_a4217724_PUCi1pUv (df19ca66-6b93-4ee2-b44a-aa0d1414e9f0)
2019-07-18 09:44:09.486 22705 RALLYDEBUG rally_openstack.cleanup.manager [-] Deleting neutron.port object s_rally_a4217724_9s5UeU7L (e126f6f5-1390-4157-91e3-2731d4932d6a)
2019-07-18 09:44:09.498 22705 RALLYDEBUG rally_openstack.cleanup.manager [-] Deleting neutron.port object s_rally_a4217724_dLfv1asn (e39e9650-7d7e-4053-b1dd-9b1a0703bcd2)
2019-07-18 09:44:09.650 22705 RALLYDEBUG rally_openstack.cleanup.manager [-] Deleting neutron.port object s_rally_a4217724_6YwSYxhE (e53747d5-5557-43be-876b-a906aef63ac5)
2019-07-18 09:44:09.678 22705 RALLYDEBUG rally_openstack.cleanup.manager [-] Deleting neutron.port object s_rally_a4217724_KT23LSD4 (e5a7abe4-9fa1-4ef4-aa63-29de556fa19e)
2019-07-18 09:44:09.882 22705 RALLYDEBUG rally_openstack.cleanup.manager [-] Deleting neutron.port object s_rally_a4217724_joAPqq3P (e75cfcbd-5fe5-40f4-aff2-6f4767ea8098)
2019-07-18 09:44:10.060 22705 RALLYDEBUG rally_openstack.cleanup.manager [-] Deleting neutron.port object s_rally_a4217724_lqFD38sW (e7edb229-0934-4fcd-b030-2ca68c12ef78)
2019-07-18 09:44:10.382 22705 RALLYDEBUG rally_openstack.cleanup.manager [-] Deleting neutron.port object s_rally_a4217724_IizjAY6v (e8ed923b-821e-4bfa-af99-264048e196c8)
2019-07-18 09:44:10.390 22705 RALLYDEBUG rally_openstack.cleanup.manager [-] Deleting neutron.port object s_rally_a4217724_nzKRGIin (ea2128eb-46fc-4156-a12e-9e88da59012f)
2019-07-18 09:44:10.393 22705 RALLYDEBUG rally_openstack.cleanup.manager [-] Deleting neutron.port object s_rally_a4217724_0LMbVle8 (ede9b09b-fc9b-4091-b542-4675d2d4e99b)
2019-07-18 09:44:10.623 22705 RALLYDEBUG rally_openstack.cleanup.manager [-] Deleting neutron.port object s_rally_a4217724_mmU1NP4d (ee483e7b-ca63-4237-bcc3-be8a198b4a5b)
2019-07-18 09:44:10.968 22705 RALLYDEBUG rally_openstack.cleanup.manager [-] Deleting neutron.port object s_rally_a4217724_5pTAvkug (eed47b56-c1ff-4ec1-84db-ddbd10050a32)
2019-07-18 09:44:11.258 22705 RALLYDEBUG rally_openstack.cleanup.manager [-] Deleting neutron.port object s_rally_a4217724_fg8RAX9O (f23d5ab6-d7af-42ad-9124-61f0a01fa761)
2019-07-18 09:44:11.270 22705 RALLYDEBUG rally_openstack.cleanup.manager [-] Deleting neutron.port object s_rally_a4217724_2SC5nNUB (f3094895-6374-4360-ae2b-073ff2244144)
2019-07-18 09:44:11.330 22705 RALLYDEBUG rally_openstack.cleanup.manager [-] Deleting neutron.port object s_rally_a4217724_saE3lHjk (f33596d2-fcef-4610-b3ec-a30b59a15399)
2019-07-18 09:44:11.434 22705 RALLYDEBUG rally_openstack.cleanup.manager [-] Deleting neutron.port object s_rally_a4217724_YwqS8xyJ (f515f0d0-73a7-4334-94a6-0278f3f54d1e)
2019-07-18 09:44:11.885 22705 RALLYDEBUG rally_openstack.cleanup.manager [-] Deleting neutron.port object s_rally_a4217724_yuWEIQwp (f583c9c3-1d41-47c7-ad90-45734d9b3b7d)
2019-07-18 09:44:11.897 22705 RALLYDEBUG rally_openstack.cleanup.manager [-] Deleting neutron.port object s_rally_a4217724_2wvbVUfB (f593a077-b7e5-42fb-970e-3a5bc079d8ec)
2019-07-18 09:44:12.593 22705 RALLYDEBUG rally_openstack.cleanup.manager [-] Deleting neutron.port object s_rally_a4217724_gkxp95SE (f79b93a2-1c80-4cf6-839b-c7e767110013)
2019-07-18 09:44:12.674 22705 RALLYDEBUG rally_openstack.cleanup.manager [-] Deleting neutron.port object s_rally_a4217724_aHt0bnBJ (f9bbf95d-4d32-4b92-a474-d536235f1c58)
2019-07-18 09:44:12.790 22705 RALLYDEBUG rally_openstack.cleanup.manager [-] Deleting neutron.port object s_rally_a4217724_L658k0TN (faf55752-042c-45ab-88d8-2fb6f5acff46)
2019-07-18 09:44:12.798 22705 RALLYDEBUG rally_openstack.cleanup.manager [-] Deleting neutron.port object s_rally_a4217724_iJt0OAcS (fb24a620-d0b3-4bf0-9db9-c4ed21ac05e9)
2019-07-18 09:44:12.808 22705 RALLYDEBUG rally_openstack.cleanup.manager [-] Deleting neutron.port object s_rally_a4217724_Fax9Uo2h (ff7aba71-a66c-48e5-bad4-135166268cc2)
2019-07-18 09:44:12.818 22705 RALLYDEBUG rally_openstack.cleanup.manager [-] Deleting neutron.port object s_rally_a4217724_4mnS4gLm (ffa60d0c-926e-4fab-b0a1-3f8cc8647471)
2019-07-18 09:44:12.818 22705 RALLYDEBUG rally_openstack.cleanup.manager [-] Deleting neutron.port object s_rally_a4217724_KuWqlzyr (ff9c67b2-efc6-4307-bebd-0fc1d6fe4d9e)
2019-07-18 09:44:15.673 22705 RALLYDEBUG rally_openstack.cleanup.manager [-] Cleaning up neutron subnet objects
2019-07-18 09:44:16.363 22705 RALLYDEBUG rally_openstack.cleanup.manager [-] Cleaning up neutron network objects
2019-07-18 09:44:17.167 22705 RALLYDEBUG rally_openstack.cleanup.manager [-] Deleting neutron.network object s_rally_a4217724_H0VO1i2I (03c32faa-75d8-4695-bae7-ae3f35cf961c)
2019-07-18 09:44:17.171 22705 RALLYDEBUG rally_openstack.cleanup.manager [-] Deleting neutron.network object s_rally_a4217724_J1hjRz19 (07c31984-d2a9-47ff-a7e9-1f5a687ba165)
2019-07-18 09:44:17.180 22705 RALLYDEBUG rally_openstack.cleanup.manager [-] Deleting neutron.network object s_rally_a4217724_iGS57sAX (0e8c1717-a5fd-4d54-b062-805422e74121)
2019-07-18 09:44:17.188 22705 RALLYDEBUG rally_openstack.cleanup.manager [-] Deleting neutron.network object s_rally_a4217724_aOK77Ra9 (12203840-7725-4025-b14a-818936c5360b)
2019-07-18 09:44:17.197 22705 RALLYDEBUG rally_openstack.cleanup.manager [-] Deleting neutron.network object s_rally_a4217724_mcvkhvQ3 (1256c273-6b7c-4491-97eb-beabf739ae9b)
2019-07-18 09:44:17.206 22705 RALLYDEBUG rally_openstack.cleanup.manager [-] Deleting neutron.network object s_rally_a4217724_4lL5iyhI (129ddecd-fd1d-4f02-ae53-6675207c26f3)
2019-07-18 09:44:17.221 22705 RALLYDEBUG rally_openstack.cleanup.manager [-] Deleting neutron.network object s_rally_a4217724_9amgCxuz (12b2f5b9-40a4-4e71-a1b8-cdd18e9a3ba9)
2019-07-18 09:44:17.231 22705 RALLYDEBUG rally_openstack.cleanup.manager [-] Deleting neutron.network object s_rally_a4217724_EcHOuT4R (1b2dac99-2f19-4ee2-b0a4-0f7b8f7e76fe)
2019-07-18 09:44:17.243 22705 RALLYDEBUG rally_openstack.cleanup.manager [-] Deleting neutron.network object s_rally_a4217724_osOeyrVK (2468d9d0-df82-418b-873d-4beedaf6ed80)
2019-07-18 09:44:17.254 22705 RALLYDEBUG rally_openstack.cleanup.manager [-] Deleting neutron.network object s_rally_a4217724_n97SyClC (2d3a5e00-7d88-4354-b10a-54d791fde3cf)
2019-07-18 09:44:17.275 22705 RALLYDEBUG rally_openstack.cleanup.manager [-] Deleting neutron.network object s_rally_a4217724_Sj0ZFo9U (34667976-2249-4101-b4d8-25f6f9ee67b2)
2019-07-18 09:44:17.291 22705 RALLYDEBUG rally_openstack.cleanup.manager [-] Deleting neutron.network object s_rally_a4217724_d4NgR9mm (393947be-6d48-4802-92df-80599a06eec4)
2019-07-18 09:44:17.303 22705 RALLYDEBUG rally_openstack.cleanup.manager [-] Deleting neutron.network object s_rally_a4217724_xx8zbXas (3f86e769-f8e5-446f-af39-70a0728bfb8d)
2019-07-18 09:44:17.320 22705 RALLYDEBUG rally_openstack.cleanup.manager [-] Deleting neutron.network object s_rally_a4217724_sJ9HgsGI (3f93ac89-f134-4c20-bab5-948318e72357)
2019-07-18 09:44:17.321 22705 RALLYDEBUG rally_openstack.cleanup.manager [-] Deleting neutron.network object s_rally_a4217724_x9nYu6Tv (48f0e1bf-0b4d-47e4-ab3b-3364af1f7a6c)
2019-07-18 09:44:17.351 22705 RALLYDEBUG rally_openstack.cleanup.manager [-] Deleting neutron.network object s_rally_a4217724_D6n0iRgw (4a08438d-da5d-4267-b5e2-224ee384fc8f)
2019-07-18 09:44:17.359 22705 RALLYDEBUG rally_openstack.cleanup.manager [-] Deleting neutron.network object s_rally_a4217724_ksqG5m5K (4e3c9693-d702-4c8f-87eb-214a74a179b9)
2019-07-18 09:44:17.361 22705 RALLYDEBUG rally_openstack.cleanup.manager [-] Deleting neutron.network object s_rally_a4217724_O8HcoKlv (4f92e429-b127-4754-b4f8-884ac06c800c)
2019-07-18 09:44:17.371 22705 RALLYDEBUG rally_openstack.cleanup.manager [-] Deleting neutron.network object s_rally_a4217724_m6xS9RGe (54bb8896-a420-49c0-9ff6-aaa5f516b435)
2019-07-18 09:44:17.371 22705 RALLYDEBUG rally_openstack.cleanup.manager [-] Deleting neutron.network object s_rally_a4217724_3RP8NkwN (582c0aa1-417b-4c5a-a13b-42e870ba6825)
2019-07-18 09:44:20.824 22705 RALLYDEBUG rally_openstack.cleanup.manager [-] Deleting neutron.network object s_rally_a4217724_9JND6BKo (6899479f-d2a1-4c13-a881-794efe390cb3)
2019-07-18 09:44:20.914 22705 RALLYDEBUG rally_openstack.cleanup.manager [-] Deleting neutron.network object s_rally_a4217724_dfQHa9Qk (69c494b9-64bd-4341-a4b1-80f3f3291421)
2019-07-18 09:44:21.064 22705 RALLYDEBUG rally_openstack.cleanup.manager [-] Deleting neutron.network object s_rally_a4217724_ng0qwaKr (77d9ba99-6792-4f12-bf04-caac671a0626)
2019-07-18 09:44:21.104 22705 RALLYDEBUG rally_openstack.cleanup.manager [-] Deleting neutron.network object s_rally_a4217724_gGb49hez (78f5834b-f7c8-45fc-a263-c2dc0a709632)
2019-07-18 09:44:21.380 22705 RALLYDEBUG rally_openstack.cleanup.manager [-] Deleting neutron.network object s_rally_a4217724_789YjXTZ (93487e6a-bba1-4866-850e-0083b3ee7dc1)
2019-07-18 09:44:21.467 22705 RALLYDEBUG rally_openstack.cleanup.manager [-] Deleting neutron.network object s_rally_a4217724_jhzwYwqb (99400ed8-e101-47d9-b36d-ff6a8677c9c0)
2019-07-18 09:44:21.528 22705 RALLYDEBUG rally_openstack.cleanup.manager [-] Deleting neutron.network object s_rally_a4217724_RXBcwtfv (9c18e464-c27c-4fde-810b-1acb23628cef)
2019-07-18 09:44:21.537 22705 RALLYDEBUG rally_openstack.cleanup.manager [-] Deleting neutron.network object s_rally_a4217724_uTW5dvxx (9f76d90b-0f10-4566-89cc-572489bbd1f4)
2019-07-18 09:44:21.556 22705 RALLYDEBUG rally_openstack.cleanup.manager [-] Deleting neutron.network object s_rally_a4217724_QqYXKPRn (ab5c41d0-0e8c-477a-971e-7b11a1581648)
2019-07-18 09:44:21.560 22705 RALLYDEBUG rally_openstack.cleanup.manager [-] Deleting neutron.network object s_rally_a4217724_eBXaOBXb (acb33d38-9517-4232-b762-538568ed5cb9)
2019-07-18 09:44:21.728 22705 RALLYDEBUG rally_openstack.cleanup.manager [-] Deleting neutron.network object s_rally_a4217724_kZuX4GcE (c106bcaa-c941-4f92-b0b7-59208e2bf404)
2019-07-18 09:44:21.729 22705 RALLYDEBUG rally_openstack.cleanup.manager [-] Deleting neutron.network object s_rally_a4217724_oy6e0wZg (bae6c9f2-4cb1-4a8a-a417-712b58d835d3)
2019-07-18 09:44:22.026 22705 RALLYDEBUG rally_openstack.cleanup.manager [-] Deleting neutron.network object s_rally_a4217724_4ImwfuAl (c5090142-142e-48a5-85f2-41167ae9d3ed)
2019-07-18 09:44:22.031 22705 RALLYDEBUG rally_openstack.cleanup.manager [-] Deleting neutron.network object s_rally_a4217724_5T7HDPjk (c91bcc83-847c-4cad-93c4-979459c3f277)
2019-07-18 09:44:22.431 22705 RALLYDEBUG rally_openstack.cleanup.manager [-] Deleting neutron.network object s_rally_a4217724_tvD33PLy (d3ff90b3-4481-40f2-aa46-304c09fccb4b)
2019-07-18 09:44:22.435 22705 RALLYDEBUG rally_openstack.cleanup.manager [-] Deleting neutron.network object s_rally_a4217724_h5sXeUVV (d72c3ecc-1ea2-476b-a1fa-dfb69e44710a)
2019-07-18 09:44:22.986 22705 RALLYDEBUG rally_openstack.cleanup.manager [-] Deleting neutron.network object s_rally_a4217724_0srn79gY (e9a22a56-f46f-497e-b45b-d9a5e37e3e0e)
2019-07-18 09:44:23.013 22705 RALLYDEBUG rally_openstack.cleanup.manager [-] Deleting neutron.network object s_rally_a4217724_o4jKieuH (ee722d73-a1eb-44f2-b0c4-3a4d3e8cf213)
2019-07-18 09:44:23.054 22705 RALLYDEBUG rally_openstack.cleanup.manager [-] Deleting neutron.network object s_rally_a4217724_GhvqXMNa (f8a580b1-28eb-49b2-97a2-868f86823562)
2019-07-18 09:44:23.108 22705 RALLYDEBUG rally_openstack.cleanup.manager [-] Deleting neutron.network object s_rally_a4217724_89Ve9Y7W (f9981590-dd62-414e-acfd-02b3194099d3)
2019-07-18 09:44:27.265 22705 RALLYDEBUG rally_openstack.cleanup.manager [-] Cleaning up neutron router objects
2019-07-18 09:44:27.924 22705 RALLYDEBUG rally_openstack.cleanup.manager [-] Cleaning up neutron security_group objects
2019-07-18 09:44:28.575 22705 INFO rally.task.context [-] Task d5913fc7-e684-443c-81dc-ad205e82ae7c | Context cleanup@openstack cleanup() finished in 52.46 sec
2019-07-18 09:44:28.576 22705 INFO rally.task.context [-] Task d5913fc7-e684-443c-81dc-ad205e82ae7c | Context quotas@openstack cleanup() started
2019-07-18 09:44:28.790 22705 INFO rally.task.context [-] Task d5913fc7-e684-443c-81dc-ad205e82ae7c | Context quotas@openstack cleanup() finished in 0.21 sec
2019-07-18 09:44:28.791 22705 INFO rally.task.context [-] Task d5913fc7-e684-443c-81dc-ad205e82ae7c | Context users@openstack cleanup() started
2019-07-18 09:44:33.051 22705 INFO rally.task.context [-] Task d5913fc7-e684-443c-81dc-ad205e82ae7c | Context users@openstack cleanup() finished in 4.26 sec
2019-07-18 09:44:33.484 22705 INFO rally.task.engine [-] Load duration is: 44.238375
2019-07-18 09:44:33.484 22705 INFO rally.task.engine [-] Full runner duration is: 44.292071
2019-07-18 09:44:33.485 22705 INFO rally.task.engine [-] Full duration is: 106.059831
2019-07-18 09:44:33.695 22705 INFO rally.task.engine [-] Running workload: position = 2 config = { "version": 2, "title": "A cropped version of a bigger task.", "description": "Auto-generated task from a single workload (uuid=4082dc1a-48d1-4fba-838a-945377bbb544)", "subtasks": [ { "title": "NeutronNetworks.create_and_delete_ports", "description": "Create and delete a port.", "scenario": { "NeutronNetworks.create_and_delete_ports": { "network_create_args": {}, "port_create_args": {}, "ports_per_network": 5 } }, "contexts": { "users": { "tenants": 1, "users_per_tenant": 1 }, "quotas": { "neutron": { "network": -1, "port": -1 } } }, "runner": { "constant": { "times": 40, "concurrency": 20 } }, "hooks": [], "sla": { "failure_rate": { "max": 0 } } } ] }
2019-07-18 09:44:33.719 22705 RALLYDEBUG rally_openstack.contexts.keystone.users [-] Creating 1 tenants using 20 threads
2019-07-18 09:44:35.339 22705 RALLYDEBUG rally_openstack.contexts.keystone.users [-] Creating 1 users using 20 threads
2019-07-18 09:44:37.817 22705 INFO rally.task.context [-] Task d5913fc7-e684-443c-81dc-ad205e82ae7c | Context users@openstack setup() finished in 4.10 sec
2019-07-18 09:44:38.551 22705 INFO rally.task.context [-] Task d5913fc7-e684-443c-81dc-ad205e82ae7c | Context quotas@openstack setup() finished in 0.73 sec
2019-07-18 09:44:38.552 22705 INFO rally.task.context [-] Task d5913fc7-e684-443c-81dc-ad205e82ae7c | Context cleanup@openstack setup() finished in 0.01 msec
2019-07-18 09:44:38.559 22705 RALLYDEBUG rally.task.runner [-] Starting the constant runner (task UUID: d5913fc7-e684-443c-81dc-ad205e82ae7c). timeout: 0 concurrency: 20 concurrency_per_worker: 1 times: 40 concurrency_overhead: 4 processes_to_start: 16 max_cpu_used: 16
2019-07-18 09:44:38.570 26951 RALLYDEBUG rally.task.runner [-] Starting a worker. concurrency: 2 args: {"network_create_args": {}, "port_create_args": {}, "ports_per_network": 5} times: 40 method_name: run timeout: 0 duration: None cls:
2019-07-18 09:44:38.574 26951 INFO rally.task.runner [-] Task d5913fc7-e684-443c-81dc-ad205e82ae7c | ITER: 1 START
2019-07-18 09:44:38.576 26951 WARNING rally_openstack.scenarios.neutron.utils [-] Running this scenario without either the 'network' or 'existing_network' context is deprecated
2019-07-18 09:44:38.575 26952 RALLYDEBUG rally.task.runner [-] Starting a worker. concurrency: 2 args: {"network_create_args": {}, "port_create_args": {}, "ports_per_network": 5} times: 40 method_name: run timeout: 0 duration: None cls:
2019-07-18 09:44:38.578 26953 RALLYDEBUG rally.task.runner [-] Starting a worker. concurrency: 2 args: {"network_create_args": {}, "port_create_args": {}, "ports_per_network": 5} times: 40 method_name: run timeout: 0 duration: None cls:
2019-07-18 09:44:38.581 26956 RALLYDEBUG rally.task.runner [-] Starting a worker. concurrency: 2 args: {"network_create_args": {}, "port_create_args": {}, "ports_per_network": 5} times: 40 method_name: run timeout: 0 duration: None cls:
2019-07-18 09:44:38.584 26952 INFO rally.task.runner [-] Task d5913fc7-e684-443c-81dc-ad205e82ae7c | ITER: 3 START
2019-07-18 09:44:38.586 26953 INFO rally.task.runner [-] Task d5913fc7-e684-443c-81dc-ad205e82ae7c | ITER: 4 START
2019-07-18 09:44:38.586 26957 RALLYDEBUG rally.task.runner [-] Starting a worker. concurrency: 1 args: {"network_create_args": {}, "port_create_args": {}, "ports_per_network": 5} times: 40 method_name: run timeout: 0 duration: None cls:
2019-07-18 09:44:38.585 26952 INFO rally.task.runner [-] Task d5913fc7-e684-443c-81dc-ad205e82ae7c | ITER: 5 START
2019-07-18 09:44:38.587 26956 INFO rally.task.runner [-] Task d5913fc7-e684-443c-81dc-ad205e82ae7c | ITER: 6 START
2019-07-18 09:44:38.587 26952 WARNING rally_openstack.scenarios.neutron.utils [-] Running this scenario without either the 'network' or 'existing_network' context is deprecated
2019-07-18 09:44:38.589 26953 WARNING rally_openstack.scenarios.neutron.utils [-] Running this scenario without either the 'network' or 'existing_network' context is deprecated
2019-07-18 09:44:38.589 26951 INFO rally.task.runner [-] Task d5913fc7-e684-443c-81dc-ad205e82ae7c | ITER: 2 START
2019-07-18 09:44:38.590 26951 WARNING rally_openstack.scenarios.neutron.utils [-] Running this scenario without either the 'network' or 'existing_network' context is deprecated
2019-07-18 09:44:38.589 26956 WARNING rally_openstack.scenarios.neutron.utils [-] Running this scenario without either the 'network' or 'existing_network' context is deprecated
2019-07-18 09:44:38.591 26960 RALLYDEBUG rally.task.runner [-] Starting a worker. concurrency: 1 args: {"network_create_args": {}, "port_create_args": {}, "ports_per_network": 5} times: 40 method_name: run timeout: 0 duration: None cls:
2019-07-18 09:44:38.594 26957 INFO rally.task.runner [-] Task d5913fc7-e684-443c-81dc-ad205e82ae7c | ITER: 9 START
2019-07-18 09:44:38.595 26957 WARNING rally_openstack.scenarios.neutron.utils [-] Running this scenario without either the 'network' or 'existing_network' context is deprecated
2019-07-18 09:44:38.595 26965 RALLYDEBUG rally.task.runner [-] Starting a worker. concurrency: 1 args: {"network_create_args": {}, "port_create_args": {}, "ports_per_network": 5} times: 40 method_name: run timeout: 0 duration: None cls:
2019-07-18 09:44:38.597 26953 INFO rally.task.runner [-] Task d5913fc7-e684-443c-81dc-ad205e82ae7c | ITER: 7 START
2019-07-18 09:44:38.598 26953 WARNING rally_openstack.scenarios.neutron.utils [-] Running this scenario without either the 'network' or 'existing_network' context is deprecated
2019-07-18 09:44:38.588 26952 WARNING rally_openstack.scenarios.neutron.utils [-] Running this scenario without either the 'network' or 'existing_network' context is deprecated
2019-07-18 09:44:38.598 26969 RALLYDEBUG rally.task.runner [-] Starting a worker. concurrency: 1 args: {"network_create_args": {}, "port_create_args": {}, "ports_per_network": 5} times: 40 method_name: run timeout: 0 duration: None cls:
2019-07-18 09:44:38.601 26960 INFO rally.task.runner [-] Task d5913fc7-e684-443c-81dc-ad205e82ae7c | ITER: 10 START
2019-07-18 09:44:38.602 26960 WARNING rally_openstack.scenarios.neutron.utils [-] Running this scenario without either the 'network' or 'existing_network' context is deprecated
2019-07-18 09:44:38.599 26956 INFO rally.task.runner [-] Task d5913fc7-e684-443c-81dc-ad205e82ae7c | ITER: 8 START
2019-07-18 09:44:38.603 26956 WARNING rally_openstack.scenarios.neutron.utils [-] Running this scenario without either the 'network' or 'existing_network' context is deprecated
2019-07-18 09:44:38.605 26969 INFO rally.task.runner [-] Task d5913fc7-e684-443c-81dc-ad205e82ae7c | ITER: 12 START
2019-07-18 09:44:38.605 26965 INFO rally.task.runner [-] Task d5913fc7-e684-443c-81dc-ad205e82ae7c | ITER: 11 START
2019-07-18 09:44:38.605 26975 RALLYDEBUG rally.task.runner [-] Starting a worker. concurrency: 1 args: {"network_create_args": {}, "port_create_args": {}, "ports_per_network": 5} times: 40 method_name: run timeout: 0 duration: None cls:
2019-07-18 09:44:38.606 26969 WARNING rally_openstack.scenarios.neutron.utils [-] Running this scenario without either the 'network' or 'existing_network' context is deprecated
2019-07-18 09:44:38.607 26965 WARNING rally_openstack.scenarios.neutron.utils [-] Running this scenario without either the 'network' or 'existing_network' context is deprecated
2019-07-18 09:44:38.607 26973 RALLYDEBUG rally.task.runner [-] Starting a worker. concurrency: 1 args: {"network_create_args": {}, "port_create_args": {}, "ports_per_network": 5} times: 40 method_name: run timeout: 0 duration: None cls:
2019-07-18 09:44:38.611 26975 INFO rally.task.runner [-] Task d5913fc7-e684-443c-81dc-ad205e82ae7c | ITER: 13 START
2019-07-18 09:44:38.612 26981 RALLYDEBUG rally.task.runner [-] Starting a worker. concurrency: 1 args: {"network_create_args": {}, "port_create_args": {}, "ports_per_network": 5} times: 40 method_name: run timeout: 0 duration: None cls:
2019-07-18 09:44:38.613 26975 WARNING rally_openstack.scenarios.neutron.utils [-] Running this scenario without either the 'network' or 'existing_network' context is deprecated
2019-07-18 09:44:38.616 26973 INFO rally.task.runner [-] Task d5913fc7-e684-443c-81dc-ad205e82ae7c | ITER: 14 START
2019-07-18 09:44:38.617 26973 WARNING rally_openstack.scenarios.neutron.utils [-] Running this scenario without either the 'network' or 'existing_network' context is deprecated
2019-07-18 09:44:38.622 26981 INFO rally.task.runner [-] Task d5913fc7-e684-443c-81dc-ad205e82ae7c | ITER: 15 START
2019-07-18 09:44:38.623 26981 WARNING rally_openstack.scenarios.neutron.utils [-] Running this scenario without either the 'network' or 'existing_network' context is deprecated
2019-07-18 09:44:38.627 26985 RALLYDEBUG rally.task.runner [-] Starting a worker. concurrency: 1 args: {"network_create_args": {}, "port_create_args": {}, "ports_per_network": 5} times: 40 method_name: run timeout: 0 duration: None cls:
2019-07-18 09:44:38.634 26985 INFO rally.task.runner [-] Task d5913fc7-e684-443c-81dc-ad205e82ae7c | ITER: 16 START
2019-07-18 09:44:38.635 26985 WARNING rally_openstack.scenarios.neutron.utils [-] Running this scenario without either the 'network' or 'existing_network' context is deprecated
2019-07-18 09:44:38.637 26990 RALLYDEBUG rally.task.runner [-] Starting a worker. concurrency: 1 args: {"network_create_args": {}, "port_create_args": {}, "ports_per_network": 5} times: 40 method_name: run timeout: 0 duration: None cls:
2019-07-18 09:44:38.641 26990 INFO rally.task.runner [-] Task d5913fc7-e684-443c-81dc-ad205e82ae7c | ITER: 17 START
2019-07-18 09:44:38.642 26990 WARNING rally_openstack.scenarios.neutron.utils [-] Running this scenario without either the 'network' or 'existing_network' context is deprecated
2019-07-18 09:44:38.644 26992 RALLYDEBUG rally.task.runner [-] Starting a worker. concurrency: 1 args: {"network_create_args": {}, "port_create_args": {}, "ports_per_network": 5} times: 40 method_name: run timeout: 0 duration: None cls:
2019-07-18 09:44:38.648 26995 RALLYDEBUG rally.task.runner [-] Starting a worker. concurrency: 1 args: {"network_create_args": {}, "port_create_args": {}, "ports_per_network": 5} times: 40 method_name: run timeout: 0 duration: None cls:
2019-07-18 09:44:38.649 26992 INFO rally.task.runner [-] Task d5913fc7-e684-443c-81dc-ad205e82ae7c | ITER: 18 START
2019-07-18 09:44:38.650 26992 WARNING rally_openstack.scenarios.neutron.utils [-] Running this scenario without either the 'network' or 'existing_network' context is deprecated
2019-07-18 09:44:38.652 26995 INFO rally.task.runner [-] Task d5913fc7-e684-443c-81dc-ad205e82ae7c | ITER: 19 START
2019-07-18 09:44:38.653 26995 WARNING rally_openstack.scenarios.neutron.utils [-] Running this scenario without either the 'network' or 'existing_network' context is deprecated
2019-07-18 09:44:38.654 26998 RALLYDEBUG rally.task.runner [-] Starting a worker. concurrency: 1 args: {"network_create_args": {}, "port_create_args": {}, "ports_per_network": 5} times: 40 method_name: run timeout: 0 duration: None cls:
2019-07-18 09:44:38.658 26998 INFO rally.task.runner [-] Task d5913fc7-e684-443c-81dc-ad205e82ae7c | ITER: 20 START
2019-07-18 09:44:38.658 26998 WARNING rally_openstack.scenarios.neutron.utils [-] Running this scenario without either the 'network' or 'existing_network' context is deprecated
2019-07-18 09:44:47.637 26960 INFO rally.task.runner [-] Task d5913fc7-e684-443c-81dc-ad205e82ae7c | ITER: 10 END: OK
2019-07-18 09:44:47.641 26960 INFO rally.task.runner [-] Task d5913fc7-e684-443c-81dc-ad205e82ae7c | ITER: 21 START
2019-07-18 09:44:47.642 26960 WARNING rally_openstack.scenarios.neutron.utils [-] Running this scenario without either the 'network' or 'existing_network' context is deprecated
2019-07-18 09:44:50.231 26990 INFO rally.task.runner [-] Task d5913fc7-e684-443c-81dc-ad205e82ae7c | ITER: 17 END: OK
2019-07-18 09:44:50.234 26990 INFO rally.task.runner [-] Task d5913fc7-e684-443c-81dc-ad205e82ae7c | ITER: 22 START
2019-07-18 09:44:50.235 26990 WARNING rally_openstack.scenarios.neutron.utils [-] Running this scenario without either the 'network' or 'existing_network' context is deprecated
2019-07-18 09:44:55.460 26960 INFO rally.task.runner [-] Task d5913fc7-e684-443c-81dc-ad205e82ae7c | ITER: 21 END: OK
2019-07-18 09:44:55.464 26960 INFO rally.task.runner [-] Task d5913fc7-e684-443c-81dc-ad205e82ae7c | ITER: 23 START
2019-07-18 09:44:55.465 26960 WARNING rally_openstack.scenarios.neutron.utils [-] Running this scenario without either the 'network' or 'existing_network' context is deprecated
2019-07-18 09:44:56.429 26951 INFO rally.task.runner [-] Task d5913fc7-e684-443c-81dc-ad205e82ae7c | ITER: 1 END: OK
2019-07-18 09:44:56.433 26951 INFO rally.task.runner [-] Task d5913fc7-e684-443c-81dc-ad205e82ae7c | ITER: 24 START
2019-07-18 09:44:56.433 26951 WARNING rally_openstack.scenarios.neutron.utils [-] Running this scenario without either the 'network' or 'existing_network' context is deprecated
2019-07-18 09:44:56.434 26957 INFO rally.task.runner [-] Task d5913fc7-e684-443c-81dc-ad205e82ae7c | ITER: 9 END: OK
2019-07-18 09:44:56.437 26957 INFO rally.task.runner [-] Task d5913fc7-e684-443c-81dc-ad205e82ae7c | ITER: 25 START
2019-07-18 09:44:56.438 26957 WARNING rally_openstack.scenarios.neutron.utils [-] Running this scenario without either the 'network' or 'existing_network' context is deprecated
2019-07-18 09:44:59.825 26990 INFO rally.task.runner [-] Task d5913fc7-e684-443c-81dc-ad205e82ae7c | ITER: 22 END: OK
2019-07-18 09:44:59.829 26990 INFO rally.task.runner [-] Task d5913fc7-e684-443c-81dc-ad205e82ae7c | ITER: 26 START
2019-07-18 09:44:59.830 26990 WARNING rally_openstack.scenarios.neutron.utils [-] Running this scenario without either the 'network' or 'existing_network' context is deprecated
2019-07-18 09:44:59.890 26985 INFO rally.task.runner [-] Task d5913fc7-e684-443c-81dc-ad205e82ae7c | ITER: 16 END: OK
2019-07-18 09:44:59.895 26985 INFO rally.task.runner [-] Task d5913fc7-e684-443c-81dc-ad205e82ae7c | ITER: 27 START
2019-07-18 09:44:59.896 26985 WARNING rally_openstack.scenarios.neutron.utils [-] Running this scenario without either the 'network' or 'existing_network' context is deprecated
2019-07-18 09:44:59.969 26956 INFO rally.task.runner [-] Task d5913fc7-e684-443c-81dc-ad205e82ae7c | ITER: 6 END: OK
2019-07-18 09:44:59.974 26956 INFO rally.task.runner [-] Task d5913fc7-e684-443c-81dc-ad205e82ae7c | ITER: 28 START
2019-07-18 09:44:59.974 26956 WARNING rally_openstack.scenarios.neutron.utils [-] Running this scenario without either the 'network' or 'existing_network' context is deprecated
2019-07-18 09:45:00.383 26995 INFO rally.task.runner [-] Task d5913fc7-e684-443c-81dc-ad205e82ae7c | ITER: 19 END: OK
2019-07-18 09:45:00.387 26995 INFO rally.task.runner [-] Task d5913fc7-e684-443c-81dc-ad205e82ae7c | ITER: 29 START
2019-07-18 09:45:00.388 26995 WARNING rally_openstack.scenarios.neutron.utils [-] Running this scenario without either the 'network' or 'existing_network' context is deprecated
2019-07-18 09:45:04.145 26956 INFO rally.task.runner [-] Task d5913fc7-e684-443c-81dc-ad205e82ae7c | ITER: 8 END: OK
2019-07-18 09:45:04.148 26956 INFO rally.task.runner [-] Task d5913fc7-e684-443c-81dc-ad205e82ae7c | ITER: 30 START
2019-07-18 09:45:04.149 26956 WARNING rally_openstack.scenarios.neutron.utils [-] Running this scenario without either the 'network' or 'existing_network' context is deprecated
2019-07-18 09:45:04.247 26965 INFO rally.task.runner [-] Task d5913fc7-e684-443c-81dc-ad205e82ae7c | ITER: 11 END: OK
2019-07-18 09:45:04.251 26965 INFO rally.task.runner [-] Task d5913fc7-e684-443c-81dc-ad205e82ae7c | ITER: 31 START
2019-07-18 09:45:04.252 26965 WARNING rally_openstack.scenarios.neutron.utils [-] Running this scenario without either the 'network' or 'existing_network' context is deprecated
2019-07-18 09:45:04.676 26953 INFO rally.task.runner [-] Task d5913fc7-e684-443c-81dc-ad205e82ae7c | ITER: 7 END: OK
2019-07-18 09:45:04.680 26953 INFO rally.task.runner [-] Task d5913fc7-e684-443c-81dc-ad205e82ae7c | ITER: 32 START
2019-07-18 09:45:04.681 26953 WARNING rally_openstack.scenarios.neutron.utils [-] Running this scenario without either the 'network' or 'existing_network' context is deprecated
2019-07-18 09:45:04.738 26953 INFO rally.task.runner [-] Task d5913fc7-e684-443c-81dc-ad205e82ae7c | ITER: 4 END: OK
2019-07-18 09:45:04.741 26953 INFO rally.task.runner [-] Task d5913fc7-e684-443c-81dc-ad205e82ae7c | ITER: 33 START
2019-07-18 09:45:04.742 26953 WARNING rally_openstack.scenarios.neutron.utils [-] Running this scenario without either the 'network' or 'existing_network' context is deprecated
2019-07-18 09:45:04.898 26960 INFO rally.task.runner [-] Task d5913fc7-e684-443c-81dc-ad205e82ae7c | ITER: 23 END: OK
2019-07-18 09:45:04.902 26960 INFO rally.task.runner [-] Task d5913fc7-e684-443c-81dc-ad205e82ae7c | ITER: 34 START
2019-07-18 09:45:04.903 26960 WARNING rally_openstack.scenarios.neutron.utils [-] Running this scenario without either the 'network' or 'existing_network' context is deprecated
2019-07-18 09:45:05.315 26951 INFO rally.task.runner [-] Task d5913fc7-e684-443c-81dc-ad205e82ae7c | ITER: 2 END: OK
2019-07-18 09:45:05.320 26951 INFO rally.task.runner [-] Task d5913fc7-e684-443c-81dc-ad205e82ae7c | ITER: 35 START
2019-07-18 09:45:05.320 26951 WARNING rally_openstack.scenarios.neutron.utils [-] Running this scenario without either the 'network' or 'existing_network' context is deprecated
2019-07-18 09:45:05.593 26952 INFO rally.task.runner [-] Task d5913fc7-e684-443c-81dc-ad205e82ae7c | ITER: 3 END: OK
2019-07-18 09:45:05.597 26952 INFO rally.task.runner [-] Task d5913fc7-e684-443c-81dc-ad205e82ae7c | ITER: 36 START
2019-07-18 09:45:05.598 26952 WARNING rally_openstack.scenarios.neutron.utils [-] Running this scenario without either the 'network' or 'existing_network' context is deprecated
2019-07-18 09:45:05.862 26975 INFO rally.task.runner [-] Task d5913fc7-e684-443c-81dc-ad205e82ae7c | ITER: 13 END: OK
2019-07-18 09:45:05.865 26975 INFO rally.task.runner [-] Task d5913fc7-e684-443c-81dc-ad205e82ae7c | ITER: 37 START
2019-07-18 09:45:05.866 26981 INFO rally.task.runner [-] Task d5913fc7-e684-443c-81dc-ad205e82ae7c | ITER: 15 END: OK
2019-07-18 09:45:05.866 26975 WARNING rally_openstack.scenarios.neutron.utils [-] Running this scenario without either the 'network' or 'existing_network' context is deprecated
2019-07-18 09:45:05.870 26981 INFO rally.task.runner [-] Task d5913fc7-e684-443c-81dc-ad205e82ae7c | ITER: 38 START
2019-07-18 09:45:05.871 26981 WARNING rally_openstack.scenarios.neutron.utils [-] Running this scenario without either the 'network' or 'existing_network' context is deprecated
2019-07-18 09:45:05.871 26973 INFO rally.task.runner [-] Task d5913fc7-e684-443c-81dc-ad205e82ae7c | ITER: 14 END: OK
2019-07-18 09:45:05.875 26973 INFO rally.task.runner [-] Task d5913fc7-e684-443c-81dc-ad205e82ae7c | ITER: 39 START
